--
-- Host: localhost    Database: topappkw_Alibazar
-- ------------------------------------------------------


--
-- Current Database: `topappkw_Alibazar`
--


--
-- Table structure for table `arrival_prices`
--

CREATE TABLE `arrival_prices` (
  `id` int unsigned NOT NULL AUTO_INCREMENT,
  `region_id` int DEFAULT NULL,
  `price` double DEFAULT NULL,
  `created_at` timestamp NULL DEFAULT NULL,
  `updated_at` timestamp NULL DEFAULT NULL,
  PRIMARY KEY (`id`)
) ENGINE=InnoDB AUTO_INCREMENT=133 DEFAULT CHARSET=utf8mb4 COLLATE=utf8mb4_unicode_ci;

--
-- Dumping data for table `arrival_prices`
--

INSERT INTO `arrival_prices` (`id`, `region_id`, `price`, `created_at`, `updated_at`) VALUES (1,19,1.5,'2022-09-24 06:22:51','2023-01-06 09:55:48'),(2,21,1.5,'2022-09-24 06:22:51','2023-01-06 09:55:48'),(3,22,1.5,'2022-09-24 06:22:51','2023-01-06 09:55:48'),(4,23,1.5,'2022-09-24 06:22:51','2023-01-06 09:55:48'),(5,24,1.5,'2022-09-24 06:22:51','2023-01-06 09:55:48'),(6,25,1.5,'2022-09-24 06:22:51','2023-01-06 09:55:48'),(7,26,1.5,'2022-09-24 06:22:51','2023-01-06 09:55:48'),(8,27,1.5,'2022-09-24 06:22:51','2023-01-06 09:55:48'),(9,28,1.5,'2022-09-24 06:22:51','2023-01-06 09:55:48'),(10,29,1.5,'2022-09-24 06:22:51','2023-01-06 09:55:48'),(11,30,1.5,'2022-09-24 06:22:51','2023-01-06 09:55:48'),(12,31,1.5,'2022-09-24 06:22:51','2023-01-06 09:55:48'),(13,32,1.5,'2022-09-24 06:22:51','2023-01-06 09:55:48'),(14,33,1.5,'2022-09-24 06:22:51','2023-01-06 09:55:48'),(15,34,1.5,'2022-09-24 06:22:51','2023-01-06 09:55:48'),(16,35,1.5,'2022-09-24 06:22:51','2023-01-06 09:55:48'),(17,36,1.5,'2022-09-24 06:22:51','2023-01-06 09:55:48'),(18,37,1.5,'2022-09-24 06:22:51','2023-01-06 09:55:48'),(19,38,1.5,'2022-09-24 06:22:51','2023-01-06 09:55:48'),(20,39,1.5,'2022-09-24 06:22:51','2023-01-06 09:55:48'),(21,40,1.5,'2022-09-24 06:22:51','2023-01-06 09:55:48'),(22,41,1.5,'2022-09-24 06:22:51','2023-01-06 09:55:48'),(23,42,1.5,'2022-09-24 06:22:51','2023-01-06 09:55:48'),(24,43,1.5,'2022-09-24 06:22:51','2023-01-06 09:55:48'),(25,44,1.5,'2022-09-24 06:22:51','2023-01-06 09:55:48'),(26,45,1.5,'2022-09-24 06:22:51','2023-01-06 09:55:48'),(27,46,1.5,'2022-09-24 06:22:51','2023-01-06 09:55:48'),(28,47,1.5,'2022-09-24 06:22:51','2023-01-06 09:55:48'),(29,48,1.5,'2022-09-24 06:22:51','2023-01-06 09:55:48'),(30,49,1.5,'2022-09-24 06:22:51','2023-01-06 09:55:48'),(31,50,1.5,'2022-09-24 06:22:51','2023-01-06 09:55:48'),(32,51,1.5,'2022-09-24 06:22:51','2023-01-06 09:55:48'),(33,52,1.5,'2022-09-24 06:22:51','2023-01-06 09:55:48'),(34,53,2,'2022-09-24 06:22:51','2023-01-06 09:55:48'),(35,54,2,'2022-09-24 06:22:51','2023-01-06 09:55:48'),(36,55,2,'2022-09-24 06:22:51','2023-01-06 09:55:48'),(37,56,2,'2022-09-24 06:22:51','2023-01-06 09:55:48'),(38,57,3,'2022-09-24 06:22:51','2023-01-06 09:55:48'),(39,58,2,'2022-09-24 06:22:51','2023-01-06 09:55:48'),(40,59,2,'2022-09-24 06:22:51','2023-01-06 09:55:48'),(41,60,2,'2022-09-24 06:22:51','2023-01-06 09:55:48'),(42,61,2,'2022-09-24 06:22:51','2023-01-06 09:55:48'),(43,62,2,'2022-09-24 06:22:51','2023-01-06 09:55:48'),(44,63,2,'2022-09-24 06:22:51','2023-01-06 09:55:48'),(45,64,2,'2022-09-24 06:22:51','2023-01-06 09:55:48'),(46,65,2,'2022-09-24 06:22:51','2023-01-06 09:55:48'),(47,66,2,'2022-09-24 06:22:51','2023-01-06 09:55:48'),(48,67,2,'2022-09-24 06:22:51','2023-01-06 09:55:48'),(49,68,2,'2022-09-24 06:22:51','2023-01-06 09:55:48'),(50,69,2,'2022-09-24 06:22:51','2023-01-06 09:55:48'),(51,70,2,'2022-09-24 06:22:51','2023-01-06 09:55:48'),(52,71,2,'2022-09-24 06:22:51','2023-01-06 09:55:48'),(53,72,2,'2022-09-24 06:22:51','2023-01-06 09:55:48'),(54,73,2,'2022-09-24 06:22:51','2023-01-06 09:55:48'),(55,74,2,'2022-09-24 06:22:51','2023-01-06 09:55:48'),(56,75,2,'2022-09-24 06:22:51','2023-01-06 09:55:48'),(57,76,2,'2022-09-24 06:22:51','2023-01-06 09:55:48'),(58,77,2,'2022-09-24 06:22:51','2023-01-06 09:55:48'),(59,78,2,'2022-09-24 06:22:51','2023-01-06 09:55:48'),(60,79,2,'2022-09-24 06:22:51','2023-01-06 09:55:48'),(61,80,2,'2022-09-24 06:22:51','2023-01-06 09:55:48'),(62,81,2,'2022-09-24 06:22:51','2023-01-06 09:55:48'),(63,82,1.5,'2022-09-24 06:22:51','2023-01-06 09:55:48'),(64,83,1.5,'2022-09-24 06:22:51','2023-01-06 09:55:48'),(65,84,1.5,'2022-09-24 06:22:51','2023-01-06 09:55:48'),(66,85,1.5,'2022-09-24 06:22:51','2023-01-06 09:55:48'),(67,86,1.5,'2022-09-24 06:22:51','2023-01-06 09:55:48'),(68,87,1.5,'2022-09-24 06:22:51','2023-01-06 09:55:48'),(69,88,1.5,'2022-09-24 06:22:51','2023-01-06 09:55:48'),(70,89,1.5,'2022-09-24 06:22:51','2023-01-06 09:55:48'),(71,90,1.5,'2022-09-24 06:22:51','2023-01-06 09:55:48'),(72,91,1.5,'2022-09-24 06:22:51','2023-01-06 09:55:48'),(73,92,1.5,'2022-09-24 06:22:51','2023-01-06 09:55:48'),(74,93,1.5,'2022-09-24 06:22:51','2023-01-06 09:55:48'),(75,94,1.5,'2022-09-24 06:22:51','2023-01-06 09:55:48'),(76,95,1.5,'2022-09-24 06:22:51','2023-01-06 09:55:48'),(77,96,1.5,'2022-09-24 06:22:51','2023-01-06 09:55:48'),(78,97,1.5,'2022-09-24 06:22:51','2023-01-06 09:55:48'),(79,98,1.5,'2022-09-24 06:22:51','2023-01-06 09:55:48'),(80,99,1.5,'2022-09-24 06:22:51','2023-01-06 09:55:48'),(81,100,1.5,'2022-09-24 06:22:51','2023-01-06 09:55:48'),(82,101,1.5,'2022-09-24 06:22:51','2023-01-06 09:55:48'),(83,102,1.5,'2022-09-24 06:22:51','2023-01-06 09:55:48'),(84,103,2,'2022-09-24 06:22:51','2023-01-06 09:55:48'),(85,104,2,'2022-09-24 06:22:51','2023-01-06 09:55:48'),(86,105,2,'2022-09-24 06:22:51','2023-01-06 09:55:48'),(87,106,2,'2022-09-24 06:22:51','2023-01-06 09:55:48'),(88,107,2,'2022-09-24 06:22:51','2023-01-06 09:55:48'),(89,108,2,'2022-09-24 06:22:51','2023-01-06 09:55:48'),(90,109,2,'2022-09-24 06:22:51','2023-01-06 09:55:48'),(91,110,2,'2022-09-24 06:22:51','2023-01-06 09:55:48'),(92,111,2,'2022-09-24 06:22:51','2023-01-06 09:55:48'),(93,112,2,'2022-09-24 06:22:51','2023-01-06 09:55:48'),(94,113,2,'2022-09-24 06:22:51','2023-01-06 09:55:48'),(95,114,2,'2022-09-24 06:22:51','2023-01-06 09:55:48'),(96,115,2,'2022-09-24 06:22:51','2023-01-06 09:55:48'),(97,116,2,'2022-09-24 06:22:51','2023-01-06 09:55:48'),(98,117,2,'2022-09-24 06:22:51','2023-01-06 09:55:48'),(99,118,2,'2022-09-24 06:22:51','2023-01-06 09:55:48'),(100,119,2,'2022-09-24 06:22:51','2023-01-06 09:55:48'),(101,120,2,'2022-09-24 06:22:51','2023-01-06 09:55:48'),(102,121,2,'2022-09-24 06:22:51','2023-01-06 09:55:48'),(103,122,2,'2022-09-24 06:22:51','2023-01-06 09:55:48'),(104,123,1.5,'2022-09-24 06:22:51','2023-01-06 09:55:48'),(105,124,1.5,'2022-09-24 06:22:51','2023-01-06 09:55:48'),(106,125,1.5,'2022-09-24 06:22:51','2023-01-06 09:55:48'),(107,126,1.5,'2022-09-24 06:22:51','2023-01-06 09:55:48'),(108,127,1.5,'2022-09-24 06:22:51','2023-01-06 09:55:48'),(109,128,1.5,'2022-09-24 06:22:51','2023-01-06 09:55:48'),(110,129,1.5,'2022-09-24 06:22:51','2023-01-06 09:55:48'),(111,130,1.5,'2022-09-24 06:22:51','2023-01-06 09:55:48'),(112,131,1.5,'2022-09-24 06:22:51','2023-01-06 09:55:48'),(113,132,1.5,'2022-09-24 06:22:51','2023-01-06 09:55:48'),(114,133,1.5,'2022-09-24 06:22:51','2023-01-06 09:55:48'),(115,134,1.5,'2022-09-24 06:22:51','2023-01-06 09:55:48'),(116,135,1.5,'2022-09-24 06:22:51','2023-01-06 09:55:48'),(117,136,1.5,'2022-09-24 06:22:51','2023-01-06 09:55:48'),(118,137,1.5,'2022-09-24 06:22:51','2023-01-06 09:55:48'),(119,138,1.5,'2022-09-24 06:22:51','2023-01-06 09:55:48'),(120,139,1.5,'2022-09-24 06:22:51','2023-01-06 09:55:48'),(121,140,2,'2022-09-24 06:22:51','2023-01-06 09:55:48'),(122,141,2,'2022-09-24 06:22:51','2023-01-06 09:55:48'),(123,142,2,'2022-09-24 06:22:51','2023-01-06 09:55:48'),(124,143,2,'2022-09-24 06:22:51','2023-01-06 09:55:48'),(125,144,2,'2022-09-24 06:22:51','2023-01-06 09:55:48'),(126,145,2,'2022-09-24 06:22:51','2023-01-06 09:55:48'),(127,146,2,'2022-09-24 06:22:51','2023-01-06 09:55:48'),(128,147,2,'2022-09-24 06:22:51','2023-01-06 09:55:48'),(129,148,2,'2022-09-24 06:22:51','2023-01-06 09:55:48'),(130,149,2,'2022-09-24 06:22:51','2023-01-06 09:55:48'),(131,150,2,'2022-09-24 06:22:51','2023-01-06 09:55:48'),(132,151,2,'2022-09-24 06:22:51','2023-01-06 09:55:48');

--
-- Table structure for table `arrival_times`
--

CREATE TABLE `arrival_times` (
  `id` int unsigned NOT NULL AUTO_INCREMENT,
  `arrival_id` int unsigned NOT NULL,
  `from` varchar(255) CHARACTER SET utf8mb4 COLLATE utf8mb4_unicode_ci NOT NULL,
  `to` varchar(255) CHARACTER SET utf8mb4 COLLATE utf8mb4_unicode_ci NOT NULL,
  `created_at` timestamp NULL DEFAULT NULL,
  `updated_at` timestamp NULL DEFAULT NULL,
  PRIMARY KEY (`id`),
  KEY `arrival_times_arrival_id_foreign` (`arrival_id`),
  CONSTRAINT `arrival_times_arrival_id_foreign` FOREIGN KEY (`arrival_id`) REFERENCES `arrivals` (`id`) ON DELETE CASCADE
) ENGINE=InnoDB AUTO_INCREMENT=4 DEFAULT CHARSET=utf8mb4 COLLATE=utf8mb4_unicode_ci;

--
-- Dumping data for table `arrival_times`
--

INSERT INTO `arrival_times` (`id`, `arrival_id`, `from`, `to`, `created_at`, `updated_at`) VALUES (1,1,'01:18','02:18','2022-06-23 07:18:36','2022-06-23 07:18:36'),(2,1,'02:18','15:20','2022-06-23 07:18:36','2022-06-23 07:18:36'),(3,1,'12:20','14:18','2022-06-23 07:18:36','2022-06-23 07:18:36');

--
-- Table structure for table `arrivals`
--

CREATE TABLE `arrivals` (
  `id` int unsigned NOT NULL AUTO_INCREMENT,
  `day` varchar(255) CHARACTER SET utf8mb4 COLLATE utf8mb4_unicode_ci NOT NULL,
  `avalibale` int NOT NULL DEFAULT '1',
  `created_at` timestamp NULL DEFAULT NULL,
  `updated_at` timestamp NULL DEFAULT NULL,
  PRIMARY KEY (`id`)
) ENGINE=InnoDB AUTO_INCREMENT=2 DEFAULT CHARSET=utf8mb4 COLLATE=utf8mb4_unicode_ci;

--
-- Dumping data for table `arrivals`
--

INSERT INTO `arrivals` (`id`, `day`, `avalibale`, `created_at`, `updated_at`) VALUES (1,'Thursday',1,'2022-06-23 07:18:36','2022-06-23 07:18:36');

--
-- Table structure for table `categories`
--

CREATE TABLE `categories` (
  `id` int unsigned NOT NULL AUTO_INCREMENT,
  `image` varchar(255) CHARACTER SET utf8mb4 COLLATE utf8mb4_unicode_ci DEFAULT NULL,
  `status` tinyint(1) NOT NULL DEFAULT '1',
  `parent_id` int NOT NULL,
  `color_name` varchar(255) CHARACTER SET utf8mb4 COLLATE utf8mb4_unicode_ci NOT NULL,
  `created_at` timestamp NULL DEFAULT NULL,
  `updated_at` timestamp NULL DEFAULT NULL,
  `deleted_at` timestamp NULL DEFAULT NULL,
  `type` int DEFAULT '0',
  `banner` varchar(191) CHARACTER SET utf8mb4 COLLATE utf8mb4_unicode_ci DEFAULT NULL,
  PRIMARY KEY (`id`)
) ENGINE=InnoDB AUTO_INCREMENT=17 DEFAULT CHARSET=utf8mb4 COLLATE=utf8mb4_unicode_ci;

--
-- Dumping data for table `categories`
--

INSERT INTO `categories` (`id`, `image`, `status`, `parent_id`, `color_name`, `created_at`, `updated_at`, `deleted_at`, `type`, `banner`) VALUES (1,'2023-05-01-photo_2023-05-01_13-34-21.jpg',1,0,'#000000','2022-11-06 06:48:44','2023-05-01 17:50:46',NULL,NULL,'2022-11-06-Desktop_2900x1200-Ramadan.jpg'),(2,'2023-07-02-photo_2023-07-02_10-24-30.jpg',1,2,'#000000','2022-11-06 06:49:01','2023-07-02 16:24:47',NULL,1,'2022-11-06-Desktop_2900x1200-Plus.jpg'),(3,'2022-11-06-images.jpg',0,0,'#000000','2022-11-06 06:49:20','2023-01-05 06:19:47',NULL,NULL,'2022-11-06-16537337575971530.png'),(4,'2022-11-06-module_01.jpg',0,0,'#000000','2022-11-06 06:49:40','2023-01-05 06:19:48',NULL,NULL,'2022-11-06-16537337095108395.png'),(5,'2022-11-06-97020.jpg',0,0,'#000000','2022-11-06 06:49:56','2023-01-05 06:19:49',NULL,NULL,'2022-11-06-How-to-arrange-home-furniture-D-26-10.ar26102020-1024x640.jpg'),(6,'2022-11-06-صور-تحف-فنية-رائعة-مصنوعة-من-مفاتيح-السيارات-القديمة-93905.jpg',0,0,'#000000','2022-11-06 06:50:15','2023-01-05 06:19:50',NULL,NULL,'2022-11-06-Desktop_2900x1200-Ramadan.jpg'),(7,'2022-11-06-furniture4-3.jpg',0,0,'#000000','2022-11-06 06:50:32','2023-01-05 06:19:51',NULL,NULL,'2022-11-06-AnyConv.com__كراسي استرخاء .webp'),(8,'2022-11-06-WZHLHJtW9zwOkRHOqFa45cNtXPA1ioHQuQbioeKk.jpg',0,0,'#000000','2022-11-06 06:50:56','2023-01-05 06:19:53',NULL,NULL,'2022-11-06-Desktop_2900x1200.jpg'),(9,'2022-11-07-الوجه-الدائري.jpg',1,1,'#000000','2022-11-07 06:11:56','2023-01-11 14:04:08','2023-01-11 14:04:08',NULL,NULL),(10,'2022-11-07-BD-2-post-web-.jpg',0,1,'#000000','2022-11-07 06:13:02','2023-01-11 14:04:19','2023-01-11 14:04:19',NULL,NULL),(11,NULL,1,2,'#000000','2023-01-03 13:30:36','2023-01-03 13:30:59','2023-01-03 13:30:59',0,NULL),(12,NULL,1,0,'#000000','2023-01-05 06:22:14','2023-01-05 06:22:51','2023-01-05 06:22:51',0,NULL),(13,'2023-07-02-photo_2023-05-01_13-34-21.jpg',1,1,'#000000','2023-04-12 18:31:54','2023-07-02 16:23:41',NULL,NULL,NULL),(14,'2023-07-02-photo_2023-07-02_10-24-30.jpg',1,0,'#000000','2023-07-02 16:27:56','2023-07-02 16:35:32',NULL,0,NULL),(15,NULL,1,14,'#000000','2023-07-02 16:29:56','2023-07-02 16:29:56',NULL,1,NULL),(16,'2023-08-30-photo_2023-08-30_09-52-16.jpg',1,0,'#000000','2023-08-30 14:02:17','2023-08-30 14:02:17',NULL,0,NULL);

--
-- Table structure for table `category_translations`
--

CREATE TABLE `category_translations` (
  `id` int unsigned NOT NULL AUTO_INCREMENT,
  `category_id` int unsigned NOT NULL,
  `name` varchar(255) CHARACTER SET utf8mb4 COLLATE utf8mb4_unicode_ci NOT NULL,
  `locale` varchar(255) CHARACTER SET utf8mb4 COLLATE utf8mb4_unicode_ci NOT NULL,
  `created_at` timestamp NULL DEFAULT NULL,
  `updated_at` timestamp NULL DEFAULT NULL,
  PRIMARY KEY (`id`),
  UNIQUE KEY `category_translations_category_id_locale_unique` (`category_id`,`locale`),
  KEY `category_translations_locale_index` (`locale`),
  CONSTRAINT `category_translations_category_id_foreign` FOREIGN KEY (`category_id`) REFERENCES `categories` (`id`) ON DELETE CASCADE
) ENGINE=InnoDB AUTO_INCREMENT=33 DEFAULT CHARSET=utf8mb4 COLLATE=utf8mb4_unicode_ci;

--
-- Dumping data for table `category_translations`
--

INSERT INTO `category_translations` (`id`, `category_id`, `name`, `locale`, `created_at`, `updated_at`) VALUES (1,1,'ملابس نسائية','ar',NULL,NULL),(2,1,'ملابس نسائية','en',NULL,NULL),(3,2,'حقائب','ar',NULL,NULL),(4,2,'BAG','en',NULL,NULL),(5,3,'أكوات','ar',NULL,NULL),(6,3,'أكوات','en',NULL,NULL),(7,4,'ملابس اطفال','ar',NULL,NULL),(8,4,'ملابس اطفال','en',NULL,NULL),(9,5,'اثاث','ar',NULL,NULL),(10,5,'اثاث','en',NULL,NULL),(11,6,'تحف فنية','ar',NULL,NULL),(12,6,'تحف فنية','en',NULL,NULL),(13,7,'مفروشات','ar',NULL,NULL),(14,7,'مفروشات','en',NULL,NULL),(15,8,'اكسسوارات','ar',NULL,NULL),(16,8,'اكسسوارات','en',NULL,NULL),(17,9,'نظارات','ar',NULL,NULL),(18,9,'نظارات','en',NULL,NULL),(19,10,'ساعات','ar',NULL,NULL),(20,10,'ساعات','en',NULL,NULL),(21,11,'gr','ar',NULL,NULL),(22,11,'hh','en',NULL,NULL),(23,12,'ملابس اطفال','ar',NULL,NULL),(24,12,'KIDS CLOTH','en',NULL,NULL),(25,13,'ملابس صيفيه','ar',NULL,NULL),(26,13,'summer','en',NULL,NULL),(27,14,'حقائب','ar',NULL,NULL),(28,14,'BAG','en',NULL,NULL),(29,15,'حقائب','ar',NULL,NULL),(30,15,'BAG','en',NULL,NULL),(31,16,'عنايه وجمال','ar',NULL,NULL),(32,16,'Care &Beauty','en',NULL,NULL);

--
-- Table structure for table `contacts`
--

CREATE TABLE `contacts` (
  `id` int unsigned NOT NULL AUTO_INCREMENT,
  `name` varchar(255) CHARACTER SET utf8mb4 COLLATE utf8mb4_unicode_ci NOT NULL,
  `email` varchar(255) CHARACTER SET utf8mb4 COLLATE utf8mb4_unicode_ci NOT NULL,
  `comment` text CHARACTER SET utf8mb4 COLLATE utf8mb4_unicode_ci NOT NULL,
  `phone` varchar(255) CHARACTER SET utf8mb4 COLLATE utf8mb4_unicode_ci NOT NULL,
  `created_at` timestamp NULL DEFAULT NULL,
  `updated_at` timestamp NULL DEFAULT NULL,
  `status` int DEFAULT '0',
  PRIMARY KEY (`id`)
) ENGINE=InnoDB AUTO_INCREMENT=141 DEFAULT CHARSET=utf8mb4 COLLATE=utf8mb4_unicode_ci;

--
-- Dumping data for table `contacts`
--

INSERT INTO `contacts` (`id`, `name`, `email`, `comment`, `phone`, `created_at`, `updated_at`, `status`) VALUES (1,'samer','samer@gmail.com','asdasdasd','4365345','2022-06-26 11:13:47','2022-06-26 11:39:22',1),(2,'cvbb','ffhjvh@ghh.com','shigella','vvv','2022-06-28 08:15:57','2022-06-28 08:15:57',0),(3,'dsgdf','anwer@gmail.com','sdfgdfsgdfsg','67687333','2022-07-17 07:53:50','2022-07-17 07:53:50',0),(4,'samer','samer@gmail.com','asdasdasd','5555555','2022-10-06 09:58:20','2022-10-06 09:58:20',0),(5,'samer','samer@gmail.com','asdasdasd','5654634643','2022-10-06 10:02:10','2022-10-06 10:02:10',0),(6,'samer','samer@gmail.com','asdasdasd','345456','2022-10-06 10:02:26','2022-10-06 10:02:26',0),(7,'hvvb','vvhggvv','jvvigc','88855855','2022-10-06 10:54:20','2022-10-06 10:54:20',0),(8,'gvvg','vvv','hvv bhh','888','2022-10-06 11:10:34','2022-10-06 11:10:34',0),(9,'gvv','vv','hhh','88','2022-10-06 11:11:11','2022-10-06 11:11:11',0),(10,'hvvbh','vhhbvuj@hvj.con','Chubb','5808','2022-10-06 11:12:09','2022-10-06 11:12:09',0),(11,'vhjhb','vhh','ubhuh','058','2022-10-06 11:12:59','2022-10-06 11:12:59',0),(12,'anwer shehat','anwer@gmail.com','welcome to app','67782374','2022-10-07 15:53:01','2022-10-07 15:53:01',0),(13,'فوزيه','fhs.12@hotmail.com','hello test','66777764','2022-10-07 16:37:10','2022-10-07 16:37:10',0),(14,'sdad','adsa@gmail.com','asdasd','3242','2022-11-27 09:11:18','2022-11-27 09:11:18',0),(15,'Brianna Belton','briannabelton.mkt@gmail.com','Hi,\r\n\r\ntake-kw.com\r\n\r\nI found your details on Google.com and I have looked at your website and realized your website has great design but your website ranking is not good on all search engines Google, AOL, Yahoo and Bing.\r\n\r\nDo you want more targeted visitors on your website?\r\n\r\nWe can place your website on Google’s 1st Page. yahoo, AOL, Bing. Etc.\r\n\r\nPlease respond with your phone number and country code, along with the services, so we can schedule a follow-up call for you within 24 hours. I\'d be glad to go over our plan with you.\r\n\r\nRegards,\r\nBrianna Belton','1001001000','2023-01-01 07:45:29','2023-01-01 07:45:29',0),(16,'Chau Buckmaster','hacker@lerarenvoormorgen.nl','We have hacked your website take-kw.com and extracted your databases. This was due to the security holes you had in your your site/server which have gained us remote control of everything that was on the server. \r\n\r\nOur team is mostly interested in customer, administrative, and employee information which we have extracted through your databases once we got remote control over the server. It still needs to be sorted out but it will be well-organized once finished. First, we will be going through the emails/sms information and contacting the recipient how you held in disregard about their information being exposed to a hacking group when you could have stopped it. This would be detrimental to your personal image with these relationships with these people. Lastly, now that we have information not only will we be monetizing off it with our methods but made public or sold to other people that will do whatever they wish with the information also after we are done.\r\n\r\nNow you can put a stop to this by paying a $3000 fee (0.10 BTC) in bitcoin to the address 3C1ejoyjtubR4aRsq6DXqhGXzVskduzwc1 We will be notified of payment which we will then delete the information we have obtained, patch the hole in the site/server which we got in and remove you from any future targeting in the future. You have 72 hours in doing so after viewing this message or the series of steps will commence. You can obtain bitcoin through such services such as paxful.com or do a search on bing.com','04.79.55.23.79','2023-04-11 07:37:14','2023-04-11 07:37:14',0),(17,'Matt Platt','hacker@realdigitalmarketing.pk','We have hacked your website take-kw.com and extracted your databases. This was due to the security holes you had in your your site/server which have gained us remote control of everything that was on the server. \r\n\r\nOur team is mostly interested in customer, administrative, and employee information which we have extracted through your databases once we got remote control over the server. It still needs to be sorted out but it will be well-organized once finished. First, we will be going through the emails/sms information and contacting the recipient how you held in disregard about their information being exposed to a hacking group when you could have stopped it. This would be detrimental to your personal image with these relationships with these people. Lastly, now that we have information not only will we be monetizing off it with our methods but made public or sold to other people that will do whatever they wish with the information also after we are done.\r\n\r\nNow you can put a stop to this by paying a $3000 fee (0.11 BTC) in bitcoin. You can find our address by visiting https://blockchair.com/bitcoin/address/31o29SdN5c5fpPuy4WvHzkyT37RHUSA36Q where you can copy and paste the address or scan the QR code. We will be notified of payment which we will then delete the information we have obtained, patch the hole in the site/server which we got in and remove you from any future targeting in the future. You have 72 hours in doing so after viewing this message or the series of steps will commence. You can obtain bitcoin through such services such as paxful.com or do a search on bing.com','070 3417 0765','2023-05-16 12:03:49','2023-05-16 12:03:49',0),(18,'Corazon Tait','corazon@take-kw.com','Hello \r\n\r\nI wanted to reach out and let you know about our new dog harness. It\'s really easy to put on and take off - in just 2 seconds - and it\'s personalized for each dog. \r\nPlus, we offer a lifetime warranty so you can be sure your pet is always safe and stylish.\r\n\r\nWe\'ve had a lot of success with it so far and I think your dog would love it. \r\n\r\nGet yours today with 50% OFF:   https://caredogbest.shop\r\n\r\nFREE Shipping - TODAY ONLY! \r\n\r\nThank You, \r\n\r\nCorazon','027 497 98 83','2023-05-30 20:30:58','2023-05-30 20:30:58',0),(19,'Mellisa Holiday','mellisa@holiday.medicopostura.com','Hi there \r\n\r\nLooking to improve your posture and live a healthier life? Our Medico Postura™ Body Posture Corrector is here to help!\r\n\r\nExperience instant posture improvement with Medico Postura™. This easy-to-use device can be worn anywhere, anytime – at home, work, or even while you sleep.\r\n\r\nMade from lightweight, breathable fabric, it ensures comfort all day long.\r\n\r\nGrab it today at a fantastic 60% OFF: https://medicopostura.com\r\n\r\nPlus, enjoy FREE shipping for today only!\r\n\r\nDon\'t miss out on this amazing deal. Get yours now and start transforming your posture!\r\n\r\nBest, \r\n\r\nMellisa','0488 39 82 53','2023-06-15 15:16:59','2023-06-15 15:16:59',0),(20,'Markus Shannon','info@shannon.pawsafer.sale','Hey there \r\n \r\nIs your dog\'s nails getting too long? If you\'re tired of going to the vet or groomer to get them trimmed, why not try PawSafer™? \r\nWith PawSafer™, you can trim your dog\'s nails from the comfort of your own home, and it only takes a few minutes!\r\n\r\nPawSafer™ is the safest and most convenient way to trim your dog\'s nails, and it\'s very affordable. \r\n\r\nGet it while it\'s still 50% OFF + FREE Shipping\r\n\r\nBuy here: https://pawsafer.sale\r\n \r\nRegards, \r\n \r\nMarkus','(11) 6427-5386','2023-06-26 08:11:30','2023-06-26 08:11:30',0),(21,'Margart Lipscombe','margart@take-kw.com','New Multifunction Waterproof Backpack\r\n\r\nThe best ever SUPER Backpack: Drop-proof/Scratch-resistant/USB Charging/Large capacity storage\r\n\r\n50% OFF for the next 24 Hours ONLY + FREE Worldwide Shipping for a LIMITED time\r\n\r\nBuy now: https://thebackpack.co\r\n\r\nThank You, \r\n\r\nMargart','957 64 219','2023-06-30 13:51:11','2023-06-30 13:51:11',0),(22,'Piper Guercio','benjamin_scantlin@spe.sony.com','Good Morning \r\n\r\nDefrost frozen foods in minutes safely and naturally with our THAW KING™. \r\n\r\n50% OFF for the next 24 Hours ONLY + FREE Worldwide Shipping for a LIMITED time.\r\n\r\nBuy now: https://thawking.co\r\n\r\nRegards, \r\n\r\nPiper','0339 7901903','2023-07-05 19:00:40','2023-07-05 19:00:40',0),(23,'Nathaniel Davitt','nathaniel@davitt.podiatristusa.sale','Good Morning,\r\n\r\nIf you are one of the sufferers of the common problems nails have, then you are in luck! Our Toenail Clippers is here to help. It has a specially designed clip that can help those with troubles with winding nails, hard nails, two nails, nail cracks, deep nails, and thickened nails.\r\n\r\nWe are confident that our Toenail Clippers will provide you with the results you are looking for.\r\n\r\nGet yours today with 60% OFF: https://podiatristusa.sale\r\n\r\nRegards,\r\n\r\nNathaniel','0660 514 09 99','2023-07-14 04:32:36','2023-07-14 04:32:36',0),(24,'Ute Levay','ute@take-kw.com','Good day \r\n\r\nThe New Powerful LED Flashlight is The Perfect Flashlight For Any Situation!\r\n\r\nThe 3,000 Lumens & Adjustable Zoom gives you the wide field of view and brightness other flashlights don’t have.\r\n\r\n50% OFF + Free Shipping!  Get it Now: https://linterna.cc\r\n\r\nAll the best, \r\n\r\nUte','0680 197 78 35','2023-07-19 07:55:21','2023-07-19 07:55:21',0),(25,'Kasey Earl','kasey.earl@yahoo.com','Submit your website to our free business directory and start getting more traffic. Check out: http://freesubmission.12com.xyz/','02.15.83.04.11','2023-07-20 13:46:03','2023-07-20 13:46:03',0),(26,'Joesph Place','joesph@take-kw.com','World\'s Best Neck Massager Get it Now 50% OFF + Free Shipping!\r\n\r\nWellness Enthusiasts! There has never been a better time to take care of your neck pain! \r\nOur clinical-grade TENS technology will ensure you have neck relief in as little as 20 minutes.\r\n\r\nGet Yours: https://hineck.co\r\n\r\nThe Best,\r\n\r\nJoesph\r\ntake-kw.com','0681 681 52 38','2023-07-26 16:50:27','2023-07-26 16:50:27',0),(27,'Iris Carrasco','magicmat@take-kw.com','Get The Worlds Greatest Magic Sand Free Beach Mat!\r\n\r\nWatch sand, dirt & dust disappear right before your eyes! It\'s perfect for beach, picnic, camping or hiking.\r\n\r\nAct Now And Receive A Special Discount For Our Magic Mat!\r\n\r\nGet Yours Here:  https://magicmats.co\r\n\r\nBest Wishes, \r\n \r\nIris','06-81247804','2023-07-29 00:23:57','2023-07-29 00:23:57',0),(28,'Cristine Jamieson','jamieson.cristine@gmail.com','Hey there, I just found your site, quick question…\r\n\r\nI found take-kw.com after doing a quick search – you showed up near the top of the rankings, so whatever you’re doing for SEO, looks like it’s working well.\r\n\r\nSo here’s my question – what happens AFTER someone lands on your site?  Anything?\r\n\r\nResearch tells us at least 70% of the people who find your site, after a quick once-over, they disappear… forever.\r\n\r\nThat means that all the work and effort you put into getting them to show up, goes down the tubes.\r\n\r\nWhy would you want all that good work – and the great site you’ve built – go to waste?\r\n\r\nBecause the odds are they’ll just skip over calling or even grabbing their phone, leaving you high and dry.\r\n\r\nBut here’s a thought… what if you could make it super-simple for someone to raise their hand, say, “okay, let’s talk” without requiring them to even pull their cell phone from their pocket?\r\n  \r\nYou can – thanks to revolutionary new software that can literally make that first call happen NOW.\r\n\r\nTurboLeadGeneration.com is a software widget that sits on your site, ready and waiting to capture any visitor’s Name, Email address and Phone Number.  It lets you know IMMEDIATELY – so that you can talk to that lead while they’re still there at your site.\r\n  \r\nYou know, strike when the iron’s hot!\r\n\r\nCLICK HERE https://TurboLeadGeneration.com to try out a Live Demo with Talk With Web Visitor now to see exactly how it works.\r\n\r\nWhen targeting leads, you HAVE to act fast – the difference between contacting someone within 5 minutes versus 30 minutes later is huge – like 100 times better!\r\n\r\nThat’s why you should check out our new SMS Text With Lead feature as well… once you’ve captured the phone number of the website visitor, you can automatically kick off a text message (SMS) conversation with them. \r\n \r\nImagine how powerful this could be – even if they don’t take you up on your offer immediately, you can stay in touch with them using text messages to make new offers, provide links to great content, and build your credibility.\r\n\r\nJust this alone could be a game changer to make your website even more effective.\r\n\r\nStrike when  the iron’s hot!\r\n\r\nCLICK HERE https://TurboLeadGeneration.com to learn more about everything Talk With Web Visitor can do for your business – you’ll be amazed.\r\n\r\nThanks and keep up the great work!\r\n\r\nPS: TurboLeadGeneration.com offers a FREE 14 days trial – you could be converting up to 100x more leads immediately!   \r\nIt even includes International Long Distance Calling. \r\nStop wasting money chasing eyeballs that don’t turn into paying customers. \r\nCLICK HERE https://TurboLeadGeneration.com to try Talk With Web Visitor now.\r\n\r\nIf you\'d like to unsubscribe click here http://TurboLeadGeneration.com/unsubscribe.aspx?d=take-kw.com','(08) 8752 5512','2023-07-31 02:46:52','2023-07-31 02:46:52',0),(29,'Larhonda Easterbrook','larhonda.easterbrook@gmail.com','Hey there, I just found your site, quick question…\r\n\r\nI found take-kw.com after doing a quick search – you showed up near the top of the rankings, so whatever you’re doing for SEO, looks like it’s working well.\r\n\r\nSo here’s my question – what happens AFTER someone lands on your site?  Anything?\r\n\r\nResearch tells us at least 70% of the people who find your site, after a quick once-over, they disappear… forever.\r\n\r\nThat means that all the work and effort you put into getting them to show up, goes down the tubes.\r\n\r\nWhy would you want all that good work – and the great site you’ve built – go to waste?\r\n\r\nBecause the odds are they’ll just skip over calling or even grabbing their phone, leaving you high and dry.\r\n\r\nBut here’s a thought… what if you could make it super-simple for someone to raise their hand, say, “okay, let’s talk” without requiring them to even pull their cell phone from their pocket?\r\n  \r\nYou can – thanks to revolutionary new software that can literally make that first call happen NOW.\r\n\r\nTurboLeadGeneration.com is a software widget that sits on your site, ready and waiting to capture any visitor’s Name, Email address and Phone Number.  It lets you know IMMEDIATELY – so that you can talk to that lead while they’re still there at your site.\r\n  \r\nYou know, strike when the iron’s hot!\r\n\r\nCLICK HERE https://TurboLeadGeneration.com to try out a Live Demo with Talk With Web Visitor now to see exactly how it works.\r\n\r\nWhen targeting leads, you HAVE to act fast – the difference between contacting someone within 5 minutes versus 30 minutes later is huge – like 100 times better!\r\n\r\nThat’s why you should check out our new SMS Text With Lead feature as well… once you’ve captured the phone number of the website visitor, you can automatically kick off a text message (SMS) conversation with them. \r\n \r\nImagine how powerful this could be – even if they don’t take you up on your offer immediately, you can stay in touch with them using text messages to make new offers, provide links to great content, and build your credibility.\r\n\r\nJust this alone could be a game changer to make your website even more effective.\r\n\r\nStrike when  the iron’s hot!\r\n\r\nCLICK HERE https://TurboLeadGeneration.com to learn more about everything Talk With Web Visitor can do for your business – you’ll be amazed.\r\n\r\nThanks and keep up the great work!\r\n\r\nPS: TurboLeadGeneration.com offers a FREE 14 days trial – you could be converting up to 100x more leads immediately!   \r\nIt even includes International Long Distance Calling. \r\nStop wasting money chasing eyeballs that don’t turn into paying customers. \r\nCLICK HERE https://TurboLeadGeneration.com to try Talk With Web Visitor now.\r\n\r\nIf you\'d like to unsubscribe click here http://TurboLeadGeneration.com/unsubscribe.aspx?d=take-kw.com','410-887-1662','2023-07-31 02:52:37','2023-07-31 02:52:37',0),(30,'Anna McChesney','anna.mcchesney@gmail.com','I love the look and feel of your site, you should submit it in our free directory here: http://submityoursitefree.12com.xyz/','03.74.86.39.66','2023-08-07 15:13:51','2023-08-07 15:13:51',0),(31,'Lea Doolette','lea@mail.medicopostura.com','Good Morning \r\n\r\nLooking to improve your posture and live a healthier life? Our Medico Postura™ Body Posture Corrector is here to help!\r\n\r\nExperience instant posture improvement with Medico Postura™. This easy-to-use device can be worn anywhere, anytime – at home, work, or even while you sleep.\r\n\r\nMade from lightweight, breathable fabric, it ensures comfort all day long.\r\n\r\nGrab it today at a fantastic 60% OFF: https://medicopostura.com\r\n\r\nPlus, enjoy FREE shipping for today only!\r\n\r\nDon\'t miss out on this amazing deal. Get yours now and start transforming your posture!\r\n\r\nThank You, \r\n\r\nLea','88 294 45 68','2023-08-07 18:20:06','2023-08-07 18:20:06',0),(32,'Lynne Cormier','lynne.cormier@gmail.com','Quick question to ask you...\r\n \r\nAre you aware that in 2023, email marketing still works? \r\nThe fact that you are reading these lines is proof of that.\r\n\r\nEmail marketing is underrated, and yet it works so well.  \r\nAll you have to do is find some emails, send a message and cash in.\r\n\r\nFor example, to find emails you can use this service: https://garymarketing.com/go/scrap-gmap\r\n\r\nIt extracts emails, phone numbers, and lots of other information from Google Map listings.\r\n\r\nOf course, there are plenty of other ways to get in touch with your ideal customers.\r\nContact me on Skype and let\'s discuss what will work for your product/service. \r\n- My Skype ID: live:.cid.6b79b1d5a11a2ec7\r\n- My Blog : garymarketing.com\r\n\r\n\r\nRegards,\r\nGary & Ophélie\r\n\r\n\r\n\r\n------ \r\n\r\nJ\'ai une petite question à vous poser...\r\n\r\nSavez-vous qu\'en 2023, l\'email marketing fonctionne toujours très bien ? \r\nLa preuve, vous lisez ces lignes.\r\n\r\nL\'email marketing est clairement sous-couté,\r\nIl  suffit de trouver les coordonnées de vos clients idéaux, d\'entrer en contact, et d\'encaisser.\r\n\r\nPour trouver les coordonnées d\'entreprise, vous pouvez par exemple utiliser ce service : scrapmybusiness.com\r\nIl permet d\'extraire les emails, les numéros de téléphone et de nombreuses autres informations a partir des fiches entreprises de Google Map.\r\n\r\nBien sur il y\'a plein d\'autre solutions pour entrer en contact avec vos clients idéaux\r\n\r\nAjouter moi sur Skype et discutons de ce qui conviendrait le plus pour promouvoir votre produit/service.\r\n- Identifiant Skype: live:.cid.83c9da999a4f9f\r\n- Mon Blog : http://garymarketing.com\r\n\r\nCordialement,\r\nOphélie et Gary.','570-322-1156','2023-08-07 22:52:39','2023-08-07 22:52:39',0),(33,'Amber Dymock','amber.dymock@hotmail.com','Hey there, I just found your site, quick question…\r\n\r\nI found take-kw.com after doing a quick search – you showed up near the top of the rankings, so whatever you’re doing for SEO, looks like it’s working well.\r\n\r\nSo here’s my question – what happens AFTER someone lands on your site?  Anything?\r\n\r\nResearch tells us at least 70% of the people who find your site, after a quick once-over, they disappear… forever.\r\n\r\nThat means that all the work and effort you put into getting them to show up, goes down the tubes.\r\n\r\nWhy would you want all that good work – and the great site you’ve built – go to waste?\r\n\r\nBecause the odds are they’ll just skip over calling or even grabbing their phone, leaving you high and dry.\r\n\r\nBut here’s a thought… what if you could make it super-simple for someone to raise their hand, say, “okay, let’s talk” without requiring them to even pull their cell phone from their pocket?\r\n  \r\nYou can – thanks to revolutionary new software that can literally make that first call happen NOW.\r\n\r\nTurboLeadGeneration.com is a software widget that sits on your site, ready and waiting to capture any visitor’s Name, Email address and Phone Number.  It lets you know IMMEDIATELY – so that you can talk to that lead while they’re still there at your site.\r\n  \r\nYou know, strike when the iron’s hot!\r\n\r\nCLICK HERE https://TurboLeadGeneration.com to try out a Live Demo with Talk With Web Visitor now to see exactly how it works.\r\n\r\nWhen targeting leads, you HAVE to act fast – the difference between contacting someone within 5 minutes versus 30 minutes later is huge – like 100 times better!\r\n\r\nThat’s why you should check out our new SMS Text With Lead feature as well… once you’ve captured the phone number of the website visitor, you can automatically kick off a text message (SMS) conversation with them. \r\n \r\nImagine how powerful this could be – even if they don’t take you up on your offer immediately, you can stay in touch with them using text messages to make new offers, provide links to great content, and build your credibility.\r\n\r\nJust this alone could be a game changer to make your website even more effective.\r\n\r\nStrike when  the iron’s hot!\r\n\r\nCLICK HERE https://TurboLeadGeneration.com to learn more about everything Talk With Web Visitor can do for your business – you’ll be amazed.\r\n\r\nThanks and keep up the great work!\r\n\r\nPS: TurboLeadGeneration.com offers a FREE 14 days trial – you could be converting up to 100x more leads immediately!   \r\nIt even includes International Long Distance Calling. \r\nStop wasting money chasing eyeballs that don’t turn into paying customers. \r\nCLICK HERE https://TurboLeadGeneration.com to try Talk With Web Visitor now.\r\n\r\nIf you\'d like to unsubscribe click here http://TurboLeadGeneration.com/unsubscribe.aspx?d=take-kw.com','05.22.53.10.68','2023-08-08 06:08:39','2023-08-08 06:08:39',0),(34,'Kenneth Poland','kenneth.poland39@hotmail.com','Hey there, I just found your site, quick question…\r\n\r\nI found take-kw.com after doing a quick search – you showed up near the top of the rankings, so whatever you’re doing for SEO, looks like it’s working well.\r\n\r\nSo here’s my question – what happens AFTER someone lands on your site?  Anything?\r\n\r\nResearch tells us at least 70% of the people who find your site, after a quick once-over, they disappear… forever.\r\n\r\nThat means that all the work and effort you put into getting them to show up, goes down the tubes.\r\n\r\nWhy would you want all that good work – and the great site you’ve built – go to waste?\r\n\r\nBecause the odds are they’ll just skip over calling or even grabbing their phone, leaving you high and dry.\r\n\r\nBut here’s a thought… what if you could make it super-simple for someone to raise their hand, say, “okay, let’s talk” without requiring them to even pull their cell phone from their pocket?\r\n  \r\nYou can – thanks to revolutionary new software that can literally make that first call happen NOW.\r\n\r\nTurboLeadGeneration.com is a software widget that sits on your site, ready and waiting to capture any visitor’s Name, Email address and Phone Number.  It lets you know IMMEDIATELY – so that you can talk to that lead while they’re still there at your site.\r\n  \r\nYou know, strike when the iron’s hot!\r\n\r\nCLICK HERE https://TurboLeadGeneration.com to try out a Live Demo with Talk With Web Visitor now to see exactly how it works.\r\n\r\nWhen targeting leads, you HAVE to act fast – the difference between contacting someone within 5 minutes versus 30 minutes later is huge – like 100 times better!\r\n\r\nThat’s why you should check out our new SMS Text With Lead feature as well… once you’ve captured the phone number of the website visitor, you can automatically kick off a text message (SMS) conversation with them. \r\n \r\nImagine how powerful this could be – even if they don’t take you up on your offer immediately, you can stay in touch with them using text messages to make new offers, provide links to great content, and build your credibility.\r\n\r\nJust this alone could be a game changer to make your website even more effective.\r\n\r\nStrike when  the iron’s hot!\r\n\r\nCLICK HERE https://TurboLeadGeneration.com to learn more about everything Talk With Web Visitor can do for your business – you’ll be amazed.\r\n\r\nThanks and keep up the great work!\r\n\r\nPS: TurboLeadGeneration.com offers a FREE 14 days trial – you could be converting up to 100x more leads immediately!   \r\nIt even includes International Long Distance Calling. \r\nStop wasting money chasing eyeballs that don’t turn into paying customers. \r\nCLICK HERE https://TurboLeadGeneration.com to try Talk With Web Visitor now.\r\n\r\nIf you\'d like to unsubscribe click here http://TurboLeadGeneration.com/unsubscribe.aspx?d=take-kw.com','310-644-0942','2023-08-08 06:23:04','2023-08-08 06:23:04',0),(35,'Clement McGarry','mcgarry.clement94@hotmail.com','Hey there, I just found your site, quick question…\r\n\r\nI found take-kw.com after doing a quick search – you showed up near the top of the rankings, so whatever you’re doing for SEO, looks like it’s working well.\r\n\r\nSo here’s my question – what happens AFTER someone lands on your site?  Anything?\r\n\r\nResearch tells us at least 70% of the people who find your site, after a quick once-over, they disappear… forever.\r\n\r\nThat means that all the work and effort you put into getting them to show up, goes down the tubes.\r\n\r\nWhy would you want all that good work – and the great site you’ve built – go to waste?\r\n\r\nBecause the odds are they’ll just skip over calling or even grabbing their phone, leaving you high and dry.\r\n\r\nBut here’s a thought… what if you could make it super-simple for someone to raise their hand, say, “okay, let’s talk” without requiring them to even pull their cell phone from their pocket?\r\n  \r\nYou can – thanks to revolutionary new software that can literally make that first call happen NOW.\r\n\r\nTurboLeadGeneration.com is a software widget that sits on your site, ready and waiting to capture any visitor’s Name, Email address and Phone Number.  It lets you know IMMEDIATELY – so that you can talk to that lead while they’re still there at your site.\r\n  \r\nYou know, strike when the iron’s hot!\r\n\r\nCLICK HERE https://TurboLeadGeneration.com to try out a Live Demo with Talk With Web Visitor now to see exactly how it works.\r\n\r\nWhen targeting leads, you HAVE to act fast – the difference between contacting someone within 5 minutes versus 30 minutes later is huge – like 100 times better!\r\n\r\nThat’s why you should check out our new SMS Text With Lead feature as well… once you’ve captured the phone number of the website visitor, you can automatically kick off a text message (SMS) conversation with them. \r\n \r\nImagine how powerful this could be – even if they don’t take you up on your offer immediately, you can stay in touch with them using text messages to make new offers, provide links to great content, and build your credibility.\r\n\r\nJust this alone could be a game changer to make your website even more effective.\r\n\r\nStrike when  the iron’s hot!\r\n\r\nCLICK HERE https://TurboLeadGeneration.com to learn more about everything Talk With Web Visitor can do for your business – you’ll be amazed.\r\n\r\nThanks and keep up the great work!\r\n\r\nPS: TurboLeadGeneration.com offers a FREE 14 days trial – you could be converting up to 100x more leads immediately!   \r\nIt even includes International Long Distance Calling. \r\nStop wasting money chasing eyeballs that don’t turn into paying customers. \r\nCLICK HERE https://TurboLeadGeneration.com to try Talk With Web Visitor now.\r\n\r\nIf you\'d like to unsubscribe click here http://TurboLeadGeneration.com/unsubscribe.aspx?d=take-kw.com','989 65 492','2023-08-08 06:44:29','2023-08-08 06:44:29',0),(36,'Manuela Lowe','lesleypocock@mediworld.com.au','Hi, \r\n\r\nI hope you\'re doing well. I wanted to let you know about our new BANGE backpacks and sling bags that just released.\r\n\r\nBange is perfect for students, professionals and travelers. The backpacks and sling bags feature a built-in USB charging port, making it easy to charge your devices on the go.  Also they are waterproof and anti-theft design, making it ideal for carrying your valuables.\r\n\r\nBoth bags are made of durable and high-quality materials, and are perfect for everyday use or travel.\r\n\r\nOrder yours now at 50% OFF with FREE Shipping: http://bangeshop.com\r\n\r\nRegards,\r\n\r\nManuela','476 0138','2023-08-14 02:02:29','2023-08-14 02:02:29',0),(37,'Elwood Lehmann','elwood@lehmann.podiatristusa.sale','Hi,\r\n\r\nIf you are one of the sufferers of the common problems nails have, then you are in luck! Our Toenail Clippers is here to help. It has a specially designed clip that can help those with troubles with winding nails, hard nails, two nails, nail cracks, deep nails, and thickened nails.\r\n\r\nWe are confident that our Toenail Clippers will provide you with the results you are looking for.\r\n\r\nGet yours today with 60% OFF: https://podiatristusa.sale\r\n\r\nRegards,\r\n\r\nElwood','06-86132027','2023-08-31 11:51:22','2023-08-31 11:51:22',0),(38,'Fran Koss','fran@take-kw.com','Get The Worlds Greatest Magic Sand Free Beach Mat!\r\n\r\nWatch sand, dirt & dust disappear right before your eyes! It\'s perfect for beach, picnic, camping or hiking.\r\n\r\nAct Now And Receive A Special Discount For Our Magic Mat!\r\n\r\nGet Yours Here:  https://magicmats.co\r\n\r\nCheers, \r\n \r\nFran','04.58.18.29.27','2023-09-12 12:34:41','2023-09-12 12:34:41',0),(39,'Britney Kirkpatrick','kirkpatrick.britney@yahoo.com','Hi, I\'m sending you this message via your contact form on your website at take-kw.com. By reading this message you\'re living proof that contact form advertising works! Do you want to blast your ad to millions of contact forms? Maybe you prefer a more targeted approach and only want to blast our ad out to websites in certain business categories? Pay just $99 to blast your ad to 1 million contact forms. Volume discounts available. I have more than 35 million contact forms. Let\'s get the conversation started, contact me via Skype here:  live:.cid.aebc78a94c13344c','0491-9334284','2023-09-12 20:29:03','2023-09-12 20:29:03',0),(40,'Stanton Wiegand','wiegand.stanton@msn.com','I\'m posting this message to your website at take-kw.com to show you how effective contact form blasting is. The same way I sent you this message, I can also send your ad message to websites worldwide. You can reach a million sites for less than a hundred dollars. For info Email me here:  Stanton@gomail2.xyz','412 0243','2023-09-17 14:56:32','2023-09-17 14:56:32',0),(41,'Loren Christopher','loren@take-kw.com','Morning \r\n\r\nI wanted to reach out and let you know about our new dog harness. It\'s really easy to put on and take off - in just 2 seconds - and it\'s personalized for each dog. \r\nPlus, we offer a lifetime warranty so you can be sure your pet is always safe and stylish.\r\n\r\nWe\'ve had a lot of success with it so far and I think your dog would love it. \r\n\r\nGet yours today with 50% OFF: https://caredogbest.com\r\n\r\nFREE Shipping - TODAY ONLY! \r\n\r\nEnjoy, \r\n\r\nLoren','703-850-0326','2023-09-18 21:14:04','2023-09-18 21:14:04',0),(42,'Eric Jones','ericjonesmyemail@gmail.com','Hello take-kw.com Administrator! this is Eric and I ran across take-kw.com a few minutes ago.\r\n\r\nLooks great… but now what?\r\n\r\nBy that I mean, when someone like me finds your website – either through Search or just bouncing around – what happens next?  Do you get a lot of leads from your site, or at least enough to make you happy?\r\n\r\nHonestly, most business websites fall a bit short when it comes to generating paying customers. Studies show that 70% of a site’s visitors disappear and are gone forever after just a moment.\r\n\r\nHere’s an idea…\r\n \r\nHow about making it really EASY for every visitor who shows up to get a personal phone call you as soon as they hit your site…\r\n \r\nYou can –\r\n  \r\nWeb Visitors Into Leads is a software widget that’s works on your site, ready to capture any visitor’s Name, Email address and Phone Number.  It signals you the moment they let you know they’re interested – so that you can talk to that lead while they’re literally looking over your site.\r\n\r\nCLICK HERE https://advanceleadgeneration.com to try out a Live Demo with Web Visitors Into Leads now to see exactly how it works.\r\n\r\nYou’ll be amazed - the difference between contacting someone within 5 minutes versus a half-hour or more later could increase your results 100-fold.\r\n\r\nIt gets even better… once you’ve captured their phone number, with our new SMS Text With Lead feature, you can automatically start a text (SMS) conversation.\r\n  \r\nThat way, even if you don’t close a deal right away, you can follow up with text messages for new offers, content links, even just “how you doing?” notes to build a relationship.\r\n\r\nPretty sweet – AND effective.\r\n\r\nCLICK HERE https://advanceleadgeneration.com to discover what Web Visitors Into Leads can do for your business.\r\n\r\nYou could be converting up to 100X more leads today!\r\n\r\nEric\r\nPS: Web Visitors Into Leads offers a FREE 14 days trial – and it even includes International Long Distance Calling. \r\nYou have customers waiting to talk with you right now… don’t keep them waiting. \r\nCLICK HERE https://advanceleadgeneration.com to try Web Visitors Into Leads now.\r\n\r\nIf you\'d like to unsubscribe click here http://advanceleadgeneration.com/unsubscribe.aspx?d=take-kw.com','555-555-1212','2023-09-22 20:11:16','2023-09-22 20:11:16',0),(43,'Pearlene Sand','pearlene@take-kw.com','Good Morning \r\n \r\nIs your dog\'s nails getting too long? If you\'re tired of going to the vet or groomer to get them trimmed, why not try PawSafer™? \r\nWith PawSafer™, you can trim your dog\'s nails from the comfort of your own home, and it only takes a few minutes!\r\n\r\nPawSafer™ is the safest and most convenient way to trim your dog\'s nails, and it\'s very affordable. \r\n\r\nGet it while it\'s still 50% OFF + FREE Shipping\r\n\r\nBuy here: https://pawsafer.net\r\n \r\nCheers, \r\n \r\nPearlene','843-278-6486','2023-09-23 10:28:10','2023-09-23 10:28:10',0),(44,'Andre Clarke','reichert.christi18@gmail.com','Hey there,\r\n\r\nWas looking at your site today and I thought this would probably interest you.\r\n\r\nAre you tired of traditional virtual assistants who lack the expertise to handle complex tasks? Feeling overwhelmed by the thought of diving into generative AI? We\'ve got the game-changing solution you\'ve been waiting for: Myaa\'s AI-Powered Personal Support Agents.\r\n\r\nImagine the best of both worlds: a personal assistant who\'s a live professional expert at leveraging the power of thousands of AI Agents. That\'s exactly what you get with Myaa. Our AI-Powered Personal Support Agents are trained to perfection in writing excellent prompts and harnessing the capabilities of our AI Agents.\r\n\r\nBut here\'s the best part: we\'re offering a one-week free trial for you to experience the transformative capabilities of our agents firsthand. No obligations, no strings attached. Just a chance to see how our AI-Powered Personal Support Agents, the experts in leveraging AI technology, can revolutionize the way you manage your business.\r\n\r\nDon\'t miss out on this exclusive opportunity. Click below to schedule a call and claim your one-week free trial:\r\n\r\nhttps://bit.ly/Free-AI-Powered-Support-Agent\r\n\r\nDuring the call, our experts will guide you through the process and pair you with the perfect Myaa AI-Powered Personal Support Agent for your business. Say goodbye to inefficiency and hello to expert assistance.\r\n\r\nGet started now and unlock the full potential of generative AI with Myaa\'s AI-Powered Personal Support Agents.\r\n\r\nCheers,\r\n\r\nAndre Clarke\r\nBusiness Development\r\nMyaa','03.38.88.90.25','2023-09-27 15:01:49','2023-09-27 15:01:49',0),(45,'Meri Cooley','cooley.meri@gmail.com','I just left you this message on your website contact form at take-kw.com and I have also sent it to millions of other sites. I get new customers every day using this method and so can you! For just under a hundred bucks you can reach 1 million websites! For more info and pricing, just reach out to me via Skype here: live:.cid.dd8a3501619891fe','972 19 722','2023-09-28 03:14:47','2023-09-28 03:14:47',0),(46,'Peggy Nolen','peggy.nolen@googlemail.com','JOIN FUNNEL BASE AND GET :\r\n\r\nSmart Funnel Booster:\r\n\r\nOptimize your funnel by displaying social proof on your website, deeply analyze your visitors\' behavior and fully control your sales funnel\r\n\r\nDrive Micro Conversions:\r\n\r\nSkyrocket your sales with the power of micro conversions! Bring your visitors to the next sales funnel stage by displaying notifications \r\n\r\nVerified Video Reviews:\r\nImplement user-generated content into your marketing strategy. Show verified video reviews to build trust & increase conversion rates on your website or landing page.\r\nIncrease Funnel Profit:\r\nConstantly upgrade your funnel and triple your profit with advanced tools to properly attract visitors, generate their confidence and convert them into loyal customers.\r\n\r\nGET IT NOW AT:  https://funnelbase.net/','(03) 5312 3864','2023-09-29 05:02:03','2023-09-29 05:02:03',0),(47,'Sophie Houtman','sophie.houtman@gmail.com','I\'m posting this message to your website at take-kw.com to show you how effective contact form blasting is. The same way I sent you this message, I can also send your ad message to websites worldwide. You can reach a million sites for less than a hundred dollars. For info Skype me here:  live:.cid.303294bd15a81bc7','(07) 5378 9055','2023-10-03 23:34:10','2023-10-03 23:34:10',0),(48,'Eric Jones','ericjonesmyemail@gmail.com','Hi take-kw.com Administrator! my name’s Eric and for just a second, imagine this…\r\n\r\n- Someone does a search and winds up at take-kw.com.\r\n\r\n- They hang out for a minute to check it out.  “I’m interested… but… maybe…”\r\n\r\n- And then they hit the back button and check out the other search results instead. \r\n\r\n- Bottom line – you got an eyeball, but nothing else to show for it.\r\n\r\n- There they go.\r\n\r\nThis isn’t really your fault – it happens a LOT – studies show 7 out of 10 visitors to any site disappear without leaving a trace.\r\n\r\nBut you CAN fix that.\r\n\r\nWeb Visitors Into Leads is a software widget that’s works on your site, ready to capture any visitor’s Name, Email address and Phone Number.  It lets you know right then and there – enabling you to call that lead while they’re literally looking over your site.\r\n\r\nCLICK HERE http://advanceleadgeneration.com to try out a Live Demo with Web Visitors Into Leads now to see exactly how it works.\r\n\r\nTime is money when it comes to connecting with leads – the difference between contacting someone within 5 minutes versus 30 minutes later can be huge – like 100 times better!\r\n\r\nPlus, now that you have their phone number, with our new SMS Text With Lead feature you can automatically start a text (SMS) conversation… so even if you don’t close a deal then, you can follow up with text messages for new offers, content links, even just “how you doing?” notes to build a relationship.\r\n\r\nStrong stuff.\r\n\r\nCLICK HERE http://advanceleadgeneration.com to discover what Web Visitors Into Leads can do for your business.\r\n\r\nYou could be converting up to 100X more leads today!\r\n\r\nEric\r\nPS: Web Visitors Into Leads offers a FREE 14 days trial – and it even includes International Long Distance Calling. \r\nYou have customers waiting to talk with you right now… don’t keep them waiting. \r\nCLICK HERE http://advanceleadgeneration.com to try Web Visitors Into Leads now.\r\n\r\nIf you\'d like to unsubscribe click here http://advanceleadgeneration.com/unsubscribe.aspx?d=take-kw.com','555-555-1212','2023-10-04 07:59:41','2023-10-04 07:59:41',0),(49,'Tony Leventhal','tony.leventhal@googlemail.com','Hello take-kw.com Administrator!\r\n\r\nMy name’s Tony and I just recently stumbled upon your website - take-kw.com - in the search listings.\r\n\r\nThis is what that implies to me…\r\n\r\nYour SEO’s doing its job.\r\n\r\nYou’re getting eyeballs – mine at least.\r\n\r\nYour content’s quite good, wouldn’t change a single thing.\r\n\r\nBUT…\r\n\r\nEyeballs don’t pay the bills.\r\n\r\nCUSTOMERS do.\r\n\r\nAnd research show that 7 out of 10 visitors like take-kw.com will drop by, take a gander, and then depart without doing else.\r\n\r\nIt’s like they never even were even there there.\r\n\r\nYou can fix this.\r\n\r\nYou can make it it very simple for them to show interest, say, “okay, let’s talk” without requiring them to even pull their phone from their pocket… thanks to Visitor to Lead Widget.\r\n\r\nLead Conversion Software is a tool that sits on your webpage, ready and waiting to grab any viewer’s Name, Email address, and Phone Number. It enables you know immediately – so you can converse with that potential customer right away… BEFORE they go away.\r\n\r\nCLICK HERE http://jumboleadmagnet.com to try out a Live Demo with Visitor to Lead Widget today to see exactly how it functions.\r\n\r\nNow it’s also true it’s also true that when contacting to hot leads, you MUST act fast – the difference between between contacting someone someone within 5 minutes 5 minutes versus 30 minutes later is huge – like 100 times better!\r\n\r\nThat’s what makes our new SMS Text With Lead feature so powerful so powerful… you’ve got their phone number, so now you can you can begin a text message (SMS) conversation with them with them… so even if if they don’t take you up take you up on your offer immediately, you continue to text them to text them them new offers, new content, content links, and new reasons to do business with you.\r\n\r\nThis could change everything for you and your business.\r\n\r\nCLICK HERE http://jumboleadmagnet.com to learn more about everything Web Visitors Into Leads can do Visitor to Lead Widget can do and start turing turing eyeballs into revenue.\r\n\r\nTony\r\nPS: Web Visitors Into Leads offers a FREE 14 days trial!\r\nIt even includes International Long Distance Calling.\r\nPaying customers are out there waiting.\r\nStarting connecting today by CLICKING HERE http://jumboleadmagnet.com to try Web Visitors Into Leads Web Visitors Into Leads now.\r\n\r\nIf you\'d like to unsubscribe to unsubscribe click here http://jumboleadmagnet.com/unsubscribe.aspx?d=take-kw.com\r\n\r\nJust a quick remark - the identities and email address employed in this message, Tony and Leventhal, are placeholders and not actually authentic contact details. We esteem openness and desired to assure you’re conscious! If you desire to communicate with the real entity responsible for this communication, do visit our site, and we’ll unite you with the appropriate person.','306-485-4065','2023-10-04 16:38:11','2023-10-04 16:38:11',0),(50,'Jim Flannery','damion.flannery@gmail.com','Hi there,\r\nMonthly Seo Services - Professional/ Affordable Seo Services\r\nHire the leading seo marketing company and get your website ranked on search engines. Are you looking to rank your website on search engines? Contact us now to get started - https://digitalpromax.co/la/  Today!\r\n\r\nPsst.. we will also do web design and build complete website. Wordpress and Ecommerce sites development. Click here: https://wpexpertspro.co/website/','9503562759','2023-10-04 19:56:33','2023-10-04 19:56:33',0),(51,'Mason Kaleski','mason@kaleski.thawking.co','Good Morning \r\n\r\nDefrost frozen foods in minutes safely and naturally with our THAW KING™. \r\n\r\n50% OFF for the next 24 Hours ONLY + FREE Worldwide Shipping for a LIMITED time.\r\n\r\nBuy now: https://thawking.co\r\n\r\nThe Best, \r\n\r\nMason','01.78.92.57.61','2023-10-05 22:30:37','2023-10-05 22:30:37',0),(52,'Eric Jones','ericjonesmyemail@gmail.com','Hi take-kw.com Owner. Eric here with a quick thought about your website take-kw.com...\r\n\r\nI’m on the internet a lot and I look at a lot of business websites.\r\n\r\nLike yours, many of them have great content. \r\n\r\nBut all too often, they come up short when it comes to engaging and connecting with anyone who visits.\r\n\r\nI get it – it’s hard.  Studies show 7 out of 10 people who land on a site, abandon it in moments without leaving even a trace.  You got the eyeball, but nothing else.\r\n\r\nHere’s a solution for you…\r\n\r\nWeb Visitors Into Leads is a software widget that’s works on your site, ready to capture any visitor’s Name, Email address and Phone Number.  You’ll know immediately they’re interested and you can call them directly to talk with them literally while they’re still on the web looking at your site.\r\n\r\nCLICK HERE https://bit.ly/leadgenerationc to try out a Live Demo with Web Visitors Into Leads now to see exactly how it works.\r\n\r\nIt could be huge for your business – and because you’ve got that phone number, with our new SMS Text With Lead feature, you can automatically start a text (SMS) conversation – immediately… and contacting someone in that 5 minute window is 100 times more powerful than reaching out 30 minutes or more later.\r\n\r\nPlus, with text messaging you can follow up later with new offers, content links, even just follow up notes to keep the conversation going.\r\n\r\nEverything I’ve just described is extremely simple to implement, cost-effective, and profitable. \r\n \r\nCLICK HERE https://bit.ly/leadgenerationc to discover what Web Visitors Into Leads can do for your business.\r\n\r\nYou could be converting up to 100X more eyeballs into leads today!\r\n\r\nEric\r\nPS: Web Visitors Into Leads offers a FREE 14 days trial – and it even includes International Long Distance Calling. \r\nYou have customers waiting to talk with you right now… don’t keep them waiting. \r\nCLICK HERE https://bit.ly/leadgenerationc to try Web Visitors Into Leads now.\r\n\r\nIf you\'d like to unsubscribe click here https://bit.ly/3rD0G5c','555-555-1212','2023-10-06 06:14:11','2023-10-06 06:14:11',0),(53,'Miquel Beals','beals.miquel@gmail.com','Dear take-kw.com Administrator!\r\n\r\nMy name is Miquel and I’m assuming you would prefer your site take-kw.com to generate extra leads.\r\n\r\nThis is how:\r\nWeb Visitors Into Leads is a software tool that’s operates on your webpage, set to grab any user’s Name, Email address, and Phone Number. It signals you the moment they declare they’re engaged – so that you can talk to that potential customer while they’re still present at take-kw.com.\r\n\r\nLead Conversion Software – CLICK HERE https://bit.ly/3LPltcD for a real-time demo at this moment.\r\n\r\nAnd now you’ve got their phone number, our new SMS Text With Lead feature allows you to start a text (SMS) chat – answer questions, supply more info, and finalize a deal that way.\r\n\r\nIf they do not agree on your deal then, merely follow up with text messages for new deals, content links, even just “how you doing?” notes to forge a relationship.\r\n\r\nCLICK HERE https://bit.ly/3LPltcD to learn what Lead Conversion Software can do for your enterprise.\r\n\r\nThe variance between contacting someone within 5 minutes versus a half-hour means you can be converting up to 100X more leads now!\r\n\r\nTry Web Visitors Into Leads and get more leads now.\r\n\r\nMiquel\r\nPS: The research show 7 out of 10 guests don’t linger – you cannot afford to miss them!\r\nWeb Visitors Into Leads offers a FREE 14 days trial – and it also includes International Long Distance Calling.\r\nYou have clients eager to chat with you right now… don’t keep them waiting.\r\nCLICK HERE https://bit.ly/3LPltcD to use Web Visitors Into Leads now.\r\n\r\nIf you\'d like to unsubscribe click here https://bit.ly/3rD0G5c\r\n\r\nOnly a quick message - the names and email utilized here, Miquel and Beals, are placeholders and not real contact information. We esteem openness and wished to confirm you’re conscious! If you desire to connect with the real entity behind this note, kindly check out our site, and we’ll unite you with the appropriate entity.','(08) 9005 6264','2023-10-06 21:53:54','2023-10-06 21:53:54',0),(54,'Emil Harrill','emilharrill@foxmail.com','World\'s Best Neck Massager Get it Now 50% OFF + Free Shipping!\r\n\r\nWellness Enthusiasts! There has never been a better time to take care of your neck pain! \r\nOur clinical-grade TENS technology will ensure you have neck relief in as little as 20 minutes.\r\n\r\nGet Yours: https://hineck.co\r\n\r\nSincerely,\r\n\r\nEmil\r\ntake-kw.com','915-774-3578','2023-10-07 06:45:35','2023-10-07 06:45:35',0),(55,'Eric Jones','ericjonesmyemail@gmail.com','Hi take-kw.com Administrator! \r\n\r\nMy name is Eric and unlike a lot of emails you might get, I wanted to instead provide you with a word of encouragement – Congratulations\r\n\r\nWhat for?  \r\n\r\nPart of my job is to check out websites and the work you’ve done with take-kw.com definitely stands out. \r\n\r\nIt’s clear you took building a website seriously and made a real investment of time and resources into making it top quality.\r\n\r\nThere is, however, a catch… more accurately, a question…\r\n\r\nSo when someone like me happens to find your site – maybe at the top of the search results (nice job BTW) or just through a random link, how do you know? \r\n\r\nMore importantly, how do you make a connection with that person?\r\n\r\nStudies show that 7 out of 10 visitors don’t stick around – they’re there one second and then gone with the wind.\r\n\r\nHere’s a way to create INSTANT engagement that you may not have known about… \r\n\r\nWeb Visitors Into Leads is a software widget that’s works on your site, ready to capture any visitor’s Name, Email address and Phone Number.  It lets you know INSTANTLY that they’re interested – so that you can talk to that lead while they’re literally checking out take-kw.com.\r\n\r\nCLICK HERE https://bit.ly/leadgenerationc to try out a Live Demo with Web Visitors Into Leads now to see exactly how it works.\r\n\r\nIt could be a game-changer for your business – and it gets even better… once you’ve captured their phone number, with our new SMS Text With Lead feature, you can automatically start a text (SMS) conversation – immediately (and there’s literally a 100X difference between contacting someone within 5 minutes versus 30 minutes.)\r\n\r\nPlus then, even if you don’t close a deal right away, you can connect later on with text messages for new offers, content links, even just follow up notes to build a relationship.\r\n\r\nEverything I’ve just described is simple, easy, and effective. \r\n\r\nCLICK HERE https://bit.ly/leadgenerationc to discover what Web Visitors Into Leads can do for your business.\r\n\r\nYou could be converting up to 100X more leads today!\r\n\r\nEric\r\nPS: Web Visitors Into Leads offers a FREE 14 days trial – and it even includes International Long Distance Calling. \r\nYou have customers waiting to talk with you right now… don’t keep them waiting. \r\nCLICK HERE https://bit.ly/leadgenerationc to try Web Visitors Into Leads now.\r\n\r\nIf you\'d like to unsubscribe click here https://bit.ly/3rD0G5c','555-555-1212','2023-10-08 14:56:05','2023-10-08 14:56:05',0),(56,'Michael Sinclair','msinclair.hivemailers@gmail.com','Hello,\r\n  \r\nI was looking at your site and wanted to ask if you would be interested in getting one-hundred thousand emails sent out within 48 hours for just $48 - we call it our 48-Special.\r\n \r\nI’m with HiveMailers, we use a robust email system to get clients daily leads and/or sales 24/7.\r\n \r\nWE DO ALL THE WORK:\r\n\r\n- We create the content for the email(s).\r\n- We provide the email list (contacts).\r\n- We forward leads to you daily.\r\n- We manage your email campaigns 24/7.\r\n- We make changes to the list and content until we get results.\r\n\r\nJust imagine, getting hot leads within days of getting started with us. \r\n\r\nYou might be wondering if our system works, well if you are reading this message, it works. \r\n\r\nGet started now!!!!! We will send one hundred thousand emails for just $48 \r\n  \r\nBook a 10 min call with me now: https://bit.ly/hive-48-special\r\n\r\nNOTE: To buy an email list and hire an in-house email manager to run your campaign (like our system) would cost around $3,500 a month, but with us, you pay just $48. So, you save over $3,450.\r\n\r\nThis offer is good for the first 20 clients, don’t miss out.  Book appointment now: https://bit.ly/hive-48-special\r\n\r\nSincerely,\r\nMichael','0961 63 57 00','2023-10-09 02:17:17','2023-10-09 02:17:17',0),(57,'Antonietta Henegar','henegar.antonietta@gmail.com','Greetings take-kw.com Manager!\r\n\r\nIt\'s Antonietta and please, imagine this…\r\n\r\n- A user does a search and ends up at take-kw.com.\r\n\r\n- They hang out for a moment to see.  “I’m interested… but… maybe…”\r\n\r\n- And then they press the back button and check out the other search results instead. \r\n\r\n- Ultimately – you got an eyeball, but nothing else to show for it.\r\n\r\n- There they go.\r\n\r\nIt’s not really your fault – it happens a LOT – studies show 7 out of 10 visitors to any site vanish without leaving a trace.\r\n\r\nBut you are able to fix that.\r\n\r\nLead Conversion Tool is a software widget that’s operates on your site, ready to capture any visitor’s Name, Email address, and Phone Number. It allows you know right then and there – enabling you to call that lead while they’re actually looking over your site.\r\n\r\nCLICK HERE https://bit.ly/3LPltcD to try out a Live Demo with Lead Conversion Tool now to see precisely how it works.\r\n\r\nTime is money when it comes to connecting with leads – the difference between contacting someone within 5 minutes compared to 30 minutes later can be enormous – like 100 times better!\r\n\r\nMoreover, now that you have their phone number, with our new SMS Text With Lead feature you can automatically start a text (SMS) conversation… so even if you don’t close a deal at that time, you can follow up with text messages for new offers, content links, or even just “how you doing?” notes to create a relationship.\r\n\r\nStrong stuff.\r\n\r\nCLICK HERE https://bit.ly/3LPltcD to find out what Web Visitors Into Leads can do for your business.\r\n\r\nYou might be converting up to 100X more leads now!\r\n\r\nAntonietta\r\nPS: Visitor Engagement Widget offers a FREE 14 days trial – and it even includes International Long Distance Calling.\r\nYou have customers waiting to talk with you immediately… don’t keep them waiting.\r\nCLICK HERE https://bit.ly/3LPltcD to use Visitor Engagement Widget now.\r\n\r\nIf you\'d prefer to unsubscribe click here https://bit.ly/3rD0G5c\r\n\r\nMerely a quick remark - the monikers and email applied in this communication, Antonietta and Henegar, are substitutes and not really real contact information. We esteem transparency and wished to ensure you are informed! Should you desire to make contact with the genuine one responsible for this note, do check out our site, and we’ll connect you with the proper individual.','078 4574 0461','2023-10-09 07:06:37','2023-10-09 07:06:37',0),(58,'Dessie Huon de Kerilleau','projectleadsblue@gmail.com','Want to start getting 10x  more customers today? Reach the exact customer inbox like I reached you and boost sales for your service or products, and I\'ll show you how it\'s done: Check out: https://leadsblue.net/    once to find more. We are offering an 80% discount today.','06-78957037','2023-10-12 08:05:52','2023-10-12 08:05:52',0),(59,'Rosella Mandalis','mandalis.rosella@msn.com','Hi, I\'m sending you this message via your contact form on your website at take-kw.com. By reading this message you\'re living proof that contact form advertising works! Do you want to blast your ad to millions of contact forms? Maybe you prefer a more targeted approach and only want to blast our ad out to websites in certain business categories? Pay just $99 to blast your ad to 1 million contact forms. Volume discounts available. I have more than 35 million contact forms. Let\'s get the conversation started, contact me via Skype here live:.cid.303294bd15a81bc7','804-674-6625','2023-10-12 19:01:33','2023-10-12 19:01:33',0),(60,'Wm Bloodsworth','bloodsworth.wm@msn.com','Accidental overdose is the #1 cause of death for people aged 18-45 in the United States.\r\n\r\n \r\n\r\nNarcan is a nasal spray that can reverse an opioid overdose, saving the person’s life.  Our group of volunteers has compiled a website that tracks organizations that are giving out free and discount Narcan, this site is  https://www.narcan-finder.com/. \r\n\r\n \r\n\r\nEventually this life saving medication will be as easy to find as a fire extinguisher, but at the moment, it’s only gradually becoming available, and often expensive at drugstores, etc. Would you consider sharing our resource on your website?  It will save lives.\r\n\r\n \r\n\r\nIf you have any questions or want to help spread the word, contact us at narcanfinder@gmail.com. Thank you for your consideration!','(02) 8071 8346','2023-10-12 19:21:34','2023-10-12 19:21:34',0),(61,'Lashunda Granata','lashunda.granata@msn.com','Greetings take-kw.com Owner.\r\n\r\nI am Lashunda and I’m assuming you’d like your site take-kw.com to generate extra leads.\r\n\r\nThis is how:\r\nWeb Visitors Into Leads is a tool that’s works on your site, set to capture any visitor’s Name, Email address, and Phone Number. It alerts you as soon as they declare they’re intrigued – so that you can converse with that prospect while they’re still present at take-kw.com.\r\n\r\nWeb Visitors Into Leads – CLICK HERE https://bit.ly/3LPltcD for a live-action demo right now.\r\n\r\nAnd now you’ve got their phone number, our new SMS Text With Lead feature permits you to start a text (SMS) chat – respond to questions, offer more info, and finalize a deal that way.\r\n\r\nIf they do not take you up on your deal then, just follow-up with text messages for new proposals, content links, or even just “how you doing?” notes to forge a connection.\r\n\r\nCLICK HERE https://bit.ly/3LPltcD to uncover what Lead Conversion Software can do for your business.\r\n\r\nThe variance between connecting with someone within 5 minutes versus a half-hour means you could be changing up to 100X more leads now!\r\n\r\nUse Web Visitors Into Leads and get more leads today.\r\n\r\nLashunda\r\nPS: The studies show 7 out of 10 guests do not stick around – you can’t afford to lose them!\r\nWeb Visitors Into Leads offers a FREE 14 days trial – and it even includes International Long Distance Calling.\r\nYou have consumers waiting to talk with you right now… don’t keep them waiting.\r\nCLICK HERE https://bit.ly/3LPltcD to try Lead Conversion Software now.\r\n\r\nIf you\'d like to unsubscribe click here https://bit.ly/3rD0G5c\r\n\r\nOnly a quick notification - the monikers and email utilized in this communication, Lashunda and Granata, are placeholders and not actual contact details. We value candor and wanted to assure you are aware! Should you wish to communicate with the actual individual responsible for this communication, kindly check out our website, and we’ll associate you with the right person.','706-304-0943','2023-10-14 05:55:27','2023-10-14 05:55:27',0),(62,'Eric Jones','ericjonesmyemail@gmail.com','Hello take-kw.com Admin! my name’s Eric and for just a second, imagine this…\r\n\r\n- Someone does a search and winds up at take-kw.com.\r\n\r\n- They hang out for a minute to check it out.  “I’m interested… but… maybe…”\r\n\r\n- And then they hit the back button and check out the other search results instead. \r\n\r\n- Bottom line – you got an eyeball, but nothing else to show for it.\r\n\r\n- There they go.\r\n\r\nThis isn’t really your fault – it happens a LOT – studies show 7 out of 10 visitors to any site disappear without leaving a trace.\r\n\r\nBut you CAN fix that.\r\n\r\nWeb Visitors Into Leads is a software widget that’s works on your site, ready to capture any visitor’s Name, Email address and Phone Number.  It lets you know right then and there – enabling you to call that lead while they’re literally looking over your site.\r\n\r\nCLICK HERE https://bit.ly/leadgenerationd to try out a Live Demo with Web Visitors Into Leads now to see exactly how it works.\r\n\r\nTime is money when it comes to connecting with leads – the difference between contacting someone within 5 minutes versus 30 minutes later can be huge – like 100 times better!\r\n\r\nPlus, now that you have their phone number, with our new SMS Text With Lead feature you can automatically start a text (SMS) conversation… so even if you don’t close a deal then, you can follow up with text messages for new offers, content links, even just “how you doing?” notes to build a relationship.\r\n\r\nStrong stuff.\r\n\r\nCLICK HERE https://bit.ly/leadgenerationd to discover what Web Visitors Into Leads can do for your business.\r\n\r\nYou could be converting up to 100X more leads today!\r\n\r\nEric\r\nPS: Web Visitors Into Leads offers a FREE 14 days trial – and it even includes International Long Distance Calling. \r\nYou have customers waiting to talk with you right now… don’t keep them waiting. \r\nCLICK HERE https://bit.ly/leadgenerationd to try Web Visitors Into Leads now.\r\n\r\nIf you\'d like to unsubscribe click here https://bit.ly/3rD0G5c','555-555-1212','2023-10-14 19:38:06','2023-10-14 19:38:06',0),(63,'Kaley Lucia','lucia.kaley@gmail.com','To the take-kw.com Owner! This is Kaley, and for just a moment, imagine this…\r\n\r\n- An individual does a lookup and lands at take-kw.com.\r\n\r\n- They hang out for a moment to check it out.  “I am intrigued… but… possibly…”\r\n\r\n- And then they click the back button and check out the other search results instead.\r\n\r\n- Bottom line – you got an eyeball, but nothing more to show for it.\r\n\r\n- Away they go.\r\n\r\nThis issue isn’t actually your fault – it happens a lot – studies reveal 7 out of 10 visitors to any site disappear without leaving a trace.\r\n\r\nBut you can actually fix that.\r\n\r\nWeb Visitors Into Leads is a software which is works on your site, prepared to grab any visitor’s Name, Email address, and Phone Number.  It lets you know instantly – allowing you to call that lead whilst they’re literally looking over your site.\r\n\r\nCLICK HERE https://bit.ly/LeadGena to experience a Live Demo with Web Visitors Into Leads today to see exactly how it works.\r\n\r\nTime is money when it comes to reaching leads – the time difference between contacting someone within 5 minutes versus 30 minutes later can be enormous – like 100 times better!\r\n\r\nAdditionally, now that you have their phone number, with our new SMS Text With Lead feature, you can instantly start a text (SMS) conversation… so even if you don’t secure a deal then, you can follow-up with text messages for new offers, content links, or even just “how you doing?” notes to forge a relationship.\r\n\r\nEffective stuff.\r\n\r\nCLICK HERE https://bit.ly/LeadGena to learn what Web Visitors Into Leads can provide for your business.\r\n\r\nYou might be turning up to 100X more leads today!\r\n\r\nKaley\r\nPS: Web Visitors Into Leads offers a FREE 14 days trial – and it features International Long Distance Calls. \r\nYou have customers eager to talk with you at this moment… don’t keep them waiting. \r\nCLICK HERE https://bit.ly/LeadGena to try Web Visitors Into Leads today.\r\n\r\nIf you\'d prefer to unsubscribe click here https://bit.ly/3rD0G5c\r\n\r\nMerely a fast note - the names and email used here, Kaley and Lucia, are placeholders and not genuine contact details. We value transparency and want to make sure you’re aware! If you want to reach out with the genuine person behind this message, kindly visit our website, and we’ll associate you with the appropriate individual.}','0471 44 92 64','2023-10-15 21:50:37','2023-10-15 21:50:37',0),(64,'Arnold Rosetta','rosetta.arnold@gmail.com','Salutations to the take-kw.com Webmaster.\r\n\r\nMy name’s Arnold and I just discovered your website - take-kw.com - in the search results.\r\n\r\nSo here’s what that means to me…\r\n\r\nYour SEO’s functioning.\r\n\r\nYou’re attracting eyeballs – mine at least at least.\r\n\r\nYour content’s not bad, wouldn’t change a thing\r\n\r\nBUT…\r\n\r\nEyeballs don’t pay the bills\r\n\r\nCUSTOMERS do\r\n\r\nAnd studies show that 7 out of 10 visitors to a site to a site like like take-kw.com will visit, look around, and then depart without doing anything else anything else.\r\n\r\nIt’s like they never never were even there.\r\n\r\nYou can fix this this.\r\n\r\nYou can make it super-simple for them to raise their hand their hand say, “okay, let’s talk” without requiring them to even pull their cell their cell phone from their pocket thanks to Web Visitors Into Leads.\r\n\r\nWeb Visitors Into Leads is a software widget that resides on your webpage, prepared and waiting to grab any user’s Name, Email address and Phone Number. It you know immediately – so you can communicate with that lead immediately immediately… without delay BEFORE they head for those hills.\r\n\r\nCLICK HERE https://bit.ly/LeadGena to try a Live Demo with Web Visitors Into Leads now to see to see precisely how it works.\r\n\r\nNow it’s also true that that when reaching to hot leads, you MUST act fast – – the difference between contacting someone someone within versus 30 minutes later is huge – like 100 times better.\r\n\r\nThat’s what makes our new SMS Text With Lead feature so powerful so powerful you’ve got their phone number, so now you can start a text message (SMS) conversation with them… so even if they don’t don’t take you up on your offer right away right away, you continue to text them new offers, and new reasons to do to do business with you.\r\n\r\nThis could alter everything for you and your business\r\n\r\nCLICK HERE https://bit.ly/LeadGena to learn more more about everything Web Web Visitors Into Leads can do and start turing eyeballs into money\r\n\r\nArnold\r\nPS: Web Visitors Into Leads offers a FREE 14 day trial – you could be converting up to 100x more leads immediately!   \r\nIt even includes International Long Distance Calling.\r\nPaying customers are out there waiting\r\nStarting connecting connecting today by CLICKING HERE https://bit.ly/LeadGena to try Web Visitors Into Leads now.\r\n\r\nIf you’d like like to unsubscribe to unsubscribe click here https://bit.ly/3rD0G5c\r\n\r\nJust a quick a brief note - the names and email and email here, Arnold and Rosetta, are placeholders and not real contact contact information. We value transparency transparency and wanted to make sure you’re aware! If you wish to get in touch with the with the genuine person behind this message please visit our website and we’ll connect you with the correct individual.}','28-35-59-58','2023-10-20 03:28:36','2023-10-20 03:28:36',0),(65,'Francisco Paquette','paquette.francisco@gmail.com','Hello to the take-kw.com Webmaster. I have just discovered your site, brief inquiry…\r\n\r\nMy name’s Francisco, I found take-kw.com after performing a swift searching – your site showed up close to the top of the rankings, so whatsoever you’re doing for SEO, looks like it’s functioning well.\r\n\r\nSo here is my query – what exactly happens AFTER an individual arrives on your website? Anything?\r\n\r\nResearch tells us at least 70% of the individuals who find your site, after a swift once-over, they disappear… forever.\r\n\r\nThat indicates that all of the the hard work and attempt you put in into making them to show up, goes down the tubes.\r\n\r\nWhy on earth would you wish all good work and effort – and the fantastic site you’ve constructed – go waste?\r\n\r\nSince the chances are they’ll just skip over calling or even grabbing their phone, leaving you high and dry.\r\n\r\nBut however, here is a thought for you… what if you could make super-simple for someone raise their hand, say, “okay, let’s talk about it” without needing them to even pull their mobile phone from their pocket to revolutionary new software that can literally that first call happen NOW.\r\n\r\nWeb Visitors Into Leads is a software that sits your site, ready and waiting to capture any visitor’s. It lets you know IMMEDIATELY – so that you can talk to that lead they’re still at your site, strike the iron’s!\r\n\r\nCLICK HERE https://bit.ly/LeadGena to try a Live Demo with Web Visitors Into Leads now to see exactly how it works targeting leads, you HAVE to act – the difference contacting within minutes versus 30 minutes is huge 100 times!\r\n\r\nThat’s you should check our new SMS Text With Lead feature as well… once captured the phone of the website visitor, you can automatically off a text message (SMS) conversation with them.\r\n\r\nImagine how powerful could be – even if they don’t you up on your offer, you can stay in touch them using text messages to make offers links to great content, and build credibility, just this alone could be a game to make your website even more effective when the iron’s hot!\r\n\r\nCLICK HERE https://bit.ly/LeadGena to learn about everything Web Visitors Into Leads can do your business be amazed and keep up the great work!\r\n\r\nFrancisco\r\nPS: Web Visitors Into Leads offers FREE 14 days trial – you could be converting up to 100x more leads! It even includes International Long Distance Calling, stop wasting chasing eyeballs that don’t turn into paying. CLICK HERE https://bit.ly/LeadGena to try Web Visitors Into Leads now, if you\'d like unsubscribe click here https://bit.ly/3rD0G5c\r\n\r\nJust quick note - the names and email used here, Francisco and Paquette, are placeholders and not real contact. We value transparency and wanted to make you’re aware! If you wish to get in touch with the real behind message, please visit website, and we’ll connect you with the right.}','070 8821 1016','2023-10-21 01:14:32','2023-10-21 01:14:32',0),(66,'Grace Downard','downard.grace@gmail.com','To the take-kw.com Admin.\r\n\r\nMy name’s Grace, I found take-kw.com after doing a brief search – you popped up near the top of the rankings, so anything you’re doing for SEO, seems like it’s working well.  \r\n\r\nSo here’s my inquiry – what occurs AFTER someone lands on your site?  Anything?\r\n\r\nInvestigations advise us at least 70% of the people who discover your site, after a quick once-over, they vanish… forever.\r\n\r\nThat means that all the work and effort you put into making them to appear, goes down the tubes.\r\n\r\nWhy would you desire all that excellent work – and the wonderful site you’ve built – go to waste?\r\n\r\nBecause the odds are they’ll just skip over calling or even grabbing their phone, leaving you high and dry.\r\n\r\nBut here’s a thought… what if you could make it super-simple for someone to lift their hand, say, “okay, let’s talk” without demanding them to even draw their cell phone from their pocket?\r\n  \r\nYou can – thanks to innovative new software that can literally make that first call take place NOW.\r\n\r\nWeb Visitors Into Leads is a software widget that exists on your site, ready and waiting grab any visitor’s Name, Email address and Phone Number.  It enables you know IMMEDIATELY – so that you can speak to that lead while they’re still present at your site.\r\n  \r\nYou understand, strike when the iron’s hot!\r\n\r\nCLICK HERE https://bit.ly/3LPltcD to try out a Live Demo with Web Visitors Into Leads now to witness exactly how it works.\r\n\r\nWhen targeting leads, you HAVE to act fast – the variance between contacting someone within 5 minutes versus 30 minutes later is enormous – like 100 times better!\r\n\r\nThat’s why you should look at our new SMS Text With Lead feature as well… once you’ve grabbed the phone number of the website visitor, you can immediately kick off a text message (SMS) conversation with them. \r\n\r\nImagine how strong this could be – even if they don’t take you up on your offer instantly, you can stay in touch with them using text messages to create new offers, offer links to fantastic content, and establish your credibility.\r\n\r\nJust this alone could be a game changer to render your website even more effective.\r\n\r\nStrike when the iron’s hot!\r\n\r\nCLICK HERE https://bit.ly/3LPltcD to find out more about all Web Visitors Into Leads can do for your company – you’ll be amazed.\r\n\r\nThanks and keep up the great work!\r\n\r\nGrace\r\nPS: Web Visitors Into Leads provides a FREE 14 days trial – you could be transforming up to 100x more leads immediately!   \r\nIt even comprises International Long Distance Calling. \r\nCease wasting money pursuing eyeballs that don’t turn into paying customers. \r\nCLICK HERE https://bit.ly/3LPltcD to experience Web Visitors Into Leads now.\r\n\r\nIf you\'d like to unsubscribe click here https://bit.ly/3rD0G5c\r\n\r\nMerely a swift remark - the identities and email employed here, Grace and Downard, are stand-ins and not real contact information. We appreciate transparency and wished to make sure you’re aware! If you aspire to communicate with the genuine entity behind this message, please go to our site, and we’ll associate you with the proper individual.','06-85749904','2023-10-21 17:40:28','2023-10-21 17:40:28',0),(67,'Dominick Grissom','dominick.grissom@gmail.com','want to get an alert when your website is down? then use our 24on7 web monitor - it\'s absolutely free! \r\nvisit https://t.ly/HmMMe?take-kw.com   for more info','(07) 3372 9392','2023-10-21 19:47:33','2023-10-21 19:47:33',0),(68,'Michael Sinclair','msinclair.hivemailers@gmail.com','Hello,\r\n  \r\nI was looking at your site and wanted to ask if you would be interested in getting one-hundred thousand emails sent out within 48 hours for just $48 - we call it our 48-Special.\r\n \r\nI’m with HiveMailers, we use a robust email system to get clients daily leads and/or sales 24/7.\r\n \r\nWE DO ALL THE WORK:\r\n\r\n- We create the content for the email(s).\r\n- We provide the email list (contacts).\r\n- We forward leads to you daily.\r\n- We manage your email campaigns 24/7.\r\n- We make changes to the list and content until we get results.\r\n\r\nJust imagine, getting hot leads within days of getting started with us. \r\n\r\nYou might be wondering if our system works, well if you are reading this message, it works. \r\n\r\nGet started now!!!!! We will send one hundred thousand emails for just $48 \r\n  \r\nBook a 10 min call with me now: https://bit.ly/hive-48-special\r\n\r\nNOTE: To buy an email list and hire an in-house email manager to run your campaign (like our system) would cost around $3,500 a month, but with us, you pay just $48. So, you save over $3,450.\r\n\r\nThis offer is good for the first 20 clients, don’t miss out.  Book appointment now: https://bit.ly/hive-48-special\r\n\r\nSincerely,\r\nMichael','06-11487949','2023-10-22 09:10:03','2023-10-22 09:10:03',0),(69,'Estelle Soutter','info@take-kw.com','New Multifunction Waterproof Backpack\r\n\r\nThe best ever SUPER Backpack: Drop-proof/Scratch-resistant/USB Charging/Large capacity storage\r\n\r\n50% OFF for the next 24 Hours ONLY + FREE Worldwide Shipping for a LIMITED time\r\n\r\nBuy now: https://thebackpack.co\r\n\r\nAll the best, \r\n\r\nEstelle','0291-8826914','2023-10-25 10:42:48','2023-10-25 10:42:48',0),(70,'Grant Lira','davidsturner36@gmail.com','Hey,\r\n\r\nYou just pay per booked appointment that shows up & there is no set-up fee with our company. \r\n\r\nI know you just read this message and are probably hesitant to believe it. \r\n\r\nSo to be clear, you are getting SHOWED appointments for just 135 each with no upfront expense. \r\n\r\nThe sole reason we couldn\'t help you is if you don’t meet any of the following requirements:\r\n\r\n- B2B business\r\n- 7 figure+ business\r\n- You serve a wide variety of clients (not niched down in an industry)\r\n- Have a unique value proposition\r\n- Be able to take on 50 additional appoints each month (bare minimum) \r\n\r\nI originally reached out because I believe you qualify for these, but let me know if I’m incorrect as we wouldn’t be able to produce results then. \r\n\r\nIf these are true for your company, It’d be awesome to have a quick chat here to see how we can help: \r\n\r\nhttps://bit.ly/empathyfirm-convo\r\n\r\nBest, \r\nGrant','(07) 4554 3553','2023-10-26 16:59:17','2023-10-26 16:59:17',0),(71,'Jett Fenstermacher','fenstermacher.jett@msn.com','Hi to take-kw.com Owner. My name’s Jett and I have just found your site at take-kw.com...\r\n\r\nI discovered it after a quick search, so your SEO is doing well…\r\n\r\nContent appears good…\r\n\r\nHowever, one thing’s missing though…\r\n\r\nA QUICK, SIMPLE means to communicate with you NOW.\r\n\r\nAs studies reveal that a web lead like me will only hang out a few seconds – 7 out of 10 vanish instantly, Click Surf Surf… then gone forever.\r\n\r\nI’ve got the remedy:\r\n\r\nWeb Visitors Into Leads is a software widget that’s functions on your website, set to capture any visitor Name, Email address, and Phone Number. You’d be aware instantly they’re intrigued, and you can call them straight to SPEAK with them - virtually whilst they’re still on the web browsing your site.\r\n\r\nCLICK HERE https://bit.ly/LeadGena to experience a Live Demo with Web Visitors Into Leads today to see just how it operates and even give it a try… it might be massive for your company.\r\n\r\nAdditionally, now that you’ve got that phone number, with our new SMS Text With Lead feature, you can instantly begin a text (SMS) conversation immediately… which so effective, because connecting within 5 minutes is 100 times more efficient than waiting more later.\r\n\r\nThe new text message function enables you follow up consistently with new offers, content even just follow-up notes to forge a relation.\r\n\r\nEverything I have  mentioned is very easy to implement, cost-effective, and beneficial.\r\n\r\nCLICK HERE https://bit.ly/LeadGena to find out what Web Visitors Into Leads can make for your company, potentially converting up to 100X more visitors into leads today!\r\n\r\nJett\r\nPS: Web Visitors Into Leads offers a FREE 14 day trial – and it includes International Long Distance Calls. \r\nYou have customers waiting to talk with you at this moment… don’t leave them waiting. \r\nCLICK HERE https://bit.ly/LeadGena to try out Web Visitors Into Leads now.\r\n\r\nShould you prefer to unsubscribe click here https://bit.ly/3rD0G5c\r\n\r\nMerely a brief note - the names and email used here, Jett and Fenstermacher, are placeholders and not real contact details. We appreciate transparency and wish to ensure  you’re aware! If you want to reach out with the real person behind this message, kindly visit our website, and we’ll link you with the right individual.}','(08) 8224 3732','2023-10-28 14:34:00','2023-10-28 14:34:00',0),(72,'Michael Sinclair','earlene.maclanachan@gmail.com','Hello,\r\n  \r\nI was looking at your site and wanted to ask if you would be interested in getting one-hundred thousand emails sent out within 48 hours for just $48 - we call it our 48-Special.\r\n \r\nI’m with HiveMailers, we use a robust email system to get clients daily leads and/or sales 24/7.\r\n \r\nWE DO ALL THE WORK:\r\n\r\n- We create the content for the email(s).\r\n- We provide the email list (contacts).\r\n- We forward leads to you daily.\r\n- We manage your email campaigns 24/7.\r\n- We make changes to the list and content until we get results.\r\n\r\nJust imagine, getting hot leads within days of getting started with us. \r\n\r\nYou might be wondering if our system works, well if you are reading this message, it works. \r\n\r\nGet started now!!!!! We will send one hundred thousand emails for just $48 \r\n  \r\nBook a 10 min call with me now: https://bit.ly/hive-48-special\r\n\r\nNOTE: To buy an email list and hire an in-house email manager to run your campaign (like our system) would cost around $3,500 a month, but with us, you pay just $48. So, you save over $3,450.\r\n\r\nThis offer is good for the first 20 clients, don’t miss out.  Book appointment now: https://bit.ly/hive-48-special\r\n\r\nSincerely,\r\nMichael','062 518 58 99','2023-10-30 03:33:57','2023-10-30 03:33:57',0),(73,'Joanna Rousseau','joanna.rousseau71@gmail.com','Is this your website? take-kw.com? I just sent you a message via the contact form on your site and was wondering if you wanted to try some unique advertising that reaches business owners worldwide? How do we do it? Well you just witnessed our process. We send your ad text to contact forms on websites worldwide. Plans start at a hundred dollars for posting your ad to one million sites. Reach out to me via Email and let\'s dicuss what we can do for your business. My Skype ID is:  contactformmarketing2023','442 03 701','2023-10-31 05:10:56','2023-10-31 05:10:56',0),(74,'Chau Darosa','chau.darosa@gmail.com','Salutations to the take-kw.com Manager, I’m Chau and I’m thinking you would like your site take-kw.com to produce extra leads\r\n\r\nSo here’s how:\r\nWeb Visitors Into Leads is a software widget that’s running on your site, ready to seize any visitor’s Name, Email  and Phone Number. It alerts you as soon as they they’re interested so that you can talk to that prospect when they’re still at take-kw.com.\r\n\r\nWeb Visitors Into Leads – CLICK HERE https://bit.ly/LeadGena for a live demo demo today.\r\n\r\nAnd now you’ve got their phone number, our new SMS Text With Lead function enables you to initiate a text conversation –  questions and a deal that way\r\n\r\nIf they   you up on your offer then follow up with text messages for new offers, content links, even “how you doing?” to build to build a relationship.\r\n\r\nCLICK HERE https://bit.ly/LeadGena to see what Web Visitors Into Leads can make for your business\r\n\r\nThe difference between contacting someone within 5 minutes 5 minutes versus a half-hour means be up to 100X more leads.\r\n\r\nTry Web Web Visitors Into Leads and get more more leads\r\n\r\nChau\r\nPS: The studies 7 out of 10 visitors hang around – you afford them!\r\nWeb Visitors Into Leads offers a FREE a FREE 14 days trial – it it even includes International International Long Distance Calling.\r\nYou have customers waiting to talk with you right now keep them\r\nCLICK HERE https://bit.ly/LeadGena to try Web Visitors Into Leads now\r\n\r\nShould you prefer to unsubscribe click here https://bit.ly/3rD0G5c\r\n\r\nOnly a quick note - the names and email used here, Chau and Darosa, are placeholders and not real contact information.\r\nWe value transparency and wanted to make to make sure you’re aware! If you want to get in touch in touch with the real person behind this message, please visit our website, and we’ll connect you with the right individual.','073-8566843','2023-11-01 16:57:47','2023-11-01 16:57:47',0),(75,'Walker Buss','buss.walker@gmail.com','Hi take-kw.com Administrator.\r\n\r\nMy name is Walker and, unlike numerous emails you may get, I would like to alternatively provide you with a word of encouragement – Kudos!\r\n\r\nWhat for?\r\n\r\nPart of my job is to check out websites and the work you’ve done with take-kw.com absolutely is notable. \r\n\r\nIt’s clear you have taken building a website to heart and made a real investment of energy into making it premium.\r\n\r\nNevertheless, there is, however, a catch-22… more accurately, a question…\r\n\r\nSo, when someone such as me happens to find your site – maybe at the top of the search results (good job BTW) or just through a random link, how do you know?\r\n\r\nFurthermore, how do you make a link with that person?\r\n\r\nStudies show that 7 out of 10 visitors don’t stick around – they’re there one second and then disappeared.\r\n\r\nI have a way to create IMMEDIATE engagement that you may not have known about…\r\n\r\nInstant Engagement Tool is a software widget that’s works on your site, ready to capture any visitor’s Name, Email address, and Phone Number. It allows you know INSTANTLY that they’re interested – so that you can talk to that lead while they’re literally checking out take-kw.com.\r\n\r\nCLICK HERE https://bit.ly/3LPltcD to try out a Live Demo with Lead Capture now to see precisely how it works.\r\n\r\nIt might be a revolutionary change for your business – and it gets even better… once you’ve captured their phone number, with our new SMS Text With Lead feature, you can immediately start a text (SMS) conversation – right away (and there’s actually a 100X difference between contacting someone within 5 minutes versus 30 minutes.)\r\n\r\nMoreover then, even if you don’t close a deal instantly, you can follow up later on with text messages for new offers, content links, even just follow-up notes to develop a relationship.\r\n\r\nEach aspect I’ve just described is easy, easy, and effective.\r\n\r\nCLICK HERE https://bit.ly/3LPltcD to find out what Web Visitors Into Leads can do for your business.\r\n\r\nYou can be converting up to 100X more leads today!\r\n\r\nWalker\r\nPS: Lead Capture offers a FREE 14 days trial – and it even includes International Long Distance Calling.\r\nYou have customers waiting to talk with you immediately… don’t keep them waiting.\r\nCLICK HERE https://bit.ly/3LPltcD to test Web Visitors Into Leads now.\r\n\r\nIf you\'d like to unsubscribe click here https://bit.ly/3rD0G5c\r\n\r\nSimply a swift note - the names and email employed in this note, Walker and Buss, are stand-ins and not real contact details. We cherish honesty and wanted to ensure you’re aware! If you desire to connect with the genuine one behind this communication, please visit our website, and we’ll connect you with the right individual.','0680 326 62 95','2023-11-02 07:52:43','2023-11-02 07:52:43',0),(76,'Grace Fahey','fahey.grace@gmail.com','Hi there \r\n\r\nLooking to improve your posture and live a healthier life? Our Medico Postura™ Body Posture Corrector is here to help!\r\n\r\nExperience instant posture improvement with Medico Postura™. This easy-to-use device can be worn anywhere, anytime – at home, work, or even while you sleep.\r\n\r\nMade from lightweight, breathable fabric, it ensures comfort all day long.\r\n\r\nGrab it today at a fantastic 60% OFF: https://medicopostura.com\r\n\r\nPlus, enjoy FREE shipping for today only!\r\n\r\nDon\'t miss out on this amazing deal. Get yours now and start transforming your posture!\r\n\r\nThank You, \r\n\r\nGrace','031 918 59 29','2023-11-03 15:31:18','2023-11-03 15:31:18',0),(77,'Milton Uy','uy.milton@hotmail.com','Hi take-kw.com Owner\r\n\r\nI\'m Milton and for just a second, imagine this…\r\n\r\n- Someone does a search and ends up at take-kw.com.\r\n\r\n- They hang out for a minute to explore.  “I’m intrigued… but… maybe…”\r\n\r\n- And then they click the back button and view the other search results alternatively. \r\n\r\n- Bottom line – you got an eyeball, but zilch to show for it.\r\n\r\n- There they go.\r\n\r\nIt isn’t really your fault – it happens a LOT – studies show 7 out of 10 visitors to any site vanish without leaving a trace.\r\n\r\nBut you can fix that.\r\n\r\nWeb Visitors Into Leads is a software widget that’s operates on your site, set to capture any visitor’s Name, Email address, and Phone Number. It lets you know immediately – allowing you to call that lead while they’re actually viewing your site.\r\n\r\nCLICK HERE https://bit.ly/3LPltcD to test a Live Demo with Lead Conversion Tool now to see precisely how it works.\r\n\r\nTime is money when it comes to connecting with leads – the difference between contacting someone within 5 minutes versus 30 minutes later can be massive – like 100 times better!\r\n\r\nPlus, now that you have their phone number, with our new SMS Text With Lead feature you can instantly start a text (SMS) conversation… so even if you don’t close a deal then, you can follow up with text messages for new offers, content links, or even just “how you doing?” notes to build a relationship.\r\n\r\nPowerful stuff.\r\n\r\nCLICK HERE https://bit.ly/3LPltcD to learn what Lead Conversion Tool can do for your business.\r\n\r\nYou might be converting up to 100X more leads now!\r\n\r\nMilton\r\nPS: Web Visitors Into Leads offers a FREE 14 days trial – and it even includes International Long Distance Calling.\r\nYou have customers eager to talk with you right now… don’t keep them waiting.\r\nCLICK HERE https://bit.ly/3LPltcD to use Web Visitors Into Leads now.\r\n\r\nIf you\'d choose to unsubscribe click here https://bit.ly/3rD0G5c\r\n\r\nSimply a quick note - the identities and email address applied in this message, Milton and Uy, are stand-ins and not actually authentic information. We appreciate candor and desired to ensure you are informed! Should you aspire to connect with the actual one responsible for this memo, please visit our site, and we’ll link you with the right person.','0383-5845103','2023-11-04 07:14:32','2023-11-04 07:14:32',0),(78,'jrzkXULjljJpeV','JuBNIi.qjpjppj@lustrum.cfd','udrWxNmzWwTSSbj','1','2023-11-05 21:46:54','2023-11-05 21:46:54',0),(79,'HUJMRryNKutawjPpk','xhjNqW.qjpjwqj@lustrum.cfd','UmHHqiqbWtTIIjU','1','2023-11-05 21:47:01','2023-11-05 21:47:01',0),(80,'Eric Jones','ericjonesmyemail@gmail.com','Hi take-kw.com Admin! my name’s Eric and I just ran across your website at take-kw.com...\r\n\r\nI found it after a quick search, so your SEO’s working out…\r\n\r\nContent looks pretty good…\r\n\r\nOne thing’s missing though…\r\n\r\nA QUICK, EASY way to connect with you NOW.\r\n\r\nBecause studies show that a web lead like me will only hang out a few seconds – 7 out of 10 disappear almost instantly, Surf Surf Surf… then gone forever.\r\n\r\nI have the solution:\r\n\r\nWeb Visitors Into Leads is a software widget that’s works on your site, ready to capture any visitor’s Name, Email address and Phone Number.  You’ll know immediately they’re interested and you can call them directly to TALK with them - literally while they’re still on the web looking at your site.\r\n\r\nCLICK HERE https://bit.ly/leadgenerationc to try out a Live Demo with Web Visitors Into Leads now to see exactly how it works and even give it a try… it could be huge for your business.\r\n\r\nPlus, now that you’ve got that phone number, with our new SMS Text With Lead feature, you can automatically start a text (SMS) conversation pronto… which is so powerful, because connecting with someone within the first 5 minutes is 100 times more effective than waiting 30 minutes or more later.\r\n\r\nThe new text messaging feature lets you follow up regularly with new offers, content links, even just follow up notes to build a relationship.\r\n\r\nEverything I’ve just described is extremely simple to implement, cost-effective, and profitable.\r\n \r\nCLICK HERE https://bit.ly/leadgenerationc to discover what Web Visitors Into Leads can do for your business, potentially converting up to 100X more eyeballs into leads today!\r\n\r\nEric\r\nPS: Web Visitors Into Leads offers a FREE 14 days trial – and it even includes International Long Distance Calling. \r\nYou have customers waiting to talk with you right now… don’t keep them waiting. \r\nCLICK HERE https://bit.ly/leadgenerationc to try Web Visitors Into Leads now.\r\n\r\nIf you\'d like to unsubscribe click here https://bit.ly/3rD0G5c','555-555-1212','2023-11-06 02:19:56','2023-11-06 02:19:56',0),(81,'Kellee Moody','moody.kellee@gmail.com','Greetings to take-kw.com Webmaster.\r\n\r\nI am Kellee and I just recently came across your website - take-kw.com - through the search results\r\n\r\nSo here’s what that means to me…\r\n\r\nYour SEO’s operating.\r\n\r\nYou’re getting eyeballs – mine at least.\r\n\r\nYour content’s quite good, wouldn’t change a thing.\r\n\r\nBUT…\r\n\r\nEyeballs don’t pay the bills.\r\n\r\nCUSTOMERS do\r\n\r\nAnd studies show that 7 out of 10 visitors to a site like like take-kw.com will drop by, take a gander, and then leave without doing anything else.\r\n\r\nIt’s like they never never were even there.\r\n\r\nYou can resolve this.\r\n\r\nYou can render it super-simple for them to raise to raise their hand their hand say, “okay, let’s talk” without requiring them them to even pull their cell phone from their pocket… thanks to Web Visitors Into Leads.\r\n\r\nWeb Visitors Into Leads is a tool that sits on your on your website, prepared and waiting to grab any visitor Name, Email  and Phone Number. It lets you know immediately – so you can speak to that lead immediately… without delay BEFORE they head those hills.\r\n\r\nCLICK HERE https://bit.ly/LeadGena to try a Live Demo with Web Visitors Into Leads now to see exactly how how it works.\r\n\r\nNow it’s also true that when reaching to hot leads, you MUST act fast – – the difference between contacting someone within 5 minutes versus 30 minutes later is huge – like 100 times better!\r\n\r\nThat’s what makes our new SMS Text With Lead feature so powerful you’ve got their phone number, so now you can begin a text message (SMS) conversation with them… so even if they don’t take you up on your offer right away right away, you continue to text them new offers, and new reasons to do business with you.\r\n\r\nThis could alter everything for you and your and your business.\r\n\r\nCLICK HERE https://bit.ly/LeadGena to learn more more about everything Web Web Visitors Into Leads can do and start turing eyeballs into money.\r\n\r\nKellee\r\nPS: Web Visitors Into Leads offers a FREE a FREE 14 days trial trial – you could be converting up to 100x more leads immediately!   \r\nIt even includes International International Long Distance Calling\r\nPaying customers are out there waiting\r\nStarting connecting today by by CLICKING HERE https://bit.ly/LeadGena to try Web Visitors Into Leads now.\r\n\r\nIf you’d like like to unsubscribe click here https://bit.ly/3rD0G5c\r\n\r\nJust a quick a quick note - the names and email used here, Kellee and Moody, are placeholders and not and not real contact contact information. We value transparency transparency and wanted to make to make sure you’re aware! If you wish to get in touch with the real person behind this message please visit our website our website, and and we’ll connect connect you with the right individual individual.}','(19) 4501-7627','2023-11-06 02:28:46','2023-11-06 02:28:46',0),(82,'Grant Lira','grantlira003@gmail.com','Are you available to come on a podcast as a guest?\r\n\r\nIf so, our firm will book you on a podcast within one week.\r\n\r\nIf you’re available to do this, I’d also like to repurpose the content from your podcast to provide you and your business, online article features, and video content for social media. \r\n\r\nPlacing you on podcasts does require an expense, but the online media features and the repurposed video content we will provide completely on us because this is our first time working together :). \r\n\r\nWe are doing this for the first 10 people who reply back to us who qualify because it takes up a good amount of our team\'s time.\r\n\r\nThe one thing I ask is that you tell me if your business is NOT doing 7+ figures.\r\n\r\nI reached out to you because I think you have a 7+ figure business. Most of the hosts that we have connections with are looking for 7+ figure business owners to interview.\r\n\r\nI want to make sure we don’t lie to them so let me know if you are not.\r\n\r\nSo, if you qualify, and want to be booked on a podcast you can chat with our Co-Founder here:\r\n\r\nhttps://bit.ly/empathyfirm-podcast\r\nBest,\r\nGrant\r\nPS - I won’t see your response on here so if you have a question, please book a call (:\r\n\r\n\r\n\r\n\r\nN6565 Shorewood Hills Rd. Lake Mills WI, 53551\r\nEmail unsubnow1@gmail.com with your website to “unsubscribe” meaning you won’t hear from me again.','(02) 6177 1017','2023-11-08 18:33:42','2023-11-08 18:33:42',0),(83,'Steven Greene','nichole.moser@outlook.com','Hi,\r\n\r\nI\'m Dr. Steven Greene, founder of mAke the grAde, a team of experts specializing in passive income consultation. Are you tired of the daily grind and longing for effortless ways to generate additional income? Look no further.\r\n \r\nAs an entrepreneur or business owner, you understand the importance of maximizing revenue streams. Our simple mission is to help individuals like you augment their income through proven passive platforms and systems.\r\n \r\nThe biggest hurdle to passive income is the misconception that it\'s hard, risky, or expensive. But it\'s not true. Our step-by-step method will guide you towards earning passive income, allowing you to relax while the system works for you.\r\n \r\nImagine effortlessly earning five figures a week. With our personalized consultation, you\'ll gain access to the expertise of our coaches. We offer a 1/1 consultation to assess your situation and goals.\r\n \r\nThe sooner you start, the sooner you\'ll reap the benefits. Our team will help you leverage your strengths and position yourself for success in the passive income landscape.\r\n \r\nSuccess is a result of planning and expertise. Partner with us to receive the education and customization needed to thrive.\r\n \r\nClick the link below to schedule an appointment and learn more about our passive income consultation.\r\n\r\nhttps://bit.ly/mAkethegrAde-now\r\n\r\nWarm Regards,\r\n\r\nDr. Steven Greene\r\nmAke the grAde\r\n\r\nP.S. Achieving financial freedom is within reach with the right plan. Schedule your consultation today.','780-458-0695','2023-11-09 06:43:41','2023-11-09 06:43:41',0),(84,'Florrie Minchin','minchin.florrie@gmail.com','Do you do contact form blasts? I have a list of over 30 million website contact forms for sale, all fully tested with gsa and confirmed working. Don\'t do any blasts? Why not? I can either provide the service for you or show you how to do it and where to buy the best software for doing this. Shoot me an email or Skype me at my contact info below.\r\n\r\nP. Stewart\r\nSkype: creativemarketing2023\r\nEmail: ps3146 Vc@gomail2.xyz','06-18141265','2023-11-12 16:27:22','2023-11-12 16:27:22',0),(85,'Jim Selph','alecia.selph19@hotmail.com','Hi there!\r\nTop Rated SEO Agency. Personalized Service from Dedicated Account Team. ROI Driven. Relationship Focused. Custom SEO Strategy. 95% Client Retention Rate. Services: Analytics, Back-end Development, Competitive Research, Consulting.  Buy now: https://alwaysdigital.co/la/ \r\n\r\nPsst. If you have web development/ designing requirements, feel free to see more details at: https://outsource-bpo.com/website/','6347789545','2023-11-13 11:33:16','2023-11-13 11:33:16',0),(86,'Evan Joske','joske.evan@gmail.com','Salutations take-kw.com Manager.\r\n\r\nI\'m Evan, and I just came across your site take-kw.com. It’s got much to offer, but here’s a suggestion to make it even MORE effective.\r\n\r\nWeb Visitors Into Leads – CLICK HERE https://turboleadgeneration.com for a live demo at this moment.\r\n\r\nLead Conversion Tool is a software widget that’s works on your site, ready to capture any visitor’s Name, Email address, and Phone Number. It notifies you the minute they inform you they’re interested – so that you can speak to that lead while they’re literally viewing your site.\r\n\r\nAnd when you’ve captured their phone number, with our new SMS Text With Lead feature, you can automatically start a text (SMS) conversation… and if they don’t take you up on your offer then, you can follow up with text messages for new offers, content links, or even just “how you doing?” notes to create a relationship.\r\n\r\nCLICK HERE https://turboleadgeneration.com to find out what Lead Conversion Tool can do for your business.\r\n\r\nThe difference between contacting someone within 5 minutes versus a half-hour means you can be converting up to 100X more leads today!\r\n\r\nEvan\r\nPS: Studies reveal that 70% of a site’s visitors leave and are gone forever after just a moment. Don’t keep letting go of them.\r\nLead Conversion Tool offers a FREE 14 days trial – and it even includes International Long Distance Calling.\r\nYou have customers eager to talk with you right now… don’t keep them waiting.\r\nCLICK HERE https://turboleadgeneration.com to use Lead Conversion Tool now.\r\n\r\nIf you\'d choose to unsubscribe click here https://turboleadgeneration.com/unsubscribe.aspx?d=take-kw.com\r\n\r\nJust a rapid note - the identities and email address applied in this note, Evan and Joske, are stand-ins and not authentic contact details. We cherish honesty and wished to assure you are aware! If you desire to connect with the true person behind this memo, please check out our site, and we’ll associate you with the correct person.','07721 23 59 25','2023-11-14 14:47:19','2023-11-14 14:47:19',0),(87,'Andre Clarke','tyree.wilder@gmail.com','Hey there,\r\n\r\nWas looking at your site today and I thought this would probably interest you.\r\n\r\nAre you tired of traditional virtual assistants who lack the expertise to handle complex tasks? Feeling overwhelmed by the thought of diving into generative AI? We\'ve got the game-changing solution you\'ve been waiting for: Myaa\'s AI-Powered Live Agents.\r\n\r\nImagine the best of both worlds: a personal live administrative assistant who is also an expert at leveraging the power of thousands of AI Agents. That\'s exactly what you get with Myaa. Our AI-Powered Live Agents are trained to perfection in writing excellent prompts and harnessing the capabilities of our AI Agents.\r\n\r\nOur Live Agents Combined With Our AI Agents Can:\r\n\r\n•	Handle a variety of tasks and projects for you so that your day is more productive.\r\n•	Work as a unified team (Live Agent and AI Agents) to accomplish hundreds of tasks in record time. \r\n•	Follow up on internal/external resources to ensure that there is daily progress.\r\n•	Give you back time to focus on building your business instead of admin tasks.\r\n\r\n... and much, MUCH more!\r\n\r\nBut here\'s the best part: we\'re offering a one-week free trial for you to experience the transformative capabilities of our agents firsthand. No obligations, no strings attached. Just a chance to see how our AI-Powered Live Agents, the experts in leveraging AI technology, can revolutionize the way you manage your business.\r\n\r\nDon\'t miss out on this exclusive opportunity. Click below to schedule a call and claim your one-week free trial:\r\n\r\nClick here: --> https://bit.ly/myaa-live-agent \r\n\r\nDuring the call, our experts will guide you through the process and pair you with the perfect Myaa AI-Powered Live  Agent for your business. Say goodbye to inefficiency and hello to expert assistance.\r\n\r\nGet started now and unlock the full potential of generative AI with Myaa\'s AI-Powered Live Agents.\r\n\r\nCheers,\r\n\r\nAndre Clarke\r\nBusiness Development\r\nMyaa','06-47117444','2023-11-15 05:01:07','2023-11-15 05:01:07',0),(88,'Eric Jones','ericjonesmyemail@gmail.com','Hi take-kw.com Admin. Cool website!\r\n\r\nMy name’s Eric, and I just found your site - take-kw.com - while surfing the net. You showed up at the top of the search results, so I checked you out. Looks like what you’re doing is pretty cool.\r\n \r\nBut if you don’t mind me asking – after someone like me stumbles across take-kw.com, what usually happens?\r\n\r\nIs your site generating leads for your business? \r\n \r\nI’m guessing some, but I also bet you’d like more… studies show that 7 out 10 who land on a site wind up leaving without a trace.\r\n\r\nNot good.\r\n\r\nHere’s a thought – what if there was an easy way for every visitor to raise their hand to get a phone call from you INSTANTLY… the second they hit your site and said, call me now.\r\n\r\nYou can –\r\n  \r\nWeb Visitors Into Leads is a software widget that’s works on your site, ready to capture any visitor’s Name, Email address and Phone Number.  It lets you know IMMEDIATELY – so that you can talk to that lead while they’re literally looking over your site.\r\n\r\nCLICK HERE https://blazeleadgeneration.com to try out a Live Demo with Web Visitors Into Leads now to see exactly how it works.\r\n\r\nTime is money when it comes to connecting with leads – the difference between contacting someone within 5 minutes versus 30 minutes later can be huge – like 100 times better!\r\n\r\nThat’s why we built out our new SMS Text With Lead feature… because once you’ve captured the visitor’s phone number, you can automatically start a text message (SMS) conversation.\r\n  \r\nThink about the possibilities – even if you don’t close a deal then and there, you can follow up with text messages for new offers, content links, even just how you doing? notes to build a relationship.\r\n\r\nWouldn’t that be cool?\r\n\r\nCLICK HERE https://blazeleadgeneration.com to discover what Web Visitors Into Leads can do for your business.\r\n\r\nYou could be converting up to 100X more leads today!\r\nEric\r\n\r\nPS: Web Visitors Into Leads offers a FREE 14 days trial – and it even includes International Long Distance Calling. \r\nYou have customers waiting to talk with you right now… don’t keep them waiting. \r\nCLICK HERE https://blazeleadgeneration.com to try Web Visitors Into Leads now.\r\n\r\nIf you\'d like to unsubscribe click here https://blazeleadgeneration.com/unsubscribe.aspx?d=take-kw.com','555-555-1212','2023-11-15 10:22:46','2023-11-15 10:22:46',0),(89,'Michael Sinclair','everett.adrianne@gmail.com','Hello,\r\n  \r\nI was looking at your site and wanted to ask if you would be interested in getting two-hundred and fifty thousand (250,000) emails sent out within 48 hours for just $48 - we call it our 48-Special.\r\n \r\nI’m with HiveMailers, we use a robust email system to get clients daily leads and/or sales 24/7.\r\n \r\nWE DO ALL THE WORK:\r\n\r\n- We create the content for the email(s).\r\n- We provide the email list (contacts).\r\n- We forward leads to you daily.\r\n- We manage your email campaigns 24/7.\r\n- We make changes to the list and content until we get results.\r\n\r\nWHO THIS IS FOR:\r\n\r\n- Companies who offer products/services to businesses (B2B).\r\n- Companies who provide a product/service with wide appeal (not a small niche).\r\n- Companies who product/service can be sold across the USA and/or international.\r\n\r\nJust imagine, getting hot leads within days of getting started with us. \r\n\r\nYou might be wondering if our system works, well if you are reading this message, it works. \r\n\r\nGet started now!!!!! We will send out two-hundred and fifty thousand (250,000) emails for just $48.\r\n\r\nTake action today and let’s get you some leads. This offer is good for the first 20 clients, don’t miss out.\r\n\r\nSimply book a time to talk on our calendar: https://bit.ly/hivemailer-special \r\n\r\nNOTE: To buy an email list and hire an in-house email manager to run your campaign (like our system) would cost around $3,500 a month, but with us, you pay just $48. So, you save over $3,450.\r\n\r\nSincerely,\r\n\r\nMichael\r\nHiveMailers\r\n\r\nCalendar: https://bit.ly/hivemailer-special','936-679-9533','2023-11-16 00:49:45','2023-11-16 00:49:45',0),(90,'Selene Gouger','selene.gouger@gmail.com','To the take-kw.com Manager.\r\n\r\nI am Selene and I’m assuming you would prefer your website take-kw.com to produce additional leads.\r\n\r\nHere is how:\r\nLead Conversion Software is a tool that’s operates on your webpage, prepared to seize any user’s Name, Email address, and Phone Number. It notifies you immediately when they state they’re engaged – so that you can talk to that prospect while they’re still present at take-kw.com.\r\n\r\nWeb Visitors Into Leads – CLICK HERE https://turboleadgeneration.com for a real-time demo now.\r\n\r\nAnd now you’ve got their phone number, our new SMS Text With Lead feature enables you to initiate a text (SMS) conversation – respond to questions, supply more info, and close a deal that way.\r\n\r\nIf they don’t agree on your proposal then, merely follow-up with text messages for new proposals, content links, or just how you doing? notes to forge a rapport.\r\n\r\nCLICK HERE https://turboleadgeneration.com to discover what Web Visitors Into Leads can do for your business.\r\n\r\nThe variance between reaching out to someone within 5 minutes compared to a half-hour indicates you could be turning up to 100X more leads today!\r\n\r\nUse Lead Conversion Software and obtain more leads immediately.\r\n\r\nSelene\r\nPS: The studies show 7 out of 10 viewers don’t hang around – you cannot afford to miss them!\r\nVisitor to Lead Widget offers a FREE 14 days trial – and it also includes International Long Distance Calling.\r\nYou have customers waiting to chat with you right now… do not keep them waiting.\r\nCLICK HERE https://turboleadgeneration.com to use Web Visitors Into Leads now.\r\n\r\nIf you\'d wish to unsubscribe click here https://turboleadgeneration.com/unsubscribe.aspx?d=take-kw.com\r\n\r\nMerely a quick remark - the identities and email employed in this note, Selene and Gouger, are stand-ins and not actually actual contact information. We appreciate honesty and wished to make sure you’re conscious! If you desire to make contact with the true one behind this communication, do check out our website, and we’ll associate you with the proper entity.','06236 41 87 90','2023-11-17 00:20:20','2023-11-17 00:20:20',0),(91,'TtTbJnsoCy','JUNWaF.qjwqcmp@purline.top','wQCJjOmFalUFnfdzx','1','2023-11-17 02:21:48','2023-11-17 02:21:48',0),(92,'pIqTulrCECFJq','yNXRwt.qjwqptd@purline.top','fLfjLyCmzRsFbsjHowXAHPBtmuJy','1','2023-11-17 02:21:53','2023-11-17 02:21:53',0),(93,'Ashley Childers','childers.fred94@yahoo.com','Hey y\'all,\r\n\r\nIf you\'re looking to grow your company quickly, hiring a fractional CRO is a tremendous way to get things rolling.\r\n\r\nWhy work with Dave? \r\n\r\nHe\'s built a dozen companies from nothing to over 7-figures. He knows how to grow companies fast and profitably.\r\n\r\nHe\'ll spearhead lead generation, sales, and upselling clients.\r\n\r\nPut yourself on his calendar by clicking below and see if you\'re a good fit.\r\n\r\nhttps://bit.ly/dave-dreamagency\r\n\r\nThanks,\r\nAshley\r\n\r\nPS—Dave was once an agency owner and worked with clients like American Express, Verizon, and Target.','209-234-7394','2023-11-19 12:01:07','2023-11-19 12:01:07',0),(94,'Theresa Smith','rigby.buddy82@gmail.com','Hello,\r\n\r\nI work for Elebands. \r\n\r\nWe make ultra-thin, fashionable, all day wearable body weight bands that you put on your wrist, ankle & waist all day to burn up to 1,500 calories, and the best part is, we have bands for sports, casual and formal, so you can wear them with any outfit and look fashionable. \r\n\r\nThe problem that most people face, is a tug of war between working out or putting more time in at work, and the worst thing is, most people choose work, and that is why the mortality rate today is so high for executives and the working class. \r\n\r\nThat is why we are so excited to solve this problem with our ultra-thin, fashionable, all day wearable body weight bands that allow you to lose weight and get fit no matter where you are and no matter what you are doing.\r\n\r\nBenefits You’ll Get Instantly:\r\n You’ll burn up to 1,500 calories a day as your body gets more toned.\r\n You’ll start losing weight the natural way without having to workout.\r\n You’ll start building more muscles and strength as you just go about your day.\r\n\r\nImagine getting the body you always wanted, without having to workout at a gym or having to go on a stressful diet. Well now you can, with Elebands. \r\n\r\nMany of our clients are losing 2-3 pounds a week and getting tremendous health benefits.\r\n\r\nUse this coupon code to get 20% off:  SAVE-20%-TODAY\r\n\r\nVisit our site now and get the body you always wanted: https://bit.ly/elebands \r\n\r\nTheresa Smith\r\nBrand Ambassador \r\nElebands USA\r\n\r\nGET STARTED NOW: https://bit.ly/elebands','(03) 5338 7037','2023-11-19 17:03:31','2023-11-19 17:03:31',0),(95,'Susan Karsh','oconnell.lorna@gmail.com','Hello,\r\n\r\nI was on your site today and I wanted to see if you would be open to getting a FREE 7-Day trial of our AI Agents, like ChatGPT, but much better. \r\n\r\nPlus, our plans start as low as $10 per month if you decide to continue. \r\n\r\nOur AI Agents Can:\r\n\r\n• Assist your team with tasks, projects and research, which will increase productivity.\r\n• Crush to-do list by writing - ads, code, emails, content, sales copy, contracts & more.\r\n• Give you time to focus on important things instead of handling mundane tasks.\r\n• Save you time, save you money and make your team much more effective.\r\n• Make sales calls, take inbound calls and answer support questions (coming soon).\r\n\r\n... and much, MUCH more!\r\n\r\nWatch our video here and see how we can help: https://bit.ly/myaa-trial \r\n\r\nOur clients are saving 20%- 30% on operational costs each month by using our AI Agents to handle hundreds of tasks.\r\n\r\nClaim your FREE Trial Of our AI Agents Now, before this offer ends. Get started here: https://bit.ly/myaa-trial \r\n\r\nBest,\r\n\r\nSusan Karsh','077 7141 2211','2023-11-21 00:59:30','2023-11-21 00:59:30',0),(96,'Jim Trenwith','wayne.trenwith@gmail.com','Is Your Search Console Reporting Errors? Don\'t let issues hold back your SEO! Specializing in fixing Search Console errors for higher rankings. Resolve crawl issues, improve indexing, and supercharge your SEO. Let\'s boost your site together! Visit now: https://speedexpert.co/search-console/\r\n\r\nWe also offer Web Designing Services:\r\n\r\n7 Pages Website, 2 Contact Forms, Responsive Design, Onsite SEO, Banner with Slideshow on Home Page, Professional and affordable website design - Starts $79 . More details: https://wpexpertspro.co/website/','0372115639','2023-11-22 13:12:20','2023-11-22 13:12:20',0),(97,'nevQsKPjyQ','QCnuCe.qpjtdjd@silesia.life','quXbIPdMsuSTqqWAnkRVUIC','1','2023-11-22 18:18:43','2023-11-22 18:18:43',0),(98,'BkwwYSXDaKSVhEP','LCalJU.qpjtdtd@silesia.life','IwvhmElxqTsAsVBekXTAewfXco','1','2023-11-22 18:18:56','2023-11-22 18:18:56',0),(99,'Willis Verbrugghen','verbrugghen.willis@gmail.com','Do you do contact form blasts? I have a list of over 30 million website contact forms for sale, all fully tested with gsa and confirmed working. Don\'t do any blasts? Why not? I can either provide the service for you or show you how to do it and where to buy the best software for doing this. Shoot me an email or Skype me at my contact info below.\r\n\r\nP. Stewart\r\nSkype: live:.cid.e169e59bb6e6d159\r\nEmail: psKw1 1ry@gomail2.xyz','077 1363 8266','2023-11-24 06:21:46','2023-11-24 06:21:46',0),(100,'Eric Jones','ericjonesmyemail@gmail.com','Hi\r\n\r\nMy name’s Eric and I just found your site take-kw.com.\r\n\r\nIt’s got a lot going for it, but here’s an idea to make it even MORE effective.\r\n\r\nCLICK HERE https://blazeleadgeneration.com for a live demo now.\r\n\r\nWeb Visitors Into Leads is a software widget that’s works on your site, ready to capture any visitor’s Name, Email address and Phone Number.  It signals you the moment they let you know they’re interested – so that you can talk to that lead while they’re literally looking over your site.\r\n\r\nAnd once you’ve captured their phone number, with our new SMS Text With Lead feature, you can automatically start a text (SMS) conversation… and if they don’t take you up on your offer then, you can follow up with text messages for new offers, content links, even just “how you doing?” notes to build a relationship.\r\n\r\nCLICK HERE https://blazeleadgeneration.com to discover what Web Visitors Into Leads can do for your business.\r\n\r\nThe difference between contacting someone within 5 minutes versus a half-hour means you could be converting up to 100X more leads today!\r\n\r\nEric\r\nPS: Studies show that 70% of a site’s visitors disappear and are gone forever after just a moment. Don’t keep losing them. \r\nWeb Visitors Into Leads offers a FREE 14 days trial – and it even includes International Long Distance Calling. \r\nYou have customers waiting to talk with you right now… don’t keep them waiting. \r\nCLICK HERE https://blazeleadgeneration.com to try Talk With Web Visitor now.\r\n\r\nIf you\'d like to unsubscribe click here https://blazeleadgeneration.com/unsubscribe.aspx?d=take-kw.com','555-555-1212','2023-11-24 16:05:00','2023-11-24 16:05:00',0),(101,'Cathy De Salis','take-kw.com@mail.com','Good Morning, \r\n\r\nI hope this email finds you well. I wanted to let you know about our new BANGE backpacks and sling bags that just released.\r\n\r\nThe bags are waterproof and anti-theft, and have a built-in USB cable that can recharge your phone while you\'re on the go.\r\n\r\nBoth bags are made of durable and high-quality materials, and are perfect for everyday use or travel.\r\n\r\nOrder yours now at 50% OFF with FREE Shipping: http://bangeshop.com\r\n\r\nBest,\r\n\r\nCathy','09089 95 83 77','2023-11-27 01:18:37','2023-11-27 01:18:37',0),(102,'Michael Sinclair','livingston.lawanna@msn.com','Hello,\r\n  \r\nI was looking at your site and wanted to ask if you would be interested in getting two-hundred and fifty thousand (250,000) emails sent out within 48 hours for just $48 - we call it our 48-Special.\r\n \r\nI’m with HiveMailers, we use a robust email system to get clients daily leads and/or sales 24/7.\r\n \r\nWE DO ALL THE WORK:\r\n\r\n- We create the content for the email(s).\r\n- We provide the email list (contacts).\r\n- We forward leads to you daily.\r\n- We manage your email campaigns 24/7.\r\n- We make changes to the list and content until we get results.\r\n\r\nWHO THIS IS FOR:\r\n\r\n- Companies who offer products/services to businesses (B2B).\r\n- Companies who provide a product/service with wide appeal (not a small niche).\r\n- Companies who product/service can be sold across the USA and/or international.\r\n\r\nJust imagine, getting hot leads within days of getting started with us. \r\n\r\nYou might be wondering if our system works, well if you are reading this message, it works. \r\n\r\nGet started now!!!!! We will send out two-hundred and fifty thousand (250,000) emails for just $48.\r\n\r\nTake action today and let’s get you some leads. This offer is good for the first 20 clients, don’t miss out.\r\n\r\nSimply book a time to talk on our calendar: https://bit.ly/hivemailer-special \r\n\r\nNOTE: To buy an email list and hire an in-house email manager to run your campaign (like our system) would cost around $3,500 a month, but with us, you pay just $48. So, you save over $3,450.\r\n\r\nSincerely,\r\n\r\nMichael\r\nHiveMailers\r\n\r\nCalendar: https://bit.ly/hivemailer-special','077 1052 3991','2023-11-30 02:35:57','2023-11-30 02:35:57',0),(103,'Susan Karsh','tommie.soderlund95@outlook.com','Hello Again,\r\n\r\nI sent a message a few days ago but I’m not sure if you received it so I figured I would do a quick follow up with you again.\r\n\r\nI was on your site today and I wanted to see if you would be open to getting a FREE 7-Day trial of our AI Agents, like ChatGPT, but much better. \r\n\r\nPlus, our plans start as low as $10 per month if you decide to continue. \r\n\r\nOur AI Agents Can:\r\n\r\n• Assist your team with tasks, projects and research, which will increase productivity.\r\n• Crush to-do list by writing - ads, code, emails, content, sales copy, contracts & more.\r\n• Give you time to focus on important things instead of handling mundane tasks.\r\n• Save you time, save you money and make your team much more effective.\r\n• Make sales calls, take inbound calls and answer support questions (coming soon).\r\n\r\n... and much, MUCH more!\r\n\r\nWatch our video here and see how we can help: https://bit.ly/myaa-trial-offer\r\n\r\nOur clients are saving 20%- 30% on operational costs each month by using our AI Agents to handle hundreds of tasks.\r\n\r\nClaim your FREE Trial Of our AI Agents Now, before this offer ends. Get started here: https://bit.ly/myaa-trial-offer\r\n\r\nBest,\r\n\r\nSusan Karsh','(03) 5356 6111','2023-11-30 03:26:47','2023-11-30 03:26:47',0),(104,'James Snyder','snyder.adell@gmail.com','Is your website making the right first impression? In today\'s digital age, a well-designed website is essential for success.\r\n\r\nAt https://wpexpertspro.co/website/ , we specialize in crafting custom, user-friendly websites that captivate your audience. Here\'s why you should choose us:\r\n\r\nTailored Designs: Unique to your brand and goals.\r\nUser-Centric: Ensuring an enjoyable experience for your visitors.\r\nMobile Optimization: Seamless performance on all devices.\r\nSEO-Friendly: Enhancing visibility and rankings.\r\nTimely Delivery: Quality without compromise, on schedule.\r\n\r\nReady to elevate your online presence? Contact us at https://wpexpertspro.co/website/ to discuss your requirements.\r\n\r\nBest regards,\r\nSam','1495479639','2023-11-30 16:41:48','2023-11-30 16:41:48',0),(105,'Jacquelyn Haire','jacquelyn.haire@gmail.com','Cool website!\r\n\r\nHello take-kw.com Owner.\r\n\r\nMy name’s Jacquelyn, and I just located your site - take-kw.com - while browsing the net. You surfaced at the summit of the search results, so I looked you out. Seems like what you’re doing is quite cool.  \r\n\r\nBut if you don’t mind me inquiring – after someone like me comes across take-kw.com, what usually happens?\r\n\r\nIs your site generating leads for your enterprise? \r\n\r\nI’m guessing some, but I also wager you’d like more… studies demonstrate that 7 out 10 who arrive on a site end up leaving without a trace.\r\n\r\nNot good.\r\n\r\nHere’s a notion – what if there was an simple way for every visitor to “elevate their hand” to get a phone call from you INSTANTLY… the moment they hit your site and declared, “call me now.”\r\n\r\nYou can –\r\n  \r\nWeb Visitor is a software widget that’s works on your site, ready to capture any visitor’s Name, Email address and Phone Number.  It enables you know IMMEDIATELY – so that you can chat to that lead while they’re literally looking your site.\r\n\r\nCLICK HERE https://turboleadgeneration.com to experiment with a Live Demo with Web Visitor now to see specifically how it works.\r\n\r\nTime is money when it comes to linking with leads – the difference between contacting someone within 5 minutes versus 30 minutes later can be massive – like 100 times better!\r\n\r\nThat’s why we built out our new SMS Text With Lead feature because once you’ve captured the visitor’s phone number, you can instantly a text message (SMS) conversation.\r\n  \r\nThink the possibilities – even if you don’t close a deal then and there, you can follow-up with text messages for new offers, content links, even just “how you doing?” notes to construct a relationship.\r\n\r\nWouldn’t that be cool?\r\n\r\nCLICK HERE https://turboleadgeneration.com to learn Web Visitor can do for your business\r\n\r\nYou could be converting up to 100X more leads today!\r\nJacquelyn\r\n\r\nPS: Web Visitor offers a FREE 14 days trial – and it even includes Long Distance Calling. \r\nYou have customers eager to talk with you right now… don’t keep them waiting. \r\nCLICK HERE https://turboleadgeneration.com to test Visitor now.\r\n\r\nIf you\'d like to unsubscribe click here https://turboleadgeneration.com/unsubscribe.aspx?d=take-kw.com\r\n\r\nMerely a quick note - the identities and email address applied in this note, Jacquelyn and Haire, are substitutes and not really real contact details. We value candor and aimed to make sure you are aware! Should you aspire to communicate with the true one responsible for this message, do go to our site, and we’ll connect you with the right person.','601-726-1374','2023-12-01 09:28:57','2023-12-01 09:28:57',0),(106,'Eric Jones','ericjonesmyemail@gmail.com','Hi\r\n\r\nMy name’s Eric and I just found your site take-kw.com.\r\n\r\nIt’s got a lot going for it, but here’s an idea to make it even MORE effective.\r\n\r\nCLICK HERE https://blazeleadgeneration.com for a live demo now.\r\n\r\nWeb Visitors Into Leads is a software widget that’s works on your site, ready to capture any visitor’s Name, Email address and Phone Number.  It signals you the moment they let you know they’re interested – so that you can talk to that lead while they’re literally looking over your site.\r\n\r\nAnd once you’ve captured their phone number, with our new SMS Text With Lead feature, you can automatically start a text (SMS) conversation… and if they don’t take you up on your offer then, you can follow up with text messages for new offers, content links, even just “how you doing?” notes to build a relationship.\r\n\r\nCLICK HERE https://blazeleadgeneration.com to discover what Web Visitors Into Leads can do for your business.\r\n\r\nThe difference between contacting someone within 5 minutes versus a half-hour means you could be converting up to 100X more leads today!\r\n\r\nEric\r\nPS: Studies show that 70% of a site’s visitors disappear and are gone forever after just a moment. Don’t keep losing them. \r\nWeb Visitors Into Leads offers a FREE 14 days trial – and it even includes International Long Distance Calling. \r\nYou have customers waiting to talk with you right now… don’t keep them waiting. \r\nCLICK HERE https://blazeleadgeneration.com to try Talk With Web Visitor now.\r\n\r\nIf you\'d like to unsubscribe click here https://blazeleadgeneration.com/unsubscribe.aspx?d=take-kw.com','555-555-1212','2023-12-02 18:31:52','2023-12-02 18:31:52',0),(107,'Cristian','niAvtH.wqpjqd@wheelry.boats','Shepard Webster','1','2023-12-03 05:27:30','2023-12-03 05:27:30',0),(108,'Dash','CrqatU.wqpjtp@wheelry.boats','Edward Hale','1','2023-12-03 05:27:36','2023-12-03 05:27:36',0),(109,'Adeline Lovekin','lovekin.adeline@googlemail.com','To the take-kw.com Owner. I am Adeline, and for just a moment, think about this…\r\n\r\n- Someone does a search and ends up at take-kw.com.\r\n\r\n- They linger for a minute to explore.  “I’m interested… but… maybe…”\r\n\r\n- And then they press the back button and explore the other search results instead.\r\n\r\n- In conclusion – you got an eyeball, but nothing else to prove for it.\r\n\r\n- There they go.\r\n\r\nThis isn’t really your fault – it happens a LOT – studies show 7 out of 10 visitors to any site leave without leaving a trace.\r\n\r\nBut you can fix that.\r\n\r\nWeb Visitors Into Leads is a software that is functions on your site, prepared to grab any visitor’s Name, Email address, and Phone Number.  It allows you know right then and there – allowing you to call that lead while they’re really looking over your site.\r\n\r\nCLICK HERE https://advanceleadgeneration.com to test a Live Demo with Web Visitors Into Leads now to see just how it works.\r\n\r\n money when it comes to connecting with leads – the difference between contacting someone within just 5 minutes versus 30 minutes later can be enormous – like 100 times better!\r\n\r\nMoreover, now that you have their phone number, with our new SMS Text With Lead function, you can instantly start a text (SMS) discussion… so even if you don’t make a sale at that time, you can follow up with text messages for fresh offers, content links, even just “how you doing?” notes to build a relationship.\r\n\r\nStrong stuff.\r\n\r\nCLICK HERE https://advanceleadgeneration.com to learn what Web Visitors Into Leads can do for your business.\r\n\r\nYou can be turning up to 100X more leads now!\r\n\r\nAdeline\r\nPS: Web Visitors Into Leads offers a FREE 14 days trial – and it even comes with International Long Distance Calls. \r\nThere are customers eager to speak with you at this moment… don’t keep them waiting. \r\nCLICK HERE https://advanceleadgeneration.com to try out Web Visitors Into Leads today.\r\n\r\nIn case you like to unsubscribe click here https://advanceleadgeneration.com/unsubscribe.aspx?d=take-kw.com\r\n\r\nMerely a quick note - the names and email used here, Adeline and Lovekin, are not real and not genuine contact details. We value transparency and wanted to make sure you’re aware! If you wish to reach out with the actual person responsible for this message, kindly visit our website, and we’ll connect you with the right individual.}','04193 57 77 27','2023-12-06 17:52:44','2023-12-06 17:52:44',0),(110,'Lelia Bellew','lelia.bellew52@gmail.com','I now offer contact form blasting service. With my DFY service you can either do a targeted blast to only websites that match your criteria or bulk blast large volumes of sites worldwide. Prices start at just $50 to reach 500,000 bulk sites. Contact me at my email or skype below for details.\r\n\r\nP. Stewart\r\nSkype: live:.cid.e169e59bb6e6d159\r\nEmail: psN0g 1m0@gomail2.xyz','519-327-0480','2023-12-07 17:14:34','2023-12-07 17:14:34',0),(111,'Jim Rowlandson','rowlandson.elbert@googlemail.com','Advantages of hiring a Developer:\r\n\r\nSpecialized Expertise\r\nTailored Customization and Control\r\nTime and Cost Efficiency\r\nCustom Plugin Development\r\nSEO Optimization\r\nOngoing Support and Maintenance\r\nSeamless Integration and Migration\r\nScalability for Business Growth\r\n\r\nHire a web developer now from us. Contact us at https://wpexpertspro.co/website/','6619127664','2023-12-07 21:44:10','2023-12-07 21:44:10',0),(112,'Danny','IHefUW.qcmpcmm@balneary.biz','Ronin Keller','1','2023-12-08 18:28:31','2023-12-08 18:28:31',0),(113,'Mylo','sPPOBe.qcmpptw@balneary.biz','Nico Farley','1','2023-12-08 18:28:51','2023-12-08 18:28:51',0),(114,'Eric Jones','ericjonesmyemail@gmail.com','Hello\r\n\r\nMy name’s Eric and I just found your site take-kw.com Webmaster!\r\n\r\nIt’s got a lot going for it, but here’s an idea to make it even MORE effective.\r\n\r\nVisit https://rushleadgeneration.com for a live demo now.\r\n\r\nWeb Visitors Into Leads is a software widget that’s works on your site, ready to capture any visitor’s Name, Email address and Phone Number.  It signals you the moment they let you know they’re interested – so that you can talk to that lead while they’re literally looking over your site.\r\n\r\nAnd once you’ve captured their phone number, with our new SMS Text With Lead feature, you can automatically start a text (SMS) conversation… and if they don’t take you up on your offer then, you can follow up with text messages for new offers, content links, even just how you doing? notes to build a relationship.\r\n\r\nVisit https://rushleadgeneration.com to discover what Web Visitors Into Leads can do for your business.\r\n\r\nThe difference between contacting someone within 5 minutes versus a half-hour means you could be converting up to 100X more leads today!\r\n\r\nEric\r\nPS: Studies show that 70% of a site’s visitors disappear and are gone forever after just a moment. Don’t keep losing them. \r\nWeb Visitors Into Leads offers a FREE 14 days trial – and it even includes International Long Distance Calling. \r\nYou have customers waiting to talk with you right now… don’t keep them waiting. \r\nVisit https://rushleadgeneration.com to try Web Visitors Into Leads now.\r\n\r\nIf you\'d like to unsubscribe visit https://rushleadgeneration.com/unsubscribe.aspx?d=take-kw.com','555-555-1212','2023-12-08 23:39:04','2023-12-08 23:39:04',0),(115,'Eric Jones','ericjonesmyemail@gmail.com','To the take-kw.com Admin.\r\n\r\nMy name’s Eric and I just came across your website - take-kw.com - in the search results.\r\n\r\nHere’s what that means to me…\r\n\r\nYour SEO’s working.\r\n\r\nYou’re getting eyeballs – mine at least.\r\n\r\nYour content’s pretty good, wouldn’t change a thing.\r\n\r\nBUT…\r\n\r\nEyeballs don’t pay the bills.\r\n\r\nCUSTOMERS do.\r\n\r\nAnd studies show that 7 out of 10 visitors to a site like take-kw.com will drop by, take a gander, and then head for the hills without doing anything else.\r\n\r\nIt’s like they never were even there.\r\n\r\nYou can fix this.\r\n\r\nYou can make it super-simple for them to raise their hand, say, okay, let’s talk without requiring them to even pull their cell phone from their pocket… thanks to Web Visitors Into Leads.\r\n\r\nWeb Visitors Into Leads is a software widget that sits on your site, ready and waiting to capture any visitor’s Name, Email address and Phone Number.  It lets you know immediately – so you can talk to that lead immediately… without delay… BEFORE they head for those hills.\r\n  \r\nCLICK HERE https://blazeleadgeneration.com to try out a Live Demo with Web Visitors Into Leads now to see exactly how it works.\r\n\r\nNow it’s also true that when reaching out to hot leads, you MUST act fast – the difference between contacting someone within 5 minutes versus 30 minutes later is huge – like 100 times better!\r\n\r\nThat’s what makes our new SMS Text With Lead feature so powerful… you’ve got their phone number, so now you can start a text message (SMS) conversation with them… so even if they don’t take you up on your offer right away, you continue to text them new offers, new content, and new reasons to do business with you.\r\n\r\nThis could change everything for you and your business.\r\n\r\nCLICK HERE https://blazeleadgeneration.com to learn more about everything Web Visitors Into Leads can do and start turing eyeballs into money.\r\n\r\nEric\r\nPS: Web Visitors Into Leads offers a FREE 14 days trial – you could be converting up to 100x more leads immediately!   \r\nIt even includes International Long Distance Calling. \r\nPaying customers are out there waiting. \r\nStarting connecting today by CLICKING HERE https://blazeleadgeneration.com to try Web Visitors Into Leads now.\r\n\r\nIf you\'d like to unsubscribe click here https://blazeleadgeneration.com/unsubscribe.aspx?d=take-kw.com','555-555-1212','2023-12-09 12:22:24','2023-12-09 12:22:24',0),(116,'Laverne Napper','laverne.napper@msn.com','Hello take-kw.com Admin.\r\n\r\nMy name’s Laverne and please, imagine this…\r\n\r\n- Someone does a search and ends up at take-kw.com.\r\n\r\n- They linger for a moment to explore.  I’m interested… but… maybe…\r\n\r\n- And then they press the back button and explore the other search results alternatively. \r\n\r\n- Ultimately – you got an eyeball, but nada to show for it.\r\n\r\n- There they go.\r\n\r\nIt’s not really your fault – it happens a lot – studies show 7 out of 10 visitors to any site leave without leaving a trace.\r\n\r\nBut you are able to fix that.\r\n\r\nVisitor Engagement Widget is a software widget that’s works on your site, set to capture any visitor’s Name, Email address, and Phone Number. It lets you know instantly – allowing you to call that lead while they’re really browsing your site.\r\n\r\nCLICK HERE https://turboleadgeneration.com to experience a Live Demo with Web Visitors Into Leads now to see precisely how it works.\r\n\r\nTime is money when it comes to connecting with leads – the difference between contacting someone within 5 minutes compared to 30 minutes later can be massive – like 100 times better!\r\n\r\nAdditionally, now that you have their phone number, with our new SMS Text With Lead feature you can automatically start a text (SMS) conversation… so even if you don’t close a deal at that time, you can follow up with text messages for new offers, content links, even just how you doing? notes to forge a relationship.\r\n\r\nEffective stuff.\r\n\r\nCLICK HERE https://turboleadgeneration.com to uncover what Visitor Engagement Widget can do for your business.\r\n\r\nYou might be converting up to 100X more leads now!\r\n\r\nLaverne\r\nPS: Visitor Engagement Widget offers a FREE 14 days trial – and it even includes International Long Distance Calling.\r\nYou have customers ready to talk with you right now… don’t keep them waiting.\r\nCLICK HERE https://turboleadgeneration.com to use Visitor Engagement Widget now.\r\n\r\nIf you\'d choose to unsubscribe click here https://turboleadgeneration.com/unsubscribe.aspx?d=take-kw.com\r\n\r\nSimply a brief notification - the monikers and email address used here, Laverne and Napper, are substitutes and not real contact information. We appreciate candor and desired to confirm you are conscious! Should you aspire to get in touch with the actual individual responsible for this communication, do check out our site, and we’ll unite you with the proper entity.','02.21.78.36.70','2023-12-09 15:43:28','2023-12-09 15:43:28',0),(117,'ldMoCHtsMnQk','KBnutn.bwbjdmq@scranch.shop','zTiYIJSBLAmcedDi','1','2023-12-10 02:43:24','2023-12-10 02:43:24',0),(118,'cQOFlPHSPmkbHb','aQpifU.bwbjbqq@scranch.shop','xlLtUzIxFFskRMpljA','1','2023-12-10 02:43:26','2023-12-10 02:43:26',0),(119,'Eric Jones','ericjonesmyemail@gmail.com','Hi take-kw.com Administrator!\r\n\r\nMy name’s Eric and I just came across your website - take-kw.com - in the search results.\r\n\r\nHere’s what that means to me…\r\n\r\nYour SEO’s working.\r\n\r\nYou’re getting eyeballs – mine at least.\r\n\r\nYour content’s pretty good, wouldn’t change a thing.\r\n\r\nBUT…\r\n\r\nEyeballs don’t pay the bills.\r\n\r\nCUSTOMERS do.\r\n\r\nAnd studies show that 7 out of 10 visitors to a site like take-kw.com will drop by, take a gander, and then head for the hills without doing anything else.\r\n\r\nIt’s like they never were even there.\r\n\r\nYou can fix this.\r\n\r\nYou can make it super-simple for them to raise their hand, say, okay, let’s talk without requiring them to even pull their cell phone from their pocket… thanks to Web Visitors Into Leads.\r\n\r\nWeb Visitors Into Leads is a software widget that sits on your site, ready and waiting to capture any visitor’s Name, Email address and Phone Number.  It lets you know immediately – so you can talk to that lead immediately… without delay… BEFORE they head for those hills.\r\n  \r\nCLICK HERE https://rushleadgeneration.com to try out a Live Demo with Web Visitors Into Leads now to see exactly how it works.\r\n\r\nNow it’s also true that when reaching out to hot leads, you MUST act fast – the difference between contacting someone within 5 minutes versus 30 minutes later is huge – like 100 times better!\r\n\r\nThat’s what makes our new SMS Text With Lead feature so powerful… you’ve got their phone number, so now you can start a text message (SMS) conversation with them… so even if they don’t take you up on your offer right away, you continue to text them new offers, new content, and new reasons to do business with you.\r\n\r\nThis could change everything for you and your business.\r\n\r\nCLICK HERE https://rushleadgeneration.com to learn more about everything Web Visitors Into Leads can do and start turing eyeballs into money.\r\n\r\nEric\r\nPS: Web Visitors Into Leads offers a FREE 14 days trial – you could be converting up to 100x more leads immediately!   \r\nIt even includes International Long Distance Calling. \r\nPaying customers are out there waiting. \r\nStarting connecting today by CLICKING HERE https://rushleadgeneration.com to try Web Visitors Into Leads now.\r\n\r\nIf you\'d like to unsubscribe click https://rushleadgeneration.com/unsubscribe.aspx?d=take-kw.com','555-555-1212','2023-12-10 17:58:02','2023-12-10 17:58:02',0),(120,'Zeke','VJfsDN.tjhmcmw@spectrail.world','Cayden Reilly','1','2023-12-11 15:18:38','2023-12-11 15:18:38',0),(121,'Uriel','JYJRdz.tjhmpth@spectrail.world','Whitley Simmons','1','2023-12-11 15:19:04','2023-12-11 15:19:04',0),(122,'Michael Sinclair','ebner.catalina@yahoo.com','Hello,\r\n\r\nWould you be open to the opportunity to reach out to a staggering 1.25 million potential clients on a weekly basis through our highly effective email marketing campaign? And the best part? It\'s available to you at an incredibly affordable rate of just $240 per week! \r\n\r\nPlus, as an added bonus, we provide the B2B prospect list so you can effortlessly expand your reach weekly and generate consistent leads and sales. \r\n  \r\nI’m with HiveMailers, we use a robust email system to get clients daily leads and/or sales 24/7.\r\n \r\nWE DO ALL THE WORK:\r\n\r\n- We create the content for the email(s).\r\n- We provide the email list (contacts).\r\n- We forward leads to you daily.\r\n- We manage your email campaigns 24/7.\r\n\r\nWHO THIS IS FOR:\r\n\r\n- Companies who sell to businesses (B2B).\r\n- Companies who provide a product/service with wide appeal (not a small niche).\r\n- Companies who product/service can be sold across the USA and/or international.\r\n\r\nJust imagine, getting hot leads within days of getting started with us. \r\n\r\nYou might be wondering if our system works, well if you are reading this message, it works. \r\n\r\nGet started now!!! For just $240 a week, we’ll send 1.25 million emails weekly.\r\n\r\nBook a 10 min call with us: https://bit.ly/hivemailer-special-240 \r\n\r\nNOTE: To buy an email list and hire an email manager to run your campaign (like our system) would cost around $3,500 a month, but with us, you pay just $240 a week. So, you save over $2,000 a month. \r\n\r\nSincerely,\r\nMichael\r\n\r\nP.S. This offer is good for the first 20 clients, don’t miss out.  Book appointment now: \r\nhttps://bit.ly/hivemailer-special-240','433 90 995','2023-12-11 20:48:47','2023-12-11 20:48:47',0),(123,'Grant Lira','growthpartners13@gmail.com','I am working with a podcast host who is looking to interview thought leaders and your company stood out to me as I was doing research on LinkedIn. \r\n\r\nIf you’re interested, I’d also like to repurpose the content from your podcast to provide you and your business, online article features, and video content for social media.\r\n\r\nPlacing you on this podcast and others does require an expense, but the online media features and the repurposed video content we provide are completely on us because this is our first time working together :). \r\n\r\nWe are doing this for the next 4 people who reply back to us who qualify because it takes up a good amount of our team\'s time.\r\n\r\nThe one thing I ask is that you tell me if your business is NOT doing 7+ figures.\r\n\r\nI reached out to you because I think you have a 7+ figure business. Most of the hosts that we have connections with are looking for 7+ figure business owners to interview.\r\n\r\nI want to make sure we don’t lie to them which is why I ask.\r\n\r\nSo, if you qualify, and want to be booked on a podcast you can chat with our Co-Founder here:\r\n\r\nhttps://bit.ly/empathyfirm-podcast\r\n\r\n\r\n\r\nBest,\r\nGrant\r\n\r\nPS - I won’t see your response on here so if you have a question, please book a call (:\r\n\r\n\r\n\r\n\r\nN6565 Shorewood Hills Rd. Lake Mills WI, 53551\r\nEmail unsubnow1@gmail.com with your website to “UNSUB” meaning you will not hear from me again.','53 361 33 01','2023-12-12 16:29:21','2023-12-12 16:29:21',0),(124,'Berkley','xAUorO.thddqcm@spinapp.bar','Leighton Best','1','2023-12-13 06:27:19','2023-12-13 06:27:19',0),(125,'Zaire','jqipEE.thddqpb@spinapp.bar','Isaiah Khan','1','2023-12-13 06:27:21','2023-12-13 06:27:21',0),(126,'Jimmy Laroche','eliza.laroche@gmail.com','Discover our latest research findings based on continuous SEO feedback from our strategies:\r\n\r\nVisit https://alwaysdigital.co/ls/ to explore the impact of the new Semrush Backlinks on boosting the SEO trend of your website instantly.\r\n\r\nOur approach is straightforward – we create links from domains with a substantial number of ranking keywords. Forget about conventional SEO metrics and other factors touted by numerous tools. The most valuable link is one from a website with a robust trend and numerous ranking keywords.\r\n\r\nTo delve into the details, visit https://alwaysdigital.co/ls/.\r\n\r\nIt\'s a cost-effective solution. Give it a try soon!\r\n\r\n\r\nP.S:  We are also experts in web development. Click here for more details: https://outsource-bpo.com/website/','9250491648','2023-12-14 09:11:11','2023-12-14 09:11:11',0),(127,'Rose Smith','events@ltw.com','Dear Business Leader,\r\n\r\nI hope this message finds you well. In today\'s fast-paced and increasingly digital business environment, having robust security and network solutions is no longer a luxury - it\'s a necessity\r\nWith threats constantly evolving and technology rapidly advancing, having a trusted partner with the right expertise can make all the difference.\r\n\r\nThat\'s where LTW Ultimate Services comes in. As a leader in the industry, we provide comprehensive life-cycle services that cover every aspect of your organization\'s security and network needs.\r\nFrom initial consultation and design to implementation and ongoing support, our team is dedicated to providing you with a seamless experience. We understand that each organization has unique requirements, which is why we offer customized solutions tailored to your specific needs.\r\n\r\nCheck out our website to learn more www.ltw.com','070 5961 7705','2023-12-14 14:27:31','2023-12-14 14:27:31',0),(128,'Chiquita Laplante','laplante.chiquita@gmail.com','With keyword targeted PPV ads I can get you qualified website visitors for less than a penny per click. This method works for both local and online businesses. Very easy to get started. Just sign up, give me your website and I\'ll provide the traffic.\r\n\r\nFor details, shoot me an email or Skype me at my contact info below.\r\n\r\nP. Stewart\r\nSkype: live:.cid.ad0ee8f191cd36b4\r\nEmail: ps9620@gomail2.xyz','0480 13 09 63','2023-12-15 00:18:37','2023-12-15 00:18:37',0),(129,'Tatum','KsKoPT.qjqwdmh@brasswire.me','Nikolas Byrd','1','2023-12-16 12:28:42','2023-12-16 12:28:42',0),(130,'Wynter','jUFBJR.qjqwbtb@brasswire.me','Sofia Watkins','1','2023-12-16 12:28:53','2023-12-16 12:28:53',0),(131,'Bettye Daley','bettye.daley@yahoo.com','I now offer contact form blasting service. With my DFY service you can either do a targeted blast to only websites that match your criteria or bulk blast large volumes of sites worldwide. Prices start at just $50 to reach 500,000 bulk sites. Contact me at my email or skype below for details.\r\n\r\nP. Stewart\r\nSkype: live:.cid.e169e59bb6e6d159\r\nEmail: psPo18 6lp@gomail2.xyz','077 8405 0039','2023-12-17 03:38:04','2023-12-17 03:38:04',0),(132,'Eric Jones','ericjonesmyemail@gmail.com','Dear take-kw.com Admin!\r\n\r\nMy name’s Eric and I just came across your website - take-kw.com - in the search results.\r\n\r\nHere’s what that means to me…\r\n\r\nYour SEO’s working.\r\n\r\nYou’re getting eyeballs – mine at least.\r\n\r\nYour content’s pretty good, wouldn’t change a thing.\r\n\r\nBUT…\r\n\r\nEyeballs don’t pay the bills.\r\n\r\nCUSTOMERS do.\r\n\r\nAnd studies show that 7 out of 10 visitors to a site like take-kw.com will drop by, take a gander, and then head for the hills without doing anything else.\r\n\r\nIt’s like they never were even there.\r\n\r\nYou can fix this.\r\n\r\nYou can make it super-simple for them to raise their hand, say, okay, let’s talk without requiring them to even pull their cell phone from their pocket… thanks to Web Visitors Into Leads.\r\n\r\nWeb Visitors Into Leads is a software widget that sits on your site, ready and waiting to capture any visitor’s Name, Email address and Phone Number.  It lets you know immediately – so you can talk to that lead immediately… without delay… BEFORE they head for those hills.\r\n  \r\nCLICK HERE https://blazeleadgeneration.com to try out a Live Demo with Web Visitors Into Leads now to see exactly how it works.\r\n\r\nNow it’s also true that when reaching out to hot leads, you MUST act fast – the difference between contacting someone within 5 minutes versus 30 minutes later is huge – like 100 times better!\r\n\r\nThat’s what makes our new SMS Text With Lead feature so powerful… you’ve got their phone number, so now you can start a text message (SMS) conversation with them… so even if they don’t take you up on your offer right away, you continue to text them new offers, new content, and new reasons to do business with you.\r\n\r\nThis could change everything for you and your business.\r\n\r\nCLICK HERE https://blazeleadgeneration.com to learn more about everything Web Visitors Into Leads can do and start turing eyeballs into money.\r\n\r\nEric\r\nPS: Web Visitors Into Leads offers a FREE 14 days trial – you could be converting up to 100x more leads immediately!   \r\nIt even includes International Long Distance Calling. \r\nPaying customers are out there waiting. \r\nStarting connecting today by CLICKING HERE https://blazeleadgeneration.com to try Web Visitors Into Leads now.\r\n\r\nIf you\'d like to unsubscribe click here https://blazeleadgeneration.com/unsubscribe.aspx?d=take-kw.com','555-555-1212','2023-12-17 16:16:53','2023-12-17 16:16:53',0),(133,'Eric Jones','ericjonesmyemail@gmail.com','Hello take-kw.com Admin! my name’s Eric and I just ran across your website at take-kw.com...\r\n\r\nI found it after a quick search, so your SEO’s working out…\r\n\r\nContent looks pretty good…\r\n\r\nOne thing’s missing though…\r\n\r\nA QUICK, EASY way to connect with you NOW.\r\n\r\nBecause studies show that a web lead like me will only hang out a few seconds – 7 out of 10 disappear almost instantly, Surf Surf Surf… then gone forever.\r\n\r\nI have the solution:\r\n\r\nWeb Visitors Into Leads is a software widget that’s works on your site, ready to capture any visitor’s Name, Email address and Phone Number.  You’ll know immediately they’re interested and you can call them directly to TALK with them - literally while they’re still on the web looking at your site.\r\n\r\nCLICK HERE https://rushleadgeneration.com to try out a Live Demo with Web Visitors Into Leads now to see exactly how it works and even give it a try… it could be huge for your business.\r\n\r\nPlus, now that you’ve got that phone number, with our new SMS Text With Lead feature, you can automatically start a text (SMS) conversation pronto… which is so powerful, because connecting with someone within the first 5 minutes is 100 times more effective than waiting 30 minutes or more later.\r\n\r\nThe new text messaging feature lets you follow up regularly with new offers, content links, even just follow up notes to build a relationship.\r\n\r\nEverything I’ve just described is extremely simple to implement, cost-effective, and profitable.\r\n \r\nCLICK HERE https://rushleadgeneration.com to discover what Web Visitors Into Leads can do for your business, potentially converting up to 100X more eyeballs into leads today!\r\n\r\nEric\r\nPS: Web Visitors Into Leads offers a FREE 14 days trial – and it even includes International Long Distance Calling. \r\nYou have customers waiting to talk with you right now… don’t keep them waiting. \r\nCLICK HERE https://rushleadgeneration.com to try Web Visitors Into Leads now.\r\n\r\nIf you\'d like to unsubscribe click here https://rushleadgeneration.com/unsubscribe.aspx?d=take-kw.com','555-555-1212','2023-12-18 04:44:04','2023-12-18 04:44:04',0),(134,'Anna Wilson','annawilson.mkt@gmail.com','Hello,\r\n\r\nI just wanted to know if you require a better solution to manage SEO, SMO, SMM, PPC Campaigns, keyword research, Reporting etc. We are a leading Digital Marketing Agency, offering marketing solutions at affordable prices.\r\n\r\nWe can manage all as we have a 150+ expert team of professionals and help you save a hefty amount on hiring resources.\r\n\r\nInterested?  Do write back to me, I’d love to chat.\r\n\r\nIf you are interested, then we can send you our past work details, client testimonials, price list and an affordable quotation with the best offer.\r\n\r\nMany thanks,\r\nAnna Wilson\r\n\r\n\r\nYour website : take-kw.com','1234567890','2023-12-18 05:33:07','2023-12-18 05:33:07',0),(135,'Eric Jones','ericjonesmyemail@gmail.com','Hi take-kw.com Admin!\r\n\r\nMy name’s Eric and I just came across your website - take-kw.com - in the search results.\r\n\r\nHere’s what that means to me…\r\n\r\nYour SEO’s working.\r\n\r\nYou’re getting eyeballs – mine at least.\r\n\r\nYour content’s pretty good, wouldn’t change a thing.\r\n\r\nBUT…\r\n\r\nEyeballs don’t pay the bills.\r\n\r\nCUSTOMERS do.\r\n\r\nAnd studies show that 7 out of 10 visitors to a site like take-kw.com will drop by, take a gander, and then head for the hills without doing anything else.\r\n\r\nIt’s like they never were even there.\r\n\r\nYou can fix this.\r\n\r\nYou can make it super-simple for them to raise their hand, say, okay, let’s talk without requiring them to even pull their cell phone from their pocket… thanks to Web Visitors Into Leads.\r\n\r\nWeb Visitors Into Leads is a software widget that sits on your site, ready and waiting to capture any visitor’s Name, Email address and Phone Number.  It lets you know immediately – so you can talk to that lead immediately… without delay… BEFORE they head for those hills.\r\n  \r\nCLICK HERE https://blazeleadgeneration.com to try out a Live Demo with Web Visitors Into Leads now to see exactly how it works.\r\n\r\nNow it’s also true that when reaching out to hot leads, you MUST act fast – the difference between contacting someone within 5 minutes versus 30 minutes later is huge – like 100 times better!\r\n\r\nThat’s what makes our new SMS Text With Lead feature so powerful… you’ve got their phone number, so now you can start a text message (SMS) conversation with them… so even if they don’t take you up on your offer right away, you continue to text them new offers, new content, and new reasons to do business with you.\r\n\r\nThis could change everything for you and your business.\r\n\r\nCLICK HERE https://blazeleadgeneration.com to learn more about everything Web Visitors Into Leads can do and start turing eyeballs into money.\r\n\r\nEric\r\nPS: Web Visitors Into Leads offers a FREE 14 days trial – you could be converting up to 100x more leads immediately!   \r\nIt even includes International Long Distance Calling. \r\nPaying customers are out there waiting. \r\nStarting connecting today by CLICKING HERE https://blazeleadgeneration.com to try Web Visitors Into Leads now.\r\n\r\nIf you\'d like to unsubscribe click here https://blazeleadgeneration.com/unsubscribe.aspx?d=take-kw.com','555-555-1212','2023-12-19 05:18:24','2023-12-19 05:18:24',0),(136,'Ares','lVNXVy.bqwqptj@spectrail.world','Nicolas Brown','1','2023-12-21 01:58:02','2023-12-21 01:58:02',0),(137,'Hazel','pDVOfC.bqwqpbj@spectrail.world','Dominic Thompson','1','2023-12-21 01:58:09','2023-12-21 01:58:09',0),(138,'Marta Lamilami','marta.lamilami@yahoo.com','Have you seen this rice thing? It\'s melting it off!\r\n\r\nhttps://youtu.be/ISxPEZkLk6g','(07) 5353 9208','2023-12-21 10:48:14','2023-12-21 10:48:14',0),(139,'Eric Jones','ericjonesmyemail@gmail.com','Dear take-kw.com Owner!\r\n\r\nCool website!\r\n\r\nMy name’s Eric, and I just found your site - take-kw.com - while surfing the net. You showed up at the top of the search results, so I checked you out. Looks like what you’re doing is pretty cool.\r\n \r\nBut if you don’t mind me asking – after someone like me stumbles across take-kw.com, what usually happens?\r\n\r\nIs your site generating leads for your business? \r\n \r\nI’m guessing some, but I also bet you’d like more… studies show that 7 out 10 who land on a site wind up leaving without a trace.\r\n\r\nNot good.\r\n\r\nHere’s a thought – what if there was an easy way for every visitor to “raise their hand” to get a phone call from you INSTANTLY… the second they hit your site and said, call me now.\r\n\r\nYou can –\r\n  \r\nWeb Visitors Into Leads is a software widget that’s works on your site, ready to capture any visitor’s Name, Email address and Phone Number.  It lets you know IMMEDIATELY – so that you can talk to that lead while they’re literally looking over your site.\r\n\r\nCLICK HERE https://rushleadgeneration.com to try out a Live Demo with Web Visitors Into Leads now to see exactly how it works.\r\n\r\nTime is money when it comes to connecting with leads – the difference between contacting someone within 5 minutes versus 30 minutes later can be huge – like 100 times better!\r\n\r\nThat’s why we built out our new SMS Text With Lead feature… because once you’ve captured the visitor’s phone number, you can automatically start a text message (SMS) conversation.\r\n  \r\nThink about the possibilities – even if you don’t close a deal then and there, you can follow up with text messages for new offers, content links, even just how you doing? notes to build a relationship.\r\n\r\nWouldn’t that be cool?\r\n\r\nCLICK HERE https://rushleadgeneration.com to discover what Web Visitors Into Leads can do for your business.\r\n\r\nYou could be converting up to 100X more leads today!\r\nEric\r\n\r\nPS: Web Visitors Into Leads offers a FREE 14 days trial – and it even includes International Long Distance Calling. \r\nYou have customers waiting to talk with you right now… don’t keep them waiting. \r\nCLICK HERE https://rushleadgeneration.com to try Web Visitors Into Leads now.\r\n\r\nIf you\'d like to unsubscribe click here https://rushleadgeneration.com/unsubscribe.aspx?d=take-kw.com','555-555-1212','2023-12-21 13:54:43','2023-12-21 13:54:43',0),(140,'James Walcott','walcott.dorthea@gmail.com','I hope this email finds you well. I wanted to take a moment to discuss how our Monthly SEO Services can significantly impact your business\'s bottom line, driving both profit and sales growth.\r\n\r\n1. Increased Visibility, Increased Sales \r\n2. Targeted Traffic for Conversions \r\n3. Enhanced Conversion Rates \r\n4. Competitive Edge in Sales \r\n5. Measurable ROI \r\n6. Adaptation to Market Trends \r\n\r\nWe\'d be thrilled to discuss how our tailored Monthly SEO Services can specifically contribute to the profitability and sales growth of your business. When would be a convenient time for a discussion? Let\'s collaborate to unlock the full potential of your online success. Find out more at https://digitalpromax.co/','0343034874','2023-12-21 19:09:17','2023-12-21 19:09:17',0);

--
-- Table structure for table `countries`
--

CREATE TABLE `countries` (
  `id` int unsigned NOT NULL AUTO_INCREMENT,
  `status` tinyint(1) NOT NULL DEFAULT '1',
  `image` varchar(191) CHARACTER SET utf8mb4 COLLATE utf8mb4_unicode_ci DEFAULT NULL,
  `code` varchar(191) CHARACTER SET utf8mb4 COLLATE utf8mb4_unicode_ci DEFAULT NULL,
  `currency` varchar(191) CHARACTER SET utf8mb4 COLLATE utf8mb4_unicode_ci DEFAULT NULL,
  `address_address` varchar(191) CHARACTER SET utf8mb4 COLLATE utf8mb4_unicode_ci NOT NULL,
  `address_latitude` double NOT NULL,
  `address_longitude` double NOT NULL,
  `created_at` timestamp NULL DEFAULT NULL,
  `updated_at` timestamp NULL DEFAULT NULL,
  `prices` float NOT NULL,
  `key` varchar(191) CHARACTER SET utf8mb4 COLLATE utf8mb4_unicode_ci DEFAULT NULL,
  PRIMARY KEY (`id`)
) ENGINE=InnoDB AUTO_INCREMENT=3 DEFAULT CHARSET=utf8mb4 COLLATE=utf8mb4_unicode_ci;

--
-- Dumping data for table `countries`
--

INSERT INTO `countries` (`id`, `status`, `image`, `code`, `currency`, `address_address`, `address_latitude`, `address_longitude`, `created_at`, `updated_at`, `prices`, `key`) VALUES (1,1,'hGHuSGvtipFetX2SIugZQ0t7VmlMwBeeepdLkQrS.jpg','KWD','KWD','مدينة الكويت، Kuwait',29.375859,47.9774052,'2020-07-29 23:06:29','2022-09-19 19:17:42',1,'+965'),(2,1,'aK1vp5QyxtIPEQbwvYL0cyucxODgzkAMs1EG1f2W.gif','SAR','SAR','Saudi Arabia',23.885942,45.079162,'2022-04-25 17:22:01','2022-09-19 19:17:54',12.5,'+966');

--
-- Table structure for table `country_translations`
--

CREATE TABLE `country_translations` (
  `id` int unsigned NOT NULL AUTO_INCREMENT,
  `country_id` int unsigned NOT NULL,
  `name` varchar(191) CHARACTER SET utf8mb4 COLLATE utf8mb4_unicode_ci NOT NULL,
  `locale` varchar(191) CHARACTER SET utf8mb4 COLLATE utf8mb4_unicode_ci NOT NULL,
  `created_at` timestamp NULL DEFAULT NULL,
  `updated_at` timestamp NULL DEFAULT NULL,
  PRIMARY KEY (`id`),
  UNIQUE KEY `country_translations_country_id_locale_unique` (`country_id`,`locale`),
  KEY `country_translations_locale_index` (`locale`),
  CONSTRAINT `country_translations_country_id_foreign` FOREIGN KEY (`country_id`) REFERENCES `countries` (`id`) ON DELETE CASCADE
) ENGINE=InnoDB AUTO_INCREMENT=5 DEFAULT CHARSET=utf8mb4 COLLATE=utf8mb4_unicode_ci;

--
-- Dumping data for table `country_translations`
--

INSERT INTO `country_translations` (`id`, `country_id`, `name`, `locale`, `created_at`, `updated_at`) VALUES (1,1,'الكويت','ar',NULL,NULL),(2,1,'kuwait','en',NULL,NULL),(3,2,'السعودية','ar',NULL,NULL),(4,2,'Saudi Arabia','en',NULL,NULL);

--
-- Table structure for table `coupone_relateds`
--

CREATE TABLE `coupone_relateds` (
  `id` int unsigned NOT NULL AUTO_INCREMENT,
  `coupons_id` int unsigned NOT NULL,
  `related_id` int NOT NULL,
  `created_at` timestamp NULL DEFAULT NULL,
  `updated_at` timestamp NULL DEFAULT NULL,
  PRIMARY KEY (`id`),
  KEY `coupone_relateds_coupons_id_foreign` (`coupons_id`),
  CONSTRAINT `coupone_relateds_coupons_id_foreign` FOREIGN KEY (`coupons_id`) REFERENCES `coupons` (`id`) ON DELETE CASCADE
) ENGINE=InnoDB AUTO_INCREMENT=98 DEFAULT CHARSET=utf8mb4 COLLATE=utf8mb4_unicode_ci;

--
-- Dumping data for table `coupone_relateds`
--

INSERT INTO `coupone_relateds` (`id`, `coupons_id`, `related_id`, `created_at`, `updated_at`) VALUES (9,29,12,NULL,NULL),(10,29,13,NULL,NULL),(11,30,12,NULL,NULL),(12,30,13,NULL,NULL),(13,31,14,NULL,NULL),(14,33,12,NULL,NULL),(15,33,13,NULL,NULL),(16,33,14,NULL,NULL),(17,34,12,NULL,NULL),(18,34,14,NULL,NULL),(19,34,13,NULL,NULL),(20,36,13,NULL,NULL),(21,36,14,NULL,NULL),(22,36,15,NULL,NULL),(23,36,16,NULL,NULL),(24,36,17,NULL,NULL),(25,36,18,NULL,NULL),(26,36,19,NULL,NULL),(27,36,20,NULL,NULL),(28,36,21,NULL,NULL),(29,36,22,NULL,NULL),(30,36,23,NULL,NULL),(31,36,24,NULL,NULL),(32,36,25,NULL,NULL),(33,36,26,NULL,NULL),(34,36,27,NULL,NULL),(35,36,28,NULL,NULL),(36,36,29,NULL,NULL),(37,36,30,NULL,NULL),(38,36,32,NULL,NULL),(39,36,31,NULL,NULL),(40,36,33,NULL,NULL),(41,36,34,NULL,NULL),(42,36,35,NULL,NULL),(43,36,36,NULL,NULL),(44,36,37,NULL,NULL),(45,36,38,NULL,NULL),(46,36,39,NULL,NULL),(47,36,40,NULL,NULL),(48,36,41,NULL,NULL),(49,36,42,NULL,NULL),(50,36,43,NULL,NULL),(51,36,45,NULL,NULL),(52,36,44,NULL,NULL),(53,36,46,NULL,NULL),(54,36,47,NULL,NULL),(55,36,48,NULL,NULL),(56,36,49,NULL,NULL),(57,36,50,NULL,NULL),(58,36,51,NULL,NULL),(59,36,52,NULL,NULL),(60,36,53,NULL,NULL),(61,36,54,NULL,NULL),(62,36,55,NULL,NULL),(63,36,56,NULL,NULL),(64,36,57,NULL,NULL),(65,36,58,NULL,NULL),(66,36,59,NULL,NULL),(67,36,60,NULL,NULL),(68,36,61,NULL,NULL),(69,36,62,NULL,NULL),(70,36,63,NULL,NULL),(71,36,64,NULL,NULL),(72,36,65,NULL,NULL),(73,36,66,NULL,NULL),(74,36,67,NULL,NULL),(75,36,68,NULL,NULL),(76,36,69,NULL,NULL),(77,36,70,NULL,NULL),(78,36,71,NULL,NULL),(79,36,72,NULL,NULL),(80,36,73,NULL,NULL),(81,36,74,NULL,NULL),(82,36,75,NULL,NULL),(83,36,76,NULL,NULL),(84,36,77,NULL,NULL),(85,36,78,NULL,NULL),(86,36,79,NULL,NULL),(87,36,80,NULL,NULL),(88,36,81,NULL,NULL),(89,36,82,NULL,NULL),(90,36,83,NULL,NULL),(91,36,84,NULL,NULL),(92,36,85,NULL,NULL),(93,36,86,NULL,NULL),(94,36,87,NULL,NULL),(95,36,88,NULL,NULL),(96,27,4,NULL,NULL),(97,38,12,NULL,NULL);

--
-- Table structure for table `coupons`
--

CREATE TABLE `coupons` (
  `id` int unsigned NOT NULL AUTO_INCREMENT,
  `user_id` int unsigned DEFAULT NULL,
  `name` varchar(255) CHARACTER SET utf8mb4 COLLATE utf8mb4_unicode_ci NOT NULL,
  `code` varchar(255) CHARACTER SET utf8mb4 COLLATE utf8mb4_unicode_ci NOT NULL,
  `type` varchar(255) CHARACTER SET utf8mb4 COLLATE utf8mb4_unicode_ci NOT NULL,
  `value` varchar(255) CHARACTER SET utf8mb4 COLLATE utf8mb4_unicode_ci NOT NULL,
  `count` int NOT NULL DEFAULT '0',
  `status` int NOT NULL DEFAULT '1',
  `created_at` timestamp NULL DEFAULT NULL,
  `updated_at` timestamp NULL DEFAULT NULL,
  PRIMARY KEY (`id`),
  KEY `coupons_user_id_foreign` (`user_id`),
  CONSTRAINT `coupons_user_id_foreign` FOREIGN KEY (`user_id`) REFERENCES `users` (`id`) ON DELETE CASCADE
) ENGINE=InnoDB AUTO_INCREMENT=39 DEFAULT CHARSET=utf8mb4 COLLATE=utf8mb4_unicode_ci;

--
-- Dumping data for table `coupons`
--

INSERT INTO `coupons` (`id`, `user_id`, `name`, `code`, `type`, `value`, `count`, `status`, `created_at`, `updated_at`) VALUES (27,1,'ghhh','dfg','product','77',5,1,'2022-10-07 10:06:55','2022-11-28 11:51:28'),(29,1,'cv','hj','product','88',5,1,'2022-10-07 10:08:25','2022-10-07 10:08:25'),(30,1,'[12, 13]','cc','product','66',8,1,'2022-10-07 10:09:50','2022-10-07 10:09:50'),(31,1,'[12, 13]','kkk','product','88',88,1,'2022-10-07 10:11:17','2022-10-07 10:11:17'),(32,1,'[12, 13]','bb','product','45',6,1,'2022-10-07 10:13:26','2022-10-07 10:13:26'),(33,1,'asd','asd','product','33',32,1,'2022-10-07 10:18:53','2022-10-07 10:21:18'),(34,1,'jj','ggkhhgg','product','66',88,1,'2022-10-07 10:37:35','2022-10-07 10:37:35'),(36,1,'new','new','product','20',17,0,'2022-10-08 18:34:10','2022-10-10 15:55:37'),(37,1,'fdsd','sa','product','20',100,1,'2022-10-18 14:51:05','2022-10-18 14:51:05'),(38,1,'hh','hhh','product','10',99,1,'2023-01-03 13:40:00','2023-01-03 13:40:41');

--
-- Table structure for table `failed_jobs`
--

CREATE TABLE `failed_jobs` (
  `id` bigint unsigned NOT NULL AUTO_INCREMENT,
  `uuid` varchar(255) CHARACTER SET utf8mb4 COLLATE utf8mb4_unicode_ci NOT NULL,
  `connection` text CHARACTER SET utf8mb4 COLLATE utf8mb4_unicode_ci NOT NULL,
  `queue` text CHARACTER SET utf8mb4 COLLATE utf8mb4_unicode_ci NOT NULL,
  `payload` longtext CHARACTER SET utf8mb4 COLLATE utf8mb4_unicode_ci NOT NULL,
  `exception` longtext CHARACTER SET utf8mb4 COLLATE utf8mb4_unicode_ci NOT NULL,
  `failed_at` timestamp NOT NULL DEFAULT CURRENT_TIMESTAMP,
  PRIMARY KEY (`id`),
  UNIQUE KEY `failed_jobs_uuid_unique` (`uuid`)
) ENGINE=InnoDB DEFAULT CHARSET=utf8mb4 COLLATE=utf8mb4_unicode_ci;

--
-- Dumping data for table `failed_jobs`
--


--
-- Table structure for table `feature_option_translations`
--

CREATE TABLE `feature_option_translations` (
  `id` int unsigned NOT NULL AUTO_INCREMENT,
  `feature_option_id` int unsigned NOT NULL,
  `title` varchar(255) CHARACTER SET utf8mb4 COLLATE utf8mb4_unicode_ci DEFAULT NULL,
  `locale` varchar(255) CHARACTER SET utf8mb4 COLLATE utf8mb4_unicode_ci NOT NULL,
  `created_at` timestamp NULL DEFAULT NULL,
  `updated_at` timestamp NULL DEFAULT NULL,
  PRIMARY KEY (`id`),
  UNIQUE KEY `feature_option_translations_feature_option_id_locale_unique` (`feature_option_id`,`locale`)
) ENGINE=InnoDB AUTO_INCREMENT=343 DEFAULT CHARSET=utf8mb4 COLLATE=utf8mb4_unicode_ci;

--
-- Dumping data for table `feature_option_translations`
--

INSERT INTO `feature_option_translations` (`id`, `feature_option_id`, `title`, `locale`, `created_at`, `updated_at`) VALUES (1,1,'wrtrwe','ar',NULL,NULL),(2,1,'wertrwet','en',NULL,NULL),(3,2,'asdfdasf','ar',NULL,NULL),(4,2,'sadfads','en',NULL,NULL),(5,3,'dsffdasf','ar',NULL,NULL),(6,3,'adsfasdfsa','en',NULL,NULL),(7,4,'rtgrdsfg','ar',NULL,NULL),(8,4,'fsdgfsdgfsd','en',NULL,NULL),(9,5,'xl','ar',NULL,NULL),(10,5,'xl','en',NULL,NULL),(11,6,'xxl','ar',NULL,NULL),(12,6,'xxl','en',NULL,NULL),(13,7,'xxxl','ar',NULL,NULL),(14,7,'xxxl','en',NULL,NULL),(15,8,'wertrwe','ar',NULL,NULL),(16,8,'twertrw','en',NULL,NULL),(17,9,'werterw','ar',NULL,NULL),(18,9,'ewt','en',NULL,NULL),(19,10,'wertrwet','ar',NULL,NULL),(20,10,'rwetwer','en',NULL,NULL),(21,17,'tryrte','ar',NULL,NULL),(22,17,'yrtey','en',NULL,NULL),(23,18,'wertwret','ar',NULL,NULL),(24,18,'wretrew','en',NULL,NULL),(25,19,'wertrwe','ar',NULL,NULL),(26,19,'twetew','en',NULL,NULL),(27,20,'wreterwt','ar',NULL,NULL),(28,20,'rwetwert','en',NULL,NULL),(29,21,'wertrew','ar',NULL,NULL),(30,21,'trewt','en',NULL,NULL),(31,22,'احمر','ar',NULL,NULL),(32,22,'red','en',NULL,NULL),(33,23,'اصفر','ar',NULL,NULL),(34,23,'yellow','en',NULL,NULL),(35,24,'يبل','ar',NULL,NULL),(36,24,'يبل','en',NULL,NULL),(37,25,'لابي','ar',NULL,NULL),(38,25,'بيلا','en',NULL,NULL),(39,26,'يسبل','ar',NULL,NULL),(40,26,'يبلل','en',NULL,NULL),(41,27,'xl','ar',NULL,NULL),(42,27,'xl','en',NULL,NULL),(43,28,'xxl','ar',NULL,NULL),(44,28,'xxl','en',NULL,NULL),(45,29,'xxxl','ar',NULL,NULL),(46,29,'xxxl','en',NULL,NULL),(47,30,'Sm','ar',NULL,NULL),(48,30,'sm','en',NULL,NULL),(49,31,'s','ar',NULL,NULL),(50,31,'صغير','en',NULL,NULL),(51,32,'l','ar',NULL,NULL),(52,32,'لارج','en',NULL,NULL),(53,33,'xl','ar',NULL,NULL),(54,33,'اكس لارج','en',NULL,NULL),(55,34,NULL,'ar',NULL,NULL),(56,34,NULL,'en',NULL,NULL),(57,35,'ابيض','ar',NULL,NULL),(58,35,'white','en',NULL,NULL),(59,36,'فري سايز','ar',NULL,NULL),(60,36,'free size','en',NULL,NULL),(61,37,'فري سايز','ar',NULL,NULL),(62,37,'freesize','en',NULL,NULL),(63,61,NULL,'ar',NULL,NULL),(64,61,NULL,'en',NULL,NULL),(65,64,'فري سايز','ar',NULL,NULL),(66,64,'free size','en',NULL,NULL),(67,66,'فري سايز','ar',NULL,NULL),(68,66,'free size','en',NULL,NULL),(69,67,'فري سايز','ar',NULL,NULL),(70,67,'free size','en',NULL,NULL),(71,68,'فري سايز','ar',NULL,NULL),(72,68,'free size','en',NULL,NULL),(73,69,'فري سايز','ar',NULL,NULL),(74,69,'free size','en',NULL,NULL),(75,70,'فري سايز','ar',NULL,NULL),(76,70,'free size','en',NULL,NULL),(77,71,'فري سايز','ar',NULL,NULL),(78,71,'free size','en',NULL,NULL),(79,72,'فري سايز','ar',NULL,NULL),(80,72,'free size','en',NULL,NULL),(81,73,'فري سايز','ar',NULL,NULL),(82,73,'free size','en',NULL,NULL),(83,74,'فري سايز','ar',NULL,NULL),(84,74,'free size','en',NULL,NULL),(85,75,'فري سايز','ar',NULL,NULL),(86,75,'free size','en',NULL,NULL),(87,76,'فري سايز','ar',NULL,NULL),(88,76,'free size','en',NULL,NULL),(89,77,'فري رسايز','ar',NULL,NULL),(90,77,'free size','en',NULL,NULL),(91,78,NULL,'ar',NULL,NULL),(92,78,'free size','en',NULL,NULL),(93,109,'فري سايز','ar',NULL,NULL),(94,109,'free size','en',NULL,NULL),(95,110,'فري سايز','ar',NULL,NULL),(96,110,'free size','en',NULL,NULL),(97,111,'فري سايز','ar',NULL,NULL),(98,111,'free size','en',NULL,NULL),(99,112,'فري سايز','ar',NULL,NULL),(100,112,'free size','en',NULL,NULL),(101,113,'فري سايز','ar',NULL,NULL),(102,113,'free size','en',NULL,NULL),(103,114,'فري سايز','ar',NULL,NULL),(104,114,'free size','en',NULL,NULL),(105,115,'فرير سايز','ar',NULL,NULL),(106,115,'free size','en',NULL,NULL),(107,116,'فري سايز','ar',NULL,NULL),(108,116,'free size','en',NULL,NULL),(109,117,'فري سايز','ar',NULL,NULL),(110,117,'free size','en',NULL,NULL),(111,118,'فري سايز','ar',NULL,NULL),(112,118,'free size','en',NULL,NULL),(113,119,'فري سايز','ar',NULL,NULL),(114,119,'free size','en',NULL,NULL),(115,120,'فري سايز','ar',NULL,NULL),(116,120,'free size','en',NULL,NULL),(117,121,'فري سايز','ar',NULL,NULL),(118,121,'free size','en',NULL,NULL),(119,122,'فري سايز','ar',NULL,NULL),(120,122,'free size','en',NULL,NULL),(121,123,'فري سايز','ar',NULL,NULL),(122,123,'free size','en',NULL,NULL),(123,124,'فري سايز','ar',NULL,NULL),(124,124,'free size','en',NULL,NULL),(125,125,'اللون ابيض','ar',NULL,NULL),(126,125,NULL,'en',NULL,NULL),(127,126,'فري سايز','ar',NULL,NULL),(128,126,NULL,'en',NULL,NULL),(129,127,'اللون','ar',NULL,NULL),(130,127,'بني فاتح','en',NULL,NULL),(131,128,'اللون','ar',NULL,NULL),(132,128,'اسود','en',NULL,NULL),(133,129,'اللون','ar',NULL,NULL),(134,129,'اسود+ابيض','en',NULL,NULL),(135,130,'اللون','ar',NULL,NULL),(136,130,'رمادي غامق','en',NULL,NULL),(137,131,'اللون','ar',NULL,NULL),(138,131,'فوشي','en',NULL,NULL),(139,132,'اللون','ar',NULL,NULL),(140,132,'ابيض','en',NULL,NULL),(141,172,NULL,'ar',NULL,NULL),(142,172,NULL,'en',NULL,NULL),(143,173,'اللون','ar',NULL,NULL),(144,173,'عسلي','en',NULL,NULL),(145,188,'اللون','ar',NULL,NULL),(146,188,'ازرق فاتح','en',NULL,NULL),(147,189,'لون بيج غامق','ar',NULL,NULL),(148,189,'صيفي','en',NULL,NULL),(149,190,'اللون','ar',NULL,NULL),(150,190,'بنفسجي','en',NULL,NULL),(151,191,'اللون','ar',NULL,NULL),(152,191,'بنفسجي','en',NULL,NULL),(153,192,'اللون','ar',NULL,NULL),(154,192,'اخضر+ابيض','en',NULL,NULL),(155,193,'اللون','ar',NULL,NULL),(156,193,'اسود','en',NULL,NULL),(157,194,'اللون','ar',NULL,NULL),(158,194,'اسود+ابيض','en',NULL,NULL),(159,195,'اللون','ar',NULL,NULL),(160,195,'برتقالي +اسود','en',NULL,NULL),(161,196,'اللون','ar',NULL,NULL),(162,196,'برتقالي +اسود','en',NULL,NULL),(163,197,'اللون','ar',NULL,NULL),(164,197,'برتقالي','en',NULL,NULL),(165,198,'اللون','ar',NULL,NULL),(166,198,'بيج','en',NULL,NULL),(167,199,'اللون','ar',NULL,NULL),(168,199,'اسود','en',NULL,NULL),(169,200,'اللون','ar',NULL,NULL),(170,200,'اوف وايت','en',NULL,NULL),(171,201,'اللون','ar',NULL,NULL),(172,201,'اسود','en',NULL,NULL),(173,202,'اللون','ar',NULL,NULL),(174,202,'بيج','en',NULL,NULL),(175,203,'اللون','ar',NULL,NULL),(176,203,'بيج','en',NULL,NULL),(177,204,'اللون','ar',NULL,NULL),(178,204,'زيتي','en',NULL,NULL),(179,205,'اللون','ar',NULL,NULL),(180,205,'ابيض','en',NULL,NULL),(181,206,'اللون','ar',NULL,NULL),(182,206,'زيتي','en',NULL,NULL),(183,207,'اللون','ar',NULL,NULL),(184,207,'اسود','en',NULL,NULL),(185,208,'اللون','ar',NULL,NULL),(186,208,'ازرق','en',NULL,NULL),(187,209,'اللون','ar',NULL,NULL),(188,209,'ابيض','en',NULL,NULL),(189,210,'صيفي','ar',NULL,NULL),(190,210,'اسود','en',NULL,NULL),(191,211,'صيفي','ar',NULL,NULL),(192,211,'ابيض','en',NULL,NULL),(193,212,'اللون','ar',NULL,NULL),(194,212,'ازرق','en',NULL,NULL),(195,213,'اللون','ar',NULL,NULL),(196,213,'بني فاتح','en',NULL,NULL),(197,214,'صيفي','ar',NULL,NULL),(198,214,'فوشي','en',NULL,NULL),(199,215,'صيفي','ar',NULL,NULL),(200,215,'اسود','en',NULL,NULL),(201,216,'صيفي','ar',NULL,NULL),(202,216,'اسود','en',NULL,NULL),(203,217,'صيفي','ar',NULL,NULL),(204,217,'ابيض','en',NULL,NULL),(205,218,'صيفي','ar',NULL,NULL),(206,218,'اسود','en',NULL,NULL),(207,219,'صيفي','ar',NULL,NULL),(208,219,'ابيض-اسود','en',NULL,NULL),(209,220,'صيفي','ar',NULL,NULL),(210,220,'اسود','en',NULL,NULL),(211,221,'صيفي','ar',NULL,NULL),(212,221,'اسود+ابيض','en',NULL,NULL),(213,222,'صيفي','ar',NULL,NULL),(214,222,'اسود','en',NULL,NULL),(215,223,'صيفي','ar',NULL,NULL),(216,223,'بني فاتح','en',NULL,NULL),(217,224,'صيفي','ar',NULL,NULL),(218,224,'بني فاتح','en',NULL,NULL),(219,225,'صيفي','ar',NULL,NULL),(220,225,'بيج','en',NULL,NULL),(221,226,'صيفي','ar',NULL,NULL),(222,226,'رمادي فاتح','en',NULL,NULL),(223,227,'صيفي','ar',NULL,NULL),(224,227,'اسود','en',NULL,NULL),(225,228,'صيفي','ar',NULL,NULL),(226,228,'بني','en',NULL,NULL),(227,229,'صيفي','ar',NULL,NULL),(228,229,'ازرق فاتح','en',NULL,NULL),(229,230,'صيفي','ar',NULL,NULL),(230,230,'اسود','en',NULL,NULL),(231,231,'صيفي','ar',NULL,NULL),(232,231,'اوف وايت','en',NULL,NULL),(233,232,'صيفي','ar',NULL,NULL),(234,232,'رمادي','en',NULL,NULL),(235,233,'صيفي','ar',NULL,NULL),(236,233,'رمادي غامق','en',NULL,NULL),(237,234,'صيفي','ar',NULL,NULL),(238,234,'بني','en',NULL,NULL),(239,235,'صيفي','ar',NULL,NULL),(240,235,'ابيض','en',NULL,NULL),(241,236,'صيفي','ar',NULL,NULL),(242,236,'اسود','en',NULL,NULL),(243,238,'صيفي','ar',NULL,NULL),(244,238,'اسود +ابيض','en',NULL,NULL),(245,239,'صيفي','ar',NULL,NULL),(246,239,'بيج +ابيض','en',NULL,NULL),(247,240,'صيفي','ar',NULL,NULL),(248,240,'رمادي','en',NULL,NULL),(249,257,'صيفي','ar',NULL,NULL),(250,257,'بني','en',NULL,NULL),(251,258,'صيفي','ar',NULL,NULL),(252,258,'اسود','en',NULL,NULL),(253,259,'صيفي','ar',NULL,NULL),(254,259,'ابيض','en',NULL,NULL),(255,260,'صيفي','ar',NULL,NULL),(256,260,'اخضر زيتي','en',NULL,NULL),(257,261,'صيفي','ar',NULL,NULL),(258,261,'بيج','en',NULL,NULL),(259,262,'صيفي','ar',NULL,NULL),(260,262,'رمادي','en',NULL,NULL),(261,263,'صيفي','ar',NULL,NULL),(262,263,'ابيض','en',NULL,NULL),(263,264,'صيفي','ar',NULL,NULL),(264,264,'اسود','en',NULL,NULL),(265,265,'جينز','ar',NULL,NULL),(266,265,'ازرق','en',NULL,NULL),(267,266,'جينز','ar',NULL,NULL),(268,266,'ابيض','en',NULL,NULL),(269,267,'صيفي','ar',NULL,NULL),(270,267,'ابيض+اخضر','en',NULL,NULL),(271,268,'صيفي','ar',NULL,NULL),(272,268,'ابيض +ازرق','en',NULL,NULL),(273,269,'صيفي','ar',NULL,NULL),(274,269,'ابيض +بيج','en',NULL,NULL),(275,270,'صيفي','ar',NULL,NULL),(276,270,'اسود','en',NULL,NULL),(277,271,'صيفي','ar',NULL,NULL),(278,271,'اخضر زيتي','en',NULL,NULL),(279,272,'صيفي','ar',NULL,NULL),(280,272,'ابيض','en',NULL,NULL),(281,273,'صيفي','ar',NULL,NULL),(282,273,'اسود','en',NULL,NULL),(283,274,'صيفي','ar',NULL,NULL),(284,274,'ازرق','en',NULL,NULL),(285,275,'صيفي','ar',NULL,NULL),(286,275,'بيج','en',NULL,NULL),(287,276,'صيفي','ar',NULL,NULL),(288,276,'وردي فاتح','en',NULL,NULL),(289,277,'صيفي','ar',NULL,NULL),(290,277,'فوشي','en',NULL,NULL),(291,278,'صيفي','ar',NULL,NULL),(292,278,'اخضر فاتح','en',NULL,NULL),(293,279,'صيفي','ar',NULL,NULL),(294,279,'ابيض','en',NULL,NULL),(295,280,'صيفي','ar',NULL,NULL),(296,280,'اسود','en',NULL,NULL),(297,281,'صيفي','ar',NULL,NULL),(298,281,'اسود','en',NULL,NULL),(299,282,'صيفي','ar',NULL,NULL),(300,282,'ابيض','en',NULL,NULL),(301,283,'صيفي','ar',NULL,NULL),(302,283,'لون ازرق','en',NULL,NULL),(303,284,'مني هاندل','ar',NULL,NULL),(304,284,'لون بيج','en',NULL,NULL),(305,285,'نسائيه','ar',NULL,NULL),(306,285,'اسود','en',NULL,NULL),(307,286,'كروس','ar',NULL,NULL),(308,286,'ازرق غامق','en',NULL,NULL),(309,287,'كروس','ar',NULL,NULL),(310,287,'سلسله','en',NULL,NULL),(311,288,'مني','ar',NULL,NULL),(312,288,'ستراس','en',NULL,NULL),(313,289,'مني','ar',NULL,NULL),(314,289,'ستراس','en',NULL,NULL),(315,290,'هاندل باق','ar',NULL,NULL),(316,290,'بيج','en',NULL,NULL),(317,291,'هاندل باق','ar',NULL,NULL),(318,291,'اسود','en',NULL,NULL),(319,292,'نسائي','ar',NULL,NULL),(320,292,'ازرق غامق','en',NULL,NULL),(321,293,'نسائي','ar',NULL,NULL),(322,293,'سلسله','en',NULL,NULL),(323,294,'نسائي','ar',NULL,NULL),(324,294,'اخضر','en',NULL,NULL),(325,295,'مني','ar',NULL,NULL),(326,295,'اسود','en',NULL,NULL),(327,296,'عنايه','ar',NULL,NULL),(328,296,'منتج طبيعي','en',NULL,NULL),(329,297,'منتج طبيعي','ar',NULL,NULL),(330,297,'شامبو','en',NULL,NULL),(331,298,'بدون لون','ar',NULL,NULL),(332,298,'منتج طبيعي','en',NULL,NULL),(333,299,'تغيه للشعر','ar',NULL,NULL),(334,299,'منتج طبيعي','en',NULL,NULL),(335,300,'تغذيه للشعر','ar',NULL,NULL),(336,300,'منتج طبيعي','en',NULL,NULL),(337,301,'منتج طبيعي','ar',NULL,NULL),(338,301,'عنايه بالشعر','en',NULL,NULL),(339,302,'علاج فعال','ar',NULL,NULL),(340,302,'منتج طبيعي','en',NULL,NULL),(341,303,'كثافه الرموش والحواجب','ar',NULL,NULL),(342,303,'منتج طبيعي','en',NULL,NULL);

--
-- Table structure for table `feature_options`
--

CREATE TABLE `feature_options` (
  `id` int unsigned NOT NULL AUTO_INCREMENT,
  `price` decimal(8,2) DEFAULT '0.00',
  `count` int DEFAULT '0',
  `feature_id` int unsigned DEFAULT NULL,
  `created_at` timestamp NULL DEFAULT NULL,
  `updated_at` timestamp NULL DEFAULT NULL,
  `color` varchar(191) CHARACTER SET utf8mb4 COLLATE utf8mb4_unicode_ci DEFAULT NULL,
  PRIMARY KEY (`id`),
  KEY `feature_options_feature_id_foreign` (`feature_id`),
  CONSTRAINT `feature_options_feature_id_foreign` FOREIGN KEY (`feature_id`) REFERENCES `features` (`id`) ON DELETE CASCADE
) ENGINE=InnoDB AUTO_INCREMENT=304 DEFAULT CHARSET=utf8mb4 COLLATE=utf8mb4_unicode_ci;

--
-- Dumping data for table `feature_options`
--

INSERT INTO `feature_options` (`id`, `price`, `count`, `feature_id`, `created_at`, `updated_at`, `color`) VALUES (1,23.00,NULL,1,'2022-11-08 11:02:07','2022-11-08 11:02:32','#fdb768'),(2,33.00,NULL,1,'2022-11-08 11:02:14','2022-11-08 11:02:14','#e60000'),(3,77.00,NULL,1,'2022-11-08 11:02:22','2022-11-08 11:02:28','#17c2cf'),(4,0.00,NULL,1,'2022-11-08 11:02:43','2022-11-08 11:02:43','#1fff8b'),(5,33.00,NULL,3,'2022-11-08 11:03:22','2022-11-08 11:03:22','#970707'),(6,34.00,NULL,3,'2022-11-08 11:03:33','2022-11-08 11:03:33','#000000'),(7,NULL,NULL,3,'2022-11-08 11:03:42','2022-11-08 11:03:42','#000000'),(8,0.00,NULL,4,'2022-11-08 11:16:03','2022-11-08 11:16:03','#be0909'),(9,0.00,NULL,4,'2022-11-08 11:16:10','2022-11-08 11:16:10','#00ffd5'),(10,0.00,NULL,4,'2022-11-08 11:16:14','2022-11-08 11:16:14','#000000'),(17,NULL,NULL,5,'2022-11-08 11:16:54','2022-11-08 11:16:54','#000000'),(18,0.00,NULL,5,'2022-11-08 11:17:02','2022-11-08 11:17:02','#000000'),(19,0.00,NULL,5,'2022-11-08 11:17:07','2022-11-08 11:17:07','#000000'),(20,0.00,NULL,5,'2022-11-08 11:17:11','2022-11-08 11:17:11','#000000'),(21,0.00,NULL,5,'2022-11-08 11:17:15','2022-11-08 11:17:15','#000000'),(22,0.00,NULL,6,'2022-11-10 05:07:35','2022-11-10 05:07:35','#ff0000'),(23,NULL,NULL,6,'2022-11-10 05:07:50','2022-11-10 05:07:50','#ffbb00'),(24,NULL,NULL,6,'2022-11-10 05:07:56','2022-11-10 05:07:56','#00ffcc'),(25,0.00,NULL,6,'2022-11-10 05:08:06','2022-11-10 05:08:06','#0011ff'),(26,NULL,NULL,6,'2022-11-10 05:08:15','2022-11-10 05:08:15','#ff05a3'),(27,NULL,NULL,7,'2022-11-10 05:08:50','2022-11-10 05:08:50','#000000'),(28,NULL,NULL,7,'2022-11-10 05:09:00','2022-11-10 05:09:00','#000000'),(29,NULL,NULL,7,'2022-11-10 05:09:09','2022-11-10 05:09:09','#000000'),(30,NULL,NULL,7,'2022-11-10 05:09:21','2022-11-10 05:09:21','#000000'),(31,10.00,NULL,8,'2023-01-03 13:35:27','2023-01-03 13:35:27','#000000'),(32,10.00,NULL,8,'2023-01-03 13:35:27','2023-01-03 13:35:27','#000000'),(33,10.00,NULL,8,'2023-01-03 13:35:28','2023-01-03 13:35:28','#000000'),(35,10.00,NULL,9,'2023-01-03 13:36:16','2023-01-03 13:36:16','#ffffff'),(37,NULL,NULL,30,'2023-01-11 12:41:45','2023-01-11 12:41:45','#000000'),(64,0.00,NULL,39,'2023-01-11 12:52:12','2023-01-11 12:53:06','#cf4826'),(66,0.00,NULL,37,'2023-01-11 12:57:25','2023-01-11 12:59:33','#446138'),(68,NULL,NULL,40,'2023-01-11 13:03:08','2023-01-11 13:03:08','#5c5c5c'),(69,NULL,NULL,35,'2023-01-11 13:05:20','2023-01-11 13:05:20','#000000'),(76,NULL,NULL,41,'2023-01-11 13:28:49','2023-01-11 13:28:49','#dfdddd'),(77,NULL,NULL,42,'2023-01-11 13:34:54','2023-01-11 13:34:54','#000000'),(78,NULL,NULL,43,'2023-01-11 13:37:27','2023-01-11 13:37:27','#472e2e'),(109,NULL,NULL,45,'2023-01-11 13:43:31','2023-01-11 13:43:31','#f2eded'),(110,NULL,NULL,46,'2023-01-11 13:45:51','2023-01-11 13:45:51','#ebeaea'),(111,NULL,NULL,47,'2023-01-11 13:47:54','2023-01-11 13:47:54','#f1efef'),(112,NULL,NULL,48,'2023-01-11 13:50:22','2023-01-11 13:50:22','#c9c0f7'),(113,NULL,NULL,49,'2023-01-11 13:52:06','2023-01-11 13:52:06','#545958'),(114,NULL,NULL,50,'2023-01-11 13:53:34','2023-01-11 13:53:34','#000000'),(116,NULL,NULL,52,'2023-01-11 13:59:09','2023-01-11 13:59:09','#bdd2f5'),(117,NULL,NULL,53,'2023-01-11 14:36:24','2023-01-11 14:36:24','#b4caee'),(118,NULL,NULL,54,'2023-01-11 14:51:33','2023-01-11 14:51:33','#b20606'),(119,NULL,NULL,60,'2023-01-11 14:58:22','2023-01-11 14:58:22','#000000'),(120,NULL,NULL,61,'2023-01-11 15:05:59','2023-01-11 15:05:59','#375cf1'),(121,NULL,NULL,62,'2023-01-11 15:11:50','2023-01-11 15:11:50','#f273d6'),(122,NULL,NULL,63,'2023-01-11 15:22:53','2023-01-11 15:22:53','#000000'),(123,NULL,NULL,64,'2023-01-11 15:27:57','2023-01-11 15:27:57','#836f54'),(124,NULL,NULL,65,'2023-01-11 15:36:20','2023-01-11 15:36:20','#000000'),(126,NULL,NULL,66,'2023-03-21 14:23:16','2023-03-21 14:23:16','#fcf8f8'),(127,0.00,NULL,67,'2023-03-21 14:32:01','2023-03-21 14:32:20','#8f6161'),(128,NULL,NULL,68,'2023-03-21 14:38:33','2023-03-21 14:38:33','#000000'),(129,NULL,NULL,69,'2023-03-21 14:54:01','2023-03-21 14:54:01','#000000'),(130,NULL,NULL,70,'2023-03-21 15:28:48','2023-03-21 15:28:48','#343232'),(131,NULL,NULL,71,'2023-03-21 15:37:51','2023-03-21 15:37:51','#d00b88'),(132,NULL,NULL,72,'2023-03-21 15:47:05','2023-03-21 15:47:05','#f2eded'),(172,NULL,NULL,73,'2023-03-21 15:52:59','2023-03-21 15:52:59','#000000'),(173,NULL,NULL,74,'2023-03-21 16:34:09','2023-03-21 16:34:09','#a87a7a'),(188,NULL,NULL,75,'2023-03-21 16:40:57','2023-03-21 16:40:57','#6cb6d5'),(189,NULL,NULL,76,'2023-04-08 17:59:52','2023-04-08 17:59:52','#f3d53f'),(190,NULL,NULL,77,'2023-04-08 18:33:05','2023-04-08 18:33:05','#6430f3'),(191,NULL,NULL,77,'2023-04-08 18:33:06','2023-04-08 18:33:06','#6430f3'),(192,NULL,NULL,78,'2023-04-08 18:40:02','2023-04-08 18:40:02','#1c5e45'),(193,NULL,NULL,79,'2023-04-08 18:45:39','2023-04-08 18:45:39','#000000'),(194,NULL,NULL,80,'2023-04-08 18:51:48','2023-04-08 18:51:48','#000000'),(195,NULL,NULL,81,'2023-04-08 18:56:26','2023-04-08 18:56:26','#c05430'),(196,NULL,NULL,82,'2023-04-08 19:02:12','2023-04-08 19:02:12','#c35a37'),(197,NULL,NULL,83,'2023-04-08 19:29:06','2023-04-08 19:29:06','#c45f1c'),(198,NULL,NULL,84,'2023-04-08 19:33:29','2023-04-08 19:33:29','#d8a6a6'),(199,NULL,NULL,85,'2023-04-08 19:39:41','2023-04-08 19:39:41','#000000'),(200,NULL,NULL,86,'2023-04-08 19:47:43','2023-04-08 19:47:43','#f9ebeb'),(201,NULL,NULL,87,'2023-04-08 20:03:41','2023-04-08 20:03:41','#000000'),(202,NULL,NULL,88,'2023-04-08 20:11:26','2023-04-08 20:11:26','#d2b2b2'),(203,NULL,NULL,89,'2023-04-08 20:17:40','2023-04-08 20:17:40','#c3a2a2'),(204,NULL,NULL,90,'2023-04-08 20:23:42','2023-04-08 20:23:42','#728788'),(205,NULL,NULL,91,'2023-04-08 20:29:05','2023-04-08 20:29:05','#f3eded'),(206,NULL,NULL,92,'2023-04-10 18:48:38','2023-04-10 18:48:38','#4d5c59'),(207,NULL,NULL,93,'2023-04-10 18:53:13','2023-04-10 18:53:13','#000000'),(208,NULL,NULL,94,'2023-04-10 19:00:15','2023-04-10 19:00:15','#5691f0'),(209,NULL,NULL,95,'2023-04-10 19:04:20','2023-04-10 19:04:20','#efebeb'),(210,NULL,NULL,96,'2023-04-30 13:19:03','2023-04-30 13:19:03','#000000'),(211,0.00,NULL,97,'2023-04-30 13:23:16','2023-04-30 13:23:17','#eeecec'),(212,NULL,NULL,98,'2023-04-30 13:28:10','2023-04-30 13:28:10','#81bcf3'),(213,NULL,NULL,99,'2023-04-30 13:33:49','2023-04-30 13:33:49','#896767'),(214,NULL,NULL,100,'2023-04-30 13:48:03','2023-04-30 13:48:03','#f718bb'),(215,NULL,NULL,101,'2023-04-30 13:56:12','2023-04-30 13:56:12','#000000'),(216,NULL,NULL,102,'2023-04-30 14:02:44','2023-04-30 14:02:44','#000000'),(217,NULL,NULL,103,'2023-04-30 14:10:47','2023-04-30 14:10:47','#f4f0f0'),(218,NULL,NULL,104,'2023-04-30 14:14:16','2023-04-30 14:14:16','#000000'),(219,NULL,NULL,105,'2023-05-01 14:51:41','2023-05-01 14:51:41','#000000'),(220,NULL,NULL,106,'2023-05-01 14:57:00','2023-05-01 14:57:00','#000000'),(221,NULL,NULL,107,'2023-05-01 15:03:44','2023-05-01 15:03:44','#000000'),(222,NULL,NULL,108,'2023-05-01 15:32:02','2023-05-01 15:32:02','#000000'),(224,NULL,NULL,109,'2023-05-01 15:37:58','2023-05-01 15:37:58','#816a6a'),(225,NULL,NULL,110,'2023-05-01 15:42:49','2023-05-01 15:42:49','#efe1e1'),(226,NULL,NULL,111,'2023-05-02 13:34:59','2023-05-02 13:34:59','#a39f9f'),(227,NULL,NULL,112,'2023-05-02 13:44:38','2023-05-02 13:44:38','#000000'),(228,NULL,NULL,113,'2023-05-02 13:53:39','2023-05-02 13:53:39','#635a5a'),(229,NULL,NULL,114,'2023-05-02 14:08:18','2023-05-02 14:08:18','#6d98df'),(230,NULL,NULL,115,'2023-05-02 14:28:18','2023-05-02 14:28:18','#000000'),(231,NULL,NULL,116,'2023-05-02 14:48:38','2023-05-02 14:48:38','#f6eaea'),(232,NULL,NULL,117,'2023-05-02 15:03:00','2023-05-02 15:03:00','#8a8a8a'),(233,NULL,NULL,118,'2023-05-02 15:10:59','2023-05-02 15:10:59','#464444'),(234,NULL,NULL,119,'2023-05-02 15:18:41','2023-05-02 15:18:41','#815a5a'),(235,NULL,NULL,120,'2023-05-02 15:25:22','2023-05-02 15:25:22','#f2f2f2'),(236,NULL,NULL,121,'2023-05-02 15:29:47','2023-05-02 15:29:47','#000000'),(238,NULL,NULL,123,'2023-05-02 16:05:14','2023-05-02 16:05:14','#000000'),(239,NULL,NULL,124,'2023-05-02 16:10:10','2023-05-02 16:10:10','#aca0a0'),(240,NULL,NULL,125,'2023-05-02 17:17:44','2023-05-02 17:17:44','#3d3d3d'),(257,NULL,NULL,126,'2023-05-02 17:27:16','2023-05-02 17:27:16','#7e6767'),(258,NULL,NULL,127,'2023-05-02 17:32:36','2023-05-02 17:32:36','#000000'),(259,NULL,NULL,128,'2023-05-02 17:36:46','2023-05-02 17:36:46','#f5f4f4'),(260,NULL,NULL,129,'2023-05-02 17:41:38','2023-05-02 17:41:38','#677971'),(261,NULL,NULL,130,'2023-05-08 14:55:57','2023-05-08 14:55:57','#af9292'),(262,NULL,NULL,131,'2023-05-08 14:59:49','2023-05-08 14:59:49','#5e5e5e'),(263,NULL,NULL,132,'2023-05-08 15:06:28','2023-05-08 15:06:28','#f4f0f0'),(264,NULL,NULL,133,'2023-05-08 15:09:22','2023-05-08 15:09:22','#000000'),(265,NULL,NULL,134,'2023-05-08 15:13:46','2023-05-08 15:13:46','#566cae'),(266,NULL,NULL,135,'2023-05-08 15:16:42','2023-05-08 15:16:42','#faf9f9'),(267,NULL,NULL,136,'2023-05-08 15:24:09','2023-05-08 15:24:09','#22616d'),(268,NULL,NULL,137,'2023-05-08 15:27:44','2023-05-08 15:27:44','#39378b'),(269,NULL,NULL,138,'2023-05-08 15:30:56','2023-05-08 15:30:56','#bd9898'),(270,NULL,NULL,139,'2023-05-08 15:40:04','2023-05-08 15:40:04','#000000'),(271,NULL,NULL,140,'2023-05-09 15:49:28','2023-05-09 15:49:28','#6d7c7e'),(272,NULL,NULL,141,'2023-05-09 15:52:54','2023-05-09 15:52:54','#f4f0f0'),(273,NULL,NULL,142,'2023-05-09 15:56:45','2023-05-09 15:56:45','#000000'),(274,0.00,NULL,143,'2023-05-09 16:21:33','2023-05-09 16:21:34','#bbcdf7'),(275,NULL,NULL,144,'2023-05-09 16:26:55','2023-05-09 16:26:55','#d7d0d0'),(276,NULL,NULL,145,'2023-05-09 16:31:33','2023-05-09 16:31:33','#f5dbf4'),(277,NULL,NULL,146,'2023-05-09 16:36:09','2023-05-09 16:36:09','#d50b8b'),(278,NULL,NULL,147,'2023-05-09 16:40:23','2023-05-09 16:40:23','#c5d8d4'),(279,NULL,NULL,148,'2023-06-07 10:14:17','2023-06-07 10:14:17','#faf4f4'),(280,NULL,NULL,149,'2023-06-07 10:19:02','2023-06-07 10:19:02','#000000'),(281,NULL,NULL,150,'2023-06-07 10:24:44','2023-06-07 10:24:44','#000000'),(282,NULL,NULL,151,'2023-06-07 10:28:41','2023-06-07 10:28:41','#faf9f9'),(283,0.00,NULL,152,'2023-06-07 10:32:41','2023-06-07 10:32:42','#8193ef'),(284,NULL,NULL,153,'2023-07-02 14:42:40','2023-07-02 14:42:40','#b29999'),(285,NULL,NULL,154,'2023-07-02 14:49:43','2023-07-02 14:49:43','#000000'),(286,0.00,NULL,155,'2023-07-02 15:42:38','2023-07-02 15:43:08','#2e2386'),(287,NULL,NULL,156,'2023-07-02 15:51:17','2023-07-02 15:51:17','#2a2d7e'),(288,NULL,NULL,157,'2023-07-02 16:13:29','2023-07-02 16:13:29','#2f7f47'),(289,NULL,NULL,158,'2023-07-02 16:18:31','2023-07-02 16:18:31','#000000'),(290,NULL,NULL,159,'2023-07-02 16:41:44','2023-07-02 16:41:44','#c9b6b6'),(291,NULL,NULL,160,'2023-07-02 16:48:29','2023-07-02 16:48:29','#000000'),(292,NULL,NULL,161,'2023-07-02 16:53:59','2023-07-02 16:53:59','#1c2045'),(293,NULL,NULL,162,'2023-07-02 16:57:44','2023-07-02 16:57:44','#000000'),(294,NULL,NULL,163,'2023-07-02 17:01:51','2023-07-02 17:01:51','#337a59'),(295,NULL,NULL,164,'2023-07-02 17:05:13','2023-07-02 17:05:13','#000000'),(296,NULL,NULL,165,'2023-08-30 14:16:56','2023-08-30 14:16:56','#000000'),(297,NULL,NULL,166,'2023-08-30 14:27:38','2023-08-30 14:27:38','#000000'),(298,NULL,NULL,167,'2023-08-30 14:37:23','2023-08-30 14:37:23','#000000'),(299,NULL,NULL,168,'2023-08-30 14:45:09','2023-08-30 14:45:09','#000000'),(300,NULL,NULL,169,'2023-08-30 14:50:12','2023-08-30 14:50:12','#000000'),(301,NULL,NULL,170,'2023-08-30 14:58:18','2023-08-30 14:58:18','#000000'),(302,NULL,NULL,171,'2023-08-30 15:20:51','2023-08-30 15:20:51','#000000'),(303,NULL,NULL,172,'2023-08-30 15:34:15','2023-08-30 15:34:15','#000000');

--
-- Table structure for table `feature_translations`
--

CREATE TABLE `feature_translations` (
  `id` int unsigned NOT NULL AUTO_INCREMENT,
  `feature_id` int unsigned NOT NULL,
  `title` varchar(255) CHARACTER SET utf8mb4 COLLATE utf8mb4_unicode_ci NOT NULL,
  `locale` varchar(255) CHARACTER SET utf8mb4 COLLATE utf8mb4_unicode_ci NOT NULL,
  `created_at` timestamp NULL DEFAULT NULL,
  `updated_at` timestamp NULL DEFAULT NULL,
  PRIMARY KEY (`id`),
  UNIQUE KEY `feature_translations_feature_id_locale_unique` (`feature_id`,`locale`),
  KEY `feature_translations_locale_index` (`locale`)
) ENGINE=InnoDB AUTO_INCREMENT=305 DEFAULT CHARSET=utf8mb4 COLLATE=utf8mb4_unicode_ci;

--
-- Dumping data for table `feature_translations`
--

INSERT INTO `feature_translations` (`id`, `feature_id`, `title`, `locale`, `created_at`, `updated_at`) VALUES (1,1,'الوان','ar',NULL,NULL),(2,1,'colors','en',NULL,NULL),(3,3,'مقاسات','ar',NULL,NULL),(4,3,'size','en',NULL,NULL),(5,4,'wrt','ar',NULL,NULL),(6,4,'erwtwer','en',NULL,NULL),(7,5,'wertr','ar',NULL,NULL),(8,5,'wetewr','en',NULL,NULL),(9,6,'الالوان','ar',NULL,NULL),(10,6,'Colors','en',NULL,NULL),(11,7,'مقاسات','ar',NULL,NULL),(12,7,'Size','en',NULL,NULL),(13,8,'المقاسات','ar',NULL,NULL),(14,8,'size','en',NULL,NULL),(15,9,'الالوان','ar',NULL,NULL),(16,9,'color','en',NULL,NULL),(17,24,'القياس','ar',NULL,NULL),(18,24,'size','en',NULL,NULL),(19,25,'فري سايز','ar',NULL,NULL),(20,25,'لون زيتي','en',NULL,NULL),(21,26,'فري سايز','ar',NULL,NULL),(22,26,'اللون بنفسجي فاتح','en',NULL,NULL),(23,27,'فري سايز','ar',NULL,NULL),(24,27,'لون ابيض','en',NULL,NULL),(25,28,'المقاس','ar',NULL,NULL),(26,28,'free size','en',NULL,NULL),(27,29,'فري سايز','ar',NULL,NULL),(28,29,'لون بيج','en',NULL,NULL),(29,30,'فري سايز','ar',NULL,NULL),(30,30,'free size','en',NULL,NULL),(31,31,'المقاس فري سايز','ar',NULL,NULL),(32,31,'free size','en',NULL,NULL),(33,32,'المقاس فري سايز','ar',NULL,NULL),(34,32,'free size','en',NULL,NULL),(35,33,'فري سايز','ar',NULL,NULL),(36,33,'اللون اسود','en',NULL,NULL),(37,34,'المقاس','ar',NULL,NULL),(38,34,'free size','en',NULL,NULL),(39,35,'المقاس فري سايز','ar',NULL,NULL),(40,35,'free size','en',NULL,NULL),(41,36,'فري سايز','ar',NULL,NULL),(42,36,'لون رمادي','en',NULL,NULL),(43,37,'المقاس فري سايز','ar',NULL,NULL),(44,37,'free size','en',NULL,NULL),(45,38,'فري سايز','ar',NULL,NULL),(46,38,'لون برتقالي','en',NULL,NULL),(47,39,'المقاس فري سايز','ar',NULL,NULL),(48,39,'freesiz','en',NULL,NULL),(49,40,'المقاس فري سايز','ar',NULL,NULL),(50,40,'free size','en',NULL,NULL),(51,41,'المقاس فري سايز','ar',NULL,NULL),(52,41,'free size','en',NULL,NULL),(53,42,'المقاس فري سايز','ar',NULL,NULL),(54,42,'free size','en',NULL,NULL),(55,43,'المقاس فري سايز','ar',NULL,NULL),(56,43,'free size','en',NULL,NULL),(57,44,'المقاس فري سايز','ar',NULL,NULL),(58,44,'free size','en',NULL,NULL),(59,45,'المقاس فري سايز','ar',NULL,NULL),(60,45,'free size','en',NULL,NULL),(61,46,'المقاس فري سايز','ar',NULL,NULL),(62,46,'free size','en',NULL,NULL),(63,47,'المقاس فري سايز','ar',NULL,NULL),(64,47,'free size','en',NULL,NULL),(65,48,'المقاس فري سايز','ar',NULL,NULL),(66,48,'free size','en',NULL,NULL),(67,49,'المقاس فري سايز','ar',NULL,NULL),(68,49,'free size','en',NULL,NULL),(69,50,'المقاس فري سايز','ar',NULL,NULL),(70,50,'free size','en',NULL,NULL),(71,51,'المقاس فري سايز','ar',NULL,NULL),(72,51,'free size','en',NULL,NULL),(73,52,'المقاس فري سايز','ar',NULL,NULL),(74,52,'free size','en',NULL,NULL),(75,53,'المقاس فري سايز','ar',NULL,NULL),(76,53,'free size','en',NULL,NULL),(77,54,'المقاس فري سايز','ar',NULL,NULL),(78,54,'free size','en',NULL,NULL),(79,60,'المقاس فري سايز','ar',NULL,NULL),(80,60,'free size','en',NULL,NULL),(81,61,'المقاس فري سايز','ar',NULL,NULL),(82,61,'free size','en',NULL,NULL),(83,62,'المقاس فري سايز','ar',NULL,NULL),(84,62,'free size','en',NULL,NULL),(85,63,'المقاس فري سايز','ar',NULL,NULL),(86,63,'free size','en',NULL,NULL),(87,64,'المقاس فري سايز','ar',NULL,NULL),(88,64,'free size','en',NULL,NULL),(89,65,'المقاس فري سايز','ar',NULL,NULL),(90,65,'free size','en',NULL,NULL),(91,66,'فيست','ar',NULL,NULL),(92,66,'فري سايز','en',NULL,NULL),(93,67,'فست صيفي','ar',NULL,NULL),(94,67,'فري سايز','en',NULL,NULL),(95,68,'فست','ar',NULL,NULL),(96,68,'فري سايز','en',NULL,NULL),(97,69,'بشت','ar',NULL,NULL),(98,69,'فري سايز','en',NULL,NULL),(99,70,'ترنش كوت','ar',NULL,NULL),(100,70,'فري سايز','en',NULL,NULL),(101,71,'فستان','ar',NULL,NULL),(102,71,'فري سايز','en',NULL,NULL),(103,72,'فستان','ar',NULL,NULL),(104,72,'فري سايز','en',NULL,NULL),(105,73,'فستان','ar',NULL,NULL),(106,73,'فري سايز','en',NULL,NULL),(107,74,'جاكيت','ar',NULL,NULL),(108,74,'فري سايز','en',NULL,NULL),(109,75,'جاكيت جينز','ar',NULL,NULL),(110,75,'فري سايز','en',NULL,NULL),(111,76,'جاكيت صيفي','ar',NULL,NULL),(112,76,'فري سايز','en',NULL,NULL),(113,77,'افرول +قميص+شال','ar',NULL,NULL),(114,77,'مقاس -s-m','en',NULL,NULL),(115,78,'افرول +قميص +شال','ar',NULL,NULL),(116,78,'مقاس _s_m','en',NULL,NULL),(117,79,'افرول +قميص +شال','ar',NULL,NULL),(118,79,'المقاس _s_m','en',NULL,NULL),(119,80,'افرول +قميص+شال','ar',NULL,NULL),(120,80,'مقاسs-m','en',NULL,NULL),(121,81,'افرول +قميص+شال','ar',NULL,NULL),(122,81,'مقاس s-m','en',NULL,NULL),(123,82,'افرول +قميص+شال','ar',NULL,NULL),(124,82,'المقاسs-m','en',NULL,NULL),(125,83,'بدله قطعتين','ar',NULL,NULL),(126,83,'فري سايز','en',NULL,NULL),(127,84,'بدله قطعتين','ar',NULL,NULL),(128,84,'فري سايز','en',NULL,NULL),(129,85,'بدله قطعتين','ar',NULL,NULL),(130,85,'فري سايز','en',NULL,NULL),(131,86,'بدله قطعتين','ar',NULL,NULL),(132,86,'فري سايز','en',NULL,NULL),(133,87,'البدله قطعتين','ar',NULL,NULL),(134,87,'فري سايز','en',NULL,NULL),(135,88,'بدله قطعتين','ar',NULL,NULL),(136,88,'مقاس s+m','en',NULL,NULL),(137,89,'بدله قطعتين','ar',NULL,NULL),(138,89,'المقاس s+m','en',NULL,NULL),(139,90,'بدله قطعتين','ar',NULL,NULL),(140,90,'مقاس s+m','en',NULL,NULL),(141,91,'بدله قطعتين','ar',NULL,NULL),(142,91,'المقاسs+m','en',NULL,NULL),(143,92,'جاكيت قطعتين','ar',NULL,NULL),(144,92,'المقاسS&M','en',NULL,NULL),(145,93,'جاكيت قطعتين','ar',NULL,NULL),(146,93,'المقاس S & M','en',NULL,NULL),(147,94,'جاكيت قطعتين','ar',NULL,NULL),(148,94,'المقاس  S & M','en',NULL,NULL),(149,95,'جاكيت قطعتين','ar',NULL,NULL),(150,95,'المقاسS & M','en',NULL,NULL),(151,96,'جاكيت','ar',NULL,NULL),(152,96,'فري سايز','en',NULL,NULL),(153,97,'جاكيت','ar',NULL,NULL),(154,97,'فري سايز','en',NULL,NULL),(155,98,'جاكيت صيفي','ar',NULL,NULL),(156,98,'فري سايز','en',NULL,NULL),(157,99,'جاكيت صيفي','ar',NULL,NULL),(158,99,'فري سايز','en',NULL,NULL),(159,100,'بليزر','ar',NULL,NULL),(160,100,'فري سايز','en',NULL,NULL),(161,101,'بليزر','ar',NULL,NULL),(162,101,'فري سايز','en',NULL,NULL),(163,102,'بليزر','ar',NULL,NULL),(164,102,'فري سايز','en',NULL,NULL),(165,103,'بليزر','ar',NULL,NULL),(166,103,'فري سايز','en',NULL,NULL),(167,104,'بليزر','ar',NULL,NULL),(168,104,'فري سايز','en',NULL,NULL),(169,105,'بدله بلنسياقا','ar',NULL,NULL),(170,105,'يلبس s-m-L','en',NULL,NULL),(171,106,'بليزر','ar',NULL,NULL),(172,106,'فري سايز','en',NULL,NULL),(173,107,'بدله','ar',NULL,NULL),(174,107,'ٍْXS','en',NULL,NULL),(175,108,'بدله قطعتين','ar',NULL,NULL),(176,108,'S-M','en',NULL,NULL),(177,109,'بدله قطعتين','ar',NULL,NULL),(178,109,'S+M','en',NULL,NULL),(179,110,'بدله قطعتين','ar',NULL,NULL),(180,110,'S+M','en',NULL,NULL),(181,111,'بدله 3قطع','ar',NULL,NULL),(182,111,'مقاس S+M','en',NULL,NULL),(183,112,'بدله 3 قطع','ar',NULL,NULL),(184,112,'مقاسS+M','en',NULL,NULL),(185,113,'بدله 3 قطع','ar',NULL,NULL),(186,113,'مقاس S+M','en',NULL,NULL),(187,114,'بدله 3 قطع','ar',NULL,NULL),(188,114,'مقاس S+M','en',NULL,NULL),(189,115,'فستان','ar',NULL,NULL),(190,115,'مقاس S+M','en',NULL,NULL),(191,116,'بدله قطعتين','ar',NULL,NULL),(192,116,'مقاسS+M+L','en',NULL,NULL),(193,117,'بدله قطعتين','ar',NULL,NULL),(194,117,'مقاسS+M','en',NULL,NULL),(195,118,'بدله قطعتين','ar',NULL,NULL),(196,118,'S+M','en',NULL,NULL),(197,119,'بدله قطعتين','ar',NULL,NULL),(198,119,'مقاسS+M','en',NULL,NULL),(199,120,'بدله قطعتين','ar',NULL,NULL),(200,120,'مقاس S+M','en',NULL,NULL),(201,121,'بدله قطعتين','ar',NULL,NULL),(202,121,'مقاسS+M','en',NULL,NULL),(203,122,'بدله قطعتين','ar',NULL,NULL),(204,122,'مقاس S+M','en',NULL,NULL),(205,123,'بدله قطعتين','ar',NULL,NULL),(206,123,'مقاس S+M','en',NULL,NULL),(207,124,'بدله قطعتين','ar',NULL,NULL),(208,124,'مقاس S+M','en',NULL,NULL),(209,125,'قميص','ar',NULL,NULL),(210,125,'S_M+L','en',NULL,NULL),(211,126,'قميص','ar',NULL,NULL),(212,126,'مقاس S+M+L','en',NULL,NULL),(213,127,'قميص','ar',NULL,NULL),(214,127,'مقاسS+M+L','en',NULL,NULL),(215,128,'قميص','ar',NULL,NULL),(216,128,'مقاسS+M+L','en',NULL,NULL),(217,129,'قميص','ar',NULL,NULL),(218,129,'مقاسS+M+L','en',NULL,NULL),(219,130,'قميص','ar',NULL,NULL),(220,130,'فري سايز','en',NULL,NULL),(221,131,'قميص','ar',NULL,NULL),(222,131,'فري سايز','en',NULL,NULL),(223,132,'قميص','ar',NULL,NULL),(224,132,'فري سايز','en',NULL,NULL),(225,133,'قميص','ar',NULL,NULL),(226,133,'فري سايز','en',NULL,NULL),(227,134,'قميص','ar',NULL,NULL),(228,134,'فري سايز','en',NULL,NULL),(229,135,'قميص','ar',NULL,NULL),(230,135,'فري سايز','en',NULL,NULL),(231,136,'فستان','ar',NULL,NULL),(232,136,'فري سايز','en',NULL,NULL),(233,137,'فستان','ar',NULL,NULL),(234,137,'فري سايز','en',NULL,NULL),(235,138,'فستان','ar',NULL,NULL),(236,138,'فري سايز','en',NULL,NULL),(237,139,'كارديقان','ar',NULL,NULL),(238,139,'فري سايز','en',NULL,NULL),(239,140,'قميص','ar',NULL,NULL),(240,140,'فري سايز','en',NULL,NULL),(241,141,'قميص','ar',NULL,NULL),(242,141,'فري سايز','en',NULL,NULL),(243,142,'قميص','ar',NULL,NULL),(244,142,'فري سايز','en',NULL,NULL),(245,143,'بدله 3 قطع','ar',NULL,NULL),(246,143,'S+M','en',NULL,NULL),(247,144,'بدله 3 قطع','ar',NULL,NULL),(248,144,'S+M','en',NULL,NULL),(249,145,'بدله 3 قطع','ar',NULL,NULL),(250,145,'S+M','en',NULL,NULL),(251,146,'بدله 3 قطع','ar',NULL,NULL),(252,146,'S+M','en',NULL,NULL),(253,147,'بدله 3 قطع','ar',NULL,NULL),(254,147,'S+M','en',NULL,NULL),(255,148,'قميص','ar',NULL,NULL),(256,148,'مقاس S+M','en',NULL,NULL),(257,149,'قميص','ar',NULL,NULL),(258,149,'مقاسS+M','en',NULL,NULL),(259,150,'بنطلون','ar',NULL,NULL),(260,150,'مقاس S+M','en',NULL,NULL),(261,151,'بنطلون','ar',NULL,NULL),(262,151,'مقاس S+M','en',NULL,NULL),(263,152,'بنطلون','ar',NULL,NULL),(264,152,'مقاسS+M','en',NULL,NULL),(265,153,'حقيبه','ar',NULL,NULL),(266,153,'قوتشي','en',NULL,NULL),(267,154,'حقيبة قوتشي','ar',NULL,NULL),(268,154,'هاندل باق','en',NULL,NULL),(269,155,'حقيبه','ar',NULL,NULL),(270,155,'ديور','en',NULL,NULL),(271,156,'حقيبه','ar',NULL,NULL),(272,156,'ديور','en',NULL,NULL),(273,157,'حقيبه','ar',NULL,NULL),(274,157,'ديور','en',NULL,NULL),(275,158,'حقيبه','ar',NULL,NULL),(276,158,'ديور','en',NULL,NULL),(277,159,'حقيبه','ar',NULL,NULL),(278,159,'قوتشي','en',NULL,NULL),(279,160,'حقيبةه قوتشي','ar',NULL,NULL),(280,160,'نسائيه','en',NULL,NULL),(281,161,'حقيبه ديور','ar',NULL,NULL),(282,161,'كروس','en',NULL,NULL),(283,162,'حقيبه ديور','ar',NULL,NULL),(284,162,'سوبر مني','en',NULL,NULL),(285,163,'حقيبه','ar',NULL,NULL),(286,163,'ديور','en',NULL,NULL),(287,164,'حقيبه','ar',NULL,NULL),(288,164,'ديور','en',NULL,NULL),(289,165,'زيت الشعر','ar',NULL,NULL),(290,165,'ايقاف التساقط','en',NULL,NULL),(291,166,'شامبو','ar',NULL,NULL),(292,166,'عضوي','en',NULL,NULL),(293,167,'الحنه الكاذبه','ar',NULL,NULL),(294,167,'مجموعة اعشاب','en',NULL,NULL),(295,168,'حنه مغذيه','ar',NULL,NULL),(296,168,'لون كستنائي','en',NULL,NULL),(297,169,'حنه برغندي','ar',NULL,NULL),(298,169,'لون احمر','en',NULL,NULL),(299,170,'بلسم','ar',NULL,NULL),(300,170,'منعم','en',NULL,NULL),(301,171,'زيت الثعلبه','ar',NULL,NULL),(302,171,'نمو الشعر','en',NULL,NULL),(303,172,'زيت الرموش والحواجب','ar',NULL,NULL),(304,172,'عنايه','en',NULL,NULL);

--
-- Table structure for table `features`
--

CREATE TABLE `features` (
  `id` int unsigned NOT NULL AUTO_INCREMENT,
  `product_id` int unsigned DEFAULT NULL,
  `created_at` timestamp NULL DEFAULT NULL,
  `updated_at` timestamp NULL DEFAULT NULL,
  `type` varchar(191) CHARACTER SET utf8mb4 COLLATE utf8mb4_unicode_ci DEFAULT NULL,
  PRIMARY KEY (`id`),
  KEY `features_product_id_foreign` (`product_id`)
) ENGINE=InnoDB AUTO_INCREMENT=173 DEFAULT CHARSET=utf8mb4 COLLATE=utf8mb4_unicode_ci;

--
-- Dumping data for table `features`
--

INSERT INTO `features` (`id`, `product_id`, `created_at`, `updated_at`, `type`) VALUES (1,6,'2022-11-08 11:01:58','2022-11-08 11:01:58','color'),(3,6,'2022-11-08 11:03:08','2022-11-08 11:03:08','normal'),(4,5,'2022-11-08 11:15:55','2022-11-08 11:15:55','color'),(5,5,'2022-11-08 11:16:34','2022-11-08 11:16:34','normal'),(6,1,'2022-11-10 05:06:50','2022-11-10 05:06:50','color'),(7,1,'2022-11-10 05:08:35','2022-11-10 05:08:35','normal'),(8,12,'2023-01-03 13:34:40','2023-01-03 13:34:40','normal'),(9,12,'2023-01-03 13:35:53','2023-01-03 13:35:53','color'),(12,13,'2023-01-03 14:29:48','2023-01-03 14:29:48','normal'),(13,13,'2023-01-03 14:29:49','2023-01-03 14:29:49','normal'),(14,13,'2023-01-03 14:29:49','2023-01-03 14:29:49','normal'),(15,13,'2023-01-03 14:29:49','2023-01-03 14:29:49','normal'),(16,13,'2023-01-03 14:29:49','2023-01-03 14:29:49','normal'),(17,13,'2023-01-03 14:29:52','2023-01-03 14:29:52','normal'),(18,13,'2023-01-03 14:29:52','2023-01-03 14:29:52','normal'),(19,13,'2023-01-03 14:29:53','2023-01-03 14:29:53','normal'),(20,13,'2023-01-03 14:29:53','2023-01-03 14:29:53','normal'),(21,13,'2023-01-03 14:29:55','2023-01-03 14:29:55','normal'),(23,13,'2023-01-03 14:29:56','2023-01-03 14:29:56','normal'),(30,23,'2023-01-08 14:58:36','2023-01-11 12:40:49','color'),(35,28,'2023-01-08 15:35:33','2023-01-11 13:04:46','color'),(37,30,'2023-01-08 15:43:39','2023-01-11 12:59:34','color'),(39,31,'2023-01-11 12:50:14','2023-01-11 12:50:14','color'),(40,29,'2023-01-11 13:02:20','2023-01-11 13:02:20','color'),(41,27,'2023-01-11 13:28:14','2023-01-11 13:28:14','color'),(42,26,'2023-01-11 13:34:19','2023-01-11 13:34:19','color'),(43,25,'2023-01-11 13:36:52','2023-01-11 13:36:52','color'),(45,24,'2023-01-11 13:43:01','2023-01-11 13:43:01','color'),(46,22,'2023-01-11 13:45:03','2023-01-11 13:45:03','color'),(47,20,'2023-01-11 13:46:57','2023-01-11 13:46:57','color'),(48,19,'2023-01-11 13:49:47','2023-01-11 13:49:47','color'),(49,18,'2023-01-11 13:51:22','2023-01-11 13:51:22','normal'),(50,17,'2023-01-11 13:53:01','2023-01-11 13:53:01','color'),(52,14,'2023-01-11 13:58:28','2023-01-11 13:58:28','color'),(53,32,'2023-01-11 14:35:52','2023-01-11 14:35:52','color'),(54,34,'2023-01-11 14:50:47','2023-01-11 14:50:47','color'),(55,35,'2023-01-11 14:57:14','2023-01-11 14:57:14','color'),(56,35,'2023-01-11 14:57:18','2023-01-11 14:57:18','color'),(57,35,'2023-01-11 14:57:19','2023-01-11 14:57:19','color'),(58,35,'2023-01-11 14:57:19','2023-01-11 14:57:19','color'),(59,35,'2023-01-11 14:57:20','2023-01-11 14:57:20','color'),(60,35,'2023-01-11 14:57:46','2023-01-11 14:57:46','color'),(61,36,'2023-01-11 15:05:13','2023-01-11 15:05:13','color'),(62,37,'2023-01-11 15:11:02','2023-01-11 15:11:02','color'),(63,38,'2023-01-11 15:22:20','2023-01-11 15:22:20','color'),(64,39,'2023-01-11 15:27:02','2023-01-11 15:27:02','color'),(65,40,'2023-01-11 15:35:45','2023-01-11 15:35:45','color'),(66,42,'2023-03-21 14:21:17','2023-03-21 14:21:17','color'),(67,43,'2023-03-21 14:31:27','2023-03-21 14:31:27','color'),(68,44,'2023-03-21 14:38:05','2023-03-21 14:38:05','color'),(69,45,'2023-03-21 14:53:35','2023-03-21 14:53:35','color'),(70,46,'2023-03-21 15:28:12','2023-03-21 15:28:12','color'),(71,47,'2023-03-21 15:37:00','2023-03-21 15:37:00','color'),(72,48,'2023-03-21 15:46:43','2023-03-21 15:46:43','color'),(73,49,'2023-03-21 15:51:20','2023-03-21 15:51:20','color'),(74,51,'2023-03-21 16:33:36','2023-03-21 16:33:36','color'),(75,52,'2023-03-21 16:40:27','2023-03-21 16:40:27','color'),(76,53,'2023-04-08 17:58:54','2023-04-08 17:58:54','color'),(77,54,'2023-04-08 18:31:24','2023-04-08 18:31:24','color'),(78,55,'2023-04-08 18:39:22','2023-04-08 18:39:22','color'),(79,56,'2023-04-08 18:45:14','2023-04-08 18:45:14','color'),(80,57,'2023-04-08 18:51:17','2023-04-08 18:51:17','color'),(81,58,'2023-04-08 18:55:44','2023-04-08 18:55:44','color'),(82,60,'2023-04-08 19:01:14','2023-04-08 19:01:14','normal'),(83,61,'2023-04-08 19:28:37','2023-04-08 19:28:37','color'),(84,62,'2023-04-08 19:33:02','2023-04-08 19:33:02','color'),(85,63,'2023-04-08 19:39:11','2023-04-08 19:39:11','normal'),(86,64,'2023-04-08 19:47:14','2023-04-08 19:47:14','normal'),(87,66,'2023-04-08 20:02:46','2023-04-08 20:02:46','color'),(88,67,'2023-04-08 20:10:50','2023-04-08 20:10:50','normal'),(89,68,'2023-04-08 20:17:05','2023-04-08 20:17:05','color'),(90,69,'2023-04-08 20:22:16','2023-04-08 20:22:16','color'),(91,70,'2023-04-08 20:28:25','2023-04-08 20:28:25','color'),(92,71,'2023-04-10 18:48:02','2023-04-10 18:48:02','color'),(93,72,'2023-04-10 18:52:55','2023-04-10 18:52:55','color'),(94,73,'2023-04-10 18:59:39','2023-04-10 18:59:39','color'),(95,74,'2023-04-10 19:03:54','2023-04-10 19:03:54','color'),(96,75,'2023-04-30 13:18:35','2023-04-30 13:18:35','color'),(97,76,'2023-04-30 13:22:56','2023-04-30 13:22:56','color'),(98,77,'2023-04-30 13:27:21','2023-04-30 13:27:21','color'),(99,78,'2023-04-30 13:33:15','2023-04-30 13:33:15','color'),(100,79,'2023-04-30 13:47:30','2023-04-30 13:47:30','color'),(101,80,'2023-04-30 13:55:58','2023-04-30 13:55:58','color'),(102,81,'2023-04-30 14:02:31','2023-04-30 14:02:31','color'),(103,82,'2023-04-30 14:10:03','2023-04-30 14:10:03','color'),(104,83,'2023-04-30 14:13:52','2023-04-30 14:13:52','color'),(105,86,'2023-05-01 14:51:08','2023-05-01 14:51:08','color'),(106,87,'2023-05-01 14:56:47','2023-05-01 14:56:47','color'),(107,88,'2023-05-01 15:03:18','2023-05-01 15:03:18','color'),(108,89,'2023-05-01 15:31:43','2023-05-01 15:31:43','color'),(109,90,'2023-05-01 15:36:55','2023-05-01 15:36:55','color'),(110,91,'2023-05-01 15:42:23','2023-05-01 15:42:23','color'),(111,92,'2023-05-02 13:34:10','2023-05-02 13:34:10','color'),(112,93,'2023-05-02 13:44:16','2023-05-02 13:44:16','color'),(113,94,'2023-05-02 13:53:13','2023-05-02 13:53:13','color'),(114,95,'2023-05-02 14:07:37','2023-05-02 14:07:37','color'),(115,96,'2023-05-02 14:27:56','2023-05-02 14:27:56','color'),(116,97,'2023-05-02 14:48:03','2023-05-02 14:48:03','color'),(117,98,'2023-05-02 15:02:29','2023-05-02 15:02:29','color'),(118,101,'2023-05-02 15:10:12','2023-05-02 15:10:12','color'),(119,102,'2023-05-02 15:17:56','2023-05-02 15:17:56','color'),(120,103,'2023-05-02 15:24:39','2023-05-02 15:24:39','color'),(121,104,'2023-05-02 15:29:30','2023-05-02 15:29:30','color'),(122,105,'2023-05-02 16:00:27','2023-05-02 16:00:27','color'),(123,106,'2023-05-02 16:04:49','2023-05-02 16:04:49','color'),(124,107,'2023-05-02 16:09:35','2023-05-02 16:09:35','color'),(125,108,'2023-05-02 17:16:39','2023-05-02 17:16:39','color'),(126,109,'2023-05-02 17:26:49','2023-05-02 17:26:49','normal'),(127,110,'2023-05-02 17:32:12','2023-05-02 17:32:12','color'),(128,111,'2023-05-02 17:36:18','2023-05-02 17:36:18','color'),(129,112,'2023-05-02 17:40:53','2023-05-02 17:40:53','color'),(130,113,'2023-05-08 14:55:33','2023-05-08 14:55:33','normal'),(131,114,'2023-05-08 14:59:05','2023-05-08 14:59:05','color'),(132,115,'2023-05-08 15:04:29','2023-05-08 15:04:29','color'),(133,116,'2023-05-08 15:09:07','2023-05-08 15:09:07','color'),(134,117,'2023-05-08 15:13:14','2023-05-08 15:13:14','color'),(135,118,'2023-05-08 15:16:24','2023-05-08 15:16:24','color'),(136,119,'2023-05-08 15:23:05','2023-05-08 15:23:05','color'),(137,120,'2023-05-08 15:27:16','2023-05-08 15:27:16','color'),(138,121,'2023-05-08 15:30:30','2023-05-08 15:30:30','color'),(139,122,'2023-05-08 15:38:53','2023-05-08 15:38:53','color'),(140,123,'2023-05-09 15:48:47','2023-05-09 15:48:47','color'),(141,124,'2023-05-09 15:52:35','2023-05-09 15:52:35','color'),(142,125,'2023-05-09 15:56:32','2023-05-09 15:56:32','color'),(143,127,'2023-05-09 16:20:53','2023-05-09 16:20:53','color'),(144,128,'2023-05-09 16:26:27','2023-05-09 16:26:27','color'),(145,129,'2023-05-09 16:30:55','2023-05-09 16:30:55','color'),(146,130,'2023-05-09 16:35:34','2023-05-09 16:35:34','color'),(147,131,'2023-05-09 16:39:47','2023-05-09 16:39:47','color'),(148,132,'2023-06-07 10:13:54','2023-06-07 10:13:54','color'),(149,133,'2023-06-07 10:18:43','2023-06-07 10:18:43','color'),(150,134,'2023-06-07 10:24:23','2023-06-07 10:24:23','color'),(151,135,'2023-06-07 10:28:20','2023-06-07 10:28:20','color'),(152,136,'2023-06-07 10:32:00','2023-06-07 10:32:00','color'),(153,137,'2023-07-02 14:42:11','2023-07-02 14:42:11','color'),(154,138,'2023-07-02 14:49:22','2023-07-02 14:49:22','color'),(155,139,'2023-07-02 15:42:10','2023-07-02 15:42:10','normal'),(156,140,'2023-07-02 15:50:46','2023-07-02 15:50:46','color'),(157,141,'2023-07-02 16:13:04','2023-07-02 16:13:04','color'),(158,142,'2023-07-02 16:18:07','2023-07-02 16:18:07','color'),(159,146,'2023-07-02 16:41:23','2023-07-02 16:41:23','normal'),(160,147,'2023-07-02 16:48:10','2023-07-02 16:48:10','color'),(161,148,'2023-07-02 16:53:35','2023-07-02 16:53:35','color'),(162,149,'2023-07-02 16:57:24','2023-07-02 16:57:24','color'),(163,150,'2023-07-02 17:01:18','2023-07-02 17:01:18','color'),(164,152,'2023-07-02 17:05:01','2023-07-02 17:05:01','color'),(165,154,'2023-08-30 14:16:25','2023-08-30 14:16:25','color'),(166,155,'2023-08-30 14:27:12','2023-08-30 14:27:12','normal'),(167,156,'2023-08-30 14:37:06','2023-08-30 14:37:06','normal'),(168,157,'2023-08-30 14:44:27','2023-08-30 14:44:27','normal'),(169,158,'2023-08-30 14:49:53','2023-08-30 14:49:53','normal'),(170,159,'2023-08-30 14:57:45','2023-08-30 14:57:45','normal'),(171,160,'2023-08-30 15:20:22','2023-08-30 15:20:22','normal'),(172,161,'2023-08-30 15:33:29','2023-08-30 15:33:29','normal');

--
-- Table structure for table `files`
--

CREATE TABLE `files` (
  `id` int unsigned NOT NULL AUTO_INCREMENT,
  `image` varchar(255) CHARACTER SET utf8mb4 COLLATE utf8mb4_unicode_ci DEFAULT NULL,
  `main` tinyint NOT NULL DEFAULT '0',
  `tag` varchar(255) CHARACTER SET utf8mb4 COLLATE utf8mb4_unicode_ci DEFAULT NULL,
  `fileable_id` bigint unsigned DEFAULT NULL,
  `fileable_type` varchar(255) CHARACTER SET utf8mb4 COLLATE utf8mb4_unicode_ci DEFAULT NULL,
  `created_at` timestamp NULL DEFAULT NULL,
  `updated_at` timestamp NULL DEFAULT NULL,
  PRIMARY KEY (`id`)
) ENGINE=InnoDB AUTO_INCREMENT=275 DEFAULT CHARSET=utf8mb4 COLLATE=utf8mb4_unicode_ci;

--
-- Dumping data for table `files`
--

INSERT INTO `files` (`id`, `image`, `main`, `tag`, `fileable_id`, `fileable_type`, `created_at`, `updated_at`) VALUES (1,'/uploads/product/1/16677272401646706845980e0d174a5643d43e281bf09115d2d5.webp',0,'16677272401646706845980e0d174a5643d43e281bf09115d2d5.webp',1,'App\\Models\\Product','2022-11-06 07:34:00','2022-11-06 07:34:00'),(2,'/uploads/product/1/16677272421646706841317c58de22fd1dd84943f44c7dea4b03.webp',0,'16677272421646706841317c58de22fd1dd84943f44c7dea4b03.webp',1,'App\\Models\\Product','2022-11-06 07:34:02','2022-11-06 07:34:02'),(3,'/uploads/product/2/16677273741666575277f0942927679bf4471e32ca48dc037084.webp',0,'16677273741666575277f0942927679bf4471e32ca48dc037084.webp',2,'App\\Models\\Product','2022-11-06 07:36:14','2022-11-06 07:36:14'),(4,'/uploads/product/2/166772737816595127787480e0814e908eac75938a8c97477e06.webp',0,'166772737816595127787480e0814e908eac75938a8c97477e06.webp',2,'App\\Models\\Product','2022-11-06 07:36:18','2022-11-06 07:36:18'),(5,'/uploads/product/2/1667727379165951278067b879f3da609ecdb3cb834432006a20.webp',0,'1667727379165951278067b879f3da609ecdb3cb834432006a20.webp',2,'App\\Models\\Product','2022-11-06 07:36:19','2022-11-06 07:36:19'),(6,'/uploads/product/3/1667808915H28d6fa0cf23346af99bdbca1bd4e7a37i.jpg',0,'1667808915H28d6fa0cf23346af99bdbca1bd4e7a37i.jpg',3,'App\\Models\\Product','2022-11-07 06:15:15','2022-11-07 06:15:15'),(7,'/uploads/product/3/1667808917H28d6fa0cf23346af99bdbca1bd4e7a37i.jpg',0,'1667808917H28d6fa0cf23346af99bdbca1bd4e7a37i.jpg',3,'App\\Models\\Product','2022-11-07 06:15:17','2022-11-07 06:15:17'),(8,'/uploads/product/3/1667808920BD-2-post-web-.jpg',0,'1667808920BD-2-post-web-.jpg',3,'App\\Models\\Product','2022-11-07 06:15:20','2022-11-07 06:15:20'),(9,'/uploads/product/4/16678090040-2.jpg',0,'16678090040-2.jpg',4,'App\\Models\\Product','2022-11-07 06:16:44','2022-11-07 06:16:44'),(10,'/uploads/product/4/1667809035BD-2-post-web-.jpg',0,'1667809035BD-2-post-web-.jpg',4,'App\\Models\\Product','2022-11-07 06:17:15','2022-11-07 06:17:15'),(11,'/uploads/product/4/16678090370-2.jpg',0,'16678090370-2.jpg',4,'App\\Models\\Product','2022-11-07 06:17:17','2022-11-07 06:17:17'),(12,'/uploads/product/4/166780904193202224138704.jpg',0,'166780904193202224138704.jpg',4,'App\\Models\\Product','2022-11-07 06:17:21','2022-11-07 06:17:21'),(13,'/uploads/product/5/1667809144H6507c13677314298baa3d373ec7c0cc0y.jpg',0,'1667809144H6507c13677314298baa3d373ec7c0cc0y.jpg',5,'App\\Models\\Product','2022-11-07 06:19:04','2022-11-07 06:19:04'),(14,'/uploads/product/5/1667809148rBVa3l9z-k6Af9-MAAEGDvtpaHk150.jpg',0,'1667809148rBVa3l9z-k6Af9-MAAEGDvtpaHk150.jpg',5,'App\\Models\\Product','2022-11-07 06:19:08','2022-11-07 06:19:08'),(15,'/uploads/product/5/1667809148rBVaV17hsk2AOEwZAADvEW9gyOo294.jpg',0,'1667809148rBVaV17hsk2AOEwZAADvEW9gyOo294.jpg',5,'App\\Models\\Product','2022-11-07 06:19:08','2022-11-07 06:19:08'),(16,'/uploads/product/6/1667809217images.jpg',0,'1667809217images.jpg',6,'App\\Models\\Product','2022-11-07 06:20:17','2022-11-07 06:20:17'),(17,'/uploads/product/6/1667809221423-celly-gafas-antiluz-para-ninos-azul-especificaciones.jpg',0,'1667809221423-celly-gafas-antiluz-para-ninos-azul-especificaciones.jpg',6,'App\\Models\\Product','2022-11-07 06:20:21','2022-11-07 06:20:21'),(18,'/uploads/product/6/1667809221images-1.jpg',0,'1667809221images-1.jpg',6,'App\\Models\\Product','2022-11-07 06:20:21','2022-11-07 06:20:21'),(19,'/uploads/product/7/1668431892N42632178A_1.avif',0,'1668431892N42632178A_1.avif',7,'App\\Models\\Product','2022-11-14 11:18:12','2022-11-14 11:18:12'),(20,'/uploads/product/8/16717141811-zoom-desktop.webp',0,'16717141811-zoom-desktop.webp',8,'App\\Models\\Product','2022-12-22 11:03:01','2022-12-22 11:03:01'),(21,'/uploads/product/8/16717141822-zoom-desktop.webp',0,'16717141822-zoom-desktop.webp',8,'App\\Models\\Product','2022-12-22 11:03:02','2022-12-22 11:03:02'),(22,'/uploads/product/8/16717141823-zoom-desktop.webp',0,'16717141823-zoom-desktop.webp',8,'App\\Models\\Product','2022-12-22 11:03:02','2022-12-22 11:03:02'),(23,'/uploads/product/8/16717141834-zoom-desktop.webp',0,'16717141834-zoom-desktop.webp',8,'App\\Models\\Product','2022-12-22 11:03:03','2022-12-22 11:03:03'),(24,'/uploads/product/10/16717146542-zoom-desktop.webp',0,'16717146542-zoom-desktop.webp',10,'App\\Models\\Product','2022-12-22 11:10:54','2022-12-22 11:10:54'),(25,'/uploads/product/10/16717146541-zoom-desktop.webp',0,'16717146541-zoom-desktop.webp',10,'App\\Models\\Product','2022-12-22 11:10:54','2022-12-22 11:10:54'),(26,'/uploads/product/10/16717146554-zoom-desktop.webp',0,'16717146554-zoom-desktop.webp',10,'App\\Models\\Product','2022-12-22 11:10:55','2022-12-22 11:10:55'),(27,'/uploads/product/10/16717146553-zoom-desktop.webp',0,'16717146553-zoom-desktop.webp',10,'App\\Models\\Product','2022-12-22 11:10:55','2022-12-22 11:10:55'),(28,'/uploads/product/11/16717147194-zoom-desktop.webp',0,'16717147194-zoom-desktop.webp',11,'App\\Models\\Product','2022-12-22 11:11:59','2022-12-22 11:11:59'),(29,'/uploads/product/11/16717147203-zoom-desktop.webp',0,'16717147203-zoom-desktop.webp',11,'App\\Models\\Product','2022-12-22 11:12:00','2022-12-22 11:12:00'),(30,'/uploads/product/11/16717147212-zoom-desktop.webp',0,'16717147212-zoom-desktop.webp',11,'App\\Models\\Product','2022-12-22 11:12:01','2022-12-22 11:12:01'),(31,'/uploads/product/11/16717147211-zoom-desktop.webp',0,'16717147211-zoom-desktop.webp',11,'App\\Models\\Product','2022-12-22 11:12:01','2022-12-22 11:12:01'),(32,'/uploads/product/12/16727600192F13F0B6-5351-4D25-B3C9-A73F3C43FBFB 2.jpg',0,'16727600192F13F0B6-5351-4D25-B3C9-A73F3C43FBFB 2.jpg',12,'App\\Models\\Product','2023-01-03 13:33:39','2023-01-03 13:33:39'),(33,'/uploads/product/12/1672760020Screen Shot 2023-01-02 at 9.24.58 PM copy.jpg',0,'1672760020Screen Shot 2023-01-02 at 9.24.58 PM copy.jpg',12,'App\\Models\\Product','2023-01-03 13:33:40','2023-01-03 13:33:40'),(38,'/uploads/product/16/1672909438photo_2023-01-05_01-01-34.jpg',0,'1672909438photo_2023-01-05_01-01-34.jpg',16,'App\\Models\\Product','2023-01-05 07:03:58','2023-01-05 07:03:58'),(61,'/uploads/product/23/1673197055photo_2023-01-03_06-45-14.jpg',0,'1673197055photo_2023-01-03_06-45-14.jpg',23,'App\\Models\\Product','2023-01-08 14:57:35','2023-01-08 14:57:35'),(62,'/uploads/product/23/1673197066photo_2023-01-03_06-45-17.jpg',0,'1673197066photo_2023-01-03_06-45-17.jpg',23,'App\\Models\\Product','2023-01-08 14:57:46','2023-01-08 14:57:46'),(67,'/uploads/product/27/1673198974photo_2023-01-03_06-47-01.jpg',0,'1673198974photo_2023-01-03_06-47-01.jpg',27,'App\\Models\\Product','2023-01-08 15:29:34','2023-01-08 15:29:34'),(68,'/uploads/product/28/1673199281photo_2023-01-03_06-47-05.jpg',0,'1673199281photo_2023-01-03_06-47-05.jpg',28,'App\\Models\\Product','2023-01-08 15:34:41','2023-01-08 15:34:41'),(69,'/uploads/product/29/1673199534photo_2023-01-03_06-47-07.jpg',0,'1673199534photo_2023-01-03_06-47-07.jpg',29,'App\\Models\\Product','2023-01-08 15:38:54','2023-01-08 15:38:54'),(71,'/uploads/product/30/1673200005photo_2023-01-03_06-47-09.jpg',0,'1673200005photo_2023-01-03_06-47-09.jpg',30,'App\\Models\\Product','2023-01-08 15:46:45','2023-01-08 15:46:45'),(73,'/uploads/product/31/16732479542023-01-08-photo_2023-01-03_06-47-03.jpg',0,'16732479542023-01-08-photo_2023-01-03_06-47-03.jpg',31,'App\\Models\\Product','2023-01-09 05:05:54','2023-01-09 05:05:54'),(74,'/uploads/product/31/16732479552023-01-08-photo_2023-01-03_06-47-03.jpg',0,'16732479552023-01-08-photo_2023-01-03_06-47-03.jpg',31,'App\\Models\\Product','2023-01-09 05:05:55','2023-01-09 05:05:55'),(75,'/uploads/product/31/16732479572023-01-08-photo_2023-01-03_06-47-03.jpg',0,'16732479572023-01-08-photo_2023-01-03_06-47-03.jpg',31,'App\\Models\\Product','2023-01-09 05:05:57','2023-01-09 05:05:57'),(76,'/uploads/product/31/16732479592023-01-08-photo_2023-01-03_06-47-03.jpg',0,'16732479592023-01-08-photo_2023-01-03_06-47-03.jpg',31,'App\\Models\\Product','2023-01-09 05:05:59','2023-01-09 05:05:59'),(77,'/uploads/product/31/1673448480photo_2023-01-03_06-47-03.jpg',0,'1673448480photo_2023-01-03_06-47-03.jpg',31,'App\\Models\\Product','2023-01-11 12:48:00','2023-01-11 12:48:00'),(78,'/uploads/product/30/1673448896photo_2023-01-03_06-47-09.jpg',0,'1673448896photo_2023-01-03_06-47-09.jpg',30,'App\\Models\\Product','2023-01-11 12:54:56','2023-01-11 12:54:56'),(79,'/uploads/product/29/1673449304photo_2023-01-03_06-47-01.jpg',0,'1673449304photo_2023-01-03_06-47-01.jpg',29,'App\\Models\\Product','2023-01-11 13:01:44','2023-01-11 13:01:44'),(80,'/uploads/product/28/1673449441photo_2023-01-03_06-47-05.jpg',0,'1673449441photo_2023-01-03_06-47-05.jpg',28,'App\\Models\\Product','2023-01-11 13:04:01','2023-01-11 13:04:01'),(81,'/uploads/product/27/1673449654photo_2023-01-03_06-47-01.jpg',0,'1673449654photo_2023-01-03_06-47-01.jpg',27,'App\\Models\\Product','2023-01-11 13:07:34','2023-01-11 13:07:34'),(87,'/uploads/product/26/1673451217photo_2023-01-03_06-46-57.jpg',0,'1673451217photo_2023-01-03_06-46-57.jpg',26,'App\\Models\\Product','2023-01-11 13:33:37','2023-01-11 13:33:37'),(88,'/uploads/product/25/1673451361photo_2023-01-03_06-45-29.jpg',0,'1673451361photo_2023-01-03_06-45-29.jpg',25,'App\\Models\\Product','2023-01-11 13:36:01','2023-01-11 13:36:01'),(89,'/uploads/product/24/1673451569photo_2023-01-03_06-46-59.jpg',0,'1673451569photo_2023-01-03_06-46-59.jpg',24,'App\\Models\\Product','2023-01-11 13:39:29','2023-01-11 13:39:29'),(90,'/uploads/product/22/1673451873photo_2023-01-03_06-44-34.jpg',0,'1673451873photo_2023-01-03_06-44-34.jpg',22,'App\\Models\\Product','2023-01-11 13:44:33','2023-01-11 13:44:33'),(91,'/uploads/product/22/1673451879photo_2023-01-03_06-45-02.jpg',0,'1673451879photo_2023-01-03_06-45-02.jpg',22,'App\\Models\\Product','2023-01-11 13:44:39','2023-01-11 13:44:39'),(92,'/uploads/product/20/1673451989photo_2023-01-03_06-45-21.jpg',0,'1673451989photo_2023-01-03_06-45-21.jpg',20,'App\\Models\\Product','2023-01-11 13:46:29','2023-01-11 13:46:29'),(93,'/uploads/product/20/1673451994photo_2023-01-03_06-45-25.jpg',0,'1673451994photo_2023-01-03_06-45-25.jpg',20,'App\\Models\\Product','2023-01-11 13:46:34','2023-01-11 13:46:34'),(94,'/uploads/product/19/1673452160photo_2023-01-03_06-44-45.jpg',0,'1673452160photo_2023-01-03_06-44-45.jpg',19,'App\\Models\\Product','2023-01-11 13:49:20','2023-01-11 13:49:20'),(95,'/uploads/product/19/1673452166photo_2023-01-03_06-44-58.jpg',0,'1673452166photo_2023-01-03_06-44-58.jpg',19,'App\\Models\\Product','2023-01-11 13:49:26','2023-01-11 13:49:26'),(96,'/uploads/product/18/1673452259photo_2023-01-03_06-44-25.jpg',0,'1673452259photo_2023-01-03_06-44-25.jpg',18,'App\\Models\\Product','2023-01-11 13:50:59','2023-01-11 13:50:59'),(97,'/uploads/product/18/1673452266photo_2023-01-03_06-46-36.jpg',0,'1673452266photo_2023-01-03_06-46-36.jpg',18,'App\\Models\\Product','2023-01-11 13:51:06','2023-01-11 13:51:06'),(98,'/uploads/product/17/1673452357photo_2023-01-03_06-45-10.jpg',0,'1673452357photo_2023-01-03_06-45-10.jpg',17,'App\\Models\\Product','2023-01-11 13:52:37','2023-01-11 13:52:37'),(99,'/uploads/product/17/1673452362photo_2023-01-03_06-45-06.jpg',0,'1673452362photo_2023-01-03_06-45-06.jpg',17,'App\\Models\\Product','2023-01-11 13:52:42','2023-01-11 13:52:42'),(102,'/uploads/product/14/1673452678photo_2023-01-03_06-42-32.jpg',0,'1673452678photo_2023-01-03_06-42-32.jpg',14,'App\\Models\\Product','2023-01-11 13:57:58','2023-01-11 13:57:58'),(103,'/uploads/product/14/1673452687photo_2023-01-03_06-46-41.jpg',0,'1673452687photo_2023-01-03_06-46-41.jpg',14,'App\\Models\\Product','2023-01-11 13:58:07','2023-01-11 13:58:07'),(104,'/uploads/product/32/1673454888photo_2023-01-03_06-44-45.jpg',0,'1673454888photo_2023-01-03_06-44-45.jpg',32,'App\\Models\\Product','2023-01-11 14:34:48','2023-01-11 14:34:48'),(105,'/uploads/product/32/1673454893photo_2023-01-03_06-44-58.jpg',0,'1673454893photo_2023-01-03_06-44-58.jpg',32,'App\\Models\\Product','2023-01-11 14:34:53','2023-01-11 14:34:53'),(106,'/uploads/product/34/1673455735photo_2023-01-03_06-47-45.jpg',0,'1673455735photo_2023-01-03_06-47-45.jpg',34,'App\\Models\\Product','2023-01-11 14:48:55','2023-01-11 14:48:55'),(107,'/uploads/product/35/1673456182photo_2023-01-03_06-47-44.jpg',0,'1673456182photo_2023-01-03_06-47-44.jpg',35,'App\\Models\\Product','2023-01-11 14:56:22','2023-01-11 14:56:22'),(108,'/uploads/product/36/1673456651photo_2023-01-03_06-47-47.jpg',0,'1673456651photo_2023-01-03_06-47-47.jpg',36,'App\\Models\\Product','2023-01-11 15:04:11','2023-01-11 15:04:11'),(109,'/uploads/product/37/1673457011photo_2023-01-03_06-47-28.jpg',0,'1673457011photo_2023-01-03_06-47-28.jpg',37,'App\\Models\\Product','2023-01-11 15:10:11','2023-01-11 15:10:11'),(110,'/uploads/product/38/1673457696photo_2023-01-03_06-47-26.jpg',0,'1673457696photo_2023-01-03_06-47-26.jpg',38,'App\\Models\\Product','2023-01-11 15:21:36','2023-01-11 15:21:36'),(111,'/uploads/product/39/1673457966photo_2023-01-03_06-47-51.jpg',0,'1673457966photo_2023-01-03_06-47-51.jpg',39,'App\\Models\\Product','2023-01-11 15:26:06','2023-01-11 15:26:06'),(112,'/uploads/product/39/1673457970photo_2023-01-03_06-47-50.jpg',0,'1673457970photo_2023-01-03_06-47-50.jpg',39,'App\\Models\\Product','2023-01-11 15:26:10','2023-01-11 15:26:10'),(113,'/uploads/product/40/1673458483photo_2023-01-03_06-47-32.jpg',0,'1673458483photo_2023-01-03_06-47-32.jpg',40,'App\\Models\\Product','2023-01-11 15:34:43','2023-01-11 15:34:43'),(114,'/uploads/product/42/1679415568photo_2023-03-21_09-15-29.jpg',0,'1679415568photo_2023-03-21_09-15-29.jpg',42,'App\\Models\\Product','2023-03-21 14:19:28','2023-03-21 14:19:28'),(115,'/uploads/product/43/1679416215photo_2023-03-21_09-15-23.jpg',0,'1679416215photo_2023-03-21_09-15-23.jpg',43,'App\\Models\\Product','2023-03-21 14:30:15','2023-03-21 14:30:15'),(116,'/uploads/product/44/1679416550photo_2023-03-21_09-15-32.jpg',0,'1679416550photo_2023-03-21_09-15-32.jpg',44,'App\\Models\\Product','2023-03-21 14:35:50','2023-03-21 14:35:50'),(117,'/uploads/product/45/1679417542photo_2023-03-21_09-15-34 (2).jpg',0,'1679417542photo_2023-03-21_09-15-34 (2).jpg',45,'App\\Models\\Product','2023-03-21 14:52:22','2023-03-21 14:52:22'),(118,'/uploads/product/45/1679417566photo_2023-03-21_09-15-36.jpg',0,'1679417566photo_2023-03-21_09-15-36.jpg',45,'App\\Models\\Product','2023-03-21 14:52:46','2023-03-21 14:52:46'),(119,'/uploads/product/46/1679419635photo_2023-03-21_10-11-52.jpg',0,'1679419635photo_2023-03-21_10-11-52.jpg',46,'App\\Models\\Product','2023-03-21 15:27:15','2023-03-21 15:27:15'),(120,'/uploads/product/47/1679420153photo_2023-03-21_10-16-27.jpg',0,'1679420153photo_2023-03-21_10-16-27.jpg',47,'App\\Models\\Product','2023-03-21 15:35:53','2023-03-21 15:35:53'),(121,'/uploads/product/48/1679420700photo_2023-03-21_10-16-16.jpg',0,'1679420700photo_2023-03-21_10-16-16.jpg',48,'App\\Models\\Product','2023-03-21 15:45:00','2023-03-21 15:45:00'),(122,'/uploads/product/49/1679421030photo_2023-03-21_10-16-32.jpg',0,'1679421030photo_2023-03-21_10-16-32.jpg',49,'App\\Models\\Product','2023-03-21 15:50:30','2023-03-21 15:50:30'),(123,'/uploads/product/51/1679423550photo_2023-03-21_10-15-21.jpg',0,'1679423550photo_2023-03-21_10-15-21.jpg',51,'App\\Models\\Product','2023-03-21 16:32:30','2023-03-21 16:32:30'),(124,'/uploads/product/51/1679423559photo_2023-03-21_10-17-29.jpg',0,'1679423559photo_2023-03-21_10-17-29.jpg',51,'App\\Models\\Product','2023-03-21 16:32:39','2023-03-21 16:32:39'),(125,'/uploads/product/52/1679423930photo_2023-03-21_10-14-33.jpg',0,'1679423930photo_2023-03-21_10-14-33.jpg',52,'App\\Models\\Product','2023-03-21 16:38:50','2023-03-21 16:38:50'),(126,'/uploads/product/52/1679423939photo_2023-03-21_10-15-32.jpg',0,'1679423939photo_2023-03-21_10-15-32.jpg',52,'App\\Models\\Product','2023-03-21 16:38:59','2023-03-21 16:38:59'),(127,'/uploads/product/53/1680983886photo_2023-04-08_12-57-14.jpg',0,'1680983886photo_2023-04-08_12-57-14.jpg',53,'App\\Models\\Product','2023-04-08 17:58:06','2023-04-08 17:58:06'),(128,'/uploads/product/54/1680985788photo_2023-04-08_13-19-38.jpg',0,'1680985788photo_2023-04-08_13-19-38.jpg',54,'App\\Models\\Product','2023-04-08 18:29:48','2023-04-08 18:29:48'),(129,'/uploads/product/55/1680986295photo_2023-04-08_13-19-48.jpg',0,'1680986295photo_2023-04-08_13-19-48.jpg',55,'App\\Models\\Product','2023-04-08 18:38:15','2023-04-08 18:38:15'),(130,'/uploads/product/56/1680986653photo_2023-04-08_13-20-12.jpg',0,'1680986653photo_2023-04-08_13-20-12.jpg',56,'App\\Models\\Product','2023-04-08 18:44:13','2023-04-08 18:44:13'),(131,'/uploads/product/57/1680987028photo_2023-04-08_13-20-05.jpg',0,'1680987028photo_2023-04-08_13-20-05.jpg',57,'App\\Models\\Product','2023-04-08 18:50:28','2023-04-08 18:50:28'),(132,'/uploads/product/58/1680987292photo_2023-04-08_13-19-56.jpg',0,'1680987292photo_2023-04-08_13-19-56.jpg',58,'App\\Models\\Product','2023-04-08 18:54:52','2023-04-08 18:54:52'),(134,'/uploads/product/60/1680988848photo_2023-04-08_14-19-55.jpg',0,'1680988848photo_2023-04-08_14-19-55.jpg',60,'App\\Models\\Product','2023-04-08 19:20:48','2023-04-08 19:20:48'),(135,'/uploads/product/60/1680988889photo_2023-04-08_13-19-56.jpg',0,'1680988889photo_2023-04-08_13-19-56.jpg',60,'App\\Models\\Product','2023-04-08 19:21:29','2023-04-08 19:21:29'),(136,'/uploads/product/61/1680989275photo_2023-04-08_14-19-34.jpg',0,'1680989275photo_2023-04-08_14-19-34.jpg',61,'App\\Models\\Product','2023-04-08 19:27:55','2023-04-08 19:27:55'),(137,'/uploads/product/62/1680989544photo_2023-04-08_14-19-49.jpg',0,'1680989544photo_2023-04-08_14-19-49.jpg',62,'App\\Models\\Product','2023-04-08 19:32:24','2023-04-08 19:32:24'),(138,'/uploads/product/63/1680989912photo_2023-04-08_14-20-01.jpg',0,'1680989912photo_2023-04-08_14-20-01.jpg',63,'App\\Models\\Product','2023-04-08 19:38:32','2023-04-08 19:38:32'),(139,'/uploads/product/64/1680990380photo_2023-04-08_14-19-42.jpg',0,'1680990380photo_2023-04-08_14-19-42.jpg',64,'App\\Models\\Product','2023-04-08 19:46:20','2023-04-08 19:46:20'),(140,'/uploads/product/66/1680991319photo_2023-04-08_14-53-52.jpg',0,'1680991319photo_2023-04-08_14-53-52.jpg',66,'App\\Models\\Product','2023-04-08 20:01:59','2023-04-08 20:01:59'),(141,'/uploads/product/67/1680991795photo_2023-04-08_14-53-44.jpg',0,'1680991795photo_2023-04-08_14-53-44.jpg',67,'App\\Models\\Product','2023-04-08 20:09:55','2023-04-08 20:09:55'),(142,'/uploads/product/68/1680992172photo_2023-04-08_14-53-44.jpg',0,'1680992172photo_2023-04-08_14-53-44.jpg',68,'App\\Models\\Product','2023-04-08 20:16:12','2023-04-08 20:16:12'),(143,'/uploads/product/69/1680992485photo_2023-04-08_14-53-36.jpg',0,'1680992485photo_2023-04-08_14-53-36.jpg',69,'App\\Models\\Product','2023-04-08 20:21:25','2023-04-08 20:21:25'),(144,'/uploads/product/70/1680992853photo_2023-04-08_14-53-28.jpg',0,'1680992853photo_2023-04-08_14-53-28.jpg',70,'App\\Models\\Product','2023-04-08 20:27:33','2023-04-08 20:27:33'),(145,'/uploads/product/71/1681159610photo_2023-04-10_13-30-06.jpg',0,'1681159610photo_2023-04-10_13-30-06.jpg',71,'App\\Models\\Product','2023-04-10 18:46:50','2023-04-10 18:46:50'),(146,'/uploads/product/72/1681159916photo_2023-04-10_13-30-23.jpg',0,'1681159916photo_2023-04-10_13-30-23.jpg',72,'App\\Models\\Product','2023-04-10 18:51:56','2023-04-10 18:51:56'),(147,'/uploads/product/73/1681160310photo_2023-04-10_13-29-59.jpg',0,'1681160310photo_2023-04-10_13-29-59.jpg',73,'App\\Models\\Product','2023-04-10 18:58:30','2023-04-10 18:58:30'),(148,'/uploads/product/74/1681160583photo_2023-04-10_13-30-12.jpg',0,'1681160583photo_2023-04-10_13-30-12.jpg',74,'App\\Models\\Product','2023-04-10 19:03:03','2023-04-10 19:03:03'),(149,'/uploads/product/75/1682871398photo_2023-04-30_09-16-03.jpg',0,'1682871398photo_2023-04-30_09-16-03.jpg',75,'App\\Models\\Product','2023-04-30 13:16:38','2023-04-30 13:16:38'),(150,'/uploads/product/75/1682871469photo_2023-04-30_09-16-03.jpg',0,'1682871469photo_2023-04-30_09-16-03.jpg',75,'App\\Models\\Product','2023-04-30 13:17:49','2023-04-30 13:17:49'),(151,'/uploads/product/75/1682871480photo_2023-04-30_09-15-55.jpg',0,'1682871480photo_2023-04-30_09-15-55.jpg',75,'App\\Models\\Product','2023-04-30 13:18:00','2023-04-30 13:18:00'),(152,'/uploads/product/76/1682871722photo_2023-04-30_09-16-16.jpg',0,'1682871722photo_2023-04-30_09-16-16.jpg',76,'App\\Models\\Product','2023-04-30 13:22:02','2023-04-30 13:22:02'),(153,'/uploads/product/76/1682871730photo_2023-04-30_09-16-22.jpg',0,'1682871730photo_2023-04-30_09-16-22.jpg',76,'App\\Models\\Product','2023-04-30 13:22:10','2023-04-30 13:22:10'),(154,'/uploads/product/77/1682871981photo_2023-04-30_09-16-08.jpg',0,'1682871981photo_2023-04-30_09-16-08.jpg',77,'App\\Models\\Product','2023-04-30 13:26:21','2023-04-30 13:26:21'),(155,'/uploads/product/77/1682871998photo_2023-04-30_09-15-35.jpg',0,'1682871998photo_2023-04-30_09-15-35.jpg',77,'App\\Models\\Product','2023-04-30 13:26:38','2023-04-30 13:26:38'),(156,'/uploads/product/78/1682872345photo_2023-04-30_09-15-49.jpg',0,'1682872345photo_2023-04-30_09-15-49.jpg',78,'App\\Models\\Product','2023-04-30 13:32:25','2023-04-30 13:32:25'),(157,'/uploads/product/78/1682872355photo_2023-04-30_09-15-42.jpg',0,'1682872355photo_2023-04-30_09-15-42.jpg',78,'App\\Models\\Product','2023-04-30 13:32:35','2023-04-30 13:32:35'),(158,'/uploads/product/79/1682873200photo_2023-04-30_09-42-26.jpg',0,'1682873200photo_2023-04-30_09-42-26.jpg',79,'App\\Models\\Product','2023-04-30 13:46:40','2023-04-30 13:46:40'),(159,'/uploads/product/79/1682873209photo_2023-04-30_09-42-20.jpg',0,'1682873209photo_2023-04-30_09-42-20.jpg',79,'App\\Models\\Product','2023-04-30 13:46:49','2023-04-30 13:46:49'),(160,'/uploads/product/80/1682873712photo_2023-04-30_09-52-34.jpg',0,'1682873712photo_2023-04-30_09-52-34.jpg',80,'App\\Models\\Product','2023-04-30 13:55:12','2023-04-30 13:55:12'),(161,'/uploads/product/80/1682873719photo_2023-04-30_09-52-04.jpg',0,'1682873719photo_2023-04-30_09-52-04.jpg',80,'App\\Models\\Product','2023-04-30 13:55:19','2023-04-30 13:55:19'),(162,'/uploads/product/81/1682874109photo_2023-04-30_09-52-45.jpg',0,'1682874109photo_2023-04-30_09-52-45.jpg',81,'App\\Models\\Product','2023-04-30 14:01:49','2023-04-30 14:01:49'),(163,'/uploads/product/81/1682874117photo_2023-04-30_09-52-39.jpg',0,'1682874117photo_2023-04-30_09-52-39.jpg',81,'App\\Models\\Product','2023-04-30 14:01:57','2023-04-30 14:01:57'),(164,'/uploads/product/82/1682874560photo_2023-04-30_10-08-25.jpg',0,'1682874560photo_2023-04-30_10-08-25.jpg',82,'App\\Models\\Product','2023-04-30 14:09:20','2023-04-30 14:09:20'),(165,'/uploads/product/82/1682874568photo_2023-04-30_10-08-31.jpg',0,'1682874568photo_2023-04-30_10-08-31.jpg',82,'App\\Models\\Product','2023-04-30 14:09:28','2023-04-30 14:09:28'),(166,'/uploads/product/83/1682874786photo_2023-04-30_10-08-37.jpg',0,'1682874786photo_2023-04-30_10-08-37.jpg',83,'App\\Models\\Product','2023-04-30 14:13:06','2023-04-30 14:13:06'),(167,'/uploads/product/83/1682874795photo_2023-04-30_10-08-42.jpg',0,'1682874795photo_2023-04-30_10-08-42.jpg',83,'App\\Models\\Product','2023-04-30 14:13:15','2023-04-30 14:13:15'),(168,'/uploads/product/86/1682963260photo_2023-05-01_10-47-25.jpg',0,'1682963260photo_2023-05-01_10-47-25.jpg',86,'App\\Models\\Product','2023-05-01 14:47:40','2023-05-01 14:47:40'),(169,'/uploads/product/87/1682963754photo_2023-04-30_10-08-37.jpg',0,'1682963754photo_2023-04-30_10-08-37.jpg',87,'App\\Models\\Product','2023-05-01 14:55:54','2023-05-01 14:55:54'),(170,'/uploads/product/87/1682963762photo_2023-04-30_10-08-42.jpg',0,'1682963762photo_2023-04-30_10-08-42.jpg',87,'App\\Models\\Product','2023-05-01 14:56:02','2023-05-01 14:56:02'),(171,'/uploads/product/88/1682964150photo_2023-05-01_10-26-22.jpg',0,'1682964150photo_2023-05-01_10-26-22.jpg',88,'App\\Models\\Product','2023-05-01 15:02:30','2023-05-01 15:02:30'),(172,'/uploads/product/88/1682964974photo_2023-05-01_11-15-50.jpg',0,'1682964974photo_2023-05-01_11-15-50.jpg',88,'App\\Models\\Product','2023-05-01 15:16:14','2023-05-01 15:16:14'),(173,'/uploads/product/88/1682965117photo_2023-05-01_11-18-11.jpg',0,'1682965117photo_2023-05-01_11-18-11.jpg',88,'App\\Models\\Product','2023-05-01 15:18:37','2023-05-01 15:18:37'),(174,'/uploads/product/89/1682965820photo_2023-05-01_11-22-38.jpg',0,'1682965820photo_2023-05-01_11-22-38.jpg',89,'App\\Models\\Product','2023-05-01 15:30:20','2023-05-01 15:30:20'),(175,'/uploads/product/89/1682965829photo_2023-05-01_11-22-50.jpg',0,'1682965829photo_2023-05-01_11-22-50.jpg',89,'App\\Models\\Product','2023-05-01 15:30:29','2023-05-01 15:30:29'),(176,'/uploads/product/90/1682966152photo_2023-05-01_11-22-26.jpg',0,'1682966152photo_2023-05-01_11-22-26.jpg',90,'App\\Models\\Product','2023-05-01 15:35:52','2023-05-01 15:35:52'),(177,'/uploads/product/90/1682966161photo_2023-05-01_11-22-32.jpg',0,'1682966161photo_2023-05-01_11-22-32.jpg',90,'App\\Models\\Product','2023-05-01 15:36:01','2023-05-01 15:36:01'),(178,'/uploads/product/91/1682966487photo_2023-05-01_11-22-13.jpg',0,'1682966487photo_2023-05-01_11-22-13.jpg',91,'App\\Models\\Product','2023-05-01 15:41:27','2023-05-01 15:41:27'),(179,'/uploads/product/91/1682966496photo_2023-05-01_11-22-20.jpg',0,'1682966496photo_2023-05-01_11-22-20.jpg',91,'App\\Models\\Product','2023-05-01 15:41:36','2023-05-01 15:41:36'),(180,'/uploads/product/92/1683045166photo_2023-05-02_09-26-08.jpg',0,'1683045166photo_2023-05-02_09-26-08.jpg',92,'App\\Models\\Product','2023-05-02 13:32:46','2023-05-02 13:32:46'),(181,'/uploads/product/92/1683045177photo_2023-05-02_09-26-02.jpg',0,'1683045177photo_2023-05-02_09-26-02.jpg',92,'App\\Models\\Product','2023-05-02 13:32:57','2023-05-02 13:32:57'),(182,'/uploads/product/92/1683045187photo_2023-05-02_09-26-22.jpg',0,'1683045187photo_2023-05-02_09-26-22.jpg',92,'App\\Models\\Product','2023-05-02 13:33:07','2023-05-02 13:33:07'),(183,'/uploads/product/93/1683045564photo_2023-05-02_09-25-56.jpg',0,'1683045564photo_2023-05-02_09-25-56.jpg',93,'App\\Models\\Product','2023-05-02 13:39:24','2023-05-02 13:39:24'),(184,'/uploads/product/93/1683045779photo_2023-05-02_09-42-38.jpg',0,'1683045779photo_2023-05-02_09-42-38.jpg',93,'App\\Models\\Product','2023-05-02 13:42:59','2023-05-02 13:42:59'),(185,'/uploads/product/93/1683045789photo_2023-05-02_09-42-30.jpg',0,'1683045789photo_2023-05-02_09-42-30.jpg',93,'App\\Models\\Product','2023-05-02 13:43:09','2023-05-02 13:43:09'),(186,'/uploads/product/94/1683046320photo_2023-05-02_09-42-23.jpg',0,'1683046320photo_2023-05-02_09-42-23.jpg',94,'App\\Models\\Product','2023-05-02 13:52:00','2023-05-02 13:52:00'),(187,'/uploads/product/94/1683046328photo_2023-05-02_09-42-14.jpg',0,'1683046328photo_2023-05-02_09-42-14.jpg',94,'App\\Models\\Product','2023-05-02 13:52:08','2023-05-02 13:52:08'),(188,'/uploads/product/94/1683046502photo_2023-05-02_09-26-15.jpg',0,'1683046502photo_2023-05-02_09-26-15.jpg',94,'App\\Models\\Product','2023-05-02 13:55:02','2023-05-02 13:55:02'),(189,'/uploads/product/95/1683047181photo_2023-05-02_10-01-52.jpg',0,'1683047181photo_2023-05-02_10-01-52.jpg',95,'App\\Models\\Product','2023-05-02 14:06:21','2023-05-02 14:06:21'),(190,'/uploads/product/95/1683047192photo_2023-05-02_10-01-45.jpg',0,'1683047192photo_2023-05-02_10-01-45.jpg',95,'App\\Models\\Product','2023-05-02 14:06:32','2023-05-02 14:06:32'),(191,'/uploads/product/96/1683048412photo_2023-05-02_10-16-36.jpg',0,'1683048412photo_2023-05-02_10-16-36.jpg',96,'App\\Models\\Product','2023-05-02 14:26:52','2023-05-02 14:26:52'),(192,'/uploads/product/96/1683048420photo_2023-05-02_10-16-30.jpg',0,'1683048420photo_2023-05-02_10-16-30.jpg',96,'App\\Models\\Product','2023-05-02 14:27:00','2023-05-02 14:27:00'),(193,'/uploads/product/96/1683048427photo_2023-05-02_10-16-41.jpg',0,'1683048427photo_2023-05-02_10-16-41.jpg',96,'App\\Models\\Product','2023-05-02 14:27:07','2023-05-02 14:27:07'),(194,'/uploads/product/97/1683049592photo_2023-05-02_10-38-05.jpg',0,'1683049592photo_2023-05-02_10-38-05.jpg',97,'App\\Models\\Product','2023-05-02 14:46:32','2023-05-02 14:46:32'),(195,'/uploads/product/97/1683049600photo_2023-05-02_10-37-54.jpg',0,'1683049600photo_2023-05-02_10-37-54.jpg',97,'App\\Models\\Product','2023-05-02 14:46:40','2023-05-02 14:46:40'),(196,'/uploads/product/97/1683049614photo_2023-05-02_10-38-00.jpg',0,'1683049614photo_2023-05-02_10-38-00.jpg',97,'App\\Models\\Product','2023-05-02 14:46:54','2023-05-02 14:46:54'),(198,'/uploads/product/98/1683050665photo_2023-05-02_10-57-41.jpg',0,'1683050665photo_2023-05-02_10-57-41.jpg',98,'App\\Models\\Product','2023-05-02 15:04:25','2023-05-02 15:04:25'),(199,'/uploads/product/101/1683050916photo_2023-05-02_10-57-36.jpg',0,'1683050916photo_2023-05-02_10-57-36.jpg',101,'App\\Models\\Product','2023-05-02 15:08:36','2023-05-02 15:08:36'),(200,'/uploads/product/102/1683051436photo_2023-05-02_10-57-53.jpg',0,'1683051436photo_2023-05-02_10-57-53.jpg',102,'App\\Models\\Product','2023-05-02 15:17:16','2023-05-02 15:17:16'),(201,'/uploads/product/103/1683051819photo_2023-05-02_10-57-58.jpg',0,'1683051819photo_2023-05-02_10-57-58.jpg',103,'App\\Models\\Product','2023-05-02 15:23:39','2023-05-02 15:23:39'),(202,'/uploads/product/104/1683052117photo_2023-05-02_10-57-46.jpg',0,'1683052117photo_2023-05-02_10-57-46.jpg',104,'App\\Models\\Product','2023-05-02 15:28:37','2023-05-02 15:28:37'),(203,'/uploads/product/105/1683053951photo_2023-05-02_11-54-28.jpg',0,'1683053951photo_2023-05-02_11-54-28.jpg',105,'App\\Models\\Product','2023-05-02 15:59:11','2023-05-02 15:59:11'),(204,'/uploads/product/106/1683054246photo_2023-05-02_11-54-34.jpg',0,'1683054246photo_2023-05-02_11-54-34.jpg',106,'App\\Models\\Product','2023-05-02 16:04:06','2023-05-02 16:04:06'),(205,'/uploads/product/107/1683054524photo_2023-05-02_11-54-22.jpg',0,'1683054524photo_2023-05-02_11-54-22.jpg',107,'App\\Models\\Product','2023-05-02 16:08:44','2023-05-02 16:08:44'),(206,'/uploads/product/108/1683058481photo_2023-05-02_13-09-03.jpg',0,'1683058481photo_2023-05-02_13-09-03.jpg',108,'App\\Models\\Product','2023-05-02 17:14:41','2023-05-02 17:14:41'),(207,'/uploads/product/109/1683059110photo_2023-05-02_13-08-56.jpg',0,'1683059110photo_2023-05-02_13-08-56.jpg',109,'App\\Models\\Product','2023-05-02 17:25:10','2023-05-02 17:25:10'),(208,'/uploads/product/110/1683059478photo_2023-05-02_13-08-51.jpg',0,'1683059478photo_2023-05-02_13-08-51.jpg',110,'App\\Models\\Product','2023-05-02 17:31:18','2023-05-02 17:31:18'),(209,'/uploads/product/111/1683059735photo_2023-05-02_13-08-45.jpg',0,'1683059735photo_2023-05-02_13-08-45.jpg',111,'App\\Models\\Product','2023-05-02 17:35:35','2023-05-02 17:35:35'),(210,'/uploads/product/112/1683060014photo_2023-05-02_13-09-03.jpg',0,'1683060014photo_2023-05-02_13-09-03.jpg',112,'App\\Models\\Product','2023-05-02 17:40:14','2023-05-02 17:40:14'),(211,'/uploads/product/113/1683568493photo_2023-05-08_10-54-31.jpg',0,'1683568493photo_2023-05-08_10-54-31.jpg',113,'App\\Models\\Product','2023-05-08 14:54:53','2023-05-08 14:54:53'),(212,'/uploads/product/114/1683568709photo_2023-05-08_10-54-37.jpg',0,'1683568709photo_2023-05-08_10-54-37.jpg',114,'App\\Models\\Product','2023-05-08 14:58:29','2023-05-08 14:58:29'),(213,'/uploads/product/115/1683569020photo_2023-05-08_10-48-08.jpg',0,'1683569020photo_2023-05-08_10-48-08.jpg',115,'App\\Models\\Product','2023-05-08 15:03:40','2023-05-08 15:03:40'),(214,'/uploads/product/116/1683569319photo_2023-05-08_10-48-14.jpg',0,'1683569319photo_2023-05-08_10-48-14.jpg',116,'App\\Models\\Product','2023-05-08 15:08:39','2023-05-08 15:08:39'),(215,'/uploads/product/117/1683569552photo_2023-05-08_10-48-24.jpg',0,'1683569552photo_2023-05-08_10-48-24.jpg',117,'App\\Models\\Product','2023-05-08 15:12:32','2023-05-08 15:12:32'),(216,'/uploads/product/118/1683569748photo_2023-05-08_10-48-19.jpg',0,'1683569748photo_2023-05-08_10-48-19.jpg',118,'App\\Models\\Product','2023-05-08 15:15:48','2023-05-08 15:15:48'),(217,'/uploads/product/119/1683570152photo_2023-05-08_11-19-32.jpg',0,'1683570152photo_2023-05-08_11-19-32.jpg',119,'App\\Models\\Product','2023-05-08 15:22:32','2023-05-08 15:22:32'),(218,'/uploads/product/120/1683570400photo_2023-05-08_11-19-44.jpg',0,'1683570400photo_2023-05-08_11-19-44.jpg',120,'App\\Models\\Product','2023-05-08 15:26:40','2023-05-08 15:26:40'),(219,'/uploads/product/121/1683570596photo_2023-05-08_11-19-38.jpg',0,'1683570596photo_2023-05-08_11-19-38.jpg',121,'App\\Models\\Product','2023-05-08 15:29:56','2023-05-08 15:29:56'),(220,'/uploads/product/122/1683571087photo_2023-05-08_11-34-38.jpg',0,'1683571087photo_2023-05-08_11-34-38.jpg',122,'App\\Models\\Product','2023-05-08 15:38:07','2023-05-08 15:38:07'),(221,'/uploads/product/122/1683571094photo_2023-03-21_09-15-34.jpg',0,'1683571094photo_2023-03-21_09-15-34.jpg',122,'App\\Models\\Product','2023-05-08 15:38:14','2023-05-08 15:38:14'),(222,'/uploads/product/123/1683658085photo_2023-05-09_11-44-00.jpg',0,'1683658085photo_2023-05-09_11-44-00.jpg',123,'App\\Models\\Product','2023-05-09 15:48:05','2023-05-09 15:48:05'),(223,'/uploads/product/124/1683658324photo_2023-05-09_11-44-06.jpg',0,'1683658324photo_2023-05-09_11-44-06.jpg',124,'App\\Models\\Product','2023-05-09 15:52:04','2023-05-09 15:52:04'),(224,'/uploads/product/125/1683658558photo_2023-05-09_11-44-12.jpg',0,'1683658558photo_2023-05-09_11-44-12.jpg',125,'App\\Models\\Product','2023-05-09 15:55:58','2023-05-09 15:55:58'),(225,'/uploads/product/127/1683660007photo_2023-05-09_12-18-47.jpg',0,'1683660007photo_2023-05-09_12-18-47.jpg',127,'App\\Models\\Product','2023-05-09 16:20:07','2023-05-09 16:20:07'),(226,'/uploads/product/128/1683660335photo_2023-05-09_12-19-12.jpg',0,'1683660335photo_2023-05-09_12-19-12.jpg',128,'App\\Models\\Product','2023-05-09 16:25:35','2023-05-09 16:25:35'),(227,'/uploads/product/129/1683660609photo_2023-05-09_12-19-18.jpg',0,'1683660609photo_2023-05-09_12-19-18.jpg',129,'App\\Models\\Product','2023-05-09 16:30:09','2023-05-09 16:30:09'),(230,'/uploads/product/131/1683661142photo_2023-05-09_12-19-00.jpg',0,'1683661142photo_2023-05-09_12-19-00.jpg',131,'App\\Models\\Product','2023-05-09 16:39:02','2023-05-09 16:39:02'),(231,'/uploads/product/130/1683661492photo_2023-05-09_12-44-26.jpg',0,'1683661492photo_2023-05-09_12-44-26.jpg',130,'App\\Models\\Product','2023-05-09 16:44:52','2023-05-09 16:44:52'),(232,'/uploads/product/130/1683661500photo_2023-05-09_12-44-31.jpg',0,'1683661500photo_2023-05-09_12-44-31.jpg',130,'App\\Models\\Product','2023-05-09 16:45:00','2023-05-09 16:45:00'),(233,'/uploads/product/132/1686143573photo_2023-06-07_06-07-05.jpg',0,'1686143573photo_2023-06-07_06-07-05.jpg',132,'App\\Models\\Product','2023-06-07 10:12:53','2023-06-07 10:12:53'),(234,'/uploads/product/132/1686143585photo_2023-06-07_06-07-15.jpg',0,'1686143585photo_2023-06-07_06-07-15.jpg',132,'App\\Models\\Product','2023-06-07 10:13:05','2023-06-07 10:13:05'),(235,'/uploads/product/133/1686143845photo_2023-06-07_06-07-56.jpg',0,'1686143845photo_2023-06-07_06-07-56.jpg',133,'App\\Models\\Product','2023-06-07 10:17:25','2023-06-07 10:17:25'),(236,'/uploads/product/133/1686143854photo_2023-06-07_06-08-10.jpg',0,'1686143854photo_2023-06-07_06-08-10.jpg',133,'App\\Models\\Product','2023-06-07 10:17:34','2023-06-07 10:17:34'),(237,'/uploads/product/134/1686144212photo_2023-06-07_06-07-24.jpg',0,'1686144212photo_2023-06-07_06-07-24.jpg',134,'App\\Models\\Product','2023-06-07 10:23:32','2023-06-07 10:23:32'),(238,'/uploads/product/135/1686144459photo_2023-06-07_06-07-39.jpg',0,'1686144459photo_2023-06-07_06-07-39.jpg',135,'App\\Models\\Product','2023-06-07 10:27:39','2023-06-07 10:27:39'),(239,'/uploads/product/136/1686144675photo_2023-06-07_06-07-46.jpg',0,'1686144675photo_2023-06-07_06-07-46.jpg',136,'App\\Models\\Product','2023-06-07 10:31:15','2023-06-07 10:31:15'),(240,'/uploads/product/137/1688319643photo_2023-07-02_10-23-08.jpg',0,'1688319643photo_2023-07-02_10-23-08.jpg',137,'App\\Models\\Product','2023-07-02 14:40:43','2023-07-02 14:40:43'),(241,'/uploads/product/137/1688319652photo_2023-07-02_10-23-01.jpg',0,'1688319652photo_2023-07-02_10-23-01.jpg',137,'App\\Models\\Product','2023-07-02 14:40:52','2023-07-02 14:40:52'),(242,'/uploads/product/137/1688319663photo_2023-07-02_10-22-52.jpg',0,'1688319663photo_2023-07-02_10-22-52.jpg',137,'App\\Models\\Product','2023-07-02 14:41:03','2023-07-02 14:41:03'),(243,'/uploads/product/137/1688319672photo_2023-07-02_10-23-19.jpg',0,'1688319672photo_2023-07-02_10-23-19.jpg',137,'App\\Models\\Product','2023-07-02 14:41:12','2023-07-02 14:41:12'),(244,'/uploads/product/137/1688319679photo_2023-07-02_10-23-25.jpg',0,'1688319679photo_2023-07-02_10-23-25.jpg',137,'App\\Models\\Product','2023-07-02 14:41:19','2023-07-02 14:41:19'),(245,'/uploads/product/138/1688320067photo_2023-07-02_10-22-26.jpg',0,'1688320067photo_2023-07-02_10-22-26.jpg',138,'App\\Models\\Product','2023-07-02 14:47:47','2023-07-02 14:47:47'),(246,'/uploads/product/138/1688320093photo_2023-07-02_10-23-25.jpg',0,'1688320093photo_2023-07-02_10-23-25.jpg',138,'App\\Models\\Product','2023-07-02 14:48:13','2023-07-02 14:48:13'),(247,'/uploads/product/138/1688320098photo_2023-07-02_10-23-19.jpg',0,'1688320098photo_2023-07-02_10-23-19.jpg',138,'App\\Models\\Product','2023-07-02 14:48:18','2023-07-02 14:48:18'),(248,'/uploads/product/138/1688320106photo_2023-07-02_10-23-33.jpg',0,'1688320106photo_2023-07-02_10-23-33.jpg',138,'App\\Models\\Product','2023-07-02 14:48:26','2023-07-02 14:48:26'),(249,'/uploads/product/139/1688323293photo_2023-07-02_11-36-47.jpg',0,'1688323293photo_2023-07-02_11-36-47.jpg',139,'App\\Models\\Product','2023-07-02 15:41:33','2023-07-02 15:41:33'),(250,'/uploads/product/139/1688323315photo_2023-07-02_11-36-47.jpg',0,'1688323315photo_2023-07-02_11-36-47.jpg',139,'App\\Models\\Product','2023-07-02 15:41:55','2023-07-02 15:41:55'),(251,'/uploads/product/140/1688323722photo_2023-07-02_11-36-27.jpg',0,'1688323722photo_2023-07-02_11-36-27.jpg',140,'App\\Models\\Product','2023-07-02 15:48:42','2023-07-02 15:48:42'),(252,'/uploads/product/141/1688325066photo_2023-07-02_12-09-33.jpg',0,'1688325066photo_2023-07-02_12-09-33.jpg',141,'App\\Models\\Product','2023-07-02 16:11:06','2023-07-02 16:11:06'),(253,'/uploads/product/141/1688325162photo_2023-07-02_12-11-54.jpg',0,'1688325162photo_2023-07-02_12-11-54.jpg',141,'App\\Models\\Product','2023-07-02 16:12:42','2023-07-02 16:12:42'),(254,'/uploads/product/142/1688325454photo_2023-07-02_12-09-33.jpg',0,'1688325454photo_2023-07-02_12-09-33.jpg',142,'App\\Models\\Product','2023-07-02 16:17:34','2023-07-02 16:17:34'),(255,'/uploads/product/146/1688326828photo_2023-07-02_10-23-08.jpg',0,'1688326828photo_2023-07-02_10-23-08.jpg',146,'App\\Models\\Product','2023-07-02 16:40:28','2023-07-02 16:40:28'),(256,'/uploads/product/146/1688326835photo_2023-07-02_10-23-01.jpg',0,'1688326835photo_2023-07-02_10-23-01.jpg',146,'App\\Models\\Product','2023-07-02 16:40:35','2023-07-02 16:40:35'),(257,'/uploads/product/146/1688326838photo_2023-07-02_10-22-52.jpg',0,'1688326838photo_2023-07-02_10-22-52.jpg',146,'App\\Models\\Product','2023-07-02 16:40:38','2023-07-02 16:40:38'),(258,'/uploads/product/146/1688326848photo_2023-07-02_10-23-33.jpg',0,'1688326848photo_2023-07-02_10-23-33.jpg',146,'App\\Models\\Product','2023-07-02 16:40:48','2023-07-02 16:40:48'),(259,'/uploads/product/147/1688327219photo_2023-07-02_10-22-26.jpg',0,'1688327219photo_2023-07-02_10-22-26.jpg',147,'App\\Models\\Product','2023-07-02 16:46:59','2023-07-02 16:46:59'),(260,'/uploads/product/147/1688327247photo_2023-07-02_10-23-19.jpg',0,'1688327247photo_2023-07-02_10-23-19.jpg',147,'App\\Models\\Product','2023-07-02 16:47:27','2023-07-02 16:47:27'),(261,'/uploads/product/148/1688327571photo_2023-07-02_11-36-47.jpg',0,'1688327571photo_2023-07-02_11-36-47.jpg',148,'App\\Models\\Product','2023-07-02 16:52:51','2023-07-02 16:52:51'),(262,'/uploads/product/148/1688327573photo_2023-07-02_11-36-33.jpg',0,'1688327573photo_2023-07-02_11-36-33.jpg',148,'App\\Models\\Product','2023-07-02 16:52:53','2023-07-02 16:52:53'),(263,'/uploads/product/149/1688327810photo_2023-07-02_11-36-27.jpg',0,'1688327810photo_2023-07-02_11-36-27.jpg',149,'App\\Models\\Product','2023-07-02 16:56:50','2023-07-02 16:56:50'),(264,'/uploads/product/150/1688328050photo_2023-07-02_12-11-54.jpg',0,'1688328050photo_2023-07-02_12-11-54.jpg',150,'App\\Models\\Product','2023-07-02 17:00:50','2023-07-02 17:00:50'),(265,'/uploads/product/152/1688328271photo_2023-07-02_12-09-33.jpg',0,'1688328271photo_2023-07-02_12-09-33.jpg',152,'App\\Models\\Product','2023-07-02 17:04:31','2023-07-02 17:04:31'),(266,'/uploads/product/154/1693415719photo_2023-08-30_09-51-19.jpg',0,'1693415719photo_2023-08-30_09-51-19.jpg',154,'App\\Models\\Product','2023-08-30 14:15:19','2023-08-30 14:15:19'),(267,'/uploads/product/155/1693416399photo_2023-08-30_09-51-35.jpg',0,'1693416399photo_2023-08-30_09-51-35.jpg',155,'App\\Models\\Product','2023-08-30 14:26:39','2023-08-30 14:26:39'),(268,'/uploads/product/156/1693416968photo_2023-08-30_09-51-42.jpg',0,'1693416968photo_2023-08-30_09-51-42.jpg',156,'App\\Models\\Product','2023-08-30 14:36:08','2023-08-30 14:36:08'),(269,'/uploads/product/157/1693417394photo_2023-08-30_09-51-53.jpg',0,'1693417394photo_2023-08-30_09-51-53.jpg',157,'App\\Models\\Product','2023-08-30 14:43:14','2023-08-30 14:43:14'),(270,'/uploads/product/157/1693417419photo_2023-08-30_09-51-53.jpg',0,'1693417419photo_2023-08-30_09-51-53.jpg',157,'App\\Models\\Product','2023-08-30 14:43:39','2023-08-30 14:43:39'),(271,'/uploads/product/158/1693417746photo_2023-08-30_09-52-00.jpg',0,'1693417746photo_2023-08-30_09-52-00.jpg',158,'App\\Models\\Product','2023-08-30 14:49:06','2023-08-30 14:49:06'),(272,'/uploads/product/159/1693418218photo_2023-08-30_09-52-07.jpg',0,'1693418218photo_2023-08-30_09-52-07.jpg',159,'App\\Models\\Product','2023-08-30 14:56:58','2023-08-30 14:56:58'),(273,'/uploads/product/160/1693419569photo_2023-08-30_11-14-24.jpg',0,'1693419569photo_2023-08-30_11-14-24.jpg',160,'App\\Models\\Product','2023-08-30 15:19:29','2023-08-30 15:19:29'),(274,'/uploads/product/161/1693420361photo_2023-08-30_11-30-55.jpg',0,'1693420361photo_2023-08-30_11-30-55.jpg',161,'App\\Models\\Product','2023-08-30 15:32:41','2023-08-30 15:32:41');

--
