-- Table structure for table `government_translations`
--

CREATE TABLE `government_translations` (
  `id` int unsigned NOT NULL AUTO_INCREMENT,
  `government_id` int unsigned NOT NULL,
  `name` varchar(255) CHARACTER SET utf8mb4 COLLATE utf8mb4_unicode_ci NOT NULL,
  `locale` varchar(255) CHARACTER SET utf8mb4 COLLATE utf8mb4_unicode_ci NOT NULL,
  `created_at` timestamp NULL DEFAULT NULL,
  `updated_at` timestamp NULL DEFAULT NULL,
  PRIMARY KEY (`id`),
  UNIQUE KEY `government_translations_government_id_locale_unique` (`government_id`,`locale`),
  KEY `government_translations_locale_index` (`locale`)
) ENGINE=InnoDB AUTO_INCREMENT=47 DEFAULT CHARSET=utf8mb4 COLLATE=utf8mb4_unicode_ci;

--
-- Dumping data for table `government_translations`
--

INSERT INTO `government_translations` (`id`, `government_id`, `name`, `locale`, `created_at`, `updated_at`) VALUES (3,2,'الكويت','ar',NULL,NULL),(4,2,'Kuwait','en',NULL,NULL),(5,3,'الجهراء','ar',NULL,NULL),(6,3,'Al-Jahra','en',NULL,NULL),(7,4,'العاصمة','ar',NULL,NULL),(8,4,'Capital Governorate','en',NULL,NULL),(9,5,'الأحمدي','ar',NULL,NULL),(10,5,'Ahmadi Governorate','en',NULL,NULL),(11,6,'الفروانية','ar',NULL,NULL),(12,6,'Farwaniya Governorate','en',NULL,NULL),(13,7,'الجهراء','ar',NULL,NULL),(14,7,'الجهراء','en',NULL,NULL),(15,8,'حولي','ar',NULL,NULL),(16,8,'Hawalli Governorate','en',NULL,NULL),(17,9,'مبارك الكبير','ar',NULL,NULL),(18,9,'Mubarak Al-Kabeer Governorate','en',NULL,NULL),(19,10,'الرياض','ar',NULL,NULL),(20,10,'الرياض','en',NULL,NULL),(21,11,'نجران','ar',NULL,NULL),(22,11,'نجران','en',NULL,NULL),(23,12,'جده','ar',NULL,NULL),(24,12,'Jedah','en',NULL,NULL),(25,13,'المنطقة الشرقيه','ar',NULL,NULL),(26,13,'الشرقيه','en',NULL,NULL),(27,14,'المنطقة الشمالية','ar',NULL,NULL),(28,14,'المنطقة الشمالية','en',NULL,NULL),(29,15,'المدينة المنورة','ar',NULL,NULL),(30,15,'المدينة المنورة','en',NULL,NULL),(31,16,'مكة المكرمة','ar',NULL,NULL),(32,16,'مكة المكرمة','en',NULL,NULL),(33,17,'أبها','ar',NULL,NULL),(34,17,'أبها','en',NULL,NULL),(35,18,'جيزان','ar',NULL,NULL),(36,18,'جيزان','en',NULL,NULL),(37,19,'وادي الدواسر','ar',NULL,NULL),(38,19,'وادي الدواسر','en',NULL,NULL),(39,20,'الخرج','ar',NULL,NULL),(40,20,'الخرج','en',NULL,NULL),(41,21,'عسير','ar',NULL,NULL),(42,21,'عسير','en',NULL,NULL),(43,22,'ينبع','ar',NULL,NULL),(44,22,'ينبع','en',NULL,NULL),(45,23,'شروره','ar',NULL,NULL),(46,23,'شروره','en',NULL,NULL);

--
-- Table structure for table `governments`
--

CREATE TABLE `governments` (
  `id` int unsigned NOT NULL AUTO_INCREMENT,
  `status` int NOT NULL DEFAULT '1',
  `address_address` varchar(255) CHARACTER SET utf8mb4 COLLATE utf8mb4_unicode_ci NOT NULL,
  `address_latitude` double NOT NULL,
  `address_longitude` double NOT NULL,
  `created_at` timestamp NULL DEFAULT NULL,
  `updated_at` timestamp NULL DEFAULT NULL,
  `country_id` int unsigned DEFAULT NULL,
  PRIMARY KEY (`id`),
  KEY `country_id` (`country_id`),
  CONSTRAINT `governments_ibfk_1` FOREIGN KEY (`country_id`) REFERENCES `countries` (`id`)
) ENGINE=InnoDB AUTO_INCREMENT=10 DEFAULT CHARSET=utf8mb4 COLLATE=utf8mb4_unicode_ci;

--
-- Dumping data for table `governments`
--

INSERT INTO `governments` (`id`, `status`, `address_address`, `address_latitude`, `address_longitude`, `created_at`, `updated_at`, `country_id`) VALUES (4,1,'العاصمة، Kuwait',29.3342457,47.9812152,'2022-08-20 09:16:09','2022-08-20 09:16:09',1),(5,1,'الأحمدي، Kuwait',29.083461,48.07347619999999,'2022-08-20 09:16:38','2022-08-20 09:16:38',1),(6,1,'الفروانية، Kuwait',29.281596,47.96025179999999,'2022-08-20 09:17:03','2022-08-20 09:17:03',1),(7,1,'الجهراء، Kuwait',29.3365728,47.6755291,'2022-08-20 09:17:20','2022-08-20 09:17:20',1),(8,1,'حولي، Kuwait',29.33778819999999,48.0234708,'2022-08-20 09:17:36','2022-08-20 09:17:36',1),(9,1,'مبارك الكبير، Kuwait',29.1886698,48.0806909,'2022-08-20 09:17:54','2022-08-20 09:17:54',1);

--
-- Table structure for table `migrations`
--

CREATE TABLE `migrations` (
  `id` int unsigned NOT NULL AUTO_INCREMENT,
  `migration` varchar(255) CHARACTER SET utf8mb4 COLLATE utf8mb4_unicode_ci NOT NULL,
  `batch` int NOT NULL,
  PRIMARY KEY (`id`)
) ENGINE=InnoDB AUTO_INCREMENT=61 DEFAULT CHARSET=utf8mb4 COLLATE=utf8mb4_unicode_ci;

--
-- Dumping data for table `migrations`
--

INSERT INTO `migrations` (`id`, `migration`, `batch`) VALUES (1,'2014_10_12_000000_create_users_table',1),(2,'2014_10_12_100000_create_password_resets_table',1),(3,'2016_06_01_000001_create_oauth_auth_codes_table',1),(4,'2016_06_01_000002_create_oauth_access_tokens_table',1),(5,'2016_06_01_000003_create_oauth_refresh_tokens_table',1),(6,'2016_06_01_000004_create_oauth_clients_table',1),(7,'2016_06_01_000005_create_oauth_personal_access_clients_table',1),(8,'2019_08_19_000000_create_failed_jobs_table',1),(9,'2019_12_14_000001_create_personal_access_tokens_table',1),(10,'2022_02_06_071010_laratrust_setup_tables',1),(11,'2022_02_07_073030_create_public_notifcations_table',1),(12,'2022_02_07_131228_create_topics_table',1),(13,'2022_02_07_131335_create_topic_subscripts_table',1),(14,'2022_02_10_131840_create_short_terms_table',1),(15,'2022_03_24_101035_create_sliders_table',1),(16,'2022_03_24_114417_create_slider_translations_table',1),(17,'2022_05_29_115314_create_categories_table',1),(18,'2022_05_29_115351_create_category_translations_table',1),(19,'2022_05_31_082944_create_products_tables',1),(20,'2022_05_31_083136_create_product_translations_table',1),(21,'2022_05_31_084033_create_features_table',1),(22,'2022_05_31_084050_create_feature_translations_table',1),(23,'2022_05_31_084308_create_feature_options_table',1),(24,'2022_05_31_084333_create_feature_option_translations_table',1),(25,'2022_05_31_085551_create_files_table',1),(26,'2022_05_31_112821_create_product_categories_table',1),(27,'2022_06_02_080435_create_payment_methods_table',1),(28,'2022_06_02_080436_create_shipping_types_table',1),(29,'2022_06_02_080440_create_orders_table',1),(30,'2022_06_02_081214_create_product_orders_table',1),(31,'2022_06_02_081356_create_order_product_features_table',1),(32,'2022_06_02_082600_create_payment_method_translations_table',1),(33,'2022_06_02_082610_create_shipping_type_translations_table',1),(34,'2022_06_02_122112_create_governments_table',1),(35,'2022_06_02_122142_create_government_translations_table',1),(36,'2022_06_02_122214_create_regions_table',1),(37,'2022_06_02_122222_create_region_translations_table',1),(38,'2022_06_02_133202_create_arrival_prices_table',1),(39,'2022_06_04_091835_added_checked_to_products_table',1),(40,'2022_06_05_073619_create_coupons_table',1),(41,'2022_06_05_074500_create_coupone_relateds_table',1),(42,'2022_06_05_081404_create_user_products_table',1),(43,'2022_06_05_113923_create_user_addresses_table',1),(44,'2022_06_08_101900_create_arrivals_table',1),(45,'2022_06_08_102003_create_arrival_times_table',1),(46,'2022_06_09_132916_create_order_coupons_table',1),(47,'2022_06_09_134805_add_category_id_to_product_orders_table',1),(48,'2022_06_11_093816_added_checked_to_user_addresses_table',1),(49,'2022_06_11_102956_added_delivery_date_time_to_orders_table',1),(50,'2022_06_11_103215_create_order_shippings_table',1),(51,'2022_06_18_093322_create_order_comments_table',1),(52,'2022_06_19_082401_create_tagers_table',1),(53,'2022_06_20_102847_added_latـlang_table',1),(54,'2022_06_20_135514_create_user_categories_table',1),(55,'2022_06_21_073606_added_image_to_user_table',1),(56,'2022_06_25_095040_create_refund_products_table',2),(57,'2022_06_26_105000_create_user_orders_table',3),(58,'2022_06_26_125130_create_contacts_table',4),(59,'2022_06_28_111636_create_pages_table',5),(60,'2022_06_28_111731_create_page_translations_table',5);

--
-- Table structure for table `notification`
--

CREATE TABLE `notification` (
  `id` int NOT NULL AUTO_INCREMENT,
  `to` int DEFAULT NULL,
  `title` varchar(191) NOT NULL,
  `message` varchar(191) NOT NULL,
  `created_at` timestamp NULL DEFAULT NULL,
  `updated_at` timestamp NULL DEFAULT NULL,
  `user_id` int DEFAULT NULL,
  PRIMARY KEY (`id`)
) ENGINE=InnoDB DEFAULT CHARSET=latin1;

--
-- Dumping data for table `notification`
--


--
-- Table structure for table `oauth_access_tokens`
--

CREATE TABLE `oauth_access_tokens` (
  `id` varchar(100) CHARACTER SET utf8mb4 COLLATE utf8mb4_unicode_ci NOT NULL,
  `user_id` bigint unsigned DEFAULT NULL,
  `client_id` bigint unsigned NOT NULL,
  `name` varchar(255) CHARACTER SET utf8mb4 COLLATE utf8mb4_unicode_ci DEFAULT NULL,
  `scopes` text CHARACTER SET utf8mb4 COLLATE utf8mb4_unicode_ci,
  `revoked` tinyint(1) NOT NULL,
  `created_at` timestamp NULL DEFAULT NULL,
  `updated_at` timestamp NULL DEFAULT NULL,
  `expires_at` datetime DEFAULT NULL,
  PRIMARY KEY (`id`),
  KEY `oauth_access_tokens_user_id_index` (`user_id`)
) ENGINE=InnoDB DEFAULT CHARSET=utf8mb4 COLLATE=utf8mb4_unicode_ci;

--
-- Dumping data for table `oauth_access_tokens`
--

INSERT INTO `oauth_access_tokens` (`id`, `user_id`, `client_id`, `name`, `scopes`, `revoked`, `created_at`, `updated_at`, `expires_at`) VALUES ('00037997ee07235215af2f2bde8a75eecfda43156b248458c024f83597d5bd914ae17dfa2e168a91',72,1,'mazraa','[]',0,'2022-07-21 04:44:20','2022-07-21 04:44:20','2023-07-21 06:44:20'),('00f720bbb10ffd70682f0c6384afbf04b54a4e05246524426ce002f371535c0a07ed52cd539ab4e8',96,1,'mazraa','[]',0,'2022-07-20 10:23:24','2022-07-20 10:23:24','2023-07-20 12:23:24'),('0176b4c35293b07f97cd46894e3a14ff8216f162f9f01bac04ecd65f9de595231a5aaab6e1228a8f',96,1,'mazraa','[]',0,'2022-07-20 08:50:25','2022-07-20 08:50:25','2023-07-20 10:50:25'),('01b9f904d9c456cea09b7e65c84a259681f91722f1b3415c93f4ec746dd084eaf5ad37ad0f86bbcc',96,1,'mazraa','[]',0,'2022-07-20 10:08:23','2022-07-20 10:08:23','2023-07-20 12:08:23'),('02098a9a78241ea3fc2e9241a1fd50b4ef59469d890ec41c03714ebd5769a8c94dd118261150f86d',224,1,'gold','[]',0,'2023-04-17 10:37:02','2023-04-17 10:37:02','2024-04-17 12:37:02'),('0252c525351720c39533b501056f0f9dc9ea3dfc9b1b5436a0d5416a141be8e3f212fdb1d2fc3770',9,1,'mazraa','[]',0,'2022-07-19 08:09:52','2022-07-19 08:09:52','2023-07-19 10:09:52'),('04425d9b4832bf9c2682c594f57cabdf90426b9eff063797d301ea8b43a9919f45164ce0a6a96b0a',111,1,'mazraa','[]',0,'2022-07-23 07:42:20','2022-07-23 07:42:20','2023-07-23 09:42:20'),('045917291c7edff959ce77f70c3982f65ca71830993a267d3257cc5dc277c4c8e7b0e62fb135cf42',1,1,'mazraa','[]',0,'2022-09-17 12:29:14','2022-09-17 12:29:14','2023-09-17 14:29:14'),('04a56d4f23ac8f10518f473797a40012492b14c7ccc39d3ffdace106856b09381e361eab9b28528b',195,1,'mazraa','[]',0,'2022-10-03 08:12:20','2022-10-03 08:12:20','2023-10-03 10:12:20'),('04cba8fbf0557626995930baf90052002fe4d0b8f1624937289b85a126d6a6754ff96899b3104ada',157,1,'mazraa','[]',0,'2022-09-07 17:54:08','2022-09-07 17:54:08','2023-09-07 19:54:08'),('04cd196cb5d1252ccff76dbe18e6c9141ad939802c60f265f3460868ba66c415c1eb33215134c6ee',1,1,'mazraa','[]',0,'2022-09-15 16:50:43','2022-09-15 16:50:43','2023-09-15 18:50:43'),('058d5f73f74df46fee7c466ef523b586f966d4fa2c18487a0820a27d7efdd74cb4267ae2e6761ea5',189,1,'mazraa','[]',0,'2022-09-19 04:59:07','2022-09-19 04:59:07','2023-09-19 06:59:07'),('05ba1e594fd67748f36b8eac3d0513c11346d86134a1faf939efaf38dc8e58efe078988a52404aa9',1,1,'mazraa','[]',0,'2022-09-18 06:17:34','2022-09-18 06:17:34','2023-09-18 08:17:34'),('063e75ca3f3b585dd5a953f0ac1640634864cafceb8c46fe14d698449f2c6ef08dfc9836ebfa161a',216,1,'mazraa','[]',0,'2022-12-17 07:14:55','2022-12-17 07:14:55','2023-12-17 09:14:55'),('06ad7f8d0f07a0f6c9802bcea72d1be414f1dbeef359245409e9abf6032616400beedc99043d59d7',104,1,'mazraa','[]',0,'2022-07-23 06:28:42','2022-07-23 06:28:42','2023-07-23 08:28:42'),('06be9e4c6cf0ec560f25f86d7b5a49206b3ad95fb8fca162cb9df5eb5f686ce6defef761c6cb792d',9,1,'mazraa','[]',0,'2022-07-19 08:11:21','2022-07-19 08:11:21','2023-07-19 10:11:21'),('06d6a47b866c6ecc39e78b9b665b031f3b2642520c31cc8e4b04ee85a59877e4e68b08aa1c10411e',71,1,'mazraa','[]',0,'2022-07-06 11:16:28','2022-07-06 11:16:28','2023-07-06 13:16:28'),('0770119bbc9a6dc7d9fb4fa5026d9fe581552532d6b788f330c193433dd20801c00285fa8e5e2a6f',62,1,'mazraa','[]',0,'2022-07-01 12:26:25','2022-07-01 12:26:25','2023-07-01 14:26:25'),('07f92b5196b6b529275f0c17d622709fceacd18bf4e486c3fa6a1d322aaf91b793f898c1ccc19439',1,1,'mazraa','[]',0,'2022-09-21 17:33:44','2022-09-21 17:33:44','2023-09-21 19:33:44'),('07fe8bbf994c916802dde3d5c6ab22ab1348e066d8803b04433e4d1fcbea81d3ed58df0f0d88aab6',155,1,'mazraa','[]',0,'2022-09-06 11:31:37','2022-09-06 11:31:37','2023-09-06 13:31:37'),('084bc66ced41ffb4b22aa3b756304cb4f108baf5274c6eb259a595dea180acf6b4a774b2b0fc5ea5',1,1,'mazraa','[]',0,'2022-09-07 09:48:04','2022-09-07 09:48:04','2023-09-07 11:48:04'),('084e812008ceb930ffcae5b5129f0f03ddbd75e88c2c780cabbe4e245e2c6eb2025021fcde97a2d6',1,1,'mazraa','[]',0,'2022-09-22 19:34:03','2022-09-22 19:34:03','2023-09-22 21:34:03'),('088e0199ee87000aa4bcb8a68d00eee8c624dc56d654a3d221b834603701553a2fb427179e770537',154,1,'mazraa','[]',0,'2022-09-06 11:29:03','2022-09-06 11:29:03','2023-09-06 13:29:03'),('0a13ccd32d8de983f2c19babbd788eeea5667d2c8b9427bcd152397b516b9e7132ef530beda5b96d',198,1,'mazraa','[]',0,'2022-10-06 10:16:12','2022-10-06 10:16:12','2023-10-06 12:16:12'),('0c6fa8b9844515750c83ffb0f315e1edf955a759df36ffc00a8f97dc3dc26223b00ab1930a52cb25',1,1,'mazraa','[]',0,'2022-09-21 17:22:54','2022-09-21 17:22:54','2023-09-21 19:22:54'),('0cf30cd80173460dae046638437f939a8d233346e2da0d1ab32ff9d15200e8ae33eada4b20003ba1',195,1,'mazraa','[]',0,'2022-10-03 10:53:03','2022-10-03 10:53:03','2023-10-03 12:53:03'),('0e220de1de9a3e6f3e63e0475a6a358b1f5d3adaf8d70602cfd3e52817f0338b93ca68dbf3d90b45',195,1,'mazraa','[]',0,'2022-10-03 10:36:32','2022-10-03 10:36:32','2023-10-03 12:36:32'),('0e377b498f58edeb599604a7923e875816332eacea45cbb9e7d7b04422ba78600f5f54a5717f50c0',190,1,'mazraa','[]',0,'2022-10-08 15:21:33','2022-10-08 15:21:33','2023-10-08 17:21:33'),('0efa79a2a42b11f80433284583c52a0fdbcb0b22240486c7efa80f893cbfdd8897dabe0b4db9cc0a',1,1,'mazraa','[]',0,'2022-09-25 10:03:06','2022-09-25 10:03:06','2023-09-25 12:03:06'),('0f46370352cdee03708cb67940affd27e68afe64405f2535e0efa575f17ed13a7b0205cbd201b646',188,1,'mazraa','[]',0,'2022-09-18 19:00:12','2022-09-18 19:00:12','2023-09-18 21:00:12'),('0fbc6c00bd4f29e9580ae8e36e8f59ed55d7daad49ddfee60b0e8ae31c07d22565ad1c86098aeeed',195,1,'mazraa','[]',0,'2022-10-03 10:41:24','2022-10-03 10:41:24','2023-10-03 12:41:24'),('0fccf38f39c502e8bca8dc2fcc0ae749326f55e869170f33bd732b32972850b66e504ee148734c05',154,1,'mazraa','[]',0,'2022-09-06 11:12:22','2022-09-06 11:12:22','2023-09-06 13:12:22'),('0fe962bf7c999db1dce55753d6b46c89ff5f3210317922045283dbbb0cde9bea4194a3680cb4684a',170,1,'mazraa','[]',0,'2022-09-10 18:42:22','2022-09-10 18:42:22','2023-09-10 20:42:22'),('10786088999a9a54ab1e26412f41eb6bbe8f7c4264aae934a3ff524f7ab26438805e14e825c17478',1,1,'mazraa','[]',0,'2022-10-01 06:31:47','2022-10-01 06:31:47','2023-10-01 08:31:47'),('10dd41bbc5a1e87f3bb2b4f65a75c1f2606494e1e1df715791af52e5283ce57e1143f00b685f32fb',191,1,'mazraa','[]',0,'2022-10-04 17:33:56','2022-10-04 17:33:56','2023-10-04 19:33:56'),('1120c93eef026e78d00adc6733f7d5e4b13a973b1ea82e74067cc8f8c58b0a12d6accb660dc1d1f3',190,1,'mazraa','[]',0,'2022-09-21 08:09:44','2022-09-21 08:09:44','2023-09-21 10:09:44'),('11ac99a2df4a9a7c2c89093f35f075dac01fd1a8a9e25871477dca91d748cafb995392cee340f115',216,1,'mazraa','[]',0,'2022-12-27 20:07:38','2022-12-27 20:07:38','2023-12-27 22:07:38'),('11e4e3c3d5546eeb00367f099262c4fe488a1aba1a644938f6a8c5ba2785dd52081789fd6ff91aa0',11,1,'mazraa','[]',0,'2022-06-23 08:02:47','2022-06-23 08:02:47','2023-06-23 10:02:47'),('1452dc79f172a05d735bdc5ca97a4e1a0224cd152d4be6c742779be82647f0448c29786d297d4a5b',72,1,'mazraa','[]',0,'2022-07-21 13:16:26','2022-07-21 13:16:26','2023-07-21 15:16:26'),('145da9b02be7a643887e8a4c9eed5aa5913faa2f2eecdd4122cd4c337f98919aca0ba2a2f23522d2',97,1,'mazraa','[]',0,'2022-07-20 09:42:51','2022-07-20 09:42:51','2023-07-20 11:42:51'),('152c7d564d8617aaee6e082b3f03a5fcd869d523921a15b25ed5bc9c94852469a78ad8f2543147f7',100,1,'mazraa','[]',0,'2022-07-20 12:00:33','2022-07-20 12:00:33','2023-07-20 14:00:33'),('1559d66fbf0a2049436b60f780157ad2f685b952451eeeede1ece163c8325115a9057427c734ca37',1,1,'mazraa','[]',0,'2022-09-20 09:29:59','2022-09-20 09:29:59','2023-09-20 11:29:59'),('15a65942ead48cf920c419b317f5bda965ddd12f529d50880c2da3bd6304c40922cd13bc4297f187',43,1,'mazraa','[]',0,'2022-06-23 09:31:29','2022-06-23 09:31:29','2023-06-23 11:31:29'),('15c3f0d9868ab9f26f7494087b541654308e5104822fd2b2710c53bdbfda5d007176537c7508a949',72,1,'mazraa','[]',0,'2022-07-17 09:33:44','2022-07-17 09:33:44','2023-07-17 11:33:44'),('160fc393524e33b0ca08b2190839271cc5619d116d77bf4871cfe2de6b370a839bcf133d4cc80197',1,1,'mazraa','[]',0,'2022-09-04 08:52:22','2022-09-04 08:52:22','2023-09-04 10:52:22'),('16ab442674f11633f651293b08aedb67d098e64a17d6a5c922cfb7418d9ef8f4c74ea519bc9ce7d3',57,1,'mazraa','[]',0,'2022-06-26 05:30:30','2022-06-26 05:30:30','2023-06-26 07:30:30'),('16c58257a012cdca0682407d0fd215d0d26df646762f7fcd77b9574a5f16b61ecbb5d157654720ce',45,1,'mazraa','[]',0,'2022-06-23 09:54:18','2022-06-23 09:54:18','2023-06-23 11:54:18'),('16cdcec6d4a515049c8081fc55e256c24fd0bb1f9d019b9fc703fdae18ac70966513438a4eb34f2b',1,1,'mazraa','[]',0,'2022-09-23 13:59:18','2022-09-23 13:59:18','2023-09-23 15:59:18'),('16e3e5964a3703802bc2ca7210a8c7b70da162ae215d7a340849ee6b2a0d47d70dfedf1093ae24cb',195,1,'mazraa','[]',0,'2022-10-03 06:09:20','2022-10-03 06:09:20','2023-10-03 08:09:20'),('17e77df5fdf2c8131cd7848a1a00a2a04ccbba80f8c4486ce646694cfbd7d4d2c354825d522ae09f',1,1,'mazraa','[]',0,'2022-09-22 10:41:30','2022-09-22 10:41:30','2023-09-22 12:41:30'),('180b93eb3d000fef4ca6b709dc07ef4d729cd4497283360e4d47fde852b18ba0943997a1dd00525a',100,1,'mazraa','[]',0,'2022-07-20 11:58:23','2022-07-20 11:58:23','2023-07-20 13:58:23'),('1930b9f65bd0a5e5e981bb55973456b419d6697da3493cb57b28932ec678141ff3fd5ba7325cb087',1,1,'mazraa','[]',0,'2022-09-06 13:15:46','2022-09-06 13:15:46','2023-09-06 15:15:46'),('194f8bce0f06c6a6d73ea4d076c4637e478a260a85e6763d67ec58291a391ca659e4e7588b7195bf',11,1,'mazraa','[]',0,'2022-06-23 08:03:59','2022-06-23 08:03:59','2023-06-23 10:03:59'),('1963e7ebc418e94ebc0cb7f9dd8c0e013e50bb2b60b5741d1f92e29c62c478c78525e142ae13e8c4',72,1,'mazraa','[]',0,'2022-07-19 09:34:15','2022-07-19 09:34:15','2023-07-19 11:34:15'),('1a9c43a3593cca2448c9921cc354f90ff8404ad2e17bbd199b499b7f35f9ba09aa690adca78edb0b',71,1,'mazraa','[]',0,'2022-07-06 11:19:42','2022-07-06 11:19:42','2023-07-06 13:19:42'),('1b1596fa0d5cebf24c26586a036030962be8592dc31a4b33b2dff14f9c6f135439520d78f2142a7b',65,1,'mazraa','[]',0,'2022-07-03 04:39:55','2022-07-03 04:39:55','2023-07-03 06:39:55'),('1b17cf2c26914a807fa198182e2444af513cea43fa733ad91236e41d67ad5138b2d547e2ec716145',195,1,'mazraa','[]',0,'2022-10-03 08:35:56','2022-10-03 08:35:56','2023-10-03 10:35:56'),('1b5c2f353de7aafecacfd98b40312b5b28660d6b15089560b6595e4dfaa67b4f524c4b6495ac4ace',18,1,'mazraa','[]',0,'2022-06-23 08:25:17','2022-06-23 08:25:17','2023-06-23 10:25:17'),('1b9f92558bb5f8d2f6919c0b9c497cb068b8c0b4f83ef6232a2b07e5763ca16fbf2fee74033235ac',1,1,'mazraa','[]',0,'2022-09-18 15:26:05','2022-09-18 15:26:05','2023-09-18 17:26:05'),('1ba2360b77d3e29b2fccf95cd62fdaeb39a757cc1e0309fc0971a530219557ba273ad556af3f5b0f',43,1,'mazraa','[]',0,'2022-06-23 09:31:14','2022-06-23 09:31:14','2023-06-23 11:31:14'),('1c92d24deab00a22fb941656d20c2cb5e06451469de9dc6e5a4b84313bacc087b4e769b161317312',216,1,'mazraa','[]',0,'2022-11-15 09:49:54','2022-11-15 09:49:54','2023-11-15 11:49:54'),('1d60312cebd3b33b9a275726931b0d90926294b34ec0d693675db4918d6979b165e67f67a7ddb067',154,1,'mazraa','[]',0,'2022-09-06 11:05:18','2022-09-06 11:05:18','2023-09-06 13:05:18'),('1dbd62a374c0a96634db3e377f0b6b599840e8d96b608d9afdfd636c590d9608193c4dd26d2fa4a4',72,1,'mazraa','[]',0,'2022-07-17 09:18:50','2022-07-17 09:18:50','2023-07-17 11:18:50'),('1e49c47a0b5f7ce9e8bd8f4b358a7c5d90bfebf707649ad8c721e7a9633f2c02602ae4f1a992151c',11,1,'mazraa','[]',0,'2022-06-23 08:06:13','2022-06-23 08:06:13','2023-06-23 10:06:13'),('1e4b25e3d297ddd090632d749b038acfc6e59838e38abba1be9ac11ca3cede0f79cbdfc6bd924c15',170,1,'mazraa','[]',0,'2022-09-28 03:48:47','2022-09-28 03:48:47','2023-09-28 05:48:47'),('1e6f6003c414103cbdedda108eef4f584500fc581de0256687331bb11877561c12ac49e65c4e3a05',1,1,'mazraa','[]',0,'2022-09-17 08:08:41','2022-09-17 08:08:41','2023-09-17 10:08:41'),('1eb9573bf6138e7dbd610f7e465c847469f02ffc3bf5bbd09bd85bb2d2521877803bf459b8bb5c03',170,1,'mazraa','[]',0,'2022-09-17 08:07:59','2022-09-17 08:07:59','2023-09-17 10:07:59'),('1ec83c985a877f79e561e5bbcfe527fbb5a670bc025540c914f9266fed0343aa2293b3bb53a75c9b',1,1,'mazraa','[]',0,'2022-09-03 19:05:56','2022-09-03 19:05:56','2023-09-03 21:05:56'),('2051c5db47f49e62a226e530af58249fa0158716b4ed1deb118fd2e5e190b8a4c96fef6cab3e1bc9',115,1,'mazraa','[]',0,'2022-08-04 07:03:02','2022-08-04 07:03:02','2023-08-04 09:03:02'),('20b3dda2783262ae7e7a56b101a30b58bf89c209bff9ec18a715c68818ad529a72144dfa32f733c0',11,1,'mazraa','[]',0,'2022-06-23 08:06:26','2022-06-23 08:06:26','2023-06-23 10:06:26'),('213a73aa7ac0aa7711ea6d753003e6b107bc3c7f93e6f7d2ae7e6604af09533533d0a12dddfba9f4',100,1,'mazraa','[]',0,'2022-07-20 11:58:39','2022-07-20 11:58:39','2023-07-20 13:58:39'),('23685a5056213955b11f9fdf578d5e4d7395fc1aff401c08973642013c099af9c0a78b43ecad892b',1,1,'mazraa','[]',0,'2022-09-17 12:41:03','2022-09-17 12:41:03','2023-09-17 14:41:03'),('23798a8803d624c576af9c86635e11175e95ac7746b9561bc4f6c33d9d6c8b820bebeb3cebb82832',96,1,'mazraa','[]',0,'2022-07-20 09:16:20','2022-07-20 09:16:20','2023-07-20 11:16:20'),('23c4af0940f8a6d9ddf716b2471acd1db4d564adf3758541ac360763a90e732c3b1fa3e933952d61',96,1,'mazraa','[]',0,'2022-07-20 08:51:21','2022-07-20 08:51:21','2023-07-20 10:51:21'),('24111d81d62623363015e7c8cdbed876beae901cd66c32c00507cef38ab28062165775d175f4db38',1,1,'mazraa','[]',0,'2022-09-12 06:06:29','2022-09-12 06:06:29','2023-09-12 08:06:29'),('24a0ecb7c339d9ad08a9337b54185cedcf3961365f99b08fc0f1d66e08d22335be1352d58b412cf6',190,1,'mazraa','[]',0,'2022-10-14 15:43:52','2022-10-14 15:43:52','2023-10-14 17:43:52'),('24d358a9f79da5e1e2b747e01f11e8cc2351e6bc986b2dea35a7a81de4f374b11676b077da4fd544',219,1,'mazraa','[]',0,'2023-01-05 06:41:00','2023-01-05 06:41:00','2024-01-05 08:41:00'),('256a114686eb46827fe99a4942ae69bac401ffa6aa9d8a251b69f2bb768e5df475af09864b3c251a',96,1,'mazraa','[]',0,'2022-07-20 10:25:55','2022-07-20 10:25:55','2023-07-20 12:25:55'),('25c7d658975de7af679ea5d47439712570dd82735cbc6348fe72120804c35b18ea653743da276e06',1,1,'mazraa','[]',0,'2022-10-04 18:31:20','2022-10-04 18:31:20','2023-10-04 20:31:20'),('2614b4b54d8330a15f33d21be8243c6250223e91387d6f8f5f3a05dcd9a8538efff56b1d23523821',113,1,'mazraa','[]',0,'2022-07-25 06:59:43','2022-07-25 06:59:43','2023-07-25 08:59:43'),('269603e34d1b92cdcbc9a90317d5e1e6f659b16587e1b802d2ce60109781befc21cbf508f7088684',109,1,'mazraa','[]',0,'2022-07-23 06:52:29','2022-07-23 06:52:29','2023-07-23 08:52:29'),('27098612ec507961a502ff7e93c97708f7dfe4fc111b5c97775fc225aaff771f9e28ddee990b1bf1',193,1,'mazraa','[]',0,'2022-10-05 10:04:38','2022-10-05 10:04:38','2023-10-05 12:04:38'),('278c7d8d39ebcfe90a0afa572cc7e64d1367076c29b9b38564aa0b063199adddd8e58e37aab522d9',1,1,'mazraa','[]',0,'2022-09-22 09:10:33','2022-09-22 09:10:33','2023-09-22 11:10:33'),('2792212ea37a57a170796211ad5af8012fd3062efc92ab04b82874944ae7ba9168dccbdef3cfe526',188,1,'mazraa','[]',0,'2022-09-18 18:58:30','2022-09-18 18:58:30','2023-09-18 20:58:30'),('289c3f9e8d9fb0d7dad6bbcf0f7c5ff63960dce15b9c5aa02db887d8165cdb3c9ce5a87b63785110',96,1,'mazraa','[]',0,'2022-07-20 10:17:45','2022-07-20 10:17:45','2023-07-20 12:17:45'),('292636a4c104e7316f51bc4ca6ee85d48661ce270197649f7e035eb2154c693829a92d3b0251ffc7',190,1,'mazraa','[]',0,'2022-10-04 18:29:50','2022-10-04 18:29:50','2023-10-04 20:29:50'),('299a4c92581faf0e1d41e000c70b1e9170f53fed3b4fe9c782b3b422abb5053fa9d0b03f30d55842',209,1,'mazraa','[]',0,'2022-10-12 12:54:35','2022-10-12 12:54:35','2023-10-12 14:54:35'),('29dcf50be541d07688227511fc29ae0bb5a00bed544eb195219b70cc89d79cd2a7e1cbf12e571a03',72,1,'mazraa','[]',0,'2022-07-21 07:52:36','2022-07-21 07:52:36','2023-07-21 09:52:36'),('2a6f0347e2281c1f08898a4f1863708ec642290b97139b93911b9dc4e994e726a10d62a29c9d40a0',1,1,'mazraa','[]',0,'2022-10-04 17:02:14','2022-10-04 17:02:14','2023-10-04 19:02:14'),('2a8ecc1c90fda4af206639d508356843ddd2b8342e0999b8a716d2386ff0356c5f1a9ef5cb2e8507',216,1,'mazraa','[]',0,'2022-12-27 20:08:53','2022-12-27 20:08:53','2023-12-27 22:08:53'),('2b0ce6b8c4fa43545074ef7eeeca3969606c981d819b72f57db5e61206bea566397c65b05720391d',199,1,'mazraa','[]',0,'2022-10-04 16:45:49','2022-10-04 16:45:49','2023-10-04 18:45:49'),('2b6770cee81b984dae5ce64a277f02131463fd2c8a0f9d8b4c768a77aa0ad07b2674d1fc6cba8e02',112,1,'mazraa','[]',0,'2022-07-24 18:59:04','2022-07-24 18:59:04','2023-07-24 20:59:04'),('2b7b387b416dc2b9d923742d00169e19f56c46837077fefe47f6307bdfbc52dc729ec2ace773e539',96,1,'mazraa','[]',0,'2022-07-20 08:50:37','2022-07-20 08:50:37','2023-07-20 10:50:37'),('2b9920fb8b23e00d1df1725040cae31c1504a0cabb913ee3ff4e5a32540effd7da897f2a3205e08b',1,1,'mazraa','[]',0,'2022-09-01 08:31:55','2022-09-01 08:31:55','2023-09-01 10:31:55'),('2bafb0436f68b59fec6d0595cd5d601957c180ce1f30f3c8605b351a06681050f95c5650359ac86e',1,1,'mazraa','[]',0,'2022-10-04 17:41:40','2022-10-04 17:41:40','2023-10-04 19:41:40'),('2bea2ca22667a3284bebb3a27a0b1786e5e1c73073d78b0e8406bfab44e11f05f189db930cdc53e6',217,1,'gold','[]',0,'2022-11-27 08:23:44','2022-11-27 08:23:44','2023-11-27 10:23:44'),('2bf60dcfc0b52673cd104ffeede1a79d2c8b89f5dae78a6cd5c648cfc5468b6cbe71d8af9f50abd4',188,1,'mazraa','[]',0,'2022-09-18 17:38:12','2022-09-18 17:38:12','2023-09-18 19:38:12'),('2c01c9209945494fba067beb065f8a0872a74a8fe78af184de377e4349fc2d707b9a0dd1fa45381f',72,1,'mazraa','[]',0,'2022-07-19 08:42:43','2022-07-19 08:42:43','2023-07-19 10:42:43'),('2c6f7a7bf2e7050bf24beb08e45418837494ec193a728a8cfbb50a95fa81e49c2dd52690c739758d',96,1,'mazraa','[]',0,'2022-07-20 08:52:40','2022-07-20 08:52:40','2023-07-20 10:52:40'),('2cb61c08015f05cba38201b98559c6a1fef5141cb6f9377f94472b9549c2160e8dc9bf3a6d4119f1',108,1,'mazraa','[]',0,'2022-07-23 06:51:58','2022-07-23 06:51:58','2023-07-23 08:51:58'),('2da5e289aa4d330fa441a4ab0321fbda54cc43a81f500ff2513bfcf9c51b23f9fb02493eaa5d8ed1',9,1,'mazraa','[]',0,'2022-07-04 07:33:06','2022-07-04 07:33:06','2023-07-04 09:33:06'),('2e3481d95f5a5ccabab1bbd9a6e73e3e35c46c0b18cc617ea70a625abb0bb2656a557e3586219034',71,1,'mazraa','[]',0,'2022-07-06 09:07:56','2022-07-06 09:07:56','2023-07-06 11:07:56'),('2e86f4725945891347bde46ffc765bda3f378513777bb3713a712a4bde4177780a10938d12134eb2',154,1,'mazraa','[]',0,'2022-09-06 11:10:30','2022-09-06 11:10:30','2023-09-06 13:10:30'),('2ed928c31fced0ea626a751f04efef1324153c8afe7b9e3d576169d4c8ade3d80e05bdd9088cad1d',115,1,'mazraa','[]',0,'2022-08-02 05:24:42','2022-08-02 05:24:42','2023-08-02 07:24:42'),('2fe1134507d21c81e418c50e14f51a3fb5a241a281dd5070043af457c2162b2af04657f559a62557',197,1,'mazraa','[]',0,'2022-10-05 04:20:10','2022-10-05 04:20:10','2023-10-05 06:20:10'),('316037fcd43793cbc6732097ed3b6dbf1ed34c95530da36c129dfe6b6296c13858a4b09372678a56',115,1,'mazraa','[]',0,'2022-07-25 09:51:19','2022-07-25 09:51:19','2023-07-25 11:51:19'),('31c38255d17fcd594ba42ec7c0736ec9a38cd7f16ccf0f969b53b89932a3f1d4f671a60da3f0f2e9',216,1,'mazraa','[]',0,'2022-12-17 08:32:46','2022-12-17 08:32:46','2023-12-17 10:32:46'),('3202d9eaae9f7836fb5cb6224c8be8ee9fd72df2da10793022daf33a17293020feb97be7ef8935ed',192,1,'mazraa','[]',0,'2022-10-03 11:12:55','2022-10-03 11:12:55','2023-10-03 13:12:55'),('32750f02c9c846729f0ce0371757e4670420265259ee68399abf244848eef41d5d47388f012749b8',1,1,'mazraa','[]',0,'2022-09-07 14:01:18','2022-09-07 14:01:18','2023-09-07 16:01:18'),('32f4f00190517418fdd709fc968345ffc7c82614a5734ac6e73d4b4adbd457297dda4a94df9fff9b',72,1,'mazraa','[]',0,'2022-07-23 05:57:33','2022-07-23 05:57:33','2023-07-23 07:57:33'),('3313c36c4f41dacb2d103a6dac5715acd4e8cc745adfc32fbfc2a8969ff582a5a7062db2e54e34ea',9,1,'mazraa','[]',0,'2022-07-04 06:30:41','2022-07-04 06:30:41','2023-07-04 08:30:41'),('3367757b9a9d0174aa5771124a217da9c389226e9a3785db9ce0c34ec0b693631056cab544aec656',195,1,'mazraa','[]',0,'2022-10-03 06:19:03','2022-10-03 06:19:03','2023-10-03 08:19:03'),('339cbcfe05afc751c1a0b7759ee997527a4d8cc866f180496c9e8c50600974b094fe74b9107a6b82',1,1,'mazraa','[]',0,'2022-09-04 05:19:51','2022-09-04 05:19:51','2023-09-04 07:19:51'),('343f63eed22d283b89b6728022a8d25993732e57544f5a9cec9ef5499531dff9d664be5a14d09670',1,1,'mazraa','[]',0,'2022-10-03 11:46:15','2022-10-03 11:46:15','2023-10-03 13:46:15'),('3457ee64e6ea9118a99ba17944d355038b786d2de3d2f02941f29d778885c28e1be1520eaeb48e02',1,1,'mazraa','[]',0,'2022-09-03 19:04:12','2022-09-03 19:04:12','2023-09-03 21:04:12'),('34f12873c26e726b6c5af96f45423473a7d6ce7465e25d18de8f677045502a6a086bb121c234f6bf',71,1,'mazraa','[]',0,'2022-07-06 09:09:14','2022-07-06 09:09:14','2023-07-06 11:09:14'),('35053b659ffd874d287b534d20cd7691f5f2ba4a5bbee6310a366e1c54564eae162577198bc8d28d',195,1,'mazraa','[]',0,'2022-10-03 08:17:50','2022-10-03 08:17:50','2023-10-03 10:17:50'),('352a266eb2124c4b1f0d03173eee61fae9f0904766b3c4a536964e2c94be9009a56df397a2a262a5',107,1,'mazraa','[]',0,'2022-07-23 06:38:07','2022-07-23 06:38:07','2023-07-23 08:38:07'),('36da510579988a7bba241a46b8068cfa2eab811114152cb8998b00db6b5de6480926b8c010d6448b',195,1,'mazraa','[]',0,'2022-10-03 08:19:56','2022-10-03 08:19:56','2023-10-03 10:19:56'),('37e0c65eec8de3bab9994b12c7f5009ae95cd170661335af6fd1da427de5159ac9132bf3fb1ac442',195,1,'mazraa','[]',0,'2022-10-03 08:34:26','2022-10-03 08:34:26','2023-10-03 10:34:26'),('385c46e426c5babc2e632f71a35f01e26167c9685a4dfe3cb573d29a4487f0cdd68dfda5c776f205',216,1,'mazraa','[]',0,'2022-11-10 07:29:29','2022-11-10 07:29:29','2023-11-10 09:29:29'),('38fb9a3c84a1b432fa072700c570296885134a6b9651dcedc103bbb8a3cb22b0a14cdc9af7b1d3a8',191,1,'mazraa','[]',0,'2022-10-05 13:51:18','2022-10-05 13:51:18','2023-10-05 15:51:18'),('39bef4bab1426caa6125fdde8c45cc5dd1237bd16af05e30863b00e7db323922a55eb71e0115d45b',96,1,'mazraa','[]',0,'2022-07-20 08:49:13','2022-07-20 08:49:13','2023-07-20 10:49:13'),('3a431bb2e5d1c14961b73a7d6931bedbca1c659e7333034ba23efde2d545223d1a5a24d3c4a4ad6f',1,1,'mazraa','[]',0,'2022-09-19 11:03:24','2022-09-19 11:03:24','2023-09-19 13:03:24'),('3a510d2ab4c2079302f6930313a83c31318dd50349b4006201553e60ece0d14caeb6b6abb007fbcd',189,1,'mazraa','[]',0,'2022-09-21 07:29:37','2022-09-21 07:29:37','2023-09-21 09:29:37'),('3a88e0dcb94998f37fd0390fc6fbed3b98615b0ccad38b7f0802b564d22d9ae9c6c7720957187072',40,1,'mazraa','[]',0,'2022-06-23 09:30:17','2022-06-23 09:30:17','2023-06-23 11:30:17'),('3ad4ce07c6bbefc4244208be3252c00eb2cd59a03c640ad440554a4c11dc1eb8058da94dafbc8c5d',1,1,'mazraa','[]',0,'2022-09-19 18:45:18','2022-09-19 18:45:18','2023-09-19 20:45:18'),('3b5d291b2d3a8637da152da1a02a516b511400b215787f32b9f3cee8da1acae80c807648adb7b17b',100,1,'mazraa','[]',0,'2022-07-24 18:57:30','2022-07-24 18:57:30','2023-07-24 20:57:30'),('3c26d6a1d117e2da7c262e60ad4405b5f9eebd2fa23fa015e87c3b73fbf3545e6aabc639bcb9b00a',155,1,'mazraa','[]',0,'2022-09-06 10:19:48','2022-09-06 10:19:48','2023-09-06 12:19:48'),('3d68b896e27a05e84eb90f263c5a2f6c8f450219dee3704771f7888d9f062e80b14cb3cd9a586530',11,1,'mazraa','[]',0,'2022-06-23 08:05:33','2022-06-23 08:05:33','2023-06-23 10:05:33'),('3d7f80ee18c73f9224dde06c32baec68ce4de0154384ccdd7840deae7bbc8cab4a870c8f502be7ba',216,1,'mazraa','[]',0,'2022-12-22 11:19:07','2022-12-22 11:19:07','2023-12-22 13:19:07'),('3dcb045fe2adae0859698a13e7b58a04cd7869d7690b3801046b28d1a4720f11fe574305a85abde0',1,1,'mazraa','[]',0,'2022-10-02 08:42:44','2022-10-02 08:42:44','2023-10-02 10:42:44'),('3dfa79c080117a228b80fb21c1b14d210096095d58d8d0acf7e1b649487f12198224cef9855ebd6c',207,1,'mazraa','[]',0,'2022-10-12 11:23:00','2022-10-12 11:23:00','2023-10-12 13:23:00'),('3e36f2829d42c9aa21cebccdd0f805ce6b964a989a02ff7fd1684ea5b001d3ad84c5b0fa1cd9c837',192,1,'mazraa','[]',0,'2022-10-03 11:34:45','2022-10-03 11:34:45','2023-10-03 13:34:45'),('3e731a35255d8396c74a91ad008aa9436282ff939b2a3cf361305fb1fb44bf790688ed23edb78f95',192,1,'mazraa','[]',0,'2022-10-12 10:46:54','2022-10-12 10:46:54','2023-10-12 12:46:54'),('3e9783fd14a8709dab0440c7c753e76d910e1473d25b9fb39abad3e181b6feb6ad89eb7f6a1dc641',100,1,'mazraa','[]',0,'2022-07-21 07:56:29','2022-07-21 07:56:29','2023-07-21 09:56:29'),('3eab50b8c33639277ec41097ed512194bacd42c3396c234480a75d4340a3562ac9b75d16136e3efc',216,1,'mazraa','[]',0,'2022-12-27 20:08:30','2022-12-27 20:08:30','2023-12-27 22:08:30'),('3ed5289f8076ee2aea1061d0e9866ee3786cab9479cc372d2758bd49668877728a62db245a7411e6',111,1,'mazraa','[]',0,'2022-07-23 11:03:02','2022-07-23 11:03:02','2023-07-23 13:03:02'),('3efddcbb13096ca0735241d6073805a2a660f944b35b8fa9180f5dca610478be160abdf22883f9a5',9,1,'mazraa','[]',0,'2022-06-27 11:49:22','2022-06-27 11:49:22','2023-06-27 13:49:22'),('3f02d39a7ccb83f58ef7fb8301eba6ed0ea021555d2a3c396f8c858897b52e6c8472f61a6ab4400c',1,1,'mazraa','[]',0,'2022-09-20 11:08:52','2022-09-20 11:08:52','2023-09-20 13:08:52'),('3f655a6a8938c06cc506a0942e5e99b903dc67ef35cc79805df1b3443a45c5918b8ed0c9a2c6c5b3',190,1,'mazraa','[]',0,'2022-09-19 11:00:25','2022-09-19 11:00:25','2023-09-19 13:00:25'),('3fbe30231cd7057016696f1373758cda7e366e12f5b833c2a25df36e52f20cb87ebeea5f5d39f4c7',1,1,'mazraa','[]',0,'2022-09-19 12:14:24','2022-09-19 12:14:24','2023-09-19 14:14:24'),('403b31bd9e6dcd879dfc34d8f6a594b4b2e7c12467eb7c5dcfdfdaaee7f088700ef31844290260d8',189,1,'mazraa','[]',0,'2022-09-20 09:56:50','2022-09-20 09:56:50','2023-09-20 11:56:50'),('4192f3877bba5b8243eed243f4452d0d03895732c81e19af9da54672c1baf3dff0a7a087c92091bc',152,1,'mazraa','[]',0,'2022-09-03 20:48:56','2022-09-03 20:48:56','2023-09-03 22:48:56'),('41ce822c1b015230b3bfa8284cde36a9fdb1d7713d261e253ac3f41b8e0d575311003f2c6295b028',64,1,'mazraa','[]',0,'2022-07-02 09:28:58','2022-07-02 09:28:58','2023-07-02 11:28:58'),('41fa6a905957e15ed893116eb440dbe73e4c4e32f4c693b6d4ceb3c2924bafb077fc19628baa1ba7',1,1,'mazraa','[]',0,'2022-10-06 16:38:42','2022-10-06 16:38:42','2023-10-06 18:38:42'),('424a1a69aa5006a17b0737847a10b7a0a41015dbe874111cb6b3a7637e963b517683357f8979a131',189,1,'mazraa','[]',0,'2022-09-18 18:59:27','2022-09-18 18:59:27','2023-09-18 20:59:27'),('42e49cad1690c96a57eeacd227aa27b1213fbd87f1828fd51adcc4dd6e327f6a90ee6524e3bcac04',216,1,'mazraa','[]',0,'2022-12-20 11:03:08','2022-12-20 11:03:08','2023-12-20 13:03:08'),('432901d54cf15824fb34dfc1c4dd9da51e731ee992bc26f6767d5d07704ec0c8a520a1bec1a20387',222,1,'gold','[]',0,'2023-03-05 14:16:15','2023-03-05 14:16:15','2024-03-05 16:16:15'),('439b5294ecab71e36775c986696157a45dcfe87fedd3c9ca3e320268e3d006512a679d8c88243cb6',96,1,'mazraa','[]',0,'2022-07-20 10:05:59','2022-07-20 10:05:59','2023-07-20 12:05:59'),('44195da7b777cf9dbd1382fd07523ab80fb25aa6bde1419f5bd0880f2efcbd4791c00eca4ee6e262',189,1,'mazraa','[]',0,'2022-09-21 07:21:22','2022-09-21 07:21:22','2023-09-21 09:21:22'),('444fb03c469766598b1164049a707c9694c5d5c1c10041f1c8c4fadfe3a623cbdcef046d285f70d0',101,1,'mazraa','[]',0,'2022-07-22 11:51:17','2022-07-22 11:51:17','2023-07-22 13:51:17'),('447cef941b16afa4ba4e4640ec991cff32d31a70c23d59c65cbb65abd729083e0c06e04361028949',103,1,'mazraa','[]',0,'2022-07-23 06:27:12','2022-07-23 06:27:12','2023-07-23 08:27:12'),('450f7beec63d06b0535c288a6bf761fcee6a4aff218ce03eed17d1be9f87774543444aaa73649edc',213,1,'mazraa','[]',0,'2022-10-15 13:16:39','2022-10-15 13:16:39','2023-10-15 15:16:39'),('455379d62515cf2ef673f07c4c79d426f75b771d7da57c6ae7f5e863f41c6ff90f8873c1e26e8676',216,1,'mazraa','[]',0,'2022-12-22 13:21:56','2022-12-22 13:21:56','2023-12-22 15:21:56'),('4556cb429a2949ff6f5bdfb3a80851a90e54043f7ad074fd1d1eaf016ee711536753f60a85f05df1',152,1,'mazraa','[]',0,'2022-09-03 20:41:13','2022-09-03 20:41:13','2023-09-03 22:41:13'),('45679655812bd00853df013ade24e64a965edab4ed6e98bcdab1376f0ed89a14c1e278a93c8e0298',195,1,'mazraa','[]',0,'2022-10-03 08:02:40','2022-10-03 08:02:40','2023-10-03 10:02:40'),('45dfc301338c97ea78924e1808759a8f9224cd5cbda16327e50c9b8a9a8bd2a741510e00d8b34215',11,1,'mazraa','[]',0,'2022-06-23 08:04:21','2022-06-23 08:04:21','2023-06-23 10:04:21'),('4678b0f4089c2539f220df5ddc10dbad6394ec7fbec18da110dab2333f291de1215c49ecb1a5a255',1,1,'mazraa','[]',0,'2022-09-17 08:34:24','2022-09-17 08:34:24','2023-09-17 10:34:24'),('477143e5412e17399f40fb6536e63f8f769b5a1414c44fde842ec19af93bb582520b552fe93b91b9',1,1,'mazraa','[]',0,'2022-09-06 11:06:49','2022-09-06 11:06:49','2023-09-06 13:06:49'),('4799365296a88fa738bfebe64b96f79b7815326d4efa5158aa9a2fb53d6d99ff2a490f97d83d2d3b',11,1,'mazraa','[]',0,'2022-06-23 08:04:29','2022-06-23 08:04:29','2023-06-23 10:04:29'),('48ff40ecd8c7a513c35a174f266b2d1ba3d80be7e9cbf419fb8b5f02457378408aeec08b84fea543',170,1,'mazraa','[]',0,'2022-09-25 06:42:22','2022-09-25 06:42:22','2023-09-25 08:42:22'),('494b2db2abbf4f52b5bc3adc76bbb820937113368bd0109ac46857a6299589d4c999b33817ef6fba',192,1,'mazraa','[]',0,'2022-10-03 17:15:34','2022-10-03 17:15:34','2023-10-03 19:15:34'),('4958584584d281882b2b63a14f73af39d421857dc7d9fadc6d4b221d4da93e884b6419d7d5b53546',24,1,'mazraa','[]',0,'2022-06-23 08:27:07','2022-06-23 08:27:07','2023-06-23 10:27:07'),('49938f76b16d984df7d5b06ac3b8a0bbd4ce6b3d2d099a46d71cf0c79fc619436ab34cb5398625e4',3,1,'mazraa','[]',0,'2022-06-23 06:47:52','2022-06-23 06:47:52','2023-06-23 08:47:52'),('49973fc82d8813a3f91a56740aca1dbbd58e79b3241f38e47a652cddf5b31f73d8a6fc36cea59dbe',1,1,'mazraa','[]',0,'2022-09-25 09:49:55','2022-09-25 09:49:55','2023-09-25 11:49:55'),('4b049139afa56150d02ea471e4da6bace8ea444610ee66af429518091193fb7f0b605533899ef710',170,1,'mazraa','[]',0,'2022-09-24 20:09:03','2022-09-24 20:09:03','2023-09-24 22:09:03'),('4b4f0aabac7a019c424f3aa5eab23eead636752294346ffe426808cf578601e6f97d498777b3290d',195,1,'mazraa','[]',0,'2022-10-03 10:27:33','2022-10-03 10:27:33','2023-10-03 12:27:33'),('4b5e02205ef61a30e291db405572e394bd356e52dcdece5a3d46d4262668efd0919f8b64df788c33',199,1,'mazraa','[]',0,'2022-10-04 17:11:00','2022-10-04 17:11:00','2023-10-04 19:11:00'),('4b63373d402df33d6dbb0b7065fbccfbf83d59f601a67f10e1fb55fa0e0a4e27e1d092478ae07f12',100,1,'mazraa','[]',0,'2022-07-21 04:43:52','2022-07-21 04:43:52','2023-07-21 06:43:52'),('4c563f81250c16eea0e59ffa42a91c7072646b736352d8d9b6c221cba40f7c8af9db728b24d97127',115,1,'mazraa','[]',0,'2022-08-02 06:32:22','2022-08-02 06:32:22','2023-08-02 08:32:22'),('4c9b0634e2dfb021829be5d4a66cdacf0fc2e38b515917e75e45d19dbba2b8ab7d200f49bcff7c84',217,1,'gold','[]',0,'2022-11-27 08:25:21','2022-11-27 08:25:21','2023-11-27 10:25:21'),('4d2fe6355a50be4cdcf2b1ea4b547450bb23ec914722bbec1dd28956df55ec94dfc1f870012d8069',1,1,'mazraa','[]',0,'2022-09-22 09:33:06','2022-09-22 09:33:06','2023-09-22 11:33:06'),('4d349e1fb322b911628d903e21b0507289fd3797b2e3bebb14f82005670aa7af9868d5856aec8278',220,1,'mazraa','[]',0,'2023-03-12 05:35:10','2023-03-12 05:35:10','2024-03-12 07:35:10'),('4e00d72f8b19529f39f646f1faadf6fefb0f2d7a56dfe9590434c84bb15c7110d0392512797a89c5',195,1,'mazraa','[]',0,'2022-10-03 10:39:57','2022-10-03 10:39:57','2023-10-03 12:39:57'),('4e12e3be775b137b88f79cfc8c2319401f5372d959cce2abdb00f721f6f75f226e53ddd0b4ff0b27',1,1,'mazraa','[]',0,'2022-09-21 08:15:13','2022-09-21 08:15:13','2023-09-21 10:15:13'),('4f3cb0a4cbbfae17dc94de2b07a344336aafd3bcd6e37dcb244af88bdbfa29e5fa78d885c89c41ca',1,1,'mazraa','[]',0,'2022-10-06 04:51:21','2022-10-06 04:51:21','2023-10-06 06:51:21'),('4fa99b98ab17eb9afb1122a747e1fd226d470343f302ac601d63068af0e8edfffac4cd36c611875d',192,1,'mazraa','[]',0,'2022-10-12 10:24:59','2022-10-12 10:24:59','2023-10-12 12:24:59'),('507af56d149d53caf1631434d1a98a7a12f59e1f70ee97d201d87891d42993d5c68324f18a409812',221,1,'gold','[]',0,'2023-02-13 05:12:22','2023-02-13 05:12:22','2024-02-13 07:12:22'),('50dc643c15526b613a72c9a5386b4888f413e9be1f78a06a8a7add390c0d0b4f4f0f7a8dd2733063',43,1,'mazraa','[]',0,'2022-06-23 09:30:46','2022-06-23 09:30:46','2023-06-23 11:30:46'),('513b12c075439fdf6be0f39215cf7323d2a5c4dbf8911da9478517660f0d24b78c7982d8e0345e23',3,1,'mazraa','[]',0,'2022-06-23 08:34:33','2022-06-23 08:34:33','2023-06-23 10:34:33'),('513f5f13ccefbd93d366fc7a00442586e0fc5684744bb21af848996bf0653a935d861a04eadee857',216,1,'mazraa','[]',0,'2022-12-20 11:03:39','2022-12-20 11:03:39','2023-12-20 13:03:39'),('518ff3b079f9bd5a00fb26efa0f8f3c0941122d4d232c290a6b70699a6e9b177650dd440be5f946d',1,1,'mazraa','[]',0,'2022-09-18 19:22:24','2022-09-18 19:22:24','2023-09-18 21:22:24'),('534b82cc23210e3839b93b3a0af124498e15c2cc0f000a7b849ecb6c046f1c9e56ed3165d5302185',9,1,'mazraa','[]',0,'2022-07-20 05:45:49','2022-07-20 05:45:49','2023-07-20 07:45:49'),('54240068cc09c72db261d8477f6b18b2a74fb118d86b0df5c58318f4312a0a1749b0342a1b283aff',96,1,'mazraa','[]',0,'2022-07-20 08:51:57','2022-07-20 08:51:57','2023-07-20 10:51:57'),('54adc381ffe5013dbeffb0c309c875f34abf032475e1e12c1dce69b62dd0a1951d0125bcdf36ecf0',12,1,'mazraa','[]',0,'2022-06-23 08:11:05','2022-06-23 08:11:05','2023-06-23 10:11:05'),('54ff093a0dc1f7b144e380219b6c07b573e50d05c6c236ac4138080d093dc4173ea3d9cd94c8096a',170,1,'mazraa','[]',0,'2022-09-24 19:55:02','2022-09-24 19:55:02','2023-09-24 21:55:02'),('554e5834ef8b8f77d59acca257e39274d744976713b819b1eb1cdd11b6b926adf0caa15bbc869e26',158,1,'mazraa','[]',0,'2022-09-07 08:49:51','2022-09-07 08:49:51','2023-09-07 10:49:51'),('570ae9e200ade25ad3e544217454705416782f594a1beb35954891beccd2d8d03c7eeb737454caae',217,1,'gold','[]',0,'2022-11-27 08:50:39','2022-11-27 08:50:39','2023-11-27 10:50:39'),('5760025f4b29425cf7dffb86fe8ef641805a24e7e1787cd066371f9e032335a00aebe8ba75c0b0c6',1,1,'mazraa','[]',0,'2022-09-18 17:29:19','2022-09-18 17:29:19','2023-09-18 19:29:19'),('57ea9bfc2bb19cc25957d372b321bcbef08e0019a79c9debfc3b7bdc80a2a367d06dc94e63ed1969',154,1,'mazraa','[]',0,'2022-09-06 10:31:31','2022-09-06 10:31:31','2023-09-06 12:31:31'),('588aaf0d825743c5572c3f8080030604ed52c64699cee0089b513864979863f0855253241cd2bf22',225,1,'gold','[]',0,'2023-11-05 21:46:53','2023-11-05 21:46:53','2024-11-05 21:46:53'),('58dd7977a5c9fc8f0d82f7bc2ec5405077308a5a95490d5b9497b2bfc486fd4c590d9b4e5716ae65',102,1,'mazraa','[]',0,'2022-07-23 06:05:51','2022-07-23 06:05:51','2023-07-23 08:05:51'),('594a48ce6be5278a92ffbe849251d97462e750579554a8898867cf0743a81c745929b46cc0e7a207',220,1,'mazraa','[]',0,'2023-01-11 06:20:10','2023-01-11 06:20:10','2024-01-11 08:20:10'),('5a17cac17f42c81102bac2dc64a4a3adc5930d65e396cc5df03e745a57d02970893ff09013ce18e8',115,1,'mazraa','[]',0,'2022-07-27 19:12:52','2022-07-27 19:12:52','2023-07-27 21:12:52'),('5a2070f0e3257313e2b260a94f73393fc6b1440055cca1e5d294326e0b83f2cf20a2fc95b5821033',94,1,'mazraa','[]',0,'2022-07-20 05:49:33','2022-07-20 05:49:33','2023-07-20 07:49:33'),('5a559db7b8e0a898ac0541f7d60e69585dd4c66e4293f3b56e620116d0befbe7068c8b1aca91fe29',115,1,'mazraa','[]',0,'2022-08-02 07:00:34','2022-08-02 07:00:34','2023-08-02 09:00:34'),('5a754051f1e92c1910aae79f9434da882be73b642c49eee9d2219878c39bcc4f157d3dbb8d30d5d5',43,1,'mazraa','[]',0,'2022-06-23 09:31:26','2022-06-23 09:31:26','2023-06-23 11:31:26'),('5a7edd42ea341dd019a0f4784723b1ef67638ae67bc3c33c1f1040ce2233348d0ed598323019e150',216,1,'mazraa','[]',0,'2022-12-21 11:37:25','2022-12-21 11:37:25','2023-12-21 13:37:25'),('5ac68e3ac3e2fb9cf366f441ca48886b2c1cc1ea481308d4c12752487006c573a68c287f75560134',61,1,'mazraa','[]',0,'2022-06-28 09:59:48','2022-06-28 09:59:48','2023-06-28 11:59:48'),('5c3d6e8f47d8a9bc2c20ab977053aed6f0380a064f881285eec8266229206bb9555f5ac86129fe3b',72,1,'mazraa','[]',0,'2022-07-21 05:01:42','2022-07-21 05:01:42','2023-07-21 07:01:42'),('5c7355dd11c8aac12cd180feba02529208d40cba953fe033d669e0d85aef409458d3d066afaeffd0',60,1,'mazraa','[]',0,'2022-06-27 08:37:33','2022-06-27 08:37:33','2023-06-27 10:37:33'),('5d3d56721893bfd5c38899fd1116d8a40efba63b21d8ab43cbf0a9fdb465fb5131ba6749c7885e81',113,1,'mazraa','[]',0,'2022-07-25 06:53:47','2022-07-25 06:53:47','2023-07-25 08:53:47'),('5d42d568fbfce2b79a2e9fd382de7438bf18dfc5ae710ae1d8194a022fa7330ee0b840ee62e89b77',196,1,'mazraa','[]',0,'2022-10-03 10:58:19','2022-10-03 10:58:19','2023-10-03 12:58:19'),('5d4d17667c2c0d70b093140c19f3ebf00c3a186dfc5c31df4801f8f70161dbd36c10b06172d43397',1,1,'mazraa','[]',0,'2022-09-18 05:33:46','2022-09-18 05:33:46','2023-09-18 07:33:46'),('5e426cad633a603294e058afec6991ef50736cf3be9b536551febc3727e8b44eff265e50848bb3f9',216,1,'mazraa','[]',0,'2022-12-17 08:58:32','2022-12-17 08:58:32','2023-12-17 10:58:32'),('5f9ba8742713ff30edaa64598a32030f0dc57b73ff45ad1a29807e9d18798a5b845f50a7f7ba7539',216,1,'mazraa','[]',0,'2022-12-27 06:09:18','2022-12-27 06:09:18','2023-12-27 08:09:18'),('5fa303d737f67a0c150d1fe3ae88aaeddf73250777eb5a4ea474f9dd7290a7bdbe86e3a6121a2915',216,1,'mazraa','[]',0,'2022-12-17 07:17:42','2022-12-17 07:17:42','2023-12-17 09:17:42'),('5fc50c2726f65eed48b6537fe2d8ca5a4fdba3e35ea099d61da306f3e62c55a7dcd566d47692b730',1,1,'mazraa','[]',0,'2022-09-25 07:48:43','2022-09-25 07:48:43','2023-09-25 09:48:43'),('60000a7ea946161b7a574a3f833e914a5670a35b6fafae0e7851496a39719beeb3e644808dbce7d6',198,1,'mazraa','[]',0,'2022-11-06 06:30:06','2022-11-06 06:30:06','2023-11-06 08:30:06'),('605edfd7df7f55b601c7424b415b089951204cb01d4d1326de2d24ad9c77a02f70b519b66061dfcb',190,1,'mazraa','[]',0,'2022-10-12 10:36:38','2022-10-12 10:36:38','2023-10-12 12:36:38'),('6072b5220ab5da5b6b1e86a85b370b9d406a44e005924ef6c8379442424fef4531ca5f38da4884ca',1,1,'mazraa','[]',0,'2022-09-06 09:58:08','2022-09-06 09:58:08','2023-09-06 11:58:08'),('6149255f5d3ad742d11dc607467a76beadd2aee373a4d9f6fcee4958906bc6d0507b202c28775ca3',96,1,'mazraa','[]',0,'2022-07-20 10:30:22','2022-07-20 10:30:22','2023-07-20 12:30:22'),('61730597520a7c8cbf62faa4953c5fd72a5a3d938824083d75549c9dfe4f7d3fbd31d24717c39489',3,1,'mazraa','[]',0,'2022-06-23 07:39:54','2022-06-23 07:39:54','2023-06-23 09:39:54'),('620b1882e187621ce2aa80e128b49daa36de7e97b98c0f6eab0524fd13bf2d3734ce0698e2b5a7be',46,1,'mazraa','[]',0,'2022-06-23 09:57:14','2022-06-23 09:57:14','2023-06-23 11:57:14'),('6229c3bc858c941ff6040291190168e12717681ea599c1537da70e20e7733fa8688cbf7b2f67023a',6,1,'mazraa','[]',0,'2022-06-22 10:14:57','2022-06-22 10:14:57','2023-06-22 12:14:57'),('62e2166d3eac30c4431f490eecff1af211c4e98ff231d16608ab52cfa09479e55fa8bc8ecdcaee00',216,1,'mazraa','[]',0,'2022-11-06 09:40:55','2022-11-06 09:40:55','2023-11-06 11:40:55'),('62fad415f9d41597e55b751522a83e2ee8271d41f31b98b52d4d3e40d3f4449ea56dfd9208111ec4',11,1,'mazraa','[]',0,'2022-06-23 07:59:13','2022-06-23 07:59:13','2023-06-23 09:59:13'),('634257169214a9ee3e618c7108217cd5f1b3227fcc4b04e6e7ba9ab8c6b080c2ddcc570b2dcc432c',11,1,'mazraa','[]',0,'2022-06-23 08:03:43','2022-06-23 08:03:43','2023-06-23 10:03:43'),('6384af9eb51cb4f4fa11c96c5ac77b9ee493e72e33b63e104141cedfd5f637571bb20aa78333f442',96,1,'mazraa','[]',0,'2022-07-20 09:17:30','2022-07-20 09:17:30','2023-07-20 11:17:30'),('63c972261ac999fd7c3279871fb0791cb0a06c66f8aaaca46ab704e03a58bbf4161a6c4f444fb214',216,1,'mazraa','[]',0,'2022-11-06 09:12:33','2022-11-06 09:12:33','2023-11-06 11:12:33'),('6430bd1bce32be86a87cb055a21b5a32dfe46f2bdac0b336d6a6cf919310f34b4c40b460fb2c6fa1',41,1,'mazraa','[]',0,'2022-06-23 09:17:00','2022-06-23 09:17:00','2023-06-23 11:17:00'),('64570cae7f90f9471b65110311f383f8e5c670f81d10d15b673e38e0da191e1f287f017be5e6dc34',100,1,'mazraa','[]',0,'2022-07-21 04:45:27','2022-07-21 04:45:27','2023-07-21 06:45:27'),('64d0c144ac9cebd42e437cd2d851b595094a0b23aa8d37c1676965d3ac8945fa8124ee98902a244b',191,1,'mazraa','[]',0,'2022-10-15 18:54:34','2022-10-15 18:54:34','2023-10-15 20:54:34'),('65e36ca8fbd4e4a41b6699f5c3d16992ea9ad36d98a1868ee0d59263590be6e4eda270c82df018b3',8,1,'mazraa','[]',0,'2022-06-22 10:16:50','2022-06-22 10:16:50','2023-06-22 12:16:50'),('66af9de8ef39b535ef346e30bbc6fcab25a5c01eef4a24a120a655caf0d5ce99dd35815cc48b01c0',189,1,'mazraa','[]',0,'2022-09-18 18:09:41','2022-09-18 18:09:41','2023-09-18 20:09:41'),('66dc0cf28b826beec02411c36b2c93c575e22b6196f5cc9d9ca5b0827d2e20f374bc218798b8d5a9',191,1,'mazraa','[]',0,'2022-10-13 16:48:50','2022-10-13 16:48:50','2023-10-13 18:48:50'),('66f7e3da04ae903c5fce050a3eb361eca97e8aa64bff28d0c0d868c22bdb82d6c100b6e45d6896e5',220,1,'mazraa','[]',0,'2023-03-12 10:39:04','2023-03-12 10:39:04','2024-03-12 12:39:04'),('683f993361ddfb587cd6c4f3a7c84fbc7653e173037ff0ad500d13a73c7704bb8b2ce9d72c6fcbb7',72,1,'mazraa','[]',0,'2022-07-21 11:26:44','2022-07-21 11:26:44','2023-07-21 13:26:44'),('6870e2f4796fc09616c71a078c627b5272262a6382d79f69a658e1dcae011d9b5ab90cfb02046b79',190,1,'mazraa','[]',0,'2022-10-12 11:09:58','2022-10-12 11:09:58','2023-10-12 13:09:58'),('68bba8df3aebbf2953e5110b4a9db5b2240db06cdaf9f5a058e07460ebe767fb69f3fd4663548add',100,1,'mazraa','[]',0,'2022-07-21 04:59:10','2022-07-21 04:59:10','2023-07-21 06:59:10'),('68c05a1fc7b89739ba83f0304dc7a7f08fa4717091409f39230ea3fe8f3940e28a1d307e39ede63f',223,1,'gold','[]',0,'2023-03-07 13:38:40','2023-03-07 13:38:40','2024-03-07 15:38:40'),('68e6be9d5554f6c2332794fd90e1b74eaa62556414a2953ffd23b7e58280524691e06c1d964a7021',1,1,'mazraa','[]',0,'2022-09-25 10:02:21','2022-09-25 10:02:21','2023-09-25 12:02:21'),('6910ca9b31dd1851907697f5834678865b0ea75af3396b0034ffd1d28159d07143db14a10ff7838a',1,1,'mazraa','[]',0,'2022-09-28 08:04:51','2022-09-28 08:04:51','2023-09-28 10:04:51'),('69420c0fe1cd8a5e227645220868ce44c62154fed9c53d8bd50752d41e125c2d84a6856806b9ec7b',1,1,'mazraa','[]',0,'2022-09-06 09:09:35','2022-09-06 09:09:35','2023-09-06 11:09:35'),('695b5bd2ae93be0dcc2286f7832939d6f2d040eebe44b0c04392ca50308ad1ede4a5c1233b4059c0',96,1,'mazraa','[]',0,'2022-07-20 10:26:46','2022-07-20 10:26:46','2023-07-20 12:26:46'),('69c94df6f9f01ed67be3fe9412b1a73be9cce3819ceae945f8844525ea79e83c525d2c7cc089c41f',96,1,'mazraa','[]',0,'2022-07-20 08:39:05','2022-07-20 08:39:05','2023-07-20 10:39:05'),('6a03e96a348c877d76ffcd5af83026b5b120ff73d71435a170d2085cdd8bd305e9f6b138a99db2d4',72,1,'mazraa','[]',0,'2022-07-17 09:55:56','2022-07-17 09:55:56','2023-07-17 11:55:56'),('6ac77eb1c01dadb324c6eac4bcbdd2b15211c70d3f4c25256bdd5333619f85ee25327eda5fc8bde2',1,1,'mazraa','[]',0,'2022-09-25 09:20:31','2022-09-25 09:20:31','2023-09-25 11:20:31'),('6acf2760f63624382e4a5595b1db9fd9b83f38f5d634608c638994e6c496f9c94c80a536a57a50dd',96,1,'mazraa','[]',0,'2022-07-20 09:04:51','2022-07-20 09:04:51','2023-07-20 11:04:51'),('6b8baba5dc1d455d6c3432107d933f6f199fdee74c9e1d3e10bac95d632cf275fe8223429cf2a9a0',96,1,'mazraa','[]',0,'2022-07-20 09:02:17','2022-07-20 09:02:17','2023-07-20 11:02:17'),('6b8bb56e5162464aed30027184c10d49300d24f321c0f1b8567357b2e1fb2b5b050f42bfcdb477d9',216,1,'mazraa','[]',0,'2022-12-17 07:18:16','2022-12-17 07:18:16','2023-12-17 09:18:16'),('6c4cd50ef717c54d7e4bbb8c827dda732e4f8c4cc5b45bd447e1769df8b8cad6e525948cd63b3b08',152,1,'mazraa','[]',0,'2022-09-05 10:28:57','2022-09-05 10:28:57','2023-09-05 12:28:57'),('6ce51ffd3264543bf3f77709c28d6c17f4013afa2f132d0a34d07ad72ac0600795bf09d6637d0424',170,1,'mazraa','[]',0,'2022-09-21 07:27:58','2022-09-21 07:27:58','2023-09-21 09:27:58'),('6ced0eb6df99ea6643321bdf6b27f8d4865f2da5ecfefd797e1579984c20581a9d3a13447e5cfd82',103,1,'mazraa','[]',0,'2022-07-23 06:25:15','2022-07-23 06:25:15','2023-07-23 08:25:15'),('6d5ce349a887dcab1b57daa71a2f332924f487657a370e3255abac2f7f4ff583e02e64649996513e',190,1,'mazraa','[]',0,'2022-09-28 11:29:01','2022-09-28 11:29:01','2023-09-28 13:29:01'),('6daa13f3b3c88978f82bb80abf1c1c1fffb132cb4c14526fe7477f323ceeec086e2662590e2d757b',154,1,'mazraa','[]',0,'2022-09-06 10:19:26','2022-09-06 10:19:26','2023-09-06 12:19:26'),('6deede27004a3416551a960d4789a1eacaca85385c8167e4ad186fe1eba5476a4926b35d69c881ab',195,1,'mazraa','[]',0,'2022-10-03 08:20:11','2022-10-03 08:20:11','2023-10-03 10:20:11'),('6e50553aa7d6e94625b5cc86be0d6b4545f829438d79f6432a518360b4fa7e26f58b86d2b0ec4ff9',1,1,'mazraa','[]',0,'2022-09-18 17:41:28','2022-09-18 17:41:28','2023-09-18 19:41:28'),('6e5efeb1122e035d0d82129c31d65a7c601f921b193a39f9eecd7fbdac1337cf5c14c5d566c97864',45,1,'mazraa','[]',0,'2022-06-23 09:55:42','2022-06-23 09:55:42','2023-06-23 11:55:42'),('6e7bc5d198b8536da36f78552458248e4858217d77d4a6c45707d9f6fbd47b0a398f3d877e316962',155,1,'mazraa','[]',0,'2022-09-06 11:35:28','2022-09-06 11:35:28','2023-09-06 13:35:28'),('6f2c05354a4c7abd7714fe1944e7e66f6e927a7156072f52eb013a83e40cac6ab03470741215b028',1,1,'mazraa','[]',0,'2022-09-20 08:43:13','2022-09-20 08:43:13','2023-09-20 10:43:13'),('6f5ba2dc4ef674911049c2f05577fbf9e8abdf85b17430c58533a8f871680f001391f7525724cf38',155,1,'mazraa','[]',0,'2022-09-06 11:06:01','2022-09-06 11:06:01','2023-09-06 13:06:01'),('6fef1e3c03a9b42915525041f37b7d18f21d524b2b8bfd37cd0c753fddb437556ff93e1a1ca4efdf',216,1,'mazraa','[]',0,'2022-12-27 20:07:58','2022-12-27 20:07:58','2023-12-27 22:07:58'),('7177a3e0fabe31ba96099610da98effcfc074e1e9b6e1bdbbc3bec28e2eaa7f16dc5ee0676b99919',151,1,'mazraa','[]',0,'2022-08-31 07:00:14','2022-08-31 07:00:14','2023-08-31 09:00:14'),('71f0e0a1ce44a15f213716f13278835690ce7c05f6f2fec373681222aa45350fe6fecc8b13984023',69,1,'mazraa','[]',0,'2022-07-05 12:13:21','2022-07-05 12:13:21','2023-07-05 14:13:21'),('72886d39b119939d43df4b78aac691bf12a5ef9162688670c5a6c0be5c5923d0155a11ac88f8be08',155,1,'mazraa','[]',0,'2022-09-06 11:10:57','2022-09-06 11:10:57','2023-09-06 13:10:57'),('72bf8b6756ea73b353e0a3dbc30ecf9f21677d6b44366a1a0067486e6e418d525e159cff8d4e8304',196,1,'mazraa','[]',0,'2022-10-03 11:01:30','2022-10-03 11:01:30','2023-10-03 13:01:30'),('72dc474c964ebd6a8b8a8b56fcfb8b0c886fab4b8c1e5054ef29a07d97cfab661bf62f7ddd01bdd7',40,1,'mazraa','[]',0,'2022-06-23 09:14:24','2022-06-23 09:14:24','2023-06-23 11:14:24'),('7373aa9cd7465c7b318ab91d50721e1cdcc32ee919d3b6e3bd112233a20815ae6c9d66f7aa49607f',197,1,'mazraa','[]',0,'2022-10-03 11:02:51','2022-10-03 11:02:51','2023-10-03 13:02:51'),('7375368c8b696d5564cd1ce3db8db82c479f2b69c979944cf0aa436c0494b0289498c5a2f977bfdf',1,1,'mazraa','[]',0,'2022-09-18 05:09:31','2022-09-18 05:09:31','2023-09-18 07:09:31'),('7434101b23f7b6a367c150ba2627ed62496406dc898a08a7ba6ed5cbcdf201cc52126175831c85bd',192,1,'mazraa','[]',0,'2022-09-25 14:39:22','2022-09-25 14:39:22','2023-09-25 16:39:22'),('743d5eaa1b47cb68a650245c253add04a98688e50c6aaa1a2eae3e3a46d9cf41fa2f59c2eea60e2f',216,1,'mazraa','[]',0,'2022-12-27 19:49:28','2022-12-27 19:49:28','2023-12-27 21:49:28'),('7444d964c4eaa2008875d61e54d1e9606039cf28831f6c03a32ffa08c3e09ec2b997858dfe36e2ed',216,1,'mazraa','[]',0,'2022-12-27 20:07:17','2022-12-27 20:07:17','2023-12-27 22:07:17'),('7453ab229f5b764b3c51de065192306484cf4c447611c0d9650a5e0b93975b061c78ab62f1f196cb',216,1,'mazraa','[]',0,'2022-12-17 08:58:51','2022-12-17 08:58:51','2023-12-17 10:58:51'),('74a8a1af5cf00c216d57c479080f33abd84292f6ae493c205cc045939993c114370435bf84406775',11,1,'mazraa','[]',0,'2022-06-23 08:03:06','2022-06-23 08:03:06','2023-06-23 10:03:06'),('7553f8efb1675bba4839371350552539bf0701f4bdcda0721bf6476284a532e226f910bfb2bbbf02',198,1,'mazraa','[]',0,'2022-10-17 10:14:52','2022-10-17 10:14:52','2023-10-17 12:14:52'),('75a0b693b02dd0c52ea577bd2c4f4b07587897952911c10eee6cd4fdde7fb7412a3ed843ebe85432',216,1,'mazraa','[]',0,'2022-11-06 09:15:11','2022-11-06 09:15:11','2023-11-06 11:15:11'),('75f393de7da16003334b8e2b3c6ea74a9afc45b2c089df47046fc062330b03deadfbad66dc349025',63,1,'mazraa','[]',0,'2022-07-02 09:09:22','2022-07-02 09:09:22','2023-07-02 11:09:22'),('76075829fe22449d89307f27ae2903e9e75b40ef4c185c4d428641abff9f2e8a4f2b3b201d606330',155,1,'mazraa','[]',0,'2022-09-06 11:42:50','2022-09-06 11:42:50','2023-09-06 13:42:50'),('76a011070ee6ce90d5ae5c5ec1266787415416441b48f03089da997f155ebd1d47cc139f84972d6b',1,1,'mazraa','[]',0,'2022-09-18 06:15:28','2022-09-18 06:15:28','2023-09-18 08:15:28'),('76a34bd58f6a5534482ff1d8e9b859f71776a5732e7ec7490adf4608334e2e435bd27e2f76c9fa7b',154,1,'mazraa','[]',0,'2022-09-06 11:09:23','2022-09-06 11:09:23','2023-09-06 13:09:23'),('775a1f478c4110b48488bd00c1cb9e489500df7004e1ab6a0cacb192a3efb90fba09190605cb7947',96,1,'mazraa','[]',0,'2022-07-20 09:11:51','2022-07-20 09:11:51','2023-07-20 11:11:51'),('78bc29e5fdb4ee38fcdf39830b8c96c99db298f4ed1262a888495e381423fba8fb7cd77833c15688',154,1,'mazraa','[]',0,'2022-09-06 11:04:23','2022-09-06 11:04:23','2023-09-06 13:04:23'),('78cd29a0fb65d91a5e52288604547322b368c8c9a16153f3de893a9d23f833f459a94c94a1d0938b',100,1,'mazraa','[]',0,'2022-07-21 05:02:10','2022-07-21 05:02:10','2023-07-21 07:02:10'),('7915d927d36f7cb8cc933772872fba727daf395bb59888a0a631b33412002702f645aa2b8395e4c5',1,1,'mazraa','[]',0,'2022-10-03 13:30:31','2022-10-03 13:30:31','2023-10-03 15:30:31'),('7a4c5040c7f32efe4fe3d4ef4f8f58bebc9e68f6f383a5646c519bda6d4af3e73891298737d1e652',11,1,'mazraa','[]',0,'2022-06-23 08:04:16','2022-06-23 08:04:16','2023-06-23 10:04:16'),('7a917eb19a54693531d96c91ec3ee01b03b3ff86c9b32be02d28d8f8c1f4e4fb1e09ff6e02425b64',198,1,'mazraa','[]',0,'2022-10-06 11:47:42','2022-10-06 11:47:42','2023-10-06 13:47:42'),('7afbf6473e0d62ddde542005c277a85f2b2a9388adfcf071eb34946b8a344ea8399de8173f86980a',96,1,'mazraa','[]',0,'2022-07-20 09:17:55','2022-07-20 09:17:55','2023-07-20 11:17:55'),('7c8182346e0675712b8a8dbb46fe0aa937a193938c886a6e99ed554441b7a5b4a3bc915afe9f1e07',189,1,'mazraa','[]',0,'2022-09-18 18:58:57','2022-09-18 18:58:57','2023-09-18 20:58:57'),('7ce0030a88a9cc88e4be9908a8da82b12e0427467f7172c186215e2e8786e5a8518df4a630bdd6bd',45,1,'mazraa','[]',0,'2022-06-23 10:21:08','2022-06-23 10:21:08','2023-06-23 12:21:08'),('7d0be8f80ad9af1d23c2bd19c5f50b790bb48e5070943a6483e42e5bfb4c745ac501a35abce379d5',9,1,'mazraa','[]',0,'2022-06-27 10:01:18','2022-06-27 10:01:18','2023-06-27 12:01:18'),('7d19718b3b49d222f08195e3bab491b5d0dd5253d7e973ac698651aa40b6af665edeb16e6bdfa6dc',220,1,'mazraa','[]',0,'2023-03-11 10:25:44','2023-03-11 10:25:44','2024-03-11 12:25:44'),('7d92aa2d9e10aaa417f68f578c36ac6588dddcad945e4b959130ef1670ad1089d18d2a77201f43c6',1,1,'mazraa','[]',0,'2022-09-18 15:23:26','2022-09-18 15:23:26','2023-09-18 17:23:26'),('7de4b75062e3e35047704eaea4a39e72a05d5124274f97bbf98f15c9018da83e93ce7689a890f34e',71,1,'mazraa','[]',0,'2022-07-06 11:21:10','2022-07-06 11:21:10','2023-07-06 13:21:10'),('7e138dee0c73bb94bf4b941ce555df23ee38b70387c95cf023ec4c3726e83891d8a0cfdeb6afd58d',96,1,'mazraa','[]',0,'2022-07-20 09:06:57','2022-07-20 09:06:57','2023-07-20 11:06:57'),('7ee5e381d31a22198d431c15eaeef6ac5d761a20a315551f0745d623d8637f0f965bd6e27f1444bb',11,1,'mazraa','[]',0,'2022-06-23 08:04:39','2022-06-23 08:04:39','2023-06-23 10:04:39'),('7f4d3c67e6b52da4fbec6d751425df20e48a154c10d21007cb3ea468425b865f22f894ff87ec90b3',10,1,'mazraa','[]',0,'2022-06-23 06:50:53','2022-06-23 06:50:53','2023-06-23 08:50:53'),('7f8e3bf68719eeab9798c2590f3578693da7b21d13aa36c98b4206def67dfa1d178a6de14f77ece7',39,1,'mazraa','[]',0,'2022-06-23 09:03:16','2022-06-23 09:03:16','2023-06-23 11:03:16'),('7fdaa14102b9477d207c86839aef7c1a00ce3f38ac93a278aa6ed3afc135eefb3bee41bef000a6bd',71,1,'mazraa','[]',0,'2022-07-06 11:18:34','2022-07-06 11:18:34','2023-07-06 13:18:34'),('7fee2cbdbd3f006d9da714695369456dba076cfed47630f4231e4ce9ab9233435a33882ad3f5e149',152,1,'mazraa','[]',0,'2022-09-04 05:19:07','2022-09-04 05:19:07','2023-09-04 07:19:07'),('814f0ed92b557a09b4e03aaa08ead996231cea1f9956d0df15d06ac1c6f04d7ca26f577ee07912ba',71,1,'mazraa','[]',0,'2022-07-06 09:08:58','2022-07-06 09:08:58','2023-07-06 11:08:58'),('8176cccd96a8f3e99378f6923cc7d5491558f0c0480a5d786231daab4f15142de77444252dd78883',1,1,'mazraa','[]',0,'2022-09-06 09:34:04','2022-09-06 09:34:04','2023-09-06 11:34:04'),('817f2d6855264c095f08b0c117a0a925a20372e69c9d848ec45540a1d1d363901ab98fd0f38210d1',102,1,'mazraa','[]',0,'2022-07-23 06:06:08','2022-07-23 06:06:08','2023-07-23 08:06:08'),('81e36fa779f15690b0b4a5c4b683c2e66f4b2a8751f6216780ea70b1da7facc4e0dbb050cfee0731',190,1,'mazraa','[]',0,'2022-09-25 09:14:27','2022-09-25 09:14:27','2023-09-25 11:14:27'),('826603e08f5563ce7ebd83c8b5165f25024dbeaf86ec4cd14bd07ecc7086da04307d060c0d686a90',96,1,'mazraa','[]',0,'2022-07-20 08:54:03','2022-07-20 08:54:03','2023-07-20 10:54:03'),('82e53d6278671454d458b8674ad01c8a25cb8ec2adfc24534432a21721259875346d8461ae80079d',202,1,'mazraa','[]',0,'2022-10-08 19:05:14','2022-10-08 19:05:14','2023-10-08 21:05:14'),('8383f4061423bfd6bf0c3eafc396c2a4299a451a5c9d42e86c6522d969033574d3d86ee78b7d1de3',71,1,'mazraa','[]',0,'2022-07-06 11:08:23','2022-07-06 11:08:23','2023-07-06 13:08:23'),('83885a7f024333431e255fbdb23d70f7984c906a2221c2c30089e89932178156f2ab8cb85253333a',190,1,'mazraa','[]',0,'2022-10-04 17:37:58','2022-10-04 17:37:58','2023-10-04 19:37:58'),('83b299fbfd632025855b4015ecd7ded9808b07051606353f16bdbd032264edf75a95f366e4a15118',216,1,'mazraa','[]',0,'2022-12-17 09:00:00','2022-12-17 09:00:00','2023-12-17 11:00:00'),('83c043c8392ec90feac3d3e4a91e519f72e53c5fc78b873fe60864333865a972251dfe1ce9257fd0',11,1,'mazraa','[]',0,'2022-06-23 08:09:29','2022-06-23 08:09:29','2023-06-23 10:09:29'),('83c0b62dfec6d3db7721f46eb9ca84b209ddb14f2a166b2c1f7e8996c03b381885c885a7ffbee3c0',155,1,'mazraa','[]',0,'2022-09-06 11:13:20','2022-09-06 11:13:20','2023-09-06 13:13:20'),('844281b0fa4616410748980faaeb2b78bbe03ee54532dea4c0d335980e6570f5ad4a34d8507de1f9',1,1,'mazraa','[]',0,'2022-10-03 13:16:58','2022-10-03 13:16:58','2023-10-03 15:16:58'),('844fb591a428bdf4330f4c7363b7c20e2745ee1569663db50be600b7d784283a6794bad36115438d',190,1,'mazraa','[]',0,'2022-10-16 10:17:27','2022-10-16 10:17:27','2023-10-16 12:17:27'),('849a73ec359f15044564c0914d98b495bbcff68e0abc68056bfddfe59bd3f312007c897b298b8445',220,1,'mazraa','[]',0,'2023-01-10 12:49:59','2023-01-10 12:49:59','2024-01-10 14:49:59'),('84b963ecc7cb7342a25ba15d5aad9397662c2b3c563fb480722206c96d561c693af03251c8473dfb',1,1,'mazraa','[]',0,'2022-10-07 16:43:10','2022-10-07 16:43:10','2023-10-07 18:43:10'),('863946fa815e1bac305c28cb1bc73e1d5758a010ba633cd6ce43b9ed169ee57a625fd2a6232d814b',115,1,'mazraa','[]',0,'2022-07-25 09:51:33','2022-07-25 09:51:33','2023-07-25 11:51:33'),('863a808082e0d6df7d2a9d1a522393adf12090e7256101c0605c4e3c71984aa3ed7766106fcbf4cf',154,1,'mazraa','[]',0,'2022-09-06 10:05:03','2022-09-06 10:05:03','2023-09-06 12:05:03'),('8644c101435cabf45b8b3de46a12cefcc3e7a14ec85910c11714a6c5ed39aef9fba3b3fc9235dc57',11,1,'mazraa','[]',0,'2022-06-23 08:04:54','2022-06-23 08:04:54','2023-06-23 10:04:54'),('866e7642255067b16c397b8d636294f7c91a069055ac5561e2df25f6e77daeb604f0cabe7cdd36b6',192,1,'mazraa','[]',0,'2022-10-03 11:32:08','2022-10-03 11:32:08','2023-10-03 13:32:08'),('86aaf82589dea442c15dd23a04c10cf3ff72930ad7427de71ae5ce6901b92d6da6fa230bfcf0f142',72,1,'mazraa','[]',0,'2022-07-17 10:16:07','2022-07-17 10:16:07','2023-07-17 12:16:07'),('8788d86d73c80f9f9caa6e0eae4fe1f659b20163ceac819c889f025e8ffee55649c26dd185bdfb3f',216,1,'mazraa','[]',0,'2022-11-07 06:28:49','2022-11-07 06:28:49','2023-11-07 08:28:49'),('88237cd3069bf65f6eb91ff81964ba8ea1d6191ac3e41ddfacabdf759dc09598bfd028bb861e3269',1,1,'mazraa','[]',0,'2022-09-26 17:26:47','2022-09-26 17:26:47','2023-09-26 19:26:47'),('882e31fd9e7cc33092264f2e2a01aca5f8ed806abe7fdca8e40e7fcaa7975d0edc07bc3db3eeb4cc',154,1,'mazraa','[]',0,'2022-09-06 11:33:37','2022-09-06 11:33:37','2023-09-06 13:33:37'),('88cead59a807ad04b92b7d532d0a89ef7f07b37983764093ed9efcc40bbd03f7ad6e34e5c5ad40af',216,1,'mazraa','[]',0,'2022-12-17 08:07:20','2022-12-17 08:07:20','2023-12-17 10:07:20'),('89ffcf36e0e1079d951f1c30db012aba029f561946c18a1608c71489cf35cbb395db4068f99dbf4f',42,1,'mazraa','[]',0,'2022-06-23 09:19:09','2022-06-23 09:19:09','2023-06-23 11:19:09'),('8a18e29a85ff06a0ee0bb52354a4813349483efc7b4cd6031e1848665922f15a90b24acdf309105c',195,1,'mazraa','[]',0,'2022-10-03 10:54:14','2022-10-03 10:54:14','2023-10-03 12:54:14'),('8a9e27fc783f7c1dda05ecafa8a7f4a82d2a67487d3c347d372cfc6aa9354b921fc499da853e3af3',43,1,'mazraa','[]',0,'2022-06-23 09:45:38','2022-06-23 09:45:38','2023-06-23 11:45:38'),('8ac2fe5c85ade22161db3eb07cb0e4cc682a1c5a812f46bd02e2b80ea364d957247e7fbbc08f9c79',71,1,'mazraa','[]',0,'2022-07-06 11:17:07','2022-07-06 11:17:07','2023-07-06 13:17:07'),('8b16a06e3099e5f7169c4eaafddadc266bd2f65992a938bc5a1f3b70f4e3118c88b006eba1374a66',1,1,'mazraa','[]',0,'2022-09-28 12:16:43','2022-09-28 12:16:43','2023-09-28 14:16:43'),('8b783e636f4970fbb40398d9603c541d05c6f48ecd477921e7972ecce45cfc172266268c7089dce9',74,1,'mazraa','[]',0,'2022-07-18 04:51:32','2022-07-18 04:51:32','2023-07-18 06:51:32'),('8ba2ee7b49bace11aae76a53b5541e947734da794afeffd346b15bb414831547673f29ddee1b5983',192,1,'mazraa','[]',0,'2022-10-04 18:28:27','2022-10-04 18:28:27','2023-10-04 20:28:27'),('8be22c50944e3803350ffaa65a648b398b329d078804e17aba5ed286afeccf723ffb75a7561c7da0',1,1,'mazraa','[]',0,'2022-09-20 09:27:25','2022-09-20 09:27:25','2023-09-20 11:27:25'),('8c21b3ff4a9d399fedb5879dc75ecdcbba2d1cbedb72d1680ffccb51c85f749812a66fa98fc56604',72,1,'mazraa','[]',0,'2022-07-17 09:29:49','2022-07-17 09:29:49','2023-07-17 11:29:49'),('8c83cde98fbc326a043ca6bc99d6f25d83e44307d2172df3a749e4c5704c1c3c96a4ea3a147822fc',1,1,'mazraa','[]',0,'2022-09-06 11:41:59','2022-09-06 11:41:59','2023-09-06 13:41:59'),('8d46a78d6dc2d0664ffbebcc29c4f9d017c714615f60a3f00c4602fa2324f519d65ba7cef31d33b3',155,1,'mazraa','[]',0,'2022-09-06 10:56:05','2022-09-06 10:56:05','2023-09-06 12:56:05'),('8d4c5139255c4a9c198e2d9b1105870273f7c13d8425860818a461b9cff71946f7b036c8bb4af262',191,1,'mazraa','[]',0,'2022-10-16 07:10:50','2022-10-16 07:10:50','2023-10-16 09:10:50'),('8d87cf18652df504a7f141fccbbdc1431b516d6ce06abfef42be945740aa6f161572595502351168',100,1,'mazraa','[]',0,'2022-08-25 10:56:52','2022-08-25 10:56:52','2023-08-25 12:56:52'),('8e88d0e1814ba3ecbba759eae10fbed9450dad340c75a20e85bee371a83552fc9991d679a4c55fbf',188,1,'mazraa','[]',0,'2022-09-19 04:57:47','2022-09-19 04:57:47','2023-09-19 06:57:47'),('8ee8464004334a89c5bcadfcdb2ad104dff1b2aae732ccda8e12a225103f9d74bea1e69b3d7b3f69',1,1,'mazraa','[]',0,'2022-09-27 12:43:26','2022-09-27 12:43:26','2023-09-27 14:43:26'),('8f316af232aa006c44e161f39d2688ff24a8b1eeacd7c4b1d98385817edcc8293788d55044e4006c',216,1,'mazraa','[]',0,'2022-12-17 10:24:07','2022-12-17 10:24:07','2023-12-17 12:24:07'),('902c61650507347f69f410e5a7558ac677efd682db7e16cc37abce5a51925d21d27a6e1382282969',100,1,'mazraa','[]',0,'2022-07-21 04:45:07','2022-07-21 04:45:07','2023-07-21 06:45:07'),('9055f6b0889575b337050cf6225c9962b58103e49e3fa8318dd21ecc035096e349635f3244530936',11,1,'mazraa','[]',0,'2022-06-23 08:02:30','2022-06-23 08:02:30','2023-06-23 10:02:30'),('9081f3ed9f558b6bef131835330fbb098efea6e3181c776f051905b8602b8950332446269028a587',216,1,'mazraa','[]',0,'2022-12-17 08:58:52','2022-12-17 08:58:52','2023-12-17 10:58:52'),('9098802ab70d38ee7adfe1db69e4e4208764adde4e2cae7103b2be71ff615ace387c74edad3d66ba',96,1,'mazraa','[]',0,'2022-07-20 09:15:47','2022-07-20 09:15:47','2023-07-20 11:15:47'),('90a88e200e8638cc91a14d8096dc768d4f09dc25e307c86b8edf7c598e5b1618c5f662a581999a5b',198,1,'mazraa','[]',0,'2022-10-17 10:24:58','2022-10-17 10:24:58','2023-10-17 12:24:58'),('91f07884bb4fd1d7ffd26f71deee90b01c83ce94d0637985e665d90670038f3d1be0220b66e2001a',193,1,'mazraa','[]',0,'2022-09-25 12:15:17','2022-09-25 12:15:17','2023-09-25 14:15:17'),('92510d43542bba341f0f87c058e8f8daa1c20cfda2236561acb638e24b1407c0ec9a94bbfc7ceaae',111,1,'mazraa','[]',0,'2022-07-23 07:41:56','2022-07-23 07:41:56','2023-07-23 09:41:56'),('925e38b9d03cfe5972a7b3a561ad2efb8f4bbc06b45bbaa9edc463b15d3a346595ed5dc78a7a72c2',11,1,'mazraa','[]',0,'2022-06-23 08:08:51','2022-06-23 08:08:51','2023-06-23 10:08:51'),('92db5e8bddb1a9417afbec09d17fb2cdb23aa60b5df6253ae7a8f7f5026da412fd0e43f6314783cf',1,1,'mazraa','[]',0,'2022-09-03 20:18:34','2022-09-03 20:18:34','2023-09-03 22:18:34'),('93d2064a5f28645be04b62dafa720ef6dfa7e4da679a51088404e9e11de47b1bfdacb3474b8634c1',170,1,'mazraa','[]',0,'2022-09-10 18:46:18','2022-09-10 18:46:18','2023-09-10 20:46:18'),('93edda908f786fb01ee1ee96b82b356136454e065b380e2aa444036b3edd8578ea66db82c54701c6',191,1,'mazraa','[]',0,'2022-10-16 12:49:52','2022-10-16 12:49:52','2023-10-16 14:49:52'),('9429921d97ccdfba6558d8115b78182773aa97b0e6f5db8ca67d584be32b9b7a2d8a27fc4615cfaa',198,1,'mazraa','[]',0,'2022-10-14 20:01:15','2022-10-14 20:01:15','2023-10-14 22:01:15'),('94fd51ca0b5012829533580feb5d492291653a241a2b35799299e381c47d2c5746d0d9c3d543a08e',115,1,'mazraa','[]',0,'2022-07-27 16:28:41','2022-07-27 16:28:41','2023-07-27 18:28:41'),('952a2164d5515ea6236602a03a5c7d4b1ea5cd0103e2f9e0607482b48b165c28fa13b7658bf99893',1,1,'mazraa','[]',0,'2022-09-07 16:30:03','2022-09-07 16:30:03','2023-09-07 18:30:03'),('9591192f0d75dfb27f5a90a28063062cc7d856d7e9cdb14daf25a2f0409fac424b0739ea927c2583',1,1,'mazraa','[]',0,'2022-09-11 16:30:47','2022-09-11 16:30:47','2023-09-11 18:30:47'),('95a1a3eddc8247811dd8aa224123a7d4f07b3fd19c469c33f606ca1b576e80f8acd98143166ca24b',216,1,'mazraa','[]',0,'2022-11-07 11:32:43','2022-11-07 11:32:43','2023-11-07 13:32:43'),('95e1fca81921695967bd3db20c3be30340758edb65052fb56bbb80eacb0b407c1b3b617a6bde1d14',154,1,'mazraa','[]',0,'2022-09-06 09:52:07','2022-09-06 09:52:07','2023-09-06 11:52:07'),('95f8699d3e8152af35ddf29bca4eb2debc461eeaeecffd7ecce87b70ae21b2aac901bfcf2b6427ce',157,1,'mazraa','[]',0,'2022-09-07 15:25:03','2022-09-07 15:25:03','2023-09-07 17:25:03'),('9618219bac42add0ef02fa3e7c29002e8ceeb0b12f7605e2e66bc486ec1f02bb92405e1de62aabb2',197,1,'mazraa','[]',0,'2022-10-03 11:03:08','2022-10-03 11:03:08','2023-10-03 13:03:08'),('96543077d8d48f64eb1122c210c84ad9722a3b1d2a6fed6653e3a95d1f7f41a74dc92d0089921c8d',214,1,'mazraa','[]',0,'2022-10-16 09:33:10','2022-10-16 09:33:10','2023-10-16 11:33:10'),('972fd35a78e9c2fade78dd0db5ebdfeb516e4a5c5bed4a4d27ecc19bb464304085646a7534afe747',1,1,'mazraa','[]',0,'2022-09-21 07:19:50','2022-09-21 07:19:50','2023-09-21 09:19:50'),('9860f46ce5bb57d51289c592d4c1c523632b91de904f62a23ce80897e3a228d80d073bbfd270becb',152,1,'mazraa','[]',0,'2022-09-03 18:33:34','2022-09-03 18:33:34','2023-09-03 20:33:34'),('9872a6137f9999ed15729cd753181f8fa7eb02afe0daf0964a856f7c65b643df0000be2352c4b35a',154,1,'mazraa','[]',0,'2022-09-06 10:37:02','2022-09-06 10:37:02','2023-09-06 12:37:02'),('98ba79e5010f429efa5cb64c57ee92faae5f616b6dc50f0c704dd3a03bcca03cee7ea5d7d3671f00',155,1,'mazraa','[]',0,'2022-09-06 10:53:54','2022-09-06 10:53:54','2023-09-06 12:53:54'),('99160cbc73cb977b3c2923b67cbd16dfa6ec30fa241f0d91214f981980c51921e0856e29d43fbb9d',1,1,'mazraa','[]',0,'2022-10-07 19:54:47','2022-10-07 19:54:47','2023-10-07 21:54:47'),('991a74b0ba9c67c58ed6edf9a857ad93beacc55a2206c4bc603e734b4434eea3028e76a055350544',1,1,'mazraa','[]',0,'2022-10-05 20:40:51','2022-10-05 20:40:51','2023-10-05 22:40:51'),('993030e332b20bc82251ba849bbb52eb5a20cf9dc1f2e5d912f88b611d8f8ec5258d2f6fc747bf0e',154,1,'mazraa','[]',0,'2022-09-06 10:32:43','2022-09-06 10:32:43','2023-09-06 12:32:43'),('9982c74e1a9508992db34530023572bd59825b3b44c084454f0adc27f6bbac0742ff539b610d5774',100,1,'mazraa','[]',0,'2022-07-24 18:58:34','2022-07-24 18:58:34','2023-07-24 20:58:34'),('998e75263735514f4059610e920e70cde29ecb7d6a2582abded01e73effbd69edc594bbbe28e9b20',11,1,'mazraa','[]',0,'2022-06-23 08:07:08','2022-06-23 08:07:08','2023-06-23 10:07:08'),('9b3a87fa34db23bbd2021ed75fc470514d28963fd6a93674158d5141d1a41829293bdaf140010b38',96,1,'mazraa','[]',0,'2022-07-20 11:07:49','2022-07-20 11:07:49','2023-07-20 13:07:49'),('9b5752a7a777150756a0d2243b6e0d9e55dc3c36ea2aded35c43b3b7f0d808e30535a5f82d1ed4c3',1,1,'mazraa','[]',0,'2022-10-06 10:23:36','2022-10-06 10:23:36','2023-10-06 12:23:36'),('9bd3a915d6e56e4392d5b1d00799869e662de4c7d71b11dcd957f88892917b80dcd3f2584f83cbb9',155,1,'mazraa','[]',0,'2022-09-06 11:36:27','2022-09-06 11:36:27','2023-09-06 13:36:27'),('9dc740d64180e9d75f2cdb37393463168d1c905ef48a5c123e36b765f07204bf6016a8e0406abfab',1,1,'mazraa','[]',0,'2022-09-20 12:10:56','2022-09-20 12:10:56','2023-09-20 14:10:56'),('9dd30f672e3c5302da735079aad38a424a7c995d5190a9cf31c73992bf9941c01de44364b7684f95',1,1,'mazraa','[]',0,'2022-09-07 15:51:29','2022-09-07 15:51:29','2023-09-07 17:51:29'),('9e17040c75ae8fff52986513527a928579196bb6096004963c96a3d541c2cf7e2021632661eba1aa',1,1,'mazraa','[]',0,'2022-09-19 10:52:57','2022-09-19 10:52:57','2023-09-19 12:52:57'),('9e4c93adaafc8e693e7d7990a6f2c52503693ee2c4d378f734cb098abc218131cb89a58a6b974698',154,1,'mazraa','[]',0,'2022-09-06 10:20:16','2022-09-06 10:20:16','2023-09-06 12:20:16'),('9e8383162ee5821ea987f7568635c2e880baf4addafeb6edddd046ad593146f9dfe1631e75af1305',115,1,'mazraa','[]',0,'2022-08-04 12:06:45','2022-08-04 12:06:45','2023-08-04 14:06:45'),('9f2e11402dd35dcf5e42361dff6955612fdba959e522212eeab150d74cb1fe9818ef9f7d4dbb3cf3',1,1,'mazraa','[]',0,'2022-09-20 09:22:19','2022-09-20 09:22:19','2023-09-20 11:22:19'),('9fd8a8b96765501602fb09f8613516d48777482c003ee39efe1cbdbd13d38a6d262f92a8b273e50a',1,1,'mazraa','[]',0,'2022-09-18 07:26:21','2022-09-18 07:26:21','2023-09-18 09:26:21'),('a0140791606c9c12887200bc3ecd118d4d48ce1cb5bce48dca37dff69108297a8d617669b3d8938d',1,1,'mazraa','[]',0,'2022-09-03 19:10:46','2022-09-03 19:10:46','2023-09-03 21:10:46'),('a08fbeb6efd52f58b9ec417d849f17ff70ab1e0203f95ca5fa4332e67e71db5070a1cffda836a6de',192,1,'mazraa','[]',0,'2022-10-03 11:16:16','2022-10-03 11:16:16','2023-10-03 13:16:16'),('a0c1bf6685fc0c8e7fbf16b571eddba0a6ce611d20cf83fff9e4145252a8f42c1fe3ac5f2bde5aff',155,1,'mazraa','[]',0,'2022-09-06 11:08:37','2022-09-06 11:08:37','2023-09-06 13:08:37'),('a0d0cf3535a263ddab982cb9118f80f3a837d282aa4f4939ba2f3261695594a990037d683172111d',70,1,'mazraa','[]',0,'2022-07-06 06:25:06','2022-07-06 06:25:06','2023-07-06 08:25:06'),('a1c4d5df8dcefddd9affac76b1c5af21c3e32c5e13d2504d4bc55f11aec0afcdab3f924dcae58253',1,1,'mazraa','[]',0,'2022-09-20 12:03:26','2022-09-20 12:03:26','2023-09-20 14:03:26'),('a27547237af878e674433a24a60dade1333f4115778890caf7ca2f3f753e6385c2c574f031556398',1,1,'mazraa','[]',0,'2022-09-20 09:55:08','2022-09-20 09:55:08','2023-09-20 11:55:08'),('a27843aedf5bc3e40e9be86bdf3ee3defc573157f1c6298556eac19b42ffac0f2f57f84b6417457b',155,1,'mazraa','[]',0,'2022-09-06 10:41:17','2022-09-06 10:41:17','2023-09-06 12:41:17'),('a29889658290a4c21adce399d381b0a4e97aea852a6e5e889e059e24c692c334bd19ba38439dcd91',216,1,'mazraa','[]',0,'2022-11-10 05:01:43','2022-11-10 05:01:43','2023-11-10 07:01:43'),('a31ffc2a1fe80895d2bd94bf0ac4bb660e247aee1cd1751afdedd823ff5054759b33e46ef9aa4301',1,1,'mazraa','[]',0,'2022-09-24 16:07:42','2022-09-24 16:07:42','2023-09-24 18:07:42'),('a3c7457cab9a3ffc887f5db9eee10a508ebbb167cb486519ba93d3e56a33c7d9aad04d19f9474cee',170,1,'mazraa','[]',0,'2022-10-03 06:08:56','2022-10-03 06:08:56','2023-10-03 08:08:56'),('a4027ff7740b6250b2012a925461fdc8f07cf8a13bbc2d9d53e7c1811d8fc660ff02f26b3f8bfc44',96,1,'mazraa','[]',0,'2022-07-20 10:06:10','2022-07-20 10:06:10','2023-07-20 12:06:10'),('a40798c8ec987ef8a734bdcc7d353b75014d8e50998a21680d982e34edda767bdc0faa00b0c6e7e0',191,1,'mazraa','[]',0,'2022-09-28 12:15:50','2022-09-28 12:15:50','2023-09-28 14:15:50'),('a4357e14218abb8ec097f76f1a50c59360407c0b97d270d812535dcf4f64e1ebd41265c241bb1479',72,1,'mazraa','[]',0,'2022-07-17 10:11:10','2022-07-17 10:11:10','2023-07-17 12:11:10'),('a4a339c1af9614a99bda84242f4c565fceb42aedde2dd8b5d192ae758c143800c35f1632693b8d57',205,1,'mazraa','[]',0,'2022-10-12 10:28:00','2022-10-12 10:28:00','2023-10-12 12:28:00'),('a4cb306ad634b75250675fd285a0245668d0890c9a2794a88aa2e874677a1cfb01526a5a481dcc58',3,1,'mazraa','[]',0,'2022-06-23 07:55:37','2022-06-23 07:55:37','2023-06-23 09:55:37'),('a5049f9eaad4c7628bd79bdbd51db4bac8128d8a1934e5e22ede9ec1eadd01d898886a97b35c531c',1,1,'mazraa','[]',0,'2022-09-03 20:38:47','2022-09-03 20:38:47','2023-09-03 22:38:47'),('a51a92dbfc694062fef497df8cb472521c5de60b4988d12ff6c2ae1372c6bc1635a02c20f0841dd2',170,1,'mazraa','[]',0,'2022-09-10 18:26:50','2022-09-10 18:26:50','2023-09-10 20:26:50'),('a5e4a328e1a285395290c4d87023a446cd4b9648d88c9d78b34e95efbf754a575b4d866248b7acb1',150,1,'mazraa','[]',0,'2022-08-30 11:35:40','2022-08-30 11:35:40','2023-08-30 13:35:40'),('a650a032af8729b9c5ee17577673d42666b50d917b97b3ac1de31b9b05ed788bf69891c861ac3d79',11,1,'mazraa','[]',0,'2022-06-23 07:56:19','2022-06-23 07:56:19','2023-06-23 09:56:19'),('a659f01e44840e8f4c2a879796c19bdd8d30c3b350785fa597e2e0411979ab1663e4ef6223962fb9',1,1,'mazraa','[]',0,'2022-09-03 18:30:51','2022-09-03 18:30:51','2023-09-03 20:30:51'),('a6a5b22dc29713416bde1be756525cf8c7aec577cbdfad1dd06630b67da65d2d005f05cb185a8cb8',1,1,'mazraa','[]',0,'2022-09-27 19:05:11','2022-09-27 19:05:11','2023-09-27 21:05:11'),('a6c1a558f0d56f6fe6cd782354282cf5dcdd3865abd84df04248819f00f9c7fa783b1c1f0481c581',194,1,'mazraa','[]',0,'2022-09-27 12:55:38','2022-09-27 12:55:38','2023-09-27 14:55:38'),('a7519816c3cbaf5c683bdc55251df7dd55b939e7ae75ebee58327d13f69c750ac5e4d8eeda61fba4',215,1,'mazraa','[]',0,'2022-10-17 06:47:59','2022-10-17 06:47:59','2023-10-17 08:47:59'),('a7b64ec658c8f4fc65a1f20b88b377fb8a6478d5620e3afab8e2ca9b7087275536b3c38f3530d41b',191,1,'mazraa','[]',0,'2022-10-04 17:29:48','2022-10-04 17:29:48','2023-10-04 19:29:48'),('a8643d88c8107bc2d157babdbcfa80d405f5d3a489c44a7a7d2dcf4286e618ce1db38e4fe3989aca',7,1,'mazraa','[]',0,'2022-06-22 10:16:25','2022-06-22 10:16:25','2023-06-22 12:16:25'),('a89a8ac9955542ace8e60c22f5baa8354ba8039495a440aeb475f2e420f68d11f3f04735a263364c',155,1,'mazraa','[]',0,'2022-09-06 10:49:25','2022-09-06 10:49:25','2023-09-06 12:49:25'),('a93751c10c4ab0b62bbdf4437134302c7ba8f7e2fcfe1e1308d6395e9be86acccb347abc2a1a4919',191,1,'mazraa','[]',0,'2022-09-27 10:36:56','2022-09-27 10:36:56','2023-09-27 12:36:56'),('a995b0d9f02d7aa081a65dd6abf597ca013ca5c37c6c1737c7ec06eec471db1f6863dbdca19f7270',1,1,'mazraa','[]',0,'2022-09-22 05:29:17','2022-09-22 05:29:17','2023-09-22 07:29:17'),('a9ba290d43cfaabc404bdc465d9b1009ad78f84ea703118da3f2f666370b87c4a27755b5d537eb72',154,1,'mazraa','[]',0,'2022-09-06 10:50:36','2022-09-06 10:50:36','2023-09-06 12:50:36'),('a9eb0735b79bafc17e9a5062d2f4ee2b5637947ce0d3c3053d96d13d89c6c9ef0f061d3b84950a23',208,1,'mazraa','[]',0,'2022-10-12 11:40:27','2022-10-12 11:40:27','2023-10-12 13:40:27'),('aa3813e78585961696de9a0026ac29fae342197e0fbf6759d62b7a558e60e9d288d28c4d0c872db8',11,1,'mazraa','[]',0,'2022-06-23 08:06:35','2022-06-23 08:06:35','2023-06-23 10:06:35'),('ab0421a6e8ff9022672dec0477d1d9cd26501c15b2af38d8ffac012b3223d2bad9cf8e1d3e6f91e2',1,1,'mazraa','[]',0,'2022-09-11 18:52:32','2022-09-11 18:52:32','2023-09-11 20:52:32'),('ab978c6b46383710ae9c8e5a5eb6b8413f86d5594870703cb2b18cb6a61d86253c256c96a34dcadc',203,1,'mazraa','[]',0,'2022-10-09 01:03:15','2022-10-09 01:03:15','2023-10-09 03:03:15'),('abb3d8a83faaa083bb7d5b4d2f0b24d07be4f7334e30422dff29456f6234a670b5ed07090f78fe99',96,1,'mazraa','[]',0,'2022-07-20 09:11:48','2022-07-20 09:11:48','2023-07-20 11:11:48'),('ac596181edc96e8600ad3ce02deface6140efd7d289182f3ca3444ed812d88c5cbca9f9fcde9a24c',218,1,'mazraa','[]',0,'2022-12-27 21:05:29','2022-12-27 21:05:29','2023-12-27 23:05:29'),('ac63b8e84ef3f091f4f8f4fa197469b7a9f3abd8a1b089d12b2c0b09adcba7a80065f36b087d809b',11,1,'mazraa','[]',0,'2022-06-23 08:01:42','2022-06-23 08:01:42','2023-06-23 10:01:42'),('ac710e1024bb27f73e4aeedb78457114003f6a268d73d9a86a257fcc64f77c0c061b9cd8fb6673eb',195,1,'mazraa','[]',0,'2022-10-03 08:19:18','2022-10-03 08:19:18','2023-10-03 10:19:18'),('ac7f0f2f5799e38e0638088f1e8f64a885b9b8159061f306e850b996151356c1f6ac7ae9e17a109a',1,1,'mazraa','[]',0,'2022-09-06 09:03:35','2022-09-06 09:03:35','2023-09-06 11:03:35'),('ad597a163833b740b3796e940cd8d77fb9f1d0ff72031ae541817ba68c89646d62bed1d7ea619d62',1,1,'mazraa','[]',0,'2022-10-03 11:27:58','2022-10-03 11:27:58','2023-10-03 13:27:58'),('ad66b15b321c8fdd9517ec0f01ee471675f95cf8ce96b63840c6fa328be7c59498f6ff4c7cf39ab1',1,1,'mazraa','[]',0,'2022-09-26 23:10:57','2022-09-26 23:10:57','2023-09-27 01:10:57'),('ae2ba51e641e817c6cdee5c9e487500e18fabbbd900c2729af7683c09a23e609f7564179aa7ddbdf',71,1,'mazraa','[]',0,'2022-07-06 11:18:27','2022-07-06 11:18:27','2023-07-06 13:18:27'),('ae6d469760778f3db7a6e1e5324686e50d0e3aed04f8459b89d612779b2dd0e7f06b5d8488bbcfc5',1,1,'mazraa','[]',0,'2022-09-03 19:04:51','2022-09-03 19:04:51','2023-09-03 21:04:51'),('aeecd41af5d6156bcc99ce5a9c9aee6cd55b92cb805b303b666824a681c2427405bcbe20e6afb609',1,1,'mazraa','[]',0,'2022-10-04 17:39:10','2022-10-04 17:39:10','2023-10-04 19:39:10'),('af4062d25f56d77176fe742e1db752be427bc43c5c74e39e4b3b9444b665a32fe143c2a469b5508b',9,1,'mazraa','[]',0,'2022-07-06 08:51:33','2022-07-06 08:51:33','2023-07-06 10:51:33'),('afc28445fee63faff6e5cc5f674a08a7ed5c7d7219e8c0b7cae6bc6b3f077d937c56e9fadbe96088',96,1,'mazraa','[]',0,'2022-07-20 11:08:27','2022-07-20 11:08:27','2023-07-20 13:08:27'),('b1dde508ecaba0d4fd3e5f00c0edfafed635d697521c57301fb547b83383b41fbbd9be416f88f55a',220,1,'mazraa','[]',0,'2023-01-10 12:50:20','2023-01-10 12:50:20','2024-01-10 14:50:20'),('b21932b3a0de60083780bf304ca23ebfb5a4507766264c82012b1cec95a7477037d72702188ae949',1,1,'mazraa','[]',0,'2022-09-25 07:46:39','2022-09-25 07:46:39','2023-09-25 09:46:39'),('b22b0209ee450232815ceebdc824fe0e285daa730bec788016a5884fc82635681d32776ecf47d2eb',155,1,'mazraa','[]',0,'2022-09-06 11:10:04','2022-09-06 11:10:04','2023-09-06 13:10:04'),('b44aeb44d71755d1fc9c1a8126a1d1edf64764a55722be879bca0073a7726a207ecd978d335644e9',1,1,'mazraa','[]',0,'2022-10-06 05:32:08','2022-10-06 05:32:08','2023-10-06 07:32:08'),('b65012ab78117f099861c87999ead30118c00ea781182ed629c2ee232799b6fff7c31dcfae9b83e7',71,1,'mazraa','[]',0,'2022-07-06 11:21:12','2022-07-06 11:21:12','2023-07-06 13:21:12'),('b68e30dea4781190f23018d6e1ecb40d3f02ea11f0ce87882398ced8b97349bea0e621e4ae88271b',96,1,'mazraa','[]',0,'2022-07-20 09:02:44','2022-07-20 09:02:44','2023-07-20 11:02:44'),('b776b726be85e6a22411f0c912ca549fda6accdac90f58d99bad0529d3d21d737cdd401e7da7c8c2',206,1,'mazraa','[]',0,'2022-10-12 10:56:47','2022-10-12 10:56:47','2023-10-12 12:56:47'),('b7bfb96d6c2e055d8ddff686dc307c436865091d0688adcc0e922075304276bb6efdbc3dd43228b0',221,1,'gold','[]',0,'2023-02-13 05:10:07','2023-02-13 05:10:07','2024-02-13 07:10:07'),('b90c1cee35278ce1d4c49967e10fe534de8471b5792cc977b60c4232f9ba5fff084d2f20ffffa4f9',198,1,'mazraa','[]',0,'2022-11-06 06:31:32','2022-11-06 06:31:32','2023-11-06 08:31:32'),('b916e1930df1c3568c24dbfaf5dcc6eb7885af13633bb7fd8e1a9e5b7e8d398178e1bdcc9be9a798',195,1,'mazraa','[]',0,'2022-10-03 09:39:49','2022-10-03 09:39:49','2023-10-03 11:39:49'),('b91ba0acb1aa498db9e545a03a0132b7760484eb1a37ef2e7d5724c478c2825b3aabeef60f2f6058',100,1,'mazraa','[]',0,'2022-07-20 12:00:03','2022-07-20 12:00:03','2023-07-20 14:00:03'),('b94bb3d002e8e22cc0103464e680b19c3c4b9442e873129c02e34548f966a3ec235610e18b9d598e',115,1,'mazraa','[]',0,'2022-08-04 09:39:45','2022-08-04 09:39:45','2023-08-04 11:39:45'),('b95e666ff4d5af036d95731514de4f11d25c3613ec9fbb6607f2c6b7174b7551c95293b9d43da3a6',116,1,'mazraa','[]',0,'2022-08-04 12:16:22','2022-08-04 12:16:22','2023-08-04 14:16:22'),('bac476380657dbb46523454aa70b573ee350b02951e5161ce6a57775056f115f29ced520c7579235',11,1,'mazraa','[]',0,'2022-06-23 08:07:23','2022-06-23 08:07:23','2023-06-23 10:07:23'),('baefa7161647c5364795236781e028c15f8b84a0d063530429113c51eae04f525191494791902695',96,1,'mazraa','[]',0,'2022-07-20 08:53:20','2022-07-20 08:53:20','2023-07-20 10:53:20'),('bb32192d6c83d5f98dc81c14a0718de103aa3c1b35f34c010ad2983d04438770f5a68afb2843bd52',195,1,'mazraa','[]',0,'2022-10-03 08:16:50','2022-10-03 08:16:50','2023-10-03 10:16:50'),('bb99ba908dd2ef3682e9de5d0ea0c8b9a5a8c03bb45cea645862d284bfbbfee1469d3cf423788ae4',67,1,'mazraa','[]',0,'2022-07-04 17:23:29','2022-07-04 17:23:29','2023-07-04 19:23:29'),('bc1372cba2cf4227d58d4a5843cbee6a2af98023b2f0b3639eec141f05a3d826658aba90280d5cc8',1,1,'mazraa','[]',0,'2022-09-21 17:28:59','2022-09-21 17:28:59','2023-09-21 19:28:59'),('bd923d88f46a7b2915a3ef28ff3e65118a8c928cb23e07ae8d6c53a495714047a9cd4d7d80acce71',96,1,'mazraa','[]',0,'2022-07-20 09:19:14','2022-07-20 09:19:14','2023-07-20 11:19:14'),('bdabf5e8169a4011d8ec97880381068819699da0133472e22baac3f2513b2c08568db9bcbfcc936c',155,1,'mazraa','[]',0,'2022-09-06 10:32:14','2022-09-06 10:32:14','2023-09-06 12:32:14'),('bdd804a503658da155a783ecf9b0b86f598713e2c1255daca99d21b992cb59e62ce0be0abc425b94',155,1,'mazraa','[]',0,'2022-09-06 10:48:01','2022-09-06 10:48:01','2023-09-06 12:48:01'),('be26b1fac84e100cf30519175e96801ceb624660b4cee3e88fc72397ba6f2a3e720c2206bc0f02bd',192,1,'mazraa','[]',0,'2022-10-04 17:34:18','2022-10-04 17:34:18','2023-10-04 19:34:18'),('be315aeb8b2c6ac4eb059c950004aef397ec516337b42d5e47900b39822b78d89e047add9ef269f0',151,1,'mazraa','[]',0,'2022-09-06 09:05:06','2022-09-06 09:05:06','2023-09-06 11:05:06'),('be5c10e7324309ed495b2053060dead2f5db0ac249701738fa39149377fd4957b1cfca3f00ea1bd3',216,1,'mazraa','[]',0,'2022-11-06 10:19:42','2022-11-06 10:19:42','2023-11-06 12:19:42'),('bed798946ba527d23ef89dcd390a4695a0ae57fd35b1d332bbd12ba956b41240f0dd9bae98e25f28',191,1,'mazraa','[]',0,'2022-10-04 18:27:16','2022-10-04 18:27:16','2023-10-04 20:27:16'),('bf0ea17c0a3b25492272889e3747f6171d0d0577c1485805dace408668f66f2ccda3f6e401511a65',1,1,'mazraa','[]',0,'2022-09-18 07:35:05','2022-09-18 07:35:05','2023-09-18 09:35:05'),('bf469a4c93cc4346dc7c7f95ffb5ded31ab4e173d2f496ea946e05bb485a80cf394178949ddc80bb',1,1,'mazraa','[]',0,'2022-09-20 04:54:03','2022-09-20 04:54:03','2023-09-20 06:54:03'),('bfb2dba60234e59638e3815a3a5c0e8c854d0ffac974f7f096056fab0774211dfb1a43fcff1fb164',170,1,'mazraa','[]',0,'2022-09-21 07:34:09','2022-09-21 07:34:09','2023-09-21 09:34:09'),('c04556fc029b5d2909b70612753797e0134bb8f668e31df9c700ae59288488e2f30e00b65361a9e3',95,1,'mazraa','[]',0,'2022-07-20 05:56:19','2022-07-20 05:56:19','2023-07-20 07:56:19'),('c1439f05b570afe1b0bcf3fff4fe9fbcb5f84fb6ba629398d058aa8ced55e2cae25a22482ee95301',155,1,'mazraa','[]',0,'2022-09-06 11:28:21','2022-09-06 11:28:21','2023-09-06 13:28:21'),('c1af6ffc9cf5899344ffede1da64d2a02bc8634c4662e821b69bb8dab4d65e5217dd7a16579ebfe4',45,1,'mazraa','[]',0,'2022-06-23 09:54:03','2022-06-23 09:54:03','2023-06-23 11:54:03'),('c1b76d6b06b3e84cf7b05623df5650fcf9849d58fa68bb7cf3029742aa21b1b7e781681d1c88bc24',96,1,'mazraa','[]',0,'2022-07-20 09:02:12','2022-07-20 09:02:12','2023-07-20 11:02:12'),('c26b1160ce59027e7604f02ac4b0d53caaecf51013bae1bf7cef2634479a0ac3e53097cfb4e5e035',1,1,'mazraa','[]',0,'2022-09-07 10:55:35','2022-09-07 10:55:35','2023-09-07 12:55:35'),('c306b3ab9820786f4a45d721b60c793e1761decc466968e29163fd51fd9c33e7d5d5c06e0cb845fc',11,1,'mazraa','[]',0,'2022-06-23 08:08:28','2022-06-23 08:08:28','2023-06-23 10:08:28'),('c3519b68707f2e151052ec27849e3fb3ebe00ec8e138d147c39d9ec474ca42b1570e5e161eb48f5c',212,1,'mazraa','[]',0,'2022-10-14 12:18:09','2022-10-14 12:18:09','2023-10-14 14:18:09'),('c366392e5ba8866be9adf5610bed8025bb5bae58fe7ca7b61691fefb3ef1ce3145f2d9ab857a857d',1,1,'mazraa','[]',0,'2022-10-06 20:14:50','2022-10-06 20:14:50','2023-10-06 22:14:50'),('c53198b9f4c780f9bd7f65f196981e6e2917e1453c70a8821c4731849ce22e4e9c308d326e13972d',211,1,'mazraa','[]',0,'2022-10-13 19:20:14','2022-10-13 19:20:14','2023-10-13 21:20:14'),('c5c680bf4f4d891f181d90aca536e10521e278f92481d1a356418e9b600c4643c02aaa496ee5571b',154,1,'mazraa','[]',0,'2022-09-06 09:45:06','2022-09-06 09:45:06','2023-09-06 11:45:06'),('c6203778f676e7fe8f869b36e44abc7742b8a4c902174318f91d8229b1444b21a64f5c294b8ede45',43,1,'mazraa','[]',0,'2022-06-23 09:32:02','2022-06-23 09:32:02','2023-06-23 11:32:02'),('c6563dc2bdce4a80184d561d1ad94e08f0f31312d4e9e64937f0daaf986651b6e756e11585744408',96,1,'mazraa','[]',0,'2022-07-20 11:15:48','2022-07-20 11:15:48','2023-07-20 13:15:48'),('c656a50bd19479dc03df037d068e3c7c1cebf1bff95f36c3dee46ea89ab6c37a419bd375f61e6165',108,1,'mazraa','[]',0,'2022-07-23 06:45:04','2022-07-23 06:45:04','2023-07-23 08:45:04'),('c71dee2df81aa8a7f9e6dd92db0912d7fe9c9ff76f1a24bc79a2c7ade4b901a655a8400805915ea3',155,1,'mazraa','[]',0,'2022-09-06 10:27:32','2022-09-06 10:27:32','2023-09-06 12:27:32'),('c745ea2b478a8e6e1a3f4f98704588e62fc2c474bd85b657bf0fd0d0396a339c6bdd302fb43d9ffe',45,1,'mazraa','[]',0,'2022-06-23 09:53:38','2022-06-23 09:53:38','2023-06-23 11:53:38'),('c78596977bea974da6ee355d15f68e50db320c5faecda863ec047966a9d2a37f2d2a546a4285a904',198,1,'mazraa','[]',0,'2022-10-04 16:03:34','2022-10-04 16:03:34','2023-10-04 18:03:34'),('c79ee2ef2e2ed538fbae1094066c19cc6fcb3ddc1bd54991c08cd7e65041645ce3221e8da7b30864',216,1,'mazraa','[]',0,'2022-12-20 11:05:02','2022-12-20 11:05:02','2023-12-20 13:05:02'),('c8fb0cb6afce830a48eeaa23c52f2d75f71cdd9bf426b9637b574d3cedd819dd5b81aa2f59801880',155,1,'mazraa','[]',0,'2022-09-06 10:02:46','2022-09-06 10:02:46','2023-09-06 12:02:46'),('c90d4a8e2346e4af6f0817bb6ee5022d7679acb44a0f1ee8554ebb64e43996a9ed7fba5f26c4f02d',107,1,'mazraa','[]',0,'2022-07-23 06:38:26','2022-07-23 06:38:26','2023-07-23 08:38:26'),('c94e0cda760f56009d930a67a211c2e6c541309bcac17c669cd9962df57b5935dc96679ceaab49a1',45,1,'mazraa','[]',0,'2022-06-23 10:19:13','2022-06-23 10:19:13','2023-06-23 12:19:13'),('c970f6df71367d6c9dd740c85f0ca6c7d8c1ecfbf3dbbb99a568c59592d76b3476002bba4f44e708',72,1,'mazraa','[]',0,'2022-07-17 09:22:09','2022-07-17 09:22:09','2023-07-17 11:22:09'),('c9b8739b8b5f3c69cc8fa9e95a94d585cbb349d22ffb7335711424bbe9156266c9010ebf84c50820',68,1,'mazraa','[]',0,'2022-07-05 10:29:38','2022-07-05 10:29:38','2023-07-05 12:29:38'),('cb6cac47a633e8bffcb9681a356f060b7dccdc0a06bed209d6f83d79ed02d67774a8f97fa1398169',155,1,'mazraa','[]',0,'2022-09-06 10:34:36','2022-09-06 10:34:36','2023-09-06 12:34:36'),('cc1e5db5eded038a5df09956cc38da4803ca80c0ff3e50618c995d60ccafe1e6901b90c125ce3bbf',155,1,'mazraa','[]',0,'2022-09-06 10:00:47','2022-09-06 10:00:47','2023-09-06 12:00:47'),('cc7ba13f5384bf2354428ca72eb94d40203d03583a8d9db638aef7df209194e5502b4e5faa7a02cc',1,1,'mazraa','[]',0,'2022-09-20 09:54:17','2022-09-20 09:54:17','2023-09-20 11:54:17'),('cced1714782be8b9d55adc86603c6546aa2834974be7bac63bd5aacf8740060d5663e02b70ba1e13',154,1,'mazraa','[]',0,'2022-09-06 10:48:28','2022-09-06 10:48:28','2023-09-06 12:48:28'),('ccf5ad92bb85f59980c9f9502bc9db2ad056c17f8be1b67a87255114481325cdd4d2cb6bcd822659',200,1,'mazraa','[]',0,'2022-10-07 17:03:52','2022-10-07 17:03:52','2023-10-07 19:03:52'),('cd64e651c08ff0c5a95506fd60375e345b0701d528b62d7a27154ffbbd6590481eb86933853f249b',45,1,'mazraa','[]',0,'2022-06-23 09:53:57','2022-06-23 09:53:57','2023-06-23 11:53:57'),('cdc0c8f6e86ff1b5754ebf273382f53b2ba46f95987e3c9e379530228ecb2427c945e2524fafab0a',1,1,'mazraa','[]',0,'2022-09-23 07:20:42','2022-09-23 07:20:42','2023-09-23 09:20:42'),('cdc5cd9420eeabb77b69ac6e14b7ee45e04fb262ab9508ced04bea7dcb83969a070a71b4dcf494ea',170,1,'mazraa','[]',0,'2022-09-26 06:54:07','2022-09-26 06:54:07','2023-09-26 08:54:07'),('ce5c01d4b544b7b9a3ae24c1edc9254ed7a75e2bc23624fdda0a12210dfd59bd886c25e903abe723',170,1,'mazraa','[]',0,'2022-09-10 14:14:43','2022-09-10 14:14:43','2023-09-10 16:14:43'),('cf3294885ec5ad8ee67ddc56e5c447d57b641a7ab78ca3cfd78f2bd52a5d56bf247b58d8c680dcfe',108,1,'mazraa','[]',0,'2022-07-23 06:42:56','2022-07-23 06:42:56','2023-07-23 08:42:56'),('cf413980bfff4032609bdd27e83b8d6041fb5aed73965630ac3c9d630a7693a522642aabdde70c8f',98,1,'mazraa','[]',0,'2022-07-20 09:43:41','2022-07-20 09:43:41','2023-07-20 11:43:41'),('cf9e07e42eeda0a6b97c59048477c3c5d7a239340b955a4c3505088c8f48ba6a5e742ddd45586e34',114,1,'mazraa','[]',0,'2022-07-25 09:49:27','2022-07-25 09:49:27','2023-07-25 11:49:27'),('d01f3414bc539ba2b0cb2aa93f7ecd640926937fddf01a16e963b830cc5c5081f335accba4790356',195,1,'mazraa','[]',0,'2022-10-03 08:35:20','2022-10-03 08:35:20','2023-10-03 10:35:20'),('d062c46a1f786b9e4e54d907bf4a81feddb5dd880766d9d02c8c7d00c6b5f6534a35eda8c51b45f6',216,1,'mazraa','[]',0,'2022-12-17 08:59:12','2022-12-17 08:59:12','2023-12-17 10:59:12'),('d073e03fb1148ce95bef213877a55cfda90a80002507b38f69f7af32ea020dd67751cd1f879145c8',1,1,'mazraa','[]',0,'2022-09-25 04:46:21','2022-09-25 04:46:21','2023-09-25 06:46:21'),('d1da2d319bc1b14d8885c3d211aa58a49bf5182cb95f59de6a6c4b58b8a6830270df7cca01288135',216,1,'mazraa','[]',0,'2022-11-06 09:09:50','2022-11-06 09:09:50','2023-11-06 11:09:50'),('d211b2f1f100ec9eea4ef2db5de81c72ab1b1d3f679733015d5ea0d460438ab0c6fa7fcf9aab11a7',1,1,'mazraa','[]',0,'2022-09-20 12:04:52','2022-09-20 12:04:52','2023-09-20 14:04:52'),('d2c9f09f2b62b4cef66faac05d5a7a119a7caf5345890453b2b80e1678b74b34e0a8f443e4959d03',155,1,'mazraa','[]',0,'2022-09-06 10:15:26','2022-09-06 10:15:26','2023-09-06 12:15:26'),('d396a7b8a3c43fee303f2b74dabbc735a606bfd4af45dbae24bed92e679249b441b285566acac7b8',69,1,'mazraa','[]',0,'2022-07-05 12:54:28','2022-07-05 12:54:28','2023-07-05 14:54:28'),('d3b43222c961f4154b60c4c9206256d3f51a393d4d795c20ba78fb5594a53487218c37c3d8a0d816',1,1,'mazraa','[]',0,'2022-09-18 07:12:14','2022-09-18 07:12:14','2023-09-18 09:12:14'),('d468b416a5712197a1e3cb93f13a926569bff0984861992b7fd5ed9a851158b18baee7d3b206caa8',113,1,'mazraa','[]',0,'2022-07-25 06:47:53','2022-07-25 06:47:53','2023-07-25 08:47:53'),('d6aec2fc37d20d969f6b983fd93828da060a59149ad7518eaaae0f92afaef1cd32fd58228a3c7b66',9,1,'mazraa','[]',0,'2022-07-19 08:10:47','2022-07-19 08:10:47','2023-07-19 10:10:47'),('d7dd1bb3af8fc3a85cd7258eab6e3367de77eb251dcf2a88a48cba254b60131c3094ec101af68a50',96,1,'mazraa','[]',0,'2022-07-20 10:15:33','2022-07-20 10:15:33','2023-07-20 12:15:33'),('d812332341ad6dc81303fead0a64f08310e604afceca6ac57773a1c2035015b18eaf1b96ebf81848',71,1,'mazraa','[]',0,'2022-07-06 11:15:59','2022-07-06 11:15:59','2023-07-06 13:15:59'),('d966710a8f73fc7ea9476f87b2263a2c43e963354dd2743f23278d64dcd85504d5381722c52f0d29',154,1,'mazraa','[]',0,'2022-09-06 10:34:11','2022-09-06 10:34:11','2023-09-06 12:34:11'),('d9bbfbd692e469bbc1060e7a0001bfe80db92ec7930a0d561c9df2ac8ea5671a8591e1a0ce90f583',154,1,'mazraa','[]',0,'2022-09-06 10:47:45','2022-09-06 10:47:45','2023-09-06 12:47:45'),('d9ce270f5bf143663d61a6518cd9539046c26f6620a3aa4668129a023cdc4583cdcea94f582c8405',11,1,'mazraa','[]',0,'2022-06-23 08:09:16','2022-06-23 08:09:16','2023-06-23 10:09:16'),('da18df93a81a00d6c0ab06bd829ce4fde30da45a61b220bd432a500c9e9094e5fb2f80d67702897a',154,1,'mazraa','[]',0,'2022-09-06 10:28:47','2022-09-06 10:28:47','2023-09-06 12:28:47'),('dacc9fc9bf005771bd7fe001a0206a4709e472673c20f893db229a3a3445c84a7954a17b265c4ea7',1,1,'mazraa','[]',0,'2022-09-03 19:40:17','2022-09-03 19:40:17','2023-09-03 21:40:17'),('dad4ebb9fccd8e9ff6f6912217293705dd85d54b029cb35b732b6d06d043f724dce74429bf75a721',1,1,'mazraa','[]',0,'2022-09-07 17:58:05','2022-09-07 17:58:05','2023-09-07 19:58:05'),('daeb7338a2f9b01931e248b9c8d9e0755fb3608ebe964d3d8a1e0ead52850435171d9d30456d62bc',195,1,'mazraa','[]',0,'2022-10-03 06:07:18','2022-10-03 06:07:18','2023-10-03 08:07:18'),('db228d00dae995b1431ee68817cc4a6073a1c9d7bc4029af5b0a4c5036bd67c753d9f479d2742e1e',154,1,'mazraa','[]',0,'2022-09-06 10:56:54','2022-09-06 10:56:54','2023-09-06 12:56:54'),('dc0f72ff64da6d9536aaf1ba04170b6092c0fc136dc4fa7d6ab6aa4ecf351c5829bcf1df6d67c276',96,1,'mazraa','[]',0,'2022-07-20 09:14:00','2022-07-20 09:14:00','2023-07-20 11:14:00'),('dcd1f7767e6ccb0dd9fc6e695aef8bdd6c83ef0b099af7c6cd04fed7e0b7b6873e9f322fbf0f83fc',1,1,'mazraa','[]',0,'2022-09-24 06:28:17','2022-09-24 06:28:17','2023-09-24 08:28:17'),('ddd49a3aa085293460080ebaca174e91a48855597a9fcc0b6be55ffaa0e8ac7a6597615124177aa5',96,1,'mazraa','[]',0,'2022-07-20 08:55:45','2022-07-20 08:55:45','2023-07-20 10:55:45'),('ddd718c7c91143581f7871316b477ada4c0e5e2ce0a505f41f3baf5b6f83b21abc5eec0d2784086c',210,1,'mazraa','[]',0,'2022-10-13 15:39:11','2022-10-13 15:39:11','2023-10-13 17:39:11'),('ddebcd7124071abf09464af5f72c38c7ce97258131ca48352a331dd43ad43c3b0c8f8b401fb1d61b',1,1,'mazraa','[]',0,'2022-10-03 13:23:01','2022-10-03 13:23:01','2023-10-03 15:23:01'),('de28be97501568ae2f668fd4832465909abd4cab38644750516c8d710dbf5828444e6720782356b9',191,1,'mazraa','[]',0,'2022-09-28 11:54:08','2022-09-28 11:54:08','2023-09-28 13:54:08'),('dea08e0b10a473a84dbe38670190e6cf06eed8629fa5c618f41ce2f27dda11d7cb48392e2985e69a',1,1,'mazraa','[]',0,'2022-09-03 21:08:40','2022-09-03 21:08:40','2023-09-03 23:08:40'),('df1293b1749eae7eccfaae990980aec5e98e5021f53033c03505ba7a93f8adab01cabcbe5692d128',1,1,'mazraa','[]',0,'2022-09-26 05:21:59','2022-09-26 05:21:59','2023-09-26 07:21:59'),('df8158686260c0333af8d87442e08a67e5fd131071b529c4b0574ba8fd39b6e5866ed2dc0304c23b',193,1,'mazraa','[]',0,'2022-10-08 18:27:40','2022-10-08 18:27:40','2023-10-08 20:27:40'),('dff196db0bd7f99a7dee8ecf7847e3f80e4da36219f062d8a56c627c5fe139c464464dd2c98d5488',193,1,'mazraa','[]',0,'2022-09-27 19:15:32','2022-09-27 19:15:32','2023-09-27 21:15:32'),('e04813e053ec5f203f7cf48c02966559125a9a750f948f35c3bb7275107aaf6c9c5740f4527c6594',198,1,'mazraa','[]',0,'2022-10-06 11:32:55','2022-10-06 11:32:55','2023-10-06 13:32:55'),('e1c69633ccc5b393d34bf613be8b82bafd923f98864f350ecca69d9ce9f3f5ca4369f68b5298932e',11,1,'mazraa','[]',0,'2022-06-23 08:03:49','2022-06-23 08:03:49','2023-06-23 10:03:49'),('e258a98c0ebe5b8ab64f2374ebb266ac471f07bdb80e41962ab2b5c9e9a84fa6b0c5e547156374a9',1,1,'mazraa','[]',0,'2022-09-27 08:21:44','2022-09-27 08:21:44','2023-09-27 10:21:44'),('e317c2d6a4a50b1b7e53fa13d1d6a09840179c102598634c8861beea5f1c6db4762090ea8ee720ea',187,1,'mazraa','[]',0,'2022-09-18 17:28:15','2022-09-18 17:28:15','2023-09-18 19:28:15'),('e323ea6ce0c789996e91d0b39f61a3591f8040fd9510768e68a83e86040984348442a42df047c3e9',11,1,'mazraa','[]',0,'2022-06-23 08:06:59','2022-06-23 08:06:59','2023-06-23 10:06:59'),('e39951b783adde08e1391c0148f1442b662826d993f3298b05b98ff6ed4dc25e13bdc0d96147103d',1,1,'mazraa','[]',0,'2022-10-07 16:44:11','2022-10-07 16:44:11','2023-10-07 18:44:11'),('e3ba83605e956ba14a685c835c18a578fa1baaf721c711edb8f3a69a9133015237b6e98a95199859',93,1,'mazraa','[]',0,'2022-07-20 05:45:00','2022-07-20 05:45:00','2023-07-20 07:45:00'),('e40b138059fae5727d4d79c2d20c9f3e35fe7a43b42ea188dae47595f21164f80207efa12b009981',99,1,'mazraa','[]',0,'2022-07-20 09:44:22','2022-07-20 09:44:22','2023-07-20 11:44:22'),('e529d6207dc548be2d9826efc94c8fef42fc6d93b1d5479543d0f54a04ac5cb7baa3ef58974d7fc2',43,1,'mazraa','[]',0,'2022-06-23 09:31:32','2022-06-23 09:31:32','2023-06-23 11:31:32'),('e52c414b6e08f11615d58c75ce87a47c71f6b54d823d2a26bc5deac2c0084959406040c80089faa8',1,1,'mazraa','[]',0,'2022-09-03 20:48:38','2022-09-03 20:48:38','2023-09-03 22:48:38'),('e54ddfff1688ce8bce303c9b75b9527e800e798f1b28a442bf74bd1f2faf32dca8775db6e7bc8c26',11,1,'mazraa','[]',0,'2022-06-23 08:02:49','2022-06-23 08:02:49','2023-06-23 10:02:49'),('e56ee96ac86f3d95787fa10262bd8b1816094fa343165896c692f7a177397e954c56e10cb92e41e4',195,1,'mazraa','[]',0,'2022-10-03 06:05:50','2022-10-03 06:05:50','2023-10-03 08:05:50'),('e575bec6f263d078ed1241d87b33aae4d20edec53326a47f62a1702246f99285b350523064dbe927',195,1,'mazraa','[]',0,'2022-10-03 05:00:34','2022-10-03 05:00:34','2023-10-03 07:00:34'),('e5db92282686296d5ed9194478d415cf19f810b605c49e48552b14d2c522874a0383c8e099c36034',216,1,'mazraa','[]',0,'2022-11-15 09:37:47','2022-11-15 09:37:47','2023-11-15 11:37:47'),('e63328c118bbaa878235940d77b0a099bcce8e5888d4f0f8100b2216a6064da3a7c1c082f0cbbf8a',195,1,'mazraa','[]',0,'2022-10-03 08:12:36','2022-10-03 08:12:36','2023-10-03 10:12:36'),('e681093ff41aba08c04c36994f73e4381c074da2440cfdddcae28bd13a5cc805a018408d087c10af',9,1,'mazraa','[]',0,'2022-06-22 10:17:54','2022-06-22 10:17:54','2023-06-22 12:17:54'),('e6a9526bafbc43dd11005e30f3fd68345aaf06283a5864986aea6bc264870cca880ffa4805917bf6',1,1,'mazraa','[]',0,'2022-10-07 10:02:30','2022-10-07 10:02:30','2023-10-07 12:02:30'),('e6b43440b98de1e94c5dc94b53a6bab99f8b81b5271411b45a1ef26ede6cdb400779cfa8c174a830',190,1,'mazraa','[]',0,'2022-09-28 12:33:29','2022-09-28 12:33:29','2023-09-28 14:33:29'),('e6be750fa3896fdbb264773e389ed60eb8af1b5d31683d4d7ea18f93f20ceb55ff1ed4c089ec9b55',43,1,'mazraa','[]',0,'2022-06-23 09:50:56','2022-06-23 09:50:56','2023-06-23 11:50:56'),('e7b3477efd4f6bf637fda0611f96337a3f75a80e556f319ab1bc9a429a614db4792ce728101f4c44',189,1,'mazraa','[]',0,'2022-09-21 05:19:04','2022-09-21 05:19:04','2023-09-21 07:19:04'),('e7d8d426a25bfb7e7bb8e3c4e59956e986c9a47a33dd4874ebc1cd5eb58acd984fd2bcf2c4124edc',96,1,'mazraa','[]',0,'2022-07-20 09:11:18','2022-07-20 09:11:18','2023-07-20 11:11:18'),('e81992891924752ed065eb5d85424470b8b6fa7e354371217100bbce0c3acf017d873f7b44f616c2',115,1,'mazraa','[]',0,'2022-07-28 05:34:36','2022-07-28 05:34:36','2023-07-28 07:34:36'),('e81adc1b69897a8ba4789c5c12b3a88519d4c7a95a5ede23e50e5e59a91fbf9482adc93d759c2971',216,1,'mazraa','[]',0,'2022-12-17 09:00:58','2022-12-17 09:00:58','2023-12-17 11:00:58'),('e831cbf5a4e9a95b4ae3c583e6da095ecf733a61784a40d5ff7143218e858d8d9a3235028629e6cd',157,1,'mazraa','[]',0,'2022-09-07 09:46:36','2022-09-07 09:46:36','2023-09-07 11:46:36'),('e886fc503c555caa58d35bfe0f5927092f82104a7ffd9da9c8bb366402bcb056847f826ea8017a0a',44,1,'mazraa','[]',0,'2022-06-23 09:39:52','2022-06-23 09:39:52','2023-06-23 11:39:52'),('e9963abb353a0fe4a54f5052633a71c397299e46b27cf7bc3f581bbec30eadf733740d0bf52cd8b0',110,1,'mazraa','[]',0,'2022-07-23 06:56:51','2022-07-23 06:56:51','2023-07-23 08:56:51'),('e99877635dba0574caa7b324d2cfa981871c9280554a15412126b7917d1883e24ced11db87d25d1c',1,1,'mazraa','[]',0,'2022-09-06 11:44:53','2022-09-06 11:44:53','2023-09-06 13:44:53'),('e9a0ad4ff61e8ef2e69d324865724ea8273f6a1416091d8ab4229422dd2aacb70cfee7962dc75e03',15,1,'mazraa','[]',0,'2022-06-23 08:14:41','2022-06-23 08:14:41','2023-06-23 10:14:41'),('e9e57a430fd518b3ebf0497ddf8330a81028f77ad28e7eafd99dcb791ac7c29efc445d80415555af',204,1,'mazraa','[]',0,'2022-10-11 09:31:46','2022-10-11 09:31:46','2023-10-11 11:31:46'),('eb0f1d132afe8a2c725550860840056b45da223846badbc40ed113efd3e005282be766975f52027b',96,1,'mazraa','[]',0,'2022-07-20 10:19:11','2022-07-20 10:19:11','2023-07-20 12:19:11'),('eb6b767286a3e72dc842af097a718004a56dfda27d0a27d68ff7b5f5945de9772c3168f53603e4d1',106,1,'mazraa','[]',0,'2022-07-23 06:31:30','2022-07-23 06:31:30','2023-07-23 08:31:30'),('eb9b51402c35738b51892d30a6d8f3b086553bc26f3023fe1d452ae8882985c1d33c267a4d2b30c0',59,1,'mazraa','[]',0,'2022-06-27 07:58:28','2022-06-27 07:58:28','2023-06-27 09:58:28'),('eba79678bf6013d904fc46cc18c50522d553733079abf52711ffb716fee7b463e8e1b99f3cdd237a',11,1,'mazraa','[]',0,'2022-06-23 08:07:45','2022-06-23 08:07:45','2023-06-23 10:07:45'),('ec3efff730865bb921771fdc7164c1a2099b47a21455bc69e947ba04f6cc6f4229c9bbc6b1a2ccc1',201,1,'mazraa','[]',0,'2022-10-08 12:27:46','2022-10-08 12:27:46','2023-10-08 14:27:46'),('ecfb7ea2ee9e52a13e8a7cdf8206655799bb96210654baefe51d621af117d5c20b6a22cdf1a0e90e',1,1,'mazraa','[]',0,'2022-09-20 10:54:04','2022-09-20 10:54:04','2023-09-20 12:54:04'),('ee50e673c075b47b38292f30e32ff9ad73ea2e701e1056712b7223d5cc0049c24b07ed0349a905de',170,1,'mazraa','[]',0,'2022-09-24 19:51:27','2022-09-24 19:51:27','2023-09-24 21:51:27'),('ee8672fed87826afc2ced50e1f56fb6805a67c046633629b58e35c047f15b9891c786f589f962d14',83,1,'mazraa','[]',0,'2022-07-20 05:26:28','2022-07-20 05:26:28','2023-07-20 07:26:28'),('ef4c49cde210f36532074ad367cfb4bc66a28d5f4416a25ab14ae85d887d40ceb53244fb5d57acf6',1,1,'mazraa','[]',0,'2022-09-21 05:26:32','2022-09-21 05:26:32','2023-09-21 07:26:32'),('ef7d8349e35a387c6ff0651517bc1bf63ded34d5095af89d2135e3ba1a35b2771264cadbc199f772',216,1,'mazraa','[]',0,'2022-12-27 20:08:37','2022-12-27 20:08:37','2023-12-27 22:08:37'),('efb63ad2207596361075ff480f181133e845592b34400d26264be8636c179b3da529928a1a821112',96,1,'mazraa','[]',0,'2022-07-20 10:10:27','2022-07-20 10:10:27','2023-07-20 12:10:27'),('f07e083b0575c29abbacb52b7a98fa53f4ee19441f11d415f46b0388cb062974a0867e317c8d0c4b',154,1,'mazraa','[]',0,'2022-09-06 10:39:55','2022-09-06 10:39:55','2023-09-06 12:39:55'),('f0f33ed03ac8b99e195c5dc8b014af222e6b03ea81dda424872808374c13fd139f87af3642877d10',9,1,'mazraa','[]',0,'2022-06-22 10:17:35','2022-06-22 10:17:35','2023-06-22 12:17:35'),('f13a66563fe44c006681d2840a888c8e8f1e10b2ad798d6fff93aa2d8bcc19bfa9602e50a4ea30d0',73,1,'mazraa','[]',0,'2022-07-18 04:50:22','2022-07-18 04:50:22','2023-07-18 06:50:22'),('f14117e1550eee3bc7dfe9ba4d4d780ebe7b158ad7d83e0482a12333d18d29dbf8722fc8352c2e7c',72,1,'mazraa','[]',0,'2022-07-21 07:49:09','2022-07-21 07:49:09','2023-07-21 09:49:09'),('f189e09bff759b27c8ab0dd438c386c19b18007f4f262509d9e822ad5195978a9cdc4ef693760f69',197,1,'mazraa','[]',0,'2022-10-03 11:54:46','2022-10-03 11:54:46','2023-10-03 13:54:46'),('f1a590368b203718a514657914b341519b982ee10852d304bfcd2876c1d97f7f4421310fcb0b3843',155,1,'mazraa','[]',0,'2022-09-06 10:31:01','2022-09-06 10:31:01','2023-09-06 12:31:01'),('f23d8a17f12aef14d88b3e74711089ebbb751fec424753acd578c3fcfbf56b44a5b9343f4e78ec84',195,1,'mazraa','[]',0,'2022-10-03 08:01:45','2022-10-03 08:01:45','2023-10-03 10:01:45'),('f33a76ff582ed00581fac9cb8d271c620083c17f1bee1489caa6b09690be0497de95c145d9f545e6',155,1,'mazraa','[]',0,'2022-09-06 11:04:47','2022-09-06 11:04:47','2023-09-06 13:04:47'),('f34c03a21eeb65b78e2bffc6e0055d7de9bf87113c9804e62d099aea6aab0ce0e5d895c437f8800e',195,1,'mazraa','[]',0,'2022-10-03 08:20:53','2022-10-03 08:20:53','2023-10-03 10:20:53'),('f37f14a697a24f093a2da52b408008be19bd37d561c3c24c8ce0c44bebd6cefe5dfc268e4d3918ab',115,1,'mazraa','[]',0,'2022-07-27 16:32:26','2022-07-27 16:32:26','2023-07-27 18:32:26'),('f3f1dc2130d23bafdb9ecf4b818c526f8bfe0c8e2a72f821c835f10de0540fd6d554a1bd3c386228',103,1,'mazraa','[]',0,'2022-07-23 06:25:33','2022-07-23 06:25:33','2023-07-23 08:25:33'),('f45be064b2611d3a200a45650570a63e5a5b4a4aee12200eba53b791c33abb90c70a6abfc9f30f95',188,1,'mazraa','[]',0,'2022-09-21 05:22:51','2022-09-21 05:22:51','2023-09-21 07:22:51'),('f4f4ea101d594e0519b6ed96fa4328e9ba680ed3c9dc2c46f0cc32ded7e0216b8f59ef37b1ddc1f4',96,1,'mazraa','[]',0,'2022-07-20 11:15:08','2022-07-20 11:15:08','2023-07-20 13:15:08'),('f57c4df4b98be1a648948bb8d47451c0981f3a022405cecddfca787c9d3a5ee2522252304af93f61',96,1,'mazraa','[]',0,'2022-07-20 08:32:33','2022-07-20 08:32:33','2023-07-20 10:32:33'),('f5cfcea953745908b8afd9a4301dae6032ae388aec718b13fb1eec88e9da4977f4c7b02b56e8f6a9',1,1,'mazraa','[]',0,'2022-09-21 07:26:14','2022-09-21 07:26:14','2023-09-21 09:26:14'),('f6428351e9b7ecfb7653245e36f3205631a64d2b8a59768865c2d885cfe427e447d91a809a7e2a53',71,1,'mazraa','[]',0,'2022-07-06 11:15:24','2022-07-06 11:15:24','2023-07-06 13:15:24'),('f67d18c48ef2457a972fe040229eea62600c299fa0eae235f5f76fcb3547b36a35d6f3de0ce26e3a',1,1,'mazraa','[]',0,'2022-09-08 12:56:53','2022-09-08 12:56:53','2023-09-08 14:56:53'),('f6dca6814a4286a3b210853e0933a802461776f9eaf5f9579960cab154d69d36a7a4ad94e9b06ccf',105,1,'mazraa','[]',0,'2022-07-23 06:30:34','2022-07-23 06:30:34','2023-07-23 08:30:34'),('f7699c6acc096956a5145722e545dd7c07dae6581b81a4c6c7ae309b1ed213ef664f9dde65adc54b',195,1,'mazraa','[]',0,'2022-10-03 08:33:57','2022-10-03 08:33:57','2023-10-03 10:33:57'),('f78a37d8dbe9d97b86926d468a4e6c9a41a163b8f78406372e6445092a7c589fce30981086712728',66,1,'mazraa','[]',0,'2022-07-03 10:43:49','2022-07-03 10:43:49','2023-07-03 12:43:49'),('f8815c7980109baaccd1f489f5dc88eebbefad5b81e79c62c72f315f512cc3af918cc5fc5b1d265b',104,1,'mazraa','[]',0,'2022-07-23 06:28:29','2022-07-23 06:28:29','2023-07-23 08:28:29'),('f8855aa3763a9c656bc2fba345c92481b6ec6eafd171381e5fdb6cf633639ba21eeb402b593ab500',191,1,'mazraa','[]',0,'2022-09-27 19:29:34','2022-09-27 19:29:34','2023-09-27 21:29:34'),('f8ec4c9b8bbfd78ede685e057605340d9153970263d7b7f00c9ee5144e787c4acf8a007e94be9fa1',19,1,'mazraa','[]',0,'2022-06-23 08:25:52','2022-06-23 08:25:52','2023-06-23 10:25:52'),('f90468be54f7bd3a78d38301792718c1148b0037c0c19a5f828e9d509fd43d2ac25fdba51dfb7a5e',1,1,'mazraa','[]',0,'2022-09-03 19:39:44','2022-09-03 19:39:44','2023-09-03 21:39:44'),('fa4286da9c778bc6ec8488fe4892487e7fa4806ce585dc1cdd80aff4ad6d154015361d9194f8bfae',189,1,'mazraa','[]',0,'2022-09-18 18:08:36','2022-09-18 18:08:36','2023-09-18 20:08:36'),('fa8f755829301831c03ba4fb78afc1984deeb912583ed76d8b03d0f8455c0e7c8a32c5865e9fc7fe',1,1,'mazraa','[]',0,'2022-09-21 19:04:49','2022-09-21 19:04:49','2023-09-21 21:04:49'),('fab73a1f937d32bb861d215f578575df52b3e84f5910d43f7bd41cd255ea1b97f5dd50bffd02adb1',216,1,'mazraa','[]',0,'2022-12-22 06:53:21','2022-12-22 06:53:21','2023-12-22 08:53:21'),('fb13e7d61c2b0591aa1d21f4e3946827391683e77aab41c689b941437069c20cdc6f2ce6796cd5e2',216,1,'mazraa','[]',0,'2022-11-13 11:10:56','2022-11-13 11:10:56','2023-11-13 13:10:56'),('fba27ea2e2acf8502569bcfe24f3565c19f243d7a75d89e6f636d713100252bacf078238378fa30e',216,1,'mazraa','[]',0,'2022-12-27 20:06:46','2022-12-27 20:06:46','2023-12-27 22:06:46'),('fc05dda530d24e71edaa51dc7180d0665f525677c3169dfbb2802afeefc5c83a6adea9b0658ca5c5',154,1,'mazraa','[]',0,'2022-09-06 11:30:31','2022-09-06 11:30:31','2023-09-06 13:30:31'),('fc3aa356f24836cdf7cac9ddbc2d172d0603d63c1243f4dd724e517757c1517ce5cc39a55d2a837d',192,1,'mazraa','[]',0,'2022-10-08 09:46:09','2022-10-08 09:46:09','2023-10-08 11:46:09'),('fca57df8e3c26617b677efdb9033b08c47c0911dc7c0b8cfa47ca04ed6e3ddf07758e065d8ac62df',190,1,'mazraa','[]',0,'2022-10-07 16:47:22','2022-10-07 16:47:22','2023-10-07 18:47:22'),('fcafecc2a655721dd5b51a762e00ed6d9f1fc9e3765238906f6e6148fe040c2dcb66b00e309da520',1,1,'mazraa','[]',0,'2022-09-03 20:49:31','2022-09-03 20:49:31','2023-09-03 22:49:31'),('fcb2a51eeb54991cd82e76b57dd200b1ee37ec5c22d9c883da8137df34a51a01544b3b7bd08c7d36',27,1,'mazraa','[]',0,'2022-06-23 08:41:40','2022-06-23 08:41:40','2023-06-23 10:41:40'),('fd7ff34e7c420db6c2082289124c2cd2aeef9a52614cd7ad02bff2766c8a7f75b6efc1529ada3780',216,1,'mazraa','[]',0,'2022-12-27 20:08:40','2022-12-27 20:08:40','2023-12-27 22:08:40'),('fd86cc88e0bf751ceb7b40b7a5cdc3b221ca23ab887332d53dbd57088bac79144da14f1d29c7fbd7',155,1,'mazraa','[]',0,'2022-09-06 10:58:25','2022-09-06 10:58:25','2023-09-06 12:58:25'),('fe3560d8d338cdcfe0ddb5456ab10929f3516fb1105579a4ebf662a2c158c83969a01f3ead755842',199,1,'mazraa','[]',0,'2022-10-05 09:24:52','2022-10-05 09:24:52','2023-10-05 11:24:52'),('fe3a56d32ec266be78fa998af106b1610f813444b5d70c5a237d49dcae53bb86ceee06ced5808ed9',1,1,'mazraa','[]',0,'2022-09-21 05:26:40','2022-09-21 05:26:40','2023-09-21 07:26:40'),('fe4b4bd4b090e996db12236f892d5c4d4374a37da2a6a15a4fc3ac4d1c7812edd7ab5c2cebf70d97',155,1,'mazraa','[]',0,'2022-09-06 10:37:29','2022-09-06 10:37:29','2023-09-06 12:37:29'),('ff3a2dac6d7d57efc124c4300bfbb0abcb93a429e822535531b0aef4e3ea4cab0d9941f220db4b60',71,1,'mazraa','[]',0,'2022-07-06 11:18:53','2022-07-06 11:18:53','2023-07-06 13:18:53');

--
-- Table structure for table `oauth_auth_codes`
--

CREATE TABLE `oauth_auth_codes` (
  `id` varchar(100) CHARACTER SET utf8mb4 COLLATE utf8mb4_unicode_ci NOT NULL,
  `user_id` bigint unsigned NOT NULL,
  `client_id` bigint unsigned NOT NULL,
  `scopes` text CHARACTER SET utf8mb4 COLLATE utf8mb4_unicode_ci,
  `revoked` tinyint(1) NOT NULL,
  `expires_at` datetime DEFAULT NULL,
  PRIMARY KEY (`id`),
  KEY `oauth_auth_codes_user_id_index` (`user_id`)
) ENGINE=InnoDB DEFAULT CHARSET=utf8mb4 COLLATE=utf8mb4_unicode_ci;

--
-- Dumping data for table `oauth_auth_codes`
--


--
-- Table structure for table `oauth_clients`
--

CREATE TABLE `oauth_clients` (
  `id` bigint unsigned NOT NULL AUTO_INCREMENT,
  `user_id` bigint unsigned DEFAULT NULL,
  `name` varchar(255) CHARACTER SET utf8mb4 COLLATE utf8mb4_unicode_ci NOT NULL,
  `secret` varchar(100) CHARACTER SET utf8mb4 COLLATE utf8mb4_unicode_ci DEFAULT NULL,
  `provider` varchar(255) CHARACTER SET utf8mb4 COLLATE utf8mb4_unicode_ci DEFAULT NULL,
  `redirect` text CHARACTER SET utf8mb4 COLLATE utf8mb4_unicode_ci NOT NULL,
  `personal_access_client` tinyint(1) NOT NULL,
  `password_client` tinyint(1) NOT NULL,
  `revoked` tinyint(1) NOT NULL,
  `created_at` timestamp NULL DEFAULT NULL,
  `updated_at` timestamp NULL DEFAULT NULL,
  PRIMARY KEY (`id`),
  KEY `oauth_clients_user_id_index` (`user_id`)
) ENGINE=InnoDB AUTO_INCREMENT=3 DEFAULT CHARSET=utf8mb4 COLLATE=utf8mb4_unicode_ci;

--
-- Dumping data for table `oauth_clients`
--

INSERT INTO `oauth_clients` (`id`, `user_id`, `name`, `secret`, `provider`, `redirect`, `personal_access_client`, `password_client`, `revoked`, `created_at`, `updated_at`) VALUES (1,NULL,'Laravel Personal Access Client','M5hKJeOymQ5ybOqGLb1ZHeZwAvggkkcZi4jSuwrX',NULL,'http://localhost',1,0,0,'2022-06-22 10:12:48','2022-06-22 10:12:48'),(2,NULL,'Laravel Password Grant Client','oiElx9TLRlbGMJYB07DzGeD7GcN1SQMxbg24HbDa','users','http://localhost',0,1,0,'2022-06-22 10:12:48','2022-06-22 10:12:48');

--
-- Table structure for table `oauth_personal_access_clients`
--

CREATE TABLE `oauth_personal_access_clients` (
  `id` bigint unsigned NOT NULL AUTO_INCREMENT,
  `client_id` bigint unsigned NOT NULL,
  `created_at` timestamp NULL DEFAULT NULL,
  `updated_at` timestamp NULL DEFAULT NULL,
  PRIMARY KEY (`id`)
) ENGINE=InnoDB AUTO_INCREMENT=2 DEFAULT CHARSET=utf8mb4 COLLATE=utf8mb4_unicode_ci;

--
-- Dumping data for table `oauth_personal_access_clients`
--

INSERT INTO `oauth_personal_access_clients` (`id`, `client_id`, `created_at`, `updated_at`) VALUES (1,1,'2022-06-22 10:12:48','2022-06-22 10:12:48');

--
-- Table structure for table `oauth_refresh_tokens`
--

CREATE TABLE `oauth_refresh_tokens` (
  `id` varchar(100) CHARACTER SET utf8mb4 COLLATE utf8mb4_unicode_ci NOT NULL,
  `access_token_id` varchar(100) CHARACTER SET utf8mb4 COLLATE utf8mb4_unicode_ci NOT NULL,
  `revoked` tinyint(1) NOT NULL,
  `expires_at` datetime DEFAULT NULL,
  PRIMARY KEY (`id`),
  KEY `oauth_refresh_tokens_access_token_id_index` (`access_token_id`)
) ENGINE=InnoDB DEFAULT CHARSET=utf8mb4 COLLATE=utf8mb4_unicode_ci;

--
-- Dumping data for table `oauth_refresh_tokens`
--


--
-- Table structure for table `order_comments`
--

CREATE TABLE `order_comments` (
  `id` int unsigned NOT NULL AUTO_INCREMENT,
  `order_id` int unsigned NOT NULL,
  `rate` int NOT NULL DEFAULT '1',
  `comment` text CHARACTER SET utf8mb4 COLLATE utf8mb4_unicode_ci NOT NULL,
  `created_at` timestamp NULL DEFAULT NULL,
  `updated_at` timestamp NULL DEFAULT NULL,
  PRIMARY KEY (`id`),
  KEY `order_comments_order_id_foreign` (`order_id`)
) ENGINE=InnoDB DEFAULT CHARSET=utf8mb4 COLLATE=utf8mb4_unicode_ci;

--
-- Dumping data for table `order_comments`
--


--
-- Table structure for table `order_coupons`
--

CREATE TABLE `order_coupons` (
  `id` int unsigned NOT NULL AUTO_INCREMENT,
  `order_id` int unsigned NOT NULL,
  `price` double NOT NULL,
  `discountprice` double NOT NULL,
  `code` varchar(255) CHARACTER SET utf8mb4 COLLATE utf8mb4_unicode_ci NOT NULL,
  `value` varchar(255) CHARACTER SET utf8mb4 COLLATE utf8mb4_unicode_ci NOT NULL,
  `ids` varchar(255) CHARACTER SET utf8mb4 COLLATE utf8mb4_unicode_ci NOT NULL,
  `type` varchar(255) CHARACTER SET utf8mb4 COLLATE utf8mb4_unicode_ci NOT NULL,
  `coupons_id` int unsigned NOT NULL,
  `created_at` timestamp NULL DEFAULT NULL,
  `updated_at` timestamp NULL DEFAULT NULL,
  PRIMARY KEY (`id`),
  KEY `order_coupons_order_id_foreign` (`order_id`),
  KEY `order_coupons_coupons_id_foreign` (`coupons_id`)
) ENGINE=InnoDB DEFAULT CHARSET=utf8mb4 COLLATE=utf8mb4_unicode_ci;

--
-- Dumping data for table `order_coupons`
--


--
-- Table structure for table `order_product_features`
--

CREATE TABLE `order_product_features` (
  `id` bigint unsigned NOT NULL AUTO_INCREMENT,
  `order_product_id` int unsigned NOT NULL,
  `feature_id` int unsigned NOT NULL,
  `option_id` int unsigned NOT NULL,
  `product_id` int unsigned DEFAULT NULL,
  `title` varchar(255) CHARACTER SET utf8mb4 COLLATE utf8mb4_unicode_ci NOT NULL,
  `price` double(8,2) DEFAULT NULL,
  `count` int DEFAULT NULL,
  `created_at` timestamp NULL DEFAULT NULL,
  `updated_at` timestamp NULL DEFAULT NULL,
  PRIMARY KEY (`id`),
  KEY `order_product_features_order_product_id_foreign` (`order_product_id`),
  KEY `order_product_features_feature_id_foreign` (`feature_id`),
  KEY `order_product_features_option_id_foreign` (`option_id`),
  KEY `order_product_features_product_id_foreign` (`product_id`)
) ENGINE=InnoDB AUTO_INCREMENT=25 DEFAULT CHARSET=utf8mb4 COLLATE=utf8mb4_unicode_ci;

--
-- Dumping data for table `order_product_features`
--

INSERT INTO `order_product_features` (`id`, `order_product_id`, `feature_id`, `option_id`, `product_id`, `title`, `price`, `count`, `created_at`, `updated_at`) VALUES (1,1,8,32,12,'l',10.00,NULL,'2023-01-03 13:50:14','2023-01-03 13:50:14'),(2,1,9,35,12,'ابيض',10.00,NULL,'2023-01-03 13:50:14','2023-01-03 13:50:14'),(3,2,8,31,12,'s',10.00,NULL,'2023-01-03 13:54:36','2023-01-03 13:54:36'),(4,2,9,35,12,'ابيض',10.00,NULL,'2023-01-03 13:54:36','2023-01-03 13:54:36'),(5,3,8,32,12,'l',10.00,NULL,'2023-01-03 13:56:43','2023-01-03 13:56:43'),(6,3,9,35,12,'ابيض',10.00,NULL,'2023-01-03 13:56:43','2023-01-03 13:56:43'),(7,4,8,32,12,'l',10.00,NULL,'2023-01-03 13:58:04','2023-01-03 13:58:04'),(8,4,9,35,12,'ابيض',10.00,NULL,'2023-01-03 13:58:04','2023-01-03 13:58:04'),(9,6,30,37,23,'فري سايز',NULL,NULL,'2023-02-13 05:09:09','2023-02-13 05:09:09'),(10,7,63,122,38,'فري سايز',NULL,NULL,'2023-03-05 09:48:31','2023-03-05 09:48:31'),(11,8,63,122,38,'فري سايز',NULL,NULL,'2023-03-05 09:52:43','2023-03-05 09:52:43'),(12,9,45,109,24,'فري سايز',NULL,NULL,'2023-03-05 14:15:02','2023-03-05 14:15:02'),(13,10,45,109,24,'فري سايز',NULL,NULL,'2023-03-05 14:53:11','2023-03-05 14:53:11'),(14,11,63,122,38,'فري سايز',NULL,NULL,'2023-03-06 04:47:39','2023-03-06 04:47:39'),(15,12,63,122,38,'فري سايز',NULL,NULL,'2023-03-06 04:48:03','2023-03-06 04:48:03'),(16,13,45,109,24,'فري سايز',NULL,NULL,'2023-03-07 12:24:31','2023-03-07 12:24:31'),(17,14,65,124,40,'free size',NULL,NULL,'2023-03-11 10:25:01','2023-03-11 10:25:01'),(18,15,65,124,40,'free size',NULL,NULL,'2023-03-12 05:03:49','2023-03-12 05:03:49'),(19,16,65,124,40,'free size',NULL,NULL,'2023-03-12 05:34:25','2023-03-12 05:34:25'),(20,17,94,208,73,'اللون',NULL,NULL,'2023-04-24 18:08:17','2023-04-24 18:08:17'),(21,18,94,208,73,'اللون',NULL,NULL,'2023-04-24 18:12:42','2023-04-24 18:12:42'),(22,19,85,199,63,'اسود',NULL,NULL,'2023-05-01 23:48:00','2023-05-01 23:48:00'),(23,20,92,206,71,'اللون',NULL,NULL,'2023-07-02 16:51:17','2023-07-02 16:51:17'),(24,21,92,206,71,'اللون',NULL,NULL,'2023-07-05 20:47:06','2023-07-05 20:47:06');

--
-- Table structure for table `order_shippings`
--

CREATE TABLE `order_shippings` (
  `id` int unsigned NOT NULL AUTO_INCREMENT,
  `order_id` int unsigned NOT NULL,
  `government_id` int unsigned DEFAULT NULL,
  `region_id` int unsigned DEFAULT NULL,
  `block` varchar(255) CHARACTER SET utf8mb4 COLLATE utf8mb4_unicode_ci DEFAULT NULL,
  `gada` varchar(255) CHARACTER SET utf8mb4 COLLATE utf8mb4_unicode_ci DEFAULT NULL,
  `jada` varchar(255) CHARACTER SET utf8mb4 COLLATE utf8mb4_unicode_ci DEFAULT NULL,
  `building` varchar(255) CHARACTER SET utf8mb4 COLLATE utf8mb4_unicode_ci DEFAULT NULL,
  `floor` varchar(255) CHARACTER SET utf8mb4 COLLATE utf8mb4_unicode_ci DEFAULT NULL,
  `room_number` varchar(255) CHARACTER SET utf8mb4 COLLATE utf8mb4_unicode_ci DEFAULT NULL,
  `created_at` timestamp NULL DEFAULT NULL,
  `updated_at` timestamp NULL DEFAULT NULL,
  `lat` varchar(191) CHARACTER SET utf8mb4 COLLATE utf8mb4_unicode_ci DEFAULT NULL,
  `long` varchar(191) CHARACTER SET utf8mb4 COLLATE utf8mb4_unicode_ci DEFAULT NULL,
  PRIMARY KEY (`id`),
  KEY `order_shippings_order_id_foreign` (`order_id`),
  KEY `order_shippings_government_id_foreign` (`government_id`),
  KEY `order_shippings_region_id_foreign` (`region_id`)
) ENGINE=InnoDB AUTO_INCREMENT=16 DEFAULT CHARSET=utf8mb4 COLLATE=utf8mb4_unicode_ci;

--
-- Dumping data for table `order_shippings`
--

INSERT INTO `order_shippings` (`id`, `order_id`, `government_id`, `region_id`, `block`, `gada`, `jada`, `building`, `floor`, `room_number`, `created_at`, `updated_at`, `lat`, `long`) VALUES (1,1,5,56,'2','23',NULL,'','23',NULL,NULL,NULL,NULL,NULL),(2,1,5,56,'2','23',NULL,'','23',NULL,NULL,NULL,NULL,NULL),(3,1,5,56,'2','23',NULL,'','23',NULL,NULL,NULL,NULL,NULL),(4,1,5,56,'2','23',NULL,'','23',NULL,NULL,NULL,NULL,NULL),(5,5,8,126,'3','36',NULL,'1','1',NULL,NULL,NULL,NULL,NULL),(6,4,5,56,'2','23',NULL,'','23',NULL,NULL,NULL,NULL,NULL),(7,4,5,56,'2','23',NULL,'','23',NULL,NULL,NULL,NULL,NULL),(8,4,5,56,'2','23',NULL,'','23',NULL,NULL,NULL,NULL,NULL),(9,4,5,56,'2','23',NULL,'','23',NULL,NULL,NULL,NULL,NULL),(10,7,5,56,'2','23',NULL,'','23',NULL,NULL,NULL,NULL,NULL),(11,9,5,56,'2','23',NULL,'','23',NULL,NULL,NULL,NULL,NULL),(12,9,5,56,'2','23',NULL,'','23',NULL,NULL,NULL,NULL,NULL),(13,9,5,56,'2','23',NULL,'','23',NULL,NULL,NULL,NULL,NULL),(14,10,5,56,'2','23',NULL,'','23',NULL,NULL,NULL,NULL,NULL),(15,10,5,56,'2','23',NULL,'','23',NULL,NULL,NULL,NULL,NULL);

--
-- Table structure for table `orders`
--

CREATE TABLE `orders` (
  `id` int unsigned NOT NULL AUTO_INCREMENT,
  `order_number` varchar(255) CHARACTER SET utf8mb4 COLLATE utf8mb4_unicode_ci NOT NULL,
  `total_price` double(8,2) DEFAULT NULL,
  `user_id` int unsigned DEFAULT NULL,
  `incart` tinyint(1) NOT NULL DEFAULT '1',
  `mac_address` varchar(255) CHARACTER SET utf8mb4 COLLATE utf8mb4_unicode_ci DEFAULT NULL,
  `price_ship` double(8,2) DEFAULT NULL,
  `shipping_Type` varchar(255) CHARACTER SET utf8mb4 COLLATE utf8mb4_unicode_ci DEFAULT NULL,
  `delivery_time` varchar(255) CHARACTER SET utf8mb4 COLLATE utf8mb4_unicode_ci DEFAULT NULL,
  `order_done_date` varchar(255) CHARACTER SET utf8mb4 COLLATE utf8mb4_unicode_ci DEFAULT NULL,
  `status` enum('wait','refused','accepted','shipped','complete') CHARACTER SET utf8mb4 COLLATE utf8mb4_unicode_ci NOT NULL,
  `payment_method` int unsigned DEFAULT NULL,
  `payment_status` enum('paid','unPaid') CHARACTER SET utf8mb4 COLLATE utf8mb4_unicode_ci NOT NULL,
  `deleted_at` timestamp NULL DEFAULT NULL,
  `created_at` timestamp NULL DEFAULT NULL,
  `updated_at` timestamp NULL DEFAULT NULL,
  `delivery_date_time` varchar(255) CHARACTER SET utf8mb4 COLLATE utf8mb4_unicode_ci DEFAULT NULL,
  `payment_id` int DEFAULT NULL,
  PRIMARY KEY (`id`),
  KEY `orders_user_id_foreign` (`user_id`),
  KEY `orders_payment_method_foreign` (`payment_method`)
) ENGINE=InnoDB AUTO_INCREMENT=19 DEFAULT CHARSET=utf8mb4 COLLATE=utf8mb4_unicode_ci;

--
-- Dumping data for table `orders`
--

INSERT INTO `orders` (`id`, `order_number`, `total_price`, `user_id`, `incart`, `mac_address`, `price_ship`, `shipping_Type`, `delivery_time`, `order_done_date`, `status`, `payment_method`, `payment_status`, `deleted_at`, `created_at`, `updated_at`, `delivery_date_time`, `payment_id`) VALUES (1,'30250',28.00,1,0,'jekNwuWjMkckTVDamBoyPzgLqPxY7uUprYjFAAhB',2.00,'',NULL,'2023-01-03 15:57:01','accepted',1,'',NULL,'2023-01-03 13:50:14','2023-01-03 13:57:01',NULL,NULL),(3,'56353',28.00,1,0,'jekNwuWjMkckTVDamBoyPzgLqPxY7uUprYjFAAhB',2.00,NULL,NULL,'2023-01-03 15:57:01','wait',NULL,'paid',NULL,'2023-01-03 13:56:43','2023-01-03 13:56:43',NULL,NULL),(4,'96139',40.00,1,0,'jekNwuWjMkckTVDamBoyPzgLqPxY7uUprYjFAAhB',2.00,'','2023-03-09','2023-03-05 12:09:01','wait',2,'paid',NULL,'2023-01-03 13:58:04','2023-03-05 10:09:01','03:20 PM-02:18 AM',2147483647),(5,'90622',66.50,219,0,'537909D6-2EB7-48ED-BD48-B031C08ADBC4',1.50,'منزل','null','2023-01-05 08:42:53','wait',1,'unPaid',NULL,'2023-01-05 06:39:16','2023-01-05 06:42:53','null : null',NULL),(6,'27671',NULL,NULL,1,'OjCEyZZEFHCQp8tQK4d6hXzHvIXsAZxs8XddilK2',NULL,'',NULL,NULL,'wait',NULL,'paid',NULL,'2023-02-13 05:09:09','2023-02-13 05:09:09',NULL,NULL),(7,'73120',12.00,1,0,'bIMPmQDjvgpidMgJFlVtvyA19tsFVRkTgmQ9xNLn',2.00,'',NULL,'2023-03-05 12:09:58','wait',1,'',NULL,'2023-03-05 09:48:31','2023-03-05 10:09:58',NULL,NULL),(8,'70522',NULL,NULL,1,'2H20mOKpw0qd7WpLJJnDttCkGoCkJz3WI08tZKq2',NULL,'',NULL,NULL,'wait',NULL,'paid',NULL,'2023-03-05 14:15:02','2023-03-05 14:15:02',NULL,NULL),(9,'67791',22.00,1,0,'QBoYdqmZgxOPnaHt4tPM4v7CzNXSrUigYeTKn4Ef',2.00,'',NULL,'2023-03-06 06:47:52','wait',1,'','2023-03-07 12:24:55','2023-03-05 14:53:11','2023-03-07 12:24:55',NULL,NULL),(10,'69888',10.00,1,0,'GyA4HTXdLCOKu71PGsuHsAUSSABukmuT1MutQwIr',2.00,'','2023-03-08','2023-03-07 14:26:29','wait',2,'paid',NULL,'2023-03-06 04:48:03','2023-03-07 12:26:29',NULL,2147483647),(11,'79497',NULL,NULL,1,'4B3E0E30-EBE7-4A37-86B5-E143DF510E52',NULL,'',NULL,NULL,'wait',NULL,'paid',NULL,'2023-03-11 10:25:01','2023-03-11 10:25:01',NULL,NULL),(12,'57139',NULL,NULL,1,'8541487C-1F58-45A2-B46C-05A84638ACAF',NULL,'',NULL,NULL,'wait',NULL,'paid','2023-03-12 05:06:28','2023-03-12 05:03:49','2023-03-12 05:06:28',NULL,NULL),(13,'58089',NULL,NULL,1,'462c3d87ce86ca40',NULL,'',NULL,NULL,'wait',NULL,'paid',NULL,'2023-03-12 05:34:25','2023-03-12 05:34:25',NULL,NULL),(14,'20222',NULL,NULL,1,'DEE51158-15D2-4DCC-955C-F797858119D5',NULL,'',NULL,NULL,'wait',NULL,'paid','2023-04-24 18:12:25','2023-04-24 18:08:17','2023-04-24 18:12:25',NULL,NULL),(15,'66056',NULL,NULL,1,'DEE51158-15D2-4DCC-955C-F797858119D5',NULL,'',NULL,NULL,'wait',NULL,'paid','2023-05-13 11:34:01','2023-04-24 18:12:42','2023-05-13 11:34:01',NULL,NULL),(16,'73941',NULL,NULL,1,'8123F7E0-4C45-46AE-B184-183E5C7B91D3',NULL,'',NULL,NULL,'wait',NULL,'paid',NULL,'2023-05-01 23:48:00','2023-05-01 23:48:00',NULL,NULL),(17,'73691',NULL,NULL,1,'ZQQtmzupJgnAwPskL5tkmedxNkRe6Qh2IEJ8JRXy',NULL,'',NULL,NULL,'wait',NULL,'paid',NULL,'2023-07-02 16:51:17','2023-07-02 16:51:17',NULL,NULL),(18,'19434',NULL,NULL,1,'oNinqzSqcfStJUsYTdHHBOXT2pNTzPNy04x5K7ep',NULL,'',NULL,NULL,'wait',NULL,'paid',NULL,'2023-07-05 20:47:06','2023-07-05 20:47:06',NULL,NULL);

--
-- Table structure for table `page_translations`
--

CREATE TABLE `page_translations` (
  `id` int unsigned NOT NULL AUTO_INCREMENT,
  `page_id` int unsigned NOT NULL,
  `title` varchar(255) CHARACTER SET utf8mb4 COLLATE utf8mb4_unicode_ci NOT NULL,
  `locale` varchar(255) CHARACTER SET utf8mb4 COLLATE utf8mb4_unicode_ci NOT NULL,
  `content` text CHARACTER SET utf8mb4 COLLATE utf8mb4_unicode_ci,
  `created_at` timestamp NULL DEFAULT NULL,
  `updated_at` timestamp NULL DEFAULT NULL,
  PRIMARY KEY (`id`),
  UNIQUE KEY `page_translations_page_id_locale_unique` (`page_id`,`locale`),
  KEY `page_translations_locale_index` (`locale`),
  CONSTRAINT `page_translations_ibfk_1` FOREIGN KEY (`page_id`) REFERENCES `pages` (`id`) ON DELETE CASCADE ON UPDATE CASCADE
) ENGINE=InnoDB AUTO_INCREMENT=11 DEFAULT CHARSET=utf8mb4 COLLATE=utf8mb4_unicode_ci;

--
-- Dumping data for table `page_translations`
--

INSERT INTO `page_translations` (`id`, `page_id`, `title`, `locale`, `content`, `created_at`, `updated_at`) VALUES (5,3,'من نحن','ar','<p>من نحن</p>',NULL,NULL),(6,3,'test name','en','<p>من نحن</p>',NULL,NULL),(7,4,'سياسة البيع','ar','<p>سياسة البيع&nbsp;</p>',NULL,NULL),(8,4,'asfgsdfh ksdljfs','en','<p>سياسة البيع&nbsp;</p>',NULL,NULL),(9,5,'الشروط والاحكام','ar','<p style=\"text-align:right\"><u><strong><span style=\"color:#16a085\">هذا النص هو مثال لنص يمكن أن يستبدل</span></strong></u></p>\r\n\r\n<p style=\"text-align:right\">في نفس المساحة، لقد تم توليد هذا النص من مولد النص العربى، حيث يمكنك أن تولد مثل هذا النص أو العديد من النصوص الأخرى إضافة إلى زيادة عدد الحروف التى يولدها التطبيق.<br />\r\nإذا كنت تحتاج إلى عدد أكبر من الفقرات يتيح لك مولد النص العربى زيادة عدد الفقرات كما تريد، النص لن يبدو مقسما ولا يحوي أخطاء لغوية، مولد النص العربى مفيد لمصممي المواقع على وجه الخصوص، حيث يحتاج العميل فى كثير من الأحيان أن يطلع على صورة حقيقية لتصميم الموقع.<br />\r\nومن هنا وجب على المصمم أن يضع نصوصا مؤقتة على التصميم ليظهر للعميل الشكل كاملاً،دور مولد النص العربى أن يوفر على المصمم عناء البحث عن نص بديل لا علاقة له بالموضوع الذى يتحدث عنه التصميم فيظهر بشكل لا يليق.<br />\r\nهذا النص يمكن أن يتم تركيبه على أي تصميم دون مشكلة فلن يبدو وكأنه نص منسوخ، غير منظم، غير منسق، أو حتى غير مفهوم. لأنه مازال نصاً بديلاً ومؤقتاً.</p>',NULL,NULL),(10,5,'iouerte sdakfjdsafc','en','<p>الشروط والاحكامIn the same space, this text has been generated from the Arabic text generator, where you can generate such text or many other texts in addition to increasing the number of characters generated by the application.</p>',NULL,NULL);

--
-- Table structure for table `pages`
--

CREATE TABLE `pages` (
  `id` int unsigned NOT NULL AUTO_INCREMENT,
  `created_at` timestamp NULL DEFAULT NULL,
  `updated_at` timestamp NULL DEFAULT NULL,
  `image` varchar(191) CHARACTER SET utf8mb4 COLLATE utf8mb4_unicode_ci DEFAULT NULL,
  PRIMARY KEY (`id`)
) ENGINE=InnoDB AUTO_INCREMENT=6 DEFAULT CHARSET=utf8mb4 COLLATE=utf8mb4_unicode_ci;

--
-- Dumping data for table `pages`
--

INSERT INTO `pages` (`id`, `created_at`, `updated_at`, `image`) VALUES (3,'2022-11-16 10:20:50','2022-12-17 08:59:09','2022-12-17-2364743.png'),(4,'2022-11-16 10:34:05','2022-12-17 08:59:24','2022-12-17-2364743.png'),(5,'2022-11-16 10:35:14','2022-12-17 08:59:32','2022-12-17-2364743.png');

--
-- Table structure for table `password_resets`
--

CREATE TABLE `password_resets` (
  `email` varchar(255) CHARACTER SET utf8mb4 COLLATE utf8mb4_unicode_ci NOT NULL,
  `token` varchar(255) CHARACTER SET utf8mb4 COLLATE utf8mb4_unicode_ci NOT NULL,
  `created_at` timestamp NULL DEFAULT NULL,
  KEY `password_resets_email_index` (`email`)
) ENGINE=InnoDB DEFAULT CHARSET=utf8mb4 COLLATE=utf8mb4_unicode_ci;

--
-- Dumping data for table `password_resets`
--


--
-- Table structure for table `payment_method_translations`
--

CREATE TABLE `payment_method_translations` (
  `id` int unsigned NOT NULL AUTO_INCREMENT,
  `payment_method_id` int unsigned NOT NULL,
  `title` varchar(255) CHARACTER SET utf8mb4 COLLATE utf8mb4_unicode_ci DEFAULT NULL,
  `locale` varchar(255) CHARACTER SET utf8mb4 COLLATE utf8mb4_unicode_ci NOT NULL,
  `created_at` timestamp NULL DEFAULT NULL,
  `updated_at` timestamp NULL DEFAULT NULL,
  PRIMARY KEY (`id`),
  UNIQUE KEY `payment_method_translations_payment_method_id_locale_unique` (`payment_method_id`,`locale`)
) ENGINE=InnoDB AUTO_INCREMENT=5 DEFAULT CHARSET=utf8mb4 COLLATE=utf8mb4_unicode_ci;

--
-- Dumping data for table `payment_method_translations`
--

INSERT INTO `payment_method_translations` (`id`, `payment_method_id`, `title`, `locale`, `created_at`, `updated_at`) VALUES (1,1,'الدفع عند الاستلام','ar',NULL,NULL),(2,1,'CACH','en',NULL,NULL),(3,2,'كي نت','ar',NULL,NULL),(4,2,'KNET','en',NULL,NULL);

--
-- Table structure for table `payment_methods`
--

CREATE TABLE `payment_methods` (
  `id` int unsigned NOT NULL AUTO_INCREMENT,
  `image` varchar(255) CHARACTER SET utf8mb4 COLLATE utf8mb4_unicode_ci DEFAULT NULL,
  `type` int NOT NULL DEFAULT '0',
  `status` int NOT NULL DEFAULT '0',
  `created_at` timestamp NULL DEFAULT NULL,
  `updated_at` timestamp NULL DEFAULT NULL,
  PRIMARY KEY (`id`)
) ENGINE=InnoDB AUTO_INCREMENT=3 DEFAULT CHARSET=utf8mb4 COLLATE=utf8mb4_unicode_ci;

--
-- Dumping data for table `payment_methods`
--

INSERT INTO `payment_methods` (`id`, `image`, `type`, `status`, `created_at`, `updated_at`) VALUES (1,'2022-07-02-payment.png',0,0,'2022-06-22 10:19:52','2023-04-24 18:04:40'),(2,'2022-07-02-drd_QbKb_400x400.jpg',1,1,'2022-06-22 10:20:09','2023-04-24 18:04:28');

--
-- Table structure for table `permission_role`
--

CREATE TABLE `permission_role` (
  `permission_id` bigint unsigned NOT NULL,
  `role_id` bigint unsigned NOT NULL,
  PRIMARY KEY (`permission_id`,`role_id`),
  KEY `permission_role_role_id_foreign` (`role_id`)
) ENGINE=InnoDB DEFAULT CHARSET=utf8mb4 COLLATE=utf8mb4_unicode_ci;

--
-- Dumping data for table `permission_role`
--

INSERT INTO `permission_role` (`permission_id`, `role_id`) VALUES (1,1),(2,1),(3,1),(4,1),(5,1),(6,1),(7,1),(8,1),(9,1),(10,1),(11,1),(12,1),(13,1),(14,1),(15,1),(16,1),(17,1),(18,1),(19,1),(20,1),(21,1),(22,1),(23,1),(24,1),(25,1),(26,1),(27,1),(28,1),(29,1),(30,1),(31,1),(32,1),(33,1),(34,1),(35,1),(36,1),(37,1),(38,1),(39,1),(40,1),(41,1),(42,1),(43,1),(44,1),(45,1),(46,1),(47,1),(48,1),(49,1),(50,1),(51,1),(52,1),(53,1),(54,1),(55,1),(56,1),(57,1),(58,1),(59,1),(60,1),(61,1),(62,1),(63,1),(64,1),(21,4),(22,4),(23,4),(24,4),(25,4),(26,4),(27,4),(28,4),(37,4),(38,4),(39,4),(40,4),(42,4),(62,4),(63,4),(38,5),(1,6);

--
-- Table structure for table `permission_user`
--

CREATE TABLE `permission_user` (
  `permission_id` bigint unsigned NOT NULL,
  `user_id` bigint unsigned NOT NULL,
  `user_type` varchar(255) CHARACTER SET utf8mb4 COLLATE utf8mb4_unicode_ci NOT NULL,
  PRIMARY KEY (`user_id`,`permission_id`,`user_type`),
  KEY `permission_user_permission_id_foreign` (`permission_id`)
) ENGINE=InnoDB DEFAULT CHARSET=utf8mb4 COLLATE=utf8mb4_unicode_ci;

--
-- Dumping data for table `permission_user`
--


--
-- Table structure for table `permissions`
--

CREATE TABLE `permissions` (
  `id` bigint unsigned NOT NULL AUTO_INCREMENT,
  `name` varchar(255) CHARACTER SET utf8mb4 COLLATE utf8mb4_unicode_ci NOT NULL,
  `display_name` varchar(255) CHARACTER SET utf8mb4 COLLATE utf8mb4_unicode_ci DEFAULT NULL,
  `description` varchar(255) CHARACTER SET utf8mb4 COLLATE utf8mb4_unicode_ci DEFAULT NULL,
  `created_at` timestamp NULL DEFAULT NULL,
  `updated_at` timestamp NULL DEFAULT NULL,
  PRIMARY KEY (`id`),
  UNIQUE KEY `permissions_name_unique` (`name`)
) ENGINE=InnoDB AUTO_INCREMENT=65 DEFAULT CHARSET=utf8mb4 COLLATE=utf8mb4_unicode_ci;

--
-- Dumping data for table `permissions`
--

INSERT INTO `permissions` (`id`, `name`, `display_name`, `description`, `created_at`, `updated_at`) VALUES (1,'create_users','Create Users','Create Users','2022-06-21 09:32:18','2022-06-21 09:32:18'),(2,'read_users','Read Users','Read Users','2022-06-21 09:32:18','2022-06-21 09:32:18'),(3,'update_users','Update Users','Update Users','2022-06-21 09:32:18','2022-06-21 09:32:18'),(4,'delete_users','Delete Users','Delete Users','2022-06-21 09:32:18','2022-06-21 09:32:18'),(5,'create_roles','Create Roles','Create Roles','2022-06-21 09:32:18','2022-06-21 09:32:18'),(6,'read_roles','Read Roles','Read Roles','2022-06-21 09:32:18','2022-06-21 09:32:18'),(7,'update_roles','Update Roles','Update Roles','2022-06-21 09:32:18','2022-06-21 09:32:18'),(8,'delete_roles','Delete Roles','Delete Roles','2022-06-21 09:32:18','2022-06-21 09:32:18'),(9,'create_notifications','Create Notifications','Create Notifications','2022-06-21 09:32:18','2022-06-21 09:32:18'),(10,'read_notifications','Read Notifications','Read Notifications','2022-06-21 09:32:18','2022-06-21 09:32:18'),(11,'update_notifications','Update Notifications','Update Notifications','2022-06-21 09:32:18','2022-06-21 09:32:18'),(12,'delete_notifications','Delete Notifications','Delete Notifications','2022-06-21 09:32:18','2022-06-21 09:32:18'),(13,'create_sliders','Create Sliders','Create Sliders','2022-06-21 09:32:18','2022-06-21 09:32:18'),(14,'read_sliders','Read Sliders','Read Sliders','2022-06-21 09:32:18','2022-06-21 09:32:18'),(15,'update_sliders','Update Sliders','Update Sliders','2022-06-21 09:32:18','2022-06-21 09:32:18'),(16,'delete_sliders','Delete Sliders','Delete Sliders','2022-06-21 09:32:18','2022-06-21 09:32:18'),(17,'create_settings','Create Settings','Create Settings','2022-06-21 09:32:18','2022-06-21 09:32:18'),(18,'read_settings','Read Settings','Read Settings','2022-06-21 09:32:18','2022-06-21 09:32:18'),(19,'update_settings','Update Settings','Update Settings','2022-06-21 09:32:18','2022-06-21 09:32:18'),(20,'delete_settings','Delete Settings','Delete Settings','2022-06-21 09:32:18','2022-06-21 09:32:18'),(21,'create_categories','Create Categories','Create Categories','2022-06-21 09:32:18','2022-06-21 09:32:18'),(22,'read_categories','Read Categories','Read Categories','2022-06-21 09:32:18','2022-06-21 09:32:18'),(23,'update_categories','Update Categories','Update Categories','2022-06-21 09:32:18','2022-06-21 09:32:18'),(24,'delete_categories','Delete Categories','Delete Categories','2022-06-21 09:32:18','2022-06-21 09:32:18'),(25,'create_products','Create Products','Create Products','2022-06-21 09:32:18','2022-06-21 09:32:18'),(26,'read_products','Read Products','Read Products','2022-06-21 09:32:18','2022-06-21 09:32:18'),(27,'update_products','Update Products','Update Products','2022-06-21 09:32:18','2022-06-21 09:32:18'),(28,'delete_products','Delete Products','Delete Products','2022-06-21 09:32:18','2022-06-21 09:32:18'),(29,'create_paymentMethods','Create PaymentMethods','Create PaymentMethods','2022-06-21 09:32:18','2022-06-21 09:32:18'),(30,'read_paymentMethods','Read PaymentMethods','Read PaymentMethods','2022-06-21 09:32:18','2022-06-21 09:32:18'),(31,'update_paymentMethods','Update PaymentMethods','Update PaymentMethods','2022-06-21 09:32:18','2022-06-21 09:32:18'),(32,'delete_paymentMethods','Delete PaymentMethods','Delete PaymentMethods','2022-06-21 09:32:18','2022-06-21 09:32:18'),(33,'create_shippingType','Create ShippingType','Create ShippingType','2022-06-21 09:32:18','2022-06-21 09:32:18'),(34,'read_shippingType','Read ShippingType','Read ShippingType','2022-06-21 09:32:18','2022-06-21 09:32:18'),(35,'update_shippingType','Update ShippingType','Update ShippingType','2022-06-21 09:32:18','2022-06-21 09:32:18'),(36,'delete_shippingType','Delete ShippingType','Delete ShippingType','2022-06-21 09:32:18','2022-06-21 09:32:18'),(37,'create_orders','Create Orders','Create Orders','2022-06-21 09:32:18','2022-06-21 09:32:18'),(38,'read_orders','Read Orders','Read Orders','2022-06-21 09:32:18','2022-06-21 09:32:18'),(39,'update_orders','Update Orders','Update Orders','2022-06-21 09:32:18','2022-06-21 09:32:18'),(40,'delete_orders','Delete Orders','Delete Orders','2022-06-21 09:32:18','2022-06-21 09:32:18'),(41,'create_reports','Create Reports','Create Reports','2022-06-21 09:32:18','2022-06-21 09:32:18'),(42,'read_reports','Read Reports','Read Reports','2022-06-21 09:32:18','2022-06-21 09:32:18'),(43,'update_reports','Update Reports','Update Reports','2022-06-21 09:32:18','2022-06-21 09:32:18'),(44,'delete_reports','Delete Reports','Delete Reports','2022-06-21 09:32:18','2022-06-21 09:32:18'),(45,'create_governments','Create Governments','Create Governments','2022-06-21 09:32:18','2022-06-21 09:32:18'),(46,'read_governments','Read Governments','Read Governments','2022-06-21 09:32:18','2022-06-21 09:32:18'),(47,'update_governments','Update Governments','Update Governments','2022-06-21 09:32:18','2022-06-21 09:32:18'),(48,'delete_governments','Delete Governments','Delete Governments','2022-06-21 09:32:18','2022-06-21 09:32:18'),(49,'create_regions','Create Regions','Create Regions','2022-06-21 09:32:18','2022-06-21 09:32:18'),(50,'read_regions','Read Regions','Read Regions','2022-06-21 09:32:18','2022-06-21 09:32:18'),(51,'update_regions','Update Regions','Update Regions','2022-06-21 09:32:18','2022-06-21 09:32:18'),(52,'delete_regions','Delete Regions','Delete Regions','2022-06-21 09:32:18','2022-06-21 09:32:18'),(53,'create_discount','Create Discount','Create Discount','2022-06-21 09:32:18','2022-06-21 09:32:18'),(54,'read_discount','Read Discount','Read Discount','2022-06-21 09:32:18','2022-06-21 09:32:18'),(55,'update_discount','Update Discount','Update Discount','2022-06-21 09:32:18','2022-06-21 09:32:18'),(56,'delete_discount','Delete Discount','Delete Discount','2022-06-21 09:32:18','2022-06-21 09:32:18'),(57,'create_times','Create Times','Create Times','2022-06-21 09:32:18','2022-06-21 09:32:18'),(58,'read_times','Read Times','Read Times','2022-06-21 09:32:18','2022-06-21 09:32:18'),(59,'update_times','Update Times','Update Times','2022-06-21 09:32:18','2022-06-21 09:32:18'),(60,'delete_times','Delete Times','Delete Times','2022-06-21 09:32:18','2022-06-21 09:32:18'),(61,'create_tagers','Create Tagers','Create Tagers','2022-06-21 09:32:18','2022-06-21 09:32:18'),(62,'read_tagers','Read Tagers','Read Tagers','2022-06-21 09:32:18','2022-06-21 09:32:18'),(63,'update_tagers','Update Tagers','Update Tagers','2022-06-21 09:32:18','2022-06-21 09:32:18'),(64,'delete_tagers','Delete Tagers','Delete Tagers','2022-06-21 09:32:18','2022-06-21 09:32:18');

--
-- Table structure for table `personal_access_tokens`
--

CREATE TABLE `personal_access_tokens` (
  `id` bigint unsigned NOT NULL AUTO_INCREMENT,
  `tokenable_type` varchar(255) CHARACTER SET utf8mb4 COLLATE utf8mb4_unicode_ci NOT NULL,
  `tokenable_id` bigint unsigned NOT NULL,
  `name` varchar(255) CHARACTER SET utf8mb4 COLLATE utf8mb4_unicode_ci NOT NULL,
  `token` varchar(64) CHARACTER SET utf8mb4 COLLATE utf8mb4_unicode_ci NOT NULL,
  `abilities` text CHARACTER SET utf8mb4 COLLATE utf8mb4_unicode_ci,
  `last_used_at` timestamp NULL DEFAULT NULL,
  `created_at` timestamp NULL DEFAULT NULL,
  `updated_at` timestamp NULL DEFAULT NULL,
  PRIMARY KEY (`id`),
  UNIQUE KEY `personal_access_tokens_token_unique` (`token`),
  KEY `personal_access_tokens_tokenable_type_tokenable_id_index` (`tokenable_type`,`tokenable_id`)
) ENGINE=InnoDB DEFAULT CHARSET=utf8mb4 COLLATE=utf8mb4_unicode_ci;

--
-- Dumping data for table `personal_access_tokens`
--


--
-- Table structure for table `product_categories`
--

CREATE TABLE `product_categories` (
  `id` int unsigned NOT NULL AUTO_INCREMENT,
  `product_id` int unsigned DEFAULT NULL,
  `category_id` int unsigned DEFAULT NULL,
  `created_at` timestamp NULL DEFAULT NULL,
  `updated_at` timestamp NULL DEFAULT NULL,
  PRIMARY KEY (`id`),
  KEY `product_categories_product_id_foreign` (`product_id`),
  KEY `product_categories_category_id_foreign` (`category_id`)
) ENGINE=InnoDB AUTO_INCREMENT=140 DEFAULT CHARSET=utf8mb4 COLLATE=utf8mb4_unicode_ci;

--
-- Dumping data for table `product_categories`
--

INSERT INTO `product_categories` (`id`, `product_id`, `category_id`, `created_at`, `updated_at`) VALUES (1,1,1,NULL,NULL),(2,2,1,NULL,NULL),(3,3,10,NULL,NULL),(4,4,10,NULL,NULL),(5,5,9,NULL,NULL),(6,6,9,NULL,NULL),(7,7,1,NULL,NULL),(8,8,1,NULL,NULL),(9,10,2,NULL,NULL),(10,12,2,NULL,NULL),(11,12,3,NULL,NULL),(12,14,1,NULL,NULL),(13,16,1,NULL,NULL),(14,17,1,NULL,NULL),(15,18,1,NULL,NULL),(16,19,1,NULL,NULL),(17,20,1,NULL,NULL),(18,22,1,NULL,NULL),(19,23,1,NULL,NULL),(20,24,1,NULL,NULL),(21,25,1,NULL,NULL),(22,26,1,NULL,NULL),(23,27,1,NULL,NULL),(24,28,1,NULL,NULL),(25,29,1,NULL,NULL),(26,30,1,NULL,NULL),(27,31,1,NULL,NULL),(28,32,1,NULL,NULL),(29,34,1,NULL,NULL),(30,35,1,NULL,NULL),(31,36,1,NULL,NULL),(32,37,1,NULL,NULL),(33,38,1,NULL,NULL),(34,39,1,NULL,NULL),(35,40,1,NULL,NULL),(36,42,1,NULL,NULL),(37,43,1,NULL,NULL),(38,44,1,NULL,NULL),(39,45,1,NULL,NULL),(40,46,1,NULL,NULL),(41,47,1,NULL,NULL),(42,48,1,NULL,NULL),(43,49,1,NULL,NULL),(44,51,1,NULL,NULL),(45,52,1,NULL,NULL),(46,53,1,NULL,NULL),(47,54,1,NULL,NULL),(48,55,1,NULL,NULL),(49,56,1,NULL,NULL),(50,57,1,NULL,NULL),(51,60,1,NULL,NULL),(52,61,1,NULL,NULL),(53,62,1,NULL,NULL),(54,63,1,NULL,NULL),(55,64,1,NULL,NULL),(56,66,1,NULL,NULL),(57,68,1,NULL,NULL),(58,69,1,NULL,NULL),(59,70,1,NULL,NULL),(60,71,1,NULL,NULL),(61,72,1,NULL,NULL),(62,73,1,NULL,NULL),(63,74,1,NULL,NULL),(64,75,1,NULL,NULL),(65,76,1,NULL,NULL),(66,77,1,NULL,NULL),(67,78,1,NULL,NULL),(68,79,1,NULL,NULL),(69,80,1,NULL,NULL),(70,81,1,NULL,NULL),(71,82,1,NULL,NULL),(72,86,1,NULL,NULL),(73,87,1,NULL,NULL),(74,88,1,NULL,NULL),(75,89,1,NULL,NULL),(76,90,1,NULL,NULL),(77,91,1,NULL,NULL),(78,92,1,NULL,NULL),(79,93,1,NULL,NULL),(80,94,1,NULL,NULL),(81,95,1,NULL,NULL),(82,96,1,NULL,NULL),(83,97,1,NULL,NULL),(84,98,1,NULL,NULL),(85,101,1,NULL,NULL),(86,102,1,NULL,NULL),(87,103,1,NULL,NULL),(88,104,1,NULL,NULL),(89,105,1,NULL,NULL),(90,106,1,NULL,NULL),(91,107,1,NULL,NULL),(92,108,1,NULL,NULL),(93,109,1,NULL,NULL),(94,110,1,NULL,NULL),(95,111,1,NULL,NULL),(96,112,1,NULL,NULL),(97,113,1,NULL,NULL),(98,114,1,NULL,NULL),(99,115,1,NULL,NULL),(100,116,1,NULL,NULL),(101,117,1,NULL,NULL),(102,118,1,NULL,NULL),(103,119,1,NULL,NULL),(104,120,1,NULL,NULL),(105,121,1,NULL,NULL),(106,122,1,NULL,NULL),(107,123,1,NULL,NULL),(108,124,1,NULL,NULL),(109,125,1,NULL,NULL),(110,127,1,NULL,NULL),(111,128,1,NULL,NULL),(112,129,1,NULL,NULL),(113,130,1,NULL,NULL),(114,131,1,NULL,NULL),(115,132,1,NULL,NULL),(116,133,1,NULL,NULL),(117,134,1,NULL,NULL),(118,135,1,NULL,NULL),(119,136,1,NULL,NULL),(120,137,2,NULL,NULL),(121,138,2,NULL,NULL),(122,139,2,NULL,NULL),(123,140,2,NULL,NULL),(124,141,2,NULL,NULL),(125,142,2,NULL,NULL),(126,146,15,NULL,NULL),(127,147,15,NULL,NULL),(128,148,15,NULL,NULL),(129,149,15,NULL,NULL),(130,150,15,NULL,NULL),(131,152,15,NULL,NULL),(132,154,16,NULL,NULL),(133,155,16,NULL,NULL),(134,156,16,NULL,NULL),(135,157,16,NULL,NULL),(136,158,16,NULL,NULL),(137,159,16,NULL,NULL),(138,160,16,NULL,NULL),(139,161,16,NULL,NULL);

--
-- Table structure for table `product_orders`
--

CREATE TABLE `product_orders` (
  `id` int unsigned NOT NULL AUTO_INCREMENT,
  `order_id` int unsigned NOT NULL,
  `product_id` int unsigned NOT NULL,
  `user_id` int DEFAULT NULL,
  `quantity` int NOT NULL DEFAULT '1',
  `option` text CHARACTER SET utf8mb4 COLLATE utf8mb4_unicode_ci NOT NULL,
  `price` decimal(8,2) NOT NULL,
  `shipping_cost` decimal(8,2) DEFAULT NULL,
  `created_at` timestamp NULL DEFAULT NULL,
  `updated_at` timestamp NULL DEFAULT NULL,
  `category_id` int NOT NULL,
  PRIMARY KEY (`id`),
  KEY `product_orders_order_id_foreign` (`order_id`),
  KEY `product_orders_product_id_foreign` (`product_id`)
) ENGINE=InnoDB AUTO_INCREMENT=22 DEFAULT CHARSET=utf8mb4 COLLATE=utf8mb4_unicode_ci;

--
-- Dumping data for table `product_orders`
--

INSERT INTO `product_orders` (`id`, `order_id`, `product_id`, `user_id`, `quantity`, `option`, `price`, `shipping_cost`, `created_at`, `updated_at`, `category_id`) VALUES (1,1,12,NULL,1,'32,35',28.00,NULL,'2023-01-03 13:50:14','2023-01-03 13:50:14',2),(3,3,12,NULL,1,'32,35',28.00,NULL,'2023-01-03 13:56:43','2023-01-03 13:56:43',2),(4,4,12,NULL,1,'32,35',28.00,NULL,'2023-01-03 13:58:04','2023-01-03 13:58:04',2),(5,5,14,1,1,' ',65.00,NULL,'2023-01-05 06:39:16','2023-01-05 06:39:16',1),(6,6,23,NULL,2,'37',65.00,NULL,'2023-02-13 05:09:09','2023-02-13 05:09:10',1),(7,7,38,NULL,1,'122',12.00,NULL,'2023-03-05 09:48:31','2023-03-05 09:48:31',1),(8,4,38,NULL,1,'122',12.00,NULL,'2023-03-05 09:52:43','2023-03-05 09:52:43',1),(9,8,24,NULL,1,'109',10.00,NULL,'2023-03-05 14:15:02','2023-03-05 14:15:02',1),(10,9,24,NULL,1,'109',10.00,NULL,'2023-03-05 14:53:11','2023-03-07 12:24:52',1),(11,9,38,NULL,1,'122',12.00,NULL,'2023-03-06 04:47:39','2023-03-07 12:24:50',1),(13,10,24,NULL,1,'109',10.00,NULL,'2023-03-07 12:24:31','2023-03-07 12:24:31',1),(14,11,40,1,1,'124',10.00,NULL,'2023-03-11 10:25:01','2023-03-11 10:25:57',1),(15,12,40,1,1,'124',10.00,NULL,'2023-03-12 05:03:49','2023-03-12 05:06:24',1),(16,13,40,1,2,'124',10.00,NULL,'2023-03-12 05:34:25','2023-03-12 05:34:36',1),(17,14,73,1,1,'208',12.00,NULL,'2023-04-24 18:08:17','2023-04-24 18:08:44',1),(18,15,73,1,1,'208',12.00,NULL,'2023-04-24 18:12:42','2023-04-24 18:12:42',1),(19,16,63,1,1,'199',14.00,NULL,'2023-05-01 23:48:00','2023-05-01 23:48:00',1),(20,17,71,NULL,1,'206',12.00,NULL,'2023-07-02 16:51:17','2023-07-02 16:51:17',1),(21,18,71,NULL,1,'206',12.00,NULL,'2023-07-05 20:47:06','2023-07-05 20:47:21',1);

--
-- Table structure for table `product_translations`
--

CREATE TABLE `product_translations` (
  `id` int unsigned NOT NULL AUTO_INCREMENT,
  `product_id` int unsigned NOT NULL,
  `name` varchar(255) CHARACTER SET utf8mb4 COLLATE utf8mb4_unicode_ci NOT NULL,
  `content` text CHARACTER SET utf8mb4 COLLATE utf8mb4_unicode_ci,
  `locale` varchar(255) CHARACTER SET utf8mb4 COLLATE utf8mb4_unicode_ci NOT NULL,
  `created_at` timestamp NULL DEFAULT NULL,
  `updated_at` timestamp NULL DEFAULT NULL,
  PRIMARY KEY (`id`),
  UNIQUE KEY `product_translations_product_id_locale_unique` (`product_id`,`locale`),
  KEY `product_translations_locale_index` (`locale`)
) ENGINE=InnoDB AUTO_INCREMENT=277 DEFAULT CHARSET=utf8mb4 COLLATE=utf8mb4_unicode_ci;

--
-- Dumping data for table `product_translations`
--

INSERT INTO `product_translations` (`id`, `product_id`, `name`, `content`, `locale`, `created_at`, `updated_at`) VALUES (1,1,'تجريب','<p>نحن شركة تصميم مواقع إستثنائية يقع مقرنا الرئيسي بالمملكة العربية السعودية بالعاصمة (الرياض)، وتم تأسيس الشركة عام 2007، ومنذ ذلك الحين ونحن نعمل على خلق حلول تصميمة وتسويقية مبتكرة تساعد نشاطك التجاري على النجاح وتحقيق المزيد من المبيعات والربح، إننا ','ar',NULL,NULL),(2,1,'تجريب','<p>نحن شركة تصميم مواقع إستثنائية يقع مقرنا الرئيسي بالمملكة العربية السعودية بالعاصمة (الرياض)، وتم تأسيس الشركة عام 2007، ومنذ ذلك الحين ونحن نعمل على خلق حلول تصميمة وتسويقية مبتكرة تساعد نشاطك التجاري على النجاح وتحقيق المزيد من المبيعات والربح، إننا ','en',NULL,NULL),(3,2,'منتج جديد 3','<p>نحن شركة تصميم مواقع إستثنائية يقع مقرنا الرئيسي بالمملكة العربية السعودية بالعاصمة (الرياض)، وتم تأسيس الشركة عام 2007، ومنذ ذلك الحين ونحن نعمل على خلق حلول تصميمة وتسويقية مبتكرة تساعد نشاطك التجاري على النجاح وتحقيق المزيد من المبيعات والربح، إننا ','ar',NULL,NULL),(4,2,'منتج جديد 3','<p>نحن شركة تصميم مواقع إستثنائية يقع مقرنا الرئيسي بالمملكة العربية السعودية بالعاصمة (الرياض)، وتم تأسيس الشركة عام 2007، ومنذ ذلك الحين ونحن نعمل على خلق حلول تصميمة وتسويقية مبتكرة تساعد نشاطك التجاري على النجاح وتحقيق المزيد من المبيعات والربح، إننا ','en',NULL,NULL),(5,3,'منتج ساعة ١','<p>منتج ساعة ١</p>','ar',NULL,NULL),(6,3,'منتج ساعة ١','<p>منتج ساعة ١</p>','en',NULL,NULL),(7,4,'منتج ساعة ٢','<p>نحن شركة تصميم مواقع إستثنائية يقع مقرنا الرئيسي بالمملكة العربية السعودية بالعاصمة (الرياض)، وتم تأسيس الشركة عام 2007، ومنذ ذلك الحين ونحن نعمل على خلق حلول تصميمة وتسويقية مبتكرة تساعد نشاطك التجاري على النجاح وتحقيق المزيد من المبيعات والربح، إننا ','ar',NULL,NULL),(8,4,'منتج ساعة ٢','<p>نحن شركة تصميم مواقع إستثنائية يقع مقرنا الرئيسي بالمملكة العربية السعودية بالعاصمة (الرياض)، وتم تأسيس الشركة عام 2007، ومنذ ذلك الحين ونحن نعمل على خلق حلول تصميمة وتسويقية مبتكرة تساعد نشاطك التجاري على النجاح وتحقيق المزيد من المبيعات والربح، إننا ','en',NULL,NULL),(9,5,'نظارة. 11','<p>نظارة. 11</p>','ar',NULL,NULL),(10,5,'نظارة. 11','<p>نظارة. 11</p>','en',NULL,NULL),(11,6,'نظارة 22','<p>نحن شركة تصميم مواقع إستثنائية يقع مقرنا الرئيسي بالمملكة العربية السعودية بالعاصمة (الرياض)، وتم تأسيس الشركة عام 2007، ومنذ ذلك الحين ونحن نعمل على خلق حلول تصميمة وتسويقية مبتكرة تساعد نشاطك التجاري على النجاح وتحقيق المزيد من المبيعات والربح، إننا ','ar',NULL,NULL),(12,6,'نظارة 22','<p>نحن شركة تصميم مواقع إستثنائية يقع مقرنا الرئيسي بالمملكة العربية السعودية بالعاصمة (الرياض)، وتم تأسيس الشركة عام 2007، ومنذ ذلك الحين ونحن نعمل على خلق حلول تصميمة وتسويقية مبتكرة تساعد نشاطك التجاري على النجاح وتحقيق المزيد من المبيعات والربح، إننا ','en',NULL,NULL),(13,7,'صينية تقديم ستانلس ستيل فضي','<p>نحن شركة تصميم مواقع إستثنائية يقع مقرنا الرئيسي بالمملكة العربية السعودية بالعاصمة (الرياض)، وتم تأسيس الشركة عام 2007، ومنذ ذلك الحين ونحن نعمل على خلق حلول تصميمة وتسويقية مبتكرة تساعد نشاطك التجاري على النجاح وتحقيق المزيد من المبيعات والربح، إننا ','ar',NULL,NULL),(14,7,'صينية تقديم ستانلس ستيل فضي','<p>نحن شركة تصميم مواقع إستثنائية يقع مقرنا الرئيسي بالمملكة العربية السعودية بالعاصمة (الرياض)، وتم تأسيس الشركة عام 2007، ومنذ ذلك الحين ونحن نعمل على خلق حلول تصميمة وتسويقية مبتكرة تساعد نشاطك التجاري على النجاح وتحقيق المزيد من المبيعات والربح، إننا ','en',NULL,NULL),(15,8,'تيشيرت مزين بشعار الماركة','<p>تفاصيل ومعلومات العناية بالمنتج</p>\r\n\r\n<table>\r\n	<tbody>\r\n		<tr>\r\n			<th>SKU</th>\r\n			<td>10064ACOZHSP</td>\r\n		</tr>\r\n		<tr>\r\n			<th>اللون</th>\r\n			<td>gold</td>\r\n		</tr>\r\n		<tr>\r\n			<th>اغلاق</th>\r\n			<td>قفل منزلق</td>\r\n		</tr>\r\n		<tr>\r\n			<th>الأجزا','ar',NULL,NULL),(16,8,'تيشيرت مزين بشعار الماركة','<p>تفاصيل ومعلومات العناية بالمنتج</p>\r\n\r\n<table>\r\n	<tbody>\r\n		<tr>\r\n			<th>SKU</th>\r\n			<td>10064ACOZHSP</td>\r\n		</tr>\r\n		<tr>\r\n			<th>اللون</th>\r\n			<td>gold</td>\r\n		</tr>\r\n		<tr>\r\n			<th>اغلاق</th>\r\n			<td>قفل منزلق</td>\r\n		</tr>\r\n		<tr>\r\n			<th>الأجزا','en',NULL,NULL),(17,10,'Premier Analog Watch','<p>تفاصيل ومعلومات العناية بالمنتج</p>\r\n\r\n<table>\r\n	<tbody>\r\n		<tr>\r\n			<th>SKU</th>\r\n			<td>10064ACOZHSP</td>\r\n		</tr>\r\n		<tr>\r\n			<th>اللون</th>\r\n			<td>gold</td>\r\n		</tr>\r\n		<tr>\r\n			<th>اغلاق</th>\r\n			<td>قفل منزلق</td>\r\n		</tr>\r\n		<tr>\r\n			<th>الأجزا','ar',NULL,NULL),(18,10,'Premier Analog Watch','<p>تفاصيل ومعلومات العناية بالمنتج</p>\r\n\r\n<table>\r\n	<tbody>\r\n		<tr>\r\n			<th>SKU</th>\r\n			<td>10064ACOZHSP</td>\r\n		</tr>\r\n		<tr>\r\n			<th>اللون</th>\r\n			<td>gold</td>\r\n		</tr>\r\n		<tr>\r\n			<th>اغلاق</th>\r\n			<td>قفل منزلق</td>\r\n		</tr>\r\n		<tr>\r\n			<th>الأجزا','en',NULL,NULL),(19,12,'jhfghd','<p>fgfgfjhf</p>','ar',NULL,NULL),(20,12,'gjhf','<p>hgfdghkjhk</p>','en',NULL,NULL),(21,14,'جاكيت + حقيبة','<p>جاكيت + حقيبة ( بلنسياقا )&nbsp;</p>\r\n\r\n<p>لون ازرق سماوي&nbsp;</p>\r\n\r\n<p>&nbsp;فري سايز&nbsp;</p>','ar',NULL,NULL),(22,14,'JACKET + BAG',NULL,'en',NULL,NULL),(23,16,'جاكيت',NULL,'ar',NULL,NULL),(24,16,'jacket',NULL,'en',NULL,NULL),(25,17,'جاكيت +حقيبه','<p>جاكيت شتوي +حقيبه</p>\r\n\r\n<p>&nbsp;</p>\r\n\r\n<p>اللون اسود&nbsp;</p>\r\n\r\n<p>&nbsp;</p>\r\n\r\n<p>الماركة بلنسياقا</p>','ar',NULL,NULL),(26,17,'jacket + bag','<p>jacket + bag&nbsp;</p>\r\n\r\n<p>&nbsp;</p>\r\n\r\n<p>color black&nbsp;</p>\r\n\r\n<p>&nbsp;</p>\r\n\r\n<p>brand balenciaga</p>','en',NULL,NULL),(27,18,'جاكيت+حقيبه','<p>جاكيت شتوي +حقيبه</p>\r\n\r\n<p>اللون زيتي</p>\r\n\r\n<p>الماركه بلنسياقا</p>','ar',NULL,NULL),(28,18,'jacket+bag','<p>jacket+bag</p>\r\n\r\n<p>clolor green</p>\r\n\r\n<p>brand balenciaga</p>','en',NULL,NULL),(29,19,'جاكيت +حقيبه','<p>جاكيت شتوي +حقيبه</p>\r\n\r\n<p>اللون بنفسجي فاتح&nbsp;</p>\r\n\r\n<p>الماركه بلنسياقا</p>','ar',NULL,NULL),(30,19,'jacket+bag','<p>jacket+bag</p>\r\n\r\n<p>color purple</p>\r\n\r\n<p>brand balenciaga</p>','en',NULL,NULL),(31,20,'جاكيت +حقيبه','<p>جاكيت شتوي طويل +حقيبه</p>\r\n\r\n<p>اللون ابيض</p>\r\n\r\n<p>الماركه شانيل</p>','ar',NULL,NULL),(32,20,'jacket+bag','<p>gacket+bag</p>\r\n\r\n<p>color white</p>\r\n\r\n<p>brand chanel</p>','en',NULL,NULL),(33,22,'جاكيت +حقيبه','<p>جاكيت شتوي طويل&nbsp;</p>\r\n\r\n<p>اللون بيج&nbsp;</p>\r\n\r\n<p>الماركه شانيل&nbsp;</p>','ar',NULL,NULL),(34,22,'jacket+bag','<p>jacket+bag</p>\r\n\r\n<p>color beige</p>\r\n\r\n<p>brand chanel</p>','en',NULL,NULL),(35,23,'جاكيت +حقيبه','<p>جاكيت شتوي طويل +حقيبه</p>\r\n\r\n<p>اللون اسود</p>\r\n\r\n<p>الماركه شانيل</p>','ar',NULL,NULL),(36,23,'jacket+bag','<p>jacket+bag</p>\r\n\r\n<p>color black</p>\r\n\r\n<p>brand chanel</p>','en',NULL,NULL),(37,24,'فستان شتوي','<p>فستان شتوي طويل&nbsp;</p>\r\n\r\n<p>اللون ابيض&nbsp;</p>\r\n\r\n<p>&nbsp;</p>','ar',NULL,NULL),(38,24,'dress','<p>dress</p>\r\n\r\n<p>color white</p>','en',NULL,NULL),(39,25,'فستان طويل','<p>فستان شتوي طويل&nbsp;</p>\r\n\r\n<p>اللون بني&nbsp;</p>\r\n\r\n<p>&nbsp;</p>','ar',NULL,NULL),(40,25,'dress','<p>dress</p>\r\n\r\n<p>color brown</p>','en',NULL,NULL),(41,26,'فستان طويل','<p>فستان شتوي طويل&nbsp;</p>\r\n\r\n<p>لون اسود</p>','ar',NULL,NULL),(42,26,'dress','<p>dress</p>\r\n\r\n<p>color black</p>','en',NULL,NULL),(43,27,'فست حفر','<p>جاكيت حفر&nbsp;</p>\r\n\r\n<p>شتوي&nbsp;</p>\r\n\r\n<p>الطول متوسط&nbsp;</p>\r\n\r\n<p>لون بيج&nbsp;</p>','ar',NULL,NULL),(44,27,'vest','<p>vest</p>\r\n\r\n<p>color beige</p>','en',NULL,NULL),(45,28,'فست حفر طويل','<p>جاكيت حفر&nbsp;</p>\r\n\r\n<p>شتوي&nbsp;</p>\r\n\r\n<p>الطول متوسط</p>\r\n\r\n<p>اللون اسود</p>','ar',NULL,NULL),(46,28,'vest','<p>vest</p>\r\n\r\n<p>color black</p>','en',NULL,NULL),(47,29,'فست حفر','<p>جاكيت حفر&nbsp;</p>\r\n\r\n<p>شتوي&nbsp;</p>\r\n\r\n<p>الطول متوسط&nbsp;</p>\r\n\r\n<p>اللون رمادي&nbsp;</p>','ar',NULL,NULL),(48,29,'vest','<p>vest</p>\r\n\r\n<p>color grey</p>','en',NULL,NULL),(49,30,'فست حفر','<p>جاكيت حفر&nbsp;</p>\r\n\r\n<p>الطول متوسط</p>\r\n\r\n<p>شتوي</p>\r\n\r\n<p>لون زيتي&nbsp;</p>','ar',NULL,NULL),(50,30,'vest','<p>vest</p>\r\n\r\n<p>color green</p>','en',NULL,NULL),(51,31,'فست حفر','<p>جاكيت حفر&nbsp;</p>\r\n\r\n<p>الطول متوسط</p>\r\n\r\n<p>شتوي&nbsp;</p>\r\n\r\n<p>لون برتقالي&nbsp;</p>','ar',NULL,NULL),(52,31,'vest','<p>vest</p>\r\n\r\n<p>color orange</p>','en',NULL,NULL),(53,32,'جاكيت +حقيبه','<p>جاكيت +حقيبه&nbsp;</p>\r\n\r\n<p>شتوي&nbsp;</p>\r\n\r\n<p>لون ازرق سماوي&nbsp;</p>','ar',NULL,NULL),(54,32,'jacket+bag','<p>jacket+bag</p>\r\n\r\n<p>color blue</p>','en',NULL,NULL),(55,34,'شال شانيل','<p>&nbsp; شال شتوي هدب&nbsp;</p>\r\n\r\n<p>الماركه شانيل&nbsp;</p>\r\n\r\n<p>اللون احمر مزخرف&nbsp;</p>','ar',NULL,NULL),(56,34,'chanel shawl','<p>shanel shawl</p>\r\n\r\n<p>color red</p>','en',NULL,NULL),(57,35,'شال شانيل','<p>شال شتوي هدب&nbsp;</p>\r\n\r\n<p>الماركه شانيل&nbsp;</p>\r\n\r\n<p>اللون اسود مزخرف&nbsp;</p>','ar',NULL,NULL),(58,35,'shanel shawl','<p>shawl</p>\r\n\r\n<p>brand chanel</p>\r\n\r\n<p>color black</p>','en',NULL,NULL),(59,36,'شال شانيل','<p>شال شتوي هدب&nbsp;</p>\r\n\r\n<p>الماركه شانيل&nbsp;</p>\r\n\r\n<p>اللون ازرق مزخرف&nbsp;</p>','ar',NULL,NULL),(60,36,'chanel shawl','<p>shawl</p>\r\n\r\n<p>brand chanel</p>\r\n\r\n<p>color blue</p>','en',NULL,NULL),(61,37,'شال شانيل','<p>شال شتوي هدب&nbsp;</p>\r\n\r\n<p>الماركه شانيل&nbsp;</p>\r\n\r\n<p>اللون وردي مزخرف&nbsp;</p>','ar',NULL,NULL),(62,37,'chanel shawl','<p>shawl</p>\r\n\r\n<p>brand chanel</p>\r\n\r\n<p>color pink</p>','en',NULL,NULL),(63,38,'ترنش كوت','<p>ترنش كوت طويل&nbsp;</p>\r\n\r\n<p>قماش ربيعي&nbsp;</p>','ar',NULL,NULL),(64,38,'trench coat','<p>trench coat</p>','en',NULL,NULL),(65,39,'ترنش كوت','<p>ترنش كوت قصير&nbsp;</p>\r\n\r\n<p>قماش ربيعي&nbsp;</p>','ar',NULL,NULL),(66,39,'trench coat','<p>trench coat</p>','en',NULL,NULL),(67,40,'كارديقان','<p>كارديقان&nbsp;</p>\r\n\r\n<p>قماش خفيف&nbsp;</p>','ar',NULL,NULL),(68,40,'cardigan','<p>cardigan</p>','en',NULL,NULL),(69,42,'فست','<p>فيست صيفي&nbsp;</p>\r\n\r\n<p>اللون ابيض&nbsp;</p>\r\n\r\n<p>فري سايز&nbsp;</p>','ar',NULL,NULL),(70,42,'vest','<p>vest</p>\r\n\r\n<p>white</p>','en',NULL,NULL),(71,43,'فيست','<p>فيست&nbsp;</p>\r\n\r\n<p>صيفي</p>\r\n\r\n<p>اللون بني فاتح</p>\r\n\r\n<p>فري سايز</p>','ar',NULL,NULL),(72,43,'vest','<p>vest</p>\r\n\r\n<p>bfree size</p>\r\n\r\n<p>brown</p>','en',NULL,NULL),(73,44,'فست','<p>فست&nbsp;</p>\r\n\r\n<p>صيفي</p>\r\n\r\n<p>اللون اسود</p>\r\n\r\n<p>فري سايز</p>','ar',NULL,NULL),(74,44,'vest','<p>vest</p>\r\n\r\n<p>black</p>\r\n\r\n<p>free size</p>','en',NULL,NULL),(75,45,'بشت','<p>بشت</p>\r\n\r\n<p>صيفي</p>\r\n\r\n<p>اسود+ابيض</p>\r\n\r\n<p>فري سايز</p>','ar',NULL,NULL),(76,45,'vest','<p>vest</p>\r\n\r\n<p>black+white</p>\r\n\r\n<p>free size</p>','en',NULL,NULL),(77,46,'ترنش كوت','<p>ترنش كوت&nbsp;</p>\r\n\r\n<p>ربيعي&nbsp;</p>\r\n\r\n<p>فري سايز&nbsp;</p>\r\n\r\n<p>رمادي غامق</p>','ar',NULL,NULL),(78,46,'trench coat','<p>trench coat</p>\r\n\r\n<p>free size</p>\r\n\r\n<p>grey</p>','en',NULL,NULL),(79,47,'فستان طويل','<p>فستان قطعتين&nbsp;</p>\r\n\r\n<p>صيفي&nbsp;</p>\r\n\r\n<p>فري سايز</p>\r\n\r\n<p>لون فوشي</p>','ar',NULL,NULL),(80,47,'dress','<p>dress</p>\r\n\r\n<p>free size</p>\r\n\r\n<p>fushi color</p>','en',NULL,NULL),(81,48,'فستان طويل','<p>فستان قطعتين</p>\r\n\r\n<p>صيفي</p>\r\n\r\n<p>فري سايز&nbsp;</p>\r\n\r\n<p>اللون ابيض</p>','ar',NULL,NULL),(82,48,'dress','<p>dress</p>\r\n\r\n<p>white color</p>\r\n\r\n<p>free size</p>','en',NULL,NULL),(83,49,'فستان طويل','<p>فستان قطعتين</p>\r\n\r\n<p>صيفي</p>\r\n\r\n<p>اللون اسود</p>\r\n\r\n<p>فري سايز</p>','ar',NULL,NULL),(84,49,'dress','<p>dress</p>\r\n\r\n<p>black color</p>\r\n\r\n<p>free size</p>','en',NULL,NULL),(85,51,'جاكيت جينز','<p>جاكيت طويل جينز&nbsp;</p>\r\n\r\n<p>ربيعي&nbsp;</p>\r\n\r\n<p>فري سايز&nbsp;</p>\r\n\r\n<p>لون عسلي&nbsp;</p>','ar',NULL,NULL),(86,51,'jaket','<p>jaket</p>\r\n\r\n<p>light brown</p>\r\n\r\n<p>free size</p>','en',NULL,NULL),(87,52,'جاكيت جينز','<p>جاطيت جينز طويل&nbsp;</p>\r\n\r\n<p>ربيعي&nbsp;</p>\r\n\r\n<p>اللون ازرق فاتح&nbsp;</p>\r\n\r\n<p>فري سايز&nbsp;</p>','ar',NULL,NULL),(88,52,'jaket','<p>jaket</p>\r\n\r\n<p>light blue</p>\r\n\r\n<p>free size</p>','en',NULL,NULL),(89,53,'جاكيت','<p>جاكيت قطعتين&nbsp;</p>\r\n\r\n<p>فري سايز&nbsp;</p>\r\n\r\n<p>صيفي&nbsp;</p>\r\n\r\n<p>لون بيج&nbsp;</p>','ar',NULL,NULL),(90,53,'jaketj','<p>jaket</p>\r\n\r\n<p>free size</p>','en',NULL,NULL),(91,54,'افرول +قميص+شال','<p>افرول 3قطع&nbsp;</p>\r\n\r\n<p>يلبس سمول وميديم</p>\r\n\r\n<p>خام صيفي</p>\r\n\r\n<p>لون بنفسجي +ابيض&nbsp;</p>','ar',NULL,NULL),(92,54,'overall','<p>overall</p>\r\n\r\n<p>3 pieces</p>\r\n\r\n<p>purple</p>','en',NULL,NULL),(93,55,'افرول +قميص+شال','<p>افرول +شال +قميص</p>\r\n\r\n<p>يلبس سمول وميديوم</p>\r\n\r\n<p>خام صيفي&nbsp;</p>\r\n\r\n<p>&nbsp;</p>','ar',NULL,NULL),(94,55,'overall','<p>overall</p>\r\n\r\n<p>size -s-m</p>\r\n\r\n<p>green</p>','en',NULL,NULL),(95,56,'افرول +قميص+شال','<p>افرول +قميص+شال&nbsp;</p>\r\n\r\n<p>يلبس سمول +ميديوم&nbsp;</p>\r\n\r\n<p>خام صيفي&nbsp;</p>','ar',NULL,NULL),(96,56,'overall','<p>overall</p>\r\n\r\n<p>size-s-m</p>\r\n\r\n<p>black</p>','en',NULL,NULL),(97,57,'افرول +قميص+شال','<p>افرول +شال +قميص</p>\r\n\r\n<p>يلبس سمول +ميديوم</p>\r\n\r\n<p>اللون اسود+ابيض</p>\r\n\r\n<p>خام صيفي&nbsp;</p>','ar',NULL,NULL),(98,57,'overall','<p>overall</p>\r\n\r\n<p>size_s_m</p>\r\n\r\n<p>black+white</p>','en',NULL,NULL),(99,60,'افرول +قميص+شال','<p>افرول +قميص+شال&nbsp;</p>\r\n\r\n<p>يلبس سمول +ميديوم&nbsp;</p>\r\n\r\n<p>صيفي</p>\r\n\r\n<p>اللون برتقالي واسود</p>','ar',NULL,NULL),(100,60,'overall','<p>overall</p>\r\n\r\n<p>size-s-m</p>\r\n\r\n<p>black+orange</p>','en',NULL,NULL),(101,61,'بدله قطعتين','<p>بدله قطعتين&nbsp;</p>\r\n\r\n<p>قميص+بنطلون&nbsp;</p>\r\n\r\n<p>صيفي&nbsp;</p>\r\n\r\n<p>فري سايز</p>\r\n\r\n<p>اللون برتقالي&nbsp;</p>','ar',NULL,NULL),(102,61,'suit','<p>suit</p>\r\n\r\n<p>2pieces</p>\r\n\r\n<p>orange</p>','en',NULL,NULL),(103,62,'بدله قطعتين','<p>بدله قطعتين&nbsp;</p>\r\n\r\n<p>فري سايز&nbsp;</p>\r\n\r\n<p>قميص+بنطلون&nbsp;</p>\r\n\r\n<p>صيفي&nbsp;</p>\r\n\r\n<p>اللون بيج&nbsp;</p>','ar',NULL,NULL),(104,62,'suit','<p>suit</p>\r\n\r\n<p>2 pieces</p>\r\n\r\n<p>beige</p>','en',NULL,NULL),(105,63,'بدله قطعتين','<p>بدله قطعتين&nbsp;</p>\r\n\r\n<p>قميص+بنطلون&nbsp;</p>\r\n\r\n<p>صيفي فري سايز&nbsp;</p>\r\n\r\n<p>اللون اسود&nbsp;</p>','ar',NULL,NULL),(106,63,'suit','<p>suit</p>\r\n\r\n<p>2 pieces</p>\r\n\r\n<p>black</p>','en',NULL,NULL),(107,64,'بدله قطعتين','<p>بدله قطعتين&nbsp;</p>\r\n\r\n<p>قميص +بنطلون&nbsp;</p>\r\n\r\n<p>فري سايز</p>\r\n\r\n<p>صيفي&nbsp;</p>\r\n\r\n<p>اللون اوف وايت&nbsp;</p>','ar',NULL,NULL),(108,64,'suit','<p>suit</p>\r\n\r\n<p>2 pieces</p>\r\n\r\n<p>white</p>','en',NULL,NULL),(109,66,'بدله قطعتين','<p>بدله قطعتين&nbsp;</p>\r\n\r\n<p>جاكيت +بنطلون&nbsp;</p>\r\n\r\n<p>صيفي</p>\r\n\r\n<p>اللون اسود&nbsp;</p>\r\n\r\n<p>يلبس سمول و ميديوم&nbsp;</p>','ar',NULL,NULL),(110,66,'suit','<p>suit</p>\r\n\r\n<p>2 pieces</p>\r\n\r\n<p>black</p>','en',NULL,NULL),(111,68,'بدله قطعتين','<p>بدله قطعتين&nbsp;</p>\r\n\r\n<p>بنطلون +جكيت&nbsp;</p>\r\n\r\n<p>يلبس سمول +ميديوم&nbsp;</p>\r\n\r\n<p>اللون بيج&nbsp;</p>\r\n\r\n<p>صيفي&nbsp;</p>','ar',NULL,NULL),(112,68,'suit','<p>suite</p>\r\n\r\n<p>2 pieces</p>\r\n\r\n<p>beige</p>','en',NULL,NULL),(113,69,'بدله قطعتين','<p>بدله قطعتين&nbsp;</p>\r\n\r\n<p>جاكيت +بنطلون&nbsp;</p>\r\n\r\n<p>صيفي&nbsp;</p>\r\n\r\n<p>يلبس سمول وميديوم&nbsp;</p>\r\n\r\n<p>اللون زيتي&nbsp;</p>','ar',NULL,NULL),(114,69,'suit','<p>suit</p>\r\n\r\n<p>2 pieces</p>\r\n\r\n<p>green</p>','en',NULL,NULL),(115,70,'بدله قطعتين','<p>بدله قطعتين&nbsp;</p>\r\n\r\n<p>جاكيت +بنطلون&nbsp;</p>\r\n\r\n<p>صيفي&nbsp;</p>\r\n\r\n<p>المقاس سمول وميديوم&nbsp;</p>\r\n\r\n<p>اللون ابيض&nbsp;</p>','ar',NULL,NULL),(116,70,'suit','<p>suit</p>\r\n\r\n<p>2 pieces</p>\r\n\r\n<p>white</p>','en',NULL,NULL),(117,71,'جاكيت قطعتين','<p>جاكيت قطعتين&nbsp;</p>\r\n\r\n<p>صيفي</p>\r\n\r\n<p>مقاس s&amp;m</p>\r\n\r\n<p>اللون زيتي&nbsp;</p>','ar',NULL,NULL),(118,71,'jaket','<p>jaket</p>\r\n\r\n<p>2pieces</p>\r\n\r\n<p>green</p>','en',NULL,NULL),(119,72,'جاكيت قطعتين','<p>جاكيت قطعتين&nbsp;</p>\r\n\r\n<p>المقاس S &amp; M</p>\r\n\r\n<p>صيفي&nbsp;</p>\r\n\r\n<p>اللون اسود</p>\r\n\r\n<p>&nbsp;</p>','ar',NULL,NULL),(120,72,'jaket','<p>jaket</p>\r\n\r\n<p>2 pieces</p>\r\n\r\n<p>black</p>','en',NULL,NULL),(121,73,'جاكيت قطعتين','<p>جاكيت قطعتين&nbsp;</p>\r\n\r\n<p>المقاس S &amp; M</p>\r\n\r\n<p>صيفي&nbsp;</p>\r\n\r\n<p>اللون ازرق</p>','ar',NULL,NULL),(122,73,'jaket','<p>jaket</p>\r\n\r\n<p>2 pieces</p>\r\n\r\n<p>blue</p>','en',NULL,NULL),(123,74,'جاكيت قطعتين','<p>جاكيت قطعتين&nbsp;</p>\r\n\r\n<p>صيفي&nbsp;</p>\r\n\r\n<p>المقاس S &amp; M</p>\r\n\r\n<p>اللون ابيض</p>','ar',NULL,NULL),(124,74,'jaket','<p>jaket</p>\r\n\r\n<p>2 pieces</p>\r\n\r\n<p>white</p>','en',NULL,NULL),(125,75,'جاكيت صيفي','<p>جاكيت صيفي&nbsp;</p>\r\n\r\n<p>قصير من الامام&nbsp;</p>\r\n\r\n<p>بليسيه من الخلف&nbsp;</p>\r\n\r\n<p>فري سايز&nbsp;</p>\r\n\r\n<p>لون اسود</p>','ar',NULL,NULL),(126,75,'jaket','<p>jaket</p>\r\n\r\n<p>black</p>\r\n\r\n<p>&nbsp;</p>','en',NULL,NULL),(127,76,'جاكيت صيفي','<p>جاكيت صيفي&nbsp;</p>\r\n\r\n<p>فري سايز&nbsp;</p>\r\n\r\n<p>لون ابيض&nbsp;</p>\r\n\r\n<p>قصير من الامام بليسيه من الخلف&nbsp;</p>','ar',NULL,NULL),(128,76,'jaket','<p>jaket</p>\r\n\r\n<p>white</p>','en',NULL,NULL),(129,77,'جاكيت صيفي','<p>جاكيت صيفي&nbsp;</p>\r\n\r\n<p>قصير من الامام بليسيه من الخلف&nbsp;</p>\r\n\r\n<p>فري سايز&nbsp;</p>\r\n\r\n<p>ازرق&nbsp;</p>','ar',NULL,NULL),(130,77,'jaket','<p>jaket</p>\r\n\r\n<p>blue</p>','en',NULL,NULL),(131,78,'جاكيت صيفي','<p>جاكيت صيفي&nbsp;</p>\r\n\r\n<p>فري سايز&nbsp;</p>\r\n\r\n<p>قصير من الامام بليسيه من الخلف&nbsp;</p>\r\n\r\n<p>بني فاتح&nbsp;</p>','ar',NULL,NULL),(132,78,'jaket','<p>jaket</p>\r\n\r\n<p>light brown</p>\r\n\r\n<p>free size</p>','en',NULL,NULL),(133,79,'بليزر','<p>بليزر صيفي&nbsp;</p>\r\n\r\n<p>فري سايز&nbsp;</p>\r\n\r\n<p>فوشي&nbsp;</p>','ar',NULL,NULL),(134,79,'Blazer','<p>Blazer</p>\r\n\r\n<p>free size</p>\r\n\r\n<p>fuchsia</p>','en',NULL,NULL),(135,80,'بليزر','<p>بليزر&nbsp;</p>\r\n\r\n<p>فري سايز&nbsp;</p>\r\n\r\n<p>اسود</p>','ar',NULL,NULL),(136,80,'Blazer','<p>Blazer</p>\r\n\r\n<p>free size</p>\r\n\r\n<p>Black</p>','en',NULL,NULL),(137,81,'بليزر','<p>بليزر&nbsp;</p>\r\n\r\n<p>صيفي</p>\r\n\r\n<p>فري سايز&nbsp;</p>\r\n\r\n<p>اسود&nbsp;</p>','ar',NULL,NULL),(138,81,'Blazer','<p>Blazer</p>\r\n\r\n<p>free size</p>\r\n\r\n<p>Black</p>','en',NULL,NULL),(139,82,'بليزر','<p>بليزر&nbsp;</p>\r\n\r\n<p>صيفي&nbsp;</p>\r\n\r\n<p>فري سايز&nbsp;</p>\r\n\r\n<p>ابيض&nbsp;</p>','ar',NULL,NULL),(140,82,'Blazer','<p>Blazer</p>\r\n\r\n<p>free size</p>\r\n\r\n<p>White</p>','en',NULL,NULL),(141,86,'بدله بلنسياقا','<p>بدله قطعتين&nbsp;</p>\r\n\r\n<p>بلنسياقا&nbsp;</p>\r\n\r\n<p>صيفي</p>\r\n\r\n<p>فري سايز</p>','ar',NULL,NULL),(142,86,'suit','<p>suit</p>\r\n\r\n<p>BALENCIAGA</p>\r\n\r\n<p>Free size</p>','en',NULL,NULL),(143,87,'بليزر','<p>بليزر&nbsp;</p>\r\n\r\n<p>صيفي&nbsp;</p>\r\n\r\n<p>اكمام بف</p>\r\n\r\n<p>فري سايز&nbsp;</p>\r\n\r\n<p>اسود</p>\r\n\r\n<p>&nbsp;</p>','ar',NULL,NULL),(144,87,'Blazer','<p>Blazer</p>\r\n\r\n<p>Free size</p>','en',NULL,NULL),(145,88,'بدله','<p>بدله قطعتين</p>\r\n\r\n<p>صيفي&nbsp;</p>\r\n\r\n<p>مقاس XS</p>\r\n\r\n<p>ابيض+اسود</p>','ar',NULL,NULL),(146,88,'suit','<p>suit</p>\r\n\r\n<p>XS</p>\r\n\r\n<p>Black+White</p>','en',NULL,NULL),(147,89,'بدله قطعتين','<p>بدله قطعتين&nbsp;</p>\r\n\r\n<p>صيفي تلبس S-M</p>\r\n\r\n<p>اسود</p>','ar',NULL,NULL),(148,89,'suit','<p>suit</p>\r\n\r\n<p>Black</p>','en',NULL,NULL),(149,90,'بدله قطعتين','<p>بدله قطعتين&nbsp;</p>\r\n\r\n<p>صيفي&nbsp;</p>\r\n\r\n<p>تلبس S+M</p>\r\n\r\n<p>بني فاتح&nbsp;</p>','ar',NULL,NULL),(150,90,'suit','<p>suit</p>\r\n\r\n<p>Light Brown</p>','en',NULL,NULL),(151,91,'بدله قطعتين','<p>بدله قطعتين&nbsp;</p>\r\n\r\n<p>صيفي&nbsp;</p>\r\n\r\n<p>تلبس S+M</p>\r\n\r\n<p>اللون بيج</p>','ar',NULL,NULL),(152,91,'suit','<p>Suit</p>\r\n\r\n<p>Beige</p>','en',NULL,NULL),(153,92,'بدله 3 قطع','<p>بدله 3 قطع&nbsp;</p>\r\n\r\n<p>بنطلون +بلوزه حفر+جاكيت حزام</p>\r\n\r\n<p>صيفي</p>\r\n\r\n<p>يلبس S+M</p>\r\n\r\n<p>لون رمادي فاتح</p>','ar',NULL,NULL),(154,92,'suit','<p>Suit 3 piece</p>\r\n\r\n<p>Light grey</p>\r\n\r\n<p>S+M</p>','en',NULL,NULL),(155,93,'بدله 3 قطع','<p>بدله 3 قطع&nbsp;</p>\r\n\r\n<p>بنطلون +بلوزه حفر +جاكيت حزام&nbsp;</p>\r\n\r\n<p>صيفي</p>\r\n\r\n<p>يلبس S+M</p>\r\n\r\n<p>لون اسود</p>','ar',NULL,NULL),(156,93,'suit','<p>suit&nbsp; 3 piece</p>\r\n\r\n<p>S+M</p>\r\n\r\n<p>Black</p>','en',NULL,NULL),(157,94,'بدله 3 قطع','<p>بدله 3 قطع</p>\r\n\r\n<p>بنطلون +بلوزه حفر+جاكيت حزام&nbsp;</p>\r\n\r\n<p>صيفي</p>\r\n\r\n<p>يلبس S+M</p>\r\n\r\n<p>لون بني</p>','ar',NULL,NULL),(158,94,'suit','<p>suit 3 piece</p>\r\n\r\n<p>S+M</p>\r\n\r\n<p>Brown</p>','en',NULL,NULL),(159,95,'بدله 3 قطع','<p>بدله 3 قطع&nbsp;</p>\r\n\r\n<p>بنطلون +بلوزه حفر +جاكيت حزام&nbsp;</p>\r\n\r\n<p>صيفي</p>\r\n\r\n<p>يلبس S+M</p>\r\n\r\n<p>لون ازرق فاتح&nbsp;</p>','ar',NULL,NULL),(160,95,'suit','<p>suit 3 piece</p>\r\n\r\n<p>S+M</p>\r\n\r\n<p>Blue</p>','en',NULL,NULL),(161,96,'فستان','<p>فستان&nbsp;</p>\r\n\r\n<p>صيفي</p>\r\n\r\n<p>S+M</p>','ar',NULL,NULL),(162,96,'dress','<p>dress</p>\r\n\r\n<p>S+M</p>\r\n\r\n<p>Black</p>','en',NULL,NULL),(163,97,'بدله قطعتين','<p>بدله قطعتين&nbsp;</p>\r\n\r\n<p>مقاس S+M+L</p>\r\n\r\n<p>لون اوف وايت</p>','ar',NULL,NULL),(164,97,'suit','<p>Suit</p>\r\n\r\n<p>S+M+L</p>\r\n\r\n<p>off white</p>','en',NULL,NULL),(165,98,'بدله قطعتين','<p>بدله قطعتين&nbsp;</p>\r\n\r\n<p>مقاسٍS+M</p>\r\n\r\n<p>صيفي&nbsp;</p>\r\n\r\n<p>&nbsp;فاتح لون رمادي</p>','ar',NULL,NULL),(166,98,'suit','<p>suit 2 piece</p>\r\n\r\n<p>S+M</p>\r\n\r\n<p>grey</p>','en',NULL,NULL),(167,101,'بدله قطعتين','<p>بدله قطعتين&nbsp;</p>\r\n\r\n<p>مقاس S+M</p>\r\n\r\n<p>صيفي</p>','ar',NULL,NULL),(168,101,'suit','<p>suit 2 piece</p>\r\n\r\n<p>S+M</p>\r\n\r\n<p>grey</p>','en',NULL,NULL),(169,102,'بدله قطعتين','<p>بدله قطعتين&nbsp;</p>\r\n\r\n<p>مقاس S+M</p>\r\n\r\n<p>صيفي</p>\r\n\r\n<p>لون بني&nbsp;</p>','ar',NULL,NULL),(170,102,'suit','<p>suit 2 piece</p>\r\n\r\n<p>Brown</p>\r\n\r\n<p>S+M</p>','en',NULL,NULL),(171,103,'بدله قطعتين','<p>بدله قطعتين&nbsp;</p>\r\n\r\n<p>صيفي</p>\r\n\r\n<p>مقاس S+M</p>\r\n\r\n<p>لون ابيض</p>','ar',NULL,NULL),(172,103,'suit','<p>suit 2 piece</p>\r\n\r\n<p>S+M</p>\r\n\r\n<p>white</p>','en',NULL,NULL),(173,104,'بدله قطعتين','<p>بدله قطعتين&nbsp;</p>\r\n\r\n<p>صيفي</p>\r\n\r\n<p>مقاسS+M</p>\r\n\r\n<p>اسود</p>','ar',NULL,NULL),(174,104,'suit','<p>suit 2piece</p>\r\n\r\n<p>S+M</p>\r\n\r\n<p>Black</p>','en',NULL,NULL),(175,105,'بدله قطعتين','<p>بدله قطعتين&nbsp;</p>\r\n\r\n<p>صيفي&nbsp;</p>\r\n\r\n<p>مقاس S+M</p>\r\n\r\n<p>اخضر +ابيض</p>','ar',NULL,NULL),(176,105,'suit','<p>suit 2 piece</p>\r\n\r\n<p>S+M</p>\r\n\r\n<p>green+white</p>','en',NULL,NULL),(177,106,'بدله قطعتين','<p>بدله قطعتين</p>\r\n\r\n<p>صيفي&nbsp;</p>\r\n\r\n<p>مقاس S+M</p>\r\n\r\n<p>اسود+ابيض</p>','ar',NULL,NULL),(178,106,'suit','<p>suit 2 piece</p>\r\n\r\n<p>S+M</p>\r\n\r\n<p>black+ white</p>','en',NULL,NULL),(179,107,'بدله قطعتين','<p>بدله قطعتين&nbsp;</p>\r\n\r\n<p>صيفي&nbsp;</p>\r\n\r\n<p>بيج + ابيض&nbsp;</p>\r\n\r\n<p>مقاس S+M</p>','ar',NULL,NULL),(180,107,'suit','<p>suit 2 piece</p>\r\n\r\n<p>S+M</p>\r\n\r\n<p>Beige+white</p>','en',NULL,NULL),(181,108,'قميص','<p>قميص</p>\r\n\r\n<p>صيفي&nbsp;</p>\r\n\r\n<p>مقاس S+M+L</p>\r\n\r\n<p>لون رمادي</p>','ar',NULL,NULL),(182,108,'shirt','<p>shirt</p>\r\n\r\n<p>S+M+L</p>\r\n\r\n<p>grey</p>','en',NULL,NULL),(183,109,'قميص','<p>قميص</p>\r\n\r\n<p>مقاسS+M+L</p>\r\n\r\n<p>لون بني&nbsp;</p>\r\n\r\n<p>صيفي</p>','ar',NULL,NULL),(184,109,'shirt','<p>shirt</p>\r\n\r\n<p>S+M+L</p>\r\n\r\n<p>brown</p>','en',NULL,NULL),(185,110,'قميص','<p>قميص&nbsp;</p>\r\n\r\n<p>صيفي&nbsp;</p>\r\n\r\n<p>مقاس S+M+L</p>\r\n\r\n<p>اسود</p>','ar',NULL,NULL),(186,110,'shirt','<p>shirt</p>\r\n\r\n<p>S+M+L</p>\r\n\r\n<p>black</p>','en',NULL,NULL),(187,111,'قميص','<p>قميص</p>\r\n\r\n<p>صيفي</p>\r\n\r\n<p>مقاسS+M+L</p>\r\n\r\n<p>ابيض</p>','ar',NULL,NULL),(188,111,'shirt','<p>shirt</p>\r\n\r\n<p>S+M+L</p>\r\n\r\n<p>white</p>','en',NULL,NULL),(189,112,'قميص','<p>قميص</p>\r\n\r\n<p>صيفي&nbsp;</p>\r\n\r\n<p>مقاسS+M+L</p>\r\n\r\n<p>اخضر زيتي</p>','ar',NULL,NULL),(190,112,'shirt','<p>shirt</p>\r\n\r\n<p>S+M+L</p>\r\n\r\n<p>green</p>','en',NULL,NULL),(191,113,'قميص','<p>قميص صيفي</p>\r\n\r\n<p>فري سايز</p>\r\n\r\n<p>لون بيج</p>','ar',NULL,NULL),(192,113,'shirt','<p>shirt</p>\r\n\r\n<p>beige</p>','en',NULL,NULL),(193,114,'قميص صيفي','<p>قميص صيفي</p>\r\n\r\n<p>فري سايز</p>\r\n\r\n<p>لون رمادي</p>\r\n\r\n<p>&nbsp;</p>','ar',NULL,NULL),(194,114,'shirt','<p>shirt</p>\r\n\r\n<p>grey</p>','en',NULL,NULL),(195,115,'قميص صيفي','<p>قميص صيفي&nbsp;</p>\r\n\r\n<p>فري سايز&nbsp;</p>\r\n\r\n<p>ابيض</p>','ar',NULL,NULL),(196,115,'shirt','<p>shirt</p>\r\n\r\n<p>white</p>','en',NULL,NULL),(197,116,'قميص صيفي','<p>قميص صيفي</p>\r\n\r\n<p>لون اسود&nbsp;</p>\r\n\r\n<p>فري سايز</p>','ar',NULL,NULL),(198,116,'shirt','<p>shirt</p>\r\n\r\n<p>black</p>','en',NULL,NULL),(199,117,'قميص جنز','<p>قميص جينز</p>\r\n\r\n<p>فري سايز&nbsp;</p>\r\n\r\n<p>ازرق</p>','ar',NULL,NULL),(200,117,'shirt','<p>shirt</p>\r\n\r\n<p>blue</p>','en',NULL,NULL),(201,118,'قميص جينز','<p>قميص جينز</p>\r\n\r\n<p>فري سايز</p>\r\n\r\n<p>ابيض</p>','ar',NULL,NULL),(202,118,'shirt','<p>shirt</p>\r\n\r\n<p>white</p>','en',NULL,NULL),(203,119,'فستان','<p>فستان قطعتين&nbsp;</p>\r\n\r\n<p>فري سايز&nbsp;</p>\r\n\r\n<p>ابيض+اخضر</p>','ar',NULL,NULL),(204,119,'dress','<p>dress</p>\r\n\r\n<p>white+green</p>','en',NULL,NULL),(205,120,'فستان','<p>فستان قطعتين</p>\r\n\r\n<p>فري سايز</p>\r\n\r\n<p>ابيض+ازرق</p>','ar',NULL,NULL),(206,120,'shirt','<p>shirt</p>\r\n\r\n<p>white+blue</p>','en',NULL,NULL),(207,121,'فستان','<p>فستان قطعتين</p>\r\n\r\n<p>فري سايز</p>\r\n\r\n<p>ابيض +بيج</p>','ar',NULL,NULL),(208,121,'dress','<p>dress</p>\r\n\r\n<p>white+beige</p>','en',NULL,NULL),(209,122,'كارديقان','<p>كارديقان&nbsp;</p>\r\n\r\n<p>صيفي</p>\r\n\r\n<p>فري سايز&nbsp;</p>\r\n\r\n<p>اسود</p>','ar',NULL,NULL),(210,122,'cardigan','<p>cardigan</p>\r\n\r\n<p>free size</p>\r\n\r\n<p>black</p>','en',NULL,NULL),(211,123,'قميص','<p>قميص صيفي</p>\r\n\r\n<p>فتحات من الجنب</p>\r\n\r\n<p>فري سايز&nbsp;</p>\r\n\r\n<p>لون اخضر زيتي</p>','ar',NULL,NULL),(212,123,'shirt','<p>shirt</p>\r\n\r\n<p>free size</p>\r\n\r\n<p>green</p>','en',NULL,NULL),(213,124,'قميص','<p>قميص</p>\r\n\r\n<p>فتحات من الجنب&nbsp;</p>\r\n\r\n<p>فري سايز&nbsp;</p>\r\n\r\n<p>لون ابيض</p>','ar',NULL,NULL),(214,124,'shirt','<p>shirt</p>\r\n\r\n<p>free size</p>\r\n\r\n<p>white</p>','en',NULL,NULL),(215,125,'قميص','<p>قميص صيفي</p>\r\n\r\n<p>فتحات من الجنب&nbsp;</p>\r\n\r\n<p>فري سايز&nbsp;</p>\r\n\r\n<p>اسود</p>','ar',NULL,NULL),(216,125,'shirt','<p>shirt</p>\r\n\r\n<p>free size</p>\r\n\r\n<p>black</p>','en',NULL,NULL),(217,127,'بدله 3 قطع','<p>بدله 3 قطع&nbsp;</p>\r\n\r\n<p>مقاس S+M</p>\r\n\r\n<p>ازرق</p>','ar',NULL,NULL),(218,127,'suit','<p>suit 3 pieces</p>\r\n\r\n<p>S+M</p>\r\n\r\n<p>blue</p>','en',NULL,NULL),(219,128,'بدله 3 قطع','<p>بدله 3 قطع&nbsp;</p>\r\n\r\n<p>مقاس S+M</p>\r\n\r\n<p>لون بيج&nbsp;</p>','ar',NULL,NULL),(220,128,'suit','<p>suit 3 pieces</p>\r\n\r\n<p>S+M</p>\r\n\r\n<p>Beige</p>','en',NULL,NULL),(221,129,'بدله 3 قطع','<p>بدله 3 قطع</p>\r\n\r\n<p>مقاس S+M</p>\r\n\r\n<p>لون وردي فاتح</p>','ar',NULL,NULL),(222,129,'suit','<p>suit 3 pieces</p>\r\n\r\n<p>S+M</p>\r\n\r\n<p>pink</p>','en',NULL,NULL),(223,130,'بدله 3 قطع','<p>بدله 3 قطع</p>\r\n\r\n<p>مقاس S+M</p>\r\n\r\n<p>لون فوشي&nbsp;</p>','ar',NULL,NULL),(224,130,'suit','<p>suit 3 pieces</p>\r\n\r\n<p>S+M</p>\r\n\r\n<p>fuchsia</p>','en',NULL,NULL),(225,131,'بدله 3 قطع','<p>بدله 3 قطع&nbsp;</p>\r\n\r\n<p>مقاس S+M</p>\r\n\r\n<p>لون اخضر فاتح&nbsp;</p>','ar',NULL,NULL),(226,131,'suit','<p>suit 3 pieces</p>\r\n\r\n<p>S+M</p>\r\n\r\n<p>green</p>','en',NULL,NULL),(227,132,'قميص صيفي','<p>قميص صيفي&nbsp;</p>\r\n\r\n<p>اللون ابيض&nbsp;</p>\r\n\r\n<p>مقاس s+M</p>','ar',NULL,NULL),(228,132,'shirt','<p>shirt</p>\r\n\r\n<p>size S+M</p>\r\n\r\n<p>white</p>','en',NULL,NULL),(229,133,'قميص صيفي','<p>قميص صيفي</p>\r\n\r\n<p>مقاس S+M</p>\r\n\r\n<p>لون اسود</p>','ar',NULL,NULL),(230,133,'shirt','<p>shirt</p>\r\n\r\n<p>size S+M</p>\r\n\r\n<p>Black</p>','en',NULL,NULL),(231,134,'بنطلون','<p>بنطلون صيفي&nbsp;</p>\r\n\r\n<p>ربطه</p>\r\n\r\n<p>لون اسود&nbsp;</p>\r\n\r\n<p>مقاس S+M</p>','ar',NULL,NULL),(232,134,'Pants','<p>Pants</p>\r\n\r\n<p>size S+M</p>\r\n\r\n<p>Black</p>','en',NULL,NULL),(233,135,'بنطلون','<p>بنطلون صيفي&nbsp;</p>\r\n\r\n<p>ربطه</p>\r\n\r\n<p>ابيض&nbsp;</p>\r\n\r\n<p>مقاس S+M</p>','ar',NULL,NULL),(234,135,'Pants','<p>Pants</p>\r\n\r\n<p>size S+M</p>\r\n\r\n<p>white</p>','en',NULL,NULL),(235,136,'بنطلون','<p>بنطلون صيفي</p>\r\n\r\n<p>ربطه</p>\r\n\r\n<p>لون ازرق</p>\r\n\r\n<p>مقاسS+M</p>','ar',NULL,NULL),(236,136,'Pants','<p>Pants</p>\r\n\r\n<p>size S+M</p>\r\n\r\n<p>Blue</p>','en',NULL,NULL),(237,137,'حقيبه قوتشي','<p>حقيبه نسائيه&nbsp;</p>\r\n\r\n<p>قوتشي</p>\r\n\r\n<p>هاندل باق</p>\r\n\r\n<p>لون بيج</p>\r\n\r\n<p>27cm</p>','ar',NULL,NULL),(238,137,'GUCCI BAG','<p>gucci bag</p>\r\n\r\n<p>beige</p>\r\n\r\n<p>handil bag</p>','en',NULL,NULL),(239,138,'حقيبة قوتشي','<p>حقيبه قوتشي</p>\r\n\r\n<p>هاندل باق</p>\r\n\r\n<p>لون بيج +اسود</p>\r\n\r\n<p>27cm</p>','ar',NULL,NULL),(240,138,'GUCCI BAG','<p>gucci bag</p>\r\n\r\n<p>handil bag</p>\r\n\r\n<p>black</p>\r\n\r\n<p>&nbsp;</p>','en',NULL,NULL),(241,139,'حقيبه ديور','<p>حقيبه ديور مني&nbsp;</p>\r\n\r\n<p>لون ازرق</p>\r\n\r\n<p>كروس سلسله&nbsp;</p>','ar',NULL,NULL),(242,139,'Dior bag','<p>Dior bag</p>\r\n\r\n<p>Blue</p>\r\n\r\n<p>&nbsp;</p>','en',NULL,NULL),(243,140,'حقيبه ديور','<p>حقيبة ديور&nbsp;</p>\r\n\r\n<p>سوبر مني&nbsp;</p>\r\n\r\n<p>كروس سلسله&nbsp;</p>','ar',NULL,NULL),(244,140,'Dior bag','<p>Dior bag</p>\r\n\r\n<p>super small</p>','en',NULL,NULL),(245,141,'شنطة ديور','<p>شنطه ديور&nbsp;</p>\r\n\r\n<p>مني ستراس</p>\r\n\r\n<p>اخضر&nbsp;</p>','ar',NULL,NULL),(246,141,'Dior bag','<p>Dior bag</p>\r\n\r\n<p>green</p>\r\n\r\n<p>&nbsp;</p>','en',NULL,NULL),(247,142,'حقيبة ديور','<p>حقيبة ديور&nbsp;</p>\r\n\r\n<p>مني ستراس&nbsp;</p>\r\n\r\n<p>اسود</p>','ar',NULL,NULL),(248,142,'Dior bag','<p>Dior bag</p>\r\n\r\n<p>black</p>\r\n\r\n<p>&nbsp;</p>','en',NULL,NULL),(249,146,'حقيبه قوتشي','<p>قوتشي هاندل باق&nbsp;</p>\r\n\r\n<p>بيج</p>','ar',NULL,NULL),(250,146,'gucci BAG','<p>Gucci bag</p>\r\n\r\n<p>beige</p>','en',NULL,NULL),(251,147,'حقيبة قوتشي','<p>حقيبة قوتشي&nbsp;</p>\r\n\r\n<p>هاندل باق&nbsp;</p>\r\n\r\n<p>اسود</p>','ar',NULL,NULL),(252,147,'Gucci bag','<p>Gucci bag</p>\r\n\r\n<p>Black</p>','en',NULL,NULL),(253,148,'حقيبه ديور','<p>حقيبه ديور&nbsp;</p>\r\n\r\n<p>مني&nbsp;</p>\r\n\r\n<p>ازرق&nbsp;</p>\r\n\r\n<p>كروس&nbsp;</p>','ar',NULL,NULL),(254,148,'DIOR BAG','<p>Dior bag</p>\r\n\r\n<p>blue</p>','en',NULL,NULL),(255,149,'حقيبه ديور','<p>حقيبه ديور سوبر مني&nbsp;</p>\r\n\r\n<p>كروس&nbsp;</p>\r\n\r\n<p>سلسله&nbsp;</p>','ar',NULL,NULL),(256,149,'DIOR BAG','<p>DIOR bag</p>\r\n\r\n<p>&nbsp;</p>','en',NULL,NULL),(257,150,'حقيبه ديور','<p>حقيبه ديور&nbsp;</p>\r\n\r\n<p>مني&nbsp;</p>\r\n\r\n<p>ستراس&nbsp;</p>\r\n\r\n<p>اخضر&nbsp;</p>','ar',NULL,NULL),(258,150,'DIOR BAG','<p>Dior bag</p>\r\n\r\n<p>Green</p>','en',NULL,NULL),(259,152,'حقيبه ديور','<p>حقيبه ديور&nbsp;</p>\r\n\r\n<p>مني&nbsp;</p>\r\n\r\n<p>ستراس&nbsp;</p>\r\n\r\n<p>اسود</p>','ar',NULL,NULL),(260,152,'DIor BAG','<p>Dior bag</p>\r\n\r\n<p>black</p>','en',NULL,NULL),(261,154,'زيت تغذية الشعر','<p>يساعد على ايقاف التساقط وتطويل الشعر وتغيته</p>\r\n\r\n<p>مناسب لجميع انواع الشعر نتائج مضمونه 100%</p>','ar',NULL,NULL),(262,154,'Hair Oil','<p>hair oil</p>\r\n\r\n<p>fits all hair types</p>','en',NULL,NULL),(263,155,'شامبو عضوي','<p>شامبو عضوي للاستخدام اليومي&nbsp;</p>\r\n\r\n<p>خالي من اي مواد كيميائيه&nbsp;</p>\r\n\r\n<p>يوقف التساقط وينظف الفروه يحارب القشره&nbsp;</p>\r\n\r\n<p>يوقف الالم الفروه ويعادل زيوتها&nbsp;</p>','ar',NULL,NULL),(264,155,'Shampoo','<p>Organic shampoo</p>','en',NULL,NULL),(265,156,'الحنه الكاذبه','<p>هي حنه مكونه كم اكثر من 15 عشبه تساعد على انبات الشعر وايقاف التساقط وتطويل الشعر وكثافته بفتره زمنيه قصيره&nbsp;</p>\r\n\r\n<p>خالي من اي لون&nbsp;</p>\r\n\r\n<p>يناسب الشعر المصبوغ لا يوثر على لون الشعر حتى لو كان اشقر&nbsp;</p>','ar',NULL,NULL),(266,156,'hannah kadiba','<p>Acollection of herbs without color</p>','en',NULL,NULL),(267,157,'الحنه المغيه','<p>الحنه المغيه&nbsp;</p>\r\n\r\n<p>حنه بلون الكستنائي&nbsp;</p>\r\n\r\n<p>تحتوي على مجموعة اعشاب تساعد على ايقاف التساقط وانبات الشعر الجيد&nbsp;</p>\r\n\r\n<p>مناسبه للشيب&nbsp;</p>\r\n\r\n<p>&nbsp;</p>','ar',NULL,NULL),(268,157,'Henna mogadia','<p>Brown henna</p>','en',NULL,NULL),(269,158,'حنه برغندي','<p>حنه بلون البرغندي احمر&nbsp;</p>\r\n\r\n<p>تحتوي على اعشاب تساعد على تغذية الشعر وانبات الشعر&nbsp;</p>','ar',NULL,NULL),(270,158,'Henna borgandi','<p>red henna</p>','en',NULL,NULL),(271,159,'بلسم','<p>بلسم منعم للشعر ومعالج للشعر المتقصف والمصبوغ او المعالج كيميائيا&nbsp;</p>\r\n\r\n<p>لمعه وانسياب&nbsp;</p>\r\n\r\n<p>يناسب جميع انواع الشعر&nbsp;</p>','ar',NULL,NULL),(272,159,'Conditioner','<p>conditioner</p>','en',NULL,NULL),(273,160,'زيت الثعلبه','<p>زيت لعلاج حالات الثعلبه&nbsp;</p>\r\n\r\n<p>للرجال والنساء والاطفال&nbsp;</p>','ar',NULL,NULL),(274,160,'treatment','<p>treatment</p>','en',NULL,NULL),(275,161,'زيت الرموش والحواجب','<p>منتج لنمو الرموش والحواجب&nbsp;</p>\r\n\r\n<p>يطول الرموش ويغطي فراغات الحواجب&nbsp;</p>','ar',NULL,NULL),(276,161,'oil eye brows&eyelashes','<p>care for eyelashes and eyebrows</p>','en',NULL,NULL);

--
-- Table structure for table `products`
--

CREATE TABLE `products` (
  `id` int unsigned NOT NULL AUTO_INCREMENT,
  `image` varchar(255) CHARACTER SET utf8mb4 COLLATE utf8mb4_unicode_ci DEFAULT NULL,
  `user_id` int unsigned DEFAULT NULL,
  `mainprice` decimal(8,2) NOT NULL DEFAULT '0.00',
  `discount` decimal(8,2) NOT NULL DEFAULT '0.00',
  `stoke` int NOT NULL DEFAULT '0',
  `option` enum('true','false') CHARACTER SET utf8mb4 COLLATE utf8mb4_unicode_ci DEFAULT NULL,
  `code` varchar(255) CHARACTER SET utf8mb4 COLLATE utf8mb4_unicode_ci DEFAULT NULL,
  `status` enum('pending','reject','active') CHARACTER SET utf8mb4 COLLATE utf8mb4_unicode_ci NOT NULL DEFAULT 'pending',
  `reason` longtext CHARACTER SET utf8mb4 COLLATE utf8mb4_unicode_ci,
  `deleted_at` timestamp NULL DEFAULT NULL,
  `created_at` timestamp NULL DEFAULT NULL,
  `updated_at` timestamp NULL DEFAULT NULL,
  `checked` int NOT NULL DEFAULT '1',
  `knetPay` int NOT NULL DEFAULT '0',
  `arrivalTime` varchar(191) CHARACTER SET utf8mb4 COLLATE utf8mb4_unicode_ci DEFAULT NULL,
  `brand_id` int DEFAULT NULL,
  PRIMARY KEY (`id`),
  KEY `products_user_id_foreign` (`user_id`)
) ENGINE=InnoDB AUTO_INCREMENT=162 DEFAULT CHARSET=utf8mb4 COLLATE=utf8mb4_unicode_ci;

--
-- Dumping data for table `products`
--

INSERT INTO `products` (`id`, `image`, `user_id`, `mainprice`, `discount`, `stoke`, `option`, `code`, `status`, `reason`, `deleted_at`, `created_at`, `updated_at`, `checked`, `knetPay`, `arrivalTime`, `brand_id`) VALUES (1,'2022-11-06-16673529992cf4cd67eee67a46f9efafcdc18a781b.webp',1,30.00,30.00,10,NULL,NULL,'active',NULL,'2023-01-05 06:23:14','2022-11-06 07:33:05','2023-01-05 06:23:14',1,0,NULL,NULL),(2,'2022-11-06-1666575277f0942927679bf4471e32ca48dc037084.webp',1,33.00,28.00,5,NULL,NULL,'active',NULL,'2023-01-05 06:23:16','2022-11-06 07:35:26','2023-01-05 06:23:16',1,0,NULL,NULL),(3,'2022-11-07-H28d6fa0cf23346af99bdbca1bd4e7a37i.jpg',1,12.00,10.00,5,NULL,NULL,'active',NULL,'2023-01-05 06:23:18','2022-11-07 06:14:29','2023-01-05 06:23:18',1,0,NULL,NULL),(4,'2022-11-07-0-2.jpg',1,23.00,10.00,7,NULL,NULL,'active',NULL,'2023-01-05 06:23:22','2022-11-07 06:15:46','2023-01-05 06:23:22',1,0,NULL,NULL),(5,'2022-11-07-H6507c13677314298baa3d373ec7c0cc0y.jpg',1,23.00,18.00,0,NULL,NULL,'pending',NULL,NULL,'2022-11-07 06:17:41','2023-01-05 07:05:45',1,0,NULL,NULL),(6,'2022-11-07-images.jpg',1,20.00,10.00,0,NULL,NULL,'pending',NULL,NULL,'2022-11-07 06:19:26','2023-01-05 07:05:46',1,0,NULL,NULL),(7,'2022-11-14-N42632178A_1.avif',1,22.00,0.00,5,NULL,NULL,'active',NULL,'2023-01-05 06:23:56','2022-11-14 11:16:47','2023-01-05 06:23:56',1,0,NULL,NULL),(8,'2022-12-22-1-zoom-desktop.webp',1,22.00,30.00,10,NULL,NULL,'pending',NULL,NULL,'2022-12-22 11:02:17','2023-01-05 07:05:50',1,0,NULL,NULL),(9,NULL,NULL,0.00,0.00,0,NULL,NULL,'pending',NULL,'2023-01-05 06:23:51','2022-12-22 11:05:12','2023-01-05 06:23:51',1,0,NULL,NULL),(10,'2022-12-22-2-zoom-desktop.webp',1,123.00,100.00,33,NULL,NULL,'pending',NULL,'2023-07-02 14:32:01','2022-12-22 11:10:13','2023-07-02 14:32:01',1,0,NULL,NULL),(11,NULL,NULL,0.00,0.00,0,NULL,NULL,'pending',NULL,'2022-12-22 11:16:56','2022-12-22 11:11:35','2022-12-22 11:16:56',1,0,NULL,NULL),(12,'2023-01-03-Screen Shot 2023-01-02 at 9.24.58 PM copy.jpg',1,10.00,8.00,0,NULL,'yuyf','active',NULL,'2023-01-03 14:27:52','2023-01-03 13:31:47','2023-01-03 14:27:52',1,0,NULL,NULL),(13,NULL,NULL,0.00,0.00,0,NULL,NULL,'pending',NULL,'2023-01-05 06:23:53','2023-01-03 14:28:07','2023-01-05 06:23:53',1,0,NULL,NULL),(14,'2023-01-05-photo_2023-01-03_06-42-32.jpg',1,45.00,45.00,2,NULL,'22-8-5','active',NULL,'2023-01-11 14:29:17','2023-01-05 06:24:00','2023-01-11 14:29:17',0,0,NULL,NULL),(15,NULL,NULL,0.00,0.00,0,NULL,NULL,'pending',NULL,'2023-01-05 07:03:00','2023-01-05 07:00:53','2023-01-05 07:03:00',1,0,NULL,NULL),(16,'2023-01-05-photo_2023-01-05_01-01-29.jpg',1,40.00,40.00,3,NULL,NULL,'active',NULL,'2023-01-08 13:37:26','2023-01-05 07:03:03','2023-01-08 13:37:26',1,0,NULL,NULL),(17,'2023-01-07-photo_2023-01-03_06-45-10.jpg',1,45.00,45.00,4,NULL,'22-8-3','active',NULL,'2023-03-21 14:40:08','2023-01-07 13:15:01','2023-03-21 14:40:08',1,0,NULL,NULL),(18,'2023-01-08-photo_2023-01-03_06-44-25.jpg',1,45.00,45.00,2,NULL,'22-8-4','active',NULL,'2023-03-21 14:40:03','2023-01-08 13:37:30','2023-03-21 14:40:03',1,0,NULL,NULL),(19,'2023-01-08-photo_2023-01-03_06-44-45.jpg',1,45.00,45.00,2,NULL,'22-8-6','pending',NULL,NULL,'2023-01-08 14:06:32','2023-03-21 14:47:15',1,0,NULL,NULL),(20,'2023-01-08-photo_2023-01-03_06-45-21.jpg',1,65.00,65.00,2,NULL,'22-12-1','pending',NULL,NULL,'2023-01-08 14:17:39','2023-03-21 14:47:13',1,0,NULL,NULL),(21,NULL,NULL,0.00,0.00,0,NULL,NULL,'pending',NULL,'2023-01-08 15:47:53','2023-01-08 14:25:43','2023-01-08 15:47:53',1,0,NULL,NULL),(22,'2023-01-08-photo_2023-01-03_06-44-34.jpg',1,65.00,65.00,2,NULL,'22-12-7','pending',NULL,NULL,'2023-01-08 14:25:43','2023-03-21 14:47:11',1,0,NULL,NULL),(23,'2023-01-08-photo_2023-01-03_06-45-14.jpg',1,65.00,65.00,1,NULL,'22-12-2','pending',NULL,NULL,'2023-01-08 14:51:10','2023-03-21 14:47:07',1,0,NULL,NULL),(24,'2023-01-08-photo_2023-01-03_06-46-59.jpg',1,10.00,10.00,2,NULL,'22-4-9','pending',NULL,NULL,'2023-01-08 15:01:35','2023-03-21 14:47:05',1,0,NULL,NULL),(25,'2023-01-08-photo_2023-01-03_06-45-29.jpg',1,10.00,10.00,2,NULL,'22-4-10','pending',NULL,NULL,'2023-01-08 15:07:43','2023-03-21 14:47:03',1,0,NULL,NULL),(26,'2023-01-08-photo_2023-01-03_06-46-57.jpg',1,10.00,10.00,2,NULL,'22-4-8','pending',NULL,NULL,'2023-01-08 15:11:39','2023-03-21 14:47:01',1,0,NULL,NULL),(27,'2023-01-08-photo_2023-01-03_06-47-01.jpg',1,20.00,20.00,2,NULL,'22-6-17','pending',NULL,NULL,'2023-01-08 15:23:05','2023-03-21 14:46:57',1,0,NULL,NULL),(28,'2023-01-08-photo_2023-01-03_06-47-05.jpg',1,20.00,20.00,1,NULL,'22-6-14','pending',NULL,NULL,'2023-01-08 15:31:20','2023-03-21 14:46:55',1,0,NULL,NULL),(29,'2023-01-08-photo_2023-01-03_06-47-07.jpg',1,20.00,20.00,2,NULL,'22-6-15','pending',NULL,NULL,'2023-01-08 15:35:53','2023-03-21 14:46:53',1,0,NULL,NULL),(30,'2023-01-08-photo_2023-01-03_06-47-09.jpg',1,20.00,20.00,2,NULL,'22-6-13','pending',NULL,NULL,'2023-01-08 15:40:03','2023-03-21 14:46:51',1,0,NULL,NULL),(31,'2023-01-08-photo_2023-01-03_06-47-03.jpg',1,20.00,20.00,2,NULL,'22-6-16','pending',NULL,NULL,'2023-01-08 15:48:07','2023-03-21 14:46:45',1,0,NULL,NULL),(32,'2023-01-11-photo_2023-01-03_06-44-45.jpg',1,45.00,45.00,2,NULL,'22-8-5','pending',NULL,NULL,'2023-01-11 14:29:23','2023-03-21 14:46:43',1,0,NULL,NULL),(33,NULL,NULL,0.00,0.00,0,NULL,NULL,'pending',NULL,'2023-03-21 14:46:36','2023-01-11 14:37:21','2023-03-21 14:46:36',1,0,NULL,NULL),(34,'2023-01-11-photo_2023-01-03_06-47-45.jpg',1,12.00,12.00,2,NULL,'22-5-95','pending',NULL,NULL,'2023-01-11 14:44:25','2023-03-21 14:46:41',1,0,NULL,NULL),(35,'2023-01-11-photo_2023-01-03_06-47-44.jpg',1,12.00,12.00,2,NULL,'22-5-97','pending',NULL,NULL,'2023-01-11 14:52:10','2023-03-21 14:46:39',1,0,NULL,NULL),(36,'2023-01-11-photo_2023-01-03_06-47-47.jpg',1,12.00,12.00,2,NULL,'22-5-113','pending',NULL,NULL,'2023-01-11 14:58:49','2023-03-21 14:46:29',1,0,NULL,NULL),(37,'2023-01-11-photo_2023-01-03_06-47-28.jpg',1,12.00,12.00,2,NULL,'22-5-96','pending',NULL,NULL,'2023-01-11 15:06:18','2023-03-21 14:46:27',1,0,NULL,NULL),(38,'2023-01-11-photo_2023-01-03_06-47-26.jpg',1,12.00,12.00,2,NULL,'22-6-91','pending',NULL,NULL,'2023-01-11 15:16:47','2023-04-08 19:06:43',1,0,NULL,NULL),(39,'2023-01-11-photo_2023-01-03_06-47-51.jpg',1,12.00,12.00,2,NULL,'22-5-92','pending',NULL,NULL,'2023-01-11 15:23:24','2023-03-21 14:54:37',1,0,NULL,NULL),(40,'2023-01-11-photo_2023-01-03_06-47-32.jpg',1,10.00,10.00,2,NULL,'22-5-93','active',NULL,NULL,'2023-01-11 15:31:04','2023-01-11 15:36:22',1,0,NULL,NULL),(41,NULL,NULL,0.00,0.00,0,NULL,NULL,'pending',NULL,'2023-03-21 14:25:33','2023-03-21 14:00:35','2023-03-21 14:25:33',1,0,NULL,NULL),(42,'2023-03-21-photo_2023-03-21_09-15-29.jpg',1,12.00,12.00,4,NULL,'22-4-89','active',NULL,NULL,'2023-03-21 14:03:50','2023-03-21 14:24:01',1,0,NULL,NULL),(43,'2023-03-21-photo_2023-03-21_09-15-23.jpg',1,12.00,12.00,5,NULL,'22-4-90','active',NULL,NULL,'2023-03-21 14:26:10','2023-03-21 14:32:24',1,0,NULL,NULL),(44,'2023-03-21-photo_2023-03-21_09-15-32.jpg',1,12.00,12.00,3,NULL,'22-4-88','active',NULL,NULL,'2023-03-21 14:33:24','2023-03-21 14:38:54',1,0,NULL,NULL),(45,'2023-03-21-photo_2023-03-21_09-15-34 (2).jpg',1,10.00,10.00,2,NULL,'22-4-99','active',NULL,NULL,'2023-03-21 14:48:02','2023-03-21 14:54:04',1,0,NULL,NULL),(46,'2023-03-21-photo_2023-03-21_10-11-52.jpg',1,14.00,14.00,2,NULL,'22-5-94','pending',NULL,NULL,'2023-03-21 15:20:13','2023-04-08 17:38:36',1,0,NULL,NULL),(47,'2023-03-21-photo_2023-03-21_10-16-27.jpg',1,10.00,10.00,2,NULL,'22-3-20','active',NULL,NULL,'2023-03-21 15:30:49','2023-03-21 15:37:56',1,0,NULL,NULL),(48,'2023-03-21-photo_2023-03-21_10-16-16.jpg',1,10.00,10.00,2,NULL,'22-3-21','active',NULL,NULL,'2023-03-21 15:38:18','2023-03-21 15:47:07',1,0,NULL,NULL),(49,'2023-03-21-photo_2023-03-21_10-16-32.jpg',1,10.00,10.00,1,NULL,'22-3-19','active',NULL,NULL,'2023-03-21 15:47:21','2023-03-21 15:53:19',1,0,NULL,NULL),(50,NULL,NULL,0.00,0.00,0,NULL,NULL,'pending',NULL,'2023-03-21 16:25:59','2023-03-21 16:12:05','2023-03-21 16:25:59',1,0,NULL,NULL),(51,'2023-03-21-photo_2023-03-21_10-15-21.jpg',1,15.00,15.00,2,NULL,'22-5-26','active',NULL,NULL,'2023-03-21 16:26:00','2023-03-21 16:34:12',1,0,NULL,NULL),(52,'2023-03-21-photo_2023-03-21_10-14-33.jpg',1,15.00,15.00,2,NULL,'22-5-27','active',NULL,NULL,'2023-03-21 16:34:25','2023-03-21 16:41:00',1,0,NULL,NULL),(53,'2023-04-08-photo_2023-04-08_12-57-14.jpg',1,12.00,12.00,1,NULL,'22-3-63','active',NULL,NULL,'2023-04-08 17:44:30','2023-04-08 17:59:57',1,0,NULL,NULL),(54,'2023-04-08-photo_2023-04-08_13-19-38.jpg',1,15.00,15.00,1,NULL,'22-5-46','active',NULL,NULL,'2023-04-08 18:20:49','2023-04-08 18:33:11',1,0,NULL,NULL),(55,'2023-04-08-photo_2023-04-08_13-19-48.jpg',1,15.00,15.00,1,NULL,'22-5-47','active',NULL,NULL,'2023-04-08 18:34:17','2023-04-08 18:40:06',1,0,NULL,NULL),(56,'2023-04-08-photo_2023-04-08_13-20-12.jpg',1,15.00,15.00,1,NULL,'22-5-48','active',NULL,NULL,'2023-04-08 18:40:43','2023-04-08 18:45:43',1,0,NULL,NULL),(57,'2023-04-08-photo_2023-04-08_13-20-05.jpg',1,15.00,15.00,1,NULL,'22-5-49','active',NULL,NULL,'2023-04-08 18:46:25','2023-04-08 18:51:52',1,0,NULL,NULL),(58,NULL,NULL,0.00,0.00,0,NULL,NULL,'pending',NULL,'2023-04-08 18:57:17','2023-04-08 18:52:18','2023-04-08 18:57:17',1,0,NULL,NULL),(59,NULL,NULL,0.00,0.00,0,NULL,NULL,'pending',NULL,'2023-04-08 19:29:38','2023-04-08 18:57:31','2023-04-08 19:29:38',1,0,NULL,NULL),(60,'2023-04-08-photo_2023-04-08_14-19-55.jpg',1,15.00,15.00,1,NULL,'22-5-50','active',NULL,NULL,'2023-04-08 18:57:32','2023-04-08 19:22:03',1,0,NULL,NULL),(61,'2023-04-08-photo_2023-04-08_14-19-34.jpg',1,14.00,14.00,1,NULL,'22-4-51','active',NULL,NULL,'2023-04-08 19:22:51','2023-04-08 19:29:12',1,0,NULL,NULL),(62,'2023-04-08-photo_2023-04-08_14-19-49.jpg',1,14.00,14.00,1,NULL,'22-4-52','active',NULL,NULL,'2023-04-08 19:29:40','2023-04-08 19:33:32',1,0,NULL,NULL),(63,'2023-04-08-photo_2023-04-08_14-20-01.jpg',1,14.00,14.00,1,NULL,'22-4-53','active',NULL,NULL,'2023-04-08 19:36:03','2023-04-08 19:39:44',1,0,NULL,NULL),(64,'2023-04-08-photo_2023-04-08_14-19-42.jpg',1,14.00,14.00,1,NULL,'22-4-54','active',NULL,NULL,'2023-04-08 19:40:29','2023-04-08 19:47:46',1,0,NULL,NULL),(65,NULL,NULL,0.00,0.00,0,NULL,NULL,'pending',NULL,'2023-04-08 20:17:59','2023-04-08 19:54:35','2023-04-08 20:17:59',1,0,NULL,NULL),(66,'2023-04-08-photo_2023-04-08_14-53-52.jpg',1,15.00,15.00,1,NULL,'22-4-57','active',NULL,NULL,'2023-04-08 19:59:20','2023-04-08 20:03:44',1,0,NULL,NULL),(67,NULL,NULL,0.00,0.00,0,NULL,NULL,'pending',NULL,'2023-04-08 20:17:56','2023-04-08 20:03:56','2023-04-08 20:17:56',1,0,NULL,NULL),(68,'2023-04-08-photo_2023-04-08_14-53-44.jpg',1,15.00,15.00,1,NULL,'22-4-56','active',NULL,NULL,'2023-04-08 20:12:54','2023-04-08 20:17:44',1,0,NULL,NULL),(69,'2023-04-08-photo_2023-04-08_14-53-36.jpg',1,15.00,15.00,1,NULL,'22-4-55','active',NULL,NULL,'2023-04-08 20:18:04','2023-04-08 20:23:43',1,0,NULL,NULL),(70,'2023-04-08-photo_2023-04-08_14-53-28.jpg',1,15.00,15.00,1,NULL,'22-4-58','active',NULL,NULL,'2023-04-08 20:23:56','2023-04-08 20:30:44',1,0,NULL,NULL),(71,'2023-04-10-photo_2023-04-10_13-30-06.jpg',1,12.00,12.00,1,NULL,'22-4-87','active',NULL,NULL,'2023-04-10 18:40:49','2023-04-10 18:48:42',1,0,NULL,NULL),(72,'2023-04-10-photo_2023-04-10_13-30-23.jpg',1,12.00,12.00,1,NULL,'22-4-86','active',NULL,NULL,'2023-04-10 18:48:58','2023-04-10 18:53:16',1,0,NULL,NULL),(73,'2023-04-10-photo_2023-04-10_13-29-59.jpg',1,12.00,12.00,1,NULL,'22-4-85','active',NULL,NULL,'2023-04-10 18:56:10','2023-04-10 19:00:18',1,0,NULL,NULL),(74,'2023-04-10-photo_2023-04-10_13-30-12.jpg',1,12.00,12.00,1,NULL,'22-4-84','active',NULL,NULL,'2023-04-10 19:00:32','2023-04-10 19:04:24',1,0,NULL,NULL),(75,'2023-04-30-photo_2023-04-30_09-16-03.jpg',1,12.00,12.00,2,NULL,'22-4-100','active',NULL,NULL,'2023-04-30 12:54:21','2023-04-30 13:19:06',1,0,NULL,NULL),(76,'2023-04-30-photo_2023-04-30_09-16-16.jpg',1,12.00,12.00,2,NULL,'22-4-104','active',NULL,NULL,'2023-04-30 13:19:23','2023-04-30 13:23:20',1,0,NULL,NULL),(77,'2023-04-30-photo_2023-04-30_09-16-08.jpg',1,12.00,12.00,2,NULL,'22-4-103','active',NULL,NULL,'2023-04-30 13:24:03','2023-04-30 13:28:12',1,0,NULL,NULL),(78,'2023-04-30-photo_2023-04-30_09-15-49.jpg',1,12.00,12.00,2,NULL,'22-4-102','active',NULL,NULL,'2023-04-30 13:28:24','2023-04-30 13:33:51',1,0,NULL,NULL),(79,'2023-04-30-photo_2023-04-30_09-42-26.jpg',1,12.00,12.00,1,NULL,'22-4-108','active',NULL,NULL,'2023-04-30 13:42:32','2023-04-30 13:48:05',1,0,NULL,NULL),(80,'2023-04-30-photo_2023-04-30_09-52-34.jpg',1,10.00,10.00,2,NULL,'22-4-105','active',NULL,NULL,'2023-04-30 13:52:52','2023-04-30 13:56:14',1,0,NULL,NULL),(81,'2023-04-30-photo_2023-04-30_09-52-45.jpg',1,8.00,8.00,2,NULL,'22-4-106','active',NULL,NULL,'2023-04-30 13:59:06','2023-04-30 14:02:49',1,0,NULL,NULL),(82,'2023-04-30-photo_2023-04-30_10-08-25.jpg',1,8.00,8.00,2,NULL,'22-4-108','active',NULL,NULL,'2023-04-30 14:02:57','2023-04-30 14:10:49',1,0,NULL,NULL),(83,NULL,NULL,0.00,0.00,0,NULL,NULL,'pending',NULL,'2023-05-01 14:27:34','2023-04-30 14:10:56','2023-05-01 14:27:34',1,0,NULL,NULL),(84,NULL,NULL,0.00,0.00,0,NULL,NULL,'pending',NULL,'2023-05-01 14:27:25','2023-04-30 14:17:50','2023-05-01 14:27:25',1,0,NULL,NULL),(85,NULL,NULL,0.00,0.00,0,NULL,NULL,'pending',NULL,'2023-05-01 14:29:11','2023-05-01 14:27:49','2023-05-01 14:29:11',1,0,NULL,NULL),(86,'2023-05-01-photo_2023-05-01_10-47-25.jpg',1,20.00,20.00,3,NULL,'22-4-42','active',NULL,NULL,'2023-05-01 14:29:21','2023-05-01 14:51:43',1,0,NULL,NULL),(87,'2023-05-01-photo_2023-04-30_10-08-37.jpg',1,8.00,8.00,2,NULL,'22-4-101','active',NULL,NULL,'2023-05-01 14:52:08','2023-05-01 14:57:03',1,0,NULL,NULL),(88,'2023-05-01-photo_2023-05-01_10-26-22.jpg',1,7.00,7.00,6,NULL,'22-4-18','active',NULL,NULL,'2023-05-01 14:59:11','2023-05-01 15:03:52',1,0,NULL,NULL),(89,'2023-05-01-photo_2023-05-01_11-22-38.jpg',1,10.00,10.00,2,NULL,'22-4-34','active',NULL,NULL,'2023-05-01 15:27:23','2023-05-01 15:32:05',1,0,NULL,NULL),(90,'2023-05-01-photo_2023-05-01_11-22-26.jpg',1,10.00,10.00,2,NULL,'22-4-35','active',NULL,NULL,'2023-05-01 15:32:24','2023-05-01 15:38:00',1,0,NULL,NULL),(91,'2023-05-01-photo_2023-05-01_11-22-13.jpg',1,10.00,10.00,2,NULL,'22-4-36','active',NULL,NULL,'2023-05-01 15:38:10','2023-05-01 15:42:57',1,0,NULL,NULL),(92,'2023-05-02-photo_2023-05-02_09-26-02.jpg',1,12.00,12.00,2,NULL,'22-4-24','active',NULL,NULL,'2023-05-02 13:26:35','2023-05-02 13:35:01',1,0,NULL,NULL),(93,'2023-05-02-photo_2023-05-02_09-42-30.jpg',1,12.00,12.00,2,NULL,'22-4-23','active',NULL,NULL,'2023-05-02 13:35:18','2023-05-02 13:54:42',1,0,NULL,NULL),(94,'2023-05-02-photo_2023-05-02_09-42-14.jpg',1,12.00,12.00,2,NULL,'22-4-110','active',NULL,NULL,'2023-05-02 13:44:51','2023-05-02 13:53:41',1,0,NULL,NULL),(95,'2023-05-02-photo_2023-05-02_10-01-52.jpg',1,12.00,12.00,2,NULL,'22-4-25','active',NULL,NULL,'2023-05-02 14:02:02','2023-05-02 14:08:21',1,0,NULL,NULL),(96,'2023-05-02-photo_2023-05-02_10-16-41.jpg',1,6.00,6.00,3,NULL,'22-2-22','active',NULL,NULL,'2023-05-02 14:17:55','2023-05-02 14:28:20',1,0,NULL,NULL),(97,'2023-05-02-photo_2023-05-02_10-38-05.jpg',1,14.00,14.00,2,NULL,'22-5-32','active',NULL,NULL,'2023-05-02 14:38:18','2023-05-02 14:48:44',1,0,NULL,NULL),(98,'2023-05-02-photo_2023-05-02_10-57-41.jpg',1,12.00,12.00,2,NULL,'22-4-37','active',NULL,NULL,'2023-05-02 14:58:08','2023-05-02 15:05:18',1,0,NULL,NULL),(99,NULL,NULL,0.00,0.00,0,NULL,NULL,'pending',NULL,'2023-05-02 15:11:17','2023-05-02 15:03:16','2023-05-02 15:11:17',1,0,NULL,NULL),(100,NULL,NULL,0.00,0.00,0,NULL,NULL,'pending',NULL,'2023-05-02 15:11:13','2023-05-02 15:03:17','2023-05-02 15:11:13',1,0,NULL,NULL),(101,'2023-05-02-photo_2023-05-02_10-57-36.jpg',1,12.00,12.00,1,NULL,'22-4-40','active',NULL,NULL,'2023-05-02 15:05:29','2023-05-02 15:11:01',1,0,NULL,NULL),(102,'2023-05-02-photo_2023-05-02_10-57-53.jpg',1,12.00,12.00,4,NULL,'22-4-38','active',NULL,NULL,'2023-05-02 15:14:32','2023-05-02 15:18:43',1,0,NULL,NULL),(103,'2023-05-02-photo_2023-05-02_10-57-58.jpg',1,12.00,12.00,2,NULL,'22-4-39','active',NULL,NULL,'2023-05-02 15:20:39','2023-05-02 15:25:25',1,0,NULL,NULL),(104,'2023-05-02-photo_2023-05-02_10-57-46.jpg',1,12.00,12.00,5,NULL,'22-4-41','active',NULL,NULL,'2023-05-02 15:26:03','2023-05-02 15:29:49',1,0,NULL,NULL),(105,'2023-05-02-photo_2023-05-02_11-54-28.jpg',1,10.00,10.00,1,NULL,'22-4-59','active',NULL,NULL,'2023-05-02 15:54:44','2023-05-02 16:00:57',1,0,NULL,NULL),(106,'2023-05-02-photo_2023-05-02_11-54-34.jpg',1,10.00,10.00,1,NULL,'22-4-62','active',NULL,NULL,'2023-05-02 16:01:06','2023-05-02 16:05:16',1,0,NULL,NULL),(107,'2023-05-02-photo_2023-05-02_11-54-22.jpg',1,10.00,10.00,1,NULL,'22-4-60','active',NULL,NULL,'2023-05-02 16:05:33','2023-05-02 16:10:15',1,0,NULL,NULL),(108,'2023-05-02-photo_2023-05-02_13-09-03.jpg',1,6.00,6.00,2,NULL,'22-3-68','active',NULL,NULL,'2023-05-02 17:06:30','2023-05-02 17:17:47',1,0,NULL,NULL),(109,'2023-05-02-photo_2023-05-02_13-08-56.jpg',1,6.00,6.00,2,NULL,'22-3-70','active',NULL,NULL,'2023-05-02 17:19:38','2023-05-02 17:27:21',1,0,NULL,NULL),(110,'2023-05-02-photo_2023-05-02_13-08-51.jpg',1,6.00,6.00,1,NULL,'22-3-67','active',NULL,NULL,'2023-05-02 17:27:42','2023-05-02 17:32:39',1,0,NULL,NULL),(111,'2023-05-02-photo_2023-05-02_13-08-45.jpg',1,6.00,6.00,2,NULL,'22-3-69','active',NULL,NULL,'2023-05-02 17:32:58','2023-05-02 17:36:50',1,0,NULL,NULL),(112,'2023-05-02-photo_2023-05-02_13-09-03.jpg',1,6.00,6.00,2,NULL,'22-3-68','active',NULL,NULL,'2023-05-02 17:37:11','2023-05-02 17:41:40',1,0,NULL,NULL),(113,'2023-05-08-photo_2023-05-08_10-54-31.jpg',1,6.00,6.00,2,NULL,'22-3-71','active',NULL,NULL,'2023-05-08 14:49:21','2023-05-08 14:56:00',1,0,NULL,NULL),(114,'2023-05-08-photo_2023-05-08_10-54-37.jpg',1,6.00,6.00,1,NULL,'22-3-72','active',NULL,NULL,'2023-05-08 14:56:13','2023-05-08 15:00:20',1,0,NULL,NULL),(115,'2023-05-08-photo_2023-05-08_10-48-08.jpg',1,7.00,7.00,2,NULL,'22-3-73','active',NULL,NULL,'2023-05-08 15:01:09','2023-05-08 15:06:31',1,0,NULL,NULL),(116,'2023-05-08-photo_2023-05-08_10-48-14.jpg',1,6.00,6.00,2,NULL,'22-3-64','active',NULL,NULL,'2023-05-08 15:06:39','2023-05-08 15:09:24',1,0,NULL,NULL),(117,'2023-05-08-photo_2023-05-08_10-48-24.jpg',1,7.00,7.00,2,NULL,'22-3-65','active',NULL,NULL,'2023-05-08 15:09:32','2023-05-08 15:13:49',1,0,NULL,NULL),(118,'2023-05-08-photo_2023-05-08_10-48-19.jpg',1,7.00,7.00,2,NULL,'22-3-66','active',NULL,NULL,'2023-05-08 15:13:57','2023-05-08 15:16:44',1,0,NULL,NULL),(119,'2023-05-08-photo_2023-05-08_11-19-32.jpg',1,12.00,12.00,1,NULL,'22-5-44','active',NULL,NULL,'2023-05-08 15:20:00','2023-05-08 15:24:13',1,0,NULL,NULL),(120,'2023-05-08-photo_2023-05-08_11-19-44.jpg',1,12.00,12.00,1,NULL,'22-5-43','active',NULL,NULL,'2023-05-08 15:24:22','2023-05-08 15:27:46',1,0,NULL,NULL),(121,'2023-05-08-photo_2023-05-08_11-19-38.jpg',1,12.00,12.00,1,NULL,'22-5-45','active',NULL,NULL,'2023-05-08 15:27:53','2023-05-08 15:30:58',1,0,NULL,NULL),(122,'2023-05-08-photo_2023-05-08_11-34-38.jpg',1,12.00,12.00,2,NULL,'22-6-107','active',NULL,NULL,'2023-05-08 15:34:52','2023-05-08 15:40:07',1,0,NULL,NULL),(123,'2023-05-09-photo_2023-05-09_11-44-00.jpg',1,10.00,10.00,3,NULL,'22-3-80','active',NULL,NULL,'2023-05-09 15:44:50','2023-05-09 15:49:30',1,0,NULL,NULL),(124,'2023-05-09-photo_2023-05-09_11-44-06.jpg',1,10.00,10.00,3,NULL,'22-3-79','active',NULL,NULL,'2023-05-09 15:49:46','2023-05-09 15:52:56',1,0,NULL,NULL),(125,'2023-05-09-photo_2023-05-09_11-44-12.jpg',1,10.00,10.00,3,NULL,'22-3-78','active',NULL,NULL,'2023-05-09 15:53:07','2023-05-09 15:56:47',1,0,NULL,NULL),(126,NULL,NULL,0.00,0.00,0,NULL,NULL,'pending',NULL,'2023-05-09 16:14:09','2023-05-09 16:01:05','2023-05-09 16:14:09',1,0,NULL,NULL),(127,'2023-05-09-photo_2023-05-09_12-18-47.jpg',1,15.00,15.00,1,NULL,'22-5-31','active',NULL,NULL,'2023-05-09 16:14:10','2023-05-09 16:21:38',1,0,NULL,NULL),(128,'2023-05-09-photo_2023-05-09_12-19-12.jpg',1,15.00,15.00,1,NULL,'22-4-29','active',NULL,NULL,'2023-05-09 16:21:51','2023-05-09 16:26:57',1,0,NULL,NULL),(129,'2023-05-09-photo_2023-05-09_12-19-18.jpg',1,15.00,15.00,1,NULL,'22-4-29','active',NULL,NULL,'2023-05-09 16:27:07','2023-05-09 16:31:35',1,0,NULL,NULL),(130,'2023-05-09-photo_2023-05-09_12-18-53.jpg',1,15.00,15.00,1,NULL,'22-4-31','active',NULL,NULL,'2023-05-09 16:31:43','2023-05-09 16:45:05',1,0,NULL,NULL),(131,'2023-05-09-photo_2023-05-09_12-19-00.jpg',1,15.00,15.00,2,NULL,'22-4-28','active',NULL,NULL,'2023-05-09 16:36:22','2023-05-09 16:40:25',1,0,NULL,NULL),(132,'2023-06-07-photo_2023-06-07_06-07-24.jpg',1,8.00,8.00,3,NULL,'22-4-77','active',NULL,NULL,'2023-06-07 10:08:41','2023-06-07 10:14:19',1,0,NULL,NULL),(133,'2023-06-07-photo_2023-06-07_06-08-03.jpg',1,8.00,8.00,3,NULL,'22-4-76','active',NULL,NULL,'2023-06-07 10:14:33','2023-06-07 10:19:05',1,0,NULL,NULL),(134,'2023-06-07-photo_2023-06-07_06-07-05.jpg',1,6.00,6.00,3,NULL,'22-3-82','active',NULL,NULL,'2023-06-07 10:19:16','2023-06-07 10:24:49',1,0,NULL,NULL),(135,'2023-06-07-photo_2023-06-07_06-07-46.jpg',1,6.00,6.00,3,NULL,'22-3-81','active',NULL,NULL,'2023-06-07 10:25:20','2023-06-07 10:28:43',1,0,NULL,NULL),(136,'2023-06-07-photo_2023-06-07_06-07-39.jpg',1,6.00,6.00,3,NULL,'22-3-83','active',NULL,NULL,'2023-06-07 10:28:50','2023-06-07 10:32:47',1,0,NULL,NULL),(137,'2023-07-02-photo_2023-07-02_10-22-39.jpg',1,65.00,65.00,1,NULL,'1-23-2023','active',NULL,'2023-07-02 16:43:16','2023-07-02 14:32:04','2023-07-02 16:43:16',1,0,NULL,NULL),(138,'2023-07-02-photo_2023-07-02_10-22-33.jpg',1,65.00,65.00,1,NULL,'2-23-2023','active',NULL,'2023-07-02 16:43:11','2023-07-02 14:43:16','2023-07-02 16:43:11',1,0,NULL,NULL),(139,'2023-07-02-photo_2023-07-02_11-36-38.jpg',1,50.00,50.00,1,NULL,'3-18-2023','active',NULL,'2023-07-02 16:43:08','2023-07-02 15:37:13','2023-07-02 16:43:08',1,0,NULL,NULL),(140,'2023-07-02-photo_2023-07-02_11-49-55.jpg',1,45.00,45.00,1,NULL,'4-12-2023','active',NULL,'2023-07-02 16:43:04','2023-07-02 15:44:27','2023-07-02 16:43:04',1,0,NULL,NULL),(141,'2023-07-02-photo_2023-07-02_12-11-54.jpg',1,55.00,55.00,1,NULL,'5-18-2023','active',NULL,'2023-07-02 16:43:00','2023-07-02 16:02:17','2023-07-02 16:43:00',1,0,NULL,NULL),(142,'2023-07-02-photo_2023-07-02_12-10-20.jpg',1,55.00,55.00,1,NULL,'6-18-2023','active',NULL,'2023-07-02 16:42:54','2023-07-02 16:13:40','2023-07-02 16:42:54',1,0,NULL,NULL),(143,NULL,NULL,0.00,0.00,0,NULL,NULL,'pending',NULL,'2023-07-02 16:43:30','2023-07-02 16:31:15','2023-07-02 16:43:30',1,0,NULL,NULL),(144,NULL,NULL,0.00,0.00,0,NULL,NULL,'pending',NULL,'2023-07-02 16:43:34','2023-07-02 16:31:16','2023-07-02 16:43:34',1,0,NULL,NULL),(145,NULL,NULL,0.00,0.00,0,NULL,NULL,'pending',NULL,'2023-07-02 16:43:27','2023-07-02 16:31:30','2023-07-02 16:43:27',1,0,NULL,NULL),(146,'2023-07-02-photo_2023-07-02_10-22-39.jpg',1,45.00,45.00,1,NULL,'1-23-2023','active',NULL,NULL,'2023-07-02 16:36:17','2023-07-07 13:06:04',1,0,NULL,NULL),(147,'2023-07-02-photo_2023-07-02_10-22-33.jpg',1,45.00,45.00,1,NULL,'2-23-2023','active',NULL,NULL,'2023-07-02 16:43:48','2023-07-07 13:04:28',1,0,NULL,NULL),(148,'2023-07-02-photo_2023-07-02_11-36-38.jpg',1,40.00,40.00,1,NULL,'3-18-2023','active',NULL,NULL,'2023-07-02 16:49:29','2023-07-07 13:03:06',1,0,NULL,NULL),(149,'2023-07-02-photo_2023-07-02_11-49-55.jpg',1,35.00,35.00,1,NULL,'4-12-2023','active',NULL,NULL,'2023-07-02 16:54:23','2023-07-07 13:02:32',1,0,NULL,NULL),(150,'2023-07-02-photo_2023-07-02_12-11-54.jpg',1,45.00,45.00,1,NULL,'5-18-2023','active',NULL,NULL,'2023-07-02 16:58:11','2023-07-07 13:00:53',1,0,NULL,NULL),(151,NULL,NULL,0.00,0.00,0,NULL,NULL,'pending',NULL,'2023-07-02 17:05:39','2023-07-02 17:02:07','2023-07-02 17:05:39',1,0,NULL,NULL),(152,'2023-07-02-photo_2023-07-02_12-10-20.jpg',1,45.00,45.00,1,NULL,'6-18-2023','active',NULL,NULL,'2023-07-02 17:02:27','2023-07-07 13:01:51',1,0,NULL,NULL),(153,NULL,NULL,0.00,0.00,0,NULL,NULL,'pending',NULL,'2023-07-07 13:05:39','2023-07-07 13:05:26','2023-07-07 13:05:39',1,0,NULL,NULL),(154,'2023-08-30-photo_2023-08-30_09-53-00.jpg',1,7.00,7.00,5,NULL,'1-3Z-2023','active',NULL,NULL,'2023-08-30 14:03:33','2023-08-30 14:29:11',1,0,NULL,NULL),(155,'2023-08-30-photo_2023-08-30_09-52-24.jpg',1,5.00,5.00,5,NULL,'2-2Z-2023','active',NULL,NULL,'2023-08-30 14:18:33','2023-08-30 14:27:40',1,0,NULL,NULL),(156,'2023-08-30-photo_2023-08-30_09-52-30.jpg',1,10.00,10.00,5,NULL,'3-4Z-2023','active',NULL,NULL,'2023-08-30 14:29:25','2023-08-30 14:37:25',1,0,NULL,NULL),(157,'2023-08-30-photo_2023-08-30_09-52-48.jpg',1,10.00,10.00,5,NULL,'4-4Z-2023','active',NULL,NULL,'2023-08-30 14:37:47','2023-08-30 14:45:11',1,0,NULL,NULL),(158,'2023-08-30-photo_2023-08-30_09-52-55.jpg',1,10.00,10.00,5,NULL,'5-4Z-2023','active',NULL,NULL,'2023-08-30 14:45:28','2023-08-30 14:50:15',1,0,NULL,NULL),(159,'2023-08-30-photo_2023-08-30_09-52-38.jpg',1,5.00,5.00,5,NULL,'6-2Z-2023','active',NULL,NULL,'2023-08-30 14:50:28','2023-08-30 14:58:21',1,0,NULL,NULL),(160,'2023-08-30-photo_2023-08-30_11-14-29.jpg',1,10.00,10.00,5,NULL,'7-3Z-2023','active',NULL,NULL,'2023-08-30 15:14:52','2023-08-30 15:20:52',1,0,NULL,NULL),(161,'2023-08-30-photo_2023-08-30_11-31-07.jpg',1,5.00,5.00,5,NULL,'8-2Z-2023','active',NULL,NULL,'2023-08-30 15:25:45','2023-08-30 15:34:17',1,0,NULL,NULL);

--
-- Table structure for table `public_notifcations`
--

CREATE TABLE `public_notifcations` (
  `id` int unsigned NOT NULL AUTO_INCREMENT,
  `user_id` int unsigned DEFAULT NULL,
  `title` varchar(255) CHARACTER SET utf8mb4 COLLATE utf8mb4_unicode_ci NOT NULL,
  `message` text CHARACTER SET utf8mb4 COLLATE utf8mb4_unicode_ci NOT NULL,
  `data` text CHARACTER SET utf8mb4 COLLATE utf8mb4_unicode_ci NOT NULL,
  `created_at` timestamp NULL DEFAULT NULL,
  `updated_at` timestamp NULL DEFAULT NULL,
  PRIMARY KEY (`id`),
  KEY `public_notifcations_user_id_foreign` (`user_id`)
) ENGINE=InnoDB AUTO_INCREMENT=22 DEFAULT CHARSET=utf8mb4 COLLATE=utf8mb4_unicode_ci;

--
-- Dumping data for table `public_notifcations`
--

INSERT INTO `public_notifcations` (`id`, `user_id`, `title`, `message`, `data`, `created_at`, `updated_at`) VALUES (20,1,'tet','test','{\"image\":\"https:\\/\\/take-kw.com\\/storage\\/images\\/notifications\\/xqs4YZ329nGkzDpXxK5hel51DThdUbevx4sBlwnM.png\"}','2023-01-03 13:28:57','2023-01-03 13:28:57'),(21,1,'جديد TAKE','انظر لمجموعة الشتاء عروض ماتتطوف','{\"image\":null}','2023-01-05 06:17:23','2023-01-05 06:17:23');

--
-- Table structure for table `refund_products`
--

CREATE TABLE `refund_products` (
  `id` int unsigned NOT NULL AUTO_INCREMENT,
  `user_id` int unsigned DEFAULT NULL,
  `product_order_id` int unsigned DEFAULT NULL,
  `product_id` int unsigned DEFAULT NULL,
  `type` varchar(255) CHARACTER SET utf8mb4 COLLATE utf8mb4_unicode_ci DEFAULT NULL,
  `notes` text CHARACTER SET utf8mb4 COLLATE utf8mb4_unicode_ci,
  `created_at` timestamp NULL DEFAULT NULL,
  `updated_at` timestamp NULL DEFAULT NULL,
  `restore` int DEFAULT '0',
  PRIMARY KEY (`id`),
  KEY `refund_products_user_id_foreign` (`user_id`),
  KEY `refund_products_product_id_foreign` (`product_id`),
  KEY `refund_products_product_order_id_foreign` (`product_order_id`)
) ENGINE=InnoDB DEFAULT CHARSET=utf8mb4 COLLATE=utf8mb4_unicode_ci;

--
-- Dumping data for table `refund_products`
--


--
-- Table structure for table `region_translations`
--

CREATE TABLE `region_translations` (
  `id` int unsigned NOT NULL AUTO_INCREMENT,
  `region_id` int unsigned NOT NULL,
  `name` varchar(255) CHARACTER SET utf8mb4 COLLATE utf8mb4_unicode_ci NOT NULL,
  `locale` varchar(255) CHARACTER SET utf8mb4 COLLATE utf8mb4_unicode_ci NOT NULL,
  `created_at` timestamp NULL DEFAULT NULL,
  `updated_at` timestamp NULL DEFAULT NULL,
  `arrival` varchar(191) CHARACTER SET utf8mb4 COLLATE utf8mb4_unicode_ci DEFAULT NULL,
  PRIMARY KEY (`id`),
  UNIQUE KEY `region_translations_region_id_locale_unique` (`region_id`,`locale`),
  KEY `region_translations_locale_index` (`locale`),
  CONSTRAINT `region_translations_ibfk_1` FOREIGN KEY (`region_id`) REFERENCES `regions` (`id`) ON DELETE CASCADE
) ENGINE=InnoDB AUTO_INCREMENT=303 DEFAULT CHARSET=utf8mb4 COLLATE=utf8mb4_unicode_ci;

--
-- Dumping data for table `region_translations`
--

INSERT INTO `region_translations` (`id`, `region_id`, `name`, `locale`, `created_at`, `updated_at`, `arrival`) VALUES (37,19,'مدينة الكويت','ar',NULL,NULL,NULL),(38,19,'kuwait City','en',NULL,NULL,NULL),(41,21,'دسمان','ar',NULL,NULL,NULL),(42,21,'دسمان','en',NULL,NULL,NULL),(43,22,'شرق','ar',NULL,NULL,NULL),(44,22,'شرق','en',NULL,NULL,NULL),(45,23,'الصوابر','ar',NULL,NULL,NULL),(46,23,'الصوابر','en',NULL,NULL,NULL),(47,24,'المرقاب','ar',NULL,NULL,NULL),(48,24,'المرقاب','en',NULL,NULL,NULL),(49,25,'القبلة','ar',NULL,NULL,NULL),(50,25,'القبلة','en',NULL,NULL,NULL),(51,26,'الصالحية','ar',NULL,NULL,NULL),(52,26,'الصالحية','en',NULL,NULL,NULL),(53,27,'الوطية','ar',NULL,NULL,NULL),(54,27,'الوطية','en',NULL,NULL,NULL),(55,28,'بنيد القار','ar',NULL,NULL,NULL),(56,28,'بنيد القار','en',NULL,NULL,NULL),(57,29,'كيفان','ar',NULL,NULL,NULL),(58,29,'كيفان','en',NULL,NULL,NULL),(59,30,'الدوحة','ar',NULL,NULL,NULL),(60,30,'الدوحة','en',NULL,NULL,NULL),(61,31,'الدسمة','ar',NULL,NULL,NULL),(62,31,'الدسمة','en',NULL,NULL,NULL),(63,32,'الدعية','ar',NULL,NULL,NULL),(64,32,'الدعية','en',NULL,NULL,NULL),(65,33,'المنصورية','ar',NULL,NULL,NULL),(66,33,'المنصورية','en',NULL,NULL,NULL),(67,34,'ضاحية عبد الله السالم','ar',NULL,NULL,NULL),(68,34,'ضاحية عبد الله السالم','en',NULL,NULL,NULL),(69,35,'النزهة','ar',NULL,NULL,NULL),(70,35,'النزهة','en',NULL,NULL,NULL),(71,36,'الفيحاء','ar',NULL,NULL,NULL),(72,36,'الفيحاء','en',NULL,NULL,NULL),(73,37,'الشامية','ar',NULL,NULL,NULL),(74,37,'الشامية','en',NULL,NULL,NULL),(75,38,'الروضة','ar',NULL,NULL,NULL),(76,38,'الروضة','en',NULL,NULL,NULL),(77,39,'العديلية','ar',NULL,NULL,NULL),(78,39,'العديلية','en',NULL,NULL,NULL),(79,40,'الخالدية','ar',NULL,NULL,NULL),(80,40,'الخالدية','en',NULL,NULL,NULL),(81,41,'القادسية','ar',NULL,NULL,NULL),(82,41,'القادسية','en',NULL,NULL,NULL),(83,42,'قرطبة','ar',NULL,NULL,NULL),(84,42,'قرطبة','en',NULL,NULL,NULL),(85,43,'السرة','ar',NULL,NULL,NULL),(86,43,'السرة','en',NULL,NULL,NULL),(87,44,'اليرموك','ar',NULL,NULL,NULL),(88,44,'اليرموك','en',NULL,NULL,NULL),(89,45,'الشويخ','ar',NULL,NULL,NULL),(90,45,'الشويخ','en',NULL,NULL,NULL),(91,46,'الري','ar',NULL,NULL,NULL),(92,46,'الري','en',NULL,NULL,NULL),(93,47,'غرناطة','ar',NULL,NULL,NULL),(94,47,'غرناطة','en',NULL,NULL,NULL),(95,48,'الصليبيخات','ar',NULL,NULL,NULL),(96,48,'الصليبيخات','en',NULL,NULL,NULL),(97,49,'النهضة','ar',NULL,NULL,NULL),(98,49,'النهضة','en',NULL,NULL,NULL),(99,50,'مدينة جابر الأحمد','ar',NULL,NULL,NULL),(100,50,'مدينة جابر الأحمد','en',NULL,NULL,NULL),(101,51,'القيروان','ar',NULL,NULL,NULL),(102,51,'القيروان','en',NULL,NULL,NULL),(103,52,'شمال غرب الصليبيخات','ar',NULL,NULL,NULL),(104,52,'شمال غرب الصليبيخات','en',NULL,NULL,NULL),(105,53,'الفنطاس','ar',NULL,NULL,NULL),(106,53,'الفنطاس','en',NULL,NULL,NULL),(107,54,'العقيلة','ar',NULL,NULL,NULL),(108,54,'العقيلة','en',NULL,NULL,NULL),(109,55,'الظهر','ar',NULL,NULL,NULL),(110,55,'الظهر','en',NULL,NULL,NULL),(111,56,'المقوع','ar',NULL,NULL,NULL),(112,56,'المقوع','en',NULL,NULL,NULL),(113,57,'المهبولة','ar',NULL,NULL,NULL),(114,57,'المهبولة','en',NULL,NULL,NULL),(115,58,'الرقة','ar',NULL,NULL,NULL),(116,58,'الرقة','en',NULL,NULL,NULL),(117,59,'هدية','ar',NULL,NULL,NULL),(118,59,'هدية','en',NULL,NULL,NULL),(119,60,'أبو حليفة','ar',NULL,NULL,NULL),(120,60,'أبو حليفة','en',NULL,NULL,NULL),(121,61,'الصباحية','ar',NULL,NULL,NULL),(122,61,'الصباحية','en',NULL,NULL,NULL),(123,62,'المنقف','ar',NULL,NULL,NULL),(124,62,'المنقف','en',NULL,NULL,NULL),(125,63,'الفحيحيل','ar',NULL,NULL,NULL),(126,63,'الفحيحيل','en',NULL,NULL,NULL),(127,64,'الأحمدي','ar',NULL,NULL,NULL),(128,64,'الأحمدي','en',NULL,NULL,NULL),(129,65,'الوفرة','ar',NULL,NULL,NULL),(130,65,'الوفرة','en',NULL,NULL,NULL),(131,66,'الزور','ar',NULL,NULL,NULL),(132,66,'الزور','en',NULL,NULL,NULL),(133,67,'الخيران','ar',NULL,NULL,NULL),(134,67,'الخيران','en',NULL,NULL,NULL),(135,68,'ميناء عبد الله','ar',NULL,NULL,NULL),(136,68,'ميناء عبد الله','en',NULL,NULL,NULL),(137,69,'الوفرة الزراعية','ar',NULL,NULL,NULL),(138,69,'الوفرة الزراعية','en',NULL,NULL,NULL),(139,70,'بنيدر','ar',NULL,NULL,NULL),(140,70,'بنيدر','en',NULL,NULL,NULL),(141,71,'الجليعة','ar',NULL,NULL,NULL),(142,71,'الجليعة','en',NULL,NULL,NULL),(143,72,'الضباعية','ar',NULL,NULL,NULL),(144,72,'الضباعية','en',NULL,NULL,NULL),(145,73,'ضاحية جابر العلي','ar',NULL,NULL,NULL),(146,73,'ضاحية جابر العلي','en',NULL,NULL,NULL),(147,74,'ضاحية فهد الأحمد','ar',NULL,NULL,NULL),(148,74,'ضاحية فهد الأحمد','en',NULL,NULL,NULL),(149,75,'الشعيبة','ar',NULL,NULL,NULL),(150,75,'الشعيبة','en',NULL,NULL,NULL),(151,76,'واره','ar',NULL,NULL,NULL),(152,76,'واره','en',NULL,NULL,NULL),(153,77,'مدينة صباح الأحمد','ar',NULL,NULL,NULL),(154,77,'مدينة صباح الأحمد','en',NULL,NULL,NULL),(155,78,'النويصيب','ar',NULL,NULL,NULL),(156,78,'النويصيب','en',NULL,NULL,NULL),(157,79,'مدينة الخيران','ar',NULL,NULL,NULL),(158,79,'مدينة الخيران','en',NULL,NULL,NULL),(159,80,'ضاحية علي صباح السالم أم الهيمان سابقاً','ar',NULL,NULL,NULL),(160,80,'ضاحية علي صباح السالم أم الهيمان سابقاً','en',NULL,NULL,NULL),(161,81,'مدينة صباح الأحمد البحرية','ar',NULL,NULL,NULL),(162,81,'مدينة صباح الأحمد البحرية','en',NULL,NULL,NULL),(163,82,'أبرق خيطان','ar',NULL,NULL,NULL),(164,82,'أبرق خيطان','en',NULL,NULL,NULL),(165,83,'الأندلس','ar',NULL,NULL,NULL),(166,83,'الأندلس','en',NULL,NULL,NULL),(167,84,'اشبيلية','ar',NULL,NULL,NULL),(168,84,'اشبيلية','en',NULL,NULL,NULL),(169,85,'جليب الشيوخ','ar',NULL,NULL,NULL),(170,85,'جليب الشيوخ','en',NULL,NULL,NULL),(171,86,'خيطان','ar',NULL,NULL,NULL),(172,86,'خيطان','en',NULL,NULL,NULL),(173,87,'خيطان الجديدة','ar',NULL,NULL,NULL),(174,87,'خيطان الجديدة','en',NULL,NULL,NULL),(175,88,'العمرية','ar',NULL,NULL,NULL),(176,88,'العمرية','en',NULL,NULL,NULL),(177,89,'العارضية','ar',NULL,NULL,NULL),(178,89,'العارضية','en',NULL,NULL,NULL),(179,90,'العارضية الصناعية','ar',NULL,NULL,NULL),(180,90,'العارضية الصناعية','en',NULL,NULL,NULL),(181,91,'العباسية','ar',NULL,NULL,NULL),(182,91,'العباسية','en',NULL,NULL,NULL),(183,92,'الفردوس','ar',NULL,NULL,NULL),(184,92,'الفردوس','en',NULL,NULL,NULL),(185,93,'الفروانية','ar',NULL,NULL,NULL),(186,93,'الفروانية','en',NULL,NULL,NULL),(187,94,'الحساوي','ar',NULL,NULL,NULL),(188,94,'الحساوي','en',NULL,NULL,NULL),(189,95,'الشدادية','ar',NULL,NULL,NULL),(190,95,'الشدادية','en',NULL,NULL,NULL),(191,96,'الرابية','ar',NULL,NULL,NULL),(192,96,'الرابية','en',NULL,NULL,NULL),(193,97,'الرحاب','ar',NULL,NULL,NULL),(194,97,'الرحاب','en',NULL,NULL,NULL),(195,98,'الرقعي','ar',NULL,NULL,NULL),(196,98,'الرقعي','en',NULL,NULL,NULL),(197,99,'الري الصناعية','ar',NULL,NULL,NULL),(198,99,'الري الصناعية','en',NULL,NULL,NULL),(199,100,'ضاحية صباح الناصر','ar',NULL,NULL,NULL),(200,100,'ضاحية صباح الناصر','en',NULL,NULL,NULL),(201,101,'ضاحية عبد الله المبارك','ar',NULL,NULL,NULL),(202,101,'ضاحية عبد الله المبارك','en',NULL,NULL,NULL),(203,102,'الضجيج','ar',NULL,NULL,NULL),(204,102,'الضجيج','en',NULL,NULL,NULL),(205,103,'الصليبية','ar',NULL,NULL,NULL),(206,103,'الصليبية','en',NULL,NULL,NULL),(207,104,'أمغرة','ar',NULL,NULL,NULL),(208,104,'أمغرة','en',NULL,NULL,NULL),(209,105,'النعيم','ar',NULL,NULL,NULL),(210,105,'النعيم','en',NULL,NULL,NULL),(211,106,'القصر','ar',NULL,NULL,NULL),(212,106,'القصر','en',NULL,NULL,NULL),(213,107,'الواحة','ar',NULL,NULL,NULL),(214,107,'الواحة','en',NULL,NULL,NULL),(215,108,'تيماء','ar',NULL,NULL,NULL),(216,108,'تيماء','en',NULL,NULL,NULL),(217,109,'النسيم','ar',NULL,NULL,NULL),(218,109,'النسيم','en',NULL,NULL,NULL),(219,110,'العيون','ar',NULL,NULL,NULL),(220,110,'العيون','en',NULL,NULL,NULL),(221,111,'القيصرية','ar',NULL,NULL,NULL),(222,111,'القيصرية','en',NULL,NULL,NULL),(223,112,'العبدلي','ar',NULL,NULL,NULL),(224,112,'العبدلي','en',NULL,NULL,NULL),(225,113,'الجهراء القديمة','ar',NULL,NULL,NULL),(226,113,'الجهراء القديمة','en',NULL,NULL,NULL),(227,114,'الجهراء الجديدة','ar',NULL,NULL,NULL),(228,114,'الجهراء الجديدة','en',NULL,NULL,NULL),(229,115,'كاظمة','ar',NULL,NULL,NULL),(230,115,'كاظمة','en',NULL,NULL,NULL),(231,116,'مدينة سعد العبد الله','ar',NULL,NULL,NULL),(232,116,'مدينة سعد العبد الله','en',NULL,NULL,NULL),(233,117,'السالمي','ar',NULL,NULL,NULL),(234,117,'السالمي','en',NULL,NULL,NULL),(235,118,'المطلاع','ar',NULL,NULL,NULL),(236,118,'المطلاع','en',NULL,NULL,NULL),(237,119,'مدينة الحرير','ar',NULL,NULL,NULL),(238,119,'مدينة الحرير','en',NULL,NULL,NULL),(239,120,'كبد','ar',NULL,NULL,NULL),(240,120,'كبد','en',NULL,NULL,NULL),(241,121,'الروضتين','ar',NULL,NULL,NULL),(242,121,'الروضتين','en',NULL,NULL,NULL),(243,122,'الصبية','ar',NULL,NULL,NULL),(244,122,'الصبية','en',NULL,NULL,NULL),(245,123,'حولي','ar',NULL,NULL,NULL),(246,123,'حولي','en',NULL,NULL,NULL),(247,124,'الشعب','ar',NULL,NULL,NULL),(248,124,'الشعب','en',NULL,NULL,NULL),(249,125,'السالمية','ar',NULL,NULL,NULL),(250,125,'السالمية','en',NULL,NULL,NULL),(251,126,'الرميثية','ar',NULL,NULL,NULL),(252,126,'الرميثية','en',NULL,NULL,NULL),(253,127,'الجابرية','ar',NULL,NULL,NULL),(254,127,'الجابرية','en',NULL,NULL,NULL),(255,128,'مشرف','ar',NULL,NULL,NULL),(256,128,'مشرف','en',NULL,NULL,NULL),(257,129,'بيان','ar',NULL,NULL,NULL),(258,129,'بيان','en',NULL,NULL,NULL),(259,130,'آلبدع','ar',NULL,NULL,NULL),(260,130,'آلبدع','en',NULL,NULL,NULL),(261,131,'النقرة','ar',NULL,NULL,NULL),(262,131,'النقرة','en',NULL,NULL,NULL),(263,132,'ميدان حولي','ar',NULL,NULL,NULL),(264,132,'ميدان حولي','en',NULL,NULL,NULL),(265,133,'ضاحية مبارك العبد الله الجابر','ar',NULL,NULL,NULL),(266,133,'ضاحية مبارك العبد الله الجابر','en',NULL,NULL,NULL),(267,134,'سلوى','ar',NULL,NULL,NULL),(268,134,'سلوى','en',NULL,NULL,NULL),(269,135,'جنوب السرة','ar',NULL,NULL,NULL),(270,135,'جنوب السرة','en',NULL,NULL,NULL),(271,136,'الزهراء','ar',NULL,NULL,NULL),(272,136,'الزهراء','en',NULL,NULL,NULL),(273,137,'الصديق','ar',NULL,NULL,NULL),(274,137,'الصديق','en',NULL,NULL,NULL),(275,138,'حطين','ar',NULL,NULL,NULL),(276,138,'حطين','en',NULL,NULL,NULL),(277,139,'السلام','ar',NULL,NULL,NULL),(278,139,'السلام','en',NULL,NULL,NULL),(279,140,'الشهداء','ar',NULL,NULL,NULL),(280,140,'الشهداء','en',NULL,NULL,NULL),(281,141,'العدان','ar',NULL,NULL,NULL),(282,141,'العدان','en',NULL,NULL,NULL),(283,142,'القصور','ar',NULL,NULL,NULL),(284,142,'القصور','en',NULL,NULL,NULL),(285,143,'القرين','ar',NULL,NULL,NULL),(286,143,'القرين','en',NULL,NULL,NULL),(287,144,'ضاحية صباح السالم','ar',NULL,NULL,NULL),(288,144,'ضاحية صباح السالم','en',NULL,NULL,NULL),(289,145,'المسيلة','ar',NULL,NULL,NULL),(290,145,'المسيلة','en',NULL,NULL,NULL),(291,146,'المسايل','ar',NULL,NULL,NULL),(292,146,'المسايل','en',NULL,NULL,NULL),(293,147,'أبو فطيرة','ar',NULL,NULL,NULL),(294,147,'أبو فطيرة','en',NULL,NULL,NULL),(295,148,'أبو الحصانية','ar',NULL,NULL,NULL),(296,148,'أبو الحصانية','en',NULL,NULL,NULL),(297,149,'صبحان','ar',NULL,NULL,NULL),(298,149,'صبحان','en',NULL,NULL,NULL),(299,150,'الفنيطيس','ar',NULL,NULL,NULL),(300,151,'ضاحية مبارك الكبير','ar',NULL,NULL,NULL),(301,150,'الفنيطيس','en',NULL,NULL,NULL),(302,151,'ضاحية مبارك الكبير','en',NULL,NULL,NULL);

--
-- Table structure for table `regions`
--

CREATE TABLE `regions` (
  `id` int unsigned NOT NULL AUTO_INCREMENT,
  `status` tinyint(1) NOT NULL DEFAULT '1',
  `address_address` varchar(255) CHARACTER SET utf8mb4 COLLATE utf8mb4_unicode_ci DEFAULT NULL,
  `address_latitude` double DEFAULT NULL,
  `address_longitude` double DEFAULT NULL,
  `governments_id` int unsigned NOT NULL,
  `created_at` timestamp NULL DEFAULT NULL,
  `updated_at` timestamp NULL DEFAULT NULL,
  PRIMARY KEY (`id`),
  KEY `regions_governments_id_foreign` (`governments_id`)
) ENGINE=InnoDB AUTO_INCREMENT=152 DEFAULT CHARSET=utf8mb4 COLLATE=utf8mb4_unicode_ci;

--
-- Dumping data for table `regions`
--

INSERT INTO `regions` (`id`, `status`, `address_address`, `address_latitude`, `address_longitude`, `governments_id`, `created_at`, `updated_at`) VALUES (19,1,'Kuwait City, Kuwait',29.375859,47.9774052,4,'2022-08-20 10:45:28','2022-08-20 10:45:28'),(21,1,'دسمان، Kuwait City, Kuwait',29.3878041,47.9997896,4,'2022-08-20 10:50:16','2022-08-20 10:50:16'),(22,1,'شرق، Kuwait City, Kuwait',29.3823227,47.9886442,4,'2022-08-20 10:51:24','2022-08-20 10:51:24'),(23,1,'الصوابر، Kuwait City, Kuwait',29.3763692,47.9824533,4,'2022-08-20 10:54:01','2022-08-20 10:54:01'),(24,1,'المرقاب، Kuwait City, Kuwait',29.3661375,47.98369150000001,4,'2022-08-20 10:54:29','2022-08-20 10:54:29'),(25,1,'القبلة، Kuwait City, Kuwait',29.369934,47.96883589999999,4,'2022-08-20 10:54:51','2022-08-20 10:54:51'),(26,1,'الصالحية، Kuwait City, Kuwait',29.3635088,47.9675981,4,'2022-08-20 10:55:13','2022-08-20 10:55:13'),(27,1,'الوطيه، Kuwait City, Kuwait',29.3644652,47.9640737,4,'2022-08-20 10:55:39','2022-08-20 10:55:39'),(28,1,'بنيد القار، Kuwait',29.3748727,48.0042721,4,'2022-08-20 10:56:03','2022-08-20 10:56:03'),(29,1,'كيفان، Kuwait',29.3375672,47.9589345,4,'2022-08-20 10:56:33','2022-08-20 10:56:33'),(30,1,'الدوحة، Kuwait',29.3155169,47.8155695,4,'2022-08-20 10:56:54','2022-08-20 10:56:54'),(31,1,'الدسمة، Kuwait',29.3664336,48.000698,4,'2022-08-20 10:57:27','2022-08-20 10:57:27'),(32,1,'الدعية، Kuwait',29.3604396,48.0183705,4,'2022-08-20 10:57:51','2022-08-20 10:57:51'),(33,1,'المنصورية، Kuwait',29.3573377,47.9948358,4,'2022-08-20 10:58:09','2022-08-20 10:58:09'),(34,1,'ضاحية عبدالله السالم، Kuwait',29.3518587,47.98369150000001,4,'2022-08-20 10:58:32','2022-08-20 10:58:32'),(35,1,'النزهة، Kuwait',29.3413899,47.9935975,4,'2022-08-20 10:59:10','2022-08-20 10:59:10'),(36,1,'الفيحاء، Kuwait',29.3404328,47.9787391,4,'2022-08-20 10:59:32','2022-08-20 10:59:32'),(37,1,'الشامية، Kuwait',29.35089859999999,47.96883589999999,4,'2022-08-20 10:59:52','2022-08-20 10:59:52'),(38,1,'الروضة، Kuwait',29.3290126,47.99855119999999,4,'2022-08-20 11:00:15','2022-08-20 11:00:15'),(39,1,'العديلية، Kuwait',29.328058,47.98369150000001,4,'2022-08-20 11:00:38','2022-08-20 11:00:38'),(40,1,'الخالدية، Kuwait',29.3251956,47.9638849,4,'2022-08-20 11:00:57','2022-08-20 11:00:57'),(41,1,'القادسية، Kuwait',29.3499618,48.0035053,4,'2022-08-20 11:01:21','2022-08-20 11:01:21'),(42,1,'قرطبة، Kuwait',29.3123481,47.9861678,4,'2022-08-20 11:01:57','2022-08-20 11:01:57'),(43,1,'السرة، Kuwait',29.3137752,48.0084599,4,'2022-08-20 11:02:14','2022-08-20 11:02:14'),(44,1,'اليرموك، Kuwait',29.3128217,47.96883589999999,4,'2022-08-20 11:02:37','2022-08-20 11:02:37'),(45,1,'الشويخ، Kuwait',29.354444,47.909722,4,'2022-08-20 11:03:08','2022-08-20 11:03:08'),(46,1,'الري، Kuwait',29.3080538,47.9440857,4,'2022-08-20 11:03:47','2022-08-20 11:03:47'),(47,1,'غرناطة، Kuwait',29.312521,47.8785532,4,'2022-08-20 11:04:05','2022-08-20 11:04:05'),(48,1,'الصليبيخات، Kuwait',29.3155591,47.84026009999999,4,'2022-08-20 11:04:57','2022-08-20 11:04:57'),(49,1,'النهضة، Kuwait',29.3041767,47.86002080000001,4,'2022-08-20 11:05:17','2022-08-20 11:05:17'),(50,1,'مدينة جابر الأحمد، Jaber Al Ahmad, Kuwait',29.3481663,47.7588245,4,'2022-08-20 11:05:52','2022-08-20 11:05:52'),(51,1,'القيروان، Kuwait',29.3002821,47.8007606,4,'2022-08-20 11:06:15','2022-08-20 11:06:15'),(52,1,'شمال غرب الصليبيخات، Kuwait',29.3278632,47.8106327,4,'2022-08-20 11:06:32','2022-08-20 11:06:32'),(53,1,'الفنطاس، Kuwait',29.1704692,48.1193001,5,'2022-08-20 11:06:56','2022-08-20 11:06:56'),(54,1,'العقيلة، Kuwait',29.1686861,48.10094609999999,5,'2022-08-20 11:07:17','2022-08-20 11:07:17'),(55,1,'الظهر، Kuwait',29.1650224,48.0679507,5,'2022-08-20 11:07:36','2022-08-20 11:07:36'),(56,1,'المقوع, 211, Ahmadi, Kuwait',29.1297536,48.0779894,5,'2022-08-20 11:08:50','2022-08-20 11:08:50'),(57,1,'المهبولة، Kuwait',29.1496559,48.1191986,5,'2022-08-20 11:09:10','2022-08-20 11:09:10'),(58,1,'الرقة، Kuwait',29.1504085,48.1050756,5,'2022-08-20 11:09:30','2022-08-20 11:09:30'),(59,1,'هدية، Kuwait',29.1458815,48.092758,5,'2022-08-20 11:10:30','2022-08-20 11:10:30'),(60,1,'أبو حليفة، Kuwait',29.1281522,48.1259111,5,'2022-08-20 11:10:50','2022-08-20 11:10:50'),(61,1,'الصباحية، Kuwait',29.1081627,48.1058589,5,'2022-08-20 11:11:10','2022-08-20 11:11:10'),(62,1,'المنقف، Kuwait',29.1070609,48.1239894,5,'2022-08-20 11:11:30','2022-08-20 11:11:30'),(63,1,'الفحيحيل، Kuwait',29.083128,48.1334643,5,'2022-08-20 11:11:51','2022-08-20 11:11:51'),(64,1,'الأحمدي، Kuwait',29.083461,48.07347619999999,5,'2022-08-20 11:12:14','2022-08-20 11:12:14'),(65,1,'الوفرة، Kuwait',28.5930251,48.1048515,5,'2022-08-20 11:12:35','2022-08-20 11:12:35'),(66,1,'الزور، Kuwait',28.711697,48.3289951,5,'2022-08-20 11:12:50','2022-08-20 11:12:50'),(67,1,'الخيران، Kuwait',28.6691107,48.36888339999999,5,'2022-08-20 11:13:12','2022-08-20 11:13:12'),(68,1,'ميناء عبد الله، Kuwait',29.008169,48.161171,5,'2022-08-20 11:13:32','2022-08-20 11:13:32'),(69,1,'الوفرة الزراعية، Al Wafrah, Kuwait',28.558333,48.0433289,5,'2022-08-20 11:13:55','2022-08-20 11:13:55'),(70,1,'بنيدر، Al Ad\'ami, Kuwait',28.7762968,48.2841556,5,'2022-08-20 11:14:31','2022-08-20 11:14:31'),(71,1,'الجليعة، Kuwait',28.8844085,48.2629941,5,'2022-08-20 11:14:50','2022-08-20 11:14:50'),(72,1,'الضباعية، Kuwait',28.9343154,48.2020454,5,'2022-08-20 11:15:09','2022-08-20 11:15:09'),(73,1,'ضاحية جابر العلي، Kuwait',29.1691087,48.0825523,5,'2022-08-20 11:15:28','2022-08-20 11:15:28'),(74,1,'ضاحية فهد الأحمد',29.1691087,48.0825523,5,'2022-08-20 11:15:56','2022-08-20 11:15:56'),(75,1,'الشعيبة، Kuwait',28.96126049999999,48.1172091,5,'2022-08-20 11:16:20','2022-08-20 11:16:20'),(76,1,'وارة، Kuwait',28.98333329999999,47.95,5,'2022-08-20 11:16:53','2022-08-20 11:16:53'),(77,1,'مدينة صباح الأحمد السكنية، Sabah Al Ahmad, Kuwait',28.7822609,48.0633687,5,'2022-08-20 11:17:31','2022-08-20 11:17:31'),(78,1,'النويصيب، Kuwait',28.5923698,48.36888339999999,5,'2022-08-20 11:17:47','2022-08-20 11:17:47'),(79,1,'الخيران، Kuwait',28.6691107,48.36888339999999,5,'2022-08-20 11:18:15','2022-08-20 11:18:15'),(80,1,'مركز شباب ضاحية علي صباح السالم, Ali Sabah Al Salem, Kuwait',28.9524161,48.1495658,5,'2022-08-20 11:18:42','2022-08-20 11:18:42'),(81,1,'مدينة صباح الاحمد البحرية، Kuwait',28.9201314,48.0992275,5,'2022-08-20 11:19:14','2022-08-20 11:19:14'),(82,1,'أبرق خيطان',29.2840931,47.9751042,6,'2022-08-20 11:20:10','2022-08-20 11:20:10'),(83,1,'الأندلس، Kuwait',29.3042048,47.8847321,6,'2022-08-20 11:20:32','2022-08-20 11:20:32'),(84,1,'إشبيلية، Kuwait',29.2728333,47.9391371,6,'2022-08-20 11:20:54','2022-08-20 11:20:54'),(85,1,'جليب الشيوخ، Kuwait',29.2595663,47.9330522,6,'2022-08-20 11:21:17','2022-08-20 11:21:17'),(86,1,'خيطان، Kuwait',29.2840931,47.9751042,6,'2022-08-20 11:21:36','2022-08-20 11:21:36'),(87,1,'خيطان الجديدة',29.2840931,47.9751042,6,'2022-08-20 11:21:54','2022-08-20 11:21:54'),(88,1,'العمرية، Kuwait',29.2958138,47.9556801,6,'2022-08-20 11:22:11','2022-08-20 11:22:11'),(89,1,'العارضية',29.2958138,47.9556801,6,'2022-08-20 11:22:31','2022-08-20 11:22:31'),(90,1,'العارضية الصناعية، Ardiya, Kuwait',29.2947115,47.9094547,6,'2022-08-20 11:22:51','2022-08-20 11:22:51'),(91,1,'العباسية',29.2947115,47.9094547,6,'2022-08-20 11:23:33','2022-08-20 11:23:33'),(92,1,'الفردوس',29.2947115,47.9094547,6,'2022-08-20 11:23:49','2022-08-20 11:23:49'),(93,1,'الفروانية، Kuwait',29.281596,47.96025179999999,6,'2022-08-20 11:24:20','2022-08-20 11:24:20'),(94,1,'الحساوي',29.281596,47.96025179999999,6,'2022-08-20 11:24:37','2022-08-20 11:24:37'),(95,1,'الشدادية، Kuwait',29.2590213,47.897092,6,'2022-08-20 11:24:55','2022-08-20 11:24:55'),(96,1,'الرابية، Kuwait',29.29663009999999,47.9391371,6,'2022-08-20 11:25:14','2022-08-20 11:25:14'),(97,1,'الرحاب، Kuwait',29.2852067,47.9341889,6,'2022-08-20 11:25:32','2022-08-20 11:25:32'),(98,1,'الرقعي، Kuwait',29.3061333,47.91440069999999,6,'2022-08-20 11:25:48','2022-08-20 11:25:48'),(99,1,'الري الصناعية',29.3061333,47.91440069999999,6,'2022-08-20 11:26:07','2022-08-20 11:26:07'),(100,1,'صباح الناصر، Kuwait',29.2707391,47.8831023,6,'2022-08-20 11:26:26','2022-08-20 11:26:26'),(101,1,'ضاحية مبارك العبدالله، Kuwait',29.2765981,48.0481132,6,'2022-08-20 11:26:46','2022-08-20 11:26:46'),(102,1,'الضجيج، Kuwait',29.2620388,47.9630143,6,'2022-08-20 11:27:09','2022-08-20 11:27:09'),(103,1,'الصليبية، Kuwait',29.2855773,47.81803800000001,7,'2022-08-20 11:27:33','2022-08-20 11:27:33'),(104,1,'أمغرة، Al Jahra, Kuwait',29.3,47.7333333,7,'2022-08-20 11:27:54','2022-08-20 11:27:54'),(105,1,'النعيم، Al Jahra, Kuwait',29.3334892,47.6935198,7,'2022-08-20 11:28:13','2022-08-20 11:28:13'),(106,1,'القصر، Al Jahra, Kuwait',29.3408578,47.6972141,7,'2022-08-20 11:28:47','2022-08-20 11:28:47'),(107,1,'الواحة',29.3408578,47.6972141,7,'2022-08-20 11:30:29','2022-08-20 11:30:29'),(108,1,'تيماء',29.3408578,47.6972141,7,'2022-08-20 11:30:52','2022-08-20 11:30:52'),(109,1,'النسيم',29.3408578,47.6972141,7,'2022-08-20 11:31:10','2022-08-20 11:31:10'),(110,1,'العيون',0,0,7,'2022-08-20 11:31:53','2022-08-20 11:31:53'),(111,1,'القيصرية',0,0,7,'2022-08-20 11:32:09','2022-08-20 11:32:09'),(112,1,'العبدلي',0,0,7,'2022-08-20 11:32:26','2022-08-20 11:32:26'),(113,1,'الجهراء القديمة',0,0,7,'2022-08-20 11:32:43','2022-08-20 11:32:43'),(114,1,'الجهراء الجديدة',0,0,7,'2022-08-20 11:33:00','2022-08-20 11:33:00'),(115,1,'كاظمة',0,0,7,'2022-08-20 11:33:15','2022-08-20 11:33:15'),(116,1,'مدينة سعد العبد الله',0,0,7,'2022-08-20 11:33:31','2022-08-20 11:33:31'),(117,1,'السالمي',0,0,7,'2022-08-20 11:33:46','2022-08-20 11:33:46'),(118,1,'المطلاع',0,0,7,'2022-08-20 11:33:59','2022-08-20 11:33:59'),(119,1,'مدينة الحرير',0,0,7,'2022-08-20 11:34:16','2022-08-20 11:34:16'),(120,1,'كبد',0,0,7,'2022-08-20 11:34:35','2022-08-20 11:34:35'),(121,1,'الروضتين',0,0,7,'2022-08-20 11:35:18','2022-08-20 11:35:18'),(122,1,'الصبية',0,0,7,'2022-08-20 11:35:35','2022-08-20 11:35:35'),(123,1,'حولي',0,0,8,'2022-08-20 11:36:01','2022-08-20 11:36:01'),(124,1,'الشعب',0,0,8,'2022-08-20 11:36:18','2022-08-20 11:36:18'),(125,1,'السالمية',0,0,8,'2022-08-20 11:36:38','2022-08-20 11:36:38'),(126,1,'الرميثية',0,0,8,'2022-08-20 11:37:06','2022-08-20 11:37:06'),(127,1,'الجابرية',0,0,8,'2022-08-20 11:37:35','2022-08-20 11:37:35'),(128,1,'مشرف',0,0,8,'2022-08-20 11:38:06','2022-08-20 11:38:06'),(129,1,'بيان',0,0,8,'2022-08-20 11:38:28','2022-08-20 11:38:28'),(130,1,'آلبدع',0,0,8,'2022-08-20 11:38:41','2022-08-20 11:38:41'),(131,1,'النقرة',0,0,8,'2022-08-20 11:38:56','2022-08-20 11:38:56'),(132,1,'ميدان حولي',0,0,8,'2022-08-20 11:39:11','2022-08-20 11:39:11'),(133,1,'ضاحية مبارك العبد الله الجابر',0,0,8,'2022-08-20 11:39:29','2022-08-20 11:39:29'),(134,1,'سلوى',0,0,8,'2022-08-20 11:39:49','2022-08-20 11:39:49'),(135,1,'جنوب السرة',0,0,8,'2022-08-20 11:40:11','2022-08-20 11:40:11'),(136,1,'الزهراء',0,0,8,'2022-08-20 11:40:29','2022-08-20 11:40:29'),(137,1,'الصديق',0,0,8,'2022-08-20 11:40:44','2022-08-20 11:40:44'),(138,1,'حطين',0,0,8,'2022-08-20 11:41:03','2022-08-20 11:41:03'),(139,1,'السلام',0,0,8,'2022-08-20 11:41:19','2022-08-20 11:41:19'),(140,1,'الشهداء',0,0,8,'2022-08-20 11:41:37','2022-08-20 11:41:37'),(141,1,'العدان',0,0,9,'2022-08-20 11:41:55','2022-08-20 11:41:55'),(142,1,'القصور',0,0,9,'2022-08-20 11:42:14','2022-08-20 11:42:14'),(143,1,'القرين',0,0,9,'2022-08-20 11:42:29','2022-08-20 11:42:29'),(144,1,'ضاحية صباح السالم',0,0,9,'2022-08-20 11:42:46','2022-08-20 11:42:46'),(145,1,'المسيلة',0,0,9,'2022-08-20 11:43:05','2022-08-20 11:43:05'),(146,1,'المسايل',0,0,9,'2022-08-20 11:43:23','2022-08-20 11:43:23'),(147,1,'أبو فطيرة',0,0,9,'2022-08-20 11:43:40','2022-08-20 11:43:40'),(148,1,'أبو الحصانية',0,0,9,'2022-08-20 11:43:56','2022-08-20 11:43:56'),(149,1,'صبحان',0,0,9,'2022-08-20 11:44:16','2022-08-20 11:44:16'),(150,1,'الفنيطيس',0,0,9,'2022-08-20 11:44:56','2022-08-20 11:44:56'),(151,1,'ضاحية مبارك الكبير',0,0,9,'2022-08-20 11:44:56','2022-08-20 11:45:44');

--
-- Table structure for table `role_user`
--

CREATE TABLE `role_user` (
  `role_id` bigint unsigned NOT NULL,
  `user_id` bigint unsigned NOT NULL,
  `user_type` varchar(255) CHARACTER SET utf8mb4 COLLATE utf8mb4_unicode_ci NOT NULL,
  PRIMARY KEY (`user_id`,`role_id`,`user_type`),
  KEY `role_user_role_id_foreign` (`role_id`)
) ENGINE=InnoDB DEFAULT CHARSET=utf8mb4 COLLATE=utf8mb4_unicode_ci;

--
-- Dumping data for table `role_user`
--

INSERT INTO `role_user` (`role_id`, `user_id`, `user_type`) VALUES (1,1,'App\\Models\\User'),(2,3,'App\\Models\\User'),(2,6,'App\\Models\\User'),(2,7,'App\\Models\\User'),(2,8,'App\\Models\\User'),(2,9,'App\\Models\\User'),(2,10,'App\\Models\\User'),(2,11,'App\\Models\\User'),(2,12,'App\\Models\\User'),(2,15,'App\\Models\\User'),(2,18,'App\\Models\\User'),(2,19,'App\\Models\\User'),(2,24,'App\\Models\\User'),(2,27,'App\\Models\\User'),(2,39,'App\\Models\\User'),(2,40,'App\\Models\\User'),(2,41,'App\\Models\\User'),(2,42,'App\\Models\\User'),(2,43,'App\\Models\\User'),(2,44,'App\\Models\\User'),(2,45,'App\\Models\\User'),(2,46,'App\\Models\\User'),(2,57,'App\\Models\\User'),(2,59,'App\\Models\\User'),(2,60,'App\\Models\\User'),(2,61,'App\\Models\\User'),(2,62,'App\\Models\\User'),(2,63,'App\\Models\\User'),(2,64,'App\\Models\\User'),(2,65,'App\\Models\\User'),(2,66,'App\\Models\\User'),(2,67,'App\\Models\\User'),(2,68,'App\\Models\\User'),(2,69,'App\\Models\\User'),(2,70,'App\\Models\\User'),(2,71,'App\\Models\\User'),(2,73,'App\\Models\\User'),(2,74,'App\\Models\\User'),(2,83,'App\\Models\\User'),(2,93,'App\\Models\\User'),(2,94,'App\\Models\\User'),(2,95,'App\\Models\\User'),(2,96,'App\\Models\\User'),(2,97,'App\\Models\\User'),(2,98,'App\\Models\\User'),(2,99,'App\\Models\\User'),(2,101,'App\\Models\\User'),(2,109,'App\\Models\\User'),(2,110,'App\\Models\\User'),(2,111,'App\\Models\\User'),(2,112,'App\\Models\\User'),(2,114,'App\\Models\\User'),(2,115,'App\\Models\\User'),(2,116,'App\\Models\\User'),(2,150,'App\\Models\\User'),(2,151,'App\\Models\\User'),(2,170,'App\\Models\\User'),(2,193,'App\\Models\\User'),(2,195,'App\\Models\\User'),(2,197,'App\\Models\\User'),(2,198,'App\\Models\\User'),(2,199,'App\\Models\\User'),(2,200,'App\\Models\\User'),(2,201,'App\\Models\\User'),(2,202,'App\\Models\\User'),(2,203,'App\\Models\\User'),(2,204,'App\\Models\\User'),(2,205,'App\\Models\\User'),(2,206,'App\\Models\\User'),(2,207,'App\\Models\\User'),(2,208,'App\\Models\\User'),(2,209,'App\\Models\\User'),(2,210,'App\\Models\\User'),(2,211,'App\\Models\\User'),(2,212,'App\\Models\\User'),(2,213,'App\\Models\\User'),(2,214,'App\\Models\\User'),(2,215,'App\\Models\\User'),(2,217,'App\\Models\\User'),(2,218,'App\\Models\\User'),(2,219,'App\\Models\\User'),(2,220,'App\\Models\\User'),(2,221,'App\\Models\\User'),(2,222,'App\\Models\\User'),(2,223,'App\\Models\\User'),(2,224,'App\\Models\\User'),(2,225,'App\\Models\\User'),(3,55,'App\\Models\\User'),(3,58,'App\\Models\\User'),(3,100,'App\\Models\\User'),(4,190,'App\\Models\\User'),(4,191,'App\\Models\\User'),(4,192,'App\\Models\\User'),(4,194,'App\\Models\\User'),(5,55,'App\\Models\\User'),(5,58,'App\\Models\\User'),(6,100,'App\\Models\\User');

--
-- Table structure for table `roles`
--

CREATE TABLE `roles` (
  `id` bigint unsigned NOT NULL AUTO_INCREMENT,
  `name` varchar(255) CHARACTER SET utf8mb4 COLLATE utf8mb4_unicode_ci NOT NULL,
  `display_name` varchar(255) CHARACTER SET utf8mb4 COLLATE utf8mb4_unicode_ci DEFAULT NULL,
  `description` varchar(255) CHARACTER SET utf8mb4 COLLATE utf8mb4_unicode_ci DEFAULT NULL,
  `created_at` timestamp NULL DEFAULT NULL,
  `updated_at` timestamp NULL DEFAULT NULL,
  PRIMARY KEY (`id`),
  UNIQUE KEY `roles_name_unique` (`name`)
) ENGINE=InnoDB AUTO_INCREMENT=7 DEFAULT CHARSET=utf8mb4 COLLATE=utf8mb4_unicode_ci;

--
-- Dumping data for table `roles`
--

INSERT INTO `roles` (`id`, `name`, `display_name`, `description`, `created_at`, `updated_at`) VALUES (1,'super_admin','Super Admin','Super Admin','2022-06-21 09:32:18','2022-06-21 09:32:18'),(2,'clients','Clients','Clients','2022-06-21 09:32:18','2022-06-21 09:32:18'),(3,'admin','Admin','Admin','2022-06-21 09:32:18','2022-06-21 09:32:18'),(4,'Tager','Tager','Tager','2022-06-21 09:32:18','2022-06-21 09:32:18'),(5,'Driver',NULL,NULL,'2022-06-25 08:47:45','2022-06-25 08:47:45'),(6,'admin_user',NULL,NULL,'2022-07-20 11:55:03','2022-07-20 11:55:03');

--
-- Table structure for table `shipping_type_translations`
--

CREATE TABLE `shipping_type_translations` (
  `id` int unsigned NOT NULL AUTO_INCREMENT,
  `shipping_type_id` int unsigned NOT NULL,
  `title` varchar(255) CHARACTER SET utf8mb4 COLLATE utf8mb4_unicode_ci DEFAULT NULL,
  `locale` varchar(255) CHARACTER SET utf8mb4 COLLATE utf8mb4_unicode_ci NOT NULL,
  `created_at` timestamp NULL DEFAULT NULL,
  `updated_at` timestamp NULL DEFAULT NULL,
  PRIMARY KEY (`id`),
  UNIQUE KEY `shipping_type_translations_shipping_type_id_locale_unique` (`shipping_type_id`,`locale`)
) ENGINE=InnoDB DEFAULT CHARSET=utf8mb4 COLLATE=utf8mb4_unicode_ci;

--
-- Dumping data for table `shipping_type_translations`
--


--
-- Table structure for table `shipping_types`
--

CREATE TABLE `shipping_types` (
  `id` int unsigned NOT NULL AUTO_INCREMENT,
  `image` varchar(255) CHARACTER SET utf8mb4 COLLATE utf8mb4_unicode_ci DEFAULT NULL,
  `type` int NOT NULL DEFAULT '0',
  `status` int NOT NULL DEFAULT '0',
  `created_at` timestamp NULL DEFAULT NULL,
  `updated_at` timestamp NULL DEFAULT NULL,
  PRIMARY KEY (`id`)
) ENGINE=InnoDB DEFAULT CHARSET=utf8mb4 COLLATE=utf8mb4_unicode_ci;

--
-- Dumping data for table `shipping_types`
--


--
-- Table structure for table `short_terms`
--

CREATE TABLE `short_terms` (
  `id` int unsigned NOT NULL AUTO_INCREMENT,
  `Ticket` varchar(255) CHARACTER SET utf8mb4 COLLATE utf8mb4_unicode_ci NOT NULL,
  `AccountNo` varchar(255) CHARACTER SET utf8mb4 COLLATE utf8mb4_unicode_ci NOT NULL,
  `Action` varchar(255) CHARACTER SET utf8mb4 COLLATE utf8mb4_unicode_ci NOT NULL,
  `FirstSymbol` varchar(255) CHARACTER SET utf8mb4 COLLATE utf8mb4_unicode_ci NOT NULL,
  `PriceCurrent` varchar(255) CHARACTER SET utf8mb4 COLLATE utf8mb4_unicode_ci NOT NULL,
  `PriceOpen` varchar(255) CHARACTER SET utf8mb4 COLLATE utf8mb4_unicode_ci NOT NULL,
  `PriceSL` varchar(255) CHARACTER SET utf8mb4 COLLATE utf8mb4_unicode_ci NOT NULL,
  `PriceTP` varchar(255) CHARACTER SET utf8mb4 COLLATE utf8mb4_unicode_ci NOT NULL,
  `Profit` varchar(255) CHARACTER SET utf8mb4 COLLATE utf8mb4_unicode_ci NOT NULL,
  `SecondSymbol` varchar(255) CHARACTER SET utf8mb4 COLLATE utf8mb4_unicode_ci NOT NULL,
  `Symbol` varchar(255) CHARACTER SET utf8mb4 COLLATE utf8mb4_unicode_ci DEFAULT NULL,
  `Time` varchar(255) CHARACTER SET utf8mb4 COLLATE utf8mb4_unicode_ci NOT NULL,
  `Volume` varchar(255) CHARACTER SET utf8mb4 COLLATE utf8mb4_unicode_ci NOT NULL,
  `created_at` timestamp NULL DEFAULT NULL,
  `updated_at` timestamp NULL DEFAULT NULL,
  PRIMARY KEY (`id`)
) ENGINE=InnoDB DEFAULT CHARSET=utf8mb4 COLLATE=utf8mb4_unicode_ci;

--
-- Dumping data for table `short_terms`
--


--
-- Table structure for table `slider_translations`
--

CREATE TABLE `slider_translations` (
  `id` int unsigned NOT NULL AUTO_INCREMENT,
  `slider_id` int unsigned NOT NULL,
  `name` varchar(255) CHARACTER SET utf8mb4 COLLATE utf8mb4_unicode_ci DEFAULT NULL,
  `content` varchar(255) CHARACTER SET utf8mb4 COLLATE utf8mb4_unicode_ci DEFAULT NULL,
  `locale` varchar(255) CHARACTER SET utf8mb4 COLLATE utf8mb4_unicode_ci NOT NULL,
  `created_at` timestamp NULL DEFAULT NULL,
  `updated_at` timestamp NULL DEFAULT NULL,
  PRIMARY KEY (`id`),
  UNIQUE KEY `slider_translations_slider_id_locale_unique` (`slider_id`,`locale`),
  KEY `slider_translations_locale_index` (`locale`)
) ENGINE=InnoDB DEFAULT CHARSET=utf8mb4 COLLATE=utf8mb4_unicode_ci;

--
-- Dumping data for table `slider_translations`
--


--
-- Table structure for table `sliders`
--

CREATE TABLE `sliders` (
  `id` int unsigned NOT NULL AUTO_INCREMENT,
  `image` varchar(255) CHARACTER SET utf8mb4 COLLATE utf8mb4_unicode_ci NOT NULL,
  `type` enum('none','category','product') CHARACTER SET utf8mb4 COLLATE utf8mb4_unicode_ci NOT NULL DEFAULT 'none',
  `id_number` int DEFAULT NULL,
  `status` varchar(255) CHARACTER SET utf8mb4 COLLATE utf8mb4_unicode_ci NOT NULL DEFAULT '1',
  `created_at` timestamp NULL DEFAULT NULL,
  `updated_at` timestamp NULL DEFAULT NULL,
  `typeImage` varchar(191) CHARACTER SET utf8mb4 COLLATE utf8mb4_unicode_ci DEFAULT NULL,
  PRIMARY KEY (`id`)
) ENGINE=InnoDB AUTO_INCREMENT=9 DEFAULT CHARSET=utf8mb4 COLLATE=utf8mb4_unicode_ci;

--
-- Dumping data for table `sliders`
--

INSERT INTO `sliders` (`id`, `image`, `type`, `id_number`, `status`, `created_at`, `updated_at`, `typeImage`) VALUES (2,'499580-١.jpg','category',2,'1','2022-11-06 07:06:56','2023-01-05 07:47:40','slider'),(3,'320466-٢.jpg','product',1,'1','2022-11-06 07:07:19','2023-01-05 07:55:15','slider'),(4,'970573-4.jpg','none',NULL,'1','2022-11-06 07:09:28','2023-01-05 09:04:54','banner'),(5,'930058-16537337575971530.png','none',NULL,'1','2022-11-06 07:10:28','2022-11-06 07:10:28','banner'),(6,'166092-Desktop_2900x1200-Plus.jpg','product',3,'1','2022-11-06 07:11:20','2022-11-07 11:07:59','banner'),(7,'785897-5.jpg','none',NULL,'1','2022-11-28 06:06:03','2023-01-05 08:53:52','banner'),(8,'878379-3.jpg','category',NULL,'1','2023-01-05 08:26:31','2023-01-05 08:26:48','slider');

--
-- Table structure for table `tagers`
--

CREATE TABLE `tagers` (
  `id` int unsigned NOT NULL AUTO_INCREMENT,
  `user_id` int unsigned NOT NULL,
  `instagram_link` varchar(255) CHARACTER SET utf8mb4 COLLATE utf8mb4_unicode_ci DEFAULT NULL,
  `banners` text CHARACTER SET utf8mb4 COLLATE utf8mb4_unicode_ci,
  `created_at` timestamp NULL DEFAULT NULL,
  `updated_at` timestamp NULL DEFAULT NULL,
  PRIMARY KEY (`id`),
  KEY `tagers_user_id_foreign` (`user_id`)
) ENGINE=InnoDB DEFAULT CHARSET=utf8mb4 COLLATE=utf8mb4_unicode_ci;

--
-- Dumping data for table `tagers`
--


--
-- Table structure for table `topic_subscripts`
--

CREATE TABLE `topic_subscripts` (
  `id` int unsigned NOT NULL AUTO_INCREMENT,
  `topics_id` int unsigned DEFAULT NULL,
  `status` varchar(255) CHARACTER SET utf8mb4 COLLATE utf8mb4_unicode_ci NOT NULL,
  `symobleName` varchar(255) CHARACTER SET utf8mb4 COLLATE utf8mb4_unicode_ci NOT NULL,
  `created_at` timestamp NULL DEFAULT NULL,
  `updated_at` timestamp NULL DEFAULT NULL,
  PRIMARY KEY (`id`),
  KEY `topic_subscripts_topics_id_foreign` (`topics_id`)
) ENGINE=InnoDB DEFAULT CHARSET=utf8mb4 COLLATE=utf8mb4_unicode_ci;

--
-- Dumping data for table `topic_subscripts`
--


--
-- Table structure for table `topics`
--

CREATE TABLE `topics` (
  `id` int unsigned NOT NULL AUTO_INCREMENT,
  `token` text CHARACTER SET utf8mb4 COLLATE utf8mb4_unicode_ci,
  `created_at` timestamp NULL DEFAULT NULL,
  `updated_at` timestamp NULL DEFAULT NULL,
  PRIMARY KEY (`id`)
) ENGINE=InnoDB DEFAULT CHARSET=utf8mb4 COLLATE=utf8mb4_unicode_ci;

--
-- Dumping data for table `topics`
--


--
-- Table structure for table `user_addresses`
--

CREATE TABLE `user_addresses` (
  `id` int unsigned NOT NULL AUTO_INCREMENT,
  `user_id` int unsigned NOT NULL,
  `governments_id` int unsigned NOT NULL,
  `region_id` int unsigned NOT NULL,
  `block` varchar(255) CHARACTER SET utf8mb4 COLLATE utf8mb4_unicode_ci NOT NULL,
  `Street_number` varchar(255) CHARACTER SET utf8mb4 COLLATE utf8mb4_unicode_ci NOT NULL,
  `Apartment_number` varchar(255) CHARACTER SET utf8mb4 COLLATE utf8mb4_unicode_ci NOT NULL,
  `floor_number` varchar(255) CHARACTER SET utf8mb4 COLLATE utf8mb4_unicode_ci NOT NULL,
  `house_number` varchar(255) CHARACTER SET utf8mb4 COLLATE utf8mb4_unicode_ci NOT NULL,
  `type` varchar(255) CHARACTER SET utf8mb4 COLLATE utf8mb4_unicode_ci NOT NULL,
  `user_name` varchar(255) CHARACTER SET utf8mb4 COLLATE utf8mb4_unicode_ci DEFAULT NULL,
  `phone` varchar(255) CHARACTER SET utf8mb4 COLLATE utf8mb4_unicode_ci DEFAULT NULL,
  `email` varchar(255) CHARACTER SET utf8mb4 COLLATE utf8mb4_unicode_ci DEFAULT NULL,
  `created_at` timestamp NULL DEFAULT NULL,
  `updated_at` timestamp NULL DEFAULT NULL,
  `checked` varchar(11) CHARACTER SET utf8mb4 COLLATE utf8mb4_unicode_ci DEFAULT NULL,
  `lat` varchar(191) CHARACTER SET utf8mb4 COLLATE utf8mb4_unicode_ci DEFAULT NULL,
  `long` varchar(191) CHARACTER SET utf8mb4 COLLATE utf8mb4_unicode_ci DEFAULT NULL,
  `gada` int DEFAULT NULL,
  PRIMARY KEY (`id`),
  KEY `user_addresses_user_id_foreign` (`user_id`),
  KEY `user_addresses_governments_id_foreign` (`governments_id`),
  KEY `user_addresses_region_id_foreign` (`region_id`)
) ENGINE=InnoDB AUTO_INCREMENT=87 DEFAULT CHARSET=utf8mb4 COLLATE=utf8mb4_unicode_ci;

--
-- Dumping data for table `user_addresses`
--

INSERT INTO `user_addresses` (`id`, `user_id`, `governments_id`, `region_id`, `block`, `Street_number`, `Apartment_number`, `floor_number`, `house_number`, `type`, `user_name`, `phone`, `email`, `created_at`, `updated_at`, `checked`, `lat`, `long`, `gada`) VALUES (51,170,5,56,'22','35','98','67','88','منزل','anwer shehata','67782374','anwer@gmail.com','2022-09-25 10:46:25','2022-09-26 06:55:50','true','null','null',NULL),(53,170,4,28,'4','8','8','6','8','منزل','انور شحاتة','67782374','anwershehata@gmail.com','2022-09-26 05:57:41','2022-09-26 06:55:50','false','null','null',NULL),(54,170,5,61,'gh','gh','0','0','jj','منزل','fghhjjjn','685588','hjjccfi@cuig.com','2022-09-26 06:04:22','2022-09-26 06:55:50','false','null','null',NULL),(55,170,6,89,'6','u','0','0','8','منزل','vhhjh','5855','bbjjh@gggj.hjb','2022-09-26 06:23:27','2022-09-26 06:55:50','false','null','null',NULL),(57,193,8,126,'1','الشافعي','0','0','40','منزل','فوزيه','66777764',NULL,'2022-09-27 19:16:30','2022-10-13 17:01:52','true','null','null',NULL),(58,195,5,60,'fc','chu','0','0','vhhh','منزل','vvhh','885588555','vhh@fuj.vh','2022-10-03 05:01:07','2022-10-03 05:01:38','true','null','null',NULL),(59,197,5,62,'rt','tyrt','rty','ty','y','منزل','answer shehata','٦7782374','anwershehata@gmail.com','2022-10-03 11:07:42','2022-10-03 12:03:50','true','null','null',NULL),(60,199,4,24,'a','f','h','d','t','منزل','انور شحاتة طلب تجريبي','67782374','anwer@gmail.com','2022-10-04 17:17:02','2022-10-04 17:17:21','true','null','null',NULL),(62,202,6,92,'7','1','0','0','40','منزل','khalid','60003537',NULL,'2022-10-08 19:06:00','2022-10-08 19:06:16','true','null','null',NULL),(63,203,9,147,'2','159','0','0','25 A','منزل','monera salman','97833933','m.alsabah23@hotmail.com','2022-10-09 01:04:45','2022-10-09 01:05:03','true','null','null',NULL),(64,205,7,103,'6','24','0','0','14','منزل','r','97952822',NULL,'2022-10-12 10:28:35','2022-10-12 10:30:44','true','null','null',NULL),(65,206,4,52,'1','103','0','0','22','منزل','مريم','99094863','omdart03@gmail.com','2022-10-12 10:57:53','2022-10-12 11:40:52','true','null','null',NULL),(66,207,4,50,'6','651','0','95539022','429','منزل','dana','95539022','danahalrshydy4@gmail.com','2022-10-12 11:27:15','2022-10-12 11:41:14','true','null','null',NULL),(67,208,4,50,'7','782','0','0','292','منزل','dalal','91106010','dalal_a7@outlook.com','2022-10-12 11:43:23','2022-10-12 11:43:37','true','null','null',NULL),(68,209,4,50,'6','636','0','0','524','منزل','Atheer Alosaimi','51604677','alotibaiatheer@gmail.com','2022-10-12 13:01:41','2022-10-12 13:01:45','true','null','null',NULL),(69,210,5,74,'2','214','0','0','9','منزل','joe','97101027','jorelsahli@gmail.com','2022-10-13 15:39:54','2022-10-13 15:39:58','true','null','null',NULL),(70,212,6,101,'6','613','0','0','49','منزل','اسماء','97444606','ahalathari@gmail.com','2022-10-14 12:22:01','2022-10-14 15:06:31','true','null','null',NULL),(71,198,5,60,'xxxx','vvvvvv','0','0','888','منزل','انور طلب تجريبي','8888888888','asdv@bbgff.com','2022-10-14 20:05:19','2022-11-06 06:35:07','true','null','null',NULL),(72,213,9,147,'5','208','0','0','236','منزل','Eman','97999373','golden.nails.99@gmail.com','2022-10-15 13:21:12','2022-10-15 13:21:25','true','null','null',NULL),(73,214,5,61,'3','14','0','0','1020','منزل','nora Salem  alotibii','51557119',NULL,'2022-10-16 09:34:28','2022-10-16 09:34:41','true','null','null',NULL),(74,215,7,106,'4b','2','0','0','18','منزل','entesar','51116160','intsar84hotmail.com','2022-10-17 06:48:55','2022-10-17 06:49:03','true','null','null',NULL),(81,216,5,63,'sdfgfs','dg','gfsdg','dfgfdsgsdf','sfdgfdsgs','منزل','بيسلبيسل','34524325','xdfasdfsa@dsfsd.com','2022-11-06 10:13:27','2022-12-27 19:49:35','true',NULL,NULL,NULL),(83,216,5,58,'dfgsdg','dfsgfds','ds','dsfgdfsg','gfds','منزل','asda','345243532','ewqrfewqrewq@sadfasD.com','2022-11-10 07:25:03','2022-12-27 19:49:35','false',NULL,NULL,NULL),(84,1,5,56,'2','23','','23','23','',NULL,NULL,NULL,'2022-11-28 10:00:32','2022-11-28 10:17:18','true',NULL,NULL,23),(85,219,8,126,'3','36','1','1','26','منزل','eman',NULL,NULL,'2023-01-05 06:42:20','2023-01-05 06:42:39','true',NULL,NULL,NULL),(86,220,5,61,'876','876','876','786','786','منزل','anwer','67782374','anwer@gmail.com','2023-03-11 10:26:39','2023-03-12 05:36:10','true',NULL,NULL,NULL);

--
-- Table structure for table `user_categories`
--

CREATE TABLE `user_categories` (
  `id` int unsigned NOT NULL AUTO_INCREMENT,
  `user_id` int unsigned NOT NULL,
  `category_id` int unsigned NOT NULL,
  `created_at` timestamp NULL DEFAULT NULL,
  `updated_at` timestamp NULL DEFAULT NULL,
  PRIMARY KEY (`id`),
  KEY `user_categories_user_id_foreign` (`user_id`),
  KEY `user_categories_category_id_foreign` (`category_id`)
) ENGINE=InnoDB DEFAULT CHARSET=utf8mb4 COLLATE=utf8mb4_unicode_ci;

--
-- Dumping data for table `user_categories`
--


--
-- Table structure for table `user_orders`
--

CREATE TABLE `user_orders` (
  `id` int unsigned NOT NULL AUTO_INCREMENT,
  `user_id` int unsigned DEFAULT NULL,
  `order_id` int unsigned DEFAULT NULL,
  `status` enum('wait','refused','accepted','shipped','complete') CHARACTER SET utf8mb4 COLLATE utf8mb4_unicode_ci NOT NULL,
  `created_at` timestamp NULL DEFAULT NULL,
  `updated_at` timestamp NULL DEFAULT NULL,
  PRIMARY KEY (`id`),
  KEY `user_orders_user_id_foreign` (`user_id`),
  KEY `user_orders_order_id_foreign` (`order_id`)
) ENGINE=InnoDB DEFAULT CHARSET=utf8mb4 COLLATE=utf8mb4_unicode_ci;

--
-- Dumping data for table `user_orders`
--


--
-- Table structure for table `user_products`
--

CREATE TABLE `user_products` (
  `id` int unsigned NOT NULL AUTO_INCREMENT,
  `user_id` int unsigned NOT NULL,
  `product_id` int unsigned NOT NULL,
  `created_at` timestamp NULL DEFAULT NULL,
  `updated_at` timestamp NULL DEFAULT NULL,
  PRIMARY KEY (`id`),
  KEY `user_products_user_id_foreign` (`user_id`),
  KEY `user_products_product_id_foreign` (`product_id`)
) ENGINE=InnoDB AUTO_INCREMENT=4 DEFAULT CHARSET=utf8mb4 COLLATE=utf8mb4_unicode_ci;

--
-- Dumping data for table `user_products`
--

INSERT INTO `user_products` (`id`, `user_id`, `product_id`, `created_at`, `updated_at`) VALUES (1,217,6,NULL,NULL),(2,217,5,NULL,NULL),(3,1,6,NULL,NULL);

--
-- Table structure for table `users`
--

CREATE TABLE `users` (
  `id` int unsigned NOT NULL AUTO_INCREMENT,
  `name` varchar(255) CHARACTER SET utf8mb4 COLLATE utf8mb4_unicode_ci NOT NULL,
  `email` varchar(255) CHARACTER SET utf8mb4 COLLATE utf8mb4_unicode_ci NOT NULL,
  `email_verified_at` timestamp NULL DEFAULT NULL,
  `password` varchar(255) CHARACTER SET utf8mb4 COLLATE utf8mb4_unicode_ci DEFAULT NULL,
  `status` int NOT NULL DEFAULT '1',
  `phone` varchar(255) CHARACTER SET utf8mb4 COLLATE utf8mb4_unicode_ci DEFAULT NULL,
  `unique_id` varchar(255) CHARACTER SET utf8mb4 COLLATE utf8mb4_unicode_ci DEFAULT NULL,
  `civil_id` varchar(255) CHARACTER SET utf8mb4 COLLATE utf8mb4_unicode_ci DEFAULT NULL,
  `activation_code` varchar(255) CHARACTER SET utf8mb4 COLLATE utf8mb4_unicode_ci DEFAULT NULL,
  `remember_token` varchar(100) CHARACTER SET utf8mb4 COLLATE utf8mb4_unicode_ci DEFAULT NULL,
  `created_at` timestamp NULL DEFAULT NULL,
  `updated_at` timestamp NULL DEFAULT NULL,
  `address` varchar(255) CHARACTER SET utf8mb4 COLLATE utf8mb4_unicode_ci DEFAULT NULL,
  `lat` varchar(255) CHARACTER SET utf8mb4 COLLATE utf8mb4_unicode_ci DEFAULT NULL,
  `long` varchar(255) CHARACTER SET utf8mb4 COLLATE utf8mb4_unicode_ci DEFAULT NULL,
  `image` varchar(255) CHARACTER SET utf8mb4 COLLATE utf8mb4_unicode_ci DEFAULT NULL,
  `device_token` text CHARACTER SET utf8mb4 COLLATE utf8mb4_unicode_ci,
  `password_showed` varchar(191) CHARACTER SET utf8mb4 COLLATE utf8mb4_unicode_ci DEFAULT NULL,
  PRIMARY KEY (`id`),
  UNIQUE KEY `users_email_unique` (`email`),
  UNIQUE KEY `users_phone_unique` (`phone`)
) ENGINE=InnoDB AUTO_INCREMENT=228 DEFAULT CHARSET=utf8mb4 COLLATE=utf8mb4_unicode_ci;

--
-- Dumping data for table `users`
--

INSERT INTO `users` (`id`, `name`, `email`, `email_verified_at`, `password`, `status`, `phone`, `unique_id`, `civil_id`, `activation_code`, `remember_token`, `created_at`, `updated_at`, `address`, `lat`, `long`, `image`, `device_token`, `password_showed`) VALUES (1,'admin','admin@admin.com',NULL,'$2y$10$g9ceBZqU5q04D9oL5lUXOuF7Nxvnnf6WQF4E6nouYEL4rGuQS6MOy',1,NULL,NULL,NULL,NULL,NULL,'2022-06-21 09:32:18','2022-10-07 19:54:47',NULL,NULL,NULL,NULL,'d2GohAVIvEqZgE_3J-1fNq:APA91bGWmRtzpMqJVDDxCrdKQJQMWsCMAvsdTH5084_cM4PKBSSfkKA3d_wyssd4NfREktighpNGIcUEuc3B8fAOFruSobkR4XxwiDz-alD2vlL4EsHcM26JBIEMJaO4WM7HvFpW0rZ8',''),(217,'samer','samer@gmail.com',NULL,'$2y$10$EH/XuCWhwrXSQPBPp99e6eckk70PL0Ixz2XRzfP4ieJ9lqfH87sQu',1,'+96555022830',NULL,NULL,'52822',NULL,'2022-11-27 08:23:44','2022-11-27 08:23:44',NULL,NULL,NULL,NULL,NULL,NULL),(218,'fly','willwhiteapple@gmail.com',NULL,'$2y$10$YOpIR0SRnUR0E6/7IWlvru5CBzmqCff0VHoQtU5j5nIc1QxZI02tu',1,'+965',NULL,NULL,'90285',NULL,'2022-12-27 21:05:29','2022-12-27 21:05:29',NULL,NULL,NULL,NULL,'null',NULL),(219,'eman','emy_girls@outlook.com',NULL,'$2y$10$vpCQTAGOH2CzqImCmHPcWutvEQf3aYuVpluJsTVEEvXHRgh7iPSk6',1,'+96566050021',NULL,NULL,'34105',NULL,'2023-01-05 06:41:00','2023-01-05 06:41:00',NULL,NULL,NULL,NULL,'null',NULL),(220,'anwer','anwertest@gmail.com',NULL,'$2y$10$4JW26iWhK9IOF1yTFuUg.eopCy5e7B73RcYOSvcsBfebnTeRuk6WS',1,'+96555555555',NULL,NULL,'40361',NULL,'2023-01-10 12:49:59','2023-01-10 12:49:59',NULL,NULL,NULL,NULL,'null',NULL),(221,'test','test@test.com',NULL,'$2y$10$ayAyrPs1ZGKdeNwF5WOaw.vILPyjwzpo/u1fY4FXU.znnWKvzjC2G',1,'+96565709298',NULL,NULL,'27638',NULL,'2023-02-13 05:10:07','2023-02-13 05:10:07',NULL,NULL,NULL,NULL,NULL,NULL),(222,'haidar ali','shapap10@gmail.com',NULL,'$2y$10$FRk9apriNzEZTxKZUZIivud.ei7RUWorEd2GBwjZirJWSee6pCcVO',1,'+96555045518',NULL,NULL,'32775',NULL,'2023-03-05 14:16:15','2023-03-05 14:16:15',NULL,NULL,NULL,NULL,NULL,NULL),(223,'Mefijwdihwdjwsjdhwjqsqodkwfk fjebfhjhdjwshfewifejqwwqfewjfewhgewu kfwejfwefhewgeuwh:jfefehfejfjehfie//NJjdshdjwfhwu оаипруафравгпшцурафцоварквшпругвыовапцушгысвыарршрпшц jcsafsafhawfjewoifhe ufhdfwjdhewifgewiufhjadwfewi take-kw.com','a.l.b.er.th.a.ns.hi.n.4.9@gmail.com',NULL,'$2y$10$c7rqRgp1Whif3t0QhdDTqePTt3JU8j9UvL1ZTfv2xdG5lgnmfN1M.',1,'+96581638377419',NULL,NULL,'49078',NULL,'2023-03-07 13:38:40','2023-03-07 13:38:40',NULL,NULL,NULL,NULL,NULL,NULL),(224,'Opfkeodjwihefjwdwhf ifefkqwjioehfuewfwejfksfhweo ifoejkfdpwjfweoihfiewfowfowejfi fjewifjweighjvmhfewifjoepfjpwijgiowrh feiqjfweijfoiwhguhfwkdwjewfgeruhgrujfweij hfiohewifohwuighewuh take-kw.com','a.l.be.r.tha.ns.h.in49@gmail.com',NULL,'$2y$10$h74H1sMUi2Px1soCUTZOsO5PlOmv8BjIL8dgt41o3gokpqxb0wXG2',1,'+96583192274112',NULL,NULL,'59341',NULL,'2023-04-17 10:37:02','2023-04-17 10:37:02',NULL,NULL,NULL,NULL,NULL,NULL),(225,'XeIYoXoRWyoJ','yYeuze.qjpjpch@lustrum.cfd',NULL,'$2y$10$kxeAI/.xZrNj/xs1wo0WTO4sbz/zjW6uFUFB6ZFxAYDFW1vgtMNlq',1,'+9651',NULL,NULL,'45720',NULL,'2023-11-05 21:46:53','2023-11-05 21:46:53',NULL,NULL,NULL,NULL,NULL,NULL);

--
-- Dumping events for database 'topappkw_Alibazar'
--

--
-- Dumping routines for database 'topappkw_Alibazar'
--


