--
-- Host: localhost    Database: topappkw_ads
-- ------------------------------------------------------


--
-- Current Database: `topappkw_ads`
--


--
-- Table structure for table `activity_log`
--

CREATE TABLE `activity_log` (
  `id` bigint unsigned NOT NULL AUTO_INCREMENT,
  `log_name` varchar(191) CHARACTER SET utf8mb4 COLLATE utf8mb4_unicode_ci DEFAULT NULL,
  `description` text CHARACTER SET utf8mb4 COLLATE utf8mb4_unicode_ci NOT NULL,
  `subject_type` varchar(191) CHARACTER SET utf8mb4 COLLATE utf8mb4_unicode_ci DEFAULT NULL,
  `subject_id` bigint unsigned DEFAULT NULL,
  `causer_type` varchar(191) CHARACTER SET utf8mb4 COLLATE utf8mb4_unicode_ci DEFAULT NULL,
  `causer_id` bigint unsigned DEFAULT NULL,
  `properties` longtext CHARACTER SET utf8mb4 COLLATE utf8mb4_bin,
  `created_at` timestamp NULL DEFAULT NULL,
  `updated_at` timestamp NULL DEFAULT NULL,
  PRIMARY KEY (`id`),
  KEY `subject` (`subject_type`,`subject_id`),
  KEY `causer` (`causer_type`,`causer_id`),
  KEY `activity_log_log_name_index` (`log_name`)
) ENGINE=InnoDB AUTO_INCREMENT=2 DEFAULT CHARSET=utf8mb4 COLLATE=utf8mb4_unicode_ci;

--
-- Dumping data for table `activity_log`
--

INSERT INTO `activity_log` (`id`, `log_name`, `description`, `subject_type`, `subject_id`, `causer_type`, `causer_id`, `properties`, `created_at`, `updated_at`) VALUES (1,'default','Look, I logged something',NULL,NULL,'App\\User',1,'[]','2021-05-02 17:22:58','2021-05-02 17:22:58');

--
-- Table structure for table `arrival_prices`
--

CREATE TABLE `arrival_prices` (
  `id` bigint unsigned NOT NULL AUTO_INCREMENT,
  `region_id` int DEFAULT NULL,
  `price` double DEFAULT NULL,
  `created_at` timestamp NULL DEFAULT NULL,
  `updated_at` timestamp NULL DEFAULT NULL,
  `user_id` int unsigned NOT NULL,
  PRIMARY KEY (`id`),
  KEY `user_id` (`user_id`)
) ENGINE=InnoDB AUTO_INCREMENT=231 DEFAULT CHARSET=utf8mb4 COLLATE=utf8mb4_unicode_ci;

--
-- Dumping data for table `arrival_prices`
--

INSERT INTO `arrival_prices` (`id`, `region_id`, `price`, `created_at`, `updated_at`, `user_id`) VALUES (5,1,11,'2021-08-28 23:09:51','2021-09-29 21:01:35',1),(6,2,11,'2021-08-28 23:09:51','2021-09-29 21:01:35',1),(7,3,11,'2021-08-28 23:09:51','2021-09-29 21:01:35',1),(8,4,11,'2021-08-28 23:09:51','2021-09-29 21:01:35',1),(9,5,11,'2021-08-28 23:09:51','2021-09-29 21:01:35',1),(10,6,11,'2021-08-28 23:09:51','2021-09-29 21:01:35',1),(11,7,11,'2021-08-28 23:09:51','2021-09-29 21:01:35',1),(12,8,11,'2021-08-28 23:09:51','2021-09-29 21:01:35',1),(13,9,11,'2021-08-28 23:09:51','2021-09-29 21:01:35',1),(14,10,11,'2021-08-28 23:09:51','2021-09-29 21:01:35',1),(15,11,11,'2021-08-28 23:09:51','2021-09-29 21:01:35',1),(16,12,11,'2021-08-28 23:09:51','2021-09-29 21:01:35',1),(17,13,11,'2021-08-28 23:09:51','2021-09-29 21:01:35',1),(18,14,11,'2021-08-28 23:09:51','2021-09-29 21:01:35',1),(19,15,11,'2021-08-28 23:09:51','2021-09-29 21:01:35',1),(20,16,11,'2021-08-28 23:09:51','2021-09-29 21:01:35',1),(21,17,11,'2021-08-28 23:09:51','2021-09-29 21:01:35',1),(22,18,11,'2021-08-28 23:09:51','2021-09-29 21:01:35',1),(23,19,11,'2021-08-28 23:09:51','2021-09-29 21:01:35',1),(24,20,11,'2021-08-28 23:09:51','2021-09-29 21:01:35',1),(25,21,11,'2021-08-28 23:09:51','2021-09-29 21:01:35',1),(26,22,11,'2021-08-28 23:09:51','2021-09-29 21:01:35',1),(27,23,11,'2021-08-28 23:09:51','2021-09-29 21:01:35',1),(28,24,11,'2021-08-28 23:09:51','2021-09-29 21:01:35',1),(29,25,11,'2021-08-28 23:09:51','2021-09-29 21:01:35',1),(30,26,11,'2021-08-28 23:09:51','2021-09-29 21:01:35',1),(31,27,11,'2021-08-28 23:09:51','2021-09-29 21:01:35',1),(32,28,11,'2021-08-28 23:09:51','2021-09-29 21:01:35',1),(33,29,11,'2021-08-28 23:09:51','2021-09-29 21:01:35',1),(34,30,11,'2021-08-28 23:09:51','2021-09-29 21:01:35',1),(35,31,11,'2021-08-28 23:09:51','2021-09-29 21:01:35',1),(36,32,11,'2021-08-28 23:09:51','2021-09-29 21:01:35',1),(37,33,11,'2021-08-28 23:09:51','2021-09-29 21:01:35',1),(38,34,11,'2021-08-28 23:09:51','2021-09-29 21:01:35',1),(39,35,11,'2021-08-28 23:09:51','2021-09-29 21:01:35',1),(40,36,11,'2021-08-28 23:09:51','2021-09-29 21:01:35',1),(41,37,3,'2021-08-28 23:09:51','2021-09-29 21:01:35',1),(42,38,3,'2021-08-28 23:09:51','2021-09-29 21:01:35',1),(43,39,3,'2021-08-28 23:09:51','2021-09-29 21:01:35',1),(44,40,3,'2021-08-28 23:09:51','2021-09-29 21:01:35',1),(45,41,3,'2021-08-28 23:09:51','2021-09-29 21:01:35',1),(46,42,3,'2021-08-28 23:09:51','2021-09-29 21:01:35',1),(47,43,3,'2021-08-28 23:09:51','2021-09-29 21:01:35',1),(48,44,3,'2021-08-28 23:09:51','2021-09-29 21:01:35',1),(49,45,3,'2021-08-28 23:09:51','2021-09-29 21:01:35',1),(50,46,3,'2021-08-28 23:09:51','2021-09-29 21:01:35',1),(51,47,3,'2021-08-28 23:09:51','2021-09-29 21:01:35',1),(52,48,3,'2021-08-28 23:09:51','2021-09-29 21:01:35',1),(53,49,3,'2021-08-28 23:09:51','2021-09-29 21:01:35',1),(54,50,3,'2021-08-28 23:09:51','2021-09-29 21:01:35',1),(55,51,3,'2021-08-28 23:09:51','2021-09-29 21:01:35',1),(56,52,3,'2021-08-28 23:09:51','2021-09-29 21:01:35',1),(57,53,3,'2021-08-28 23:09:51','2021-09-29 21:01:35',1),(58,90,0,'2021-08-28 23:09:51','2021-09-29 21:01:35',1),(59,91,0,'2021-08-28 23:09:51','2021-09-29 21:01:35',1),(60,92,0,'2021-08-28 23:09:51','2021-09-29 21:01:35',1),(61,93,0,'2021-08-28 23:09:51','2021-09-29 21:01:35',1),(62,94,0,'2021-08-28 23:09:51','2021-09-29 21:01:35',1),(63,95,0,'2021-08-28 23:09:51','2021-09-29 21:01:35',1),(64,96,0,'2021-08-28 23:09:51','2021-09-29 21:01:35',1),(65,97,0,'2021-08-28 23:09:51','2021-09-29 21:01:35',1),(66,98,0,'2021-08-28 23:09:51','2021-09-29 21:01:35',1),(67,99,0,'2021-08-28 23:09:51','2021-09-29 21:01:35',1),(68,100,0,'2021-08-28 23:09:51','2021-09-29 21:01:35',1),(69,101,0,'2021-08-28 23:09:51','2021-09-29 21:01:35',1),(70,102,0,'2021-08-28 23:09:51','2021-09-29 21:01:35',1),(71,54,0,'2021-08-28 23:09:51','2021-09-29 21:01:35',1),(72,55,0,'2021-08-28 23:09:51','2021-09-29 21:01:35',1),(73,56,0,'2021-08-28 23:09:51','2021-09-29 21:01:35',1),(74,57,0,'2021-08-28 23:09:51','2021-09-29 21:01:35',1),(75,58,0,'2021-08-28 23:09:51','2021-09-29 21:01:35',1),(76,59,0,'2021-08-28 23:09:51','2021-09-29 21:01:35',1),(77,60,0,'2021-08-28 23:09:51','2021-09-29 21:01:35',1),(78,61,0,'2021-08-28 23:09:51','2021-09-29 21:01:35',1),(79,62,0,'2021-08-28 23:09:51','2021-09-29 21:01:35',1),(80,63,0,'2021-08-28 23:09:51','2021-09-29 21:01:35',1),(81,64,0,'2021-08-28 23:09:51','2021-09-29 21:01:35',1),(82,65,0,'2021-08-28 23:09:51','2021-09-29 21:01:35',1),(83,66,0,'2021-08-28 23:09:51','2021-09-29 21:01:35',1),(84,67,0,'2021-08-28 23:09:51','2021-09-29 21:01:35',1),(85,68,0,'2021-08-28 23:09:51','2021-09-29 21:01:35',1),(86,69,0,'2021-08-28 23:09:51','2021-09-29 21:01:35',1),(87,70,0,'2021-08-28 23:09:51','2021-09-29 21:01:35',1),(88,71,0,'2021-08-28 23:09:51','2021-09-29 21:01:35',1),(89,72,0,'2021-08-28 23:09:51','2021-09-29 21:01:35',1),(90,103,0,'2021-08-28 23:09:51','2021-09-29 21:01:35',1),(91,104,0,'2021-08-28 23:09:51','2021-09-29 21:01:35',1),(92,105,0,'2021-08-28 23:09:51','2021-09-29 21:01:35',1),(93,106,0,'2021-08-28 23:09:51','2021-09-29 21:01:35',1),(94,107,0,'2021-08-28 23:09:51','2021-09-29 21:01:35',1),(95,108,0,'2021-08-28 23:09:51','2021-09-29 21:01:35',1),(96,109,0,'2021-08-28 23:09:51','2021-09-29 21:01:35',1),(97,110,0,'2021-08-28 23:09:51','2021-09-29 21:01:35',1),(98,111,0,'2021-08-28 23:09:51','2021-09-29 21:01:35',1),(99,112,0,'2021-08-28 23:09:51','2021-09-29 21:01:35',1),(100,113,0,'2021-08-28 23:09:51','2021-09-29 21:01:35',1),(101,73,0,'2021-08-28 23:09:51','2021-09-29 21:01:35',1),(102,74,0,'2021-08-28 23:09:51','2021-09-29 21:01:35',1),(103,75,0,'2021-08-28 23:09:51','2021-09-29 21:01:35',1),(104,76,0,'2021-08-28 23:09:51','2021-09-29 21:01:35',1),(105,77,0,'2021-08-28 23:09:51','2021-09-29 21:01:35',1),(106,78,0,'2021-08-28 23:09:51','2021-09-29 21:01:35',1),(107,79,0,'2021-08-28 23:09:51','2021-09-29 21:01:35',1),(108,80,0,'2021-08-28 23:09:51','2021-09-29 21:01:35',1),(109,81,0,'2021-08-28 23:09:51','2021-09-29 21:01:35',1),(110,82,0,'2021-08-28 23:09:51','2021-09-29 21:01:35',1),(111,83,0,'2021-08-28 23:09:51','2021-09-29 21:01:35',1),(112,84,0,'2021-08-28 23:09:51','2021-09-29 21:01:35',1),(113,85,0,'2021-08-28 23:09:51','2021-09-29 21:01:35',1),(114,86,0,'2021-08-28 23:09:51','2021-09-29 21:01:35',1),(115,87,0,'2021-08-28 23:09:51','2021-09-29 21:01:35',1),(116,88,0,'2021-08-28 23:09:51','2021-09-29 21:01:35',1),(117,89,0,'2021-08-28 23:09:51','2021-09-29 21:01:35',1),(118,1,3,'2021-09-29 21:01:14','2021-09-29 21:01:23',5948),(119,2,3,'2021-09-29 21:01:14','2021-09-29 21:01:23',5948),(120,3,3,'2021-09-29 21:01:14','2021-09-29 21:01:23',5948),(121,4,3,'2021-09-29 21:01:14','2021-09-29 21:01:23',5948),(122,5,3,'2021-09-29 21:01:14','2021-09-29 21:01:23',5948),(123,6,3,'2021-09-29 21:01:14','2021-09-29 21:01:23',5948),(124,7,3,'2021-09-29 21:01:14','2021-09-29 21:01:23',5948),(125,8,3,'2021-09-29 21:01:14','2021-09-29 21:01:23',5948),(126,9,3,'2021-09-29 21:01:14','2021-09-29 21:01:23',5948),(127,10,3,'2021-09-29 21:01:14','2021-09-29 21:01:23',5948),(128,11,3,'2021-09-29 21:01:14','2021-09-29 21:01:23',5948),(129,12,3,'2021-09-29 21:01:14','2021-09-29 21:01:23',5948),(130,13,3,'2021-09-29 21:01:14','2021-09-29 21:01:23',5948),(131,14,3,'2021-09-29 21:01:14','2021-09-29 21:01:23',5948),(132,15,3,'2021-09-29 21:01:14','2021-09-29 21:01:23',5948),(133,16,3,'2021-09-29 21:01:14','2021-09-29 21:01:23',5948),(134,17,3,'2021-09-29 21:01:14','2021-09-29 21:01:23',5948),(135,18,3,'2021-09-29 21:01:14','2021-09-29 21:01:23',5948),(136,19,3,'2021-09-29 21:01:14','2021-09-29 21:01:23',5948),(137,20,3,'2021-09-29 21:01:14','2021-09-29 21:01:23',5948),(138,21,3,'2021-09-29 21:01:14','2021-09-29 21:01:23',5948),(139,22,3,'2021-09-29 21:01:14','2021-09-29 21:01:23',5948),(140,23,3,'2021-09-29 21:01:14','2021-09-29 21:01:23',5948),(141,24,3,'2021-09-29 21:01:14','2021-09-29 21:01:23',5948),(142,25,3,'2021-09-29 21:01:14','2021-09-29 21:01:23',5948),(143,26,3,'2021-09-29 21:01:14','2021-09-29 21:01:23',5948),(144,27,3,'2021-09-29 21:01:14','2021-09-29 21:01:23',5948),(145,28,3,'2021-09-29 21:01:14','2021-09-29 21:01:23',5948),(146,29,3,'2021-09-29 21:01:14','2021-09-29 21:01:23',5948),(147,30,3,'2021-09-29 21:01:14','2021-09-29 21:01:23',5948),(148,31,3,'2021-09-29 21:01:14','2021-09-29 21:01:23',5948),(149,32,3,'2021-09-29 21:01:14','2021-09-29 21:01:23',5948),(150,33,3,'2021-09-29 21:01:14','2021-09-29 21:01:23',5948),(151,34,3,'2021-09-29 21:01:14','2021-09-29 21:01:23',5948),(152,35,3,'2021-09-29 21:01:14','2021-09-29 21:01:23',5948),(153,36,3,'2021-09-29 21:01:14','2021-09-29 21:01:23',5948),(154,37,1,'2021-09-29 21:01:14','2021-09-29 21:01:23',5948),(155,38,1,'2021-09-29 21:01:14','2021-09-29 21:01:23',5948),(156,39,1,'2021-09-29 21:01:14','2021-09-29 21:01:23',5948),(157,40,1,'2021-09-29 21:01:14','2021-09-29 21:01:23',5948),(158,41,1,'2021-09-29 21:01:14','2021-09-29 21:01:23',5948),(159,42,1,'2021-09-29 21:01:14','2021-09-29 21:01:23',5948),(160,43,1,'2021-09-29 21:01:14','2021-09-29 21:01:23',5948),(161,44,1,'2021-09-29 21:01:14','2021-09-29 21:01:23',5948),(162,45,1,'2021-09-29 21:01:14','2021-09-29 21:01:23',5948),(163,46,1,'2021-09-29 21:01:14','2021-09-29 21:01:23',5948),(164,47,1,'2021-09-29 21:01:14','2021-09-29 21:01:23',5948),(165,48,1,'2021-09-29 21:01:14','2021-09-29 21:01:23',5948),(166,49,1,'2021-09-29 21:01:14','2021-09-29 21:01:23',5948),(167,50,1,'2021-09-29 21:01:14','2021-09-29 21:01:23',5948),(168,51,1,'2021-09-29 21:01:14','2021-09-29 21:01:23',5948),(169,52,1,'2021-09-29 21:01:14','2021-09-29 21:01:23',5948),(170,53,1,'2021-09-29 21:01:14','2021-09-29 21:01:23',5948),(171,90,0,'2021-09-29 21:01:14','2021-09-29 21:01:23',5948),(172,91,0,'2021-09-29 21:01:14','2021-09-29 21:01:23',5948),(173,92,0,'2021-09-29 21:01:14','2021-09-29 21:01:23',5948),(174,93,0,'2021-09-29 21:01:14','2021-09-29 21:01:23',5948),(175,94,0,'2021-09-29 21:01:14','2021-09-29 21:01:23',5948),(176,95,0,'2021-09-29 21:01:14','2021-09-29 21:01:23',5948),(177,96,0,'2021-09-29 21:01:14','2021-09-29 21:01:23',5948),(178,97,0,'2021-09-29 21:01:14','2021-09-29 21:01:23',5948),(179,98,0,'2021-09-29 21:01:14','2021-09-29 21:01:23',5948),(180,99,0,'2021-09-29 21:01:14','2021-09-29 21:01:23',5948),(181,100,0,'2021-09-29 21:01:14','2021-09-29 21:01:23',5948),(182,101,0,'2021-09-29 21:01:14','2021-09-29 21:01:23',5948),(183,102,0,'2021-09-29 21:01:14','2021-09-29 21:01:23',5948),(184,54,0,'2021-09-29 21:01:14','2021-09-29 21:01:23',5948),(185,55,0,'2021-09-29 21:01:14','2021-09-29 21:01:23',5948),(186,56,0,'2021-09-29 21:01:14','2021-09-29 21:01:23',5948),(187,57,0,'2021-09-29 21:01:14','2021-09-29 21:01:23',5948),(188,58,0,'2021-09-29 21:01:14','2021-09-29 21:01:23',5948),(189,59,0,'2021-09-29 21:01:14','2021-09-29 21:01:23',5948),(190,60,0,'2021-09-29 21:01:14','2021-09-29 21:01:23',5948),(191,61,0,'2021-09-29 21:01:14','2021-09-29 21:01:23',5948),(192,62,0,'2021-09-29 21:01:14','2021-09-29 21:01:23',5948),(193,63,0,'2021-09-29 21:01:14','2021-09-29 21:01:23',5948),(194,64,0,'2021-09-29 21:01:14','2021-09-29 21:01:23',5948),(195,65,0,'2021-09-29 21:01:14','2021-09-29 21:01:23',5948),(196,66,0,'2021-09-29 21:01:14','2021-09-29 21:01:23',5948),(197,67,0,'2021-09-29 21:01:14','2021-09-29 21:01:23',5948),(198,68,0,'2021-09-29 21:01:14','2021-09-29 21:01:23',5948),(199,69,0,'2021-09-29 21:01:14','2021-09-29 21:01:23',5948),(200,70,0,'2021-09-29 21:01:14','2021-09-29 21:01:23',5948),(201,71,0,'2021-09-29 21:01:14','2021-09-29 21:01:23',5948),(202,72,0,'2021-09-29 21:01:14','2021-09-29 21:01:23',5948),(203,103,0,'2021-09-29 21:01:14','2021-09-29 21:01:23',5948),(204,104,0,'2021-09-29 21:01:14','2021-09-29 21:01:23',5948),(205,105,0,'2021-09-29 21:01:14','2021-09-29 21:01:23',5948),(206,106,0,'2021-09-29 21:01:14','2021-09-29 21:01:23',5948),(207,107,0,'2021-09-29 21:01:14','2021-09-29 21:01:23',5948),(208,108,0,'2021-09-29 21:01:14','2021-09-29 21:01:23',5948),(209,109,0,'2021-09-29 21:01:14','2021-09-29 21:01:23',5948),(210,110,0,'2021-09-29 21:01:14','2021-09-29 21:01:23',5948),(211,111,0,'2021-09-29 21:01:14','2021-09-29 21:01:23',5948),(212,112,0,'2021-09-29 21:01:14','2021-09-29 21:01:23',5948),(213,113,0,'2021-09-29 21:01:14','2021-09-29 21:01:23',5948),(214,73,0,'2021-09-29 21:01:14','2021-09-29 21:01:23',5948),(215,74,0,'2021-09-29 21:01:14','2021-09-29 21:01:23',5948),(216,75,0,'2021-09-29 21:01:14','2021-09-29 21:01:23',5948),(217,76,0,'2021-09-29 21:01:14','2021-09-29 21:01:23',5948),(218,77,0,'2021-09-29 21:01:14','2021-09-29 21:01:23',5948),(219,78,0,'2021-09-29 21:01:14','2021-09-29 21:01:23',5948),(220,79,0,'2021-09-29 21:01:14','2021-09-29 21:01:23',5948),(221,80,0,'2021-09-29 21:01:14','2021-09-29 21:01:23',5948),(222,81,0,'2021-09-29 21:01:14','2021-09-29 21:01:23',5948),(223,82,0,'2021-09-29 21:01:14','2021-09-29 21:01:23',5948),(224,83,0,'2021-09-29 21:01:14','2021-09-29 21:01:23',5948),(225,84,0,'2021-09-29 21:01:14','2021-09-29 21:01:23',5948),(226,85,0,'2021-09-29 21:01:14','2021-09-29 21:01:23',5948),(227,86,0,'2021-09-29 21:01:14','2021-09-29 21:01:23',5948),(228,87,0,'2021-09-29 21:01:14','2021-09-29 21:01:23',5948),(229,89,10,'2021-09-29 21:01:14','2021-09-29 21:01:23',1),(230,89,10,'2021-09-29 21:01:14','2021-09-29 21:01:23',5978);

--
-- Table structure for table `arrival_times`
--

CREATE TABLE `arrival_times` (
  `id` int unsigned NOT NULL AUTO_INCREMENT,
  `arrival_id` int unsigned DEFAULT NULL,
  `from` varchar(191) CHARACTER SET utf8mb4 COLLATE utf8mb4_unicode_ci NOT NULL,
  `to` varchar(191) CHARACTER SET utf8mb4 COLLATE utf8mb4_unicode_ci NOT NULL,
  `created_at` timestamp NULL DEFAULT NULL,
  `updated_at` timestamp NULL DEFAULT NULL,
  PRIMARY KEY (`id`),
  KEY `arrival_times_arrival_id_foreign` (`arrival_id`),
  CONSTRAINT `arrival_times_arrival_id_foreign` FOREIGN KEY (`arrival_id`) REFERENCES `arrivals` (`id`) ON DELETE CASCADE
) ENGINE=InnoDB AUTO_INCREMENT=246 DEFAULT CHARSET=utf8mb4 COLLATE=utf8mb4_unicode_ci;

--
-- Dumping data for table `arrival_times`
--

INSERT INTO `arrival_times` (`id`, `arrival_id`, `from`, `to`, `created_at`, `updated_at`) VALUES (11,2,'15:00','19:00','2022-12-20 21:36:18','2022-12-20 21:36:18'),(12,3,'15:00','19:00','2022-12-20 21:36:42','2022-12-20 21:36:42'),(13,4,'15:00','19:00','2022-12-20 21:37:05','2022-12-20 21:37:05'),(14,5,'15:00','19:00','2022-12-20 21:37:27','2022-12-20 21:37:27'),(15,6,'15:00','19:00','2022-12-20 21:37:47','2022-12-20 21:37:47'),(16,1,'15:00','19:00','2022-12-20 21:40:04','2022-12-20 21:40:04'),(17,1,'16:00','19:00','2022-12-20 21:40:04','2022-12-20 21:40:04'),(244,102,'22:43','22:43','2021-11-17 12:54:40','2021-11-17 12:54:40'),(245,102,'22:46','13:46','2021-11-17 12:54:40','2021-11-17 12:54:40');

--
-- Table structure for table `arrivals`
--

CREATE TABLE `arrivals` (
  `id` int unsigned NOT NULL AUTO_INCREMENT,
  `day` varchar(131) CHARACTER SET utf8mb4 COLLATE utf8mb4_unicode_ci DEFAULT NULL,
  `avalibale` tinyint(1) NOT NULL DEFAULT '1',
  `created_at` timestamp NULL DEFAULT NULL,
  `updated_at` timestamp NULL DEFAULT NULL,
  PRIMARY KEY (`id`)
) ENGINE=InnoDB AUTO_INCREMENT=103 DEFAULT CHARSET=utf8mb4 COLLATE=utf8mb4_unicode_ci;

--
-- Dumping data for table `arrivals`
--

INSERT INTO `arrivals` (`id`, `day`, `avalibale`, `created_at`, `updated_at`) VALUES (1,'Saturday',1,'2022-06-23 07:18:36','2022-12-20 21:35:56'),(2,'Sunday',1,'2022-12-20 21:36:18','2022-12-20 21:36:18'),(3,'Monday',1,'2022-12-20 21:36:42','2022-12-20 21:36:42'),(4,'Tuesday',1,'2022-12-20 21:37:05','2022-12-20 21:37:05'),(5,'Wednesday',1,'2022-12-20 21:37:27','2022-12-20 21:37:27'),(6,'Thursday',1,'2022-12-20 21:37:47','2022-12-20 21:37:47'),(102,'Wednesday',1,'2021-10-30 18:43:49','2021-11-16 14:51:28');

--
-- Table structure for table `branch_translations`
--

CREATE TABLE `branch_translations` (
  `id` int unsigned NOT NULL AUTO_INCREMENT,
  `branch_id` int unsigned NOT NULL,
  `address` varchar(191) CHARACTER SET utf8mb4 COLLATE utf8mb4_unicode_ci DEFAULT NULL,
  `locale` varchar(191) CHARACTER SET utf8mb4 COLLATE utf8mb4_unicode_ci NOT NULL,
  `created_at` timestamp NULL DEFAULT NULL,
  `updated_at` timestamp NULL DEFAULT NULL,
  PRIMARY KEY (`id`),
  UNIQUE KEY `branch_translations_branch_id_locale_unique` (`branch_id`,`locale`)
) ENGINE=InnoDB AUTO_INCREMENT=9 DEFAULT CHARSET=utf8mb4 COLLATE=utf8mb4_unicode_ci;

--
-- Dumping data for table `branch_translations`
--

INSERT INTO `branch_translations` (`id`, `branch_id`, `address`, `locale`, `created_at`, `updated_at`) VALUES (1,1,'الكويتشس','ar',NULL,NULL),(2,1,'صصsdfdsfdsfds','en',NULL,NULL),(5,3,'يسشيسشيس','ar',NULL,NULL),(6,3,'سيشيسش','en',NULL,NULL),(7,4,'الكويت حولي','ar',NULL,NULL),(8,4,'تاننا','en',NULL,NULL);

--
-- Table structure for table `branches`
--

CREATE TABLE `branches` (
  `id` int unsigned NOT NULL AUTO_INCREMENT,
  `user_id` int unsigned NOT NULL,
  `address_location` text CHARACTER SET utf8mb4 COLLATE utf8mb4_unicode_ci,
  `lat` varchar(191) CHARACTER SET utf8mb4 COLLATE utf8mb4_unicode_ci DEFAULT NULL,
  `lang` varchar(191) CHARACTER SET utf8mb4 COLLATE utf8mb4_unicode_ci DEFAULT NULL,
  `created_at` timestamp NULL DEFAULT NULL,
  `updated_at` timestamp NULL DEFAULT NULL,
  PRIMARY KEY (`id`),
  KEY `branches_user_id_foreign` (`user_id`)
) ENGINE=InnoDB AUTO_INCREMENT=5 DEFAULT CHARSET=utf8mb4 COLLATE=utf8mb4_unicode_ci;

--
-- Dumping data for table `branches`
--

INSERT INTO `branches` (`id`, `user_id`, `address_location`, `lat`, `lang`, `created_at`, `updated_at`) VALUES (1,5948,'Souk Al-Kuwait . Gr. Floor - Shop No. 211، Al Kuwayt, Kuwait','29.358200951552533','47.989368691650405','2021-09-29 23:07:31','2021-10-15 12:14:37'),(3,5955,'سيشيشسسيشيشس',NULL,NULL,'2021-11-13 20:38:26','2021-11-13 20:38:26'),(4,5955,'ااااا',NULL,NULL,'2021-11-24 19:22:25','2021-11-24 19:22:25');

--
-- Table structure for table `brand_translations`
--

CREATE TABLE `brand_translations` (
  `id` int unsigned NOT NULL AUTO_INCREMENT,
  `brand_id` int unsigned NOT NULL,
  `name` varchar(191) CHARACTER SET utf8mb4 COLLATE utf8mb4_unicode_ci NOT NULL,
  `meta_keywords` varchar(191) CHARACTER SET utf8mb4 COLLATE utf8mb4_unicode_ci DEFAULT NULL,
  `meta_description` text CHARACTER SET utf8mb4 COLLATE utf8mb4_unicode_ci,
  `locale` varchar(191) CHARACTER SET utf8mb4 COLLATE utf8mb4_unicode_ci NOT NULL,
  `created_at` timestamp NULL DEFAULT NULL,
  `updated_at` timestamp NULL DEFAULT NULL,
  PRIMARY KEY (`id`),
  UNIQUE KEY `brand_translations_brand_id_locale_unique` (`brand_id`,`locale`),
  KEY `brand_translations_locale_index` (`locale`)
) ENGINE=InnoDB DEFAULT CHARSET=utf8mb4 COLLATE=utf8mb4_unicode_ci;

--
-- Dumping data for table `brand_translations`
--


--
-- Table structure for table `brands`
--

CREATE TABLE `brands` (
  `id` int unsigned NOT NULL AUTO_INCREMENT,
  `image` varchar(191) CHARACTER SET utf8mb4 COLLATE utf8mb4_unicode_ci NOT NULL,
  `user_id` int unsigned DEFAULT NULL,
  `created_at` timestamp NULL DEFAULT NULL,
  `updated_at` timestamp NULL DEFAULT NULL,
  `const` tinyint(1) NOT NULL DEFAULT '0',
  `company_id` int unsigned DEFAULT NULL,
  `categoryShow` int unsigned DEFAULT NULL,
  `place` enum('up','down') CHARACTER SET utf8mb4 COLLATE utf8mb4_unicode_ci NOT NULL DEFAULT 'up',
  `order` int DEFAULT NULL,
  `inside` tinyint(1) DEFAULT '0',
  `searchable` int NOT NULL DEFAULT '0',
  PRIMARY KEY (`id`),
  KEY `brands_user_id_foreign` (`user_id`),
  KEY `brands_company_id_foreign` (`company_id`),
  KEY `brands_categoryshow_foreign` (`categoryShow`)
) ENGINE=InnoDB DEFAULT CHARSET=utf8mb4 COLLATE=utf8mb4_unicode_ci;

--
-- Dumping data for table `brands`
--


--
-- Table structure for table `categories`
--

CREATE TABLE `categories` (
  `id` int unsigned NOT NULL AUTO_INCREMENT,
  `user_id` int unsigned NOT NULL,
  `image` varchar(191) CHARACTER SET utf8mb4 COLLATE utf8mb4_unicode_ci NOT NULL,
  `type` tinyint(1) NOT NULL DEFAULT '1',
  `parent_id` int NOT NULL,
  `created_at` timestamp NULL DEFAULT NULL,
  `updated_at` timestamp NULL DEFAULT NULL,
  `deleted_at` timestamp NULL DEFAULT NULL,
  `image_en` varchar(191) CHARACTER SET utf8mb4 COLLATE utf8mb4_unicode_ci DEFAULT NULL,
  `searchable` int NOT NULL DEFAULT '0',
  `orderBy` varchar(20) CHARACTER SET utf8mb4 COLLATE utf8mb4_unicode_ci DEFAULT NULL,
  PRIMARY KEY (`id`)
) ENGINE=InnoDB AUTO_INCREMENT=7 DEFAULT CHARSET=utf8mb4 COLLATE=utf8mb4_unicode_ci;

--
-- Dumping data for table `categories`
--

INSERT INTO `categories` (`id`, `user_id`, `image`, `type`, `parent_id`, `created_at`, `updated_at`, `deleted_at`, `image_en`, `searchable`, `orderBy`) VALUES (1,1,'ZplPZwW8iGpWMqmCmQlNjVgidbdCsAHLShme2LbC.jpg',1,0,'2022-06-20 13:01:04','2022-06-20 13:01:04',NULL,NULL,0,NULL),(2,1,'VfbkLUiKrxEKxuAXjgsuTTz3Ybf1xNKKZEr0fuCb.jpg',1,0,'2022-06-20 13:01:46','2022-06-20 13:01:46',NULL,NULL,0,NULL),(3,1,'X7hYSE5xlqcQkhr4EqxI4IB5ZMFkHj4zZjTDsS9V.jpg',1,0,'2022-06-20 13:02:04','2022-06-20 13:02:04',NULL,NULL,0,NULL),(4,1,'BPkxxmfCRIHjepSWhxGrbV2xhvs8D2Q75Iv7vJAZ.jpg',1,0,'2022-06-20 13:02:24','2022-06-20 13:02:24',NULL,NULL,0,NULL),(5,1,'taKxf4rsxmuqF31k7nCZeQScqrcbUoWXaqJ0EBss.jpg',1,0,'2022-06-20 13:02:42','2022-07-01 13:56:55',NULL,NULL,0,NULL),(6,1,'2022-06-20-نادي صحي .gif',1,0,'2022-06-20 13:02:57','2022-07-01 13:56:56',NULL,NULL,0,NULL);

--
-- Table structure for table `category_translations`
--

CREATE TABLE `category_translations` (
  `id` int unsigned NOT NULL AUTO_INCREMENT,
  `category_id` int unsigned NOT NULL,
  `name` varchar(191) CHARACTER SET utf8mb4 COLLATE utf8mb4_unicode_ci NOT NULL,
  `meta_keywords` varchar(191) CHARACTER SET utf8mb4 COLLATE utf8mb4_unicode_ci DEFAULT NULL,
  `meta_description` text CHARACTER SET utf8mb4 COLLATE utf8mb4_unicode_ci,
  `locale` varchar(191) CHARACTER SET utf8mb4 COLLATE utf8mb4_unicode_ci NOT NULL,
  `created_at` timestamp NULL DEFAULT NULL,
  `updated_at` timestamp NULL DEFAULT NULL,
  PRIMARY KEY (`id`),
  UNIQUE KEY `category_translations_category_id_locale_unique` (`category_id`,`locale`),
  KEY `category_translations_locale_index` (`locale`)
) ENGINE=InnoDB AUTO_INCREMENT=13 DEFAULT CHARSET=utf8mb4 COLLATE=utf8mb4_unicode_ci;

--
-- Dumping data for table `category_translations`
--

INSERT INTO `category_translations` (`id`, `category_id`, `name`, `meta_keywords`, `meta_description`, `locale`, `created_at`, `updated_at`) VALUES (1,1,'مطاعم',NULL,NULL,'ar',NULL,NULL),(2,1,'Restaurants',NULL,NULL,'en',NULL,NULL),(3,2,'فنادق',NULL,NULL,'ar',NULL,NULL),(4,2,'Hotels',NULL,NULL,'en',NULL,NULL),(5,3,'عيادات',NULL,NULL,'ar',NULL,NULL),(6,3,'clinics',NULL,NULL,'en',NULL,NULL),(7,4,'كافيهات',NULL,NULL,'ar',NULL,NULL),(8,4,'cafes',NULL,NULL,'en',NULL,NULL),(9,5,'محلات ملابس',NULL,NULL,'ar',NULL,NULL),(10,5,'clothes shop',NULL,NULL,'en',NULL,NULL),(11,6,'نادي صحي',NULL,NULL,'ar',NULL,NULL),(12,6,'Health club',NULL,NULL,'en',NULL,NULL);

--
-- Table structure for table `category_user`
--

CREATE TABLE `category_user` (
  `id` int NOT NULL AUTO_INCREMENT,
  `user_id` int unsigned DEFAULT NULL,
  `category_id` int unsigned DEFAULT NULL,
  `created_at` timestamp NOT NULL DEFAULT CURRENT_TIMESTAMP,
  `updated_at` timestamp NOT NULL DEFAULT CURRENT_TIMESTAMP,
  PRIMARY KEY (`id`),
  KEY `category_id` (`category_id`),
  KEY `user_id` (`user_id`),
  CONSTRAINT `category_user_ibfk_1` FOREIGN KEY (`category_id`) REFERENCES `categories` (`id`) ON DELETE CASCADE,
  CONSTRAINT `category_user_ibfk_2` FOREIGN KEY (`user_id`) REFERENCES `users` (`id`) ON DELETE CASCADE
) ENGINE=InnoDB AUTO_INCREMENT=13 DEFAULT CHARSET=utf8mb3 ROW_FORMAT=COMPACT;

--
-- Dumping data for table `category_user`
--

INSERT INTO `category_user` (`id`, `user_id`, `category_id`, `created_at`, `updated_at`) VALUES (3,6075,1,'2022-06-20 13:00:48','2022-06-20 13:00:48'),(5,6101,2,'2022-06-27 08:33:53','2022-06-27 08:33:53'),(8,6103,3,'2022-06-27 08:50:51','2022-06-27 08:50:51'),(12,6105,4,'2022-06-27 17:10:50','2022-06-27 17:10:50');

--
-- Table structure for table `color_translations`
--

CREATE TABLE `color_translations` (
  `id` int unsigned NOT NULL AUTO_INCREMENT,
  `color_id` int unsigned NOT NULL,
  `name` varchar(191) CHARACTER SET utf8mb4 COLLATE utf8mb4_unicode_ci NOT NULL,
  `locale` varchar(191) CHARACTER SET utf8mb4 COLLATE utf8mb4_unicode_ci NOT NULL,
  `created_at` timestamp NULL DEFAULT NULL,
  `updated_at` timestamp NULL DEFAULT NULL,
  PRIMARY KEY (`id`),
  UNIQUE KEY `color_translations_color_id_locale_unique` (`color_id`,`locale`),
  KEY `color_translations_locale_index` (`locale`)
) ENGINE=InnoDB AUTO_INCREMENT=5 DEFAULT CHARSET=utf8mb4 COLLATE=utf8mb4_unicode_ci;

--
-- Dumping data for table `color_translations`
--

INSERT INTO `color_translations` (`id`, `color_id`, `name`, `locale`, `created_at`, `updated_at`) VALUES (1,1,'red','en',NULL,NULL),(2,1,'احمر','ar',NULL,NULL),(3,2,'grren','en',NULL,NULL),(4,2,'اخضر','ar',NULL,NULL);

--
-- Table structure for table `colors`
--

CREATE TABLE `colors` (
  `id` int unsigned NOT NULL AUTO_INCREMENT,
  `color` varchar(191) CHARACTER SET utf8mb4 COLLATE utf8mb4_unicode_ci NOT NULL,
  `user_id` int unsigned NOT NULL,
  `created_at` timestamp NULL DEFAULT NULL,
  `updated_at` timestamp NULL DEFAULT NULL,
  PRIMARY KEY (`id`),
  KEY `colors_user_id_foreign` (`user_id`)
) ENGINE=InnoDB AUTO_INCREMENT=3 DEFAULT CHARSET=utf8mb4 COLLATE=utf8mb4_unicode_ci;

--
-- Dumping data for table `colors`
--

INSERT INTO `colors` (`id`, `color`, `user_id`, `created_at`, `updated_at`) VALUES (1,'1',1,NULL,NULL),(2,'2',1,NULL,NULL);

--
-- Table structure for table `companies`
--

CREATE TABLE `companies` (
  `id` int unsigned NOT NULL AUTO_INCREMENT,
  `image` varchar(191) CHARACTER SET utf8mb4 COLLATE utf8mb4_unicode_ci NOT NULL,
  `status` tinyint(1) NOT NULL DEFAULT '1',
  `user_id` int unsigned NOT NULL,
  `created_at` timestamp NULL DEFAULT NULL,
  `updated_at` timestamp NULL DEFAULT NULL,
  `const` tinyint(1) NOT NULL DEFAULT '1',
  `shipping_type_id` int unsigned DEFAULT NULL,
  `slug` enum('lenses','toys') CHARACTER SET utf8mb4 COLLATE utf8mb4_unicode_ci DEFAULT NULL,
  PRIMARY KEY (`id`),
  KEY `companies_user_id_foreign` (`user_id`),
  KEY `companies_shipping_type_id_foreign` (`shipping_type_id`)
) ENGINE=InnoDB DEFAULT CHARSET=utf8mb4 COLLATE=utf8mb4_unicode_ci;

--
-- Dumping data for table `companies`
--


--
-- Table structure for table `company_brands`
--

CREATE TABLE `company_brands` (
  `id` int NOT NULL AUTO_INCREMENT,
  `brand_id` int NOT NULL,
  `company_id` int NOT NULL,
  `created_at` timestamp NULL DEFAULT NULL,
  `updated_at` timestamp NULL DEFAULT NULL,
  PRIMARY KEY (`id`)
) ENGINE=MyISAM DEFAULT CHARSET=latin1;

--
-- Dumping data for table `company_brands`
--


--
-- Table structure for table `company_categories`
--

CREATE TABLE `company_categories` (
  `id` int unsigned NOT NULL AUTO_INCREMENT,
  `company_id` int unsigned NOT NULL,
  `category_id` int unsigned NOT NULL,
  `created_at` timestamp NULL DEFAULT NULL,
  `updated_at` timestamp NULL DEFAULT NULL,
  PRIMARY KEY (`id`),
  KEY `company_categories_company_id_foreign` (`company_id`),
  KEY `company_categories_category_id_foreign` (`category_id`)
) ENGINE=InnoDB DEFAULT CHARSET=utf8mb4 COLLATE=utf8mb4_unicode_ci;

--
-- Dumping data for table `company_categories`
--


--
-- Table structure for table `company_translations`
--

CREATE TABLE `company_translations` (
  `id` int unsigned NOT NULL AUTO_INCREMENT,
  `company_id` int unsigned NOT NULL,
  `name` varchar(191) CHARACTER SET utf8mb4 COLLATE utf8mb4_unicode_ci NOT NULL,
  `descrption` text CHARACTER SET utf8mb4 COLLATE utf8mb4_unicode_ci,
  `meta_keywords` varchar(191) CHARACTER SET utf8mb4 COLLATE utf8mb4_unicode_ci DEFAULT NULL,
  `meta_description` text CHARACTER SET utf8mb4 COLLATE utf8mb4_unicode_ci,
  `locale` varchar(191) CHARACTER SET utf8mb4 COLLATE utf8mb4_unicode_ci NOT NULL,
  `created_at` timestamp NULL DEFAULT NULL,
  `updated_at` timestamp NULL DEFAULT NULL,
  PRIMARY KEY (`id`),
  UNIQUE KEY `company_translations_company_id_locale_unique` (`company_id`,`locale`),
  KEY `company_translations_locale_index` (`locale`)
) ENGINE=InnoDB DEFAULT CHARSET=utf8mb4 COLLATE=utf8mb4_unicode_ci;

--
-- Dumping data for table `company_translations`
--


--
-- Table structure for table `confirm_coupon`
--

CREATE TABLE `confirm_coupon` (
  `id` int NOT NULL AUTO_INCREMENT,
  `user_id` int DEFAULT NULL,
  `coupon_id` int DEFAULT NULL,
  `value` float DEFAULT NULL,
  `product_id` int DEFAULT NULL,
  `status` int DEFAULT NULL,
  `created_at` timestamp NULL DEFAULT NULL,
  `updated_at` timestamp NULL DEFAULT NULL,
  PRIMARY KEY (`id`)
) ENGINE=InnoDB AUTO_INCREMENT=28 DEFAULT CHARSET=latin1;

--
-- Dumping data for table `confirm_coupon`
--

INSERT INTO `confirm_coupon` (`id`, `user_id`, `coupon_id`, `value`, `product_id`, `status`, `created_at`, `updated_at`) VALUES (17,6076,34,10,3,0,NULL,NULL),(18,6088,37,112,4,0,NULL,NULL),(19,6076,37,112,4,0,NULL,NULL),(20,6089,34,10,3,0,NULL,NULL),(21,6088,34,10,3,0,NULL,NULL),(22,6098,34,10,3,0,NULL,NULL),(23,6098,34,10,7,0,NULL,NULL),(24,6098,34,10,8,0,NULL,NULL),(25,6076,34,10,8,0,NULL,NULL),(26,6098,34,10,6,0,NULL,NULL),(27,6099,34,10,3,0,NULL,NULL);

--
-- Table structure for table `contacts`
--

CREATE TABLE `contacts` (
  `id` int unsigned NOT NULL,
  `name` varchar(255) CHARACTER SET utf8mb4 COLLATE utf8mb4_unicode_ci NOT NULL,
  `email` varchar(255) CHARACTER SET utf8mb4 COLLATE utf8mb4_unicode_ci NOT NULL,
  `comment` text CHARACTER SET utf8mb4 COLLATE utf8mb4_unicode_ci NOT NULL,
  `phone` varchar(255) CHARACTER SET utf8mb4 COLLATE utf8mb4_unicode_ci NOT NULL,
  `created_at` timestamp NULL DEFAULT NULL,
  `updated_at` timestamp NULL DEFAULT NULL,
  `status` int DEFAULT '0'
) ENGINE=InnoDB DEFAULT CHARSET=utf8mb4 COLLATE=utf8mb4_unicode_ci;

--
-- Dumping data for table `contacts`
--

INSERT INTO `contacts` (`id`, `name`, `email`, `comment`, `phone`, `created_at`, `updated_at`, `status`) VALUES (1,'samer','samer@gmail.com','asdasdasd','4365345','2022-06-26 11:13:47','2022-06-26 11:39:22',1),(2,'cvbb','ffhjvh@ghh.com','shigella','vvv','2022-06-28 08:15:57','2022-06-28 08:15:57',0),(3,'adada','asdsd@gmail.com','sdfsdf','234234','2022-11-03 23:02:52','2022-11-03 23:02:52',0),(4,'dsfsf','sdfds@gmail.com','dsfsdfsdf','3242342','2022-11-03 23:04:04','2022-11-03 23:04:04',0),(5,'asdasd','asdasd@gmail.com','asdfasd','3234','2022-11-03 23:04:32','2022-11-03 23:04:32',0);

--
-- Table structure for table `content_section_translations`
--

CREATE TABLE `content_section_translations` (
  `id` int unsigned NOT NULL AUTO_INCREMENT,
  `content_section_id` int unsigned NOT NULL,
  `title` varchar(191) CHARACTER SET utf8mb4 COLLATE utf8mb4_unicode_ci DEFAULT NULL,
  `locale` varchar(191) CHARACTER SET utf8mb4 COLLATE utf8mb4_unicode_ci NOT NULL,
  `created_at` timestamp NULL DEFAULT NULL,
  `updated_at` timestamp NULL DEFAULT NULL,
  PRIMARY KEY (`id`),
  UNIQUE KEY `content_section_translations_content_section_id_locale_unique` (`content_section_id`,`locale`)
) ENGINE=InnoDB AUTO_INCREMENT=5 DEFAULT CHARSET=utf8mb4 COLLATE=utf8mb4_unicode_ci;

--
-- Dumping data for table `content_section_translations`
--

INSERT INTO `content_section_translations` (`id`, `content_section_id`, `title`, `locale`, `created_at`, `updated_at`) VALUES (1,1,'منتجات قد تعجبك','ar',NULL,NULL),(2,1,'Products you may like','en',NULL,NULL),(3,2,'الاكثر مبيعاً','ar',NULL,NULL),(4,2,'best seller','en',NULL,NULL);

--
-- Table structure for table `content_sections`
--

CREATE TABLE `content_sections` (
  `id` int unsigned NOT NULL AUTO_INCREMENT,
  `order` int NOT NULL,
  `status` int NOT NULL DEFAULT '1',
  `created_at` timestamp NULL DEFAULT NULL,
  `updated_at` timestamp NULL DEFAULT NULL,
  `start_offer` datetime DEFAULT NULL,
  `end_offer` datetime DEFAULT NULL,
  `categoryShow` int unsigned DEFAULT NULL,
  `web` tinyint DEFAULT NULL,
  `typeOfWeb` int DEFAULT NULL,
  PRIMARY KEY (`id`),
  KEY `content_sections_categoryshow_foreign` (`categoryShow`)
) ENGINE=InnoDB AUTO_INCREMENT=3 DEFAULT CHARSET=utf8mb4 COLLATE=utf8mb4_unicode_ci;

--
-- Dumping data for table `content_sections`
--

INSERT INTO `content_sections` (`id`, `order`, `status`, `created_at`, `updated_at`, `start_offer`, `end_offer`, `categoryShow`, `web`, `typeOfWeb`) VALUES (1,2,1,'2021-06-11 01:59:27','2021-06-11 22:16:01',NULL,NULL,NULL,NULL,1),(2,1,1,'2021-06-11 02:00:20','2021-06-11 22:16:40',NULL,NULL,NULL,NULL,1);

--
-- Table structure for table `countries`
--

CREATE TABLE `countries` (
  `id` int unsigned NOT NULL AUTO_INCREMENT,
  `status` tinyint(1) NOT NULL DEFAULT '1',
  `image` varchar(191) CHARACTER SET utf8mb4 COLLATE utf8mb4_unicode_ci DEFAULT NULL,
  `code` varchar(191) CHARACTER SET utf8mb4 COLLATE utf8mb4_unicode_ci DEFAULT NULL,
  `currency` varchar(191) CHARACTER SET utf8mb4 COLLATE utf8mb4_unicode_ci DEFAULT NULL,
  `address_address` varchar(191) CHARACTER SET utf8mb4 COLLATE utf8mb4_unicode_ci NOT NULL,
  `address_latitude` double NOT NULL,
  `address_longitude` double NOT NULL,
  `created_at` timestamp NULL DEFAULT NULL,
  `updated_at` timestamp NULL DEFAULT NULL,
  PRIMARY KEY (`id`)
) ENGINE=InnoDB AUTO_INCREMENT=2 DEFAULT CHARSET=utf8mb4 COLLATE=utf8mb4_unicode_ci;

--
-- Dumping data for table `countries`
--

INSERT INTO `countries` (`id`, `status`, `image`, `code`, `currency`, `address_address`, `address_latitude`, `address_longitude`, `created_at`, `updated_at`) VALUES (1,1,'A1Yy2Qt5vVlPOl33Nc01Gny2DNAt8zDvxpENqPhs.jpeg','KWT','kwt','مدينة الكويت، Kuwait',29.375859,47.9774052,'2020-07-29 17:06:29','2020-07-29 20:33:09');

--
-- Table structure for table `country_translations`
--

CREATE TABLE `country_translations` (
  `id` int unsigned NOT NULL AUTO_INCREMENT,
  `country_id` int unsigned NOT NULL,
  `name` varchar(191) CHARACTER SET utf8mb4 COLLATE utf8mb4_unicode_ci NOT NULL,
  `locale` varchar(191) CHARACTER SET utf8mb4 COLLATE utf8mb4_unicode_ci NOT NULL,
  `created_at` timestamp NULL DEFAULT NULL,
  `updated_at` timestamp NULL DEFAULT NULL,
  PRIMARY KEY (`id`),
  UNIQUE KEY `country_translations_country_id_locale_unique` (`country_id`,`locale`),
  KEY `country_translations_locale_index` (`locale`)
) ENGINE=InnoDB AUTO_INCREMENT=3 DEFAULT CHARSET=utf8mb4 COLLATE=utf8mb4_unicode_ci;

--
-- Dumping data for table `country_translations`
--

INSERT INTO `country_translations` (`id`, `country_id`, `name`, `locale`, `created_at`, `updated_at`) VALUES (1,1,'الكويت','ar',NULL,NULL),(2,1,'kuwait','en',NULL,NULL);

--
-- Table structure for table `coupone__related`
--

CREATE TABLE `coupone__related` (
  `id` int unsigned NOT NULL AUTO_INCREMENT,
  `coupons_id` int unsigned NOT NULL,
  `related_id` int NOT NULL,
  `created_at` timestamp NULL DEFAULT NULL,
  `updated_at` timestamp NULL DEFAULT NULL,
  PRIMARY KEY (`id`),
  KEY `coupone__related_coupons_id_foreign` (`coupons_id`)
) ENGINE=InnoDB AUTO_INCREMENT=8 DEFAULT CHARSET=utf8mb4 COLLATE=utf8mb4_unicode_ci;

--
-- Dumping data for table `coupone__related`
--

INSERT INTO `coupone__related` (`id`, `coupons_id`, `related_id`, `created_at`, `updated_at`) VALUES (1,37,1,NULL,NULL),(2,35,4,NULL,NULL),(3,34,1,NULL,NULL),(4,34,2,NULL,NULL),(5,34,4,NULL,NULL),(6,37,4,NULL,NULL),(7,37,2,NULL,NULL);

--
-- Table structure for table `coupone_relateds`
--

CREATE TABLE `coupone_relateds` (
  `id` int unsigned NOT NULL,
  `coupons_id` int unsigned NOT NULL,
  `related_id` int NOT NULL,
  `created_at` timestamp NULL DEFAULT NULL,
  `updated_at` timestamp NULL DEFAULT NULL
) ENGINE=InnoDB DEFAULT CHARSET=utf8mb4 COLLATE=utf8mb4_unicode_ci;

--
-- Dumping data for table `coupone_relateds`
--

INSERT INTO `coupone_relateds` (`id`, `coupons_id`, `related_id`, `created_at`, `updated_at`) VALUES (3,1,2,NULL,NULL),(4,1,4,NULL,NULL),(5,1,5,NULL,NULL),(6,1,6,NULL,NULL),(7,2,2,NULL,NULL),(8,2,4,NULL,NULL),(9,2,5,NULL,NULL),(10,2,6,NULL,NULL),(11,3,6,NULL,NULL);

--
-- Table structure for table `coupons`
--

CREATE TABLE `coupons` (
  `id` int unsigned NOT NULL AUTO_INCREMENT,
  `name` varchar(191) CHARACTER SET utf8mb4 COLLATE utf8mb4_unicode_ci NOT NULL,
  `value` int DEFAULT NULL,
  `type` varchar(20) CHARACTER SET utf8mb4 COLLATE utf8mb4_unicode_ci DEFAULT NULL,
  `code` varchar(191) CHARACTER SET utf8mb4 COLLATE utf8mb4_unicode_ci NOT NULL,
  `image` varchar(191) CHARACTER SET utf8mb4 COLLATE utf8mb4_unicode_ci NOT NULL,
  `description` longtext CHARACTER SET utf8mb4 COLLATE utf8mb4_unicode_ci NOT NULL,
  `created_at` timestamp NULL DEFAULT NULL,
  `updated_at` timestamp NULL DEFAULT NULL,
  `status` tinyint DEFAULT NULL,
  `count` int DEFAULT NULL,
  `personal_discount` double(8,2) NOT NULL DEFAULT '0.00',
  `user_id` int DEFAULT NULL,
  PRIMARY KEY (`id`)
) ENGINE=InnoDB AUTO_INCREMENT=38 DEFAULT CHARSET=utf8mb4 COLLATE=utf8mb4_unicode_ci;

--
-- Dumping data for table `coupons`
--

INSERT INTO `coupons` (`id`, `name`, `value`, `type`, `code`, `image`, `description`, `created_at`, `updated_at`, `status`, `count`, `personal_discount`, `user_id`) VALUES (1,'asds',10,'category','sa','','','2022-09-24 17:17:33','2022-12-06 09:12:06',1,1,0.00,1),(2,'جمعية',10,'category','9821','','','2022-10-02 09:01:16','2022-11-09 08:48:36',1,7,0.00,1),(3,'لفاا',10,'product','mm','','','2022-11-20 14:06:28','2022-11-20 14:19:04',1,10,0.00,1),(4,'كود خصم كلي',12,'total','sasa','','','2022-12-14 07:01:33','2022-12-14 07:03:07',1,10,0.00,1),(34,'asdwdewe',10,NULL,'SADEWQ','','','2022-06-05 22:43:48','2022-06-07 23:52:03',NULL,20,0.00,1),(35,'asdadqwedwe',10,NULL,'asdasd','','','2022-06-05 22:45:55','2022-06-05 22:45:55',NULL,32,0.00,1),(36,'asdadqwedwe',10,NULL,'asdasd','','','2022-06-05 22:45:55','2022-06-05 22:45:55',NULL,32,0.00,1),(37,'sadasdasd',112,NULL,'asdsadasd','','','2022-06-05 22:46:59','2022-06-20 13:24:05',NULL,123,0.00,1);

--
-- Table structure for table `device_tokens`
--

CREATE TABLE `device_tokens` (
  `id` bigint unsigned NOT NULL AUTO_INCREMENT,
  `user_id` bigint unsigned DEFAULT NULL,
  `token` varchar(191) CHARACTER SET utf8mb4 COLLATE utf8mb4_unicode_ci DEFAULT NULL,
  `device_id` varchar(191) CHARACTER SET utf8mb4 COLLATE utf8mb4_unicode_ci DEFAULT NULL,
  `device` enum('0','1','2') CHARACTER SET utf8mb4 COLLATE utf8mb4_unicode_ci NOT NULL DEFAULT '0',
  `created_at` timestamp NULL DEFAULT NULL,
  `updated_at` timestamp NULL DEFAULT NULL,
  PRIMARY KEY (`id`),
  KEY `device_tokens_user_id_foreign` (`user_id`)
) ENGINE=InnoDB AUTO_INCREMENT=4 DEFAULT CHARSET=utf8mb4 COLLATE=utf8mb4_unicode_ci;

--
-- Dumping data for table `device_tokens`
--

INSERT INTO `device_tokens` (`id`, `user_id`, `token`, `device_id`, `device`, `created_at`, `updated_at`) VALUES (3,6007,'dfsbDrYY3EGiqXjhaTfUk1:APA91bHZz0RY20UYXE4QzYmu2OCPCH-gwMXf4QRUNkSJjhmQro5KkcU4Ibo0rE8fYqJ8E2pEghs6PckFoaNqQd-t43-4Gi0bv9SwfhZR2AqFa6_6Qxl4M2nUsPh93VYPQYiU6x6c3tX0Y','58D4E10F-067D-4717-94F6-351991747802','0','2022-03-06 22:45:55','2022-03-06 22:47:52');

--
-- Table structure for table `failed_jobs`
--

CREATE TABLE `failed_jobs` (
  `id` bigint unsigned NOT NULL AUTO_INCREMENT,
  `connection` text CHARACTER SET utf8mb4 COLLATE utf8mb4_unicode_ci NOT NULL,
  `queue` text CHARACTER SET utf8mb4 COLLATE utf8mb4_unicode_ci NOT NULL,
  `payload` longtext CHARACTER SET utf8mb4 COLLATE utf8mb4_unicode_ci NOT NULL,
  `exception` longtext CHARACTER SET utf8mb4 COLLATE utf8mb4_unicode_ci NOT NULL,
  `failed_at` timestamp NOT NULL DEFAULT CURRENT_TIMESTAMP,
  PRIMARY KEY (`id`)
) ENGINE=InnoDB DEFAULT CHARSET=utf8mb4 COLLATE=utf8mb4_unicode_ci;

--
-- Dumping data for table `failed_jobs`
--


--
-- Table structure for table `famouse_discounts`
--

CREATE TABLE `famouse_discounts` (
  `id` int unsigned NOT NULL AUTO_INCREMENT,
  `order_id` int unsigned NOT NULL,
  `price` float NOT NULL,
  `discountprice` float NOT NULL,
  `code` varchar(191) CHARACTER SET utf8mb4 COLLATE utf8mb4_unicode_ci NOT NULL,
  `value` varchar(191) CHARACTER SET utf8mb4 COLLATE utf8mb4_unicode_ci NOT NULL,
  `created_at` timestamp NULL DEFAULT NULL,
  `updated_at` timestamp NULL DEFAULT NULL,
  PRIMARY KEY (`id`),
  KEY `famouse_discounts_order_id_foreign` (`order_id`)
) ENGINE=InnoDB DEFAULT CHARSET=utf8mb4 COLLATE=utf8mb4_unicode_ci;

--
-- Dumping data for table `famouse_discounts`
--


--
-- Table structure for table `favourites`
--

CREATE TABLE `favourites` (
  `id` int NOT NULL AUTO_INCREMENT,
  `user_id` int unsigned DEFAULT NULL,
  `product_id` int unsigned DEFAULT NULL,
  `created_at` timestamp NOT NULL DEFAULT CURRENT_TIMESTAMP,
  `updated_at` timestamp NOT NULL DEFAULT CURRENT_TIMESTAMP,
  PRIMARY KEY (`id`),
  KEY `user_id` (`user_id`),
  KEY `product_id` (`product_id`),
  CONSTRAINT `favourites_ibfk_1` FOREIGN KEY (`user_id`) REFERENCES `users` (`id`) ON DELETE CASCADE,
  CONSTRAINT `favourites_ibfk_2` FOREIGN KEY (`product_id`) REFERENCES `products` (`id`) ON DELETE CASCADE
) ENGINE=InnoDB DEFAULT CHARSET=utf8mb3 ROW_FORMAT=COMPACT;

--
-- Dumping data for table `favourites`
--


--
-- Table structure for table `feature_inventories`
--

CREATE TABLE `feature_inventories` (
  `id` int unsigned NOT NULL AUTO_INCREMENT,
  `product_id` int unsigned DEFAULT NULL,
  `inventory_id` int unsigned NOT NULL,
  `feature_id` int unsigned NOT NULL,
  `option_id` int unsigned NOT NULL,
  `price` double(8,2) NOT NULL DEFAULT '0.00',
  `qyt` int NOT NULL DEFAULT '0',
  `created_at` timestamp NULL DEFAULT NULL,
  `updated_at` timestamp NULL DEFAULT NULL,
  PRIMARY KEY (`id`),
  KEY `feature_inventories_product_id_foreign` (`product_id`),
  KEY `feature_inventories_inventory_id_foreign` (`inventory_id`),
  KEY `feature_inventories_feature_id_foreign` (`feature_id`),
  KEY `feature_inventories_option_id_foreign` (`option_id`)
) ENGINE=InnoDB DEFAULT CHARSET=utf8mb4 COLLATE=utf8mb4_unicode_ci;

--
-- Dumping data for table `feature_inventories`
--


--
-- Table structure for table `feature_option_translations`
--

CREATE TABLE `feature_option_translations` (
  `id` int unsigned NOT NULL AUTO_INCREMENT,
  `feature_option_id` int unsigned NOT NULL,
  `title` varchar(191) CHARACTER SET utf8mb4 COLLATE utf8mb4_unicode_ci DEFAULT NULL,
  `locale` varchar(191) CHARACTER SET utf8mb4 COLLATE utf8mb4_unicode_ci NOT NULL,
  `created_at` timestamp NULL DEFAULT NULL,
  `updated_at` timestamp NULL DEFAULT NULL,
  PRIMARY KEY (`id`),
  UNIQUE KEY `feature_option_translations_feature_option_id_locale_unique` (`feature_option_id`,`locale`)
) ENGINE=InnoDB AUTO_INCREMENT=51 DEFAULT CHARSET=utf8mb4 COLLATE=utf8mb4_unicode_ci;

--
-- Dumping data for table `feature_option_translations`
--

INSERT INTO `feature_option_translations` (`id`, `feature_option_id`, `title`, `locale`, `created_at`, `updated_at`) VALUES (1,1,'صغير','ar',NULL,NULL),(2,1,'small','en',NULL,NULL),(3,2,'وسط','ar',NULL,NULL),(4,2,'middle','en',NULL,NULL),(5,3,'كبير','ar',NULL,NULL),(6,3,'big','en',NULL,NULL),(7,4,'صغير','ar',NULL,NULL),(8,4,'small','en',NULL,NULL),(9,5,'وسط','ar',NULL,NULL),(10,5,'middle','en',NULL,NULL),(11,6,'كبير','ar',NULL,NULL),(12,6,'big','en',NULL,NULL),(13,7,'وسط','ar',NULL,NULL),(14,7,'middle','en',NULL,NULL),(15,8,'صغير','ar',NULL,NULL),(16,8,'small','en',NULL,NULL),(17,9,'صغير','ar',NULL,NULL),(18,9,'small','en',NULL,NULL),(19,10,'كبير','ar',NULL,NULL),(20,10,'big','en',NULL,NULL),(21,11,'وسط','ar',NULL,NULL),(22,11,'middle','en',NULL,NULL),(23,12,'كبير','ar',NULL,NULL),(24,12,'big','en',NULL,NULL),(25,13,'big','ar',NULL,NULL),(26,13,'كبير','en',NULL,NULL),(27,14,'صغير','ar',NULL,NULL),(28,14,'small','en',NULL,NULL),(29,15,'a','ar',NULL,NULL),(30,15,'b','en',NULL,NULL),(31,16,'احمر','ar',NULL,NULL),(32,16,'red','en',NULL,NULL),(33,17,'اصفر','ar',NULL,NULL),(34,17,'yellow','en',NULL,NULL),(35,18,'اخضر','ar',NULL,NULL),(36,18,'green','en',NULL,NULL),(37,19,'xl','ar',NULL,NULL),(38,19,'xl','en',NULL,NULL),(39,20,'xxl','ar',NULL,NULL),(40,20,'xxl','en',NULL,NULL),(41,21,'xxxl','ar',NULL,NULL),(42,21,'xxxl','en',NULL,NULL),(43,22,'asd','ar',NULL,NULL),(44,22,'asdda','en',NULL,NULL),(45,23,'asd','ar',NULL,NULL),(46,23,'dsds','en',NULL,NULL),(47,24,'احمر','ar',NULL,NULL),(48,24,'red','en',NULL,NULL),(49,25,'اصفر','ar',NULL,NULL),(50,25,'yellow','en',NULL,NULL);

--
-- Table structure for table `feature_options`
--

CREATE TABLE `feature_options` (
  `id` int unsigned NOT NULL AUTO_INCREMENT,
  `price` decimal(8,2) NOT NULL,
  `count` int DEFAULT NULL,
  `feature_id` int unsigned DEFAULT NULL,
  `created_at` timestamp NULL DEFAULT NULL,
  `updated_at` timestamp NULL DEFAULT NULL,
  `color` varchar(191) CHARACTER SET utf8mb4 COLLATE utf8mb4_unicode_ci DEFAULT NULL,
  PRIMARY KEY (`id`),
  KEY `feature_options_feature_id_foreign` (`feature_id`)
) ENGINE=InnoDB AUTO_INCREMENT=26 DEFAULT CHARSET=utf8mb4 COLLATE=utf8mb4_unicode_ci;

--
-- Dumping data for table `feature_options`
--

INSERT INTO `feature_options` (`id`, `price`, `count`, `feature_id`, `created_at`, `updated_at`, `color`) VALUES (1,1.00,NULL,0,'2022-02-22 14:05:04','2022-02-22 14:05:04',NULL),(2,2.00,NULL,0,'2022-02-22 14:05:34','2022-02-22 14:05:34',NULL),(3,3.00,NULL,0,'2022-02-22 14:05:55','2022-02-22 14:05:55',NULL),(4,2.00,80,1,'2022-02-22 14:25:06','2022-04-06 22:54:07',NULL),(5,3.00,NULL,1,'2022-02-22 14:28:25','2022-02-22 14:29:03',NULL),(6,4.00,NULL,1,'2022-02-22 14:28:49','2022-02-22 14:29:05',NULL),(7,0.50,NULL,2,'2022-02-22 14:31:36','2022-02-22 14:31:36',NULL),(8,1.00,NULL,2,'2022-02-22 14:31:49','2022-02-22 14:31:49',NULL),(9,2.00,NULL,3,'2022-02-22 14:32:30','2022-02-22 14:32:30',NULL),(10,4.00,NULL,3,'2022-02-22 14:32:41','2022-02-22 14:32:41',NULL),(11,3.00,NULL,0,'2022-02-22 14:33:25','2022-02-22 14:33:25',NULL),(12,5.00,NULL,4,'2022-02-22 14:33:39','2022-02-22 14:33:39',NULL),(13,3.00,NULL,0,'2022-02-22 14:34:22','2022-02-22 14:34:22',NULL),(14,5.00,NULL,5,'2022-02-22 14:35:38','2022-02-22 14:35:38',NULL),(16,0.00,NULL,8,'2022-03-23 22:26:15','2022-03-23 22:26:15',NULL),(17,0.00,NULL,8,'2022-03-23 22:26:42','2022-03-23 22:26:42',NULL),(18,229526.00,NULL,8,'2022-03-23 22:27:08','2022-04-04 17:33:06','#a61c1c'),(19,12.00,NULL,0,'2022-03-23 22:30:55','2022-03-23 22:30:55',NULL),(20,15.00,NULL,9,'2022-03-23 22:32:01','2022-03-23 22:32:01',NULL),(21,20.00,NULL,9,'2022-03-23 22:32:06','2022-03-23 22:32:06',NULL),(22,22.00,NULL,8,'2022-04-04 17:37:02','2022-04-04 17:37:02','#1f6f5b'),(23,22.00,NULL,8,'2022-04-04 17:41:01','2022-04-04 17:41:01','#e13d3d'),(24,1.00,NULL,10,'2022-04-20 21:04:53','2022-04-20 21:04:53','#ff2600'),(25,1.00,NULL,10,'2022-04-20 21:05:18','2022-04-20 21:05:18','#fffb00');

--
-- Table structure for table `feature_translations`
--

CREATE TABLE `feature_translations` (
  `id` int unsigned NOT NULL AUTO_INCREMENT,
  `feature_id` int unsigned NOT NULL,
  `title` varchar(191) CHARACTER SET utf8mb4 COLLATE utf8mb4_unicode_ci DEFAULT NULL,
  `locale` varchar(191) CHARACTER SET utf8mb4 COLLATE utf8mb4_unicode_ci NOT NULL,
  `created_at` timestamp NULL DEFAULT NULL,
  `updated_at` timestamp NULL DEFAULT NULL,
  PRIMARY KEY (`id`),
  UNIQUE KEY `feature_translations_feature_id_locale_unique` (`feature_id`,`locale`)
) ENGINE=InnoDB AUTO_INCREMENT=21 DEFAULT CHARSET=utf8mb4 COLLATE=utf8mb4_unicode_ci;

--
-- Dumping data for table `feature_translations`
--

INSERT INTO `feature_translations` (`id`, `feature_id`, `title`, `locale`, `created_at`, `updated_at`) VALUES (1,1,'الاحجام','ar',NULL,NULL),(2,1,'Sizes','en',NULL,NULL),(3,2,'احجام','ar',NULL,NULL),(4,2,'احجام','en',NULL,NULL),(5,3,'احجام','ar',NULL,NULL),(6,3,'sizes','en',NULL,NULL),(7,4,'احجام','ar',NULL,NULL),(8,4,'sizes','en',NULL,NULL),(9,5,'احجام','ar',NULL,NULL),(10,5,'sizes','en',NULL,NULL),(11,6,'اللون','ar',NULL,NULL),(12,6,'color','en',NULL,NULL),(13,7,'المقاس','ar',NULL,NULL),(14,7,'a','en',NULL,NULL),(15,8,'الالوان','ar',NULL,NULL),(16,8,'colors','en',NULL,NULL),(17,9,'مقاسات','ar',NULL,NULL),(18,9,'Sizes','en',NULL,NULL),(19,10,'اختر اللون','ar',NULL,NULL),(20,10,'chose color','en',NULL,NULL);

--
-- Table structure for table `features`
--

CREATE TABLE `features` (
  `id` int unsigned NOT NULL AUTO_INCREMENT,
  `product_id` int unsigned DEFAULT NULL,
  `created_at` timestamp NULL DEFAULT NULL,
  `updated_at` timestamp NULL DEFAULT NULL,
  `type` varchar(191) CHARACTER SET utf8mb4 COLLATE utf8mb4_unicode_ci NOT NULL,
  PRIMARY KEY (`id`),
  KEY `features_product_id_foreign` (`product_id`)
) ENGINE=InnoDB AUTO_INCREMENT=11 DEFAULT CHARSET=utf8mb4 COLLATE=utf8mb4_unicode_ci;

--
-- Dumping data for table `features`
--

INSERT INTO `features` (`id`, `product_id`, `created_at`, `updated_at`, `type`) VALUES (1,5,'2022-02-22 14:24:50','2022-02-22 14:24:50',''),(2,9,'2022-02-22 14:31:16','2022-02-22 14:31:16',''),(3,8,'2022-02-22 14:32:10','2022-02-22 14:32:10',''),(4,7,'2022-02-22 14:33:27','2022-02-22 14:33:27',''),(5,6,'2022-02-22 14:34:07','2022-02-22 14:34:07',''),(8,1,'2022-03-23 22:25:41','2022-04-04 17:30:34','color'),(9,1,'2022-03-23 22:27:58','2022-03-23 22:27:58',''),(10,20,'2022-04-20 21:03:22','2022-04-20 21:03:22','normal');

--
-- Table structure for table `files`
--

CREATE TABLE `files` (
  `id` int unsigned NOT NULL AUTO_INCREMENT,
  `image` varchar(191) CHARACTER SET utf8mb4 COLLATE utf8mb4_unicode_ci DEFAULT NULL,
  `main` tinyint NOT NULL DEFAULT '0',
  `tag` varchar(191) CHARACTER SET utf8mb4 COLLATE utf8mb4_unicode_ci DEFAULT NULL,
  `fileable_id` bigint unsigned DEFAULT NULL,
  `fileable_type` varchar(191) CHARACTER SET utf8mb4 COLLATE utf8mb4_unicode_ci DEFAULT NULL,
  `created_at` timestamp NULL DEFAULT NULL,
  `updated_at` timestamp NULL DEFAULT NULL,
  PRIMARY KEY (`id`)
) ENGINE=InnoDB AUTO_INCREMENT=1095 DEFAULT CHARSET=utf8mb4 COLLATE=utf8mb4_unicode_ci;

--
-- Dumping data for table `files`
--

INSERT INTO `files` (`id`, `image`, `main`, `tag`, `fileable_id`, `fileable_type`, `created_at`, `updated_at`) VALUES (1,'/uploads/product/1/1667769712download.jpeg',1,'1667769712download.jpeg',1,'App\\Models\\Product','2022-11-06 19:21:52','2022-11-06 19:21:52'),(2,'/uploads/product/1/1667769715download.jpeg',3,'1667769715download.jpeg',1,'App\\Models\\Product','2022-11-06 19:21:55','2022-11-06 19:21:55'),(3,'/uploads/product/10/1650398338223.png',0,'1650398338223.png',10,'App\\models\\Product','2022-04-19 20:58:58','2022-04-19 20:58:58'),(4,'/uploads/product/8/1650398360224.png',0,'1650398360224.png',8,'App\\models\\Product','2022-04-19 20:59:20','2022-04-19 20:59:20'),(7,'/uploads/product/19/1650398593223.png',0,'1650398593223.png',19,'App\\models\\Product','2022-04-19 21:03:13','2022-04-19 21:03:13'),(8,'/uploads/product/18/1650398712224.png',0,'1650398712224.png',18,'App\\models\\Product','2022-04-19 21:05:12','2022-04-19 21:05:12'),(9,'/uploads/product/17/1650398749223.png',0,'1650398749223.png',17,'App\\models\\Product','2022-04-19 21:05:49','2022-04-19 21:05:49'),(10,'/uploads/product/16/1650398792223.png',0,'1650398792223.png',16,'App\\models\\Product','2022-04-19 21:06:32','2022-04-19 21:06:32'),(11,'/uploads/product/15/1650398835224.png',0,'1650398835224.png',15,'App\\models\\Product','2022-04-19 21:07:15','2022-04-19 21:07:15'),(12,'/uploads/product/20/1650484822Screen Shot 2022-01-25 at 9.01.19 PM.png',0,'1650484822Screen Shot 2022-01-25 at 9.01.19 PM.png',20,'App\\models\\Product','2022-04-20 21:00:22','2022-04-20 21:00:22'),(13,'/uploads/product/20/1650485774Screen Shot 2022-01-25 at 9.01.19 PM.png',0,'1650485774Screen Shot 2022-01-25 at 9.01.19 PM.png',20,'App\\models\\Product','2022-04-20 21:16:14','2022-04-20 21:16:14'),(14,'/uploads/product/20/1650485781Screen Shot 2022-01-25 at 9.01.19 PM.png',0,'1650485781Screen Shot 2022-01-25 at 9.01.19 PM.png',20,'App\\models\\Product','2022-04-20 21:16:21','2022-04-20 21:16:21'),(15,'/uploads/product/23/1650572939tree-736885__480.jpg',0,'1650572939tree-736885__480.jpg',23,'App\\models\\Product','2022-04-21 21:28:59','2022-04-21 21:28:59'),(16,'/uploads/product/23/1650572939eye-5248678__340.webp',0,'1650572939eye-5248678__340.webp',23,'App\\models\\Product','2022-04-21 21:28:59','2022-04-21 21:28:59'),(17,'/uploads/product/23/1650572940photo-1453728013993-6d66e9c9123a.jpg',0,'1650572940photo-1453728013993-6d66e9c9123a.jpg',23,'App\\models\\Product','2022-04-21 21:29:00','2022-04-21 21:29:00'),(24,'/uploads/product/2/1668674167product_additional_image_58274_1.jpg',3,'1668674167product_additional_image_58274_1.jpg',2,'App\\Models\\Product','2022-11-17 06:36:07','2022-11-17 06:36:07'),(25,'/uploads/product/2/1668674167product_additional_image_57743_1.jpg',3,'1668674167product_additional_image_57743_1.jpg',2,'App\\Models\\Product','2022-11-17 06:36:07','2022-11-17 06:36:07'),(26,'/uploads/product/2/1668674168product_additional_image_43913.jpg',3,'1668674168product_additional_image_43913.jpg',2,'App\\Models\\Product','2022-11-17 06:36:08','2022-11-17 06:36:08'),(27,'/uploads/product/2/1668674170product_additional_image_58274_1.jpg',1,'1668674170product_additional_image_58274_1.jpg',2,'App\\Models\\Product','2022-11-17 06:36:10','2022-11-17 06:36:10'),(28,'/uploads/product/2/1668674170product_additional_image_57743_1.jpg',1,'1668674170product_additional_image_57743_1.jpg',2,'App\\Models\\Product','2022-11-17 06:36:10','2022-11-17 06:36:10'),(29,'/uploads/product/2/1668674170product_additional_image_43913.jpg',1,'1668674170product_additional_image_43913.jpg',2,'App\\Models\\Product','2022-11-17 06:36:10','2022-11-17 06:36:10'),(30,'/uploads/product/2/1668674174product_additional_image_58274_1.jpg',4,'1668674174product_additional_image_58274_1.jpg',2,'App\\Models\\Product','2022-11-17 06:36:14','2022-11-17 06:36:14'),(31,'/uploads/product/2/1668674174product_additional_image_57743_1.jpg',4,'1668674174product_additional_image_57743_1.jpg',2,'App\\Models\\Product','2022-11-17 06:36:14','2022-11-17 06:36:14'),(32,'/uploads/product/2/1668674175product_additional_image_43913.jpg',4,'1668674175product_additional_image_43913.jpg',2,'App\\Models\\Product','2022-11-17 06:36:15','2022-11-17 06:36:15'),(33,'/uploads/product/2/1668674176product_additional_image_57743_1.jpg',2,'1668674176product_additional_image_57743_1.jpg',2,'App\\Models\\Product','2022-11-17 06:36:16','2022-11-17 06:36:16'),(34,'/uploads/product/2/1668674176product_additional_image_58274_1.jpg',2,'1668674176product_additional_image_58274_1.jpg',2,'App\\Models\\Product','2022-11-17 06:36:16','2022-11-17 06:36:16'),(35,'/uploads/product/2/1668674177product_additional_image_43913.jpg',2,'1668674177product_additional_image_43913.jpg',2,'App\\Models\\Product','2022-11-17 06:36:17','2022-11-17 06:36:17'),(36,'/uploads/product/2/1668674184product_additional_image_57743_1.jpg',0,'1668674184product_additional_image_57743_1.jpg',2,'App\\Models\\Product','2022-11-17 06:36:24','2022-11-17 06:36:24'),(37,'/uploads/product/2/1668674184product_additional_image_58274_1.jpg',0,'1668674184product_additional_image_58274_1.jpg',2,'App\\Models\\Product','2022-11-17 06:36:24','2022-11-17 06:36:24'),(38,'/uploads/product/2/1668674185product_additional_image_43913.jpg',0,'1668674185product_additional_image_43913.jpg',2,'App\\Models\\Product','2022-11-17 06:36:25','2022-11-17 06:36:25'),(39,'/uploads/product/3/1668674215product_additional_image_56667_1.jpg',0,'1668674215product_additional_image_56667_1.jpg',3,'App\\Models\\Product','2022-11-17 06:36:55','2022-11-17 06:36:55'),(40,'/uploads/product/3/1668674216product_additional_image_52341.jpg',0,'1668674216product_additional_image_52341.jpg',3,'App\\Models\\Product','2022-11-17 06:36:56','2022-11-17 06:36:56'),(41,'/uploads/product/4/1668674235product_additional_image_56667_1.jpg',0,'1668674235product_additional_image_56667_1.jpg',4,'App\\Models\\Product','2022-11-17 06:37:15','2022-11-17 06:37:15'),(42,'/uploads/product/4/1668674236product_additional_image_52341.jpg',0,'1668674236product_additional_image_52341.jpg',4,'App\\Models\\Product','2022-11-17 06:37:16','2022-11-17 06:37:16'),(43,'/uploads/product/4/1668674236product_additional_image_58274_1.jpg',0,'1668674236product_additional_image_58274_1.jpg',4,'App\\Models\\Product','2022-11-17 06:37:16','2022-11-17 06:37:16'),(47,'/uploads/product/5/1668881364aa.jpg',0,'1668881364aa.jpg',5,'App\\Models\\Product','2022-11-19 16:09:24','2022-11-19 16:09:24'),(48,'/uploads/product/5/1668881365asd.jpg',0,'1668881365asd.jpg',5,'App\\Models\\Product','2022-11-19 16:09:25','2022-11-19 16:09:25'),(49,'/uploads/product/5/1668881365ddd.jpg',0,'1668881365ddd.jpg',5,'App\\Models\\Product','2022-11-19 16:09:25','2022-11-19 16:09:25'),(50,'/uploads/product/6/1668959586WhatsApp Image 2022-11-20 at 6.24.20 PM.jpeg',1,'1668959586WhatsApp Image 2022-11-20 at 6.24.20 PM.jpeg',6,'App\\Models\\Product','2022-11-20 13:53:06','2022-11-20 13:53:06'),(51,'/uploads/product/6/1668959587WhatsApp Image 2022-11-20 at 6.22.43 PM.jpeg',1,'1668959587WhatsApp Image 2022-11-20 at 6.22.43 PM.jpeg',6,'App\\Models\\Product','2022-11-20 13:53:07','2022-11-20 13:53:07'),(52,'/uploads/product/6/1668959587WhatsApp Image 2022-11-20 at 5.54.07 PM.jpeg',1,'1668959587WhatsApp Image 2022-11-20 at 5.54.07 PM.jpeg',6,'App\\Models\\Product','2022-11-20 13:53:07','2022-11-20 13:53:07'),(53,'/uploads/product/6/1668959588WhatsApp Image 2022-11-20 at 5.58.50 PM.jpeg',1,'1668959588WhatsApp Image 2022-11-20 at 5.58.50 PM.jpeg',6,'App\\Models\\Product','2022-11-20 13:53:08','2022-11-20 13:53:08'),(54,'/uploads/product/6/1668959588WhatsApp Image 2022-11-19 at 10.04.44 PM.jpeg',1,'1668959588WhatsApp Image 2022-11-19 at 10.04.44 PM.jpeg',6,'App\\Models\\Product','2022-11-20 13:53:08','2022-11-20 13:53:08'),(55,'/uploads/product/6/1668959621WhatsApp Image 2022-11-20 at 6.24.20 PM.jpeg',3,'1668959621WhatsApp Image 2022-11-20 at 6.24.20 PM.jpeg',6,'App\\Models\\Product','2022-11-20 13:53:41','2022-11-20 13:53:41'),(56,'/uploads/product/6/1668959621WhatsApp Image 2022-11-20 at 6.22.43 PM.jpeg',3,'1668959621WhatsApp Image 2022-11-20 at 6.22.43 PM.jpeg',6,'App\\Models\\Product','2022-11-20 13:53:41','2022-11-20 13:53:41'),(57,'/uploads/product/6/1668959622WhatsApp Image 2022-11-19 at 10.04.44 PM.jpeg',3,'1668959622WhatsApp Image 2022-11-19 at 10.04.44 PM.jpeg',6,'App\\Models\\Product','2022-11-20 13:53:42','2022-11-20 13:53:42'),(58,'/uploads/product/6/1668959932WhatsApp Image 2022-11-20 at 6.24.20 PM.jpeg',0,'1668959932WhatsApp Image 2022-11-20 at 6.24.20 PM.jpeg',6,'App\\Models\\Product','2022-11-20 13:58:52','2022-11-20 13:58:52'),(59,'/uploads/product/6/1668959932WhatsApp Image 2022-11-20 at 6.22.43 PM.jpeg',0,'1668959932WhatsApp Image 2022-11-20 at 6.22.43 PM.jpeg',6,'App\\Models\\Product','2022-11-20 13:58:52','2022-11-20 13:58:52'),(60,'/uploads/product/6/1668959933WhatsApp Image 2022-11-20 at 5.54.07 PM.jpeg',0,'1668959933WhatsApp Image 2022-11-20 at 5.54.07 PM.jpeg',6,'App\\Models\\Product','2022-11-20 13:58:53','2022-11-20 13:58:53'),(61,'/uploads/product/6/1668959933WhatsApp Image 2022-11-19 at 10.04.44 PM.jpeg',0,'1668959933WhatsApp Image 2022-11-19 at 10.04.44 PM.jpeg',6,'App\\Models\\Product','2022-11-20 13:58:53','2022-11-20 13:58:53'),(62,'/uploads/product/7/1668960810Screen Shot 2022-11-20 at 7.06.03 PM.png',0,'1668960810Screen Shot 2022-11-20 at 7.06.03 PM.png',7,'App\\Models\\Product','2022-11-20 14:13:30','2022-11-20 14:13:30'),(63,'/uploads/product/7/1668960903product_additional_image_58910_1.jpeg',0,'1668960903product_additional_image_58910_1.jpeg',7,'App\\Models\\Product','2022-11-20 14:15:03','2022-11-20 14:15:03'),(64,'/uploads/product/7/1668960903product_additional_image_58924.jpeg',0,'1668960903product_additional_image_58924.jpeg',7,'App\\Models\\Product','2022-11-20 14:15:03','2022-11-20 14:15:03'),(65,'/uploads/product/7/1668960904product_additional_image_58925.jpeg',0,'1668960904product_additional_image_58925.jpeg',7,'App\\Models\\Product','2022-11-20 14:15:04','2022-11-20 14:15:04'),(66,'/uploads/product/8/1668960933الكويت.PNG',1,'1668960933الكويت.PNG',8,'App\\Models\\Product','2022-11-20 14:15:33','2022-11-20 14:15:33'),(67,'/uploads/product/8/1668960955الكويت.PNG',3,'1668960955الكويت.PNG',8,'App\\Models\\Product','2022-11-20 14:15:55','2022-11-20 14:15:55'),(68,'/uploads/product/8/1668961054RYBT564-1.png',0,'1668961054RYBT564-1.png',8,'App\\Models\\Product','2022-11-20 14:17:34','2022-11-20 14:17:34'),(69,'/uploads/product/8/1668961055RYBT564-2.png',0,'1668961055RYBT564-2.png',8,'App\\Models\\Product','2022-11-20 14:17:35','2022-11-20 14:17:35'),(70,'/uploads/product/9/1668961762product_additional_image_58910_1.jpeg',0,'1668961762product_additional_image_58910_1.jpeg',9,'App\\Models\\Product','2022-11-20 14:29:22','2022-11-20 14:29:22'),(71,'/uploads/product/9/1668961763product_additional_image_58924.jpeg',0,'1668961763product_additional_image_58924.jpeg',9,'App\\Models\\Product','2022-11-20 14:29:23','2022-11-20 14:29:23'),(72,'/uploads/product/9/1668961763product_additional_image_58925.jpeg',0,'1668961763product_additional_image_58925.jpeg',9,'App\\Models\\Product','2022-11-20 14:29:23','2022-11-20 14:29:23'),(73,'/uploads/product/10/1668962254download-2.jpg',1,'1668962254download-2.jpg',10,'App\\Models\\Product','2022-11-20 14:37:34','2022-11-20 14:37:34'),(74,'/uploads/product/10/1668962254download.jpg',1,'1668962254download.jpg',10,'App\\Models\\Product','2022-11-20 14:37:34','2022-11-20 14:37:34'),(75,'/uploads/product/10/1668962257download-1.jpg',3,'1668962257download-1.jpg',10,'App\\Models\\Product','2022-11-20 14:37:37','2022-11-20 14:37:37'),(76,'/uploads/product/10/1668962298product_additional_image_58469.jpeg',0,'1668962298product_additional_image_58469.jpeg',10,'App\\Models\\Product','2022-11-20 14:38:18','2022-11-20 14:38:18'),(77,'/uploads/product/10/1668962299product_additional_image_58470.jpeg',0,'1668962299product_additional_image_58470.jpeg',10,'App\\Models\\Product','2022-11-20 14:38:19','2022-11-20 14:38:19'),(78,'/uploads/product/10/1668962299product_additional_image_58789.jpeg',0,'1668962299product_additional_image_58789.jpeg',10,'App\\Models\\Product','2022-11-20 14:38:19','2022-11-20 14:38:19'),(79,'/uploads/product/11/1668962613Qater.PNG',1,'1668962613Qater.PNG',11,'App\\Models\\Product','2022-11-20 14:43:33','2022-11-20 14:43:33'),(80,'/uploads/product/10/1668962687download-2.jpg',2,'1668962687download-2.jpg',10,'App\\Models\\Product','2022-11-20 14:44:47','2022-11-20 14:44:47'),(81,'/uploads/product/10/1668962687download.jpg',2,'1668962687download.jpg',10,'App\\Models\\Product','2022-11-20 14:44:47','2022-11-20 14:44:47'),(82,'/uploads/product/10/1668962690download-2.jpg',4,'1668962690download-2.jpg',10,'App\\Models\\Product','2022-11-20 14:44:50','2022-11-20 14:44:50'),(83,'/uploads/product/10/1668962690download.jpg',4,'1668962690download.jpg',10,'App\\Models\\Product','2022-11-20 14:44:50','2022-11-20 14:44:50'),(84,'/uploads/product/11/1668962811RYMT417-1.png',0,'1668962811RYMT417-1.png',11,'App\\Models\\Product','2022-11-20 14:46:51','2022-11-20 14:46:51'),(85,'/uploads/product/11/1668962812RYMT417-2.png',0,'1668962812RYMT417-2.png',11,'App\\Models\\Product','2022-11-20 14:46:52','2022-11-20 14:46:52'),(86,'/uploads/product/11/1668962815RYMT417-3.png',0,'1668962815RYMT417-3.png',11,'App\\Models\\Product','2022-11-20 14:46:55','2022-11-20 14:46:55'),(87,'/uploads/product/14/1669908523Untitled-2 copy 2_0000_Layer 2.jpg',1,'1669908523Untitled-2 copy 2_0000_Layer 2.jpg',14,'App\\Models\\Product','2022-12-01 13:28:43','2022-12-01 13:28:43'),(88,'/uploads/product/14/1669908524Untitled-2 copy 2_0001_Layer 3.jpg',1,'1669908524Untitled-2 copy 2_0001_Layer 3.jpg',14,'App\\Models\\Product','2022-12-01 13:28:44','2022-12-01 13:28:44'),(89,'/uploads/product/14/1669908524Untitled-2 copy 2_0002_Layer 4.jpg',1,'1669908524Untitled-2 copy 2_0002_Layer 4.jpg',14,'App\\Models\\Product','2022-12-01 13:28:44','2022-12-01 13:28:44'),(90,'/uploads/product/14/1669908525Untitled-2 copy 2_0003_Layer 5.jpg',1,'1669908525Untitled-2 copy 2_0003_Layer 5.jpg',14,'App\\Models\\Product','2022-12-01 13:28:45','2022-12-01 13:28:45'),(91,'/uploads/product/14/1669908525Untitled-2 copy 2_0004_Layer 6.jpg',1,'1669908525Untitled-2 copy 2_0004_Layer 6.jpg',14,'App\\Models\\Product','2022-12-01 13:28:45','2022-12-01 13:28:45'),(92,'/uploads/product/14/1669908526Untitled-2 copy 2_0005_Layer 7.jpg',1,'1669908526Untitled-2 copy 2_0005_Layer 7.jpg',14,'App\\Models\\Product','2022-12-01 13:28:46','2022-12-01 13:28:46'),(93,'/uploads/product/14/1669908526Untitled-2 copy 2_0006_Layer 8.jpg',1,'1669908526Untitled-2 copy 2_0006_Layer 8.jpg',14,'App\\Models\\Product','2022-12-01 13:28:46','2022-12-01 13:28:46'),(94,'/uploads/product/14/1669908527Untitled-2 copy 2_0007_Layer 9.jpg',1,'1669908527Untitled-2 copy 2_0007_Layer 9.jpg',14,'App\\Models\\Product','2022-12-01 13:28:47','2022-12-01 13:28:47'),(95,'/uploads/product/14/1669908527Untitled-2 copy 2_0008_Layer 10.jpg',1,'1669908527Untitled-2 copy 2_0008_Layer 10.jpg',14,'App\\Models\\Product','2022-12-01 13:28:47','2022-12-01 13:28:47'),(96,'/uploads/product/14/1669908528Untitled-2 copy 2_0009_Layer 11.jpg',1,'1669908528Untitled-2 copy 2_0009_Layer 11.jpg',14,'App\\Models\\Product','2022-12-01 13:28:48','2022-12-01 13:28:48'),(97,'/uploads/product/14/1669908593RYKHP152-1.jpg',0,'1669908593RYKHP152-1.jpg',14,'App\\Models\\Product','2022-12-01 13:29:53','2022-12-01 13:29:53'),(98,'/uploads/product/15/1670068050Untitled-2 copy 2_0000_Layer 2.jpg',1,'1670068050Untitled-2 copy 2_0000_Layer 2.jpg',15,'App\\Models\\Product','2022-12-03 09:47:30','2022-12-03 09:47:30'),(99,'/uploads/product/15/1670068051Untitled-2 copy 2_0001_Layer 3.jpg',1,'1670068051Untitled-2 copy 2_0001_Layer 3.jpg',15,'App\\Models\\Product','2022-12-03 09:47:31','2022-12-03 09:47:31'),(100,'/uploads/product/15/1670068051Untitled-2 copy 2_0002_Layer 4.jpg',1,'1670068051Untitled-2 copy 2_0002_Layer 4.jpg',15,'App\\Models\\Product','2022-12-03 09:47:31','2022-12-03 09:47:31'),(101,'/uploads/product/15/1670068052Untitled-2 copy 2_0003_Layer 5.jpg',1,'1670068052Untitled-2 copy 2_0003_Layer 5.jpg',15,'App\\Models\\Product','2022-12-03 09:47:32','2022-12-03 09:47:32'),(102,'/uploads/product/15/1670068052Untitled-2 copy 2_0004_Layer 6.jpg',1,'1670068052Untitled-2 copy 2_0004_Layer 6.jpg',15,'App\\Models\\Product','2022-12-03 09:47:32','2022-12-03 09:47:32'),(103,'/uploads/product/15/1670068053Untitled-2 copy 2_0005_Layer 7.jpg',1,'1670068053Untitled-2 copy 2_0005_Layer 7.jpg',15,'App\\Models\\Product','2022-12-03 09:47:33','2022-12-03 09:47:33'),(104,'/uploads/product/15/1670068053Untitled-2 copy 2_0006_Layer 8.jpg',1,'1670068053Untitled-2 copy 2_0006_Layer 8.jpg',15,'App\\Models\\Product','2022-12-03 09:47:33','2022-12-03 09:47:33'),(105,'/uploads/product/15/1670068054Untitled-2 copy 2_0007_Layer 9.jpg',1,'1670068054Untitled-2 copy 2_0007_Layer 9.jpg',15,'App\\Models\\Product','2022-12-03 09:47:34','2022-12-03 09:47:34'),(106,'/uploads/product/15/1670068054Untitled-2 copy 2_0008_Layer 10.jpg',1,'1670068054Untitled-2 copy 2_0008_Layer 10.jpg',15,'App\\Models\\Product','2022-12-03 09:47:34','2022-12-03 09:47:34'),(107,'/uploads/product/15/1670068055Untitled-2 copy 2_0009_Layer 11.jpg',1,'1670068055Untitled-2 copy 2_0009_Layer 11.jpg',15,'App\\Models\\Product','2022-12-03 09:47:35','2022-12-03 09:47:35'),(108,'/uploads/product/15/1670068106RYKHP104-1.jpg',0,'1670068106RYKHP104-1.jpg',15,'App\\Models\\Product','2022-12-03 09:48:26','2022-12-03 09:48:26'),(109,'/uploads/product/15/1670068107RYKHP104-2.jpg',0,'1670068107RYKHP104-2.jpg',15,'App\\Models\\Product','2022-12-03 09:48:27','2022-12-03 09:48:27'),(110,'/uploads/product/15/1670068107RYKHP104-3.jpg',0,'1670068107RYKHP104-3.jpg',15,'App\\Models\\Product','2022-12-03 09:48:27','2022-12-03 09:48:27'),(111,'/uploads/product/15/1670068108RYKHP104-4.jpg',0,'1670068108RYKHP104-4.jpg',15,'App\\Models\\Product','2022-12-03 09:48:28','2022-12-03 09:48:28'),(112,'/uploads/product/16/1670069175RYKHP106-1.jpg',0,'1670069175RYKHP106-1.jpg',16,'App\\Models\\Product','2022-12-03 10:06:15','2022-12-03 10:06:15'),(113,'/uploads/product/16/1670069176RYKHP106-2.jpg',0,'1670069176RYKHP106-2.jpg',16,'App\\Models\\Product','2022-12-03 10:06:16','2022-12-03 10:06:16'),(114,'/uploads/product/16/1670069176RYKHP106-3.jpg',0,'1670069176RYKHP106-3.jpg',16,'App\\Models\\Product','2022-12-03 10:06:16','2022-12-03 10:06:16'),(115,'/uploads/product/16/1670069177RYKHP106-4.jpg',0,'1670069177RYKHP106-4.jpg',16,'App\\Models\\Product','2022-12-03 10:06:17','2022-12-03 10:06:17'),(116,'/uploads/product/17/1670069766RYKHP138-1.jpg',0,'1670069766RYKHP138-1.jpg',17,'App\\Models\\Product','2022-12-03 10:16:06','2022-12-03 10:16:06'),(117,'/uploads/product/17/1670069767RYKHP138-2.jpg',0,'1670069767RYKHP138-2.jpg',17,'App\\Models\\Product','2022-12-03 10:16:07','2022-12-03 10:16:07'),(118,'/uploads/product/17/1670069767RYKHP138-3.jpg',0,'1670069767RYKHP138-3.jpg',17,'App\\Models\\Product','2022-12-03 10:16:07','2022-12-03 10:16:07'),(119,'/uploads/product/18/1670070692RYKHP144-1.jpg',0,'1670070692RYKHP144-1.jpg',18,'App\\Models\\Product','2022-12-03 10:31:32','2022-12-03 10:31:32'),(120,'/uploads/product/18/1670070693RYKHP144-2.jpg',0,'1670070693RYKHP144-2.jpg',18,'App\\Models\\Product','2022-12-03 10:31:33','2022-12-03 10:31:33'),(121,'/uploads/product/18/1670070695RYKHP144-3.jpg',0,'1670070695RYKHP144-3.jpg',18,'App\\Models\\Product','2022-12-03 10:31:35','2022-12-03 10:31:35'),(122,'/uploads/product/18/1670070697RYKHP144-4.jpg',0,'1670070697RYKHP144-4.jpg',18,'App\\Models\\Product','2022-12-03 10:31:37','2022-12-03 10:31:37'),(123,'/uploads/product/19/1670071009RYKHP145-1.jpg',0,'1670071009RYKHP145-1.jpg',19,'App\\Models\\Product','2022-12-03 10:36:49','2022-12-03 10:36:49'),(124,'/uploads/product/19/1670071009RYKHP145-2.jpg',0,'1670071009RYKHP145-2.jpg',19,'App\\Models\\Product','2022-12-03 10:36:49','2022-12-03 10:36:49'),(125,'/uploads/product/19/1670071010RYKHP145-3.jpg',0,'1670071010RYKHP145-3.jpg',19,'App\\Models\\Product','2022-12-03 10:36:50','2022-12-03 10:36:50'),(126,'/uploads/product/19/1670071011RYKHP145-4.jpg',0,'1670071011RYKHP145-4.jpg',19,'App\\Models\\Product','2022-12-03 10:36:51','2022-12-03 10:36:51'),(127,'/uploads/product/20/1670076230RYKHP151-1.jpg',0,'1670076230RYKHP151-1.jpg',20,'App\\Models\\Product','2022-12-03 12:03:50','2022-12-03 12:03:50'),(128,'/uploads/product/20/1670076230RYKHP151-2.jpg',0,'1670076230RYKHP151-2.jpg',20,'App\\Models\\Product','2022-12-03 12:03:50','2022-12-03 12:03:50'),(129,'/uploads/product/20/1670076231RYKHP151-3.jpg',0,'1670076231RYKHP151-3.jpg',20,'App\\Models\\Product','2022-12-03 12:03:51','2022-12-03 12:03:51'),(130,'/uploads/product/20/1670076231RYKHP151-4.jpg',0,'1670076231RYKHP151-4.jpg',20,'App\\Models\\Product','2022-12-03 12:03:51','2022-12-03 12:03:51'),(131,'/uploads/product/21/1670076547RYKHP152-1.jpg',0,'1670076547RYKHP152-1.jpg',21,'App\\Models\\Product','2022-12-03 12:09:07','2022-12-03 12:09:07'),(132,'/uploads/product/21/1670076548RYKHP152-2.jpg',0,'1670076548RYKHP152-2.jpg',21,'App\\Models\\Product','2022-12-03 12:09:08','2022-12-03 12:09:08'),(133,'/uploads/product/21/1670076548RYKHP152-3.jpg',0,'1670076548RYKHP152-3.jpg',21,'App\\Models\\Product','2022-12-03 12:09:08','2022-12-03 12:09:08'),(134,'/uploads/product/21/1670076549RYKHP152-4.jpg',0,'1670076549RYKHP152-4.jpg',21,'App\\Models\\Product','2022-12-03 12:09:09','2022-12-03 12:09:09'),(135,'/uploads/product/22/1670076800RYKHP153-1.jpg',0,'1670076800RYKHP153-1.jpg',22,'App\\Models\\Product','2022-12-03 12:13:20','2022-12-03 12:13:20'),(136,'/uploads/product/22/1670076800RYKHP153-2.jpg',0,'1670076800RYKHP153-2.jpg',22,'App\\Models\\Product','2022-12-03 12:13:20','2022-12-03 12:13:20'),(137,'/uploads/product/22/1670076801RYKHP153-3.jpg',0,'1670076801RYKHP153-3.jpg',22,'App\\Models\\Product','2022-12-03 12:13:21','2022-12-03 12:13:21'),(138,'/uploads/product/22/1670076801RYKHP153-4.jpg',0,'1670076801RYKHP153-4.jpg',22,'App\\Models\\Product','2022-12-03 12:13:21','2022-12-03 12:13:21'),(139,'/uploads/product/23/1670077407RYKHP154-1.jpg',0,'1670077407RYKHP154-1.jpg',23,'App\\Models\\Product','2022-12-03 12:23:27','2022-12-03 12:23:27'),(140,'/uploads/product/23/1670077408RYKHP154-2.jpg',0,'1670077408RYKHP154-2.jpg',23,'App\\Models\\Product','2022-12-03 12:23:28','2022-12-03 12:23:28'),(141,'/uploads/product/23/1670077408RYKHP154-3.jpg',0,'1670077408RYKHP154-3.jpg',23,'App\\Models\\Product','2022-12-03 12:23:28','2022-12-03 12:23:28'),(142,'/uploads/product/23/1670077409RYKHP154-4.jpg',0,'1670077409RYKHP154-4.jpg',23,'App\\Models\\Product','2022-12-03 12:23:29','2022-12-03 12:23:29'),(143,'/uploads/product/24/1670078142RYKHP173-1.jpg',0,'1670078142RYKHP173-1.jpg',24,'App\\Models\\Product','2022-12-03 12:35:42','2022-12-03 12:35:42'),(144,'/uploads/product/24/1670078142RYKHP173-2.jpg',0,'1670078142RYKHP173-2.jpg',24,'App\\Models\\Product','2022-12-03 12:35:42','2022-12-03 12:35:42'),(145,'/uploads/product/24/1670078143RYKHP173-3.jpg',0,'1670078143RYKHP173-3.jpg',24,'App\\Models\\Product','2022-12-03 12:35:43','2022-12-03 12:35:43'),(146,'/uploads/product/25/1670078546RYKHP186-1.jpg',0,'1670078546RYKHP186-1.jpg',25,'App\\Models\\Product','2022-12-03 12:42:26','2022-12-03 12:42:26'),(147,'/uploads/product/25/1670078547RYKHP186-2.jpg',0,'1670078547RYKHP186-2.jpg',25,'App\\Models\\Product','2022-12-03 12:42:27','2022-12-03 12:42:27'),(148,'/uploads/product/25/1670078547RYKHP186-3.jpg',0,'1670078547RYKHP186-3.jpg',25,'App\\Models\\Product','2022-12-03 12:42:27','2022-12-03 12:42:27'),(149,'/uploads/product/26/1670078848RYKHP185-1.jpg',0,'1670078848RYKHP185-1.jpg',26,'App\\Models\\Product','2022-12-03 12:47:28','2022-12-03 12:47:28'),(150,'/uploads/product/26/1670078849RYKHP185-2.jpg',0,'1670078849RYKHP185-2.jpg',26,'App\\Models\\Product','2022-12-03 12:47:29','2022-12-03 12:47:29'),(151,'/uploads/product/26/1670078849RYKHP185-3.jpg',0,'1670078849RYKHP185-3.jpg',26,'App\\Models\\Product','2022-12-03 12:47:29','2022-12-03 12:47:29'),(152,'/uploads/product/26/1670078850RYKHP185-4.jpg',0,'1670078850RYKHP185-4.jpg',26,'App\\Models\\Product','2022-12-03 12:47:30','2022-12-03 12:47:30'),(153,'/uploads/product/27/1670239681RYKHP187-1.jpg',0,'1670239681RYKHP187-1.jpg',27,'App\\Models\\Product','2022-12-05 09:28:02','2022-12-05 09:28:02'),(154,'/uploads/product/27/1670239682RYKHP187-2.jpg',0,'1670239682RYKHP187-2.jpg',27,'App\\Models\\Product','2022-12-05 09:28:02','2022-12-05 09:28:02'),(155,'/uploads/product/27/1670239683RYKHP187-3.jpg',0,'1670239683RYKHP187-3.jpg',27,'App\\Models\\Product','2022-12-05 09:28:03','2022-12-05 09:28:03'),(156,'/uploads/product/27/1670239684RYKHP187-4.jpg',0,'1670239684RYKHP187-4.jpg',27,'App\\Models\\Product','2022-12-05 09:28:04','2022-12-05 09:28:04'),(157,'/uploads/product/28/1670241191RYKHP191-1.jpg',0,'1670241191RYKHP191-1.jpg',28,'App\\Models\\Product','2022-12-05 09:53:11','2022-12-05 09:53:11'),(158,'/uploads/product/28/1670241192RYKHP191-2.jpg',0,'1670241192RYKHP191-2.jpg',28,'App\\Models\\Product','2022-12-05 09:53:12','2022-12-05 09:53:12'),(159,'/uploads/product/28/1670241192RYKHP191-3.jpg',0,'1670241192RYKHP191-3.jpg',28,'App\\Models\\Product','2022-12-05 09:53:12','2022-12-05 09:53:12'),(160,'/uploads/product/28/1670241193RYKHP191-4.jpg',0,'1670241193RYKHP191-4.jpg',28,'App\\Models\\Product','2022-12-05 09:53:13','2022-12-05 09:53:13'),(161,'/uploads/product/29/1670241431RYKHP189-1.jpg',0,'1670241431RYKHP189-1.jpg',29,'App\\Models\\Product','2022-12-05 09:57:11','2022-12-05 09:57:11'),(162,'/uploads/product/29/1670241432RYKHP189-2.jpg',0,'1670241432RYKHP189-2.jpg',29,'App\\Models\\Product','2022-12-05 09:57:12','2022-12-05 09:57:12'),(163,'/uploads/product/29/1670241432RYKHP189-3.jpg',0,'1670241432RYKHP189-3.jpg',29,'App\\Models\\Product','2022-12-05 09:57:12','2022-12-05 09:57:12'),(164,'/uploads/product/29/1670241433RYKHP189-4.jpg',0,'1670241433RYKHP189-4.jpg',29,'App\\Models\\Product','2022-12-05 09:57:13','2022-12-05 09:57:13'),(165,'/uploads/product/30/1670241625RYKHP193-1.jpg',0,'1670241625RYKHP193-1.jpg',30,'App\\Models\\Product','2022-12-05 10:00:25','2022-12-05 10:00:25'),(166,'/uploads/product/30/1670241625RYKHP193-2.jpg',0,'1670241625RYKHP193-2.jpg',30,'App\\Models\\Product','2022-12-05 10:00:25','2022-12-05 10:00:25'),(167,'/uploads/product/30/1670241626RYKHP193-3.jpg',0,'1670241626RYKHP193-3.jpg',30,'App\\Models\\Product','2022-12-05 10:00:26','2022-12-05 10:00:26'),(168,'/uploads/product/30/1670241626RYKHP193-4.jpg',0,'1670241626RYKHP193-4.jpg',30,'App\\Models\\Product','2022-12-05 10:00:26','2022-12-05 10:00:26'),(169,'/uploads/product/31/1670241804RYKHP197-1.jpg',0,'1670241804RYKHP197-1.jpg',31,'App\\Models\\Product','2022-12-05 10:03:24','2022-12-05 10:03:24'),(170,'/uploads/product/31/1670241805RYKHP197-2.jpg',0,'1670241805RYKHP197-2.jpg',31,'App\\Models\\Product','2022-12-05 10:03:25','2022-12-05 10:03:25'),(171,'/uploads/product/31/1670241806RYKHP197-3.jpg',0,'1670241806RYKHP197-3.jpg',31,'App\\Models\\Product','2022-12-05 10:03:26','2022-12-05 10:03:26'),(172,'/uploads/product/31/1670241806RYKHP197-4.jpg',0,'1670241806RYKHP197-4.jpg',31,'App\\Models\\Product','2022-12-05 10:03:26','2022-12-05 10:03:26'),(173,'/uploads/product/32/1670242068RYKHP202-1.jpg',0,'1670242068RYKHP202-1.jpg',32,'App\\Models\\Product','2022-12-05 10:07:48','2022-12-05 10:07:48'),(174,'/uploads/product/32/1670242070RYKHP202-2.jpg',0,'1670242070RYKHP202-2.jpg',32,'App\\Models\\Product','2022-12-05 10:07:50','2022-12-05 10:07:50'),(175,'/uploads/product/32/1670242071RYKHP202-3.jpg',0,'1670242071RYKHP202-3.jpg',32,'App\\Models\\Product','2022-12-05 10:07:51','2022-12-05 10:07:51'),(176,'/uploads/product/32/1670242072RYKHP202-4.jpg',0,'1670242072RYKHP202-4.jpg',32,'App\\Models\\Product','2022-12-05 10:07:52','2022-12-05 10:07:52'),(177,'/uploads/product/33/1670242196RYKHP192-1.jpg',0,'1670242196RYKHP192-1.jpg',33,'App\\Models\\Product','2022-12-05 10:09:56','2022-12-05 10:09:56'),(178,'/uploads/product/33/1670242197RYKHP192-2.jpg',0,'1670242197RYKHP192-2.jpg',33,'App\\Models\\Product','2022-12-05 10:09:57','2022-12-05 10:09:57'),(179,'/uploads/product/33/1670242197RYKHP192-3.jpg',0,'1670242197RYKHP192-3.jpg',33,'App\\Models\\Product','2022-12-05 10:09:57','2022-12-05 10:09:57'),(180,'/uploads/product/33/1670242198RYKHP192-4.jpg',0,'1670242198RYKHP192-4.jpg',33,'App\\Models\\Product','2022-12-05 10:09:58','2022-12-05 10:09:58'),(191,'/uploads/product/33/1670344526Untitled-2 copy 2_0005_Layer 7.jpg',1,'1670344526Untitled-2 copy 2_0005_Layer 7.jpg',33,'App\\Models\\Product','2022-12-06 14:35:26','2022-12-06 14:35:26'),(192,'/uploads/product/33/1670344526Untitled-2 copy 2_0006_Layer 8.jpg',1,'1670344526Untitled-2 copy 2_0006_Layer 8.jpg',33,'App\\Models\\Product','2022-12-06 14:35:26','2022-12-06 14:35:26'),(193,'/uploads/product/33/1670344527Untitled-2 copy 2_0009_Layer 11.jpg',1,'1670344527Untitled-2 copy 2_0009_Layer 11.jpg',33,'App\\Models\\Product','2022-12-06 14:35:27','2022-12-06 14:35:27'),(194,'/uploads/product/33/1670344528Untitled-2 copy 2_0010_Layer 12.jpg',1,'1670344528Untitled-2 copy 2_0010_Layer 12.jpg',33,'App\\Models\\Product','2022-12-06 14:35:28','2022-12-06 14:35:28'),(205,'/uploads/product/33/1670344915Untitled-2-copy-2_0007_Hue_Saturation-1.png',3,'1670344915Untitled-2-copy-2_0007_Hue_Saturation-1.png',33,'App\\Models\\Product','2022-12-06 14:41:55','2022-12-06 14:41:55'),(206,'/uploads/product/33/1670344915Untitled-2-copy-2_0008_Layer-14.png',3,'1670344915Untitled-2-copy-2_0008_Layer-14.png',33,'App\\Models\\Product','2022-12-06 14:41:55','2022-12-06 14:41:55'),(207,'/uploads/product/33/1670344916Untitled-2-copy-2_0009_Layer-16.png',3,'1670344916Untitled-2-copy-2_0009_Layer-16.png',33,'App\\Models\\Product','2022-12-06 14:41:56','2022-12-06 14:41:56'),(208,'/uploads/product/33/1670344916Untitled-2-copy-2_0010_Layer-18.png',3,'1670344916Untitled-2-copy-2_0010_Layer-18.png',33,'App\\Models\\Product','2022-12-06 14:41:56','2022-12-06 14:41:56'),(209,'/uploads/product/33/1670344916Untitled-2-copy-2_0011_Layer-20.png',3,'1670344916Untitled-2-copy-2_0011_Layer-20.png',33,'App\\Models\\Product','2022-12-06 14:41:56','2022-12-06 14:41:56'),(210,'/uploads/product/33/1670345092Untitled-2 copy 2_0046_Layer 48.jpg',2,'1670345092Untitled-2 copy 2_0046_Layer 48.jpg',33,'App\\Models\\Product','2022-12-06 14:44:52','2022-12-06 14:44:52'),(211,'/uploads/product/33/1670345093Untitled-2 copy 2_0047_Layer 49.jpg',2,'1670345093Untitled-2 copy 2_0047_Layer 49.jpg',33,'App\\Models\\Product','2022-12-06 14:44:53','2022-12-06 14:44:53'),(212,'/uploads/product/33/1670345093Untitled-2 copy 2_0048_Layer 50.jpg',2,'1670345093Untitled-2 copy 2_0048_Layer 50.jpg',33,'App\\Models\\Product','2022-12-06 14:44:53','2022-12-06 14:44:53'),(213,'/uploads/product/33/1670345098Untitled-2-copy-2_0007_Hue_Saturation-1.png',4,'1670345098Untitled-2-copy-2_0007_Hue_Saturation-1.png',33,'App\\Models\\Product','2022-12-06 14:44:58','2022-12-06 14:44:58'),(214,'/uploads/product/33/1670345099Untitled-2-copy-2_0008_Layer-14.png',4,'1670345099Untitled-2-copy-2_0008_Layer-14.png',33,'App\\Models\\Product','2022-12-06 14:44:59','2022-12-06 14:44:59'),(217,'/uploads/product/37/1670465978promo-12-1.jpg',0,'1670465978promo-12-1.jpg',37,'App\\Models\\Product','2022-12-08 00:19:38','2022-12-08 00:19:38'),(218,'/uploads/product/39/1670488329RYKHP145-2.jpg',0,'1670488329RYKHP145-2.jpg',39,'App\\Models\\Product','2022-12-08 06:32:09','2022-12-08 06:32:09'),(219,'/uploads/product/39/1670488330RYKHP145-3.jpg',0,'1670488330RYKHP145-3.jpg',39,'App\\Models\\Product','2022-12-08 06:32:10','2022-12-08 06:32:10'),(220,'/uploads/product/39/1670488330RYKHP145-4.jpg',0,'1670488330RYKHP145-4.jpg',39,'App\\Models\\Product','2022-12-08 06:32:10','2022-12-08 06:32:10'),(221,'/uploads/product/42/1670865757Untitled-2-copy-2_0003_Layer-12.png',1,'1670865757Untitled-2-copy-2_0003_Layer-12.png',42,'App\\Models\\Product','2022-12-12 15:22:37','2022-12-12 15:22:37'),(222,'/uploads/product/42/1670865773Untitled-2-copy-2_0003_Layer-12.png',3,'1670865773Untitled-2-copy-2_0003_Layer-12.png',42,'App\\Models\\Product','2022-12-12 15:22:53','2022-12-12 15:22:53'),(223,'/uploads/product/42/1670865802Untitled-2 copy 2_0007_Layer 9.jpg',1,'1670865802Untitled-2 copy 2_0007_Layer 9.jpg',42,'App\\Models\\Product','2022-12-12 15:23:22','2022-12-12 15:23:22'),(224,'/uploads/product/42/1670865803Untitled-2 copy 2_0014_Layer 16.jpg',1,'1670865803Untitled-2 copy 2_0014_Layer 16.jpg',42,'App\\Models\\Product','2022-12-12 15:23:23','2022-12-12 15:23:23'),(225,'/uploads/product/42/1670865803Untitled-2 copy 2_0017_Layer 19.jpg',1,'1670865803Untitled-2 copy 2_0017_Layer 19.jpg',42,'App\\Models\\Product','2022-12-12 15:23:23','2022-12-12 15:23:23'),(226,'/uploads/product/42/1670865803Untitled-2 copy 2_0022_Layer 24.jpg',1,'1670865803Untitled-2 copy 2_0022_Layer 24.jpg',42,'App\\Models\\Product','2022-12-12 15:23:23','2022-12-12 15:23:23'),(227,'/uploads/product/42/1670865804Untitled-2 copy 2_0064_Layer 65.jpg',1,'1670865804Untitled-2 copy 2_0064_Layer 65.jpg',42,'App\\Models\\Product','2022-12-12 15:23:24','2022-12-12 15:23:24'),(228,'/uploads/product/42/1670865819Untitled-2 copy 2_0041_Layer 43.jpg',1,'1670865819Untitled-2 copy 2_0041_Layer 43.jpg',42,'App\\Models\\Product','2022-12-12 15:23:39','2022-12-12 15:23:39'),(229,'/uploads/product/42/1670865868rydn37-1.jpg',0,'1670865868rydn37-1.jpg',42,'App\\Models\\Product','2022-12-12 15:24:28','2022-12-12 15:24:28'),(230,'/uploads/product/42/1670865869rydn37-2.jpg',0,'1670865869rydn37-2.jpg',42,'App\\Models\\Product','2022-12-12 15:24:29','2022-12-12 15:24:29'),(231,'/uploads/product/42/1670865869rydn37-3.jpg',0,'1670865869rydn37-3.jpg',42,'App\\Models\\Product','2022-12-12 15:24:29','2022-12-12 15:24:29'),(232,'/uploads/product/43/1670866256rydn37-2.jpg',0,'1670866256rydn37-2.jpg',43,'App\\Models\\Product','2022-12-12 15:30:56','2022-12-12 15:30:56'),(233,'/uploads/product/43/1670866257rydn37-3.jpg',0,'1670866257rydn37-3.jpg',43,'App\\Models\\Product','2022-12-12 15:30:57','2022-12-12 15:30:57'),(234,'/uploads/product/43/1670866330rydn37-1.jpg',0,'1670866330rydn37-1.jpg',43,'App\\Models\\Product','2022-12-12 15:32:10','2022-12-12 15:32:10'),(235,'/uploads/product/45/1670924453RYHL1-2.jpg',0,'1670924453RYHL1-2.jpg',45,'App\\Models\\Product','2022-12-13 07:40:53','2022-12-13 07:40:53'),(236,'/uploads/product/45/1670924453RYHL1-3.jpg',0,'1670924453RYHL1-3.jpg',45,'App\\Models\\Product','2022-12-13 07:40:53','2022-12-13 07:40:53'),(237,'/uploads/product/45/1670924603RYHL1-1.jpg',0,'1670924603RYHL1-1.jpg',45,'App\\Models\\Product','2022-12-13 07:43:23','2022-12-13 07:43:23'),(238,'/uploads/product/47/1670964258RYHL1-1.jpg',0,'1670964258RYHL1-1.jpg',47,'App\\Models\\Product','2022-12-13 18:44:18','2022-12-13 18:44:18'),(241,'/uploads/product/47/1670964603RYHL1-4.jpg',0,'1670964603RYHL1-4.jpg',47,'App\\Models\\Product','2022-12-13 18:50:03','2022-12-13 18:50:03'),(242,'/uploads/product/47/1670964631RYHL1-2.jpg',0,'1670964631RYHL1-2.jpg',47,'App\\Models\\Product','2022-12-13 18:50:31','2022-12-13 18:50:31'),(243,'/uploads/product/47/1670964632RYHL1-3.jpg',0,'1670964632RYHL1-3.jpg',47,'App\\Models\\Product','2022-12-13 18:50:32','2022-12-13 18:50:32'),(244,'/uploads/product/47/1670964632RYHL1-4.jpg',0,'1670964632RYHL1-4.jpg',47,'App\\Models\\Product','2022-12-13 18:50:32','2022-12-13 18:50:32'),(245,'/uploads/product/48/1670965172RYHL2-1.jpg',0,'1670965172RYHL2-1.jpg',48,'App\\Models\\Product','2022-12-13 18:59:32','2022-12-13 18:59:32'),(246,'/uploads/product/48/1670965173RYHL2-2.jpg',0,'1670965173RYHL2-2.jpg',48,'App\\Models\\Product','2022-12-13 18:59:33','2022-12-13 18:59:33'),(247,'/uploads/product/48/1670965173RYHL2-3.jpg',0,'1670965173RYHL2-3.jpg',48,'App\\Models\\Product','2022-12-13 18:59:33','2022-12-13 18:59:33'),(248,'/uploads/product/48/1670965174RYHL2-4.jpg',0,'1670965174RYHL2-4.jpg',48,'App\\Models\\Product','2022-12-13 18:59:34','2022-12-13 18:59:34'),(257,'/uploads/product/49/1670967221RYHL4-1.jpg',0,'1670967221RYHL4-1.jpg',49,'App\\Models\\Product','2022-12-13 19:33:41','2022-12-13 19:33:41'),(258,'/uploads/product/49/1670967221RYHL4-2.jpg',0,'1670967221RYHL4-2.jpg',49,'App\\Models\\Product','2022-12-13 19:33:41','2022-12-13 19:33:41'),(265,'/uploads/product/50/1670969492RYHL3-1.jpg',0,'1670969492RYHL3-1.jpg',50,'App\\Models\\Product','2022-12-13 20:11:32','2022-12-13 20:11:32'),(266,'/uploads/product/50/1670969492RYHL3-2.jpg',0,'1670969492RYHL3-2.jpg',50,'App\\Models\\Product','2022-12-13 20:11:32','2022-12-13 20:11:32'),(267,'/uploads/product/50/1670969493RYHL3-3.jpg',0,'1670969493RYHL3-3.jpg',50,'App\\Models\\Product','2022-12-13 20:11:33','2022-12-13 20:11:33'),(268,'/uploads/product/50/1670969493RYHL3-4.jpg',0,'1670969493RYHL3-4.jpg',50,'App\\Models\\Product','2022-12-13 20:11:33','2022-12-13 20:11:33'),(269,'/uploads/product/51/1670970440RYHL5-1.jpg',0,'1670970440RYHL5-1.jpg',51,'App\\Models\\Product','2022-12-13 20:27:20','2022-12-13 20:27:20'),(270,'/uploads/product/51/1670970441RYHL5-2.jpg',0,'1670970441RYHL5-2.jpg',51,'App\\Models\\Product','2022-12-13 20:27:21','2022-12-13 20:27:21'),(277,'/uploads/product/52/1670971458RYHL6-1.jpg',0,'1670971458RYHL6-1.jpg',52,'App\\Models\\Product','2022-12-13 20:44:18','2022-12-13 20:44:18'),(278,'/uploads/product/52/1670971458RYHL6-2.jpg',0,'1670971458RYHL6-2.jpg',52,'App\\Models\\Product','2022-12-13 20:44:18','2022-12-13 20:44:18'),(279,'/uploads/product/52/1670971459RYHL6-3.jpg',0,'1670971459RYHL6-3.jpg',52,'App\\Models\\Product','2022-12-13 20:44:19','2022-12-13 20:44:19'),(287,'/uploads/product/53/1670972407rydn37-1.jpg',0,'1670972407rydn37-1.jpg',53,'App\\Models\\Product','2022-12-13 21:00:07','2022-12-13 21:00:07'),(288,'/uploads/product/53/1670972408rydn37-2.jpg',0,'1670972408rydn37-2.jpg',53,'App\\Models\\Product','2022-12-13 21:00:08','2022-12-13 21:00:08'),(289,'/uploads/product/53/1670972408rydn37-3.jpg',0,'1670972408rydn37-3.jpg',53,'App\\Models\\Product','2022-12-13 21:00:08','2022-12-13 21:00:08'),(298,'/uploads/product/54/1670973321rydn36-1.jpg',0,'1670973321rydn36-1.jpg',54,'App\\Models\\Product','2022-12-13 21:15:21','2022-12-13 21:15:21'),(299,'/uploads/product/54/1670973322rydn36-2.jpg',0,'1670973322rydn36-2.jpg',54,'App\\Models\\Product','2022-12-13 21:15:22','2022-12-13 21:15:22'),(300,'/uploads/product/54/1670973322rydn36-3.jpg',0,'1670973322rydn36-3.jpg',54,'App\\Models\\Product','2022-12-13 21:15:22','2022-12-13 21:15:22'),(302,'/uploads/product/56/1671009463ttt2.png',0,'1671009463ttt2.png',56,'App\\Models\\Product','2022-12-14 07:17:43','2022-12-14 07:17:43'),(303,'/uploads/product/54/1671012896download-1.jpg',2,'1671012896download-1.jpg',54,'App\\Models\\Product','2022-12-14 08:14:56','2022-12-14 08:14:56'),(304,'/uploads/product/54/1671012896download-2.jpg',2,'1671012896download-2.jpg',54,'App\\Models\\Product','2022-12-14 08:14:56','2022-12-14 08:14:56'),(305,'/uploads/product/54/1671012897download-3.jpg',2,'1671012897download-3.jpg',54,'App\\Models\\Product','2022-12-14 08:14:57','2022-12-14 08:14:57'),(306,'/uploads/product/54/1671012897download.jpg',2,'1671012897download.jpg',54,'App\\Models\\Product','2022-12-14 08:14:57','2022-12-14 08:14:57'),(307,'/uploads/product/54/1671012899download-1.jpg',4,'1671012899download-1.jpg',54,'App\\Models\\Product','2022-12-14 08:14:59','2022-12-14 08:14:59'),(308,'/uploads/product/54/1671012899download-2.jpg',4,'1671012899download-2.jpg',54,'App\\Models\\Product','2022-12-14 08:14:59','2022-12-14 08:14:59'),(309,'/uploads/product/54/1671012899download-3.jpg',4,'1671012899download-3.jpg',54,'App\\Models\\Product','2022-12-14 08:14:59','2022-12-14 08:14:59'),(310,'/uploads/product/54/1671012900download.jpg',4,'1671012900download.jpg',54,'App\\Models\\Product','2022-12-14 08:15:00','2022-12-14 08:15:00'),(311,'/uploads/product/58/1671052281rydn35-1.jpg',0,'1671052281rydn35-1.jpg',58,'App\\Models\\Product','2022-12-14 19:11:21','2022-12-14 19:11:21'),(312,'/uploads/product/58/1671052282rydn35-2.jpg',0,'1671052282rydn35-2.jpg',58,'App\\Models\\Product','2022-12-14 19:11:22','2022-12-14 19:11:22'),(313,'/uploads/product/58/1671052282rydn35-3.jpg',0,'1671052282rydn35-3.jpg',58,'App\\Models\\Product','2022-12-14 19:11:22','2022-12-14 19:11:22'),(322,'/uploads/product/59/1671052974rydn34-1.jpg',0,'1671052974rydn34-1.jpg',59,'App\\Models\\Product','2022-12-14 19:22:54','2022-12-14 19:22:54'),(323,'/uploads/product/59/1671052974rydn34-2.jpg',0,'1671052974rydn34-2.jpg',59,'App\\Models\\Product','2022-12-14 19:22:54','2022-12-14 19:22:54'),(324,'/uploads/product/59/1671052974rydn34-3.jpg',0,'1671052974rydn34-3.jpg',59,'App\\Models\\Product','2022-12-14 19:22:54','2022-12-14 19:22:54'),(332,'/uploads/product/60/1671053527rydn33-1.jpg',0,'1671053527rydn33-1.jpg',60,'App\\Models\\Product','2022-12-14 19:32:07','2022-12-14 19:32:07'),(333,'/uploads/product/60/1671053527rydn33-2.jpg',0,'1671053527rydn33-2.jpg',60,'App\\Models\\Product','2022-12-14 19:32:07','2022-12-14 19:32:07'),(334,'/uploads/product/60/1671053527rydn33-3.jpg',0,'1671053527rydn33-3.jpg',60,'App\\Models\\Product','2022-12-14 19:32:07','2022-12-14 19:32:07'),(335,'/uploads/product/61/1671057819rydn32-1.jpg',0,'1671057819rydn32-1.jpg',61,'App\\Models\\Product','2022-12-14 20:43:39','2022-12-14 20:43:39'),(336,'/uploads/product/61/1671057820rydn32-2.jpg',0,'1671057820rydn32-2.jpg',61,'App\\Models\\Product','2022-12-14 20:43:40','2022-12-14 20:43:40'),(337,'/uploads/product/61/1671057820rydn32-3.jpg',0,'1671057820rydn32-3.jpg',61,'App\\Models\\Product','2022-12-14 20:43:40','2022-12-14 20:43:40'),(344,'/uploads/product/62/1671060356rydn31-1.jpg',0,'1671060356rydn31-1.jpg',62,'App\\Models\\Product','2022-12-14 21:25:56','2022-12-14 21:25:56'),(345,'/uploads/product/62/1671060357rydn31-2.jpg',0,'1671060357rydn31-2.jpg',62,'App\\Models\\Product','2022-12-14 21:25:57','2022-12-14 21:25:57'),(346,'/uploads/product/62/1671060357rydn31-3.jpg',0,'1671060357rydn31-3.jpg',62,'App\\Models\\Product','2022-12-14 21:25:57','2022-12-14 21:25:57'),(357,'/uploads/product/63/1671061032rydn27-1.jpg',0,'1671061032rydn27-1.jpg',63,'App\\Models\\Product','2022-12-14 21:37:12','2022-12-14 21:37:12'),(358,'/uploads/product/63/1671061033rydn27-2.jpg',0,'1671061033rydn27-2.jpg',63,'App\\Models\\Product','2022-12-14 21:37:13','2022-12-14 21:37:13'),(359,'/uploads/product/63/1671061033rydn27-3.jpg',0,'1671061033rydn27-3.jpg',63,'App\\Models\\Product','2022-12-14 21:37:13','2022-12-14 21:37:13'),(360,'/uploads/product/64/1671061493rydn25-1.jpg',0,'1671061493rydn25-1.jpg',64,'App\\Models\\Product','2022-12-14 21:44:53','2022-12-14 21:44:53'),(361,'/uploads/product/64/1671061493rydn25-2.jpg',0,'1671061493rydn25-2.jpg',64,'App\\Models\\Product','2022-12-14 21:44:53','2022-12-14 21:44:53'),(362,'/uploads/product/64/1671061494rydn25-3.jpg',0,'1671061494rydn25-3.jpg',64,'App\\Models\\Product','2022-12-14 21:44:54','2022-12-14 21:44:54'),(371,'/uploads/product/65/1671062288rydn24-1.jpg',0,'1671062288rydn24-1.jpg',65,'App\\Models\\Product','2022-12-14 21:58:08','2022-12-14 21:58:08'),(372,'/uploads/product/65/1671062288rydn24-2.jpg',0,'1671062288rydn24-2.jpg',65,'App\\Models\\Product','2022-12-14 21:58:08','2022-12-14 21:58:08'),(373,'/uploads/product/65/1671062289rydn24-3.jpg',0,'1671062289rydn24-3.jpg',65,'App\\Models\\Product','2022-12-14 21:58:09','2022-12-14 21:58:09'),(382,'/uploads/product/66/1671062810rydn23-1.jpg',0,'1671062810rydn23-1.jpg',66,'App\\Models\\Product','2022-12-14 22:06:50','2022-12-14 22:06:50'),(383,'/uploads/product/66/1671062811rydn23-2.jpg',0,'1671062811rydn23-2.jpg',66,'App\\Models\\Product','2022-12-14 22:06:51','2022-12-14 22:06:51'),(384,'/uploads/product/66/1671062811rydn23-3.jpg',0,'1671062811rydn23-3.jpg',66,'App\\Models\\Product','2022-12-14 22:06:51','2022-12-14 22:06:51'),(385,'/uploads/product/68/1671273427RYKHK25-1.png',0,'1671273427RYKHK25-1.png',68,'App\\Models\\Product','2022-12-17 08:37:07','2022-12-17 08:37:07'),(386,'/uploads/product/68/1671273431RYKHK25-2.png',0,'1671273431RYKHK25-2.png',68,'App\\Models\\Product','2022-12-17 08:37:11','2022-12-17 08:37:11'),(392,'/uploads/product/69/1671317117ryco19-1.jpg',0,'1671317117ryco19-1.jpg',69,'App\\Models\\Product','2022-12-17 20:45:17','2022-12-17 20:45:17'),(393,'/uploads/product/69/1671317118ryco19-2.jpg',0,'1671317118ryco19-2.jpg',69,'App\\Models\\Product','2022-12-17 20:45:18','2022-12-17 20:45:18'),(394,'/uploads/product/69/1671317118ryco19-3.jpg',0,'1671317118ryco19-3.jpg',69,'App\\Models\\Product','2022-12-17 20:45:18','2022-12-17 20:45:18'),(399,'/uploads/product/70/1671318090ryco18-1.jpg',0,'1671318090ryco18-1.jpg',70,'App\\Models\\Product','2022-12-17 21:01:30','2022-12-17 21:01:30'),(400,'/uploads/product/70/1671318091ryco18-2.jpg',0,'1671318091ryco18-2.jpg',70,'App\\Models\\Product','2022-12-17 21:01:31','2022-12-17 21:01:31'),(401,'/uploads/product/70/1671318091ryco18-3.jpg',0,'1671318091ryco18-3.jpg',70,'App\\Models\\Product','2022-12-17 21:01:31','2022-12-17 21:01:31'),(408,'/uploads/product/71/1671318719ryco17-1.jpg',0,'1671318719ryco17-1.jpg',71,'App\\Models\\Product','2022-12-17 21:11:59','2022-12-17 21:11:59'),(409,'/uploads/product/71/1671318720ryco17-2.jpg',0,'1671318720ryco17-2.jpg',71,'App\\Models\\Product','2022-12-17 21:12:00','2022-12-17 21:12:00'),(410,'/uploads/product/71/1671318720ryco17-3.jpg',0,'1671318720ryco17-3.jpg',71,'App\\Models\\Product','2022-12-17 21:12:00','2022-12-17 21:12:00'),(417,'/uploads/product/72/1671319219ryco16-1.jpg',0,'1671319219ryco16-1.jpg',72,'App\\Models\\Product','2022-12-17 21:20:19','2022-12-17 21:20:19'),(418,'/uploads/product/72/1671319220ryco16-2.jpg',0,'1671319220ryco16-2.jpg',72,'App\\Models\\Product','2022-12-17 21:20:20','2022-12-17 21:20:20'),(419,'/uploads/product/72/1671319220ryco16-3.jpg',0,'1671319220ryco16-3.jpg',72,'App\\Models\\Product','2022-12-17 21:20:20','2022-12-17 21:20:20'),(420,'/uploads/product/73/1671319650ryco14-1.jpg',0,'1671319650ryco14-1.jpg',73,'App\\Models\\Product','2022-12-17 21:27:30','2022-12-17 21:27:30'),(421,'/uploads/product/73/1671319650ryco14-2.jpg',0,'1671319650ryco14-2.jpg',73,'App\\Models\\Product','2022-12-17 21:27:30','2022-12-17 21:27:30'),(422,'/uploads/product/73/1671319651ryco14-3.jpg',0,'1671319651ryco14-3.jpg',73,'App\\Models\\Product','2022-12-17 21:27:31','2022-12-17 21:27:31'),(430,'/uploads/product/74/1671320216ryco13-1.jpg',0,'1671320216ryco13-1.jpg',74,'App\\Models\\Product','2022-12-17 21:36:56','2022-12-17 21:36:56'),(431,'/uploads/product/74/1671320216ryco13-2.jpg',0,'1671320216ryco13-2.jpg',74,'App\\Models\\Product','2022-12-17 21:36:56','2022-12-17 21:36:56'),(432,'/uploads/product/74/1671320217ryco13-3.jpg',0,'1671320217ryco13-3.jpg',74,'App\\Models\\Product','2022-12-17 21:36:57','2022-12-17 21:36:57'),(440,'/uploads/product/75/1671320725ryco12-1.jpg',0,'1671320725ryco12-1.jpg',75,'App\\Models\\Product','2022-12-17 21:45:25','2022-12-17 21:45:25'),(441,'/uploads/product/75/1671320726ryco12-2.jpg',0,'1671320726ryco12-2.jpg',75,'App\\Models\\Product','2022-12-17 21:45:26','2022-12-17 21:45:26'),(442,'/uploads/product/75/1671320726ryco12-3.jpg',0,'1671320726ryco12-3.jpg',75,'App\\Models\\Product','2022-12-17 21:45:26','2022-12-17 21:45:26'),(456,'/uploads/product/76/1671321410ryco11-1.jpg',0,'1671321410ryco11-1.jpg',76,'App\\Models\\Product','2022-12-17 21:56:50','2022-12-17 21:56:50'),(457,'/uploads/product/76/1671321410ryco11-2.jpg',0,'1671321410ryco11-2.jpg',76,'App\\Models\\Product','2022-12-17 21:56:50','2022-12-17 21:56:50'),(465,'/uploads/product/77/1671322523ryco10-1.jpg',0,'1671322523ryco10-1.jpg',77,'App\\Models\\Product','2022-12-17 22:15:23','2022-12-17 22:15:23'),(466,'/uploads/product/77/1671322524ryco10-2.jpg',0,'1671322524ryco10-2.jpg',77,'App\\Models\\Product','2022-12-17 22:15:24','2022-12-17 22:15:24'),(474,'/uploads/product/78/1671322861ryco8-1.jpg',0,'1671322861ryco8-1.jpg',78,'App\\Models\\Product','2022-12-17 22:21:01','2022-12-17 22:21:01'),(475,'/uploads/product/78/1671322862ryco8-2.jpg',0,'1671322862ryco8-2.jpg',78,'App\\Models\\Product','2022-12-17 22:21:02','2022-12-17 22:21:02'),(476,'/uploads/product/78/1671322862ryco8-3.jpg',0,'1671322862ryco8-3.jpg',78,'App\\Models\\Product','2022-12-17 22:21:02','2022-12-17 22:21:02'),(477,'/uploads/product/49/1671353465g.aamateurs-gold.jpg',1,'1671353465g.aamateurs-gold.jpg',49,'App\\Models\\Product','2022-12-18 06:51:05','2022-12-18 06:51:05'),(478,'/uploads/product/49/1671353466names-new_0005_Vector-Smart-Object.jpg',1,'1671353466names-new_0005_Vector-Smart-Object.jpg',49,'App\\Models\\Product','2022-12-18 06:51:06','2022-12-18 06:51:06'),(479,'/uploads/product/49/1671353466names-new_0007_Vector-Smart-Object.jpg',1,'1671353466names-new_0007_Vector-Smart-Object.jpg',49,'App\\Models\\Product','2022-12-18 06:51:06','2022-12-18 06:51:06'),(480,'/uploads/product/49/1671353467names-new_0009_Vector-Smart-Object.jpg',1,'1671353467names-new_0009_Vector-Smart-Object.jpg',49,'App\\Models\\Product','2022-12-18 06:51:07','2022-12-18 06:51:07'),(481,'/uploads/product/49/1671353467names-new_0011_Vector-Smart-Object.jpg',1,'1671353467names-new_0011_Vector-Smart-Object.jpg',49,'App\\Models\\Product','2022-12-18 06:51:07','2022-12-18 06:51:07'),(482,'/uploads/product/49/1671353468names-new_0013_Vector-Smart-Object.jpg',1,'1671353468names-new_0013_Vector-Smart-Object.jpg',49,'App\\Models\\Product','2022-12-18 06:51:08','2022-12-18 06:51:08'),(483,'/uploads/product/49/1671353468names-new_0015_Vector-Smart-Object.jpg',1,'1671353468names-new_0015_Vector-Smart-Object.jpg',49,'App\\Models\\Product','2022-12-18 06:51:08','2022-12-18 06:51:08'),(484,'/uploads/product/49/1671353489g.aamateurs-gold.jpg',1,'1671353489g.aamateurs-gold.jpg',49,'App\\Models\\Product','2022-12-18 06:51:29','2022-12-18 06:51:29'),(485,'/uploads/product/49/1671353490names-new_0005_Vector-Smart-Object.jpg',1,'1671353490names-new_0005_Vector-Smart-Object.jpg',49,'App\\Models\\Product','2022-12-18 06:51:30','2022-12-18 06:51:30'),(486,'/uploads/product/49/1671353490names-new_0007_Vector-Smart-Object.jpg',1,'1671353490names-new_0007_Vector-Smart-Object.jpg',49,'App\\Models\\Product','2022-12-18 06:51:30','2022-12-18 06:51:30'),(487,'/uploads/product/49/1671353491names-new_0009_Vector-Smart-Object.jpg',1,'1671353491names-new_0009_Vector-Smart-Object.jpg',49,'App\\Models\\Product','2022-12-18 06:51:31','2022-12-18 06:51:31'),(488,'/uploads/product/49/1671353491names-new_0011_Vector-Smart-Object.jpg',1,'1671353491names-new_0011_Vector-Smart-Object.jpg',49,'App\\Models\\Product','2022-12-18 06:51:31','2022-12-18 06:51:31'),(489,'/uploads/product/49/1671353492names-new_0013_Vector-Smart-Object.jpg',1,'1671353492names-new_0013_Vector-Smart-Object.jpg',49,'App\\Models\\Product','2022-12-18 06:51:32','2022-12-18 06:51:32'),(490,'/uploads/product/49/1671353492names-new_0015_Vector-Smart-Object.jpg',1,'1671353492names-new_0015_Vector-Smart-Object.jpg',49,'App\\Models\\Product','2022-12-18 06:51:32','2022-12-18 06:51:32'),(491,'/uploads/product/49/1671353528names-new_0003_إسْمَك-هُنــَــا-copy-3.jpg',3,'1671353528names-new_0003_إسْمَك-هُنــَــا-copy-3.jpg',49,'App\\Models\\Product','2022-12-18 06:52:08','2022-12-18 06:52:08'),(492,'/uploads/product/49/1671353882names-new2.jpg',3,'1671353882names-new2.jpg',49,'App\\Models\\Product','2022-12-18 06:58:02','2022-12-18 06:58:02'),(493,'/uploads/product/50/1671353919g.aamateurs-gold.jpg',1,'1671353919g.aamateurs-gold.jpg',50,'App\\Models\\Product','2022-12-18 06:58:39','2022-12-18 06:58:39'),(494,'/uploads/product/50/1671353920names-new_0005_Vector-Smart-Object.jpg',1,'1671353920names-new_0005_Vector-Smart-Object.jpg',50,'App\\Models\\Product','2022-12-18 06:58:40','2022-12-18 06:58:40'),(495,'/uploads/product/50/1671353920names-new_0007_Vector-Smart-Object.jpg',1,'1671353920names-new_0007_Vector-Smart-Object.jpg',50,'App\\Models\\Product','2022-12-18 06:58:40','2022-12-18 06:58:40'),(496,'/uploads/product/50/1671353921names-new_0009_Vector-Smart-Object.jpg',1,'1671353921names-new_0009_Vector-Smart-Object.jpg',50,'App\\Models\\Product','2022-12-18 06:58:41','2022-12-18 06:58:41'),(497,'/uploads/product/50/1671353921names-new_0011_Vector-Smart-Object.jpg',1,'1671353921names-new_0011_Vector-Smart-Object.jpg',50,'App\\Models\\Product','2022-12-18 06:58:41','2022-12-18 06:58:41'),(498,'/uploads/product/50/1671353921names-new_0013_Vector-Smart-Object.jpg',1,'1671353921names-new_0013_Vector-Smart-Object.jpg',50,'App\\Models\\Product','2022-12-18 06:58:41','2022-12-18 06:58:41'),(499,'/uploads/product/50/1671353922names-new_0015_Vector-Smart-Object.jpg',1,'1671353922names-new_0015_Vector-Smart-Object.jpg',50,'App\\Models\\Product','2022-12-18 06:58:42','2022-12-18 06:58:42'),(502,'/uploads/product/50/1671354204names-new3.jpg',3,'1671354204names-new3.jpg',50,'App\\Models\\Product','2022-12-18 07:03:24','2022-12-18 07:03:24'),(503,'/uploads/product/60/1671354254g.aamateurs-gold.jpg',1,'1671354254g.aamateurs-gold.jpg',60,'App\\Models\\Product','2022-12-18 07:04:14','2022-12-18 07:04:14'),(504,'/uploads/product/60/1671354255names-new_0005_Vector-Smart-Object.jpg',1,'1671354255names-new_0005_Vector-Smart-Object.jpg',60,'App\\Models\\Product','2022-12-18 07:04:15','2022-12-18 07:04:15'),(505,'/uploads/product/60/1671354255names-new_0007_Vector-Smart-Object.jpg',1,'1671354255names-new_0007_Vector-Smart-Object.jpg',60,'App\\Models\\Product','2022-12-18 07:04:15','2022-12-18 07:04:15'),(506,'/uploads/product/60/1671354256names-new_0009_Vector-Smart-Object.jpg',1,'1671354256names-new_0009_Vector-Smart-Object.jpg',60,'App\\Models\\Product','2022-12-18 07:04:16','2022-12-18 07:04:16'),(507,'/uploads/product/60/1671354256names-new_0011_Vector-Smart-Object.jpg',1,'1671354256names-new_0011_Vector-Smart-Object.jpg',60,'App\\Models\\Product','2022-12-18 07:04:16','2022-12-18 07:04:16'),(508,'/uploads/product/60/1671354256names-new_0013_Vector-Smart-Object.jpg',1,'1671354256names-new_0013_Vector-Smart-Object.jpg',60,'App\\Models\\Product','2022-12-18 07:04:16','2022-12-18 07:04:16'),(509,'/uploads/product/60/1671354257names-new_0015_Vector-Smart-Object.jpg',1,'1671354257names-new_0015_Vector-Smart-Object.jpg',60,'App\\Models\\Product','2022-12-18 07:04:17','2022-12-18 07:04:17'),(510,'/uploads/product/60/1671354263names-new_0003_إسْمَك-هُنــَــا-copy-3.jpg',3,'1671354263names-new_0003_إسْمَك-هُنــَــا-copy-3.jpg',60,'App\\Models\\Product','2022-12-18 07:04:23','2022-12-18 07:04:23'),(511,'/uploads/product/59/1671354296names-new_0005_Vector-Smart-Object.jpg',1,'1671354296names-new_0005_Vector-Smart-Object.jpg',59,'App\\Models\\Product','2022-12-18 07:04:56','2022-12-18 07:04:56'),(512,'/uploads/product/59/1671354297names-new_0007_Vector-Smart-Object.jpg',1,'1671354297names-new_0007_Vector-Smart-Object.jpg',59,'App\\Models\\Product','2022-12-18 07:04:57','2022-12-18 07:04:57'),(513,'/uploads/product/59/1671354297names-new_0009_Vector-Smart-Object.jpg',1,'1671354297names-new_0009_Vector-Smart-Object.jpg',59,'App\\Models\\Product','2022-12-18 07:04:57','2022-12-18 07:04:57'),(514,'/uploads/product/59/1671354298names-new_0011_Vector-Smart-Object.jpg',1,'1671354298names-new_0011_Vector-Smart-Object.jpg',59,'App\\Models\\Product','2022-12-18 07:04:58','2022-12-18 07:04:58'),(515,'/uploads/product/59/1671354298names-new_0013_Vector-Smart-Object.jpg',1,'1671354298names-new_0013_Vector-Smart-Object.jpg',59,'App\\Models\\Product','2022-12-18 07:04:58','2022-12-18 07:04:58'),(516,'/uploads/product/59/1671354299names-new_0015_Vector-Smart-Object.jpg',1,'1671354299names-new_0015_Vector-Smart-Object.jpg',59,'App\\Models\\Product','2022-12-18 07:04:59','2022-12-18 07:04:59'),(517,'/uploads/product/59/1671354299names-new_0003_إسْمَك-هُنــَــا-copy-3.jpg',3,'1671354299names-new_0003_إسْمَك-هُنــَــا-copy-3.jpg',59,'App\\Models\\Product','2022-12-18 07:04:59','2022-12-18 07:04:59'),(518,'/uploads/product/53/1671354349g.aamateurs-gold.jpg',1,'1671354349g.aamateurs-gold.jpg',53,'App\\Models\\Product','2022-12-18 07:05:49','2022-12-18 07:05:49'),(519,'/uploads/product/53/1671354349names-new_0005_Vector-Smart-Object.jpg',1,'1671354349names-new_0005_Vector-Smart-Object.jpg',53,'App\\Models\\Product','2022-12-18 07:05:49','2022-12-18 07:05:49'),(520,'/uploads/product/53/1671354350names-new_0007_Vector-Smart-Object.jpg',1,'1671354350names-new_0007_Vector-Smart-Object.jpg',53,'App\\Models\\Product','2022-12-18 07:05:50','2022-12-18 07:05:50'),(521,'/uploads/product/53/1671354350names-new_0009_Vector-Smart-Object.jpg',1,'1671354350names-new_0009_Vector-Smart-Object.jpg',53,'App\\Models\\Product','2022-12-18 07:05:50','2022-12-18 07:05:50'),(522,'/uploads/product/53/1671354350names-new_0011_Vector-Smart-Object.jpg',1,'1671354350names-new_0011_Vector-Smart-Object.jpg',53,'App\\Models\\Product','2022-12-18 07:05:50','2022-12-18 07:05:50'),(523,'/uploads/product/53/1671354351names-new_0013_Vector-Smart-Object.jpg',1,'1671354351names-new_0013_Vector-Smart-Object.jpg',53,'App\\Models\\Product','2022-12-18 07:05:51','2022-12-18 07:05:51'),(524,'/uploads/product/53/1671354351names-new_0001_إسْمَك-هُنــَــا-copy.jpg',3,'1671354351names-new_0001_إسْمَك-هُنــَــا-copy.jpg',53,'App\\Models\\Product','2022-12-18 07:05:51','2022-12-18 07:05:51'),(525,'/uploads/product/53/1671354352names-new_0015_Vector-Smart-Object.jpg',1,'1671354352names-new_0015_Vector-Smart-Object.jpg',53,'App\\Models\\Product','2022-12-18 07:05:52','2022-12-18 07:05:52'),(526,'/uploads/product/52/1671354383g.aamateurs-gold.jpg',1,'1671354383g.aamateurs-gold.jpg',52,'App\\Models\\Product','2022-12-18 07:06:23','2022-12-18 07:06:23'),(527,'/uploads/product/52/1671354383names-new_0005_Vector-Smart-Object.jpg',1,'1671354383names-new_0005_Vector-Smart-Object.jpg',52,'App\\Models\\Product','2022-12-18 07:06:23','2022-12-18 07:06:23'),(528,'/uploads/product/52/1671354384names-new_0007_Vector-Smart-Object.jpg',1,'1671354384names-new_0007_Vector-Smart-Object.jpg',52,'App\\Models\\Product','2022-12-18 07:06:24','2022-12-18 07:06:24'),(529,'/uploads/product/52/1671354384names-new_0009_Vector-Smart-Object.jpg',1,'1671354384names-new_0009_Vector-Smart-Object.jpg',52,'App\\Models\\Product','2022-12-18 07:06:24','2022-12-18 07:06:24'),(530,'/uploads/product/52/1671354385names-new_0011_Vector-Smart-Object.jpg',1,'1671354385names-new_0011_Vector-Smart-Object.jpg',52,'App\\Models\\Product','2022-12-18 07:06:25','2022-12-18 07:06:25'),(531,'/uploads/product/52/1671354385names-new_0013_Vector-Smart-Object.jpg',1,'1671354385names-new_0013_Vector-Smart-Object.jpg',52,'App\\Models\\Product','2022-12-18 07:06:25','2022-12-18 07:06:25'),(532,'/uploads/product/52/1671354385names-new_0015_Vector-Smart-Object.jpg',1,'1671354385names-new_0015_Vector-Smart-Object.jpg',52,'App\\Models\\Product','2022-12-18 07:06:25','2022-12-18 07:06:25'),(533,'/uploads/product/52/1671354386names-new_0003_إسْمَك-هُنــَــا-copy-3.jpg',3,'1671354386names-new_0003_إسْمَك-هُنــَــا-copy-3.jpg',52,'App\\Models\\Product','2022-12-18 07:06:26','2022-12-18 07:06:26'),(534,'/uploads/product/51/1671354970names-new5.jpg',3,'1671354970names-new5.jpg',51,'App\\Models\\Product','2022-12-18 07:16:10','2022-12-18 07:16:10'),(535,'/uploads/product/54/1671355163g.aamateurs-gold.jpg',1,'1671355163g.aamateurs-gold.jpg',54,'App\\Models\\Product','2022-12-18 07:19:23','2022-12-18 07:19:23'),(536,'/uploads/product/54/1671355163names-new_0005_Vector-Smart-Object.jpg',1,'1671355163names-new_0005_Vector-Smart-Object.jpg',54,'App\\Models\\Product','2022-12-18 07:19:23','2022-12-18 07:19:23'),(537,'/uploads/product/54/1671355164names-new_0007_Vector-Smart-Object.jpg',1,'1671355164names-new_0007_Vector-Smart-Object.jpg',54,'App\\Models\\Product','2022-12-18 07:19:24','2022-12-18 07:19:24'),(538,'/uploads/product/54/1671355164names-new_0009_Vector-Smart-Object.jpg',1,'1671355164names-new_0009_Vector-Smart-Object.jpg',54,'App\\Models\\Product','2022-12-18 07:19:24','2022-12-18 07:19:24'),(539,'/uploads/product/54/1671355165names-new_0011_Vector-Smart-Object.jpg',1,'1671355165names-new_0011_Vector-Smart-Object.jpg',54,'App\\Models\\Product','2022-12-18 07:19:25','2022-12-18 07:19:25'),(540,'/uploads/product/54/1671355165names-new_0013_Vector-Smart-Object.jpg',1,'1671355165names-new_0013_Vector-Smart-Object.jpg',54,'App\\Models\\Product','2022-12-18 07:19:25','2022-12-18 07:19:25'),(541,'/uploads/product/54/1671355212names-new_0001_إسْمَك-هُنــَــا-copy.jpg',3,'1671355212names-new_0001_إسْمَك-هُنــَــا-copy.jpg',54,'App\\Models\\Product','2022-12-18 07:20:12','2022-12-18 07:20:12'),(542,'/uploads/product/63/1671355249names-new_0005_Vector-Smart-Object.jpg',1,'1671355249names-new_0005_Vector-Smart-Object.jpg',63,'App\\Models\\Product','2022-12-18 07:20:49','2022-12-18 07:20:49'),(543,'/uploads/product/63/1671355249names-new_0007_Vector-Smart-Object.jpg',1,'1671355249names-new_0007_Vector-Smart-Object.jpg',63,'App\\Models\\Product','2022-12-18 07:20:49','2022-12-18 07:20:49'),(544,'/uploads/product/63/1671355249names-new_0009_Vector-Smart-Object.jpg',1,'1671355249names-new_0009_Vector-Smart-Object.jpg',63,'App\\Models\\Product','2022-12-18 07:20:49','2022-12-18 07:20:49'),(545,'/uploads/product/63/1671355250names-new_0011_Vector-Smart-Object.jpg',1,'1671355250names-new_0011_Vector-Smart-Object.jpg',63,'App\\Models\\Product','2022-12-18 07:20:50','2022-12-18 07:20:50'),(546,'/uploads/product/63/1671355250names-new_0013_Vector-Smart-Object.jpg',1,'1671355250names-new_0013_Vector-Smart-Object.jpg',63,'App\\Models\\Product','2022-12-18 07:20:50','2022-12-18 07:20:50'),(547,'/uploads/product/63/1671355251names-new_0015_Vector-Smart-Object.jpg',1,'1671355251names-new_0015_Vector-Smart-Object.jpg',63,'App\\Models\\Product','2022-12-18 07:20:51','2022-12-18 07:20:51'),(548,'/uploads/product/63/1671355251names-new_0003_إسْمَك-هُنــَــا-copy-3.jpg',3,'1671355251names-new_0003_إسْمَك-هُنــَــا-copy-3.jpg',63,'App\\Models\\Product','2022-12-18 07:20:51','2022-12-18 07:20:51'),(549,'/uploads/product/62/1671355292g.aamateurs-gold.jpg',1,'1671355292g.aamateurs-gold.jpg',62,'App\\Models\\Product','2022-12-18 07:21:32','2022-12-18 07:21:32'),(550,'/uploads/product/62/1671355293names-new_0005_Vector-Smart-Object.jpg',1,'1671355293names-new_0005_Vector-Smart-Object.jpg',62,'App\\Models\\Product','2022-12-18 07:21:33','2022-12-18 07:21:33'),(551,'/uploads/product/62/1671355293names-new_0007_Vector-Smart-Object.jpg',1,'1671355293names-new_0007_Vector-Smart-Object.jpg',62,'App\\Models\\Product','2022-12-18 07:21:33','2022-12-18 07:21:33'),(552,'/uploads/product/62/1671355293names-new_0009_Vector-Smart-Object.jpg',1,'1671355293names-new_0009_Vector-Smart-Object.jpg',62,'App\\Models\\Product','2022-12-18 07:21:33','2022-12-18 07:21:33'),(553,'/uploads/product/62/1671355294names-new_0011_Vector-Smart-Object.jpg',1,'1671355294names-new_0011_Vector-Smart-Object.jpg',62,'App\\Models\\Product','2022-12-18 07:21:34','2022-12-18 07:21:34'),(554,'/uploads/product/62/1671355294names-new_0013_Vector-Smart-Object.jpg',1,'1671355294names-new_0013_Vector-Smart-Object.jpg',62,'App\\Models\\Product','2022-12-18 07:21:34','2022-12-18 07:21:34'),(555,'/uploads/product/62/1671355294names-new_0003_إسْمَك-هُنــَــا-copy-3.jpg',3,'1671355294names-new_0003_إسْمَك-هُنــَــا-copy-3.jpg',62,'App\\Models\\Product','2022-12-18 07:21:34','2022-12-18 07:21:34'),(556,'/uploads/product/70/1671374605g.aamateurs-gold.jpg',1,'1671374605g.aamateurs-gold.jpg',70,'App\\Models\\Product','2022-12-18 12:43:25','2022-12-18 12:43:25'),(557,'/uploads/product/70/1671374605names-new_0005_Vector-Smart-Object.jpg',1,'1671374605names-new_0005_Vector-Smart-Object.jpg',70,'App\\Models\\Product','2022-12-18 12:43:25','2022-12-18 12:43:25'),(558,'/uploads/product/70/1671374606names-new_0007_Vector-Smart-Object.jpg',1,'1671374606names-new_0007_Vector-Smart-Object.jpg',70,'App\\Models\\Product','2022-12-18 12:43:26','2022-12-18 12:43:26'),(559,'/uploads/product/70/1671374606names-new_0009_Vector-Smart-Object.jpg',1,'1671374606names-new_0009_Vector-Smart-Object.jpg',70,'App\\Models\\Product','2022-12-18 12:43:26','2022-12-18 12:43:26'),(560,'/uploads/product/70/1671374607names-new_0011_Vector-Smart-Object.jpg',1,'1671374607names-new_0011_Vector-Smart-Object.jpg',70,'App\\Models\\Product','2022-12-18 12:43:27','2022-12-18 12:43:27'),(561,'/uploads/product/70/1671374607names-new_0001_إسْمَك-هُنــَــا-copy.jpg',3,'1671374607names-new_0001_إسْمَك-هُنــَــا-copy.jpg',70,'App\\Models\\Product','2022-12-18 12:43:27','2022-12-18 12:43:27'),(562,'/uploads/product/70/1671374608names-new_0013_Vector-Smart-Object.jpg',1,'1671374608names-new_0013_Vector-Smart-Object.jpg',70,'App\\Models\\Product','2022-12-18 12:43:28','2022-12-18 12:43:28'),(563,'/uploads/product/70/1671374608names-new_0015_Vector-Smart-Object.jpg',1,'1671374608names-new_0015_Vector-Smart-Object.jpg',70,'App\\Models\\Product','2022-12-18 12:43:28','2022-12-18 12:43:28'),(564,'/uploads/product/69/1671374631g.aamateurs-gold.jpg',1,'1671374631g.aamateurs-gold.jpg',69,'App\\Models\\Product','2022-12-18 12:43:51','2022-12-18 12:43:51'),(565,'/uploads/product/69/1671374632names-new_0005_Vector-Smart-Object.jpg',1,'1671374632names-new_0005_Vector-Smart-Object.jpg',69,'App\\Models\\Product','2022-12-18 12:43:52','2022-12-18 12:43:52'),(566,'/uploads/product/69/1671374632names-new_0007_Vector-Smart-Object.jpg',1,'1671374632names-new_0007_Vector-Smart-Object.jpg',69,'App\\Models\\Product','2022-12-18 12:43:52','2022-12-18 12:43:52'),(567,'/uploads/product/69/1671374632names-new_0009_Vector-Smart-Object.jpg',1,'1671374632names-new_0009_Vector-Smart-Object.jpg',69,'App\\Models\\Product','2022-12-18 12:43:52','2022-12-18 12:43:52'),(568,'/uploads/product/69/1671374633names-new_0011_Vector-Smart-Object.jpg',1,'1671374633names-new_0011_Vector-Smart-Object.jpg',69,'App\\Models\\Product','2022-12-18 12:43:53','2022-12-18 12:43:53'),(569,'/uploads/product/69/1671374633names-new_0001_إسْمَك-هُنــَــا-copy.jpg',3,'1671374633names-new_0001_إسْمَك-هُنــَــا-copy.jpg',69,'App\\Models\\Product','2022-12-18 12:43:53','2022-12-18 12:43:53'),(570,'/uploads/product/69/1671374633names-new_0013_Vector-Smart-Object.jpg',1,'1671374633names-new_0013_Vector-Smart-Object.jpg',69,'App\\Models\\Product','2022-12-18 12:43:53','2022-12-18 12:43:53'),(571,'/uploads/product/69/1671374634names-new_0015_Vector-Smart-Object.jpg',1,'1671374634names-new_0015_Vector-Smart-Object.jpg',69,'App\\Models\\Product','2022-12-18 12:43:54','2022-12-18 12:43:54'),(572,'/uploads/product/66/1671374666g.aamateurs-gold.jpg',1,'1671374666g.aamateurs-gold.jpg',66,'App\\Models\\Product','2022-12-18 12:44:26','2022-12-18 12:44:26'),(573,'/uploads/product/66/1671374666names-new_0005_Vector-Smart-Object.jpg',1,'1671374666names-new_0005_Vector-Smart-Object.jpg',66,'App\\Models\\Product','2022-12-18 12:44:26','2022-12-18 12:44:26'),(574,'/uploads/product/66/1671374667names-new_0007_Vector-Smart-Object.jpg',1,'1671374667names-new_0007_Vector-Smart-Object.jpg',66,'App\\Models\\Product','2022-12-18 12:44:27','2022-12-18 12:44:27'),(575,'/uploads/product/66/1671374668names-new_0009_Vector-Smart-Object.jpg',1,'1671374668names-new_0009_Vector-Smart-Object.jpg',66,'App\\Models\\Product','2022-12-18 12:44:28','2022-12-18 12:44:28'),(576,'/uploads/product/66/1671374668names-new_0011_Vector-Smart-Object.jpg',1,'1671374668names-new_0011_Vector-Smart-Object.jpg',66,'App\\Models\\Product','2022-12-18 12:44:28','2022-12-18 12:44:28'),(577,'/uploads/product/66/1671374669names-new_0013_Vector-Smart-Object.jpg',1,'1671374669names-new_0013_Vector-Smart-Object.jpg',66,'App\\Models\\Product','2022-12-18 12:44:29','2022-12-18 12:44:29'),(578,'/uploads/product/66/1671374669names-new_0015_Vector-Smart-Object.jpg',1,'1671374669names-new_0015_Vector-Smart-Object.jpg',66,'App\\Models\\Product','2022-12-18 12:44:29','2022-12-18 12:44:29'),(579,'/uploads/product/66/1671374670names-new_0003_إسْمَك-هُنــَــا-copy-3.jpg',3,'1671374670names-new_0003_إسْمَك-هُنــَــا-copy-3.jpg',66,'App\\Models\\Product','2022-12-18 12:44:30','2022-12-18 12:44:30'),(588,'/uploads/product/65/1671374707names-new_0003_إسْمَك-هُنــَــا-copy-3.jpg',3,'1671374707names-new_0003_إسْمَك-هُنــَــا-copy-3.jpg',65,'App\\Models\\Product','2022-12-18 12:45:07','2022-12-18 12:45:07'),(589,'/uploads/product/74/1671375079g.aamateurs-gold.jpg',1,'1671375079g.aamateurs-gold.jpg',74,'App\\Models\\Product','2022-12-18 12:51:19','2022-12-18 12:51:19'),(590,'/uploads/product/74/1671375080names-new_0005_Vector-Smart-Object.jpg',1,'1671375080names-new_0005_Vector-Smart-Object.jpg',74,'App\\Models\\Product','2022-12-18 12:51:20','2022-12-18 12:51:20'),(591,'/uploads/product/74/1671375080names-new_0007_Vector-Smart-Object.jpg',1,'1671375080names-new_0007_Vector-Smart-Object.jpg',74,'App\\Models\\Product','2022-12-18 12:51:20','2022-12-18 12:51:20'),(592,'/uploads/product/74/1671375081names-new_0009_Vector-Smart-Object.jpg',1,'1671375081names-new_0009_Vector-Smart-Object.jpg',74,'App\\Models\\Product','2022-12-18 12:51:21','2022-12-18 12:51:21'),(593,'/uploads/product/74/1671375081names-new_0011_Vector-Smart-Object.jpg',1,'1671375081names-new_0011_Vector-Smart-Object.jpg',74,'App\\Models\\Product','2022-12-18 12:51:21','2022-12-18 12:51:21'),(594,'/uploads/product/74/1671375082names-new_0013_Vector-Smart-Object.jpg',1,'1671375082names-new_0013_Vector-Smart-Object.jpg',74,'App\\Models\\Product','2022-12-18 12:51:22','2022-12-18 12:51:22'),(595,'/uploads/product/74/1671375082names-new_0015_Vector-Smart-Object.jpg',1,'1671375082names-new_0015_Vector-Smart-Object.jpg',74,'App\\Models\\Product','2022-12-18 12:51:22','2022-12-18 12:51:22'),(596,'/uploads/product/74/1671375083names-new_0003_إسْمَك-هُنــَــا-copy-3.jpg',3,'1671375083names-new_0003_إسْمَك-هُنــَــا-copy-3.jpg',74,'App\\Models\\Product','2022-12-18 12:51:23','2022-12-18 12:51:23'),(597,'/uploads/product/72/1671375173g.aamateurs-gold.jpg',1,'1671375173g.aamateurs-gold.jpg',72,'App\\Models\\Product','2022-12-18 12:52:53','2022-12-18 12:52:53'),(598,'/uploads/product/72/1671375174names-new_0005_Vector-Smart-Object.jpg',1,'1671375174names-new_0005_Vector-Smart-Object.jpg',72,'App\\Models\\Product','2022-12-18 12:52:54','2022-12-18 12:52:54'),(599,'/uploads/product/72/1671375174names-new_0007_Vector-Smart-Object.jpg',1,'1671375174names-new_0007_Vector-Smart-Object.jpg',72,'App\\Models\\Product','2022-12-18 12:52:54','2022-12-18 12:52:54'),(600,'/uploads/product/72/1671375174names-new_0009_Vector-Smart-Object.jpg',1,'1671375174names-new_0009_Vector-Smart-Object.jpg',72,'App\\Models\\Product','2022-12-18 12:52:54','2022-12-18 12:52:54'),(601,'/uploads/product/72/1671375176names-new_0011_Vector-Smart-Object.jpg',1,'1671375176names-new_0011_Vector-Smart-Object.jpg',72,'App\\Models\\Product','2022-12-18 12:52:56','2022-12-18 12:52:56'),(602,'/uploads/product/72/1671375176names-new_0013_Vector-Smart-Object.jpg',1,'1671375176names-new_0013_Vector-Smart-Object.jpg',72,'App\\Models\\Product','2022-12-18 12:52:56','2022-12-18 12:52:56'),(603,'/uploads/product/72/1671375177names-new_0015_Vector-Smart-Object.jpg',1,'1671375177names-new_0015_Vector-Smart-Object.jpg',72,'App\\Models\\Product','2022-12-18 12:52:57','2022-12-18 12:52:57'),(604,'/uploads/product/72/1671375177names-new_0003_إسْمَك-هُنــَــا-copy-3.jpg',3,'1671375177names-new_0003_إسْمَك-هُنــَــا-copy-3.jpg',72,'App\\Models\\Product','2022-12-18 12:52:57','2022-12-18 12:52:57'),(605,'/uploads/product/71/1671375221g.aamateurs-gold.jpg',1,'1671375221g.aamateurs-gold.jpg',71,'App\\Models\\Product','2022-12-18 12:53:41','2022-12-18 12:53:41'),(606,'/uploads/product/71/1671375222names-new_0005_Vector-Smart-Object.jpg',1,'1671375222names-new_0005_Vector-Smart-Object.jpg',71,'App\\Models\\Product','2022-12-18 12:53:42','2022-12-18 12:53:42'),(607,'/uploads/product/71/1671375223names-new_0007_Vector-Smart-Object.jpg',1,'1671375223names-new_0007_Vector-Smart-Object.jpg',71,'App\\Models\\Product','2022-12-18 12:53:43','2022-12-18 12:53:43'),(608,'/uploads/product/71/1671375223names-new_0009_Vector-Smart-Object.jpg',1,'1671375223names-new_0009_Vector-Smart-Object.jpg',71,'App\\Models\\Product','2022-12-18 12:53:43','2022-12-18 12:53:43'),(609,'/uploads/product/71/1671375224names-new_0011_Vector-Smart-Object.jpg',1,'1671375224names-new_0011_Vector-Smart-Object.jpg',71,'App\\Models\\Product','2022-12-18 12:53:44','2022-12-18 12:53:44'),(610,'/uploads/product/71/1671375224names-new_0013_Vector-Smart-Object.jpg',1,'1671375224names-new_0013_Vector-Smart-Object.jpg',71,'App\\Models\\Product','2022-12-18 12:53:44','2022-12-18 12:53:44'),(611,'/uploads/product/71/1671375232names-new_0001_إسْمَك-هُنــَــا-copy.jpg',3,'1671375232names-new_0001_إسْمَك-هُنــَــا-copy.jpg',71,'App\\Models\\Product','2022-12-18 12:53:52','2022-12-18 12:53:52'),(612,'/uploads/product/75/1671404782g.aamateurs-gold.jpg',1,'1671404782g.aamateurs-gold.jpg',75,'App\\Models\\Product','2022-12-18 21:06:22','2022-12-18 21:06:22'),(613,'/uploads/product/75/1671404782names-new_0005_Vector-Smart-Object.jpg',1,'1671404782names-new_0005_Vector-Smart-Object.jpg',75,'App\\Models\\Product','2022-12-18 21:06:22','2022-12-18 21:06:22'),(614,'/uploads/product/75/1671404782names-new_0007_Vector-Smart-Object.jpg',1,'1671404782names-new_0007_Vector-Smart-Object.jpg',75,'App\\Models\\Product','2022-12-18 21:06:22','2022-12-18 21:06:22'),(615,'/uploads/product/75/1671404783names-new_0009_Vector-Smart-Object.jpg',1,'1671404783names-new_0009_Vector-Smart-Object.jpg',75,'App\\Models\\Product','2022-12-18 21:06:23','2022-12-18 21:06:23'),(616,'/uploads/product/75/1671404783names-new_0011_Vector-Smart-Object.jpg',1,'1671404783names-new_0011_Vector-Smart-Object.jpg',75,'App\\Models\\Product','2022-12-18 21:06:23','2022-12-18 21:06:23'),(617,'/uploads/product/75/1671404784names-new_0013_Vector-Smart-Object.jpg',1,'1671404784names-new_0013_Vector-Smart-Object.jpg',75,'App\\Models\\Product','2022-12-18 21:06:24','2022-12-18 21:06:24'),(618,'/uploads/product/75/1671404784names-new_0015_Vector-Smart-Object.jpg',1,'1671404784names-new_0015_Vector-Smart-Object.jpg',75,'App\\Models\\Product','2022-12-18 21:06:24','2022-12-18 21:06:24'),(619,'/uploads/product/75/1671404785names-new_0003_إسْمَك-هُنــَــا-copy-3.jpg',3,'1671404785names-new_0003_إسْمَك-هُنــَــا-copy-3.jpg',75,'App\\Models\\Product','2022-12-18 21:06:25','2022-12-18 21:06:25'),(620,'/uploads/product/76/1671404818g.aamateurs-gold.jpg',1,'1671404818g.aamateurs-gold.jpg',76,'App\\Models\\Product','2022-12-18 21:06:58','2022-12-18 21:06:58'),(621,'/uploads/product/76/1671404819names-new_0005_Vector-Smart-Object.jpg',1,'1671404819names-new_0005_Vector-Smart-Object.jpg',76,'App\\Models\\Product','2022-12-18 21:06:59','2022-12-18 21:06:59'),(622,'/uploads/product/76/1671404819names-new_0007_Vector-Smart-Object.jpg',1,'1671404819names-new_0007_Vector-Smart-Object.jpg',76,'App\\Models\\Product','2022-12-18 21:06:59','2022-12-18 21:06:59'),(623,'/uploads/product/76/1671404820names-new_0009_Vector-Smart-Object.jpg',1,'1671404820names-new_0009_Vector-Smart-Object.jpg',76,'App\\Models\\Product','2022-12-18 21:07:00','2022-12-18 21:07:00'),(624,'/uploads/product/76/1671404820names-new_0011_Vector-Smart-Object.jpg',1,'1671404820names-new_0011_Vector-Smart-Object.jpg',76,'App\\Models\\Product','2022-12-18 21:07:00','2022-12-18 21:07:00'),(625,'/uploads/product/76/1671404820names-new_0013_Vector-Smart-Object.jpg',1,'1671404820names-new_0013_Vector-Smart-Object.jpg',76,'App\\Models\\Product','2022-12-18 21:07:00','2022-12-18 21:07:00'),(626,'/uploads/product/76/1671404821names-new_0015_Vector-Smart-Object.jpg',1,'1671404821names-new_0015_Vector-Smart-Object.jpg',76,'App\\Models\\Product','2022-12-18 21:07:01','2022-12-18 21:07:01'),(627,'/uploads/product/76/1671404821names-new_0001_إسْمَك-هُنــَــا-copy.jpg',3,'1671404821names-new_0001_إسْمَك-هُنــَــا-copy.jpg',76,'App\\Models\\Product','2022-12-18 21:07:01','2022-12-18 21:07:01'),(628,'/uploads/product/77/1671404844g.aamateurs-gold.jpg',1,'1671404844g.aamateurs-gold.jpg',77,'App\\Models\\Product','2022-12-18 21:07:24','2022-12-18 21:07:24'),(629,'/uploads/product/77/1671404845names-new_0005_Vector-Smart-Object.jpg',1,'1671404845names-new_0005_Vector-Smart-Object.jpg',77,'App\\Models\\Product','2022-12-18 21:07:25','2022-12-18 21:07:25'),(630,'/uploads/product/77/1671404845names-new_0007_Vector-Smart-Object.jpg',1,'1671404845names-new_0007_Vector-Smart-Object.jpg',77,'App\\Models\\Product','2022-12-18 21:07:25','2022-12-18 21:07:25'),(631,'/uploads/product/77/1671404845names-new_0009_Vector-Smart-Object.jpg',1,'1671404845names-new_0009_Vector-Smart-Object.jpg',77,'App\\Models\\Product','2022-12-18 21:07:25','2022-12-18 21:07:25'),(632,'/uploads/product/77/1671404846names-new_0011_Vector-Smart-Object.jpg',1,'1671404846names-new_0011_Vector-Smart-Object.jpg',77,'App\\Models\\Product','2022-12-18 21:07:26','2022-12-18 21:07:26'),(633,'/uploads/product/77/1671404846names-new_0013_Vector-Smart-Object.jpg',1,'1671404846names-new_0013_Vector-Smart-Object.jpg',77,'App\\Models\\Product','2022-12-18 21:07:26','2022-12-18 21:07:26'),(635,'/uploads/product/77/1671404847names-new_0015_Vector-Smart-Object.jpg',1,'1671404847names-new_0015_Vector-Smart-Object.jpg',77,'App\\Models\\Product','2022-12-18 21:07:27','2022-12-18 21:07:27'),(637,'/uploads/product/78/1671404884g.aamateurs-gold.jpg',1,'1671404884g.aamateurs-gold.jpg',78,'App\\Models\\Product','2022-12-18 21:08:04','2022-12-18 21:08:04'),(638,'/uploads/product/78/1671404884names-new_0005_Vector-Smart-Object.jpg',1,'1671404884names-new_0005_Vector-Smart-Object.jpg',78,'App\\Models\\Product','2022-12-18 21:08:04','2022-12-18 21:08:04'),(639,'/uploads/product/78/1671404884names-new_0007_Vector-Smart-Object.jpg',1,'1671404884names-new_0007_Vector-Smart-Object.jpg',78,'App\\Models\\Product','2022-12-18 21:08:04','2022-12-18 21:08:04'),(640,'/uploads/product/78/1671404885names-new_0009_Vector-Smart-Object.jpg',1,'1671404885names-new_0009_Vector-Smart-Object.jpg',78,'App\\Models\\Product','2022-12-18 21:08:05','2022-12-18 21:08:05'),(641,'/uploads/product/78/1671404885names-new_0011_Vector-Smart-Object.jpg',1,'1671404885names-new_0011_Vector-Smart-Object.jpg',78,'App\\Models\\Product','2022-12-18 21:08:05','2022-12-18 21:08:05'),(642,'/uploads/product/78/1671404886names-new_0013_Vector-Smart-Object.jpg',1,'1671404886names-new_0013_Vector-Smart-Object.jpg',78,'App\\Models\\Product','2022-12-18 21:08:06','2022-12-18 21:08:06'),(643,'/uploads/product/78/1671404886names-new_0015_Vector-Smart-Object.jpg',1,'1671404886names-new_0015_Vector-Smart-Object.jpg',78,'App\\Models\\Product','2022-12-18 21:08:06','2022-12-18 21:08:06'),(644,'/uploads/product/78/1671404893names-new_0003_إسْمَك-هُنــَــا-copy-3.jpg',3,'1671404893names-new_0003_إسْمَك-هُنــَــا-copy-3.jpg',78,'App\\Models\\Product','2022-12-18 21:08:13','2022-12-18 21:08:13'),(645,'/uploads/product/77/1671404988names-new3.jpg',3,'1671404988names-new3.jpg',77,'App\\Models\\Product','2022-12-18 21:09:48','2022-12-18 21:09:48'),(646,'/uploads/product/62/1671405070names-new_0015_Vector-Smart-Object.jpg',1,'1671405070names-new_0015_Vector-Smart-Object.jpg',62,'App\\Models\\Product','2022-12-18 21:11:10','2022-12-18 21:11:10'),(647,'/uploads/product/63/1671405102g.aamateurs-gold.jpg',1,'1671405102g.aamateurs-gold.jpg',63,'App\\Models\\Product','2022-12-18 21:11:42','2022-12-18 21:11:42'),(648,'/uploads/product/54/1671405136names-new_0015_Vector-Smart-Object.jpg',1,'1671405136names-new_0015_Vector-Smart-Object.jpg',54,'App\\Models\\Product','2022-12-18 21:12:16','2022-12-18 21:12:16'),(649,'/uploads/product/60/1671405179g.aamateurs-gold.jpg',1,'1671405179g.aamateurs-gold.jpg',60,'App\\Models\\Product','2022-12-18 21:12:59','2022-12-18 21:12:59'),(650,'/uploads/product/59/1671405209g.aamateurs-gold.jpg',1,'1671405209g.aamateurs-gold.jpg',59,'App\\Models\\Product','2022-12-18 21:13:29','2022-12-18 21:13:29'),(651,'/uploads/product/79/1671406214RYKHP228-1.jpg',0,'1671406214RYKHP228-1.jpg',79,'App\\Models\\Product','2022-12-18 21:30:14','2022-12-18 21:30:14'),(652,'/uploads/product/79/1671406215RYKHP228-2.jpg',0,'1671406215RYKHP228-2.jpg',79,'App\\Models\\Product','2022-12-18 21:30:15','2022-12-18 21:30:15'),(653,'/uploads/product/79/1671406215RYKHP228-3.jpg',0,'1671406215RYKHP228-3.jpg',79,'App\\Models\\Product','2022-12-18 21:30:15','2022-12-18 21:30:15'),(654,'/uploads/product/79/1671406215RYKHP228-4.jpg',0,'1671406215RYKHP228-4.jpg',79,'App\\Models\\Product','2022-12-18 21:30:15','2022-12-18 21:30:15'),(655,'/uploads/product/80/1671406554RYKHP227-1.jpg',0,'1671406554RYKHP227-1.jpg',80,'App\\Models\\Product','2022-12-18 21:35:54','2022-12-18 21:35:54'),(656,'/uploads/product/80/1671406555RYKHP227-2.jpg',0,'1671406555RYKHP227-2.jpg',80,'App\\Models\\Product','2022-12-18 21:35:55','2022-12-18 21:35:55'),(657,'/uploads/product/80/1671406555RYKHP227-3.jpg',0,'1671406555RYKHP227-3.jpg',80,'App\\Models\\Product','2022-12-18 21:35:55','2022-12-18 21:35:55'),(658,'/uploads/product/80/1671406556RYKHP227-4.jpg',0,'1671406556RYKHP227-4.jpg',80,'App\\Models\\Product','2022-12-18 21:35:56','2022-12-18 21:35:56'),(659,'/uploads/product/81/1671407513RYKHP224-1.jpg',0,'1671407513RYKHP224-1.jpg',81,'App\\Models\\Product','2022-12-18 21:51:53','2022-12-18 21:51:53'),(660,'/uploads/product/81/1671407514RYKHP224-2.jpg',0,'1671407514RYKHP224-2.jpg',81,'App\\Models\\Product','2022-12-18 21:51:54','2022-12-18 21:51:54'),(661,'/uploads/product/81/1671407514RYKHP224-3.jpg',0,'1671407514RYKHP224-3.jpg',81,'App\\Models\\Product','2022-12-18 21:51:54','2022-12-18 21:51:54'),(662,'/uploads/product/82/1671408333RYKHP223-1.jpg',0,'1671408333RYKHP223-1.jpg',82,'App\\Models\\Product','2022-12-18 22:05:33','2022-12-18 22:05:33'),(663,'/uploads/product/82/1671408333RYKHP223-2.jpg',0,'1671408333RYKHP223-2.jpg',82,'App\\Models\\Product','2022-12-18 22:05:33','2022-12-18 22:05:33'),(664,'/uploads/product/82/1671408334RYKHP223-3.jpg',0,'1671408334RYKHP223-3.jpg',82,'App\\Models\\Product','2022-12-18 22:05:34','2022-12-18 22:05:34'),(665,'/uploads/product/82/1671408334RYKHP223-4.jpg',0,'1671408334RYKHP223-4.jpg',82,'App\\Models\\Product','2022-12-18 22:05:34','2022-12-18 22:05:34'),(666,'/uploads/product/83/1671408615RYKHP222-1.jpg',0,'1671408615RYKHP222-1.jpg',83,'App\\Models\\Product','2022-12-18 22:10:15','2022-12-18 22:10:15'),(667,'/uploads/product/83/1671408616RYKHP222-2.jpg',0,'1671408616RYKHP222-2.jpg',83,'App\\Models\\Product','2022-12-18 22:10:16','2022-12-18 22:10:16'),(668,'/uploads/product/83/1671408616RYKHP222-3.jpg',0,'1671408616RYKHP222-3.jpg',83,'App\\Models\\Product','2022-12-18 22:10:16','2022-12-18 22:10:16'),(669,'/uploads/product/66/1671525702kuwait 5fils gold2.jpg',1,'1671525702kuwait 5fils gold2.jpg',66,'App\\Models\\Product','2022-12-20 06:41:42','2022-12-20 06:41:42'),(670,'/uploads/product/85/1671576587RYKHP221-1.jpg',0,'1671576587RYKHP221-1.jpg',85,'App\\Models\\Product','2022-12-20 20:49:47','2022-12-20 20:49:47'),(671,'/uploads/product/85/1671576588RYKHP221-2.jpg',0,'1671576588RYKHP221-2.jpg',85,'App\\Models\\Product','2022-12-20 20:49:48','2022-12-20 20:49:48'),(672,'/uploads/product/85/1671576588RYKHP221-3.jpg',0,'1671576588RYKHP221-3.jpg',85,'App\\Models\\Product','2022-12-20 20:49:48','2022-12-20 20:49:48'),(673,'/uploads/product/85/1671576588RYKHP221-4.jpg',0,'1671576588RYKHP221-4.jpg',85,'App\\Models\\Product','2022-12-20 20:49:48','2022-12-20 20:49:48'),(674,'/uploads/product/86/1671577177RYKHP219-1.jpg',0,'1671577177RYKHP219-1.jpg',86,'App\\Models\\Product','2022-12-20 20:59:37','2022-12-20 20:59:37'),(675,'/uploads/product/86/1671577178RYKHP219-2.jpg',0,'1671577178RYKHP219-2.jpg',86,'App\\Models\\Product','2022-12-20 20:59:38','2022-12-20 20:59:38'),(676,'/uploads/product/86/1671577178RYKHP219-3.jpg',0,'1671577178RYKHP219-3.jpg',86,'App\\Models\\Product','2022-12-20 20:59:38','2022-12-20 20:59:38'),(677,'/uploads/product/86/1671577179RYKHP219-4.jpg',0,'1671577179RYKHP219-4.jpg',86,'App\\Models\\Product','2022-12-20 20:59:39','2022-12-20 20:59:39'),(678,'/uploads/product/87/1671577480RYKHP218-1.jpg',0,'1671577480RYKHP218-1.jpg',87,'App\\Models\\Product','2022-12-20 21:04:40','2022-12-20 21:04:40'),(679,'/uploads/product/87/1671577480RYKHP218-2.jpg',0,'1671577480RYKHP218-2.jpg',87,'App\\Models\\Product','2022-12-20 21:04:40','2022-12-20 21:04:40'),(680,'/uploads/product/87/1671577481RYKHP218-3.jpg',0,'1671577481RYKHP218-3.jpg',87,'App\\Models\\Product','2022-12-20 21:04:41','2022-12-20 21:04:41'),(681,'/uploads/product/87/1671577481RYKHP218-4.jpg',0,'1671577481RYKHP218-4.jpg',87,'App\\Models\\Product','2022-12-20 21:04:41','2022-12-20 21:04:41'),(682,'/uploads/product/88/1671577784RYKHP217-1.jpg',0,'1671577784RYKHP217-1.jpg',88,'App\\Models\\Product','2022-12-20 21:09:44','2022-12-20 21:09:44'),(683,'/uploads/product/88/1671577785RYKHP217-2.jpg',0,'1671577785RYKHP217-2.jpg',88,'App\\Models\\Product','2022-12-20 21:09:45','2022-12-20 21:09:45'),(684,'/uploads/product/88/1671577785RYKHP217-3.jpg',0,'1671577785RYKHP217-3.jpg',88,'App\\Models\\Product','2022-12-20 21:09:45','2022-12-20 21:09:45'),(685,'/uploads/product/89/1671578230RYKHP216-1.jpg',0,'1671578230RYKHP216-1.jpg',89,'App\\Models\\Product','2022-12-20 21:17:10','2022-12-20 21:17:10'),(686,'/uploads/product/89/1671578230RYKHP216-2.jpg',0,'1671578230RYKHP216-2.jpg',89,'App\\Models\\Product','2022-12-20 21:17:10','2022-12-20 21:17:10'),(687,'/uploads/product/89/1671578231RYKHP216-3.jpg',0,'1671578231RYKHP216-3.jpg',89,'App\\Models\\Product','2022-12-20 21:17:11','2022-12-20 21:17:11'),(688,'/uploads/product/17/1671580200g.aamateurs-gold.jpg',1,'1671580200g.aamateurs-gold.jpg',17,'App\\Models\\Product','2022-12-20 21:50:00','2022-12-20 21:50:00'),(689,'/uploads/product/17/1671580201names-new_0005_Vector-Smart-Object.jpg',1,'1671580201names-new_0005_Vector-Smart-Object.jpg',17,'App\\Models\\Product','2022-12-20 21:50:01','2022-12-20 21:50:01'),(690,'/uploads/product/17/1671580201names-new_0007_Vector-Smart-Object.jpg',1,'1671580201names-new_0007_Vector-Smart-Object.jpg',17,'App\\Models\\Product','2022-12-20 21:50:01','2022-12-20 21:50:01'),(691,'/uploads/product/17/1671580202names-new_0009_Vector-Smart-Object.jpg',1,'1671580202names-new_0009_Vector-Smart-Object.jpg',17,'App\\Models\\Product','2022-12-20 21:50:02','2022-12-20 21:50:02'),(692,'/uploads/product/17/1671580202names-new_0011_Vector-Smart-Object.jpg',1,'1671580202names-new_0011_Vector-Smart-Object.jpg',17,'App\\Models\\Product','2022-12-20 21:50:02','2022-12-20 21:50:02'),(693,'/uploads/product/17/1671580203names-new_0015_Vector-Smart-Object.jpg',1,'1671580203names-new_0015_Vector-Smart-Object.jpg',17,'App\\Models\\Product','2022-12-20 21:50:03','2022-12-20 21:50:03'),(694,'/uploads/product/17/1671580459names-new_0003_إسْمَك-هُنــَــا-copy-3.jpg',3,'1671580459names-new_0003_إسْمَك-هُنــَــا-copy-3.jpg',17,'App\\Models\\Product','2022-12-20 21:54:19','2022-12-20 21:54:19'),(695,'/uploads/product/65/1671696710g.aamateurs-gold.jpg',1,'1671696710g.aamateurs-gold.jpg',65,'App\\Models\\Product','2022-12-22 06:11:50','2022-12-22 06:11:50'),(696,'/uploads/product/65/1671696710names-new_0005_Vector-Smart-Object.jpg',1,'1671696710names-new_0005_Vector-Smart-Object.jpg',65,'App\\Models\\Product','2022-12-22 06:11:50','2022-12-22 06:11:50'),(697,'/uploads/product/65/1671696710names-new_0007_Vector-Smart-Object.jpg',1,'1671696710names-new_0007_Vector-Smart-Object.jpg',65,'App\\Models\\Product','2022-12-22 06:11:50','2022-12-22 06:11:50'),(698,'/uploads/product/65/1671696711names-new_0009_Vector-Smart-Object.jpg',1,'1671696711names-new_0009_Vector-Smart-Object.jpg',65,'App\\Models\\Product','2022-12-22 06:11:51','2022-12-22 06:11:51'),(699,'/uploads/product/65/1671696711names-new_0011_Vector-Smart-Object.jpg',1,'1671696711names-new_0011_Vector-Smart-Object.jpg',65,'App\\Models\\Product','2022-12-22 06:11:51','2022-12-22 06:11:51'),(700,'/uploads/product/65/1671696712names-new_0013_Vector-Smart-Object.jpg',1,'1671696712names-new_0013_Vector-Smart-Object.jpg',65,'App\\Models\\Product','2022-12-22 06:11:52','2022-12-22 06:11:52'),(701,'/uploads/product/65/1671696712names-new_0015_Vector-Smart-Object.jpg',1,'1671696712names-new_0015_Vector-Smart-Object.jpg',65,'App\\Models\\Product','2022-12-22 06:11:52','2022-12-22 06:11:52'),(702,'/uploads/product/91/1671755081RYAG269-1.jpg',0,'1671755081RYAG269-1.jpg',91,'App\\Models\\Product','2022-12-22 22:24:41','2022-12-22 22:24:41'),(703,'/uploads/product/91/1671755082RYAG269-2.jpg',0,'1671755082RYAG269-2.jpg',91,'App\\Models\\Product','2022-12-22 22:24:42','2022-12-22 22:24:42'),(704,'/uploads/product/91/1671755083RYAG269-3.jpg',0,'1671755083RYAG269-3.jpg',91,'App\\Models\\Product','2022-12-22 22:24:43','2022-12-22 22:24:43'),(708,'/uploads/product/92/1671755747RYAG268-1.jpg',0,'1671755747RYAG268-1.jpg',92,'App\\Models\\Product','2022-12-22 22:35:47','2022-12-22 22:35:47'),(709,'/uploads/product/92/1671755748RYAG268-2.jpg',0,'1671755748RYAG268-2.jpg',92,'App\\Models\\Product','2022-12-22 22:35:48','2022-12-22 22:35:48'),(710,'/uploads/product/92/1671755749RYAG268-3.jpg',0,'1671755749RYAG268-3.jpg',92,'App\\Models\\Product','2022-12-22 22:35:49','2022-12-22 22:35:49'),(711,'/uploads/product/95/1671756048RYAG267-1.jpg',0,'1671756048RYAG267-1.jpg',95,'App\\Models\\Product','2022-12-22 22:40:48','2022-12-22 22:40:48'),(712,'/uploads/product/95/1671756049RYAG267-2.jpg',0,'1671756049RYAG267-2.jpg',95,'App\\Models\\Product','2022-12-22 22:40:49','2022-12-22 22:40:49'),(713,'/uploads/product/95/1671756050RYAG267-3.jpg',0,'1671756050RYAG267-3.jpg',95,'App\\Models\\Product','2022-12-22 22:40:50','2022-12-22 22:40:50'),(714,'/uploads/product/96/1671756510RYAG265-1.jpg',0,'1671756510RYAG265-1.jpg',96,'App\\Models\\Product','2022-12-22 22:48:30','2022-12-22 22:48:30'),(715,'/uploads/product/96/1671756511RYAG265-2.jpg',0,'1671756511RYAG265-2.jpg',96,'App\\Models\\Product','2022-12-22 22:48:31','2022-12-22 22:48:31'),(716,'/uploads/product/96/1671756511RYAG265-3.jpg',0,'1671756511RYAG265-3.jpg',96,'App\\Models\\Product','2022-12-22 22:48:31','2022-12-22 22:48:31'),(717,'/uploads/product/97/1671756836RYAG263-1.jpg',0,'1671756836RYAG263-1.jpg',97,'App\\Models\\Product','2022-12-22 22:53:56','2022-12-22 22:53:56'),(718,'/uploads/product/97/1671756836RYAG263-2.jpg',0,'1671756836RYAG263-2.jpg',97,'App\\Models\\Product','2022-12-22 22:53:56','2022-12-22 22:53:56'),(719,'/uploads/product/97/1671756836RYAG263-3.jpg',0,'1671756836RYAG263-3.jpg',97,'App\\Models\\Product','2022-12-22 22:53:56','2022-12-22 22:53:56'),(720,'/uploads/product/97/1671756837RYAG263-4.jpg',0,'1671756837RYAG263-4.jpg',97,'App\\Models\\Product','2022-12-22 22:53:57','2022-12-22 22:53:57'),(721,'/uploads/product/98/1671833706RYAG262-1.jpg',0,'1671833706RYAG262-1.jpg',98,'App\\Models\\Product','2022-12-23 20:15:06','2022-12-23 20:15:06'),(722,'/uploads/product/98/1671833706RYAG262-2.jpg',0,'1671833706RYAG262-2.jpg',98,'App\\Models\\Product','2022-12-23 20:15:06','2022-12-23 20:15:06'),(723,'/uploads/product/98/1671833707RYAG262-3.jpg',0,'1671833707RYAG262-3.jpg',98,'App\\Models\\Product','2022-12-23 20:15:07','2022-12-23 20:15:07'),(724,'/uploads/product/98/1671833707RYAG262-4.jpg',0,'1671833707RYAG262-4.jpg',98,'App\\Models\\Product','2022-12-23 20:15:07','2022-12-23 20:15:07'),(725,'/uploads/product/99/1671835464RYAG261-1.jpg',0,'1671835464RYAG261-1.jpg',99,'App\\Models\\Product','2022-12-23 20:44:24','2022-12-23 20:44:24'),(726,'/uploads/product/99/1671835465RYAG261-2.jpg',0,'1671835465RYAG261-2.jpg',99,'App\\Models\\Product','2022-12-23 20:44:25','2022-12-23 20:44:25'),(727,'/uploads/product/99/1671835466RYAG261-3.jpg',0,'1671835466RYAG261-3.jpg',99,'App\\Models\\Product','2022-12-23 20:44:26','2022-12-23 20:44:26'),(728,'/uploads/product/99/1671835466RYAG261-4.jpg',0,'1671835466RYAG261-4.jpg',99,'App\\Models\\Product','2022-12-23 20:44:26','2022-12-23 20:44:26'),(729,'/uploads/product/101/1671914807RYAG260-1.jpg',0,'1671914807RYAG260-1.jpg',101,'App\\Models\\Product','2022-12-24 18:46:47','2022-12-24 18:46:47'),(730,'/uploads/product/101/1671914807RYAG260-2.jpg',0,'1671914807RYAG260-2.jpg',101,'App\\Models\\Product','2022-12-24 18:46:47','2022-12-24 18:46:47'),(731,'/uploads/product/101/1671914807RYAG260-3.jpg',0,'1671914807RYAG260-3.jpg',101,'App\\Models\\Product','2022-12-24 18:46:47','2022-12-24 18:46:47'),(732,'/uploads/product/101/1671914808RYAG260-4.jpg',0,'1671914808RYAG260-4.jpg',101,'App\\Models\\Product','2022-12-24 18:46:48','2022-12-24 18:46:48'),(733,'/uploads/product/102/1671915077RYAG258-1.jpg',0,'1671915077RYAG258-1.jpg',102,'App\\Models\\Product','2022-12-24 18:51:17','2022-12-24 18:51:17'),(734,'/uploads/product/102/1671915078RYAG258-2.jpg',0,'1671915078RYAG258-2.jpg',102,'App\\Models\\Product','2022-12-24 18:51:18','2022-12-24 18:51:18'),(735,'/uploads/product/102/1671915078RYAG258-3.jpg',0,'1671915078RYAG258-3.jpg',102,'App\\Models\\Product','2022-12-24 18:51:18','2022-12-24 18:51:18'),(736,'/uploads/product/102/1671915078RYAG258-4.jpg',0,'1671915078RYAG258-4.jpg',102,'App\\Models\\Product','2022-12-24 18:51:18','2022-12-24 18:51:18'),(737,'/uploads/product/103/1671915323RYAG257-1.jpg',0,'1671915323RYAG257-1.jpg',103,'App\\Models\\Product','2022-12-24 18:55:23','2022-12-24 18:55:23'),(738,'/uploads/product/103/1671915324RYAG257-2.jpg',0,'1671915324RYAG257-2.jpg',103,'App\\Models\\Product','2022-12-24 18:55:24','2022-12-24 18:55:24'),(739,'/uploads/product/103/1671915324RYAG257-3.jpg',0,'1671915324RYAG257-3.jpg',103,'App\\Models\\Product','2022-12-24 18:55:24','2022-12-24 18:55:24'),(740,'/uploads/product/103/1671915325RYAG257-4.jpg',0,'1671915325RYAG257-4.jpg',103,'App\\Models\\Product','2022-12-24 18:55:25','2022-12-24 18:55:25'),(741,'/uploads/product/104/1671916150RYYN78-1.jpg',0,'1671916150RYYN78-1.jpg',104,'App\\Models\\Product','2022-12-24 19:09:10','2022-12-24 19:09:10'),(742,'/uploads/product/104/1671916151RYYN78-2.jpg',0,'1671916151RYYN78-2.jpg',104,'App\\Models\\Product','2022-12-24 19:09:11','2022-12-24 19:09:11'),(743,'/uploads/product/104/1671916151RYYN78-3.jpg',0,'1671916151RYYN78-3.jpg',104,'App\\Models\\Product','2022-12-24 19:09:11','2022-12-24 19:09:11'),(744,'/uploads/product/104/1671916151RYYN78-4.jpg',0,'1671916151RYYN78-4.jpg',104,'App\\Models\\Product','2022-12-24 19:09:11','2022-12-24 19:09:11'),(745,'/uploads/product/105/1671916551RYYN73-1.jpg',0,'1671916551RYYN73-1.jpg',105,'App\\Models\\Product','2022-12-24 19:15:51','2022-12-24 19:15:51'),(746,'/uploads/product/105/1671916552RYYN73-2.jpg',0,'1671916552RYYN73-2.jpg',105,'App\\Models\\Product','2022-12-24 19:15:52','2022-12-24 19:15:52'),(747,'/uploads/product/105/1671916552RYYN73-3.jpg',0,'1671916552RYYN73-3.jpg',105,'App\\Models\\Product','2022-12-24 19:15:52','2022-12-24 19:15:52'),(748,'/uploads/product/105/1671916553RYYN73-4.jpg',0,'1671916553RYYN73-4.jpg',105,'App\\Models\\Product','2022-12-24 19:15:53','2022-12-24 19:15:53'),(749,'/uploads/product/106/1671917301RYYN77-1.jpg',0,'1671917301RYYN77-1.jpg',106,'App\\Models\\Product','2022-12-24 19:28:21','2022-12-24 19:28:21'),(750,'/uploads/product/106/1671917301RYYN77-2.jpg',0,'1671917301RYYN77-2.jpg',106,'App\\Models\\Product','2022-12-24 19:28:21','2022-12-24 19:28:21'),(751,'/uploads/product/106/1671917301RYYN77-3.jpg',0,'1671917301RYYN77-3.jpg',106,'App\\Models\\Product','2022-12-24 19:28:21','2022-12-24 19:28:21'),(752,'/uploads/product/106/1671917302RYYN77-4.jpg',0,'1671917302RYYN77-4.jpg',106,'App\\Models\\Product','2022-12-24 19:28:22','2022-12-24 19:28:22'),(753,'/uploads/product/107/1671918360RYYN75-1.jpg',0,'1671918360RYYN75-1.jpg',107,'App\\Models\\Product','2022-12-24 19:46:00','2022-12-24 19:46:00'),(754,'/uploads/product/107/1671918361RYYN75-2.jpg',0,'1671918361RYYN75-2.jpg',107,'App\\Models\\Product','2022-12-24 19:46:01','2022-12-24 19:46:01'),(755,'/uploads/product/107/1671918361RYYN75-3.jpg',0,'1671918361RYYN75-3.jpg',107,'App\\Models\\Product','2022-12-24 19:46:01','2022-12-24 19:46:01'),(756,'/uploads/product/107/1671918361RYYN75-4.jpg',0,'1671918361RYYN75-4.jpg',107,'App\\Models\\Product','2022-12-24 19:46:01','2022-12-24 19:46:01'),(757,'/uploads/product/108/1671918849RYYN74-1.jpg',0,'1671918849RYYN74-1.jpg',108,'App\\Models\\Product','2022-12-24 19:54:09','2022-12-24 19:54:09'),(758,'/uploads/product/108/1671918849RYYN74-2.jpg',0,'1671918849RYYN74-2.jpg',108,'App\\Models\\Product','2022-12-24 19:54:09','2022-12-24 19:54:09'),(759,'/uploads/product/108/1671918850RYYN74-3.jpg',0,'1671918850RYYN74-3.jpg',108,'App\\Models\\Product','2022-12-24 19:54:10','2022-12-24 19:54:10'),(760,'/uploads/product/108/1671918850RYYN74-4.jpg',0,'1671918850RYYN74-4.jpg',108,'App\\Models\\Product','2022-12-24 19:54:10','2022-12-24 19:54:10'),(761,'/uploads/product/109/1671919195RYYN71-1.jpg',0,'1671919195RYYN71-1.jpg',109,'App\\Models\\Product','2022-12-24 19:59:55','2022-12-24 19:59:55'),(762,'/uploads/product/109/1671919195RYYN71-2.jpg',0,'1671919195RYYN71-2.jpg',109,'App\\Models\\Product','2022-12-24 19:59:55','2022-12-24 19:59:55'),(763,'/uploads/product/109/1671919196RYYN71-3.jpg',0,'1671919196RYYN71-3.jpg',109,'App\\Models\\Product','2022-12-24 19:59:56','2022-12-24 19:59:56'),(764,'/uploads/product/109/1671919196RYYN71-4.jpg',0,'1671919196RYYN71-4.jpg',109,'App\\Models\\Product','2022-12-24 19:59:56','2022-12-24 19:59:56'),(765,'/uploads/product/110/1671919516RYYN72-1.jpg',0,'1671919516RYYN72-1.jpg',110,'App\\Models\\Product','2022-12-24 20:05:16','2022-12-24 20:05:16'),(766,'/uploads/product/110/1671919517RYYN72-2.jpg',0,'1671919517RYYN72-2.jpg',110,'App\\Models\\Product','2022-12-24 20:05:17','2022-12-24 20:05:17'),(767,'/uploads/product/110/1671919517RYYN72-3.jpg',0,'1671919517RYYN72-3.jpg',110,'App\\Models\\Product','2022-12-24 20:05:17','2022-12-24 20:05:17'),(768,'/uploads/product/110/1671919517RYYN72-4.jpg',0,'1671919517RYYN72-4.jpg',110,'App\\Models\\Product','2022-12-24 20:05:17','2022-12-24 20:05:17'),(769,'/uploads/product/111/1671920164RYYN69-1.jpg',0,'1671920164RYYN69-1.jpg',111,'App\\Models\\Product','2022-12-24 20:16:04','2022-12-24 20:16:04'),(770,'/uploads/product/111/1671920165RYYN69-2.jpg',0,'1671920165RYYN69-2.jpg',111,'App\\Models\\Product','2022-12-24 20:16:05','2022-12-24 20:16:05'),(771,'/uploads/product/111/1671920165RYYN69-3.jpg',0,'1671920165RYYN69-3.jpg',111,'App\\Models\\Product','2022-12-24 20:16:05','2022-12-24 20:16:05'),(772,'/uploads/product/111/1671920165RYYN69-4.jpg',0,'1671920165RYYN69-4.jpg',111,'App\\Models\\Product','2022-12-24 20:16:05','2022-12-24 20:16:05'),(773,'/uploads/product/112/1671921335RYYN68-1.jpg',0,'1671921335RYYN68-1.jpg',112,'App\\Models\\Product','2022-12-24 20:35:35','2022-12-24 20:35:35'),(774,'/uploads/product/112/1671921335RYYN68-2.jpg',0,'1671921335RYYN68-2.jpg',112,'App\\Models\\Product','2022-12-24 20:35:35','2022-12-24 20:35:35'),(775,'/uploads/product/112/1671921336RYYN68-3.jpg',0,'1671921336RYYN68-3.jpg',112,'App\\Models\\Product','2022-12-24 20:35:36','2022-12-24 20:35:36'),(776,'/uploads/product/113/1671957083RYKHK27-1.png',0,'1671957083RYKHK27-1.png',113,'App\\Models\\Product','2022-12-25 06:31:23','2022-12-25 06:31:23'),(777,'/uploads/product/113/1671957084RYKHK27-2.png',0,'1671957084RYKHK27-2.png',113,'App\\Models\\Product','2022-12-25 06:31:24','2022-12-25 06:31:24'),(778,'/uploads/product/113/1671957086RYKHK27-3.png',0,'1671957086RYKHK27-3.png',113,'App\\Models\\Product','2022-12-25 06:31:26','2022-12-25 06:31:26'),(779,'/uploads/product/113/1671957094RYKHK27-2.png',0,'1671957094RYKHK27-2.png',113,'App\\Models\\Product','2022-12-25 06:31:34','2022-12-25 06:31:34'),(780,'/uploads/product/114/1672009628RYKHC132-1.jpg',0,'1672009628RYKHC132-1.jpg',114,'App\\Models\\Product','2022-12-25 21:07:08','2022-12-25 21:07:08'),(781,'/uploads/product/114/1672009629RYKHC132-2.jpg',0,'1672009629RYKHC132-2.jpg',114,'App\\Models\\Product','2022-12-25 21:07:09','2022-12-25 21:07:09'),(782,'/uploads/product/114/1672009630RYKHC132-3.jpg',0,'1672009630RYKHC132-3.jpg',114,'App\\Models\\Product','2022-12-25 21:07:10','2022-12-25 21:07:10'),(783,'/uploads/product/115/1672009888RYKHC130-1.jpg',0,'1672009888RYKHC130-1.jpg',115,'App\\Models\\Product','2022-12-25 21:11:28','2022-12-25 21:11:28'),(784,'/uploads/product/115/1672009889RYKHC130-2.jpg',0,'1672009889RYKHC130-2.jpg',115,'App\\Models\\Product','2022-12-25 21:11:29','2022-12-25 21:11:29'),(785,'/uploads/product/115/1672009889RYKHC130-3.jpg',0,'1672009889RYKHC130-3.jpg',115,'App\\Models\\Product','2022-12-25 21:11:29','2022-12-25 21:11:29'),(786,'/uploads/product/116/1672010189RYKHC129-1.jpg',0,'1672010189RYKHC129-1.jpg',116,'App\\Models\\Product','2022-12-25 21:16:29','2022-12-25 21:16:29'),(787,'/uploads/product/116/1672010190RYKHC129-2.jpg',0,'1672010190RYKHC129-2.jpg',116,'App\\Models\\Product','2022-12-25 21:16:30','2022-12-25 21:16:30'),(788,'/uploads/product/116/1672010190RYKHC129-3.jpg',0,'1672010190RYKHC129-3.jpg',116,'App\\Models\\Product','2022-12-25 21:16:30','2022-12-25 21:16:30'),(789,'/uploads/product/117/1672010519RYKHC128-1.jpg',0,'1672010519RYKHC128-1.jpg',117,'App\\Models\\Product','2022-12-25 21:21:59','2022-12-25 21:21:59'),(790,'/uploads/product/117/1672010520RYKHC128-2.jpg',0,'1672010520RYKHC128-2.jpg',117,'App\\Models\\Product','2022-12-25 21:22:00','2022-12-25 21:22:00'),(791,'/uploads/product/117/1672010520RYKHC128-3.jpg',0,'1672010520RYKHC128-3.jpg',117,'App\\Models\\Product','2022-12-25 21:22:00','2022-12-25 21:22:00'),(792,'/uploads/product/118/1672010784RYKHC127-1.jpg',0,'1672010784RYKHC127-1.jpg',118,'App\\Models\\Product','2022-12-25 21:26:24','2022-12-25 21:26:24'),(793,'/uploads/product/118/1672010785RYKHC127-2.jpg',0,'1672010785RYKHC127-2.jpg',118,'App\\Models\\Product','2022-12-25 21:26:25','2022-12-25 21:26:25'),(794,'/uploads/product/118/1672010785RYKHC127-3.jpg',0,'1672010785RYKHC127-3.jpg',118,'App\\Models\\Product','2022-12-25 21:26:25','2022-12-25 21:26:25'),(795,'/uploads/product/119/1672011030RYKHC126-1.jpg',0,'1672011030RYKHC126-1.jpg',119,'App\\Models\\Product','2022-12-25 21:30:30','2022-12-25 21:30:30'),(796,'/uploads/product/119/1672011031RYKHC126-2.jpg',0,'1672011031RYKHC126-2.jpg',119,'App\\Models\\Product','2022-12-25 21:30:31','2022-12-25 21:30:31'),(797,'/uploads/product/119/1672011031RYKHC126-3.jpg',0,'1672011031RYKHC126-3.jpg',119,'App\\Models\\Product','2022-12-25 21:30:31','2022-12-25 21:30:31'),(798,'/uploads/product/120/1672011607RYKHC125-1.jpg',0,'1672011607RYKHC125-1.jpg',120,'App\\Models\\Product','2022-12-25 21:40:07','2022-12-25 21:40:07'),(799,'/uploads/product/120/1672011607RYKHC125-2.jpg',0,'1672011607RYKHC125-2.jpg',120,'App\\Models\\Product','2022-12-25 21:40:07','2022-12-25 21:40:07'),(800,'/uploads/product/120/1672011608RYKHC125-3.jpg',0,'1672011608RYKHC125-3.jpg',120,'App\\Models\\Product','2022-12-25 21:40:08','2022-12-25 21:40:08'),(801,'/uploads/product/121/1672012094RYKHC124-1.jpg',0,'1672012094RYKHC124-1.jpg',121,'App\\Models\\Product','2022-12-25 21:48:14','2022-12-25 21:48:14'),(802,'/uploads/product/121/1672012094RYKHC124-2.jpg',0,'1672012094RYKHC124-2.jpg',121,'App\\Models\\Product','2022-12-25 21:48:14','2022-12-25 21:48:14'),(803,'/uploads/product/121/1672012095RYKHC124-3.jpg',0,'1672012095RYKHC124-3.jpg',121,'App\\Models\\Product','2022-12-25 21:48:15','2022-12-25 21:48:15'),(804,'/uploads/product/122/1672012333RYKHC123-1.jpg',0,'1672012333RYKHC123-1.jpg',122,'App\\Models\\Product','2022-12-25 21:52:13','2022-12-25 21:52:13'),(805,'/uploads/product/122/1672012333RYKHC123-2.jpg',0,'1672012333RYKHC123-2.jpg',122,'App\\Models\\Product','2022-12-25 21:52:13','2022-12-25 21:52:13'),(806,'/uploads/product/122/1672012334RYKHC123-3.jpg',0,'1672012334RYKHC123-3.jpg',122,'App\\Models\\Product','2022-12-25 21:52:14','2022-12-25 21:52:14'),(807,'/uploads/product/123/1672012585RYKHC122-1.jpg',0,'1672012585RYKHC122-1.jpg',123,'App\\Models\\Product','2022-12-25 21:56:25','2022-12-25 21:56:25'),(808,'/uploads/product/123/1672012585RYKHC122-2.jpg',0,'1672012585RYKHC122-2.jpg',123,'App\\Models\\Product','2022-12-25 21:56:25','2022-12-25 21:56:25'),(809,'/uploads/product/123/1672012586RYKHC122-3.jpg',0,'1672012586RYKHC122-3.jpg',123,'App\\Models\\Product','2022-12-25 21:56:26','2022-12-25 21:56:26'),(810,'/uploads/product/124/1672183644RYKHK156-1.jpg',0,'1672183644RYKHK156-1.jpg',124,'App\\Models\\Product','2022-12-27 21:27:24','2022-12-27 21:27:24'),(811,'/uploads/product/124/1672183644RYKHK156-2.jpg',0,'1672183644RYKHK156-2.jpg',124,'App\\Models\\Product','2022-12-27 21:27:24','2022-12-27 21:27:24'),(812,'/uploads/product/124/1672183645RYKHK156-3.jpg',0,'1672183645RYKHK156-3.jpg',124,'App\\Models\\Product','2022-12-27 21:27:25','2022-12-27 21:27:25'),(813,'/uploads/product/124/1672183646RYKHK156-4.jpg',0,'1672183646RYKHK156-4.jpg',124,'App\\Models\\Product','2022-12-27 21:27:26','2022-12-27 21:27:26'),(814,'/uploads/product/125/1672183931RYKHK155-1.jpg',0,'1672183931RYKHK155-1.jpg',125,'App\\Models\\Product','2022-12-27 21:32:11','2022-12-27 21:32:11'),(815,'/uploads/product/125/1672183931RYKHK155-2.jpg',0,'1672183931RYKHK155-2.jpg',125,'App\\Models\\Product','2022-12-27 21:32:11','2022-12-27 21:32:11'),(816,'/uploads/product/125/1672183931RYKHK155-3.jpg',0,'1672183931RYKHK155-3.jpg',125,'App\\Models\\Product','2022-12-27 21:32:11','2022-12-27 21:32:11'),(817,'/uploads/product/125/1672183932RYKHK155-4.jpg',0,'1672183932RYKHK155-4.jpg',125,'App\\Models\\Product','2022-12-27 21:32:12','2022-12-27 21:32:12'),(818,'/uploads/product/126/1672184223RYKHK154-1.jpg',0,'1672184223RYKHK154-1.jpg',126,'App\\Models\\Product','2022-12-27 21:37:03','2022-12-27 21:37:03'),(819,'/uploads/product/126/1672184223RYKHK154-2.jpg',0,'1672184223RYKHK154-2.jpg',126,'App\\Models\\Product','2022-12-27 21:37:03','2022-12-27 21:37:03'),(820,'/uploads/product/126/1672184224RYKHK154-3.jpg',0,'1672184224RYKHK154-3.jpg',126,'App\\Models\\Product','2022-12-27 21:37:04','2022-12-27 21:37:04'),(821,'/uploads/product/126/1672184224RYKHK154-4.jpg',0,'1672184224RYKHK154-4.jpg',126,'App\\Models\\Product','2022-12-27 21:37:04','2022-12-27 21:37:04'),(822,'/uploads/product/127/1672184581RYKHK153-1.jpg',0,'1672184581RYKHK153-1.jpg',127,'App\\Models\\Product','2022-12-27 21:43:01','2022-12-27 21:43:01'),(823,'/uploads/product/127/1672184581RYKHK153-2.jpg',0,'1672184581RYKHK153-2.jpg',127,'App\\Models\\Product','2022-12-27 21:43:01','2022-12-27 21:43:01'),(824,'/uploads/product/127/1672184582RYKHK153-3.jpg',0,'1672184582RYKHK153-3.jpg',127,'App\\Models\\Product','2022-12-27 21:43:02','2022-12-27 21:43:02'),(825,'/uploads/product/128/1672184931RYKHK152-1.jpg',0,'1672184931RYKHK152-1.jpg',128,'App\\Models\\Product','2022-12-27 21:48:51','2022-12-27 21:48:51'),(826,'/uploads/product/128/1672184932RYKHK152-2.jpg',0,'1672184932RYKHK152-2.jpg',128,'App\\Models\\Product','2022-12-27 21:48:52','2022-12-27 21:48:52'),(827,'/uploads/product/128/1672184932RYKHK152-3.jpg',0,'1672184932RYKHK152-3.jpg',128,'App\\Models\\Product','2022-12-27 21:48:52','2022-12-27 21:48:52'),(828,'/uploads/product/129/1672185208RYKHK151-1.jpg',0,'1672185208RYKHK151-1.jpg',129,'App\\Models\\Product','2022-12-27 21:53:28','2022-12-27 21:53:28'),(829,'/uploads/product/129/1672185209RYKHK151-2.jpg',0,'1672185209RYKHK151-2.jpg',129,'App\\Models\\Product','2022-12-27 21:53:29','2022-12-27 21:53:29'),(830,'/uploads/product/129/1672185209RYKHK151-3.jpg',0,'1672185209RYKHK151-3.jpg',129,'App\\Models\\Product','2022-12-27 21:53:29','2022-12-27 21:53:29'),(831,'/uploads/product/130/1672185749RYKHK150-1.jpg',0,'1672185749RYKHK150-1.jpg',130,'App\\Models\\Product','2022-12-27 22:02:29','2022-12-27 22:02:29'),(832,'/uploads/product/130/1672185750RYKHK150-2.jpg',0,'1672185750RYKHK150-2.jpg',130,'App\\Models\\Product','2022-12-27 22:02:30','2022-12-27 22:02:30'),(833,'/uploads/product/130/1672185750RYKHK150-3.jpg',0,'1672185750RYKHK150-3.jpg',130,'App\\Models\\Product','2022-12-27 22:02:30','2022-12-27 22:02:30'),(834,'/uploads/product/131/1672273300RYKHK149-1.jpg',0,'1672273300RYKHK149-1.jpg',131,'App\\Models\\Product','2022-12-28 22:21:40','2022-12-28 22:21:40'),(835,'/uploads/product/131/1672273301RYKHK149-2.jpg',0,'1672273301RYKHK149-2.jpg',131,'App\\Models\\Product','2022-12-28 22:21:41','2022-12-28 22:21:41'),(836,'/uploads/product/131/1672273301RYKHK149-3.jpg',0,'1672273301RYKHK149-3.jpg',131,'App\\Models\\Product','2022-12-28 22:21:41','2022-12-28 22:21:41'),(837,'/uploads/product/132/1672273555RYKHK148-1.jpg',0,'1672273555RYKHK148-1.jpg',132,'App\\Models\\Product','2022-12-28 22:25:55','2022-12-28 22:25:55'),(838,'/uploads/product/132/1672273556RYKHK148-2.jpg',0,'1672273556RYKHK148-2.jpg',132,'App\\Models\\Product','2022-12-28 22:25:56','2022-12-28 22:25:56'),(839,'/uploads/product/132/1672273556RYKHK148-3.jpg',0,'1672273556RYKHK148-3.jpg',132,'App\\Models\\Product','2022-12-28 22:25:56','2022-12-28 22:25:56'),(840,'/uploads/product/132/1672273560RYKHK148-4.jpg',0,'1672273560RYKHK148-4.jpg',132,'App\\Models\\Product','2022-12-28 22:26:00','2022-12-28 22:26:00'),(841,'/uploads/product/133/1672273887RYKHK147-1.jpg',0,'1672273887RYKHK147-1.jpg',133,'App\\Models\\Product','2022-12-28 22:31:27','2022-12-28 22:31:27'),(842,'/uploads/product/133/1672273888RYKHK147-2.jpg',0,'1672273888RYKHK147-2.jpg',133,'App\\Models\\Product','2022-12-28 22:31:28','2022-12-28 22:31:28'),(843,'/uploads/product/133/1672273888RYKHK147-3.jpg',0,'1672273888RYKHK147-3.jpg',133,'App\\Models\\Product','2022-12-28 22:31:28','2022-12-28 22:31:28'),(844,'/uploads/product/135/1672437995RYKHR139-1.jpg',0,'1672437995RYKHR139-1.jpg',135,'App\\Models\\Product','2022-12-30 20:06:35','2022-12-30 20:06:35'),(845,'/uploads/product/135/1672437995RYKHR139-2.jpg',0,'1672437995RYKHR139-2.jpg',135,'App\\Models\\Product','2022-12-30 20:06:35','2022-12-30 20:06:35'),(846,'/uploads/product/135/1672437995RYKHR139-3.jpg',0,'1672437995RYKHR139-3.jpg',135,'App\\Models\\Product','2022-12-30 20:06:35','2022-12-30 20:06:35'),(847,'/uploads/product/135/1672437996RYKHR139-4.jpg',0,'1672437996RYKHR139-4.jpg',135,'App\\Models\\Product','2022-12-30 20:06:36','2022-12-30 20:06:36'),(848,'/uploads/product/136/1672438504RYKHR137-1.jpg',0,'1672438504RYKHR137-1.jpg',136,'App\\Models\\Product','2022-12-30 20:15:04','2022-12-30 20:15:04'),(849,'/uploads/product/136/1672438504RYKHR137-2.jpg',0,'1672438504RYKHR137-2.jpg',136,'App\\Models\\Product','2022-12-30 20:15:04','2022-12-30 20:15:04'),(850,'/uploads/product/136/1672438504RYKHR137-3.jpg',0,'1672438504RYKHR137-3.jpg',136,'App\\Models\\Product','2022-12-30 20:15:05','2022-12-30 20:15:05'),(851,'/uploads/product/136/16724386141-kuwait-fils-gold.jpg',1,'16724386141-kuwait-fils-gold.jpg',136,'App\\Models\\Product','2022-12-30 20:16:54','2022-12-30 20:16:54'),(852,'/uploads/product/136/1672438614ksa-gold.jpg',1,'1672438614ksa-gold.jpg',136,'App\\Models\\Product','2022-12-30 20:16:54','2022-12-30 20:16:54'),(853,'/uploads/product/136/1672438615names-new_0005_Vector-Smart-Object.jpg',1,'1672438615names-new_0005_Vector-Smart-Object.jpg',136,'App\\Models\\Product','2022-12-30 20:16:55','2022-12-30 20:16:55'),(854,'/uploads/product/136/1672438615names-new_0007_Vector-Smart-Object.jpg',1,'1672438615names-new_0007_Vector-Smart-Object.jpg',136,'App\\Models\\Product','2022-12-30 20:16:55','2022-12-30 20:16:55'),(855,'/uploads/product/136/1672438615names-new_0011_Vector-Smart-Object.jpg',1,'1672438615names-new_0011_Vector-Smart-Object.jpg',136,'App\\Models\\Product','2022-12-30 20:16:55','2022-12-30 20:16:55'),(856,'/uploads/product/136/1672438616names-new_0013_Vector-Smart-Object.jpg',1,'1672438616names-new_0013_Vector-Smart-Object.jpg',136,'App\\Models\\Product','2022-12-30 20:16:56','2022-12-30 20:16:56'),(857,'/uploads/product/136/1672438616names-new_0015_Vector-Smart-Object.jpg',1,'1672438616names-new_0015_Vector-Smart-Object.jpg',136,'App\\Models\\Product','2022-12-30 20:16:56','2022-12-30 20:16:56'),(858,'/uploads/product/137/1672438898RYKHR136-1.jpg',0,'1672438898RYKHR136-1.jpg',137,'App\\Models\\Product','2022-12-30 20:21:38','2022-12-30 20:21:38'),(859,'/uploads/product/137/1672438898RYKHR136-2.jpg',0,'1672438898RYKHR136-2.jpg',137,'App\\Models\\Product','2022-12-30 20:21:38','2022-12-30 20:21:38'),(860,'/uploads/product/137/1672438899RYKHR136-3.jpg',0,'1672438899RYKHR136-3.jpg',137,'App\\Models\\Product','2022-12-30 20:21:39','2022-12-30 20:21:39'),(861,'/uploads/product/137/1672438899RYKHR136-4.jpg',0,'1672438899RYKHR136-4.jpg',137,'App\\Models\\Product','2022-12-30 20:21:39','2022-12-30 20:21:39'),(862,'/uploads/product/136/1672438933names-new_0003_إسْمَك-هُنــَــا-copy-3.jpg',3,'1672438933names-new_0003_إسْمَك-هُنــَــا-copy-3.jpg',136,'App\\Models\\Product','2022-12-30 20:22:13','2022-12-30 20:22:13'),(863,'/uploads/product/138/1672439296RYKHR135-1.jpg',0,'1672439296RYKHR135-1.jpg',138,'App\\Models\\Product','2022-12-30 20:28:16','2022-12-30 20:28:16'),(864,'/uploads/product/138/1672439298RYKHR135-2.jpg',0,'1672439298RYKHR135-2.jpg',138,'App\\Models\\Product','2022-12-30 20:28:18','2022-12-30 20:28:18'),(865,'/uploads/product/138/1672439299RYKHR135-3.jpg',0,'1672439299RYKHR135-3.jpg',138,'App\\Models\\Product','2022-12-30 20:28:19','2022-12-30 20:28:19'),(866,'/uploads/product/139/1672439627RYKHR134-1.jpg',0,'1672439627RYKHR134-1.jpg',139,'App\\Models\\Product','2022-12-30 20:33:47','2022-12-30 20:33:47'),(867,'/uploads/product/139/1672439627RYKHR134-2.jpg',0,'1672439627RYKHR134-2.jpg',139,'App\\Models\\Product','2022-12-30 20:33:47','2022-12-30 20:33:47'),(868,'/uploads/product/139/1672439628RYKHR134-3.jpg',0,'1672439628RYKHR134-3.jpg',139,'App\\Models\\Product','2022-12-30 20:33:48','2022-12-30 20:33:48'),(869,'/uploads/product/140/16724401161-kuwait-fils-gold.jpg',1,'16724401161-kuwait-fils-gold.jpg',140,'App\\Models\\Product','2022-12-30 20:41:56','2022-12-30 20:41:56'),(870,'/uploads/product/140/1672440117ksa-gold.jpg',1,'1672440117ksa-gold.jpg',140,'App\\Models\\Product','2022-12-30 20:41:57','2022-12-30 20:41:57'),(871,'/uploads/product/140/1672440117names-new_0005_Vector-Smart-Object.jpg',1,'1672440117names-new_0005_Vector-Smart-Object.jpg',140,'App\\Models\\Product','2022-12-30 20:41:57','2022-12-30 20:41:57'),(872,'/uploads/product/140/1672440118names-new_0007_Vector-Smart-Object.jpg',1,'1672440118names-new_0007_Vector-Smart-Object.jpg',140,'App\\Models\\Product','2022-12-30 20:41:58','2022-12-30 20:41:58'),(873,'/uploads/product/140/1672440118names-new_0011_Vector-Smart-Object.jpg',1,'1672440118names-new_0011_Vector-Smart-Object.jpg',140,'App\\Models\\Product','2022-12-30 20:41:58','2022-12-30 20:41:58'),(874,'/uploads/product/140/1672440118names-new_0013_Vector-Smart-Object.jpg',1,'1672440118names-new_0013_Vector-Smart-Object.jpg',140,'App\\Models\\Product','2022-12-30 20:41:58','2022-12-30 20:41:58'),(875,'/uploads/product/140/1672440119names-new_0015_Vector-Smart-Object.jpg',1,'1672440119names-new_0015_Vector-Smart-Object.jpg',140,'App\\Models\\Product','2022-12-30 20:41:59','2022-12-30 20:41:59'),(876,'/uploads/product/140/1672440123names-new_0003_إسْمَك-هُنــَــا-copy-3.jpg',3,'1672440123names-new_0003_إسْمَك-هُنــَــا-copy-3.jpg',140,'App\\Models\\Product','2022-12-30 20:42:03','2022-12-30 20:42:03'),(877,'/uploads/product/140/1672440275RYKHR132-1.jpg',0,'1672440275RYKHR132-1.jpg',140,'App\\Models\\Product','2022-12-30 20:44:35','2022-12-30 20:44:35'),(878,'/uploads/product/140/1672440275RYKHR132-2.jpg',0,'1672440275RYKHR132-2.jpg',140,'App\\Models\\Product','2022-12-30 20:44:35','2022-12-30 20:44:35'),(879,'/uploads/product/140/1672440276RYKHR132-3.jpg',0,'1672440276RYKHR132-3.jpg',140,'App\\Models\\Product','2022-12-30 20:44:36','2022-12-30 20:44:36'),(880,'/uploads/product/141/1672440548RYKHR130-1.jpg',0,'1672440548RYKHR130-1.jpg',141,'App\\Models\\Product','2022-12-30 20:49:08','2022-12-30 20:49:08'),(881,'/uploads/product/141/1672440548RYKHR130-2.jpg',0,'1672440548RYKHR130-2.jpg',141,'App\\Models\\Product','2022-12-30 20:49:08','2022-12-30 20:49:08'),(882,'/uploads/product/141/1672440549RYKHR130-3.jpg',0,'1672440549RYKHR130-3.jpg',141,'App\\Models\\Product','2022-12-30 20:49:09','2022-12-30 20:49:09'),(883,'/uploads/product/142/1672440789RYKHR128-1.jpg',0,'1672440789RYKHR128-1.jpg',142,'App\\Models\\Product','2022-12-30 20:53:09','2022-12-30 20:53:09'),(884,'/uploads/product/142/1672440789RYKHR128-2.jpg',0,'1672440789RYKHR128-2.jpg',142,'App\\Models\\Product','2022-12-30 20:53:09','2022-12-30 20:53:09'),(885,'/uploads/product/142/1672440790RYKHR128-3.jpg',0,'1672440790RYKHR128-3.jpg',142,'App\\Models\\Product','2022-12-30 20:53:10','2022-12-30 20:53:10'),(886,'/uploads/product/143/1672441125RYKHR127-1.jpg',0,'1672441125RYKHR127-1.jpg',143,'App\\Models\\Product','2022-12-30 20:58:45','2022-12-30 20:58:45'),(887,'/uploads/product/143/1672441125RYKHR127-2.jpg',0,'1672441125RYKHR127-2.jpg',143,'App\\Models\\Product','2022-12-30 20:58:45','2022-12-30 20:58:45'),(888,'/uploads/product/143/1672441125RYKHR127-3.jpg',0,'1672441125RYKHR127-3.jpg',143,'App\\Models\\Product','2022-12-30 20:58:45','2022-12-30 20:58:45'),(889,'/uploads/product/144/1672441341RYKHR126-1.jpg',0,'1672441341RYKHR126-1.jpg',144,'App\\Models\\Product','2022-12-30 21:02:21','2022-12-30 21:02:21'),(890,'/uploads/product/144/1672441342RYKHR126-2.jpg',0,'1672441342RYKHR126-2.jpg',144,'App\\Models\\Product','2022-12-30 21:02:22','2022-12-30 21:02:22'),(891,'/uploads/product/144/1672441342RYKHR126-3.jpg',0,'1672441342RYKHR126-3.jpg',144,'App\\Models\\Product','2022-12-30 21:02:22','2022-12-30 21:02:22'),(892,'/uploads/product/145/1672441605RYKHR125-1.jpg',0,'1672441605RYKHR125-1.jpg',145,'App\\Models\\Product','2022-12-30 21:06:45','2022-12-30 21:06:45'),(893,'/uploads/product/145/1672441606RYKHR125-2.jpg',0,'1672441606RYKHR125-2.jpg',145,'App\\Models\\Product','2022-12-30 21:06:46','2022-12-30 21:06:46'),(894,'/uploads/product/145/1672441606RYKHR125-3.jpg',0,'1672441606RYKHR125-3.jpg',145,'App\\Models\\Product','2022-12-30 21:06:46','2022-12-30 21:06:46'),(895,'/uploads/product/146/1672606743RYKHU73-1.jpg',0,'1672606743RYKHU73-1.jpg',146,'App\\Models\\Product','2023-01-01 18:59:03','2023-01-01 18:59:03'),(896,'/uploads/product/146/1672606744RYKHU73-2.jpg',0,'1672606744RYKHU73-2.jpg',146,'App\\Models\\Product','2023-01-01 18:59:04','2023-01-01 18:59:04'),(897,'/uploads/product/146/1672606744RYKHU73-3.jpg',0,'1672606744RYKHU73-3.jpg',146,'App\\Models\\Product','2023-01-01 18:59:04','2023-01-01 18:59:04'),(898,'/uploads/product/146/1672606745RYKHU73-4.jpg',0,'1672606745RYKHU73-4.jpg',146,'App\\Models\\Product','2023-01-01 18:59:05','2023-01-01 18:59:05'),(899,'/uploads/product/147/1672607147g.aamateurs-gold.jpg',1,'1672607147g.aamateurs-gold.jpg',147,'App\\Models\\Product','2023-01-01 19:05:47','2023-01-01 19:05:47'),(900,'/uploads/product/147/1672607147ksa-gold.jpg',1,'1672607147ksa-gold.jpg',147,'App\\Models\\Product','2023-01-01 19:05:47','2023-01-01 19:05:47'),(901,'/uploads/product/147/1672607148names-new_0005_Vector-Smart-Object.jpg',1,'1672607148names-new_0005_Vector-Smart-Object.jpg',147,'App\\Models\\Product','2023-01-01 19:05:48','2023-01-01 19:05:48'),(902,'/uploads/product/147/1672607148names-new_0007_Vector-Smart-Object.jpg',1,'1672607148names-new_0007_Vector-Smart-Object.jpg',147,'App\\Models\\Product','2023-01-01 19:05:48','2023-01-01 19:05:48'),(903,'/uploads/product/147/1672607149names-new_0011_Vector-Smart-Object.jpg',1,'1672607149names-new_0011_Vector-Smart-Object.jpg',147,'App\\Models\\Product','2023-01-01 19:05:49','2023-01-01 19:05:49'),(904,'/uploads/product/147/1672607149names-new_0013_Vector-Smart-Object.jpg',1,'1672607149names-new_0013_Vector-Smart-Object.jpg',147,'App\\Models\\Product','2023-01-01 19:05:49','2023-01-01 19:05:49'),(905,'/uploads/product/147/1672607149names-new_0015_Vector-Smart-Object.jpg',1,'1672607149names-new_0015_Vector-Smart-Object.jpg',147,'App\\Models\\Product','2023-01-01 19:05:49','2023-01-01 19:05:49'),(906,'/uploads/product/147/1672607153names-new_0003_إسْمَك-هُنــَــا-copy-3.jpg',3,'1672607153names-new_0003_إسْمَك-هُنــَــا-copy-3.jpg',147,'App\\Models\\Product','2023-01-01 19:05:53','2023-01-01 19:05:53'),(907,'/uploads/product/147/1672607157names-new_0001_إسْمَك-هُنــَــا-copy.jpg',3,'1672607157names-new_0001_إسْمَك-هُنــَــا-copy.jpg',147,'App\\Models\\Product','2023-01-01 19:05:57','2023-01-01 19:05:57'),(908,'/uploads/product/147/1672607237RYKHU72-1.jpg',0,'1672607237RYKHU72-1.jpg',147,'App\\Models\\Product','2023-01-01 19:07:17','2023-01-01 19:07:17'),(909,'/uploads/product/147/1672607237RYKHU72-2.jpg',0,'1672607237RYKHU72-2.jpg',147,'App\\Models\\Product','2023-01-01 19:07:17','2023-01-01 19:07:17'),(910,'/uploads/product/147/1672607238RYKHU72-3.jpg',0,'1672607238RYKHU72-3.jpg',147,'App\\Models\\Product','2023-01-01 19:07:18','2023-01-01 19:07:18'),(911,'/uploads/product/149/1672608281RYKHU67-1.jpg',0,'1672608281RYKHU67-1.jpg',149,'App\\Models\\Product','2023-01-01 19:24:41','2023-01-01 19:24:41'),(912,'/uploads/product/149/1672608281RYKHU67-2.jpg',0,'1672608281RYKHU67-2.jpg',149,'App\\Models\\Product','2023-01-01 19:24:41','2023-01-01 19:24:41'),(913,'/uploads/product/149/1672608282RYKHU67-3.jpg',0,'1672608282RYKHU67-3.jpg',149,'App\\Models\\Product','2023-01-01 19:24:42','2023-01-01 19:24:42'),(914,'/uploads/product/150/1672608615RYKHU66-1.jpg',0,'1672608615RYKHU66-1.jpg',150,'App\\Models\\Product','2023-01-01 19:30:15','2023-01-01 19:30:15'),(915,'/uploads/product/150/1672608615RYKHU66-2.jpg',0,'1672608615RYKHU66-2.jpg',150,'App\\Models\\Product','2023-01-01 19:30:15','2023-01-01 19:30:15'),(916,'/uploads/product/150/1672608616RYKHU66-3.jpg',0,'1672608616RYKHU66-3.jpg',150,'App\\Models\\Product','2023-01-01 19:30:16','2023-01-01 19:30:16'),(917,'/uploads/product/51/16726976556.png',1,'16726976556.png',51,'App\\Models\\Product','2023-01-02 20:14:15','2023-01-02 20:14:15'),(918,'/uploads/product/151/1673036958ryod28-1.jpg',0,'1673036958ryod28-1.jpg',151,'App\\Models\\Product','2023-01-06 18:29:18','2023-01-06 18:29:18'),(919,'/uploads/product/151/1673036958ryod28-2.jpg',0,'1673036958ryod28-2.jpg',151,'App\\Models\\Product','2023-01-06 18:29:18','2023-01-06 18:29:18'),(920,'/uploads/product/151/1673036959ryod28-3.jpg',0,'1673036959ryod28-3.jpg',151,'App\\Models\\Product','2023-01-06 18:29:19','2023-01-06 18:29:19'),(921,'/uploads/product/152/1673037295ryod27-1.jpg',0,'1673037295ryod27-1.jpg',152,'App\\Models\\Product','2023-01-06 18:34:55','2023-01-06 18:34:55'),(922,'/uploads/product/152/1673037295ryod27-2.jpg',0,'1673037295ryod27-2.jpg',152,'App\\Models\\Product','2023-01-06 18:34:55','2023-01-06 18:34:55'),(923,'/uploads/product/152/1673037296ryod27-3.jpg',0,'1673037296ryod27-3.jpg',152,'App\\Models\\Product','2023-01-06 18:34:56','2023-01-06 18:34:56'),(924,'/uploads/product/153/1673037610ryod26-1.jpg',0,'1673037610ryod26-1.jpg',153,'App\\Models\\Product','2023-01-06 18:40:10','2023-01-06 18:40:10'),(925,'/uploads/product/153/1673037610ryod26-2.jpg',0,'1673037610ryod26-2.jpg',153,'App\\Models\\Product','2023-01-06 18:40:10','2023-01-06 18:40:10'),(926,'/uploads/product/153/1673037611ryod26-3.jpg',0,'1673037611ryod26-3.jpg',153,'App\\Models\\Product','2023-01-06 18:40:11','2023-01-06 18:40:11'),(927,'/uploads/product/154/1673038211ryod24-1.jpg',0,'1673038211ryod24-1.jpg',154,'App\\Models\\Product','2023-01-06 18:50:11','2023-01-06 18:50:11'),(928,'/uploads/product/154/1673038212ryod24-2.jpg',0,'1673038212ryod24-2.jpg',154,'App\\Models\\Product','2023-01-06 18:50:12','2023-01-06 18:50:12'),(929,'/uploads/product/154/1673038212ryod24-3.jpg',0,'1673038212ryod24-3.jpg',154,'App\\Models\\Product','2023-01-06 18:50:12','2023-01-06 18:50:12'),(930,'/uploads/product/155/1673038716ryod23-1.jpg',0,'1673038716ryod23-1.jpg',155,'App\\Models\\Product','2023-01-06 18:58:36','2023-01-06 18:58:36'),(931,'/uploads/product/155/1673038717ryod23-2.jpg',0,'1673038717ryod23-2.jpg',155,'App\\Models\\Product','2023-01-06 18:58:37','2023-01-06 18:58:37'),(932,'/uploads/product/155/1673038717ryod23-3.jpg',0,'1673038717ryod23-3.jpg',155,'App\\Models\\Product','2023-01-06 18:58:37','2023-01-06 18:58:37'),(933,'/uploads/product/154/1673038767ksa-gold.jpg',1,'1673038767ksa-gold.jpg',154,'App\\Models\\Product','2023-01-06 18:59:27','2023-01-06 18:59:27'),(934,'/uploads/product/154/1673038767names-new_0005_Vector-Smart-Object.jpg',1,'1673038767names-new_0005_Vector-Smart-Object.jpg',154,'App\\Models\\Product','2023-01-06 18:59:27','2023-01-06 18:59:27'),(935,'/uploads/product/154/1673038768names-new_0007_Vector-Smart-Object.jpg',1,'1673038768names-new_0007_Vector-Smart-Object.jpg',154,'App\\Models\\Product','2023-01-06 18:59:28','2023-01-06 18:59:28'),(936,'/uploads/product/154/1673038768names-new_0011_Vector-Smart-Object.jpg',1,'1673038768names-new_0011_Vector-Smart-Object.jpg',154,'App\\Models\\Product','2023-01-06 18:59:28','2023-01-06 18:59:28'),(937,'/uploads/product/154/1673038769names-new_0013_Vector-Smart-Object.jpg',1,'1673038769names-new_0013_Vector-Smart-Object.jpg',154,'App\\Models\\Product','2023-01-06 18:59:29','2023-01-06 18:59:29'),(938,'/uploads/product/154/1673038769names-new_0015_Vector-Smart-Object.jpg',1,'1673038769names-new_0015_Vector-Smart-Object.jpg',154,'App\\Models\\Product','2023-01-06 18:59:29','2023-01-06 18:59:29'),(939,'/uploads/product/154/1673038769names-new_0003_إسْمَك-هُنــَــا-copy-3.jpg',3,'1673038769names-new_0003_إسْمَك-هُنــَــا-copy-3.jpg',154,'App\\Models\\Product','2023-01-06 18:59:29','2023-01-06 18:59:29'),(940,'/uploads/product/155/1673038798ksa-gold.jpg',1,'1673038798ksa-gold.jpg',155,'App\\Models\\Product','2023-01-06 18:59:58','2023-01-06 18:59:58'),(941,'/uploads/product/155/1673038798names-new_0005_Vector-Smart-Object.jpg',1,'1673038798names-new_0005_Vector-Smart-Object.jpg',155,'App\\Models\\Product','2023-01-06 18:59:58','2023-01-06 18:59:58'),(942,'/uploads/product/155/1673038799names-new_0007_Vector-Smart-Object.jpg',1,'1673038799names-new_0007_Vector-Smart-Object.jpg',155,'App\\Models\\Product','2023-01-06 18:59:59','2023-01-06 18:59:59'),(943,'/uploads/product/155/1673038799names-new_0011_Vector-Smart-Object.jpg',1,'1673038799names-new_0011_Vector-Smart-Object.jpg',155,'App\\Models\\Product','2023-01-06 18:59:59','2023-01-06 18:59:59'),(944,'/uploads/product/155/1673038799names-new_0013_Vector-Smart-Object.jpg',1,'1673038799names-new_0013_Vector-Smart-Object.jpg',155,'App\\Models\\Product','2023-01-06 18:59:59','2023-01-06 18:59:59'),(945,'/uploads/product/155/1673038800names-new_0015_Vector-Smart-Object.jpg',1,'1673038800names-new_0015_Vector-Smart-Object.jpg',155,'App\\Models\\Product','2023-01-06 19:00:00','2023-01-06 19:00:00'),(946,'/uploads/product/155/1673038802names-new_0003_إسْمَك-هُنــَــا-copy-3.jpg',3,'1673038802names-new_0003_إسْمَك-هُنــَــا-copy-3.jpg',155,'App\\Models\\Product','2023-01-06 19:00:02','2023-01-06 19:00:02'),(947,'/uploads/product/155/1673218087g.aamateurs-gold.jpg',1,'1673218087g.aamateurs-gold.jpg',155,'App\\Models\\Product','2023-01-08 20:48:07','2023-01-08 20:48:07'),(948,'/uploads/product/154/1673218102g.aamateurs-gold.jpg',1,'1673218102g.aamateurs-gold.jpg',154,'App\\Models\\Product','2023-01-08 20:48:22','2023-01-08 20:48:22'),(949,'/uploads/product/156/16732182831-kuwait-fils-gold.jpg',1,'16732182831-kuwait-fils-gold.jpg',156,'App\\Models\\Product','2023-01-08 20:51:23','2023-01-08 20:51:23'),(950,'/uploads/product/156/1673218284g.aamateurs-gold.jpg',1,'1673218284g.aamateurs-gold.jpg',156,'App\\Models\\Product','2023-01-08 20:51:24','2023-01-08 20:51:24'),(951,'/uploads/product/156/1673218284ksa-gold.jpg',1,'1673218284ksa-gold.jpg',156,'App\\Models\\Product','2023-01-08 20:51:24','2023-01-08 20:51:24'),(952,'/uploads/product/156/1673218284names-new_0005_Vector-Smart-Object.jpg',1,'1673218284names-new_0005_Vector-Smart-Object.jpg',156,'App\\Models\\Product','2023-01-08 20:51:24','2023-01-08 20:51:24'),(953,'/uploads/product/156/1673218285names-new_0007_Vector-Smart-Object.jpg',1,'1673218285names-new_0007_Vector-Smart-Object.jpg',156,'App\\Models\\Product','2023-01-08 20:51:25','2023-01-08 20:51:25'),(954,'/uploads/product/156/1673218285names-new_0011_Vector-Smart-Object.jpg',1,'1673218285names-new_0011_Vector-Smart-Object.jpg',156,'App\\Models\\Product','2023-01-08 20:51:25','2023-01-08 20:51:25'),(955,'/uploads/product/156/1673218285names-new_0013_Vector-Smart-Object.jpg',1,'1673218285names-new_0013_Vector-Smart-Object.jpg',156,'App\\Models\\Product','2023-01-08 20:51:25','2023-01-08 20:51:25'),(956,'/uploads/product/156/1673218286names-new_0015_Vector-Smart-Object.jpg',1,'1673218286names-new_0015_Vector-Smart-Object.jpg',156,'App\\Models\\Product','2023-01-08 20:51:26','2023-01-08 20:51:26'),(957,'/uploads/product/156/1673218292names-new_0003_إسْمَك-هُنــَــا-copy-3.jpg',3,'1673218292names-new_0003_إسْمَك-هُنــَــا-copy-3.jpg',156,'App\\Models\\Product','2023-01-08 20:51:32','2023-01-08 20:51:32'),(958,'/uploads/product/156/1673218354ryod22-1.jpg',0,'1673218354ryod22-1.jpg',156,'App\\Models\\Product','2023-01-08 20:52:34','2023-01-08 20:52:34'),(959,'/uploads/product/156/1673218354ryod22-2.jpg',0,'1673218354ryod22-2.jpg',156,'App\\Models\\Product','2023-01-08 20:52:34','2023-01-08 20:52:34'),(960,'/uploads/product/156/1673218355ryod22-3.jpg',0,'1673218355ryod22-3.jpg',156,'App\\Models\\Product','2023-01-08 20:52:35','2023-01-08 20:52:35'),(961,'/uploads/product/157/1673218601names-new5.jpg',3,'1673218601names-new5.jpg',157,'App\\Models\\Product','2023-01-08 20:56:41','2023-01-08 20:56:41'),(962,'/uploads/product/157/1673218674ryod20-1.jpg',0,'1673218674ryod20-1.jpg',157,'App\\Models\\Product','2023-01-08 20:57:54','2023-01-08 20:57:54'),(963,'/uploads/product/157/1673218675ryod20-2.jpg',0,'1673218675ryod20-2.jpg',157,'App\\Models\\Product','2023-01-08 20:57:55','2023-01-08 20:57:55'),(964,'/uploads/product/158/1673218871names-new5.jpg',1,'1673218871names-new5.jpg',158,'App\\Models\\Product','2023-01-08 21:01:11','2023-01-08 21:01:11'),(965,'/uploads/product/158/1673218876names-new5.jpg',3,'1673218876names-new5.jpg',158,'App\\Models\\Product','2023-01-08 21:01:16','2023-01-08 21:01:16'),(966,'/uploads/product/158/1673218960ryod19-1.jpg',0,'1673218960ryod19-1.jpg',158,'App\\Models\\Product','2023-01-08 21:02:40','2023-01-08 21:02:40'),(967,'/uploads/product/158/1673218961ryod19-2.jpg',0,'1673218961ryod19-2.jpg',158,'App\\Models\\Product','2023-01-08 21:02:41','2023-01-08 21:02:41'),(968,'/uploads/product/159/1673219485ryod18-1.jpg',0,'1673219485ryod18-1.jpg',159,'App\\Models\\Product','2023-01-08 21:11:25','2023-01-08 21:11:25'),(969,'/uploads/product/159/1673219485ryod18-2.jpg',0,'1673219485ryod18-2.jpg',159,'App\\Models\\Product','2023-01-08 21:11:25','2023-01-08 21:11:25'),(970,'/uploads/product/159/1673219488ryod18-3.jpg',0,'1673219488ryod18-3.jpg',159,'App\\Models\\Product','2023-01-08 21:11:28','2023-01-08 21:11:28'),(971,'/uploads/product/160/1673732536bahs.jpg',1,'1673732536bahs.jpg',160,'App\\Models\\Product','2023-01-14 19:42:16','2023-01-14 19:42:16'),(972,'/uploads/product/160/1673732536ksas.jpg',1,'1673732536ksas.jpg',160,'App\\Models\\Product','2023-01-14 19:42:16','2023-01-14 19:42:16'),(973,'/uploads/product/160/1673732537kuwaits.jpg',1,'1673732537kuwaits.jpg',160,'App\\Models\\Product','2023-01-14 19:42:17','2023-01-14 19:42:17'),(974,'/uploads/product/160/1673732537qatars.jpg',1,'1673732537qatars.jpg',160,'App\\Models\\Product','2023-01-14 19:42:17','2023-01-14 19:42:17'),(975,'/uploads/product/160/1673732538uaes.jpg',1,'1673732538uaes.jpg',160,'App\\Models\\Product','2023-01-14 19:42:18','2023-01-14 19:42:18'),(976,'/uploads/product/160/1673732545g.aamateurs-silver.jpg',1,'1673732545g.aamateurs-silver.jpg',160,'App\\Models\\Product','2023-01-14 19:42:25','2023-01-14 19:42:25'),(977,'/uploads/product/160/1673732552names-new_0000_إسْمَك-هُنــَــا.jpg',3,'1673732552names-new_0000_إسْمَك-هُنــَــا.jpg',160,'App\\Models\\Product','2023-01-14 19:42:32','2023-01-14 19:42:32'),(978,'/uploads/product/160/1673732597RYBT589-1.jpg',0,'1673732597RYBT589-1.jpg',160,'App\\Models\\Product','2023-01-14 19:43:17','2023-01-14 19:43:17'),(979,'/uploads/product/160/1673732597RYBT589-2.jpg',0,'1673732597RYBT589-2.jpg',160,'App\\Models\\Product','2023-01-14 19:43:17','2023-01-14 19:43:17'),(980,'/uploads/product/160/1673732598RYBT589-3.jpg',0,'1673732598RYBT589-3.jpg',160,'App\\Models\\Product','2023-01-14 19:43:18','2023-01-14 19:43:18'),(981,'/uploads/product/162/1673732722bahs.jpg',1,'1673732722bahs.jpg',162,'App\\Models\\Product','2023-01-14 19:45:22','2023-01-14 19:45:22'),(982,'/uploads/product/162/1673732723ksas.jpg',1,'1673732723ksas.jpg',162,'App\\Models\\Product','2023-01-14 19:45:23','2023-01-14 19:45:23'),(983,'/uploads/product/162/1673732724kuwaits.jpg',1,'1673732724kuwaits.jpg',162,'App\\Models\\Product','2023-01-14 19:45:24','2023-01-14 19:45:24'),(984,'/uploads/product/162/1673732724qatars.jpg',1,'1673732724qatars.jpg',162,'App\\Models\\Product','2023-01-14 19:45:24','2023-01-14 19:45:24'),(985,'/uploads/product/162/1673732724uaes.jpg',1,'1673732724uaes.jpg',162,'App\\Models\\Product','2023-01-14 19:45:24','2023-01-14 19:45:24'),(986,'/uploads/product/162/1673732764g.aamateurs-silver.jpg',1,'1673732764g.aamateurs-silver.jpg',162,'App\\Models\\Product','2023-01-14 19:46:04','2023-01-14 19:46:04'),(987,'/uploads/product/162/1673732764names-new_0004_Vector-Smart-Object.jpg',1,'1673732764names-new_0004_Vector-Smart-Object.jpg',162,'App\\Models\\Product','2023-01-14 19:46:04','2023-01-14 19:46:04'),(988,'/uploads/product/162/1673732770names-new_0000_إسْمَك-هُنــَــا.jpg',3,'1673732770names-new_0000_إسْمَك-هُنــَــا.jpg',162,'App\\Models\\Product','2023-01-14 19:46:10','2023-01-14 19:46:10'),(989,'/uploads/product/162/1673732827RYBT589-1.jpg',0,'1673732827RYBT589-1.jpg',162,'App\\Models\\Product','2023-01-14 19:47:07','2023-01-14 19:47:07'),(990,'/uploads/product/162/1673732827RYBT589-2.jpg',0,'1673732827RYBT589-2.jpg',162,'App\\Models\\Product','2023-01-14 19:47:07','2023-01-14 19:47:07'),(991,'/uploads/product/162/1673732827RYBT589-3.jpg',0,'1673732827RYBT589-3.jpg',162,'App\\Models\\Product','2023-01-14 19:47:07','2023-01-14 19:47:07'),(992,'/uploads/product/163/1673733189g.aamateurs-gold.jpg',1,'1673733189g.aamateurs-gold.jpg',163,'App\\Models\\Product','2023-01-14 19:53:09','2023-01-14 19:53:09'),(993,'/uploads/product/163/1673733190ksa-gold.jpg',1,'1673733190ksa-gold.jpg',163,'App\\Models\\Product','2023-01-14 19:53:10','2023-01-14 19:53:10'),(994,'/uploads/product/163/1673733190names-new_0005_Vector-Smart-Object.jpg',1,'1673733190names-new_0005_Vector-Smart-Object.jpg',163,'App\\Models\\Product','2023-01-14 19:53:10','2023-01-14 19:53:10'),(995,'/uploads/product/163/1673733191names-new_0007_Vector-Smart-Object.jpg',1,'1673733191names-new_0007_Vector-Smart-Object.jpg',163,'App\\Models\\Product','2023-01-14 19:53:11','2023-01-14 19:53:11'),(996,'/uploads/product/163/1673733191names-new_0011_Vector-Smart-Object.jpg',1,'1673733191names-new_0011_Vector-Smart-Object.jpg',163,'App\\Models\\Product','2023-01-14 19:53:11','2023-01-14 19:53:11'),(997,'/uploads/product/163/1673733191names-new_0013_Vector-Smart-Object.jpg',1,'1673733191names-new_0013_Vector-Smart-Object.jpg',163,'App\\Models\\Product','2023-01-14 19:53:11','2023-01-14 19:53:11'),(998,'/uploads/product/163/1673733192names-new_0015_Vector-Smart-Object.jpg',1,'1673733192names-new_0015_Vector-Smart-Object.jpg',163,'App\\Models\\Product','2023-01-14 19:53:12','2023-01-14 19:53:12'),(999,'/uploads/product/163/1673733197names-new_0001_إسْمَك-هُنــَــا-copy.jpg',3,'1673733197names-new_0001_إسْمَك-هُنــَــا-copy.jpg',163,'App\\Models\\Product','2023-01-14 19:53:17','2023-01-14 19:53:17'),(1000,'/uploads/product/163/1673733259RYBT588-1.jpg',0,'1673733259RYBT588-1.jpg',163,'App\\Models\\Product','2023-01-14 19:54:19','2023-01-14 19:54:19'),(1001,'/uploads/product/163/1673733259RYBT588-2.jpg',0,'1673733259RYBT588-2.jpg',163,'App\\Models\\Product','2023-01-14 19:54:19','2023-01-14 19:54:19'),(1002,'/uploads/product/163/1673733260RYBT588-3.jpg',0,'1673733260RYBT588-3.jpg',163,'App\\Models\\Product','2023-01-14 19:54:20','2023-01-14 19:54:20'),(1003,'/uploads/product/164/1673733522g.aamateurs-silver.jpg',1,'1673733522g.aamateurs-silver.jpg',164,'App\\Models\\Product','2023-01-14 19:58:42','2023-01-14 19:58:42'),(1004,'/uploads/product/164/1673733522names-new_0004_Vector-Smart-Object.jpg',1,'1673733522names-new_0004_Vector-Smart-Object.jpg',164,'App\\Models\\Product','2023-01-14 19:58:42','2023-01-14 19:58:42'),(1005,'/uploads/product/164/1673733523names-new_0006_Vector-Smart-Object.jpg',1,'1673733523names-new_0006_Vector-Smart-Object.jpg',164,'App\\Models\\Product','2023-01-14 19:58:43','2023-01-14 19:58:43'),(1006,'/uploads/product/164/1673733523names-new_0008_Vector-Smart-Object.jpg',1,'1673733523names-new_0008_Vector-Smart-Object.jpg',164,'App\\Models\\Product','2023-01-14 19:58:43','2023-01-14 19:58:43'),(1007,'/uploads/product/164/1673733523names-new_0010_Vector-Smart-Object.jpg',1,'1673733523names-new_0010_Vector-Smart-Object.jpg',164,'App\\Models\\Product','2023-01-14 19:58:43','2023-01-14 19:58:43'),(1008,'/uploads/product/164/1673733524names-new_0012_Vector-Smart-Object.jpg',1,'1673733524names-new_0012_Vector-Smart-Object.jpg',164,'App\\Models\\Product','2023-01-14 19:58:44','2023-01-14 19:58:44'),(1009,'/uploads/product/164/1673733524names-new_0014_Vector-Smart-Object.jpg',1,'1673733524names-new_0014_Vector-Smart-Object.jpg',164,'App\\Models\\Product','2023-01-14 19:58:44','2023-01-14 19:58:44'),(1010,'/uploads/product/164/1673733527names-new_0000_إسْمَك-هُنــَــا.jpg',3,'1673733527names-new_0000_إسْمَك-هُنــَــا.jpg',164,'App\\Models\\Product','2023-01-14 19:58:47','2023-01-14 19:58:47'),(1011,'/uploads/product/164/1673733598RYBT585-1.jpg',0,'1673733598RYBT585-1.jpg',164,'App\\Models\\Product','2023-01-14 19:59:58','2023-01-14 19:59:58'),(1012,'/uploads/product/164/1673733598RYBT585-2.jpg',0,'1673733598RYBT585-2.jpg',164,'App\\Models\\Product','2023-01-14 19:59:58','2023-01-14 19:59:58'),(1013,'/uploads/product/164/1673733599RYBT585-3.jpg',0,'1673733599RYBT585-3.jpg',164,'App\\Models\\Product','2023-01-14 19:59:59','2023-01-14 19:59:59'),(1014,'/uploads/product/165/1673733833g.aamateurs-gold.jpg',1,'1673733833g.aamateurs-gold.jpg',165,'App\\Models\\Product','2023-01-14 20:03:53','2023-01-14 20:03:53'),(1015,'/uploads/product/165/1673733833kuwait-5fils-gold2.jpg',1,'1673733833kuwait-5fils-gold2.jpg',165,'App\\Models\\Product','2023-01-14 20:03:53','2023-01-14 20:03:53'),(1016,'/uploads/product/165/1673733834names-new_0005_Vector-Smart-Object.jpg',1,'1673733834names-new_0005_Vector-Smart-Object.jpg',165,'App\\Models\\Product','2023-01-14 20:03:54','2023-01-14 20:03:54'),(1017,'/uploads/product/165/1673733834names-new_0007_Vector-Smart-Object.jpg',1,'1673733834names-new_0007_Vector-Smart-Object.jpg',165,'App\\Models\\Product','2023-01-14 20:03:54','2023-01-14 20:03:54'),(1018,'/uploads/product/165/1673733834names-new_0009_Vector-Smart-Object.jpg',1,'1673733834names-new_0009_Vector-Smart-Object.jpg',165,'App\\Models\\Product','2023-01-14 20:03:54','2023-01-14 20:03:54'),(1019,'/uploads/product/165/1673733835names-new_0011_Vector-Smart-Object.jpg',1,'1673733835names-new_0011_Vector-Smart-Object.jpg',165,'App\\Models\\Product','2023-01-14 20:03:55','2023-01-14 20:03:55'),(1020,'/uploads/product/165/1673733835names-new_0013_Vector-Smart-Object.jpg',1,'1673733835names-new_0013_Vector-Smart-Object.jpg',165,'App\\Models\\Product','2023-01-14 20:03:55','2023-01-14 20:03:55'),(1021,'/uploads/product/165/1673733836names-new_0015_Vector-Smart-Object.jpg',1,'1673733836names-new_0015_Vector-Smart-Object.jpg',165,'App\\Models\\Product','2023-01-14 20:03:56','2023-01-14 20:03:56'),(1022,'/uploads/product/165/1673733838names-new_0001_إسْمَك-هُنــَــا-copy.jpg',3,'1673733838names-new_0001_إسْمَك-هُنــَــا-copy.jpg',165,'App\\Models\\Product','2023-01-14 20:03:58','2023-01-14 20:03:58'),(1023,'/uploads/product/165/1673733897RYBT584-1.jpg',0,'1673733897RYBT584-1.jpg',165,'App\\Models\\Product','2023-01-14 20:04:57','2023-01-14 20:04:57'),(1024,'/uploads/product/165/1673733898RYBT584-2.jpg',0,'1673733898RYBT584-2.jpg',165,'App\\Models\\Product','2023-01-14 20:04:58','2023-01-14 20:04:58'),(1025,'/uploads/product/165/1673733898RYBT584-3.jpg',0,'1673733898RYBT584-3.jpg',165,'App\\Models\\Product','2023-01-14 20:04:58','2023-01-14 20:04:58'),(1026,'/uploads/product/166/1673734134g.aamateurs-silver.jpg',1,'1673734134g.aamateurs-silver.jpg',166,'App\\Models\\Product','2023-01-14 20:08:54','2023-01-14 20:08:54'),(1027,'/uploads/product/166/1673734134ksa-silver.jpg',1,'1673734134ksa-silver.jpg',166,'App\\Models\\Product','2023-01-14 20:08:54','2023-01-14 20:08:54'),(1028,'/uploads/product/166/1673734135names-new_0004_Vector-Smart-Object.jpg',1,'1673734135names-new_0004_Vector-Smart-Object.jpg',166,'App\\Models\\Product','2023-01-14 20:08:55','2023-01-14 20:08:55'),(1029,'/uploads/product/166/1673734135names-new_0006_Vector-Smart-Object.jpg',1,'1673734135names-new_0006_Vector-Smart-Object.jpg',166,'App\\Models\\Product','2023-01-14 20:08:55','2023-01-14 20:08:55'),(1030,'/uploads/product/166/1673734136names-new_0010_Vector-Smart-Object.jpg',1,'1673734136names-new_0010_Vector-Smart-Object.jpg',166,'App\\Models\\Product','2023-01-14 20:08:56','2023-01-14 20:08:56'),(1031,'/uploads/product/166/1673734136names-new_0000_إسْمَك-هُنــَــا.jpg',3,'1673734136names-new_0000_إسْمَك-هُنــَــا.jpg',166,'App\\Models\\Product','2023-01-14 20:08:56','2023-01-14 20:08:56'),(1032,'/uploads/product/166/1673734136names-new_0012_Vector-Smart-Object.jpg',1,'1673734136names-new_0012_Vector-Smart-Object.jpg',166,'App\\Models\\Product','2023-01-14 20:08:56','2023-01-14 20:08:56'),(1033,'/uploads/product/166/1673734137names-new_0014_Vector-Smart-Object.jpg',1,'1673734137names-new_0014_Vector-Smart-Object.jpg',166,'App\\Models\\Product','2023-01-14 20:08:57','2023-01-14 20:08:57'),(1034,'/uploads/product/166/1673734195RYBT583-1.jpg',0,'1673734195RYBT583-1.jpg',166,'App\\Models\\Product','2023-01-14 20:09:55','2023-01-14 20:09:55'),(1035,'/uploads/product/166/1673734195RYBT583-2.jpg',0,'1673734195RYBT583-2.jpg',166,'App\\Models\\Product','2023-01-14 20:09:55','2023-01-14 20:09:55'),(1036,'/uploads/product/166/1673734196RYBT583-3.jpg',0,'1673734196RYBT583-3.jpg',166,'App\\Models\\Product','2023-01-14 20:09:56','2023-01-14 20:09:56'),(1037,'/uploads/product/167/1673822813bahs.jpg',1,'1673822813bahs.jpg',167,'App\\Models\\Product','2023-01-15 20:46:53','2023-01-15 20:46:53'),(1038,'/uploads/product/167/1673822813ksas.jpg',1,'1673822813ksas.jpg',167,'App\\Models\\Product','2023-01-15 20:46:53','2023-01-15 20:46:53'),(1039,'/uploads/product/167/1673822814kuwaits.jpg',1,'1673822814kuwaits.jpg',167,'App\\Models\\Product','2023-01-15 20:46:54','2023-01-15 20:46:54'),(1040,'/uploads/product/167/1673822814qatars.jpg',1,'1673822814qatars.jpg',167,'App\\Models\\Product','2023-01-15 20:46:54','2023-01-15 20:46:54'),(1041,'/uploads/product/167/1673822815uaes.jpg',1,'1673822815uaes.jpg',167,'App\\Models\\Product','2023-01-15 20:46:55','2023-01-15 20:46:55'),(1042,'/uploads/product/167/1673822817g.aamateurs-silver.jpg',1,'1673822817g.aamateurs-silver.jpg',167,'App\\Models\\Product','2023-01-15 20:46:57','2023-01-15 20:46:57'),(1043,'/uploads/product/167/1673822830names-new_0000_إسْمَك-هُنــَــا.jpg',3,'1673822830names-new_0000_إسْمَك-هُنــَــا.jpg',167,'App\\Models\\Product','2023-01-15 20:47:10','2023-01-15 20:47:10'),(1044,'/uploads/product/167/1673822906RYBT581-1.jpg',0,'1673822906RYBT581-1.jpg',167,'App\\Models\\Product','2023-01-15 20:48:26','2023-01-15 20:48:26'),(1045,'/uploads/product/167/1673822907RYBT581-2.jpg',0,'1673822907RYBT581-2.jpg',167,'App\\Models\\Product','2023-01-15 20:48:27','2023-01-15 20:48:27'),(1046,'/uploads/product/167/1673822908RYBT581-3.jpg',0,'1673822908RYBT581-3.jpg',167,'App\\Models\\Product','2023-01-15 20:48:28','2023-01-15 20:48:28'),(1047,'/uploads/product/168/1673823150g.aamateurs-silver.jpg',1,'1673823150g.aamateurs-silver.jpg',168,'App\\Models\\Product','2023-01-15 20:52:30','2023-01-15 20:52:30'),(1048,'/uploads/product/168/1673823150ksa-silver.jpg',1,'1673823150ksa-silver.jpg',168,'App\\Models\\Product','2023-01-15 20:52:30','2023-01-15 20:52:30'),(1049,'/uploads/product/168/1673823151names-new_0004_Vector-Smart-Object.jpg',1,'1673823151names-new_0004_Vector-Smart-Object.jpg',168,'App\\Models\\Product','2023-01-15 20:52:31','2023-01-15 20:52:31'),(1050,'/uploads/product/168/1673823151names-new_0006_Vector-Smart-Object.jpg',1,'1673823151names-new_0006_Vector-Smart-Object.jpg',168,'App\\Models\\Product','2023-01-15 20:52:31','2023-01-15 20:52:31'),(1051,'/uploads/product/168/1673823151names-new_0010_Vector-Smart-Object.jpg',1,'1673823151names-new_0010_Vector-Smart-Object.jpg',168,'App\\Models\\Product','2023-01-15 20:52:31','2023-01-15 20:52:31'),(1052,'/uploads/product/168/1673823152names-new_0012_Vector-Smart-Object.jpg',1,'1673823152names-new_0012_Vector-Smart-Object.jpg',168,'App\\Models\\Product','2023-01-15 20:52:32','2023-01-15 20:52:32'),(1053,'/uploads/product/168/1673823152names-new_0014_Vector-Smart-Object.jpg',1,'1673823152names-new_0014_Vector-Smart-Object.jpg',168,'App\\Models\\Product','2023-01-15 20:52:32','2023-01-15 20:52:32'),(1054,'/uploads/product/168/1673823154names-new_0000_إسْمَك-هُنــَــا.jpg',3,'1673823154names-new_0000_إسْمَك-هُنــَــا.jpg',168,'App\\Models\\Product','2023-01-15 20:52:34','2023-01-15 20:52:34'),(1055,'/uploads/product/168/1673823234RYBT580-1.jpg',0,'1673823234RYBT580-1.jpg',168,'App\\Models\\Product','2023-01-15 20:53:54','2023-01-15 20:53:54'),(1056,'/uploads/product/168/1673823234RYBT580-2.jpg',0,'1673823234RYBT580-2.jpg',168,'App\\Models\\Product','2023-01-15 20:53:54','2023-01-15 20:53:54'),(1057,'/uploads/product/168/1673823235RYBT580-3.jpg',0,'1673823235RYBT580-3.jpg',168,'App\\Models\\Product','2023-01-15 20:53:55','2023-01-15 20:53:55'),(1058,'/uploads/product/169/1673823405bahs.jpg',1,'1673823405bahs.jpg',169,'App\\Models\\Product','2023-01-15 20:56:45','2023-01-15 20:56:45'),(1059,'/uploads/product/169/1673823405ksas.jpg',1,'1673823405ksas.jpg',169,'App\\Models\\Product','2023-01-15 20:56:45','2023-01-15 20:56:45'),(1060,'/uploads/product/169/1673823406kuwaits.jpg',1,'1673823406kuwaits.jpg',169,'App\\Models\\Product','2023-01-15 20:56:46','2023-01-15 20:56:46'),(1061,'/uploads/product/169/1673823406polices.jpg',1,'1673823406polices.jpg',169,'App\\Models\\Product','2023-01-15 20:56:46','2023-01-15 20:56:46'),(1062,'/uploads/product/169/1673823407qatars.jpg',1,'1673823407qatars.jpg',169,'App\\Models\\Product','2023-01-15 20:56:47','2023-01-15 20:56:47'),(1063,'/uploads/product/169/1673823407uaes.jpg',1,'1673823407uaes.jpg',169,'App\\Models\\Product','2023-01-15 20:56:47','2023-01-15 20:56:47'),(1064,'/uploads/product/169/1673823410g.aamateurs-silver.jpg',1,'1673823410g.aamateurs-silver.jpg',169,'App\\Models\\Product','2023-01-15 20:56:50','2023-01-15 20:56:50'),(1065,'/uploads/product/169/1673823410names-new_0004_Vector-Smart-Object.jpg',1,'1673823410names-new_0004_Vector-Smart-Object.jpg',169,'App\\Models\\Product','2023-01-15 20:56:50','2023-01-15 20:56:50'),(1066,'/uploads/product/169/1673823416names-new_0000_إسْمَك-هُنــَــا.jpg',3,'1673823416names-new_0000_إسْمَك-هُنــَــا.jpg',169,'App\\Models\\Product','2023-01-15 20:56:56','2023-01-15 20:56:56'),(1067,'/uploads/product/169/1673823479RYBT579-1.jpg',0,'1673823479RYBT579-1.jpg',169,'App\\Models\\Product','2023-01-15 20:57:59','2023-01-15 20:57:59'),(1068,'/uploads/product/169/1673823479RYBT579-2.jpg',0,'1673823479RYBT579-2.jpg',169,'App\\Models\\Product','2023-01-15 20:57:59','2023-01-15 20:57:59'),(1069,'/uploads/product/169/1673823479RYBT579-3.jpg',0,'1673823479RYBT579-3.jpg',169,'App\\Models\\Product','2023-01-15 20:57:59','2023-01-15 20:57:59'),(1070,'/uploads/product/167/1673823497names-new_0004_Vector-Smart-Object.jpg',1,'1673823497names-new_0004_Vector-Smart-Object.jpg',167,'App\\Models\\Product','2023-01-15 20:58:17','2023-01-15 20:58:17'),(1071,'/uploads/product/170/1673823884bahg.jpg',1,'1673823884bahg.jpg',170,'App\\Models\\Product','2023-01-15 21:04:44','2023-01-15 21:04:44'),(1072,'/uploads/product/170/1673823885ksag.jpg',1,'1673823885ksag.jpg',170,'App\\Models\\Product','2023-01-15 21:04:45','2023-01-15 21:04:45'),(1073,'/uploads/product/170/1673823886kuwaitg.jpg',1,'1673823886kuwaitg.jpg',170,'App\\Models\\Product','2023-01-15 21:04:46','2023-01-15 21:04:46'),(1074,'/uploads/product/170/1673823886qatarg.jpg',1,'1673823886qatarg.jpg',170,'App\\Models\\Product','2023-01-15 21:04:46','2023-01-15 21:04:46'),(1075,'/uploads/product/170/1673823887uaeg.jpg',1,'1673823887uaeg.jpg',170,'App\\Models\\Product','2023-01-15 21:04:47','2023-01-15 21:04:47'),(1076,'/uploads/product/170/1673823891g.aamateurs-gold.jpg',1,'1673823891g.aamateurs-gold.jpg',170,'App\\Models\\Product','2023-01-15 21:04:51','2023-01-15 21:04:51'),(1077,'/uploads/product/170/1673823891names-new_0005_Vector-Smart-Object.jpg',1,'1673823891names-new_0005_Vector-Smart-Object.jpg',170,'App\\Models\\Product','2023-01-15 21:04:51','2023-01-15 21:04:51'),(1080,'/uploads/product/170/1673823979RYMT441-1w.jpg',0,'1673823979RYMT441-1w.jpg',170,'App\\Models\\Product','2023-01-15 21:06:19','2023-01-15 21:06:19'),(1081,'/uploads/product/170/1673823979RYMT441-2.jpg',0,'1673823979RYMT441-2.jpg',170,'App\\Models\\Product','2023-01-15 21:06:19','2023-01-15 21:06:19'),(1082,'/uploads/product/170/1673823980RYMT441-3.jpg',0,'1673823980RYMT441-3.jpg',170,'App\\Models\\Product','2023-01-15 21:06:20','2023-01-15 21:06:20'),(1083,'/uploads/product/170/1673824023names-new_0001_إسْمَك-هُنــَــا-copy.jpg',3,'1673824023names-new_0001_إسْمَك-هُنــَــا-copy.jpg',170,'App\\Models\\Product','2023-01-15 21:07:03','2023-01-15 21:07:03'),(1084,'/uploads/product/171/1673824379bahg.jpg',1,'1673824379bahg.jpg',171,'App\\Models\\Product','2023-01-15 21:12:59','2023-01-15 21:12:59'),(1085,'/uploads/product/171/1673824379ksag.jpg',1,'1673824379ksag.jpg',171,'App\\Models\\Product','2023-01-15 21:12:59','2023-01-15 21:12:59'),(1086,'/uploads/product/171/1673824379kuwaitg.jpg',1,'1673824379kuwaitg.jpg',171,'App\\Models\\Product','2023-01-15 21:12:59','2023-01-15 21:12:59'),(1087,'/uploads/product/171/1673824380qatarg.jpg',1,'1673824380qatarg.jpg',171,'App\\Models\\Product','2023-01-15 21:13:00','2023-01-15 21:13:00'),(1088,'/uploads/product/171/1673824380uaeg.jpg',1,'1673824380uaeg.jpg',171,'App\\Models\\Product','2023-01-15 21:13:00','2023-01-15 21:13:00'),(1089,'/uploads/product/171/1673824385g.aamateurs-gold.jpg',1,'1673824385g.aamateurs-gold.jpg',171,'App\\Models\\Product','2023-01-15 21:13:05','2023-01-15 21:13:05'),(1090,'/uploads/product/171/1673824385names-new_0005_Vector-Smart-Object.jpg',1,'1673824385names-new_0005_Vector-Smart-Object.jpg',171,'App\\Models\\Product','2023-01-15 21:13:05','2023-01-15 21:13:05'),(1091,'/uploads/product/171/1673824394names-new_0003_إسْمَك-هُنــَــا-copy-3.jpg',3,'1673824394names-new_0003_إسْمَك-هُنــَــا-copy-3.jpg',171,'App\\Models\\Product','2023-01-15 21:13:14','2023-01-15 21:13:14'),(1092,'/uploads/product/171/1673824451RYMT440-1w.jpg',0,'1673824451RYMT440-1w.jpg',171,'App\\Models\\Product','2023-01-15 21:14:11','2023-01-15 21:14:11'),(1093,'/uploads/product/171/1673824451RYMT440-2.jpg',0,'1673824451RYMT440-2.jpg',171,'App\\Models\\Product','2023-01-15 21:14:11','2023-01-15 21:14:11'),(1094,'/uploads/product/171/1673824451RYMT440-3.jpg',0,'1673824451RYMT440-3.jpg',171,'App\\Models\\Product','2023-01-15 21:14:11','2023-01-15 21:14:11');

--
-- Table structure for table `free_lancer_products`
--

CREATE TABLE `free_lancer_products` (
  `id` int unsigned NOT NULL AUTO_INCREMENT,
  `product_id` int unsigned DEFAULT NULL,
  `user_id` int unsigned DEFAULT NULL,
  `status` int NOT NULL DEFAULT '0',
  `image` varchar(191) CHARACTER SET utf8mb4 COLLATE utf8mb4_unicode_ci DEFAULT NULL,
  `created_at` timestamp NULL DEFAULT NULL,
  `updated_at` timestamp NULL DEFAULT NULL,
  `note` text CHARACTER SET utf8mb4 COLLATE utf8mb4_unicode_ci,
  `user_created` int DEFAULT NULL,
  PRIMARY KEY (`id`),
  KEY `free_lancer_products_product_id_foreign` (`product_id`),
  KEY `free_lancer_products_user_id_foreign` (`user_id`)
) ENGINE=InnoDB DEFAULT CHARSET=utf8mb4 COLLATE=utf8mb4_unicode_ci;

--
-- Dumping data for table `free_lancer_products`
--


--
-- Table structure for table `freelancer_messages`
--

CREATE TABLE `freelancer_messages` (
  `id` int unsigned NOT NULL AUTO_INCREMENT,
  `product_id` int unsigned DEFAULT NULL,
  `from` int unsigned DEFAULT NULL,
  `to` int unsigned DEFAULT NULL,
  `message` text CHARACTER SET utf8mb4 COLLATE utf8mb4_unicode_ci,
  `created_at` timestamp NULL DEFAULT NULL,
  `updated_at` timestamp NULL DEFAULT NULL,
  `userChat` int DEFAULT NULL,
  PRIMARY KEY (`id`),
  KEY `freelancer_messages_product_id_foreign` (`product_id`),
  KEY `freelancer_messages_from_foreign` (`from`),
  KEY `freelancer_messages_to_foreign` (`to`)
) ENGINE=InnoDB DEFAULT CHARSET=utf8mb4 COLLATE=utf8mb4_unicode_ci;

--
-- Dumping data for table `freelancer_messages`
--


--
-- Table structure for table `government_translations`
--

CREATE TABLE `government_translations` (
  `id` int unsigned NOT NULL AUTO_INCREMENT,
  `government_id` int unsigned NOT NULL,
  `name` varchar(191) CHARACTER SET utf8mb4 COLLATE utf8mb4_unicode_ci NOT NULL,
  `locale` varchar(191) CHARACTER SET utf8mb4 COLLATE utf8mb4_unicode_ci NOT NULL,
  `created_at` timestamp NULL DEFAULT NULL,
  `updated_at` timestamp NULL DEFAULT NULL,
  PRIMARY KEY (`id`),
  UNIQUE KEY `government_translations_government_id_locale_unique` (`government_id`,`locale`),
  KEY `government_translations_locale_index` (`locale`)
) ENGINE=InnoDB AUTO_INCREMENT=27 DEFAULT CHARSET=utf8mb4 COLLATE=utf8mb4_unicode_ci;

--
-- Dumping data for table `government_translations`
--

INSERT INTO `government_translations` (`id`, `government_id`, `name`, `locale`, `created_at`, `updated_at`) VALUES (1,1,'العاصمة','ar',NULL,NULL),(2,1,'asema','en',NULL,NULL),(3,2,'حولي','ar',NULL,NULL),(4,2,'Hawally','en',NULL,NULL),(5,3,'مبارك الكبير','ar',NULL,NULL),(6,3,'Mubark El kbeer','en',NULL,NULL),(7,4,'الفروانية','ar',NULL,NULL),(8,4,'Al- farwaniyah','en',NULL,NULL),(9,5,'الجهراء','ar',NULL,NULL),(10,5,'Al-jahra\'a','en',NULL,NULL),(11,6,'الأحمدي','ar',NULL,NULL),(12,6,'Al-ahmady','en',NULL,NULL),(15,8,'العاصمة','ar',NULL,NULL),(16,8,'Capital Governorate','en',NULL,NULL),(17,9,'الأحمدي','ar',NULL,NULL),(18,9,'Ahmadi Governorate','en',NULL,NULL),(19,10,'الفروانية','ar',NULL,NULL),(20,10,'Farwaniya Governorate','en',NULL,NULL),(21,11,'الجهراء','ar',NULL,NULL),(22,11,'Jahra Governorate','en',NULL,NULL),(23,12,'حولي','ar',NULL,NULL),(24,12,'Hawalli Governorate','en',NULL,NULL),(25,13,'مبارك الكبير','ar',NULL,NULL),(26,13,'Mubarak Al-Kabeer Governorate','en',NULL,NULL);

--
-- Table structure for table `governments`
--

CREATE TABLE `governments` (
  `id` int unsigned NOT NULL AUTO_INCREMENT,
  `address_address` varchar(191) CHARACTER SET utf8mb4 COLLATE utf8mb4_unicode_ci NOT NULL,
  `address_latitude` double NOT NULL,
  `address_longitude` double NOT NULL,
  `created_at` timestamp NULL DEFAULT NULL,
  `updated_at` timestamp NULL DEFAULT NULL,
  `country_id` int unsigned DEFAULT NULL,
  PRIMARY KEY (`id`),
  KEY `country_id` (`country_id`)
) ENGINE=InnoDB AUTO_INCREMENT=7 DEFAULT CHARSET=utf8mb4 COLLATE=utf8mb4_unicode_ci;

--
-- Dumping data for table `governments`
--

INSERT INTO `governments` (`id`, `address_address`, `address_latitude`, `address_longitude`, `created_at`, `updated_at`, `country_id`) VALUES (1,'مدينة الكويت، العاصمة، Kuwait',29.375859,47.9774052,'2020-07-29 17:06:54','2020-07-29 17:06:54',1),(2,'حولي، Kuwait',29.33778819999999,48.0234708,'2020-07-29 17:07:15','2020-07-29 17:07:15',1),(3,'1',0,0,'2020-07-29 22:23:45','2020-07-29 22:23:45',1),(4,'2',0,0,'2020-07-29 22:25:17','2020-07-29 22:25:17',1),(5,'4',0,0,'2020-07-29 22:25:45','2020-07-29 22:25:45',1),(6,'5',0,0,'2020-07-29 22:26:13','2020-07-29 22:26:13',1);

--
-- Table structure for table `inventories`
--

CREATE TABLE `inventories` (
  `id` int unsigned NOT NULL AUTO_INCREMENT,
  `product_id` int unsigned NOT NULL,
  `inventroy` int NOT NULL DEFAULT '1',
  `section` varchar(191) CHARACTER SET utf8mb4 COLLATE utf8mb4_unicode_ci NOT NULL,
  `raf` int NOT NULL,
  `product_sale` double(8,2) NOT NULL,
  `quantity` int NOT NULL,
  `created_at` timestamp NULL DEFAULT NULL,
  `updated_at` timestamp NULL DEFAULT NULL,
  PRIMARY KEY (`id`),
  KEY `inventories_product_id_foreign` (`product_id`)
) ENGINE=InnoDB DEFAULT CHARSET=utf8mb4 COLLATE=utf8mb4_unicode_ci;

--
-- Dumping data for table `inventories`
--


--
-- Table structure for table `jobs`
--

CREATE TABLE `jobs` (
  `id` bigint unsigned NOT NULL AUTO_INCREMENT,
  `queue` varchar(191) CHARACTER SET utf8mb4 COLLATE utf8mb4_unicode_ci NOT NULL,
  `payload` longtext CHARACTER SET utf8mb4 COLLATE utf8mb4_unicode_ci NOT NULL,
  `attempts` tinyint unsigned NOT NULL,
  `reserved_at` int unsigned DEFAULT NULL,
  `available_at` int unsigned NOT NULL,
  `created_at` int unsigned NOT NULL,
  PRIMARY KEY (`id`),
  KEY `jobs_queue_index` (`queue`)
) ENGINE=InnoDB DEFAULT CHARSET=utf8mb4 COLLATE=utf8mb4_unicode_ci;

--
-- Dumping data for table `jobs`
--


--
-- Table structure for table `landing_board_translations`
--

CREATE TABLE `landing_board_translations` (
  `id` int unsigned NOT NULL AUTO_INCREMENT,
  `landing_board_id` int unsigned NOT NULL,
  `locale` varchar(191) CHARACTER SET utf8mb4 COLLATE utf8mb4_unicode_ci NOT NULL,
  `title` varchar(191) CHARACTER SET utf8mb4 COLLATE utf8mb4_unicode_ci NOT NULL,
  `content` text CHARACTER SET utf8mb4 COLLATE utf8mb4_unicode_ci NOT NULL,
  `created_at` timestamp NULL DEFAULT NULL,
  `updated_at` timestamp NULL DEFAULT NULL,
  PRIMARY KEY (`id`),
  UNIQUE KEY `landing_board_translations_landing_board_id_locale_unique` (`landing_board_id`,`locale`),
  CONSTRAINT `landing_board_translations_ibfk_1` FOREIGN KEY (`landing_board_id`) REFERENCES `landing_boards` (`id`) ON DELETE CASCADE ON UPDATE CASCADE
) ENGINE=InnoDB AUTO_INCREMENT=3 DEFAULT CHARSET=utf8mb4 COLLATE=utf8mb4_unicode_ci;

--
-- Dumping data for table `landing_board_translations`
--

INSERT INTO `landing_board_translations` (`id`, `landing_board_id`, `locale`, `title`, `content`, `created_at`, `updated_at`) VALUES (1,1,'ar','SAD','ASDASD',NULL,NULL),(2,1,'en','ASDASD','ASDdsf',NULL,NULL);

--
-- Table structure for table `landing_boards`
--

CREATE TABLE `landing_boards` (
  `id` int unsigned NOT NULL AUTO_INCREMENT,
  `image` varchar(191) CHARACTER SET utf8mb4 COLLATE utf8mb4_unicode_ci DEFAULT NULL,
  `created_at` timestamp NULL DEFAULT NULL,
  `updated_at` timestamp NULL DEFAULT NULL,
  PRIMARY KEY (`id`)
) ENGINE=InnoDB AUTO_INCREMENT=2 DEFAULT CHARSET=utf8mb4 COLLATE=utf8mb4_unicode_ci;

--
-- Dumping data for table `landing_boards`
--

INSERT INTO `landing_boards` (`id`, `image`, `created_at`, `updated_at`) VALUES (1,'m28uxQRcPWsbxiNmGUm8ExAMWNcd3qFyFxx1XpCl.jpg','2022-04-25 11:37:11','2022-04-25 11:37:11');

--
-- Table structure for table `languages`
--

CREATE TABLE `languages` (
  `id` int unsigned NOT NULL AUTO_INCREMENT,
  `name` varchar(191) CHARACTER SET utf8mb4 COLLATE utf8mb4_unicode_ci DEFAULT NULL,
  `lang_name` varchar(191) CHARACTER SET utf8mb4 COLLATE utf8mb4_unicode_ci DEFAULT NULL,
  `code` varchar(191) CHARACTER SET utf8mb4 COLLATE utf8mb4_unicode_ci NOT NULL,
  `created_at` timestamp NULL DEFAULT NULL,
  `updated_at` timestamp NULL DEFAULT NULL,
  PRIMARY KEY (`id`)
) ENGINE=InnoDB DEFAULT CHARSET=utf8mb4 COLLATE=utf8mb4_unicode_ci;

--
-- Dumping data for table `languages`
--


--
-- Table structure for table `membership_translations`
--

CREATE TABLE `membership_translations` (
  `id` int unsigned NOT NULL AUTO_INCREMENT,
  `membership_id` int unsigned NOT NULL,
  `name` varchar(191) CHARACTER SET utf8mb4 COLLATE utf8mb4_unicode_ci NOT NULL,
  `descrption` text CHARACTER SET utf8mb4 COLLATE utf8mb4_unicode_ci NOT NULL,
  `locale` varchar(191) CHARACTER SET utf8mb4 COLLATE utf8mb4_unicode_ci NOT NULL,
  `created_at` timestamp NULL DEFAULT NULL,
  `updated_at` timestamp NULL DEFAULT NULL,
  PRIMARY KEY (`id`),
  UNIQUE KEY `membership_translations_membership_id_locale_unique` (`membership_id`,`locale`),
  KEY `membership_translations_locale_index` (`locale`)
) ENGINE=InnoDB AUTO_INCREMENT=9 DEFAULT CHARSET=utf8mb4 COLLATE=utf8mb4_unicode_ci;

--
-- Dumping data for table `membership_translations`
--

INSERT INTO `membership_translations` (`id`, `membership_id`, `name`, `descrption`, `locale`, `created_at`, `updated_at`) VALUES (1,1,'الباقه الفضية','الباقه الفضية\r\n<div id=\"gtx-trans\" style=\"position: absolute; left: 1173px; top: 38.5px;\">\r\n<div class=\"gtx-trans-icon\">&nbsp;</div>\r\n</div>','ar',NULL,NULL),(2,1,'الباقه الفضية','الباقه الفضية\r\n<div id=\"gtx-trans\" style=\"position: absolute; left: 1175px; top: -5.5px;\">\r\n<div class=\"gtx-trans-icon\">&nbsp;</div>\r\n</div>','en',NULL,NULL),(3,2,'الباقة الذهبية','الباقة الذهبية','ar',NULL,NULL),(4,2,'Gold','Gold','en',NULL,NULL),(5,3,'asdasdas','asdasdasd','ar',NULL,NULL),(6,3,'asdasdasdasda','asdsadsad','en',NULL,NULL),(7,4,'الباقه الماسية','الباقة الماسية','ar',NULL,NULL),(8,4,'Diamond','<h3 dir=\"RTL\">Diamond</h3>','en',NULL,NULL);

--
-- Table structure for table `memberships`
--

CREATE TABLE `memberships` (
  `id` int unsigned NOT NULL AUTO_INCREMENT,
  `price` double NOT NULL,
  `status` tinyint(1) NOT NULL,
  `image` varchar(191) CHARACTER SET utf8mb4 COLLATE utf8mb4_unicode_ci NOT NULL,
  `created_at` timestamp NULL DEFAULT NULL,
  `updated_at` timestamp NULL DEFAULT NULL,
  `productCount` int DEFAULT '0',
  `DateOfEnd` int DEFAULT NULL,
  `coupon` varchar(191) CHARACTER SET utf8mb4 COLLATE utf8mb4_unicode_ci DEFAULT NULL,
  PRIMARY KEY (`id`)
) ENGINE=InnoDB AUTO_INCREMENT=5 DEFAULT CHARSET=utf8mb4 COLLATE=utf8mb4_unicode_ci;

--
-- Dumping data for table `memberships`
--

INSERT INTO `memberships` (`id`, `price`, `status`, `image`, `created_at`, `updated_at`, `productCount`, `DateOfEnd`, `coupon`) VALUES (1,10,1,'2022-06-25-147-152050-silver-attracting-bubble-burst-gamestop-gimmicks_350x200.jpg','2020-07-29 17:20:56','2022-06-25 16:10:59',23,21,NULL),(2,21,1,'2022-06-23-Gold.jpg','2022-06-05 00:07:20','2022-06-23 20:06:10',0,NULL,NULL),(4,25,1,'2022-06-23-diamond.jpg','2022-06-05 22:57:19','2022-06-23 20:13:24',0,NULL,NULL);

--
-- Table structure for table `migrations`
--

CREATE TABLE `migrations` (
  `id` int unsigned NOT NULL AUTO_INCREMENT,
  `migration` varchar(191) CHARACTER SET utf8mb4 COLLATE utf8mb4_unicode_ci NOT NULL,
  `batch` int NOT NULL,
  PRIMARY KEY (`id`)
) ENGINE=InnoDB AUTO_INCREMENT=168 DEFAULT CHARSET=utf8mb4 COLLATE=utf8mb4_unicode_ci;

--
-- Dumping data for table `migrations`
--

INSERT INTO `migrations` (`id`, `migration`, `batch`) VALUES (1,'2014_10_12_000000_create_users_table',1),(2,'2014_10_12_100000_create_password_resets_table',1),(3,'2016_06_01_000001_create_oauth_auth_codes_table',1),(4,'2016_06_01_000002_create_oauth_access_tokens_table',1),(5,'2016_06_01_000003_create_oauth_refresh_tokens_table',1),(6,'2016_06_01_000004_create_oauth_clients_table',1),(7,'2016_06_01_000005_create_oauth_personal_access_clients_table',1),(8,'2019_08_19_000000_create_failed_jobs_table',1),(9,'2020_03_08_111938_laratrust_setup_tables',1),(10,'2020_03_10_102732_create_languages_table',1),(11,'2020_03_10_103127_create_categories_table',1),(12,'2020_03_10_125606_create_category_translations_table',1),(13,'2020_03_11_065638_create_pages_table',1),(14,'2020_03_11_072449_create_page_translations_table',1),(15,'2020_03_11_094425_create_settings_table',1),(16,'2020_03_11_103923_create_governments_table',1),(17,'2020_03_11_103936_create_government_translations_table',1),(18,'2020_03_13_121052_create_regions_table',1),(19,'2020_03_13_125303_create_region_translations_table',1),(20,'2020_03_14_092231_create_sliders_table',1),(21,'2020_03_14_092302_create_slider_translations_table',1),(22,'2020_03_15_085411_create_governmentandegion_table',1),(23,'2020_03_15_130615_create_memberships_table',1),(24,'2020_03_15_130625_create_membership_translations_table',1),(25,'2020_03_17_070632_create_memberships_forgintable',1),(26,'2020_03_22_140415_create_countries_table',1),(27,'2020_03_22_140430_create_country_translations_table',1),(28,'2020_03_23_072439_create_county_id_to__government_table',1),(29,'2020_03_23_111230_create_shippingcompanies_table',1),(30,'2020_03_23_111723_create_shippingcompany_translations_table',1),(31,'2020_03_23_112535_create_shippingoptions_table',1),(32,'2020_03_25_095206_create_transaction_types_table',1),(33,'2020_03_25_095215_create_transaction_type_translations_table',1),(34,'2020_03_25_122853_create_arrivals_table',1),(35,'2020_03_29_044042_create_shippingtypes_table',1),(36,'2020_03_29_044648_create_shipping_type_translations_table',1),(37,'2020_03_29_084457_create_offers_table',1),(38,'2020_03_29_084518_create_offer_translations_table',1),(39,'2020_03_30_084000_create_tagers_table',1),(40,'2020_03_31_122222_create_companies_table',1),(41,'2020_03_31_122237_create_company_translations_table',1),(42,'2020_03_31_123025_create_company_categories_table',1),(43,'2020_04_01_073624_create_brands_table',1),(44,'2020_04_01_073643_create_brand_translations_table',1),(45,'2020_04_01_095412_create_colors_table',1),(46,'2020_04_01_095518_create_color_translations_table',1),(47,'2020_04_01_113617_create_sizes_table',1),(48,'2020_04_01_113632_create_size_translations_table',1),(49,'2020_04_02_093113_create_weights_table',1),(50,'2020_04_02_093133_create_weight_translations_table',1),(51,'2020_04_02_094102_create_products_table',1),(52,'2020_04_02_094117_create_product_translations_table',1),(53,'2020_04_04_075046_create_files_table',1),(54,'2020_04_05_064335_create_product_otherdatas_table',1),(55,'2020_04_05_071632_create_product_categories_table',1),(56,'2020_04_05_115443_create_related_products_table',1),(57,'2020_04_05_132318_create_product_colors_table',1),(58,'2020_04_07_064351_create_features_table',1),(59,'2020_04_07_064418_create_feature_translations_table',1),(60,'2020_04_07_064456_create_feature_options_table',1),(61,'2020_04_07_064513_create_feature_option_translations_table',1),(62,'2020_04_09_075814_create_product_sizes_table',1),(63,'2020_04_09_075832_create_product_size_translations_table',1),(64,'2020_04_09_113137_create_product_size_colors_table',1),(65,'2020_04_13_115655_create_content_sections_table',1),(66,'2020_04_13_115733_create_content_section_translations_table',1),(67,'2020_04_13_134431_create_product_content_sections_table',1),(68,'2020_04_16_054642_added_price_to_arrivel',1),(69,'2020_04_16_065637_create_notifications_table',1),(70,'2020_04_18_055131_added_offer_to_content_sections',1),(71,'2020_04_19_095235_create_coupons_table',1),(72,'2020_04_22_110432_create_orders_table',1),(73,'2020_04_22_111135_added_company_id_to_arrivals',1),(74,'2020_04_22_125809_create_product_orders_table',1),(75,'2020_04_22_131128_create_order_statuses_table',1),(76,'2020_04_22_131147_create_order_status_translations_table',1),(77,'2020_04_22_165510_create_order_shipping_table',1),(78,'2020_04_27_114029_added_record_to_orders_table',1),(79,'2020_05_05_093704_adde_status_product_to_product_orders_table',1),(80,'2020_05_13_124042_added_lat_lang_to_order_shipping',1),(81,'2020_05_20_131626_create_user_credits_table',1),(82,'2020_05_28_101055_create_user_products_table',1),(83,'2020_06_09_105502_added_brands_compaany_table',1),(84,'2020_06_09_113018_added_page__type_table',1),(85,'2020_06_09_143203_added_page__type_content_section_table',1),(86,'2020_06_10_105921_added_company_id_coupons_table',1),(87,'2020_06_11_092509_added_comapny_id_brands',1),(88,'2020_06_11_140441_added_type_to_shipping_type_brands',1),(89,'2020_06_12_003742_create_order_product_features_table',1),(90,'2020_06_12_015116_added_product_table',1),(91,'2020_06_12_020507_added_product_feature_table',1),(92,'2020_06_14_194335_add_main_stock_to_products_table',1),(93,'2020_06_18_003351_create_order_coupons_table',1),(94,'2020_06_23_102201_added_other_supplier_product_orders_table',1),(95,'2020_06_24_140426_added_option_catregories_table',1),(96,'2020_06_25_115844_create_user_addresses_table',1),(97,'2020_06_25_151317_added_order_id_user_addresses_table',1),(98,'2020_06_27_100350_create_arrival_times_table',1),(99,'2020_06_27_170210_added__shipping_type_companies_table',1),(100,'2020_06_28_144644_added_shipping_type_id_to_arrival_table',1),(101,'2020_06_29_102803_added_arrival_data_time_to_order_table',1),(102,'2020_07_04_113549_added_checked_to_user_address_table',1),(103,'2020_07_05_134643_added_checked_to_users_table',1),(104,'2020_07_06_103616_create_ordercomments_table',1),(105,'2020_07_10_095913_create_company_brands_table',1),(106,'2020_07_18_091742_add_showimage_products_table',1),(107,'2020_07_19_121506_add_const_category_table',1),(108,'2020_07_27_162853_create_public_notifcations_table',1),(109,'2020_08_03_122032_added_category_table',1),(110,'2020_08_04_120546_added_place_in_banner',1),(111,'2020_08_07_142759_added_products_other_data_table',1),(113,'2020_08_10_102951_add_last_login_at_to_users_table',2),(114,'2020_08_11_150716_create_jobs_table',3),(115,'2020_08_31_115609_create_arrival_prices_table',4),(116,'2020_09_01_150844_create_models_tokens_table',5),(117,'2020_09_05_145142_create_search_keywords_table',6),(118,'2020_09_16_095457_added_slug_companies_table',7),(119,'2020_09_16_140725_create_order_free_products_table',7),(120,'2020_10_13_135331_create_famouse_discounts_table',8),(121,'2020_11_07_095749_create_product_companies_table',9),(122,'2020_11_16_174625_added_free_delivery_to_products',10),(123,'2020_11_30_115657_add_personal_percentage_coupons_table',11),(124,'2020_12_13_193134_added_web_to_categories',12),(125,'2020_12_29_173220_create_inventories_table',13),(126,'2020_12_31_170828_create_feature_inventories_table',14),(127,'2021_01_03_094634_added_deleted_at_order_table',15),(128,'2021_01_23_125506_create_coupone__related_table',16),(129,'2021_01_23_171243_added_coupons_table',16),(133,'2021_01_25_150619_added_web_content_section',17),(134,'2021_02_20_124619_create_order_activations_table',18),(135,'2021_03_07_212635_create_free_lancer_products_table',19),(136,'2021_03_14_104928_create_freelancer_messages_table',20),(137,'2021_03_23_145311_create_wallets_table',21),(138,'2021_03_25_130100_create_wallet_uses_table',21),(139,'2021_03_26_195537_create_user_wallet_histories_table',21),(140,'2021_04_02_183103_create_product_gifts_table',22),(141,'2021_04_02_225803_create_order_product_gifts_table',22),(142,'2021_04_25_132109_added_product_table_lences',23),(143,'2021_04_25_174032_create_refund_police_table',24),(144,'2021_05_02_171751_create_activity_log_table',25),(145,'2021_05_04_232600_added_civil_id_to_users_table',26),(146,'2021_05_05_012207_create_order_drivers_table',26),(147,'2021_06_22_000705_create_stories_table',27),(149,'2021_08_27_175242_added_data_t0_tagers_table',28),(150,'2021_08_27_180228_added_data_t0_users_table',28),(151,'2021_08_29_020620_added_user_id_to_arrival_prices_table',29),(158,'2021_09_30_012900_create_branches_table',30),(159,'2021_09_30_012942_create_branch_translations_table',30),(160,'2021_10_01_010329_create_times_table',31),(167,'2022_04_25_124003_create_landing_boards_table',32);

--
-- Table structure for table `notifications`
--

CREATE TABLE `notifications` (
  `id` char(36) CHARACTER SET utf8mb4 COLLATE utf8mb4_unicode_ci NOT NULL,
  `type` varchar(191) CHARACTER SET utf8mb4 COLLATE utf8mb4_unicode_ci NOT NULL,
  `notifiable_type` varchar(191) CHARACTER SET utf8mb4 COLLATE utf8mb4_unicode_ci NOT NULL,
  `notifiable_id` bigint unsigned NOT NULL,
  `data` text CHARACTER SET utf8mb4 COLLATE utf8mb4_unicode_ci NOT NULL,
  `read_at` timestamp NULL DEFAULT NULL,
  `created_at` timestamp NULL DEFAULT NULL,
  `updated_at` timestamp NULL DEFAULT NULL,
  PRIMARY KEY (`id`),
  KEY `notifications_notifiable_type_notifiable_id_index` (`notifiable_type`,`notifiable_id`)
) ENGINE=InnoDB DEFAULT CHARSET=utf8mb4 COLLATE=utf8mb4_unicode_ci;

--
-- Dumping data for table `notifications`
--

INSERT INTO `notifications` (`id`, `type`, `notifiable_type`, `notifiable_id`, `data`, `read_at`, `created_at`, `updated_at`) VALUES ('014d258a-2f18-4997-bb2a-0df7df39cfa7','App\\Http\\Notifications\\GeneralNotification','App\\User',5957,'{\"title\":\"OPingCoup\",\"body\":\"728146\",\"type\":\"discount\"}',NULL,'2022-03-16 07:37:45','2022-03-16 07:37:45'),('0948c2d8-83e5-4b98-8253-dae7cd6e567d','App\\Http\\Notifications\\GeneralNotification','App\\User',5960,'{\"title\":\"HelloNewYear\",\"body\":\"728146\",\"type\":\"discount\"}',NULL,'2022-03-16 07:36:25','2022-03-16 07:36:25'),('0b4d74aa-ddf2-42c3-a512-0f01cc8a5a8b','App\\Http\\Notifications\\GeneralNotification','App\\User',6007,'{\"title\":\"OPingCoup\",\"body\":\"728146\",\"type\":\"discount\"}',NULL,'2022-03-16 07:37:45','2022-03-16 07:37:45'),('0b80eba3-0e49-40bd-8a8a-3c4d92a30e47','App\\Http\\Notifications\\GeneralNotification','App\\User',5969,'{\"title\":\"OPingCoup\",\"body\":\"728146\",\"type\":\"discount\"}',NULL,'2022-03-16 07:37:45','2022-03-16 07:37:45'),('0c5a3850-7aa1-42b4-b14f-8386396eacb2','App\\Http\\Notifications\\GeneralNotification','App\\User',5957,'{\"title\":\"HelloNewYear\",\"body\":\"728146\",\"type\":\"discount\"}',NULL,'2022-03-16 07:36:25','2022-03-16 07:36:25'),('116fe220-0dd2-4949-9867-3901fb0a0fbc','App\\Http\\Notifications\\GeneralNotification','App\\User',5963,'{\"title\":\"OPingCoup\",\"body\":\"728146\",\"type\":\"discount\"}',NULL,'2022-03-16 07:37:45','2022-03-16 07:37:45'),('123aad6f-7751-469c-a15c-02eede6b5cf1','App\\Http\\Notifications\\GeneralNotification','App\\User',5978,'{\"title\":\"OPingCoup\",\"body\":\"728146\",\"type\":\"discount\"}',NULL,'2022-03-16 07:37:45','2022-03-16 07:37:45'),('1294b253-d13b-4893-a90e-916c4f3f08f9','App\\Http\\Notifications\\GeneralNotification','App\\User',5961,'{\"title\":\"OPingCoup\",\"body\":\"728146\",\"type\":\"discount\"}',NULL,'2022-03-16 07:37:45','2022-03-16 07:37:45'),('12fa603b-1154-4332-9a14-5f55e55f37ea','App\\Http\\Notifications\\GeneralNotification','App\\User',5959,'{\"title\":\"prom0\",\"body\":\"728146\",\"type\":\"discount\"}',NULL,'2022-03-13 20:33:38','2022-03-13 20:33:38'),('12fbc4af-17c5-40be-b9d3-2c9443fb2bfd','App\\Http\\Notifications\\GeneralNotification','App\\User',6013,'{\"title\":\"HelloNewYear\",\"body\":\"728146\",\"type\":\"discount\"}','2022-03-29 10:56:52','2022-03-16 07:36:25','2022-03-29 10:56:52'),('13df3a56-30c6-4ded-8c46-18f3b3a8cf62','App\\Http\\Notifications\\GeneralNotification','App\\User',5971,'{\"title\":\"OPingCoup\",\"body\":\"728146\",\"type\":\"discount\"}',NULL,'2022-03-16 07:37:45','2022-03-16 07:37:45'),('152a6320-43d1-4fd5-8ef2-1a2886e38aaf','App\\Http\\Notifications\\GeneralNotification','App\\User',5974,'{\"title\":\"OPingCoup\",\"body\":\"728146\",\"type\":\"discount\"}',NULL,'2022-03-16 07:37:45','2022-03-16 07:37:45'),('15b2c685-f4a3-44c5-b376-1e739b87ac9b','App\\Http\\Notifications\\GeneralNotification','App\\User',5960,'{\"title\":\"OPingCoup\",\"body\":\"728146\",\"type\":\"discount\"}',NULL,'2022-03-16 07:37:45','2022-03-16 07:37:45'),('16eceb1c-c6c3-4deb-94cd-f2bac7260539','App\\Http\\Notifications\\GeneralNotification','App\\User',6007,'{\"title\":\"HelloNewYear\",\"body\":\"728146\",\"type\":\"discount\"}',NULL,'2022-03-16 07:36:25','2022-03-16 07:36:25'),('1866f8d4-5ad5-4a5f-89ea-a10967199c34','App\\Http\\Notifications\\GeneralNotification','App\\User',5979,'{\"title\":\"HelloNewYear\",\"body\":\"728146\",\"type\":\"discount\"}',NULL,'2022-03-16 07:36:25','2022-03-16 07:36:25'),('1b48963e-0c7e-45e3-b4cd-bd5905b1e58c','App\\Http\\Notifications\\GeneralNotification','App\\User',6075,'{\"title\":\"asdwdewe\",\"body\":\"SADEWQ\",\"type\":\"discount\"}',NULL,'2022-06-05 22:43:48','2022-06-05 22:43:48'),('1bd96aed-5cff-4698-82cc-b8faee5bdaaa','App\\Http\\Notifications\\GeneralNotification','App\\User',6011,'{\"title\":\"OPingCoup\",\"body\":\"728146\",\"type\":\"discount\"}',NULL,'2022-03-16 07:37:45','2022-03-16 07:37:45'),('1e9e1e3b-f1bb-468e-93c0-9cbf631fcf5f','App\\Http\\Notifications\\GeneralNotification','App\\User',5964,'{\"title\":\"prom0\",\"body\":\"728146\",\"type\":\"discount\"}',NULL,'2022-03-13 20:33:38','2022-03-13 20:33:38'),('1f2142cb-ce2b-484d-8187-33380fc5477b','App\\Http\\Notifications\\GeneralNotification','App\\User',6076,'{\"title\":\"refused\",\"body\":\"refused\",\"type\":\"order_refused\"}',NULL,'2022-06-20 21:32:09','2022-06-20 21:32:09'),('22e2955d-2096-4fe7-b791-1d5bf2d9ab49','App\\Http\\Notifications\\GeneralNotification','App\\User',1,'{\"title\":\"OPingCoup\",\"body\":\"728146\",\"type\":\"discount\"}',NULL,'2022-03-16 07:37:45','2022-03-16 07:37:45'),('2d1d0734-544a-43f8-a432-2180ad5d7c4c','App\\Http\\Notifications\\GeneralNotification','App\\User',5973,'{\"title\":\"prom0\",\"body\":\"728146\",\"type\":\"discount\"}',NULL,'2022-03-13 20:33:38','2022-03-13 20:33:38'),('2e5a06b8-9042-40fa-909f-94c86d0f14f8','App\\Http\\Notifications\\GeneralNotification','App\\User',5970,'{\"title\":\"prom0\",\"body\":\"728146\",\"type\":\"discount\"}',NULL,'2022-03-13 20:33:38','2022-03-13 20:33:38'),('3099d997-7ed7-4659-8acc-d8f3fe665caa','App\\Http\\Notifications\\GeneralNotification','App\\User',6006,'{\"title\":\"HelloNewYear\",\"body\":\"728146\",\"type\":\"discount\"}',NULL,'2022-03-16 07:36:25','2022-03-16 07:36:25'),('317e463c-64ec-4544-9fd3-c0dec5add309','App\\Http\\Notifications\\GeneralNotification','App\\User',5976,'{\"title\":\"prom0\",\"body\":\"728146\",\"type\":\"discount\"}',NULL,'2022-03-13 20:33:38','2022-03-13 20:33:38'),('332e311b-c020-4ac0-9bb2-b0aae2d360e7','App\\Http\\Notifications\\GeneralNotification','App\\User',5976,'{\"title\":\"HelloNewYear\",\"body\":\"728146\",\"type\":\"discount\"}',NULL,'2022-03-16 07:36:25','2022-03-16 07:36:25'),('33f307a2-ae47-4c41-9148-41f42f6064bc','App\\Http\\Notifications\\GeneralNotification','App\\User',5965,'{\"title\":\"HelloNewYear\",\"body\":\"728146\",\"type\":\"discount\"}',NULL,'2022-03-16 07:36:25','2022-03-16 07:36:25'),('3539dd99-d7a0-49c3-b3e8-1c0fedeb6fd9','App\\Http\\Notifications\\GeneralNotification','App\\User',6012,'{\"title\":\"OPingCoup\",\"body\":\"728146\",\"type\":\"discount\"}',NULL,'2022-03-16 07:37:45','2022-03-16 07:37:45'),('36959758-ae96-48aa-9a2f-215ded61c28e','App\\Http\\Notifications\\GeneralNotification','App\\User',5958,'{\"title\":\"prom0\",\"body\":\"728146\",\"type\":\"discount\"}',NULL,'2022-03-13 20:33:38','2022-03-13 20:33:38'),('3a6b873f-e3a2-4c68-aa7f-13b754aadaaa','App\\Http\\Notifications\\GeneralNotification','App\\User',5980,'{\"title\":\"OPingCoup\",\"body\":\"728146\",\"type\":\"discount\"}',NULL,'2022-03-16 07:37:45','2022-03-16 07:37:45'),('3be9ba2e-1279-437e-863a-f318c7fd595f','App\\Http\\Notifications\\GeneralNotification','App\\User',6008,'{\"title\":\"OPingCoup\",\"body\":\"728146\",\"type\":\"discount\"}',NULL,'2022-03-16 07:37:45','2022-03-16 07:37:45'),('3eacf69e-f527-4733-a3f8-77311345c104','App\\Http\\Notifications\\GeneralNotification','App\\User',5978,'{\"title\":\"prom0\",\"body\":\"728146\",\"type\":\"discount\"}',NULL,'2022-03-13 20:33:38','2022-03-13 20:33:38'),('4062172d-1a90-4d6f-9bf4-a180b6273e89','App\\Http\\Notifications\\GeneralNotification','App\\User',6011,'{\"title\":\"HelloNewYear\",\"body\":\"728146\",\"type\":\"discount\"}',NULL,'2022-03-16 07:36:25','2022-03-16 07:36:25'),('42a4b5ae-0f63-4d47-9b85-fd8f3560e663','App\\Http\\Notifications\\GeneralNotification','App\\User',5981,'{\"title\":\"OPingCoup\",\"body\":\"728146\",\"type\":\"discount\"}',NULL,'2022-03-16 07:37:45','2022-03-16 07:37:45'),('42bd36b3-0032-4e01-8255-1ce55de39c39','App\\Http\\Notifications\\GeneralNotification','App\\User',5982,'{\"title\":\"prom0\",\"body\":\"728146\",\"type\":\"discount\"}',NULL,'2022-03-13 20:33:38','2022-03-13 20:33:38'),('44e0686a-5ac4-49ae-8d55-b0ed4baca146','App\\Http\\Notifications\\GeneralNotification','App\\User',6009,'{\"title\":\"HelloNewYear\",\"body\":\"728146\",\"type\":\"discount\"}',NULL,'2022-03-16 07:36:25','2022-03-16 07:36:25'),('46cf887c-a894-46f3-b1e9-1db166915333','App\\Http\\Notifications\\GeneralNotification','App\\User',5963,'{\"title\":\"prom0\",\"body\":\"728146\",\"type\":\"discount\"}',NULL,'2022-03-13 20:33:38','2022-03-13 20:33:38'),('497a4e16-05cf-4fbe-a851-00238e4101c2','App\\Http\\Notifications\\GeneralNotification','App\\User',5979,'{\"title\":\"OPingCoup\",\"body\":\"728146\",\"type\":\"discount\"}',NULL,'2022-03-16 07:37:45','2022-03-16 07:37:45'),('49d8b72e-47a2-4fa7-9cb3-8c7e3f7830eb','App\\Http\\Notifications\\GeneralNotification','App\\User',5958,'{\"title\":\"OPingCoup\",\"body\":\"728146\",\"type\":\"discount\"}',NULL,'2022-03-16 07:37:45','2022-03-16 07:37:45'),('4f043f73-4dfd-4ee1-ad7d-5c30f581c3ee','App\\Http\\Notifications\\GeneralNotification','App\\User',5959,'{\"title\":\"HelloNewYear\",\"body\":\"728146\",\"type\":\"discount\"}',NULL,'2022-03-16 07:36:25','2022-03-16 07:36:25'),('4f7b8f3d-3bdb-47b0-b019-12b14406952f','App\\Http\\Notifications\\GeneralNotification','App\\User',5972,'{\"title\":\"HelloNewYear\",\"body\":\"728146\",\"type\":\"discount\"}',NULL,'2022-03-16 07:36:25','2022-03-16 07:36:25'),('4fca2a0e-6bf2-4458-8110-f82377a32ac4','App\\Http\\Notifications\\GeneralNotification','App\\User',6008,'{\"title\":\"HelloNewYear\",\"body\":\"728146\",\"type\":\"discount\"}',NULL,'2022-03-16 07:36:25','2022-03-16 07:36:25'),('528aed2b-3fb3-4ac8-9dda-a654875ea985','App\\Http\\Notifications\\GeneralNotification','App\\User',6007,'{\"title\":\"prom0\",\"body\":\"728146\",\"type\":\"discount\"}',NULL,'2022-03-13 20:33:38','2022-03-13 20:33:38'),('528f621b-f07a-43fb-9604-a6ad276944e5','App\\Http\\Notifications\\GeneralNotification','App\\User',6010,'{\"title\":\"HelloNewYear\",\"body\":\"728146\",\"type\":\"discount\"}',NULL,'2022-03-16 07:36:25','2022-03-16 07:36:25'),('5c1769a3-016f-4d14-b4c6-7f1d82550c62','App\\Http\\Notifications\\GeneralNotification','App\\User',5982,'{\"title\":\"HelloNewYear\",\"body\":\"728146\",\"type\":\"discount\"}',NULL,'2022-03-16 07:36:25','2022-03-16 07:36:25'),('5f64f6b2-0fd9-45f3-9501-021c654431da','App\\Http\\Notifications\\GeneralNotification','App\\User',5971,'{\"title\":\"HelloNewYear\",\"body\":\"728146\",\"type\":\"discount\"}',NULL,'2022-03-16 07:36:25','2022-03-16 07:36:25'),('60dfbb23-dd23-4607-9b8b-46fbdbf381ca','App\\Http\\Notifications\\GeneralNotification','App\\User',5972,'{\"title\":\"prom0\",\"body\":\"728146\",\"type\":\"discount\"}',NULL,'2022-03-13 20:33:38','2022-03-13 20:33:38'),('64248411-891c-4c79-b4df-bf33664d8eb1','App\\Http\\Notifications\\GeneralNotification','App\\User',5966,'{\"title\":\"HelloNewYear\",\"body\":\"728146\",\"type\":\"discount\"}',NULL,'2022-03-16 07:36:25','2022-03-16 07:36:25'),('667dc351-a918-4670-860d-251db43a6c89','App\\Http\\Notifications\\GeneralNotification','App\\User',5964,'{\"title\":\"HelloNewYear\",\"body\":\"728146\",\"type\":\"discount\"}',NULL,'2022-03-16 07:36:25','2022-03-16 07:36:25'),('66e6dae8-b1b8-4e7f-b8d4-77db1a97c3f1','App\\Http\\Notifications\\GeneralNotification','App\\User',6076,'{\"title\":\"asdwdewe\",\"body\":\"SADEWQ\",\"type\":\"discount\"}',NULL,'2022-06-05 22:43:48','2022-06-05 22:43:48'),('7118b368-a49c-4b5a-b4b0-1f53689d25e2','App\\Http\\Notifications\\GeneralNotification','App\\User',5977,'{\"title\":\"prom0\",\"body\":\"728146\",\"type\":\"discount\"}',NULL,'2022-03-13 20:33:38','2022-03-13 20:33:38'),('76145653-9ba0-4493-a16c-cb95b3d0351c','App\\Http\\Notifications\\GeneralNotification','App\\User',5958,'{\"title\":\"HelloNewYear\",\"body\":\"728146\",\"type\":\"discount\"}',NULL,'2022-03-16 07:36:25','2022-03-16 07:36:25'),('7a67e5f8-a18c-45d4-a43a-bdcc311fa3f0','App\\Http\\Notifications\\GeneralNotification','App\\User',1,'{\"title\":\"HelloNewYear\",\"body\":\"728146\",\"type\":\"discount\"}',NULL,'2022-03-16 07:36:25','2022-03-16 07:36:25'),('7d147b7d-384a-40d4-894c-c8b560dd43f1','App\\Http\\Notifications\\GeneralNotification','App\\User',5970,'{\"title\":\"HelloNewYear\",\"body\":\"728146\",\"type\":\"discount\"}',NULL,'2022-03-16 07:36:25','2022-03-16 07:36:25'),('7e46e030-2cbc-4c2d-9903-f0ccd222c5a1','App\\Http\\Notifications\\GeneralNotification','App\\User',5965,'{\"title\":\"prom0\",\"body\":\"728146\",\"type\":\"discount\"}',NULL,'2022-03-13 20:33:38','2022-03-13 20:33:38'),('86f21e9d-7910-42fe-9b3c-70d8393efc78','App\\Http\\Notifications\\GeneralNotification','App\\User',5960,'{\"title\":\"prom0\",\"body\":\"728146\",\"type\":\"discount\"}',NULL,'2022-03-13 20:33:38','2022-03-13 20:33:38'),('87d1573b-87f4-4c77-901b-5d4dd2fcd281','App\\Http\\Notifications\\GeneralNotification','App\\User',5979,'{\"title\":\"prom0\",\"body\":\"728146\",\"type\":\"discount\"}',NULL,'2022-03-13 20:33:38','2022-03-13 20:33:38'),('890eacfa-cf9b-4d00-8ab7-323d65e3d153','App\\Http\\Notifications\\GeneralNotification','App\\User',5974,'{\"title\":\"prom0\",\"body\":\"728146\",\"type\":\"discount\"}',NULL,'2022-03-13 20:33:38','2022-03-13 20:33:38'),('8a614f19-e0dd-421c-ba8a-c5d08fee0f22','App\\Http\\Notifications\\GeneralNotification','App\\User',5978,'{\"title\":\"HelloNewYear\",\"body\":\"728146\",\"type\":\"discount\"}',NULL,'2022-03-16 07:36:25','2022-03-16 07:36:25'),('8d16204a-7294-44c7-8da8-0387e868b575','App\\Http\\Notifications\\GeneralNotification','App\\User',5971,'{\"title\":\"prom0\",\"body\":\"728146\",\"type\":\"discount\"}',NULL,'2022-03-13 20:33:38','2022-03-13 20:33:38'),('8e55b327-ad20-435c-8e6c-f7aa2162abf9','App\\Http\\Notifications\\GeneralNotification','App\\User',5973,'{\"title\":\"OPingCoup\",\"body\":\"728146\",\"type\":\"discount\"}',NULL,'2022-03-16 07:37:45','2022-03-16 07:37:45'),('8f40c3c4-1d1c-4a7b-987e-b4723a2aacca','App\\Http\\Notifications\\GeneralNotification','App\\User',6007,'{\"title\":\"complete\",\"body\":\"complete\",\"type\":\"order_complete\"}',NULL,'2022-03-13 20:26:52','2022-03-13 20:26:52'),('980c88c6-024a-40b7-9678-995166a5559c','App\\Http\\Notifications\\GeneralNotification','App\\User',5961,'{\"title\":\"HelloNewYear\",\"body\":\"728146\",\"type\":\"discount\"}',NULL,'2022-03-16 07:36:25','2022-03-16 07:36:25'),('98e72429-a1fd-4d4f-b660-031a5cb8deb8','App\\Http\\Notifications\\GeneralNotification','App\\User',5977,'{\"title\":\"HelloNewYear\",\"body\":\"728146\",\"type\":\"discount\"}',NULL,'2022-03-16 07:36:25','2022-03-16 07:36:25'),('9e4a157f-f168-4842-98a4-6368b33c75fe','App\\Http\\Notifications\\GeneralNotification','App\\User',5957,'{\"title\":\"prom0\",\"body\":\"728146\",\"type\":\"discount\"}',NULL,'2022-03-13 20:33:38','2022-03-13 20:33:38'),('a123da85-a380-4969-a3dd-37a51687e78d','App\\Http\\Notifications\\GeneralNotification','App\\User',6006,'{\"title\":\"OPingCoup\",\"body\":\"728146\",\"type\":\"discount\"}',NULL,'2022-03-16 07:37:45','2022-03-16 07:37:45'),('a3ca055c-9018-4f5b-8feb-6bb9bd808f1d','App\\Http\\Notifications\\GeneralNotification','App\\User',5973,'{\"title\":\"HelloNewYear\",\"body\":\"728146\",\"type\":\"discount\"}',NULL,'2022-03-16 07:36:25','2022-03-16 07:36:25'),('a707b288-3475-40ef-8b58-cba3f82fb291','App\\Http\\Notifications\\GeneralNotification','App\\User',5975,'{\"title\":\"prom0\",\"body\":\"728146\",\"type\":\"discount\"}',NULL,'2022-03-13 20:33:38','2022-03-13 20:33:38'),('b01b052d-0ca4-4382-84bb-4c8e1161ce0c','App\\Http\\Notifications\\GeneralNotification','App\\User',5959,'{\"title\":\"OPingCoup\",\"body\":\"728146\",\"type\":\"discount\"}',NULL,'2022-03-16 07:37:45','2022-03-16 07:37:45'),('b334c32e-ead1-4326-b60e-0d2af2cc5aff','App\\Http\\Notifications\\GeneralNotification','App\\User',5966,'{\"title\":\"OPingCoup\",\"body\":\"728146\",\"type\":\"discount\"}',NULL,'2022-03-16 07:37:45','2022-03-16 07:37:45'),('b8caf2b5-52f1-4aef-93af-302306d02750','App\\Http\\Notifications\\GeneralNotification','App\\User',5966,'{\"title\":\"prom0\",\"body\":\"728146\",\"type\":\"discount\"}',NULL,'2022-03-13 20:33:38','2022-03-13 20:33:38'),('b9565690-3971-47f2-8aca-4cbd13f97505','App\\Http\\Notifications\\GeneralNotification','App\\User',5969,'{\"title\":\"prom0\",\"body\":\"728146\",\"type\":\"discount\"}',NULL,'2022-03-13 20:33:38','2022-03-13 20:33:38'),('bb316fee-497c-40e6-8615-3f0a480a89fa','App\\Http\\Notifications\\GeneralNotification','App\\User',5972,'{\"title\":\"OPingCoup\",\"body\":\"728146\",\"type\":\"discount\"}',NULL,'2022-03-16 07:37:45','2022-03-16 07:37:45'),('bd2dcd92-26c1-4dce-997e-7d113eb6eb79','App\\Http\\Notifications\\GeneralNotification','App\\User',5974,'{\"title\":\"HelloNewYear\",\"body\":\"728146\",\"type\":\"discount\"}',NULL,'2022-03-16 07:36:25','2022-03-16 07:36:25'),('bd429e30-f734-45dd-bae9-4926854135a8','App\\Http\\Notifications\\GeneralNotification','App\\User',5970,'{\"title\":\"OPingCoup\",\"body\":\"728146\",\"type\":\"discount\"}',NULL,'2022-03-16 07:37:45','2022-03-16 07:37:45'),('be65298f-d534-43cf-85cc-c048d543014a','App\\Http\\Notifications\\GeneralNotification','App\\User',5961,'{\"title\":\"prom0\",\"body\":\"728146\",\"type\":\"discount\"}',NULL,'2022-03-13 20:33:38','2022-03-13 20:33:38'),('bec909d7-5bcd-424b-83af-dda49aecb309','App\\Http\\Notifications\\GeneralNotification','App\\User',5980,'{\"title\":\"prom0\",\"body\":\"728146\",\"type\":\"discount\"}',NULL,'2022-03-13 20:33:38','2022-03-13 20:33:38'),('bffad4cd-d0a9-4f12-a648-d107bc53abd4','App\\Http\\Notifications\\GeneralNotification','App\\User',5976,'{\"title\":\"OPingCoup\",\"body\":\"728146\",\"type\":\"discount\"}',NULL,'2022-03-16 07:37:45','2022-03-16 07:37:45'),('c11cc34b-01f9-4970-bab0-94903baf87c1','App\\Http\\Notifications\\GeneralNotification','App\\User',5981,'{\"title\":\"prom0\",\"body\":\"728146\",\"type\":\"discount\"}',NULL,'2022-03-13 20:33:38','2022-03-13 20:33:38'),('c11eae06-efe2-46d6-a2d4-c7f4a4a5dcaf','App\\Http\\Notifications\\GeneralNotification','App\\User',5981,'{\"title\":\"HelloNewYear\",\"body\":\"728146\",\"type\":\"discount\"}',NULL,'2022-03-16 07:36:25','2022-03-16 07:36:25'),('c22e87c9-2552-4c01-a40f-63dff20eed28','App\\Http\\Notifications\\GeneralNotification','App\\User',1,'{\"title\":\"asdwdewe\",\"body\":\"SADEWQ\",\"type\":\"discount\"}',NULL,'2022-06-05 22:43:48','2022-06-05 22:43:48'),('c93746d9-2597-454a-8909-6968ef5d3f46','App\\Http\\Notifications\\GeneralNotification','App\\User',6010,'{\"title\":\"OPingCoup\",\"body\":\"728146\",\"type\":\"discount\"}',NULL,'2022-03-16 07:37:45','2022-03-16 07:37:45'),('cb462e15-c121-4638-b571-b880535fb15d','App\\Http\\Notifications\\GeneralNotification','App\\User',5980,'{\"title\":\"HelloNewYear\",\"body\":\"728146\",\"type\":\"discount\"}',NULL,'2022-03-16 07:36:25','2022-03-16 07:36:25'),('cdca71a2-ca3b-4550-bcf1-5016fded684b','App\\Http\\Notifications\\GeneralNotification','App\\User',5977,'{\"title\":\"OPingCoup\",\"body\":\"728146\",\"type\":\"discount\"}',NULL,'2022-03-16 07:37:45','2022-03-16 07:37:45'),('d828556e-2fbc-459f-ba1b-e653150ed6b8','App\\Http\\Notifications\\GeneralNotification','App\\User',5956,'{\"title\":\"OPingCoup\",\"body\":\"728146\",\"type\":\"discount\"}',NULL,'2022-03-16 07:37:45','2022-03-16 07:37:45'),('d9c72c70-cfc5-43f2-aa99-ded192079c7a','App\\Http\\Notifications\\GeneralNotification','App\\User',5963,'{\"title\":\"HelloNewYear\",\"body\":\"728146\",\"type\":\"discount\"}',NULL,'2022-03-16 07:36:25','2022-03-16 07:36:25'),('df2ff61a-5d5c-46ef-b29c-b6c17e303a34','App\\Http\\Notifications\\GeneralNotification','App\\User',5956,'{\"title\":\"prom0\",\"body\":\"728146\",\"type\":\"discount\"}',NULL,'2022-03-13 20:33:38','2022-03-13 20:33:38'),('e116858e-7a8b-4a61-a379-b69673f74a1d','App\\Http\\Notifications\\GeneralNotification','App\\User',5956,'{\"title\":\"HelloNewYear\",\"body\":\"728146\",\"type\":\"discount\"}',NULL,'2022-03-16 07:36:25','2022-03-16 07:36:25'),('e5188390-f9cd-4fa3-a398-db27554ee0eb','App\\Http\\Notifications\\GeneralNotification','App\\User',6012,'{\"title\":\"HelloNewYear\",\"body\":\"728146\",\"type\":\"discount\"}',NULL,'2022-03-16 07:36:25','2022-03-16 07:36:25'),('e684faf1-afcb-4f04-9aad-595a8b0bd397','App\\Http\\Notifications\\GeneralNotification','App\\User',5982,'{\"title\":\"OPingCoup\",\"body\":\"728146\",\"type\":\"discount\"}',NULL,'2022-03-16 07:37:45','2022-03-16 07:37:45'),('e788033e-8263-444a-924c-83c0931c2b77','App\\Http\\Notifications\\GeneralNotification','App\\User',5969,'{\"title\":\"HelloNewYear\",\"body\":\"728146\",\"type\":\"discount\"}',NULL,'2022-03-16 07:36:25','2022-03-16 07:36:25'),('e8f8962d-805a-4d6f-8869-8760c546d4e2','App\\Http\\Notifications\\GeneralNotification','App\\User',1,'{\"title\":\"prom0\",\"body\":\"728146\",\"type\":\"discount\"}',NULL,'2022-03-13 20:33:38','2022-03-13 20:33:38'),('ea389f59-caef-4722-9278-06262059931e','App\\Http\\Notifications\\GeneralNotification','App\\User',6006,'{\"title\":\"prom0\",\"body\":\"728146\",\"type\":\"discount\"}',NULL,'2022-03-13 20:33:38','2022-03-13 20:33:38'),('eb392cc2-a974-416a-b910-b5e4ea8edf0e','App\\Http\\Notifications\\GeneralNotification','App\\User',5975,'{\"title\":\"OPingCoup\",\"body\":\"728146\",\"type\":\"discount\"}',NULL,'2022-03-16 07:37:45','2022-03-16 07:37:45'),('ecc6b52c-b77a-4524-ad49-b843c22483f7','App\\Http\\Notifications\\GeneralNotification','App\\User',5975,'{\"title\":\"HelloNewYear\",\"body\":\"728146\",\"type\":\"discount\"}',NULL,'2022-03-16 07:36:25','2022-03-16 07:36:25'),('f43a0d2a-1dba-41ca-9f5b-d6dd69d1c388','App\\Http\\Notifications\\GeneralNotification','App\\User',5964,'{\"title\":\"OPingCoup\",\"body\":\"728146\",\"type\":\"discount\"}',NULL,'2022-03-16 07:37:45','2022-03-16 07:37:45'),('f62fb4fb-cbce-4779-953e-c080169a0808','App\\Http\\Notifications\\GeneralNotification','App\\User',6009,'{\"title\":\"OPingCoup\",\"body\":\"728146\",\"type\":\"discount\"}',NULL,'2022-03-16 07:37:45','2022-03-16 07:37:45'),('f9c9096f-9a32-401e-8607-377cfba9daf4','App\\Http\\Notifications\\GeneralNotification','App\\User',5965,'{\"title\":\"OPingCoup\",\"body\":\"728146\",\"type\":\"discount\"}',NULL,'2022-03-16 07:37:45','2022-03-16 07:37:45'),('ff05f525-edb5-43fb-91b1-02f2f1cf9537','App\\Http\\Notifications\\GeneralNotification','App\\User',6013,'{\"title\":\"OPingCoup\",\"body\":\"728146\",\"type\":\"discount\"}','2022-03-29 10:56:52','2022-03-16 07:37:45','2022-03-29 10:56:52');

--
