(2919,'/uploads/product/1489/16864722803040-BLAK-GSMK.jpg',0,'16864722803040-BLAK-GSMK.jpg',1489,'App\\Models\\Product','2023-06-11 08:31:20','2023-06-11 08:31:20'),(2920,'/uploads/product/1490/16864724933050-BROWN.jpg',0,'16864724933050-BROWN.jpg',1490,'App\\Models\\Product','2023-06-11 08:34:53','2023-06-11 08:34:53'),(2921,'/uploads/product/1492/16864769041490610GBRN.jpg',0,'16864769041490610GBRN.jpg',1492,'App\\Models\\Product','2023-06-11 09:48:24','2023-06-11 09:48:24'),(2922,'/uploads/product/1493/1686477258SO-5054-55-BLL-RED.jpg',0,'1686477258SO-5054-55-BLL-RED.jpg',1493,'App\\Models\\Product','2023-06-11 09:54:18','2023-06-11 09:54:18'),(2923,'/uploads/product/1494/1686477503SO-5210-54-BOY.jpg',0,'1686477503SO-5210-54-BOY.jpg',1494,'App\\Models\\Product','2023-06-11 09:58:23','2023-06-11 09:58:23'),(2924,'/uploads/product/1495/1686477633SO-5210-56-BL.jpg',0,'1686477633SO-5210-56-BL.jpg',1495,'App\\Models\\Product','2023-06-11 10:00:33','2023-06-11 10:00:33'),(2925,'/uploads/product/1496/1686477749SO-5210-BROWN.jpg',0,'1686477749SO-5210-BROWN.jpg',1496,'App\\Models\\Product','2023-06-11 10:02:29','2023-06-11 10:02:29'),(2926,'/uploads/product/1497/1686477921SO-5618-53-BGO.jpg',0,'1686477921SO-5618-53-BGO.jpg',1497,'App\\Models\\Product','2023-06-11 10:05:21','2023-06-11 10:05:21'),(2927,'/uploads/product/1498/1686478165SO-5618-53-BLK.jpg',0,'1686478165SO-5618-53-BLK.jpg',1498,'App\\Models\\Product','2023-06-11 10:09:25','2023-06-11 10:09:25'),(2928,'/uploads/product/1499/1686478298SO-5618-53-BROWN.jpg',0,'1686478298SO-5618-53-BROWN.jpg',1499,'App\\Models\\Product','2023-06-11 10:11:38','2023-06-11 10:11:38'),(2929,'/uploads/product/1500/1686478518SO-5654-55-BLKCL.jpg',0,'1686478518SO-5654-55-BLKCL.jpg',1500,'App\\Models\\Product','2023-06-11 10:15:18','2023-06-11 10:15:18'),(2930,'/uploads/product/1501/1686481177sover-502-col-05.jpg',0,'1686481177sover-502-col-05.jpg',1501,'App\\Models\\Product','2023-06-11 10:59:37','2023-06-11 10:59:37'),(2931,'/uploads/product/1502/1686481254sover-888-col-043.jpg',0,'1686481254sover-888-col-043.jpg',1502,'App\\Models\\Product','2023-06-11 11:00:54','2023-06-11 11:00:54'),(2932,'/uploads/product/1503/1686481736sover-1320-col-034.jpg',0,'1686481736sover-1320-col-034.jpg',1503,'App\\Models\\Product','2023-06-11 11:08:56','2023-06-11 11:08:56'),(2933,'/uploads/product/1504/1686481848sover-1510-o-col-c1.jpg',0,'1686481848sover-1510-o-col-c1.jpg',1504,'App\\Models\\Product','2023-06-11 11:10:48','2023-06-11 11:10:48'),(2934,'/uploads/product/1505/1686481962sover-1510-p-col-c2.jpg',0,'1686481962sover-1510-p-col-c2.jpg',1505,'App\\Models\\Product','2023-06-11 11:12:42','2023-06-11 11:12:42'),(2935,'/uploads/product/1506/1686482136sover-3020-c2.jpg',0,'1686482136sover-3020-c2.jpg',1506,'App\\Models\\Product','2023-06-11 11:15:36','2023-06-11 11:15:36'),(2936,'/uploads/product/1507/1686482233sover-3020-col-c3.jpg',0,'1686482233sover-3020-col-c3.jpg',1507,'App\\Models\\Product','2023-06-11 11:17:13','2023-06-11 11:17:13'),(2937,'/uploads/product/1507/1686482269sover-3020-col-c1.jpg',0,'1686482269sover-3020-col-c1.jpg',1507,'App\\Models\\Product','2023-06-11 11:17:49','2023-06-11 11:17:49'),(2938,'/uploads/product/1508/1686482485sover-3020-col-c3.jpg',0,'1686482485sover-3020-col-c3.jpg',1508,'App\\Models\\Product','2023-06-11 11:21:25','2023-06-11 11:21:25'),(2939,'/uploads/product/1509/1686482601sover-3030-c2.jpg',0,'1686482601sover-3030-c2.jpg',1509,'App\\Models\\Product','2023-06-11 11:23:21','2023-06-11 11:23:21'),(2940,'/uploads/product/1510/1686482681sover-3050-brown.jpg',0,'1686482681sover-3050-brown.jpg',1510,'App\\Models\\Product','2023-06-11 11:24:41','2023-06-11 11:24:41'),(2941,'/uploads/product/1511/1686482771sover-alice-088-brown.jpg',0,'1686482771sover-alice-088-brown.jpg',1511,'App\\Models\\Product','2023-06-11 11:26:11','2023-06-11 11:26:11'),(2942,'/uploads/product/1512/1686482876sover-alice-black-ssilver-1.jpg',0,'1686482876sover-alice-black-ssilver-1.jpg',1512,'App\\Models\\Product','2023-06-11 11:27:56','2023-06-11 11:27:56'),(2943,'/uploads/product/1513/1686483075sover-alice-gold-rose-05.jpg',0,'1686483075sover-alice-gold-rose-05.jpg',1513,'App\\Models\\Product','2023-06-11 11:31:15','2023-06-11 11:31:15'),(2944,'/uploads/product/1514/1686483590sover-EBEK026-COL-018.jpg',0,'1686483590sover-EBEK026-COL-018.jpg',1514,'App\\Models\\Product','2023-06-11 11:39:50','2023-06-11 11:39:50'),(2945,'/uploads/product/1515/1686483681SOVER-GOLD-GREEN-COL-05.jpg',0,'1686483681SOVER-GOLD-GREEN-COL-05.jpg',1515,'App\\Models\\Product','2023-06-11 11:41:21','2023-06-11 11:41:21'),(2946,'/uploads/product/1516/1686483773sover-m-501-col-003.jpg',0,'1686483773sover-m-501-col-003.jpg',1516,'App\\Models\\Product','2023-06-11 11:42:53','2023-06-11 11:42:53'),(2947,'/uploads/product/1518/1686483886sover-mop-505-col-033.jpg',0,'1686483886sover-mop-505-col-033.jpg',1518,'App\\Models\\Product','2023-06-11 11:44:46','2023-06-11 11:44:46'),(2948,'/uploads/product/1517/1686553379sover-mop-506-col-043.jpg',0,'1686553379sover-mop-506-col-043.jpg',1517,'App\\Models\\Product','2023-06-12 07:02:59','2023-06-12 07:02:59'),(2949,'/uploads/product/1519/1686553491sover-mop-507-col-034.jpg',0,'1686553491sover-mop-507-col-034.jpg',1519,'App\\Models\\Product','2023-06-12 07:04:51','2023-06-12 07:04:51'),(2950,'/uploads/product/1520/1686553619sover-roberta-col-05.jpg',0,'1686553619sover-roberta-col-05.jpg',1520,'App\\Models\\Product','2023-06-12 07:06:59','2023-06-12 07:06:59'),(2951,'/uploads/product/1521/1686553747sover-so4020-pur.jpg',0,'1686553747sover-so4020-pur.jpg',1521,'App\\Models\\Product','2023-06-12 07:09:07','2023-06-12 07:09:07'),(2952,'/uploads/product/1522/1686553857sover-so-4060-BRN.jpg',0,'1686553857sover-so-4060-BRN.jpg',1522,'App\\Models\\Product','2023-06-12 07:10:57','2023-06-12 07:10:57'),(2953,'/uploads/product/1523/1686553943sover-so-5575-brown.jpg',0,'1686553943sover-so-5575-brown.jpg',1523,'App\\Models\\Product','2023-06-12 07:12:23','2023-06-12 07:12:23'),(2954,'/uploads/product/1524/1686554116sover-so-5656-black-blue.jpg',0,'1686554116sover-so-5656-black-blue.jpg',1524,'App\\Models\\Product','2023-06-12 07:15:16','2023-06-12 07:15:16'),(2955,'/uploads/product/1525/1686554213sover-squwks-col-14.jpg',0,'1686554213sover-squwks-col-14.jpg',1525,'App\\Models\\Product','2023-06-12 07:16:53','2023-06-12 07:16:53'),(2956,'/uploads/product/1526/1686554291sover-ss-1490-gold-brown.jpg',0,'1686554291sover-ss-1490-gold-brown.jpg',1526,'App\\Models\\Product','2023-06-12 07:18:11','2023-06-12 07:18:11'),(2961,'/uploads/categories/357/1686651649Sunglasses-slider-avanglion.jpg',0,'1686651649Sunglasses-slider-avanglion.jpg',357,'App\\Models\\Category','2023-06-13 10:20:49','2023-06-13 10:20:49'),(2968,'/uploads/product/1415/1687097377Dodo2.jpg',0,'1687097377Dodo2.jpg',1415,'App\\Models\\Product','2023-06-18 14:09:37','2023-06-18 14:09:37'),(2970,'/uploads/categories/252/1687336004Luis-faty-slider.jpg',0,'1687336004Luis-faty-slider.jpg',252,'App\\Models\\Category','2023-06-21 08:26:44','2023-06-21 08:26:44'),(2971,'/uploads/categories/161/1687336226Luois-faty-slider.jpg',0,'1687336226Luois-faty-slider.jpg',161,'App\\Models\\Category','2023-06-21 08:30:26','2023-06-21 08:30:26'),(2972,'/uploads/categories/154/1687718383Freshlook-Slider-new.jpg',0,'1687718383Freshlook-Slider-new.jpg',154,'App\\Models\\Category','2023-06-25 18:39:43','2023-06-25 18:39:43'),(2973,'/uploads/categories/169/1687718600Alcon-slider01.jpg',0,'1687718600Alcon-slider01.jpg',169,'App\\Models\\Category','2023-06-25 18:43:20','2023-06-25 18:43:20'),(2976,'/uploads/product/1528/1688283097Almas1.jpg',0,'1688283097Almas1.jpg',1528,'App\\Models\\Product','2023-07-02 07:31:37','2023-07-02 07:31:37'),(2977,'/uploads/product/1528/1688283098Almas2.jpg',0,'1688283098Almas2.jpg',1528,'App\\Models\\Product','2023-07-02 07:31:38','2023-07-02 07:31:38'),(2978,'/uploads/product/1527/1688283450brown1.jpg',0,'1688283450brown1.jpg',1527,'App\\Models\\Product','2023-07-02 07:37:30','2023-07-02 07:37:30'),(2979,'/uploads/product/1527/1688283451Brown2.jpg',0,'1688283451Brown2.jpg',1527,'App\\Models\\Product','2023-07-02 07:37:31','2023-07-02 07:37:31'),(2980,'/uploads/product/1529/1688283605brown-paradise1.jpg',0,'1688283605brown-paradise1.jpg',1529,'App\\Models\\Product','2023-07-02 07:40:05','2023-07-02 07:40:05'),(2981,'/uploads/product/1529/1688283608Brown-paradise2.jpg',0,'1688283608Brown-paradise2.jpg',1529,'App\\Models\\Product','2023-07-02 07:40:08','2023-07-02 07:40:08'),(2982,'/uploads/product/1530/1688283694Diamond1.jpg',0,'1688283694Diamond1.jpg',1530,'App\\Models\\Product','2023-07-02 07:41:34','2023-07-02 07:41:34'),(2983,'/uploads/product/1530/1688283694diamond2.jpg',0,'1688283694diamond2.jpg',1530,'App\\Models\\Product','2023-07-02 07:41:34','2023-07-02 07:41:34'),(2984,'/uploads/product/1531/1688283783Gray1.jpg',0,'1688283783Gray1.jpg',1531,'App\\Models\\Product','2023-07-02 07:43:03','2023-07-02 07:43:03'),(2985,'/uploads/product/1531/1688283784Gray2.jpg',0,'1688283784Gray2.jpg',1531,'App\\Models\\Product','2023-07-02 07:43:04','2023-07-02 07:43:04'),(2986,'/uploads/product/1532/1688284104Gray-paradise1.jpg',0,'1688284104Gray-paradise1.jpg',1532,'App\\Models\\Product','2023-07-02 07:48:24','2023-07-02 07:48:24'),(2987,'/uploads/product/1532/1688284104Gray-paradise2.jpg',0,'1688284104Gray-paradise2.jpg',1532,'App\\Models\\Product','2023-07-02 07:48:24','2023-07-02 07:48:24'),(2988,'/uploads/product/1533/1688284210Green1.jpg',0,'1688284210Green1.jpg',1533,'App\\Models\\Product','2023-07-02 07:50:10','2023-07-02 07:50:10'),(2989,'/uploads/product/1533/1688284210Green2.jpg',0,'1688284210Green2.jpg',1533,'App\\Models\\Product','2023-07-02 07:50:10','2023-07-02 07:50:10'),(2990,'/uploads/product/1534/1688284313Green1.jpg',0,'1688284313Green1.jpg',1534,'App\\Models\\Product','2023-07-02 07:51:53','2023-07-02 07:51:53'),(2991,'/uploads/product/1534/1688284313Green2.jpg',0,'1688284313Green2.jpg',1534,'App\\Models\\Product','2023-07-02 07:51:53','2023-07-02 07:51:53'),(2992,'/uploads/product/1534/1688284337Hazel1.jpg',0,'1688284337Hazel1.jpg',1534,'App\\Models\\Product','2023-07-02 07:52:17','2023-07-02 07:52:17'),(2993,'/uploads/product/1534/1688284337Hazel2.jpg',0,'1688284337Hazel2.jpg',1534,'App\\Models\\Product','2023-07-02 07:52:17','2023-07-02 07:52:17'),(2994,'/uploads/product/1535/1688284437Honey1.jpg',0,'1688284437Honey1.jpg',1535,'App\\Models\\Product','2023-07-02 07:53:57','2023-07-02 07:53:57'),(2995,'/uploads/product/1535/1688284437Honey2.jpg',0,'1688284437Honey2.jpg',1535,'App\\Models\\Product','2023-07-02 07:53:57','2023-07-02 07:53:57'),(2996,'/uploads/product/1536/1688284551Mix-blue1.jpg',0,'1688284551Mix-blue1.jpg',1536,'App\\Models\\Product','2023-07-02 07:55:51','2023-07-02 07:55:51'),(2997,'/uploads/product/1536/1688284552Mix-blue2.jpg',0,'1688284552Mix-blue2.jpg',1536,'App\\Models\\Product','2023-07-02 07:55:52','2023-07-02 07:55:52'),(2998,'/uploads/product/1537/1688284652smoky1.jpg',0,'1688284652smoky1.jpg',1537,'App\\Models\\Product','2023-07-02 07:57:32','2023-07-02 07:57:32'),(2999,'/uploads/product/1537/1688284652Smoky2.jpg',0,'1688284652Smoky2.jpg',1537,'App\\Models\\Product','2023-07-02 07:57:32','2023-07-02 07:57:32'),(3000,'/uploads/product/1538/1688284749Tan1.jpg',0,'1688284749Tan1.jpg',1538,'App\\Models\\Product','2023-07-02 07:59:09','2023-07-02 07:59:09'),(3001,'/uploads/product/1538/1688284752Tan2.jpg',0,'1688284752Tan2.jpg',1538,'App\\Models\\Product','2023-07-02 07:59:12','2023-07-02 07:59:12'),(3002,'/uploads/product/1539/1688285319Almas1.jpg',0,'1688285319Almas1.jpg',1539,'App\\Models\\Product','2023-07-02 08:08:39','2023-07-02 08:08:39'),(3003,'/uploads/product/1539/1688285319Almas2.jpg',0,'1688285319Almas2.jpg',1539,'App\\Models\\Product','2023-07-02 08:08:39','2023-07-02 08:08:39'),(3004,'/uploads/product/1540/1688285466Ash-Gray1.jpg',0,'1688285466Ash-Gray1.jpg',1540,'App\\Models\\Product','2023-07-02 08:11:06','2023-07-02 08:11:06'),(3005,'/uploads/product/1540/1688285466Ash-gray2.jpg',0,'1688285466Ash-gray2.jpg',1540,'App\\Models\\Product','2023-07-02 08:11:06','2023-07-02 08:11:06'),(3006,'/uploads/product/1541/1688285579Brown01.jpg',0,'1688285579Brown01.jpg',1541,'App\\Models\\Product','2023-07-02 08:12:59','2023-07-02 08:12:59'),(3007,'/uploads/product/1541/1688285582Brown02.jpg',0,'1688285582Brown02.jpg',1541,'App\\Models\\Product','2023-07-02 08:13:02','2023-07-02 08:13:02'),(3008,'/uploads/product/1542/1688285670Caramel1.jpg',0,'1688285670Caramel1.jpg',1542,'App\\Models\\Product','2023-07-02 08:14:30','2023-07-02 08:14:30'),(3009,'/uploads/product/1542/1688285674caramel2.jpg',0,'1688285674caramel2.jpg',1542,'App\\Models\\Product','2023-07-02 08:14:34','2023-07-02 08:14:34'),(3010,'/uploads/product/1543/1688285765Catch gray1.jpg',0,'1688285765Catch gray1.jpg',1543,'App\\Models\\Product','2023-07-02 08:16:05','2023-07-02 08:16:05'),(3011,'/uploads/product/1543/1688285765Catchy gray2.jpg',0,'1688285765Catchy gray2.jpg',1543,'App\\Models\\Product','2023-07-02 08:16:05','2023-07-02 08:16:05'),(3012,'/uploads/product/1544/1688285892Catchy-brown1.jpg',0,'1688285892Catchy-brown1.jpg',1544,'App\\Models\\Product','2023-07-02 08:18:12','2023-07-02 08:18:12'),(3013,'/uploads/product/1544/1688285892Catchy-brown2.jpg',0,'1688285892Catchy-brown2.jpg',1544,'App\\Models\\Product','2023-07-02 08:18:12','2023-07-02 08:18:12'),(3014,'/uploads/product/1545/1688285984cloudy1.jpg',0,'1688285984cloudy1.jpg',1545,'App\\Models\\Product','2023-07-02 08:19:44','2023-07-02 08:19:44'),(3015,'/uploads/product/1545/1688285984Cloudy2.jpg',0,'1688285984Cloudy2.jpg',1545,'App\\Models\\Product','2023-07-02 08:19:44','2023-07-02 08:19:44'),(3016,'/uploads/product/1546/1688286090gray01.jpg',0,'1688286090gray01.jpg',1546,'App\\Models\\Product','2023-07-02 08:21:30','2023-07-02 08:21:30'),(3017,'/uploads/product/1546/1688286091gray02.jpg',0,'1688286091gray02.jpg',1546,'App\\Models\\Product','2023-07-02 08:21:31','2023-07-02 08:21:31'),(3018,'/uploads/product/1547/1688286178Green01.jpg',0,'1688286178Green01.jpg',1547,'App\\Models\\Product','2023-07-02 08:22:58','2023-07-02 08:22:58'),(3019,'/uploads/product/1547/1688286178Green02.jpg',0,'1688286178Green02.jpg',1547,'App\\Models\\Product','2023-07-02 08:22:58','2023-07-02 08:22:58'),(3020,'/uploads/product/1548/1688286301honey01.jpg',0,'1688286301honey01.jpg',1548,'App\\Models\\Product','2023-07-02 08:25:01','2023-07-02 08:25:01'),(3021,'/uploads/product/1548/1688286311Honey02.jpg',0,'1688286311Honey02.jpg',1548,'App\\Models\\Product','2023-07-02 08:25:11','2023-07-02 08:25:11'),(3022,'/uploads/product/1549/1688286422Mix gray01.jpg',0,'1688286422Mix gray01.jpg',1549,'App\\Models\\Product','2023-07-02 08:27:02','2023-07-02 08:27:02'),(3023,'/uploads/product/1549/1688286422Mix gray02.jpg',0,'1688286422Mix gray02.jpg',1549,'App\\Models\\Product','2023-07-02 08:27:02','2023-07-02 08:27:02'),(3024,'/uploads/product/1550/1688286548Mix-blue1.jpg',0,'1688286548Mix-blue1.jpg',1550,'App\\Models\\Product','2023-07-02 08:29:08','2023-07-02 08:29:08'),(3025,'/uploads/product/1550/1688286549Mix-blue2.jpg',0,'1688286549Mix-blue2.jpg',1550,'App\\Models\\Product','2023-07-02 08:29:09','2023-07-02 08:29:09'),(3026,'/uploads/product/1551/1688286627Tan01.jpg',0,'1688286627Tan01.jpg',1551,'App\\Models\\Product','2023-07-02 08:30:27','2023-07-02 08:30:27'),(3027,'/uploads/product/1551/1688286628tan02.jpg',0,'1688286628tan02.jpg',1551,'App\\Models\\Product','2023-07-02 08:30:28','2023-07-02 08:30:28'),(3030,'/uploads/categories/142/1688369352Amara-slider-new.jpg',0,'1688369352Amara-slider-new.jpg',142,'App\\Models\\Category','2023-07-03 07:29:12','2023-07-03 07:29:12'),(3031,'/uploads/categories/304/1688369649Giorgina-slider03.jpg',0,'1688369649Giorgina-slider03.jpg',304,'App\\Models\\Category','2023-07-03 07:34:09','2023-07-03 07:34:09'),(3032,'/uploads/product/1552/1688394365Drama1.jpg',0,'1688394365Drama1.jpg',1552,'App\\Models\\Product','2023-07-03 14:26:05','2023-07-03 14:26:05'),(3033,'/uploads/product/1552/1688394366Drama2.jpg',0,'1688394366Drama2.jpg',1552,'App\\Models\\Product','2023-07-03 14:26:06','2023-07-03 14:26:06'),(3034,'/uploads/product/1553/1688394486Arabian-eye1.jpg',0,'1688394486Arabian-eye1.jpg',1553,'App\\Models\\Product','2023-07-03 14:28:06','2023-07-03 14:28:06'),(3035,'/uploads/product/1553/1688394487arabian-eye2.jpg',0,'1688394487arabian-eye2.jpg',1553,'App\\Models\\Product','2023-07-03 14:28:07','2023-07-03 14:28:07'),(3040,'/uploads/categories/210/1688544392Bella-slider-one-day.jpg',0,'1688544392Bella-slider-one-day.jpg',210,'App\\Models\\Category','2023-07-05 08:06:32','2023-07-05 08:06:32'),(3043,'/uploads/categories/117/1688635571Bella-new-slider-june.jpg',0,'1688635571Bella-new-slider-june.jpg',117,'App\\Models\\Category','2023-07-06 09:26:11','2023-07-06 09:26:11'),(3044,'/uploads/categories/282/1688635712Bella-new-slider-june.jpg',0,'1688635712Bella-new-slider-june.jpg',282,'App\\Models\\Category','2023-07-06 09:28:32','2023-07-06 09:28:32'),(3045,'/uploads/product/1554/1688639462Bronze1.jpg',0,'1688639462Bronze1.jpg',1554,'App\\Models\\Product','2023-07-06 10:31:02','2023-07-06 10:31:02'),(3046,'/uploads/product/1554/1688639462bronze2.jpg',0,'1688639462bronze2.jpg',1554,'App\\Models\\Product','2023-07-06 10:31:02','2023-07-06 10:31:02'),(3047,'/uploads/product/1555/1688639752cacao1.jpg',0,'1688639752cacao1.jpg',1555,'App\\Models\\Product','2023-07-06 10:35:52','2023-07-06 10:35:52'),(3048,'/uploads/product/1555/1688639760Cacao2.jpg',0,'1688639760Cacao2.jpg',1555,'App\\Models\\Product','2023-07-06 10:36:00','2023-07-06 10:36:00'),(3049,'/uploads/product/1556/1688639911Mango1.jpg',0,'1688639911Mango1.jpg',1556,'App\\Models\\Product','2023-07-06 10:38:31','2023-07-06 10:38:31'),(3050,'/uploads/product/1556/1688639911Mango2.jpg',0,'1688639911Mango2.jpg',1556,'App\\Models\\Product','2023-07-06 10:38:31','2023-07-06 10:38:31'),(3051,'/uploads/product/1557/1688640014Shemmering2.jpg',0,'1688640014Shemmering2.jpg',1557,'App\\Models\\Product','2023-07-06 10:40:14','2023-07-06 10:40:14'),(3052,'/uploads/product/1557/1688640015Shemmiring1.jpg',0,'1688640015Shemmiring1.jpg',1557,'App\\Models\\Product','2023-07-06 10:40:15','2023-07-06 10:40:15'),(3053,'/uploads/product/1558/1688640113water-melon1.jpg',0,'1688640113water-melon1.jpg',1558,'App\\Models\\Product','2023-07-06 10:41:53','2023-07-06 10:41:53'),(3054,'/uploads/product/1558/1688640117water-melon2.jpg',0,'1688640117water-melon2.jpg',1558,'App\\Models\\Product','2023-07-06 10:41:57','2023-07-06 10:41:57'),(3055,'/uploads/categories/168/1688895316acuvue-slider.jpg',0,'1688895316acuvue-slider.jpg',168,'App\\Models\\Category','2023-07-09 09:35:16','2023-07-09 09:35:16'),(3056,'/uploads/categories/277/1688895359acuvue-slider.jpg',0,'1688895359acuvue-slider.jpg',277,'App\\Models\\Category','2023-07-09 09:35:59','2023-07-09 09:35:59'),(3057,'/uploads/categories/362/1688905420Tan-slider2.jpg',0,'1688905420Tan-slider2.jpg',362,'App\\Models\\Category','2023-07-09 12:23:40','2023-07-09 12:23:40'),(3058,'/uploads/categories/363/1688905462Tan-slider2.jpg',0,'1688905462Tan-slider2.jpg',363,'App\\Models\\Category','2023-07-09 12:24:22','2023-07-09 12:24:22'),(3059,'/uploads/categories/341/1689251595Daya-slider-new.jpg',0,'1689251595Daya-slider-new.jpg',341,'App\\Models\\Category','2023-07-13 12:33:15','2023-07-13 12:33:15'),(3060,'/uploads/categories/158/1689407279Lareen-slider.jpg',0,'1689407279Lareen-slider.jpg',158,'App\\Models\\Category','2023-07-15 07:47:59','2023-07-15 07:47:59'),(3061,'/uploads/categories/244/1689409350lareen-slider2.jpg',0,'1689409350lareen-slider2.jpg',244,'App\\Models\\Category','2023-07-15 08:22:30','2023-07-15 08:22:30'),(3062,'/uploads/categories/152/1689419758Diva-slider2.jpg',0,'1689419758Diva-slider2.jpg',152,'App\\Models\\Category','2023-07-15 11:15:58','2023-07-15 11:15:58'),(3065,'/uploads/categories/189/1689423403Air-optix-colors-honey.jpg',0,'1689423403Air-optix-colors-honey.jpg',189,'App\\Models\\Category','2023-07-15 12:16:43','2023-07-15 12:16:43'),(3066,'/uploads/categories/141/1689423504Air-optix-colors-honey.jpg',0,'1689423504Air-optix-colors-honey.jpg',141,'App\\Models\\Category','2023-07-15 12:18:24','2023-07-15 12:18:24'),(3067,'/uploads/categories/173/1689671902azhar-alzaboun.jpg',0,'1689671902azhar-alzaboun.jpg',173,'App\\Models\\Category','2023-07-18 09:18:22','2023-07-18 09:18:22'),(3068,'/uploads/categories/322/1689678596Lashes-collection.jpg',0,'1689678596Lashes-collection.jpg',322,'App\\Models\\Category','2023-07-18 11:09:56','2023-07-18 11:09:56'),(3071,'/uploads/product/1560/16903748711995.jpg',0,'16903748711995.jpg',1560,'App\\Models\\Product','2023-07-26 12:34:31','2023-07-26 12:34:31'),(3072,'/uploads/product/1559/1690375104Classy-nude1.jpg',0,'1690375104Classy-nude1.jpg',1559,'App\\Models\\Product','2023-07-26 12:38:24','2023-07-26 12:38:24'),(3073,'/uploads/product/1561/1690375363sweet-pink1.jpg',0,'1690375363sweet-pink1.jpg',1561,'App\\Models\\Product','2023-07-26 12:42:43','2023-07-26 12:42:43'),(3074,'/uploads/product/1562/1690375491velvet-rose1.jpg',0,'1690375491velvet-rose1.jpg',1562,'App\\Models\\Product','2023-07-26 12:44:51','2023-07-26 12:44:51'),(3078,'/uploads/product/1564/1690375889sp1.jpg',0,'1690375889sp1.jpg',1564,'App\\Models\\Product','2023-07-26 12:51:29','2023-07-26 12:51:29'),(3079,'/uploads/product/1564/1690375889sp2.jpg',0,'1690375889sp2.jpg',1564,'App\\Models\\Product','2023-07-26 12:51:29','2023-07-26 12:51:29'),(3080,'/uploads/product/1563/1690376861eyeshadow01.jpg',0,'1690376861eyeshadow01.jpg',1563,'App\\Models\\Product','2023-07-26 13:07:41','2023-07-26 13:07:41'),(3081,'/uploads/product/1563/1690376862eyeshdow1.jpg',0,'1690376862eyeshdow1.jpg',1563,'App\\Models\\Product','2023-07-26 13:07:42','2023-07-26 13:07:42'),(3082,'/uploads/product/1563/1690376863eyeshadow3.jpg',0,'1690376863eyeshadow3.jpg',1563,'App\\Models\\Product','2023-07-26 13:07:43','2023-07-26 13:07:43'),(3083,'/uploads/product/1563/1690376977eyeshadow2.jpg',0,'1690376977eyeshadow2.jpg',1563,'App\\Models\\Product','2023-07-26 13:09:37','2023-07-26 13:09:37'),(3084,'/uploads/product/1563/1690376978eyeshdow1.jpg',0,'1690376978eyeshdow1.jpg',1563,'App\\Models\\Product','2023-07-26 13:09:38','2023-07-26 13:09:38'),(3085,'/uploads/product/1563/1690376978eyeshadow3.jpg',0,'1690376978eyeshadow3.jpg',1563,'App\\Models\\Product','2023-07-26 13:09:38','2023-07-26 13:09:38'),(3087,'/uploads/categories/191/1690635910Amara-Zizi-cloudy.jpg',0,'1690635910Amara-Zizi-cloudy.jpg',191,'App\\Models\\Category','2023-07-29 13:05:10','2023-07-29 13:05:10'),(3089,'/uploads/categories/213/1690636213Celena-slider-hazel-green.jpg',0,'1690636213Celena-slider-hazel-green.jpg',213,'App\\Models\\Category','2023-07-29 13:10:13','2023-07-29 13:10:13'),(3090,'/uploads/categories/151/1690639683Deluna-slider.jpg',0,'1690639683Deluna-slider.jpg',151,'App\\Models\\Category','2023-07-29 14:08:03','2023-07-29 14:08:03'),(3091,'/uploads/categories/144/1690640110Celena-slider-hazel-green.jpg',0,'1690640110Celena-slider-hazel-green.jpg',144,'App\\Models\\Category','2023-07-29 14:15:10','2023-07-29 14:15:10'),(3093,'/uploads/categories/276/1691479680coopervision-slider.jpg',0,'1691479680coopervision-slider.jpg',276,'App\\Models\\Category','2023-08-08 07:28:00','2023-08-08 07:28:00'),(3094,'/uploads/categories/172/1691479710coopervision-slider.jpg',0,'1691479710coopervision-slider.jpg',172,'App\\Models\\Category','2023-08-08 07:28:30','2023-08-08 07:28:30'),(3098,'/uploads/categories/251/16928868511682866436Loroayl-pearly.jpg',0,'16928868511682866436Loroayl-pearly.jpg',251,'App\\Models\\Category','2023-08-24 14:20:51','2023-08-24 14:20:51'),(3100,'/uploads/categories/257/1693147824Mylense-30 percent-offer.jpg',0,'1693147824Mylense-30 percent-offer.jpg',257,'App\\Models\\Category','2023-08-27 14:50:24','2023-08-27 14:50:24'),(3101,'/uploads/categories/258/1693148340naturel-banner-30.jpg',0,'1693148340naturel-banner-30.jpg',258,'App\\Models\\Category','2023-08-27 14:59:00','2023-08-27 14:59:00'),(3103,'/uploads/categories/255/1693230285Luminous-40percent-slider-9months.jpg',0,'1693230285Luminous-40percent-slider-9months.jpg',255,'App\\Models\\Category','2023-08-28 13:44:45','2023-08-28 13:44:45'),(3104,'/uploads/categories/358/1693232389Sunglasses-slider-avanglion60.jpg',0,'1693232389Sunglasses-slider-avanglion60.jpg',358,'App\\Models\\Category','2023-08-28 14:19:49','2023-08-28 14:19:49'),(3105,'/uploads/categories/359/1693232412Polaglare offer60.jpg',0,'1693232412Polaglare offer60.jpg',359,'App\\Models\\Category','2023-08-28 14:20:12','2023-08-28 14:20:12'),(3107,'/uploads/categories/360/1693232439sover-offer60.jpg',0,'1693232439sover-offer60.jpg',360,'App\\Models\\Category','2023-08-28 14:20:39','2023-08-28 14:20:39'),(3108,'/uploads/categories/193/1693923030Banner Amara.jpg',0,'1693923030Banner Amara.jpg',193,'App\\Models\\Category','2023-09-05 17:10:30','2023-09-05 17:10:30'),(3112,'/uploads/categories/235/1698054782Freshlook-Slider-new.jpg',0,'1698054782Freshlook-Slider-new.jpg',235,'App\\Models\\Category','2023-10-23 12:53:02','2023-10-23 12:53:02'),(3114,'/uploads/categories/305/1700323202offer balla Banner 1.jpg',0,'1700323202offer balla Banner 1.jpg',305,'App\\Models\\Category','2023-11-18 19:00:02','2023-11-18 19:00:02');

--
-- Table structure for table `government_translations`
--

CREATE TABLE `government_translations` (
  `id` int unsigned NOT NULL AUTO_INCREMENT,
  `government_id` int unsigned NOT NULL,
  `name` varchar(255) CHARACTER SET utf8mb4 COLLATE utf8mb4_unicode_ci NOT NULL,
  `locale` varchar(255) CHARACTER SET utf8mb4 COLLATE utf8mb4_unicode_ci NOT NULL,
  `created_at` timestamp NULL DEFAULT NULL,
  `updated_at` timestamp NULL DEFAULT NULL,
  PRIMARY KEY (`id`),
  UNIQUE KEY `government_translations_government_id_locale_unique` (`government_id`,`locale`),
  KEY `government_translations_locale_index` (`locale`),
  CONSTRAINT `government_translations_government_id_foreign` FOREIGN KEY (`government_id`) REFERENCES `governments` (`id`) ON DELETE CASCADE
) ENGINE=InnoDB AUTO_INCREMENT=101 DEFAULT CHARSET=utf8mb4 COLLATE=utf8mb4_unicode_ci;

--
-- Dumping data for table `government_translations`
--

INSERT INTO `government_translations` (`id`, `government_id`, `name`, `locale`, `created_at`, `updated_at`) VALUES (15,8,'العاصمة','ar',NULL,NULL),(16,8,'Capital Governorate','en',NULL,NULL),(17,9,'الأحمدي','ar',NULL,NULL),(18,9,'Ahmadi Governorate','en',NULL,NULL),(19,10,'الفروانية','ar',NULL,NULL),(20,10,'Farwaniya Governorate','en',NULL,NULL),(21,11,'الجهراء','ar',NULL,NULL),(22,11,'Jahra Governorate','en',NULL,NULL),(23,12,'حولي','ar',NULL,NULL),(24,12,'Hawalli Governorate','en',NULL,NULL),(25,13,'مبارك الكبير','ar',NULL,NULL),(26,13,'Mubarak Al-Kabeer Governorate','en',NULL,NULL),(27,14,'أبو ظبي','ar',NULL,NULL),(28,14,'Abu Dhabi','en',NULL,NULL),(29,15,'عجمان','ar',NULL,NULL),(30,15,'Ajman','en',NULL,NULL),(31,16,'العين','ar',NULL,NULL),(32,16,'Al Ain','en',NULL,NULL),(33,17,'دبي','ar',NULL,NULL),(34,17,'Dubai','en',NULL,NULL),(35,18,'الفجيرة','ar',NULL,NULL),(36,18,'Fujairah','en',NULL,NULL),(37,19,'راس الخيمة','ar',NULL,NULL),(38,19,'Ras Al Khaima','en',NULL,NULL),(39,20,'الشارقة','ar',NULL,NULL),(40,20,'Sharjah','en',NULL,NULL),(41,21,'ام القيوين','ar',NULL,NULL),(42,21,'Um Al Quwain','en',NULL,NULL),(43,22,'الباحه','ar',NULL,NULL),(44,22,'Al Bahah','en',NULL,NULL),(45,23,'الجوف','ar',NULL,NULL),(46,23,'Al Jawf','en',NULL,NULL),(47,24,'المدينة','ar',NULL,NULL),(48,24,'Al Madinah','en',NULL,NULL),(49,25,'عسير','ar',NULL,NULL),(50,25,'Asir','en',NULL,NULL),(51,26,'ظهران','ar',NULL,NULL),(52,26,'Dhahran','en',NULL,NULL),(53,27,'الشرقية','ar',NULL,NULL),(54,27,'Eastern Province','en',NULL,NULL),(55,28,'حائل','ar',NULL,NULL),(56,28,'Hail','en',NULL,NULL),(57,29,'جدة','ar',NULL,NULL),(58,29,'Jeddah','en',NULL,NULL),(59,30,'جيزان','ar',NULL,NULL),(60,30,'Jizan','en',NULL,NULL),(61,31,'مكة','ar',NULL,NULL),(62,31,'Mecca','en',NULL,NULL),(63,32,'نجران','ar',NULL,NULL),(64,32,'Najran','en',NULL,NULL),(65,33,'الحدود الشمالية','ar',NULL,NULL),(66,33,'Northern Boarders','en',NULL,NULL),(67,34,'القصيم','ar',NULL,NULL),(68,34,'Qassim','en',NULL,NULL),(69,35,'الرياض','ar',NULL,NULL),(70,35,'Riyadh','en',NULL,NULL),(71,36,'تبوك','ar',NULL,NULL),(72,36,'Tabuk','en',NULL,NULL),(73,37,'المنامة','ar',NULL,NULL),(74,37,'Manama','en',NULL,NULL),(75,38,'المحرق','ar',NULL,NULL),(76,38,'Muharraq','en',NULL,NULL),(77,39,'المحافظة الشمالية','ar',NULL,NULL),(78,39,'Northern Governorate','en',NULL,NULL),(79,40,'المحافظة الجنوبية','ar',NULL,NULL),(80,40,'Souther Governorate','en',NULL,NULL),(81,41,'مدن قطر','ar',NULL,NULL),(82,41,'Qatar Cities','en',NULL,NULL),(83,42,'محافظة الداخلية','ar',NULL,NULL),(84,42,'Ad Dakhiliyah','en',NULL,NULL),(85,43,'محافظ الظاهرة','ar',NULL,NULL),(86,43,'Ad Dhahirah','en',NULL,NULL),(87,44,'الباطنة','ar',NULL,NULL),(88,44,'Al Batinah','en',NULL,NULL),(89,45,'البريمي','ar',NULL,NULL),(90,45,'Al Buraimi','en',NULL,NULL),(91,46,'الوسطى','ar',NULL,NULL),(92,46,'Al Wusta','en',NULL,NULL),(93,47,'المنطقة الشرقية','ar',NULL,NULL),(94,47,'Al Sharqiyah','en',NULL,NULL),(95,48,'محافظة ظفار','ar',NULL,NULL),(96,48,'Dhofar','en',NULL,NULL),(97,49,'محافظة مسندم','ar',NULL,NULL),(98,49,'Musandam','en',NULL,NULL),(99,50,'محافظة مسقط','ar',NULL,NULL),(100,50,'Muscat','en',NULL,NULL);

--
-- Table structure for table `governments`
--

CREATE TABLE `governments` (
  `id` int unsigned NOT NULL AUTO_INCREMENT,
  `status` int NOT NULL DEFAULT '1',
  `address_address` varchar(255) CHARACTER SET utf8mb4 COLLATE utf8mb4_unicode_ci NOT NULL,
  `address_latitude` double NOT NULL,
  `address_longitude` double NOT NULL,
  `created_at` timestamp NULL DEFAULT NULL,
  `updated_at` timestamp NULL DEFAULT NULL,
  `country_id` int DEFAULT NULL,
  PRIMARY KEY (`id`)
) ENGINE=InnoDB AUTO_INCREMENT=51 DEFAULT CHARSET=utf8mb4 COLLATE=utf8mb4_unicode_ci;

--
-- Dumping data for table `governments`
--

INSERT INTO `governments` (`id`, `status`, `address_address`, `address_latitude`, `address_longitude`, `created_at`, `updated_at`, `country_id`) VALUES (8,1,'العاصمة، Kuwait',29.3342457,47.9812152,'2022-08-24 14:00:00','2022-12-10 06:48:49',1),(9,1,'الأحمدي',0,0,'2022-08-24 14:01:23','2022-08-24 14:01:23',1),(10,1,'الفروانية',0,0,'2022-08-24 14:01:45','2022-08-24 14:01:45',1),(11,1,'الجهراء',0,0,'2022-08-24 14:02:14','2022-08-24 14:02:14',1),(12,1,'حولي',0,0,'2022-08-24 14:02:34','2022-08-24 14:02:34',1),(13,1,'مبارك الكبير',0,0,'2022-08-24 14:02:50','2022-08-24 14:02:50',1),(14,1,'Abu Dhabi - United Arab Emirates',24.453884,54.3773438,'2023-03-29 06:05:37','2023-03-29 06:05:37',4),(15,1,'Ajman - United Arab Emirates',25.4052165,55.5136433,'2023-03-29 06:06:04','2023-03-29 06:06:04',4),(16,1,'Al Ain - Abu Dhabi - United Arab Emirates',24.1301619,55.8023118,'2023-03-29 06:06:25','2023-03-29 06:06:25',4),(17,1,'Dubai - United Arab Emirates',25.2048493,55.2707828,'2023-03-29 06:06:57','2023-03-29 06:06:57',4),(18,1,'Fujairah - United Arab Emirates',25.1288099,56.3264849,'2023-03-29 06:07:19','2023-03-29 06:07:19',4),(19,1,'Ras Al-Khaimah - Ras al Khaimah - United Arab Emirates',25.8006926,55.9761994,'2023-03-29 06:07:55','2023-03-29 06:07:55',4),(20,1,'Sharjah - United Arab Emirates',25.3461555,55.42109319999999,'2023-03-29 06:08:24','2023-03-29 06:08:24',NULL),(21,1,'Umm Al Quwain - Umm Al Quawain - United Arab Emirates',25.5507975,55.5524476,'2023-03-29 06:08:58','2023-03-29 06:08:58',4),(22,1,'Al Bahah Saudi Arabia',20.0217407,41.4712733,'2023-03-29 09:00:06','2023-03-29 09:00:06',9),(23,1,'Al Jawf Saudi Arabia',29.887356,39.3206241,'2023-03-29 09:00:29','2023-03-29 09:00:29',9),(24,1,'Al Madinah Al Munawwarah Saudi Arabia',24.5246542,39.5691841,'2023-03-29 09:00:53','2023-03-29 09:00:53',9),(25,1,'Asir',24.5246542,39.5691841,'2023-03-29 09:01:18','2023-03-29 09:01:18',9),(26,1,'Dhahran Saudi Arabia',26.2361248,50.0393017,'2023-03-29 09:01:43','2023-03-29 09:01:43',9),(27,1,'Eastern Province Saudi Arabia',23.5681347,50.6793759,'2023-03-29 09:02:08','2023-03-29 09:02:08',9),(28,1,'Hail Saudi Arabia',27.5114102,41.7208243,'2023-03-29 09:02:29','2023-03-29 09:02:29',9),(29,1,'Jeddah Saudi Arabia',21.485811,39.19250479999999,'2023-03-29 09:02:48','2023-03-29 09:02:48',9),(30,1,'Jizan Saudi Arabia',16.8893586,42.57056740000001,'2023-03-29 09:03:08','2023-03-29 09:03:08',9),(31,1,'Mecca Saudi Arabia',21.3890824,39.8579118,'2023-03-29 09:03:35','2023-03-29 09:03:35',9),(32,1,'Najran Saudi Arabia',17.5656036,44.2289441,'2023-03-29 09:03:58','2023-03-29 09:03:58',9),(33,1,'Northern Borders Province Saudi Arabia',30.0799162,42.8637875,'2023-03-29 09:04:23','2023-03-29 09:04:23',9),(34,1,'Qassim Saudi Arabia',26.207826,43.483738,'2023-03-29 09:04:57','2023-03-29 09:04:57',9),(35,1,'Riyadh Saudi Arabia',24.7135517,46.6752957,'2023-03-29 09:05:21','2023-03-29 09:05:21',9),(36,1,'Tabuk Saudi Arabia',28.3835079,36.5661908,'2023-03-29 09:05:41','2023-03-29 09:05:41',9),(37,1,'Manama, Bahrain',26.2235305,50.5875935,'2023-04-02 05:17:46','2023-04-02 05:17:46',10),(38,1,'Muharraq, Bahrain',26.2534919,50.60825579999999,'2023-04-02 05:18:17','2023-04-02 05:18:17',10),(39,1,'Northern Governorate, Bahrain',26.1882301,50.4928628,'2023-04-02 05:18:54','2023-04-02 05:18:54',10),(40,1,'Southern Governorate, Bahrain',26.0303854,50.5549719,'2023-04-02 05:20:51','2023-04-02 05:20:51',10),(41,1,'Qatar Cities',0,0,'2023-04-02 06:08:49','2023-04-02 06:08:49',11),(42,1,'Ad Dakhiliyah ‍Governorate, Oman',22.8588758,57.5394356,'2023-04-02 06:25:24','2023-04-02 06:25:24',12),(43,1,'Ad Dhahirah Governorate, Oman',23.2161674,56.4907444,'2023-04-02 06:26:01','2023-04-02 06:26:01',12),(44,1,'Al Batinah South Governorate, Oman',23.4314903,57.4239796,'2023-04-02 06:26:26','2023-04-02 06:26:26',12),(45,1,'Al Buraimi, Oman',24.2815207,55.8245558,'2023-04-02 06:26:49','2023-04-02 06:26:49',12),(46,1,'Al Wustá, Oman',19.9571078,56.2756846,'2023-04-02 06:27:11','2023-04-02 06:27:11',12),(47,1,'Al Sharqiyah Expressway، Oman',22.3179335,59.1234785,'2023-04-02 06:27:37','2023-04-02 06:27:37',12),(48,1,'Dhofar Governorate, Oman',17.0322121,54.1425214,'2023-04-02 06:28:05','2023-04-02 06:28:05',12),(49,1,'Musandam, Oman',26.1986144,56.2460949,'2023-04-02 06:28:26','2023-04-02 06:28:26',12),(50,1,'Muscat, Oman',23.5880307,58.3828717,'2023-04-02 06:28:42','2023-04-02 06:28:42',12);

--
-- Table structure for table `migrations`
--

CREATE TABLE `migrations` (
  `id` int unsigned NOT NULL AUTO_INCREMENT,
  `migration` varchar(255) CHARACTER SET utf8mb4 COLLATE utf8mb4_unicode_ci NOT NULL,
  `batch` int NOT NULL,
  PRIMARY KEY (`id`)
) ENGINE=InnoDB AUTO_INCREMENT=69 DEFAULT CHARSET=utf8mb4 COLLATE=utf8mb4_unicode_ci;

--
-- Dumping data for table `migrations`
--

INSERT INTO `migrations` (`id`, `migration`, `batch`) VALUES (1,'2014_10_12_000000_create_users_table',1),(2,'2014_10_12_100000_create_password_resets_table',1),(3,'2016_06_01_000001_create_oauth_auth_codes_table',1),(4,'2016_06_01_000002_create_oauth_access_tokens_table',1),(5,'2016_06_01_000003_create_oauth_refresh_tokens_table',1),(6,'2016_06_01_000004_create_oauth_clients_table',1),(7,'2016_06_01_000005_create_oauth_personal_access_clients_table',1),(8,'2019_08_19_000000_create_failed_jobs_table',1),(9,'2019_12_14_000001_create_personal_access_tokens_table',1),(10,'2022_02_06_071010_laratrust_setup_tables',1),(11,'2022_02_07_073030_create_public_notifcations_table',1),(12,'2022_02_07_131228_create_topics_table',1),(13,'2022_02_07_131335_create_topic_subscripts_table',1),(14,'2022_02_10_131840_create_short_terms_table',1),(15,'2022_03_24_101035_create_sliders_table',1),(16,'2022_03_24_114417_create_slider_translations_table',1),(17,'2022_05_29_115314_create_categories_table',1),(18,'2022_05_29_115351_create_category_translations_table',1),(19,'2022_05_31_082944_create_products_tables',1),(20,'2022_05_31_083136_create_product_translations_table',1),(21,'2022_05_31_084033_create_features_table',1),(22,'2022_05_31_084050_create_feature_translations_table',1),(23,'2022_05_31_084308_create_feature_options_table',1),(24,'2022_05_31_084333_create_feature_option_translations_table',1),(25,'2022_05_31_085551_create_files_table',1),(26,'2022_05_31_112821_create_product_categories_table',1),(27,'2022_06_02_080435_create_payment_methods_table',1),(28,'2022_06_02_080436_create_shipping_types_table',1),(29,'2022_06_02_080440_create_orders_table',1),(30,'2022_06_02_081214_create_product_orders_table',1),(31,'2022_06_02_081356_create_order_product_features_table',1),(32,'2022_06_02_082600_create_payment_method_translations_table',1),(33,'2022_06_02_082610_create_shipping_type_translations_table',1),(34,'2022_06_02_122112_create_governments_table',1),(35,'2022_06_02_122142_create_government_translations_table',1),(36,'2022_06_02_122214_create_regions_table',1),(37,'2022_06_02_122222_create_region_translations_table',1),(38,'2022_06_02_133202_create_arrival_prices_table',1),(39,'2022_06_04_091835_added_checked_to_products_table',1),(40,'2022_06_05_073619_create_coupons_table',1),(41,'2022_06_05_074500_create_coupone_relateds_table',1),(42,'2022_06_05_081404_create_user_products_table',1),(43,'2022_06_05_113923_create_user_addresses_table',1),(44,'2022_06_08_101900_create_arrivals_table',1),(45,'2022_06_08_102003_create_arrival_times_table',1),(46,'2022_06_09_132916_create_order_coupons_table',1),(47,'2022_06_09_134805_add_category_id_to_product_orders_table',1),(48,'2022_06_11_093816_added_checked_to_user_addresses_table',1),(49,'2022_06_11_102956_added_delivery_date_time_to_orders_table',1),(50,'2022_06_11_103215_create_order_shippings_table',1),(51,'2022_06_18_093322_create_order_comments_table',1),(52,'2022_06_19_082401_create_tagers_table',1),(53,'2022_06_20_102847_added_latـlang_table',1),(54,'2022_06_20_135514_create_user_categories_table',1),(55,'2022_06_21_073606_added_image_to_user_table',1),(56,'2022_06_25_095040_create_refund_products_table',2),(57,'2022_06_26_105000_create_user_orders_table',3),(58,'2022_06_26_125130_create_contacts_table',4),(59,'2022_06_28_111636_create_pages_table',5),(60,'2022_06_28_111731_create_page_translations_table',5),(61,'2022_07_17_122026_create_order_options_table',6),(62,'2023_01_22_085447_create_pwrs_table',7),(63,'2023_01_22_085741_create_product_pwrs_table',8),(64,'2023_01_22_112213_create_offers_table',9),(65,'2023_01_22_113541_create_offer_translations_table',9),(67,'2023_01_27_121549_create_offer_orders_table',10),(68,'2023_02_22_092633_create_visitors_table',11);

--
-- Table structure for table `oauth_access_tokens`
--

CREATE TABLE `oauth_access_tokens` (
  `id` varchar(100) CHARACTER SET utf8mb4 COLLATE utf8mb4_unicode_ci NOT NULL,
  `user_id` bigint unsigned DEFAULT NULL,
  `client_id` bigint unsigned NOT NULL,
  `name` varchar(255) CHARACTER SET utf8mb4 COLLATE utf8mb4_unicode_ci DEFAULT NULL,
  `scopes` text CHARACTER SET utf8mb4 COLLATE utf8mb4_unicode_ci,
  `revoked` tinyint(1) NOT NULL,
  `created_at` timestamp NULL DEFAULT NULL,
  `updated_at` timestamp NULL DEFAULT NULL,
  `expires_at` datetime DEFAULT NULL,
  PRIMARY KEY (`id`),
  KEY `oauth_access_tokens_user_id_index` (`user_id`)
) ENGINE=InnoDB DEFAULT CHARSET=utf8mb4 COLLATE=utf8mb4_unicode_ci;

--
-- Dumping data for table `oauth_access_tokens`
--

INSERT INTO `oauth_access_tokens` (`id`, `user_id`, `client_id`, `name`, `scopes`, `revoked`, `created_at`, `updated_at`, `expires_at`) VALUES ('003e5964f7c098faeff68cdce59e7717fe9c776e2e45dc9531a017b885cee72af827317b2915224c',204,1,'focus','[]',0,'2023-05-01 05:39:56','2023-05-01 05:39:56','2024-05-01 08:39:56'),('00c834e576f2e276022f68cd87b35a77e51b3fcabeea39f992fc953bf2a783412377bddd8385cba5',307,1,'focus','[]',0,'2023-10-15 21:45:57','2023-10-15 21:45:57','2024-10-15 21:45:57'),('0113048176eacbee3f5df9e8fe502bd4e5a9dfc67f5c7671117ca6fde4faa3c1a582665ddd95e79d',98,1,'focus','[]',0,'2023-02-25 21:09:16','2023-02-25 21:09:16','2024-02-25 23:09:16'),('013781698070f02b9eb732d61515a864beadb12d83b1caf01de37efe2dabd64a819b887fb0fa0b85',216,1,'focus','[]',0,'2023-05-19 23:23:57','2023-05-19 23:23:57','2024-05-20 02:23:57'),('0137ad1c9bd40822b439e8cd0f2af935f8f0dafc71132bfe2b1ded01d6984da4e5425754644bd002',188,1,'focus','[]',0,'2023-04-21 02:58:44','2023-04-21 02:58:44','2024-04-21 04:58:44'),('018382a8a39760b16f307b3555827a89ced0c9807faf8cd14087b966b969af851c546cc1ccedcb5f',153,1,'focus','[]',0,'2023-04-12 05:36:24','2023-04-12 05:36:24','2024-04-12 07:36:24'),('01ebf4241c85fb4916496c40bb92e7e90c5bb7db6241a5b159092752dc7bbb9464123c778bb67246',183,1,'focus','[]',0,'2023-04-20 14:38:49','2023-04-20 14:38:49','2024-04-20 16:38:49'),('029c492ad49e8d9a34862671d09fa3c5b8d6ac8353395e9919fe843501ae121b4fb983681ef55bc4',98,1,'focus','[]',0,'2023-02-21 09:51:48','2023-02-21 09:51:48','2024-02-21 11:51:48'),('036ae13a53398f9d909012abe90c39e90ad979419c5e9f52ade80e3f326d8c8e682b0ea67016b653',176,1,'focus','[]',0,'2023-04-18 17:09:28','2023-04-18 17:09:28','2024-04-18 19:09:28'),('039f382c940aa5658e52acfe1d96ae895305ddc0e3d1de0f30196747384bc338b163829ef1765745',97,1,'focus','[]',0,'2023-02-20 05:52:05','2023-02-20 05:52:05','2024-02-20 07:52:05'),('042d505cbd72bdb95e5088a6651c051a61de2cf523eec1f17a5996aaa3e17cadae0ed2ea60386b54',324,1,'focus','[]',0,'2023-11-19 01:07:54','2023-11-19 01:07:54','2024-11-19 01:07:54'),('043ed18cbdb93561e62012db6accf87b2b14acc191f87c03a1001bb4532c547383a1415f5bbf9a88',163,1,'focus','[]',0,'2023-04-15 10:56:50','2023-04-15 10:56:50','2024-04-15 12:56:50'),('04520a38c9e4a7c5a62e3fbf35e9e0ef61d5055d8252f0e1704cccfff2fecde3d3aafff8182f0df5',125,1,'focus','[]',0,'2023-04-09 09:41:10','2023-04-09 09:41:10','2024-04-09 11:41:10'),('04c5783973d49237e263303d40d3d2e9f17a41ddfb98b934cdf0e859072814b1e3398baf45293433',73,1,'mazraa','[]',0,'2022-09-28 09:10:32','2022-09-28 09:10:32','2023-09-28 11:10:32'),('054ddae020a5b31c9342ae65023a05c62c70579edfd78800367bc7dfee1fb1fe2f774bd4749f0270',124,1,'focus','[]',0,'2023-04-09 09:36:55','2023-04-09 09:36:55','2024-04-09 11:36:55'),('0577ee463192a318248e126cd59735f15bc1a7fb79ba3499bcc10cf925831ecb84efd4955a96ec02',292,1,'focus','[]',0,'2023-09-15 13:02:24','2023-09-15 13:02:24','2024-09-15 13:02:24'),('05a99f59b7bfa0052af91993af6aa88ead87af82631dfddccec978129153ae361e9b7d6b3bab0f03',201,1,'focus','[]',0,'2023-04-30 11:51:57','2023-04-30 11:51:57','2024-04-30 14:51:57'),('05ecbcae8ac934839cad8f4d2365cbdb1955ca191f185ed4f2333e57d46c728da012d068e5b73dd6',97,1,'focus','[]',0,'2023-02-20 11:05:58','2023-02-20 11:05:58','2024-02-20 13:05:58'),('06d6a47b866c6ecc39e78b9b665b031f3b2642520c31cc8e4b04ee85a59877e4e68b08aa1c10411e',71,1,'mazraa','[]',0,'2022-07-06 11:16:28','2022-07-06 11:16:28','2023-07-06 13:16:28'),('06da447d74de85c8b73410de9d75a0ec9a6125cfed910acb0b79e0c7a11b361e95a4d02bd65ee305',1,1,'gold','[]',0,'2022-12-10 08:23:25','2022-12-10 08:23:25','2023-12-10 10:23:25'),('0770119bbc9a6dc7d9fb4fa5026d9fe581552532d6b788f330c193433dd20801c00285fa8e5e2a6f',62,1,'mazraa','[]',0,'2022-07-01 12:26:25','2022-07-01 12:26:25','2023-07-01 14:26:25'),('078cd2ab99b2423566839bacd19ef5de614be5fdf9ecf000f20df96f3fbf5bad142698c8133784da',183,1,'focus','[]',0,'2023-04-20 14:38:41','2023-04-20 14:38:41','2024-04-20 16:38:41'),('07ebfc248b8ee322c1da960b5f15d8f5dde910e6432ac672b41d0637e111643e99be361ebb566813',313,1,'focus','[]',0,'2023-10-24 15:28:09','2023-10-24 15:28:09','2024-10-24 15:28:09'),('07f0d44373ca253463e394592a5d48e8e274097143488d3899ae92dd5bf3ed1b8de88883dae7b108',148,1,'focus','[]',0,'2023-04-15 09:51:14','2023-04-15 09:51:14','2024-04-15 11:51:14'),('07fcee89137af8b454de2396a88a506976a390cdde944d2d001b1df3248d131d18afad07bdbd555f',191,1,'focus','[]',0,'2023-04-21 23:14:34','2023-04-21 23:14:34','2024-04-22 01:14:34'),('0831536865ebdfc74e4e5a9d01eb3f72b76a22cf04be3c6fb26fe9772d0aaf804c2858c24efcf9df',153,1,'focus','[]',0,'2023-10-03 11:59:35','2023-10-03 11:59:35','2024-10-03 11:59:35'),('0844dbac76a3ebc59523c15f6b084ff7db2ea304a7ea4ccba7ceaf483054357d15a3896c5a376e26',101,1,'focus','[]',0,'2023-02-27 06:24:40','2023-02-27 06:24:40','2024-02-27 08:24:40'),('08589339d97ec145b666a00eb78c53093b276b9bf0d78fdadebf42cef76466f6a3fbcd9d96270aac',115,1,'focus','[]',0,'2023-03-08 05:58:03','2023-03-08 05:58:03','2024-03-08 07:58:03'),('0879131f2b4191a17f13c665094af58465538d7e788b35f05ac6037a505ea13bdf0e9d7fd6a500f2',306,1,'focus','[]',0,'2023-10-15 19:58:58','2023-10-15 19:58:58','2024-10-15 19:58:58'),('087b21b9a67a2f5eb1dd5300caa483317d22406207a18b8750744e01c5f1c458793a44ba96835220',127,1,'focus','[]',0,'2023-04-09 09:58:45','2023-04-09 09:58:45','2024-04-09 11:58:45'),('08e3bce0b57314a8406874f1afd1da30bde608a417cfd8658b7d099995b0e1ea651406dd97ba0ab0',126,1,'focus','[]',0,'2023-04-09 09:47:55','2023-04-09 09:47:55','2024-04-09 11:47:55'),('090e2a8efab00eee3badc129a95cf6583fea932011a13035324cc5c81400a22d34bc7adafa65be6b',98,1,'focus','[]',0,'2023-02-21 19:31:00','2023-02-21 19:31:00','2024-02-21 21:31:00'),('0929f6affbac8e2a58ca60586a6c17a26e983fced0083ac433d7de56ace0e2dee2d63cca141b012a',292,1,'focus','[]',0,'2023-09-15 13:03:07','2023-09-15 13:03:07','2024-09-15 13:03:07'),('094f5f3fd50f7cca02992d3e1f98ec6e5937431dadd8e32ee65817bc5099dc7aa16b445c0f1a0939',78,1,'gold','[]',0,'2022-10-29 06:57:43','2022-10-29 06:57:43','2023-10-29 08:57:43'),('097819e9b7d5769f0f9b075da44afb0d8b483a69f01ccbd2a452b6a46741e3ea89448565290bf209',1,1,'gold','[]',0,'2022-11-15 09:34:30','2022-11-15 09:34:30','2023-11-15 11:34:30'),('0a225ed84926c4fb96279f3371584d1abf142f29e9e71e98ca24ae64c9b4770989d78831cfaf8dd0',96,1,'focus','[]',0,'2023-02-18 20:33:53','2023-02-18 20:33:53','2024-02-18 22:33:53'),('0a4925f11dff417f089fae4b7f7214af795a21af6ab129096619298c5afe3c692a0636068a8c84b5',87,1,'focus','[]',0,'2023-02-17 09:03:33','2023-02-17 09:03:33','2024-02-17 11:03:33'),('0a6258537cc17db5104fe9912ce49eed5a184f1b929da9b2a9e5740d63a0e70c05988d6b86d8e380',292,1,'focus','[]',0,'2023-09-15 13:03:06','2023-09-15 13:03:06','2024-09-15 13:03:06'),('0b9043c7d585bf34670cb79daa62045a2c033c6329f2aa7c379990ba8ea779bb821ca1c2adc14ba7',285,1,'focus','[]',0,'2023-08-28 04:11:47','2023-08-28 04:11:47','2024-08-28 07:11:47'),('0bf126d7633fae011ddb030611a11fc43214551e9d32fdd8fb9deabed29f9c2812bb3c53f2e101e8',1,1,'gold','[]',0,'2022-12-06 05:38:39','2022-12-06 05:38:39','2023-12-06 07:38:39'),('0c275cd38c2543fdcc8ee912f948f7205031e917e2f108d2dad365e2aba6e3e383e251d4823e60c5',88,1,'focus','[]',0,'2023-02-17 20:35:15','2023-02-17 20:35:15','2024-02-17 22:35:15'),('0c4be3baec2bb77d7b065d4f8f1eb9de25fd92cf587f7aa2cdf5a01f0491687928cd8685bc51fbcb',77,1,'mazraa','[]',0,'2022-09-29 06:35:57','2022-09-29 06:35:57','2023-09-29 08:35:57'),('0c900e2c764e7f29ed0022c8d237c409a9e59f296c58070c22c124fd3b4d0b215ea98435147c4366',149,1,'focus','[]',0,'2023-04-11 05:31:29','2023-04-11 05:31:29','2024-04-11 07:31:29'),('0cd75a862ae593ae0af6f77883296f37aface7d5b593468cdb80451c2f75463b9a4fd49ce0ddd3e8',97,1,'focus','[]',0,'2023-02-19 08:47:04','2023-02-19 08:47:04','2024-02-19 10:47:04'),('0d1c89fda49a17e6d6f0662e79487e73e9fc6c7ce470f5a4824d7b3dec67e690cf047cd5902abc2b',262,1,'focus','[]',0,'2023-07-24 16:23:59','2023-07-24 16:23:59','2024-07-24 19:23:59'),('0d5245413f8f5c8a705ec3d0aaff5a67cddaec667a1ee2ab771508adcb9db094f801792f36eaedcc',258,1,'focus','[]',0,'2023-07-15 07:37:54','2023-07-15 07:37:54','2024-07-15 10:37:54'),('0dcee8affd05276839bd2d2643dff6a1679eec95e436ebb2838fd24ac52b98f2133ea79ed5209ea4',241,1,'focus','[]',0,'2023-06-26 11:21:03','2023-06-26 11:21:03','2024-06-26 14:21:03'),('0dfc2961bcddc0e895420c5e519bc5298bbafa6ba0ad72c24a6754da013b449614d23683e0ea98b3',116,1,'focus','[]',0,'2023-03-07 22:17:21','2023-03-07 22:17:21','2024-03-08 00:17:21'),('0e1515dc645e8f3552536bb43d74751334d4865520836f752bbd6e449270a4f2feaa0c8c12a2bcf8',229,1,'focus','[]',0,'2023-06-02 13:48:47','2023-06-02 13:48:47','2024-06-02 16:48:47'),('0e183443ccbc078ed020a6329a45fc74229ce36c80cdcfc37d0ad98bf38d1786258768c6614129b4',171,1,'focus','[]',0,'2023-04-17 17:35:22','2023-04-17 17:35:22','2024-04-17 19:35:22'),('0e4dbec816dd744787e0f9b2d32835fc637fda95daedf93a5aabcfe80e02acf1325dca29adb22bb7',97,1,'focus','[]',0,'2023-02-20 12:31:30','2023-02-20 12:31:30','2024-02-20 14:31:30'),('0eba9fc97e6891e361acb63409d271fd3fc170b52ced8de1dd266a25eb5bcac9813f45c7be5acf58',269,1,'focus','[]',0,'2023-08-03 17:49:28','2023-08-03 17:49:28','2024-08-03 20:49:28'),('0f2756793a7aee37a3325c852792d60aa946387f14b0e3bd524933cfe50a4a0b2f0575b275883645',9,1,'mazraa','[]',0,'2022-09-28 08:49:49','2022-09-28 08:49:49','2023-09-28 10:49:49'),('0f2ae568fd47af063b556f3301531b10c7c31373ac123911ff567b1a4471962de2b2bcc89f8b447e',97,1,'focus','[]',0,'2023-02-19 09:36:27','2023-02-19 09:36:27','2024-02-19 11:36:27'),('0f4ba37f9ca35241ebb31c9657e066acb01c71225244a9d201c893a4088078a6126a4f29fa274350',77,1,'mazraa','[]',0,'2022-09-29 06:34:50','2022-09-29 06:34:50','2023-09-29 08:34:50'),('0fe2ce712b05c6d4840bc53b66a7f3590efc04cf8d90a6212712e6e560e531e72b6ac3726f41ff13',73,1,'mazraa','[]',0,'2022-10-01 16:16:08','2022-10-01 16:16:08','2023-10-01 18:16:08'),('0fead491935e3c631158882299eee49457240cf249ca5c48631ed2a36e21a449b1ae0ad991028e23',269,1,'focus','[]',0,'2023-09-02 17:12:00','2023-09-02 17:12:00','2024-09-02 17:12:00'),('0ffd0189053d55d02f4f6d1c542719e4641bf318e905b0da87bff1f03a5fed36b78fac3db091a92e',148,1,'focus','[]',0,'2023-04-12 10:45:40','2023-04-12 10:45:40','2024-04-12 12:45:40'),('10381fc7a9e15f72220f571c2b18fdd4cebf2e1743b1b474bb49a07bffc698a3c66a1d5b59a77677',287,1,'focus','[]',0,'2023-09-03 07:53:51','2023-09-03 07:53:51','2024-09-03 07:53:51'),('107fa3bdd7e59304c7706340edc903b3f5651d3c8e06328e532ddf26666723ef490b6142d0f0b885',114,1,'focus','[]',0,'2023-03-02 12:06:58','2023-03-02 12:06:58','2024-03-02 14:06:58'),('10eeebcecdbcb3ee61643a96abcb2b8b0585ac82edef6e41332f164b18c07a540d158e78a7620203',293,1,'focus','[]',0,'2023-09-21 09:30:55','2023-09-21 09:30:55','2024-09-21 09:30:55'),('11504c5d3d5ad4e9260440d7fecbeb99cc9be708d2ca2716fc82aa98a16ffb37b46e1031820dd7a3',149,1,'focus','[]',0,'2023-04-11 19:01:58','2023-04-11 19:01:58','2024-04-11 21:01:58'),('11e0578473668b9e4166a3bd713c3654cd8caab27ae449a2a1012c03caf9147db39a2645c138e322',134,1,'focus','[]',0,'2023-04-09 10:24:35','2023-04-09 10:24:35','2024-04-09 12:24:35'),('11e4e3c3d5546eeb00367f099262c4fe488a1aba1a644938f6a8c5ba2785dd52081789fd6ff91aa0',11,1,'mazraa','[]',0,'2022-06-23 08:02:47','2022-06-23 08:02:47','2023-06-23 10:02:47'),('121f3960f28da2ab5e18e54051c96cb5ef994cddacbb6aaa6855f38daa042bfbe689ee2d441b4ba5',73,1,'mazraa','[]',0,'2022-10-02 05:21:48','2022-10-02 05:21:48','2023-10-02 07:21:48'),('12afcfd56fc1367c6b00154c5304ad16a2d6ff07a07ffb750a91d7b7345765e5430d7f257d22230c',255,1,'focus','[]',0,'2023-07-07 18:07:06','2023-07-07 18:07:06','2024-07-07 21:07:06'),('12ebd141d29b06674b7af8f36abdaf26934dbf828e7f134c3d3ed5e34a946913be025e3dd7c4ef90',73,1,'mazraa','[]',0,'2022-11-17 08:05:03','2022-11-17 08:05:03','2023-11-17 10:05:03'),('135d1c9e6ab9ac3e682562f753f7f6e521f6ecfac88a951d3f4ec43f680bd2584e4aa9344c938806',82,1,'gold','[]',0,'2022-11-28 10:50:29','2022-11-28 10:50:29','2023-11-28 12:50:29'),('13bcc19997978844b9058dc02fd60b1743a77505248b643eb42189a86be28b557c0bdb6115d1b25e',225,1,'focus','[]',0,'2023-05-26 21:10:25','2023-05-26 21:10:25','2024-05-27 00:10:25'),('13f0b495253f992f94e188249f8a42c0314e97aa31d5fe92dc7880190123fc24243c3407b370f790',98,1,'focus','[]',0,'2023-02-21 20:17:06','2023-02-21 20:17:06','2024-02-21 22:17:06'),('13f5b6c3480159a48e90792e059c0c6a574ffb362b96c528f5f7d1268f9b01c62dc45eee6935840d',152,1,'focus','[]',0,'2023-04-12 05:32:16','2023-04-12 05:32:16','2024-04-12 07:32:16'),('1455211b53b1e4e6becd2dde88ed8ff502edb18f37883d4d6f0e5c2823972863426a489987ab6ce9',76,1,'mazraa','[]',0,'2022-09-29 06:18:30','2022-09-29 06:18:30','2023-09-29 08:18:30'),('145c30fb2e14ed3ea642e38b0148e7cfd37376c576b2661997fc7b5d33c05237917c3f42ddaa040f',116,1,'focus','[]',0,'2023-04-04 13:03:29','2023-04-04 13:03:29','2024-04-04 15:03:29'),('14a041d77c30cd38ffc3710f1a39954f278bd3dd7b165307fef0f5b9fd9b05ebd834935290cf5887',278,1,'focus','[]',0,'2023-08-18 20:02:28','2023-08-18 20:02:28','2024-08-18 23:02:28'),('14e261188550b59034961d1df195db81583a659b263f04f686c3f351c679b74738fd77677d3e8d26',110,1,'focus','[]',0,'2023-03-02 11:43:29','2023-03-02 11:43:29','2024-03-02 13:43:29'),('1585a8a4a003a926bff9dacfbfde5646bd45deeab2b431916451b68bf77f6aae1539d9ee6ed0d3ac',210,1,'focus','[]',0,'2023-05-07 15:49:30','2023-05-07 15:49:30','2024-05-07 18:49:30'),('15a65942ead48cf920c419b317f5bda965ddd12f529d50880c2da3bd6304c40922cd13bc4297f187',43,1,'mazraa','[]',0,'2022-06-23 09:31:29','2022-06-23 09:31:29','2023-06-23 11:31:29'),('15cc204d2665bfd89d9f8d9dfbb4b7140a42d2c69d3039b2779dc6be1a770b26308b8b63f9a66b39',230,1,'focus','[]',0,'2023-06-02 14:25:31','2023-06-02 14:25:31','2024-06-02 17:25:31'),('168731102b12b589e3a8c29102abe817654a9fb385fc78bc209ff13cf9078d5be0df0667b0a25316',257,1,'focus','[]',0,'2023-07-15 03:05:33','2023-07-15 03:05:33','2024-07-15 06:05:33'),('169128135ffbf069c55f8e7fff450f6c589eac7905efdffce3e1ac61b449b9a537c8c57a2e0beedc',76,1,'mazraa','[]',0,'2022-09-29 06:30:03','2022-09-29 06:30:03','2023-09-29 08:30:03'),('16ab442674f11633f651293b08aedb67d098e64a17d6a5c922cfb7418d9ef8f4c74ea519bc9ce7d3',57,1,'mazraa','[]',0,'2022-06-26 05:30:30','2022-06-26 05:30:30','2023-06-26 07:30:30'),('16c58257a012cdca0682407d0fd215d0d26df646762f7fcd77b9574a5f16b61ecbb5d157654720ce',45,1,'mazraa','[]',0,'2022-06-23 09:54:18','2022-06-23 09:54:18','2023-06-23 11:54:18'),('1712ed748ac06ae831653f2cc51ff742e1ada8ef0258762c95820ff82338f11e62bb30042737eb4c',240,1,'focus','[]',0,'2023-06-21 22:51:10','2023-06-21 22:51:10','2024-06-22 01:51:10'),('174b92ae488cb40f2b00492d85706c0ad35d50b9b63f07ee675540c84c19fda804c861642258807e',148,1,'focus','[]',0,'2023-04-13 01:44:02','2023-04-13 01:44:02','2024-04-13 03:44:02'),('1751beb55fc83f286ae792110729c6ba7b6240fcb666a873ffa8bf43be670a9f7889011dd993f66c',121,1,'focus','[]',0,'2023-04-09 08:58:46','2023-04-09 08:58:46','2024-04-09 10:58:46'),('17f9944984ac2dcd82a55d65d3167410fc5373c8200b8a99927a2c68facd238e4e369570bc79b8a1',93,1,'focus','[]',0,'2023-02-18 19:12:42','2023-02-18 19:12:42','2024-02-18 21:12:42'),('18a84fd2becb930a67174b004df41c6109a0668d2cbb5c8d8cb286e9f837fdfa6078aaa87c6b7baf',232,1,'focus','[]',0,'2023-06-05 14:55:16','2023-06-05 14:55:16','2024-06-05 17:55:16'),('18d02b832878a01734083f1cf2d3a33d471a029f4d7f4c027b06f18dc1ab5897c3dedd68c4dad34f',95,1,'focus','[]',0,'2023-02-18 19:43:15','2023-02-18 19:43:15','2024-02-18 21:43:15'),('18dc362376d42e2be5651064d6a3d557f672ea0e9e6769b63d130bff8334e7a6d68e40f70137077d',208,1,'focus','[]',0,'2023-05-05 12:34:40','2023-05-05 12:34:40','2024-05-05 15:34:40'),('194f8bce0f06c6a6d73ea4d076c4637e478a260a85e6763d67ec58291a391ca659e4e7588b7195bf',11,1,'mazraa','[]',0,'2022-06-23 08:03:59','2022-06-23 08:03:59','2023-06-23 10:03:59'),('196dd05d88f9db0c8957a1bb903b9379a78c262afbc7e4e9629725de1b491d61ecfb0c7c274049af',113,1,'focus','[]',0,'2023-03-02 12:04:34','2023-03-02 12:04:34','2024-03-02 14:04:34'),('1a9c43a3593cca2448c9921cc354f90ff8404ad2e17bbd199b499b7f35f9ba09aa690adca78edb0b',71,1,'mazraa','[]',0,'2022-07-06 11:19:42','2022-07-06 11:19:42','2023-07-06 13:19:42'),('1b1596fa0d5cebf24c26586a036030962be8592dc31a4b33b2dff14f9c6f135439520d78f2142a7b',65,1,'mazraa','[]',0,'2022-07-03 04:39:55','2022-07-03 04:39:55','2023-07-03 06:39:55'),('1b5c2f353de7aafecacfd98b40312b5b28660d6b15089560b6595e4dfaa67b4f524c4b6495ac4ace',18,1,'mazraa','[]',0,'2022-06-23 08:25:17','2022-06-23 08:25:17','2023-06-23 10:25:17'),('1ba2360b77d3e29b2fccf95cd62fdaeb39a757cc1e0309fc0971a530219557ba273ad556af3f5b0f',43,1,'mazraa','[]',0,'2022-06-23 09:31:14','2022-06-23 09:31:14','2023-06-23 11:31:14'),('1c3a78bdcb29a1c70689870a82a3e4ae6f352a2862fc4379fd33a547dd87eb026526dd4c53ddd212',252,1,'focus','[]',0,'2023-07-05 16:29:51','2023-07-05 16:29:51','2024-07-05 19:29:51'),('1d1cbffe82b45aa078ac505ff99b99e437fbed09308473d67dbb0b498fed641ecf076f20d5b2802c',97,1,'focus','[]',0,'2023-02-19 18:41:22','2023-02-19 18:41:22','2024-02-19 20:41:22'),('1d7abb8a1f3275b0dd1f750c9deec1eb488cfd524c40cccf444ebd79fa67fdfd0a56b3dfb7d6170e',305,1,'focus','[]',0,'2023-10-14 03:52:54','2023-10-14 03:52:54','2024-10-14 03:52:54'),('1d89f0ddcaf16a7cde6c5ea856b1974870cb296b0659960a359589c364f9483017fa957e27187c56',151,1,'focus','[]',0,'2023-04-11 12:32:34','2023-04-11 12:32:34','2024-04-11 14:32:34'),('1de71cc38e9a301dbc9e8f2512aca0877e5cc4e146b27cc16740319e41663e8442856120ae927172',172,1,'focus','[]',0,'2023-04-17 22:27:55','2023-04-17 22:27:55','2024-04-18 00:27:55'),('1e2ca9bdde5190548af6c0065fced877c7fc0fc41af4da1edabda6bbe1428ee1fc106a8956daf082',112,1,'focus','[]',0,'2023-03-02 12:01:46','2023-03-02 12:01:46','2024-03-02 14:01:46'),('1e3a0091a8a615293fc0da9942e1c5cded915b3ab85d7cfad0bcf8238367d8073d64c004ec160501',166,1,'focus','[]',0,'2023-04-16 01:34:53','2023-04-16 01:34:53','2024-04-16 03:34:53'),('1e49c47a0b5f7ce9e8bd8f4b358a7c5d90bfebf707649ad8c721e7a9633f2c02602ae4f1a992151c',11,1,'mazraa','[]',0,'2022-06-23 08:06:13','2022-06-23 08:06:13','2023-06-23 10:06:13'),('1eb836b75f449a5a5ee7cfb52a5f096e461b9f7c02c6d036d23b83fa8a47ca271148fe627ccd7115',289,1,'focus','[]',0,'2023-09-08 17:17:21','2023-09-08 17:17:21','2024-09-08 17:17:21'),('1ec0fabcee6ba1485def34b013fd3d5878355b4f1ea6315f1f4479f80240925bbfd81c238ed5ce74',73,1,'mazraa','[]',0,'2022-10-01 08:44:15','2022-10-01 08:44:15','2023-10-01 10:44:15'),('1ef27e228f9c58d9b95fb75a79812a204afe6630e888833951cfe98cdbed791056f70d8ef0a0ffea',149,1,'focus','[]',0,'2023-04-11 12:45:53','2023-04-11 12:45:53','2024-04-11 14:45:53'),('20436e1d60182252067778e280a8d42e017fbcb1235b72cca4f4d838549723686d6421729978ff85',116,1,'focus','[]',0,'2023-04-05 09:10:17','2023-04-05 09:10:17','2024-04-05 11:10:17'),('206dc63a192cfbe8706f0a0bf2db17cf89d9b404612491d76638f5b936431de787c23683650e5d22',178,1,'focus','[]',0,'2023-04-19 10:29:32','2023-04-19 10:29:32','2024-04-19 12:29:32'),('2090a21b23d6c2c544205318f745ba3d3e2e0ffbc043f11dd3e933dd53358a6572c2b072895b7a7d',281,1,'focus','[]',0,'2023-08-23 21:37:37','2023-08-23 21:37:37','2024-08-24 00:37:37'),('20b1e71c596ced90da6eb1e902f02901cf5152256b2f21b767222333a6a6609da19ad5380c2fd419',236,1,'focus','[]',0,'2023-06-14 04:01:24','2023-06-14 04:01:24','2024-06-14 07:01:24'),('20b3dda2783262ae7e7a56b101a30b58bf89c209bff9ec18a715c68818ad529a72144dfa32f733c0',11,1,'mazraa','[]',0,'2022-06-23 08:06:26','2022-06-23 08:06:26','2023-06-23 10:06:26'),('2123135a8f646791e87bfc9abe8b3bf9a4bdcb99ceca5ff71acb4526dbafd663cf9c10d6a127cfc7',116,1,'focus','[]',0,'2023-04-09 09:51:38','2023-04-09 09:51:38','2024-04-09 11:51:38'),('21331e5e263490964d4b050860b8eacd0dd7520b8614ec92ee6f12bd5b5cc25dce56562aa2bae63c',97,1,'focus','[]',0,'2023-02-20 05:38:12','2023-02-20 05:38:12','2024-02-20 07:38:12'),('21609e89ea57c036fbe46d6088a92d9b4aaec6070dd29f84db9e2a91fdbed5c66e043dc8d8855e1c',81,1,'mazraa','[]',0,'2022-10-30 08:06:35','2022-10-30 08:06:35','2023-10-30 10:06:35'),('216b7f4038ff4ff0a73506c21d31f9d6d2df68283bfe87ad2db7d2a5e3f3d690a7d418730ed4e1b6',73,1,'mazraa','[]',0,'2022-10-01 15:57:35','2022-10-01 15:57:35','2023-10-01 17:57:35'),('220a4c3a1abc9864ebde81dc5c8c4898b7dee59f879dfca68eb9bf78cf3a981d8fa9c8f33dbc17b8',319,1,'focus','[]',0,'2023-11-05 20:18:40','2023-11-05 20:18:40','2024-11-05 20:18:40'),('2250098629aba1eded343dc7542761474d2e878f1f00e69a7caa655dd5ed2c420d50c99a0818cfd8',115,1,'focus','[]',0,'2023-04-09 05:42:27','2023-04-09 05:42:27','2024-04-09 07:42:27'),('22d58ba5f3c403187842086fb1272d36ee804da715e54159aab88babab667d1d6036ca34077068aa',96,1,'focus','[]',0,'2023-02-18 19:52:46','2023-02-18 19:52:46','2024-02-18 21:52:46'),('23433612bf7759f4fbcc334ed6a16c81c686fe3b6920cc06bd9d6a3d806063462fa87a06882c22d9',162,1,'focus','[]',0,'2023-04-15 08:46:55','2023-04-15 08:46:55','2024-04-15 10:46:55'),('239f286554f7aff8e802d41e3a55e524fd6f84ba5039ec8ce8e8c76b70db99feeb97bdc0a412f06a',156,1,'focus','[]',0,'2023-04-12 15:29:44','2023-04-12 15:29:44','2024-04-12 17:29:44'),('23ccb4349167527e821885fa415559b24db4d05bc29b00c19075c8db27f0863d34f96b54d3e1f5e7',116,1,'focus','[]',0,'2023-04-05 09:21:58','2023-04-05 09:21:58','2024-04-05 11:21:58'),('245b94384569e4d962eb019868618be6592852be710221361ee239aada169751f2d41ca9377cd6fd',299,1,'focus','[]',0,'2023-10-03 11:48:22','2023-10-03 11:48:22','2024-10-03 11:48:22'),('24961d62b510f3aa4306c3cfa7a9f3cbaad30289b1931ba32021c489b8710dbf32a5758589d3f351',94,1,'focus','[]',0,'2023-02-18 19:15:15','2023-02-18 19:15:15','2024-02-18 21:15:15'),('25f30fa6c756e789b7a0438a268b0c91c6732e5baacd95304c5382b77a669f34f1e0bd44a81a8355',116,1,'focus','[]',0,'2023-03-22 16:54:46','2023-03-22 16:54:46','2024-03-22 18:54:46'),('26325f96840ff4c0dce4046290baddf194ad6099fb07bd3fb382ab001f014c1231ff97d4f8f12f60',328,1,'focus','[]',0,'2023-11-25 17:06:17','2023-11-25 17:06:17','2024-11-25 17:06:17'),('266e405a772fc1107e271b8a5813824b589878b0be58d60df8169200b379ceb10f5da678a034643c',206,1,'focus','[]',0,'2023-05-03 13:55:58','2023-05-03 13:55:58','2024-05-03 16:55:58'),('26754ce374909ec79b4e608a0678125e49fd475846d100b8356c83c2afbf07c4b0277ee1c81c00a5',97,1,'focus','[]',0,'2023-02-19 09:23:37','2023-02-19 09:23:37','2024-02-19 11:23:37'),('26a279b19322161216c323a9a0798133bda672c398957a84735776b8912759d3718d3ba653cd3436',72,1,'mazraa','[]',0,'2022-09-24 08:52:42','2022-09-24 08:52:42','2023-09-24 10:52:42'),('27c43b8ed2e3d4f25397cdc0c681ece5e4e502777a9010c6f66f1a7c83c7c9745fc2aa8945186a7b',115,1,'focus','[]',0,'2023-03-31 15:37:19','2023-03-31 15:37:19','2024-03-31 17:37:19'),('27cfbb2f9f8975b4495ed6d99f3893851febcbc7a035384f8dafd0d2791a087c699b2e7c5ba0b150',73,1,'mazraa','[]',0,'2022-10-01 06:05:19','2022-10-01 06:05:19','2023-10-01 08:05:19'),('280c4018542e59fd085a62e1f283b68a6b45d2a5a8741c023f01b36cd228b7a2a14e08f84f479ef0',129,1,'focus','[]',0,'2023-04-09 10:00:12','2023-04-09 10:00:12','2024-04-09 12:00:12'),('286e419c03b05f6c52fc4a8e481bc4508b7dbde6b6b4f5f6e274014d02cbf9116e96772c63f60a5f',212,1,'focus','[]',0,'2023-05-10 05:49:30','2023-05-10 05:49:30','2024-05-10 08:49:30'),('299c66937fcb2e125ed6cf126710b1162511d0e81e28d23c85e0f1c683bf2a9331f36dff581bf503',73,1,'mazraa','[]',0,'2022-11-17 06:26:32','2022-11-17 06:26:32','2023-11-17 08:26:32'),('29bf5769b820be9d59ab3f64b10627d6f2328b45cd49e15b8d9ae05510d83248dc54c3b66aa0d6f5',101,1,'focus','[]',0,'2023-02-27 05:59:46','2023-02-27 05:59:46','2024-02-27 07:59:46'),('2ad858e6659bade64ae08b28060359366aca777d90410314cb627ef227628522b1d1f8793417af35',97,1,'focus','[]',0,'2023-02-20 06:45:36','2023-02-20 06:45:36','2024-02-20 08:45:36'),('2b5a8c8c966a68b7335c7ed025c0ac6eef51fc7fde423c9f10c7c8760e339a5ab230056ef0292206',222,1,'focus','[]',0,'2023-05-26 13:21:02','2023-05-26 13:21:02','2024-05-26 16:21:02'),('2ba2fc0dc516a93af944352e99636ccf511660c510c76218747f54713c1eed00282f6056b5f2e095',131,1,'focus','[]',0,'2023-04-09 10:07:33','2023-04-09 10:07:33','2024-04-09 12:07:33'),('2bc7b57706c5774434a020a6b192e999e4f14aafb788fdf01376199fdac2dfe893cd13a70c0dca13',254,1,'focus','[]',0,'2023-07-06 16:56:06','2023-07-06 16:56:06','2024-07-06 19:56:06'),('2c2692598dcab6e836c84cfe122596aa7105ded69a4400bf9d0b2f40f72cb75d446d2d5a52c9107d',115,1,'focus','[]',0,'2023-03-07 16:19:31','2023-03-07 16:19:31','2024-03-07 18:19:31'),('2ca1a382141eddae08856b70eb8af853c75a904fe68f39cfbf1210edbff8c9fb1248b2aaad9fb055',116,1,'focus','[]',0,'2023-03-22 16:45:28','2023-03-22 16:45:28','2024-03-22 18:45:28'),('2da5e289aa4d330fa441a4ab0321fbda54cc43a81f500ff2513bfcf9c51b23f9fb02493eaa5d8ed1',9,1,'mazraa','[]',0,'2022-07-04 07:33:06','2022-07-04 07:33:06','2023-07-04 09:33:06'),('2e0f041d758ee179710c65d7387d63df56892c9ab2f768d448a74cd3d1041a40d6b4671e668df305',150,1,'focus','[]',0,'2023-04-11 06:02:45','2023-04-11 06:02:45','2024-04-11 08:02:45'),('2e1a100634b31f227ab3696c94f033c4276450c3b1cfa74f19f86d4853c08a21c385b71c90e2055b',180,1,'focus','[]',0,'2023-04-19 19:45:05','2023-04-19 19:45:05','2024-04-19 21:45:05'),('2e3481d95f5a5ccabab1bbd9a6e73e3e35c46c0b18cc617ea70a625abb0bb2656a557e3586219034',71,1,'mazraa','[]',0,'2022-07-06 09:07:56','2022-07-06 09:07:56','2023-07-06 11:07:56'),('2e52d58cdb2b2eab956df44b8ef0720504c33f5ef7775220c8a72271083954c14a3c4177cae95978',98,1,'focus','[]',0,'2023-02-21 09:16:19','2023-02-21 09:16:19','2024-02-21 11:16:19'),('2e77ba360d26b8c00fe479aadf0152a8c95678b86eaf58c061fd789a3ac7d20d9344d751de24a875',275,1,'focus','[]',0,'2023-08-14 02:10:26','2023-08-14 02:10:26','2024-08-14 05:10:26'),('2e7c8994bc9d6439917157b7138ed7f5678dc0ddcf6882dc70c49fd2c58e64e3fc38aba41b27c231',159,1,'focus','[]',0,'2023-04-13 10:09:44','2023-04-13 10:09:44','2024-04-13 12:09:44'),('2eab9fc2d267ca7e2226b2e64c0b061e74d9c9811b1b0778490993e9abc3a1f39124d523b3f5a5ea',148,1,'focus','[]',0,'2023-04-11 09:35:49','2023-04-11 09:35:49','2024-04-11 11:35:49'),('2ed9dcda1272bd3693b3cb32140efeeaf1266b2e1c21b8538ebac5d8a94f74f22ec81808deb757b3',80,1,'gold','[]',0,'2022-10-29 08:20:31','2022-10-29 08:20:31','2023-10-29 10:20:31'),('2f36ea9a5d9bb71f0faaf9a3d1fe89ee07168d87f546205891f0f2252ed827a2d013a47ebe116389',250,1,'focus','[]',0,'2023-07-03 11:42:58','2023-07-03 11:42:58','2024-07-03 14:42:58'),('2f4063ead6070131efc71a50a7f152c2e33cecbd6593a687eeab1fd6fedb5987464bf54c6c9b273e',165,1,'focus','[]',0,'2023-04-15 20:59:51','2023-04-15 20:59:51','2024-04-15 22:59:51'),('2f431ca0bacf3d62f6d2568fb66bad0d154f850a66903d44619989dfa3773fdc3be843a27deb16fd',182,1,'focus','[]',0,'2023-04-20 13:53:53','2023-04-20 13:53:53','2024-04-20 15:53:53'),('2f9fb55cc0324448545489d78503f651cdcbf1bcdfcfbee47275b0606268a9e66852765eeaf48ea6',278,1,'focus','[]',0,'2023-08-18 20:02:18','2023-08-18 20:02:18','2024-08-18 23:02:18'),('300c0dfbe16069aebf3c4b7affafe852a2b8de1cf1bb903a59334a6ea2ca4bbcced4c07001788dcf',115,1,'focus','[]',0,'2023-03-07 05:57:05','2023-03-07 05:57:05','2024-03-07 07:57:05'),('3105a118c0b05b5725d5fc2fb61e18422fe87a320912a97409121e4500e32758088b0ce908c22552',77,1,'mazraa','[]',0,'2022-09-29 06:34:17','2022-09-29 06:34:17','2023-09-29 08:34:17'),('31091210ec74d971baef548322d0fa82354718bd2f8309e46fa85a2537dfac4b6ed72512b0d534a5',301,1,'focus','[]',0,'2023-10-08 04:19:25','2023-10-08 04:19:25','2024-10-08 04:19:25'),('311cb5a95f49884aa2011509065857cf18a1485b4f0f675eca7e2a9103fba32b8c2b5c6f1a58fe9f',73,1,'mazraa','[]',0,'2022-09-28 09:01:11','2022-09-28 09:01:11','2023-09-28 11:01:11'),('3133cfe757d1dcc560d46d6f3a2c522ddc73e719635b512407e768829de9da9380a2da1948fadb98',9,1,'mazraa','[]',0,'2022-10-01 15:52:34','2022-10-01 15:52:34','2023-10-01 17:52:34'),('3179c9f444251409c730e9dbe598696a22da4aabc96aec182f231890e41c3a84785f1bfb34eabd38',166,1,'focus','[]',0,'2023-04-16 01:34:35','2023-04-16 01:34:35','2024-04-16 03:34:35'),('31fe9a513f8c98811bd15c700b350c06ee349775623007f335e02c9cab34a8e80e37bd911627c5d6',298,1,'focus','[]',0,'2023-10-01 09:38:09','2023-10-01 09:38:09','2024-10-01 09:38:09'),('3229fe9346e5e90e67e7e0eb9ffd94f7c89b5e86505d242402e3aa6bb8a093bed18a03a1690e65a6',98,1,'focus','[]',0,'2023-02-25 19:13:17','2023-02-25 19:13:17','2024-02-25 21:13:17'),('32a5ddc1e5d541d49c1304ad36ac0bab5ca3233c2aadf161858fb345914c69da73112af82c5b81a0',116,1,'focus','[]',0,'2023-04-04 16:48:52','2023-04-04 16:48:52','2024-04-04 18:48:52'),('32ccd9abb07ff65f35967443165cbfc4e7755ffcd35006f167e05ee9a1676a7e7dd492d55ef47a7a',115,1,'focus','[]',0,'2023-03-31 10:31:40','2023-03-31 10:31:40','2024-03-31 12:31:40'),('32e9f99e03d43134fbccfc8eb520784143fdc3592efd777a49fe458256f8977dae5b608d49b748e8',305,1,'focus','[]',0,'2023-10-14 03:53:04','2023-10-14 03:53:04','2024-10-14 03:53:04'),('33110ca5666d1e2278027891c19e38b44ee77d429b02cd876177392af2dc165da1c623ed21ac10a0',221,1,'focus','[]',0,'2023-05-25 14:12:48','2023-05-25 14:12:48','2024-05-25 17:12:48'),('3313c36c4f41dacb2d103a6dac5715acd4e8cc745adfc32fbfc2a8969ff582a5a7062db2e54e34ea',9,1,'mazraa','[]',0,'2022-07-04 06:30:41','2022-07-04 06:30:41','2023-07-04 08:30:41'),('3386542aeae27e787cec35f04f30ddbd7af118df2ccc1a10d4e05359f8eb1e5671d7ab81380ed92c',276,1,'focus','[]',0,'2023-08-16 08:02:26','2023-08-16 08:02:26','2024-08-16 11:02:26'),('344d9086c3d7bc12ca3f87033cf94744573d741ab0b23256b53ab0ccc71122a986d059cd4e4333ae',151,1,'focus','[]',0,'2023-04-11 20:37:00','2023-04-11 20:37:00','2024-04-11 22:37:00'),('344ece9f8612b98e8e18fe42db5d182bfe35a98ed15edef75683de40468fb8cb388820d5796f83d8',73,1,'mazraa','[]',0,'2022-09-29 08:38:35','2022-09-29 08:38:35','2023-09-29 10:38:35'),('346cd3109a0c6e4f089fb300c6316683a99455c1ab53ad5c8075cc1a9d668bf3bb0e02280cbab803',115,1,'focus','[]',0,'2023-03-11 17:10:50','2023-03-11 17:10:50','2024-03-11 19:10:50'),('34b0cdf0e71a4792bf3dad8bbefd59a594e68b956aed1759662a0bd93e48af3b7ec92ccaab71ca2a',282,1,'focus','[]',0,'2023-08-27 11:28:44','2023-08-27 11:28:44','2024-08-27 14:28:44'),('34cfc986ef84596e0b73517abe6ca59ed2baa08a6d5925a26fec3cea685eca9f66ef5b172d005f1a',246,1,'focus','[]',0,'2023-06-29 10:02:07','2023-06-29 10:02:07','2024-06-29 13:02:07'),('34f12873c26e726b6c5af96f45423473a7d6ce7465e25d18de8f677045502a6a086bb121c234f6bf',71,1,'mazraa','[]',0,'2022-07-06 09:09:14','2022-07-06 09:09:14','2023-07-06 11:09:14'),('352063b29008984ab9b057c3325874620599b9ee2d37ecbf52aa5c128d47f8d9786b3229bb80400e',87,1,'focus','[]',0,'2023-02-17 09:12:04','2023-02-17 09:12:04','2024-02-17 11:12:04'),('356f82f2590d72f415b5c7c50782a0df79d6de791afa1fb3a232921b182823fa31f4488f26f45139',214,1,'focus','[]',0,'2023-05-13 11:46:50','2023-05-13 11:46:50','2024-05-13 14:46:50'),('368c8769bc7a877234cb484e4207485e35b2d92f180af064f9c8f27af1196feace1b0586fe2e1906',214,1,'focus','[]',0,'2023-05-13 11:47:23','2023-05-13 11:47:23','2024-05-13 14:47:23'),('3697ab115f971e614da64ea4ac467ae5cafe34c89063d6461b8d567bdbcf5299567a191e028ffcfd',148,1,'focus','[]',0,'2023-04-12 21:33:29','2023-04-12 21:33:29','2024-04-12 23:33:29'),('372d60c79c07a65af9e02155a782d668ec996db0d7ecc62ddc74eeee04cf88d230e9a5760a1ff83f',96,1,'focus','[]',0,'2023-02-18 20:36:50','2023-02-18 20:36:50','2024-02-18 22:36:50'),('374e873b365f69e57aef8dfda9ed0e27892f2ba98aa8b76a38415c33a9781798f565770eee365d18',206,1,'focus','[]',0,'2023-05-03 13:59:45','2023-05-03 13:59:45','2024-05-03 16:59:45'),('3760e5b950e5742db959e61a781e106bb81dda98170e25c75910a7e6508bc68ad3c93fa883da3b0a',97,1,'focus','[]',0,'2023-02-20 12:32:29','2023-02-20 12:32:29','2024-02-20 14:32:29'),('37afb47870ea21db26c1d3f3ded4ecfac19549d4c3aed2baa7a7a06f2acc0f45028c0b87a5fe70bf',148,1,'focus','[]',0,'2023-08-27 20:38:19','2023-08-27 20:38:19','2024-08-27 23:38:19'),('37e6c6bf69fe823824aef2fc417562ab89bfb031a31695be83557cf7a5398aef7dc1ddf35362146c',73,1,'mazraa','[]',0,'2022-10-02 07:43:26','2022-10-02 07:43:26','2023-10-02 09:43:26'),('37fa43adf473c0623c32fd7b11bfa534e401e9c3b592517f3363de3f2ff6f40c41b85790ff4549f5',147,1,'focus','[]',0,'2023-04-10 08:41:45','2023-04-10 08:41:45','2024-04-10 10:41:45'),('38d6b87d39ac0f1b62fec338678fd9d8943dbcea2087a85b20e4b3265137435f756d61139f0ae870',116,1,'focus','[]',0,'2023-03-08 09:26:44','2023-03-08 09:26:44','2024-03-08 11:26:44'),('38e486f7ae431625909f9c6528b95f6a2ecfdd81143e494422b4e53c9aa8d3aaf6739a540bdef4e9',111,1,'focus','[]',0,'2023-03-02 11:53:51','2023-03-02 11:53:51','2024-03-02 13:53:51'),('390889468613b9178c24f297010fb112a97eae24f49fe18101af9a7e44307cae36a6ef9050acf9a1',170,1,'focus','[]',0,'2023-04-17 10:41:17','2023-04-17 10:41:17','2024-04-17 12:41:17'),('39366a083a68e5527b7083e7705060a66be525f339a2a083e171bc7728e8b438fd7c709c6342d73f',72,1,'mazraa','[]',0,'2022-09-25 09:21:35','2022-09-25 09:21:35','2023-09-25 11:21:35'),('39da2e671ae89ba12bffc33671c7a76950e283e87be5e21f41857c4cc29757770ec2efa906babfa0',153,1,'focus','[]',0,'2023-04-13 21:37:20','2023-04-13 21:37:20','2024-04-13 23:37:20'),('39e81b9def36cfc47a64be3f1f10cf6af84a3c7ac26bb6fdc5c08e29e4efb4fc713311841bfa4eeb',98,1,'focus','[]',0,'2023-02-23 05:21:41','2023-02-23 05:21:41','2024-02-23 07:21:41'),('3a21fe51066d39609a5acfd9c382924855caa085f791bba9e6e3a23786465d496c67229f32b72ad3',317,1,'focus','[]',0,'2023-11-01 11:15:23','2023-11-01 11:15:23','2024-11-01 11:15:23'),('3a3fe863a39bd6d8d7e833892fcb09ff885bbc17a66af0a9718b7b2260606123b74bd0404ee36a58',93,1,'focus','[]',0,'2023-02-18 19:13:32','2023-02-18 19:13:32','2024-02-18 21:13:32'),('3a88e0dcb94998f37fd0390fc6fbed3b98615b0ccad38b7f0802b564d22d9ae9c6c7720957187072',40,1,'mazraa','[]',0,'2022-06-23 09:30:17','2022-06-23 09:30:17','2023-06-23 11:30:17'),('3b59509fbb67a03ab27ba438fc86f7df553b2ca2d73890e89a42ebe70779b1c1e3cfef1751a357b7',222,1,'focus','[]',0,'2023-05-26 13:21:37','2023-05-26 13:21:37','2024-05-26 16:21:37'),('3b97aba56c81f39c4db946a237b11496559fdcda8381423811fa7d0e610d9feaa23f7bd1a4d9577e',323,1,'focus','[]',0,'2023-11-17 10:44:11','2023-11-17 10:44:11','2024-11-17 10:44:11'),('3bd31c3f17bd19ea176e43b1d51b5859e60d21218221f373e010bcf9af3479da9fe40dae75938df7',115,1,'focus','[]',0,'2023-04-06 06:50:38','2023-04-06 06:50:38','2024-04-06 08:50:38'),('3c2347c4ef0938f8ff47825d839fa557ed5bac205ad9134cca493b325863aca9e7d0fb425914ddf1',309,1,'focus','[]',0,'2023-10-17 07:13:38','2023-10-17 07:13:38','2024-10-17 07:13:38'),('3c45e9ab281d4037ee721224a5e40ca615e10aad7402cd62c0a916e69d1a9c9faa22e39668a58187',187,1,'focus','[]',0,'2023-04-21 00:23:28','2023-04-21 00:23:28','2024-04-21 02:23:28'),('3d2e702406f90e315f72162f2de7e36dd15ae6ba8d8336e5649f714c484c01942a9847a8db8a78b0',73,1,'mazraa','[]',0,'2022-11-08 07:34:06','2022-11-08 07:34:06','2023-11-08 09:34:06'),('3d68b896e27a05e84eb90f263c5a2f6c8f450219dee3704771f7888d9f062e80b14cb3cd9a586530',11,1,'mazraa','[]',0,'2022-06-23 08:05:33','2022-06-23 08:05:33','2023-06-23 10:05:33'),('3e20d1dad0d63cab2ea5d73437ce7e11dba4691d5dc2c354917282b650fe54201a5bbb7f188ed9c0',308,1,'focus','[]',0,'2023-10-16 14:17:22','2023-10-16 14:17:22','2024-10-16 14:17:22'),('3e50e2bb4aee2733b8bcce72b6d2d865467891bb20be437a920ce364b19cc36a34f7e238049b510a',220,1,'focus','[]',0,'2023-05-25 09:38:21','2023-05-25 09:38:21','2024-05-25 12:38:21'),('3efddcbb13096ca0735241d6073805a2a660f944b35b8fa9180f5dca610478be160abdf22883f9a5',9,1,'mazraa','[]',0,'2022-06-27 11:49:22','2022-06-27 11:49:22','2023-06-27 13:49:22'),('4020e0fa20473a471a88ccd40ded9f4653451c38536bd7365a1a248bc214795016ea6097b47b4911',118,1,'focus','[]',0,'2023-04-06 05:47:08','2023-04-06 05:47:08','2024-04-06 07:47:08'),('4033bc6987b3ade097b5fd8f5cdd0e87bb035267963801e14080ff41255462a914eca42b076c7964',330,1,'focus','[]',0,'2023-11-30 07:08:31','2023-11-30 07:08:31','2024-11-30 07:08:31'),('40e46dadd5b2c57a962f59d8827e002855e8bc9e00fefe80fdcba761c98c7bee0817a17a94b313c7',73,1,'mazraa','[]',0,'2022-10-02 07:46:40','2022-10-02 07:46:40','2023-10-02 09:46:40'),('40e9cc6566278b84ba38cf26baa14b875531c969cb6b9a3df51af196d7719d28eabdc5611d9ad98a',173,1,'focus','[]',0,'2023-04-17 22:51:48','2023-04-17 22:51:48','2024-04-18 00:51:48'),('415b4e4e42d9a05a4734c733a59485aa174145382e064392bdbbd5f61412df4eedc0429c748c0996',174,1,'focus','[]',0,'2023-04-18 12:03:20','2023-04-18 12:03:20','2024-04-18 14:03:20'),('4186446a2436e647fee401d7c8b683c85b9f80cfdaaf403d6dab6068e90e56df72d482015b01b6a0',267,1,'focus','[]',0,'2023-07-30 13:17:47','2023-07-30 13:17:47','2024-07-30 16:17:47'),('4192935a4c447c9889c488165f1485d33accb5587965a677e8190726721739511f00fba5dd640622',326,1,'focus','[]',0,'2023-11-19 01:11:29','2023-11-19 01:11:29','2024-11-19 01:11:29'),('419806b888bafe7d2d14864f1949f5d3c8f6954d60bdb9bf79b41aa7c0ff530ecfcac897dc6039ea',81,1,'gold','[]',0,'2022-11-02 18:50:02','2022-11-02 18:50:02','2023-11-02 20:50:02'),('41ce822c1b015230b3bfa8284cde36a9fdb1d7713d261e253ac3f41b8e0d575311003f2c6295b028',64,1,'mazraa','[]',0,'2022-07-02 09:28:58','2022-07-02 09:28:58','2023-07-02 11:28:58'),('42608b979552d6a87b5ce3c799387625f4de3f5b6d62dc19762ed62005576a208b9664855226a596',155,1,'focus','[]',0,'2023-04-12 15:14:41','2023-04-12 15:14:41','2024-04-12 17:14:41'),('427e54a8b1405e70074f881e936faaf7bd4f4658163a3887a4abd6d3aec4970285bfdb2556136cf1',229,1,'focus','[]',0,'2023-06-02 13:49:03','2023-06-02 13:49:03','2024-06-02 16:49:03'),('437f98650cfc04c0fa1cde7285f3fe133c420c16ec0621b6b1e9d013d841ce4d414d27ae0476c410',148,1,'focus','[]',0,'2023-04-11 20:43:29','2023-04-11 20:43:29','2024-04-11 22:43:29'),('438a2ec37521c2fe3d4d90f34e26ff87f4ab6aa151bf304fdc0a366e7617a71fbe0ea44b34e66dce',323,1,'focus','[]',0,'2023-11-17 10:44:21','2023-11-17 10:44:21','2024-11-17 10:44:21'),('4410e0c4658234105703a887ec9bacaeffd740dcd2b1215bbc4473838f02977ec239e14d48d7ac4f',276,1,'focus','[]',0,'2023-08-16 08:02:25','2023-08-16 08:02:25','2024-08-16 11:02:25'),('44b65737ba67b5a729e7b73227df23d9bfff18b1b5601e74b8cbafed9f09eb13bc377527ca747e2f',81,1,'gold','[]',0,'2022-10-31 06:11:27','2022-10-31 06:11:27','2023-10-31 08:11:27'),('450cd12a2b5009e701d341f30dced2472b09de67111a1c02d7c2d45895eeaa5c70314a14fa15e957',73,1,'mazraa','[]',0,'2022-10-01 17:32:28','2022-10-01 17:32:28','2023-10-01 19:32:28'),('4561a48cb45c753901b531ac47d597f45f05b8f109158c0a54822d2975b4877cfa7cab30d171dcc2',153,1,'focus','[]',0,'2023-04-12 05:36:23','2023-04-12 05:36:23','2024-04-12 07:36:23'),('45df308d6da1decb1617df30dc4bb5b621eb44a18020418b74503a3e7d3e1deb6dd5bdc5ebea67fc',87,1,'focus','[]',0,'2023-02-17 09:12:07','2023-02-17 09:12:07','2024-02-17 11:12:07'),('45dfc301338c97ea78924e1808759a8f9224cd5cbda16327e50c9b8a9a8bd2a741510e00d8b34215',11,1,'mazraa','[]',0,'2022-06-23 08:04:21','2022-06-23 08:04:21','2023-06-23 10:04:21'),('45f652bb4806d1db0d62265bf14d807a7b29077d2732748d7ddbec7e00dc46ad26518f2843f8cd6a',204,1,'focus','[]',0,'2023-05-01 05:31:54','2023-05-01 05:31:54','2024-05-01 08:31:54'),('468369144d0951d5ca808c2a2242a4ac2b1d58baf0ad6d33f721939e89f64317b01adfd7238af2bc',76,1,'mazraa','[]',0,'2022-09-29 06:22:50','2022-09-29 06:22:50','2023-09-29 08:22:50'),('4690c3b149308df5787b12a9398233028681f34af6672b94755159e31577b90ba18cf2081b32cdec',155,1,'focus','[]',0,'2023-04-12 15:57:42','2023-04-12 15:57:42','2024-04-12 17:57:42'),('46f53c46d9aefc9b09c397ca14e4342847bfebd3fb32b6c30d8dd17a69ba0a901603aed955ece4df',288,1,'focus','[]',0,'2023-09-04 00:05:36','2023-09-04 00:05:36','2024-09-04 00:05:36'),('471bc516cbb6df2665ae8bbfb649601608528c18ceeae522e1c055184cafa1a4bc0c4ad45301e5f0',97,1,'focus','[]',0,'2023-02-20 12:35:28','2023-02-20 12:35:28','2024-02-20 14:35:28'),('4799365296a88fa738bfebe64b96f79b7815326d4efa5158aa9a2fb53d6d99ff2a490f97d83d2d3b',11,1,'mazraa','[]',0,'2022-06-23 08:04:29','2022-06-23 08:04:29','2023-06-23 10:04:29'),('47af32da47e6ecba1b21d8c4160b59e71c7f1ec46b73aee18b52c42f132ace718734f7752606bc5d',96,1,'focus','[]',0,'2023-02-19 07:57:02','2023-02-19 07:57:02','2024-02-19 09:57:02'),('4896e3069ec42527ae65b84adc00b275a593efcaeb8cf528d6dfe5c2c9700b7c84ddba29c2d86edb',176,1,'focus','[]',0,'2023-04-18 17:09:27','2023-04-18 17:09:27','2024-04-18 19:09:27'),('4899085f01d4d32fded521145aeac1f9d19e81f71678aeb795c55bf0b910ad6ccfee1af773947793',153,1,'focus','[]',0,'2023-04-13 21:24:34','2023-04-13 21:24:34','2024-04-13 23:24:34'),('48d96b75159692f6257810b05b40c95a1742fcf278cc2815964f89429c82d4376f749fbcdfc3f1cb',325,1,'focus','[]',0,'2023-11-19 01:09:43','2023-11-19 01:09:43','2024-11-19 01:09:43'),('4958584584d281882b2b63a14f73af39d421857dc7d9fadc6d4b221d4da93e884b6419d7d5b53546',24,1,'mazraa','[]',0,'2022-06-23 08:27:07','2022-06-23 08:27:07','2023-06-23 10:27:07'),('49876e065c0e1b6a88ea3bbcf89fd80191bf2e51cc411c24f57145f3e07c4f63c4bd397539825e46',240,1,'focus','[]',0,'2023-06-21 22:51:01','2023-06-21 22:51:01','2024-06-22 01:51:01'),('49938f76b16d984df7d5b06ac3b8a0bbd4ce6b3d2d099a46d71cf0c79fc619436ab34cb5398625e4',3,1,'mazraa','[]',0,'2022-06-23 06:47:52','2022-06-23 06:47:52','2023-06-23 08:47:52'),('49b4854980abdc2b7cd8e7f991cc5a9790c2ce17b3e147f9f8f36a7288f55e0998e7edbf56eabe91',97,1,'focus','[]',0,'2023-02-21 06:16:40','2023-02-21 06:16:40','2024-02-21 08:16:40'),('4a845c855325b6254a26832ab1d0c7fb221c1c0d036a4ae30bd908aee71b5c915599ee5259652d83',74,1,'mazraa','[]',0,'2022-09-29 05:46:05','2022-09-29 05:46:05','2023-09-29 07:46:05'),('4a9d3d330e0ad3c7f80ecf9fe5db7105e407831fd26b80853afd0b0e0f39e756723baf683dc68637',116,1,'focus','[]',0,'2023-04-08 22:09:15','2023-04-08 22:09:15','2024-04-09 00:09:15'),('4aa4ed91475f5bff6dd22f3684f8cb765fe8873dc873820b8cddb69c74c95d38fbbb49ad950476ce',81,1,'gold','[]',0,'2022-10-30 08:06:52','2022-10-30 08:06:52','2023-10-30 10:06:52'),('4b2dba8fb1cb4fb2aaacd4d9661c92faf345811396f6d9d17b0e94c472b878f8ffda49ee95e77cba',198,1,'focus','[]',0,'2023-04-29 10:14:12','2023-04-29 10:14:12','2024-04-29 13:14:12'),('4b57c13af55054cb94f9b1e83721f115da0f7c59d03f1b2bf1ea8ed29c6c226b45f0057aaf312ac5',97,1,'focus','[]',0,'2023-02-19 08:41:40','2023-02-19 08:41:40','2024-02-19 10:41:40'),('4b81c3f7a8c0da76b5f0d660a82f8b7c82342d611a1327851bbce28c43a5638b4cfc6d5e0ec0257f',146,1,'focus','[]',0,'2023-04-10 05:58:01','2023-04-10 05:58:01','2024-04-10 07:58:01'),('4bb1609c92675390d962e7dd9af8d9c3ee0d8d6583bbcfcfaab4bfb1d77dbf82cf51b1ea7c767850',205,1,'focus','[]',0,'2023-05-03 03:11:17','2023-05-03 03:11:17','2024-05-03 06:11:17'),('4bb59d25ad0c1421257282dd6303308aecf821c2ca515193c34abbe61ab6ed1b0a0634801e80c5dc',95,1,'focus','[]',0,'2023-02-18 19:26:12','2023-02-18 19:26:12','2024-02-18 21:26:12'),('4ca07a420dc07e397f325102626e9adc2de4acf3ce521f2729e25fc51e67ae572e394a1882f48750',143,1,'focus','[]',0,'2023-04-09 20:03:20','2023-04-09 20:03:20','2024-04-09 22:03:20'),('4cd4ef918975529d7f16702a029892cf7d90222ceea8a692bfe7145710079c2d12e67d65e7151acb',115,1,'focus','[]',0,'2023-03-16 18:46:28','2023-03-16 18:46:28','2024-03-16 20:46:28'),('4d09eee4276b4bef5a0888edf00b25c61a0a8e5994557f23169719250d262e0b77f5bc61230487cb',260,1,'focus','[]',0,'2023-07-20 22:01:02','2023-07-20 22:01:02','2024-07-21 01:01:02'),('4d100cb1a8bc990c302cbbb458900b95da2fc82c157a7ff74149acd45292cd6b622f15117342cd7b',115,1,'focus','[]',0,'2023-03-07 07:56:01','2023-03-07 07:56:01','2024-03-07 09:56:01'),('4d3a76a4449718be2e6c49013d416f295c4286470461735dd0f91060b8f2185ecfff257ff637b6a8',115,1,'focus','[]',0,'2023-03-14 05:55:36','2023-03-14 05:55:36','2024-03-14 07:55:36'),('4e9550e7cfb3187c1a7fd3132de9721603d8d28bd17c5616be65c78af37d085995eeceb735c897b9',243,1,'focus','[]',0,'2023-06-26 17:19:41','2023-06-26 17:19:41','2024-06-26 20:19:41'),('4ecc096c26ee930868c10ff62150cea8b30914563a90d888d7bd0901d06b30a3aaedcb4bd87ceb82',107,1,'focus','[]',0,'2023-02-28 06:00:41','2023-02-28 06:00:41','2024-02-28 08:00:41'),('4f20db90cc603009279caef16bb881c5a291be9d34a75ad181dbf725d5d244ebe03d6e0d597db337',277,1,'focus','[]',0,'2023-08-16 12:29:13','2023-08-16 12:29:13','2024-08-16 15:29:13'),('5021dd07a66901f01322f3ef96cc8fd9b1efb2552366f1950458ad062c0ca16b46035d4d668e65f3',76,1,'mazraa','[]',0,'2022-09-29 06:18:17','2022-09-29 06:18:17','2023-09-29 08:18:17'),('50477c38731d22559d599b8d6d26469e06bebafbb14163b71d15c4e24739c223133f1c93e1e22a6b',108,1,'focus','[]',0,'2023-03-02 11:26:39','2023-03-02 11:26:39','2024-03-02 13:26:39'),('507cc7a5098103fc8722052155179212530f7df263c009a7ebd7835615ba75b8f089031081061a2e',233,1,'focus','[]',0,'2023-06-07 09:56:30','2023-06-07 09:56:30','2024-06-07 12:56:30'),('50a4d69333957524ca29e1e8f8f2ceda08e165bf944592079faae176618e5a328828a96f58ec3e02',294,1,'focus','[]',0,'2023-09-24 23:58:32','2023-09-24 23:58:32','2024-09-24 23:58:32'),('50dc643c15526b613a72c9a5386b4888f413e9be1f78a06a8a7add390c0d0b4f4f0f7a8dd2733063',43,1,'mazraa','[]',0,'2022-06-23 09:30:46','2022-06-23 09:30:46','2023-06-23 11:30:46'),('513b12c075439fdf6be0f39215cf7323d2a5c4dbf8911da9478517660f0d24b78c7982d8e0345e23',3,1,'mazraa','[]',0,'2022-06-23 08:34:33','2022-06-23 08:34:33','2023-06-23 10:34:33'),('514b18890427503b5fda8aca34be8b472cb448d4ac375fb2d3d29fcf33d9e422daef9c82b22a68e7',274,1,'focus','[]',0,'2023-08-13 05:46:53','2023-08-13 05:46:53','2024-08-13 08:46:53'),('514dae30067fc52c8883190ff1a6edb07bb834ecccc8910a3b2425ecb0841cf0e8ff75cf328ee4fd',149,1,'focus','[]',0,'2023-04-11 05:51:49','2023-04-11 05:51:49','2024-04-11 07:51:49'),('516a289b2469cf12e9044dfff7c575a828ca802978b691dfb07540de18a55322a6b68031423eb95e',115,1,'focus','[]',0,'2023-03-13 09:45:08','2023-03-13 09:45:08','2024-03-13 11:45:08'),('51b747391cf151cba999dc9d8eb4640a43a0c8a7b5a6a51e2ae95a9a86a735ec9662944f76e9d5de',319,1,'focus','[]',0,'2023-11-05 20:18:38','2023-11-05 20:18:38','2024-11-05 20:18:38'),('528fcd8e5292ae91b231677e80188a38e43cbcd372ccca3bc6bf288454c57b6abe9ba737ee3bd6eb',312,1,'focus','[]',0,'2023-10-21 01:02:31','2023-10-21 01:02:31','2024-10-21 01:02:31'),('52f294de093b15dac3336a7c48ced871257d038ff026e4ab98155727e41024cf7794f34a5b049556',206,1,'focus','[]',0,'2023-05-03 08:56:23','2023-05-03 08:56:23','2024-05-03 11:56:23'),('52f971bd13462499f459a18cd4d2601da12032ee67c36a52d8f12fd7c68a9ec413f5f28932911b7f',89,1,'focus','[]',0,'2023-02-18 07:18:57','2023-02-18 07:18:57','2024-02-18 09:18:57'),('53227d7c47f3c174d613b72ed1f8209e0b49f26e073063af194ba581ee909071108770763cc3e232',162,1,'focus','[]',0,'2023-04-15 08:47:29','2023-04-15 08:47:29','2024-04-15 10:47:29'),('53b4ffabcac534f1b5de09456b2472f856977de912d5ae6ae451bd03bdad5ed8acd9f9c461414047',274,1,'focus','[]',0,'2023-08-13 05:46:42','2023-08-13 05:46:42','2024-08-13 08:46:42'),('53df101fd82c6fbfc9261a3efd1781fe1c6fff25603d3437b9840f9dba927978f34b42a34b7aa56d',143,1,'focus','[]',0,'2023-04-09 20:04:17','2023-04-09 20:04:17','2024-04-09 22:04:17'),('53ea65b4b52add50ea71030e0f112808d913d50451883f7715e1b0b869845f9486ad2e86b51072dc',97,1,'focus','[]',0,'2023-02-19 08:44:41','2023-02-19 08:44:41','2024-02-19 10:44:41'),('5478646ccdb1bb61868cad2d1ea31c5792f88d6d56620eaa8612952674c10b5b47ed6622a5e214e2',98,1,'focus','[]',0,'2023-02-24 06:34:22','2023-02-24 06:34:22','2024-02-24 08:34:22'),('54adc381ffe5013dbeffb0c309c875f34abf032475e1e12c1dce69b62dd0a1951d0125bcdf36ecf0',12,1,'mazraa','[]',0,'2022-06-23 08:11:05','2022-06-23 08:11:05','2023-06-23 10:11:05'),('54d9e53bc6bef626e60cea1a12ebe39b77a0bae1f4e90d089d99ad75daf5a9ce0151b4fe999a25d0',226,1,'focus','[]',0,'2023-05-26 21:31:41','2023-05-26 21:31:41','2024-05-27 00:31:41'),('554985155e5aeb4f650111cd79087923e49229bd2ff850f0b50fe1a35d99de859a966ae70634dd1c',197,1,'focus','[]',0,'2023-04-27 18:27:33','2023-04-27 18:27:33','2024-04-27 20:27:33'),('558f900a146b71a61e241e72bab75be6078ebc187bd7d9644430cbc77fcd555a75df38086476420c',189,1,'focus','[]',0,'2023-04-21 12:14:36','2023-04-21 12:14:36','2024-04-21 14:14:36'),('563ec421af974845c08f70ccffc1191c449dc0c47e6b9328d659a7390dc8cc71de638244d29bdfde',151,1,'focus','[]',0,'2023-04-11 21:34:46','2023-04-11 21:34:46','2024-04-11 23:34:46'),('569892d3ea07736d9126f5a6fca47078f669564f55925263636df9383d5103eec456d0c089de46f8',73,1,'mazraa','[]',0,'2022-11-03 05:59:46','2022-11-03 05:59:46','2023-11-03 07:59:46'),('56f3d324c94cc1467dfb9e7519d148fa58790491bad317e6477461460dea2a63b361834486104479',195,1,'focus','[]',0,'2023-04-24 00:41:04','2023-04-24 00:41:04','2024-04-24 02:41:04'),('574f0f5bc7e5290777623a693ad47492b1dc2c77f15e3e7fcda109b1627b4df95fe5d8a387ad5ee8',161,1,'focus','[]',0,'2023-04-14 19:55:35','2023-04-14 19:55:35','2024-04-14 21:55:35'),('577a2e21d09f6ba87c204d1303a39807ada08171efc62bdf4066ae1e8fadb197b5cba7df1b05b8bb',148,1,'focus','[]',0,'2023-04-10 09:21:25','2023-04-10 09:21:25','2024-04-10 11:21:25'),('57fb29db2853d07b132b54a5e03d53d729fcca637073433e900b50c8619038139eac784df8536e7c',157,1,'focus','[]',0,'2023-04-13 09:04:33','2023-04-13 09:04:33','2024-04-13 11:04:33'),('5876c86d2aab410be46055e7eb4ea89a5e031d74c682ad558c355da4606ab55c02c99165b82eba6d',291,1,'focus','[]',0,'2023-09-10 23:25:53','2023-09-10 23:25:53','2024-09-10 23:25:53'),('588ae856b104f19a5ae100a76a9b735f63dfb19166816056e0f67fffb764c44ed9a0440809ca9cb9',73,1,'mazraa','[]',0,'2022-11-01 07:44:29','2022-11-01 07:44:29','2023-11-01 09:44:29'),('589117962cbe9fb44c94a1ede08079ee5c02b240d8d126c68861a11c711a669e0d0d94c44b27d517',115,1,'focus','[]',0,'2023-04-05 07:35:05','2023-04-05 07:35:05','2024-04-05 09:35:05'),('58ac60dfd1c5eb3bd10ccbc92cbf64954e186b72bd3f3d8bdc3c99ca49562b4c5f504b0e8b2b099c',226,1,'focus','[]',0,'2023-05-26 21:31:55','2023-05-26 21:31:55','2024-05-27 00:31:55'),('593c1197ce8035dd3651d4e32f21a18f5c96191f94d394d256ac4800448e70950978ef268b2e11e9',109,1,'focus','[]',0,'2023-03-02 11:30:24','2023-03-02 11:30:24','2024-03-02 13:30:24'),('595dc2b8fe6343e1524839355f1e9fd9160d5457d706dfbcbbe2c83bda4c4f7a1672868d36848ed2',261,1,'focus','[]',0,'2023-07-23 11:44:12','2023-07-23 11:44:12','2024-07-23 14:44:12'),('59c9a66f3dac8e0495b920a58ca36ff516c9e7e3cad303b911af4a23661fd2242be6d382e1cacd55',95,1,'focus','[]',0,'2023-02-18 19:47:32','2023-02-18 19:47:32','2024-02-18 21:47:32'),('59cc4675922dd6476e3143e8fc7f56b53c3fc90cb5f6ed4bc9374408223bdc732bcbf00717e6ab50',184,1,'focus','[]',0,'2023-04-20 15:18:19','2023-04-20 15:18:19','2024-04-20 17:18:19'),('59e74542ae7077bf773502ca80789dcf6c0a0d6c9a412e32fd47d849c0af9b9d3cc408a07d86f009',73,1,'mazraa','[]',0,'2022-11-18 08:10:49','2022-11-18 08:10:49','2023-11-18 10:10:49'),('59fefd716bcc868ed213012ef259bfd089b2a7ccdc819408d73d8e68b9b1ec337c1211b8b886c47e',138,1,'focus','[]',0,'2023-04-09 10:42:32','2023-04-09 10:42:32','2024-04-09 12:42:32'),('5a186fee0a74aaa4d3356b7c5938abee1cd10ca59e871fc343e884ab2a6e4d44dc83a6b54049be0a',109,1,'focus','[]',0,'2023-03-02 11:30:31','2023-03-02 11:30:31','2024-03-02 13:30:31'),('5a754051f1e92c1910aae79f9434da882be73b642c49eee9d2219878c39bcc4f157d3dbb8d30d5d5',43,1,'mazraa','[]',0,'2022-06-23 09:31:26','2022-06-23 09:31:26','2023-06-23 11:31:26'),('5a9684b202a06886d923e40c038ab9ec1ae0d98be479f5a3f888a867f99a3e6356b2bdfd82ce6a2f',140,1,'focus','[]',0,'2023-04-09 16:24:17','2023-04-09 16:24:17','2024-04-09 18:24:17'),('5a976c1b59de3c19acebae09421e119071c6b433e115fcef98d62f802e9fda49852793e52c2e19c5',153,1,'focus','[]',0,'2023-04-12 07:41:36','2023-04-12 07:41:36','2024-04-12 09:41:36'),('5ac68e3ac3e2fb9cf366f441ca48886b2c1cc1ea481308d4c12752487006c573a68c287f75560134',61,1,'mazraa','[]',0,'2022-06-28 09:59:48','2022-06-28 09:59:48','2023-06-28 11:59:48'),('5b4de4d5705cdc941ed10131e20dabfd07fa5f008f64bf4b9c332b3c031c011519c74dfcf4fc1f72',116,1,'focus','[]',0,'2023-04-05 11:33:38','2023-04-05 11:33:38','2024-04-05 13:33:38'),('5bfc687f9be4ee8ffa30dbd483b66a8ffff8024f321784a453a8c6eae6c0b10ee3bacdc77a3f0e1f',103,1,'focus','[]',0,'2023-03-02 10:49:03','2023-03-02 10:49:03','2024-03-02 12:49:03'),('5c7355dd11c8aac12cd180feba02529208d40cba953fe033d669e0d85aef409458d3d066afaeffd0',60,1,'mazraa','[]',0,'2022-06-27 08:37:33','2022-06-27 08:37:33','2023-06-27 10:37:33'),('5cf9fc922e1a2a433af3b746bb30fc34f0ae44c3a2e1dd2001487b2a1a75ab8b03db403376a07713',288,1,'focus','[]',0,'2023-09-04 00:05:45','2023-09-04 00:05:45','2024-09-04 00:05:45'),('5d5857d33f09e53f6c620c6e8509af9254fab6848cc8d3a66ce3e1a2d0d5916f5ede7ba611aa43f9',116,1,'focus','[]',0,'2023-03-10 11:56:27','2023-03-10 11:56:27','2024-03-10 13:56:27'),('5dd72272268fb207836d81232a5c0430475abd6a295c1926fd3340a91cf0a7b1aed8127e44a0bf98',280,1,'focus','[]',0,'2023-08-23 18:34:13','2023-08-23 18:34:13','2024-08-23 21:34:13'),('5dd8f774812049188a25259e5a2a593087f8482ac43fc63c48d0faf8b724a2f624e3c4b33adb6d3d',143,1,'focus','[]',0,'2023-05-25 13:10:51','2023-05-25 13:10:51','2024-05-25 16:10:51'),('5e7a0e4449e196b01734362bc4a286154b928043ce052f10425887bbd2eae515c1c936465a4d5092',97,1,'focus','[]',0,'2023-02-19 14:19:54','2023-02-19 14:19:54','2024-02-19 16:19:54'),('5e9902ae23bc32cc64f3a75998a627beb83e2ddbe8e290bba5c5b433dc61e42105254502e963da3e',73,1,'mazraa','[]',0,'2022-10-01 18:58:05','2022-10-01 18:58:05','2023-10-01 20:58:05'),('5f13e9390b60d483148ebdab532e14befe1f20c58d6713604a6141dd69cdd30fdb35d7a3fc45638b',116,1,'focus','[]',0,'2023-03-07 10:12:19','2023-03-07 10:12:19','2024-03-07 12:12:19'),('5f309f7b3ff31d44967cf6647721987fc8422fc1463ddbf1e69ded234f80e881363c9f43a4b933a9',327,1,'focus','[]',0,'2023-11-23 14:12:55','2023-11-23 14:12:55','2024-11-23 14:12:55'),('5fb31738886c5e95283d4dac1c6d96e79f611ea378d9a4d3e77243f939b1caa15d89618b1ffa2e14',275,1,'focus','[]',0,'2023-08-14 02:10:16','2023-08-14 02:10:16','2024-08-14 05:10:16'),('5ffcc9dfc4fb8a10e3dad1aaff490c109a6664c67d5521ac9bba4cb16ba5f6e38f8552408f5d5028',146,1,'focus','[]',0,'2023-04-10 05:58:11','2023-04-10 05:58:11','2024-04-10 07:58:11'),('608619da07958d3675f6b6db6d9cb3f3417d8dd2a10d21a9e9127a107c6e41de4bf8011e5b48d122',314,1,'focus','[]',0,'2023-10-27 18:06:50','2023-10-27 18:06:50','2024-10-27 18:06:50'),('60d9287fa4ea4c2e1e5c535e1882745b7b67b623c151f3b094584ef92115bb7a8a02d8272245bf46',156,1,'focus','[]',0,'2023-04-12 15:29:55','2023-04-12 15:29:55','2024-04-12 17:29:55'),('60d93b59d05bc9fd1e9ca3938d607905c5f59559c1078aadc09850025e5db3a4e7f30d0f6411034c',185,1,'focus','[]',0,'2023-04-20 18:05:39','2023-04-20 18:05:39','2024-04-20 20:05:39'),('61187c1ba991bf066254eb8efc146a68b5d04613d84ccbb213263836e7b944705e06202d779a3ac5',297,1,'focus','[]',0,'2023-09-27 22:10:06','2023-09-27 22:10:06','2024-09-27 22:10:06'),('61730597520a7c8cbf62faa4953c5fd72a5a3d938824083d75549c9dfe4f7d3fbd31d24717c39489',3,1,'mazraa','[]',0,'2022-06-23 07:39:54','2022-06-23 07:39:54','2023-06-23 09:39:54'),('62004ffcc7afeb9c7797e936ac9f614ecdec5793e69bcde83318e901805a91be63041feeb4a6154a',98,1,'focus','[]',0,'2023-02-21 07:40:53','2023-02-21 07:40:53','2024-02-21 09:40:53'),('620b1882e187621ce2aa80e128b49daa36de7e97b98c0f6eab0524fd13bf2d3734ce0698e2b5a7be',46,1,'mazraa','[]',0,'2022-06-23 09:57:14','2022-06-23 09:57:14','2023-06-23 11:57:14'),('621642b3cc012d21e15ddff01fc3ae5c39ba9751611af8ec71e2c21416f5b3cfdd47736cf748ca7b',254,1,'focus','[]',0,'2023-07-06 16:56:07','2023-07-06 16:56:07','2024-07-06 19:56:07'),('6229c3bc858c941ff6040291190168e12717681ea599c1537da70e20e7733fa8688cbf7b2f67023a',6,1,'mazraa','[]',0,'2022-06-22 10:14:57','2022-06-22 10:14:57','2023-06-22 12:14:57'),('626cec7d8e5f4ce998443033f74dc1f353f2fe109ff86185c55666a16caa9afbae2f366f3b264ad8',177,1,'focus','[]',0,'2023-04-19 06:30:22','2023-04-19 06:30:22','2024-04-19 08:30:22'),('62fad415f9d41597e55b751522a83e2ee8271d41f31b98b52d4d3e40d3f4449ea56dfd9208111ec4',11,1,'mazraa','[]',0,'2022-06-23 07:59:13','2022-06-23 07:59:13','2023-06-23 09:59:13'),('6303f033221d9e101fe04407c7737c8db2d3e176b6ebd8196f5acbb5f6c82e899949957273221f44',215,1,'focus','[]',0,'2023-05-19 20:00:43','2023-05-19 20:00:43','2024-05-19 23:00:43'),('630fd68361edad391ade3679ca0955213e39d269a8b9b4be87b9077b08f248c10abb135e7e68d70d',151,1,'focus','[]',0,'2023-04-11 11:48:45','2023-04-11 11:48:45','2024-04-11 13:48:45'),('634257169214a9ee3e618c7108217cd5f1b3227fcc4b04e6e7ba9ab8c6b080c2ddcc570b2dcc432c',11,1,'mazraa','[]',0,'2022-06-23 08:03:43','2022-06-23 08:03:43','2023-06-23 10:03:43'),('634fda007f57eda1e127dc9f12d71b0d53bd4ba80ae308d1f25ea9149df6339cf3e4d1f454b8368d',154,1,'focus','[]',0,'2023-07-04 08:50:21','2023-07-04 08:50:21','2024-07-04 11:50:21'),('636eb14c6ee27756ac8aad10924484001a7c67e13ff5cb1ce027742c0b66d4a1626f4b6a9b300290',169,1,'focus','[]',0,'2023-04-16 20:40:35','2023-04-16 20:40:35','2024-04-16 22:40:35'),('63bf70975797a9dc3017ac03d847a42b491d4a2db171db366412ba7fb32e6d6deb9109c7df53617f',148,1,'focus','[]',0,'2023-04-11 20:22:30','2023-04-11 20:22:30','2024-04-11 22:22:30'),('63e7e2a360a13712467efe2f5636eadf287822e530d1639f39c6ec1190c890010d019852f9cf28c3',116,1,'focus','[]',0,'2023-04-05 09:34:14','2023-04-05 09:34:14','2024-04-05 11:34:14'),('63fcc46de8c249bd33d8179690555785eb0e0c7c6154b1e23984c74d9900d75f95da3fe9cc27d5c0',139,1,'focus','[]',0,'2023-04-09 10:44:29','2023-04-09 10:44:29','2024-04-09 12:44:29'),('6430bd1bce32be86a87cb055a21b5a32dfe46f2bdac0b336d6a6cf919310f34b4c40b460fb2c6fa1',41,1,'mazraa','[]',0,'2022-06-23 09:17:00','2022-06-23 09:17:00','2023-06-23 11:17:00'),('645308937e1ecd865e196d48d6ff82d96295fa259b96dd067a79c7ff0d51f357152238896a71f61d',311,1,'focus','[]',0,'2023-10-18 12:11:50','2023-10-18 12:11:50','2024-10-18 12:11:50'),('6456ab8bfab5d0d9e45580ed1e9ead04e06a3fe7e15119a9d244559c0fc61c97c812aadb63afa765',96,1,'focus','[]',0,'2023-02-18 20:36:26','2023-02-18 20:36:26','2024-02-18 22:36:26'),('6480b402a29bb2f861c2b4427dc86086b3ffbe3de7167b2f4e347fc566f9b19fbf4097ed21343386',97,1,'focus','[]',0,'2023-02-20 11:46:02','2023-02-20 11:46:02','2024-02-20 13:46:02'),('64e40f6d9728d394502965d849f5e5ecede07af4d4323b522fd7994095e5c054c48e89177d9fef70',116,1,'focus','[]',0,'2023-03-21 19:39:58','2023-03-21 19:39:58','2024-03-21 21:39:58'),('64f8adb95a71905681a4ee0bc4e910edbc5d231e51974f4f0e7e67ff88d5de40e2b752943422bb36',97,1,'focus','[]',0,'2023-02-19 19:28:59','2023-02-19 19:28:59','2024-02-19 21:28:59'),('65781259835ee4adc4bae240a5b5898aafae603922ff49a609302bd002c8167ec5d0c38e9923306b',270,1,'focus','[]',0,'2023-08-07 05:51:54','2023-08-07 05:51:54','2024-08-07 08:51:54'),('65c266014c4aab09694bf055ce7c8d9bb4ebbc08036abfa77e165baf8225edb19622147b4397d412',328,1,'focus','[]',0,'2023-11-25 17:12:59','2023-11-25 17:12:59','2024-11-25 17:12:59'),('65d9143931c1314970e4804f51f6aab11abf99aaccab5b69d90a61b8b3d682d926d3026555295278',160,1,'focus','[]',0,'2023-04-14 02:44:45','2023-04-14 02:44:45','2024-04-14 04:44:45'),('65e36ca8fbd4e4a41b6699f5c3d16992ea9ad36d98a1868ee0d59263590be6e4eda270c82df018b3',8,1,'mazraa','[]',0,'2022-06-22 10:16:50','2022-06-22 10:16:50','2023-06-22 12:16:50'),('65e66a0a28ccf9f3d82ec75d46f9d3be45609819495558ec71665d41c2afb98cbe40784e6c1bec4d',304,1,'focus','[]',0,'2023-10-11 00:11:54','2023-10-11 00:11:54','2024-10-11 00:11:54'),('663dc5c36f941846187d41e295ef8c17aec60fd8acf948712a086684cb5baea1ad74b5aac49504d9',77,1,'mazraa','[]',0,'2022-09-29 06:34:43','2022-09-29 06:34:43','2023-09-29 08:34:43'),('66f0a04ca753a6b4fcbd2424a4c515d16d9ac1aab1a43134b7521b5b47873161b0fa539d47041574',256,1,'focus','[]',0,'2023-07-12 16:00:43','2023-07-12 16:00:43','2024-07-12 19:00:43'),('672d430f6c2d2186a354716daa46495e47ec37d693209a1555129e5ce8ea77bfef0e75b83d194f94',297,1,'focus','[]',0,'2023-09-27 22:05:47','2023-09-27 22:05:47','2024-09-27 22:05:47'),('67c134fe3eb21966061598e02a8ed18c592e99bf82dd52a375f2c417ba8882ddb2cd79d270a75491',73,1,'mazraa','[]',0,'2022-11-08 06:55:19','2022-11-08 06:55:19','2023-11-08 08:55:19'),('67f92f44e20eceec34b5bcbf0417c701c2250337c2092d462839905793b79dafc6db958009cdb706',293,1,'focus','[]',0,'2023-09-21 09:30:48','2023-09-21 09:30:48','2024-09-21 09:30:48'),('67faf3b935f19729c3069b3daa73cc2d7c0e74e58b5d6c6d039db6c5670aaa30ae9f8a1ae96cdded',1,1,'focus','[]',0,'2024-02-18 11:27:17','2024-02-18 11:27:17','2025-02-18 11:27:17'),('68da0ef2f4e2f073657d910feb127314e3936730a3bd9a85c43e2c32ed113f4a79cef6e7838c51fe',115,1,'focus','[]',0,'2023-03-07 05:36:56','2023-03-07 05:36:56','2024-03-07 07:36:56'),('691a1b6c1e231ddf2725906bb317837712a9f0d1ca2141af315a185419a9779d3bb4c014a56c33ec',209,1,'focus','[]',0,'2023-05-07 06:00:37','2023-05-07 06:00:37','2024-05-07 09:00:37'),('6981b883e2c80c53faf22351907cb9635577dba3a8910595df6dc72fae5b5550ca49594210eb2134',81,1,'gold','[]',0,'2022-10-29 08:32:25','2022-10-29 08:32:25','2023-10-29 10:32:25'),('69ade6e956e13ebfd45f381b0c2277cac080981ec58c5bb0b00548819c51c7da219bf98d7f445990',73,1,'mazraa','[]',0,'2022-09-29 06:22:05','2022-09-29 06:22:05','2023-09-29 08:22:05'),('69d10798d3ef5ea9dbb4e71f3d93855116f48e7cb51f329c4ca6c582b0845479014476c48e6e8885',152,1,'focus','[]',0,'2023-04-12 07:38:50','2023-04-12 07:38:50','2024-04-12 09:38:50'),('6a504b10280b61cedba456bd91eaf8502f80f88dea9d01c9ca6fa880676e7324e353b4a91bb863f7',87,1,'focus','[]',0,'2023-02-17 09:09:24','2023-02-17 09:09:24','2024-02-17 11:09:24'),('6b172c98b143bd96a374e7f7875622e23e6d3fd5ce95dae25f25edbab21b5d24713e8559f83fecd5',151,1,'focus','[]',0,'2023-04-11 12:02:39','2023-04-11 12:02:39','2024-04-11 14:02:39'),('6b97345138105177a4ad946c0a9b663606ce048e4eb79c54333f7a3fff2caedc93ddead7c69ce7e3',252,1,'focus','[]',0,'2023-07-05 16:29:40','2023-07-05 16:29:40','2024-07-05 19:29:40'),('6b9e68090deb41640f40dc29c14b14a5adf699b38bb17abce7dd3b11c89c72d3a5c9d4e69fa8a6b6',185,1,'focus','[]',0,'2023-04-20 18:05:29','2023-04-20 18:05:29','2024-04-20 20:05:29'),('6be62cd15467e0bfa28b76de815d54c09538af1e76125775200879c8062d69205cbc989922432063',142,1,'focus','[]',0,'2023-04-09 18:11:11','2023-04-09 18:11:11','2024-04-09 20:11:11'),('6c1fd3a4e8e7d0f1101e9a75069612b8c53ec80480cf157a3a8a2f810f9308e84ebf0d429c72923d',73,1,'mazraa','[]',0,'2022-11-03 05:56:29','2022-11-03 05:56:29','2023-11-03 07:56:29'),('6c3aac4e21d7f4c91cbfb898ce2d006bc9d651e0a62098849937fcee934713fb6748060545e2edca',112,1,'focus','[]',0,'2023-03-02 11:57:39','2023-03-02 11:57:39','2024-03-02 13:57:39'),('6c83eac32739fc99627c59527300de2e42745f94de74581435b7091a5fdd04b2a2eccc469d1486db',238,1,'focus','[]',0,'2023-06-21 17:00:00','2023-06-21 17:00:00','2024-06-21 20:00:00'),('6ce088a577be4dd35c05ad5b71dd155a46c4001dbfe7cc45437ea39d6b2051f92687c32a2c9eb111',234,1,'focus','[]',0,'2023-06-12 08:22:30','2023-06-12 08:22:30','2024-06-12 11:22:30'),('6cf34ac833dd549466f3df96206d63c5d479d8138ee99621310d39eccdea80fd27ee5183c41b26f1',190,1,'focus','[]',0,'2023-04-21 22:51:09','2023-04-21 22:51:09','2024-04-22 00:51:09'),('6dc0023eea304930b00907f15cbb504239a33e0637cb4d83505bda91dc9c6980841425486b02d5e4',185,1,'focus','[]',0,'2023-04-20 18:05:38','2023-04-20 18:05:38','2024-04-20 20:05:38'),('6e5efeb1122e035d0d82129c31d65a7c601f921b193a39f9eecd7fbdac1337cf5c14c5d566c97864',45,1,'mazraa','[]',0,'2022-06-23 09:55:42','2022-06-23 09:55:42','2023-06-23 11:55:42'),('6e85b96471942e02333a31b793bd29a376d917a8170f0c2f7f3d6125716ab2d598559985df11f3bb',299,1,'focus','[]',0,'2023-10-03 11:48:49','2023-10-03 11:48:49','2024-10-03 11:48:49'),('6e8c8dd168ceac346ebf77af8d3c40d363bba6bd394e99ed5056a54ad4bf9dda0cadaf69d594bb40',221,1,'focus','[]',0,'2023-05-25 14:12:22','2023-05-25 14:12:22','2024-05-25 17:12:22'),('6e9f5d4e1edac8302ca63ee9fa99d27a6e361ad20a0909bd117ca8ea937dd98df67fe740e7304315',115,1,'focus','[]',0,'2023-03-19 07:04:05','2023-03-19 07:04:05','2024-03-19 09:04:05'),('6ec5997d624a8a41102759565a739105c359bf129228e98b3c4c058a4fd3f1238795fabfa5b103ef',107,1,'focus','[]',0,'2023-02-28 06:00:21','2023-02-28 06:00:21','2024-02-28 08:00:21'),('6f0096f4a5f82ad896b6dd611861f20f00cf455d8462ee5fa83d438716b51d0cd10c0407d1a7c38f',224,1,'focus','[]',0,'2023-05-26 15:15:44','2023-05-26 15:15:44','2024-05-26 18:15:44'),('6f14c23511a54509c94792ab73024b8b3f569f8d81e7761d5c4bc24ec228995503580b38afbd9480',97,1,'focus','[]',0,'2023-02-19 19:24:07','2023-02-19 19:24:07','2024-02-19 21:24:07'),('6fb483981184a15b20ac5027e8bbd2c8e2a588381b0886494fe89f23f06290e211302a2609cc9790',196,1,'focus','[]',0,'2023-04-26 01:30:50','2023-04-26 01:30:50','2024-04-26 03:30:50'),('704a9f6a2e69d81b89265af6b3200236a1d753351b29b8f6c6898b0a2a460b6c985ca34ec0256b86',159,1,'focus','[]',0,'2023-04-13 10:10:06','2023-04-13 10:10:06','2024-04-13 12:10:06'),('706cd18f866f7a93464bae738cd186106499c5269e0d3b16fbc5d410209a90aee07e08d1047bf96e',97,1,'focus','[]',0,'2023-02-19 09:37:47','2023-02-19 09:37:47','2024-02-19 11:37:47'),('71be551daa485908fb86a5b9b87e4827e64664319a1efa76311e7285195555c14bcbd1e162033164',167,1,'focus','[]',0,'2023-04-16 18:47:35','2023-04-16 18:47:35','2024-04-16 20:47:35'),('71f0e0a1ce44a15f213716f13278835690ce7c05f6f2fec373681222aa45350fe6fecc8b13984023',69,1,'mazraa','[]',0,'2022-07-05 12:13:21','2022-07-05 12:13:21','2023-07-05 14:13:21'),('7269ff9f5dfde3e73344d23604ca70711e7e263ac03eec9ebf5b01ffcbcdfcdbb1b5ccca07e17d27',151,1,'focus','[]',0,'2023-04-11 11:48:55','2023-04-11 11:48:55','2024-04-11 13:48:55'),('729419eb28a83848e803426c2986e11567c8b4d97bee99604b1e09063c2bf72a751eea0e2d3fe52f',281,1,'focus','[]',0,'2023-08-23 21:37:25','2023-08-23 21:37:25','2024-08-24 00:37:25'),('72dc474c964ebd6a8b8a8b56fcfb8b0c886fab4b8c1e5054ef29a07d97cfab661bf62f7ddd01bdd7',40,1,'mazraa','[]',0,'2022-06-23 09:14:24','2022-06-23 09:14:24','2023-06-23 11:14:24'),('72efd3605fbb65b3cd95a83f290bd24cef4b4f98de92659c7e8f4e7608135db595ed63cda760f357',198,1,'focus','[]',0,'2023-04-29 10:14:21','2023-04-29 10:14:21','2024-04-29 13:14:21'),('7393a3be7ca3749e18874522ba5fa374faa06221fcd99944f370e80c37f138c38304595532d5b735',115,1,'focus','[]',0,'2023-04-05 11:55:36','2023-04-05 11:55:36','2024-04-05 13:55:36'),('73f45aea1d9fc96d1a3fe2f880692e40233a0cfcbc2ce9512f9e632cd9159a63a8318c5f3ad05dc5',108,1,'focus','[]',0,'2023-03-02 11:26:57','2023-03-02 11:26:57','2024-03-02 13:26:57'),('74820b06c6d5c0106129023b7371f049a549f86a64ef45d890df30afbf5a7bceccd7265fec37e1ad',119,1,'focus','[]',0,'2023-04-09 08:43:21','2023-04-09 08:43:21','2024-04-09 10:43:21'),('74a8a1af5cf00c216d57c479080f33abd84292f6ae493c205cc045939993c114370435bf84406775',11,1,'mazraa','[]',0,'2022-06-23 08:03:06','2022-06-23 08:03:06','2023-06-23 10:03:06'),('74f87b871fd11555c0792e02740cffb22523813a11a23e317a5266005a4e2a7fbac8c87147d5c751',81,1,'gold','[]',0,'2022-10-31 10:05:12','2022-10-31 10:05:12','2023-10-31 12:05:12'),('75ae38d1a1da07a9cf4abc5f38f502a9b3eed760efad3826572dd4b93d843b887434fcd11bdf233b',123,1,'focus','[]',0,'2023-04-09 09:34:58','2023-04-09 09:34:58','2024-04-09 11:34:58'),('75b687abe73588e1c61ae5c096e6c438fe3c61f439032bcb5852b341548c45ef56a3258811a39582',148,1,'focus','[]',0,'2023-04-13 01:53:29','2023-04-13 01:53:29','2024-04-13 03:53:29'),('75e88b8ec95df0dd050e79305ca75b356cdc1f273d607e45690ed4692980f9eab9d28908f84dcfb3',200,1,'focus','[]',0,'2023-04-30 03:30:31','2023-04-30 03:30:31','2024-04-30 06:30:31'),('75f393de7da16003334b8e2b3c6ea74a9afc45b2c089df47046fc062330b03deadfbad66dc349025',63,1,'mazraa','[]',0,'2022-07-02 09:09:22','2022-07-02 09:09:22','2023-07-02 11:09:22'),('76424f32895c455211d1751b2b857ff3a37c7e02951d7ee8734a834e29bfd0d673c41a4c5ecec856',172,1,'focus','[]',0,'2023-04-17 22:28:07','2023-04-17 22:28:07','2024-04-18 00:28:07'),('7647fab9472415846e36e77f827c9d7442d1bd34aa8948b05dab962659a8fe15edd6f972c9109ea2',98,1,'focus','[]',0,'2023-02-21 09:56:36','2023-02-21 09:56:36','2024-02-21 11:56:36'),('766696083d78f5e47f7b44a5f287bc8f26d01d22690cbbd1f084e4f731c443002e666cd3b4c19c26',73,1,'mazraa','[]',0,'2022-11-19 14:05:21','2022-11-19 14:05:21','2023-11-19 16:05:21'),('76b6411d874ddd251c4a4e0b2669f966b2f9939e3573b8d3950341362fae17baa59c7e573bd8f2c4',97,1,'focus','[]',0,'2023-02-19 09:42:30','2023-02-19 09:42:30','2024-02-19 11:42:30'),('76c0baaa287d08bc7d56d1fbf6769b6542120628c6a4b549234af73aa86a9298fc2de3e72f2f37a5',116,1,'focus','[]',0,'2023-03-07 10:12:42','2023-03-07 10:12:42','2024-03-07 12:12:42'),('774d3dc4c954eb8db3c9df35007210693fd2d9ac4167878f3b1e7c282622d982cb108744e84da9cb',253,1,'focus','[]',0,'2023-07-05 17:07:56','2023-07-05 17:07:56','2024-07-05 20:07:56'),('77e57792a274df20cf518d3e05cf60166a39ea5be402928d3f568841e49ab15d5ddf64d984f8eac9',115,1,'focus','[]',0,'2023-03-30 16:04:48','2023-03-30 16:04:48','2024-03-30 18:04:48'),('77ef0e22d9a12381af091629e463249ed4fe8737bd721a5b7a29db3df287b47a4a5e44bbaa194db1',116,1,'focus','[]',0,'2023-04-06 13:03:06','2023-04-06 13:03:06','2024-04-06 15:03:06'),('7814c5a712a55d00591c9c8e4dceb7f01293a1f76817c2a9891156567746dc7044aa9376276c78c0',98,1,'focus','[]',0,'2023-02-25 17:59:57','2023-02-25 17:59:57','2024-02-25 19:59:57'),('7959cb7fda61e86c6dba7085b6162803f7bd58aae9009eb059a2c5d3085701349d16e02734e5b5eb',73,1,'mazraa','[]',0,'2022-11-03 04:45:35','2022-11-03 04:45:35','2023-11-03 06:45:35'),('79e631be82ab74512e6eff5e3cead48fffe6d6f8862fb4c4b401758f0054c702b24470d4b331e76f',153,1,'focus','[]',0,'2023-04-13 11:06:32','2023-04-13 11:06:32','2024-04-13 13:06:32'),('7a0ea66d1d3b55397daa622012089abdf1d12fa1ed2852bd69c2317d8dc00cef79d808e767773e94',73,1,'mazraa','[]',0,'2022-11-09 08:57:22','2022-11-09 08:57:22','2023-11-09 10:57:22'),('7a4c5040c7f32efe4fe3d4ef4f8f58bebc9e68f6f383a5646c519bda6d4af3e73891298737d1e652',11,1,'mazraa','[]',0,'2022-06-23 08:04:16','2022-06-23 08:04:16','2023-06-23 10:04:16'),('7a55c9849dfc03134ab40c41632370ca02df563630adc4e95d31477ea6d23627a7edb8a8d4047eb7',73,1,'mazraa','[]',0,'2022-11-17 07:00:45','2022-11-17 07:00:45','2023-11-17 09:00:45'),('7a56a8dfb288cd39e15bb7cfe9f5deac18bc4008f839cfb861a22c7240ba9e18af4b5b233bd1e6ac',155,1,'focus','[]',0,'2023-04-13 16:58:00','2023-04-13 16:58:00','2024-04-13 18:58:00'),('7b3f740692d848a073a10fb29fd8e5570e9362511f002a2dcee2142e8b6cc3dd0538a00120f8c19a',141,1,'focus','[]',0,'2023-04-09 16:40:03','2023-04-09 16:40:03','2024-04-09 18:40:03'),('7b7e45cfbe40165d8189c660d5b392505f4957aeca748b1be74bd38c69bbcdd06ae97a4df005e613',319,1,'focus','[]',0,'2023-11-05 20:18:18','2023-11-05 20:18:18','2024-11-05 20:18:18'),('7be7be950e48efc9204f787bd1a7c52f6813e410d3c0ec9649f80ed9c497efb2d716c98ce1338252',130,1,'focus','[]',0,'2023-04-09 10:02:07','2023-04-09 10:02:07','2024-04-09 12:02:07'),('7c20aaea510d27f95363d6a2b7436cda8d2a4c5b59750e4932470b758d461eede3b35a09a5eef12b',315,1,'focus','[]',0,'2023-10-28 01:32:21','2023-10-28 01:32:21','2024-10-28 01:32:21'),('7c6fc498767643804a4bb9b1e23594739709d6f043466145a284a0531655a4ad11bc058bd8474f2b',73,1,'mazraa','[]',0,'2022-11-19 15:45:09','2022-11-19 15:45:09','2023-11-19 17:45:09'),('7cc23655a47dea76dd80f6ea3fe08ef24e0f67ef48292c45a07bca3ce1332cf43a6b799025ec3b0a',271,1,'focus','[]',0,'2023-08-07 17:21:09','2023-08-07 17:21:09','2024-08-07 20:21:09'),('7cc89a73d46ec66796315fec0231d40c5087d87186ecbbd8181dd33c2160400653c326feae829e10',115,1,'focus','[]',0,'2023-03-17 07:31:11','2023-03-17 07:31:11','2024-03-17 09:31:11'),('7ce0030a88a9cc88e4be9908a8da82b12e0427467f7172c186215e2e8786e5a8518df4a630bdd6bd',45,1,'mazraa','[]',0,'2022-06-23 10:21:08','2022-06-23 10:21:08','2023-06-23 12:21:08'),('7d0be8f80ad9af1d23c2bd19c5f50b790bb48e5070943a6483e42e5bfb4c745ac501a35abce379d5',9,1,'mazraa','[]',0,'2022-06-27 10:01:18','2022-06-27 10:01:18','2023-06-27 12:01:18'),('7da649791e5a534ddb6ea6f0cd3b2a987c9e08a834bfab5b05c3ac74a51d1cd5cfa0022d416e7ad8',207,1,'focus','[]',0,'2023-05-04 11:01:10','2023-05-04 11:01:10','2024-05-04 14:01:10'),('7de4b75062e3e35047704eaea4a39e72a05d5124274f97bbf98f15c9018da83e93ce7689a890f34e',71,1,'mazraa','[]',0,'2022-07-06 11:21:10','2022-07-06 11:21:10','2023-07-06 13:21:10'),('7e3e13e7504b28e1a67a3abfbaa4667fc84d9d3b0b377b706c53642a496f5e94b4d54d56f0777bb5',97,1,'focus','[]',0,'2023-02-19 13:12:57','2023-02-19 13:12:57','2024-02-19 15:12:57'),('7e91e0821e3e249c04f1cfd9a9133d557f6fe012571bd2b1cda73fedf2d1fc9e7039456345818d3b',94,1,'focus','[]',0,'2023-02-18 19:16:02','2023-02-18 19:16:02','2024-02-18 21:16:02'),('7ebcbb08879681242f2467d30cacf327441b2eea6e489b1f2001632863149f1ce0806cf6f6185c2e',182,1,'focus','[]',0,'2023-04-20 13:53:53','2023-04-20 13:53:53','2024-04-20 15:53:53'),('7ee5e381d31a22198d431c15eaeef6ac5d761a20a315551f0745d623d8637f0f965bd6e27f1444bb',11,1,'mazraa','[]',0,'2022-06-23 08:04:39','2022-06-23 08:04:39','2023-06-23 10:04:39'),('7f2aa5a6c3a014c72905161bf2c3d09dfde1cc01a5cc5a8605ae02559a1cf2b3abe9f5da0f0b6baf',314,1,'focus','[]',0,'2023-10-27 18:06:11','2023-10-27 18:06:11','2024-10-27 18:06:11'),('7f4d3c67e6b52da4fbec6d751425df20e48a154c10d21007cb3ea468425b865f22f894ff87ec90b3',10,1,'mazraa','[]',0,'2022-06-23 06:50:53','2022-06-23 06:50:53','2023-06-23 08:50:53'),('7f8e3bf68719eeab9798c2590f3578693da7b21d13aa36c98b4206def67dfa1d178a6de14f77ece7',39,1,'mazraa','[]',0,'2022-06-23 09:03:16','2022-06-23 09:03:16','2023-06-23 11:03:16'),('7fdaa14102b9477d207c86839aef7c1a00ce3f38ac93a278aa6ed3afc135eefb3bee41bef000a6bd',71,1,'mazraa','[]',0,'2022-07-06 11:18:34','2022-07-06 11:18:34','2023-07-06 13:18:34'),('804420db0a5ee3bee90a35234cc270e5d05c8c9b4da93a4ebe8d858e598f962a3f9084e7ea843859',73,1,'mazraa','[]',0,'2022-11-02 18:18:35','2022-11-02 18:18:35','2023-11-02 20:18:35'),('811eb6c52d1544d9396f6084e97ffc3c5e0f4f8180fa0059c7bafc324861084339168a8782c5c5e4',210,1,'focus','[]',0,'2023-05-07 15:49:08','2023-05-07 15:49:08','2024-05-07 18:49:08'),('814f0ed92b557a09b4e03aaa08ead996231cea1f9956d0df15d06ac1c6f04d7ca26f577ee07912ba',71,1,'mazraa','[]',0,'2022-07-06 09:08:58','2022-07-06 09:08:58','2023-07-06 11:08:58'),('816f4cd12a0c9da8df231ad94df9aff35eb005d523ea58c692ec88f9f3e7781e13578c907dcf79fb',73,1,'mazraa','[]',0,'2022-09-28 08:51:27','2022-09-28 08:51:27','2023-09-28 10:51:27'),('817b6951a433eb24405a8fce3378cf09ef53cffd5da50b0d4b904d0e6b8ed90c6c007e0a447dc4d9',101,1,'focus','[]',0,'2023-02-27 06:01:36','2023-02-27 06:01:36','2024-02-27 08:01:36'),('81d05569784abec16ef430221f9f0cd2504a4e1c14707d0040ee967cba26e96821b67254ad766db9',300,1,'focus','[]',0,'2023-10-06 03:52:43','2023-10-06 03:52:43','2024-10-06 03:52:43'),('823121d2aa9d15c2f943c9264065e3eae1bcdf48ef877a66e6c9aed2dc30ad2403bdf2834decd2f5',223,1,'focus','[]',0,'2023-05-26 15:11:02','2023-05-26 15:11:02','2024-05-26 18:11:02'),('83432d11067140bf86e7ead3c0e4c75438702ec99c58ca83ae67b3221a6be084039137cca266e58d',219,1,'focus','[]',0,'2023-05-23 10:38:05','2023-05-23 10:38:05','2024-05-23 13:38:05'),('8383f4061423bfd6bf0c3eafc396c2a4299a451a5c9d42e86c6522d969033574d3d86ee78b7d1de3',71,1,'mazraa','[]',0,'2022-07-06 11:08:23','2022-07-06 11:08:23','2023-07-06 13:08:23'),('83c043c8392ec90feac3d3e4a91e519f72e53c5fc78b873fe60864333865a972251dfe1ce9257fd0',11,1,'mazraa','[]',0,'2022-06-23 08:09:29','2022-06-23 08:09:29','2023-06-23 10:09:29'),('8481030775470fea0d55ba59cec076e4851837c449e357f042f6143be79799b73a5d3a77859baa99',114,1,'focus','[]',0,'2023-03-04 20:33:47','2023-03-04 20:33:47','2024-03-04 22:33:47'),('84bd6ad3e4d0565fffaa6a8f741b4a793cd297bb4b247e367cbdc3e7420fe1af97712d9975e6b4d2',284,1,'focus','[]',0,'2023-08-28 04:10:14','2023-08-28 04:10:14','2024-08-28 07:10:14'),('851bd7cb06bf97d4775598d02d53c7c6c7f8507283203c88ae7a2b0e073ed90112f6bd9380492e65',277,1,'focus','[]',0,'2023-08-16 12:29:00','2023-08-16 12:29:00','2024-08-16 15:29:00'),('8560700c260e7c46ca3b2121d4db72a669abdb41ab22db5ced18fb859f3d247ea01c83a4b88a5e78',259,1,'focus','[]',0,'2023-07-19 11:46:04','2023-07-19 11:46:04','2024-07-19 14:46:04'),('85696d16d2c45e028c7250849b9188df96f60d024aebc09e363cd86685603dc874b2e19c4d73652d',237,1,'focus','[]',0,'2023-06-17 22:36:01','2023-06-17 22:36:01','2024-06-18 01:36:01'),('8644c101435cabf45b8b3de46a12cefcc3e7a14ec85910c11714a6c5ed39aef9fba3b3fc9235dc57',11,1,'mazraa','[]',0,'2022-06-23 08:04:54','2022-06-23 08:04:54','2023-06-23 10:04:54'),('86ec874ee215055d1bbfbafde2731e77de1c09133d8a25506dfe22b3a3ed21606eccdc2faed363cc',203,1,'focus','[]',0,'2023-04-30 16:46:21','2023-04-30 16:46:21','2024-04-30 19:46:21'),('870f24c8677362daddb5a3d30c520749120f2defa2980b477a08d4a1f3ffae9d53304ebd3108301c',307,1,'focus','[]',0,'2023-10-15 21:46:10','2023-10-15 21:46:10','2024-10-15 21:46:10'),('87d33731642c19dada5685c665aed0a909334dbb82305432e0d4dc07745ac6e286e37de9dffa0ca3',184,1,'focus','[]',0,'2023-04-20 15:18:03','2023-04-20 15:18:03','2024-04-20 17:18:03'),('885069e46f7da6556f31ca4e451e17b62ef63fe3ea05e34532f81e8f9f58f9c7364eca0646a4c000',122,1,'focus','[]',0,'2023-04-09 09:33:10','2023-04-09 09:33:10','2024-04-09 11:33:10'),('896a72c11f43beac182556e84dfe1596cb203782396e2766021e0123e99a390ab9e66b2f1c9ff63a',97,1,'focus','[]',0,'2023-02-19 19:08:51','2023-02-19 19:08:51','2024-02-19 21:08:51'),('89bc91976cbc68eef1d2977178fdda99fb02cc306096f64115ea3a381d49d79c01c0cc8c81a517f3',332,1,'focus','[]',0,'2023-12-01 17:36:30','2023-12-01 17:36:30','2024-12-01 17:36:30'),('89e9764372433318aa3c6b30f1bf50fadfd852496bc17f56766975faadc35810e2f866808cff105a',197,1,'focus','[]',0,'2023-04-27 18:27:24','2023-04-27 18:27:24','2024-04-27 20:27:24'),('89ffcf36e0e1079d951f1c30db012aba029f561946c18a1608c71489cf35cbb395db4068f99dbf4f',42,1,'mazraa','[]',0,'2022-06-23 09:19:09','2022-06-23 09:19:09','2023-06-23 11:19:09'),('8a8247bd6ec20b5769c5ca5174cff92151577cd910e0fa614b55f63e1748cad908a684e1ab4b3c81',317,1,'focus','[]',0,'2023-11-01 11:15:34','2023-11-01 11:15:34','2024-11-01 11:15:34'),('8a96907ff5c54cc4e06237d6131425912a786480a05f81d4a5fbfed6168a13edd9ce315ff5a0c14e',317,1,'focus','[]',0,'2023-11-01 11:15:33','2023-11-01 11:15:33','2024-11-01 11:15:33'),('8a9e27fc783f7c1dda05ecafa8a7f4a82d2a67487d3c347d372cfc6aa9354b921fc499da853e3af3',43,1,'mazraa','[]',0,'2022-06-23 09:45:38','2022-06-23 09:45:38','2023-06-23 11:45:38'),('8ac2fe5c85ade22161db3eb07cb0e4cc682a1c5a812f46bd02e2b80ea364d957247e7fbbc08f9c79',71,1,'mazraa','[]',0,'2022-07-06 11:17:07','2022-07-06 11:17:07','2023-07-06 13:17:07'),('8b149c556f12cae8cbad706c813cddf0ed3f53b4dfd12555d53afb3eb67ae94ffcaa78ca15258b6e',128,1,'focus','[]',0,'2023-04-09 09:56:20','2023-04-09 09:56:20','2024-04-09 11:56:20'),('8b54d44fda71841e328649767b2d720d3c30edb629cfa03e00ade1cecb47ea05d8abbf0b28747cda',116,1,'focus','[]',0,'2023-04-09 09:39:23','2023-04-09 09:39:23','2024-04-09 11:39:23'),('8b91a3866b0ff4f297be5db31e6b4a42b6897be759f782e7a4010cefa56d179644276d9d3925b855',153,1,'focus','[]',0,'2023-08-08 07:49:40','2023-08-08 07:49:40','2024-08-08 10:49:40'),('8b9609eafad9926dd3e125664e7fa9e313792211dbb05e18cb0cadd475dc71c5e825b26db80d0194',146,1,'focus','[]',0,'2023-04-10 06:22:25','2023-04-10 06:22:25','2024-04-10 08:22:25'),('8c8720cf9900d1574020453d82936c6ba2ed9cda9f87b1c7c039b0c4ab4ef831adf91a6ac90c9b7a',73,1,'mazraa','[]',0,'2022-10-01 16:54:17','2022-10-01 16:54:17','2023-10-01 18:54:17'),('8ca33bf5c726de3d34356ef14bf32c7f5512cf851ee41296b8045b3748d65328377fb72c81502a6a',308,1,'focus','[]',0,'2023-10-16 14:18:08','2023-10-16 14:18:08','2024-10-16 14:18:08'),('8d43ff51996621f4413ea35b46ae1cc1957bf055052b7eceaa531f9b71012c3b838e4866a5ac9bec',118,1,'focus','[]',0,'2023-04-06 05:56:52','2023-04-06 05:56:52','2024-04-06 07:56:52'),('8d9654d927ea1faf9dd08d3063cd8b8e371b91ffc77d8c835bd8042635bef22c2f2256b7c1dde808',217,1,'focus','[]',0,'2023-05-21 17:14:57','2023-05-21 17:14:57','2024-05-21 20:14:57'),('8e6c192472cd12eedc2731493f1bd0741579827e5787a5049845b5b2073ae966ccde845f880e3434',81,1,'gold','[]',0,'2022-11-01 20:28:29','2022-11-01 20:28:29','2023-11-01 22:28:29'),('8e78551e73f865ea1c271c76071807ff13c3b6d7ff57db4e697b87ce774f2601deb97baf77d6ee1f',9,1,'mazraa','[]',0,'2022-10-01 08:05:53','2022-10-01 08:05:53','2023-10-01 10:05:53'),('8e7e7d3558d0fe0fe30e7a9911c4ba8a305b872ad6ac7f105cef85dae091fe8c34d6b77e143f6aa8',164,1,'focus','[]',0,'2023-04-15 13:16:20','2023-04-15 13:16:20','2024-04-15 15:16:20'),('8f05ec975dbd7e4b49c150ad8493562c46572fe5ee65d9b8ffcfedea399d99f8e96f789d7900cd74',161,1,'focus','[]',0,'2023-04-14 19:55:12','2023-04-14 19:55:12','2024-04-14 21:55:12'),('8f8ced3d7f28a210ac4b76bc7b51c29e62bfd83a5bc1332d4e1335fba726be0450d669df606e9471',310,1,'focus','[]',0,'2023-10-17 19:13:57','2023-10-17 19:13:57','2024-10-17 19:13:57'),('8fe619d1a4eaa766bb0370bf610c50f817bb0a4d686a51b678f43377bf62ec876c41a8229e93864c',97,1,'focus','[]',0,'2023-02-19 14:18:55','2023-02-19 14:18:55','2024-02-19 16:18:55'),('9055f6b0889575b337050cf6225c9962b58103e49e3fa8318dd21ecc035096e349635f3244530936',11,1,'mazraa','[]',0,'2022-06-23 08:02:30','2022-06-23 08:02:30','2023-06-23 10:02:30'),('90afe4a0e4156d1075009ea9024f02f47232580a8b775498a12c7ba854818574819379a17b3a5fcc',115,1,'focus','[]',0,'2023-03-07 14:04:51','2023-03-07 14:04:51','2024-03-07 16:04:51'),('90e7656b7dc5c107354534d6b13e846eb235f240450707720d1ae774dc122d976a8527ce1f32ffef',116,1,'focus','[]',0,'2023-04-05 11:28:00','2023-04-05 11:28:00','2024-04-05 13:28:00'),('9100400db43955e7a8d54942c360a6ec5614b534e5b80ff90ef060f52d69cd66696b3f2cd67b3bd1',251,1,'focus','[]',0,'2023-07-04 19:44:48','2023-07-04 19:44:48','2024-07-04 22:44:48'),('9102501d557340ab2b4b4d1c480d66441ece88c5ca1b5c1ffa74d8ea5d246dec2e41e2c0296bf118',148,1,'focus','[]',0,'2023-04-13 02:29:28','2023-04-13 02:29:28','2024-04-13 04:29:28'),('911a3c3d980d375f105076fc4ae3b27ccb5a22ad2f70bc575bead94f45b28ab369343d364a7205b5',97,1,'focus','[]',0,'2023-02-21 06:01:22','2023-02-21 06:01:22','2024-02-21 08:01:22'),('922726f7309c6b2ba50df0eb48372d9ef365b5f3a109861c845a036ced8b6310ec33132b988edcf1',116,1,'focus','[]',0,'2023-03-26 15:13:35','2023-03-26 15:13:35','2024-03-26 17:13:35'),('925e38b9d03cfe5972a7b3a561ad2efb8f4bbc06b45bbaa9edc463b15d3a346595ed5dc78a7a72c2',11,1,'mazraa','[]',0,'2022-06-23 08:08:51','2022-06-23 08:08:51','2023-06-23 10:08:51'),('927f61f2ec9f86dec7dd87920c3c722bf9f4cf801520b0eebc0fbecd689cb8e1c444f1ae18644657',158,1,'focus','[]',0,'2023-04-13 09:58:59','2023-04-13 09:58:59','2024-04-13 11:58:59'),('929487a7219fdd2ed398d9b9e0d1af205ef6211f28d005bf035dbb2b5f61e7f11324ec9bbe54e83a',148,1,'focus','[]',0,'2023-04-10 09:15:25','2023-04-10 09:15:25','2024-04-10 11:15:25'),('92cff3ed9bec106d6fad1058439b316abb3831940ccc1eee2c65e3e0871538ac57e7e5e87174993e',96,1,'focus','[]',0,'2023-02-18 20:08:59','2023-02-18 20:08:59','2024-02-18 22:08:59'),('93b8472b0caee54e59f8d598cfe14eec41ee9638660743a04d5a346254a8c2a0b20b21a7114632ad',73,1,'mazraa','[]',0,'2022-09-28 08:51:05','2022-09-28 08:51:05','2023-09-28 10:51:05'),('93e567dd0a05e4cc2beeb23ae850484417870bb3bc63e7a57fc1a4dd7d5d125efef4bf1d708139d3',73,1,'mazraa','[]',0,'2022-11-17 08:06:18','2022-11-17 08:06:18','2023-11-17 10:06:18'),('94368f5badceec268f7f6e28c2443df35d2547082c1c5b6874016bab0330d9b42979eaba55ea4a1f',97,1,'focus','[]',0,'2023-02-20 11:39:44','2023-02-20 11:39:44','2024-02-20 13:39:44'),('943de390603180c8661cf7848ea31ccdcff1232fe30b952d10fbd47abb155d7838f9ee00637a26a6',313,1,'focus','[]',0,'2023-10-24 15:27:59','2023-10-24 15:27:59','2024-10-24 15:27:59'),('94a5a133c393a582a64f3fb9d9133217985e408429581cfb8892e95eafd27575715f65e7a4ba4b76',227,1,'focus','[]',0,'2023-05-29 22:41:17','2023-05-29 22:41:17','2024-05-30 01:41:17'),('94c7e6c34dbdc3cdbde7b925a2aa316f62036669e502c7291e2f006c4901b9ba57f307769dab3d7f',73,1,'mazraa','[]',0,'2022-11-02 18:31:27','2022-11-02 18:31:27','2023-11-02 20:31:27'),('94e8df369b8843cbcd423d6d7d03d17abc40713b919deeddcb9544eb4723a74e9af21fd91b098ea1',149,1,'focus','[]',0,'2023-04-11 05:31:56','2023-04-11 05:31:56','2024-04-11 07:31:56'),('951747c901e3fbd2683b5ccaf62e9ee8fe410b6158038329f6909afbc5217202b2f9b8cb51fe5146',151,1,'focus','[]',0,'2023-04-11 14:37:08','2023-04-11 14:37:08','2024-04-11 16:37:08'),('95c73836c9c44c8fb71e1f5398d4cea8af6d4a2ef6bda7b369213ab53860e283d98cdd0d62100b9d',273,1,'focus','[]',0,'2023-08-12 19:27:50','2023-08-12 19:27:50','2024-08-12 22:27:50'),('968736d104eca985c17c7034d6c78175caad1a4c223151746de05d54a243614f6a19009813f67867',289,1,'focus','[]',0,'2023-09-08 17:17:20','2023-09-08 17:17:20','2024-09-08 17:17:20'),('968cc3a24ef0234649294463a545e7fde4c7dab7b8fb62ef9b203c794102310d8315bc1f21f9ed1f',98,1,'focus','[]',0,'2023-02-21 07:44:40','2023-02-21 07:44:40','2024-02-21 09:44:40'),('96cc41b97f7dc7a74a9b2be07a6a0b33a6322def37eb3aee473c1d51c24815ca07dd919e507c7782',295,1,'focus','[]',0,'2023-09-26 19:25:50','2023-09-26 19:25:50','2024-09-26 19:25:50'),('96dbfac78961081390380ba9737053450aad37d73929806e6e6985af1a8b23404376982711c66dc7',108,1,'focus','[]',0,'2023-03-02 11:26:01','2023-03-02 11:26:01','2024-03-02 13:26:01'),('971b10eed9b1b881889ac8d8de6ecb02cb198a4c2f393b6c681445718293280cdc2a33903bdc165f',96,1,'focus','[]',0,'2023-02-18 20:18:23','2023-02-18 20:18:23','2024-02-18 22:18:23'),('974ce72ee9fb5502036edc97b3085e19435d098555bfca74ff24fd067cb1f40626ff1febfb5e07bb',193,1,'focus','[]',0,'2023-04-23 04:55:34','2023-04-23 04:55:34','2024-04-23 06:55:34'),('9752ef16cc376d284f808cb8100803cf3343d5a458864bd877bec319da4de625f736f989c37babc1',192,1,'focus','[]',0,'2023-04-21 23:53:55','2023-04-21 23:53:55','2024-04-22 01:53:55'),('97b8b6ccdae13ea3933c0a49c095a16061cdc730bc78405379a60c234e272195f068c50bf4a0da7c',95,1,'focus','[]',0,'2023-02-18 19:24:32','2023-02-18 19:24:32','2024-02-18 21:24:32'),('97ccf370ea3149ec41c04e5be06028656214856278eada16c99d9eecd982a2c00ed27704be718400',148,1,'focus','[]',0,'2023-06-22 09:20:23','2023-06-22 09:20:23','2024-06-22 12:20:23'),('97e6884e7b258e4a757a86f07f149726bf79bcde02752e6d254cd2fc4b93dfead5d18fa2e5d2e746',291,1,'focus','[]',0,'2023-09-10 23:26:03','2023-09-10 23:26:03','2024-09-10 23:26:03'),('98e2f5edc518c2965de2416afd211da167bc483d012bb20e2d6e9aacd7541558b0b20f6a9ef1cae8',170,1,'focus','[]',0,'2023-04-17 10:41:09','2023-04-17 10:41:09','2024-04-17 12:41:09'),('9958bc8af5a3023b4add96927bac0011ee2f4c8a28ca8e34d2053863a6e8a00edd476b78fc320dad',152,1,'focus','[]',0,'2023-04-12 12:15:21','2023-04-12 12:15:21','2024-04-12 14:15:21'),('998e75263735514f4059610e920e70cde29ecb7d6a2582abded01e73effbd69edc594bbbe28e9b20',11,1,'mazraa','[]',0,'2022-06-23 08:07:08','2022-06-23 08:07:08','2023-06-23 10:07:08'),('9a1772f9edb07a95ffca3e16956773da1c2a873ca19c50dfb3d06c0134f85a9b77cd08a1ae7d4aa3',89,1,'focus','[]',0,'2023-02-18 07:20:15','2023-02-18 07:20:15','2024-02-18 09:20:15'),('9a25643979e68203becac1945d5a14a8f9463c9db616e5c7c361f7110d7a31e9a054ec10ccf8732b',157,1,'focus','[]',0,'2023-04-13 09:04:22','2023-04-13 09:04:22','2024-04-13 11:04:22'),('9a51a03cfbc3fd97d7da8f78e00a6e060085e5d12b2a7b111d113c7f2312041feaa1f63efa4279bd',96,1,'focus','[]',0,'2023-02-19 07:54:18','2023-02-19 07:54:18','2024-02-19 09:54:18'),('9ab004dcafe0aeee413d120ea0213f86c1392a350f2607d4aaf61553a93fdc0d0149125cde319014',170,1,'focus','[]',0,'2023-04-17 10:41:16','2023-04-17 10:41:16','2024-04-17 12:41:16'),('9ad209624a2cb471234b0850be0b9c2623f89c179b30388242edb9de2881d610cf1062bef2c33723',84,1,'mazraa','[]',0,'2022-11-20 15:10:45','2022-11-20 15:10:45','2023-11-20 17:10:45'),('9ae78ab616af43bb95921c7f3e451354a6eab008b079ad33ea1243afe4ce3a6d80c8f425b9e1a4bc',118,1,'focus','[]',0,'2023-04-09 05:56:50','2023-04-09 05:56:50','2024-04-09 07:56:50'),('9cc6f73945efad88e708d9523aa8a82790e36df64a1286e0c54ed12520baafade5ffcf2195cdf674',115,1,'focus','[]',0,'2023-03-11 17:34:24','2023-03-11 17:34:24','2024-03-11 19:34:24'),('9cfd80f23f4bb84499a228abe1bb514164a21ebe910aaa3e7427838cb24ab85044587b21f6108c86',143,1,'focus','[]',0,'2023-04-09 20:05:08','2023-04-09 20:05:08','2024-04-09 22:05:08'),('9d9b1237a8ba6dd500eee2b7141bcb144d83ea77aa22cd973996a70a61c1d0b0edd2138d843f2fd2',320,1,'focus','[]',0,'2023-11-05 22:16:26','2023-11-05 22:16:26','2024-11-05 22:16:26'),('9df879bae7e05bae563e7acf9d07bd829b639127acd6843630f7213a4edf7b332b5264cc9096a7db',154,1,'focus','[]',0,'2023-04-12 09:42:07','2023-04-12 09:42:07','2024-04-12 11:42:07'),('9e047313d46ce408c4f67f4073c549703074d70ad53758f5d6c525eab30da4bd846d6d4b7932a044',194,1,'focus','[]',0,'2023-04-24 00:40:05','2023-04-24 00:40:05','2024-04-24 02:40:05'),('9e074de2ba203654508dcf4ff346a14a377ea9f21be201699dfbda7d524d0f2f8fea18da5f4b4fdb',115,1,'focus','[]',0,'2023-03-07 05:52:55','2023-03-07 05:52:55','2024-03-07 07:52:55'),('9e5fb2432a3690aebc49469e6a524b0aae26a22e27cf0c57824011e08530ecb07cc6238c4027e0ee',216,1,'focus','[]',0,'2023-05-19 23:24:06','2023-05-19 23:24:06','2024-05-20 02:24:06'),('9eaf9f86636d7c1ba0ec78c83f5e3561bf884d7f62c4750a1910c31c3edefeb0c82768f8db6ce659',179,1,'focus','[]',0,'2023-04-19 14:31:27','2023-04-19 14:31:27','2024-04-19 16:31:27'),('9eccc5fe9750e704e806579dd097d20a10a1e560ab8731ab66f935a3f20b29db49bdb076c6b26ddb',153,1,'focus','[]',0,'2023-04-12 21:07:50','2023-04-12 21:07:50','2024-04-12 23:07:50'),('9f2bb83befbc623824cf3ee4515abb1220bc971f680a6ecc93633456c873760a265534d084ee6c1d',211,1,'focus','[]',0,'2023-05-08 20:54:08','2023-05-08 20:54:08','2024-05-08 23:54:08'),('a035e6f3a423bcf1e9fa7709c53caf02675ef6f2fd2e58a4460c03030e4fa865f4b49b99af783ff1',98,1,'focus','[]',0,'2023-02-22 13:21:09','2023-02-22 13:21:09','2024-02-22 15:21:09'),('a03f1b07da1c41db3bac01306e871c776abb0da13f251dc23d3941ebad843a4477b7036c7475d01a',245,1,'focus','[]',0,'2023-06-29 09:59:42','2023-06-29 09:59:42','2024-06-29 12:59:42'),('a06d5c61f9303be809af04fdbdffe6684577c9acdf10f80d1d2e1240195e4d366d2ba219e605dbde',141,1,'focus','[]',0,'2023-04-09 16:41:33','2023-04-09 16:41:33','2024-04-09 18:41:33'),('a08e4f14739845b33133492d8b77eb18ec4917bc3c50b8538868204ac7009e86ecf244cfa162f95b',144,1,'focus','[]',0,'2023-04-10 05:41:04','2023-04-10 05:41:04','2024-04-10 07:41:04'),('a098aee3a9b3833d10fb1c7b07091f14e77bcd0db24f0ef7a392e9bb0824bf35a70ec8c9859b07a9',115,1,'focus','[]',0,'2023-04-03 12:59:27','2023-04-03 12:59:27','2024-04-03 14:59:27'),('a0a3abb4532a86b9da0c231de69f709f55a79cbf4b0edc338cb031a3250368001c2544fa0cae56a4',287,1,'focus','[]',0,'2023-09-03 07:54:03','2023-09-03 07:54:03','2024-09-03 07:54:03'),('a0d0cf3535a263ddab982cb9118f80f3a837d282aa4f4939ba2f3261695594a990037d683172111d',70,1,'mazraa','[]',0,'2022-07-06 06:25:06','2022-07-06 06:25:06','2023-07-06 08:25:06'),('a1be3501cf0e5064e06a063787be22e808c4d53a2944b6499f8ccaf7d88e1c7acf4b173f0f74d5cc',163,1,'focus','[]',0,'2023-04-15 10:56:51','2023-04-15 10:56:51','2024-04-15 12:56:51'),('a1e503e99f87232da95fbbcd5e29239ccbf7bdecdb03959c653b8fb7e9a5daee5251e0b4fc3a09fe',73,1,'mazraa','[]',0,'2022-11-17 06:03:30','2022-11-17 06:03:30','2023-11-17 08:03:30'),('a1eaeb7c2959c5045cfddb94dd7278f9252f44970d33611605fb0fd15811c2f910a539791762d50a',75,1,'mazraa','[]',0,'2022-09-29 06:09:54','2022-09-29 06:09:54','2023-09-29 08:09:54'),('a1f4cff23f69aff085319d80703a3d7eeab1db9b2284229749b653bfe7abbe353b796748f2fec8c9',95,1,'focus','[]',0,'2023-02-18 19:32:06','2023-02-18 19:32:06','2024-02-18 21:32:06'),('a209f135a8d65fbfa0a7e1932a0bb43ee3d6e192499a7c80d55404eade1e55fe3d0599885eece540',280,1,'focus','[]',0,'2023-08-23 18:33:57','2023-08-23 18:33:57','2024-08-23 21:33:57'),('a27f51a53b0eb4ef88f6c135d2e62729bdad510d93495760b39412bf90bd2df81bda0e4eb38421fa',97,1,'focus','[]',0,'2023-02-19 09:47:43','2023-02-19 09:47:43','2024-02-19 11:47:43'),('a2857c4665cc36bc46c6303205e5aff8ca75e931ffa3bc570848661036a7ecbb2cbc9f9917770e44',97,1,'focus','[]',0,'2023-02-20 05:48:15','2023-02-20 05:48:15','2024-02-20 07:48:15'),('a2b89520dc35d4acfbb14970875dce1ab573d931eeba632e781e344a86e60bffc944c3444db15614',290,1,'focus','[]',0,'2023-09-10 16:30:27','2023-09-10 16:30:27','2024-09-10 16:30:27'),('a30630d0860f627234db49d3f0bd958f00887be75f40c84d0cacc9d2df32d172c8e1740cd19acec1',240,1,'focus','[]',0,'2023-06-21 22:51:10','2023-06-21 22:51:10','2024-06-22 01:51:10'),('a351fbe636ba0c4f4bdea509db230e44f0cc3d691c2f0e83f62ba62a7e5a31b905b6f2b83665c57f',169,1,'focus','[]',0,'2023-04-16 20:40:47','2023-04-16 20:40:47','2024-04-16 22:40:47'),('a408ac73eb5496aacf064019b541139b523f5c17eb7f7d641e9425e81271713e521a9978729e7d8e',329,1,'focus','[]',0,'2023-11-29 21:13:48','2023-11-29 21:13:48','2024-11-29 21:13:48'),('a41a7451e4206ff81d8316f4c4b0e33a942c96752bc9063e566e6d19e2e0ca2c46d60b75c7c1b15d',116,1,'focus','[]',0,'2023-03-07 21:33:40','2023-03-07 21:33:40','2024-03-07 23:33:40'),('a4a1d476b14712084c064fb7dc6b5cf0c608946d979bffb2358e2da0f886af8e2d637bcabf57dac7',260,1,'focus','[]',0,'2023-08-09 11:55:29','2023-08-09 11:55:29','2024-08-09 14:55:29'),('a4b059fb75bdea55c541995426b280ecc9be13c5f5067174e46ecccd6b1a8c49c62c697c5e6b8fdf',178,1,'focus','[]',0,'2023-04-19 10:29:46','2023-04-19 10:29:46','2024-04-19 12:29:46'),('a4cb306ad634b75250675fd285a0245668d0890c9a2794a88aa2e874677a1cfb01526a5a481dcc58',3,1,'mazraa','[]',0,'2022-06-23 07:55:37','2022-06-23 07:55:37','2023-06-23 09:55:37'),('a4eb7a34b80feca71fc913ad7db3965dcc4b99c88f9d00cee49a5d7117965e2956ce0c63095ba70f',287,1,'focus','[]',0,'2023-09-03 07:54:06','2023-09-03 07:54:06','2024-09-03 07:54:06'),('a4edbd59fab369be0cb4a5d68f9185e8ffe12497e2d12c165df82d3c60981959602e2c0369e196ac',73,1,'mazraa','[]',0,'2022-09-28 08:50:48','2022-09-28 08:50:48','2023-09-28 10:50:48'),('a4fe1ca32602c0343f54e0f589b0c683ad2dc8bc6d1b6c6d5b487c4ba807dd0a10f7946f88f395fe',115,1,'focus','[]',0,'2023-03-30 08:44:59','2023-03-30 08:44:59','2024-03-30 10:44:59'),('a5147bc49a4ae199294ef37d36ca57ecb98aaf7a3f9ff79c1aa7103667174f34f9c461c26cd72bbf',118,1,'focus','[]',0,'2023-04-06 05:58:28','2023-04-06 05:58:28','2024-04-06 07:58:28'),('a542696c7c689aa462ae0db9b6c083c2c70e52c94b350d415126ec24dcc787a8663bee0538f41984',153,1,'focus','[]',0,'2023-04-13 08:38:09','2023-04-13 08:38:09','2024-04-13 10:38:09'),('a5f246fc6639d1058609c0269becdeebc0172b32ad7a1dc24bf115c47c77d2b4322f4a6cd76d5384',268,1,'focus','[]',0,'2023-08-02 05:30:23','2023-08-02 05:30:23','2024-08-02 08:30:23'),('a650a032af8729b9c5ee17577673d42666b50d917b97b3ac1de31b9b05ed788bf69891c861ac3d79',11,1,'mazraa','[]',0,'2022-06-23 07:56:19','2022-06-23 07:56:19','2023-06-23 09:56:19'),('a66ccc708471b9ac82986dacd701d54197010986d1bc6dccc3e336307cdf19fafaa5672fb83b5da5',251,1,'focus','[]',0,'2023-07-04 19:43:35','2023-07-04 19:43:35','2024-07-04 22:43:35'),('a6e43939f6300260a1a8e7ba3b51d8cfa0b4901aff31d8bb2f9389299baa411347932a288d4b4a03',113,1,'focus','[]',0,'2023-03-02 12:04:28','2023-03-02 12:04:28','2024-03-02 14:04:28'),('a70ca0b1d3f5de3fe7cd5914b080f51b6cf634832e7cbc065fd677a99bd15460fa44e734fe53c258',73,1,'mazraa','[]',0,'2022-09-28 09:00:24','2022-09-28 09:00:24','2023-09-28 11:00:24'),('a8013257797c2be318ed9399fececd2d183d2035af1560bac57d4d44e1016a795633779fae1b75eb',108,1,'focus','[]',0,'2023-03-02 11:25:40','2023-03-02 11:25:40','2024-03-02 13:25:40'),('a8643d88c8107bc2d157babdbcfa80d405f5d3a489c44a7a7d2dcf4286e618ce1db38e4fe3989aca',7,1,'mazraa','[]',0,'2022-06-22 10:16:25','2022-06-22 10:16:25','2023-06-22 12:16:25'),('a8987b830944879db36eb7ae81e6634ef769a410115715524209b5e77ba57ce2ad66fa72275e6657',229,1,'focus','[]',0,'2023-06-02 13:49:08','2023-06-02 13:49:08','2024-06-02 16:49:08'),('a89c4a8011c5003c076151013709151900251f79bd12239c12b6b00f8e96e873daf0ec7986079bfe',115,1,'focus','[]',0,'2023-03-11 17:04:36','2023-03-11 17:04:36','2024-03-11 19:04:36'),('a9086a42d242d733ce501a81cde50499d8137a6a3c8b6ba1927f8f3a97cd0d719674e4ea54a93cab',97,1,'focus','[]',0,'2023-02-21 06:50:38','2023-02-21 06:50:38','2024-02-21 08:50:38'),('a91a9cfec01ef8643cf48184dbc6a3589a8d85bafc60156eac772999ede7f79566b448c8069295b2',148,1,'focus','[]',0,'2023-08-28 09:03:26','2023-08-28 09:03:26','2024-08-28 12:03:26'),('a9740766e23985a964a8e43a017891c0754a87f26eda464b1282a511c0385589ea2b2dd16a5c8ac0',192,1,'focus','[]',0,'2023-04-21 23:54:08','2023-04-21 23:54:08','2024-04-22 01:54:08'),('aa2c91a0af8105eb3444b887f488d25a6fbb1a8eed13e7106d229c502851d32fa332f01cbfb40bd7',112,1,'focus','[]',0,'2023-03-02 11:56:50','2023-03-02 11:56:50','2024-03-02 13:56:50'),('aa3813e78585961696de9a0026ac29fae342197e0fbf6759d62b7a558e60e9d288d28c4d0c872db8',11,1,'mazraa','[]',0,'2022-06-23 08:06:35','2022-06-23 08:06:35','2023-06-23 10:06:35'),('ab13519133d9eab1a49eeccdf4a0ef8b7808e23fbc877f3a7ba11f2141373a41d51045757dfebaf9',96,1,'focus','[]',0,'2023-02-18 19:50:47','2023-02-18 19:50:47','2024-02-18 21:50:47'),('ab2e7e1b47e1281e18e9582fafdb0758a3c37d97e2410c5af58f06b0229f0caceba6030e4edaae67',116,1,'focus','[]',0,'2023-03-10 11:59:13','2023-03-10 11:59:13','2024-03-10 13:59:13'),('ab31a3d3a5a3f03e890b5ff769499a7f1247a1bfb863f000e8c2bab5d51548c2e27bf5b601d18ebc',212,1,'focus','[]',0,'2023-05-10 05:49:57','2023-05-10 05:49:57','2024-05-10 08:49:57'),('ab408f2d186819f37ede9b6a95bc3ac83e0d01b9ca81e86aa5c304e6c8a092676d4e3717db695aec',115,1,'focus','[]',0,'2023-03-07 16:28:26','2023-03-07 16:28:26','2024-03-07 18:28:26'),('ab7e44b3ac16047af7592d8d2c10212190e4a0e01d6200ad085a65f6ea1ab085d14449444f2de3b2',117,1,'focus','[]',0,'2023-04-06 05:42:47','2023-04-06 05:42:47','2024-04-06 07:42:47'),('ab94419973969f3e986c784ff61a6ae13d912c03ffae54200c181479959171440c65506fb92b7a6d',73,1,'mazraa','[]',0,'2022-11-01 09:26:37','2022-11-01 09:26:37','2023-11-01 11:26:37'),('ab94ab44313feae373626d1e95be3fe2ec65cb998c2d1f71ef85315ca87343673cee635fc13b1adc',127,1,'focus','[]',0,'2023-04-09 09:54:15','2023-04-09 09:54:15','2024-04-09 11:54:15'),('abe55a130b594fa1ef9d04dcf6808e5b51a5f085ffce25581239e1ca91324871a5ff43fee5c23cf8',153,1,'focus','[]',0,'2023-04-13 12:35:43','2023-04-13 12:35:43','2024-04-13 14:35:43'),('ac63b8e84ef3f091f4f8f4fa197469b7a9f3abd8a1b089d12b2c0b09adcba7a80065f36b087d809b',11,1,'mazraa','[]',0,'2022-06-23 08:01:42','2022-06-23 08:01:42','2023-06-23 10:01:42'),('ad76be0895f93a8b8565989c688c5b1cb7442f98ea5784dfbc772091fcf669575e70df9b97294822',98,1,'focus','[]',0,'2023-02-21 07:41:12','2023-02-21 07:41:12','2024-02-21 09:41:12'),('add2c8a54be33b02d96ae75a047f1a0a950ae6f4e0feda95ccb826a8f6727660e9f04f92cefeccda',238,1,'focus','[]',0,'2023-06-21 16:59:44','2023-06-21 16:59:44','2024-06-21 19:59:44'),('ae2ba51e641e817c6cdee5c9e487500e18fabbbd900c2729af7683c09a23e609f7564179aa7ddbdf',71,1,'mazraa','[]',0,'2022-07-06 11:18:27','2022-07-06 11:18:27','2023-07-06 13:18:27'),('ae2d97b874fb9127a133ecd23b328ec2fb5bb22f49a993af97cc85d8784286ac8cce366de7c27b24',97,1,'focus','[]',0,'2023-02-20 10:41:10','2023-02-20 10:41:10','2024-02-20 12:41:10'),('aeae78b1b54075f747f8429305eccf6f9916f1aafeefa9f57793ca7aa8a7c563e455d2bcd57017bb',228,1,'focus','[]',0,'2023-05-30 01:57:28','2023-05-30 01:57:28','2024-05-30 04:57:28'),('af17e574f0fa0cd35bf9c33af6007a2a316a1d7a1dc710d3641c1c67ecafbee3f95e24e38a396254',239,1,'focus','[]',0,'2023-06-21 17:10:52','2023-06-21 17:10:52','2024-06-21 20:10:52'),('af4062d25f56d77176fe742e1db752be427bc43c5c74e39e4b3b9444b665a32fe143c2a469b5508b',9,1,'mazraa','[]',0,'2022-07-06 08:51:33','2022-07-06 08:51:33','2023-07-06 10:51:33'),('af73e058eec6d3c4a0a60754b66aef4b6dc32797afea0a11da22bde83be7b0fb9348f0f66216b329',115,1,'focus','[]',0,'2023-03-13 20:35:18','2023-03-13 20:35:18','2024-03-13 22:35:18'),('afeb7e116c4046d762111f807c7f96ebfc4f4cfd04d70e916db0b02ffa3501012f508c5cfd058779',289,1,'focus','[]',0,'2023-09-08 17:17:08','2023-09-08 17:17:08','2024-09-08 17:17:08'),('b066eaadde1521d31cc682c79e408f104187cefd123fc5e2b17a602692ab1230018d54393b62258e',73,1,'mazraa','[]',0,'2022-11-02 09:51:21','2022-11-02 09:51:21','2023-11-02 11:51:21'),('b0f9da9a6286c68fb48f0a3878bfce835199b90592d4d70d9535d06f2465bb604629b2d758b90063',116,1,'focus','[]',0,'2023-04-08 06:58:29','2023-04-08 06:58:29','2024-04-08 08:58:29'),('b11c0e6d4ee457cbe68378629bf63f43da899ae6af7b7943ba44f70c95d3f8d912c4d64aa1e0d9d7',148,1,'focus','[]',0,'2023-04-12 20:15:39','2023-04-12 20:15:39','2024-04-12 22:15:39'),('b13aa59ec2e2a5e11bdce3327b5809b403d3aa1959606d362d5c37f0904cdc79e84f1239eaac4166',229,1,'focus','[]',0,'2023-06-02 13:49:04','2023-06-02 13:49:04','2024-06-02 16:49:04'),('b14ad02331fdedcee3282c92d6f8487096272774042c0979a90d3c03116b3efd1c40c870cbd01c45',73,1,'mazraa','[]',0,'2022-09-28 08:58:45','2022-09-28 08:58:45','2023-09-28 10:58:45'),('b1c84bcf8361368a54537e4f007e4c0811f88f135bf1ff29fe98e31710aa5be26e195d1b5fb2627b',318,1,'focus','[]',0,'2023-11-04 21:14:40','2023-11-04 21:14:40','2024-11-04 21:14:40'),('b1d7cdeb1cac41ac8978467486f234548ac0cb84b60fc53da85b6d37dbe07d64b43f26c96e9bd460',164,1,'focus','[]',0,'2023-04-15 13:15:46','2023-04-15 13:15:46','2024-04-15 15:15:46'),('b1e9f3eba1662b40f712bd7c3d10fea9d22b2237680408281562c1eb44cd8d69df28720febffbef9',73,1,'mazraa','[]',0,'2022-11-17 08:26:16','2022-11-17 08:26:16','2023-11-17 10:26:16'),('b1fd1874258d9715e6a6edf0f19c9a78c0a4e454fc10f2ad207f3897e13138632f986aa775a13bda',97,1,'focus','[]',0,'2023-02-21 06:46:55','2023-02-21 06:46:55','2024-02-21 08:46:55'),('b2057e30d4fe48c249c13973057d6494d6ef00ee8356ca7ce2b10a84eb9be9ef4863cb092abd4607',115,1,'focus','[]',0,'2023-03-15 08:47:46','2023-03-15 08:47:46','2024-03-15 10:47:46'),('b2376a148b2195e2fc0dbdc0597afab7b071d76ef0bf13d8366b5d9582a268240f808e64393340af',153,1,'focus','[]',0,'2023-10-03 11:52:23','2023-10-03 11:52:23','2024-10-03 11:52:23'),('b248b659639e91061bfa335192ebe479da9d57b34e61daa6f17dae20d89ed02d9728d81ea0b45003',81,1,'gold','[]',0,'2022-10-29 08:32:41','2022-10-29 08:32:41','2023-10-29 10:32:41'),('b294dcb62de1f2e8e4ddcd16c68e3cc2c2e5433447a8c750dc4f6046d47097ffb8c374624cbbb2cf',151,1,'focus','[]',0,'2023-04-11 20:31:02','2023-04-11 20:31:02','2024-04-11 22:31:02'),('b36c4a62968a4bbb5a2f642a8ec8ba865a8ff34c1af359a82cef38faea56f711d1fa2d63d504435a',116,1,'focus','[]',0,'2023-04-09 09:29:04','2023-04-09 09:29:04','2024-04-09 11:29:04'),('b39e67fbc337bba679f8ff5acbd3e2110eeaa581aad04cd7fc38dc8534fd892cb9bfdb119f31c708',151,1,'focus','[]',0,'2023-04-11 20:23:19','2023-04-11 20:23:19','2024-04-11 22:23:19'),('b3b60365ef3306e7837d7f6de7b32f01ddc9c8cb772b9c033d0df77e833b623d74eaaed1c64edc1d',97,1,'focus','[]',0,'2023-02-20 08:27:55','2023-02-20 08:27:55','2024-02-20 10:27:55'),('b3f967cf4887d235421f6b82c1ce35d3a8202277f8ef2dcffe43ca95022f655422980d66e757f5b8',290,1,'focus','[]',0,'2023-09-10 16:30:43','2023-09-10 16:30:43','2024-09-10 16:30:43'),('b41650343a08c0335c86711ec126e5f875f2c5eb60c1f28266715411fe20bd148a477d72804ae7cd',139,1,'focus','[]',0,'2023-04-09 10:44:18','2023-04-09 10:44:18','2024-04-09 12:44:18'),('b4fa6740e4272c7c820ea9ab905baab41cab4c3c789da70bbaaef1c124905046bd520f038677477b',87,1,'focus','[]',0,'2023-02-17 09:12:16','2023-02-17 09:12:16','2024-02-17 11:12:16'),('b56516523a4a14fc4fe47bdf8d1a41b151c9df3dc492fcf115d49c5c3630d337792fa79d3e9d8b6e',316,1,'focus','[]',0,'2023-10-31 09:29:52','2023-10-31 09:29:52','2024-10-31 09:29:52'),('b573d65f6c4d83563b87a176f5bb74d3743b27b6f14bce449b53012a802dd950325d06ce4e245910',79,1,'gold','[]',0,'2022-10-29 07:27:11','2022-10-29 07:27:11','2023-10-29 09:27:11'),('b5864ea877c956f96e77399d2a61921282ba646385eefde6cf8c0d649f7e706a529e7d0cba6d44e0',87,1,'focus','[]',0,'2023-02-17 09:12:23','2023-02-17 09:12:23','2024-02-17 11:12:23'),('b5868cedbe7709adc957499cdfea8931cfd51535249469397f209e1580f798822a47d6a6dd7ccca7',148,1,'focus','[]',0,'2023-08-27 20:42:05','2023-08-27 20:42:05','2024-08-27 23:42:05'),('b5bee41df91ef10dec9f76d1949233dfa08fad3b4c18dc43f9bb16c74386349e4747ebf41510a1a3',231,1,'focus','[]',0,'2023-06-05 07:52:59','2023-06-05 07:52:59','2024-06-05 10:52:59'),('b6409ab62b91371b23806aaedc7847ffad82f1567658d0d641a7f849907da5e51d94d3c8cf537bf1',217,1,'focus','[]',0,'2023-05-21 17:15:10','2023-05-21 17:15:10','2024-05-21 20:15:10'),('b65012ab78117f099861c87999ead30118c00ea781182ed629c2ee232799b6fff7c31dcfae9b83e7',71,1,'mazraa','[]',0,'2022-07-06 11:21:12','2022-07-06 11:21:12','2023-07-06 13:21:12'),('b6dea26bddc56c7cb47d7a169e25acd478a79962f2a8b6272ac4cc39c49196749da993ee8bf0168d',90,1,'focus','[]',0,'2023-02-18 18:58:46','2023-02-18 18:58:46','2024-02-18 20:58:46'),('b728fae487195052fdd054156d3424385bd7a8254b11e9b94c23406b3b86753bc286c4aba0a12d30',127,1,'focus','[]',0,'2023-04-09 09:51:53','2023-04-09 09:51:53','2024-04-09 11:51:53'),('b8a019afc03dd3ba155a18f9de4ddf281f5444acece46f6f9ac2debe476008999bda12c3b201441c',266,1,'focus','[]',0,'2023-07-29 06:51:25','2023-07-29 06:51:25','2024-07-29 09:51:25'),('b8c54415f3d23211a15f376a4fb2f93fc018f60083f3b784b91b756bc0daecd49e0fffd99ff54dd0',96,1,'focus','[]',0,'2023-02-18 19:49:38','2023-02-18 19:49:38','2024-02-18 21:49:38'),('b8d001d268fa768713adb4f0cf3c85fdc9f3aac27b1a70960e72f4a4d5fcf5a49d2755ebf95bf1d6',213,1,'focus','[]',0,'2023-05-12 20:52:59','2023-05-12 20:52:59','2024-05-12 23:52:59'),('b90aa5f9976175cf954f33471bd2d6574e386fe96ab762b3758365e1deeb742ab66ff3b5448af5b5',83,1,'mazraa','[]',0,'2022-11-20 14:23:47','2022-11-20 14:23:47','2023-11-20 16:23:47'),('b91b429ba645127736365bb571d7750d5559722951fd5a047a5445ee274634df09e4bdf26a4e8211',286,1,'focus','[]',0,'2023-08-31 02:47:08','2023-08-31 02:47:08','2024-08-31 05:47:08'),('b945c4cba3463071411d710dfeae51ae22552b26065e7e3f78d3ee616a21bbdfd31dbdf48f1e51da',89,1,'focus','[]',0,'2023-02-18 07:17:33','2023-02-18 07:17:33','2024-02-18 09:17:33'),('b9f05ce3d3694e2d8b114d0c0eede59bfba37afd57938e1f15e27f71b5cbf50d55a830d09d96b2da',202,1,'focus','[]',0,'2023-04-30 16:44:24','2023-04-30 16:44:24','2024-04-30 19:44:24'),('ba17c8278d00414d3c23f923ab1281f9c84e507403ed7ef8f1f0a381072e5f170c3c6ff753be92fb',116,1,'focus','[]',0,'2023-03-07 21:36:55','2023-03-07 21:36:55','2024-03-07 23:36:55'),('bac476380657dbb46523454aa70b573ee350b02951e5161ce6a57775056f115f29ced520c7579235',11,1,'mazraa','[]',0,'2022-06-23 08:07:23','2022-06-23 08:07:23','2023-06-23 10:07:23'),('bb119c9c4a4768a629b2df4b6e45c7d6554d111eb6254c880af4ad2bf01bbbd517013efdc3ea6dc6',229,1,'focus','[]',0,'2023-06-02 13:49:04','2023-06-02 13:49:04','2024-06-02 16:49:04'),('bb2adc73096ae0f0ac1845626efef6db529e74f01c2619e1ce414f4e4252b7f45bae4647b1177255',286,1,'focus','[]',0,'2023-08-31 02:46:50','2023-08-31 02:46:50','2024-08-31 05:46:50'),('bb8dd97f4e48c89aa7673dad18fc9964f8e1b3c7f93af9ec85062d9eacaf38ccb7aa008047c10d76',116,1,'focus','[]',0,'2023-04-09 09:41:12','2023-04-09 09:41:12','2024-04-09 11:41:12'),('bb99ba908dd2ef3682e9de5d0ea0c8b9a5a8c03bb45cea645862d284bfbbfee1469d3cf423788ae4',67,1,'mazraa','[]',0,'2022-07-04 17:23:29','2022-07-04 17:23:29','2023-07-04 19:23:29'),('bbb117d3d1ee83ba9c4e36dbdc563b8a028d6ddd21bb1bba02e6f8fe4235600795400122dc2cfffe',230,1,'focus','[]',0,'2023-06-02 14:25:37','2023-06-02 14:25:37','2024-06-02 17:25:37'),('bbc49d964b04a8e7031ad5f629e0b7bef9b6dff77370f892910b54417225d960bf9c0dec1c030ccd',211,1,'focus','[]',0,'2023-05-08 20:54:21','2023-05-08 20:54:21','2024-05-08 23:54:21'),('bc6840b2bce699bb60de3cf220b61a8028f9dd7dcebb81f2f80d0d436e667911e687983dadd16bed',327,1,'focus','[]',0,'2023-11-23 14:13:13','2023-11-23 14:13:13','2024-11-23 14:13:13'),('bca58c2e823b0dfcc8eab20c3d8db8215026e85699f8fa48926f826cfdefa18345172f05d26d8d99',142,1,'focus','[]',0,'2023-04-09 18:10:53','2023-04-09 18:10:53','2024-04-09 20:10:53'),('bd16073660556a829116c9b333d23d9f233b794f14048fdf68471de1a9d60d1f977da5093b478ab7',89,1,'focus','[]',0,'2023-02-18 07:23:41','2023-02-18 07:23:41','2024-02-18 09:23:41'),('bd5607cf62c4bc405b7aa81ef075da796229de7a77b369e06feab9f9d0a2ce943ba670837a5bd20e',282,1,'focus','[]',0,'2023-08-27 11:28:34','2023-08-27 11:28:34','2024-08-27 14:28:34'),('bd61e4b967ee7a5db6c210c1ab67df531000e8037784293949ea6a2452a8c44c7f719e31e5660874',209,1,'focus','[]',0,'2023-05-07 06:01:11','2023-05-07 06:01:11','2024-05-07 09:01:11'),('bd9383acd51fa32704fdc3b0ba0077f2fa8ccd4bd965d787b764f3d89fc4a191c1aa77d6d5c30eea',143,1,'focus','[]',0,'2023-04-09 20:04:17','2023-04-09 20:04:17','2024-04-09 22:04:17'),('bdcf7acfda31f4d828fe351fd5e2d437e87631c51a23f4dca12130f59301e344caf4b476b48e2489',148,1,'focus','[]',0,'2023-04-16 00:19:41','2023-04-16 00:19:41','2024-04-16 02:19:41'),('be64a5a04e29d74f51fe01b8b6660c6be0362ba621e357d7ff56e2083c3235358cf51bced6fe40b7',115,1,'focus','[]',0,'2023-03-11 11:36:11','2023-03-11 11:36:11','2024-03-11 13:36:11'),('bed0d0c50a61042c5d2adc322bcf2e98eb40b67cf19e2479d6f7df7b857fa51fada843295de02ecd',189,1,'focus','[]',0,'2023-04-21 12:14:46','2023-04-21 12:14:46','2024-04-21 14:14:46'),('befdae86e75089a1ada43aad9e36107e8e7d4ed5085cda492663147d9d15293a8b2dd786477e773e',199,1,'focus','[]',0,'2023-04-29 23:17:26','2023-04-29 23:17:26','2024-04-30 02:17:26'),('bf2a03286096605c13c234da4e76c6cd3f9615a6b67902680ea79b6fbe2110216e1c9c4861f59e30',184,1,'focus','[]',0,'2023-04-20 15:18:18','2023-04-20 15:18:18','2024-04-20 17:18:18'),('bf2ffd7d786c1aa7646751b9c6834c64442c656e054112cf4a8faf5a43f89de0bb773bfbe36df044',280,1,'focus','[]',0,'2023-08-23 18:34:12','2023-08-23 18:34:12','2024-08-23 21:34:12'),('bf57cd1e1ce41113b484006407c8955737b4087ca65b19ff892887ada4ecf641086e862ba9b3c8d4',116,1,'focus','[]',0,'2023-04-08 07:29:40','2023-04-08 07:29:40','2024-04-08 09:29:40'),('bf65a8bf9fb445e06553cb3cdabb29f88b7e57b3e611886b608eb929149653fc3e1f06620748689a',147,1,'focus','[]',0,'2023-04-10 08:41:24','2023-04-10 08:41:24','2024-04-10 10:41:24'),('bff62facfa5c22204ac410a78ba5e811a160008e6ae03c385f10e3eac6faaf9f152a41e225c3cd21',185,1,'focus','[]',0,'2023-04-20 18:05:38','2023-04-20 18:05:38','2024-04-20 20:05:38'),('c09da843308a376e04156607bd4e6c8f75c932f76136b6f1c56420fa3fe6987b968f0e7d9894f866',249,1,'focus','[]',0,'2023-07-02 19:03:33','2023-07-02 19:03:33','2024-07-02 22:03:33'),('c0b25b6562f87bb6bd9e5d8dad4e4a485a6a9e7a649e4c10113fa005ae3c46083293d532e8f10d60',248,1,'focus','[]',0,'2023-07-02 15:33:30','2023-07-02 15:33:30','2024-07-02 18:33:30'),('c11f830e91eafe4744fa834d2ca926bb32fc565fb673cf5f58684675a6182532ad7c98e8ac300c24',279,1,'focus','[]',0,'2023-08-23 14:05:11','2023-08-23 14:05:11','2024-08-23 17:05:11'),('c193b0972c181a68318f3266f7affface36b9badaaf91bc1e56e77831ffe1904db0d8dd39645984f',153,1,'focus','[]',0,'2023-04-16 11:18:56','2023-04-16 11:18:56','2024-04-16 13:18:56'),('c19abad494f8d0637987e0abcb750810967d4ec719a69093a4a983c1fb32596b94f2631d4e6fb69d',141,1,'focus','[]',0,'2023-04-09 16:40:13','2023-04-09 16:40:13','2024-04-09 18:40:13'),('c1af6ffc9cf5899344ffede1da64d2a02bc8634c4662e821b69bb8dab4d65e5217dd7a16579ebfe4',45,1,'mazraa','[]',0,'2022-06-23 09:54:03','2022-06-23 09:54:03','2023-06-23 11:54:03'),('c1d0fc8b4dae690d5d41591b9e0f160b4ed2019decaa13a2ab5f2d9dda0a9c8604720806a316e829',82,1,'gold','[]',0,'2022-12-03 07:38:27','2022-12-03 07:38:27','2023-12-03 09:38:27'),('c1d19e097046642c65871c409cfe3fddf3b20cdd58f4aadc449e59495a0f256a8ab51f4a8f8efaf3',142,1,'focus','[]',0,'2023-04-09 18:13:46','2023-04-09 18:13:46','2024-04-09 20:13:46'),('c217bd3fdfdb9b81166a934905b0ecbd568ca3241f8c4edbecd8fd4f3592060a39b23ffca69b05aa',158,1,'focus','[]',0,'2023-04-13 09:58:00','2023-04-13 09:58:00','2024-04-13 11:58:00'),('c23af9e31753083f31e41861c087c9860d45949bed2de4e6c2fe81137cdf00492927872884f8562f',220,1,'focus','[]',0,'2023-05-25 09:36:57','2023-05-25 09:36:57','2024-05-25 12:36:57'),('c29a2fdf3669b565d06ee21c98fc33dbfb928ff2707d86ab7b3eea7763503636319bf1c4f745fd85',73,1,'mazraa','[]',0,'2022-09-28 09:16:33','2022-09-28 09:16:33','2023-09-28 11:16:33'),('c306b3ab9820786f4a45d721b60c793e1761decc466968e29163fd51fd9c33e7d5d5c06e0cb845fc',11,1,'mazraa','[]',0,'2022-06-23 08:08:28','2022-06-23 08:08:28','2023-06-23 10:08:28'),('c39dcd129536be45cf366e4462b403a8b9ce32976c1c2826c3c2f09971e18583c2db0799c853bc64',73,1,'mazraa','[]',0,'2022-09-28 09:11:06','2022-09-28 09:11:06','2023-09-28 11:11:06'),('c3d9c6d1fa738da11a7a131f868212652e3ed634e66df153457386a83059a52df8d029bf1b032a90',92,1,'focus','[]',0,'2023-02-18 19:07:53','2023-02-18 19:07:53','2024-02-18 21:07:53'),('c41c0cba6c6f3db0939134d2fab84ffefe763c127d88d1fbcc9aeefa4fb1f60675cd9125cc2ae9b6',86,1,'focus','[]',0,'2023-02-17 08:57:26','2023-02-17 08:57:26','2024-02-17 10:57:26'),('c41dc7fba4a39d078160a70b5edb9cf0a210bb9012eaa4a064f703b40a0cfbcf7e9151982607cb33',145,1,'focus','[]',0,'2023-04-10 05:43:13','2023-04-10 05:43:13','2024-04-10 07:43:13'),('c45345434033191329580dfbfecf1e536b5d9fbe7d6d6a7c581f2ac19ddd906d452ba8c504a43bb8',81,1,'gold','[]',0,'2022-10-29 08:32:12','2022-10-29 08:32:12','2023-10-29 10:32:12'),('c453a0a2c2a645bc8cbbc36112023f8d99af264d944e22175f768fc367e1c667197f159367428afb',152,1,'focus','[]',0,'2023-04-12 05:31:34','2023-04-12 05:31:34','2024-04-12 07:31:34'),('c47a71b8163aa6efeb49be5f13f6ff0df4cfea8c1f92b3e41254824fd36733ebe781921462f6b39a',135,1,'focus','[]',0,'2023-04-09 10:28:31','2023-04-09 10:28:31','2024-04-09 12:28:31'),('c4ad389550b82ab337e79d668a43715fbaba2040c1b2e5f0df8a2e807098bff46fc8dd9908aad77f',148,1,'focus','[]',0,'2023-04-13 10:53:01','2023-04-13 10:53:01','2024-04-13 12:53:01'),('c503071135b3d53f8e576cc15a137fa1303a3ddfb5104d4bf5a2497a5726f8aac3dc224ba706ee46',315,1,'focus','[]',0,'2023-10-28 01:32:09','2023-10-28 01:32:09','2024-10-28 01:32:09'),('c515be08eb0c0749398064b7c0cd9386235eb59e0c30efe9cefe83a61b8ce1e4f13556aaada3ffc5',87,1,'focus','[]',0,'2023-02-17 09:04:40','2023-02-17 09:04:40','2024-02-17 11:04:40'),('c54644e7315bf9b9ba28a2db3c2ea9a59c3c3df7ab5d54d8e714122874a72ca25ff0b3971a6aebc7',98,1,'focus','[]',0,'2023-02-21 10:19:34','2023-02-21 10:19:34','2024-02-21 12:19:34'),('c5a9e304b9e46055cbad9b6c29796c025e42d772a8e46d6700302a6df3153f47170e9a089428364c',155,1,'focus','[]',0,'2023-04-12 15:15:08','2023-04-12 15:15:08','2024-04-12 17:15:08'),('c6203778f676e7fe8f869b36e44abc7742b8a4c902174318f91d8229b1444b21a64f5c294b8ede45',43,1,'mazraa','[]',0,'2022-06-23 09:32:02','2022-06-23 09:32:02','2023-06-23 11:32:02'),('c635a212d0106496136d03887b86815f196f43457710223fe2c70c1fa1223844358ef4e106242fae',148,1,'focus','[]',0,'2023-04-12 20:54:51','2023-04-12 20:54:51','2024-04-12 22:54:51'),('c65891b515cdf1fa7f463216a1f5470e8dd5eda35949ec01782384d6e395f4fb152b73ae9393d60b',165,1,'focus','[]',0,'2023-04-15 20:59:42','2023-04-15 20:59:42','2024-04-15 22:59:42'),('c745ea2b478a8e6e1a3f4f98704588e62fc2c474bd85b657bf0fd0d0396a339c6bdd302fb43d9ffe',45,1,'mazraa','[]',0,'2022-06-23 09:53:38','2022-06-23 09:53:38','2023-06-23 11:53:38'),('c75d29ed3b0eba10a06d78863649ee94f563f6a0bf2f88c234e31de66aa2f6df149b66091348e035',80,1,'gold','[]',0,'2022-10-29 08:21:10','2022-10-29 08:21:10','2023-10-29 10:21:10'),('c78fdf4bbf80cd7111572d879a075e0fdd213a00251d83051170068e2747d0c8b8670928f5edc58b',144,1,'focus','[]',0,'2023-04-10 05:41:18','2023-04-10 05:41:18','2024-04-10 07:41:18'),('c7cecb861f6963a625f0f16cac97f207dd3e7895386a142016ff716f8ec39e24b3a82bfc866506fd',276,1,'focus','[]',0,'2023-08-16 08:02:03','2023-08-16 08:02:03','2024-08-16 11:02:03'),('c864b06debe184181dca878781117bb627824bc4aa4f665ba881c39d4e2c7a04f1eb7eab6e9a89c2',82,1,'gold','[]',0,'2022-11-20 04:42:41','2022-11-20 04:42:41','2023-11-20 06:42:41'),('c8d1abce21cb05c9052aa727d67c880b094e206c269757d9fbdcf61c9234112afed1d6357cb1a91d',97,1,'focus','[]',0,'2023-02-20 14:00:43','2023-02-20 14:00:43','2024-02-20 16:00:43'),('c8e41a0d334daad98f6e4ba846852dda1832531fd0c1f7adf14ab645f77413e15c2789f69750f527',160,1,'focus','[]',0,'2023-04-14 02:44:35','2023-04-14 02:44:35','2024-04-14 04:44:35'),('c8feee1b67c6334a2dba8113f02547b0a501cdecead7b765dc186a5309adf8612545c6f0c99e8712',227,1,'focus','[]',0,'2023-05-29 22:41:07','2023-05-29 22:41:07','2024-05-30 01:41:07'),('c9023475992c55597a3f31c3076c287afced6d82e96dcc0e5b89004807eff12017940d9313bf2c83',322,1,'focus','[]',0,'2023-11-10 17:24:11','2023-11-10 17:24:11','2024-11-10 17:24:11'),('c93836f5d243f1be4ca3eb7ebdbe2c86be223d79f9668a903a723ebed9c87a604bfbc1068a6b7d51',254,1,'focus','[]',0,'2023-07-06 16:55:56','2023-07-06 16:55:56','2024-07-06 19:55:56'),('c94e0cda760f56009d930a67a211c2e6c541309bcac17c669cd9962df57b5935dc96679ceaab49a1',45,1,'mazraa','[]',0,'2022-06-23 10:19:13','2022-06-23 10:19:13','2023-06-23 12:19:13'),('c9b84b73b57c06e3ddde37884294919d5198bc889a5d479af297185d027151e2b3055433737705e0',85,1,'mazraa','[]',0,'2022-12-14 11:56:53','2022-12-14 11:56:53','2023-12-14 13:56:53'),('c9b8739b8b5f3c69cc8fa9e95a94d585cbb349d22ffb7335711424bbe9156266c9010ebf84c50820',68,1,'mazraa','[]',0,'2022-07-05 10:29:38','2022-07-05 10:29:38','2023-07-05 12:29:38'),('ca982f9527edbe003bcede65ee87568f2fb4338e43593de7b7baa4419ff5d98f8473b164cfcc795d',253,1,'focus','[]',0,'2023-07-05 17:07:40','2023-07-05 17:07:40','2024-07-05 20:07:40'),('cac777ed0aa76503060b927a3f16bab0f04f2cdcf239ae4bd58a34df535c173006a90f21899b77b4',140,1,'focus','[]',0,'2023-04-09 16:24:50','2023-04-09 16:24:50','2024-04-09 18:24:50'),('cb0fcd2c4a3af7b53ce9c29ee7c14e39540a82b07ab03c936049575bcbcacb06e778819f5e69a56a',114,1,'focus','[]',0,'2023-03-02 12:06:32','2023-03-02 12:06:32','2024-03-02 14:06:32'),('cbb03d3cc4850378e136940b45bbad2d9f8963d21d047231db5f52ac7e9f32cab8c3ebbbd08ae1f4',235,1,'focus','[]',0,'2023-06-13 02:04:01','2023-06-13 02:04:01','2024-06-13 05:04:01'),('cbed99b6cc7115e30d54813e8877798917208467c414aa7ddf8f4d3335f723bc7598ad84b725d38f',96,1,'focus','[]',0,'2023-02-19 07:54:41','2023-02-19 07:54:41','2024-02-19 09:54:41'),('cc0b391117c4f050c6e7a059212065d2d3c30d4b42fca0447a703600e06a0401f21a4016fc33e23b',312,1,'focus','[]',0,'2023-10-21 01:02:56','2023-10-21 01:02:56','2024-10-21 01:02:56'),('ccd78aff20b0890aea752e2111e90a69954b8c795003c11fcc1841551aa2f3ab1661c5c75c1b63f5',116,1,'focus','[]',0,'2023-04-05 09:52:24','2023-04-05 09:52:24','2024-04-05 11:52:24'),('cd4db7b84e1c9a26e3e8fd4b113d407d14c2a2281aac586184cd93b6570ce97e575c53c4f97dfae6',239,1,'focus','[]',0,'2023-06-21 17:11:35','2023-06-21 17:11:35','2024-06-21 20:11:35'),('cd5ea40586de486f55c109f63e8faaa2b1c99565bca7ece37c25c604868847cda87ffce43ccab562',187,1,'focus','[]',0,'2023-04-21 00:23:15','2023-04-21 00:23:15','2024-04-21 02:23:15'),('cd64e651c08ff0c5a95506fd60375e345b0701d528b62d7a27154ffbbd6590481eb86933853f249b',45,1,'mazraa','[]',0,'2022-06-23 09:53:57','2022-06-23 09:53:57','2023-06-23 11:53:57'),('cda7360712d692a1ae0fa91438d5e500be9c0850619403c39816102d0c7216bae12bb3a01c395c44',316,1,'focus','[]',0,'2023-10-31 09:29:39','2023-10-31 09:29:39','2024-10-31 09:29:39'),('ce4845c5b90b145a9ac371c1ec8a04f80663c4ff5ff1d831c0ec38eaaee6684875a2720a839a8332',167,1,'focus','[]',0,'2023-04-16 18:47:45','2023-04-16 18:47:45','2024-04-16 20:47:45'),('ce9da06bece0ffdb7c3f8c1be877c45bf20a3008caf066d1885d638524a595d04aaf09f092e02b4a',176,1,'focus','[]',0,'2023-04-18 17:09:18','2023-04-18 17:09:18','2024-04-18 19:09:18'),('ceb2e736f8eaee338b4106902986a05a4807ee76392424b0e25271a6b28c6b3a3fa8d630aea345f6',148,1,'focus','[]',0,'2023-04-13 10:55:56','2023-04-13 10:55:56','2024-04-13 12:55:56'),('cedd8a5480bf5d4237b3552a95cab1d53dece73d6c88006c868de12fdd15ad10f8c60adf30f0228f',145,1,'focus','[]',0,'2023-04-10 05:42:54','2023-04-10 05:42:54','2024-04-10 07:42:54'),('cee2ab726143cfa14033ca31d9ee09f285fdaf2b5291f5984f6897785574c196a2527fda6b5fe84d',171,1,'focus','[]',0,'2023-04-17 17:35:09','2023-04-17 17:35:09','2024-04-17 19:35:09'),('cf32687bf609f48ed473835f7ab467191ff1171f6b521d2ce8fd551ff6328ea9cc1688e4171f978e',331,1,'focus','[]',0,'2023-11-30 07:12:21','2023-11-30 07:12:21','2024-11-30 07:12:21'),('cf40f4c1fe15f5a93c33cbeb3e8dff05c7efe3e27b13d032634a34a2a6191b9fb940de767060896a',208,1,'focus','[]',0,'2023-05-05 12:34:30','2023-05-05 12:34:30','2024-05-05 15:34:30'),('d158316406babe669207f487947e87a642974b397df60e7b9bd46130412175cad02dca92d13af9cd',201,1,'focus','[]',0,'2023-04-30 11:52:08','2023-04-30 11:52:08','2024-04-30 14:52:08'),('d1f7892e804b0a8a1073a2a4deb8eb2a94b031b1ff1ff7c8bf550b80ebd62857b4a919674f6cf712',191,1,'focus','[]',0,'2023-04-21 23:14:21','2023-04-21 23:14:21','2024-04-22 01:14:21'),('d220071bd1f801f7c4c9bce784ac8d08474610218e97f44dd008a677367cd41ef0487550329e7f9f',153,1,'focus','[]',0,'2023-04-12 12:29:41','2023-04-12 12:29:41','2024-04-12 14:29:41'),('d255d76da103258e9f9da0c3206594746a5d954f9856248ecf7e098af7087cc7230a36e68138f336',153,1,'focus','[]',0,'2023-04-12 15:37:56','2023-04-12 15:37:56','2024-04-12 17:37:56'),('d2af36fae71c3e16c0c5e4a845ff5192731bc6a3e221c28714a701c1a50f147501ed4a4aba0ff9d3',279,1,'focus','[]',0,'2023-08-23 14:05:04','2023-08-23 14:05:04','2024-08-23 17:05:04'),('d32160926f55dfc1195cdae2d90551c36b22f628e8f47fd2f8af58f1524046c2e0f696004e754e25',91,1,'focus','[]',0,'2023-02-18 19:06:32','2023-02-18 19:06:32','2024-02-18 21:06:32'),('d378c0ede17f03b285d03a83ac18fa3eda1f44a97450a198e2a9ab17515bfaa5ba00eb9d247cb3ba',87,1,'focus','[]',0,'2023-02-17 09:08:19','2023-02-17 09:08:19','2024-02-17 11:08:19'),('d396a7b8a3c43fee303f2b74dabbc735a606bfd4af45dbae24bed92e679249b441b285566acac7b8',69,1,'mazraa','[]',0,'2022-07-05 12:54:28','2022-07-05 12:54:28','2023-07-05 14:54:28'),('d4074e11989d71f4d4e21aa948530fb79fb8a0016c3679d91187b71ba5c0984c8a5d1fee518b0bbc',303,1,'focus','[]',0,'2023-10-09 10:03:57','2023-10-09 10:03:57','2024-10-09 10:03:57'),('d433559dbdda15aa4c128e2acccbc2ece60cd0bead7d72d8c31ceaf101af149014cf3e319582926e',296,1,'focus','[]',0,'2023-09-27 16:57:17','2023-09-27 16:57:17','2024-09-27 16:57:17'),('d44b11dc418bd896909b96e78f293b06abe4bc3cd7a593f07cd2b482e20568e3449b2ae4f72aa0fd',115,1,'focus','[]',0,'2023-03-07 07:52:32','2023-03-07 07:52:32','2024-03-07 09:52:32'),('d44efdc21678013c90a1b83a949a76b129d431a75fa1194523feaa9b01d1fa9d2cec8bd3133602c1',186,1,'focus','[]',0,'2023-04-20 23:05:16','2023-04-20 23:05:16','2024-04-21 01:05:16'),('d488a51c70a8b930ab58581e75285c277e0fd64bcd13f73ecc0095e67c319d84dad43c34df213caa',148,1,'focus','[]',0,'2023-04-12 21:38:58','2023-04-12 21:38:58','2024-04-12 23:38:58'),('d4d76218b21ce411430759fb34ce4da25ff71f307fafc1ec4bdee918f6ca28d4b8d5919e0d15ca15',72,1,'mazraa','[]',0,'2022-09-24 08:51:59','2022-09-24 08:51:59','2023-09-24 10:51:59'),('d5999a75a6f3cbf170aee77d7a7e65d23113a6c5d3343f04e6a220ad893939405544149d2263f651',295,1,'focus','[]',0,'2023-09-26 19:26:51','2023-09-26 19:26:51','2024-09-26 19:26:51'),('d5dd49ae370106426c6e51aede4cdaaa376c442ddba0b4e6211a809d9ef08ff8805660af17452fff',73,1,'mazraa','[]',0,'2022-11-18 09:21:40','2022-11-18 09:21:40','2023-11-18 11:21:40'),('d6176123c92526c07e1c0ca21302e694a6568fdbf84ddcd2e476171be70ce555d8a026ac797e2037',132,1,'focus','[]',0,'2023-04-09 10:09:52','2023-04-09 10:09:52','2024-04-09 12:09:52'),('d69768da77fc82b3ffebe1c9a43d254971c4c8678499351fe1caad00564703a5cb5185f60ddbf731',329,1,'focus','[]',0,'2023-11-29 21:13:11','2023-11-29 21:13:11','2024-11-29 21:13:11'),('d69c0a8f8fc308df50e9940507a2b4cbe2f41c6bfb4cf5da2152ddecf60dfe47ea72d4f8f902e668',96,1,'focus','[]',0,'2023-02-18 20:24:56','2023-02-18 20:24:56','2024-02-18 22:24:56'),('d6db12cff26cb436b34c4aed8a8247252e7ac59c67a485163d7fd9f3777609ff6f821b49cab9b762',118,1,'focus','[]',0,'2023-04-06 06:20:46','2023-04-06 06:20:46','2024-04-06 08:20:46'),('d812332341ad6dc81303fead0a64f08310e604afceca6ac57773a1c2035015b18eaf1b96ebf81848',71,1,'mazraa','[]',0,'2022-07-06 11:15:59','2022-07-06 11:15:59','2023-07-06 13:15:59'),('d840d69f54ca578fe1d22eb0ca331d3078716352eaef3f514c54af24a14a9c8eceba77d5df1dc56b',116,1,'focus','[]',0,'2023-03-15 05:20:53','2023-03-15 05:20:53','2024-03-15 07:20:53'),('d84ca2e8792513043d00ea6fc4836bdb37841053d5ebf1e2dd3ba7c3b7f4529b13f01a8232b762f3',283,1,'focus','[]',0,'2023-08-28 04:04:32','2023-08-28 04:04:32','2024-08-28 07:04:32'),('d84fd58c51646af86a19a6f3513706b06d24c085317d2ee485cc826ee930cc2ef699d0078516a8f6',99,1,'focus','[]',0,'2023-02-27 05:53:21','2023-02-27 05:53:21','2024-02-27 07:53:21'),('d87e0f8f49035599139050c08b1e3c89433c24f0b8680f868e93ed35c96c652791d3b0a32ded2f18',215,1,'focus','[]',0,'2023-05-19 20:00:34','2023-05-19 20:00:34','2024-05-19 23:00:34'),('d8b996d78fbe59902fcb6f252d0c6802dd37015a66e4501d535a8e1da4bbe8ece61b85a48c4e07e2',218,1,'focus','[]',0,'2023-05-22 07:34:00','2023-05-22 07:34:00','2024-05-22 10:34:00'),('d914959e32fa21accc8cf3d191cab69c106fb1a6a57b2c53ad6f291775c6b4f12073f1ad8a9b35d0',116,1,'focus','[]',0,'2023-04-09 09:31:36','2023-04-09 09:31:36','2024-04-09 11:31:36'),('d985946d1e66e5e66c7c08dce5bbc96458bd386e06288133b88327e7926f763d64ee0558ca98d340',193,1,'focus','[]',0,'2023-04-23 04:55:21','2023-04-23 04:55:21','2024-04-23 06:55:21'),('d9be1be1d8f7d0dbf70d79c2286f640a6ddfb4d11f72ea6cf7c28a083352b33e1038e3e818aeac5e',300,1,'focus','[]',0,'2023-10-06 03:52:35','2023-10-06 03:52:35','2024-10-06 03:52:35'),('d9ce270f5bf143663d61a6518cd9539046c26f6620a3aa4668129a023cdc4583cdcea94f582c8405',11,1,'mazraa','[]',0,'2022-06-23 08:09:16','2022-06-23 08:09:16','2023-06-23 10:09:16'),('d9daeefdd92b0a61d8f63f487cde78df3ac66b4616cb6a3cd32d1af03c214115724274f877a98362',73,1,'mazraa','[]',0,'2022-09-28 09:24:56','2022-09-28 09:24:56','2023-09-28 11:24:56'),('da264f39433cc66425c7ad03d16883481a141e67f633f747b1c8f5a4e3c12836344296222a05f707',219,1,'focus','[]',0,'2023-05-23 10:37:50','2023-05-23 10:37:50','2024-05-23 13:37:50'),('da8a01373d12e0af7137b46f619e7a0e535c305ca06c364953a7d878df7b8643c2f116f7b057394a',179,1,'focus','[]',0,'2023-04-19 14:31:15','2023-04-19 14:31:15','2024-04-19 16:31:15'),('daa2a90143407df4302998180325cf6939db6c66190f7fa46c05d4d84c2589a9676c274d3aa91cc6',148,1,'focus','[]',0,'2023-04-12 21:59:55','2023-04-12 21:59:55','2024-04-12 23:59:55'),('dac8d3a623c570a14272c6f3011301f5fd847cff3ba133162dc592e795cc2d30bc47184259e498b2',231,1,'focus','[]',0,'2023-06-05 07:53:06','2023-06-05 07:53:06','2024-06-05 10:53:06'),('db86c6be9d17f0c166ed70efe1ebf6418035f77c196c352ea17658c96502656e9fd69fe604b55f90',175,1,'focus','[]',0,'2023-04-18 15:14:36','2023-04-18 15:14:36','2024-04-18 17:14:36'),('db94366df89d97c38469e7b78a34795376b5add9bda129da11127156d3911c289400e6f4f7a6426a',173,1,'focus','[]',0,'2023-04-17 22:52:04','2023-04-17 22:52:04','2024-04-18 00:52:04'),('dbb71703fdd7a1b043e121b4c13f60645e5fb5c2fc4f24cf540a4c2396faf23008fb3f5099ca0ec1',97,1,'focus','[]',0,'2023-02-20 10:48:19','2023-02-20 10:48:19','2024-02-20 12:48:19'),('dc00431e677e58c0818a55b3f277386acb6aa116c255fd59df3a7690155c43d76e2f226f5c2419e7',148,1,'focus','[]',0,'2023-04-12 21:30:55','2023-04-12 21:30:55','2024-04-12 23:30:55'),('dc34256fe5a0a439db8d728d9c57d48f114509ac982141fdaa4567083cb56d3fc860ca6d599f09c5',73,1,'mazraa','[]',0,'2022-09-29 11:04:36','2022-09-29 11:04:36','2023-09-29 13:04:36'),('dc68786a350cd94418d9b522639fe284cbcc26faad4467c5cc4b24979f1f2d57e49aae9344bda032',97,1,'focus','[]',0,'2023-02-19 13:41:27','2023-02-19 13:41:27','2024-02-19 15:41:27'),('dc8768117c5ab1447884bf8ce98e01ea0813573fb55e76dae05eaff9d25f10caefb02bd6da3879cd',73,1,'mazraa','[]',0,'2022-10-01 07:41:20','2022-10-01 07:41:20','2023-10-01 09:41:20'),('dcc26ef7b6dd08734a2e1eb58b3f96241d0a5915e65d532efdf31df8668d3ad830c21f8f8e65ef57',79,1,'gold','[]',0,'2022-10-29 07:50:49','2022-10-29 07:50:49','2023-10-29 09:50:49'),('dd7c306a88bf1dca5ed1c733dd418ebdfd67a9dd54105e4bc539323790f466c3a6291b2a4d9e695d',110,1,'focus','[]',0,'2023-03-02 11:43:21','2023-03-02 11:43:21','2024-03-02 13:43:21'),('ddaeff725be12f8f3252babd6b8fc0a5986b84bdb5110a9e22e13f316ba81d3789e26c8596c0673b',98,1,'focus','[]',0,'2023-02-24 19:10:46','2023-02-24 19:10:46','2024-02-24 21:10:46'),('de875d700d52882f818371fd552eeb1d6638c6f1d75ca64affc51e642985f02c38c77ebd6aa4acc2',114,1,'focus','[]',0,'2023-03-02 12:05:43','2023-03-02 12:05:43','2024-03-02 14:05:43'),('df5d5df84d6dd8eb9762b76ba3045c571a7cadc4d047f5757c06207705151f4e4271780952e8cd6f',82,1,'gold','[]',0,'2022-11-20 04:43:30','2022-11-20 04:43:30','2023-11-20 06:43:30'),('df7fdd7baffaa31fcd1dd1431f1a99c947fa45aa3014ec33f4bb0e8ccce23a5e8ce80a9850f23dd9',114,1,'focus','[]',0,'2023-03-02 12:05:50','2023-03-02 12:05:50','2024-03-02 14:05:50'),('dfab831cf2008a41887c60c6e64d43be16fb9a0bc73ddfd8f2546ba9c6f3ee3979079aae1daa5b3a',174,1,'focus','[]',0,'2023-04-18 12:02:54','2023-04-18 12:02:54','2024-04-18 14:02:54'),('dfac1c3e11ee5211373af4e0c35b80992ec23d94937b48668b9ec38d5a6604e5a238eb244495ecf4',115,1,'focus','[]',0,'2023-03-07 16:24:18','2023-03-07 16:24:18','2024-03-07 18:24:18'),('dfb242d38fd3831116c7a8d0a55294d564f3ada060b08a89fc0a1d563abfc93f004497a41eb87bc7',73,1,'mazraa','[]',0,'2022-11-17 08:37:30','2022-11-17 08:37:30','2023-11-17 10:37:30'),('dfdcc3cc37663a233a4aa89493caa8288dbf20a7b569507d87d53a959929f63e2703bc85608f3fc2',264,1,'focus','[]',0,'2023-07-26 08:56:26','2023-07-26 08:56:26','2024-07-26 11:56:26'),('e0e88baaa162d63b10b35dac03ff046d84bfc3c077110ae01facc192d01ed4f6781e109ea669b7e3',115,1,'focus','[]',0,'2023-03-12 05:56:21','2023-03-12 05:56:21','2024-03-12 07:56:21'),('e109b8b53dc334d4eb292542b672240ba2a3ae6c29dd13d5399bccd659e4dd5bd8f7bcdfb3f2366e',272,1,'focus','[]',0,'2023-08-09 05:31:13','2023-08-09 05:31:13','2024-08-09 08:31:13'),('e1c69633ccc5b393d34bf613be8b82bafd923f98864f350ecca69d9ce9f3f5ca4369f68b5298932e',11,1,'mazraa','[]',0,'2022-06-23 08:03:49','2022-06-23 08:03:49','2023-06-23 10:03:49'),('e1d71251c9283aa22fb4b00bd34771bf6f36a8617461ba82eb6a75fea3c1d4fcefb5728442bdfc95',108,1,'focus','[]',0,'2023-03-02 11:17:01','2023-03-02 11:17:01','2024-03-02 13:17:01'),('e1dd09308d56b44010bd29909e3876f0e8b72b9b4e4107dadce95ac928b5a9d0cdf7f4cf4f254c0d',96,1,'focus','[]',0,'2023-02-18 20:13:50','2023-02-18 20:13:50','2024-02-18 22:13:50'),('e1e7d7d45873b3ef2ffdb57cd18ea0080e49e39d951909d543d09d873cfb82fe94352e54f8ff27a8',116,1,'focus','[]',0,'2023-04-04 16:46:49','2023-04-04 16:46:49','2024-04-04 18:46:49'),('e296aa8088924eed2fd7199d0f9ef336322b542a594c940811692e1db655fd48fc0e53b7dacf2d3b',73,1,'mazraa','[]',0,'2022-11-01 07:24:23','2022-11-01 07:24:23','2023-11-01 09:24:23'),('e323ea6ce0c789996e91d0b39f61a3591f8040fd9510768e68a83e86040984348442a42df047c3e9',11,1,'mazraa','[]',0,'2022-06-23 08:06:59','2022-06-23 08:06:59','2023-06-23 10:06:59'),('e3454169bcacb5c11db49047af6835949fa54b0bda1c4faec109aa6b4033e48676896ca01d3fa437',229,1,'focus','[]',0,'2023-06-02 13:49:04','2023-06-02 13:49:04','2024-06-02 16:49:04'),('e3af99039c84cb7bfc391eb42e30368a099668310f822e1a31e33f61331bb34d037f6d455df3ba3d',106,1,'focus','[]',0,'2023-02-27 18:03:05','2023-02-27 18:03:05','2024-02-27 20:03:05'),('e3b7f5243ad9c71a6d7f8ce3867a360e849761e882bc775bd5e9a811701ec750e7d7e9bcab87a3f6',108,1,'focus','[]',0,'2023-03-02 11:22:18','2023-03-02 11:22:18','2024-03-02 13:22:18'),('e3bbf744c516c78b4418326d29aa3ed6e3294954d0fbd7bf7e8a653463c57219b4919e34b04428ee',154,1,'focus','[]',0,'2023-04-12 09:42:16','2023-04-12 09:42:16','2024-04-12 11:42:16'),('e434a3a5daada178f2a821fa5959b855457cae36dddcdd71a02955d0e968a24ffdfb5b55bddaf1c5',96,1,'focus','[]',0,'2023-02-18 19:50:04','2023-02-18 19:50:04','2024-02-18 21:50:04'),('e46d7989bccd9f96ab410f92536d38738f995688e274ade2cff5193a0da265212771c443886d7eda',81,1,'gold','[]',0,'2022-10-29 08:50:07','2022-10-29 08:50:07','2023-10-29 10:50:07'),('e4b6820dadd332def4afb6dab79dfe284adfb47f6e1843090e696a52a28ac33588d3e133782bc780',73,1,'mazraa','[]',0,'2022-11-01 18:45:22','2022-11-01 18:45:22','2023-11-01 20:45:22'),('e529d6207dc548be2d9826efc94c8fef42fc6d93b1d5479543d0f54a04ac5cb7baa3ef58974d7fc2',43,1,'mazraa','[]',0,'2022-06-23 09:31:32','2022-06-23 09:31:32','2023-06-23 11:31:32'),('e52ee2a6f8a1c2974ba9d989cdaf721d7879c4e0454a154086bae0952587199dd4b54a916d195fc1',260,1,'focus','[]',0,'2023-10-05 16:59:01','2023-10-05 16:59:01','2024-10-05 16:59:01'),('e54ddfff1688ce8bce303c9b75b9527e800e798f1b28a442bf74bd1f2faf32dca8775db6e7bc8c26',11,1,'mazraa','[]',0,'2022-06-23 08:02:49','2022-06-23 08:02:49','2023-06-23 10:02:49'),('e59fc9da75f30b08b461dfcf49f36150e66466180666bad9be253fc3bcb4fdb1fe3bb98f0306ef44',138,1,'focus','[]',0,'2023-04-09 10:43:14','2023-04-09 10:43:14','2024-04-09 12:43:14'),('e5e51d1584ddb1495fe60ecc183de7d7d059b71f9f358abc097a5b173af5ea3d0177db75cef312c8',196,1,'focus','[]',0,'2023-04-26 01:30:37','2023-04-26 01:30:37','2024-04-26 03:30:37'),('e5ff0c49fae385b0275e0f87e0933118d88c59dcee36a05d90ec68eaa2003f1ebf0a78ebe936c3b0',247,1,'focus','[]',0,'2023-07-01 23:01:22','2023-07-01 23:01:22','2024-07-02 02:01:22'),('e61776ef985475d352a4b5f4e72cf28db29819848e2e28f37404924e935e77f1b84608c5982a6425',101,1,'focus','[]',0,'2023-02-27 06:17:03','2023-02-27 06:17:03','2024-02-27 08:17:03'),('e6561661f9c426dbeda0913ad0d346ace15daeac01d2aef3b3293d572f10d6868dc9f0bfea349b10',321,1,'focus','[]',0,'2023-11-10 15:51:19','2023-11-10 15:51:19','2024-11-10 15:51:19'),('e681093ff41aba08c04c36994f73e4381c074da2440cfdddcae28bd13a5cc805a018408d087c10af',9,1,'mazraa','[]',0,'2022-06-22 10:17:54','2022-06-22 10:17:54','2023-06-22 12:17:54'),('e68dd2b362b3035b0ca03b7c495d3e0e2a80397c0f7aadc734942dd8a8479eab7fcee16ce4fdea0e',150,1,'focus','[]',0,'2023-04-11 06:03:07','2023-04-11 06:03:07','2024-04-11 08:03:07'),('e6be750fa3896fdbb264773e389ed60eb8af1b5d31683d4d7ea18f93f20ceb55ff1ed4c089ec9b55',43,1,'mazraa','[]',0,'2022-06-23 09:50:56','2022-06-23 09:50:56','2023-06-23 11:50:56'),('e6e340153f99f8adae5899a64ead2720412302528e52126b907ba0e083c7a444cbca0bd23f4734ea',168,1,'focus','[]',0,'2023-04-16 20:04:57','2023-04-16 20:04:57','2024-04-16 22:04:57'),('e6f80fdf4251ad2ae4f3342625f889d6e780cf4a30e8fcb93a4c650e4d80dba269e12dd18162ea09',116,1,'focus','[]',0,'2023-04-09 09:18:08','2023-04-09 09:18:08','2024-04-09 11:18:08'),('e717716de356348ea244f5eba8a621cfc4500f60271f2b15c3a846fb261364e33cd3d4c88c40b668',233,1,'focus','[]',0,'2023-06-07 09:56:20','2023-06-07 09:56:20','2024-06-07 12:56:20'),('e77c87da03e86d226af2df9da04d997c922fdfeaf6399f0aa81596f472753f9f8e3e976aec934041',98,1,'focus','[]',0,'2023-02-21 09:02:37','2023-02-21 09:02:37','2024-02-21 11:02:37'),('e79865665713d901025681155f79f345f4fc11dfb3c971e3d8d9f076bca650cd0cc5de2a6ef6fe82',97,1,'focus','[]',0,'2023-02-19 09:39:46','2023-02-19 09:39:46','2024-02-19 11:39:46'),('e886fc503c555caa58d35bfe0f5927092f82104a7ffd9da9c8bb366402bcb056847f826ea8017a0a',44,1,'mazraa','[]',0,'2022-06-23 09:39:52','2022-06-23 09:39:52','2023-06-23 11:39:52'),('e8aa74b186e3edca984fbb53c76dc91388e3ee9326c1228aa15f890baef42482d735fadd23d462dc',137,1,'focus','[]',0,'2023-04-09 10:37:27','2023-04-09 10:37:27','2024-04-09 12:37:27'),('e8c2952a3cad1e9da1fff4e05fd07ed4ae42d2d8cdac24050e25cc9578b0f4b3d3f04f2df0dfd983',228,1,'focus','[]',0,'2023-05-30 01:57:29','2023-05-30 01:57:29','2024-05-30 04:57:29'),('e9632a530cfa31ae3801b1db44ee9d11642d9dcdaae0b35cdaf3be15ecc11a261528eac1daff1343',111,1,'focus','[]',0,'2023-03-02 11:53:41','2023-03-02 11:53:41','2024-03-02 13:53:41'),('e99eb507872fbdd33017d3ce84898174fccf914c25ee1590b30e4aa004f0c57b73bb23f21db83c4b',89,1,'focus','[]',0,'2023-02-18 07:14:51','2023-02-18 07:14:51','2024-02-18 09:14:51'),('e9a0ad4ff61e8ef2e69d324865724ea8273f6a1416091d8ab4229422dd2aacb70cfee7962dc75e03',15,1,'mazraa','[]',0,'2022-06-23 08:14:41','2022-06-23 08:14:41','2023-06-23 10:14:41'),('e9a7ce8e8a01b7c8e389833be41b2822da813ad4921c4c047764b907f08746eb33692c4819800ae9',133,1,'focus','[]',0,'2023-04-09 10:16:49','2023-04-09 10:16:49','2024-04-09 12:16:49'),('e9c8d32d28dd8a67a2b87d988d34e23e04fe714f165fc963f5c1748677fa42bb5081bb6dc6f3f91f',89,1,'focus','[]',0,'2023-02-18 07:24:14','2023-02-18 07:24:14','2024-02-18 09:24:14'),('ea869672feda7e9e4b8dcce9bdf5ae8bc7a937ae08cb514b288190b06625a6d6c5d4120d5cfb6041',196,1,'focus','[]',0,'2023-04-26 01:30:49','2023-04-26 01:30:49','2024-04-26 03:30:49'),('ea9a23a702a221cfc5257728c9ee9e9979498ae8ce8ac3b0e1ddb2af456af356124eac69eb2029da',148,1,'focus','[]',0,'2023-04-12 20:52:52','2023-04-12 20:52:52','2024-04-12 22:52:52'),('eb9b51402c35738b51892d30a6d8f3b086553bc26f3023fe1d452ae8882985c1d33c267a4d2b30c0',59,1,'mazraa','[]',0,'2022-06-27 07:58:28','2022-06-27 07:58:28','2023-06-27 09:58:28'),('eba79678bf6013d904fc46cc18c50522d553733079abf52711ffb716fee7b463e8e1b99f3cdd237a',11,1,'mazraa','[]',0,'2022-06-23 08:07:45','2022-06-23 08:07:45','2023-06-23 10:07:45'),('ebd5c0654ffa61e9fb2057944e9bb4700e817e9ba6d25d8c9d60a0c9b5e1570f4f7290c2e85a5ac9',265,1,'focus','[]',0,'2023-07-26 15:20:06','2023-07-26 15:20:06','2024-07-26 18:20:06'),('ec7b2d8e3fc7cea65ed5c403d89e11fe1e9778866a10237625f7478eb1a713354fbb75528c941e14',73,1,'mazraa','[]',0,'2022-10-01 15:53:14','2022-10-01 15:53:14','2023-10-01 17:53:14'),('ecb83b3601eb723c61d13ee3ee2693b4a12337a08128b1eb0f17507c96cff6b5a36782ebe8cb8f7d',116,1,'focus','[]',0,'2023-03-13 18:31:29','2023-03-13 18:31:29','2024-03-13 20:31:29'),('ecd811d49ee8e6e1c50d156953e8a7374a4f673a0ad237ca3c5c63e58b2b4e88a6593e2f3ebc80f7',213,1,'focus','[]',0,'2023-05-12 20:52:17','2023-05-12 20:52:17','2024-05-12 23:52:17'),('ecec89e57fa58a8ae83086211b739e001415cc458394e461450444a8bad50766339f0f3807f20d1a',302,1,'focus','[]',0,'2023-10-08 09:27:05','2023-10-08 09:27:05','2024-10-08 09:27:05'),('ed7d53db3d52fe98ba55a1eb439fad19142e5fe9ef466f7fbcd5be721e2d9b31c47b441431675ac4',163,1,'focus','[]',0,'2023-04-15 10:56:27','2023-04-15 10:56:27','2024-04-15 12:56:27'),('ef04f0536fee5a5a8bf3d3dd1efcc669b77b48ae3083d9e71683a12b931d393a9c48f883b002b225',116,1,'focus','[]',0,'2023-04-09 09:53:31','2023-04-09 09:53:31','2024-04-09 11:53:31'),('ef6c0f12c5a10a24c5e48e6ba61273ec55b9d2b7863ce0e8a934d7a0fe131ecb9323dd5a4ff51576',322,1,'focus','[]',0,'2023-11-10 17:24:00','2023-11-10 17:24:00','2024-11-10 17:24:00'),('ef91337522b413fe5dcdcc233ce7614ea3e6e2e2fb8aa3d7b2b3de1b15b21c1399933ca3009a92ce',97,1,'focus','[]',0,'2023-02-19 08:41:56','2023-02-19 08:41:56','2024-02-19 10:41:56'),('efa78c98be8f5e7061c7e6e5295763113151f5708c6dd00d59e8d2d375c717c6b4eab65ecda25963',118,1,'focus','[]',0,'2023-04-06 08:41:10','2023-04-06 08:41:10','2024-04-06 10:41:10'),('efd8db703f6d51410dee305035ef7fcc3f9f8e828083b71b73c3b74a812b36a78b1d946f6335f210',109,1,'focus','[]',0,'2023-03-02 11:39:41','2023-03-02 11:39:41','2024-03-02 13:39:41'),('f010535d19fe75e4d86efa08d5701446db1fdb6b31aff57ca5eb15e38544421d4a13ca8d5101de71',155,1,'focus','[]',0,'2023-04-12 15:15:08','2023-04-12 15:15:08','2024-04-12 17:15:08'),('f0f33ed03ac8b99e195c5dc8b014af222e6b03ea81dda424872808374c13fd139f87af3642877d10',9,1,'mazraa','[]',0,'2022-06-22 10:17:35','2022-06-22 10:17:35','2023-06-22 12:17:35'),('f0fa696d520fda258a29dfcfcc5bcfe2550edaa635636549f0709b2f718ee1bfd397be3f472dfbba',97,1,'focus','[]',0,'2023-02-20 06:44:30','2023-02-20 06:44:30','2024-02-20 08:44:30'),('f102ae0368362c2a1289c81a73f0805664c0bfe8f72ac64c52d363ecf383b814e6c7af6c660d710c',98,1,'focus','[]',0,'2023-02-21 08:55:38','2023-02-21 08:55:38','2024-02-21 10:55:38'),('f13159781d519375c450b6ceb8f5d897bf3e904611fe6898618efa91863695737ebd51f83e4290bd',73,1,'mazraa','[]',0,'2022-09-29 05:44:59','2022-09-29 05:44:59','2023-09-29 07:44:59'),('f1609eaa7aa93a02fc58d503a391f09ecbd2a2f8af64997fbb9e1aeb9b8cbe27a9fbda38e00bcb8d',73,1,'mazraa','[]',0,'2022-11-17 08:05:07','2022-11-17 08:05:07','2023-11-17 10:05:07'),('f2164bedb6107a5d8dd8e41f5848d6ad6d96a0024073a953bfddc2aa35f1322af733d60680225dde',181,1,'focus','[]',0,'2023-04-19 22:17:43','2023-04-19 22:17:43','2024-04-20 00:17:43'),('f22e8ea2e7bdb5dd0128f0fdea4cfb84b921de60ffe09e3514693e225d559dccb90b0f153c5b788d',190,1,'focus','[]',0,'2023-04-21 22:51:19','2023-04-21 22:51:19','2024-04-22 00:51:19'),('f23884be8aa22475ade170b6f827ce05b645e91ff01ae5816ec59e42ad6f84cae172dcccd2df3658',73,1,'mazraa','[]',0,'2022-11-17 08:10:29','2022-11-17 08:10:29','2023-11-17 10:10:29'),('f2e525c1c1dd1efff2438fbc1e43d873b2b8f8fd50f3dedf4214f31447c2b656033a4bfb268332c8',115,1,'focus','[]',0,'2023-03-11 11:47:05','2023-03-11 11:47:05','2024-03-11 13:47:05'),('f386b7c2f5001918bea0a2b6395b0bbfd42fea1b8a2083a5f5b057533dceff60fd33ee69aefea8ee',242,1,'focus','[]',0,'2023-06-26 16:44:39','2023-06-26 16:44:39','2024-06-26 19:44:39'),('f3ea2e66d3577f391b865595213ecebc365da5d4e76b9ebae049fd95972368eb09a4ef9fe5b45b72',272,1,'focus','[]',0,'2023-08-09 05:31:41','2023-08-09 05:31:41','2024-08-09 08:31:41'),('f4079c16809ac556ec0b57fc184395a7f51c2afd8b742b905cce335b2c45486ff152b3d679766969',244,1,'focus','[]',0,'2023-06-26 22:12:09','2023-06-26 22:12:09','2024-06-27 01:12:09'),('f4163cf8e60fd943692305fe0f391bc08750960661e2938cf764d5721f6aa8cd6f2a779997e35935',120,1,'focus','[]',0,'2023-04-09 08:46:14','2023-04-09 08:46:14','2024-04-09 10:46:14'),('f49db721236ff43079ba13e5ca25e68b2e208151064930a5bc24902a1c895fb9c6e591401365fdea',301,1,'focus','[]',0,'2023-10-08 04:19:40','2023-10-08 04:19:40','2024-10-08 04:19:40'),('f49fc8614dae837ae1b6b12d4723113a3a185812fbe8be5852ac1f2671906e5987fade8e7f40061c',177,1,'focus','[]',0,'2023-04-19 06:29:48','2023-04-19 06:29:48','2024-04-19 08:29:48'),('f4e0a3060d9150316f2da97327c2f6308c22c929023d353aa873119bd81ce2eee6c8200689b43638',309,1,'focus','[]',0,'2023-10-17 07:13:58','2023-10-17 07:13:58','2024-10-17 07:13:58'),('f55a28811062e8738cd459845deaac26cb0df1cb1b1f88dcff8d0a0c62f267521efe64d508421d1a',98,1,'focus','[]',0,'2023-02-21 10:22:59','2023-02-21 10:22:59','2024-02-21 12:22:59'),('f56c4a9989ddec271d4861c70bb0be28485e26b69bea611cafd207f29219a02f2e863b3b286be9aa',263,1,'focus','[]',0,'2023-07-25 12:14:19','2023-07-25 12:14:19','2024-07-25 15:14:19'),('f5898a83bdadc108fca0329f0f35a9f8533a1850b5be9179a3d897a5a9b30f4b562a2f559af2232f',96,1,'focus','[]',0,'2023-02-19 08:06:15','2023-02-19 08:06:15','2024-02-19 10:06:15'),('f61c3f4b2425707e03e623992647b69a8dbc2a1aa23c29e15f7c2eb72c50592979f558a8c5ef6933',81,1,'gold','[]',0,'2022-10-30 08:04:54','2022-10-30 08:04:54','2023-10-30 10:04:54'),('f62f620d936869f1b1963038b9aa8ef16aafe5f3c668a5946cec2c19a6be455b247bdf74312b3ed3',97,1,'focus','[]',0,'2023-02-20 06:14:16','2023-02-20 06:14:16','2024-02-20 08:14:16'),('f6428351e9b7ecfb7653245e36f3205631a64d2b8a59768865c2d885cfe427e447d91a809a7e2a53',71,1,'mazraa','[]',0,'2022-07-06 11:15:24','2022-07-06 11:15:24','2023-07-06 13:15:24'),('f644b28a44557bdfb4053e8bfdd04fefe1c1a4495648f801f600933dd46fa1e063e0c6b780091dd3',87,1,'focus','[]',0,'2023-02-17 09:10:32','2023-02-17 09:10:32','2024-02-17 11:10:32'),('f6836a6ba1026909923019dd6cf36e2c214f0e61a19f0644d6023d3dc6b585d4193b157ee4f7cfcd',9,1,'mazraa','[]',0,'2022-10-01 08:15:48','2022-10-01 08:15:48','2023-10-01 10:15:48'),('f686837d3a167edc44332c634084d3af38fbef5a09ce767136dff03629dfa5c6d8097004aa3eb3a0',182,1,'focus','[]',0,'2023-04-20 13:52:32','2023-04-20 13:52:32','2024-04-20 15:52:32'),('f6e8ba652a5c11c1bcea9967e00271830a446f6cf5b5609635dadfbfd06c8a77a3d66d8fe61cd0ca',96,1,'focus','[]',0,'2023-02-18 20:30:36','2023-02-18 20:30:36','2024-02-18 22:30:36'),('f74ddef1f650aaa0f3568a6471543dbce06ece6d66443c0613a0dfae463a60a3b7c483b61b5b62a1',199,1,'focus','[]',0,'2023-04-29 23:02:48','2023-04-29 23:02:48','2024-04-30 02:02:48'),('f78a37d8dbe9d97b86926d468a4e6c9a41a163b8f78406372e6445092a7c589fce30981086712728',66,1,'mazraa','[]',0,'2022-07-03 10:43:49','2022-07-03 10:43:49','2023-07-03 12:43:49'),('f7c37698d6805dc9176de721061fd2f2a3e6414cbe76e68fed915c76ca3c8d376ac766998ea0d105',148,1,'focus','[]',0,'2023-04-20 16:11:34','2023-04-20 16:11:34','2024-04-20 18:11:34'),('f8cf2196c2c5540e30c5527136b0b84a8b6985874eb5e2156839de3c3e1647716356e62231e52a2f',208,1,'focus','[]',0,'2023-10-31 12:29:55','2023-10-31 12:29:55','2024-10-31 12:29:55'),('f8ec4c9b8bbfd78ede685e057605340d9153970263d7b7f00c9ee5144e787c4acf8a007e94be9fa1',19,1,'mazraa','[]',0,'2022-06-23 08:25:52','2022-06-23 08:25:52','2023-06-23 10:25:52'),('f993df5728b6a1fc6c0a69dec28c5422fcc45f5808bc4164a4acb8614dcbdc399874a74300ea03cb',180,1,'focus','[]',0,'2023-04-19 19:44:50','2023-04-19 19:44:50','2024-04-19 21:44:50'),('f99ca1c83a6d8c0600e49a8d93f6b2b86ce5ce4743e1c4a4725678d86309bb455045de563c232212',73,1,'mazraa','[]',0,'2022-09-28 11:38:53','2022-09-28 11:38:53','2023-09-28 13:38:53'),('fa17147bc0a52b5c21d5dec4e37f024cd6cce30ec807a6fab5240e52e999ca86182b1bb0eb42bac8',206,1,'focus','[]',0,'2023-05-03 08:56:13','2023-05-03 08:56:13','2024-05-03 11:56:13'),('fad9e08a9475e17c505dcc0f9996d3dece4280502d569b83e6266f972a96dc7896448d94ac5a3efb',229,1,'focus','[]',0,'2023-06-02 13:49:04','2023-06-02 13:49:04','2024-06-02 16:49:04'),('fb53742ba39ba63981aef17b60d48c4db13deeefc85736218891a09c352f84db008358f5673511dd',136,1,'focus','[]',0,'2023-04-09 10:34:16','2023-04-09 10:34:16','2024-04-09 12:34:16'),('fb5a6d2d3d5cbd3f08e94965af7a8d13bc81327f3f9a73827d5a7ae1cd2c65885faad1ab92ef0704',115,1,'focus','[]',0,'2023-03-07 06:17:41','2023-03-07 06:17:41','2024-03-07 08:17:41'),('fba417b32506aed05dac8233d31e848986a16575538e5a8d38e0ac5ed4105400b4aa8b674b555f34',228,1,'focus','[]',0,'2023-05-30 01:57:15','2023-05-30 01:57:15','2024-05-30 04:57:15'),('fbbc7ae065a51b5824ebaa0f8ef174a7f3d4cb488d738dadd76a057e9e23cfb751ca9630b704e2c1',115,1,'focus','[]',0,'2023-03-07 05:45:03','2023-03-07 05:45:03','2024-03-07 07:45:03'),('fbcd8e2b7d113efefb3d3356e1b6830087e9e7f0a462e20b09373f8910a125021d038d72fbe59ffc',296,1,'focus','[]',0,'2023-09-27 16:57:27','2023-09-27 16:57:27','2024-09-27 16:57:27'),('fbee8137a3da21ddc3d1615dd4b34b31bb5981d94de3686d1a54d4152652380745c47e15e53e4918',115,1,'focus','[]',0,'2023-03-27 09:00:22','2023-03-27 09:00:22','2024-03-27 11:00:22'),('fbfb3b219cb472a775c711b0a845809c84c118fe7896db058c34582fda377441a4b15a9b90fec674',73,1,'mazraa','[]',0,'2022-10-25 19:02:54','2022-10-25 19:02:54','2023-10-25 21:02:54'),('fc9b0b40d4e3eda18e15612e2343e3400c5ff185418751a04162b7f1d2cd59bf921398d3c26a413f',101,1,'focus','[]',0,'2023-02-27 07:59:21','2023-02-27 07:59:21','2024-02-27 09:59:21'),('fcb2a51eeb54991cd82e76b57dd200b1ee37ec5c22d9c883da8137df34a51a01544b3b7bd08c7d36',27,1,'mazraa','[]',0,'2022-06-23 08:41:40','2022-06-23 08:41:40','2023-06-23 10:41:40'),('fce0746f00cae5cf3fb9701840f853e34bc8d58f38e3ad297105561f1a89cdbf4d33ca79f0e14b87',156,1,'focus','[]',0,'2023-04-16 16:44:01','2023-04-16 16:44:01','2024-04-16 18:44:01'),('fd23014bcb8ffad5061bb1c5c95a285e2c1eeca3672091997a20f7e9905da620037110d5c6ba1efe',95,1,'focus','[]',0,'2023-02-18 19:24:16','2023-02-18 19:24:16','2024-02-18 21:24:16'),('fdfedf7223b8ec6d6b4f97bfe639ac43d95c04a1948c29a92891ba643b058ec28a50db7e2a20a77a',153,1,'focus','[]',0,'2023-04-12 05:36:04','2023-04-12 05:36:04','2024-04-12 07:36:04'),('fe685a67e8d0082ce4ce11856b842754edd700cfec0794c851f63f6ee84cbe928edbfce95c3efb56',298,1,'focus','[]',0,'2023-10-01 09:37:58','2023-10-01 09:37:58','2024-10-01 09:37:58'),('fea34a3159c0f41627fd44ff821e13d74c7147f3f26dfe8df90649c5f69d9ffa75d9728d60458a19',156,1,'focus','[]',0,'2023-04-13 17:11:55','2023-04-13 17:11:55','2024-04-13 19:11:55'),('fedfbde99c2025b0c85bc2c2f69972ce04aafa11fcb9c292729bf385daa501971110ae78bb7f88e9',97,1,'focus','[]',0,'2023-02-19 09:30:17','2023-02-19 09:30:17','2024-02-19 11:30:17'),('ff3a2dac6d7d57efc124c4300bfbb0abcb93a429e822535531b0aef4e3ea4cab0d9941f220db4b60',71,1,'mazraa','[]',0,'2022-07-06 11:18:53','2022-07-06 11:18:53','2023-07-06 13:18:53'),('ffa5f0dbf78482f33dc25bb15644e891e6f7c68bb0a309ca8444b1e4456b85e886b324d21c19f318',151,1,'focus','[]',0,'2023-04-11 20:53:10','2023-04-11 20:53:10','2024-04-11 22:53:10'),('fff47bc64a4c08865be4963f84bb7c6d4e835056f7b98e5d6673fb511f4b2526e0822a26723c5edc',73,1,'mazraa','[]',0,'2022-10-01 17:10:06','2022-10-01 17:10:06','2023-10-01 19:10:06');

--
-- Table structure for table `oauth_auth_codes`
--

CREATE TABLE `oauth_auth_codes` (
  `id` varchar(100) CHARACTER SET utf8mb4 COLLATE utf8mb4_unicode_ci NOT NULL,
  `user_id` bigint unsigned NOT NULL,
  `client_id` bigint unsigned NOT NULL,
  `scopes` text CHARACTER SET utf8mb4 COLLATE utf8mb4_unicode_ci,
  `revoked` tinyint(1) NOT NULL,
  `expires_at` datetime DEFAULT NULL,
  PRIMARY KEY (`id`),
  KEY `oauth_auth_codes_user_id_index` (`user_id`)
) ENGINE=InnoDB DEFAULT CHARSET=utf8mb4 COLLATE=utf8mb4_unicode_ci;

--
-- Dumping data for table `oauth_auth_codes`
--


--
-- Table structure for table `oauth_clients`
--

CREATE TABLE `oauth_clients` (
  `id` bigint unsigned NOT NULL AUTO_INCREMENT,
  `user_id` bigint unsigned DEFAULT NULL,
  `name` varchar(255) CHARACTER SET utf8mb4 COLLATE utf8mb4_unicode_ci NOT NULL,
  `secret` varchar(100) CHARACTER SET utf8mb4 COLLATE utf8mb4_unicode_ci DEFAULT NULL,
  `provider` varchar(255) CHARACTER SET utf8mb4 COLLATE utf8mb4_unicode_ci DEFAULT NULL,
  `redirect` text CHARACTER SET utf8mb4 COLLATE utf8mb4_unicode_ci NOT NULL,
  `personal_access_client` tinyint(1) NOT NULL,
  `password_client` tinyint(1) NOT NULL,
  `revoked` tinyint(1) NOT NULL,
  `created_at` timestamp NULL DEFAULT NULL,
  `updated_at` timestamp NULL DEFAULT NULL,
  PRIMARY KEY (`id`),
  KEY `oauth_clients_user_id_index` (`user_id`)
) ENGINE=InnoDB AUTO_INCREMENT=3 DEFAULT CHARSET=utf8mb4 COLLATE=utf8mb4_unicode_ci;

--
-- Dumping data for table `oauth_clients`
--

INSERT INTO `oauth_clients` (`id`, `user_id`, `name`, `secret`, `provider`, `redirect`, `personal_access_client`, `password_client`, `revoked`, `created_at`, `updated_at`) VALUES (1,NULL,'Laravel Personal Access Client','M5hKJeOymQ5ybOqGLb1ZHeZwAvggkkcZi4jSuwrX',NULL,'http://localhost',1,0,0,'2022-06-22 10:12:48','2022-06-22 10:12:48'),(2,NULL,'Laravel Password Grant Client','oiElx9TLRlbGMJYB07DzGeD7GcN1SQMxbg24HbDa','users','http://localhost',0,1,0,'2022-06-22 10:12:48','2022-06-22 10:12:48');

--
-- Table structure for table `oauth_personal_access_clients`
--

CREATE TABLE `oauth_personal_access_clients` (
  `id` bigint unsigned NOT NULL AUTO_INCREMENT,
  `client_id` bigint unsigned NOT NULL,
  `created_at` timestamp NULL DEFAULT NULL,
  `updated_at` timestamp NULL DEFAULT NULL,
  PRIMARY KEY (`id`)
) ENGINE=InnoDB AUTO_INCREMENT=2 DEFAULT CHARSET=utf8mb4 COLLATE=utf8mb4_unicode_ci;

--
-- Dumping data for table `oauth_personal_access_clients`
--

INSERT INTO `oauth_personal_access_clients` (`id`, `client_id`, `created_at`, `updated_at`) VALUES (1,1,'2022-06-22 10:12:48','2022-06-22 10:12:48');

--
-- Table structure for table `oauth_refresh_tokens`
--

CREATE TABLE `oauth_refresh_tokens` (
  `id` varchar(100) CHARACTER SET utf8mb4 COLLATE utf8mb4_unicode_ci NOT NULL,
  `access_token_id` varchar(100) CHARACTER SET utf8mb4 COLLATE utf8mb4_unicode_ci NOT NULL,
  `revoked` tinyint(1) NOT NULL,
  `expires_at` datetime DEFAULT NULL,
  PRIMARY KEY (`id`),
  KEY `oauth_refresh_tokens_access_token_id_index` (`access_token_id`)
) ENGINE=InnoDB DEFAULT CHARSET=utf8mb4 COLLATE=utf8mb4_unicode_ci;

--
-- Dumping data for table `oauth_refresh_tokens`
--


--
-- Table structure for table `offer_orders`
--

CREATE TABLE `offer_orders` (
  `id` int unsigned NOT NULL AUTO_INCREMENT,
  `type` varchar(255) CHARACTER SET utf8mb4 COLLATE utf8mb4_unicode_ci DEFAULT NULL,
  `offer_id` int unsigned DEFAULT NULL,
  `order_id` int unsigned DEFAULT NULL,
  `order_product_id` int unsigned DEFAULT NULL,
  `amount` int NOT NULL DEFAULT '1',
  `discount` decimal(8,2) NOT NULL,
  `created_at` timestamp NULL DEFAULT NULL,
  `updated_at` timestamp NULL DEFAULT NULL,
  PRIMARY KEY (`id`),
  KEY `offer_orders_offer_id_foreign` (`offer_id`),
  KEY `offer_orders_order_id_foreign` (`order_id`),
  KEY `offer_orders_order_product_id_foreign` (`order_product_id`),
  CONSTRAINT `offer_orders_offer_id_foreign` FOREIGN KEY (`offer_id`) REFERENCES `offers` (`id`) ON DELETE CASCADE,
  CONSTRAINT `offer_orders_order_id_foreign` FOREIGN KEY (`order_id`) REFERENCES `orders` (`id`) ON DELETE CASCADE,
  CONSTRAINT `offer_orders_order_product_id_foreign` FOREIGN KEY (`order_product_id`) REFERENCES `product_orders` (`id`) ON DELETE CASCADE
) ENGINE=InnoDB DEFAULT CHARSET=utf8mb4 COLLATE=utf8mb4_unicode_ci;

--
-- Dumping data for table `offer_orders`
--


--
-- Table structure for table `offer_translations`
--

CREATE TABLE `offer_translations` (
  `id` int unsigned NOT NULL AUTO_INCREMENT,
  `offer_id` int unsigned NOT NULL,
  `title` varchar(255) CHARACTER SET utf8mb4 COLLATE utf8mb4_unicode_ci NOT NULL,
  `show_title` varchar(191) CHARACTER SET utf8mb4 COLLATE utf8mb4_unicode_ci DEFAULT NULL,
  `content` text CHARACTER SET utf8mb4 COLLATE utf8mb4_unicode_ci NOT NULL,
  `locale` varchar(255) CHARACTER SET utf8mb4 COLLATE utf8mb4_unicode_ci NOT NULL,
  `created_at` timestamp NULL DEFAULT NULL,
  `updated_at` timestamp NULL DEFAULT NULL,
  PRIMARY KEY (`id`),
  UNIQUE KEY `offer_translations_offer_id_locale_unique` (`offer_id`,`locale`),
  KEY `offer_translations_locale_index` (`locale`),
  CONSTRAINT `offer_translations_offer_id_foreign` FOREIGN KEY (`offer_id`) REFERENCES `offers` (`id`) ON DELETE CASCADE
) ENGINE=InnoDB AUTO_INCREMENT=77 DEFAULT CHARSET=utf8mb4 COLLATE=utf8mb4_unicode_ci;

--
-- Dumping data for table `offer_translations`
--

INSERT INTO `offer_translations` (`id`, `offer_id`, `title`, `show_title`, `content`, `locale`, `created_at`, `updated_at`) VALUES (7,4,'Buy 2 Get 1','اشتري 2 واحصل على 1 BELLA','<pre>\r\nاشتري 2 واحصل على 1</pre>','ar',NULL,NULL),(8,4,'Buy 2 Get 1','BUY 2 GET 1 BELLA','<p>Buy 2 Get 1</p>','en',NULL,NULL),(9,5,'اشتري 3 واحصل على 1','اشتري 3 واحصل على 1  BELLA','<p>Buy 3 Get 1</p>','ar',NULL,NULL),(10,5,'Buy 3 Get 1','BUY 3 GET 1 BELLA','<p>Buy 3 Get 1</p>','en',NULL,NULL),(13,7,'اشتري 2 واحصل على 1  AMARA','شتري 2 واحصل على 1  AMARA','<p>Amara</p>','ar',NULL,NULL),(14,7,'BUY 2 GET 1 AMARA','BUY 2 GET 1 AMARA','<p>Amara</p>','en',NULL,NULL),(15,8,'اشتري 3 واحصل على 1','اشتري 3 واحصل على 1 AMARA','<p>Amara</p>','ar',NULL,NULL),(16,8,'Buy 3 Get 1','BUY 3 GET 1 AMARA','<p>Amara</p>','en',NULL,NULL),(21,11,'اشتري 2 واحصل على 1','اشتري 2 واحصل على 1 FRESHLOOK','<p>Freshlook</p>','ar',NULL,NULL),(22,11,'BUY 2 GET 1','BUY 2 GET 1 FRESHLOOK','<p>Freshlook</p>','en',NULL,NULL),(23,12,'اشتري 2 واحصل على 1','اشتري 2 واحصل على 1 LOROYAL','<p>Loroyal</p>','ar',NULL,NULL),(24,12,'BUY 2 GET 1','BUY 2 GET 1 LOROYAL','<p>Loroyal</p>','en',NULL,NULL),(25,13,'اشتري 3 واحصل على 1','اشتري 3 واحصل على 1 LOROYAL','<p>Loroyal</p>','ar',NULL,NULL),(26,13,'BUY 3 GET 1','BUY 3 GET 1 LOROYAL','<p>Loroyal</p>','en',NULL,NULL),(27,14,'اشتري 2 واحصل على 1','اشتري 2 واحصل على 1 ADORE','<p>Adore</p>','ar',NULL,NULL),(28,14,'BUY 2 GET 1','BUY 2 GET 1 ADORE','<p>Adore</p>','en',NULL,NULL),(29,15,'اشتري 2 واحصل على 1','اشتري 2 واحصل على 1 AYAR','<p>Ayar</p>','ar',NULL,NULL),(30,15,'BUY 2 GET 1','BUY 2 GET 1 AYAR','<p>Ayar</p>','en',NULL,NULL),(31,16,'اشتري 2 واحصل على 1','اشتري 2 واحصل على 1 Cinderella','<p>Cinderella</p>','ar',NULL,NULL),(32,16,'BUY 2 GET 1','BUY 2 GET 1 CINDERELLA','<p>Cinderella</p>','en',NULL,NULL),(33,17,'اشتري 2 واحصل على 1','اشتري 2 واحصل على 1 DAHAB','<p>Dahab</p>','ar',NULL,NULL),(34,17,'BUY 2 GET 1','BUY 2 GET 1 DAHAB','<p>Dahab</p>','en',NULL,NULL),(35,18,'اشتري 2 واحصل على 1','اشتري 2 واحصل على 1 HANADI','<p>Hanadi</p>','ar',NULL,NULL),(36,18,'BUY 2 GET 1','BUY 2 GET 1 HANADI','<p>Hanadi</p>','en',NULL,NULL),(37,19,'اشتري 2 واحصل على 1','اشتري 2 واحصل على 1 JOLIE','<p>Jolie</p>','ar',NULL,NULL),(38,19,'BUY 2 GET 1','BUY 2 GET 1 JOLIE','<p>Jolie</p>','en',NULL,NULL),(39,20,'اشتري 3 واحصل على 1','اشتري 3 واحصل على 1 JOLIE','<p>Jolie</p>','ar',NULL,NULL),(40,20,'BUY 3 GET 1','BUY 3 GET 1 JOLIE','<p>Jolie</p>','en',NULL,NULL),(41,21,'اشتري 2 واحصل على 1','اشتري 2 واحصل على 1 Lareen','<p>Lareen</p>','ar',NULL,NULL),(42,21,'BUY 2 GET 1','BUY 2 GET 1 LAREEN','<p>Lareen</p>','en',NULL,NULL),(43,22,'اشتري 2 واحصل على 1','اشتري 2 واحصل على 1 LUMINOUS','<p>Luminous</p>','ar',NULL,NULL),(44,22,'BUY 2 GET 1','BUY 2 GET 1 LUMINOUS','<p>Luminous</p>','en',NULL,NULL),(45,23,'اشتري 1 واحصل على 1','اشتري 1 واحصل على 1 CV','<p>Clear Vision</p>','ar',NULL,NULL),(46,23,'BUY 1 GET 1 CV','BUY 1 GET 1 CV','<p>Clear Vision</p>','en',NULL,NULL),(47,24,'اشتري 2 واحصل على 1','اشتري 2 واحصل على 1 COOPER VISION','<p>Cooper Vision</p>','ar',NULL,NULL),(48,24,'BUY 2 GET 1','BUY 2 GET 1 COOPER VISION','<p>Cooper Vision</p>','en',NULL,NULL),(49,25,'اشتري 2 واحصل على 1','اشتري 2 واحصل على 1 BL','<p>B + L</p>','ar',NULL,NULL),(50,25,'BUY 2 GET 1','BUY 2 GET 1 BL','<p>B + L</p>','en',NULL,NULL),(51,26,'اشتري 2 واحصل على 1','اشتري 2 واحصل على 1 ALCON','<p>Alcon</p>','ar',NULL,NULL),(52,26,'BUY 2 GET 1','BUY 2 GET 1 ALCON','<p>Alcon</p>','en',NULL,NULL),(53,27,'اشتري 3 واحصل على 1','اشتري 3 واحصل على 1 DAHAB','<p>Dahab Daily</p>','ar',NULL,NULL),(54,27,'BUY 3 GET 1','BUY 3 GET 1 DAHAB','<p>Dahab Daily</p>','en',NULL,NULL),(55,28,'اشتري 2 واحصل على 1','اشتري 2 واحصل على 1 MYLENSE','<p>Buy 2 Get 1 Free</p>','ar',NULL,NULL),(56,28,'BUY 2 GET 1','BUY 2 GET 1 MYLENSE','<p>Mylense</p>','en',NULL,NULL),(57,29,'اشتري 2 واحصل على 1','اشتري 2 واحصل على 1 NATUREL','<p>BUY2 GET 1 NATUREL</p>','ar',NULL,NULL),(58,29,'BUY 2 GET 1','BUY 2 GET 1 NATUREL','<p>BUY2 GET 1 ATUREL</p>','en',NULL,NULL),(59,30,'اشتري 5 واحصل على 2','اشتري 5 واحصل على 2 Jolie','<p>Buy 5 Get 2</p>','ar',NULL,NULL),(60,30,'BUY 5 GET 2','BUY 5 GET 2 JOLIE','<p>Jolie</p>\r\n\r\n<p>&nbsp;</p>','en',NULL,NULL),(67,34,'اشتري 1 واحصل على 1','اشتري 1 واحصل على 1  BELLA','<p>Buy 1 Get 1<br />\r\n&nbsp;</p>','ar',NULL,NULL),(68,34,'Buy 1 Get 1','BUY 1 GET 1 BELLA','<p>Buy 1 Get 1<br />\r\n&nbsp;</p>','en',NULL,NULL),(69,35,'اشتري 1 واحصل على 1  Color Vision','اشتري 1 واحصل على 1 Color Vision','<p>اشتري 1 واحصل على 1</p>','ar',NULL,NULL),(70,35,'Buy 1 Get 1 Color Vision','Buy 1 Get 1 Color Vision','<p><br />\r\nBuy 1 Get 1</p>','en',NULL,NULL),(71,36,'اشتري 3 واحصل على 1','اشتري 3 واحصل على 1 Freshlook','<p>Freshlook</p>','ar',NULL,NULL),(72,36,'BUY 3 GET 1','BUY 3 GET 1 FRESHLOOK','<p>Freshlook</p>','en',NULL,NULL),(73,37,'اشتري 1 واحصل على 1','اشتري 1 واحصل على 1  LOROYAL','<p>LOROYAL</p>','ar',NULL,NULL),(74,37,'Buy 1 Get 1','BUY 1 GET 1 LOROYAL','<p>LOROYAL</p>','en',NULL,NULL),(75,38,'اشتري 3 واحصل على 1','اشتري 3 واحصل على 1 DAHAB','<p>DAHAB</p>','ar',NULL,NULL),(76,38,'BUY 3 GET 1','BUY 3 GET 1 DAHAB','<p>DAHAB</p>','en',NULL,NULL);

--
-- Table structure for table `offers`
--

CREATE TABLE `offers` (
  `id` int unsigned NOT NULL AUTO_INCREMENT,
  `image` varchar(255) CHARACTER SET utf8mb4 COLLATE utf8mb4_unicode_ci DEFAULT NULL,
  `Discount` decimal(8,2) NOT NULL DEFAULT '0.00',
  `Origin` int NOT NULL,
  `Target` int NOT NULL,
  `Active` int NOT NULL DEFAULT '1',
  `created_at` timestamp NULL DEFAULT NULL,
  `updated_at` timestamp NULL DEFAULT NULL,
  PRIMARY KEY (`id`)
) ENGINE=InnoDB AUTO_INCREMENT=39 DEFAULT CHARSET=utf8mb4 COLLATE=utf8mb4_unicode_ci;

--
-- Dumping data for table `offers`
--

INSERT INTO `offers` (`id`, `image`, `Discount`, `Origin`, `Target`, `Active`, `created_at`, `updated_at`) VALUES (4,'2023-04-04-bella-tag-red.jpg',0.00,2,1,1,'2023-03-20 05:16:32','2023-04-04 06:11:04'),(5,'2023-06-19-Bella-offer-three-plus-one.jpg',0.00,3,1,1,'2023-03-20 05:22:06','2023-06-19 11:00:25'),(7,'2023-04-04-amara-red-tag.jpg',0.00,2,1,1,'2023-04-04 06:22:14','2023-09-05 17:26:09'),(8,'2023-06-19-amara-offer.jpg',0.00,3,1,1,'2023-04-04 06:26:28','2023-09-05 17:26:11'),(11,'2023-04-04-collection-for-app-with-offer-2023.jpg',0.00,2,1,1,'2023-04-04 06:57:23','2023-07-03 07:38:19'),(12,'2023-04-04-loroyal2+1.jpg',0.00,2,1,0,'2023-04-04 07:02:18','2023-08-24 10:00:04'),(13,'2023-06-19-loroyal-offer-buy-three-plus-one.jpg',0.00,3,1,0,'2023-04-04 07:07:55','2023-08-24 10:00:05'),(14,'2023-04-04-adore2+1.jpg',0.00,2,1,1,'2023-04-04 07:11:23','2023-04-04 07:11:23'),(15,'2023-04-04-ayar-2+1.jpg',0.00,2,1,1,'2023-04-04 07:12:35','2023-04-04 07:12:35'),(16,'2023-04-04-cinderella2+1.jpg',0.00,2,1,1,'2023-04-04 07:14:11','2023-04-04 07:14:11'),(17,'2023-04-04-dahab2+1.jpg',0.00,2,1,1,'2023-04-04 07:16:10','2023-04-04 07:16:10'),(18,'2023-04-04-hanadi2+1.jpg',0.00,2,1,1,'2023-04-04 07:20:15','2023-04-04 07:20:15'),(19,'2023-04-04-jolie2+1.jpg',0.00,2,1,1,'2023-04-04 07:21:19','2023-04-04 07:21:19'),(20,'2023-06-19-jolie-three-plus-one.jpg',0.00,3,1,1,'2023-04-04 07:22:16','2023-06-19 11:01:38'),(21,'2023-04-04-lareen2+1.jpg',0.00,2,1,1,'2023-04-04 07:27:14','2023-04-04 07:27:14'),(22,'2023-04-06-1+1 LUMINOUS.jpeg',0.00,2,1,0,'2023-04-04 07:28:26','2023-08-27 09:39:16'),(23,'2023-04-04-clearvision-band-offer.jpg',0.00,1,1,1,'2023-04-04 08:57:00','2023-09-17 11:04:08'),(24,'2023-04-04-coopervision-offer.jpg',0.00,2,1,1,'2023-04-04 09:01:48','2023-04-04 09:01:48'),(25,'2023-04-04-bausch+lomb-offer-brand.jpg',0.00,2,1,0,'2023-04-04 09:06:59','2023-07-09 08:07:43'),(26,'2023-04-04-alcon-brand.jpg',0.00,2,1,0,'2023-04-04 09:14:51','2023-06-25 19:03:39'),(27,'2023-06-19-bella-daily-offer-brand.jpg',0.00,3,1,0,'2023-06-19 10:03:05','2023-07-09 08:03:15'),(28,'2023-06-19-mylenses-2+1.jpg',0.00,2,1,0,'2023-06-19 10:22:04','2023-08-27 09:39:07'),(29,'2023-06-19-Naturel-2+1.jpg',0.00,2,1,0,'2023-06-19 10:30:09','2023-08-27 09:38:53'),(30,'2023-07-31-buy-five-get-2-offer.jpg',0.00,5,2,1,'2023-07-31 13:00:29','2023-08-01 05:46:40'),(34,'2023-09-03-2023-09-03-Bella-offer-one-plus-one.jpg',0.00,1,1,1,'2023-09-03 18:48:11','2023-09-03 18:48:11'),(35,'2023-11-13-2023-11-13-Colorvision-logo.jpg',0.00,1,1,1,'2023-11-13 17:06:15','2023-11-13 17:22:27'),(36,'2023-11-21-2023-11-22-LOGO-3-1.jpg',0.00,3,1,1,'2023-11-21 17:27:03','2023-11-21 17:27:03'),(37,'2023-11-21-2023-08-24-2023-08-24-Loroya-w-offer.jpg',0.00,1,1,1,'2023-11-21 20:37:04','2023-11-21 20:37:04'),(38,'2023-11-23-2023-04-04-dahab3-1.jpg',0.00,3,1,1,'2023-11-23 10:40:53','2023-11-23 10:40:53');

--
-- Table structure for table `order_comments`
--

CREATE TABLE `order_comments` (
  `id` int unsigned NOT NULL AUTO_INCREMENT,
  `order_id` int unsigned NOT NULL,
  `rate` int NOT NULL DEFAULT '1',
  `comment` text CHARACTER SET utf8mb4 COLLATE utf8mb4_unicode_ci NOT NULL,
  `created_at` timestamp NULL DEFAULT NULL,
  `updated_at` timestamp NULL DEFAULT NULL,
  PRIMARY KEY (`id`),
  KEY `order_comments_order_id_foreign` (`order_id`),
  CONSTRAINT `order_comments_order_id_foreign` FOREIGN KEY (`order_id`) REFERENCES `orders` (`id`) ON DELETE CASCADE
) ENGINE=InnoDB DEFAULT CHARSET=utf8mb4 COLLATE=utf8mb4_unicode_ci;

--
-- Dumping data for table `order_comments`
--


--
-- Table structure for table `order_coupons`
--

CREATE TABLE `order_coupons` (
  `id` int unsigned NOT NULL AUTO_INCREMENT,
  `order_id` int unsigned NOT NULL,
  `price` double NOT NULL,
  `discountprice` double NOT NULL,
  `code` varchar(255) CHARACTER SET utf8mb4 COLLATE utf8mb4_unicode_ci NOT NULL,
  `value` varchar(255) CHARACTER SET utf8mb4 COLLATE utf8mb4_unicode_ci NOT NULL,
  `ids` varchar(255) CHARACTER SET utf8mb4 COLLATE utf8mb4_unicode_ci NOT NULL,
  `type` varchar(255) CHARACTER SET utf8mb4 COLLATE utf8mb4_unicode_ci NOT NULL,
  `coupons_id` int unsigned NOT NULL,
  `created_at` timestamp NULL DEFAULT NULL,
  `updated_at` timestamp NULL DEFAULT NULL,
  `country_code` varchar(191) CHARACTER SET utf8mb4 COLLATE utf8mb4_unicode_ci DEFAULT NULL,
  PRIMARY KEY (`id`),
  KEY `order_coupons_order_id_foreign` (`order_id`),
  KEY `order_coupons_coupons_id_foreign` (`coupons_id`),
  CONSTRAINT `order_coupons_coupons_id_foreign` FOREIGN KEY (`coupons_id`) REFERENCES `coupons` (`id`) ON DELETE CASCADE,
  CONSTRAINT `order_coupons_order_id_foreign` FOREIGN KEY (`order_id`) REFERENCES `orders` (`id`) ON DELETE CASCADE
) ENGINE=InnoDB AUTO_INCREMENT=427 DEFAULT CHARSET=utf8mb4 COLLATE=utf8mb4_unicode_ci;

--
-- Dumping data for table `order_coupons`
--

INSERT INTO `order_coupons` (`id`, `order_id`, `price`, `discountprice`, `code`, `value`, `ids`, `type`, `coupons_id`, `created_at`, `updated_at`, `country_code`) VALUES (34,134,31.5,28.35,'amal','10','644,741','total',12,'2023-04-11 06:01:24','2023-04-11 06:01:24','KWD'),(35,135,24,21.6,'summer','10','753','total',13,'2023-04-11 07:05:56','2023-04-11 07:05:56','KWD'),(54,191,18,16.2,'summer','10','89','total',13,'2023-04-12 15:13:37','2023-04-12 15:13:37','KWD'),(56,199,444,399.6,'summer','10','25,644','total',13,'2023-04-12 16:59:16','2023-04-12 16:59:16','QAR'),(57,229,24,21.6,'amal','10','757','total',12,'2023-04-13 08:37:47','2023-04-13 08:37:47','KWD'),(58,231,1.5,1.35,'amal','10','1001','total',12,'2023-04-13 09:21:27','2023-04-13 09:21:27','KWD'),(59,239,24,21.6,'summer','10','741','total',13,'2023-04-13 16:58:58','2023-04-13 16:58:58','KWD'),(60,245,36,32.4,'summer','10','118','total',13,'2023-04-13 18:07:46','2023-04-13 18:07:46','KWD'),(67,285,8.5,7.65,'fjr','10','89','total',17,'2023-04-15 13:25:25','2023-04-18 20:19:59','KWD'),(68,286,27,24.3,'Nr10','10','208,211','total',16,'2023-04-15 14:40:07','2023-04-15 20:56:27','KWD'),(69,287,19.2,17.28,'Nr10','10','49,53','total',16,'2023-04-15 15:11:05','2023-04-15 15:11:05','KWD'),(73,310,24,21.6,'dis10','10','401','total',14,'2023-04-16 20:53:03','2023-04-16 20:53:03','KWD'),(83,332,7,6.3,'fjr','10','181','total',17,'2023-04-17 08:32:36','2023-04-17 08:32:36','KWD'),(85,341,11,9.9,'fjr','10','113','total',17,'2023-04-17 13:46:47','2023-04-18 14:07:35','KWD'),(94,360,67,60.3,'Nr10','10','106,107,109','total',16,'2023-04-17 23:46:23','2023-04-17 23:46:23','KWD'),(98,365,12,10.8,'dis10','10','403','total',14,'2023-04-18 09:08:27','2023-06-11 12:07:45','KWD'),(103,393,39,35.1,'dis10','10','119,128,139','total',14,'2023-04-19 00:35:33','2023-04-19 00:35:33','KWD'),(104,395,39,35.1,'summer','10','196,201,204','total',13,'2023-04-19 00:46:17','2023-04-19 00:46:17','KWD'),(110,350,35,31.5,'fjr','10','171,174,177,179,180','total',17,'2023-04-19 10:28:37','2023-04-19 10:28:37','KWD'),(112,427,12,10.8,'fjr','10','1239','total',17,'2023-04-19 19:09:57','2023-04-19 19:09:57','KWD'),(113,426,14,12.6,'fjr','10','62','total',17,'2023-04-19 19:24:46','2023-04-19 19:24:46','KWD'),(117,435,21.6,19.44,'fjr','10','52,784','total',17,'2023-04-19 22:16:45','2023-04-19 22:27:45','KWD'),(119,438,21.6,19.44,'fjr','10','52,784','total',17,'2023-04-19 22:36:56','2023-04-19 22:36:56','KWD'),(122,444,39,35.1,'Dis10','10','122,128','total',14,'2023-04-19 23:52:01','2023-04-19 23:56:38','KWD'),(123,428,68,61.2,'Dis10','10','59,147,199,203','total',14,'2023-04-20 00:34:50','2023-04-20 00:37:54','KWD'),(133,477,31,27.9,'Dr.ch','10','176,496','total',21,'2023-04-20 13:50:10','2023-04-20 13:50:24','KWD'),(134,479,28,25.2,'summer','10','172,180','total',13,'2023-04-20 13:59:22','2023-04-20 13:59:22','KWD'),(135,480,14,12.6,'Dr.ch','10','396','total',21,'2023-04-20 14:37:40','2023-04-20 14:37:40','KWD'),(138,484,12,10.8,'Dr.ch','10','108','total',21,'2023-04-20 16:33:58','2023-04-20 16:33:58','KWD'),(139,486,28,25.2,'dis10','10','393,778','total',14,'2023-04-20 17:28:43','2023-04-20 17:28:43','KWD'),(140,487,12,10.2,'LM15','15','1239','total',24,'2023-04-20 17:57:59','2023-04-20 18:03:55','KWD'),(141,488,25.5,22.95,'fjr','10','92','total',17,'2023-04-20 18:28:21','2023-04-20 18:28:21','KWD'),(142,489,25.5,22.95,'fjr','10','92,94','total',17,'2023-04-20 18:35:03','2023-04-20 18:35:03','KWD'),(146,505,13,11.7,'SUMMER','10','205','total',13,'2023-04-21 02:57:32','2023-04-21 02:57:32','KWD'),(148,515,40,36,'fjr','10','98,122','total',17,'2023-04-21 18:09:02','2023-04-21 18:09:02','KWD'),(158,552,14,12.6,'nr10','10','162','total',16,'2023-04-24 04:30:51','2023-04-24 04:31:12','KWD'),(160,538,41.5,37.35,'dis10','10','69,448,637','total',14,'2023-04-25 01:53:22','2023-04-25 01:53:22','KWD'),(162,574,28,25.2,'FJR','10','176','total',17,'2023-04-26 14:01:50','2023-04-26 14:01:50','KWD'),(163,586,12,10.8,'dis10','10','184','total',14,'2023-04-27 09:05:08','2023-04-27 09:05:08','KWD'),(165,594,7,6.3,'FJR','10','176','total',17,'2023-04-27 23:14:47','2023-04-27 23:14:47','KWD'),(172,618,12.4,11.16,'‏Dalal','10','819,891','total',28,'2023-04-30 07:15:23','2023-04-30 07:15:23','KWD'),(176,638,4,3.6,'dalal','10','876','total',28,'2023-05-02 09:42:44','2023-05-02 09:42:44','KWD'),(178,643,26,23.4,'Nr10','10','248','total',16,'2023-05-02 23:05:22','2023-05-02 23:05:22','KWD'),(179,649,4,3.6,'dalal','10','876','total',28,'2023-05-03 13:07:23','2023-11-29 00:15:26','KWD'),(181,677,27,24.3,'Dr.ch','10','61,114','total',21,'2023-05-07 20:14:05','2023-05-07 20:24:38','KWD'),(183,689,12,10.8,'nr10','10','567','total',16,'2023-05-10 14:19:51','2023-05-10 14:19:51','KWD'),(184,702,14,12.6,'Nr10','10','390','total',16,'2023-05-12 11:59:59','2023-05-12 12:54:12','KWD'),(185,703,14,12.6,'Nr10','10','778','total',16,'2023-05-12 12:07:23','2023-05-12 12:07:23','KWD'),(186,706,13,11.7,'Nr10','10','127','total',16,'2023-05-12 20:28:27','2023-05-12 20:28:27','KWD'),(187,707,16,14.4,'summer','10','172,209','total',13,'2023-05-12 20:52:21','2023-05-12 20:52:21','KWD'),(188,716,14,12.6,'dis10','10','630','total',14,'2023-05-14 05:46:45','2023-05-14 05:46:45','KWD'),(189,720,7,6.3,'Nr10','10','173','total',16,'2023-05-14 17:40:20','2023-05-14 17:40:56','KWD'),(191,374,7,6.3,'dis10','10','180','total',14,'2023-05-14 21:36:24','2023-05-26 14:42:51','KWD'),(194,742,162.5,146.25,'fjr','10','1416','total',17,'2023-05-17 14:44:41','2023-05-17 14:46:54','SAR'),(195,717,14,12.6,'Dis10','10','162','total',14,'2023-05-17 19:26:25','2023-05-17 19:26:58','KWD'),(196,747,53,47.7,'dis10','10','96,107,109,203','total',14,'2023-05-18 13:59:24','2023-05-18 14:01:06','KWD'),(197,748,15,13.5,'dis10','10','383','total',14,'2023-05-18 16:09:05','2023-05-18 16:09:05','KWD'),(198,754,7,6.3,'Nr10','10','173','total',16,'2023-05-20 12:45:02','2023-05-20 12:47:13','KWD'),(199,755,7,6.3,'Nr10','10','173','total',16,'2023-05-20 12:51:42','2023-05-20 12:51:42','KWD'),(200,756,7,6.3,'Nr10','10','173','total',16,'2023-05-20 12:57:04','2023-05-20 12:57:04','KWD'),(201,760,26,23.4,'N10','10','241,246','total',30,'2023-05-20 20:56:44','2023-05-20 20:56:44','KWD'),(202,766,26,23.4,'N10','10','241','total',30,'2023-05-21 12:28:55','2023-05-21 12:28:55','KWD'),(203,782,42,37.8,'summer','10','171,172,181','total',13,'2023-05-23 11:33:02','2023-05-23 11:33:02','KWD'),(205,788,16,14.4,'nr10','10','734','total',16,'2023-05-24 09:46:54','2023-05-24 09:46:54','KWD'),(207,797,30,27,'Dis10','10','750','total',14,'2023-05-24 11:45:07','2023-05-24 11:45:07','KWD'),(209,801,42,37.8,'Nr10','10','173,176','total',16,'2023-05-25 04:51:22','2023-05-25 04:51:22','KWD'),(211,804,42,37.8,'Nr10','10','173,176','total',16,'2023-05-25 05:05:42','2023-05-25 05:05:42','KWD'),(213,813,13,11.7,'fjr','10','128','total',17,'2023-05-25 18:14:55','2023-05-25 18:14:55','KWD'),(214,820,12,10.8,'Dis10','10','1239','total',14,'2023-05-26 13:30:59','2023-05-26 13:30:59','KWD'),(215,821,3.3,2.97,'Nr10','10','490','total',16,'2023-05-26 21:04:26','2023-06-08 13:13:45','KWD'),(216,825,9,8.1,'Nr10','10','208','total',16,'2023-05-27 12:09:32','2023-05-27 12:09:32','KWD'),(219,828,15,13.5,'N10','10','136','total',30,'2023-05-27 13:18:17','2023-05-27 13:18:17','KWD'),(220,810,12,10.8,'amal','10','741','total',12,'2023-05-28 07:28:08','2023-05-30 07:15:12','KWD'),(221,849,49,44.1,'dalal','10','173,176,180,181','total',28,'2023-05-31 17:41:59','2023-05-31 17:54:31','KWD'),(223,862,11,9.9,'amal','10','240','total',12,'2023-06-02 10:28:27','2023-06-02 10:28:27','KWD'),(224,863,29,26.1,'fjr','10','183,780','total',17,'2023-06-02 14:43:44','2023-06-02 14:43:44','KWD'),(225,864,78,70.2,'amal','10','114,115,117,192,199,202','total',12,'2023-06-02 15:00:48','2023-06-02 15:00:48','KWD'),(226,870,47,42.3,'amal','10','25,57,61','total',12,'2023-06-03 14:34:01','2023-06-03 14:34:01','KWD'),(227,872,14,12.6,'dis10','10','630','total',14,'2023-06-03 16:48:59','2023-06-03 16:48:59','KWD'),(228,696,19,17.1,'Amal','10','176,496','total',12,'2023-06-04 07:54:35','2023-06-04 07:54:44','KWD'),(231,917,7,6.3,'summer','10','172','total',13,'2023-06-13 06:01:03','2023-06-13 06:01:03','KWD'),(232,879,30,27,'N10','10','238,243,245','total',30,'2023-06-15 14:39:16','2023-06-15 14:48:05','KWD'),(234,967,13,11.7,'SUMMER','10','205','total',13,'2023-06-21 09:17:24','2023-06-21 09:17:24','KWD'),(235,968,13,11.7,'SUMMER','10','205','total',13,'2023-06-21 09:20:16','2023-06-21 09:20:16','KWD'),(236,977,43,38.7,'Summer','10','171,172,765','total',13,'2023-06-22 16:26:34','2023-06-22 16:26:34','KWD'),(237,989,17,15.3,'dis10','10','1289','total',14,'2023-06-24 15:22:15','2023-06-26 12:48:29','KWD'),(240,994,56,50.4,'fjr','10','173,176','total',17,'2023-06-24 21:10:11','2023-06-24 21:16:18','KWD'),(241,1000,14,12.6,'fjr','10','792','total',17,'2023-06-25 20:12:13','2023-06-25 20:12:13','KWD'),(242,1009,15,13.5,'fjr','10','792','total',17,'2023-06-26 16:43:31','2023-06-26 16:43:31','KWD'),(243,1015,30,27,'fjr','10','382,393','total',17,'2023-06-27 14:09:56','2023-06-27 14:09:56','KWD'),(244,1028,22.5,20.25,'Nr10','10','94,172','total',16,'2023-07-01 16:35:38','2023-07-01 16:35:38','KWD'),(245,1029,22.5,20.25,'Nr10','10','94,172','total',16,'2023-07-01 16:40:48','2023-07-01 16:40:48','KWD'),(246,1038,15,13.5,'fjr','10','389','total',17,'2023-07-04 01:05:18','2023-07-04 01:05:18','KWD'),(247,1048,49,44.1,'fjr','10','171,172,180,181','total',17,'2023-07-05 01:57:46','2023-07-05 01:57:46','KWD'),(248,1045,45,40.5,'SUMMER','10','746','total',13,'2023-07-05 17:02:17','2023-07-05 17:02:17','KWD'),(249,1051,45,40.5,'SUMMER','10','746','total',13,'2023-07-05 17:14:17','2023-07-05 17:14:17','KWD'),(250,1052,45,40.5,'SUMMER','10','746','total',13,'2023-07-05 17:17:19','2023-07-05 17:17:19','KWD'),(251,1056,68,61.2,'fjr','10','740,747','total',17,'2023-07-06 16:36:43','2023-07-06 16:36:43','KWD'),(252,895,407.32,366.588,'n10','10','89','total',30,'2023-07-07 20:16:52','2023-07-28 12:53:22','AED'),(253,880,25,22.5,'summer','10','112,172','total',13,'2023-07-09 08:43:10','2023-07-09 08:43:10','KWD'),(254,881,47,42.3,'Dis10','10','94,750','total',14,'2023-07-12 20:00:35','2023-07-12 20:00:35','KWD'),(255,1100,14,12.6,'dis10','10','630','total',14,'2023-07-13 20:33:51','2023-07-13 20:33:51','KWD'),(256,1046,15,13.5,'summer','10','765','total',13,'2023-07-19 09:22:14','2023-07-19 09:22:14','KWD'),(257,1022,89,80.1,'Nr10','10','120,127,136,138,144,400,402','total',16,'2023-07-21 00:46:59','2023-07-21 00:46:59','KWD'),(258,1113,16.5,14.85,'summer','10','737','total',13,'2023-07-21 11:48:40','2023-07-21 11:48:40','KWD'),(265,1131,9,8.1,'dis10','10','297','total',14,'2023-07-22 18:58:36','2023-07-22 18:58:36','KWD'),(266,1135,20.5,18.45,'n10','10','94,403','total',30,'2023-07-23 11:41:56','2023-07-23 11:43:34','KWD'),(267,1138,15.5,13.95,'maha10','10','341','total',45,'2023-07-23 21:26:47','2023-07-23 21:26:47','KWD'),(268,1139,13,11.7,'Heba10','10','201','total',42,'2023-07-24 01:53:04','2023-07-24 01:53:04','KWD'),(269,1140,13,11.7,'Heba10','10','201','total',42,'2023-07-24 01:56:29','2023-07-24 01:56:29','KWD'),(270,1149,156,140.4,'Raw10','10','138','total',46,'2023-07-24 17:37:08','2023-07-24 17:37:08','QAR'),(271,1150,7,6.3,'RAW10','10','176','total',46,'2023-07-25 00:31:34','2023-07-25 00:34:29','KWD'),(272,1152,7,6.3,'D10','10','177','total',38,'2023-07-25 04:51:20','2023-07-25 04:51:20','KWD'),(273,1154,26,23.4,'Nr10','10','187,199','total',16,'2023-07-25 09:33:07','2023-07-25 09:33:21','KWD'),(274,1156,12,10.8,'nr10','10','403','total',16,'2023-07-25 12:13:22','2023-07-25 12:13:22','KWD'),(277,819,42.5,38.25,'nr10','10','91,92,747','total',16,'2023-07-26 08:45:30','2023-07-26 08:55:17','KWD'),(280,1167,11.5,10.35,'nr10','10','91,1452','total',16,'2023-07-26 09:35:23','2023-07-26 09:35:23','KWD'),(282,1175,17,15.3,'Nr10','10','740','total',16,'2023-07-26 22:29:28','2023-07-26 22:29:28','KWD'),(284,1177,12,10.8,'tah10','10','741','total',33,'2023-07-26 23:17:23','2023-07-26 23:17:23','KWD'),(285,1178,12,10.8,'tah10','10','741','total',33,'2023-07-26 23:21:56','2023-07-26 23:21:56','KWD'),(286,1179,12,10.8,'tah10','10','741','total',33,'2023-07-26 23:26:01','2023-07-26 23:26:01','KWD'),(288,1185,35,31.5,'dalal','10','173,176,180','total',28,'2023-07-27 12:31:41','2023-07-27 12:32:14','KWD'),(289,1186,305.49,274.941,'n10','10','89','total',30,'2023-07-28 12:56:16','2023-07-28 12:56:16','AED'),(290,1187,305.49,274.941,'n10','10','89','total',30,'2023-07-28 12:58:22','2023-07-28 12:58:22','AED'),(293,1199,16,14.4,'Marwa10','10','776','total',40,'2023-07-31 19:55:34','2023-07-31 19:55:34','KWD'),(294,1134,15,13.5,'Nr10','10','144','total',16,'2023-08-01 18:19:10','2023-08-01 18:19:10','KWD'),(295,1079,18,16.2,'fjr','10','784,788,789','total',17,'2023-08-02 13:09:32','2023-08-02 13:09:32','KWD'),(297,1209,5,4.5,'raw10','10','333','total',46,'2023-08-03 01:52:49','2023-08-03 01:53:02','KWD'),(299,1214,30,27,'Raw10','10','294,299,316','total',46,'2023-08-03 18:49:45','2023-08-03 18:49:45','KWD'),(302,1229,7,6.3,'jor10','10','178','total',41,'2023-08-06 18:05:15','2023-08-06 18:05:15','KWD'),(303,1231,28,25.2,'tah10','10','386,391','total',33,'2023-08-07 05:50:57','2023-08-07 05:50:57','KWD'),(304,1233,39,35.1,'fjr','10','248','total',17,'2023-08-07 17:20:16','2023-08-07 17:20:16','KWD'),(305,1242,23.5,21.15,'summer','10','172,737','total',13,'2023-08-09 17:57:14','2023-08-09 17:57:14','KWD'),(306,1243,12,10.8,'Meme10','10','741','total',34,'2023-08-09 20:20:40','2023-08-09 20:20:40','KWD'),(307,1252,11,9.9,'amina','10','106','total',25,'2023-08-12 13:11:18','2023-08-12 13:11:18','KWD'),(308,1253,14,12.6,'dis10','10','630','total',14,'2023-08-12 13:21:00','2023-08-12 13:21:00','KWD'),(309,1258,28,25.2,'n10','10','162,775','total',30,'2023-08-13 06:01:01','2023-08-13 06:01:37','KWD'),(310,1265,6,5.4,'fjr','10','788','total',17,'2023-08-14 06:43:57','2023-08-14 06:43:57','KWD'),(312,1263,25.5,22.95,'dis10','10','1289','total',14,'2023-08-14 20:28:19','2023-08-16 15:29:29','KWD'),(313,1274,14,12.6,'fjr','10','393','total',17,'2023-08-16 07:54:42','2023-08-16 07:54:42','KWD'),(314,1271,24,21.6,'Dis10','10','418,792','total',14,'2023-08-16 12:28:30','2023-08-16 12:28:30','KWD'),(315,1276,24,21.6,'dis10','10','418,792','total',14,'2023-08-16 12:31:51','2023-08-16 12:31:51','KWD'),(316,1279,13,11.7,'SUMMER','10','205','total',13,'2023-08-18 13:15:03','2023-08-18 13:15:03','KWD'),(317,1188,18,16.2,'nr10','10','738','total',16,'2023-08-18 13:28:51','2023-08-18 13:28:51','KWD'),(320,1286,11,9.9,'tah10','10','155','total',33,'2023-08-19 18:15:35','2023-08-19 18:15:35','KWD'),(321,1142,25.75,23.175,'n10','10','44,173,178,1470','total',30,'2023-08-22 06:24:29','2023-08-22 06:24:29','KWD'),(322,794,14,12.6,'raw10','10','180','total',46,'2023-08-23 14:04:19','2023-08-23 14:04:19','KWD'),(323,1311,7,6.3,'raw10','10','173','total',46,'2023-08-24 06:41:10','2023-08-24 15:54:23','KWD'),(325,1287,13,11.7,'Dis10','10','123','total',14,'2023-08-27 07:34:08','2023-08-27 07:34:08','KWD'),(326,1333,13,11.7,'Dis10','10','123','total',14,'2023-08-27 07:49:44','2023-08-27 07:49:44','KWD'),(327,1334,27.3,24.57,'Dis10','10','278,279,280,348,350,353','total',14,'2023-08-27 10:45:36','2023-08-27 10:45:36','KWD'),(328,1341,13,11.7,'Dis10','10','123','total',14,'2023-08-29 00:54:27','2023-08-29 00:54:27','KWD'),(330,1348,23.5,21.15,'summer','10','172,737','total',13,'2023-08-29 20:14:52','2023-08-29 20:14:52','KWD'),(333,1362,15,13.5,'n10','10','136','total',30,'2023-09-02 00:30:43','2023-09-02 00:30:43','KWD'),(334,1364,25.5,22.95,'NR10','10','94','total',16,'2023-09-02 02:02:19','2023-09-02 02:02:19','KWD'),(335,1365,25.5,22.95,'NR10','10','94','total',16,'2023-09-02 02:07:17','2023-09-02 02:07:17','KWD'),(336,1374,17,15.3,'dis10','10','747','total',14,'2023-09-04 00:01:31','2023-09-04 00:01:31','KWD'),(337,1386,28,25.2,'dalal','10','173,176,180,181','total',28,'2023-09-05 19:59:48','2023-09-05 19:59:48','KWD'),(338,1389,122.5,110.25,'N10','10','172,174,180,181','total',30,'2023-09-06 07:22:06','2023-09-06 07:22:06','BHD'),(340,1391,36,32.4,'dis10','10','189,403','total',14,'2023-09-06 15:59:12','2023-09-06 15:59:12','KWD'),(341,1392,17,15.3,'dis10','10','1289','total',14,'2023-09-06 16:09:43','2023-10-21 13:40:26','KWD'),(342,1275,30,27,'Pb10','10','497,595','total',50,'2023-09-09 12:19:37','2023-09-09 12:19:37','KWD'),(343,1416,14,12.6,'NR10','10','352,354','total',16,'2023-09-11 19:56:47','2023-09-11 19:56:47','KWD'),(345,1418,12,10.8,'NR10','10','354','total',16,'2023-09-11 20:02:49','2023-09-11 20:02:49','KWD'),(348,1430,27,24.3,'NR10','10','206','total',16,'2023-09-13 22:39:04','2023-09-13 22:41:08','KWD'),(349,1435,30,27,'Marwa10','10','386','total',40,'2023-09-17 02:52:25','2023-09-17 02:52:25','KWD'),(351,542,11,9.9,'fjr','10','171,1404','total',17,'2023-09-18 19:57:31','2023-09-18 19:57:31','KWD'),(355,1468,63,56.7,'NR10','10','173,176','total',16,'2023-09-21 06:38:45','2023-09-21 06:38:45','KWD'),(356,1469,63,56.7,'NR10','10','173,176','total',16,'2023-09-21 06:40:53','2023-09-21 06:40:53','KWD'),(357,1470,63,56.7,'NR10','10','173,176','total',16,'2023-09-21 06:43:02','2023-09-21 06:43:02','KWD'),(358,1471,13,11.7,'Nr10','10','133','total',16,'2023-09-21 08:11:21','2023-09-21 08:11:21','KWD'),(359,1472,37.5,33.75,'summer','10','206,209,211,404','total',13,'2023-09-21 09:29:46','2023-09-21 09:29:46','KWD'),(362,1500,13,11.7,'fjr','10','249','total',17,'2023-09-25 21:30:21','2023-11-22 21:05:07','KWD'),(363,1501,14.7,13.23,'Nr10','10','285,352','total',16,'2023-09-25 23:37:58','2023-09-25 23:37:58','KWD'),(364,1502,14.7,13.23,'Nr10','10','285,352','total',16,'2023-09-25 23:43:38','2023-09-25 23:43:38','KWD'),(365,1503,14.7,13.23,'Nr10','10','285,352','total',16,'2023-09-25 23:45:28','2023-09-25 23:45:28','KWD'),(366,1504,14.7,13.23,'Nr10','10','285,352','total',16,'2023-09-26 00:02:40','2023-09-26 00:02:40','KWD'),(368,1514,30,27,'Dis10','10','750','total',14,'2023-09-27 17:17:02','2023-09-27 17:17:02','KWD'),(369,1515,18,16.2,'Nr10','10','752','total',16,'2023-09-27 21:53:29','2023-09-27 21:53:29','KWD'),(370,1517,30,27,'Dis10','10','750','total',14,'2023-09-28 01:41:09','2023-09-28 01:41:09','KWD'),(371,1519,30.5,27.45,'summer','10','172,737','total',13,'2023-09-28 10:44:41','2023-09-28 10:44:41','KWD'),(372,1526,12,10.8,'dalya10','10','114','total',37,'2023-09-30 03:12:40','2023-09-30 03:12:40','KWD'),(373,1529,21,18.9,'Nr10','10','181','total',16,'2023-10-01 09:36:25','2023-10-01 09:36:25','KWD'),(375,1536,12,10.8,'Amal','10','741','total',12,'2023-10-03 12:03:06','2023-10-03 12:03:06','KWD'),(376,1538,13,11.7,'SUMMER','10','205','total',13,'2023-10-04 04:38:01','2023-10-04 04:38:01','KWD'),(377,1543,13,11.7,'Dis10','10','158','total',14,'2023-10-05 11:35:37','2023-10-05 11:35:37','KWD'),(378,1544,13,11.7,'Dis10','10','158','total',14,'2023-10-05 11:46:26','2023-10-05 11:46:26','KWD'),(379,1545,35,31.5,'dis10','10','178,181','total',14,'2023-10-06 00:43:57','2023-10-06 03:53:23','KWD'),(380,1546,35,31.5,'dis10','10','178,181','total',14,'2023-10-06 04:01:00','2023-10-06 04:01:00','KWD'),(381,1554,8,7.2,'Dis10','10','223','total',14,'2023-10-07 22:49:20','2023-10-07 22:49:20','KWD'),(383,1563,36,32.4,'tah10','10','115,757,768','total',33,'2023-10-10 01:35:13','2023-10-10 01:35:13','KWD'),(384,1565,35,31.5,'dalal','10','173,176,177,180','total',28,'2023-10-10 20:18:07','2023-10-10 20:18:57','KWD'),(388,1585,47.5,42.75,'amal','10','741','total',12,'2023-10-15 20:48:52','2023-10-16 19:19:00','BHD'),(389,1160,6.8,6.12,'Dalya10','10','239','total',37,'2023-10-17 07:12:29','2023-10-17 07:39:56','KWD'),(390,1593,28,25.2,'tah10','10','388,392','total',33,'2023-10-18 08:59:08','2023-10-18 08:59:08','KWD'),(392,1604,17,15.3,'fjr','10','85','total',17,'2023-10-20 20:25:56','2023-10-20 20:25:56','KWD'),(393,1608,215.64,194.076,'Nr10','10','41,43','total',16,'2023-10-21 16:01:15','2023-10-21 16:01:15','AED'),(395,1621,30.5,27.45,'summer','10','172,737','total',13,'2023-10-24 17:42:51','2023-10-24 17:42:51','KWD'),(396,1600,8.5,7.65,'dis10','10','1289','total',14,'2023-10-25 10:23:43','2023-10-31 23:15:34','KWD'),(397,1629,27,24.3,'NC21','10','346,532,1144','total',51,'2023-10-27 15:51:38','2023-10-27 15:51:38','KWD'),(398,1645,52,46.8,'fjr','10','107,739','total',17,'2023-10-31 09:28:47','2023-10-31 09:28:47','KWD'),(399,1649,11,9.9,'Dis10','10','759','total',14,'2023-10-31 18:51:40','2023-11-01 11:14:33','KWD'),(400,1652,19,17.1,'Pb10','10','176,496','total',50,'2023-11-01 09:40:43','2023-11-01 09:40:43','KWD'),(401,1654,62,55.8,'alaa','10','1192','total',22,'2023-11-01 12:15:23','2023-11-14 10:56:30','KWD'),(402,1661,8.5,7.65,'dis10','10','1289','total',14,'2023-11-02 19:20:24','2023-11-02 19:20:24','KWD'),(403,1677,79,71.1,'amal','10','46,62,741,991','total',12,'2023-11-07 11:45:41','2023-11-07 11:45:41','KWD'),(404,1614,31,27.9,'n10','10','44,45,173,181','total',30,'2023-11-08 11:40:49','2023-11-08 11:41:13','KWD'),(405,1690,14,12.6,'dis10','10','630','total',14,'2023-11-09 22:46:57','2023-11-09 22:46:57','KWD'),(406,1691,14,12.6,'dis10','10','778','total',14,'2023-11-10 23:48:36','2023-11-10 23:48:36','KWD'),(407,1714,12,10.8,'pb10','10','1239','total',50,'2023-11-16 09:01:45','2023-11-16 09:01:45','KWD'),(408,1715,12,10.8,'pb10','10','1239','total',50,'2023-11-16 09:04:13','2023-11-16 09:04:13','KWD'),(409,1705,15,13.5,'pb10','10','22','total',50,'2023-11-18 08:25:13','2023-11-18 08:25:13','KWD'),(411,1738,36,32.4,'nr10','10','209,211','total',16,'2023-11-22 13:52:24','2023-11-23 10:07:46','KWD'),(412,1078,13,11.7,'pb10','10','399','total',50,'2023-11-22 14:33:34','2023-11-22 14:33:34','KWD'),(413,1743,14,12.6,'Nr10','10','181','total',16,'2023-11-23 07:02:32','2023-11-23 07:02:37','KWD'),(414,1753,30.5,27.45,'summer','10','172,737','total',13,'2023-11-24 15:59:51','2023-11-24 15:59:51','KWD'),(415,1763,57.8,52.02,'NC21','10','237,248,497,526,532,533,800','total',51,'2023-11-26 08:50:58','2023-11-26 08:50:58','KWD'),(416,1764,28,25.2,'dis10','10','630','total',14,'2023-11-26 10:54:28','2023-11-26 10:54:28','KWD'),(417,1770,21,18.9,'nr10','10','176','total',16,'2023-11-27 20:18:36','2023-11-27 20:18:36','KWD'),(419,1775,45.75,41.175,'dalal','10','172,173,176,180,994','total',28,'2023-11-28 20:49:59','2023-11-28 20:51:47','KWD'),(420,1773,36,32.4,'Nr10','10','189,403,758','total',16,'2023-11-29 00:33:54','2023-11-29 00:33:54','KWD'),(421,1784,16,14.4,'pb10','10','669','total',50,'2023-11-30 16:39:35','2023-11-30 16:39:35','KWD'),(422,1783,12,10.8,'NR10','10','189','total',16,'2023-11-30 17:49:10','2023-11-30 17:49:10','KWD'),(423,1786,8.5,7.65,'Dis10','10','1291','total',14,'2023-11-30 18:09:01','2023-11-30 18:09:01','KWD'),(424,1791,34,30.6,'dis10','10','94','total',14,'2023-11-30 23:56:44','2023-11-30 23:56:44','KWD'),(425,1792,34,30.6,'Dis10','10','80','total',14,'2023-11-30 23:58:30','2023-11-30 23:58:30','KWD'),(426,1722,16,14.4,'Dalya10','10','162','total',37,'2023-12-01 14:23:26','2023-12-01 14:23:26','KWD');

--
-- Table structure for table `order_options`
--

CREATE TABLE `order_options` (
  `id` int unsigned NOT NULL AUTO_INCREMENT,
  `order_id` int unsigned DEFAULT NULL,
  `product_order_id` int unsigned DEFAULT NULL,
  `Logo` varchar(255) CHARACTER SET utf8mb4 COLLATE utf8mb4_unicode_ci DEFAULT NULL,
  `Logo_frontName` varchar(255) CHARACTER SET utf8mb4 COLLATE utf8mb4_unicode_ci DEFAULT NULL,
  `Logo_backName` varchar(255) CHARACTER SET utf8mb4 COLLATE utf8mb4_unicode_ci DEFAULT NULL,
  `font_image` varchar(255) CHARACTER SET utf8mb4 COLLATE utf8mb4_unicode_ci DEFAULT NULL,
  `font_image_frontName` varchar(255) CHARACTER SET utf8mb4 COLLATE utf8mb4_unicode_ci DEFAULT NULL,
  `font_image_backName` varchar(255) CHARACTER SET utf8mb4 COLLATE utf8mb4_unicode_ci DEFAULT NULL,
  `created_at` timestamp NULL DEFAULT NULL,
  `updated_at` timestamp NULL DEFAULT NULL,
  `Logo_second` varchar(191) CHARACTER SET utf8mb4 COLLATE utf8mb4_unicode_ci DEFAULT NULL,
  `Logo_frontName_second` varchar(191) CHARACTER SET utf8mb4 COLLATE utf8mb4_unicode_ci DEFAULT NULL,
  `Logo_backName_second` varchar(191) CHARACTER SET utf8mb4 COLLATE utf8mb4_unicode_ci DEFAULT NULL,
  `font_image_second` varchar(191) CHARACTER SET utf8mb4 COLLATE utf8mb4_unicode_ci DEFAULT NULL,
  `font_image_frontName_second` varchar(191) CHARACTER SET utf8mb4 COLLATE utf8mb4_unicode_ci DEFAULT NULL,
  `font_image_backName_second` varchar(191) CHARACTER SET utf8mb4 COLLATE utf8mb4_unicode_ci DEFAULT NULL,
  PRIMARY KEY (`id`),
  KEY `order_options_order_id_foreign` (`order_id`),
  KEY `order_options_product_order_id_foreign` (`product_order_id`),
  CONSTRAINT `order_options_order_id_foreign` FOREIGN KEY (`order_id`) REFERENCES `orders` (`id`) ON DELETE CASCADE,
  CONSTRAINT `order_options_product_order_id_foreign` FOREIGN KEY (`product_order_id`) REFERENCES `product_orders` (`id`) ON DELETE CASCADE
) ENGINE=InnoDB DEFAULT CHARSET=utf8mb4 COLLATE=utf8mb4_unicode_ci;

--
-- Dumping data for table `order_options`
--


--
-- Table structure for table `order_product_features`
--

CREATE TABLE `order_product_features` (
  `id` bigint unsigned NOT NULL AUTO_INCREMENT,
  `order_product_id` int unsigned NOT NULL,
  `feature_id` int unsigned NOT NULL,
  `option_id` int unsigned NOT NULL,
  `product_id` int unsigned DEFAULT NULL,
  `title` varchar(255) CHARACTER SET utf8mb4 COLLATE utf8mb4_unicode_ci NOT NULL,
  `price` double(8,2) DEFAULT NULL,
  `count` int DEFAULT NULL,
  `created_at` timestamp NULL DEFAULT NULL,
  `updated_at` timestamp NULL DEFAULT NULL,
  PRIMARY KEY (`id`),
  KEY `order_product_features_order_product_id_foreign` (`order_product_id`),
  KEY `order_product_features_feature_id_foreign` (`feature_id`),
  KEY `order_product_features_option_id_foreign` (`option_id`),
  KEY `order_product_features_product_id_foreign` (`product_id`),
  CONSTRAINT `order_product_features_feature_id_foreign` FOREIGN KEY (`feature_id`) REFERENCES `features` (`id`) ON DELETE CASCADE,
  CONSTRAINT `order_product_features_option_id_foreign` FOREIGN KEY (`option_id`) REFERENCES `feature_options` (`id`) ON DELETE CASCADE,
  CONSTRAINT `order_product_features_order_product_id_foreign` FOREIGN KEY (`order_product_id`) REFERENCES `product_orders` (`id`) ON DELETE CASCADE,
  CONSTRAINT `order_product_features_product_id_foreign` FOREIGN KEY (`product_id`) REFERENCES `products` (`id`) ON DELETE CASCADE
) ENGINE=InnoDB DEFAULT CHARSET=utf8mb4 COLLATE=utf8mb4_unicode_ci;

--
-- Dumping data for table `order_product_features`
--


--
-- Table structure for table `order_shippings`
--

CREATE TABLE `order_shippings` (
  `id` int unsigned NOT NULL AUTO_INCREMENT,
  `order_id` int unsigned NOT NULL,
  `country_id` int DEFAULT NULL,
  `government_id` int unsigned DEFAULT NULL,
  `region_id` int unsigned DEFAULT NULL,
  `block` varchar(255) CHARACTER SET utf8mb4 COLLATE utf8mb4_unicode_ci DEFAULT NULL,
  `gada` varchar(255) CHARACTER SET utf8mb4 COLLATE utf8mb4_unicode_ci DEFAULT NULL,
  `jada` varchar(255) CHARACTER SET utf8mb4 COLLATE utf8mb4_unicode_ci DEFAULT NULL,
  `building` varchar(255) CHARACTER SET utf8mb4 COLLATE utf8mb4_unicode_ci DEFAULT NULL,
  `floor` varchar(255) CHARACTER SET utf8mb4 COLLATE utf8mb4_unicode_ci DEFAULT NULL,
  `room_number` varchar(255) CHARACTER SET utf8mb4 COLLATE utf8mb4_unicode_ci DEFAULT NULL,
  `created_at` timestamp NULL DEFAULT NULL,
  `updated_at` timestamp NULL DEFAULT NULL,
  `lat` varchar(191) CHARACTER SET utf8mb4 COLLATE utf8mb4_unicode_ci DEFAULT NULL,
  `long` varchar(191) CHARACTER SET utf8mb4 COLLATE utf8mb4_unicode_ci DEFAULT NULL,
  `type` varchar(111) CHARACTER SET utf8mb4 COLLATE utf8mb4_unicode_ci DEFAULT NULL,
  `note` varchar(111) CHARACTER SET utf8mb4 COLLATE utf8mb4_unicode_ci DEFAULT NULL,
  `phone` varchar(191) CHARACTER SET utf8mb4 COLLATE utf8mb4_unicode_ci DEFAULT NULL,
  `user_name` varchar(191) CHARACTER SET utf8mb4 COLLATE utf8mb4_unicode_ci DEFAULT NULL,
  PRIMARY KEY (`id`),
  KEY `order_shippings_order_id_foreign` (`order_id`),
  KEY `order_shippings_government_id_foreign` (`government_id`),
  KEY `order_shippings_region_id_foreign` (`region_id`),
  CONSTRAINT `order_shippings_order_id_foreign` FOREIGN KEY (`order_id`) REFERENCES `orders` (`id`) ON DELETE CASCADE
) ENGINE=InnoDB AUTO_INCREMENT=809 DEFAULT CHARSET=utf8mb4 COLLATE=utf8mb4_unicode_ci;

--
-- Dumping data for table `order_shippings`
--

INSERT INTO `order_shippings` (`id`, `order_id`, `country_id`, `government_id`, `region_id`, `block`, `gada`, `jada`, `building`, `floor`, `room_number`, `created_at`, `updated_at`, `lat`, `long`, `type`, `note`, `phone`, `user_name`) VALUES (16,26,NULL,9,63,'d','e',NULL,'_','_',NULL,NULL,NULL,NULL,NULL,'1',NULL,'66657771','amira'),(17,27,NULL,9,63,'d','e',NULL,'_','_',NULL,NULL,NULL,NULL,NULL,'1',NULL,'66657771','amira'),(18,28,NULL,9,63,'d','e',NULL,'_','_',NULL,NULL,NULL,NULL,NULL,'1',NULL,'66657771','amira'),(19,29,NULL,9,63,'d','e',NULL,'_','_',NULL,NULL,NULL,NULL,NULL,'1',NULL,'66657771','amira'),(20,30,NULL,9,63,'d','e',NULL,'_','_',NULL,NULL,NULL,NULL,NULL,'1',NULL,'66657771','amira'),(21,31,NULL,9,63,'d','e',NULL,'_','_',NULL,NULL,NULL,NULL,NULL,'1',NULL,'66657771','amira'),(52,84,NULL,9,63,'d','e',NULL,'_','_',NULL,NULL,NULL,NULL,NULL,'1',NULL,'66657771','amira'),(55,89,NULL,9,63,'d','e',NULL,'_','_',NULL,NULL,NULL,NULL,NULL,'1',NULL,'66657771','amira'),(61,100,NULL,9,63,'d','e',NULL,'_','_',NULL,NULL,NULL,NULL,NULL,'1',NULL,'66657771','amira'),(62,102,NULL,9,63,'d','e',NULL,'_','_',NULL,NULL,NULL,NULL,NULL,'1',NULL,'66657771','amira'),(63,103,NULL,9,63,'d','e',NULL,'_','_',NULL,NULL,NULL,NULL,NULL,'1',NULL,'66657771','amira'),(66,109,NULL,10,90,'6','7',NULL,'_','_',NULL,NULL,NULL,NULL,NULL,'1','66','51007138','samer'),(67,111,NULL,9,62,'hhhb','bbvv',NULL,'_','_',NULL,NULL,NULL,NULL,NULL,NULL,NULL,'86888','fhjh'),(68,112,NULL,9,62,'hhhb','bbvv',NULL,'_','_',NULL,NULL,NULL,NULL,NULL,NULL,NULL,'86888','fhjh'),(69,113,NULL,10,90,'6','7',NULL,'_','_',NULL,NULL,NULL,NULL,NULL,'1','66','51007138','samer'),(70,114,NULL,10,90,'6','7',NULL,'_','_',NULL,NULL,NULL,NULL,NULL,'1','66','51007138','samer'),(71,115,NULL,10,90,'6','7',NULL,'_','_',NULL,NULL,NULL,NULL,NULL,'1','66','51007138','samer'),(78,128,NULL,8,29,'uiy','uyi',NULL,'_','_',NULL,NULL,NULL,NULL,NULL,'1','y','5855888','anwer'),(99,161,NULL,8,29,'uiy','uyi',NULL,'_','_',NULL,NULL,NULL,NULL,NULL,'1','y','5855888','anwer'),(100,162,NULL,8,29,'uiy','uyi',NULL,'_','_',NULL,NULL,NULL,NULL,NULL,'1','y','5855888','anwer'),(101,163,NULL,8,29,'uiy','uyi',NULL,'_','_',NULL,NULL,NULL,NULL,NULL,'1','y','5855888','anwer'),(102,164,NULL,8,29,'uiy','uyi',NULL,'_','_',NULL,NULL,NULL,NULL,NULL,'1','y','5855888','anwer'),(103,165,NULL,8,29,'uiy','uyi',NULL,'_','_',NULL,NULL,NULL,NULL,NULL,'1','y','5855888','anwer'),(106,168,NULL,8,29,'55','5',NULL,'_','_',NULL,NULL,NULL,NULL,NULL,'1','5','shehata@gmail.com','anwer5'),(107,170,NULL,9,62,'hgg','hhgv',NULL,'_','_',NULL,NULL,NULL,NULL,NULL,NULL,NULL,'67782374','anwar'),(109,174,NULL,9,62,'hgg','hhgv',NULL,'_','_',NULL,NULL,NULL,NULL,NULL,NULL,NULL,'67782374','anwar'),(114,180,NULL,12,126,'2','1',NULL,'_','_',NULL,NULL,NULL,NULL,NULL,NULL,NULL,NULL,NULL),(118,191,NULL,12,126,'q;','1',NULL,'_','_',NULL,NULL,NULL,NULL,NULL,NULL,NULL,'99613224','nadia'),(119,192,NULL,12,126,'2','1',NULL,'_','_',NULL,NULL,NULL,NULL,NULL,NULL,NULL,'94054446','ناديه'),(120,193,NULL,12,126,'2','1',NULL,'_','_',NULL,NULL,NULL,NULL,NULL,NULL,NULL,'94054446','ناديه'),(121,197,NULL,12,126,'3','2',NULL,'_','_',NULL,NULL,NULL,NULL,NULL,'1','chh','60004861','amal'),(122,199,NULL,12,126,'q;','1',NULL,'_','_',NULL,NULL,NULL,NULL,NULL,NULL,NULL,'99613224','nadia'),(123,202,NULL,12,126,'q;','1',NULL,'_','_',NULL,NULL,NULL,NULL,NULL,NULL,NULL,'99613224','nadia'),(124,203,NULL,12,126,'q;','1',NULL,'_','_',NULL,NULL,NULL,NULL,NULL,NULL,NULL,'99613224','nadia'),(125,205,NULL,12,126,'q;','1',NULL,'_','_',NULL,NULL,NULL,NULL,NULL,NULL,NULL,'99613224','nadia'),(126,210,NULL,12,126,'q;','1',NULL,'_','_',NULL,NULL,NULL,NULL,NULL,NULL,NULL,'99613224','nadia'),(127,194,NULL,12,126,'2','1',NULL,'_','_',NULL,NULL,NULL,NULL,NULL,NULL,NULL,NULL,NULL),(128,212,NULL,12,126,'2','1',NULL,'_','_',NULL,NULL,NULL,NULL,NULL,NULL,NULL,NULL,NULL),(129,213,NULL,12,126,'q;','1',NULL,'_','_',NULL,NULL,NULL,NULL,NULL,NULL,NULL,'99613224','nadia'),(130,214,NULL,12,126,'q;','1',NULL,'_','_',NULL,NULL,NULL,NULL,NULL,NULL,NULL,'99613224','nadia'),(131,215,NULL,12,126,'q;','1',NULL,'_','_',NULL,NULL,NULL,NULL,NULL,NULL,NULL,'99613224','nadia'),(132,217,NULL,9,60,'76','76',NULL,'_','_',NULL,NULL,NULL,NULL,NULL,'1','76','67782374','anwer76'),(133,221,NULL,12,126,'2','1',NULL,'_','_',NULL,NULL,NULL,NULL,NULL,NULL,NULL,NULL,NULL),(134,222,NULL,12,126,'2','1',NULL,'_','_',NULL,NULL,NULL,NULL,NULL,NULL,NULL,NULL,NULL),(135,223,NULL,12,126,'2','1',NULL,'_','_',NULL,NULL,NULL,NULL,NULL,NULL,NULL,NULL,NULL),(136,220,NULL,9,62,'hgg','hhgv',NULL,'_','_',NULL,NULL,NULL,NULL,NULL,NULL,NULL,'67782374','anwar'),(137,229,NULL,12,126,'2','1',NULL,'_','_',NULL,NULL,NULL,NULL,NULL,NULL,NULL,NULL,NULL),(138,231,NULL,12,126,'2','1',NULL,'_','_',NULL,NULL,NULL,NULL,NULL,NULL,NULL,NULL,NULL),(139,232,NULL,11,112,'5','r',NULL,'_','_',NULL,NULL,NULL,NULL,NULL,NULL,NULL,'60004861','amal'),(140,228,NULL,9,62,'hgg','hhgv',NULL,'_','_',NULL,NULL,NULL,NULL,NULL,NULL,NULL,'67782374','anwar'),(141,234,NULL,12,126,'2','1',NULL,'_','_',NULL,NULL,NULL,NULL,NULL,NULL,NULL,NULL,NULL),(142,235,NULL,12,126,'2','1',NULL,'_','_',NULL,NULL,NULL,NULL,NULL,NULL,NULL,NULL,NULL),(143,236,NULL,12,126,'2','1',NULL,'_','_',NULL,NULL,NULL,NULL,NULL,NULL,NULL,NULL,NULL),(144,237,NULL,12,126,'2','1',NULL,'_','_',NULL,NULL,NULL,NULL,NULL,NULL,NULL,NULL,NULL),(145,239,NULL,12,126,'q;','1',NULL,'_','_',NULL,NULL,NULL,NULL,NULL,NULL,NULL,'99613224','nadia'),(146,252,NULL,8,49,'1','127',NULL,'_','_',NULL,NULL,NULL,NULL,NULL,NULL,NULL,'90990105','farah'),(147,257,NULL,12,124,'4','5',NULL,'18','5',NULL,NULL,NULL,NULL,NULL,'3',NULL,'96666702','احمد'),(148,258,NULL,12,124,'4','5',NULL,'18','5',NULL,NULL,NULL,NULL,NULL,'3',NULL,'96666702','احمد'),(149,259,NULL,12,124,'4','5',NULL,'18','5',NULL,NULL,NULL,NULL,NULL,'3',NULL,'96666702','احمد'),(150,262,NULL,13,151,'8','26',NULL,'_','_',NULL,NULL,NULL,NULL,NULL,'1',NULL,'69000120','mariam'),(151,271,NULL,9,63,'hhh','jjhh',NULL,'_','_',NULL,NULL,NULL,NULL,NULL,'1','nbbbb','67782374','anwer'),(152,272,NULL,9,63,'hhh','jjhh',NULL,'_','_',NULL,NULL,NULL,NULL,NULL,'1','nbbbb','67782374','anwer'),(153,274,NULL,9,63,'hhh','jjhh',NULL,'_','_',NULL,NULL,NULL,NULL,NULL,'1','nbbbb','67782374','anwer'),(154,273,NULL,13,140,'7','17',NULL,'_','_',NULL,NULL,NULL,NULL,NULL,'1',NULL,'90908075','ameera'),(155,276,NULL,9,62,'hgg','hhgv',NULL,'_','_',NULL,NULL,NULL,NULL,NULL,NULL,NULL,'67782374','anwar'),(156,289,NULL,10,88,'3','5',NULL,'_','_',NULL,NULL,NULL,NULL,NULL,'1',NULL,'96660341','ام خالد'),(157,286,NULL,8,47,'4','112',NULL,'_','_',NULL,NULL,NULL,NULL,NULL,NULL,NULL,'66092211','Sara'),(158,298,NULL,12,126,'2','1',NULL,'_','_',NULL,NULL,NULL,NULL,NULL,NULL,NULL,NULL,NULL),(159,299,NULL,12,126,'2','1',NULL,'_','_',NULL,NULL,NULL,NULL,NULL,NULL,NULL,NULL,NULL),(160,300,NULL,12,126,'2','1',NULL,'_','_',NULL,NULL,NULL,NULL,NULL,NULL,NULL,NULL,NULL),(161,301,NULL,12,126,'2','1',NULL,'_','_',NULL,NULL,NULL,NULL,NULL,NULL,NULL,NULL,NULL),(162,302,NULL,12,126,'2','1',NULL,'_','_',NULL,NULL,NULL,NULL,NULL,NULL,NULL,NULL,NULL),(163,268,NULL,13,151,'5','8',NULL,'_','_',NULL,NULL,NULL,NULL,NULL,'1',NULL,'66014307','شريفه'),(164,283,NULL,12,133,'2','7',NULL,'_','_',NULL,NULL,NULL,NULL,NULL,NULL,NULL,'96676565','Kholoud'),(165,309,NULL,12,126,'2','1',NULL,'_','_',NULL,NULL,NULL,NULL,NULL,NULL,NULL,NULL,NULL),(166,310,NULL,11,115,'7','724',NULL,'2','2',NULL,NULL,NULL,NULL,NULL,NULL,NULL,NULL,NULL),(167,314,NULL,12,138,'5','514',NULL,'1','1',NULL,NULL,NULL,NULL,NULL,'3','المدخل بجانب محول الكهرباء','94184441','فاطمة الرفاعي'),(168,315,NULL,9,72,'2','25',NULL,'_','_',NULL,NULL,NULL,NULL,NULL,'1','باب داخل الشارع','60907049','Maram'),(169,317,NULL,12,126,'6','5',NULL,'_','_',NULL,NULL,NULL,NULL,NULL,'1','الدور 2/ شقه14 / مدخل بين بنايتين','55494996','ملاك'),(170,318,NULL,10,91,'٤','١',NULL,'_','_',NULL,NULL,NULL,NULL,NULL,'1','الاتصال قبل الحضور','66229075','ام فهاد'),(171,322,NULL,11,112,'5','6',NULL,'1','1',NULL,NULL,NULL,NULL,NULL,'3','صالون جمالك سيدتي الدور الارضي','99966287','ريم'),(172,325,NULL,9,76,'A5','502',NULL,'_','_',NULL,NULL,NULL,NULL,NULL,'1',NULL,'55595624','عذاري'),(173,326,NULL,12,126,'ق ٦','شارع ٥',NULL,'_','_',NULL,NULL,NULL,NULL,NULL,'1','ق٦/ش ٥ / منزل ٥٣ / الدور الثاني / شقه ١٤','55494996','نوف'),(174,327,NULL,12,126,'ق ٦','شارع ٥',NULL,'_','_',NULL,NULL,NULL,NULL,NULL,'1','ق٦/ش ٥ / منزل ٥٣ / الدور الثاني / شقه ١٤','55494996','نوف'),(175,329,NULL,12,126,'2','1',NULL,'_','_',NULL,NULL,NULL,NULL,NULL,NULL,NULL,NULL,NULL),(176,330,NULL,12,126,'3','3',NULL,'151','7',NULL,NULL,NULL,NULL,NULL,NULL,NULL,'60004861','amal'),(177,332,NULL,9,73,'4','408',NULL,'_','_',NULL,NULL,NULL,NULL,NULL,'1',NULL,'55118408','فاطمة العازمي'),(178,331,NULL,12,126,'5','2',NULL,'_','_',NULL,NULL,NULL,NULL,NULL,NULL,NULL,'60004861','amal'),(179,333,NULL,12,126,'3','3',NULL,'151','7',NULL,NULL,NULL,NULL,NULL,NULL,NULL,'60004861','amal'),(180,334,NULL,12,126,'3','3',NULL,'151','7',NULL,NULL,NULL,NULL,NULL,NULL,NULL,'60004861','amal'),(181,335,NULL,12,126,'5','2',NULL,'_','_',NULL,NULL,NULL,NULL,NULL,NULL,NULL,'60004861','amal'),(182,336,NULL,12,126,'5','2',NULL,'_','_',NULL,NULL,NULL,NULL,NULL,NULL,NULL,'60004861','amal'),(183,342,NULL,9,53,'1','120',NULL,'_','_',NULL,NULL,NULL,NULL,NULL,'1','الاتصال قبل التوصيل','90966884','زهرة دشتي'),(184,347,NULL,8,19,'salmiya block 11','street 4',NULL,'_','_',NULL,NULL,NULL,NULL,NULL,NULL,NULL,'99122551','maryam'),(185,351,NULL,10,96,'3','14',NULL,'_','_',NULL,NULL,NULL,NULL,NULL,'1',NULL,'99299570','dana'),(186,357,NULL,12,125,'7','شارع حراء',NULL,'_','_',NULL,NULL,NULL,NULL,NULL,'1',NULL,'95568081','zainab'),(187,359,NULL,10,100,'9','905',NULL,'2','2',NULL,NULL,NULL,NULL,NULL,'3','الرجاء الوصول غداً قبل الساعه ٤','92223150','deema alhashash'),(188,362,NULL,10,100,'8','833',NULL,'_','_',NULL,NULL,NULL,NULL,NULL,'1',NULL,'90002785','Amnah'),(189,363,NULL,10,100,'8','833',NULL,'_','_',NULL,NULL,NULL,NULL,NULL,'1',NULL,'90002785','Amnah'),(190,364,NULL,10,100,'8','833',NULL,'_','_',NULL,NULL,NULL,NULL,NULL,'1',NULL,'90002785','Amnah'),(191,186,NULL,12,125,'8','84',NULL,'_','_',NULL,NULL,NULL,NULL,NULL,NULL,NULL,'66969638','shaimaadashti7964@gmail.com'),(192,366,NULL,12,135,'8','814',NULL,'3','ground',NULL,NULL,NULL,NULL,NULL,'3',NULL,'95582455','sara alali'),(193,339,NULL,10,96,'3','13',NULL,'_','_',NULL,NULL,NULL,NULL,NULL,'1','توصيل سريع','50324445','maha'),(194,372,NULL,8,39,'1','عبدالله الخلف السعيد / Abdullah Al-Khalaf Al Seead',NULL,'6','2',NULL,NULL,NULL,NULL,NULL,'3',NULL,'55242118','Shaikha'),(195,341,NULL,12,135,'6','613',NULL,'_','_',NULL,NULL,NULL,NULL,NULL,'1',NULL,'51330061','hadeel'),(196,375,NULL,10,100,'2','220',NULL,'_','_',NULL,NULL,NULL,NULL,NULL,'1','يوجد امام المنزل محول كهربا رقمه 157','55525426','zainab'),(197,376,NULL,9,60,'قطعه 1','شارع 6',NULL,'_','_',NULL,NULL,NULL,NULL,NULL,NULL,NULL,'55812210','sheikha sala'),(198,381,NULL,10,88,'ق3 / ش3 /م47 / جاده لايوجد','3',NULL,'_','_',NULL,NULL,NULL,NULL,NULL,'1','نرجو التوصيل بأسرع وقت ممكن .. وشكرا','97111510','Asmaa alansari'),(199,360,NULL,12,122,'4','126',NULL,'12','3',NULL,NULL,NULL,NULL,NULL,NULL,NULL,'99018155','Razan'),(200,285,NULL,12,128,'11','1',NULL,'_','_',NULL,NULL,NULL,NULL,NULL,'1','ground floor , flat 2','65000414','Maryam'),(201,308,NULL,9,53,'1','116',NULL,'_','_',NULL,NULL,NULL,NULL,NULL,'1',NULL,'99582744','Shaikah ALfahad'),(202,384,NULL,9,53,'1','116',NULL,'_','_',NULL,NULL,NULL,NULL,NULL,'1',NULL,'99582744','Shaikah ALfahad'),(203,378,NULL,9,60,'قطعه 1','شارع 6',NULL,'_','_',NULL,NULL,NULL,NULL,NULL,NULL,NULL,'55812210','sheikha salal'),(204,386,NULL,9,60,'قطعه 1','شارع 6',NULL,'_','_',NULL,NULL,NULL,NULL,NULL,NULL,NULL,'55812210','sheikha salal'),(205,388,NULL,11,115,'8','870',NULL,'_','_',NULL,NULL,NULL,NULL,NULL,'1','-','90059074','عائشة الرشيدي'),(206,393,NULL,11,102,'2','27',NULL,'_','_',NULL,NULL,NULL,NULL,NULL,'1',NULL,'50950843','haya alshammri'),(207,355,NULL,10,88,'6','2',NULL,'_','_',NULL,NULL,NULL,NULL,NULL,'1',NULL,'95548677','هتد'),(208,395,NULL,11,102,'2','27',NULL,'_','_',NULL,NULL,NULL,NULL,NULL,'1',NULL,'50950843','haya alshammri'),(209,398,NULL,11,102,'7','2',NULL,'_','_',NULL,NULL,NULL,NULL,NULL,'1','اتصال قبل حضور','90007251','سعاد'),(210,406,NULL,11,115,'١','١٠٣',NULL,'_','_',NULL,NULL,NULL,NULL,NULL,NULL,NULL,'60660064','ameenah almutairi'),(211,370,NULL,12,126,'6','4',NULL,'_','_',NULL,NULL,NULL,NULL,NULL,NULL,NULL,'60004861','amal'),(212,350,NULL,8,49,'5','491',NULL,'_','_',NULL,NULL,NULL,NULL,NULL,NULL,NULL,'99025260','Mariam'),(213,416,NULL,8,50,'1','109',NULL,'_','_',NULL,NULL,NULL,NULL,NULL,'1',NULL,'50019419','asmaa'),(214,418,NULL,10,99,'3','12',NULL,'_','_',NULL,NULL,NULL,NULL,NULL,'1','الدور2 شقه3','55977222','anwar'),(215,419,NULL,11,115,'7','713',NULL,'_','_',NULL,NULL,NULL,NULL,NULL,NULL,NULL,'55325804','mona'),(216,356,NULL,9,57,'7','2',NULL,'_','_',NULL,NULL,NULL,NULL,NULL,NULL,NULL,'99878756','مريم'),(217,425,NULL,9,60,'4','7',NULL,'_','_',NULL,NULL,NULL,NULL,NULL,'1',NULL,'99976399','فهد'),(218,427,NULL,12,133,'10','1',NULL,'16','3',NULL,NULL,NULL,NULL,NULL,'3',NULL,'55846399','Maryam'),(219,426,NULL,10,95,'block 3','street 32',NULL,'_','_',NULL,NULL,NULL,NULL,NULL,'1',NULL,'56627411','Maryam'),(220,379,NULL,11,112,'5','1',NULL,'_','_',NULL,NULL,NULL,NULL,NULL,NULL,NULL,'55541655','tahani'),(221,430,NULL,8,49,'7','765',NULL,'_','_',NULL,NULL,NULL,NULL,NULL,'1',NULL,'50015885','منال'),(222,431,NULL,11,102,'5','6',NULL,'_','_',NULL,NULL,NULL,NULL,NULL,'1',NULL,'50371193','nora'),(223,435,NULL,12,132,'3','311',NULL,'_','_',NULL,NULL,NULL,NULL,NULL,'1',NULL,'98828025','zainab'),(224,437,NULL,12,126,'9','7',NULL,'_','_',NULL,NULL,NULL,NULL,NULL,'1',NULL,'99968889','Noura mussed'),(225,440,NULL,13,146,'7','169',NULL,'_','_',NULL,NULL,NULL,NULL,NULL,'1',NULL,'97924582','فوز'),(226,439,NULL,9,72,'4','2',NULL,'_','_',NULL,NULL,NULL,NULL,NULL,'1','يرجى الاتصال في حال التسليم','50902007','tahani alrshedi'),(227,444,NULL,11,115,'3','313',NULL,'2','1',NULL,NULL,NULL,NULL,NULL,'3','الباب اليسار','99812884','om Omar'),(228,441,NULL,13,146,'١','١٢٣',NULL,'_','_',NULL,NULL,NULL,NULL,NULL,'1',NULL,'55828508','ريان العتيبي'),(229,445,NULL,13,146,'١','١٢٣',NULL,'_','_',NULL,NULL,NULL,NULL,NULL,'1',NULL,'55828508','ريان العتيبي'),(230,428,NULL,9,76,'3','322',NULL,'_','_',NULL,NULL,NULL,NULL,NULL,'1',NULL,'60331881','mody'),(231,446,NULL,12,124,'4','شارع الدمنه',NULL,'_','_',NULL,NULL,NULL,NULL,NULL,'1',NULL,'96023319','hiba'),(232,449,NULL,12,124,'4','شارع الدمنه',NULL,'_','_',NULL,NULL,NULL,NULL,NULL,'1',NULL,'96023319','hiba'),(233,448,NULL,13,141,'7','26',NULL,'_','_',NULL,NULL,NULL,NULL,NULL,'1',NULL,'97925560','زينب الفيلكاوي'),(234,452,NULL,13,151,'3','8',NULL,'_','_',NULL,NULL,NULL,NULL,NULL,'1','اتمنى توصل قبل العيد 😭😭😭','98922888','sara'),(235,415,NULL,8,39,'4','48',NULL,'_','_',NULL,NULL,NULL,NULL,NULL,'1',NULL,'99880039','Nedaa Alholi'),(236,454,NULL,11,115,'١','١٠٣',NULL,'_','_',NULL,NULL,NULL,NULL,NULL,NULL,NULL,'60660064','ameenah almutairi'),(237,455,NULL,12,135,'1','122',NULL,'_','_',NULL,NULL,NULL,NULL,NULL,'1',NULL,'50380908','Muneera'),(238,457,NULL,12,135,'1','122',NULL,'_','_',NULL,NULL,NULL,NULL,NULL,'1',NULL,'50380908','Muneera'),(239,458,NULL,10,84,'4','348',NULL,'_','_',NULL,NULL,NULL,NULL,NULL,'1','امام المسجد','55244436','huda'),(240,461,NULL,10,95,'block 3','street 32',NULL,'_','_',NULL,NULL,NULL,NULL,NULL,'1',NULL,'56627411','Maryam'),(241,464,NULL,12,127,'1','4',NULL,'_','_',NULL,NULL,NULL,NULL,NULL,'1',NULL,'99449964','fouz'),(242,465,NULL,11,106,'3','9',NULL,'_','_',NULL,NULL,NULL,NULL,NULL,'1',NULL,'96701828','ام عزوز'),(243,463,NULL,8,37,'1','17',NULL,'٢','١',NULL,NULL,NULL,NULL,NULL,'3','الروضه ق١ / ش١٧ / م١١ / شقه ٢','66755423','نوف'),(244,469,NULL,13,146,'١','١٢٣',NULL,'_','_',NULL,NULL,NULL,NULL,NULL,'1',NULL,'55828508','ريان العتيبي'),(245,369,NULL,12,126,'4','3',NULL,'_','_',NULL,NULL,NULL,NULL,NULL,NULL,NULL,'60004861','df'),(246,473,NULL,13,141,'2','7',NULL,'_','_',NULL,NULL,NULL,NULL,NULL,'1',NULL,'66673633','lolwa'),(247,477,NULL,8,42,'2','1',NULL,'_','_',NULL,NULL,NULL,NULL,NULL,NULL,NULL,'99119219','shaikha'),(248,478,NULL,10,88,'7','1',NULL,'_','_',NULL,NULL,NULL,NULL,NULL,'1',NULL,'55999292','صفاء الدرويش'),(249,479,NULL,13,142,'2','18',NULL,'_','_',NULL,NULL,NULL,NULL,NULL,'1',NULL,'97748236','بتول الحداد'),(250,480,NULL,9,60,'4','9',NULL,'_','_',NULL,NULL,NULL,NULL,NULL,NULL,NULL,'55471222','Fatma'),(251,472,NULL,10,91,'8','1',NULL,'_','_',NULL,NULL,NULL,NULL,NULL,NULL,NULL,'55500957','الهنوف'),(252,483,NULL,13,143,'6','1',NULL,'_','_',NULL,NULL,NULL,NULL,NULL,'1',NULL,'67771823','فاطمة احمد الفرج'),(253,484,NULL,10,91,'قطعة١','شارع١',NULL,'_','_',NULL,NULL,NULL,NULL,NULL,'1',NULL,'50337432','AHR'),(254,485,NULL,10,91,'قطعة١','شارع١',NULL,'_','_',NULL,NULL,NULL,NULL,NULL,'1',NULL,'50337432','AHR'),(255,486,NULL,8,37,'3','36',NULL,'_','_',NULL,NULL,NULL,NULL,NULL,'1',NULL,'99221081','مروج'),(256,488,NULL,12,125,'8','Osama bin zaid street',NULL,'_','_',NULL,NULL,NULL,NULL,NULL,'1',NULL,'65755998','gadeer ali'),(257,489,NULL,12,125,'8','Osama bin zaid street',NULL,'_','_',NULL,NULL,NULL,NULL,NULL,'1',NULL,'65755998','gadeer ali'),(258,389,NULL,10,92,'2','140',NULL,'_','_',NULL,NULL,NULL,NULL,NULL,'1','الدور الثاني شقة ٥','55898494','العنود'),(259,495,NULL,9,79,'8','4',NULL,'1','1',NULL,NULL,NULL,NULL,NULL,'3',NULL,'55738380','ورود'),(260,496,NULL,9,79,'8','4',NULL,'1','1',NULL,NULL,NULL,NULL,NULL,'3',NULL,'55738380','ورود'),(261,503,NULL,10,83,'4','423',NULL,'_','_',NULL,NULL,NULL,NULL,NULL,'1','الدور 1 شقه 1','99919363','Mona'),(262,505,NULL,9,72,'Block 6','Street 28',NULL,'_','_',NULL,NULL,NULL,NULL,NULL,'1','Please make sure Power doesn’t burn eyes, -1.25 Steel Grey','50883211','Bebe Alajran'),(263,508,NULL,12,124,'12','ابو ذر الغفاري',NULL,'_','_',NULL,NULL,NULL,NULL,NULL,'1',NULL,'96956220','eman imam'),(264,510,NULL,12,125,'8','حسن البنا',NULL,'4','1',NULL,NULL,NULL,NULL,NULL,NULL,NULL,'94058949','ام عبدالله'),(265,403,NULL,13,151,'8','23',NULL,'_','_',NULL,NULL,NULL,NULL,NULL,'1','basement','99960295','abrar'),(266,513,NULL,9,52,'4','15',NULL,'_','_',NULL,NULL,NULL,NULL,NULL,'1',NULL,'99173399','Amina'),(267,514,NULL,13,151,'4','32',NULL,'_','_',NULL,NULL,NULL,NULL,NULL,'1',NULL,'51114472','deema'),(268,515,NULL,12,125,'3','taher albaghli',NULL,'_','_',NULL,NULL,NULL,NULL,NULL,'1',NULL,'90029994','amnah dashti'),(269,516,NULL,9,57,'7','2',NULL,'_','_',NULL,NULL,NULL,NULL,NULL,NULL,NULL,'99878756','مريم'),(270,501,NULL,12,133,'11','10',NULL,'2','G',NULL,NULL,NULL,NULL,NULL,NULL,NULL,'97477751','aatekih Dashti'),(271,520,NULL,10,88,'10','1',NULL,'_','_',NULL,NULL,NULL,NULL,NULL,NULL,NULL,'65965525','اريج'),(272,524,NULL,10,91,'8','1',NULL,'_','_',NULL,NULL,NULL,NULL,NULL,'1','الرجاء التوصيل قبل الساعه ١ ظهراً','55335317','ءBashayer'),(273,529,NULL,13,149,'6','602',NULL,'_','_',NULL,NULL,NULL,NULL,NULL,'1','no have','65815558',NULL),(274,530,NULL,9,60,'2','1',NULL,'_','_',NULL,NULL,NULL,NULL,NULL,'1',NULL,'99429547','salem'),(275,531,NULL,13,145,'1','304',NULL,'1','2',NULL,NULL,NULL,NULL,NULL,'3',NULL,'90055441','Kholoud  ALkandery'),(276,533,NULL,9,63,'١٠','٩',NULL,'_','_',NULL,NULL,NULL,NULL,NULL,'1',NULL,'90040433','هبه الحيدر'),(277,534,NULL,9,76,'b3','323',NULL,'_','_',NULL,NULL,NULL,NULL,NULL,'1',NULL,'94160330','salsabeel'),(278,541,NULL,12,125,'8','85',NULL,'_','_',NULL,NULL,NULL,NULL,NULL,NULL,NULL,'94160330','salsabeel'),(279,540,NULL,9,60,'1','7',NULL,'_','_',NULL,NULL,NULL,NULL,NULL,'1',NULL,'556311','طلال الشمري'),(280,547,NULL,41,723,'ام السنيم','141',NULL,'_','_',NULL,NULL,NULL,NULL,NULL,'1','الرجاء ارسال رساله قبلها بيوم اذا حان موعد التوصيل','50717700','فاطمه'),(281,553,NULL,9,76,'٢','٢٢٥',NULL,'_','_',NULL,NULL,NULL,NULL,NULL,'1','توصيل العصر أفضل','66032460','فاطمة الزنكوي'),(282,137,NULL,9,62,'j','hhb',NULL,'_','_',NULL,NULL,NULL,NULL,NULL,'1','bbb','51007138','sa'),(283,555,NULL,9,60,'4','9','9','po','_',NULL,NULL,NULL,NULL,NULL,'1','bbbb','51007138','jsjsj'),(284,556,NULL,9,60,'4','9','9','po','_',NULL,NULL,NULL,NULL,NULL,'1','bbbb','51007138','jsjsj'),(285,557,NULL,9,60,'4','9','9','po','_',NULL,NULL,NULL,NULL,NULL,'1','bbbb','51007138','jsjsj'),(286,558,NULL,9,60,'4','9','9','po','_',NULL,NULL,NULL,NULL,NULL,'1','bbbb','51007138','jsjsj'),(287,558,NULL,9,60,'4','9','9','po','_',NULL,NULL,NULL,NULL,NULL,'1','bbbb','51007138','jsjsj'),(288,558,NULL,9,60,'4','9','9','po','_',NULL,NULL,NULL,NULL,NULL,'1','bbbb','51007138','jsjsj'),(289,475,NULL,12,126,'6','4','0','12','_',NULL,NULL,NULL,NULL,NULL,NULL,NULL,'60004861','amal'),(290,562,NULL,12,128,'4','2',NULL,'44','_',NULL,NULL,NULL,NULL,NULL,'1',NULL,'90015772','فاطمه الشمالي'),(291,564,NULL,13,149,'6','602','0','253','_',NULL,NULL,NULL,NULL,NULL,'1','no have','65815558',NULL),(292,539,NULL,9,79,'٣','١٣','لايوجد','١٥','_',NULL,NULL,NULL,NULL,NULL,'1','لايوجد','55235526','ام ناصر المري'),(293,538,NULL,13,141,'4','13',NULL,'20','_',NULL,NULL,NULL,NULL,NULL,'1','الاتصال عند الوصول ضروري ودون اعطائه لاحد الا حين الاتصال بي والرد عليكم','97660855','ام علي الصايغ'),(294,571,NULL,12,125,'11','113',NULL,'16','_',NULL,NULL,NULL,NULL,NULL,NULL,NULL,NULL,NULL),(295,572,NULL,12,125,'11','113',NULL,'16','_',NULL,NULL,NULL,NULL,NULL,NULL,NULL,NULL,NULL),(296,573,NULL,9,76,'2','217','0','468A','_',NULL,NULL,NULL,NULL,NULL,'1',NULL,'99420034','munira'),(297,579,NULL,11,106,'3','9','5','5','_',NULL,NULL,NULL,NULL,NULL,'1',NULL,'96701828','ام عزوز'),(298,581,NULL,13,149,'7','707',NULL,'31','2',NULL,NULL,NULL,NULL,NULL,'3',NULL,'66347405','salwa'),(299,583,NULL,41,712,'70','am slal','109','45','_',NULL,NULL,NULL,NULL,NULL,'1',NULL,'77779054','Muneera'),(300,586,NULL,10,92,'2','78','5','1','_',NULL,NULL,NULL,NULL,NULL,'1','Farwaniya block 2 ...street 78...building no 5...Name of the building is MASHALLAH...Floor 1...flat 53... i nee','98518432','Caroline'),(301,575,NULL,12,126,'6','4','0','12','_',NULL,NULL,NULL,NULL,NULL,NULL,NULL,'60004861','amal'),(302,593,NULL,10,96,'3','2',NULL,'53','_',NULL,NULL,NULL,NULL,NULL,'1',NULL,'60041154','saad alrashidi'),(303,594,NULL,8,42,'2','1',NULL,'24','_',NULL,NULL,NULL,NULL,NULL,NULL,NULL,'99119219','shaikha'),(304,610,NULL,11,106,'3','9','5','5','_',NULL,NULL,NULL,NULL,NULL,'1',NULL,'96701828','ام عزوز'),(305,611,NULL,8,48,'3','306',NULL,'6','_',NULL,NULL,NULL,NULL,NULL,'1',NULL,'99266957','ام محمد'),(306,615,NULL,10,99,'1','28',NULL,'8','_',NULL,NULL,NULL,NULL,NULL,NULL,NULL,'97662649','اشواق المطيري'),(307,605,NULL,12,122,'11','شرحبيل',NULL,'٣','_',NULL,NULL,NULL,NULL,NULL,'1',NULL,NULL,NULL),(308,621,NULL,17,217,'1','شارع الوحده','كابيتر تور','2607','_',NULL,NULL,NULL,NULL,NULL,'1',NULL,'505693602','ميساء صبحي محضر'),(309,622,NULL,17,217,'1','شارع الوحده','كابيتر تور','2607','_',NULL,NULL,NULL,NULL,NULL,'1',NULL,'505693602','ميساء صبحي محضر'),(310,629,NULL,10,82,'11','25',NULL,'18','2',NULL,NULL,NULL,NULL,NULL,'3',NULL,'55395010','rawan alkanderi'),(311,633,NULL,13,143,'9','1','4','178','الارضي',NULL,NULL,NULL,NULL,NULL,NULL,NULL,'96963778','خالد المطيري'),(312,636,NULL,10,91,'6','1','1','11','_',NULL,NULL,NULL,NULL,NULL,'1',NULL,'60697056','طفله المطيري'),(313,638,NULL,10,91,'6','1','3','21','_',NULL,NULL,NULL,NULL,NULL,'1','لايوجد','55030488','ام خالد العدواني'),(314,643,NULL,13,143,'4','13',NULL,'58','_',NULL,NULL,NULL,NULL,NULL,'1',NULL,'66246068','zahraa karam'),(315,654,NULL,9,52,'قطعه 2','شارع 17',NULL,'19','2',NULL,NULL,NULL,NULL,NULL,'3',NULL,'90905231','haya'),(316,390,NULL,11,115,'7','726','1','16','_',NULL,NULL,NULL,NULL,NULL,NULL,NULL,'55900031','amira'),(317,663,NULL,13,146,'1','122',NULL,'61','_',NULL,NULL,NULL,NULL,NULL,'1',NULL,'65056657','نور'),(318,664,NULL,13,146,'1','122',NULL,'61','_',NULL,NULL,NULL,NULL,NULL,'1',NULL,'65056657','نور'),(319,661,NULL,11,115,'3','317',NULL,'3','_',NULL,NULL,NULL,NULL,NULL,'1','الحهراء سعد العبدالله قطعه٣منزل٣شارع٣١٧ الطابق٢ شقه١',NULL,NULL),(320,669,NULL,9,60,'2','1',NULL,'368','_',NULL,NULL,NULL,NULL,NULL,'1',NULL,'99429547','salem'),(321,670,NULL,12,137,'3','322',NULL,'19','_',NULL,NULL,NULL,NULL,NULL,'1',NULL,'99582821','alaa'),(322,674,NULL,13,146,'1','104',NULL,'344','_',NULL,NULL,NULL,NULL,NULL,NULL,NULL,'95557595','manal'),(323,675,NULL,17,217,'abdu allah falasy building','414','same building volt burger','306','_',NULL,NULL,NULL,NULL,NULL,'3','opposite side qabayel center , Al warqaa 1','554259426','maha'),(324,677,NULL,12,133,'٢','المتنبي',NULL,'١٣','_',NULL,NULL,NULL,NULL,NULL,'1',NULL,'60020456','لجين ابت'),(325,689,NULL,8,34,'1','14','18','18','_',NULL,NULL,NULL,NULL,NULL,'1',NULL,'99115779','Safaa Shehab'),(326,691,NULL,10,83,'4','424',NULL,'30','_',NULL,NULL,NULL,NULL,NULL,'1',NULL,'50946290','hiba'),(327,694,NULL,9,60,'2','1',NULL,'368','_',NULL,NULL,NULL,NULL,NULL,'1',NULL,'99429547','salem'),(328,700,NULL,13,143,'11','2','9','44','_',NULL,NULL,NULL,NULL,NULL,'1',NULL,'65529304','Salmah'),(329,701,NULL,12,138,'2','207',NULL,'8','_',NULL,NULL,NULL,NULL,NULL,'1',NULL,'94402293','Maha'),(330,703,NULL,9,61,'3','5',NULL,'3','_',NULL,NULL,NULL,NULL,NULL,'1',NULL,'97217115','fatima'),(331,707,NULL,13,142,'2','18',NULL,'17','_',NULL,NULL,NULL,NULL,NULL,'1',NULL,'97748236','بتول الحداد'),(332,708,NULL,9,60,'4','13',NULL,'96','_',NULL,NULL,NULL,NULL,NULL,NULL,NULL,'98047827','shimaa'),(333,706,NULL,10,92,'4','114',NULL,'36','8',NULL,NULL,NULL,NULL,NULL,'3','نفس عمارة مطعم المطيري شارع ١١٤','96999868','rana'),(334,710,NULL,12,125,'8','85',NULL,'3','_',NULL,NULL,NULL,NULL,NULL,'1','you can also call this number: 66549115','68887708','وجد السبيعي'),(335,711,NULL,12,125,'8','85',NULL,'3','_',NULL,NULL,NULL,NULL,NULL,'1','you can also call this number: 66549115','68887708','وجد السبيعي'),(336,716,NULL,8,41,'2','7',NULL,'60','_',NULL,NULL,NULL,NULL,NULL,'1',NULL,'66083438','reem'),(337,720,NULL,8,30,'1','18',NULL,'29','_',NULL,NULL,NULL,NULL,NULL,'1',NULL,'51155746','Salha'),(338,722,NULL,10,100,'3','326',NULL,'12','_',NULL,NULL,NULL,NULL,NULL,'1',NULL,'90947007','awatif'),(339,723,NULL,10,96,'3','14',NULL,'21','_',NULL,NULL,NULL,NULL,NULL,'1',NULL,'99299570','dana'),(340,727,NULL,11,106,'3','9','5','5','_',NULL,NULL,NULL,NULL,NULL,'1',NULL,'96701828','ام عزوز'),(341,730,NULL,12,133,'10','2',NULL,'69','_',NULL,NULL,NULL,NULL,NULL,'1',NULL,'99941997','حليمة شرف'),(342,731,NULL,10,99,'4','31',NULL,'70','_',NULL,NULL,NULL,NULL,NULL,'1',NULL,'91107790','علياء المطيري'),(343,741,NULL,9,76,'٢','٢٢٥','لا','١٠١','_',NULL,NULL,NULL,NULL,NULL,'1','توصيل العصر أفضل','66032460','فاطمة الزنكوي'),(344,743,NULL,13,146,'4','246',NULL,'382','_',NULL,NULL,NULL,NULL,NULL,'1',NULL,'50201150','jood'),(345,744,NULL,10,83,'4','423',NULL,'42','1',NULL,NULL,NULL,NULL,NULL,'3',NULL,'99919363','Mona Ali'),(346,745,NULL,9,79,'1','26',NULL,'9','_',NULL,NULL,NULL,NULL,NULL,'1','الرجاء قبل الساعه 4','55538790','ساره'),(347,748,NULL,11,115,'3','326',NULL,'40','_',NULL,NULL,NULL,NULL,NULL,'1',NULL,'55982557','شيخه'),(348,754,NULL,9,53,'1','127',NULL,'6','_',NULL,NULL,NULL,NULL,NULL,'1',NULL,'99600886','mryam'),(349,755,NULL,9,53,'1','127',NULL,'6','_',NULL,NULL,NULL,NULL,NULL,'1',NULL,'99600886','mryam'),(350,756,NULL,9,53,'1','127',NULL,'6','_',NULL,NULL,NULL,NULL,NULL,'1',NULL,'99600886','mryam'),(351,758,NULL,9,60,'1','7','-','357','_',NULL,NULL,NULL,NULL,NULL,'1','-','66570707','anfal'),(352,760,NULL,12,133,'3','3',NULL,'51','_',NULL,NULL,NULL,NULL,NULL,'1','الباب الجانبي','99977963','hessah ali'),(353,739,NULL,12,126,'6','4','0','12','_',NULL,NULL,NULL,NULL,NULL,NULL,NULL,'60004861','amal'),(354,762,NULL,9,58,'4','5',NULL,'157','2',NULL,NULL,NULL,NULL,NULL,'3',NULL,'51516181','الجازي الصالح'),(355,763,NULL,9,58,'4','5',NULL,'157','2',NULL,NULL,NULL,NULL,NULL,'3',NULL,'51516181','الجازي الصالح'),(356,766,NULL,10,82,'6','102',NULL,'311','1',NULL,NULL,NULL,NULL,NULL,'3','الاتصال قبل الوصول','65005255','نهله المطيري'),(357,769,NULL,11,105,'4a','4',NULL,'15','1',NULL,NULL,NULL,NULL,NULL,NULL,NULL,'90058009','hajer'),(358,770,NULL,12,124,'٢','عبدالله بن مسعود','١٢','٤٢','_',NULL,NULL,NULL,NULL,NULL,'1',NULL,'50608100','سحر'),(359,776,NULL,10,100,'6','605',NULL,'66','_',NULL,NULL,NULL,NULL,NULL,'1',NULL,'97767443','لولوه'),(360,777,NULL,10,100,'6','605',NULL,'66','_',NULL,NULL,NULL,NULL,NULL,'1',NULL,'97767443','لولوه'),(361,778,NULL,8,51,'1','143',NULL,'393','_',NULL,NULL,NULL,NULL,NULL,'1',NULL,'55757561','fatma'),(362,782,NULL,13,142,'2','18',NULL,'17','_',NULL,NULL,NULL,NULL,NULL,'1',NULL,'97748236','بتول الحداد'),(363,790,NULL,11,108,'4','8','-','87','2',NULL,NULL,NULL,NULL,NULL,'3','الباب الصغير عاليسار','60006774','خلود المطيري'),(364,792,NULL,12,136,'7','704',NULL,'91','2',NULL,NULL,NULL,NULL,NULL,'3',NULL,'95579931','حصة'),(365,793,NULL,12,136,'7','704',NULL,'91','2',NULL,NULL,NULL,NULL,NULL,'3',NULL,'95579931','حصة'),(366,788,NULL,8,43,'4','1',NULL,'69675565','_',NULL,NULL,NULL,NULL,NULL,'1',NULL,'69675565','aeshah'),(367,796,NULL,10,88,'10','1','2','24','_',NULL,NULL,NULL,NULL,NULL,NULL,NULL,'65965525','اريج'),(368,797,NULL,8,39,'1','Street Abdullah Al Khalaf Al Saeed','-','13','2',NULL,NULL,NULL,NULL,NULL,NULL,NULL,'55242118','Shaikha'),(369,801,NULL,8,30,'1','18',NULL,'29','_',NULL,NULL,NULL,NULL,NULL,'1',NULL,'51155746','Salha'),(370,804,NULL,8,30,'1','18',NULL,'29','_',NULL,NULL,NULL,NULL,NULL,'1',NULL,'51155746','Salha'),(371,811,NULL,13,151,'1','25',NULL,'21','_',NULL,NULL,NULL,NULL,NULL,NULL,NULL,'66966000','aseel'),(372,813,NULL,13,141,'3','11',NULL,'17','_',NULL,NULL,NULL,NULL,NULL,'1',NULL,'60309257','om rashed'),(373,820,NULL,11,102,'2','6','12','/','_',NULL,NULL,NULL,NULL,NULL,'1',NULL,'69956226','خلود المطيري'),(374,374,NULL,10,84,'block 1','Street 75','building 8','building 8, block 1 , floor 2','_',NULL,NULL,NULL,NULL,NULL,'1',NULL,'60005413','Zainab'),(375,824,NULL,10,99,'5','38',NULL,'12','_',NULL,NULL,NULL,NULL,NULL,'1',NULL,'50502262','ام راكان'),(376,828,NULL,12,124,'6','5','5','6','1',NULL,NULL,NULL,NULL,NULL,'3',NULL,'50628199','dalia'),(377,829,NULL,11,106,'9','3','5','5','_',NULL,NULL,NULL,NULL,NULL,'1','طلب مستعجل','96701828','ام عزوز'),(378,831,NULL,12,131,'11','Ohud - أحد','9','2','9',NULL,NULL,NULL,NULL,NULL,'3','ارجوا التوصيل قبل الساعة ٢ ظهراً - بنفس المبنى يوجود بقالة كورنر','90051577','رولا'),(379,839,NULL,14,158,'عدسات','المناظر',NULL,'7','_',NULL,NULL,NULL,NULL,NULL,'1',NULL,NULL,NULL),(380,843,NULL,11,102,'9','5',NULL,'22','_',NULL,NULL,NULL,NULL,NULL,'1',NULL,'55520991','ام منصور'),(381,844,NULL,8,50,'2','227',NULL,'68','_',NULL,NULL,NULL,NULL,NULL,NULL,NULL,'69971321','منى القيض'),(382,847,NULL,11,108,'1','5',NULL,'48','_',NULL,NULL,NULL,NULL,NULL,'1',NULL,'62221087','najd Alenezi'),(383,848,NULL,8,19,'salmiya block 11','street 4',NULL,'building 510. 3rd floor. apartment 7','_',NULL,NULL,NULL,NULL,NULL,NULL,NULL,'99122551','maryam'),(384,849,NULL,13,140,'3','36',NULL,'16','_',NULL,NULL,NULL,NULL,NULL,NULL,NULL,'69099669','ZAHRA'),(385,810,NULL,12,126,'6','4','0','12','_',NULL,NULL,NULL,NULL,NULL,NULL,NULL,'60004861','amal'),(386,852,NULL,11,108,'2','18','3','481','_',NULL,NULL,NULL,NULL,NULL,'1',NULL,'96099917','عفاف'),(387,857,NULL,10,88,'6','2','1','19','_',NULL,NULL,NULL,NULL,NULL,'1','ارجو التوصيل يكون يوم الجمعه قبل الساعه ٤ عصرا','50922605','ابتسام'),(388,859,NULL,9,79,'1','33','-','19','_',NULL,NULL,NULL,NULL,NULL,'1','-','94085557','نوره الهاجري'),(389,854,NULL,8,40,'2','bader','-','5','_',NULL,NULL,NULL,NULL,NULL,NULL,NULL,'65911181','Rajaa Boland'),(390,863,NULL,10,100,'2','218',NULL,'21','_',NULL,NULL,NULL,NULL,NULL,NULL,NULL,'92289080','danah'),(391,864,NULL,9,73,'٢','٢٠٤',NULL,'٣١','_',NULL,NULL,NULL,NULL,NULL,'1','المنزل امام روضه المحبه','65945398','فاطمة حسين'),(392,872,NULL,8,41,'2','7',NULL,'60','_',NULL,NULL,NULL,NULL,NULL,'1',NULL,'66083438','reem'),(393,873,NULL,12,133,'12','10','2','111','_',NULL,NULL,NULL,NULL,NULL,'1',NULL,'96086784','nazia'),(394,874,NULL,13,140,'7','17','لايوجد','12','_',NULL,NULL,NULL,NULL,NULL,'1',NULL,'90908075','ameera'),(395,696,NULL,8,42,'2','1',NULL,'24','_',NULL,NULL,NULL,NULL,NULL,NULL,NULL,'99119219','shaikha'),(396,875,NULL,8,48,'1','104',NULL,'23','_',NULL,NULL,NULL,NULL,NULL,'1',NULL,'55779582','JENAN NASER'),(397,876,NULL,8,48,'1','104',NULL,'23','_',NULL,NULL,NULL,NULL,NULL,'1',NULL,'55779582','JENAN NASER'),(398,878,NULL,12,123,'8','81',NULL,'89','_',NULL,NULL,NULL,NULL,NULL,'1',NULL,'60088629','samira'),(399,882,NULL,8,42,'5','6',NULL,'46','_',NULL,NULL,NULL,NULL,NULL,'1',NULL,'66720016','reem'),(400,883,NULL,8,51,'2','234',NULL,'209','_',NULL,NULL,NULL,NULL,NULL,NULL,NULL,'55529051','Anwar'),(401,767,NULL,8,39,'4','48',NULL,'9','_',NULL,NULL,NULL,NULL,NULL,'1',NULL,'99880039','Nedaa alholi'),(402,897,NULL,13,143,'9','3','21','12','_',NULL,NULL,NULL,NULL,NULL,'1',NULL,'90988945','ام خالد'),(403,903,NULL,13,143,'10','2','2','23','_',NULL,NULL,NULL,NULL,NULL,'1','الاتصال قبل الوصول','64442582','بدور محمد'),(404,902,NULL,12,125,'11','113',NULL,'16','_',NULL,NULL,NULL,NULL,NULL,NULL,NULL,NULL,NULL),(405,908,NULL,8,42,'5','hamad alromi',NULL,'45','_',NULL,NULL,NULL,NULL,NULL,'1',NULL,'50590022','latifa'),(406,862,NULL,12,126,'6','4','0','12','_',NULL,NULL,NULL,NULL,NULL,NULL,NULL,'60004861','amal'),(407,917,NULL,13,142,'2','18',NULL,'17','_',NULL,NULL,NULL,NULL,NULL,'1',NULL,'97748236','بتول الحداد'),(408,915,NULL,9,76,'٢','٢٢٥','لا','١٠١','_',NULL,NULL,NULL,NULL,NULL,'1','توصيل العصر أفضل','66032460','فاطمة الزنكوي'),(409,919,NULL,9,76,'٢','٢٢٥','لا','١٠١','_',NULL,NULL,NULL,NULL,NULL,'1','توصيل العصر أفضل','66032460','فاطمة الزنكوي'),(410,923,NULL,13,151,'1','25',NULL,'21','_',NULL,NULL,NULL,NULL,NULL,NULL,NULL,'66966000','aseel'),(411,924,NULL,13,151,'1','25','0','2','_',NULL,NULL,NULL,NULL,NULL,NULL,NULL,'66966000','aseel alawadhi'),(412,925,NULL,12,139,'3','313',NULL,'88','_',NULL,NULL,NULL,NULL,NULL,'1',NULL,'96777369','ايمان البلوشي'),(413,928,NULL,10,91,'4','1','13','8','_',NULL,NULL,NULL,NULL,NULL,'1',NULL,'55318881','غدير'),(414,845,NULL,9,76,'2','222',NULL,'237','_',NULL,NULL,NULL,NULL,NULL,NULL,NULL,'99500614','Lujain'),(415,938,NULL,12,125,'6','حراء','66','203','_',NULL,NULL,NULL,NULL,NULL,NULL,NULL,'66735537','mariam'),(416,944,NULL,10,89,'5','6',NULL,'7','_',NULL,NULL,NULL,NULL,NULL,'1',NULL,NULL,NULL),(417,947,NULL,11,115,'11','157',NULL,'20','_',NULL,NULL,NULL,NULL,NULL,'1',NULL,'51318888','ام عبدالرحمن'),(418,948,NULL,13,143,'2','200',NULL,'5','6',NULL,NULL,NULL,NULL,NULL,'3',NULL,'94979889','anfal'),(419,365,NULL,10,100,'2','231',NULL,'5','_',NULL,NULL,NULL,NULL,NULL,'1',NULL,'55089484','حوراء'),(420,962,NULL,10,100,'2','231',NULL,'5','_',NULL,NULL,NULL,NULL,NULL,'1',NULL,'55089484','حوراء'),(421,963,NULL,13,146,'1','104',NULL,'344','_',NULL,NULL,NULL,NULL,NULL,NULL,NULL,'95557595','manal'),(422,757,NULL,9,54,'6','4',NULL,'2','_',NULL,NULL,NULL,NULL,NULL,'1','الباب الخلفي مقابل روضة الجوهره','97111952','محمد العازمي'),(423,966,NULL,9,54,'6','4',NULL,'2','_',NULL,NULL,NULL,NULL,NULL,'1','الباب الخلفي مقابل روضة الجوهره','97111952','محمد العازمي'),(424,939,NULL,12,138,'5','514',NULL,'46','1',NULL,NULL,NULL,NULL,NULL,'3','المدخل بجانب محول الكهرباء','94184441','فاطمة الرفاعي'),(425,791,NULL,13,143,'11','2','9','44','_',NULL,NULL,NULL,NULL,NULL,'1',NULL,'65529304','Salmah'),(426,967,NULL,9,72,'Block 6','Street 28',NULL,'House 7','_',NULL,NULL,NULL,NULL,NULL,'1','Please make sure Power doesn’t burn eyes, -1.25 Steel Grey','50883211','Bebe Alajran'),(427,968,NULL,9,72,'Block 6','Street 28',NULL,'House 7','_',NULL,NULL,NULL,NULL,NULL,'1','Please make sure Power doesn’t burn eyes, -1.25 Steel Grey','50883211','Bebe Alajran'),(428,969,NULL,13,140,'7','22',NULL,'12','_',NULL,NULL,NULL,NULL,NULL,'1',NULL,'99973611','lulwah alenezi'),(429,970,NULL,9,76,'1','122',NULL,'274','_',NULL,NULL,NULL,NULL,NULL,NULL,NULL,'99878707','anfal'),(430,961,NULL,12,133,'٤','٣',NULL,'١٤٩','٢',NULL,NULL,NULL,NULL,NULL,NULL,NULL,NULL,NULL),(431,973,NULL,10,100,'4','418',NULL,'6','_',NULL,NULL,NULL,NULL,NULL,NULL,NULL,'97789931','ام سعود'),(432,975,NULL,10,100,'4','418',NULL,'6','_',NULL,NULL,NULL,NULL,NULL,NULL,NULL,'97789931','ام سعود'),(433,977,NULL,13,142,'2','18',NULL,'17','_',NULL,NULL,NULL,NULL,NULL,'1',NULL,'97748236','بتول الحداد'),(434,984,NULL,12,128,'4','2',NULL,'44','_',NULL,NULL,NULL,NULL,NULL,'1',NULL,'90015772','فاطمه الشمالي'),(435,986,NULL,14,152,'الشامخة ١١','شارع شوال',NULL,'104','_',NULL,NULL,NULL,NULL,NULL,'1',NULL,'567723118','اميره'),(436,988,NULL,10,88,'10','1','2','24','_',NULL,NULL,NULL,NULL,NULL,NULL,NULL,'65965525','اريج'),(437,884,NULL,8,51,'2','216','20','404','_',NULL,NULL,NULL,NULL,NULL,'1',NULL,'65065508','ashwag'),(438,990,NULL,13,146,'4','246',NULL,'382','_',NULL,NULL,NULL,NULL,NULL,'1',NULL,'97820759','Jood Alajmi'),(439,991,NULL,12,133,'1','6',NULL,'105','_',NULL,NULL,NULL,NULL,NULL,'1','الدور ثاني شقه فاميلي هوم','60646040','مدام يوسف'),(440,994,NULL,8,30,'1','18',NULL,'29','_',NULL,NULL,NULL,NULL,NULL,'1',NULL,'51155746','Salha'),(441,1000,NULL,9,60,'4','9',NULL,'216','_',NULL,NULL,NULL,NULL,NULL,NULL,NULL,'55471222','Fatma'),(442,983,NULL,9,57,'1','18',NULL,'351','_',NULL,NULL,NULL,NULL,NULL,'1',NULL,'55885758','هيا'),(443,1003,NULL,9,76,'٢','٢٢٥','لا','١٠١','_',NULL,NULL,NULL,NULL,NULL,'1','توصيل العصر أفضل','66032460','فاطمة الزنكوي'),(444,1004,NULL,9,76,'٢','٢٢٥','لا','١٠١','_',NULL,NULL,NULL,NULL,NULL,'1','توصيل العصر أفضل','66032460','فاطمة الزنكوي'),(445,1005,NULL,9,76,'٢','٢٢٥','لا','١٠١','_',NULL,NULL,NULL,NULL,NULL,'1','توصيل العصر أفضل','66032460','فاطمة الزنكوي'),(446,1006,NULL,9,76,'٢','٢٢٥','لا','١٠١','_',NULL,NULL,NULL,NULL,NULL,'1','توصيل العصر أفضل','66032460','فاطمة الزنكوي'),(447,1007,NULL,9,76,'٢','٢٢٥','لا','١٠١','_',NULL,NULL,NULL,NULL,NULL,'1','توصيل العصر أفضل','66032460','فاطمة الزنكوي'),(448,1010,NULL,8,24,'5','33',NULL,'43','_',NULL,NULL,NULL,NULL,NULL,'1',NULL,'92225553','fh'),(449,1012,NULL,9,79,'7','13',NULL,'29','_',NULL,NULL,NULL,NULL,NULL,'1',NULL,'95559828','وضحه'),(450,1013,NULL,9,60,'1','7','-','357','_',NULL,NULL,NULL,NULL,NULL,'1','-','66570707','anfal'),(451,1015,NULL,10,87,'4','2',NULL,'29','_',NULL,NULL,NULL,NULL,NULL,'1',NULL,'69667773','Ameenah'),(452,886,NULL,9,79,'5','25','hsbshah','7','_',NULL,NULL,NULL,NULL,NULL,'1',NULL,'55060643','sabreena'),(453,1016,NULL,12,135,'1','121','0','567','2',NULL,NULL,NULL,NULL,NULL,'3',NULL,'66667660','زهره'),(454,989,NULL,10,100,'2','231',NULL,'5','_',NULL,NULL,NULL,NULL,NULL,'1',NULL,'55089484','حوراء'),(455,1009,NULL,11,108,'4','2',NULL,'210','_',NULL,NULL,NULL,NULL,NULL,'1',NULL,'65808085','om deem'),(456,1025,NULL,12,127,'1','2',NULL,'5','_',NULL,NULL,NULL,NULL,NULL,'1',NULL,'99499004','fay'),(457,1026,NULL,12,133,'٢','المتنبي',NULL,'١٣','_',NULL,NULL,NULL,NULL,NULL,'1',NULL,'60020456','لجين ابت'),(458,1028,NULL,11,106,'4','2','1','1476','_',NULL,NULL,NULL,NULL,NULL,'1','باب خلفي','99946412','ام يوسف'),(459,1029,NULL,11,106,'4','2','1','1476','_',NULL,NULL,NULL,NULL,NULL,'1','باب خلفي','99946412','ام يوسف'),(460,1030,NULL,8,49,'2','246',NULL,'184','_',NULL,NULL,NULL,NULL,NULL,'1',NULL,'55990420','هاجر العنزي'),(461,1021,NULL,12,125,'7','شارع حراء',NULL,'٣٤','_',NULL,NULL,NULL,NULL,NULL,'1',NULL,'95568081','zainab'),(462,1033,NULL,11,108,'2','18','3','481','_',NULL,NULL,NULL,NULL,NULL,'1',NULL,'96099917','عفاف'),(463,772,NULL,11,115,'5','531',NULL,'29','_',NULL,NULL,NULL,NULL,NULL,'1','الرجاء الاتصال قبل التوصيل','55510605','اشراق العنزي'),(464,1041,NULL,13,141,'1','13',NULL,'19','_',NULL,NULL,NULL,NULL,NULL,'1','اذا ممكن التوصيل اليوم ضروري','50366442','sara'),(465,1042,NULL,9,52,'4','15',NULL,'9','_',NULL,NULL,NULL,NULL,NULL,'1',NULL,'99173399','Amina'),(466,1043,NULL,11,106,'3','9','5','5','_',NULL,NULL,NULL,NULL,NULL,'1','بكرا يوصل الطلب ظروري','96701828','ام عزوز'),(467,1039,NULL,13,140,'7','17','لايوجد','12','_',NULL,NULL,NULL,NULL,NULL,'1',NULL,'90908075','ameera'),(468,1048,NULL,13,146,'4','246',NULL,'382','_',NULL,NULL,NULL,NULL,NULL,'1',NULL,'50201150','sarah'),(469,1049,NULL,13,143,'11','2','9','44','_',NULL,NULL,NULL,NULL,NULL,'1',NULL,'65529304','Salmah'),(470,1045,NULL,12,122,'7','281',NULL,'albaher towers block B','8',NULL,NULL,NULL,NULL,NULL,NULL,NULL,'90974087','Sherif Elagamy'),(471,1051,NULL,12,122,'7','281',NULL,'albaher towers block B','8',NULL,NULL,NULL,NULL,NULL,NULL,NULL,'90974087','Sherif Elagamy'),(472,1052,NULL,12,122,'7','281',NULL,'albaher towers block B','8',NULL,NULL,NULL,NULL,NULL,NULL,NULL,'90974087','Sherif Elagamy'),(473,1055,NULL,12,124,'12','ابو ذر الغفاري','1','420','_',NULL,NULL,NULL,NULL,NULL,'1','الدور الثالث','555555448','ايمن'),(474,1056,NULL,12,125,'4','45',NULL,'56','_',NULL,NULL,NULL,NULL,NULL,'1',NULL,'99559804','fatimah'),(475,1057,NULL,9,62,'3','5',NULL,'25','الدور 1',NULL,NULL,NULL,NULL,NULL,NULL,NULL,'66097175','Mudi Alajmi'),(476,685,NULL,9,76,'3','320',NULL,'16','_',NULL,NULL,NULL,NULL,NULL,'1','صباح الاحمد الاولى .. الرجاء تواصل وتساب فقط','66610176','كادي'),(477,1059,NULL,9,76,'٢','٢٢٥','لا','١٠١','_',NULL,NULL,NULL,NULL,NULL,'1','توصيل العصر أفضل','66032460','فاطمة الزنكوي'),(478,1064,NULL,11,115,'2','226',NULL,'434','_',NULL,NULL,NULL,NULL,NULL,'1',NULL,'57777863','ندى'),(479,1065,NULL,13,146,'4','246',NULL,'382','_',NULL,NULL,NULL,NULL,NULL,'1',NULL,'97820759','Jood Alajmi'),(480,1066,NULL,12,138,'2','207',NULL,'8','_',NULL,NULL,NULL,NULL,NULL,'1',NULL,'94402293','Maha'),(481,1044,NULL,9,63,'١٥','٩',NULL,'٦٧','_',NULL,NULL,NULL,NULL,NULL,NULL,NULL,'51204612','فاطمة'),(482,1072,NULL,9,76,'3','320',NULL,'16','_',NULL,NULL,NULL,NULL,NULL,'1','صباح الاحمد الاولى .. الرجاء تواصل وتساب فقط','66610176','كادي'),(483,1073,NULL,8,37,'4','40','0','4','_',NULL,NULL,NULL,NULL,NULL,'1',NULL,'98885979','sarah'),(484,1067,NULL,9,63,'١٥','٩',NULL,'٦٧','_',NULL,NULL,NULL,NULL,NULL,NULL,NULL,'51204612','فاطمة'),(485,880,NULL,8,34,'1','14','18','18','_',NULL,NULL,NULL,NULL,NULL,'1',NULL,'99115779','Safaa Shehab'),(486,1076,NULL,9,63,'١٥','٩',NULL,'٦٧','_',NULL,NULL,NULL,NULL,NULL,NULL,NULL,'51204612','فاطمة'),(487,1077,NULL,9,63,'١٥','٩',NULL,'٦٧','_',NULL,NULL,NULL,NULL,NULL,NULL,NULL,'51204612','فاطمة'),(488,1080,NULL,9,76,'3','320',NULL,'16','_',NULL,NULL,NULL,NULL,NULL,'1','صباح الاحمد الاولى .. الرجاء تواصل وتساب فقط','66610176','كادي'),(489,1074,NULL,9,60,'1','7','-','357','_',NULL,NULL,NULL,NULL,NULL,'1','-','66570707','anfal'),(490,1085,NULL,9,76,'3','320',NULL,'16','_',NULL,NULL,NULL,NULL,NULL,'1','صباح الاحمد الاولى .. الرجاء تواصل وتساب فقط','66610176','كادي'),(491,1086,NULL,12,136,'3','301','301','301','_',NULL,NULL,NULL,NULL,NULL,'1',NULL,'925555','nasser'),(492,1088,NULL,8,34,'1','14','18','18','_',NULL,NULL,NULL,NULL,NULL,'1',NULL,'99115779','Safaa Shehab'),(493,459,NULL,10,92,'2','146','.','15','_',NULL,NULL,NULL,NULL,NULL,'1',NULL,'99899125','amsha'),(494,1089,NULL,13,151,'1','25','0','2','_',NULL,NULL,NULL,NULL,NULL,NULL,NULL,'66966000','aseel alawadhi'),(495,1095,NULL,13,145,'5','530',NULL,'223','1',NULL,NULL,NULL,NULL,NULL,'3',NULL,'6607733','عائشه الماجد'),(496,881,NULL,8,39,'1','Street Abdullah Al Khalaf Al Saeed','-','13','2',NULL,NULL,NULL,NULL,NULL,NULL,NULL,'55242118','Shaikha'),(497,1096,NULL,9,76,'E2','203','//','339','_',NULL,NULL,NULL,NULL,NULL,'1',NULL,'55111031','ام مبارك'),(498,1099,NULL,13,140,'7','17','لايوجد','12','_',NULL,NULL,NULL,NULL,NULL,'1',NULL,'90908075','ameera'),(499,1100,NULL,8,41,'2','7',NULL,'60','_',NULL,NULL,NULL,NULL,NULL,'1',NULL,'66083438','reem'),(500,657,NULL,8,49,'5','475',NULL,'511','_',NULL,NULL,NULL,NULL,NULL,'1',NULL,'98007555','نوره'),(501,1102,NULL,9,52,'قطعه 2','شارع 17',NULL,'19','2',NULL,NULL,NULL,NULL,NULL,'3',NULL,'90905231','haya'),(502,1046,NULL,13,142,'2','18',NULL,'17','_',NULL,NULL,NULL,NULL,NULL,'1',NULL,'97748236','بتول الحداد'),(503,927,NULL,10,91,'3','1','9','7','_',NULL,NULL,NULL,NULL,NULL,'1','الباب من جه الخلف الحديقه','66017400','تهاني'),(504,1117,NULL,12,125,'11','113',NULL,'16','_',NULL,NULL,NULL,NULL,NULL,NULL,NULL,NULL,NULL),(505,1113,NULL,13,142,'2','18',NULL,'17','_',NULL,NULL,NULL,NULL,NULL,'1',NULL,'97748236','بتول الحداد'),(506,411,NULL,12,133,'12','6',NULL,'31','_',NULL,NULL,NULL,NULL,NULL,'1',NULL,'55153123','Mariam AlEid'),(507,1127,NULL,8,42,'5','6',NULL,'46','_',NULL,NULL,NULL,NULL,NULL,'1',NULL,'66720016','reem'),(508,1131,NULL,10,100,'2','231',NULL,'5','_',NULL,NULL,NULL,NULL,NULL,'1',NULL,'55089484','حوراء'),(509,1133,NULL,12,139,'3','313',NULL,'88','_',NULL,NULL,NULL,NULL,NULL,'1',NULL,'96777369','ايمان البلوشي'),(510,1135,NULL,12,133,'5','10',NULL,'31','1',NULL,NULL,NULL,NULL,NULL,'3','الاتصال عند الوصول','96787951','mariam'),(511,1139,NULL,13,146,'3','229','none','465','3',NULL,NULL,NULL,NULL,NULL,'3',NULL,'98866562','dina turki'),(512,1140,NULL,13,146,'3','229','none','465','3',NULL,NULL,NULL,NULL,NULL,'3',NULL,'98866562','dina turki'),(513,1141,NULL,10,91,'5','1','4','26','_',NULL,NULL,NULL,NULL,NULL,'1',NULL,'55564058','ام فهد'),(514,1147,NULL,12,133,'10','5',NULL,'87','سرداب',NULL,NULL,NULL,NULL,NULL,'3',NULL,'51138889','شيخه الدلالي'),(515,1148,NULL,12,133,'10','5',NULL,'87','سرداب',NULL,NULL,NULL,NULL,NULL,'3',NULL,'51138889','شيخه الدلالي'),(516,1150,NULL,8,30,'1','18',NULL,'29','_',NULL,NULL,NULL,NULL,NULL,'1',NULL,'51155746','Salha'),(517,1151,NULL,9,76,'٢','٢٢٥','لا','١٠١','_',NULL,NULL,NULL,NULL,NULL,'1','توصيل العصر أفضل','66032460','فاطمة الزنكوي'),(518,1154,NULL,12,124,'12','abu thar alghafari','1','8','_',NULL,NULL,NULL,NULL,NULL,'1',NULL,'66404091','Fatma alnajdi'),(519,1156,NULL,13,142,'4','7',NULL,'23','_',NULL,NULL,NULL,NULL,NULL,'1',NULL,'94797887','afnan albather'),(520,1091,NULL,12,128,'4','2',NULL,'44','_',NULL,NULL,NULL,NULL,NULL,'1',NULL,'90015772','فاطمه الشمالي'),(521,819,NULL,12,133,'12','14',NULL,'34','1',NULL,NULL,NULL,NULL,NULL,'3',NULL,'90097911','Sakeena'),(522,1167,NULL,12,133,'12','14',NULL,'34','1',NULL,NULL,NULL,NULL,NULL,'3',NULL,'90097911','Sakeena'),(523,1158,NULL,8,42,'2','1',NULL,'24','_',NULL,NULL,NULL,NULL,NULL,NULL,NULL,'99119219','shaikha'),(524,1168,NULL,8,42,'2','1',NULL,'24','_',NULL,NULL,NULL,NULL,NULL,NULL,NULL,'99119219','shaikha'),(525,1169,NULL,8,42,'2','1',NULL,'24','_',NULL,NULL,NULL,NULL,NULL,NULL,NULL,'99119219','shaikha'),(526,1185,NULL,13,140,'3','36',NULL,'16','_',NULL,NULL,NULL,NULL,NULL,NULL,NULL,'69099669','ZAHRA'),(527,1183,NULL,12,133,'5','3',NULL,'22','الارضي',NULL,NULL,NULL,NULL,NULL,'3','ارجو التوصيل قبل الساعه 6 وشكراً','90077527','ام عبدالعزيز'),(528,895,NULL,17,185,'ام سقيم 2','Alqabiah','jumaira building b','105','1',NULL,NULL,NULL,NULL,NULL,'3',NULL,'501994544','HESSA'),(529,1186,NULL,17,185,'ام سقيم 2','Alqabiah','jumaira building b','105','1',NULL,NULL,NULL,NULL,NULL,'3',NULL,'501994544','HESSA'),(530,1189,NULL,10,96,'1','12','-','5','_',NULL,NULL,NULL,NULL,NULL,'1','call upon arrival 66284089','66284089','بدر'),(531,1199,NULL,10,91,'قطعة١','شارع١','جادة١٣','١٧','_',NULL,NULL,NULL,NULL,NULL,'1',NULL,'50337432','AHR'),(532,1134,NULL,12,139,'3','313',NULL,'88','_',NULL,NULL,NULL,NULL,NULL,'1',NULL,'96777369','ايمان البلوشي'),(533,761,NULL,29,399,'7396','الزين العراقي',NULL,'40','_',NULL,NULL,NULL,NULL,NULL,'1',NULL,'503650430','ghaidaa'),(534,1204,NULL,29,399,'7396','الزين العراقي',NULL,'40','_',NULL,NULL,NULL,NULL,NULL,'1',NULL,'503650430','ghaidaa'),(535,1202,NULL,13,140,'7','17','لايوجد','12','_',NULL,NULL,NULL,NULL,NULL,'1',NULL,'90908075','ameera'),(536,1079,NULL,10,100,'4','414',NULL,'7','_',NULL,NULL,NULL,NULL,NULL,'1','الدور الثاني','96046643','dana'),(537,1206,NULL,9,52,'4','15',NULL,'9','_',NULL,NULL,NULL,NULL,NULL,'1',NULL,'99173399','Amina'),(538,1070,NULL,8,39,'4','48',NULL,'9','_',NULL,NULL,NULL,NULL,NULL,'1',NULL,'99880039','Nedaa alholi'),(539,1212,NULL,12,137,'2','220',NULL,'9','_',NULL,NULL,NULL,NULL,NULL,'1',NULL,'96992008','dlal'),(540,1203,NULL,9,60,'1','7','-','357','_',NULL,NULL,NULL,NULL,NULL,'1','-','66570707','anfal'),(541,1226,NULL,9,76,'٢','٢٢٥','لا','١٠١','_',NULL,NULL,NULL,NULL,NULL,'1','توصيل العصر أفضل','66032460','فاطمة الزنكوي'),(542,1231,NULL,12,124,'3','9',NULL,'2','_',NULL,NULL,NULL,NULL,NULL,'1','فوق مطعم زمزم دور ٧ شقه ٣٥','55930071','marwa ahmed'),(543,1232,NULL,14,152,'ترانسكو','الفلاح','شركة ترانسكو','27','2',NULL,NULL,NULL,NULL,NULL,'2','التوصيل من الاثنين للخميس من الساعة ٩ ل ٥ العصر','505136383','Haifa'),(544,1224,NULL,12,125,'4','45','-','23','_',NULL,NULL,NULL,NULL,NULL,'1','الدور ١','51333527','shahad'),(545,1233,NULL,13,143,'4','13',NULL,'58','_',NULL,NULL,NULL,NULL,NULL,'1',NULL,'66246068','zahraa karam'),(546,1238,NULL,11,108,'4','8','-','87','2',NULL,NULL,NULL,NULL,NULL,'3','الباب الصغير عاليسار','60006774','خلود المطيري'),(547,1239,NULL,10,91,'5','1','13','45','_',NULL,NULL,NULL,NULL,NULL,NULL,NULL,'51539305','hajar'),(548,1241,NULL,8,41,'4','1',NULL,'80','_',NULL,NULL,NULL,NULL,NULL,'1',NULL,'99394442','ساره محمد'),(549,1242,NULL,13,142,'2','18',NULL,'17','_',NULL,NULL,NULL,NULL,NULL,'1',NULL,'97748236','بتول الحداد'),(550,1038,NULL,12,135,'3','306',NULL,'12','_',NULL,NULL,NULL,NULL,NULL,'1',NULL,'65840040','esraa mohammad'),(551,1253,NULL,8,41,'2','7',NULL,'60','_',NULL,NULL,NULL,NULL,NULL,'1',NULL,'66083438','reem'),(552,1258,NULL,13,143,'2','202',NULL,'18','_',NULL,NULL,NULL,NULL,NULL,NULL,NULL,'98858119','nora'),(553,1259,NULL,13,140,'8','10',NULL,'35','_',NULL,NULL,NULL,NULL,NULL,'1',NULL,'96945222','Anwar subah'),(554,1260,NULL,13,151,'1','25','0','2','_',NULL,NULL,NULL,NULL,NULL,NULL,NULL,'66966000','aseel alawadhi'),(555,1240,NULL,12,125,'8','83',NULL,'23','_',NULL,NULL,NULL,NULL,NULL,'1',NULL,'55556159','عبدالله الشمالي'),(556,1262,NULL,11,106,'3','9','5','5','_',NULL,NULL,NULL,NULL,NULL,'1','بكرا يوصل الطلب ظروري','96701828','ام عزوز'),(557,1265,NULL,10,100,'4','414',NULL,'7','_',NULL,NULL,NULL,NULL,NULL,'1','الدور الثاني','96046643','dana'),(558,1268,NULL,10,88,'11','3','4','10','_',NULL,NULL,NULL,NULL,NULL,'1',NULL,'50482202','ghadeer'),(559,1274,NULL,12,122,'3','Abdullah Alothman','Promenade Mall - Alothman Tower','Boutiqaat Company','5 Floor',NULL,NULL,NULL,NULL,NULL,NULL,NULL,'94990035','ruaa waleed'),(560,1271,NULL,8,37,'3','36',NULL,'44','_',NULL,NULL,NULL,NULL,NULL,NULL,NULL,'99221081','murouj'),(561,1276,NULL,8,37,'3','36',NULL,'44','_',NULL,NULL,NULL,NULL,NULL,NULL,NULL,'99221081','murouj'),(562,1263,NULL,10,100,'2','231',NULL,'5','_',NULL,NULL,NULL,NULL,NULL,'1',NULL,'55089484','حوراء'),(563,1161,NULL,10,87,'block 2','street 4',NULL,'house 18','_',NULL,NULL,NULL,NULL,NULL,'1',NULL,'94772977','muneera Al Kazemi'),(564,1279,NULL,9,72,'Block 6','Street 28',NULL,'House 7','_',NULL,NULL,NULL,NULL,NULL,'1','Please make sure the power (-1.25)  doesn’t burn the eyes','50883211','Bebe Alajran'),(565,1283,NULL,10,82,'4','6','لا','136','_',NULL,NULL,NULL,NULL,NULL,'1','لا يوجد','90083266','nour'),(566,1188,NULL,8,43,'4','1',NULL,'69675565','_',NULL,NULL,NULL,NULL,NULL,'1',NULL,'69675565','aeshah'),(567,1286,NULL,9,52,'3','2',NULL,'6','8',NULL,NULL,NULL,NULL,NULL,'3','يرجي التوصيل باجر الظهر لاني مسافرة العصر','50843744','رابعة'),(568,1289,NULL,12,137,'2','220',NULL,'9','_',NULL,NULL,NULL,NULL,NULL,'1',NULL,'96992008','dlal'),(569,1290,NULL,10,92,'3','3','3','3','_',NULL,NULL,NULL,NULL,NULL,'1',NULL,'6766544','ali'),(570,1294,NULL,12,126,'6','4','0','12','_',NULL,NULL,NULL,NULL,NULL,NULL,NULL,'60004861','amal'),(571,1293,NULL,10,87,'y','y','y','y','_',NULL,NULL,NULL,NULL,NULL,'1','hh','60004861','gff'),(572,1142,NULL,12,133,'5','10',NULL,'31','1',NULL,NULL,NULL,NULL,NULL,'3','الاتصال عند الوصول','96787951','mariam'),(573,1291,NULL,10,92,'3','3','3','3','_',NULL,NULL,NULL,NULL,NULL,'1',NULL,'6766544','ali'),(574,1288,NULL,8,39,'4','48',NULL,'9','_',NULL,NULL,NULL,NULL,NULL,'1',NULL,'99880039','Nedaa alholi'),(575,1303,NULL,12,137,'2','220',NULL,'9','_',NULL,NULL,NULL,NULL,NULL,'1',NULL,'96992008','dlal'),(576,1298,NULL,12,126,'6','4','0','12','_',NULL,NULL,NULL,NULL,NULL,NULL,NULL,'60004861','amal'),(577,1302,NULL,12,135,'1','121','0','567','2',NULL,NULL,NULL,NULL,NULL,'3',NULL,'66667660','زهره'),(578,1305,NULL,13,146,'1','104',NULL,'344','_',NULL,NULL,NULL,NULL,NULL,NULL,NULL,'95557595','manal'),(579,794,NULL,11,107,'شرق تيماء المنطقه مو تيماء قطعه 9','915',NULL,'161','_',NULL,NULL,NULL,NULL,NULL,NULL,NULL,'99981910','afaf'),(580,1278,NULL,9,76,'٢','٢٢٥','لا','١٠١','_',NULL,NULL,NULL,NULL,NULL,'1','توصيل العصر أفضل','66032460','فاطمة الزنكوي'),(581,1310,NULL,13,143,'7','1','3','16','_',NULL,NULL,NULL,NULL,NULL,NULL,NULL,'99225603','Heba Mubarak'),(582,1311,NULL,8,30,'1','18',NULL,'29','_',NULL,NULL,NULL,NULL,NULL,'1',NULL,'51155746','Salha'),(583,1090,NULL,13,143,'8','1','7','25','_',NULL,NULL,NULL,NULL,NULL,'1',NULL,'99443473','مريم العجمي'),(584,1319,NULL,8,29,'1','6',NULL,'5','_',NULL,NULL,NULL,NULL,NULL,'1',NULL,NULL,NULL),(585,1320,NULL,10,99,'4','31',NULL,'70','_',NULL,NULL,NULL,NULL,NULL,'1',NULL,'91107790','علياء المطيري'),(586,1321,NULL,10,99,'4','31',NULL,'70','_',NULL,NULL,NULL,NULL,NULL,'1',NULL,'91107790','علياء المطيري'),(587,1323,NULL,10,100,'3','348',NULL,'508','_',NULL,NULL,NULL,NULL,NULL,'1','غرب عبدالله مبارك','66266520','anfal'),(588,1324,NULL,8,19,'salmiya block 11','street 4',NULL,'building 510. 3rd floor. apartment 7','_',NULL,NULL,NULL,NULL,NULL,NULL,NULL,'99122551','maryam'),(589,1325,NULL,13,143,'11','2','9','44','_',NULL,NULL,NULL,NULL,NULL,'1',NULL,'65529304','Salmah'),(590,1326,NULL,10,100,'3','348',NULL,'508','_',NULL,NULL,NULL,NULL,NULL,'1','غرب عبدالله مبارك','66266520','anfal'),(591,1330,NULL,8,51,'2','234',NULL,'209','_',NULL,NULL,NULL,NULL,NULL,NULL,NULL,'55529051','Anwar'),(592,1287,NULL,9,79,'٣','١٨','لايوج.','٩','_',NULL,NULL,NULL,NULL,NULL,'1','لايوجد','55235526','ام ناصر المري'),(593,1335,NULL,10,88,'10','1','2','24','_',NULL,NULL,NULL,NULL,NULL,NULL,NULL,'65965525','اريج'),(594,1334,NULL,11,115,'٢','٢٢٠','ازرق٣١','الدور ١','١',NULL,NULL,NULL,NULL,NULL,NULL,NULL,'56650011','مضاوي'),(595,1333,NULL,9,79,'3','13','لايوجد','15','الاول',NULL,NULL,NULL,NULL,NULL,'3','لايوج','55235526','omnaser'),(596,1341,NULL,9,79,'٣','١٨','لايوج.','٩','_',NULL,NULL,NULL,NULL,NULL,'1','لايوجد','55235526','ام ناصر المري'),(597,1344,NULL,10,91,'r','w','e','d','_',NULL,NULL,NULL,NULL,NULL,'1',NULL,'60004861','amal'),(598,1343,NULL,11,102,'6','11',NULL,'15','_',NULL,NULL,NULL,NULL,NULL,'1','يوصل الضهر','61110879','ذكرى'),(599,1342,NULL,10,81,'5','48','0','3','_',NULL,NULL,NULL,NULL,NULL,'1',NULL,'50144411','ابرار'),(600,1348,NULL,13,142,'2','18',NULL,'17','_',NULL,NULL,NULL,NULL,NULL,'1',NULL,'97748236','بتول الحداد'),(601,1327,NULL,9,60,'1','7','-','357','_',NULL,NULL,NULL,NULL,NULL,'1','-','66570707','anfal'),(602,1350,NULL,8,49,'5','475',NULL,'511','_',NULL,NULL,NULL,NULL,NULL,'1',NULL,'98007555','نوره'),(603,1351,NULL,29,380,'bccccv','ff','hh','56764445677777','_',NULL,NULL,NULL,NULL,NULL,'1',NULL,'556688528','abdelrahman'),(604,1356,NULL,8,42,'5','6',NULL,'46','_',NULL,NULL,NULL,NULL,NULL,'1',NULL,'66720016','reem'),(605,1360,NULL,9,62,'9','22',NULL,'19','_',NULL,NULL,NULL,NULL,NULL,'1',NULL,'94460966','Deema Alhujailan'),(606,1364,NULL,8,30,'1','18',NULL,'29','_',NULL,NULL,NULL,NULL,NULL,'1',NULL,'51155746','Salha'),(607,1365,NULL,8,30,'1','18',NULL,'29','_',NULL,NULL,NULL,NULL,NULL,'1',NULL,'51155746','Salha'),(608,1367,NULL,11,108,'4','8','-','87','2',NULL,NULL,NULL,NULL,NULL,NULL,NULL,'60006774','خلود المطيري'),(609,1368,NULL,10,100,'6','616','-','4','2',NULL,NULL,NULL,NULL,NULL,'3','-','98922631','muonra'),(610,1369,NULL,10,100,'6','616','-','4','2',NULL,NULL,NULL,NULL,NULL,'3','-','98922631','muonra'),(611,447,NULL,27,339,'الدمام البديع','ابو نورة','ورا ستر بوكس','12','_',NULL,NULL,NULL,NULL,NULL,'1','قريب من صدليه النهدي','501426758','ملاك'),(612,1371,NULL,9,61,'1','169',NULL,'706','_',NULL,NULL,NULL,NULL,NULL,NULL,NULL,'60922088','Latifa'),(613,1374,NULL,12,135,'4','413',NULL,'3','_',NULL,NULL,NULL,NULL,NULL,NULL,NULL,'98054441','retaj'),(614,1375,NULL,9,73,'1','121','0','3','_',NULL,NULL,NULL,NULL,NULL,'1',NULL,'91113310','latifa'),(615,1378,NULL,10,88,'11','4','2','1','_',NULL,NULL,NULL,NULL,NULL,'1',NULL,'99337673','ام سعود'),(616,1380,NULL,12,135,'1','121','0','567','2',NULL,NULL,NULL,NULL,NULL,'3',NULL,'66667660','زهره'),(617,1386,NULL,13,140,'3','36',NULL,'16','_',NULL,NULL,NULL,NULL,NULL,NULL,NULL,'69099669','ZAHRA'),(618,1387,NULL,8,49,'7','777',NULL,'313','_',NULL,NULL,NULL,NULL,NULL,'1','شقه رقم ١ الدور1','97991258','نوره'),(619,1389,NULL,37,652,'block 333','road 3314','umalhassam','733','_',NULL,NULL,NULL,NULL,NULL,'1',NULL,'39239523','eman alsadder'),(620,1391,NULL,10,100,'2','231',NULL,'5','_',NULL,NULL,NULL,NULL,NULL,'1',NULL,'55089484','حوراء'),(621,1395,NULL,11,102,'6','16','/','16','_',NULL,NULL,NULL,NULL,NULL,NULL,NULL,'55494140','هنوف'),(622,1396,NULL,11,102,'6','16','/','16','_',NULL,NULL,NULL,NULL,NULL,NULL,NULL,'55494140','هنوف'),(623,1399,NULL,13,151,'5','8',NULL,'6','_',NULL,NULL,NULL,NULL,NULL,NULL,NULL,'66014307','شريفه'),(624,1275,NULL,9,57,'7','13',NULL,'87','_',NULL,NULL,NULL,NULL,NULL,'1',NULL,'50082100','nagham'),(625,1401,NULL,12,128,'3','1',NULL,'16','_',NULL,NULL,NULL,NULL,NULL,'1',NULL,'96017444','هناء'),(626,1405,NULL,8,39,'4','48',NULL,'9','_',NULL,NULL,NULL,NULL,NULL,'1',NULL,'99880039','Nedaa alholi'),(627,1403,NULL,9,52,'قطعه 2','شارع 17',NULL,'19','2',NULL,NULL,NULL,NULL,NULL,'3',NULL,'90905231','haya'),(628,1408,NULL,12,135,'4','411',NULL,'29','_',NULL,NULL,NULL,NULL,NULL,NULL,NULL,'94455462','wafaa alqattan'),(629,1409,NULL,8,21,'3','bin missbah',NULL,'8','_',NULL,NULL,NULL,NULL,NULL,'1',NULL,'98867566','mohammad hattab'),(630,1411,NULL,11,108,'3','3',NULL,'214','_',NULL,NULL,NULL,NULL,NULL,NULL,NULL,'55037783','sara'),(631,1406,NULL,12,133,'10','1',NULL,'245','_',NULL,NULL,NULL,NULL,NULL,'1','floor 3-apartment 16- side B','55846399','Maryam Habib'),(632,1414,NULL,9,76,'٢','٢٢٥','لا','١٠١','_',NULL,NULL,NULL,NULL,NULL,'1','توصيل العصر أفضل','66032460','فاطمة الزنكوي'),(633,1394,NULL,12,133,'٤','٣',NULL,'١٤٩','٢',NULL,NULL,NULL,NULL,NULL,NULL,NULL,NULL,NULL),(634,1416,NULL,13,151,'5','11',NULL,'9','_',NULL,NULL,NULL,NULL,NULL,'1',NULL,'99725275','zahra'),(635,1419,NULL,11,102,'٦','٩',NULL,'٨٣','_',NULL,NULL,NULL,NULL,NULL,'1',NULL,'98976779','هاشميه'),(636,1421,NULL,13,140,'7','17',NULL,'12','_',NULL,NULL,NULL,NULL,NULL,'1',NULL,'90908075',NULL),(637,1425,NULL,11,115,'٣','٣١٧',NULL,'٣','_',NULL,NULL,NULL,NULL,NULL,'1','سعد العبدالله قطعة ٣منزل٣شارع٣١٧ الطابق٢ شقة١','94036163','مروة'),(638,1426,NULL,11,115,'٣','٣١٧',NULL,'٣','_',NULL,NULL,NULL,NULL,NULL,'1','سعد العبدالله قطعه٣منزل٣شارع٣١٧ الطابق٢شقة١','94036163','مروة'),(639,1431,NULL,12,124,'12','almoghera',NULL,'22','4',NULL,NULL,NULL,NULL,NULL,'3','same building of sandwich restaurant','94776543','مريم'),(640,1432,NULL,11,107,'9','917',NULL,'294','_',NULL,NULL,NULL,NULL,NULL,'1',NULL,'96705449','Amna'),(641,1434,NULL,13,140,'8','8',NULL,'9','_',NULL,NULL,NULL,NULL,NULL,NULL,NULL,'51733029','Ohoud Khaled'),(642,818,NULL,11,115,'3','325','17','200','_',NULL,NULL,NULL,NULL,NULL,NULL,NULL,'66544631','غازي السعيدي'),(643,1430,NULL,8,30,'1','18',NULL,'29','_',NULL,NULL,NULL,NULL,NULL,'1',NULL,'51155746','Salha'),(644,1446,NULL,12,133,'6','4',NULL,'41','ground',NULL,NULL,NULL,NULL,NULL,'3',NULL,'66956035','Summer Habbani'),(645,1170,NULL,8,42,'2','1',NULL,'24','_',NULL,NULL,NULL,NULL,NULL,NULL,NULL,'99119219','shaikha'),(646,1451,NULL,9,73,'1','121','0','3','_',NULL,NULL,NULL,NULL,NULL,'1',NULL,'91113310','latifa'),(647,542,NULL,9,76,'B5','505',NULL,'82','_',NULL,NULL,NULL,NULL,NULL,'1',NULL,'65103029','mariam'),(648,1468,NULL,8,30,'1','18',NULL,'29','_',NULL,NULL,NULL,NULL,NULL,'1',NULL,'51155746','Salha'),(649,1469,NULL,8,30,'1','18',NULL,'29','_',NULL,NULL,NULL,NULL,NULL,'1',NULL,'51155746','Salha'),(650,1470,NULL,8,30,'1','18',NULL,'29','_',NULL,NULL,NULL,NULL,NULL,'1',NULL,'51155746','Salha'),(651,1472,NULL,13,145,'5','503',NULL,'66','2',NULL,NULL,NULL,NULL,NULL,NULL,NULL,'99422616','najat alfailkawi'),(652,1477,NULL,11,108,'4','8','-','87','_',NULL,NULL,NULL,NULL,NULL,NULL,NULL,'60006774','خلود المطيري'),(653,420,NULL,9,79,'6','12',NULL,'6','_',NULL,NULL,NULL,NULL,NULL,'1',NULL,'60793919','امنه الملا'),(654,1478,NULL,9,79,'6','12',NULL,'6','_',NULL,NULL,NULL,NULL,NULL,'1',NULL,'60793919','امنه الملا'),(655,1479,NULL,9,79,'6','12',NULL,'6','_',NULL,NULL,NULL,NULL,NULL,'1',NULL,'60793919','امنه الملا'),(656,1480,NULL,10,83,'1','114','.','8','_',NULL,NULL,NULL,NULL,NULL,'1',NULL,'99899125','عمشه'),(657,1482,NULL,10,83,'1','122',NULL,'8','_',NULL,NULL,NULL,NULL,NULL,'1',NULL,'51253891','فاطمة'),(658,1483,NULL,10,83,'1','122',NULL,'8','_',NULL,NULL,NULL,NULL,NULL,'1',NULL,'51253891','فاطمة'),(659,1485,NULL,9,60,'4','5',NULL,'324','_',NULL,NULL,NULL,NULL,NULL,'1',NULL,'50167353','refah'),(660,1459,NULL,12,126,'6','8',NULL,'4','_',NULL,NULL,NULL,NULL,NULL,'1',NULL,'98863009','fatma'),(661,1492,NULL,12,126,'6','8',NULL,'4','_',NULL,NULL,NULL,NULL,NULL,'1',NULL,'98863009','fatma'),(662,1328,NULL,8,38,'3','sultan alkulaib',NULL,'34','2',NULL,NULL,NULL,NULL,NULL,'3',NULL,'92223631','shahad'),(663,1494,NULL,8,39,'4','48',NULL,'9','_',NULL,NULL,NULL,NULL,NULL,'1',NULL,'99880039','Nedaa alholi'),(664,1501,NULL,13,149,'8','801',NULL,'492','سرداب',NULL,NULL,NULL,NULL,NULL,NULL,NULL,'66969638','shaimaa'),(665,1502,NULL,13,149,'8','801',NULL,'492','سرداب',NULL,NULL,NULL,NULL,NULL,NULL,NULL,'66969638','shaimaa'),(666,1503,NULL,13,149,'8','801',NULL,'492','سرداب',NULL,NULL,NULL,NULL,NULL,NULL,NULL,'66969638','shaimaa'),(667,1504,NULL,13,149,'8','801',NULL,'492','سرداب',NULL,NULL,NULL,NULL,NULL,NULL,NULL,'66969638','shaimaa'),(668,545,NULL,11,102,'8','16',NULL,'13','_',NULL,NULL,NULL,NULL,NULL,NULL,NULL,'50442174','Reema Alhmad'),(669,1507,NULL,11,102,'8','16',NULL,'13','_',NULL,NULL,NULL,NULL,NULL,NULL,NULL,'50442174','Reema Alhmad'),(670,1508,NULL,11,102,'8','16',NULL,'13','_',NULL,NULL,NULL,NULL,NULL,NULL,NULL,'50442174','Reema Alhmad'),(671,1509,NULL,11,102,'8','16',NULL,'13','_',NULL,NULL,NULL,NULL,NULL,NULL,NULL,'50442174','Reema Alhmad'),(672,1510,NULL,11,102,'8','16',NULL,'13','_',NULL,NULL,NULL,NULL,NULL,NULL,NULL,'50442174','Reema Alhmad'),(673,1490,NULL,13,140,'7','22',NULL,'18','_',NULL,NULL,NULL,NULL,NULL,'1',NULL,'60784055','عثمان'),(674,1108,NULL,12,136,'3','309',NULL,'203','_',NULL,NULL,NULL,NULL,NULL,'1','call whatsapp','69996858','dalal'),(675,1513,NULL,12,124,'6','5','7','2','2',NULL,NULL,NULL,NULL,NULL,NULL,NULL,'60444330','تيماء عطيه'),(676,1514,NULL,8,39,'1','Street Abdullah Al Khalaf Al Saeed','-','13','2',NULL,NULL,NULL,NULL,NULL,NULL,NULL,'55242118','Shaikha'),(677,1515,NULL,8,42,'3','10',NULL,'18','_',NULL,NULL,NULL,NULL,NULL,'1',NULL,'66990933','رنا السواحة'),(678,1517,NULL,8,39,'1','Street Abdullah Al Khalaf Al Saeed','-','13','2',NULL,NULL,NULL,NULL,NULL,NULL,NULL,'55242118','Shaikha'),(679,1519,NULL,13,142,'2','18',NULL,'17','_',NULL,NULL,NULL,NULL,NULL,'1',NULL,'97748236','بتول الحداد'),(680,1520,NULL,13,140,'3','30',NULL,'4','_',NULL,NULL,NULL,NULL,NULL,'1',NULL,'51589953','الحور المطيري'),(681,1527,NULL,9,76,'٢','٢٢٥','لا','١٠١','_',NULL,NULL,NULL,NULL,NULL,'1','توصيل العصر أفضل','66032460','فاطمة الزنكوي'),(682,1528,NULL,13,151,'8','6','0','18','_',NULL,NULL,NULL,NULL,NULL,'1',NULL,'50771744','noura'),(683,1529,NULL,10,88,'10','3',NULL,'22','_',NULL,NULL,NULL,NULL,NULL,NULL,NULL,'66365031','home'),(684,1534,NULL,12,126,'6','4','0','12','_',NULL,NULL,NULL,NULL,NULL,NULL,NULL,'60004861','amal'),(685,1535,NULL,12,124,'4','الدمنة',NULL,'8','_',NULL,NULL,NULL,NULL,NULL,NULL,NULL,'96666702','احمد'),(686,1536,NULL,12,126,'6','4','0','12','_',NULL,NULL,NULL,NULL,NULL,NULL,NULL,'60004861','amal'),(687,1538,NULL,9,72,'Block 6','Street 28',NULL,'House 7','_',NULL,NULL,NULL,NULL,NULL,'1','Please make sure the power (-1.25)  doesn’t burn the eyes','50883211','Bebe Alajran'),(688,1539,NULL,13,140,'7','17',NULL,'12','_',NULL,NULL,NULL,NULL,NULL,'1',NULL,'90908075','اميره القبندي'),(689,1541,NULL,12,125,'2','20',NULL,'13','_',NULL,NULL,NULL,NULL,NULL,'1','الدور 0 شقه 11','65101866','mayar'),(690,1542,NULL,11,108,'4','8','-','87','_',NULL,NULL,NULL,NULL,NULL,NULL,NULL,'60006774','خلود المطيري'),(691,1543,NULL,10,92,'block 2','street 78','building 5','floor 1 and flat number 53','_',NULL,NULL,NULL,NULL,NULL,'1','my building name is MASHALLAH','98518432','Mrs Angel'),(692,1544,NULL,10,92,'block 2','street 78','building 5','floor 1 and flat number 53','_',NULL,NULL,NULL,NULL,NULL,'1','my building name is MASHALLAH','98518432','Mrs Angel'),(693,1545,NULL,11,115,'4','423',NULL,'62','_',NULL,NULL,NULL,NULL,NULL,NULL,NULL,'55556629','om fares'),(694,1546,NULL,11,115,'4','423',NULL,'62','_',NULL,NULL,NULL,NULL,NULL,NULL,NULL,'55556629','om fares'),(695,1549,NULL,13,146,'1','104',NULL,'344','_',NULL,NULL,NULL,NULL,NULL,'1',NULL,'95557595','manal'),(696,1551,NULL,10,83,'4','414',NULL,'281','_',NULL,NULL,NULL,NULL,NULL,'1','32منزل رقم','99707366','حصه المطيري'),(697,1555,NULL,8,49,'7','727',NULL,'960','_',NULL,NULL,NULL,NULL,NULL,NULL,NULL,'55155357','shrouq'),(698,1488,NULL,10,83,'1','123','0','32','_',NULL,NULL,NULL,NULL,NULL,'1',NULL,'66048850','علي'),(699,1563,NULL,12,124,'3','9',NULL,'2','_',NULL,NULL,NULL,NULL,NULL,'1','فوق مطعم زمزم دور ٧ شقه ٣٥','55930071','marwa ahmed'),(700,1244,NULL,9,76,'3','320',NULL,'16','_',NULL,NULL,NULL,NULL,NULL,'1','صباح الاحمد الاولى .. الرجاء تواصل وتساب فقط','66610176','كادي'),(701,1565,NULL,13,140,'3','36',NULL,'16','_',NULL,NULL,NULL,NULL,NULL,NULL,NULL,'69099669','ZAHRA'),(702,1569,NULL,8,19,'salmiya block 11','street 4',NULL,'building 510. 3rd floor. apartment 7','_',NULL,NULL,NULL,NULL,NULL,NULL,NULL,'99122551','maryam'),(703,1571,NULL,8,39,'4','48',NULL,'9','_',NULL,NULL,NULL,NULL,NULL,'1',NULL,'99880039','Nedaa alholi'),(704,1572,NULL,8,39,'4','48',NULL,'9','_',NULL,NULL,NULL,NULL,NULL,'1',NULL,'99880039','Nedaa alholi'),(705,1573,NULL,8,39,'4','48',NULL,'9','_',NULL,NULL,NULL,NULL,NULL,'1',NULL,'99880039','Nedaa alholi'),(706,1574,NULL,9,76,'٢','٢٢٥','لا','١٠١','_',NULL,NULL,NULL,NULL,NULL,'1','توصيل العصر أفضل','66032460','فاطمة الزنكوي'),(707,1578,NULL,8,42,'5','6',NULL,'46','_',NULL,NULL,NULL,NULL,NULL,'1',NULL,'66720016','reem'),(708,1576,NULL,8,51,'1','149',NULL,'270','_',NULL,NULL,NULL,NULL,NULL,'1','أرجو الاتصال قبل التوصيل','99602993','ندى'),(709,1579,NULL,12,125,'11','113',NULL,'16','_',NULL,NULL,NULL,NULL,NULL,NULL,NULL,NULL,NULL),(710,1552,NULL,13,140,'8','10',NULL,'35','_',NULL,NULL,NULL,NULL,NULL,'1',NULL,'96945222','Anwar subah'),(711,1587,NULL,13,146,'6','185',NULL,'325','_',NULL,NULL,NULL,NULL,NULL,NULL,NULL,'99995026','ياسمين'),(712,1590,NULL,13,143,'11','2','9','44','_',NULL,NULL,NULL,NULL,NULL,NULL,NULL,'65529304','salma'),(713,1591,NULL,13,146,'1','114',NULL,'493','أرضي',NULL,NULL,NULL,NULL,NULL,'3',NULL,'97575502','أم محمد'),(714,1585,NULL,14,152,'1','1','1','1','_',NULL,NULL,NULL,NULL,NULL,'1','لا يوجد','996633669','علا'),(715,1160,NULL,12,133,'8','3','0','49','_',NULL,NULL,NULL,NULL,NULL,NULL,NULL,'55919898','manal'),(716,1540,NULL,10,91,'5','1','11','3','_',NULL,NULL,NULL,NULL,NULL,'1',NULL,'55113454','عهود'),(717,1596,NULL,10,91,'2','1','6','32','_',NULL,NULL,NULL,NULL,NULL,'1','الرجاء سرعة التوصيل والاتصال عند الوصول','67774047','سارة العتيبي'),(718,1597,NULL,10,100,'7','709','block7','107','_',NULL,NULL,NULL,NULL,NULL,'1','المنطقة غرب عبدالله مبارك***','94141353','رغداء'),(719,1257,NULL,10,83,'4','423',NULL,'42','1',NULL,NULL,NULL,NULL,NULL,NULL,NULL,'99919363','Mona'),(720,1605,NULL,10,83,'4','423',NULL,'42','1',NULL,NULL,NULL,NULL,NULL,NULL,NULL,'99919363','Mona'),(721,1608,NULL,18,202,'الفصيل','شارع الفصيل','منطقة الفصيل','بيت رقم 143/28','_',NULL,NULL,NULL,NULL,NULL,'1','توصيل سريع توصيل مجانا','0567111263','حمد عيد راشد المسماري'),(722,1609,NULL,13,145,'5','513',NULL,'8','2',NULL,NULL,NULL,NULL,NULL,'3',NULL,'60624004','Hameda Alfeeli'),(723,1610,NULL,13,145,'5','513',NULL,'8','2',NULL,NULL,NULL,NULL,NULL,'3',NULL,'60624004','Hameda Alfeeli'),(724,1603,NULL,12,133,'٤','٣',NULL,'١٤٩','٢',NULL,NULL,NULL,NULL,NULL,NULL,NULL,NULL,NULL),(725,1618,NULL,9,52,'4','15',NULL,'9','_',NULL,NULL,NULL,NULL,NULL,'1',NULL,'99173399','Amina'),(726,1489,NULL,12,125,'10','ابو حنيفه','100','15','_',NULL,NULL,NULL,NULL,NULL,NULL,NULL,'99586781','jumana'),(727,1619,NULL,12,125,'10','ابو حنيفه','100','15','_',NULL,NULL,NULL,NULL,NULL,NULL,NULL,'99586781','jumana'),(728,1620,NULL,12,125,'10','ابو حنيفه','100','15','_',NULL,NULL,NULL,NULL,NULL,NULL,NULL,'99586781','jumana'),(729,1584,NULL,12,125,'4','45','-','23','_',NULL,NULL,NULL,NULL,NULL,'1','الدور ١','51333527','shahad'),(730,1621,NULL,13,142,'2','18',NULL,'17','_',NULL,NULL,NULL,NULL,NULL,'1',NULL,'97748236','بتول الحداد'),(731,1627,NULL,13,146,'1','104',NULL,'344','_',NULL,NULL,NULL,NULL,NULL,NULL,NULL,'95557595','manal'),(732,1554,NULL,12,135,'4','413',NULL,'3','_',NULL,NULL,NULL,NULL,NULL,NULL,NULL,'98054441','retaj'),(733,1629,NULL,12,138,'3','318',NULL,'61','2',NULL,NULL,NULL,NULL,NULL,NULL,NULL,'96733340','Nadiah'),(734,922,NULL,11,115,'7','726','1','16','_',NULL,NULL,NULL,NULL,NULL,NULL,NULL,'55900031','amira'),(735,1636,NULL,8,19,'salmiya block 11','street 4',NULL,'building 510. 3rd floor. apartment 7','_',NULL,NULL,NULL,NULL,NULL,NULL,NULL,'99122551','maryam'),(736,1637,NULL,8,19,'salmiya block 11','street 4',NULL,'building 510. 3rd floor. apartment 7','_',NULL,NULL,NULL,NULL,NULL,NULL,NULL,'99122551','maryam'),(737,1634,NULL,8,49,'7','732',NULL,'1013','_',NULL,NULL,NULL,NULL,NULL,'1','اتمنى يكون التوصيل اليوم الساعه ٤ العصر','96040090','ghezlan alshammari'),(738,1642,NULL,9,54,'٥','٦',NULL,'١٤','_',NULL,NULL,NULL,NULL,NULL,'1',NULL,'99836337','حصة العتيبي'),(739,1632,NULL,13,146,'1','104',NULL,'344','_',NULL,NULL,NULL,NULL,NULL,NULL,NULL,'95557595','manal'),(740,1647,NULL,11,115,'7','726','1','16','_',NULL,NULL,NULL,NULL,NULL,NULL,NULL,'55900031','amira'),(741,1652,NULL,8,42,'2','1',NULL,'24','_',NULL,NULL,NULL,NULL,NULL,NULL,NULL,'99119219','shaikha'),(742,697,NULL,12,122,'٢','موسى بن نصير',NULL,'١٠','٢',NULL,NULL,NULL,NULL,NULL,'3','مطعم نعمة الخيرات','67798674','عيسى العبدالجليل'),(743,1649,NULL,10,100,'9','907',NULL,'1','_',NULL,NULL,NULL,NULL,NULL,NULL,NULL,'98985430','ons Alnasser'),(744,1638,NULL,13,142,'4','19',NULL,'47','_',NULL,NULL,NULL,NULL,NULL,'1',NULL,'97780979','om bdr'),(745,1657,NULL,13,143,'10','1','12','36','_',NULL,NULL,NULL,NULL,NULL,'1',NULL,'60655668','kawthar'),(746,1661,NULL,10,100,'2','231',NULL,'5','_',NULL,NULL,NULL,NULL,NULL,'1',NULL,'55089484','khadija'),(747,1522,NULL,11,106,'3','9','5','5','_',NULL,NULL,NULL,NULL,NULL,'1','بكرا يوصل الطلب ظروري','96701828','ام عزوز'),(748,1663,NULL,9,52,'قطعه 2','شارع 17',NULL,'19','2',NULL,NULL,NULL,NULL,NULL,'3',NULL,'90905231','haya'),(749,1666,NULL,8,34,'2','27','-','84','_',NULL,NULL,NULL,NULL,NULL,'1','the back door','99963004','haya alothman'),(750,1667,NULL,9,73,'1','121','0','3','_',NULL,NULL,NULL,NULL,NULL,'1',NULL,'91113310','latifa'),(751,1669,NULL,8,34,'3','32','32','7','_',NULL,NULL,NULL,NULL,NULL,'1',NULL,'60000979','anfal'),(752,1673,NULL,13,141,'1','13',NULL,'19','_',NULL,NULL,NULL,NULL,NULL,'1','اذا ممكن التوصيل اليوم ضروري','50366442','sara'),(753,1674,NULL,13,143,'7','1','3','16','_',NULL,NULL,NULL,NULL,NULL,NULL,NULL,'99225603','Heba Mubarak'),(754,1677,NULL,12,127,'2','3',NULL,'8','_',NULL,NULL,NULL,NULL,NULL,'1',NULL,'678587458','حنان'),(755,1679,NULL,12,127,'2','3',NULL,'8','_',NULL,NULL,NULL,NULL,NULL,'1',NULL,'678587458','حنان'),(756,1680,NULL,9,76,'3','320',NULL,'16','_',NULL,NULL,NULL,NULL,NULL,'1','صباح الاحمد الاولى .. الرجاء تواصل وتساب فقط','66610176','كادي'),(757,1681,NULL,8,49,'4','70',NULL,'31/70','4',NULL,NULL,NULL,NULL,NULL,'3',NULL,'66557992','maha alwazzan'),(758,1614,NULL,12,133,'5','10',NULL,'31','1',NULL,NULL,NULL,NULL,NULL,'3','الاتصال عند الوصول','96787951','mariam'),(759,1684,NULL,13,143,'6','1','14','25','_',NULL,NULL,NULL,NULL,NULL,'1','floor one . apartment 1','96654225','shaikha'),(760,1672,NULL,9,76,'٢','٢٢٥','لا','١٠١','_',NULL,NULL,NULL,NULL,NULL,'1','توصيل العصر أفضل','66032460','فاطمة الزنكوي'),(761,1690,NULL,12,137,'2','220','-','9','_',NULL,NULL,NULL,NULL,NULL,'1',NULL,'96992008','dlal alqenaei'),(762,1050,NULL,17,217,'دبي','Barsha south, Arjan','La fountana building','417','_',NULL,NULL,NULL,NULL,NULL,'1',NULL,'543652897','Djamila'),(763,1695,NULL,17,217,'دبي','Barsha south, Arjan','La fountana building','417','_',NULL,NULL,NULL,NULL,NULL,'1',NULL,'543652897','Djamila'),(764,1697,NULL,8,34,'3','32','32','7','_',NULL,NULL,NULL,NULL,NULL,'1',NULL,'60000979','anfal'),(765,1698,NULL,8,34,'3','32','32','7','_',NULL,NULL,NULL,NULL,NULL,'1',NULL,'60000979','anfal'),(766,1686,NULL,16,172,'شعبة الوطاه','17','000000','19','_',NULL,NULL,NULL,NULL,NULL,'1',NULL,'0549933322','wadima alkaabi'),(767,1701,NULL,16,172,'شعبة الوطاه','17','000000','19','_',NULL,NULL,NULL,NULL,NULL,'1',NULL,'0549933322','wadima alkaabi'),(768,1704,NULL,8,34,'1','14','18','18','_',NULL,NULL,NULL,NULL,NULL,'1',NULL,'99115779','Safaa Shehab'),(769,1706,NULL,10,91,'7','1','4','32','_',NULL,NULL,NULL,NULL,NULL,'1',NULL,'55113454','عهود'),(770,1714,NULL,9,79,'1','26',NULL,'9','_',NULL,NULL,NULL,NULL,NULL,'1','الرجاء قبل الساعه 4','55538790','ساره'),(771,1715,NULL,9,79,'1','26',NULL,'9','_',NULL,NULL,NULL,NULL,NULL,'1','الرجاء قبل الساعه 4','55538790','ساره'),(772,1718,NULL,11,115,'٣','٣١٧',NULL,'٣','_',NULL,NULL,NULL,NULL,NULL,'1','سعد العبدالله قطعه٣منزل٣شارع٣١٧ الطابق٢شقة١','94036163','مروة'),(773,1720,NULL,10,96,'2','14','0','22','_',NULL,NULL,NULL,NULL,NULL,'1','Delivery tomorrow morning','55558310','سعاد'),(774,1705,NULL,13,140,'4','17','0','17','0',NULL,NULL,NULL,NULL,NULL,'3',NULL,'67672117','…..'),(775,1726,NULL,10,88,'3','5',NULL,'13','_',NULL,NULL,NULL,NULL,NULL,'1',NULL,'96660341','ام خالد'),(776,1729,NULL,10,83,'1','101','0','11','_',NULL,NULL,NULL,NULL,NULL,'1',NULL,'97686778','noura'),(777,1721,NULL,13,143,'8','1','7','25','_',NULL,NULL,NULL,NULL,NULL,'1',NULL,'99443473','مريم العجمي'),(778,1730,NULL,9,73,'1','121','0','3','_',NULL,NULL,NULL,NULL,NULL,'1',NULL,'91113310','latifa'),(779,1732,NULL,8,49,'2','246',NULL,'184','_',NULL,NULL,NULL,NULL,NULL,'1',NULL,'55990420','هاجر العنزي'),(780,1739,NULL,8,42,'5','6',NULL,'46','_',NULL,NULL,NULL,NULL,NULL,'1',NULL,'66720016','reem'),(781,1370,NULL,13,143,'9','2','2','36','_',NULL,NULL,NULL,NULL,NULL,'1',NULL,'55619898','مها الخلف'),(782,1742,NULL,11,108,'2','18','3','481','_',NULL,NULL,NULL,NULL,NULL,'1',NULL,'96099917','عفاف'),(783,1745,NULL,10,83,'3','315','0','3','_',NULL,NULL,NULL,NULL,NULL,'1','CALL FIRST','99701495','Nour'),(784,1750,NULL,12,124,'12','almoghera',NULL,'22','4',NULL,NULL,NULL,NULL,NULL,'3','same building of sandwich restaurant','94776543','مريم'),(785,1753,NULL,13,142,'2','18',NULL,'17','_',NULL,NULL,NULL,NULL,NULL,'1',NULL,'97748236','بتول الحداد'),(786,1756,NULL,9,79,'٨','٤','٠','٢٠','_',NULL,NULL,NULL,NULL,NULL,'1',NULL,'55738380','ورود عبدالعزيز'),(787,1635,NULL,10,91,'5','1','13','45','_',NULL,NULL,NULL,NULL,NULL,NULL,NULL,'51539305','hajar'),(788,931,NULL,10,95,'4','3',NULL,'63','_',NULL,NULL,NULL,NULL,NULL,NULL,NULL,'96970870','sara'),(789,1763,NULL,12,138,'3','318',NULL,'61','2',NULL,NULL,NULL,NULL,NULL,NULL,NULL,'96733340','Nadiah'),(790,1764,NULL,8,41,'2','7',NULL,'60','_',NULL,NULL,NULL,NULL,NULL,'1',NULL,'66083438','reem'),(791,1765,NULL,12,125,'11','113',NULL,'16','_',NULL,NULL,NULL,NULL,NULL,NULL,NULL,NULL,NULL),(792,1748,NULL,12,138,'2','207',NULL,'8','_',NULL,NULL,NULL,NULL,NULL,NULL,NULL,'94402293','Maha'),(793,1668,NULL,14,152,'1','1','1','1','_',NULL,NULL,NULL,NULL,NULL,'1','لا يوجد','996633669','علا'),(794,1734,NULL,10,91,'3','1','7','7','_',NULL,NULL,NULL,NULL,NULL,'1',NULL,'97716011','afrah almutairi'),(795,1769,NULL,8,39,'4','48',NULL,'9','_',NULL,NULL,NULL,NULL,NULL,'1',NULL,'99880039','Nedaa alholi'),(796,1770,NULL,8,30,'1','18',NULL,'29','_',NULL,NULL,NULL,NULL,NULL,'1',NULL,'51155746','Salha'),(797,1772,NULL,11,108,'4','8','-','87','_',NULL,NULL,NULL,NULL,NULL,NULL,NULL,'60006774','خلود المطيري'),(798,1707,NULL,12,131,'١١','جابر بن حيان',NULL,'٤٠','_',NULL,NULL,NULL,NULL,NULL,'1','الدور ٥ شقة ١٩ امام محل الزهور بان فلاورز','98011419','سالي ماهر'),(799,1775,NULL,13,140,'3','36',NULL,'16','_',NULL,NULL,NULL,NULL,NULL,NULL,NULL,'69099669','ZAHRA'),(800,1776,NULL,10,91,'5','1','11','3','_',NULL,NULL,NULL,NULL,NULL,'1',NULL,'55113454','عهود'),(801,1777,NULL,10,91,'5','1','11','3','_',NULL,NULL,NULL,NULL,NULL,'1',NULL,'55113454','عهود'),(802,1778,NULL,10,91,'5','1','11','3','_',NULL,NULL,NULL,NULL,NULL,'1',NULL,'55113454','عهود'),(803,649,NULL,10,91,'6','الاول','١','١٧','_',NULL,NULL,NULL,NULL,NULL,'1',NULL,'69604869','دلال'),(804,1779,NULL,10,85,'10','Nasser aljabri',NULL,'155','_',NULL,NULL,NULL,NULL,NULL,'1',NULL,'96996559','نوره'),(805,1786,NULL,12,137,'2','220','-','9','_',NULL,NULL,NULL,NULL,NULL,'1',NULL,'96992008','dlal alqenaei'),(806,1790,NULL,11,108,'2','18','3','481','_',NULL,NULL,NULL,NULL,NULL,'1',NULL,'96099917','عفاف'),(807,1792,NULL,8,39,'1','Street Abdullah Al Khalaf Al Saeed','-','13','2',NULL,NULL,NULL,NULL,NULL,NULL,NULL,'55242118','Shaikha'),(808,1766,NULL,13,140,'8','8',NULL,'9','_',NULL,NULL,NULL,NULL,NULL,NULL,NULL,'51733029','Ohoud Khaled');

--
