--
-- Host: localhost    Database: topappkw_aqar
-- ------------------------------------------------------


--
-- Current Database: `topappkw_aqar`
--


--
-- Table structure for table `arrival_prices`
--

CREATE TABLE `arrival_prices` (
  `id` int unsigned NOT NULL,
  `region_id` int DEFAULT NULL,
  `price` double DEFAULT NULL,
  `created_at` timestamp NULL DEFAULT NULL,
  `updated_at` timestamp NULL DEFAULT NULL,
  `user_id` int DEFAULT NULL
) ENGINE=InnoDB DEFAULT CHARSET=utf8mb4 COLLATE=utf8mb4_unicode_ci;

--
-- Dumping data for table `arrival_prices`
--

INSERT INTO `arrival_prices` (`id`, `region_id`, `price`, `created_at`, `updated_at`, `user_id`) VALUES (1,19,3,'2024-03-30 16:25:25','2024-03-30 16:25:26',345),(2,20,3,'2024-03-30 16:25:25','2024-03-30 16:25:26',345),(3,21,3,'2024-03-30 16:25:25','2024-03-30 16:25:26',345),(4,22,3,'2024-03-30 16:25:25','2024-03-30 16:25:26',345),(5,23,3,'2024-03-30 16:25:25','2024-03-30 16:25:26',345),(6,24,3,'2024-03-30 16:25:25','2024-03-30 16:25:26',345),(7,25,3,'2024-03-30 16:25:25','2024-03-30 16:25:26',345),(8,26,3,'2024-03-30 16:25:25','2024-03-30 16:25:26',345),(9,27,3,'2024-03-30 16:25:25','2024-03-30 16:25:26',345),(10,28,3,'2024-03-30 16:25:25','2024-03-30 16:25:26',345),(11,29,3,'2024-03-30 16:25:25','2024-03-30 16:25:26',345),(12,30,3,'2024-03-30 16:25:25','2024-03-30 16:25:26',345),(13,31,3,'2024-03-30 16:25:25','2024-03-30 16:25:26',345),(14,32,3,'2024-03-30 16:25:25','2024-03-30 16:25:26',345),(15,33,3,'2024-03-30 16:25:25','2024-03-30 16:25:26',345),(16,34,3,'2024-03-30 16:25:25','2024-03-30 16:25:26',345),(17,35,3,'2024-03-30 16:25:25','2024-03-30 16:25:26',345),(18,36,3,'2024-03-30 16:25:25','2024-03-30 16:25:26',345),(19,37,3,'2024-03-30 16:25:25','2024-03-30 16:25:26',345),(20,38,3,'2024-03-30 16:25:25','2024-03-30 16:25:26',345),(21,39,3,'2024-03-30 16:25:25','2024-03-30 16:25:26',345),(22,40,3,'2024-03-30 16:25:25','2024-03-30 16:25:26',345),(23,41,3,'2024-03-30 16:25:25','2024-03-30 16:25:26',345),(24,42,3,'2024-03-30 16:25:25','2024-03-30 16:25:26',345),(25,43,3,'2024-03-30 16:25:25','2024-03-30 16:25:26',345),(26,44,3,'2024-03-30 16:25:25','2024-03-30 16:25:26',345),(27,45,3,'2024-03-30 16:25:25','2024-03-30 16:25:26',345),(28,46,3,'2024-03-30 16:25:25','2024-03-30 16:25:26',345),(29,47,3,'2024-03-30 16:25:25','2024-03-30 16:25:26',345),(30,48,3,'2024-03-30 16:25:25','2024-03-30 16:25:26',345),(31,49,3,'2024-03-30 16:25:25','2024-03-30 16:25:26',345),(32,50,3,'2024-03-30 16:25:25','2024-03-30 16:25:26',345),(33,51,3,'2024-03-30 16:25:25','2024-03-30 16:25:26',345),(34,52,3,'2024-03-30 16:25:25','2024-03-30 16:25:26',345),(35,53,3,'2024-03-30 16:25:25','2024-03-30 16:25:26',345),(36,54,3,'2024-03-30 16:25:25','2024-03-30 16:25:26',345),(37,55,3,'2024-03-30 16:25:25','2024-03-30 16:25:26',345),(38,56,3,'2024-03-30 16:25:25','2024-03-30 16:25:26',345),(39,57,3,'2024-03-30 16:25:25','2024-03-30 16:25:26',345),(40,58,3,'2024-03-30 16:25:25','2024-03-30 16:25:26',345),(41,59,3,'2024-03-30 16:25:25','2024-03-30 16:25:26',345),(42,60,3,'2024-03-30 16:25:25','2024-03-30 16:25:26',345),(43,61,3,'2024-03-30 16:25:25','2024-03-30 16:25:26',345),(44,62,3,'2024-03-30 16:25:25','2024-03-30 16:25:26',345),(45,63,3,'2024-03-30 16:25:25','2024-03-30 16:25:26',345),(46,64,3,'2024-03-30 16:25:25','2024-03-30 16:25:26',345),(47,65,3,'2024-03-30 16:25:25','2024-03-30 16:25:26',345),(48,66,3,'2024-03-30 16:25:25','2024-03-30 16:25:26',345),(49,67,3,'2024-03-30 16:25:25','2024-03-30 16:25:26',345),(50,68,3,'2024-03-30 16:25:25','2024-03-30 16:25:26',345),(51,69,3,'2024-03-30 16:25:25','2024-03-30 16:25:26',345),(52,70,3,'2024-03-30 16:25:25','2024-03-30 16:25:26',345),(53,71,3,'2024-03-30 16:25:25','2024-03-30 16:25:26',345),(54,72,3,'2024-03-30 16:25:25','2024-03-30 16:25:27',345),(55,73,3,'2024-03-30 16:25:25','2024-03-30 16:25:27',345),(56,74,3,'2024-03-30 16:25:25','2024-03-30 16:25:27',345),(57,75,3,'2024-03-30 16:25:25','2024-03-30 16:25:27',345),(58,76,3,'2024-03-30 16:25:25','2024-03-30 16:25:27',345),(59,77,3,'2024-03-30 16:25:25','2024-03-30 16:25:27',345),(60,78,3,'2024-03-30 16:25:25','2024-03-30 16:25:27',345),(61,79,3,'2024-03-30 16:25:25','2024-03-30 16:25:27',345),(62,80,3,'2024-03-30 16:25:25','2024-03-30 16:25:27',345),(63,81,3,'2024-03-30 16:25:25','2024-03-30 16:25:27',345),(64,82,3,'2024-03-30 16:25:25','2024-03-30 16:25:27',345),(65,83,3,'2024-03-30 16:25:25','2024-03-30 16:25:27',345),(66,84,3,'2024-03-30 16:25:25','2024-03-30 16:25:27',345),(67,85,3,'2024-03-30 16:25:25','2024-03-30 16:25:27',345),(68,86,3,'2024-03-30 16:25:25','2024-03-30 16:25:27',345),(69,87,3,'2024-03-30 16:25:25','2024-03-30 16:25:27',345),(70,88,3,'2024-03-30 16:25:25','2024-03-30 16:25:27',345),(71,89,3,'2024-03-30 16:25:25','2024-03-30 16:25:27',345),(72,90,3,'2024-03-30 16:25:25','2024-03-30 16:25:27',345),(73,91,3,'2024-03-30 16:25:25','2024-03-30 16:25:27',345),(74,92,3,'2024-03-30 16:25:25','2024-03-30 16:25:27',345),(75,93,3,'2024-03-30 16:25:25','2024-03-30 16:25:27',345),(76,94,3,'2024-03-30 16:25:25','2024-03-30 16:25:27',345),(77,95,3,'2024-03-30 16:25:25','2024-03-30 16:25:27',345),(78,96,3,'2024-03-30 16:25:25','2024-03-30 16:25:27',345),(79,97,3,'2024-03-30 16:25:25','2024-03-30 16:25:27',345),(80,98,3,'2024-03-30 16:25:25','2024-03-30 16:25:27',345),(81,99,3,'2024-03-30 16:25:25','2024-03-30 16:25:27',345),(82,100,3,'2024-03-30 16:25:25','2024-03-30 16:25:27',345),(83,101,3,'2024-03-30 16:25:25','2024-03-30 16:25:27',345),(84,102,3,'2024-03-30 16:25:25','2024-03-30 16:25:27',345),(85,103,3,'2024-03-30 16:25:25','2024-03-30 16:25:27',345),(86,104,3,'2024-03-30 16:25:25','2024-03-30 16:25:27',345),(87,105,3,'2024-03-30 16:25:25','2024-03-30 16:25:27',345),(88,106,3,'2024-03-30 16:25:25','2024-03-30 16:25:27',345),(89,107,3,'2024-03-30 16:25:25','2024-03-30 16:25:27',345),(90,108,3,'2024-03-30 16:25:25','2024-03-30 16:25:27',345),(91,109,3,'2024-03-30 16:25:25','2024-03-30 16:25:27',345),(92,110,3,'2024-03-30 16:25:25','2024-03-30 16:25:27',345),(93,111,3,'2024-03-30 16:25:25','2024-03-30 16:25:27',345),(94,112,3,'2024-03-30 16:25:25','2024-03-30 16:25:27',345),(95,113,3,'2024-03-30 16:25:25','2024-03-30 16:25:27',345),(96,114,3,'2024-03-30 16:25:25','2024-03-30 16:25:27',345),(97,115,3,'2024-03-30 16:25:25','2024-03-30 16:25:27',345),(98,116,3,'2024-03-30 16:25:25','2024-03-30 16:25:27',345),(99,117,3,'2024-03-30 16:25:25','2024-03-30 16:25:27',345),(100,118,3,'2024-03-30 16:25:25','2024-03-30 16:25:27',345),(101,119,3,'2024-03-30 16:25:25','2024-03-30 16:25:27',345),(102,120,3,'2024-03-30 16:25:25','2024-03-30 16:25:27',345),(103,121,3,'2024-03-30 16:25:25','2024-03-30 16:25:27',345),(104,122,3,'2024-03-30 16:25:25','2024-03-30 16:25:27',345),(105,123,3,'2024-03-30 16:25:25','2024-03-30 16:25:27',345),(106,124,3,'2024-03-30 16:25:25','2024-03-30 16:25:27',345),(107,125,3,'2024-03-30 16:25:25','2024-03-30 16:25:27',345),(108,126,3,'2024-03-30 16:25:25','2024-03-30 16:25:27',345),(109,127,3,'2024-03-30 16:25:25','2024-03-30 16:25:27',345),(110,128,3,'2024-03-30 16:25:25','2024-03-30 16:25:27',345),(111,129,3,'2024-03-30 16:25:25','2024-03-30 16:25:27',345),(112,130,3,'2024-03-30 16:25:25','2024-03-30 16:25:27',345),(113,131,3,'2024-03-30 16:25:25','2024-03-30 16:25:27',345),(114,132,3,'2024-03-30 16:25:25','2024-03-30 16:25:27',345),(115,133,3,'2024-03-30 16:25:25','2024-03-30 16:25:27',345),(116,134,3,'2024-03-30 16:25:25','2024-03-30 16:25:27',345),(117,135,3,'2024-03-30 16:25:25','2024-03-30 16:25:27',345),(118,136,3,'2024-03-30 16:25:25','2024-03-30 16:25:27',345),(119,137,3,'2024-03-30 16:25:25','2024-03-30 16:25:27',345),(120,138,3,'2024-03-30 16:25:25','2024-03-30 16:25:27',345),(121,139,3,'2024-03-30 16:25:25','2024-03-30 16:25:27',345),(122,140,3,'2024-03-30 16:25:26','2024-03-30 16:25:27',345),(123,141,3,'2024-03-30 16:25:26','2024-03-30 16:25:27',345),(124,142,3,'2024-03-30 16:25:26','2024-03-30 16:25:27',345),(125,143,3,'2024-03-30 16:25:26','2024-03-30 16:25:27',345),(126,144,3,'2024-03-30 16:25:26','2024-03-30 16:25:27',345),(127,145,3,'2024-03-30 16:25:26','2024-03-30 16:25:27',345),(128,146,3,'2024-03-30 16:25:26','2024-03-30 16:25:27',345),(129,147,3,'2024-03-30 16:25:26','2024-03-30 16:25:27',345),(130,148,3,'2024-03-30 16:25:26','2024-03-30 16:25:27',345),(131,149,3,'2024-03-30 16:25:26','2024-03-30 16:25:27',345),(132,151,3,'2024-03-30 16:25:26','2024-03-30 16:25:27',345),(133,19,2,'2024-03-30 16:26:18','2024-03-30 16:26:18',1),(134,20,2,'2024-03-30 16:26:18','2024-03-30 16:26:18',1),(135,21,2,'2024-03-30 16:26:18','2024-03-30 16:26:18',1),(136,22,2,'2024-03-30 16:26:18','2024-03-30 16:26:18',1),(137,23,2,'2024-03-30 16:26:18','2024-03-30 16:26:18',1),(138,24,2,'2024-03-30 16:26:18','2024-03-30 16:26:18',1),(139,25,2,'2024-03-30 16:26:18','2024-03-30 16:26:18',1),(140,26,2,'2024-03-30 16:26:18','2024-03-30 16:26:18',1),(141,27,2,'2024-03-30 16:26:18','2024-03-30 16:26:18',1),(142,28,2,'2024-03-30 16:26:18','2024-03-30 16:26:18',1),(143,29,2,'2024-03-30 16:26:18','2024-03-30 16:26:18',1),(144,30,2,'2024-03-30 16:26:18','2024-03-30 16:26:18',1),(145,31,2,'2024-03-30 16:26:18','2024-03-30 16:26:18',1),(146,32,2,'2024-03-30 16:26:18','2024-03-30 16:26:18',1),(147,33,2,'2024-03-30 16:26:18','2024-03-30 16:26:18',1),(148,34,2,'2024-03-30 16:26:18','2024-03-30 16:26:18',1),(149,35,2,'2024-03-30 16:26:18','2024-03-30 16:26:18',1),(150,36,2,'2024-03-30 16:26:18','2024-03-30 16:26:18',1),(151,37,2,'2024-03-30 16:26:18','2024-03-30 16:26:18',1),(152,38,2,'2024-03-30 16:26:18','2024-03-30 16:26:18',1),(153,39,2,'2024-03-30 16:26:18','2024-03-30 16:26:18',1),(154,40,2,'2024-03-30 16:26:18','2024-03-30 16:26:18',1),(155,41,2,'2024-03-30 16:26:18','2024-03-30 16:26:18',1),(156,42,2,'2024-03-30 16:26:18','2024-03-30 16:26:18',1),(157,43,2,'2024-03-30 16:26:18','2024-03-30 16:26:18',1),(158,44,2,'2024-03-30 16:26:18','2024-03-30 16:26:18',1),(159,45,2,'2024-03-30 16:26:18','2024-03-30 16:26:18',1),(160,46,2,'2024-03-30 16:26:18','2024-03-30 16:26:18',1),(161,47,2,'2024-03-30 16:26:19','2024-03-30 16:26:19',1),(162,48,2,'2024-03-30 16:26:19','2024-03-30 16:26:19',1),(163,49,2,'2024-03-30 16:26:19','2024-03-30 16:26:19',1),(164,50,2,'2024-03-30 16:26:19','2024-03-30 16:26:19',1),(165,51,2,'2024-03-30 16:26:19','2024-03-30 16:26:19',1),(166,52,2,'2024-03-30 16:26:19','2024-03-30 16:26:19',1),(167,53,2,'2024-03-30 16:26:19','2024-03-30 16:26:19',1),(168,54,2,'2024-03-30 16:26:19','2024-03-30 16:26:19',1),(169,55,2,'2024-03-30 16:26:19','2024-03-30 16:26:19',1),(170,56,2,'2024-03-30 16:26:19','2024-03-30 16:26:19',1),(171,57,2,'2024-03-30 16:26:19','2024-03-30 16:26:19',1),(172,58,2,'2024-03-30 16:26:19','2024-03-30 16:26:19',1),(173,59,2,'2024-03-30 16:26:19','2024-03-30 16:26:19',1),(174,60,2,'2024-03-30 16:26:19','2024-03-30 16:26:19',1),(175,61,2,'2024-03-30 16:26:19','2024-03-30 16:26:19',1),(176,62,2,'2024-03-30 16:26:19','2024-03-30 16:26:19',1),(177,63,2,'2024-03-30 16:26:19','2024-03-30 16:26:19',1),(178,64,2,'2024-03-30 16:26:19','2024-03-30 16:26:19',1),(179,65,2,'2024-03-30 16:26:19','2024-03-30 16:26:19',1),(180,66,2,'2024-03-30 16:26:19','2024-03-30 16:26:19',1),(181,67,2,'2024-03-30 16:26:19','2024-03-30 16:26:19',1),(182,68,2,'2024-03-30 16:26:19','2024-03-30 16:26:19',1),(183,69,2,'2024-03-30 16:26:19','2024-03-30 16:26:19',1),(184,70,2,'2024-03-30 16:26:19','2024-03-30 16:26:19',1),(185,71,2,'2024-03-30 16:26:19','2024-03-30 16:26:19',1),(186,72,2,'2024-03-30 16:26:19','2024-03-30 16:26:19',1),(187,73,2,'2024-03-30 16:26:19','2024-03-30 16:26:19',1),(188,74,2,'2024-03-30 16:26:19','2024-03-30 16:26:19',1),(189,75,2,'2024-03-30 16:26:19','2024-03-30 16:26:19',1),(190,76,2,'2024-03-30 16:26:19','2024-03-30 16:26:19',1),(191,77,2,'2024-03-30 16:26:19','2024-03-30 16:26:19',1),(192,78,2,'2024-03-30 16:26:19','2024-03-30 16:26:19',1),(193,79,2,'2024-03-30 16:26:19','2024-03-30 16:26:19',1),(194,80,2,'2024-03-30 16:26:19','2024-03-30 16:26:19',1),(195,81,2,'2024-03-30 16:26:19','2024-03-30 16:26:19',1),(196,82,2,'2024-03-30 16:26:19','2024-03-30 16:26:19',1),(197,83,2,'2024-03-30 16:26:19','2024-03-30 16:26:19',1),(198,84,2,'2024-03-30 16:26:19','2024-03-30 16:26:19',1),(199,85,2,'2024-03-30 16:26:19','2024-03-30 16:26:19',1),(200,86,2,'2024-03-30 16:26:19','2024-03-30 16:26:19',1),(201,87,2,'2024-03-30 16:26:19','2024-03-30 16:26:19',1),(202,88,2,'2024-03-30 16:26:19','2024-03-30 16:26:19',1),(203,89,2,'2024-03-30 16:26:19','2024-03-30 16:26:19',1),(204,90,2,'2024-03-30 16:26:19','2024-03-30 16:26:19',1),(205,91,2,'2024-03-30 16:26:19','2024-03-30 16:26:19',1),(206,92,2,'2024-03-30 16:26:19','2024-03-30 16:26:19',1),(207,93,2,'2024-03-30 16:26:19','2024-03-30 16:26:19',1),(208,94,2,'2024-03-30 16:26:19','2024-03-30 16:26:19',1),(209,95,2,'2024-03-30 16:26:19','2024-03-30 16:26:19',1),(210,96,2,'2024-03-30 16:26:19','2024-03-30 16:26:19',1),(211,97,2,'2024-03-30 16:26:19','2024-03-30 16:26:19',1),(212,98,2,'2024-03-30 16:26:19','2024-03-30 16:26:19',1),(213,99,2,'2024-03-30 16:26:19','2024-03-30 16:26:19',1),(214,100,2,'2024-03-30 16:26:19','2024-03-30 16:26:19',1),(215,101,2,'2024-03-30 16:26:19','2024-03-30 16:26:19',1),(216,102,2,'2024-03-30 16:26:19','2024-03-30 16:26:19',1),(217,103,2,'2024-03-30 16:26:19','2024-03-30 16:26:19',1),(218,104,2,'2024-03-30 16:26:19','2024-03-30 16:26:19',1),(219,105,2,'2024-03-30 16:26:19','2024-03-30 16:26:19',1),(220,106,2,'2024-03-30 16:26:19','2024-03-30 16:26:19',1),(221,107,2,'2024-03-30 16:26:19','2024-03-30 16:26:19',1),(222,108,2,'2024-03-30 16:26:19','2024-03-30 16:26:19',1),(223,109,2,'2024-03-30 16:26:19','2024-03-30 16:26:19',1),(224,110,2,'2024-03-30 16:26:19','2024-03-30 16:26:19',1),(225,111,2,'2024-03-30 16:26:19','2024-03-30 16:26:19',1),(226,112,2,'2024-03-30 16:26:19','2024-03-30 16:26:19',1),(227,113,2,'2024-03-30 16:26:19','2024-03-30 16:26:19',1),(228,114,2,'2024-03-30 16:26:19','2024-03-30 16:26:19',1),(229,115,2,'2024-03-30 16:26:19','2024-03-30 16:26:19',1),(230,116,2,'2024-03-30 16:26:19','2024-03-30 16:26:19',1),(231,117,2,'2024-03-30 16:26:19','2024-03-30 16:26:19',1),(232,118,2,'2024-03-30 16:26:19','2024-03-30 16:26:19',1),(233,119,2,'2024-03-30 16:26:19','2024-03-30 16:26:19',1),(234,120,2,'2024-03-30 16:26:19','2024-03-30 16:26:19',1),(235,121,2,'2024-03-30 16:26:19','2024-03-30 16:26:19',1),(236,122,2,'2024-03-30 16:26:19','2024-03-30 16:26:19',1),(237,123,2,'2024-03-30 16:26:19','2024-03-30 16:26:19',1),(238,124,2,'2024-03-30 16:26:19','2024-03-30 16:26:19',1),(239,125,2,'2024-03-30 16:26:19','2024-03-30 16:26:19',1),(240,126,2,'2024-03-30 16:26:19','2024-03-30 16:26:19',1),(241,127,2,'2024-03-30 16:26:19','2024-03-30 16:26:19',1),(242,128,2,'2024-03-30 16:26:19','2024-03-30 16:26:19',1),(243,129,2,'2024-03-30 16:26:19','2024-03-30 16:26:19',1),(244,130,2,'2024-03-30 16:26:19','2024-03-30 16:26:19',1),(245,131,2,'2024-03-30 16:26:19','2024-03-30 16:26:19',1),(246,132,2,'2024-03-30 16:26:19','2024-03-30 16:26:19',1),(247,133,2,'2024-03-30 16:26:19','2024-03-30 16:26:19',1),(248,134,2,'2024-03-30 16:26:19','2024-03-30 16:26:19',1),(249,135,2,'2024-03-30 16:26:19','2024-03-30 16:26:19',1),(250,136,2,'2024-03-30 16:26:19','2024-03-30 16:26:19',1),(251,137,2,'2024-03-30 16:26:19','2024-03-30 16:26:19',1),(252,138,2,'2024-03-30 16:26:19','2024-03-30 16:26:19',1),(253,139,2,'2024-03-30 16:26:19','2024-03-30 16:26:19',1),(254,140,2,'2024-03-30 16:26:19','2024-03-30 16:26:19',1),(255,141,2,'2024-03-30 16:26:19','2024-03-30 16:26:19',1),(256,142,2,'2024-03-30 16:26:19','2024-03-30 16:26:19',1),(257,143,2,'2024-03-30 16:26:19','2024-03-30 16:26:19',1),(258,144,2,'2024-03-30 16:26:19','2024-03-30 16:26:19',1),(259,145,2,'2024-03-30 16:26:19','2024-03-30 16:26:19',1),(260,146,2,'2024-03-30 16:26:19','2024-03-30 16:26:19',1),(261,147,2,'2024-03-30 16:26:19','2024-03-30 16:26:19',1),(262,148,2,'2024-03-30 16:26:19','2024-03-30 16:26:19',1),(263,149,2,'2024-03-30 16:26:19','2024-03-30 16:26:19',1),(264,151,2,'2024-03-30 16:26:19','2024-03-30 16:26:19',1),(265,19,0,'2024-06-15 16:54:20','2024-06-23 16:36:39',387),(266,20,0,'2024-06-15 16:54:20','2024-06-23 16:36:39',387),(267,21,0,'2024-06-15 16:54:20','2024-06-23 16:36:39',387),(268,22,0,'2024-06-15 16:54:20','2024-06-23 16:36:39',387),(269,23,0,'2024-06-15 16:54:20','2024-06-23 16:36:39',387),(270,24,0,'2024-06-15 16:54:20','2024-06-23 16:36:39',387),(271,25,0,'2024-06-15 16:54:20','2024-06-23 16:36:39',387),(272,26,0,'2024-06-15 16:54:20','2024-06-23 16:36:39',387),(273,27,0,'2024-06-15 16:54:20','2024-06-23 16:36:39',387),(274,28,0,'2024-06-15 16:54:20','2024-06-23 16:36:39',387),(275,29,0,'2024-06-15 16:54:20','2024-06-23 16:36:39',387),(276,30,0,'2024-06-15 16:54:20','2024-06-23 16:36:39',387),(277,31,0,'2024-06-15 16:54:20','2024-06-23 16:36:39',387),(278,32,0,'2024-06-15 16:54:20','2024-06-23 16:36:39',387),(279,33,0,'2024-06-15 16:54:20','2024-06-23 16:36:39',387),(280,34,0,'2024-06-15 16:54:20','2024-06-23 16:36:39',387),(281,35,0,'2024-06-15 16:54:20','2024-06-23 16:36:39',387),(282,36,0,'2024-06-15 16:54:20','2024-06-23 16:36:39',387),(283,37,0,'2024-06-15 16:54:20','2024-06-23 16:36:39',387),(284,38,0,'2024-06-15 16:54:20','2024-06-23 16:36:39',387),(285,39,0,'2024-06-15 16:54:20','2024-06-23 16:36:39',387),(286,40,0,'2024-06-15 16:54:20','2024-06-23 16:36:39',387),(287,41,0,'2024-06-15 16:54:20','2024-06-23 16:36:39',387),(288,42,0,'2024-06-15 16:54:20','2024-06-23 16:36:39',387),(289,43,0,'2024-06-15 16:54:20','2024-06-23 16:36:39',387),(290,44,0,'2024-06-15 16:54:20','2024-06-23 16:36:39',387),(291,45,0,'2024-06-15 16:54:20','2024-06-23 16:36:39',387),(292,46,0,'2024-06-15 16:54:20','2024-06-23 16:36:39',387),(293,47,0,'2024-06-15 16:54:20','2024-06-23 16:36:39',387),(294,48,0,'2024-06-15 16:54:20','2024-06-23 16:36:39',387),(295,49,0,'2024-06-15 16:54:20','2024-06-23 16:36:39',387),(296,50,0,'2024-06-15 16:54:20','2024-06-23 16:36:39',387),(297,51,0,'2024-06-15 16:54:20','2024-06-23 16:36:39',387),(298,52,0,'2024-06-15 16:54:20','2024-06-23 16:36:39',387),(299,53,0,'2024-06-15 16:54:20','2024-06-23 16:36:39',387),(300,54,0,'2024-06-15 16:54:20','2024-06-23 16:36:39',387),(301,55,0,'2024-06-15 16:54:20','2024-06-23 16:36:39',387),(302,56,0,'2024-06-15 16:54:20','2024-06-23 16:36:39',387),(303,57,0,'2024-06-15 16:54:20','2024-06-23 16:36:39',387),(304,58,0,'2024-06-15 16:54:20','2024-06-23 16:36:39',387),(305,59,0,'2024-06-15 16:54:20','2024-06-23 16:36:39',387),(306,60,0,'2024-06-15 16:54:20','2024-06-23 16:36:39',387),(307,61,0,'2024-06-15 16:54:20','2024-06-23 16:36:39',387),(308,62,0,'2024-06-15 16:54:20','2024-06-23 16:36:39',387),(309,63,0,'2024-06-15 16:54:20','2024-06-23 16:36:39',387),(310,64,0,'2024-06-15 16:54:20','2024-06-23 16:36:39',387),(311,65,0,'2024-06-15 16:54:20','2024-06-23 16:36:39',387),(312,66,0,'2024-06-15 16:54:20','2024-06-23 16:36:39',387),(313,67,0,'2024-06-15 16:54:20','2024-06-23 16:36:39',387),(314,68,0,'2024-06-15 16:54:20','2024-06-23 16:36:39',387),(315,69,0,'2024-06-15 16:54:20','2024-06-23 16:36:39',387),(316,70,0,'2024-06-15 16:54:20','2024-06-23 16:36:39',387),(317,71,0,'2024-06-15 16:54:20','2024-06-23 16:36:39',387),(318,72,0,'2024-06-15 16:54:20','2024-06-23 16:36:39',387),(319,73,0,'2024-06-15 16:54:20','2024-06-23 16:36:39',387),(320,74,0,'2024-06-15 16:54:20','2024-06-23 16:36:39',387),(321,75,0,'2024-06-15 16:54:20','2024-06-23 16:36:39',387),(322,76,0,'2024-06-15 16:54:20','2024-06-23 16:36:39',387),(323,77,0,'2024-06-15 16:54:20','2024-06-23 16:36:39',387),(324,78,0,'2024-06-15 16:54:20','2024-06-23 16:36:39',387),(325,79,0,'2024-06-15 16:54:20','2024-06-23 16:36:39',387),(326,80,0,'2024-06-15 16:54:20','2024-06-23 16:36:39',387),(327,81,0,'2024-06-15 16:54:20','2024-06-23 16:36:39',387),(328,82,0,'2024-06-15 16:54:20','2024-06-23 16:36:39',387),(329,83,0,'2024-06-15 16:54:20','2024-06-23 16:36:39',387),(330,84,0,'2024-06-15 16:54:20','2024-06-23 16:36:39',387),(331,85,0,'2024-06-15 16:54:20','2024-06-23 16:36:39',387),(332,86,0,'2024-06-15 16:54:20','2024-06-23 16:36:39',387),(333,87,0,'2024-06-15 16:54:20','2024-06-23 16:36:39',387),(334,88,0,'2024-06-15 16:54:20','2024-06-23 16:36:39',387),(335,89,0,'2024-06-15 16:54:20','2024-06-23 16:36:39',387),(336,90,0,'2024-06-15 16:54:20','2024-06-23 16:36:39',387),(337,91,0,'2024-06-15 16:54:20','2024-06-23 16:36:39',387),(338,92,0,'2024-06-15 16:54:20','2024-06-23 16:36:39',387),(339,93,0,'2024-06-15 16:54:20','2024-06-23 16:36:39',387),(340,94,0,'2024-06-15 16:54:20','2024-06-23 16:36:39',387),(341,95,0,'2024-06-15 16:54:20','2024-06-23 16:36:39',387),(342,96,0,'2024-06-15 16:54:20','2024-06-23 16:36:39',387),(343,97,0,'2024-06-15 16:54:20','2024-06-23 16:36:39',387),(344,98,0,'2024-06-15 16:54:20','2024-06-23 16:36:39',387),(345,99,0,'2024-06-15 16:54:20','2024-06-23 16:36:39',387),(346,100,0,'2024-06-15 16:54:20','2024-06-23 16:36:39',387),(347,101,0,'2024-06-15 16:54:20','2024-06-23 16:36:39',387),(348,102,0,'2024-06-15 16:54:20','2024-06-23 16:36:39',387),(349,103,0,'2024-06-15 16:54:20','2024-06-23 16:36:39',387),(350,104,0,'2024-06-15 16:54:20','2024-06-23 16:36:39',387),(351,105,0,'2024-06-15 16:54:20','2024-06-23 16:36:39',387),(352,106,0,'2024-06-15 16:54:20','2024-06-23 16:36:39',387),(353,107,0,'2024-06-15 16:54:20','2024-06-23 16:36:39',387),(354,108,0,'2024-06-15 16:54:20','2024-06-23 16:36:39',387),(355,109,0,'2024-06-15 16:54:20','2024-06-23 16:36:39',387),(356,110,0,'2024-06-15 16:54:20','2024-06-23 16:36:39',387),(357,111,0,'2024-06-15 16:54:20','2024-06-23 16:36:39',387),(358,112,0,'2024-06-15 16:54:20','2024-06-23 16:36:39',387),(359,113,0,'2024-06-15 16:54:20','2024-06-23 16:36:39',387),(360,114,0,'2024-06-15 16:54:20','2024-06-23 16:36:39',387),(361,115,0,'2024-06-15 16:54:20','2024-06-23 16:36:39',387),(362,116,0,'2024-06-15 16:54:20','2024-06-23 16:36:39',387),(363,117,0,'2024-06-15 16:54:20','2024-06-23 16:36:39',387),(364,118,0,'2024-06-15 16:54:20','2024-06-23 16:36:39',387),(365,119,0,'2024-06-15 16:54:20','2024-06-23 16:36:39',387),(366,120,0,'2024-06-15 16:54:20','2024-06-23 16:36:39',387),(367,121,0,'2024-06-15 16:54:20','2024-06-23 16:36:39',387),(368,122,0,'2024-06-15 16:54:20','2024-06-23 16:36:39',387),(369,123,0,'2024-06-15 16:54:20','2024-06-23 16:36:39',387),(370,124,0,'2024-06-15 16:54:20','2024-06-23 16:36:39',387),(371,125,0,'2024-06-15 16:54:20','2024-06-23 16:36:39',387),(372,126,0,'2024-06-15 16:54:20','2024-06-23 16:36:39',387),(373,127,0,'2024-06-15 16:54:20','2024-06-23 16:36:39',387),(374,128,0,'2024-06-15 16:54:20','2024-06-23 16:36:39',387),(375,129,0,'2024-06-15 16:54:20','2024-06-23 16:36:39',387),(376,130,0,'2024-06-15 16:54:20','2024-06-23 16:36:39',387),(377,131,0,'2024-06-15 16:54:20','2024-06-23 16:36:39',387),(378,132,0,'2024-06-15 16:54:20','2024-06-23 16:36:39',387),(379,133,0,'2024-06-15 16:54:20','2024-06-23 16:36:39',387),(380,134,0,'2024-06-15 16:54:20','2024-06-23 16:36:39',387),(381,135,0,'2024-06-15 16:54:20','2024-06-23 16:36:39',387),(382,136,0,'2024-06-15 16:54:20','2024-06-23 16:36:39',387),(383,137,0,'2024-06-15 16:54:20','2024-06-23 16:36:39',387),(384,138,0,'2024-06-15 16:54:20','2024-06-23 16:36:39',387),(385,139,0,'2024-06-15 16:54:20','2024-06-23 16:36:39',387),(386,140,0,'2024-06-15 16:54:20','2024-06-23 16:36:39',387),(387,141,0,'2024-06-15 16:54:20','2024-06-23 16:36:39',387),(388,142,0,'2024-06-15 16:54:20','2024-06-23 16:36:39',387),(389,143,0,'2024-06-15 16:54:20','2024-06-23 16:36:39',387),(390,144,0,'2024-06-15 16:54:20','2024-06-23 16:36:39',387),(391,145,0,'2024-06-15 16:54:20','2024-06-23 16:36:39',387),(392,146,0,'2024-06-15 16:54:20','2024-06-23 16:36:39',387),(393,147,0,'2024-06-15 16:54:20','2024-06-23 16:36:39',387),(394,148,0,'2024-06-15 16:54:20','2024-06-23 16:36:39',387),(395,149,0,'2024-06-15 16:54:20','2024-06-23 16:36:39',387),(396,151,0,'2024-06-15 16:54:20','2024-06-23 16:36:39',387),(397,19,1,'2024-06-21 22:52:22','2024-06-21 22:52:22',400),(398,20,1,'2024-06-21 22:52:22','2024-06-21 22:52:22',400),(399,21,1,'2024-06-21 22:52:22','2024-06-21 22:52:22',400),(400,22,1,'2024-06-21 22:52:22','2024-06-21 22:52:22',400),(401,23,1,'2024-06-21 22:52:22','2024-06-21 22:52:22',400),(402,24,1,'2024-06-21 22:52:22','2024-06-21 22:52:22',400),(403,25,1,'2024-06-21 22:52:22','2024-06-21 22:52:22',400),(404,26,1,'2024-06-21 22:52:22','2024-06-21 22:52:22',400),(405,27,1,'2024-06-21 22:52:22','2024-06-21 22:52:22',400),(406,28,1,'2024-06-21 22:52:22','2024-06-21 22:52:22',400),(407,29,1,'2024-06-21 22:52:22','2024-06-21 22:52:22',400),(408,30,1,'2024-06-21 22:52:22','2024-06-21 22:52:22',400),(409,31,1,'2024-06-21 22:52:22','2024-06-21 22:52:22',400),(410,32,1,'2024-06-21 22:52:22','2024-06-21 22:52:22',400),(411,33,1,'2024-06-21 22:52:22','2024-06-21 22:52:22',400),(412,34,1,'2024-06-21 22:52:22','2024-06-21 22:52:22',400),(413,35,1,'2024-06-21 22:52:22','2024-06-21 22:52:22',400),(414,36,1,'2024-06-21 22:52:22','2024-06-21 22:52:22',400),(415,37,1,'2024-06-21 22:52:22','2024-06-21 22:52:22',400),(416,38,1,'2024-06-21 22:52:22','2024-06-21 22:52:22',400),(417,39,1,'2024-06-21 22:52:22','2024-06-21 22:52:22',400),(418,40,1,'2024-06-21 22:52:22','2024-06-21 22:52:22',400),(419,41,1,'2024-06-21 22:52:22','2024-06-21 22:52:22',400),(420,42,1,'2024-06-21 22:52:22','2024-06-21 22:52:22',400),(421,43,1,'2024-06-21 22:52:22','2024-06-21 22:52:22',400),(422,44,1,'2024-06-21 22:52:22','2024-06-21 22:52:22',400),(423,45,1,'2024-06-21 22:52:22','2024-06-21 22:52:22',400),(424,46,1,'2024-06-21 22:52:22','2024-06-21 22:52:22',400),(425,47,1,'2024-06-21 22:52:22','2024-06-21 22:52:22',400),(426,48,1,'2024-06-21 22:52:22','2024-06-21 22:52:22',400),(427,49,1,'2024-06-21 22:52:22','2024-06-21 22:52:22',400),(428,50,1,'2024-06-21 22:52:22','2024-06-21 22:52:22',400),(429,51,1,'2024-06-21 22:52:22','2024-06-21 22:52:22',400),(430,52,1,'2024-06-21 22:52:22','2024-06-21 22:52:22',400),(431,53,1,'2024-06-21 22:52:22','2024-06-21 22:52:22',400),(432,54,1,'2024-06-21 22:52:22','2024-06-21 22:52:22',400),(433,55,1,'2024-06-21 22:52:22','2024-06-21 22:52:22',400),(434,56,1,'2024-06-21 22:52:22','2024-06-21 22:52:22',400),(435,57,1,'2024-06-21 22:52:22','2024-06-21 22:52:22',400),(436,58,1,'2024-06-21 22:52:22','2024-06-21 22:52:22',400),(437,59,1,'2024-06-21 22:52:22','2024-06-21 22:52:22',400),(438,60,1,'2024-06-21 22:52:22','2024-06-21 22:52:22',400),(439,61,1,'2024-06-21 22:52:22','2024-06-21 22:52:22',400),(440,62,1,'2024-06-21 22:52:22','2024-06-21 22:52:22',400),(441,63,1,'2024-06-21 22:52:22','2024-06-21 22:52:22',400),(442,64,1,'2024-06-21 22:52:22','2024-06-21 22:52:22',400),(443,65,1,'2024-06-21 22:52:22','2024-06-21 22:52:22',400),(444,66,1,'2024-06-21 22:52:22','2024-06-21 22:52:22',400),(445,67,1,'2024-06-21 22:52:22','2024-06-21 22:52:22',400),(446,68,1,'2024-06-21 22:52:22','2024-06-21 22:52:22',400),(447,69,1,'2024-06-21 22:52:22','2024-06-21 22:52:22',400),(448,70,1,'2024-06-21 22:52:22','2024-06-21 22:52:22',400),(449,71,1,'2024-06-21 22:52:22','2024-06-21 22:52:22',400),(450,72,1,'2024-06-21 22:52:22','2024-06-21 22:52:22',400),(451,73,1,'2024-06-21 22:52:22','2024-06-21 22:52:22',400),(452,74,1,'2024-06-21 22:52:22','2024-06-21 22:52:22',400),(453,75,1,'2024-06-21 22:52:22','2024-06-21 22:52:22',400),(454,76,1,'2024-06-21 22:52:22','2024-06-21 22:52:22',400),(455,77,1,'2024-06-21 22:52:22','2024-06-21 22:52:22',400),(456,78,1,'2024-06-21 22:52:22','2024-06-21 22:52:22',400),(457,79,1,'2024-06-21 22:52:22','2024-06-21 22:52:22',400),(458,80,1,'2024-06-21 22:52:22','2024-06-21 22:52:22',400),(459,81,1,'2024-06-21 22:52:22','2024-06-21 22:52:22',400),(460,82,1,'2024-06-21 22:52:22','2024-06-21 22:52:22',400),(461,83,1,'2024-06-21 22:52:22','2024-06-21 22:52:22',400),(462,84,1,'2024-06-21 22:52:22','2024-06-21 22:52:22',400),(463,85,1,'2024-06-21 22:52:22','2024-06-21 22:52:22',400),(464,86,1,'2024-06-21 22:52:22','2024-06-21 22:52:22',400),(465,87,1,'2024-06-21 22:52:22','2024-06-21 22:52:22',400),(466,88,1,'2024-06-21 22:52:22','2024-06-21 22:52:22',400),(467,89,1,'2024-06-21 22:52:22','2024-06-21 22:52:22',400),(468,90,1,'2024-06-21 22:52:22','2024-06-21 22:52:22',400),(469,91,1,'2024-06-21 22:52:22','2024-06-21 22:52:22',400),(470,92,1,'2024-06-21 22:52:22','2024-06-21 22:52:22',400),(471,93,1,'2024-06-21 22:52:22','2024-06-21 22:52:22',400),(472,94,1,'2024-06-21 22:52:22','2024-06-21 22:52:22',400),(473,95,1,'2024-06-21 22:52:22','2024-06-21 22:52:22',400),(474,96,1,'2024-06-21 22:52:22','2024-06-21 22:52:22',400),(475,97,1,'2024-06-21 22:52:22','2024-06-21 22:52:22',400),(476,98,1,'2024-06-21 22:52:22','2024-06-21 22:52:22',400),(477,99,1,'2024-06-21 22:52:22','2024-06-21 22:52:22',400),(478,100,1,'2024-06-21 22:52:22','2024-06-21 22:52:22',400),(479,101,1,'2024-06-21 22:52:22','2024-06-21 22:52:22',400),(480,102,1,'2024-06-21 22:52:22','2024-06-21 22:52:22',400),(481,103,1,'2024-06-21 22:52:22','2024-06-21 22:52:22',400),(482,104,1,'2024-06-21 22:52:22','2024-06-21 22:52:22',400),(483,105,1,'2024-06-21 22:52:22','2024-06-21 22:52:22',400),(484,106,1,'2024-06-21 22:52:22','2024-06-21 22:52:22',400),(485,107,1,'2024-06-21 22:52:22','2024-06-21 22:52:22',400),(486,108,1,'2024-06-21 22:52:22','2024-06-21 22:52:22',400),(487,109,1,'2024-06-21 22:52:22','2024-06-21 22:52:22',400),(488,110,1,'2024-06-21 22:52:22','2024-06-21 22:52:22',400),(489,111,1,'2024-06-21 22:52:22','2024-06-21 22:52:22',400),(490,112,1,'2024-06-21 22:52:22','2024-06-21 22:52:22',400),(491,113,1,'2024-06-21 22:52:22','2024-06-21 22:52:22',400),(492,114,1,'2024-06-21 22:52:22','2024-06-21 22:52:22',400),(493,115,1,'2024-06-21 22:52:22','2024-06-21 22:52:22',400),(494,116,1,'2024-06-21 22:52:22','2024-06-21 22:52:22',400),(495,117,1,'2024-06-21 22:52:22','2024-06-21 22:52:22',400),(496,118,1,'2024-06-21 22:52:22','2024-06-21 22:52:22',400),(497,119,1,'2024-06-21 22:52:22','2024-06-21 22:52:22',400),(498,120,1,'2024-06-21 22:52:22','2024-06-21 22:52:22',400),(499,121,1,'2024-06-21 22:52:22','2024-06-21 22:52:22',400),(500,122,1,'2024-06-21 22:52:22','2024-06-21 22:52:22',400),(501,123,1,'2024-06-21 22:52:22','2024-06-21 22:52:22',400),(502,124,1,'2024-06-21 22:52:22','2024-06-21 22:52:22',400),(503,125,1,'2024-06-21 22:52:22','2024-06-21 22:52:22',400),(504,126,1,'2024-06-21 22:52:22','2024-06-21 22:52:22',400),(505,127,1,'2024-06-21 22:52:22','2024-06-21 22:52:22',400),(506,128,1,'2024-06-21 22:52:22','2024-06-21 22:52:22',400),(507,129,1,'2024-06-21 22:52:22','2024-06-21 22:52:22',400),(508,130,1,'2024-06-21 22:52:22','2024-06-21 22:52:22',400),(509,131,1,'2024-06-21 22:52:22','2024-06-21 22:52:22',400),(510,132,1,'2024-06-21 22:52:22','2024-06-21 22:52:22',400),(511,133,1,'2024-06-21 22:52:22','2024-06-21 22:52:22',400),(512,134,1,'2024-06-21 22:52:22','2024-06-21 22:52:22',400),(513,135,1,'2024-06-21 22:52:22','2024-06-21 22:52:22',400),(514,136,1,'2024-06-21 22:52:22','2024-06-21 22:52:22',400),(515,137,1,'2024-06-21 22:52:22','2024-06-21 22:52:22',400),(516,138,1,'2024-06-21 22:52:22','2024-06-21 22:52:22',400),(517,139,1,'2024-06-21 22:52:22','2024-06-21 22:52:22',400),(518,140,1,'2024-06-21 22:52:22','2024-06-21 22:52:22',400),(519,141,1,'2024-06-21 22:52:22','2024-06-21 22:52:22',400),(520,142,1,'2024-06-21 22:52:22','2024-06-21 22:52:22',400),(521,143,1,'2024-06-21 22:52:22','2024-06-21 22:52:22',400),(522,144,1,'2024-06-21 22:52:22','2024-06-21 22:52:22',400),(523,145,1,'2024-06-21 22:52:22','2024-06-21 22:52:22',400),(524,146,1,'2024-06-21 22:52:22','2024-06-21 22:52:22',400),(525,147,1,'2024-06-21 22:52:22','2024-06-21 22:52:22',400),(526,148,1,'2024-06-21 22:52:22','2024-06-21 22:52:22',400),(527,149,1,'2024-06-21 22:52:22','2024-06-21 22:52:22',400),(528,151,1,'2024-06-21 22:52:22','2024-06-21 22:52:22',400),(529,19,0.2,'2024-06-22 19:43:24','2024-06-22 19:43:24',380),(530,20,NULL,'2024-06-22 19:43:24','2024-06-22 19:43:24',380),(531,21,NULL,'2024-06-22 19:43:24','2024-06-22 19:43:24',380),(532,22,NULL,'2024-06-22 19:43:24','2024-06-22 19:43:24',380),(533,23,NULL,'2024-06-22 19:43:24','2024-06-22 19:43:24',380),(534,24,NULL,'2024-06-22 19:43:24','2024-06-22 19:43:24',380),(535,25,NULL,'2024-06-22 19:43:24','2024-06-22 19:43:24',380),(536,26,NULL,'2024-06-22 19:43:24','2024-06-22 19:43:24',380),(537,27,NULL,'2024-06-22 19:43:24','2024-06-22 19:43:24',380),(538,28,NULL,'2024-06-22 19:43:24','2024-06-22 19:43:24',380),(539,29,NULL,'2024-06-22 19:43:24','2024-06-22 19:43:24',380),(540,30,NULL,'2024-06-22 19:43:24','2024-06-22 19:43:24',380),(541,31,NULL,'2024-06-22 19:43:24','2024-06-22 19:43:24',380),(542,32,NULL,'2024-06-22 19:43:24','2024-06-22 19:43:24',380),(543,33,NULL,'2024-06-22 19:43:24','2024-06-22 19:43:24',380),(544,34,NULL,'2024-06-22 19:43:24','2024-06-22 19:43:24',380),(545,35,NULL,'2024-06-22 19:43:24','2024-06-22 19:43:24',380),(546,36,NULL,'2024-06-22 19:43:24','2024-06-22 19:43:24',380),(547,37,NULL,'2024-06-22 19:43:24','2024-06-22 19:43:24',380),(548,38,NULL,'2024-06-22 19:43:24','2024-06-22 19:43:24',380),(549,39,NULL,'2024-06-22 19:43:24','2024-06-22 19:43:24',380),(550,40,NULL,'2024-06-22 19:43:24','2024-06-22 19:43:24',380),(551,41,NULL,'2024-06-22 19:43:24','2024-06-22 19:43:24',380),(552,42,NULL,'2024-06-22 19:43:24','2024-06-22 19:43:24',380),(553,43,NULL,'2024-06-22 19:43:24','2024-06-22 19:43:24',380),(554,44,NULL,'2024-06-22 19:43:24','2024-06-22 19:43:24',380),(555,45,NULL,'2024-06-22 19:43:24','2024-06-22 19:43:24',380),(556,46,NULL,'2024-06-22 19:43:24','2024-06-22 19:43:24',380),(557,47,NULL,'2024-06-22 19:43:24','2024-06-22 19:43:24',380),(558,48,NULL,'2024-06-22 19:43:24','2024-06-22 19:43:24',380),(559,49,NULL,'2024-06-22 19:43:24','2024-06-22 19:43:24',380),(560,50,NULL,'2024-06-22 19:43:24','2024-06-22 19:43:24',380),(561,51,NULL,'2024-06-22 19:43:24','2024-06-22 19:43:24',380),(562,52,NULL,'2024-06-22 19:43:24','2024-06-22 19:43:24',380),(563,53,NULL,'2024-06-22 19:43:24','2024-06-22 19:43:24',380),(564,54,NULL,'2024-06-22 19:43:24','2024-06-22 19:43:24',380),(565,55,NULL,'2024-06-22 19:43:24','2024-06-22 19:43:24',380),(566,56,NULL,'2024-06-22 19:43:24','2024-06-22 19:43:24',380),(567,57,NULL,'2024-06-22 19:43:24','2024-06-22 19:43:24',380),(568,58,NULL,'2024-06-22 19:43:24','2024-06-22 19:43:24',380),(569,59,NULL,'2024-06-22 19:43:24','2024-06-22 19:43:24',380),(570,60,NULL,'2024-06-22 19:43:24','2024-06-22 19:43:24',380),(571,61,NULL,'2024-06-22 19:43:24','2024-06-22 19:43:24',380),(572,62,NULL,'2024-06-22 19:43:24','2024-06-22 19:43:24',380),(573,63,NULL,'2024-06-22 19:43:24','2024-06-22 19:43:24',380),(574,64,NULL,'2024-06-22 19:43:24','2024-06-22 19:43:24',380),(575,65,NULL,'2024-06-22 19:43:24','2024-06-22 19:43:24',380),(576,66,NULL,'2024-06-22 19:43:24','2024-06-22 19:43:24',380),(577,67,NULL,'2024-06-22 19:43:24','2024-06-22 19:43:24',380),(578,68,NULL,'2024-06-22 19:43:24','2024-06-22 19:43:24',380),(579,69,NULL,'2024-06-22 19:43:24','2024-06-22 19:43:24',380),(580,70,NULL,'2024-06-22 19:43:24','2024-06-22 19:43:24',380),(581,71,NULL,'2024-06-22 19:43:24','2024-06-22 19:43:24',380),(582,72,NULL,'2024-06-22 19:43:24','2024-06-22 19:43:24',380),(583,73,NULL,'2024-06-22 19:43:24','2024-06-22 19:43:24',380),(584,74,NULL,'2024-06-22 19:43:24','2024-06-22 19:43:24',380),(585,75,NULL,'2024-06-22 19:43:24','2024-06-22 19:43:24',380),(586,76,NULL,'2024-06-22 19:43:24','2024-06-22 19:43:24',380),(587,77,NULL,'2024-06-22 19:43:24','2024-06-22 19:43:24',380),(588,78,NULL,'2024-06-22 19:43:24','2024-06-22 19:43:24',380),(589,79,NULL,'2024-06-22 19:43:24','2024-06-22 19:43:24',380),(590,80,NULL,'2024-06-22 19:43:24','2024-06-22 19:43:24',380),(591,81,NULL,'2024-06-22 19:43:24','2024-06-22 19:43:24',380),(592,82,NULL,'2024-06-22 19:43:24','2024-06-22 19:43:24',380),(593,83,NULL,'2024-06-22 19:43:24','2024-06-22 19:43:24',380),(594,84,NULL,'2024-06-22 19:43:24','2024-06-22 19:43:24',380),(595,85,NULL,'2024-06-22 19:43:24','2024-06-22 19:43:24',380),(596,86,NULL,'2024-06-22 19:43:24','2024-06-22 19:43:24',380),(597,87,NULL,'2024-06-22 19:43:24','2024-06-22 19:43:24',380),(598,88,NULL,'2024-06-22 19:43:24','2024-06-22 19:43:24',380),(599,89,NULL,'2024-06-22 19:43:24','2024-06-22 19:43:24',380),(600,90,NULL,'2024-06-22 19:43:24','2024-06-22 19:43:24',380),(601,91,NULL,'2024-06-22 19:43:24','2024-06-22 19:43:24',380),(602,92,NULL,'2024-06-22 19:43:24','2024-06-22 19:43:24',380),(603,93,NULL,'2024-06-22 19:43:24','2024-06-22 19:43:24',380),(604,94,NULL,'2024-06-22 19:43:24','2024-06-22 19:43:24',380),(605,95,NULL,'2024-06-22 19:43:24','2024-06-22 19:43:24',380),(606,96,NULL,'2024-06-22 19:43:24','2024-06-22 19:43:24',380),(607,97,NULL,'2024-06-22 19:43:24','2024-06-22 19:43:24',380),(608,98,NULL,'2024-06-22 19:43:24','2024-06-22 19:43:24',380),(609,99,NULL,'2024-06-22 19:43:24','2024-06-22 19:43:24',380),(610,100,NULL,'2024-06-22 19:43:24','2024-06-22 19:43:24',380),(611,101,NULL,'2024-06-22 19:43:24','2024-06-22 19:43:24',380),(612,102,NULL,'2024-06-22 19:43:24','2024-06-22 19:43:24',380),(613,103,NULL,'2024-06-22 19:43:24','2024-06-22 19:43:24',380),(614,104,NULL,'2024-06-22 19:43:24','2024-06-22 19:43:24',380),(615,105,NULL,'2024-06-22 19:43:24','2024-06-22 19:43:24',380),(616,106,NULL,'2024-06-22 19:43:24','2024-06-22 19:43:24',380),(617,107,NULL,'2024-06-22 19:43:24','2024-06-22 19:43:24',380),(618,108,NULL,'2024-06-22 19:43:24','2024-06-22 19:43:24',380),(619,109,NULL,'2024-06-22 19:43:24','2024-06-22 19:43:24',380),(620,110,NULL,'2024-06-22 19:43:24','2024-06-22 19:43:24',380),(621,111,NULL,'2024-06-22 19:43:24','2024-06-22 19:43:24',380),(622,112,NULL,'2024-06-22 19:43:24','2024-06-22 19:43:24',380),(623,113,NULL,'2024-06-22 19:43:24','2024-06-22 19:43:24',380),(624,114,NULL,'2024-06-22 19:43:24','2024-06-22 19:43:24',380),(625,115,NULL,'2024-06-22 19:43:24','2024-06-22 19:43:24',380),(626,116,NULL,'2024-06-22 19:43:24','2024-06-22 19:43:24',380),(627,117,NULL,'2024-06-22 19:43:24','2024-06-22 19:43:24',380),(628,118,NULL,'2024-06-22 19:43:24','2024-06-22 19:43:24',380),(629,119,NULL,'2024-06-22 19:43:24','2024-06-22 19:43:24',380),(630,120,NULL,'2024-06-22 19:43:24','2024-06-22 19:43:24',380),(631,121,NULL,'2024-06-22 19:43:24','2024-06-22 19:43:24',380),(632,122,NULL,'2024-06-22 19:43:24','2024-06-22 19:43:24',380),(633,123,NULL,'2024-06-22 19:43:24','2024-06-22 19:43:24',380),(634,124,NULL,'2024-06-22 19:43:24','2024-06-22 19:43:24',380),(635,125,NULL,'2024-06-22 19:43:24','2024-06-22 19:43:24',380),(636,126,NULL,'2024-06-22 19:43:24','2024-06-22 19:43:24',380),(637,127,NULL,'2024-06-22 19:43:24','2024-06-22 19:43:24',380),(638,128,NULL,'2024-06-22 19:43:24','2024-06-22 19:43:24',380),(639,129,NULL,'2024-06-22 19:43:24','2024-06-22 19:43:24',380),(640,130,NULL,'2024-06-22 19:43:24','2024-06-22 19:43:24',380),(641,131,NULL,'2024-06-22 19:43:24','2024-06-22 19:43:24',380),(642,132,NULL,'2024-06-22 19:43:24','2024-06-22 19:43:24',380),(643,133,NULL,'2024-06-22 19:43:24','2024-06-22 19:43:24',380),(644,134,NULL,'2024-06-22 19:43:24','2024-06-22 19:43:24',380),(645,135,NULL,'2024-06-22 19:43:24','2024-06-22 19:43:24',380),(646,136,NULL,'2024-06-22 19:43:24','2024-06-22 19:43:24',380),(647,137,NULL,'2024-06-22 19:43:24','2024-06-22 19:43:24',380),(648,138,NULL,'2024-06-22 19:43:24','2024-06-22 19:43:24',380),(649,139,NULL,'2024-06-22 19:43:24','2024-06-22 19:43:24',380),(650,140,NULL,'2024-06-22 19:43:24','2024-06-22 19:43:24',380),(651,141,NULL,'2024-06-22 19:43:24','2024-06-22 19:43:24',380),(652,142,NULL,'2024-06-22 19:43:24','2024-06-22 19:43:24',380),(653,143,NULL,'2024-06-22 19:43:24','2024-06-22 19:43:24',380),(654,144,NULL,'2024-06-22 19:43:24','2024-06-22 19:43:24',380),(655,145,NULL,'2024-06-22 19:43:24','2024-06-22 19:43:24',380),(656,146,NULL,'2024-06-22 19:43:24','2024-06-22 19:43:24',380),(657,147,NULL,'2024-06-22 19:43:24','2024-06-22 19:43:24',380),(658,148,NULL,'2024-06-22 19:43:24','2024-06-22 19:43:24',380),(659,149,NULL,'2024-06-22 19:43:24','2024-06-22 19:43:24',380),(660,151,NULL,'2024-06-22 19:43:24','2024-06-22 19:43:24',380),(661,19,2,'2024-06-24 20:30:50','2024-06-24 20:30:50',407),(662,20,2,'2024-06-24 20:30:50','2024-06-24 20:30:50',407),(663,21,2,'2024-06-24 20:30:50','2024-06-24 20:30:50',407),(664,22,2,'2024-06-24 20:30:50','2024-06-24 20:30:50',407),(665,23,2,'2024-06-24 20:30:50','2024-06-24 20:30:50',407),(666,24,2,'2024-06-24 20:30:50','2024-06-24 20:30:50',407),(667,25,2,'2024-06-24 20:30:50','2024-06-24 20:30:50',407),(668,26,2,'2024-06-24 20:30:50','2024-06-24 20:30:50',407),(669,27,2,'2024-06-24 20:30:50','2024-06-24 20:30:50',407),(670,28,2,'2024-06-24 20:30:50','2024-06-24 20:30:50',407),(671,29,2,'2024-06-24 20:30:50','2024-06-24 20:30:50',407),(672,30,2,'2024-06-24 20:30:50','2024-06-24 20:30:50',407),(673,31,2,'2024-06-24 20:30:50','2024-06-24 20:30:50',407),(674,32,2,'2024-06-24 20:30:50','2024-06-24 20:30:50',407),(675,33,2,'2024-06-24 20:30:50','2024-06-24 20:30:50',407),(676,34,2,'2024-06-24 20:30:50','2024-06-24 20:30:50',407),(677,35,2,'2024-06-24 20:30:50','2024-06-24 20:30:50',407),(678,36,2,'2024-06-24 20:30:50','2024-06-24 20:30:50',407),(679,37,2,'2024-06-24 20:30:50','2024-06-24 20:30:50',407),(680,38,2,'2024-06-24 20:30:50','2024-06-24 20:30:50',407),(681,39,2,'2024-06-24 20:30:50','2024-06-24 20:30:50',407),(682,40,2,'2024-06-24 20:30:50','2024-06-24 20:30:50',407),(683,41,2,'2024-06-24 20:30:50','2024-06-24 20:30:50',407),(684,42,2,'2024-06-24 20:30:50','2024-06-24 20:30:50',407),(685,43,2,'2024-06-24 20:30:50','2024-06-24 20:30:50',407),(686,44,2,'2024-06-24 20:30:50','2024-06-24 20:30:50',407),(687,45,2,'2024-06-24 20:30:50','2024-06-24 20:30:50',407),(688,46,2,'2024-06-24 20:30:50','2024-06-24 20:30:50',407),(689,47,2,'2024-06-24 20:30:50','2024-06-24 20:30:50',407),(690,48,2,'2024-06-24 20:30:50','2024-06-24 20:30:50',407),(691,49,2,'2024-06-24 20:30:50','2024-06-24 20:30:50',407),(692,50,2,'2024-06-24 20:30:50','2024-06-24 20:30:50',407),(693,51,2,'2024-06-24 20:30:50','2024-06-24 20:30:50',407),(694,52,2,'2024-06-24 20:30:50','2024-06-24 20:30:50',407),(695,53,2,'2024-06-24 20:30:50','2024-06-24 20:30:50',407),(696,54,2,'2024-06-24 20:30:50','2024-06-24 20:30:50',407),(697,55,2,'2024-06-24 20:30:50','2024-06-24 20:30:50',407),(698,56,2,'2024-06-24 20:30:50','2024-06-24 20:30:50',407),(699,57,2,'2024-06-24 20:30:50','2024-06-24 20:30:50',407),(700,58,2,'2024-06-24 20:30:50','2024-06-24 20:30:50',407),(701,59,2,'2024-06-24 20:30:50','2024-06-24 20:30:50',407),(702,60,2,'2024-06-24 20:30:50','2024-06-24 20:30:50',407),(703,61,2,'2024-06-24 20:30:50','2024-06-24 20:30:50',407),(704,62,2,'2024-06-24 20:30:50','2024-06-24 20:30:50',407),(705,63,2,'2024-06-24 20:30:50','2024-06-24 20:30:50',407),(706,64,2,'2024-06-24 20:30:50','2024-06-24 20:30:50',407),(707,65,2,'2024-06-24 20:30:50','2024-06-24 20:30:50',407),(708,66,2,'2024-06-24 20:30:50','2024-06-24 20:30:50',407),(709,67,2,'2024-06-24 20:30:50','2024-06-24 20:30:50',407),(710,68,2,'2024-06-24 20:30:50','2024-06-24 20:30:50',407),(711,69,2,'2024-06-24 20:30:50','2024-06-24 20:30:50',407),(712,70,2,'2024-06-24 20:30:50','2024-06-24 20:30:50',407),(713,71,2,'2024-06-24 20:30:50','2024-06-24 20:30:50',407),(714,72,2,'2024-06-24 20:30:50','2024-06-24 20:30:50',407),(715,73,2,'2024-06-24 20:30:50','2024-06-24 20:30:50',407),(716,74,2,'2024-06-24 20:30:50','2024-06-24 20:30:50',407),(717,75,2,'2024-06-24 20:30:50','2024-06-24 20:30:50',407),(718,76,2,'2024-06-24 20:30:50','2024-06-24 20:30:50',407),(719,77,2,'2024-06-24 20:30:50','2024-06-24 20:30:50',407),(720,78,2,'2024-06-24 20:30:50','2024-06-24 20:30:50',407),(721,79,2,'2024-06-24 20:30:50','2024-06-24 20:30:50',407),(722,80,2,'2024-06-24 20:30:50','2024-06-24 20:30:50',407),(723,81,2,'2024-06-24 20:30:50','2024-06-24 20:30:50',407),(724,82,2,'2024-06-24 20:30:50','2024-06-24 20:30:50',407),(725,83,2,'2024-06-24 20:30:50','2024-06-24 20:30:50',407),(726,84,2,'2024-06-24 20:30:50','2024-06-24 20:30:50',407),(727,85,2,'2024-06-24 20:30:50','2024-06-24 20:30:50',407),(728,86,2,'2024-06-24 20:30:50','2024-06-24 20:30:50',407),(729,87,2,'2024-06-24 20:30:50','2024-06-24 20:30:50',407),(730,88,2,'2024-06-24 20:30:50','2024-06-24 20:30:50',407),(731,89,2,'2024-06-24 20:30:50','2024-06-24 20:30:50',407),(732,90,2,'2024-06-24 20:30:50','2024-06-24 20:30:50',407),(733,91,2,'2024-06-24 20:30:50','2024-06-24 20:30:50',407),(734,92,2,'2024-06-24 20:30:50','2024-06-24 20:30:50',407),(735,93,2,'2024-06-24 20:30:50','2024-06-24 20:30:50',407),(736,94,2,'2024-06-24 20:30:50','2024-06-24 20:30:50',407),(737,95,2,'2024-06-24 20:30:50','2024-06-24 20:30:50',407),(738,96,2,'2024-06-24 20:30:50','2024-06-24 20:30:50',407),(739,97,2,'2024-06-24 20:30:50','2024-06-24 20:30:50',407),(740,98,2,'2024-06-24 20:30:50','2024-06-24 20:30:50',407),(741,99,2,'2024-06-24 20:30:50','2024-06-24 20:30:50',407),(742,100,2,'2024-06-24 20:30:50','2024-06-24 20:30:50',407),(743,101,2,'2024-06-24 20:30:50','2024-06-24 20:30:50',407),(744,102,2,'2024-06-24 20:30:50','2024-06-24 20:30:50',407),(745,103,2,'2024-06-24 20:30:50','2024-06-24 20:30:50',407),(746,104,2,'2024-06-24 20:30:50','2024-06-24 20:30:50',407),(747,105,2,'2024-06-24 20:30:50','2024-06-24 20:30:50',407),(748,106,2,'2024-06-24 20:30:50','2024-06-24 20:30:50',407),(749,107,2,'2024-06-24 20:30:50','2024-06-24 20:30:50',407),(750,108,2,'2024-06-24 20:30:50','2024-06-24 20:30:50',407),(751,109,2,'2024-06-24 20:30:50','2024-06-24 20:30:50',407),(752,110,2,'2024-06-24 20:30:50','2024-06-24 20:30:50',407),(753,111,2,'2024-06-24 20:30:50','2024-06-24 20:30:50',407),(754,112,2,'2024-06-24 20:30:50','2024-06-24 20:30:50',407),(755,113,2,'2024-06-24 20:30:50','2024-06-24 20:30:50',407),(756,114,2,'2024-06-24 20:30:50','2024-06-24 20:30:50',407),(757,115,2,'2024-06-24 20:30:50','2024-06-24 20:30:50',407),(758,116,2,'2024-06-24 20:30:50','2024-06-24 20:30:50',407),(759,117,2,'2024-06-24 20:30:50','2024-06-24 20:30:50',407),(760,118,2,'2024-06-24 20:30:50','2024-06-24 20:30:50',407),(761,119,2,'2024-06-24 20:30:50','2024-06-24 20:30:50',407),(762,120,2,'2024-06-24 20:30:50','2024-06-24 20:30:50',407),(763,121,2,'2024-06-24 20:30:50','2024-06-24 20:30:50',407),(764,122,2,'2024-06-24 20:30:50','2024-06-24 20:30:50',407),(765,123,2,'2024-06-24 20:30:50','2024-06-24 20:30:50',407),(766,124,2,'2024-06-24 20:30:50','2024-06-24 20:30:50',407),(767,125,2,'2024-06-24 20:30:50','2024-06-24 20:30:50',407),(768,126,2,'2024-06-24 20:30:50','2024-06-24 20:30:50',407),(769,127,2,'2024-06-24 20:30:50','2024-06-24 20:30:50',407),(770,128,2,'2024-06-24 20:30:50','2024-06-24 20:30:50',407),(771,129,2,'2024-06-24 20:30:50','2024-06-24 20:30:50',407),(772,130,2,'2024-06-24 20:30:50','2024-06-24 20:30:50',407),(773,131,2,'2024-06-24 20:30:50','2024-06-24 20:30:50',407),(774,132,2,'2024-06-24 20:30:51','2024-06-24 20:30:51',407),(775,133,2,'2024-06-24 20:30:51','2024-06-24 20:30:51',407),(776,134,2,'2024-06-24 20:30:51','2024-06-24 20:30:51',407),(777,135,2,'2024-06-24 20:30:51','2024-06-24 20:30:51',407),(778,136,2,'2024-06-24 20:30:51','2024-06-24 20:30:51',407),(779,137,2,'2024-06-24 20:30:51','2024-06-24 20:30:51',407),(780,138,2,'2024-06-24 20:30:51','2024-06-24 20:30:51',407),(781,139,2,'2024-06-24 20:30:51','2024-06-24 20:30:51',407),(782,140,2,'2024-06-24 20:30:51','2024-06-24 20:30:51',407),(783,141,2,'2024-06-24 20:30:51','2024-06-24 20:30:51',407),(784,142,2,'2024-06-24 20:30:51','2024-06-24 20:30:51',407),(785,143,2,'2024-06-24 20:30:51','2024-06-24 20:30:51',407),(786,144,2,'2024-06-24 20:30:51','2024-06-24 20:30:51',407),(787,145,2,'2024-06-24 20:30:51','2024-06-24 20:30:51',407),(788,146,2,'2024-06-24 20:30:51','2024-06-24 20:30:51',407),(789,147,2,'2024-06-24 20:30:51','2024-06-24 20:30:51',407),(790,148,2,'2024-06-24 20:30:51','2024-06-24 20:30:51',407),(791,149,2,'2024-06-24 20:30:51','2024-06-24 20:30:51',407),(792,151,2,'2024-06-24 20:30:51','2024-06-24 20:30:51',407),(793,19,2,'2024-09-14 14:46:04','2024-09-14 14:46:06',373),(794,20,2,'2024-09-14 14:46:04','2024-09-14 14:46:06',373),(795,21,2,'2024-09-14 14:46:04','2024-09-14 14:46:06',373),(796,22,2,'2024-09-14 14:46:04','2024-09-14 14:46:06',373),(797,23,2,'2024-09-14 14:46:04','2024-09-14 14:46:06',373),(798,24,2,'2024-09-14 14:46:04','2024-09-14 14:46:06',373),(799,25,2,'2024-09-14 14:46:04','2024-09-14 14:46:06',373),(800,26,2,'2024-09-14 14:46:04','2024-09-14 14:46:06',373),(801,27,2,'2024-09-14 14:46:04','2024-09-14 14:46:06',373),(802,28,2,'2024-09-14 14:46:04','2024-09-14 14:46:06',373),(803,29,2,'2024-09-14 14:46:04','2024-09-14 14:46:06',373),(804,30,2,'2024-09-14 14:46:04','2024-09-14 14:46:06',373),(805,31,2,'2024-09-14 14:46:04','2024-09-14 14:46:06',373),(806,32,2,'2024-09-14 14:46:04','2024-09-14 14:46:06',373),(807,33,2,'2024-09-14 14:46:04','2024-09-14 14:46:06',373),(808,34,2,'2024-09-14 14:46:04','2024-09-14 14:46:06',373),(809,35,2,'2024-09-14 14:46:04','2024-09-14 14:46:06',373),(810,36,2,'2024-09-14 14:46:04','2024-09-14 14:46:06',373),(811,37,2,'2024-09-14 14:46:04','2024-09-14 14:46:06',373),(812,38,2,'2024-09-14 14:46:04','2024-09-14 14:46:06',373),(813,39,2,'2024-09-14 14:46:04','2024-09-14 14:46:06',373),(814,40,2,'2024-09-14 14:46:04','2024-09-14 14:46:06',373),(815,41,2,'2024-09-14 14:46:04','2024-09-14 14:46:06',373),(816,42,2,'2024-09-14 14:46:04','2024-09-14 14:46:06',373),(817,43,2,'2024-09-14 14:46:04','2024-09-14 14:46:06',373),(818,44,2,'2024-09-14 14:46:04','2024-09-14 14:46:06',373),(819,45,2,'2024-09-14 14:46:04','2024-09-14 14:46:06',373),(820,46,2,'2024-09-14 14:46:04','2024-09-14 14:46:06',373),(821,47,2,'2024-09-14 14:46:04','2024-09-14 14:46:06',373),(822,48,2,'2024-09-14 14:46:04','2024-09-14 14:46:06',373),(823,49,2,'2024-09-14 14:46:04','2024-09-14 14:46:06',373),(824,50,2,'2024-09-14 14:46:04','2024-09-14 14:46:06',373),(825,51,2,'2024-09-14 14:46:04','2024-09-14 14:46:06',373),(826,52,2,'2024-09-14 14:46:04','2024-09-14 14:46:06',373),(827,53,2,'2024-09-14 14:46:04','2024-09-14 14:46:06',373),(828,54,2,'2024-09-14 14:46:04','2024-09-14 14:46:06',373),(829,55,2,'2024-09-14 14:46:04','2024-09-14 14:46:06',373),(830,56,2,'2024-09-14 14:46:04','2024-09-14 14:46:06',373),(831,57,2,'2024-09-14 14:46:04','2024-09-14 14:46:06',373),(832,58,2,'2024-09-14 14:46:04','2024-09-14 14:46:06',373),(833,59,2,'2024-09-14 14:46:04','2024-09-14 14:46:06',373),(834,60,2,'2024-09-14 14:46:04','2024-09-14 14:46:06',373),(835,61,2,'2024-09-14 14:46:04','2024-09-14 14:46:06',373),(836,62,2,'2024-09-14 14:46:04','2024-09-14 14:46:06',373),(837,63,2,'2024-09-14 14:46:04','2024-09-14 14:46:06',373),(838,64,2,'2024-09-14 14:46:04','2024-09-14 14:46:06',373),(839,65,2,'2024-09-14 14:46:04','2024-09-14 14:46:06',373),(840,66,2,'2024-09-14 14:46:04','2024-09-14 14:46:06',373),(841,67,2,'2024-09-14 14:46:04','2024-09-14 14:46:06',373),(842,68,2,'2024-09-14 14:46:04','2024-09-14 14:46:06',373),(843,69,2,'2024-09-14 14:46:04','2024-09-14 14:46:06',373),(844,70,2,'2024-09-14 14:46:04','2024-09-14 14:46:06',373),(845,71,2,'2024-09-14 14:46:04','2024-09-14 14:46:06',373),(846,72,2,'2024-09-14 14:46:04','2024-09-14 14:46:06',373),(847,73,2,'2024-09-14 14:46:04','2024-09-14 14:46:06',373),(848,74,2,'2024-09-14 14:46:04','2024-09-14 14:46:06',373),(849,75,2,'2024-09-14 14:46:04','2024-09-14 14:46:06',373),(850,76,2,'2024-09-14 14:46:04','2024-09-14 14:46:06',373),(851,77,2,'2024-09-14 14:46:04','2024-09-14 14:46:06',373),(852,78,2,'2024-09-14 14:46:04','2024-09-14 14:46:06',373),(853,79,2,'2024-09-14 14:46:04','2024-09-14 14:46:06',373),(854,80,2,'2024-09-14 14:46:04','2024-09-14 14:46:06',373),(855,81,2,'2024-09-14 14:46:04','2024-09-14 14:46:06',373),(856,82,2,'2024-09-14 14:46:04','2024-09-14 14:46:06',373),(857,83,2,'2024-09-14 14:46:04','2024-09-14 14:46:06',373),(858,84,2,'2024-09-14 14:46:04','2024-09-14 14:46:06',373),(859,85,2,'2024-09-14 14:46:04','2024-09-14 14:46:06',373),(860,86,2,'2024-09-14 14:46:04','2024-09-14 14:46:06',373),(861,87,2,'2024-09-14 14:46:04','2024-09-14 14:46:06',373),(862,88,2,'2024-09-14 14:46:04','2024-09-14 14:46:06',373),(863,89,2,'2024-09-14 14:46:04','2024-09-14 14:46:06',373),(864,90,2,'2024-09-14 14:46:04','2024-09-14 14:46:06',373),(865,91,2,'2024-09-14 14:46:04','2024-09-14 14:46:06',373),(866,92,2,'2024-09-14 14:46:04','2024-09-14 14:46:06',373),(867,93,2,'2024-09-14 14:46:04','2024-09-14 14:46:06',373),(868,94,2,'2024-09-14 14:46:04','2024-09-14 14:46:06',373),(869,95,2,'2024-09-14 14:46:04','2024-09-14 14:46:06',373),(870,96,2,'2024-09-14 14:46:04','2024-09-14 14:46:06',373),(871,97,2,'2024-09-14 14:46:04','2024-09-14 14:46:06',373),(872,98,2,'2024-09-14 14:46:04','2024-09-14 14:46:06',373),(873,99,2,'2024-09-14 14:46:04','2024-09-14 14:46:06',373),(874,100,2,'2024-09-14 14:46:04','2024-09-14 14:46:06',373),(875,101,2,'2024-09-14 14:46:04','2024-09-14 14:46:06',373),(876,102,2,'2024-09-14 14:46:04','2024-09-14 14:46:06',373),(877,103,2,'2024-09-14 14:46:04','2024-09-14 14:46:06',373),(878,104,2,'2024-09-14 14:46:04','2024-09-14 14:46:06',373),(879,105,2,'2024-09-14 14:46:04','2024-09-14 14:46:06',373),(880,106,2,'2024-09-14 14:46:04','2024-09-14 14:46:06',373),(881,107,2,'2024-09-14 14:46:04','2024-09-14 14:46:06',373),(882,108,2,'2024-09-14 14:46:04','2024-09-14 14:46:06',373),(883,109,2,'2024-09-14 14:46:04','2024-09-14 14:46:06',373),(884,110,2,'2024-09-14 14:46:04','2024-09-14 14:46:06',373),(885,111,2,'2024-09-14 14:46:04','2024-09-14 14:46:06',373),(886,112,2,'2024-09-14 14:46:04','2024-09-14 14:46:06',373),(887,113,2,'2024-09-14 14:46:04','2024-09-14 14:46:06',373),(888,114,2,'2024-09-14 14:46:04','2024-09-14 14:46:06',373),(889,115,2,'2024-09-14 14:46:04','2024-09-14 14:46:06',373),(890,116,2,'2024-09-14 14:46:04','2024-09-14 14:46:06',373),(891,117,2,'2024-09-14 14:46:04','2024-09-14 14:46:06',373),(892,118,2,'2024-09-14 14:46:04','2024-09-14 14:46:06',373),(893,119,2,'2024-09-14 14:46:04','2024-09-14 14:46:06',373),(894,120,2,'2024-09-14 14:46:04','2024-09-14 14:46:06',373),(895,121,2,'2024-09-14 14:46:04','2024-09-14 14:46:06',373),(896,122,2,'2024-09-14 14:46:04','2024-09-14 14:46:06',373),(897,123,2,'2024-09-14 14:46:04','2024-09-14 14:46:06',373),(898,124,2,'2024-09-14 14:46:04','2024-09-14 14:46:06',373),(899,125,2,'2024-09-14 14:46:04','2024-09-14 14:46:06',373),(900,126,2,'2024-09-14 14:46:04','2024-09-14 14:46:06',373),(901,127,2,'2024-09-14 14:46:04','2024-09-14 14:46:06',373),(902,128,2,'2024-09-14 14:46:04','2024-09-14 14:46:06',373),(903,129,2,'2024-09-14 14:46:04','2024-09-14 14:46:06',373),(904,130,2,'2024-09-14 14:46:04','2024-09-14 14:46:06',373),(905,131,2,'2024-09-14 14:46:04','2024-09-14 14:46:06',373),(906,132,2,'2024-09-14 14:46:04','2024-09-14 14:46:06',373),(907,133,2,'2024-09-14 14:46:04','2024-09-14 14:46:06',373),(908,134,2,'2024-09-14 14:46:04','2024-09-14 14:46:06',373),(909,135,2,'2024-09-14 14:46:04','2024-09-14 14:46:06',373),(910,136,2,'2024-09-14 14:46:04','2024-09-14 14:46:06',373),(911,137,2,'2024-09-14 14:46:04','2024-09-14 14:46:06',373),(912,138,2,'2024-09-14 14:46:04','2024-09-14 14:46:06',373),(913,139,2,'2024-09-14 14:46:04','2024-09-14 14:46:06',373),(914,140,2,'2024-09-14 14:46:04','2024-09-14 14:46:06',373),(915,141,2,'2024-09-14 14:46:04','2024-09-14 14:46:06',373),(916,142,2,'2024-09-14 14:46:04','2024-09-14 14:46:06',373),(917,143,2,'2024-09-14 14:46:04','2024-09-14 14:46:06',373),(918,144,2,'2024-09-14 14:46:04','2024-09-14 14:46:06',373),(919,145,2,'2024-09-14 14:46:04','2024-09-14 14:46:06',373),(920,146,2,'2024-09-14 14:46:04','2024-09-14 14:46:06',373),(921,147,2,'2024-09-14 14:46:04','2024-09-14 14:46:06',373),(922,148,2,'2024-09-14 14:46:04','2024-09-14 14:46:06',373),(923,149,2,'2024-09-14 14:46:04','2024-09-14 14:46:06',373),(924,151,2,'2024-09-14 14:46:04','2024-09-14 14:46:06',373);

--
-- Table structure for table `arrival_times`
--

CREATE TABLE `arrival_times` (
  `id` int unsigned NOT NULL,
  `arrival_id` int unsigned NOT NULL,
  `from` varchar(255) CHARACTER SET utf8mb4 COLLATE utf8mb4_unicode_ci NOT NULL,
  `to` varchar(255) CHARACTER SET utf8mb4 COLLATE utf8mb4_unicode_ci NOT NULL,
  `created_at` timestamp NULL DEFAULT NULL,
  `updated_at` timestamp NULL DEFAULT NULL
) ENGINE=InnoDB DEFAULT CHARSET=utf8mb4 COLLATE=utf8mb4_unicode_ci;

--
-- Dumping data for table `arrival_times`
--

INSERT INTO `arrival_times` (`id`, `arrival_id`, `from`, `to`, `created_at`, `updated_at`) VALUES (11,2,'15:00','19:00','2022-12-20 21:36:18','2022-12-20 21:36:18'),(12,3,'15:00','19:00','2022-12-20 21:36:42','2022-12-20 21:36:42'),(13,4,'15:00','19:00','2022-12-20 21:37:05','2022-12-20 21:37:05'),(14,5,'15:00','19:00','2022-12-20 21:37:27','2022-12-20 21:37:27'),(15,6,'15:00','19:00','2022-12-20 21:37:47','2022-12-20 21:37:47'),(23,1,'15:00','19:00','2024-04-28 12:43:03','2024-04-28 12:43:03'),(24,1,'12:44','12:45','2024-04-28 12:43:03','2024-04-28 12:43:03'),(25,1,'12:44','12:42','2024-04-28 12:43:03','2024-04-28 12:43:03'),(26,8,'20:11','20:11','2024-05-11 18:11:19','2024-05-11 18:11:19'),(44,7,'18:07','17:07','2024-05-14 21:14:57','2024-05-14 21:14:57'),(45,7,'22:15','21:55','2024-05-14 21:14:57','2024-05-14 21:14:57'),(46,7,'22:22','23:14','2024-05-14 21:14:57','2024-05-14 21:14:57'),(49,9,'20:00','20:00','2024-05-19 19:01:17','2024-05-19 19:01:17'),(50,9,'20:30','21:30','2024-05-19 19:01:17','2024-05-19 19:01:17'),(51,11,'15:57','16:57','2024-06-08 13:57:15','2024-06-08 13:57:15'),(52,12,'17:00','18:02','2024-06-08 14:00:10','2024-06-08 14:00:10'),(53,12,'19:00','19:00','2024-06-08 14:00:10','2024-06-08 14:00:10'),(54,13,'20:10','21:10','2024-06-09 16:11:13','2024-06-09 16:11:13'),(55,13,'14:11','22:11','2024-06-09 16:11:13','2024-06-09 16:11:13'),(56,14,'09:00','13:00','2024-06-15 16:48:35','2024-06-15 16:48:35'),(57,14,'17:00','22:00','2024-06-15 16:48:35','2024-06-15 16:48:35'),(58,15,'09:00','13:00','2024-06-15 16:49:04','2024-06-15 16:49:04'),(59,15,'17:00','22:00','2024-06-15 16:49:04','2024-06-15 16:49:04'),(62,17,'09:00','13:00','2024-06-15 16:49:46','2024-06-15 16:49:46'),(63,17,'17:00','22:00','2024-06-15 16:49:46','2024-06-15 16:49:46'),(66,19,'09:00','13:00','2024-06-15 16:51:12','2024-06-15 16:51:12'),(67,19,'17:00','22:00','2024-06-15 16:51:12','2024-06-15 16:51:12'),(68,20,'09:00','13:00','2024-06-15 16:51:29','2024-06-15 16:51:29'),(69,20,'17:00','22:00','2024-06-15 16:51:29','2024-06-15 16:51:29'),(70,16,'09:00','13:00','2024-06-23 16:40:02','2024-06-23 16:40:02'),(71,16,'17:00','22:00','2024-06-23 16:40:02','2024-06-23 16:40:02'),(72,16,'22:39','12:39','2024-06-23 16:40:02','2024-06-23 16:40:02'),(73,21,'22:28','12:28','2024-06-24 20:28:50','2024-06-24 20:28:50'),(74,21,'13:28','12:28','2024-06-24 20:28:50','2024-06-24 20:28:50'),(75,22,'23:28','12:28','2024-06-24 20:29:04','2024-06-24 20:29:04'),(76,22,'23:28','14:28','2024-06-24 20:29:04','2024-06-24 20:29:04'),(77,23,'20:14','21:14','2024-09-14 19:15:03','2024-09-14 19:15:03'),(78,23,'23:14','23:15','2024-09-14 19:15:03','2024-09-14 19:15:03'),(79,24,'01:59','03:00','2024-09-18 01:00:04','2024-09-18 01:00:04'),(91,40,'09:00','00:00','2024-11-26 17:27:09','2024-11-26 17:27:09'),(92,41,'09:00','22:00','2024-11-26 17:27:31','2024-11-26 17:27:31'),(93,42,'09:00','22:00','2024-11-26 17:28:25','2024-11-26 17:28:25'),(94,43,'09:10','22:00','2024-11-26 17:28:49','2024-11-26 17:28:49'),(95,44,'09:00','22:00','2024-11-26 17:29:11','2024-11-26 17:29:11'),(96,45,'09:00','22:00','2024-11-26 17:29:40','2024-11-26 17:29:40'),(97,46,'09:00','22:00','2024-11-26 17:30:05','2024-11-26 17:30:05'),(102,49,'09:10','22:00','2024-11-26 17:54:18','2024-11-26 17:54:18'),(103,50,'09:00','22:00','2024-11-26 17:54:42','2024-11-26 17:54:42'),(104,51,'09:00','22:00','2024-11-26 17:54:48','2024-11-26 17:54:48'),(105,52,'09:00','22:00','2024-11-26 17:54:52','2024-11-26 17:54:52'),(106,53,'09:00','22:00','2024-11-26 17:55:14','2024-11-26 17:55:14'),(107,54,'09:00','22:00','2024-11-26 17:55:33','2024-11-26 17:55:33'),(108,55,'09:00','22:00','2024-11-26 17:55:45','2024-11-26 17:55:45'),(109,56,'09:00','22:00','2024-11-26 17:56:02','2024-11-26 17:56:02'),(110,57,'09:00','21:00','2024-11-26 17:56:19','2024-11-26 17:56:19'),(115,31,'09:00','10:00','2024-11-28 17:54:52','2024-11-28 17:54:52'),(116,31,'10:00','11:00','2024-11-28 17:54:52','2024-11-28 17:54:52'),(117,31,'17:00','18:00','2024-11-28 17:54:52','2024-11-28 17:54:52'),(118,31,'21:00','22:00','2024-11-28 17:54:52','2024-11-28 17:54:52'),(129,34,'09:00','10:00','2024-11-28 17:58:18','2024-11-28 17:58:18'),(130,34,'10:00','11:00','2024-11-28 17:58:18','2024-11-28 17:58:18'),(131,34,'17:00','18:00','2024-11-28 17:58:18','2024-11-28 17:58:18'),(132,34,'21:00','22:00','2024-11-28 17:58:18','2024-11-28 17:58:18'),(133,48,'09:00','10:00','2024-11-28 18:06:09','2024-11-28 18:06:09'),(134,48,'10:00','11:00','2024-11-28 18:06:09','2024-11-28 18:06:09'),(135,48,'17:00','18:00','2024-11-28 18:06:09','2024-11-28 18:06:09'),(136,48,'21:00','22:00','2024-11-28 18:06:09','2024-11-28 18:06:09'),(137,39,'09:00','01:00','2024-11-28 18:08:52','2024-11-28 18:08:52'),(138,39,'10:00','11:00','2024-11-28 18:08:52','2024-11-28 18:08:52'),(139,39,'18:00','18:00','2024-11-28 18:08:52','2024-11-28 18:08:52'),(140,39,'21:00','22:00','2024-11-28 18:08:52','2024-11-28 18:08:52'),(141,38,'09:00','10:00','2024-11-28 18:44:41','2024-11-28 18:44:41'),(142,38,'10:00','11:00','2024-11-28 18:44:41','2024-11-28 18:44:41'),(143,38,'17:00','18:00','2024-11-28 18:44:41','2024-11-28 18:44:41'),(144,38,'09:00','22:00','2024-11-28 18:44:41','2024-11-28 18:44:41'),(165,68,'21:00','22:00','2024-12-07 20:02:10','2024-12-07 20:02:10'),(166,69,'09:00','22:00','2024-12-07 20:02:36','2024-12-07 20:02:36'),(167,70,'09:00','22:00','2024-12-07 20:02:43','2024-12-07 20:02:43'),(168,71,'09:00','22:00','2024-12-07 20:02:45','2024-12-07 20:02:45'),(179,72,'09:00','10:00','2024-12-16 17:51:32','2024-12-16 17:51:32'),(180,72,'21:00','22:00','2024-12-16 17:51:32','2024-12-16 17:51:32'),(181,73,'09:00','10:00','2024-12-16 17:53:28','2024-12-16 17:53:28'),(182,73,'21:00','22:00','2024-12-16 17:53:28','2024-12-16 17:53:28'),(183,33,'09:00','10:00','2024-12-16 18:44:33','2024-12-16 18:44:33'),(184,33,'10:00','23:00','2024-12-16 18:44:33','2024-12-16 18:44:33'),(185,33,'17:00','17:00','2024-12-16 18:44:33','2024-12-16 18:44:33'),(186,33,'21:00','22:00','2024-12-16 18:44:33','2024-12-16 18:44:33'),(187,74,'09:00','10:00','2024-12-26 19:08:50','2024-12-26 19:08:50'),(188,74,'21:00','22:00','2024-12-26 19:08:50','2024-12-26 19:08:50'),(189,75,'09:00','12:00','2025-01-30 10:25:07','2025-01-30 10:25:07'),(190,75,'05:00','22:00','2025-01-30 10:25:07','2025-01-30 10:25:07'),(191,76,'09:00','12:00','2025-01-30 10:25:49','2025-01-30 10:25:49'),(192,76,'17:00','22:00','2025-01-30 10:25:49','2025-01-30 10:25:49'),(193,77,'09:00','00:00','2025-01-30 10:26:28','2025-01-30 10:26:28'),(194,77,'17:00','12:00','2025-01-30 10:26:28','2025-01-30 10:26:28'),(195,78,'09:00','00:00','2025-01-30 10:27:13','2025-01-30 10:27:13'),(196,78,'17:00','21:00','2025-01-30 10:27:13','2025-01-30 10:27:13'),(197,79,'21:00','22:00','2025-01-30 10:27:38','2025-01-30 10:27:38'),(198,80,'21:00','22:00','2025-01-30 10:27:45','2025-01-30 10:27:45'),(199,81,'21:00','22:00','2025-01-30 10:27:49','2025-01-30 10:27:49'),(200,82,'21:00','22:00','2025-01-30 10:27:50','2025-01-30 10:27:50'),(201,83,'21:00','22:00','2025-01-30 10:27:56','2025-01-30 10:27:56'),(202,84,'21:00','22:00','2025-01-30 10:27:56','2025-01-30 10:27:56'),(203,85,'21:00','22:00','2025-01-30 10:27:57','2025-01-30 10:27:57'),(204,86,'21:00','22:00','2025-01-30 10:27:57','2025-01-30 10:27:57');

--
-- Table structure for table `arrivals`
--

CREATE TABLE `arrivals` (
  `id` int unsigned NOT NULL,
  `day` varchar(255) CHARACTER SET utf8mb4 COLLATE utf8mb4_unicode_ci NOT NULL,
  `avalibale` int NOT NULL DEFAULT '1',
  `created_at` timestamp NULL DEFAULT NULL,
  `updated_at` timestamp NULL DEFAULT NULL,
  `user_id` int DEFAULT NULL
) ENGINE=InnoDB DEFAULT CHARSET=utf8mb4 COLLATE=utf8mb4_unicode_ci;

--
-- Dumping data for table `arrivals`
--

INSERT INTO `arrivals` (`id`, `day`, `avalibale`, `created_at`, `updated_at`, `user_id`) VALUES (1,'Saturday',1,'2022-06-23 07:18:36','2024-04-28 12:42:50',1),(2,'Sunday',1,'2022-12-20 21:36:18','2022-12-20 21:36:18',NULL),(3,'Monday',1,'2022-12-20 21:36:42','2022-12-20 21:36:42',NULL),(4,'Tuesday',1,'2022-12-20 21:37:05','2022-12-20 21:37:05',NULL),(5,'Wednesday',1,'2022-12-20 21:37:27','2022-12-20 21:37:27',NULL),(6,'Thursday',1,'2022-12-20 21:37:47','2022-12-20 21:37:47',NULL),(7,'Tuesday',1,'2024-03-30 16:07:21','2024-05-14 20:53:55',345),(8,'Saturday',1,'2024-05-11 18:11:19','2024-05-11 18:14:10',344),(9,'Sunday',1,'2024-05-19 18:59:06','2024-05-19 18:59:06',345),(11,'Saturday',1,'2024-06-08 13:57:15','2024-06-08 13:57:15',400),(12,'Sunday',1,'2024-06-08 14:00:10','2024-06-08 14:00:10',400),(13,'Monday',1,'2024-06-09 16:11:13','2024-06-09 16:11:13',380),(14,'Saturday',1,'2024-06-15 16:48:35','2024-06-15 16:48:35',387),(15,'Sunday',1,'2024-06-15 16:49:04','2024-06-15 16:49:04',387),(16,'Monday',1,'2024-06-15 16:49:24','2024-06-15 16:49:24',387),(17,'Tuesday',1,'2024-06-15 16:49:46','2024-06-15 16:49:46',387),(19,'Wednesday',1,'2024-06-15 16:51:12','2024-06-15 16:51:12',387),(20,'Thursday',1,'2024-06-15 16:51:29','2024-06-15 16:51:29',387),(21,'Saturday',1,'2024-06-24 20:28:50','2024-06-24 20:28:50',407),(22,'Tuesday',1,'2024-06-24 20:29:04','2024-06-24 20:29:04',407),(23,'Sunday',1,'2024-09-14 19:15:03','2024-09-14 19:15:03',373),(24,'Thursday',1,'2024-09-18 01:00:04','2024-09-18 01:00:04',436),(31,'Saturday',1,'2024-11-25 18:17:06','2024-11-25 18:17:06',444),(33,'Monday',1,'2024-11-25 18:17:07','2024-11-25 18:17:07',444),(34,'Tuesday',1,'2024-11-25 18:17:28','2024-11-25 18:17:28',444),(38,'Wednesday',1,'2024-11-26 17:21:00','2024-11-26 17:21:00',444),(39,'Thursday',1,'2024-11-26 17:21:51','2024-11-26 17:21:51',444),(40,'Saturday',1,'2024-11-26 17:27:09','2024-11-26 17:27:09',441),(41,'Sunday',1,'2024-11-26 17:27:31','2024-11-26 17:27:31',441),(42,'Monday',1,'2024-11-26 17:28:25','2024-11-26 17:28:25',441),(43,'Tuesday',1,'2024-11-26 17:28:49','2024-11-26 17:28:49',441),(44,'Wednesday',1,'2024-11-26 17:29:11','2024-11-26 17:29:11',441),(45,'Thursday',1,'2024-11-26 17:29:40','2024-11-26 17:29:40',441),(46,'Friday',1,'2024-11-26 17:30:05','2024-11-26 17:30:05',441),(48,'Sunday',1,'2024-11-26 17:47:58','2024-11-26 17:47:58',444),(49,'Saturday',1,'2024-11-26 17:54:18','2024-11-26 17:54:18',442),(50,'Sunday',1,'2024-11-26 17:54:42','2024-11-26 17:54:42',442),(51,'Sunday',1,'2024-11-26 17:54:48','2024-11-26 17:54:48',442),(52,'Sunday',1,'2024-11-26 17:54:52','2024-11-26 17:54:52',442),(53,'Monday',1,'2024-11-26 17:55:14','2024-11-26 17:55:14',442),(54,'Tuesday',1,'2024-11-26 17:55:33','2024-11-26 17:55:33',442),(55,'Wednesday',1,'2024-11-26 17:55:45','2024-11-26 17:55:45',442),(56,'Thursday',1,'2024-11-26 17:56:02','2024-11-26 17:56:02',442),(57,'Friday',1,'2024-11-26 17:56:19','2024-11-26 17:56:19',442),(68,'Saturday',1,'2024-12-07 20:02:10','2024-12-07 20:02:10',449),(69,'Sunday',1,'2024-12-07 20:02:36','2024-12-07 20:02:36',449),(70,'Sunday',1,'2024-12-07 20:02:43','2024-12-07 20:02:43',449),(71,'Sunday',1,'2024-12-07 20:02:45','2024-12-07 20:02:45',449),(72,'Saturday',1,'2024-12-16 17:51:32','2024-12-16 17:51:32',448),(73,'Sunday',1,'2024-12-16 17:53:28','2024-12-16 17:53:28',448),(74,'Saturday',1,'2024-12-26 19:08:50','2024-12-26 19:08:50',475),(75,'Saturday',1,'2025-01-30 10:25:07','2025-01-30 10:25:07',543),(76,'Sunday',1,'2025-01-30 10:25:49','2025-01-30 10:25:49',543),(77,'Monday',1,'2025-01-30 10:26:28','2025-01-30 10:26:28',543),(78,'Tuesday',1,'2025-01-30 10:27:13','2025-01-30 10:27:13',543),(79,'Wednesday',1,'2025-01-30 10:27:38','2025-01-30 10:27:38',543),(80,'Thursday',1,'2025-01-30 10:27:45','2025-01-30 10:27:45',543),(81,'Friday',1,'2025-01-30 10:27:49','2025-01-30 10:27:49',543),(82,'Friday',1,'2025-01-30 10:27:50','2025-01-30 10:27:50',543),(83,'Friday',1,'2025-01-30 10:27:56','2025-01-30 10:27:56',543),(84,'Friday',1,'2025-01-30 10:27:56','2025-01-30 10:27:56',543),(85,'Friday',1,'2025-01-30 10:27:57','2025-01-30 10:27:57',543),(86,'Friday',1,'2025-01-30 10:27:57','2025-01-30 10:27:57',543);

--
-- Table structure for table `branche_translations`
--

CREATE TABLE `branche_translations` (
  `id` int unsigned NOT NULL AUTO_INCREMENT,
  `branche_id` int unsigned NOT NULL,
  `name` varchar(255) CHARACTER SET utf8mb4 COLLATE utf8mb4_unicode_ci NOT NULL,
  `address` varchar(255) CHARACTER SET utf8mb4 COLLATE utf8mb4_unicode_ci NOT NULL,
  `content` text CHARACTER SET utf8mb4 COLLATE utf8mb4_unicode_ci,
  `locale` varchar(255) CHARACTER SET utf8mb4 COLLATE utf8mb4_unicode_ci NOT NULL,
  `created_at` timestamp NULL DEFAULT NULL,
  `updated_at` timestamp NULL DEFAULT NULL,
  PRIMARY KEY (`id`),
  UNIQUE KEY `branches_translations_branches_id_locale_unique` (`branche_id`,`locale`),
  KEY `branches_translations_locale_index` (`locale`),
  CONSTRAINT `branches_translations_branches_id_foreign` FOREIGN KEY (`branche_id`) REFERENCES `branches` (`id`) ON DELETE CASCADE
) ENGINE=InnoDB AUTO_INCREMENT=61 DEFAULT CHARSET=utf8mb4 COLLATE=utf8mb4_unicode_ci;

--
-- Dumping data for table `branche_translations`
--

INSERT INTO `branche_translations` (`id`, `branche_id`, `name`, `address`, `content`, `locale`, `created_at`, `updated_at`) VALUES (53,30,'الفرع الاول','26-30 شارع محمد صالح الحميضي، الكويت‎','<p>الفرع الاول</p>','ar',NULL,NULL),(54,30,'الفرع الاول','الفرع الاول','<p>الفرع الاول</p>','en',NULL,NULL),(55,31,'الفرع القاني','الفرع القاني','<p>الفرع القاني</p>','ar',NULL,NULL),(56,31,'الفرع القاني','الفرع القاني','<p>الفرع القاني</p>','en',NULL,NULL),(57,32,'شسيشسيشسي','9W47+43، المنطقة الحرة، الكويت‎','<p>شسيشسيشسي</p>','ar',NULL,NULL),(58,32,'شسيشسيشسي','شسيشسيشسيشسيشسي','<p>شسيشسيشسي</p>','en',NULL,NULL),(59,33,'مطعم نايف \"الفروانية\"','https://maps.app.goo.gl/pmGFUk7J7PZ5BJ3N7','<p>إستمتع بوجبتك من دجاج نايف</p>','ar',NULL,NULL),(60,33,'\"Naif Chicken \"Farwaniya','Kuwait - Farwaniya - Habib Munawar Street','<p>Enjoy your meal from Naif Fried Chicken</p>','en',NULL,NULL);

--
-- Table structure for table `branches`
--

CREATE TABLE `branches` (
  `id` int unsigned NOT NULL AUTO_INCREMENT,
  `status` int NOT NULL DEFAULT '1',
  `checkStatus` int NOT NULL DEFAULT '1',
  `image` varchar(255) CHARACTER SET utf8mb4 COLLATE utf8mb4_unicode_ci DEFAULT NULL,
  `from` time DEFAULT NULL,
  `to` time DEFAULT NULL,
  `location` varchar(255) CHARACTER SET utf8mb4 COLLATE utf8mb4_unicode_ci DEFAULT NULL,
  `created_at` timestamp NULL DEFAULT NULL,
  `updated_at` timestamp NULL DEFAULT NULL,
  `user_id` int DEFAULT NULL,
  `address_address` varchar(191) CHARACTER SET utf8mb4 COLLATE utf8mb4_unicode_ci DEFAULT NULL,
  `lat` varchar(191) CHARACTER SET utf8mb4 COLLATE utf8mb4_unicode_ci DEFAULT NULL,
  `long` varchar(191) CHARACTER SET utf8mb4 COLLATE utf8mb4_unicode_ci DEFAULT NULL,
  `phone` varchar(191) CHARACTER SET utf8mb4 COLLATE utf8mb4_unicode_ci DEFAULT NULL,
  PRIMARY KEY (`id`)
) ENGINE=InnoDB AUTO_INCREMENT=34 DEFAULT CHARSET=utf8mb4 COLLATE=utf8mb4_unicode_ci;

--
-- Dumping data for table `branches`
--

INSERT INTO `branches` (`id`, `status`, `checkStatus`, `image`, `from`, `to`, `location`, `created_at`, `updated_at`, `user_id`, `address_address`, `lat`, `long`, `phone`) VALUES (30,1,1,'2024-11-10-Screen Shot 2024-10-29 at 9.35.51 PM.png',NULL,NULL,NULL,'2024-11-10 22:14:01','2024-11-19 21:32:55',90,NULL,'29.346313085223045','47.99252617993164','23233232'),(31,1,1,'2024-11-13-Screen Shot 2024-11-11 at 11.21.42 PM.png',NULL,NULL,NULL,'2024-11-13 22:26:56','2024-11-13 22:26:56',90,NULL,NULL,NULL,'١١١١١'),(32,1,1,NULL,NULL,NULL,NULL,'2024-11-19 21:34:52','2024-11-19 21:34:52',90,NULL,'29.356244468892758','47.912456876419064','13123123123'),(33,1,1,'2024-12-05-1.webp',NULL,NULL,'https://maps.app.goo.gl/pmGFUk7J7PZ5BJ3N7','2024-11-27 13:18:49','2024-12-05 17:20:15',103,NULL,'29.362673167604278','47.96420205273437','1808777');

--
-- Table structure for table `brand_translations`
--

CREATE TABLE `brand_translations` (
  `id` int unsigned NOT NULL,
  `brand_id` int unsigned NOT NULL,
  `title` varchar(255) CHARACTER SET utf8mb4 COLLATE utf8mb4_unicode_ci NOT NULL,
  `locale` varchar(255) CHARACTER SET utf8mb4 COLLATE utf8mb4_unicode_ci NOT NULL,
  `created_at` timestamp NULL DEFAULT NULL,
  `updated_at` timestamp NULL DEFAULT NULL
) ENGINE=InnoDB DEFAULT CHARSET=utf8mb4 COLLATE=utf8mb4_unicode_ci;

--
-- Dumping data for table `brand_translations`
--


--
-- Table structure for table `brands`
--

CREATE TABLE `brands` (
  `id` int unsigned NOT NULL,
  `image` varchar(255) CHARACTER SET utf8mb4 COLLATE utf8mb4_unicode_ci DEFAULT NULL,
  `status` int NOT NULL DEFAULT '1',
  `created_at` timestamp NULL DEFAULT NULL,
  `updated_at` timestamp NULL DEFAULT NULL
) ENGINE=InnoDB DEFAULT CHARSET=utf8mb4 COLLATE=utf8mb4_unicode_ci;

--
-- Dumping data for table `brands`
--


--
-- Table structure for table `categories`
--

CREATE TABLE `categories` (
  `id` int unsigned NOT NULL AUTO_INCREMENT,
  `image` varchar(255) CHARACTER SET utf8mb4 COLLATE utf8mb4_unicode_ci DEFAULT NULL,
  `status` tinyint(1) NOT NULL DEFAULT '0',
  `parent_id` int NOT NULL,
  `color_name` varchar(255) CHARACTER SET utf8mb4 COLLATE utf8mb4_unicode_ci NOT NULL,
  `created_at` timestamp NULL DEFAULT NULL,
  `updated_at` timestamp NULL DEFAULT NULL,
  `deleted_at` timestamp NULL DEFAULT NULL,
  `order` int NOT NULL DEFAULT '0',
  `logo` varchar(191) CHARACTER SET utf8mb4 COLLATE utf8mb4_unicode_ci DEFAULT NULL,
  `type` varchar(191) CHARACTER SET utf8mb4 COLLATE utf8mb4_unicode_ci DEFAULT 'category',
  PRIMARY KEY (`id`)
) ENGINE=InnoDB AUTO_INCREMENT=26 DEFAULT CHARSET=utf8mb4 COLLATE=utf8mb4_unicode_ci;

--
-- Dumping data for table `categories`
--

INSERT INTO `categories` (`id`, `image`, `status`, `parent_id`, `color_name`, `created_at`, `updated_at`, `deleted_at`, `order`, `logo`, `type`) VALUES (4,'2024-11-16-UAE.png',0,3,'','2024-11-16 16:51:24','2024-11-16 16:51:24',NULL,0,NULL,'category'),(15,'2025-01-27-337838a900d2589572311fb13f0af5d1.png',1,0,'','2025-01-27 11:54:43','2025-01-27 11:55:05',NULL,0,NULL,'category'),(16,'2025-01-29-an-3.avif',1,0,'','2025-01-29 16:34:16','2025-01-29 16:34:22',NULL,0,NULL,'category'),(17,'2025-01-29-an-6.avif',1,0,'','2025-01-29 16:34:42','2025-01-29 16:34:54',NULL,0,NULL,'category'),(18,'2025-01-29-an-9.avif',1,0,'','2025-01-29 16:35:26','2025-01-29 16:35:36',NULL,0,NULL,'category'),(19,NULL,1,0,'','2025-02-02 23:55:37','2025-02-02 23:57:56',NULL,0,NULL,'AqarType'),(20,NULL,1,0,'','2025-02-08 21:58:02','2025-02-08 21:58:16',NULL,0,NULL,'AqarType'),(21,NULL,1,0,'','2025-02-08 21:58:10','2025-02-08 21:58:16',NULL,0,NULL,'AqarType'),(25,'2025-02-09-download-1.jpg',1,0,'','2025-02-09 18:59:20','2025-02-09 18:59:27',NULL,0,NULL,'category');

--
-- Table structure for table `category_translations`
--

CREATE TABLE `category_translations` (
  `id` int unsigned NOT NULL AUTO_INCREMENT,
  `category_id` int unsigned NOT NULL,
  `name` varchar(255) CHARACTER SET utf8mb4 COLLATE utf8mb4_unicode_ci NOT NULL,
  `locale` varchar(255) CHARACTER SET utf8mb4 COLLATE utf8mb4_unicode_ci NOT NULL,
  `created_at` timestamp NULL DEFAULT NULL,
  `updated_at` timestamp NULL DEFAULT NULL,
  PRIMARY KEY (`id`),
  UNIQUE KEY `category_translations_category_id_locale_unique` (`category_id`,`locale`),
  KEY `category_translations_locale_index` (`locale`),
  CONSTRAINT `category_translations_category_id_foreign` FOREIGN KEY (`category_id`) REFERENCES `categories` (`id`) ON DELETE CASCADE
) ENGINE=InnoDB AUTO_INCREMENT=51 DEFAULT CHARSET=utf8mb4 COLLATE=utf8mb4_unicode_ci;

--
-- Dumping data for table `category_translations`
--

INSERT INTO `category_translations` (`id`, `category_id`, `name`, `locale`, `created_at`, `updated_at`) VALUES (7,4,'safdad','ar',NULL,NULL),(8,4,'adssadsad','en',NULL,NULL),(29,15,'شقق للايجار','ar',NULL,NULL),(30,15,'شقق للايجار','en',NULL,NULL),(31,16,'عقارات','ar',NULL,NULL),(32,16,'estate','en',NULL,NULL),(33,17,'شاليهات','ar',NULL,NULL),(34,17,'Chalets','en',NULL,NULL),(35,18,'مزارع','ar',NULL,NULL),(36,18,'farms','en',NULL,NULL),(37,19,'للبيع','ar',NULL,NULL),(38,19,'للبيع','en',NULL,NULL),(39,20,'الايجار','ar',NULL,NULL),(40,20,'الايجار','en',NULL,NULL),(41,21,'للبدل','ar',NULL,NULL),(42,21,'للبدل','en',NULL,NULL),(49,25,'فنادق','ar',NULL,NULL),(50,25,'فنادق','en',NULL,NULL);

--
-- Table structure for table `confirm_barcodes`
--

CREATE TABLE `confirm_barcodes` (
  `id` int NOT NULL AUTO_INCREMENT,
  `user_id` int DEFAULT NULL,
  `restrant_id` int DEFAULT NULL,
  `code` varchar(191) DEFAULT NULL,
  `created_at` timestamp NULL DEFAULT NULL,
  `updated_at` timestamp NULL DEFAULT NULL,
  PRIMARY KEY (`id`)
) ENGINE=InnoDB AUTO_INCREMENT=12 DEFAULT CHARSET=utf8mb4 COLLATE=utf8mb4_0900_ai_ci;

--
-- Dumping data for table `confirm_barcodes`
--

INSERT INTO `confirm_barcodes` (`id`, `user_id`, `restrant_id`, `code`, `created_at`, `updated_at`) VALUES (1,90,90,'1212312312','2024-11-15 23:31:07','2024-11-15 23:31:07'),(2,90,90,'1212312312','2024-11-15 23:36:44','2024-11-15 23:36:44'),(5,90,91,'12123123122','2024-11-15 23:37:21','2024-11-15 23:37:21'),(7,90,90,'1212312312','2024-11-15 23:51:47','2024-11-15 23:51:47'),(8,93,90,'1212312312','2024-11-15 23:56:12','2024-11-15 23:56:12'),(9,93,90,'1212312312','2024-11-15 23:56:14','2024-11-15 23:56:14'),(11,93,90,'1212312312','2024-11-16 00:30:16','2024-11-16 00:30:16');

--
-- Table structure for table `contacts`
--

CREATE TABLE `contacts` (
  `id` int unsigned NOT NULL AUTO_INCREMENT,
  `slug` varchar(255) CHARACTER SET utf8mb4 COLLATE utf8mb4_unicode_ci NOT NULL,
  `title` varchar(255) CHARACTER SET utf8mb4 COLLATE utf8mb4_unicode_ci DEFAULT NULL,
  `comment` text CHARACTER SET utf8mb4 COLLATE utf8mb4_unicode_ci,
  `phone` varchar(255) CHARACTER SET utf8mb4 COLLATE utf8mb4_unicode_ci DEFAULT NULL,
  `created_at` timestamp NULL DEFAULT NULL,
  `updated_at` timestamp NULL DEFAULT NULL,
  `status` int DEFAULT '0',
  `name` varchar(191) CHARACTER SET utf8mb4 COLLATE utf8mb4_unicode_ci DEFAULT NULL,
  `email` varchar(191) CHARACTER SET utf8mb4 COLLATE utf8mb4_unicode_ci DEFAULT NULL,
  PRIMARY KEY (`id`)
) ENGINE=InnoDB AUTO_INCREMENT=78 DEFAULT CHARSET=utf8mb4 COLLATE=utf8mb4_unicode_ci;

--
-- Dumping data for table `contacts`
--

INSERT INTO `contacts` (`id`, `slug`, `title`, `comment`, `phone`, `created_at`, `updated_at`, `status`, `name`, `email`) VALUES (1,'',NULL,'wertwertrw','67782374','2024-05-06 18:34:24','2024-10-22 17:00:24',1,'anwer',''),(2,'',NULL,'wertwer','67782374','2024-05-06 18:35:56','2024-05-06 18:35:56',0,'anwer',''),(3,'',NULL,'qewrqwerqwqwrqw','6666666555555','2024-06-22 23:24:17','2024-06-22 23:24:17',0,'yyyyyyy',''),(4,'',NULL,'hhgggg','6666666555555','2024-06-22 23:27:31','2024-06-22 23:27:31',0,'yyyyyyy',''),(5,'',NULL,'342523452','324523432','2024-06-22 23:30:00','2024-06-22 23:30:00',0,'453245',''),(6,'',NULL,'rqw','wqereqw','2024-07-11 13:08:31','2024-07-11 13:08:31',0,'qewrewqr',''),(7,'',NULL,'mdmmdndm','8848','2024-10-22 16:18:06','2024-10-22 16:18:06',0,'hhjd',''),(8,'',NULL,'jjhkkjh','222222','2024-10-23 11:31:22','2024-12-15 20:34:50',1,'jjhh',''),(9,'',NULL,'تجربة','٩٨٧١٠٥٨٠','2024-12-11 17:20:36','2024-12-15 20:34:39',1,'نبيل',''),(10,'',NULL,'السلام عليكم اليوم ١٥ ديسمبر','50278787','2024-12-15 20:35:25','2024-12-15 20:36:19',1,'Ahmed',''),(11,'',NULL,'yırorpköööf','٩٨٧١٠٥٨٠','2025-01-04 19:02:08','2025-01-04 20:23:09',1,'نبيل',''),(76,'',NULL,'asdasdasd',NULL,'2024-11-24 11:21:06','2024-11-24 11:21:06',0,'samer','samer@gmail.com'),(77,'',NULL,'asdasdasd',NULL,'2024-11-24 12:06:26','2024-11-27 14:11:47',1,'samer','samer@gmail.com');

--
-- Table structure for table `content_section_translations`
--

CREATE TABLE `content_section_translations` (
  `id` int unsigned NOT NULL AUTO_INCREMENT,
  `content_section_id` int unsigned NOT NULL,
  `title` varchar(191) CHARACTER SET utf8mb4 COLLATE utf8mb4_unicode_ci DEFAULT NULL,
  `locale` varchar(191) CHARACTER SET utf8mb4 COLLATE utf8mb4_unicode_ci NOT NULL,
  `created_at` timestamp NULL DEFAULT NULL,
  `updated_at` timestamp NULL DEFAULT NULL,
  PRIMARY KEY (`id`),
  UNIQUE KEY `content_section_translations_content_section_id_locale_unique` (`content_section_id`,`locale`),
  CONSTRAINT `content_section_translations_content_section_id_foreign` FOREIGN KEY (`content_section_id`) REFERENCES `content_sections` (`id`) ON DELETE CASCADE
) ENGINE=InnoDB AUTO_INCREMENT=77 DEFAULT CHARSET=utf8mb4 COLLATE=utf8mb4_unicode_ci;

--
-- Dumping data for table `content_section_translations`
--

INSERT INTO `content_section_translations` (`id`, `content_section_id`, `title`, `locale`, `created_at`, `updated_at`) VALUES (69,35,'فنادق عالمية','ar',NULL,NULL),(70,35,'International hotels','en',NULL,NULL),(73,37,'عروض البوفية الشهرية','ar',NULL,NULL),(74,37,'Monthly buffet offers','en',NULL,NULL),(75,38,'صيف discountpro','ar',NULL,NULL),(76,38,'summer discountpro','en',NULL,NULL);

--
-- Table structure for table `content_sections`
--

CREATE TABLE `content_sections` (
  `id` int unsigned NOT NULL AUTO_INCREMENT,
  `order` int NOT NULL,
  `status` int NOT NULL DEFAULT '1',
  `created_at` timestamp NULL DEFAULT NULL,
  `updated_at` timestamp NULL DEFAULT NULL,
  `start_offer` datetime DEFAULT NULL,
  `end_offer` datetime DEFAULT NULL,
  `categoryShow` varchar(11) CHARACTER SET utf8mb4 COLLATE utf8mb4_unicode_ci DEFAULT NULL,
  `web` tinyint DEFAULT NULL,
  `typeOfWeb` int DEFAULT NULL,
  `articles_id` int DEFAULT NULL,
  PRIMARY KEY (`id`),
  KEY `content_sections_categoryshow_foreign` (`categoryShow`)
) ENGINE=InnoDB AUTO_INCREMENT=39 DEFAULT CHARSET=utf8mb4 COLLATE=utf8mb4_unicode_ci;

--
-- Dumping data for table `content_sections`
--

INSERT INTO `content_sections` (`id`, `order`, `status`, `created_at`, `updated_at`, `start_offer`, `end_offer`, `categoryShow`, `web`, `typeOfWeb`, `articles_id`) VALUES (35,2,1,'2023-06-22 01:50:42','2024-11-16 16:54:00',NULL,NULL,NULL,NULL,NULL,NULL),(37,1,1,'2024-11-16 16:52:40','2024-11-16 16:54:00',NULL,NULL,NULL,NULL,NULL,NULL),(38,3,1,'2024-12-07 11:46:16','2025-01-16 17:55:29',NULL,NULL,NULL,NULL,NULL,NULL);

--
-- Table structure for table `countries`
--

CREATE TABLE `countries` (
  `id` int unsigned NOT NULL,
  `status` tinyint(1) NOT NULL DEFAULT '1',
  `image` varchar(191) CHARACTER SET utf8mb4 COLLATE utf8mb4_unicode_ci DEFAULT NULL,
  `code` varchar(191) CHARACTER SET utf8mb4 COLLATE utf8mb4_unicode_ci DEFAULT NULL,
  `currency` varchar(191) CHARACTER SET utf8mb4 COLLATE utf8mb4_unicode_ci DEFAULT NULL,
  `address_address` varchar(191) CHARACTER SET utf8mb4 COLLATE utf8mb4_unicode_ci NOT NULL,
  `address_latitude` double NOT NULL,
  `address_longitude` double NOT NULL,
  `created_at` timestamp NULL DEFAULT NULL,
  `updated_at` timestamp NULL DEFAULT NULL,
  `prices` float NOT NULL,
  `key` varchar(191) CHARACTER SET utf8mb4 COLLATE utf8mb4_unicode_ci DEFAULT NULL,
  `shipper` varchar(11) CHARACTER SET utf8mb4 COLLATE utf8mb4_unicode_ci DEFAULT NULL,
  `vat` varchar(191) CHARACTER SET utf8mb4 COLLATE utf8mb4_unicode_ci DEFAULT NULL,
  `cod_services` varchar(191) CHARACTER SET utf8mb4 COLLATE utf8mb4_unicode_ci DEFAULT NULL
) ENGINE=InnoDB DEFAULT CHARSET=utf8mb4 COLLATE=utf8mb4_unicode_ci;

--
-- Dumping data for table `countries`
--

INSERT INTO `countries` (`id`, `status`, `image`, `code`, `currency`, `address_address`, `address_latitude`, `address_longitude`, `created_at`, `updated_at`, `prices`, `key`, `shipper`, `vat`, `cod_services`) VALUES (1,1,'CfSag0qbGSOcGRqGDxpOTI9XV15HB2Negd8eYv5v.jpg','KWD','KWD','مدينة الكويت، Kuwait',29.375859,47.9774052,'2020-07-29 23:06:29','2023-04-12 06:26:17',1,'+965','0','0','0'),(4,1,'fOxYPIAf1yBMBi4JDmn8x6AQJNq0jh8gGpDxObZ6.png','AED','AED','الإمارات العربية المتحدة',23.424076,53.847818,'2022-12-05 08:55:34','2023-04-04 05:41:09',11.98,'‎+971','60','5','24'),(9,1,'GduDmAiptKk5BZP65DKQKi7O9Wtv2ewjjlsRjvOX.jpg','SAR','SAR','Saudi Arabia',23.885942,45.079162,'2023-03-29 08:35:42','2023-03-30 15:24:57',12.5,'‎+966','60','17.5','25'),(10,1,'BRBuR3hzIrdTycmPc0edo368jgAHM8CbbVG9f4Fz.jpg','BHD','BHD','Bahrain',26.0667,50.5577,'2023-04-02 05:16:11','2023-04-04 05:42:11',1.25,'+973','5','5','2.5'),(11,1,'cMngsWhjrHeGU6dje1dmH4hXvj6ovfCwygIDpN66.jpg','QAR','QAR','Qatar',25.354826,51.183884,'2023-04-02 06:07:33','2023-04-04 05:41:47',12,'+974','60','0','24'),(12,1,'hPGhikhM2P5lvYqezJ7RoJMcR5GauU5N1rY7kBAi.jpg','OMR','OMR','Oman',21.4735329,55.975413,'2023-04-02 06:24:35','2023-04-04 05:42:33',1.3,'+968','5','5','2.5');

--
-- Table structure for table `country_translations`
--

CREATE TABLE `country_translations` (
  `id` int unsigned NOT NULL,
  `country_id` int unsigned NOT NULL,
  `name` varchar(191) CHARACTER SET utf8mb4 COLLATE utf8mb4_unicode_ci NOT NULL,
  `locale` varchar(191) CHARACTER SET utf8mb4 COLLATE utf8mb4_unicode_ci NOT NULL,
  `created_at` timestamp NULL DEFAULT NULL,
  `updated_at` timestamp NULL DEFAULT NULL
) ENGINE=InnoDB DEFAULT CHARSET=utf8mb4 COLLATE=utf8mb4_unicode_ci;

--
-- Dumping data for table `country_translations`
--

INSERT INTO `country_translations` (`id`, `country_id`, `name`, `locale`, `created_at`, `updated_at`) VALUES (1,1,'الكويت','ar',NULL,NULL),(2,1,'Kuwait','en',NULL,NULL),(3,2,'السعودية','ar',NULL,NULL),(4,2,'Saudi Arabia','en',NULL,NULL),(5,3,'قطر','ar',NULL,NULL),(6,3,'Qater','en',NULL,NULL),(7,4,'الإمارات','ar',NULL,NULL),(8,4,'United Arab Emirates','en',NULL,NULL),(11,6,'البحرين','ar',NULL,NULL),(12,6,'Bahrain','en',NULL,NULL),(13,7,'عُمان','ar',NULL,NULL),(14,7,'Oman','en',NULL,NULL),(16,8,'sdfs','ar',NULL,NULL),(17,8,'fsdsdf','en',NULL,NULL),(18,9,'Saudi Arabia','ar',NULL,NULL),(19,9,'Saudi Arabia','en',NULL,NULL),(20,10,'Bahrain','ar',NULL,NULL),(21,10,'Bahrain','en',NULL,NULL),(22,11,'Qatar','ar',NULL,NULL),(23,11,'Qatar','en',NULL,NULL),(24,12,'Oman','ar',NULL,NULL),(25,12,'Oman','en',NULL,NULL);

--
-- Table structure for table `coupone_relateds`
--

CREATE TABLE `coupone_relateds` (
  `id` int unsigned NOT NULL AUTO_INCREMENT,
  `coupons_id` int unsigned NOT NULL,
  `related_id` int NOT NULL,
  `created_at` timestamp NULL DEFAULT NULL,
  `updated_at` timestamp NULL DEFAULT NULL,
  PRIMARY KEY (`id`),
  KEY `coupone_relateds_coupons_id_foreign` (`coupons_id`),
  CONSTRAINT `coupone_relateds_coupons_id_foreign` FOREIGN KEY (`coupons_id`) REFERENCES `coupons` (`id`) ON DELETE CASCADE
) ENGINE=InnoDB AUTO_INCREMENT=7 DEFAULT CHARSET=utf8mb4 COLLATE=utf8mb4_unicode_ci;

--
-- Dumping data for table `coupone_relateds`
--


--
-- Table structure for table `coupons`
--

CREATE TABLE `coupons` (
  `id` int unsigned NOT NULL AUTO_INCREMENT,
  `user_id` int unsigned DEFAULT NULL,
  `name` varchar(255) CHARACTER SET utf8mb4 COLLATE utf8mb4_unicode_ci NOT NULL,
  `code` varchar(255) CHARACTER SET utf8mb4 COLLATE utf8mb4_unicode_ci NOT NULL,
  `type` varchar(255) CHARACTER SET utf8mb4 COLLATE utf8mb4_unicode_ci NOT NULL,
  `value` varchar(255) CHARACTER SET utf8mb4 COLLATE utf8mb4_unicode_ci NOT NULL,
  `count` int NOT NULL DEFAULT '0',
  `status` int NOT NULL DEFAULT '1',
  `created_at` timestamp NULL DEFAULT NULL,
  `updated_at` timestamp NULL DEFAULT NULL,
  `type_code` varchar(191) CHARACTER SET utf8mb4 COLLATE utf8mb4_unicode_ci DEFAULT NULL,
  `expire_date` date DEFAULT NULL,
  `points` int DEFAULT '0',
  `codeType` enum('loyalty','normal') CHARACTER SET utf8mb4 COLLATE utf8mb4_unicode_ci DEFAULT 'normal',
  PRIMARY KEY (`id`),
  KEY `coupons_user_id_foreign` (`user_id`),
  CONSTRAINT `coupons_user_id_foreign` FOREIGN KEY (`user_id`) REFERENCES `users` (`id`) ON DELETE CASCADE
) ENGINE=InnoDB DEFAULT CHARSET=utf8mb4 COLLATE=utf8mb4_unicode_ci;

--
-- Dumping data for table `coupons`
--


--
-- Table structure for table `facilitie_translations`
--

CREATE TABLE `facilitie_translations` (
  `id` int NOT NULL AUTO_INCREMENT,
  `facilitie_id` int DEFAULT NULL,
  `name` varchar(191) CHARACTER SET utf8mb3 COLLATE utf8mb3_general_ci DEFAULT NULL,
  `locale` varchar(191) CHARACTER SET utf8mb3 COLLATE utf8mb3_general_ci DEFAULT NULL,
  `created_at` timestamp NULL DEFAULT NULL,
  `updated_at` timestamp NULL DEFAULT NULL,
  PRIMARY KEY (`id`),
  KEY `facilitie_id` (`facilitie_id`),
  CONSTRAINT `facilitie_translations_ibfk_1` FOREIGN KEY (`facilitie_id`) REFERENCES `facilities` (`id`) ON DELETE CASCADE ON UPDATE RESTRICT
) ENGINE=InnoDB AUTO_INCREMENT=9 DEFAULT CHARSET=utf8mb4 COLLATE=utf8mb4_0900_ai_ci;

--
-- Dumping data for table `facilitie_translations`
--

INSERT INTO `facilitie_translations` (`id`, `facilitie_id`, `name`, `locale`, `created_at`, `updated_at`) VALUES (5,3,'تسهيلات 1','ar',NULL,NULL),(6,3,'Facilities 1','en',NULL,NULL),(7,4,'طاولات عائلية','ar',NULL,NULL),(8,4,'Family tables','en',NULL,NULL);

--
-- Table structure for table `facilities`
--

CREATE TABLE `facilities` (
  `id` int NOT NULL AUTO_INCREMENT,
  `image` varchar(191) DEFAULT NULL,
  `status` int DEFAULT '1',
  `user_id` int DEFAULT NULL,
  `created_at` timestamp NULL DEFAULT NULL,
  `updated_at` timestamp NULL DEFAULT NULL,
  PRIMARY KEY (`id`)
) ENGINE=InnoDB AUTO_INCREMENT=5 DEFAULT CHARSET=utf8mb4 COLLATE=utf8mb4_0900_ai_ci;

--
-- Dumping data for table `facilities`
--

INSERT INTO `facilities` (`id`, `image`, `status`, `user_id`, `created_at`, `updated_at`) VALUES (3,'2024-11-27-brand-kfc-product.jpg',1,103,'2024-11-27 12:49:25','2024-11-27 12:49:44'),(4,'2024-12-12-1682596722_table cover big.jpg',1,90,'2024-12-12 15:24:09','2024-12-12 15:24:09');

--
-- Table structure for table `failed_jobs`
--

CREATE TABLE `failed_jobs` (
  `id` bigint unsigned NOT NULL AUTO_INCREMENT,
  `uuid` varchar(255) CHARACTER SET utf8mb4 COLLATE utf8mb4_unicode_ci NOT NULL,
  `connection` text CHARACTER SET utf8mb4 COLLATE utf8mb4_unicode_ci NOT NULL,
  `queue` text CHARACTER SET utf8mb4 COLLATE utf8mb4_unicode_ci NOT NULL,
  `payload` longtext CHARACTER SET utf8mb4 COLLATE utf8mb4_unicode_ci NOT NULL,
  `exception` longtext CHARACTER SET utf8mb4 COLLATE utf8mb4_unicode_ci NOT NULL,
  `failed_at` timestamp NOT NULL DEFAULT CURRENT_TIMESTAMP,
  PRIMARY KEY (`id`),
  UNIQUE KEY `failed_jobs_uuid_unique` (`uuid`)
) ENGINE=InnoDB DEFAULT CHARSET=utf8mb4 COLLATE=utf8mb4_unicode_ci;

--
-- Dumping data for table `failed_jobs`
--


--
-- Table structure for table `famouse_summaries`
--

CREATE TABLE `famouse_summaries` (
  `id` int unsigned NOT NULL,
  `in` decimal(8,2) NOT NULL DEFAULT '0.00',
  `out` decimal(8,2) NOT NULL DEFAULT '0.00',
  `order_id` int DEFAULT NULL,
  `user_id` int DEFAULT NULL,
  `date` varchar(255) CHARACTER SET utf8mb4 COLLATE utf8mb4_unicode_ci DEFAULT NULL,
  `status` varchar(255) CHARACTER SET utf8mb4 COLLATE utf8mb4_unicode_ci DEFAULT NULL,
  `code` varchar(255) CHARACTER SET utf8mb4 COLLATE utf8mb4_unicode_ci DEFAULT NULL,
  `created_at` timestamp NULL DEFAULT NULL,
  `updated_at` timestamp NULL DEFAULT NULL
) ENGINE=InnoDB DEFAULT CHARSET=utf8mb4 COLLATE=utf8mb4_unicode_ci;

--
-- Dumping data for table `famouse_summaries`
--

INSERT INTO `famouse_summaries` (`id`, `in`, `out`, `order_id`, `user_id`, `date`, `status`, `code`, `created_at`, `updated_at`) VALUES (3,2.65,0.00,156,NULL,'2024-09-09 00:43:20','0','sa','2024-09-09 00:43:20','2024-09-09 00:43:20'),(4,0.00,1.00,NULL,1,'2024-09-09 00:51:02','1','sa','2024-09-09 00:51:02','2024-09-09 00:51:02'),(5,0.00,0.00,159,NULL,'2024-09-14 20:34:53','0','sasasa','2024-09-14 20:34:53','2024-09-14 20:34:53'),(6,0.00,0.00,18,NULL,'2024-12-03 17:01:32','0','r10','2024-12-03 17:01:32','2024-12-03 17:01:32'),(7,0.00,0.00,20,NULL,'2024-12-03 19:05:13','0','r10','2024-12-03 19:05:13','2024-12-03 19:05:13'),(8,0.00,9.00,NULL,445,'2024-12-04 17:27:46','1','abo10','2024-12-04 17:27:46','2024-12-04 17:27:46'),(9,0.00,9.00,NULL,445,'2024-12-04 17:27:47','1','abo10','2024-12-04 17:27:47','2024-12-04 17:27:47'),(10,0.00,99.00,NULL,445,'2024-12-05 17:57:58','1','abo10','2024-12-05 17:57:58','2024-12-05 17:57:58'),(11,5.04,0.00,21,NULL,'2024-12-05 20:45:42','0','abo10','2024-12-05 20:45:42','2024-12-05 20:45:42'),(12,1.89,0.00,23,NULL,'2024-12-05 20:57:10','0','abo20','2024-12-05 20:57:10','2024-12-05 20:57:10'),(13,0.63,0.00,25,NULL,'2024-12-07 20:04:18','0','abo10','2024-12-07 20:04:18','2024-12-07 20:04:18'),(14,0.32,0.00,30,NULL,'2024-12-07 20:17:26','0','abo10','2024-12-07 20:17:26','2024-12-07 20:17:26'),(15,0.00,0.00,43,NULL,'2024-12-18 19:23:22','0','r10','2024-12-18 19:23:22','2024-12-18 19:23:22'),(16,4.56,0.00,44,NULL,'2024-12-18 19:29:39','0','abo20','2024-12-18 19:29:39','2024-12-18 19:29:39'),(17,2.66,0.00,7,NULL,'2024-12-22 12:08:55','0','abo10','2024-12-22 12:08:55','2024-12-22 12:08:55');

--
-- Table structure for table `feature_option_translations`
--

CREATE TABLE `feature_option_translations` (
  `id` int unsigned NOT NULL AUTO_INCREMENT,
  `feature_option_id` int unsigned NOT NULL,
  `title` varchar(255) CHARACTER SET utf8mb4 COLLATE utf8mb4_unicode_ci DEFAULT NULL,
  `locale` varchar(255) CHARACTER SET utf8mb4 COLLATE utf8mb4_unicode_ci NOT NULL,
  `created_at` timestamp NULL DEFAULT NULL,
  `updated_at` timestamp NULL DEFAULT NULL,
  PRIMARY KEY (`id`),
  UNIQUE KEY `feature_option_translations_feature_option_id_locale_unique` (`feature_option_id`,`locale`),
  CONSTRAINT `feature_option_translations_feature_option_id_foreign` FOREIGN KEY (`feature_option_id`) REFERENCES `feature_options` (`id`) ON DELETE CASCADE
) ENGINE=InnoDB AUTO_INCREMENT=117 DEFAULT CHARSET=utf8mb4 COLLATE=utf8mb4_unicode_ci;

--
-- Dumping data for table `feature_option_translations`
--

INSERT INTO `feature_option_translations` (`id`, `feature_option_id`, `title`, `locale`, `created_at`, `updated_at`) VALUES (1,1,'3 غرف','ar',NULL,NULL),(2,1,'3 غرف','en',NULL,NULL),(3,2,'2 صالون','ar',NULL,NULL),(4,2,'2 صالون','en',NULL,NULL),(5,3,'اسانسير','ar',NULL,NULL),(6,3,'اسانسير','en',NULL,NULL),(7,4,'باركين','ar',NULL,NULL),(8,4,'باركين','en',NULL,NULL),(21,11,'3 غرف','ar',NULL,NULL),(22,11,'3 غرف','en',NULL,NULL),(23,12,'2 صالون','ar',NULL,NULL),(24,12,'2 صالون','en',NULL,NULL),(25,13,'3 غرف','ar',NULL,NULL),(26,13,'3 غرف','en',NULL,NULL),(27,14,'2 صالون','ar',NULL,NULL),(28,14,'2 صالون','en',NULL,NULL),(29,15,'5 غرف','ar',NULL,NULL),(30,15,'6 غرف','en',NULL,NULL),(31,16,'28 صالون','ar',NULL,NULL),(32,16,'25 صالون','en',NULL,NULL),(33,17,'sdafsadfdsaf','ar',NULL,NULL),(34,17,'New','en',NULL,NULL),(35,18,'sdafdsasadfsad','ar',NULL,NULL),(36,18,'New','en',NULL,NULL),(37,19,'sadfdsafdsa','ar',NULL,NULL),(38,19,'New','en',NULL,NULL),(39,20,'sdafsadfdsaf','ar',NULL,NULL),(40,20,'New','en',NULL,NULL),(41,21,'sdafdsasadfsad','ar',NULL,NULL),(42,21,'New','en',NULL,NULL),(43,22,'sadfdsafdsa','ar',NULL,NULL),(44,22,'New','en',NULL,NULL),(45,23,'sfdgsfdgfsd','ar',NULL,NULL),(46,23,'New','en',NULL,NULL),(47,24,'sdfgsfdgfsdg','ar',NULL,NULL),(48,24,'New','en',NULL,NULL),(49,25,'ertrewtw','ar',NULL,NULL),(50,25,'New','en',NULL,NULL),(51,26,'dfg','ar',NULL,NULL),(52,26,NULL,'en',NULL,NULL),(53,27,'dfgg','ar',NULL,NULL),(54,27,NULL,'en',NULL,NULL),(55,28,'gdf','ar',NULL,NULL),(56,28,NULL,'en',NULL,NULL),(57,29,'ff','ar',NULL,NULL),(58,29,NULL,'en',NULL,NULL),(59,30,'ff','ar',NULL,NULL),(60,30,NULL,'en',NULL,NULL),(61,31,'hh','ar',NULL,NULL),(62,31,NULL,'en',NULL,NULL),(63,32,'dd','ar',NULL,NULL),(64,32,'dd','en',NULL,NULL),(65,33,'ee','ar',NULL,NULL),(66,33,'ee','en',NULL,NULL),(67,34,'ww','ar',NULL,NULL),(68,34,'ww','en',NULL,NULL),(69,35,'1111','ar',NULL,NULL),(70,35,'1111','en',NULL,NULL),(71,36,'222','ar',NULL,NULL),(72,36,'222','en',NULL,NULL),(73,37,'222','ar',NULL,NULL),(74,37,'222','en',NULL,NULL),(75,38,'33333','ar',NULL,NULL),(76,38,'33333','en',NULL,NULL),(77,39,'333','ar',NULL,NULL),(78,39,'333','en',NULL,NULL),(79,40,'3333333','ar',NULL,NULL),(80,40,'3333333','en',NULL,NULL),(81,41,'a1','ar',NULL,NULL),(82,41,'a1','en',NULL,NULL),(83,42,'a1','ar',NULL,NULL),(84,42,'a1','en',NULL,NULL),(85,43,'a3','ar',NULL,NULL),(86,43,'a3','en',NULL,NULL),(87,44,'eeee','ar',NULL,NULL),(88,44,'eeee','en',NULL,NULL),(89,45,'eee','ar',NULL,NULL),(90,45,'eee','en',NULL,NULL),(91,46,'eeeeee','ar',NULL,NULL),(92,46,'eeeeee','en',NULL,NULL),(93,47,'www','ar',NULL,NULL),(94,47,'www','en',NULL,NULL),(95,48,'ww','ar',NULL,NULL),(96,48,'ww','en',NULL,NULL),(97,49,'ww','ar',NULL,NULL),(98,49,'ww','en',NULL,NULL),(99,50,'rwetrwe','ar',NULL,NULL),(100,50,'rwetrwe','en',NULL,NULL),(101,51,'wertw','ar',NULL,NULL),(102,51,'wertw','en',NULL,NULL),(103,52,'ertew','ar',NULL,NULL),(104,52,'ertew','en',NULL,NULL),(105,53,'hvvv','ar',NULL,NULL),(106,53,'hvvv','en',NULL,NULL),(107,54,'vvvv','ar',NULL,NULL),(108,54,'vvvv','en',NULL,NULL),(109,55,'hbbb','ar',NULL,NULL),(110,55,'hbbb','en',NULL,NULL),(111,56,'حمام','ar',NULL,NULL),(112,56,'حمام','en',NULL,NULL),(113,57,'جزاج','ar',NULL,NULL),(114,57,'جزاج','en',NULL,NULL),(115,58,'حديقة','ar',NULL,NULL),(116,58,'حديقة','en',NULL,NULL);

--
-- Table structure for table `feature_options`
--

CREATE TABLE `feature_options` (
  `id` int unsigned NOT NULL AUTO_INCREMENT,
  `price` decimal(8,2) DEFAULT '0.00',
  `count` int DEFAULT '0',
  `feature_id` int unsigned DEFAULT NULL,
  `created_at` timestamp NULL DEFAULT NULL,
  `updated_at` timestamp NULL DEFAULT NULL,
  `color` varchar(191) CHARACTER SET utf8mb4 COLLATE utf8mb4_unicode_ci DEFAULT NULL,
  `mainprice` decimal(8,3) NOT NULL DEFAULT '0.000',
  `freeDelivery` int NOT NULL DEFAULT '0',
  PRIMARY KEY (`id`),
  KEY `feature_options_feature_id_foreign` (`feature_id`),
  CONSTRAINT `feature_options_feature_id_foreign` FOREIGN KEY (`feature_id`) REFERENCES `features` (`id`) ON DELETE CASCADE
) ENGINE=InnoDB AUTO_INCREMENT=59 DEFAULT CHARSET=utf8mb4 COLLATE=utf8mb4_unicode_ci;

--
-- Dumping data for table `feature_options`
--

INSERT INTO `feature_options` (`id`, `price`, `count`, `feature_id`, `created_at`, `updated_at`, `color`, `mainprice`, `freeDelivery`) VALUES (1,NULL,NULL,1,'2025-01-27 14:15:09','2025-01-27 14:15:09',NULL,0.000,0),(2,NULL,NULL,1,'2025-01-27 14:16:25','2025-01-27 14:16:25',NULL,0.000,0),(3,NULL,NULL,2,'2025-01-28 09:40:57','2025-01-28 09:40:57',NULL,0.000,0),(4,NULL,NULL,2,'2025-01-28 09:41:04','2025-01-28 09:41:04',NULL,0.000,0),(11,0.00,0,7,'2025-02-04 23:38:52','2025-02-04 23:38:52',NULL,0.000,0),(12,0.00,0,7,'2025-02-04 23:38:52','2025-02-04 23:38:52',NULL,0.000,0),(13,0.00,0,8,'2025-02-06 13:47:25','2025-02-06 13:47:25',NULL,0.000,0),(14,0.00,0,8,'2025-02-06 13:47:25','2025-02-06 13:47:25',NULL,0.000,0),(15,0.00,0,9,'2025-02-06 13:48:12','2025-02-06 13:48:12',NULL,0.000,0),(16,0.00,0,9,'2025-02-06 13:48:12','2025-02-06 13:48:12',NULL,0.000,0),(17,0.00,0,10,'2025-02-08 01:26:42','2025-02-08 01:26:42',NULL,0.000,0),(18,0.00,0,10,'2025-02-08 01:26:42','2025-02-08 01:26:42',NULL,0.000,0),(19,0.00,0,10,'2025-02-08 01:26:42','2025-02-08 01:26:42',NULL,0.000,0),(20,0.00,0,11,'2025-02-08 01:27:23','2025-02-08 01:27:23',NULL,0.000,0),(21,0.00,0,11,'2025-02-08 01:27:23','2025-02-08 01:27:23',NULL,0.000,0),(22,0.00,0,11,'2025-02-08 01:27:23','2025-02-08 01:27:23',NULL,0.000,0),(23,0.00,0,11,'2025-02-08 01:27:23','2025-02-08 01:27:23',NULL,0.000,0),(24,0.00,0,11,'2025-02-08 01:27:23','2025-02-08 01:27:23',NULL,0.000,0),(25,0.00,0,11,'2025-02-08 01:27:23','2025-02-08 01:27:23',NULL,0.000,0),(26,0.00,0,12,'2025-02-08 01:44:08','2025-02-08 01:44:08',NULL,0.000,0),(27,0.00,0,12,'2025-02-08 01:44:08','2025-02-08 01:44:08',NULL,0.000,0),(28,0.00,0,12,'2025-02-08 01:44:08','2025-02-08 01:44:08',NULL,0.000,0),(29,0.00,0,13,'2025-02-08 02:09:17','2025-02-08 02:09:17',NULL,0.000,0),(30,0.00,0,13,'2025-02-08 02:09:17','2025-02-08 02:09:17',NULL,0.000,0),(31,0.00,0,13,'2025-02-08 02:09:17','2025-02-08 02:09:17',NULL,0.000,0),(32,0.00,0,14,'2025-02-08 02:10:46','2025-02-08 02:10:46',NULL,0.000,0),(33,0.00,0,14,'2025-02-08 02:10:46','2025-02-08 02:10:46',NULL,0.000,0),(34,0.00,0,14,'2025-02-08 02:10:46','2025-02-08 02:10:46',NULL,0.000,0),(35,0.00,0,15,'2025-02-09 00:44:48','2025-02-09 00:44:48',NULL,0.000,0),(36,0.00,0,15,'2025-02-09 00:44:48','2025-02-09 00:44:48',NULL,0.000,0),(37,0.00,0,15,'2025-02-09 00:44:48','2025-02-09 00:44:48',NULL,0.000,0),(38,0.00,0,18,'2025-02-09 01:02:22','2025-02-09 01:02:22',NULL,0.000,0),(39,0.00,0,18,'2025-02-09 01:02:22','2025-02-09 01:02:22',NULL,0.000,0),(40,0.00,0,18,'2025-02-09 01:02:22','2025-02-09 01:02:22',NULL,0.000,0),(41,0.00,0,19,'2025-02-09 01:04:44','2025-02-09 01:04:44',NULL,0.000,0),(42,0.00,0,19,'2025-02-09 01:04:44','2025-02-09 01:04:44',NULL,0.000,0),(43,0.00,0,19,'2025-02-09 01:04:44','2025-02-09 01:04:44',NULL,0.000,0),(44,0.00,0,20,'2025-02-09 01:06:57','2025-02-09 01:06:57',NULL,0.000,0),(45,0.00,0,20,'2025-02-09 01:06:57','2025-02-09 01:06:57',NULL,0.000,0),(46,0.00,0,20,'2025-02-09 01:06:57','2025-02-09 01:06:57',NULL,0.000,0),(47,0.00,0,21,'2025-02-09 01:10:33','2025-02-09 01:10:33',NULL,0.000,0),(48,0.00,0,21,'2025-02-09 01:10:33','2025-02-09 01:10:33',NULL,0.000,0),(49,0.00,0,21,'2025-02-09 01:10:33','2025-02-09 01:10:33',NULL,0.000,0),(50,0.00,0,22,'2025-02-09 09:57:32','2025-02-09 09:57:32',NULL,0.000,0),(51,0.00,0,22,'2025-02-09 09:57:33','2025-02-09 09:57:33',NULL,0.000,0),(52,0.00,0,22,'2025-02-09 09:57:33','2025-02-09 09:57:33',NULL,0.000,0),(53,0.00,0,23,'2025-02-09 15:58:01','2025-02-09 15:58:01',NULL,0.000,0),(54,0.00,0,23,'2025-02-09 15:58:01','2025-02-09 15:58:01',NULL,0.000,0),(55,0.00,0,23,'2025-02-09 15:58:01','2025-02-09 15:58:01',NULL,0.000,0),(56,0.00,0,24,'2025-06-15 11:36:29','2025-06-15 11:36:29',NULL,0.000,0),(57,0.00,0,24,'2025-06-15 11:36:29','2025-06-15 11:36:29',NULL,0.000,0),(58,0.00,0,24,'2025-06-15 11:36:29','2025-06-15 11:36:29',NULL,0.000,0);

--
-- Table structure for table `feature_translations`
--

CREATE TABLE `feature_translations` (
  `id` int unsigned NOT NULL AUTO_INCREMENT,
  `feature_id` int unsigned NOT NULL,
  `title` varchar(255) CHARACTER SET utf8mb4 COLLATE utf8mb4_unicode_ci NOT NULL,
  `locale` varchar(255) CHARACTER SET utf8mb4 COLLATE utf8mb4_unicode_ci NOT NULL,
  `created_at` timestamp NULL DEFAULT NULL,
  `updated_at` timestamp NULL DEFAULT NULL,
  PRIMARY KEY (`id`),
  UNIQUE KEY `feature_translations_feature_id_locale_unique` (`feature_id`,`locale`),
  KEY `feature_translations_locale_index` (`locale`),
  CONSTRAINT `feature_translations_feature_id_foreign` FOREIGN KEY (`feature_id`) REFERENCES `features` (`id`) ON DELETE CASCADE
) ENGINE=InnoDB AUTO_INCREMENT=43 DEFAULT CHARSET=utf8mb4 COLLATE=utf8mb4_unicode_ci;

--
-- Dumping data for table `feature_translations`
--

INSERT INTO `feature_translations` (`id`, `feature_id`, `title`, `locale`, `created_at`, `updated_at`) VALUES (1,1,'المميزات','ar',NULL,NULL),(2,1,'المميزات','en',NULL,NULL),(3,2,'المرافق','ar',NULL,NULL),(4,2,'المرافق','en',NULL,NULL),(11,7,'المميزات','ar',NULL,NULL),(12,7,'features','en',NULL,NULL),(13,8,'المميزات','ar',NULL,NULL),(14,8,'features','en',NULL,NULL),(15,9,'المميزات','ar',NULL,NULL),(16,9,'features','en',NULL,NULL),(17,10,'fsdfdas','ar',NULL,NULL),(18,10,'asdfdsaf','en',NULL,NULL),(19,11,'fsdfdas','ar',NULL,NULL),(20,11,'asdfdsaf','en',NULL,NULL),(21,12,'dfgfdg','ar',NULL,NULL),(22,12,'dfgfdg','en',NULL,NULL),(23,13,'ddddd','ar',NULL,NULL),(24,13,'DDDDD','en',NULL,NULL),(25,14,'ssss','ar',NULL,NULL),(26,14,'ssss','en',NULL,NULL),(27,15,'lldsfdsf','ar',NULL,NULL),(28,15,'lldsfdsf','en',NULL,NULL),(29,18,'aaaaa','ar',NULL,NULL),(30,18,'Aaaaa','en',NULL,NULL),(31,19,'aaaaaa','ar',NULL,NULL),(32,19,'Aaaaaa','en',NULL,NULL),(33,20,'dddd','ar',NULL,NULL),(34,20,'dddd','en',NULL,NULL),(35,21,'asd','ar',NULL,NULL),(36,21,'asd','en',NULL,NULL),(37,22,'rtrewtwe','ar',NULL,NULL),(38,22,'rtrewtwe','en',NULL,NULL),(39,23,'fffgg','ar',NULL,NULL),(40,23,'fffgg','en',NULL,NULL),(41,24,'مميزات العقار','ar',NULL,NULL),(42,24,'Properties of the property','en',NULL,NULL);

--
-- Table structure for table `features`
--

CREATE TABLE `features` (
  `id` int unsigned NOT NULL AUTO_INCREMENT,
  `product_id` int unsigned DEFAULT NULL,
  `created_at` timestamp NULL DEFAULT NULL,
  `updated_at` timestamp NULL DEFAULT NULL,
  `type` varchar(111) CHARACTER SET utf8mb4 COLLATE utf8mb4_unicode_ci DEFAULT NULL,
  `countchecks` int DEFAULT NULL,
  PRIMARY KEY (`id`),
  KEY `features_product_id_foreign` (`product_id`),
  CONSTRAINT `features_product_id_foreign` FOREIGN KEY (`product_id`) REFERENCES `products` (`id`) ON DELETE CASCADE
) ENGINE=InnoDB AUTO_INCREMENT=28 DEFAULT CHARSET=utf8mb4 COLLATE=utf8mb4_unicode_ci;

--
-- Dumping data for table `features`
--

INSERT INTO `features` (`id`, `product_id`, `created_at`, `updated_at`, `type`, `countchecks`) VALUES (1,6,'2025-01-27 14:10:13','2025-01-27 14:10:13',NULL,NULL),(2,6,'2025-01-28 09:40:48','2025-01-28 09:40:48',NULL,NULL),(7,14,'2025-02-04 23:38:52','2025-02-04 23:38:52',NULL,NULL),(8,16,'2025-02-06 13:47:25','2025-02-06 13:47:25',NULL,NULL),(9,16,'2025-02-06 13:48:12','2025-02-06 13:48:12',NULL,NULL),(10,27,'2025-02-08 01:26:42','2025-02-08 01:26:42',NULL,NULL),(11,27,'2025-02-08 01:27:23','2025-02-08 01:27:23',NULL,NULL),(12,27,'2025-02-08 01:44:08','2025-02-08 01:44:08',NULL,NULL),(13,27,'2025-02-08 02:09:17','2025-02-08 02:09:17',NULL,NULL),(14,27,'2025-02-08 02:10:46','2025-02-08 02:10:46',NULL,NULL),(15,27,'2025-02-09 00:44:48','2025-02-09 00:44:48',NULL,NULL),(16,27,'2025-02-09 00:48:44','2025-02-09 00:48:44',NULL,NULL),(17,27,'2025-02-09 00:50:14','2025-02-09 00:50:14',NULL,NULL),(18,27,'2025-02-09 01:02:22','2025-02-09 01:02:22',NULL,NULL),(19,27,'2025-02-09 01:04:44','2025-02-09 01:04:44',NULL,NULL),(20,58,'2025-02-09 01:06:57','2025-02-09 01:06:57',NULL,NULL),(21,59,'2025-02-09 01:10:33','2025-02-09 01:10:33',NULL,NULL),(22,60,'2025-02-09 09:57:32','2025-02-09 09:57:32',NULL,NULL),(23,61,'2025-02-09 15:58:01','2025-02-09 15:58:01',NULL,NULL),(24,63,'2025-06-15 11:36:29','2025-06-15 11:36:29',NULL,NULL),(25,64,'2025-06-15 13:13:33','2025-06-15 13:13:33',NULL,NULL),(26,65,'2025-06-15 17:04:09','2025-06-15 17:04:09',NULL,NULL),(27,65,'2025-06-15 17:04:35','2025-06-15 17:04:35',NULL,NULL);

--
-- Table structure for table `files`
--

CREATE TABLE `files` (
  `id` int unsigned NOT NULL AUTO_INCREMENT,
  `image` varchar(255) CHARACTER SET utf8mb4 COLLATE utf8mb4_unicode_ci DEFAULT NULL,
  `main` tinyint NOT NULL DEFAULT '0',
  `tag` varchar(255) CHARACTER SET utf8mb4 COLLATE utf8mb4_unicode_ci DEFAULT NULL,
  `fileable_id` bigint unsigned DEFAULT NULL,
  `fileable_type` varchar(255) CHARACTER SET utf8mb4 COLLATE utf8mb4_unicode_ci DEFAULT NULL,
  `created_at` timestamp NULL DEFAULT NULL,
  `updated_at` timestamp NULL DEFAULT NULL,
  PRIMARY KEY (`id`)
) ENGINE=InnoDB AUTO_INCREMENT=65 DEFAULT CHARSET=utf8mb4 COLLATE=utf8mb4_unicode_ci;

--
-- Dumping data for table `files`
--

INSERT INTO `files` (`id`, `image`, `main`, `tag`, `fileable_id`, `fileable_type`, `created_at`, `updated_at`) VALUES (2,'/uploads/product/6/1738046350cbed569cf91e48dc8dd7aec8ae0d3610.png',0,'1738046350cbed569cf91e48dc8dd7aec8ae0d3610.png',6,'App\\Models\\Product','2025-01-28 09:39:10','2025-01-28 09:39:10'),(3,'/uploads/product/7/1738157894an-10.avif',0,'1738157894an-10.avif',7,'App\\Models\\Product','2025-01-29 16:38:14','2025-01-29 16:38:14'),(4,'/uploads/product/8/1738158023an-7.avif',0,'1738158023an-7.avif',8,'App\\Models\\Product','2025-01-29 16:40:23','2025-01-29 16:40:23'),(5,'/uploads/product/9/1738158119an-11.avif',0,'1738158119an-11.avif',9,'App\\Models\\Product','2025-01-29 16:41:59','2025-01-29 16:41:59'),(6,'/uploads/product/10/1738158355an-5.avif',0,'1738158355an-5.avif',10,'App\\Models\\Product','2025-01-29 16:45:55','2025-01-29 16:45:55'),(7,'/uploads/product/10/1738158355an-6.avif',0,'1738158355an-6.avif',10,'App\\Models\\Product','2025-01-29 16:45:55','2025-01-29 16:45:55'),(8,'/uploads/product/10/1738158355an-7.avif',0,'1738158355an-7.avif',10,'App\\Models\\Product','2025-01-29 16:45:55','2025-01-29 16:45:55'),(9,'/uploads/product/10/1738158356an-8.avif',0,'1738158356an-8.avif',10,'App\\Models\\Product','2025-01-29 16:45:56','2025-01-29 16:45:56'),(10,'/uploads/product/10/1738158356an-9.avif',0,'1738158356an-9.avif',10,'App\\Models\\Product','2025-01-29 16:45:56','2025-01-29 16:45:56'),(11,'/uploads/product/10/1738158357an-10.avif',0,'1738158357an-10.avif',10,'App\\Models\\Product','2025-01-29 16:45:57','2025-01-29 16:45:57'),(12,'/uploads/product/10/1738158357an-11.avif',0,'1738158357an-11.avif',10,'App\\Models\\Product','2025-01-29 16:45:57','2025-01-29 16:45:57'),(13,'/uploads/product/10/1738158358an-12.avif',0,'1738158358an-12.avif',10,'App\\Models\\Product','2025-01-29 16:45:58','2025-01-29 16:45:58'),(14,'/uploads/product/14/17386985180a9bd802-f564-4794-8e28-9625eaf05d11.jpeg',0,'17386985180a9bd802-f564-4794-8e28-9625eaf05d11.jpeg',14,'App\\Models\\Product','2025-02-04 22:48:38','2025-02-04 22:48:38'),(15,'/uploads/product/15/1738700788440abd695f629b23cedd5ff4bfd48ceb.png',0,'1738700788440abd695f629b23cedd5ff4bfd48ceb.png',15,'App\\Models\\Product','2025-02-04 23:26:28','2025-02-04 23:26:28'),(16,'/uploads/product/22/1738963041download (1).jpg',0,'1738963041download (1).jpg',22,'App\\Models\\Product','2025-02-08 00:17:21','2025-02-08 00:17:21'),(17,'/uploads/product/22/1738963041download (2).jpg',0,'1738963041download (2).jpg',22,'App\\Models\\Product','2025-02-08 00:17:21','2025-02-08 00:17:21'),(18,'/uploads/product/23/1738963056download (1).jpg',0,'1738963056download (1).jpg',23,'App\\Models\\Product','2025-02-08 00:17:36','2025-02-08 00:17:36'),(19,'/uploads/product/23/1738963056download (2).jpg',0,'1738963056download (2).jpg',23,'App\\Models\\Product','2025-02-08 00:17:36','2025-02-08 00:17:36'),(20,'/uploads/product/24/1738963131download (1).jpg',0,'1738963131download (1).jpg',24,'App\\Models\\Product','2025-02-08 00:18:51','2025-02-08 00:18:51'),(21,'/uploads/product/24/1738963131download (2).jpg',0,'1738963131download (2).jpg',24,'App\\Models\\Product','2025-02-08 00:18:51','2025-02-08 00:18:51'),(22,'/uploads/product/25/1738963138download (1).jpg',0,'1738963138download (1).jpg',25,'App\\Models\\Product','2025-02-08 00:18:58','2025-02-08 00:18:58'),(23,'/uploads/product/25/1738963138download (2).jpg',0,'1738963138download (2).jpg',25,'App\\Models\\Product','2025-02-08 00:18:58','2025-02-08 00:18:58'),(24,'/uploads/product/26/1738964377download (1).jpg',0,'1738964377download (1).jpg',26,'App\\Models\\Product','2025-02-08 00:39:37','2025-02-08 00:39:37'),(25,'/uploads/product/26/1738964377download (2).jpg',0,'1738964377download (2).jpg',26,'App\\Models\\Product','2025-02-08 00:39:37','2025-02-08 00:39:37'),(26,'/uploads/product/26/1738964377images.jpg',0,'1738964377images.jpg',26,'App\\Models\\Product','2025-02-08 00:39:37','2025-02-08 00:39:37'),(27,'/uploads/product/26/1738964377download.jpg',0,'1738964377download.jpg',26,'App\\Models\\Product','2025-02-08 00:39:37','2025-02-08 00:39:37'),(28,'/uploads/product/27/1738966209download.jpg',0,'1738966209download.jpg',27,'App\\Models\\Product','2025-02-08 01:10:09','2025-02-08 01:10:09'),(29,'/uploads/product/27/1738966209download (1).jpg',0,'1738966209download (1).jpg',27,'App\\Models\\Product','2025-02-08 01:10:09','2025-02-08 01:10:09'),(30,'/uploads/product/27/1738966209images.jpg',0,'1738966209images.jpg',27,'App\\Models\\Product','2025-02-08 01:10:09','2025-02-08 01:10:09'),(31,'/uploads/product/29/1739049033download-1.jpg',0,'1739049033download-1.jpg',29,'App\\Models\\Product','2025-02-09 00:10:33','2025-02-09 00:10:33'),(32,'/uploads/product/31/1739050085download.jpg',0,'1739050085download.jpg',31,'App\\Models\\Product','2025-02-09 00:28:05','2025-02-09 00:28:05'),(33,'/uploads/product/32/1739050449images.jpg',0,'1739050449images.jpg',32,'App\\Models\\Product','2025-02-09 00:34:09','2025-02-09 00:34:09'),(34,'/uploads/product/33/1739050457images.jpg',0,'1739050457images.jpg',33,'App\\Models\\Product','2025-02-09 00:34:17','2025-02-09 00:34:17'),(35,'/uploads/product/34/1739050608download (2).jpg',0,'1739050608download (2).jpg',34,'App\\Models\\Product','2025-02-09 00:36:48','2025-02-09 00:36:48'),(36,'/uploads/product/35/1739050616download (2).jpg',0,'1739050616download (2).jpg',35,'App\\Models\\Product','2025-02-09 00:36:56','2025-02-09 00:36:56'),(37,'/uploads/product/36/1739050748download.jpg',0,'1739050748download.jpg',36,'App\\Models\\Product','2025-02-09 00:39:08','2025-02-09 00:39:08'),(38,'/uploads/product/37/1739050768download.jpg',0,'1739050768download.jpg',37,'App\\Models\\Product','2025-02-09 00:39:28','2025-02-09 00:39:28'),(39,'/uploads/product/38/1739050786download.jpg',0,'1739050786download.jpg',38,'App\\Models\\Product','2025-02-09 00:39:46','2025-02-09 00:39:46'),(40,'/uploads/product/39/1739050804download.jpg',0,'1739050804download.jpg',39,'App\\Models\\Product','2025-02-09 00:40:04','2025-02-09 00:40:04'),(41,'/uploads/product/40/1739050835download.jpg',0,'1739050835download.jpg',40,'App\\Models\\Product','2025-02-09 00:40:35','2025-02-09 00:40:35'),(42,'/uploads/product/41/1739050878download.jpg',0,'1739050878download.jpg',41,'App\\Models\\Product','2025-02-09 00:41:18','2025-02-09 00:41:18'),(43,'/uploads/product/42/1739050998download.jpg',0,'1739050998download.jpg',42,'App\\Models\\Product','2025-02-09 00:43:18','2025-02-09 00:43:18'),(44,'/uploads/product/43/1739051019download.jpg',0,'1739051019download.jpg',43,'App\\Models\\Product','2025-02-09 00:43:39','2025-02-09 00:43:39'),(45,'/uploads/product/44/1739051030download.jpg',0,'1739051030download.jpg',44,'App\\Models\\Product','2025-02-09 00:43:50','2025-02-09 00:43:50'),(46,'/uploads/product/45/1739051069download.jpg',0,'1739051069download.jpg',45,'App\\Models\\Product','2025-02-09 00:44:29','2025-02-09 00:44:29'),(47,'/uploads/product/46/1739051319download.jpg',0,'1739051319download.jpg',46,'App\\Models\\Product','2025-02-09 00:48:39','2025-02-09 00:48:39'),(48,'/uploads/product/47/1739051465download (1).jpg',0,'1739051465download (1).jpg',47,'App\\Models\\Product','2025-02-09 00:51:05','2025-02-09 00:51:05'),(49,'/uploads/product/48/1739051476download (1).jpg',0,'1739051476download (1).jpg',48,'App\\Models\\Product','2025-02-09 00:51:16','2025-02-09 00:51:16'),(50,'/uploads/product/49/1739051749download.jpg',0,'1739051749download.jpg',49,'App\\Models\\Product','2025-02-09 00:55:49','2025-02-09 00:55:49'),(51,'/uploads/product/50/1739051770download.jpg',0,'1739051770download.jpg',50,'App\\Models\\Product','2025-02-09 00:56:10','2025-02-09 00:56:10'),(52,'/uploads/product/51/1739051803download.jpg',0,'1739051803download.jpg',51,'App\\Models\\Product','2025-02-09 00:56:43','2025-02-09 00:56:43'),(53,'/uploads/product/52/1739051899download.jpg',0,'1739051899download.jpg',52,'App\\Models\\Product','2025-02-09 00:58:19','2025-02-09 00:58:19'),(54,'/uploads/product/53/1739052025download.jpg',0,'1739052025download.jpg',53,'App\\Models\\Product','2025-02-09 01:00:25','2025-02-09 01:00:25'),(55,'/uploads/product/54/1739052049download.jpg',0,'1739052049download.jpg',54,'App\\Models\\Product','2025-02-09 01:00:49','2025-02-09 01:00:49'),(56,'/uploads/product/55/1739052081download.jpg',0,'1739052081download.jpg',55,'App\\Models\\Product','2025-02-09 01:01:21','2025-02-09 01:01:21'),(57,'/uploads/product/56/1739052118download.jpg',0,'1739052118download.jpg',56,'App\\Models\\Product','2025-02-09 01:01:58','2025-02-09 01:01:58'),(58,'/uploads/product/57/1739052266download.jpg',0,'1739052266download.jpg',57,'App\\Models\\Product','2025-02-09 01:04:26','2025-02-09 01:04:26'),(59,'/uploads/product/58/1739052404download (2).jpg',0,'1739052404download (2).jpg',58,'App\\Models\\Product','2025-02-09 01:06:44','2025-02-09 01:06:44'),(60,'/uploads/product/59/1739052622download (2).jpg',0,'1739052622download (2).jpg',59,'App\\Models\\Product','2025-02-09 01:10:22','2025-02-09 01:10:22'),(61,'/uploads/product/60/1739084236mTkmZUQ5-dinodubai_2_base.jpg',0,'1739084236mTkmZUQ5-dinodubai_2_base.jpg',60,'App\\Models\\Product','2025-02-09 09:57:16','2025-02-09 09:57:16'),(62,'/uploads/product/61/1739105868image_picker_18F7331A-82F3-4559-ABE8-6D258279D625-6042-000000976FE4C71E.jpg',0,'1739105868image_picker_18F7331A-82F3-4559-ABE8-6D258279D625-6042-000000976FE4C71E.jpg',61,'App\\Models\\Product','2025-02-09 15:57:48','2025-02-09 15:57:48'),(64,'/uploads/product/62/1739116980images.jpg',0,'1739116980images.jpg',62,'App\\Models\\Product','2025-02-09 19:03:00','2025-02-09 19:03:00');

--
-- Table structure for table `government_translations`
--

CREATE TABLE `government_translations` (
  `id` int unsigned NOT NULL AUTO_INCREMENT,
  `government_id` int unsigned NOT NULL,
  `name` varchar(255) CHARACTER SET utf8mb4 COLLATE utf8mb4_unicode_ci NOT NULL,
  `locale` varchar(255) CHARACTER SET utf8mb4 COLLATE utf8mb4_unicode_ci NOT NULL,
  `created_at` timestamp NULL DEFAULT NULL,
  `updated_at` timestamp NULL DEFAULT NULL,
  PRIMARY KEY (`id`),
  UNIQUE KEY `government_translations_government_id_locale_unique` (`government_id`,`locale`),
  KEY `government_translations_locale_index` (`locale`),
  CONSTRAINT `government_translations_government_id_foreign` FOREIGN KEY (`government_id`) REFERENCES `governments` (`id`) ON DELETE CASCADE
) ENGINE=InnoDB AUTO_INCREMENT=101 DEFAULT CHARSET=utf8mb4 COLLATE=utf8mb4_unicode_ci;

--
-- Dumping data for table `government_translations`
--

INSERT INTO `government_translations` (`id`, `government_id`, `name`, `locale`, `created_at`, `updated_at`) VALUES (15,8,'العاصمة','ar',NULL,NULL),(16,8,'Capital Governorate','en',NULL,NULL),(17,9,'الأحمدي','ar',NULL,NULL),(18,9,'Ahmadi Governorate','en',NULL,NULL),(19,10,'الفروانية','ar',NULL,NULL),(20,10,'Farwaniya Governorate','en',NULL,NULL),(21,11,'الجهراء','ar',NULL,NULL),(22,11,'Jahra Governorate','en',NULL,NULL),(23,12,'حولي','ar',NULL,NULL),(24,12,'Hawalli Governorate','en',NULL,NULL),(25,13,'مبارك الكبير','ar',NULL,NULL),(26,13,'Mubarak Al-Kabeer Governorate','en',NULL,NULL);

--
-- Table structure for table `governments`
--

CREATE TABLE `governments` (
  `id` int unsigned NOT NULL,
  `status` int NOT NULL DEFAULT '1',
  `address_address` varchar(255) CHARACTER SET utf8mb4 COLLATE utf8mb4_unicode_ci NOT NULL,
  `address_latitude` double NOT NULL,
  `address_longitude` double NOT NULL,
  `created_at` timestamp NULL DEFAULT NULL,
  `updated_at` timestamp NULL DEFAULT NULL,
  `country_id` int DEFAULT NULL,
  PRIMARY KEY (`id`)
) ENGINE=InnoDB DEFAULT CHARSET=utf8mb4 COLLATE=utf8mb4_unicode_ci;

--
-- Dumping data for table `governments`
--

INSERT INTO `governments` (`id`, `status`, `address_address`, `address_latitude`, `address_longitude`, `created_at`, `updated_at`, `country_id`) VALUES (8,1,'العاصمة، Kuwait',29.3342457,47.9812152,'2022-08-24 14:00:00','2022-12-10 06:48:49',1),(9,1,'الأحمدي',0,0,'2022-08-24 14:01:23','2022-08-24 14:01:23',1),(10,1,'الفروانية',0,0,'2022-08-24 14:01:45','2022-08-24 14:01:45',1),(11,1,'الجهراء',0,0,'2022-08-24 14:02:14','2022-08-24 14:02:14',1),(12,1,'حولي',0,0,'2022-08-24 14:02:34','2022-08-24 14:02:34',1),(13,1,'مبارك الكبير',0,0,'2022-08-24 14:02:50','2022-08-24 14:02:50',1);

--
-- Table structure for table `migrations`
--

CREATE TABLE `migrations` (
  `id` int unsigned NOT NULL AUTO_INCREMENT,
  `migration` varchar(255) CHARACTER SET utf8mb4 COLLATE utf8mb4_unicode_ci NOT NULL,
  `batch` int NOT NULL,
  PRIMARY KEY (`id`)
) ENGINE=InnoDB AUTO_INCREMENT=77 DEFAULT CHARSET=utf8mb4 COLLATE=utf8mb4_unicode_ci;

--
-- Dumping data for table `migrations`
--

INSERT INTO `migrations` (`id`, `migration`, `batch`) VALUES (1,'2014_10_12_000000_create_users_table',1),(2,'2014_10_12_100000_create_password_resets_table',1),(3,'2016_06_01_000001_create_oauth_auth_codes_table',1),(4,'2016_06_01_000002_create_oauth_access_tokens_table',1),(5,'2016_06_01_000003_create_oauth_refresh_tokens_table',1),(6,'2016_06_01_000004_create_oauth_clients_table',1),(7,'2016_06_01_000005_create_oauth_personal_access_clients_table',1),(8,'2019_08_19_000000_create_failed_jobs_table',1),(9,'2019_12_14_000001_create_personal_access_tokens_table',1),(10,'2022_02_06_071010_laratrust_setup_tables',1),(11,'2022_02_07_073030_create_public_notifcations_table',1),(12,'2022_02_07_131228_create_topics_table',1),(13,'2022_02_07_131335_create_topic_subscripts_table',1),(14,'2022_02_10_131840_create_short_terms_table',1),(15,'2022_03_24_101035_create_sliders_table',1),(16,'2022_03_24_114417_create_slider_translations_table',1),(17,'2022_05_29_115314_create_categories_table',1),(18,'2022_05_29_115351_create_category_translations_table',1),(19,'2022_05_31_082944_create_products_tables',1),(20,'2022_05_31_083136_create_product_translations_table',1),(21,'2022_05_31_084033_create_features_table',1),(22,'2022_05_31_084050_create_feature_translations_table',1),(23,'2022_05_31_084308_create_feature_options_table',1),(24,'2022_05_31_084333_create_feature_option_translations_table',1),(25,'2022_05_31_085551_create_files_table',1),(26,'2022_05_31_112821_create_product_categories_table',1),(27,'2022_06_02_080435_create_payment_methods_table',1),(28,'2022_06_02_080436_create_shipping_types_table',1),(29,'2022_06_02_080440_create_orders_table',1),(30,'2022_06_02_081214_create_product_orders_table',1),(31,'2022_06_02_081356_create_order_product_features_table',1),(32,'2022_06_02_082600_create_payment_method_translations_table',1),(33,'2022_06_02_082610_create_shipping_type_translations_table',1),(34,'2022_06_02_122112_create_governments_table',1),(35,'2022_06_02_122142_create_government_translations_table',1),(36,'2022_06_02_122214_create_regions_table',1),(37,'2022_06_02_122222_create_region_translations_table',1),(38,'2022_06_02_133202_create_arrival_prices_table',1),(39,'2022_06_04_091835_added_checked_to_products_table',1),(40,'2022_06_05_073619_create_coupons_table',1),(41,'2022_06_05_074500_create_coupone_relateds_table',1),(42,'2022_06_05_081404_create_user_products_table',1),(43,'2022_06_05_113923_create_user_addresses_table',1),(44,'2022_06_08_101900_create_arrivals_table',1),(45,'2022_06_08_102003_create_arrival_times_table',1),(46,'2022_06_09_132916_create_order_coupons_table',1),(47,'2022_06_09_134805_add_category_id_to_product_orders_table',1),(48,'2022_06_11_093816_added_checked_to_user_addresses_table',1),(49,'2022_06_11_102956_added_delivery_date_time_to_orders_table',1),(50,'2022_06_11_103215_create_order_shippings_table',1),(51,'2022_06_18_093322_create_order_comments_table',1),(52,'2022_06_19_082401_create_tagers_table',1),(53,'2022_06_20_102847_added_latـlang_table',1),(54,'2022_06_20_135514_create_user_categories_table',1),(55,'2022_06_21_073606_added_image_to_user_table',1),(56,'2022_06_25_095040_create_refund_products_table',2),(57,'2022_06_26_105000_create_user_orders_table',3),(58,'2022_06_26_125130_create_contacts_table',4),(59,'2022_06_28_111636_create_pages_table',5),(60,'2022_06_28_111731_create_page_translations_table',5),(61,'2022_07_03_070352_create_sizes_table',6),(62,'2022_07_03_070540_create_size_translations_table',6),(63,'2022_07_03_070829_create_product_sizes_table',6),(64,'2023_04_18_202648_create_articles_table',7),(65,'2023_04_18_202701_create_article_translations_table',7),(67,'2023_05_11_234906_create_loyalties_table',8),(68,'2023_05_11_234932_create_loyalty_translations_table',8),(69,'2023_05_12_011000_create_loyalty_users_table',9),(70,'2023_05_12_011635_create_loyalty_user_uses_table',9),(71,'2023_05_22_221148_create_user_gift_carts_table',10),(72,'2023_05_22_223436_create_cart_gift_transactions_table',11),(73,'2014_10_12_200000_add_two_factor_columns_to_users_table',12),(74,'2023_08_13_024250_add_facebook_id_column',12),(75,'2023_08_13_024615_create_sessions_table',12),(76,'2023_08_13_031904_add_google_id_column',13);

--
-- Table structure for table `oauth_access_tokens`
--

CREATE TABLE `oauth_access_tokens` (
  `id` varchar(100) CHARACTER SET utf8mb4 COLLATE utf8mb4_unicode_ci NOT NULL,
  `user_id` bigint unsigned DEFAULT NULL,
  `client_id` bigint unsigned NOT NULL,
  `name` varchar(255) CHARACTER SET utf8mb4 COLLATE utf8mb4_unicode_ci DEFAULT NULL,
  `scopes` text CHARACTER SET utf8mb4 COLLATE utf8mb4_unicode_ci,
  `revoked` tinyint(1) NOT NULL,
  `created_at` timestamp NULL DEFAULT NULL,
  `updated_at` timestamp NULL DEFAULT NULL,
  `expires_at` datetime DEFAULT NULL,
  PRIMARY KEY (`id`),
  KEY `oauth_access_tokens_user_id_index` (`user_id`)
) ENGINE=InnoDB DEFAULT CHARSET=utf8mb4 COLLATE=utf8mb4_unicode_ci;

--
-- Dumping data for table `oauth_access_tokens`
--

INSERT INTO `oauth_access_tokens` (`id`, `user_id`, `client_id`, `name`, `scopes`, `revoked`, `created_at`, `updated_at`, `expires_at`) VALUES ('00560525d50cd0fc0fc2d6a404e19fb642504f70e7f48626b2159b9fb18d9c877704e48f02a84a1e',11,1,'munesh','[]',0,'2023-07-30 00:41:27','2023-07-30 00:41:27','2024-07-29 17:41:27'),('007bbd2336d537954bd091cff3513c8a915ce70e4a4067762d7fbbde4c9fcd776ef9afa824d89e3e',99,1,'OfferApp','[]',0,'2024-11-25 11:04:31','2024-11-25 11:04:31','2025-11-25 11:04:31'),('00a03d95d28fcc66575c6cb119b412ddeb1f13e873e92bd65607882a1784e5f7efa8aea7058c8d7e',151,1,'munesh','[]',0,'2022-08-05 21:46:53','2022-08-05 21:46:53','2023-08-05 23:46:53'),('00c82cc82934faf594cd2766883357716546b7a3ac2a9c1e3832b3e8a3f288d773cf0a220872f265',105,1,'munesh','[]',0,'2022-07-28 17:32:13','2022-07-28 17:32:13','2023-07-28 19:32:13'),('00d6b072c5ebf8ad8ea79b05399f0b83d6457e221e7d16ba685912a83acc92317e0b96a46a58c6aa',155,1,'munesh','[]',0,'2022-08-06 11:55:04','2022-08-06 11:55:04','2023-08-06 13:55:04'),('010978865ed18c9ff3f3ca113313b2b5d687261804d741290a75e3de22eebb7cd525ebcb675fc156',57,1,'munesh','[]',0,'2023-08-10 22:09:45','2023-08-10 22:09:45','2024-08-10 15:09:45'),('0121732cfd38abaae171b4be533ed6f31fdc6a34bfab7dada56d2b2644feb4aab35825da5557bee1',49,1,'gshop','[]',0,'2023-08-14 00:11:06','2023-08-14 00:11:06','2024-08-13 17:11:06'),('0129ac771b48b6b70f93807c55eb10208d511dd9fac33b139c7a57694f5a2edd9661939c467b4aa3',141,1,'Aqar','[]',0,'2025-06-15 11:32:41','2025-06-15 11:32:41','2026-06-15 11:32:41'),('015bae7055a2a8122bdd2c97f0c1d6d60ccecd2ba09e5d0e88397f7254466a60af9b3dc2efce0e56',85,1,'gshop','[]',0,'2023-09-03 17:38:03','2023-09-03 17:38:03','2024-09-03 10:38:03'),('0211576c3c4a022ca0f20d1ec1049f43887e1777b3b4ef27d70f8a9ce2c964d59fef1cd10fa7e74c',22,1,'gshop','[]',0,'2023-05-08 21:10:09','2023-05-08 21:10:09','2024-05-09 00:10:09'),('0254454704b28d4c148f3bae2f5409d16d0d5b49c08e3078c57e2bae013fb2dea0b8bfc054ad076e',75,1,'munesh','[]',0,'2022-07-04 14:03:58','2022-07-04 14:03:58','2023-07-04 16:03:58'),('0290503f178467e02f61f77bb5259c92f9cd5b4a15b615a5e6314c882af1df544c39c31a32bc96f0',11,1,'gshop','[]',0,'2023-06-21 08:59:16','2023-06-21 08:59:16','2024-06-21 01:59:16'),('036aee1d7f738a287334a7cfcc9493de0ddc71717402e5b7d1b95cce61d12815214e1118f5ced006',153,1,'munesh','[]',0,'2022-08-05 22:09:12','2022-08-05 22:09:12','2023-08-06 00:09:12'),('037363266542be3e0c189dc09ef231caf07a081d08656c041a1afa74c4fb04f46196c16d79f64d48',90,1,'OfferApp','[]',0,'2024-12-11 16:18:30','2024-12-11 16:18:30','2025-12-11 16:18:30'),('0398074e93485ad5484de8265ae04fadf77c456d757753f299c5cbfeefba26e3372acc47ee852e62',135,1,'Aqar','[]',0,'2025-02-09 15:56:34','2025-02-09 15:56:34','2026-02-09 15:56:34'),('03fbd3adbeb2f6d48919fff0ddc0c962d562c8eb66b7bbcada4a6d655e040c1d8dc5df1f0736a7bd',49,1,'munesh','[]',0,'2023-08-14 18:22:38','2023-08-14 18:22:38','2024-08-14 11:22:38'),('0417ce8ded3e42f71063d664af9debea4badad0b00b85884f25d0a6809147df802f7650267b0c1fa',49,1,'munesh','[]',0,'2023-08-13 17:19:17','2023-08-13 17:19:17','2024-08-13 10:19:17'),('04408008c4d31e76e23af79891afb52893089253b16b413a1211c8df3d296e821a9d3b8866565c20',75,1,'munesh','[]',0,'2022-07-14 20:57:10','2022-07-14 20:57:10','2023-07-14 22:57:10'),('04a81173baf50c1b504a83a604fe1e5ca792c37be3fd013cdf590a116af694a059badb1570ad061f',24,1,'gshop','[]',0,'2023-05-09 19:37:05','2023-05-09 19:37:05','2024-05-09 22:37:05'),('04af4344c458448710735859c10953854473a6a69f3b9eb73c33002e9d65b64e0f9ac6ffc2dbbddb',95,1,'gym','[]',0,'2024-11-24 00:13:29','2024-11-24 00:13:29','2025-11-24 00:13:29'),('04b6125cabc9a7730f0cb241d8beb532936153608466fcbde1a42b6201dfe492dc73c22f401873b0',233,1,'munesh','[]',0,'2022-08-20 17:12:56','2022-08-20 17:12:56','2023-08-20 19:12:56'),('04e1b6b7cff642e884a37af5f740783c11d797a5471f689ab35b95a9da539a35044dfc0cb26502ee',49,1,'gshop','[]',0,'2023-08-13 17:18:08','2023-08-13 17:18:08','2024-08-13 10:18:08'),('0506e9a93264092e976d1824bed164cbaf09285380b8f92c4124345726f89ae7c963d11edabf33f4',11,1,'gshop','[]',0,'2023-08-10 22:38:07','2023-08-10 22:38:07','2024-08-10 15:38:07'),('0548fba77bb85fe6a4f1d1a2d401e696baac1966fac4d5cbb00049f7505d3a0eedf7586b51e9f260',11,1,'munesh','[]',0,'2023-08-11 07:35:29','2023-08-11 07:35:29','2024-08-11 00:35:29'),('0550ee7253426267ccbfbcb0e95b9616959a1cbf72c3ce882533b04ea5cb51a9dba4c586a13e41f9',104,1,'munesh','[]',0,'2022-07-28 17:28:59','2022-07-28 17:28:59','2023-07-28 19:28:59'),('05b3f0ce55a8be32676ce621bb1657417ef02bd15357363bbc458c43c0c0c29d793ded4c71f66ea0',11,1,'gshop','[]',0,'2023-08-24 00:54:55','2023-08-24 00:54:55','2024-08-23 17:54:55'),('05c54f88e7087579abe82a12f647bddfba7af77ae12c57491674997088b381fdecce6b30426c6720',272,1,'munesh','[]',0,'2022-11-14 03:34:18','2022-11-14 03:34:18','2023-11-13 19:34:18'),('0633773f10e9f05f5518c050b02b83a14da741ec34f49308db83d9946d3d46bdcaa2180401334b58',155,1,'munesh','[]',0,'2022-08-06 11:54:48','2022-08-06 11:54:48','2023-08-06 13:54:48'),('0642516c2a0270ff9bcd982ea3f59172a228fd9dea29a2fc2d64fe3835a36dc015e29d5171f3be2d',28,1,'munesh','[]',0,'2023-05-14 22:40:16','2023-05-14 22:40:16','2024-05-15 01:40:16'),('064263dbe71399ba6becef75cd6233c6a28a71c7f4b308f28ff392bf322dc8b38ba660fffcf5b612',100,1,'OfferApp','[]',0,'2024-11-25 17:38:38','2024-11-25 17:38:38','2025-11-25 17:38:38'),('06f1a8b4e6b21954020863b77dde49d93ad20dfa52a45d557475a079c599eda59e6367fa054144df',207,1,'munesh','[]',0,'2022-08-15 11:45:58','2022-08-15 11:45:58','2023-08-15 13:45:58'),('0770119bbc9a6dc7d9fb4fa5026d9fe581552532d6b788f330c193433dd20801c00285fa8e5e2a6f',62,1,'mazraa','[]',0,'2022-07-01 12:26:25','2022-07-01 12:26:25','2023-07-01 14:26:25'),('07be2560f9674e4ca265dc64c8c0eccb1d9ff25b2506cd2d3bc8e4b2c4df04614ed501683f2c5fb5',262,1,'munesh','[]',0,'2022-09-03 05:41:00','2022-09-03 05:41:00','2023-09-02 22:41:00'),('08c650ba839877528908a0e303c25fe21947cdff0517c20ec2ba3c6990af4b48214e84ee4c408db6',82,1,'munesh','[]',0,'2022-07-18 01:47:32','2022-07-18 01:47:32','2023-07-18 03:47:32'),('09f099a738954241784a92689dbe59414dd813359bc373d95f95afca4ce41914267f5bcb3978a166',47,1,'munesh','[]',0,'2023-06-08 20:11:49','2023-06-08 20:11:49','2024-06-08 13:11:49'),('0aa631e2658f9fb324d21490a137bf2a5eece09465915b4837495a375c08b593f68513319964dd2c',44,1,'munesh','[]',0,'2023-05-23 06:27:43','2023-05-23 06:27:43','2024-05-22 23:27:43'),('0b5fe33d28e22aa4e4236ff838531c2b1d8e58d396bff502996db79c8bcad2b1ebaa9eec1170f062',194,1,'munesh','[]',0,'2022-08-14 14:25:13','2022-08-14 14:25:13','2023-08-14 16:25:13'),('0b6368f6097dff7d47b02f59af28c2d4d09432bcde9e0c6a78ed974032f8e4fa83a222044027b3df',100,1,'OfferApp','[]',0,'2024-11-25 18:06:56','2024-11-25 18:06:56','2025-11-25 18:06:56'),('0b79e44c77b0d07bda9d581b049839f144d2e0126d3d6c93e27d99c251708d7bc06895fc4440f5b0',124,1,'munesh','[]',0,'2022-07-31 11:07:20','2022-07-31 11:07:20','2023-07-31 13:07:20'),('0b94c14d07e407dab6afea87b6b16a07659554dcf257c0ee7f82a6af2b3273a75326ecfd4b72d0fc',105,1,'munesh','[]',0,'2022-07-28 17:32:59','2022-07-28 17:32:59','2023-07-28 19:32:59'),('0d27b262f680b1dbac1af1804fffc8f2d85c3cc9dea9aa70a8de2b9154bac53f0c96ff14cd066675',101,1,'OfferApp','[]',0,'2024-11-25 18:13:16','2024-11-25 18:13:16','2025-11-25 18:13:16'),('0d2b08f996794fbcc461175da53785937edafbb2bc3e811bb681d80014a7e7154361c3cdb625adc3',38,1,'gshop','[]',0,'2023-05-17 17:09:46','2023-05-17 17:09:46','2024-05-17 20:09:46'),('0d731c0a437b1cfddcada2a988e2b467c229ee9b17a40e444c4253060897214c32fcf9f8cf2fb1be',70,1,'munesh','[]',0,'2022-07-07 10:53:49','2022-07-07 10:53:49','2023-07-07 12:53:49'),('0db8ba8e8ca780f531aa08f3560a8ecb7d0e892366254113f43bf96b79fdc9dff5468097ee31a09a',274,1,'munesh','[]',0,'2022-11-16 08:30:18','2022-11-16 08:30:18','2023-11-16 00:30:18'),('0e0af495fd77c0decb2c9a7714c51ead6dbb2e437c1225bfc76d289f84ec31070efc26202e1bd67e',121,1,'munesh','[]',0,'2022-07-31 08:47:49','2022-07-31 08:47:49','2023-07-31 10:47:49'),('0ed9b1f068cc6b2a7f8525edd0c5e5f3ff2d3fc3769abc7454ede388ecc79f2393b379d6245db90a',273,1,'munesh','[]',0,'2022-11-16 02:33:53','2022-11-16 02:33:53','2023-11-15 18:33:53'),('0ed9f9b83f3df4539ed30c2793aa95dda0d5c73aeae1ceda87a53283aa1ce6b7dafdac36e03a3f5f',107,1,'gym','[]',0,'2024-12-05 13:22:54','2024-12-05 13:22:54','2025-12-05 13:22:54'),('0f02feb0423f6a54d59c3fbae230e2fd3051cd601f53095283ae6e3b5f4a0a92e01e1ae712c0cf62',77,1,'munesh','[]',0,'2022-07-11 01:29:56','2022-07-11 01:29:56','2023-07-11 03:29:56'),('0f10df7cd385faaef4c729e339c612bf4fb1676596ba944628ba26e4ebcd9cf54c4f53410392ccc4',73,1,'munesh','[]',0,'2022-07-04 10:17:09','2022-07-04 10:17:09','2023-07-04 12:17:09'),('0f3151af363713255b764102d5d423ddf49edf520b616445f54145983da893ac23112a5d7fa3ca03',106,1,'OfferApp','[]',0,'2024-12-05 12:35:52','2024-12-05 12:35:52','2025-12-05 12:35:52'),('0f35be721d41dc5994143a6a57dfb0cf71a578f90af93cce8e3dbbe0bc145319a58e877b11ab4ede',69,1,'munesh','[]',0,'2022-07-04 08:37:06','2022-07-04 08:37:06','2023-07-04 10:37:06'),('0f4e890f655b0ddfa6e5b2f4fd5a5040bc5fb589e9567e732070c753641f5d69cb7bf3d24d87cb47',64,1,'gshop','[]',0,'2023-08-07 17:09:44','2023-08-07 17:09:44','2024-08-07 10:09:44'),('0f5541ce43325355fa6fbce741002bc796916b78fa3155de525ee361d40ec627d2c53efe3ffd51d3',125,1,'OfferApp','[]',0,'2024-12-30 11:06:06','2024-12-30 11:06:06','2025-12-30 11:06:06'),('0f80d05802ab5b26a427f7c893b711baa48220957edddd8233d0e5bbe130f65ac94095fec9c6b95d',100,1,'OfferApp','[]',0,'2024-12-12 15:36:11','2024-12-12 15:36:11','2025-12-12 15:36:11'),('0f8c78b2db9334de5f1a3b84cbd43093f14de5fc71dd1bedfb3bba9f365561c47013a9a71050149a',37,1,'munesh','[]',0,'2023-05-17 14:10:31','2023-05-17 14:10:31','2024-05-17 17:10:31'),('0f959e73ee6a2d8618a6ebe596b82bd9dbba6aed2c60045dcedb7e20a9f408deb3811c27a94f7cdb',62,1,'gshop','[]',0,'2023-06-27 02:52:35','2023-06-27 02:52:35','2024-06-26 19:52:35'),('1005a71cb66066efb02c8cd4bc9273b6b419f3f88f94594fbf67238c40d69482fc1e423b63fd1978',11,1,'munesh','[]',0,'2023-08-24 01:09:13','2023-08-24 01:09:13','2024-08-23 18:09:13'),('1010dbd044a6815d398263dda2668ae5c63d7d0ad6fa33b5859fca3c79103c17f2545f856c453d67',75,1,'munesh','[]',0,'2022-07-08 12:18:00','2022-07-08 12:18:00','2023-07-08 14:18:00'),('109b714f96a13585fe7f2c13567bfa9934ebafa192ad75a82562e431f6af2eec1ee32674fbc25d87',91,1,'OfferApp','[]',0,'2024-11-11 23:50:29','2024-11-11 23:50:29','2025-11-11 23:50:29'),('10b0096b496c6b53162ecdb712b19b107b3aecdd46a921f1d8b0dad05b7b39795fec0bf11b532ba4',135,1,'munesh','[]',0,'2022-08-01 12:52:16','2022-08-01 12:52:16','2023-08-01 14:52:16'),('113ab5ae6b2445abbd7ad6a3b13e0eba0a193d93885405c9f148ceaba2d9bf7aae3fb0679e8e982b',57,1,'munesh','[]',0,'2023-06-22 04:27:32','2023-06-22 04:27:32','2024-06-21 21:27:32'),('11d6c4e62c5868da60370dcfbc8f7bdb23f7be097a778503d5ee22eb9fdc7acfd8c0c2c30d0ce504',132,1,'Aqar','[]',0,'2025-02-09 15:49:42','2025-02-09 15:49:42','2026-02-09 15:49:42'),('11e4e3c3d5546eeb00367f099262c4fe488a1aba1a644938f6a8c5ba2785dd52081789fd6ff91aa0',11,1,'mazraa','[]',0,'2022-06-23 08:02:47','2022-06-23 08:02:47','2023-06-23 10:02:47'),('11f8b5f62bdf5e2bb45939210d6342755984adba23148bea1cb986fc6579ad4b395e8acc94fa9662',254,1,'munesh','[]',0,'2022-08-24 13:42:44','2022-08-24 13:42:44','2023-08-24 15:42:44'),('12006e4c918f6e12891139d7ca30520019e24f439f6304c70c633cf7c9dc6f9705035a41af0ada32',184,1,'munesh','[]',0,'2022-08-12 13:36:13','2022-08-12 13:36:13','2023-08-12 15:36:13'),('12df19c2faf661d2fcfe8435a0952cafe3eb02b4772dfff2c6ff57afddedde4f2cf8673c4c250cb8',70,1,'munesh','[]',0,'2022-07-04 08:48:22','2022-07-04 08:48:22','2023-07-04 10:48:22'),('132a7a8772802790a4d75b3ac21446eb5935dc1858a7bd0b9e1c04833d677dde98ddbaec64c7d085',101,1,'OfferApp','[]',0,'2024-12-11 16:39:00','2024-12-11 16:39:00','2025-12-11 16:39:00'),('1383d272924ad09e9b1d154600db6963ae2ea8c08e1769d99b81911bf1302cdcae15a285a059d712',23,1,'munesh','[]',0,'2023-05-08 21:50:02','2023-05-08 21:50:02','2024-05-09 00:50:02'),('13d26cb9d6e5c2b976e47063a65ab09c2e2f066f4bb54f2ac0dedffea8fb6c38de658d7826a1e3f1',13,1,'gshop','[]',0,'2023-05-08 20:57:05','2023-05-08 20:57:05','2024-05-08 23:57:05'),('13f88108e46436ad0ec303a4f30652691de2610d93786ffffb591a036fdec38702f262d452f55cee',49,1,'munesh','[]',0,'2023-06-11 02:53:56','2023-06-11 02:53:56','2024-06-10 19:53:56'),('147665316e92f166340c9811c0be7b04467b018e20ea9bd64cf03835060057fcb733c116b25591e0',205,1,'munesh','[]',0,'2022-08-15 11:38:17','2022-08-15 11:38:17','2023-08-15 13:38:17'),('15247ed6cb7b475318cac321f3325349d55a295eeb04efa3d71ba8fd3a4fc50cfb09bc9d10dd7da7',176,1,'munesh','[]',0,'2022-08-11 20:31:58','2022-08-11 20:31:58','2023-08-11 22:31:58'),('155abf041e4eabcea63bf79a232de0e01c24e2257c41a6040541ae030de3f7dbe67c78fe81e3d59b',165,1,'munesh','[]',0,'2022-08-06 17:46:42','2022-08-06 17:46:42','2023-08-06 19:46:42'),('156844d3245004a7c5831166edd2045d94f1e0a0d1d21600d391210f6deb19dad3cd2fab05338bd7',103,1,'munesh','[]',0,'2022-07-28 17:27:51','2022-07-28 17:27:51','2023-07-28 19:27:51'),('15a65942ead48cf920c419b317f5bda965ddd12f529d50880c2da3bd6304c40922cd13bc4297f187',43,1,'mazraa','[]',0,'2022-06-23 09:31:29','2022-06-23 09:31:29','2023-06-23 11:31:29'),('15c17afc5a495cd3e3493790d2079e177528c6fe988099f81dcd482d07ba7968cffb763d622041e4',255,1,'munesh','[]',0,'2022-08-24 17:47:32','2022-08-24 17:47:32','2023-08-24 19:47:32'),('15ef9b71e474ad1e08bbcb0279f87278f63783acde6b6e5c94779143b51633fbd4d53dd5673d4cc8',130,1,'Aqar','[]',0,'2025-02-09 15:32:36','2025-02-09 15:32:36','2026-02-09 15:32:36'),('162e5e292de9b0db1b7e122d0b84797274b76e81e5655e726d6e96362cc72958925566f2bd5f1996',90,1,'OfferApp','[]',0,'2024-12-12 15:26:01','2024-12-12 15:26:01','2025-12-12 15:26:01'),('16354b0836cb1426e598563f3d7514760f5d242e75c631b7cf3d3e4b22f321e74e708e72b11e86a6',241,1,'munesh','[]',0,'2022-08-20 23:40:57','2022-08-20 23:40:57','2023-08-21 01:40:57'),('16a1a2dab79b301a7c8e1412508c6c2d8da1157b6adaed73443fdc9180187c0ba8b913e9d4195056',11,1,'munesh','[]',0,'2023-08-24 01:31:50','2023-08-24 01:31:50','2024-08-23 18:31:50'),('16ab442674f11633f651293b08aedb67d098e64a17d6a5c922cfb7418d9ef8f4c74ea519bc9ce7d3',57,1,'mazraa','[]',0,'2022-06-26 05:30:30','2022-06-26 05:30:30','2023-06-26 07:30:30'),('16c58257a012cdca0682407d0fd215d0d26df646762f7fcd77b9574a5f16b61ecbb5d157654720ce',45,1,'mazraa','[]',0,'2022-06-23 09:54:18','2022-06-23 09:54:18','2023-06-23 11:54:18'),('1716730706741b2f77bfc4dd6fdb90013e72abf784403be19bac625f60cd7c2e97f7e4bc37a4b951',22,1,'munesh','[]',0,'2023-05-08 21:10:21','2023-05-08 21:10:21','2024-05-09 00:10:21'),('17561b3b204cf3332a8fc7735c8d9b5198bfb025f21e6ca8fdd798e05e95c9e03157a5440c8fda18',11,1,'munesh','[]',0,'2023-08-11 09:17:53','2023-08-11 09:17:53','2024-08-11 02:17:53'),('1761cf07b9b7ac09020706f176723b333f928375801da2f88e1ba5f8b53113fc5abd6c138c434e67',49,1,'munesh','[]',0,'2023-08-24 19:24:53','2023-08-24 19:24:53','2024-08-24 12:24:53'),('176b3667fd1a01027b007145b5b62f50cdbbf4406af134377e8399764a48501a0d84c1f5156cdef4',283,1,'munesh','[]',0,'2022-12-22 04:22:02','2022-12-22 04:22:02','2023-12-21 20:22:02'),('17bfe57e9c77a7d1c089eeaba6981399edae9477b5ea16ff1b48bd26b860ea2144b7a5da466d3e7b',93,1,'munesh','[]',0,'2022-07-28 16:51:11','2022-07-28 16:51:11','2023-07-28 18:51:11'),('17f34bfa53d93e5c1c31cd64679dff3a458b0addd9cfa1c7a9d48b0da5f32b4c3bef114913589f75',57,1,'munesh','[]',0,'2023-06-22 03:14:45','2023-06-22 03:14:45','2024-06-21 20:14:45'),('1885a31b665ff3d29d1bf051715cbff802b33049ae37bbdb28dfbdfeb68b23ba1f8ae5cace3d8f7c',167,1,'munesh','[]',0,'2022-08-07 12:33:15','2022-08-07 12:33:15','2023-08-07 14:33:15'),('18b2c21e56c947d3dfc962c5d626474f514a73cc25292e3fe26a598cba58acfabb4d4d319d2fb31e',102,1,'munesh','[]',0,'2022-07-28 17:17:57','2022-07-28 17:17:57','2023-07-28 19:17:57'),('18bcb3de8cb158f18c16124370c80d5efc7bc1ad66d36f378099386ddb8692300933cf0838c7979f',99,1,'OfferApp','[]',0,'2024-11-25 15:40:11','2024-11-25 15:40:11','2025-11-25 15:40:11'),('194f8bce0f06c6a6d73ea4d076c4637e478a260a85e6763d67ec58291a391ca659e4e7588b7195bf',11,1,'mazraa','[]',0,'2022-06-23 08:03:59','2022-06-23 08:03:59','2023-06-23 10:03:59'),('19cbe1d1aaafa9eaf08b8912fad18ffc973a734c4e4f60a72458323dfd1d9c08cf0f24655a891f21',16,1,'gshop','[]',0,'2023-05-08 20:59:54','2023-05-08 20:59:54','2024-05-08 23:59:54'),('1a11d9478dd2e26ae8941f319bf51e010be9c2602b1d23611f50b10fdbed9281f205e0213363af66',147,1,'munesh','[]',0,'2022-08-05 20:48:08','2022-08-05 20:48:08','2023-08-05 22:48:08'),('1a2b55a21f9104f265d133ba425758fcc1d6a0252d84e10780b7cd27cfbc29ab7124f125c56d4ba1',57,1,'gshop','[]',0,'2023-08-15 01:23:03','2023-08-15 01:23:03','2024-08-14 18:23:03'),('1ac40722a6d8c92f3a21b0d89cc8092c03b65ad441229221dc711622411e0b2ded6c79ca4a5a2a3e',126,1,'OfferApp','[]',0,'2024-12-30 11:08:24','2024-12-30 11:08:24','2025-12-30 11:08:24'),('1b5c2f353de7aafecacfd98b40312b5b28660d6b15089560b6595e4dfaa67b4f524c4b6495ac4ace',18,1,'mazraa','[]',0,'2022-06-23 08:25:17','2022-06-23 08:25:17','2023-06-23 10:25:17'),('1b7bb9d7fd7e25b5c3ea5daca7d0cc0ba601aa0a533e5ee43830d8354be8c2727bf0acc3b32661e5',137,1,'Aqar','[]',0,'2025-02-09 16:09:19','2025-02-09 16:09:19','2026-02-09 16:09:19'),('1ba2360b77d3e29b2fccf95cd62fdaeb39a757cc1e0309fc0971a530219557ba273ad556af3f5b0f',43,1,'mazraa','[]',0,'2022-06-23 09:31:14','2022-06-23 09:31:14','2023-06-23 11:31:14'),('1d66a9d3f94add39bff269f4c6937ac004053dd500b57f45c112e7d2e752c16d617ef80df81ffc60',39,1,'gshop','[]',0,'2023-06-01 01:43:30','2023-06-01 01:43:30','2024-05-31 18:43:30'),('1d856d9bf4be032ce3b944742a258046dc85f067bb98a7222a9797d7d4c7d4ab11185af0d0cf3ee8',93,1,'OfferApp','[]',0,'2024-11-11 23:57:37','2024-11-11 23:57:37','2025-11-11 23:57:37'),('1db2080f994ccd4b21897f061e7224ff2ec8d069560d375343477b4182e279b6fd35111acbe2a6d4',90,1,'munesh','[]',0,'2022-07-28 15:03:02','2022-07-28 15:03:02','2023-07-28 17:03:02'),('1dd91de730a2a2b257118452503bf57e71990fc59d8b3bd605c8fa19a9636d4752e8107332f9f6cc',93,1,'OfferApp','[]',0,'2024-11-12 00:02:34','2024-11-12 00:02:34','2025-11-12 00:02:34'),('1df643c441ea8dce5dbc07e40f7bddc22dd61da2b68c194511e0e899e0316c2706c8ab1dc947e854',89,1,'munesh','[]',0,'2022-07-28 15:01:29','2022-07-28 15:01:29','2023-07-28 17:01:29'),('1e49c47a0b5f7ce9e8bd8f4b358a7c5d90bfebf707649ad8c721e7a9633f2c02602ae4f1a992151c',11,1,'mazraa','[]',0,'2022-06-23 08:06:13','2022-06-23 08:06:13','2023-06-23 10:06:13'),('1f277621d205acdf03ed5738e41127b026010e3977dd22c3f772ebcc8f3a5800da8fb131ebb0226e',57,1,'munesh','[]',0,'2023-08-24 01:18:14','2023-08-24 01:18:14','2024-08-23 18:18:14'),('1f2a92622ac6928e079f1ac782420438a80e2a1d8add768473088b27f3c9094329729c673826ff37',239,1,'munesh','[]',0,'2022-08-20 20:08:17','2022-08-20 20:08:17','2023-08-20 22:08:17'),('1f425c9a165aac0a2fa3174dae869e0a78d7a3e8cd278913dbe22bb6908ceb64dd507743efbbae9a',100,1,'OfferApp','[]',0,'2024-11-25 17:37:34','2024-11-25 17:37:34','2025-11-25 17:37:34'),('1f826e88c68d12979ce06c9632c682bfe7a92eb319bef687777af92824634405ce20f74e51802595',49,1,'munesh','[]',0,'2023-08-23 18:08:51','2023-08-23 18:08:51','2024-08-23 11:08:51'),('1fd2188a7ae87be40f167e5106eafc6fcdf95580139b25b018316b4c20d14ee33c9eac3279855c5f',85,1,'munesh','[]',0,'2023-09-03 17:38:18','2023-09-03 17:38:18','2024-09-03 10:38:18'),('203aabf2617d1b94b45b869b41d1f2afee07cdf956c2762047df076b8d378bb624b8fd7b0d1fa863',57,1,'munesh','[]',0,'2023-08-24 01:07:27','2023-08-24 01:07:27','2024-08-23 18:07:27'),('206ddae0e00392f0cfd6839d7a9f3d6813c7c16c3a43d2c04cb75155e5ceacbeea7322cdaa28e177',280,1,'munesh','[]',0,'2022-11-26 05:49:29','2022-11-26 05:49:29','2023-11-25 21:49:29'),('207aa81949819b902ec3337095ef2043b5397da98274ce3cd35d5c1eeadf8dad5f8bdc29355f8a2a',208,1,'munesh','[]',0,'2022-08-15 11:47:11','2022-08-15 11:47:11','2023-08-15 13:47:11'),('20b3dda2783262ae7e7a56b101a30b58bf89c209bff9ec18a715c68818ad529a72144dfa32f733c0',11,1,'mazraa','[]',0,'2022-06-23 08:06:26','2022-06-23 08:06:26','2023-06-23 10:06:26'),('20e2875fa817671d89f9e9dc48bdc1bbd947a107ba143f3279f7ef8fdaac56106e2188e2998a3230',218,1,'munesh','[]',0,'2022-08-17 19:45:54','2022-08-17 19:45:54','2023-08-17 21:45:54'),('21197ea79a8c9f911ad19e564d795f7e99f4e6cd4a16d361abd5680d52528c37de5eccc1dc0a3482',57,1,'gshop','[]',0,'2023-08-10 22:05:04','2023-08-10 22:05:04','2024-08-10 15:05:04'),('2135b51232fc7e44ecacb841c31a2d26511282ed5f5a26405a8318e970f98ca8858a35ac72bae6da',100,1,'OfferApp','[]',0,'2024-12-14 13:09:23','2024-12-14 13:09:23','2025-12-14 13:09:23'),('21881ce68a5ea32fcc6c8b97b289e0e64a3e65da0cedbdecbfbcaff3b983c9953e6e6f062b01c333',93,1,'OfferApp','[]',0,'2024-11-12 00:15:17','2024-11-12 00:15:17','2025-11-12 00:15:17'),('21a11b50d8708050bd881bfa9bb774ad9033d727acca70d1aa2432e87ad8ef9efe8c7630fe641bcc',102,1,'munesh','[]',0,'2022-07-28 17:25:07','2022-07-28 17:25:07','2023-07-28 19:25:07'),('222ed2a46c72a7ab0254cf3111bd8c51d9121b5f8ee3fa34c2b616e4ee0f0c71675cbd82893901e3',125,1,'munesh','[]',0,'2022-07-31 12:10:17','2022-07-31 12:10:17','2023-07-31 14:10:17'),('226c97f8afb0c10d92085afb6175b161f5e669904874134db28e515e87477892cdaee3882973e198',75,1,'munesh','[]',0,'2022-07-14 04:54:26','2022-07-14 04:54:26','2023-07-14 06:54:26'),('2271e5406f2d477dd2630e76a04553aa0bc9d40cbf3f2ba41593335a625cac1696f7ffda2840b16b',57,1,'munesh','[]',0,'2023-08-24 01:30:03','2023-08-24 01:30:03','2024-08-23 18:30:03'),('2272346c74dd7c685b0cfa473a8be6af8e2f9be5191efb15a8ca00cee38486c6c9e49bfbf2f901ed',260,1,'munesh','[]',0,'2022-09-02 09:49:12','2022-09-02 09:49:12','2023-09-02 02:49:12'),('2294b8f2cf786d78fa760e8552c230b72105fe840b5ba7893cb3e4ce152a614807c4252604c78f95',70,1,'munesh','[]',0,'2022-07-26 19:17:26','2022-07-26 19:17:26','2023-07-26 21:17:26'),('229a81959236bcd0f2209a22f96c7d9b2ad45450773cb104ddae0f40bef37c3c6eccbbec19d78f5f',225,1,'munesh','[]',0,'2022-08-19 00:27:39','2022-08-19 00:27:39','2023-08-19 02:27:39'),('232af8dbd9cbd02c25f9ee704d9ab655227e92ee5f713b26cdc392cf14ed8d2bc65f2e6a82584662',93,1,'OfferApp','[]',0,'2024-11-16 00:30:31','2024-11-16 00:30:31','2025-11-16 00:30:31'),('2445377aeedac89781786b15b20f181a052d74e1f7e6923ee48649c99400bb39469707fa4f69d56e',133,1,'Aqar','[]',0,'2025-02-09 15:50:45','2025-02-09 15:50:45','2026-02-09 15:50:45'),('244b1019a3174e9623b299ee386a2d26a8cf75de29e8a07ab87af7da7bf4d1b432b6073df25fbcc5',99,1,'munesh','[]',0,'2022-07-28 17:01:52','2022-07-28 17:01:52','2023-07-28 19:01:52'),('24bc6d1ea20548ba2c7c13c683e325ddaade9b367fe6fe17b9ace52aaa1d0b8fd34cda8ca69ad97d',107,1,'OfferApp','[]',0,'2024-12-05 13:22:45','2024-12-05 13:22:45','2025-12-05 13:22:45'),('24cec504aa9791e83dde35cbccb9751ef85be9aa0cc24163a2f05f523c247f8ca744f5c41ff617ab',11,1,'munesh','[]',0,'2023-08-24 01:06:27','2023-08-24 01:06:27','2024-08-23 18:06:27'),('24febfd4fa355ed9ce5b598b554a70d1c95f470a0ba3718c10b27ef384e9ac25d15279b29ec2c7cc',57,1,'munesh','[]',0,'2023-08-24 01:07:27','2023-08-24 01:07:27','2024-08-23 18:07:27'),('25546e413c16299a9f2a67145c118b4ab622de806e06985d6341b263c931b36b9ed3464557e56182',31,1,'gshop','[]',0,'2023-05-17 12:19:47','2023-05-17 12:19:47','2024-05-17 15:19:47'),('2554d781c851e41a37bf1fac7296158123cc3973f9aceefa507406bb5c43fcd1f6f2a702abb4c879',108,1,'gym','[]',0,'2024-12-05 13:29:38','2024-12-05 13:29:38','2025-12-05 13:29:38'),('265345f0c8d0e2aa4c153c57d30e97cc875178aa14cda888f7eabadca466492ca8f257fd72b79b3f',89,1,'munesh','[]',0,'2022-07-28 15:02:07','2022-07-28 15:02:07','2023-07-28 17:02:07'),('26950e0261e46980769ea6c22e6a0e498f2f57024375cf56798f39a5e5731d59a165d96b0b84032b',178,1,'munesh','[]',0,'2022-08-11 22:58:54','2022-08-11 22:58:54','2023-08-12 00:58:54'),('26c196ed1d6e812b3d7bb92da9ae708d2ae3711162c75ab7126e8afaf5f4b1ba3a9a2c8222963f90',57,1,'gshop','[]',0,'2023-08-24 01:28:21','2023-08-24 01:28:21','2024-08-23 18:28:21'),('26eeed791d0cdbfac6b2d4eca2cac2efa9a75164c4d0c4c75c14ac1a699d15b29dff45939458d049',270,1,'munesh','[]',0,'2022-10-13 02:38:09','2022-10-13 02:38:09','2023-10-12 19:38:09'),('26f97007b921e5ed0d16b7b7757eca472a1974d768fed3a5ba04c954d4cd90079e8df665cd2928cd',49,1,'munesh','[]',0,'2023-08-13 17:19:20','2023-08-13 17:19:20','2024-08-13 10:19:20'),('27867550bbd0e734019a96d2f5f270e56be5e5fc5c5ff0670c96608a944c9918d97a44266bfc3fed',77,1,'munesh','[]',0,'2022-07-11 01:30:30','2022-07-11 01:30:30','2023-07-11 03:30:30'),('27872d7439f7f0d832784f1dc53251150216eb352ed72fc2a757b9a55bcfc671df07b660a43878fe',247,1,'munesh','[]',0,'2022-08-22 00:34:56','2022-08-22 00:34:56','2023-08-22 02:34:56'),('2800233fee0e16d5b71495da31a1b1c8201d19e0d6b5caa32ee9e6882d3b0dcfca3cec6bea0e761c',11,1,'munesh','[]',0,'2023-08-11 09:10:23','2023-08-11 09:10:23','2024-08-11 02:10:23'),('28025d933ebfd429f26aae36e2eefc7c839307506791955a744b9888031a41a577ea9ce083f0348f',49,1,'munesh','[]',0,'2023-08-24 19:31:59','2023-08-24 19:31:59','2024-08-24 12:31:59'),('284c06a8906dfab7159778fd0aefc0cb28b3247495b1cb91f5d73dfc1854eb1da59f7a93fb2bd91f',99,1,'OfferApp','[]',0,'2024-11-25 15:48:33','2024-11-25 15:48:33','2025-11-25 15:48:33'),('285307fb29ceaae9bc8b707b6bcacccad2e8a0605f5d4a2ecf8f106209459fb9dc37f9d219735415',69,1,'munesh','[]',0,'2022-07-04 08:35:17','2022-07-04 08:35:17','2023-07-04 10:35:17'),('288550680450c3869dab8e016b658670255fa0ba370e943623cfeb6253b57e43d8b8b6230a7366da',191,1,'munesh','[]',0,'2022-08-13 21:34:54','2022-08-13 21:34:54','2023-08-13 23:34:54'),('28af09f9c7776d8c3862b707c3244bf3d5d4c097acbabd61bcf3ccaccec4584ec1046090c463f6e0',35,1,'gshop','[]',0,'2023-05-17 13:07:07','2023-05-17 13:07:07','2024-05-17 16:07:07'),('28cbe721a2643d198911ef2908b94fc435f94bb13ef1d567fa24df6d92a0eeb526a698695f0311ed',85,1,'munesh','[]',0,'2023-09-03 17:38:19','2023-09-03 17:38:19','2024-09-03 10:38:19'),('28da09ea1b94482263b4f222800fb65a8f3bf78de82b17ceacfb85c172d537d13af7e6f67de26c09',177,1,'munesh','[]',0,'2022-08-11 22:43:16','2022-08-11 22:43:16','2023-08-12 00:43:16'),('2912f0c55ea7f7b1da58dce4d8161447f04a3f17db5824bff31c8a64d7035b004ad30ba24cbdabbd',128,1,'Aqar','[]',0,'2025-01-22 00:37:31','2025-01-22 00:37:31','2026-01-22 00:37:31'),('2933568510ffc9912d2b319d3a86be06cd658511e5d2d398471d1d3c35c30cb37d40c2386883e76a',39,1,'munesh','[]',0,'2023-05-24 06:40:40','2023-05-24 06:40:40','2024-05-23 23:40:40'),('2949ffc03df3029ddc3e0207b6bdef28a878264fdc948997f531cb2f632639cd9910171c7adbf7aa',37,1,'gshop','[]',0,'2023-05-17 14:10:08','2023-05-17 14:10:08','2024-05-17 17:10:08'),('297f55793685fce464c29bc584efd54fa45854fc5e438f5c102014e78814b424f0edddb3720e9581',37,1,'munesh','[]',0,'2023-05-17 14:10:28','2023-05-17 14:10:28','2024-05-17 17:10:28'),('29a93c2e71c693f0b2b24c7b8cba588a5c91dc639cf82e92148a7b0d5bd2a7a41590971bf0c83ec7',139,1,'Aqar','[]',0,'2025-02-09 17:31:33','2025-02-09 17:31:33','2026-02-09 17:31:33'),('2a223d4e368423de4874586103afe8bf01f4d4d4850590b8c7d38b31a2b71df9525731f9b5a1be03',28,1,'gshop','[]',0,'2023-05-14 22:40:03','2023-05-14 22:40:03','2024-05-15 01:40:03'),('2a3fed7dfef047bd6c324bf286ec0119c51d79b4632c371514c58081aecd1dd64aac947edb148b6e',66,1,'munesh','[]',0,'2022-07-04 08:09:09','2022-07-04 08:09:09','2023-07-04 10:09:09'),('2a42d2cfae668717da1656005071086251bdc3f9d48cdfae90853ae2965f14c522aac6b3ad180170',263,1,'munesh','[]',0,'2022-09-03 11:23:42','2022-09-03 11:23:42','2023-09-03 04:23:42'),('2a7e1c44104f027bb3d46d68cbc2e60fed5c65cae0e802e1a7f33249d7a34c1efb142537914b7ae9',39,1,'munesh','[]',0,'2023-05-24 06:41:41','2023-05-24 06:41:41','2024-05-23 23:41:41'),('2a8b645db198ac362b3822d8eb1ea7e6ac080b3dceba7465a75d4edc23f1432c8abaed75fcf0b7e6',164,1,'munesh','[]',0,'2022-08-06 17:41:23','2022-08-06 17:41:23','2023-08-06 19:41:23'),('2abc68cac593ce376f70f8173039c4ef5ae8ef6644eaf7ab6deffca2cff460fbdc032ed624f3677f',70,1,'munesh','[]',0,'2022-07-28 07:11:09','2022-07-28 07:11:09','2023-07-28 09:11:09'),('2b189d0e6614d9ef11ba7ea17d7fcfab45e6edff5fc5797b93aac56afa6d533f2dc6f2be161e973b',289,1,'munesh','[]',0,'2023-01-28 01:01:09','2023-01-28 01:01:09','2024-01-27 17:01:09'),('2b2f112c303927cb3ef93c026f4faa26f6dc6bad4a1f6a20ca68d51b4e31823ef928bb74532fe71a',138,1,'Aqar','[]',0,'2025-02-09 16:46:32','2025-02-09 16:46:32','2026-02-09 16:46:32'),('2b35fc9f30d0849c60c9215cbc9b2279d5e85b515914ad6a141cfa03e6d3e7f3110c135aa39302d7',93,1,'OfferApp','[]',0,'2025-01-07 14:52:37','2025-01-07 14:52:37','2026-01-07 14:52:37'),('2b36c9dc4574ba595d5abcc8c0a171cdb9a7d2126159d5edf3157f4477057920b23919c4cd6a7832',49,1,'gshop','[]',0,'2023-08-16 17:14:11','2023-08-16 17:14:11','2024-08-16 10:14:11'),('2b557704f4c26c760c07ab0a65d639bc114bf7ffbb98523cc2a1e620a4e5d939f3387e81efa382af',248,1,'munesh','[]',0,'2022-08-23 06:22:49','2022-08-23 06:22:49','2023-08-23 08:22:49'),('2b680aa1eb99f295e1f721d15ba6e61099b928644a9e956b51550657446157337f28d7bbb79f0169',90,1,'OfferApp','[]',0,'2024-12-15 18:54:25','2024-12-15 18:54:25','2025-12-15 18:54:25'),('2b9c6c90f83a9e11331d5f96831913bceb4c68c0f8355a7b5367745aa89e3b82e95632d28e5fa879',273,1,'munesh','[]',0,'2022-11-16 02:34:46','2022-11-16 02:34:46','2023-11-15 18:34:46'),('2bade7130d5e3ba14d8528f2f6b50cccda7b9b31a82ffce9199f253a6c6f5052a1dca03bae5abbcd',187,1,'munesh','[]',0,'2022-08-13 10:42:45','2022-08-13 10:42:45','2023-08-13 12:42:45'),('2bd34e84cbf34f3e402d62418b1f51bde6f958f36fd1f4cefc92a63138757adab7c6098626868ed2',268,1,'munesh','[]',0,'2022-09-26 23:41:35','2022-09-26 23:41:35','2023-09-26 16:41:35'),('2bd78eeaa359c3e1f0aaf1bf0204aa733ae729596bbf72b40ec3c1ed3bd68ec0abee2dc6763cdcbd',49,1,'gshop','[]',0,'2023-09-05 18:49:19','2023-09-05 18:49:19','2024-09-05 11:49:19'),('2bde7a5a3934350333853a6b9ed1ce28ea92a900e2fbfd778c6dfcee71af5b8566f8bb3724d767e7',113,1,'munesh','[]',0,'2022-07-30 14:54:26','2022-07-30 14:54:26','2023-07-30 16:54:26'),('2c872c55b93594b8b6e84d13a89ed646886d803de292fa94435e75dfc53eaa04688c45d514b7429f',11,1,'munesh','[]',0,'2023-08-11 07:33:34','2023-08-11 07:33:34','2024-08-11 00:33:34'),('2cb55c0a6a08638e7674c65f90b0aa5f59771150d014dcc5271f8e683b9d490ff56fb039cf4c79d5',49,1,'munesh','[]',0,'2023-08-14 18:22:36','2023-08-14 18:22:36','2024-08-14 11:22:36'),('2cfbdd935fdfe28a3d32ee0acef39e3a880223fef1880f68b758bfcbfbbcf14d184e230879238240',170,1,'munesh','[]',0,'2022-08-07 14:38:04','2022-08-07 14:38:04','2023-08-07 16:38:04'),('2d01af017d02fead60e630a1b156a62d871af1815d5b5281ee1321350d83d06b4d9be128dfafa638',126,1,'munesh','[]',0,'2022-07-31 16:38:05','2022-07-31 16:38:05','2023-07-31 18:38:05'),('2d44243131e6aa2706c55335606dcdbbcbc2d0f8bc3d7131daac79b759925040c6ab3e20fab3f119',45,1,'gshop','[]',0,'2023-05-30 05:50:51','2023-05-30 05:50:51','2024-05-29 22:50:51'),('2dedd1e93666f870c5fa8f3750bf312151330c9f1775fb208630aac83ed7c7f270cd6621ffc759a3',93,1,'OfferApp','[]',0,'2024-11-12 00:09:13','2024-11-12 00:09:13','2025-11-12 00:09:13'),('2e75a03fd8273a8d747718ef0abda5719330db9fbe8c60ec82273b54ede975fd159858b79e560dd1',122,1,'munesh','[]',0,'2022-07-31 09:14:43','2022-07-31 09:14:43','2023-07-31 11:14:43'),('2e97a60cacbfa2ee505107016417b4e5b21d07697f756a963b23516369644676c8de829208257c0e',17,1,'gshop','[]',0,'2023-05-08 21:00:13','2023-05-08 21:00:13','2024-05-09 00:00:13'),('2e9a7b2148eb8edd4fadbaaf833de7df9f6cfc29afce4bc4047203e0328538ad61f831dbe8114d60',114,1,'munesh','[]',0,'2022-07-30 14:51:40','2022-07-30 14:51:40','2023-07-30 16:51:40'),('2ecee2d25382b009f95433d800b6d2d0fb5f5769df19bba289c5cc13eee2a3615de9f9c0c2fa345a',223,1,'munesh','[]',0,'2022-08-18 22:03:35','2022-08-18 22:03:35','2023-08-19 00:03:35'),('2ed55e3cd1b316398535aaf4e97137df8d52defe7bee8a353c63394ca7933643508da4c25c5ca8ef',92,1,'OfferApp','[]',0,'2024-11-11 23:51:00','2024-11-11 23:51:00','2025-11-11 23:51:00'),('2ee55a5703cfbf4a355ba45b4c434a79b59e082dafd0a7c620a9c58e25fc4ccaa2c2b587133d2a5c',87,1,'munesh','[]',0,'2022-07-28 14:56:33','2022-07-28 14:56:33','2023-07-28 16:56:33'),('2f01dde07a0f0fbb7a2ea8290a6c261af8a8e3771db3fe10f9996f7459cb36df8e18ff2aa79efb03',49,1,'gshop','[]',0,'2023-08-14 00:11:09','2023-08-14 00:11:09','2024-08-13 17:11:09'),('2f10c951c1f38d3eca3aa7057efc071d3a7714dff45d545986afd517b7244e234510fa8910af5a75',25,1,'munesh','[]',0,'2023-05-09 19:41:20','2023-05-09 19:41:20','2024-05-09 22:41:20'),('2f5f4a591e01d9644553213657d1f2685fc1f92d6a55304cec70a3cc4e7186a6391a401dcf9d1aad',189,1,'munesh','[]',0,'2022-08-13 20:26:06','2022-08-13 20:26:06','2023-08-13 22:26:06'),('2fc101a98cc4399a327cb09263d8b7084c23d740c3b570fc683fc95c24381da30d5e18645c641010',97,1,'OfferApp','[]',0,'2024-11-25 10:47:38','2024-11-25 10:47:38','2025-11-25 10:47:38'),('2fcfcde181dc5be95c4d6388b3170c46942314d838061b7701dac28cbb90f685c4a80632bc3527a0',11,1,'munesh','[]',0,'2023-08-11 09:14:16','2023-08-11 09:14:16','2024-08-11 02:14:16'),('30062d7d2d3b54d15321bd1aec35b797d616491446c91d5186aef704c78a450d4f67f39aa64be887',212,1,'munesh','[]',0,'2022-08-16 14:48:54','2022-08-16 14:48:54','2023-08-16 16:48:54'),('301cc3df5d2b76e39f52abd1e322cdd16de4dccb4ff605f3daa29969dac7cdc95e061326fa1379e5',75,1,'munesh','[]',0,'2022-07-21 23:54:36','2022-07-21 23:54:36','2023-07-22 01:54:36'),('302edb29fc8ec5fc58ddb32f5698ae2d4ad0d21eea692ec39480e25b07fb2b7e2c4e271bfab54810',11,1,'munesh','[]',0,'2023-09-07 04:18:11','2023-09-07 04:18:11','2024-09-06 21:18:11'),('30834e971bf12f5e6302232bf58f1a4abe7d002b28bbd9f4552409916bcadf8f1d315b9edc991ecb',128,1,'Aqar','[]',0,'2025-01-22 00:38:25','2025-01-22 00:38:25','2026-01-22 00:38:25'),('30a2c3ffe5eecb0aca1e582afac9d306dc3dba35a8d8d2d5acaba807f69ee0fc4d3c8a62353b6ff2',57,1,'munesh','[]',0,'2023-08-24 01:07:27','2023-08-24 01:07:27','2024-08-23 18:07:27'),('30eb8258eafe9c0fe2529e160628b9b587da341d8ec21b838f8898c153af0224febef4461330976f',11,1,'munesh','[]',0,'2023-08-12 00:51:39','2023-08-12 00:51:39','2024-08-11 17:51:39'),('310669e877e7a4c7340fa0f7e080f595619053a8907914bfe42ac49fea21b8fd8c33229785bb7b6d',104,1,'munesh','[]',0,'2022-07-28 17:29:19','2022-07-28 17:29:19','2023-07-28 19:29:19'),('316ae7433f4bfdfdbc94988cd1ec374efb77caa32a406254efaa9e1edc92b09f23ab368d3c4b0eda',11,1,'munesh','[]',0,'2023-09-05 09:09:45','2023-09-05 09:09:45','2024-09-05 02:09:45'),('31851a8fd9a5b2bdd72394c4209d04fe30604c2ec6e734dba8890d4457778f87f1b2e91a11d19296',209,1,'munesh','[]',0,'2022-08-15 14:38:57','2022-08-15 14:38:57','2023-08-15 16:38:57'),('31c39aa94a56ca0ec16736ddff1925a0edc91dd6544d12a96c2fd4dd5be0d85279655fd0e19d73ec',152,1,'munesh','[]',0,'2022-08-05 22:01:16','2022-08-05 22:01:16','2023-08-06 00:01:16'),('31ecaa89d5a33f2c145aa2b479196e44d54503d8b24f8cf56fa5438a8c3345586c97ec1c99d2d1b0',289,1,'munesh','[]',0,'2023-01-28 01:01:06','2023-01-28 01:01:06','2024-01-27 17:01:06'),('32104a76b89efc9a5f7d11620a7d775ad65abdfa011e48876e7f2a4c24ecd2fe7ac878c808ed9349',69,1,'munesh','[]',0,'2022-07-04 08:37:57','2022-07-04 08:37:57','2023-07-04 10:37:57'),('32488fde487ba200fbd5113bd4a5c2935df7c1e1228ac4b08ea1e9e08cd589dffb09e0c2a72ba666',130,1,'munesh','[]',0,'2022-07-31 17:44:20','2022-07-31 17:44:20','2023-07-31 19:44:20'),('32b587d7d5ff75c650c53bc46c54bf7499e29e39d101e18725386620d9ee3b299763cd7e7128b2a7',110,1,'munesh','[]',0,'2022-07-30 13:20:32','2022-07-30 13:20:32','2023-07-30 15:20:32'),('32ba7ab3e49154b53e9bdbead7e392beb63a763443bf26e203e3deb72b85f9d3dca31d9de1f4bda1',103,1,'OfferApp','[]',0,'2024-12-03 16:19:48','2024-12-03 16:19:48','2025-12-03 16:19:48'),('32ea727305f9b3a53142c644b7801fe5f6483cf5cd3035a40e6d9946563a217feaab688f55a944f0',128,1,'Aqar','[]',0,'2025-02-09 12:00:10','2025-02-09 12:00:10','2026-02-09 12:00:10'),('3303bcc852a852cdcc633ec700dcf8bdf552968293da72ded0984a638624b08828f55cfa3bab2d93',176,1,'munesh','[]',0,'2022-08-11 20:32:09','2022-08-11 20:32:09','2023-08-11 22:32:09'),('3316e67fa99049b96c63451f1b9ee63001f2fa0b2dfb6d4620484c26da7f34b315bb128df4162e53',11,1,'gshop','[]',0,'2023-06-06 06:11:01','2023-06-06 06:11:01','2024-06-05 23:11:01'),('3326f4865365548299bbbae0b46e66084a45bbb5e00924a7583683f8e0397cee4fffe2fc793b778d',73,1,'munesh','[]',0,'2022-07-04 10:21:36','2022-07-04 10:21:36','2023-07-04 12:21:36'),('33830af6076597954693e57ac35a41a3457f2e776e971234be17010583dabe1d95c72346be64237f',49,1,'gshop','[]',0,'2023-06-27 02:55:49','2023-06-27 02:55:49','2024-06-26 19:55:49'),('33aa3aef5f783529b1aa3e7346f572ae8c1a6d96f75ecdef5d762b202a361713219f53e66a45210e',99,1,'OfferApp','[]',0,'2024-11-25 11:47:53','2024-11-25 11:47:53','2025-11-25 11:47:53'),('33ae551c11d681d5e6b0780b76eaeb37ce9116f953aeaa096a3637f640f4e337fdf7ba5e1a94abbd',289,1,'munesh','[]',0,'2023-01-28 01:01:09','2023-01-28 01:01:09','2024-01-27 17:01:09'),('342ad723d874e401d9d040290ea00f91b2dad6d5851a608bf339b8833f003c0cf9c946cf179a5a79',103,1,'OfferApp','[]',0,'2024-12-03 16:22:23','2024-12-03 16:22:23','2025-12-03 16:22:23'),('34834da3dda6fd8778321672e844866d90cd16fe05f9c4572adfd7ab21ab6ac3b1ca9128e72d38b1',11,1,'munesh','[]',0,'2023-08-11 07:35:25','2023-08-11 07:35:25','2024-08-11 00:35:25'),('34a3ee92552d4d6d6713ab131eb024544f444311be78eedbdf10f741548315b8b54f5bb2bb686bce',75,1,'munesh','[]',0,'2022-07-05 08:57:51','2022-07-05 08:57:51','2023-07-05 10:57:51'),('34e0f05c6466c9b5b9d5c14c1ecbcee5384ae92864b78b449fb212c44b88e37f6f531cb411419b2b',47,1,'gshop','[]',0,'2023-06-01 02:28:17','2023-06-01 02:28:17','2024-05-31 19:28:17'),('34eb8140748e914f541e812d93e92868fd2a8957812fe959803f5aa5770a9b51ee54c22e02c5ea88',162,1,'munesh','[]',0,'2022-08-06 17:14:48','2022-08-06 17:14:48','2023-08-06 19:14:48'),('34f6460454e0adf12c5aebbb342d3492487e1763c19f0a7355ad2d36bca4cbc492d96f5408355b0b',75,1,'munesh','[]',0,'2022-07-07 20:02:52','2022-07-07 20:02:52','2023-07-07 22:02:52'),('352dac42f096d864688a9202a860b92e033ace2374a1891a4a9d68d135a550465f8ad66b3984e25e',100,1,'OfferApp','[]',0,'2024-11-25 16:02:25','2024-11-25 16:02:25','2025-11-25 16:02:25'),('3560a66be904df05ffbafb35662992bd43bb781eaf789aafce2f95363e6165c9e5c47f7a884d8b4d',286,1,'munesh','[]',0,'2023-01-28 00:55:32','2023-01-28 00:55:32','2024-01-27 16:55:32'),('356a0246f07b3646a6f2d5b8162a707927d9e2d80fc16df1b1b6373a2d6707a22bc0425e8bedb439',11,1,'gshop','[]',0,'2023-05-29 06:40:23','2023-05-29 06:40:23','2024-05-28 23:40:23'),('35a5ef86701ea0558942ec12a66c6bdd0fbf0f5deb0399ee50295cf0da60f3e8a60c895b4bd5215f',11,1,'gshop','[]',0,'2023-06-01 07:12:18','2023-06-01 07:12:18','2024-06-01 00:12:18'),('35b2813523e7b6fa26762c39fbbf421bb3393db05266fb694eb7b9cc6e1362831854f52f2f759a94',193,1,'munesh','[]',0,'2022-08-14 14:24:47','2022-08-14 14:24:47','2023-08-14 16:24:47'),('36533508a858851b7c727751ba31631ffd1e03b5692b7f87b8765758b9fbf7f46913ba6df088c1ff',100,1,'OfferApp','[]',0,'2024-11-25 18:08:25','2024-11-25 18:08:25','2025-11-25 18:08:25'),('36c46fbb00fbca898bdcba9dd87d4672988d4a1a039b7355821a52b70aa6b0014d94dab39b6d9893',70,1,'munesh','[]',0,'2022-07-06 18:14:38','2022-07-06 18:14:38','2023-07-06 20:14:38'),('36e6f8d5c9758de56f8e8622e06d2c3da8d2ccd3d1e7c204a7038cde4016f8f2892878fa1911d6f6',127,1,'munesh','[]',0,'2022-07-31 17:41:30','2022-07-31 17:41:30','2023-07-31 19:41:30'),('36eb6b6cb16b6705f4fca3c5c0a34c906a08c512279383a3a4c2eeca49092f7d5e55575f4a31bced',244,1,'munesh','[]',0,'2022-08-20 23:41:04','2022-08-20 23:41:04','2023-08-21 01:41:04'),('371d89d661be38a59ff8a0a22818c23840c3bdce0083ec5060beb5c378f0e78dfe1abbc31cd86a3e',103,1,'OfferApp','[]',0,'2024-12-05 10:32:55','2024-12-05 10:32:55','2025-12-05 10:32:55'),('3726a21b610bae23b1d04e52fe1a9f0cf05e47ccc3fca0e9b52985218858963ed5a8f7f7e5700507',11,1,'munesh','[]',0,'2023-09-04 02:46:34','2023-09-04 02:46:34','2024-09-03 19:46:34'),('3732364784ea9bbeeb525efa46c84f5674069d887a2c4d18c2f567c8661ba4c1c3459b47dc43077e',75,1,'munesh','[]',0,'2022-07-23 05:12:12','2022-07-23 05:12:12','2023-07-23 07:12:12'),('3753849ca0c62e7a48064dec16eb1d05f72a47fcb7721eea33daa49565b9c71e8222d6b32e1f7733',265,1,'munesh','[]',0,'2022-09-03 11:24:16','2022-09-03 11:24:16','2023-09-03 04:24:16'),('379f443254b0ece32b59928b6ac5874c8622c8d43d8614919b998fb89d36ed64f5e09b2e9ab8d4e9',90,1,'munesh','[]',0,'2022-07-28 15:02:50','2022-07-28 15:02:50','2023-07-28 17:02:50'),('37df7347744c4f1d1a70435ab7935b78d0ca749d923ec2832c9588aa2c8773bdeab4b38af5757c67',44,1,'gshop','[]',0,'2023-05-28 20:33:52','2023-05-28 20:33:52','2024-05-28 13:33:52'),('37e559728b9019922fe155c6540d9f9ef57be5c03e036fd5e159ab6694b869ac65687f8973e3da6c',75,1,'munesh','[]',0,'2022-07-21 14:29:59','2022-07-21 14:29:59','2023-07-21 16:29:59'),('3800772d1d962647cd81dca3554e3322d4994a12a6cecef6cac043ac7ecf6ccac6166f45d939dd8d',100,1,'OfferApp','[]',0,'2024-12-11 16:37:45','2024-12-11 16:37:45','2025-12-11 16:37:45'),('38b7b8a06701f17af414901af0f04caf35feea831aa40db2e89d3ae8e23cea9ab2e22415d4192424',11,1,'gshop','[]',0,'2023-08-12 00:50:28','2023-08-12 00:50:28','2024-08-11 17:50:28'),('38bfd26734c604edf130f42c1f62ff9805be98b6d017f0f9ed97e13551b8fc596bc5ac14bbd12510',104,1,'munesh','[]',0,'2022-07-28 17:30:18','2022-07-28 17:30:18','2023-07-28 19:30:18'),('39017e4e3fae11efaf6e3c114647f94b312b9563a5aa08e8da6fdc54751349bcc686813a8c686ef0',46,1,'munesh','[]',0,'2023-06-01 02:27:53','2023-06-01 02:27:53','2024-05-31 19:27:53'),('391320e9f9eb05d84b518a0bf6b3fa1db80b610e0dd4c5acbcf86a96a3ff543b28c92e3e96ff2ebc',11,1,'gshop','[]',0,'2023-06-14 07:00:28','2023-06-14 07:00:28','2024-06-14 00:00:28'),('3918b7306d4b5481b57c09250fca43b863299b71e0ba4b91cca39fc8ba6fe3ea13db5ece3c26744c',11,1,'munesh','[]',0,'2023-08-06 04:46:34','2023-08-06 04:46:34','2024-08-05 21:46:34'),('393e2a9a70b51129fa9ef033acf0f2830d66418c378f52663abc044fc8b97921b9707a325012babf',100,1,'munesh','[]',0,'2022-07-28 17:04:25','2022-07-28 17:04:25','2023-07-28 19:04:25'),('399cc86f6333ac7d5a120f85b53e57d31436b824d9714794147cf5529adf44529fdc6dde85bf0525',214,1,'munesh','[]',0,'2022-08-16 18:20:20','2022-08-16 18:20:20','2023-08-16 20:20:20'),('39ab50c3e391ca2c136a5ee8ea50f631e4a2a69d9780d292d7850475ca2a3fdc6b78d83fe592ef61',216,1,'munesh','[]',0,'2022-08-17 19:24:29','2022-08-17 19:24:29','2023-08-17 21:24:29'),('39ae777670858b58c73c78eb782f3b04302e1151e987ec4529d3d78c17155426a6b3fb767ed06e1b',219,1,'munesh','[]',0,'2022-08-18 16:57:52','2022-08-18 16:57:52','2023-08-18 18:57:52'),('39be25db88d00d985fa65d45f9c45a9ca3be5400f00f59d6102407da3046ab38f4f2d7cf586e5858',47,1,'gshop','[]',0,'2023-06-17 22:10:00','2023-06-17 22:10:00','2024-06-17 15:10:00'),('3a39dce15f19a37d589965efc5ff0d979710cf4f3e80f9d93250e11c25cf3f5cb9111d67e9afb10d',100,1,'OfferApp','[]',0,'2024-12-15 19:18:36','2024-12-15 19:18:36','2025-12-15 19:18:36'),('3a751f99e53a1bcab5890955dbc2b25522b8665beb1df1a502c74a755a31215d09feaaf20c33edb1',182,1,'munesh','[]',0,'2022-08-12 08:21:51','2022-08-12 08:21:51','2023-08-12 10:21:51'),('3a88e0dcb94998f37fd0390fc6fbed3b98615b0ccad38b7f0802b564d22d9ae9c6c7720957187072',40,1,'mazraa','[]',0,'2022-06-23 09:30:17','2022-06-23 09:30:17','2023-06-23 11:30:17'),('3b10a1b092990f59ef6859d1f26cc07387cc6ab7b03a309291fa9f6dbdf4c5ea22486187ffb2f091',11,1,'munesh','[]',0,'2023-06-05 04:55:57','2023-06-05 04:55:57','2024-06-04 21:55:57'),('3b730dec1ae1efc880dd5a2f822d5d5be12042d2eaadb26d0e6f8de6c2746589c8ad742b83dad604',75,1,'munesh','[]',0,'2022-07-06 04:50:26','2022-07-06 04:50:26','2023-07-06 06:50:26'),('3b82763b04138d54ea1d42dbcb98cfd9a4384db72b1d40c1f87aae3216039f705db26fa6424a8bb1',140,1,'Aqar','[]',0,'2025-04-15 12:03:44','2025-04-15 12:03:44','2026-04-15 12:03:44'),('3bc51dbcd285322b482800d5b481272f07ed8e15fdaa60816aff522199d5fef7701d65e38489a106',207,1,'munesh','[]',0,'2022-08-15 11:45:59','2022-08-15 11:45:59','2023-08-15 13:45:59'),('3bce4594429f7c48d11a89cb83f361ae7498231e84d8213fd702d43703749ae40012bf30459070c9',11,1,'munesh','[]',0,'2023-06-06 06:11:11','2023-06-06 06:11:11','2024-06-05 23:11:11'),('3c0833b7b331d4623d1d0b4a8b5356da3662706800c6a090596bf7fa4d448e541353fc0086022761',93,1,'OfferApp','[]',0,'2024-11-13 22:50:24','2024-11-13 22:50:24','2025-11-13 22:50:24'),('3c44dc9c6d7ad180c64e17c1ddb5d30a2e1a9286e447e6215e6b0820f322d4a1682e5559b722d0be',45,1,'gshop','[]',0,'2023-06-06 09:17:45','2023-06-06 09:17:45','2024-06-06 02:17:45'),('3c59b2ec528732f618ece2a1325548aee648461799d4717da94e86ed06d3f666141354c3b0f2deda',127,1,'OfferApp','[]',0,'2025-01-22 00:28:33','2025-01-22 00:28:33','2026-01-22 00:28:33'),('3c7f7417d71be0bc3fcb804029e0631666df236d9a90a81035e770d3521a4ecdcde03680cae56c07',287,1,'munesh','[]',0,'2023-01-28 00:56:41','2023-01-28 00:56:41','2024-01-27 16:56:41'),('3cb217c965c0609ea788b3f4b5ee3c81a40b6b9815952fba1752070b2fb1a489d1d47bc996955412',179,1,'munesh','[]',0,'2022-08-12 00:11:25','2022-08-12 00:11:25','2023-08-12 02:11:25'),('3cfda3b798e80aafe4c76bfb6107bddb6fd114b851151f2358df1000adf3d7cef891802aacff35e0',75,1,'munesh','[]',0,'2022-07-29 04:22:20','2022-07-29 04:22:20','2023-07-29 06:22:20'),('3d2b5b169b2abbe40e8319ee6331ea917f1e8dbf45882d8159da3735e80089b1eaa8ae5eabed3cb4',36,1,'munesh','[]',0,'2023-05-17 14:08:35','2023-05-17 14:08:35','2024-05-17 17:08:35'),('3d32875dc0cd8943edf253bd12e8b114a470d65500ae1112b5e08d03f1dcfee042c2e7c53be6f112',70,1,'munesh','[]',0,'2022-07-30 08:15:05','2022-07-30 08:15:05','2023-07-30 10:15:05'),('3d513f3aee940a7a955a0722b3a66fdd68cb4e0a6923808aee513ae199ff6437074ebfbdff14008e',70,1,'munesh','[]',0,'2022-07-04 09:53:51','2022-07-04 09:53:51','2023-07-04 11:53:51'),('3d5878062de4fb317c3954297cdf818006084a892a7325becea27356fd25fb0ca6a50d77773f95c5',90,1,'OfferApp','[]',0,'2024-12-12 15:15:55','2024-12-12 15:15:55','2025-12-12 15:15:55'),('3d5a719197d989ae55d50fde0b56e70b852491d9c368da3bfc56feded55c85d6d4bdab554fa4946e',70,1,'munesh','[]',0,'2022-07-22 12:51:08','2022-07-22 12:51:08','2023-07-22 14:51:08'),('3d68b896e27a05e84eb90f263c5a2f6c8f450219dee3704771f7888d9f062e80b14cb3cd9a586530',11,1,'mazraa','[]',0,'2022-06-23 08:05:33','2022-06-23 08:05:33','2023-06-23 10:05:33'),('3d7ca430c4a7294bf708464dbceb6c081a3ae2d33836e1c9ee6d356deade858a3a877b8e97ab19c9',99,1,'OfferApp','[]',0,'2024-11-25 14:10:33','2024-11-25 14:10:33','2025-11-25 14:10:33'),('3db82e899d016df9a870c8a3a46a5130c2fa2b6982f8e40960b4cf881f43fca3759d32835a9bd88d',197,1,'munesh','[]',0,'2022-08-14 17:22:36','2022-08-14 17:22:36','2023-08-14 19:22:36'),('3e16a894418c3211160d406ec160180db80c1d6c705010943d67ca016078449c92b76e9c5955df02',161,1,'munesh','[]',0,'2022-08-06 12:43:43','2022-08-06 12:43:43','2023-08-06 14:43:43'),('3e343ef650760d6929c5167012edcf807509a1f24117b481eec753e0869b0b85ccac2516828c1c74',94,1,'munesh','[]',0,'2022-07-28 16:53:23','2022-07-28 16:53:23','2023-07-28 18:53:23'),('3e9fd6bc5cd97fcece21073e36584dadca4dbee631f8e10af63c2b352c6dfd3bc4420b4820f95848',43,1,'munesh','[]',0,'2023-05-23 06:26:50','2023-05-23 06:26:50','2024-05-22 23:26:50'),('3ec164debbf232e2cc18b6dc5f0e6e6a19edd125b441351211d5e9b097d277602553fe423d5747ee',94,1,'munesh','[]',0,'2022-07-28 16:53:41','2022-07-28 16:53:41','2023-07-28 18:53:41'),('3eedba646f3ed16cd71182bdcd0513e344cd075974c312c0cddb0f29eba56151ac901a4bc1e1cbc5',75,1,'munesh','[]',0,'2022-07-09 12:21:39','2022-07-09 12:21:39','2023-07-09 14:21:39'),('3efddcbb13096ca0735241d6073805a2a660f944b35b8fa9180f5dca610478be160abdf22883f9a5',9,1,'mazraa','[]',0,'2022-06-27 11:49:22','2022-06-27 11:49:22','2023-06-27 13:49:22'),('3f145275134e848d23db24f7fec02022e99564fa54cfec9b2ec40263ae6fbc89009b2f9fc4f8334d',57,1,'gshop','[]',0,'2023-08-10 22:41:59','2023-08-10 22:41:59','2024-08-10 15:41:59'),('3f3e22a61de2fd6a8376c79d93db33283492053334af99820ee026805efbb2e58e3b773dd03cec94',99,1,'OfferApp','[]',0,'2024-11-25 11:40:07','2024-11-25 11:40:07','2025-11-25 11:40:07'),('3f55624e5204a29daa7e91a15fd970a124e1bcf697cf9651459567f9ea6c6a168a5fae23d3039d0d',70,1,'munesh','[]',0,'2022-07-26 19:28:33','2022-07-26 19:28:33','2023-07-26 21:28:33'),('3f7c9e7c6a50595ccac89293a326bfdc63883bab5e09a8bd1d15654075cc579b7a2d376aebc31b53',133,1,'munesh','[]',0,'2022-07-31 18:02:47','2022-07-31 18:02:47','2023-07-31 20:02:47'),('3fa52401e8697b79ac4159d1e217afffa77a3e6055edceaf2a19de47c0e72f1677155c50d69198cd',215,1,'munesh','[]',0,'2022-08-17 13:23:52','2022-08-17 13:23:52','2023-08-17 15:23:52'),('3fa72dc3416fcd3fee35d124a3a22628c902fab5fc540f75f8c28f66b6b3fd85e03985f9d1c21e42',93,1,'OfferApp','[]',0,'2024-11-12 00:13:28','2024-11-12 00:13:28','2025-11-12 00:13:28'),('3fd655ed6bca7287e943112249c24f5782dd77cec0db0e1a08e6a544ad9550fbe29875858353464e',100,1,'gym','[]',0,'2024-11-25 15:52:59','2024-11-25 15:52:59','2025-11-25 15:52:59'),('402b45f9cbd83ffdfd4f619e96520cfeb5a1b804b80897b1c5d76158e3b55c606a7c5c24bfcf5d60',237,1,'munesh','[]',0,'2022-08-20 20:07:20','2022-08-20 20:07:20','2023-08-20 22:07:20'),('404d8f3530687facd00a8531bd08f779c56fcf619e1aa56db6965ca516e93b76942a89aff8d3df2b',93,1,'OfferApp','[]',0,'2024-11-24 00:12:22','2024-11-24 00:12:22','2025-11-24 00:12:22'),('40ca3561cdbd78005794895962bfc641fc86ce5e607e5d777e3e529ea939f9f5c39ecdfab7d0f4ea',89,1,'munesh','[]',0,'2022-07-28 15:02:16','2022-07-28 15:02:16','2023-07-28 17:02:16'),('417353de29224bbda18177229dc76d5c07f5bafe377c9101be1bc1d417006fdc253143c14d3b6fb5',49,1,'munesh','[]',0,'2023-08-14 18:21:04','2023-08-14 18:21:04','2024-08-14 11:21:04'),('4184501551efc8107765b53d38687f4e3a659099407735be724fd3bcf192c9c08ad1841286f7dee9',45,1,'munesh','[]',0,'2023-06-06 09:18:06','2023-06-06 09:18:06','2024-06-06 02:18:06'),('418be0981a90224d68c5a6fc27d57c0dd1e928f3ca1ed00b8625031469f3ca5e75cf39390c61c1aa',49,1,'munesh','[]',0,'2023-08-24 19:23:52','2023-08-24 19:23:52','2024-08-24 12:23:52'),('423d987173cf57a4cf61986a8eb9a517d24dd3c394784da96bd62dd2d6b38c3972c51a65006db9d4',37,1,'munesh','[]',0,'2023-05-17 14:10:32','2023-05-17 14:10:32','2024-05-17 17:10:32'),('424d2c2e689bfa17c3e197a47d1f9c7f9a7eadc8e6b2707a032b8d9e01be55b3a1fbfa1b8e6097ce',11,1,'munesh','[]',0,'2023-08-11 09:11:44','2023-08-11 09:11:44','2024-08-11 02:11:44'),('427fa8e11df6601d97ba739a92ab44790d7f04f3e571656988809498f5a07f9a4e14c5ba224a3481',217,1,'munesh','[]',0,'2022-08-17 19:44:32','2022-08-17 19:44:32','2023-08-17 21:44:32'),('42d4302947290721410d131a6195b46bba4dd44d1954f8cb94dde8f2b29772c2cc36b995601d9aa7',128,1,'munesh','[]',0,'2022-07-31 17:40:38','2022-07-31 17:40:38','2023-07-31 19:40:38'),('42d5026e1dd1c82f8778aa6540ab6f5edf24391a98aec353a3b3b2e9f43c383944c335cbe2b7e708',212,1,'munesh','[]',0,'2022-08-16 14:48:38','2022-08-16 14:48:38','2023-08-16 16:48:38'),('42da260ffe5ead091c19c6a57c782995e6215296d89ea9aa0f517951a6135bd0061372fb3bb0df02',11,1,'munesh','[]',0,'2023-08-11 07:38:31','2023-08-11 07:38:31','2024-08-11 00:38:31'),('435d7ede372993aa7fc22f21aebb14e81e15fbc6da28a15308f8dfff609bca2488ef93e712c52809',30,1,'gshop','[]',0,'2023-05-17 12:04:59','2023-05-17 12:04:59','2024-05-17 15:04:59'),('43953507dc164dd3817d4db2f8eb74256a70ddd6f29137d2d45accc64ff82ed9460f42b4c379368c',70,1,'munesh','[]',0,'2022-07-04 08:49:45','2022-07-04 08:49:45','2023-07-04 10:49:45'),('43acfdb412233696a99511916dcc49814cd3c3a2e7f1f24a73addbca8cfb06d4a38f0ca5d3f1c30c',70,1,'munesh','[]',0,'2022-07-07 14:28:13','2022-07-07 14:28:13','2023-07-07 16:28:13'),('43d728a2d2d7fe1d058eb459e091711d9138c88f6d7be08734e33dd56c34691e5fa24c5eee0d64e1',165,1,'munesh','[]',0,'2022-08-06 17:51:24','2022-08-06 17:51:24','2023-08-06 19:51:24'),('4420b5bdd7b93b10824ec90cef4c0655e106b81b21a1767606b8f6e076467171e4f4835990394b5a',11,1,'munesh','[]',0,'2023-06-05 04:56:10','2023-06-05 04:56:10','2024-06-04 21:56:10'),('445d31f7634ac4b9856a26eaac51d607ea63aa5dea9ceb47b0decbc3fb341bd81a21ad2b19dedb08',111,1,'munesh','[]',0,'2022-07-30 13:22:27','2022-07-30 13:22:27','2023-07-30 15:22:27'),('44c4d811fc7c5b75069f56f9334972ed9edc9bc354cf409bf61fd102f3f6a18de4673452215ad830',208,1,'munesh','[]',0,'2022-08-15 11:47:00','2022-08-15 11:47:00','2023-08-15 13:47:00'),('45078f65cc8dfaa3f5d4a911e3a57ba9d20ebf856e0e6eac281689ae0022155fe934fd4725e73439',245,1,'munesh','[]',0,'2022-08-21 00:11:48','2022-08-21 00:11:48','2023-08-21 02:11:48'),('455b8f43323f00e6ed707ed0f7a69c4fb5e31c0622eca8733d6e4b8acc1feac0acd14c7e60c11673',274,1,'munesh','[]',0,'2022-11-16 08:29:26','2022-11-16 08:29:26','2023-11-16 00:29:26'),('45622e59cbfec611a998adf67c1c9bebfb043c700c20200e2b5097d21d57470b1ab26f4a5f85f10d',47,1,'munesh','[]',0,'2023-06-15 00:49:01','2023-06-15 00:49:01','2024-06-14 17:49:01'),('456a2f6968d2b31db7aadeeea570b6bcb33e193dd65a010d2bcb3f8f8d9dc86cbbf99c37976435a4',179,1,'munesh','[]',0,'2022-08-12 00:11:15','2022-08-12 00:11:15','2023-08-12 02:11:15'),('45cb14ff83363c6b898dea864156367800afb415454139b1f02081ad3f083f310a22b0f7cf3833c5',100,1,'OfferApp','[]',0,'2024-11-25 17:59:11','2024-11-25 17:59:11','2025-11-25 17:59:11'),('45dfc301338c97ea78924e1808759a8f9224cd5cbda16327e50c9b8a9a8bd2a741510e00d8b34215',11,1,'mazraa','[]',0,'2022-06-23 08:04:21','2022-06-23 08:04:21','2023-06-23 10:04:21'),('460278bee974bd60967a5fcaab03f087f5c15467946c31aeb7934450b7c19804a2d8963bed023132',11,1,'gshop','[]',0,'2023-09-04 02:45:41','2023-09-04 02:45:41','2024-09-03 19:45:41'),('46634d946e88a4d51c5910e1928c8003a5392f03147505922ee99f4483a3a753c5c558df822e0024',113,1,'munesh','[]',0,'2022-07-30 14:44:57','2022-07-30 14:44:57','2023-07-30 16:44:57'),('46860fefc4f4f1acf9663838c6fa499e0f99792658eaf6249f6e4eca42808d3bdf9c6748f070a2ab',49,1,'munesh','[]',0,'2023-08-14 18:25:25','2023-08-14 18:25:25','2024-08-14 11:25:25'),('46d59017ecb7c5eadd6c317c78cb002c330191f3f308dc02f5fe04769c3db2ed8d75876bfc8fce32',199,1,'munesh','[]',0,'2022-08-14 19:12:28','2022-08-14 19:12:28','2023-08-14 21:12:28'),('46d5badf958012ba788572001582e905b09cad1642d1e30a40940c3a4fe631c823337a10e8868c74',100,1,'OfferApp','[]',0,'2024-12-12 12:43:55','2024-12-12 12:43:55','2025-12-12 12:43:55'),('46e322220cbab7c9ba80f03d0659b420b3d76e0a9f12ebe33e91395736d1504e622e6852f8be902d',97,1,'munesh','[]',0,'2022-07-28 16:58:59','2022-07-28 16:58:59','2023-07-28 18:58:59'),('4783214813c8e0d8dd977457f7f5275d0eeb1c2306b2b32033f67c2fded7d3174290cfddf630fc9f',102,1,'OfferApp','[]',0,'2024-11-25 18:14:05','2024-11-25 18:14:05','2025-11-25 18:14:05'),('4799365296a88fa738bfebe64b96f79b7815326d4efa5158aa9a2fb53d6d99ff2a490f97d83d2d3b',11,1,'mazraa','[]',0,'2022-06-23 08:04:29','2022-06-23 08:04:29','2023-06-23 10:04:29'),('47f9074c28a6a367ee91240843e2780b98a0c7ff525c0478dd922dc4f1a92d48976892a0e56bfadb',11,1,'munesh','[]',0,'2023-08-11 09:10:04','2023-08-11 09:10:04','2024-08-11 02:10:04'),('482457530860a3b143f1808bc67e3357e3962a73c78b8228321359ab1cdbe56a7b47a3cfc5359bd1',39,1,'gshop','[]',0,'2023-05-17 17:13:12','2023-05-17 17:13:12','2024-05-17 20:13:12'),('482cf3543743684755991308edb72d787fb7ce7bfcc27fd2b15ff1e7eabfd9f950743d3eba1b7d7f',242,1,'munesh','[]',0,'2022-08-20 23:40:57','2022-08-20 23:40:57','2023-08-21 01:40:57'),('4958584584d281882b2b63a14f73af39d421857dc7d9fadc6d4b221d4da93e884b6419d7d5b53546',24,1,'mazraa','[]',0,'2022-06-23 08:27:07','2022-06-23 08:27:07','2023-06-23 10:27:07'),('49711a277e555b1ba4e53f099ea737ebf751d256a2553eb14b7b30bab1481bef9d7a91f06feb39e4',234,1,'munesh','[]',0,'2022-08-20 17:25:12','2022-08-20 17:25:12','2023-08-20 19:25:12'),('49938f76b16d984df7d5b06ac3b8a0bbd4ce6b3d2d099a46d71cf0c79fc619436ab34cb5398625e4',3,1,'mazraa','[]',0,'2022-06-23 06:47:52','2022-06-23 06:47:52','2023-06-23 08:47:52'),('49a0a42b7272e004d6557161bb11e096cc1c34ff286559157e12acd899f5630d4f923acc812e7905',57,1,'munesh','[]',0,'2023-08-24 01:18:14','2023-08-24 01:18:14','2024-08-23 18:18:14'),('49d8b34dccf817fde4562f6fbff5525ec8a8bfcf05f4268afb32a4080ed9e33759280310a912ad2e',27,1,'munesh','[]',0,'2023-05-13 17:24:55','2023-05-13 17:24:55','2024-05-13 20:24:55'),('4a08852543775fb9b9f63ccf8b22664e5fc971c580334057fb1e20b08d11be66ec1a2ff7301f01d3',100,1,'OfferApp','[]',0,'2024-11-25 17:56:38','2024-11-25 17:56:38','2025-11-25 17:56:38'),('4a3dba875702faabf02ed326767f6e16b9a3ff1b3c8afaf572da597ef678e3c49c11bf560940db1e',70,1,'munesh','[]',0,'2022-07-04 09:59:55','2022-07-04 09:59:55','2023-07-04 11:59:55'),('4a4e0ac54c213454ded0ef8229aba3ea9f3ed54bcdccb9650f89ca2ee40e14df79791a5bc13d5556',239,1,'munesh','[]',0,'2022-08-20 20:08:19','2022-08-20 20:08:19','2023-08-20 22:08:19'),('4a63eec39fe1bed161c4416046b18798967ef1fffe78f9332e66e1846bcef802562e2f7ae0dac8b9',142,1,'Aqar','[]',0,'2025-06-15 17:01:24','2025-06-15 17:01:24','2026-06-15 17:01:24'),('4a9df33ccdb6e998778bcde265bcccf2cb849aaddaf8cd50147158d74b18937c2874e04c879d4e27',134,1,'Aqar','[]',0,'2025-02-09 15:53:37','2025-02-09 15:53:37','2026-02-09 15:53:37'),('4b7191990f2be503fe94b1d9892a36f1bfa80162ae8ddfb818343139177ea08529658075a4081e74',134,1,'Aqar','[]',0,'2025-02-09 15:53:50','2025-02-09 15:53:50','2026-02-09 15:53:50'),('4b7cfb500d0bccc4f03e1717b6787f811e21cba60016c975ee2c33877158cfa3e93436628bb687a3',100,1,'OfferApp','[]',0,'2024-12-08 00:30:57','2024-12-08 00:30:57','2025-12-08 00:30:57'),('4b833d656d678161bf22b3adca571a4767693b601894401c6370643cbfd691c3f7907761c50a9255',79,1,'munesh','[]',0,'2022-07-16 15:52:07','2022-07-16 15:52:07','2023-07-16 17:52:07'),('4b86b35448c8a0cb8cbf924a0f69588a325bc142a191245dbd2b367679d650b93f356df0cae325f7',82,1,'munesh','[]',0,'2022-07-18 01:48:27','2022-07-18 01:48:27','2023-07-18 03:48:27'),('4bad9bd87fc3f924f7cc5c9b458c668475beab79d7a3aeb9b1db71f3d1bae21adcd8d54da4bf19e4',204,1,'munesh','[]',0,'2022-08-14 19:29:12','2022-08-14 19:29:12','2023-08-14 21:29:12'),('4c3c692184985b1dad28d11c6ef7409484bdf766462cd3164e83035f3f687919d39b2f104cd8c25c',101,1,'munesh','[]',0,'2022-07-28 17:06:14','2022-07-28 17:06:14','2023-07-28 19:06:14'),('4c942ca0c1b34267e2705bbd6767dccd6f79013bcd74ff224f28209c73ffaf038de2e28e93341a72',100,1,'OfferApp','[]',0,'2024-11-25 16:25:22','2024-11-25 16:25:22','2025-11-25 16:25:22'),('4c9dda660bf1e8a269f1f28f74c141dbffa1eee50768fdfe2ca12f24a78bcefabb1ce7595182b02b',103,1,'OfferApp','[]',0,'2024-12-04 16:05:18','2024-12-04 16:05:18','2025-12-04 16:05:18'),('4cc12d4b2050d6925d77fa245da09a8936c044d5f17ce212bfae334f05a5d59954f8b8f2619a29c0',57,1,'munesh','[]',0,'2023-08-24 01:18:13','2023-08-24 01:18:13','2024-08-23 18:18:13'),('4d845158b7df222e550ca9e59d3030f6521a8566258320e379bc7bf743945a211cd16c1a3cc6a0c4',75,1,'munesh','[]',0,'2022-07-04 14:03:21','2022-07-04 14:03:21','2023-07-04 16:03:21'),('4de1d333f59ed2599b7e2576a4fab069b739775c2e5fadd550fdc7cd3fd16e6d55e8d350e5444cbe',289,1,'munesh','[]',0,'2023-01-28 01:01:09','2023-01-28 01:01:09','2024-01-27 17:01:09'),('4e1e0a2138fc8892cd26e137dbe37d6369d08d30ef3d29a4daac05747f301a02cb5d3495b4e0db97',170,1,'munesh','[]',0,'2022-08-07 14:38:15','2022-08-07 14:38:15','2023-08-07 16:38:15'),('4e4cf7291ecbbdcee9515fa91b5f14d936c4ab9c98e8e6a2b56025176f6388910b13e95126100592',156,1,'munesh','[]',0,'2022-08-06 11:58:40','2022-08-06 11:58:40','2023-08-06 13:58:40'),('4e62013c75d739bb557bb016a5033c13d916581e814fe29c8518d8596b3294f9dec27f1ff2418bb6',103,1,'OfferApp','[]',0,'2024-12-12 15:28:05','2024-12-12 15:28:05','2025-12-12 15:28:05'),('4e96ba5e58fb12d27d0f301e924a0c1b98277e04fc45a6ede6944348fc1a73fe329cfa1887673cf4',177,1,'munesh','[]',0,'2022-08-11 22:43:43','2022-08-11 22:43:43','2023-08-12 00:43:43'),('4f1c268b14f4fafad9a753bb0806b21648a2c417c82ef9b39e99008517d033bd7281d1e7c5480627',33,1,'munesh','[]',0,'2023-05-17 12:41:46','2023-05-17 12:41:46','2024-05-17 15:41:46'),('4f31a53ebdaaeea1c0d6528653b96359cdfdcff5abf9bb14aab229fda2603513f8e957de466d7819',11,1,'gshop','[]',0,'2023-08-10 22:08:15','2023-08-10 22:08:15','2024-08-10 15:08:15'),('4f4e19303148c184bc24daa7a238f9558b5b68775208e38ebed6dd3d7b71ebf38cdd2c4f5af5c829',289,1,'munesh','[]',0,'2023-01-28 01:01:10','2023-01-28 01:01:10','2024-01-27 17:01:10'),('4f5667e26ed22bbb061afa4603baeb2fcfa3eb34786db49588536d72acf8b34c94bd2843a8ad1630',39,1,'munesh','[]',0,'2023-05-24 06:40:10','2023-05-24 06:40:10','2024-05-23 23:40:10'),('4fd6bbc8ebde3fd20690bb5286786c97559edcb0140cbeece22a61225bb04d75c17c8745400f6d82',161,1,'munesh','[]',0,'2022-08-06 12:43:55','2022-08-06 12:43:55','2023-08-06 14:43:55'),('4ff64539796287d0068ac9cd9b129ef9320133fb18ee47287077978473834017d8987678a0d2edb1',171,1,'munesh','[]',0,'2022-08-07 16:42:40','2022-08-07 16:42:40','2023-08-07 18:42:40'),('503cfb898a3d6412a0ff0c7bb0546bc3be0d0e77872dfa8bb253f10bab5b06598eef911480edb2a1',70,1,'munesh','[]',0,'2022-07-15 12:19:22','2022-07-15 12:19:22','2023-07-15 14:19:22'),('5067834fa378e0a54e50270d5077dfca2e36c488e054a68b3f982d8604dcbce121afb32e14faf359',154,1,'munesh','[]',0,'2022-08-06 11:31:32','2022-08-06 11:31:32','2023-08-06 13:31:32'),('50c236f36b9fd1ce6316fa0ca2309d70278c4538fead17e0111c05f490f01401f478370a7fe85935',48,1,'gshop','[]',0,'2023-06-06 09:19:30','2023-06-06 09:19:30','2024-06-06 02:19:30'),('50dc643c15526b613a72c9a5386b4888f413e9be1f78a06a8a7add390c0d0b4f4f0f7a8dd2733063',43,1,'mazraa','[]',0,'2022-06-23 09:30:46','2022-06-23 09:30:46','2023-06-23 11:30:46'),('50e1a7cc78a99d561ad9cbfdccf757ff99cf6ac93b69d599de7b8813a587eabc22f8a66a64a4a33a',198,1,'munesh','[]',0,'2022-08-14 18:44:03','2022-08-14 18:44:03','2023-08-14 20:44:03'),('50fa9043213b116b8ceecb01a961f29a157fd496c67247dd6b1c2588a6b8372b5817739a78ba7798',70,1,'munesh','[]',0,'2022-07-30 07:41:00','2022-07-30 07:41:00','2023-07-30 09:41:00'),('51302ac1ed3742c5da49a433bd957e9ef116e2d4bd96003d58f81515e2a5dcc9a460494424360b8f',194,1,'munesh','[]',0,'2022-08-14 14:26:38','2022-08-14 14:26:38','2023-08-14 16:26:38'),('513b12c075439fdf6be0f39215cf7323d2a5c4dbf8911da9478517660f0d24b78c7982d8e0345e23',3,1,'mazraa','[]',0,'2022-06-23 08:34:33','2022-06-23 08:34:33','2023-06-23 10:34:33'),('517346039276f3ac1c7333be480284769147f1b9d55cc18ccb2b7a9e748d16347ca2ba0844adc138',11,1,'munesh','[]',0,'2023-08-11 09:33:11','2023-08-11 09:33:11','2024-08-11 02:33:11'),('51a40bfd2f6844a3face719551f30160c38c31b7a6fc0967b20119f277ea980e4278226d643b5cd0',102,1,'OfferApp','[]',0,'2024-11-25 22:23:15','2024-11-25 22:23:15','2025-11-25 22:23:15'),('5209d24a60f0e410996cde9f2c5637d2e0d8c460048a6df411f85c9a42e3b8f38356484216b413a0',26,1,'munesh','[]',0,'2023-05-12 12:34:22','2023-05-12 12:34:22','2024-05-12 15:34:22'),('520b4ef91a742333deadd6f68675935a8fe61a942ba8ec0644d4904b9a0eac158c21cbfbbbf51a95',57,1,'munesh','[]',0,'2023-08-12 00:01:03','2023-08-12 00:01:03','2024-08-11 17:01:03'),('533e53cca13254efc2baf028f8b467fa85cae06da5666fa828364ef34a037f94035a3c30e7428d09',206,1,'munesh','[]',0,'2022-08-15 11:41:44','2022-08-15 11:41:44','2023-08-15 13:41:44'),('53530ba2d717001fc4b038fec6eb49f1b8452011e72c549a8f2c6a2b0a4fbdc887de07c327bd7bcc',57,1,'munesh','[]',0,'2023-08-24 01:07:27','2023-08-24 01:07:27','2024-08-23 18:07:27'),('536309562f1b436529b2df6681b9f5c5b4d196946d8ab8fd33d75a59af9f7b9b9239a74c76479fe1',90,1,'OfferApp','[]',0,'2024-12-14 13:08:11','2024-12-14 13:08:11','2025-12-14 13:08:11'),('53806aad436b8decf1e31140c67bcc145ebfb8e2c6b034b12fcfb71896930953a2c085029ce92bd5',100,1,'OfferApp','[]',0,'2024-11-25 18:12:55','2024-11-25 18:12:55','2025-11-25 18:12:55'),('541e83c2fb52c01bc05785e5b3538913aafde5fec2ff8ffa5f4538169052fde76a2f7daf72902fa9',57,1,'munesh','[]',0,'2023-09-04 17:25:15','2023-09-04 17:25:15','2024-09-04 10:25:15'),('54adc381ffe5013dbeffb0c309c875f34abf032475e1e12c1dce69b62dd0a1951d0125bcdf36ecf0',12,1,'mazraa','[]',0,'2022-06-23 08:11:05','2022-06-23 08:11:05','2023-06-23 10:11:05'),('54d2072a239ff79d57ee5d690d775f117114261d3e21104a989a3317909d82c3f1bcc1de607a8d8f',101,1,'OfferApp','[]',0,'2024-11-25 18:09:32','2024-11-25 18:09:32','2025-11-25 18:09:32'),('55069bd10ef26d3093cf3a33f616239e34f0e38ecb2f99e0be6311e755a867ba35894f304fe486bc',42,1,'munesh','[]',0,'2023-05-23 06:26:02','2023-05-23 06:26:02','2024-05-22 23:26:02'),('5532ad7f968e180586da9306030d90bb652dbd0f28402ff0ec8fd3e39400bfbac320924e78644158',11,1,'munesh','[]',0,'2023-08-11 07:31:25','2023-08-11 07:31:25','2024-08-11 00:31:25'),('555937fb8f683389a281da98fa9330a3e62f45ed4c350bcc0346bdd13a7d1057ac2161ab550c8340',30,1,'munesh','[]',0,'2023-05-17 12:05:08','2023-05-17 12:05:08','2024-05-17 15:05:08'),('55e0df6512743363ffb122e4e963a9db8183416ff1033baf6ab72776f2a9948d54c6e16d18be0609',141,1,'Aqar','[]',0,'2025-06-15 11:33:20','2025-06-15 11:33:20','2026-06-15 11:33:20'),('56b92a64be99a0ea42fd6ae3d52d0a02ba861ef7068c628556151df37b25db5906cbde8ac15d4ada',275,1,'munesh','[]',0,'2022-11-18 02:18:46','2022-11-18 02:18:46','2023-11-17 18:18:46'),('56bd3b735b257625c387da90567e075acd3477f9ec32e2bc2f37274f6a45812a6024c212fcda7fb9',64,1,'gshop','[]',0,'2023-08-07 19:51:09','2023-08-07 19:51:09','2024-08-07 12:51:09'),('5706db34ec6f0376f6309819180dd23fc3d86316ff1cbd3336426fc1701951c1bc21b63815136d0a',136,1,'Aqar','[]',0,'2025-02-09 16:03:41','2025-02-09 16:03:41','2026-02-09 16:03:41'),('57390da0818a0cad1ce8f54f93e0b7c12478f057de274c32ba1b44d91f3d08e092d258bbba00ff25',244,1,'munesh','[]',0,'2022-08-20 23:41:37','2022-08-20 23:41:37','2023-08-21 01:41:37'),('577d46561ad80a05a2156ea537f86bc41689e4d361c5631d221a457332e5ef253b1b0249f5bbae5d',276,1,'munesh','[]',0,'2022-11-18 10:03:04','2022-11-18 10:03:04','2023-11-18 02:03:04'),('578aedf0799240940a3e518cec04e070caffaf04da2bd0d3a54942de55900fc7b65c02e5b57d1eaf',30,1,'munesh','[]',0,'2023-05-17 12:05:09','2023-05-17 12:05:09','2024-05-17 15:05:09'),('57935b9cdc439aa48260f820226b1814a8c672ca55932562b6e46f1ae875062b5dd1d9706fa9e568',100,1,'OfferApp','[]',0,'2024-11-25 16:31:24','2024-11-25 16:31:24','2025-11-25 16:31:24'),('57b57da76f7292b4e47e005f343d493168119a0c3fba0e3d655877bfcc7dc2af35983fd0b9836cc8',11,1,'gshop','[]',0,'2023-06-08 02:29:30','2023-06-08 02:29:30','2024-06-07 19:29:30'),('5857ffaa05cbf1f3656cd383f909c9e3037c202c480035bc84d7791e27cd354b4e387f4d6e353c56',100,1,'OfferApp','[]',0,'2024-11-25 17:45:03','2024-11-25 17:45:03','2025-11-25 17:45:03'),('586e104c4105423e7025563f0ea32ed3b5b6566aee0c23e16dd8a6436867696b3b38af4b2e3c646b',106,1,'munesh','[]',0,'2022-07-28 17:34:01','2022-07-28 17:34:01','2023-07-28 19:34:01'),('587764ca743b9997cce4c567e6e90e8c786eab4b09b36800a07741dfee0910b68babefb26a4e3329',11,1,'gshop','[]',0,'2023-09-05 09:09:36','2023-09-05 09:09:36','2024-09-05 02:09:36'),('58d81f91a71c66a6e129f7f4291d0ebd641ffe0331923634e09d1ebd5d95e0a5f183be3f16b9979e',11,1,'gshop','[]',0,'2023-05-08 20:19:44','2023-05-08 20:19:44','2024-05-08 23:19:44'),('59601f6d10871672404c2a5395d0afc2dea54209c11b8715113db4e69449e0a6b44a34f32cd3f377',228,1,'munesh','[]',0,'2022-08-19 23:14:52','2022-08-19 23:14:52','2023-08-20 01:14:52'),('597348dcee0264f10be1f60a719501f708837698ba3ed8515c5a4f3a24d53e4da87412bd6920ed28',108,1,'OfferApp','[]',0,'2024-12-05 13:29:25','2024-12-05 13:29:25','2025-12-05 13:29:25'),('598b629e42ca1c6e8ae0e80731ad4c0bafca524679024857962dbe7eb506e8ffa8b125e93fdc37c4',186,1,'munesh','[]',0,'2022-08-13 00:28:18','2022-08-13 00:28:18','2023-08-13 02:28:18'),('598ee84b2115ddd7f2983fb8d49adf4c10f7cdeb0a26425e326c9272a2a0f45e137a501040089fac',70,1,'munesh','[]',0,'2022-07-05 14:09:16','2022-07-05 14:09:16','2023-07-05 16:09:16'),('59aede81e4c2ab9e8e10526c9982b08b6838ba82a2b28a52f8c77f20eb5e610ecfc28055a242f67a',281,1,'munesh','[]',0,'2022-11-30 07:22:05','2022-11-30 07:22:05','2023-11-29 23:22:05'),('59c47f328c6d986943a5b6befcd085100d10e4d035df79c557c20fe2acf1073992fa4455d0657f24',11,1,'munesh','[]',0,'2023-05-28 20:38:00','2023-05-28 20:38:00','2024-05-28 13:38:00'),('59ccdd821f524dd0065579784cc92330e3fcbc0074c78d9e5d575b59df95681de4e291e56c4aa5c9',284,1,'munesh','[]',0,'2023-01-28 00:54:39','2023-01-28 00:54:39','2024-01-27 16:54:39'),('59dcfb17eed716b51be6385632ab46fdee12319706b70edeb81272ee0a9375b44b112f1bf0d34ec9',39,1,'munesh','[]',0,'2023-06-01 01:43:45','2023-06-01 01:43:45','2024-05-31 18:43:45'),('59e78d1b196d7c5ff7079bc6d7be0539bab3941d0a70b95c1deb987b55d63288e4186decc716cf81',218,1,'munesh','[]',0,'2022-08-17 19:46:10','2022-08-17 19:46:10','2023-08-17 21:46:10'),('5a34e684260165973665fc52e8bfd9b00a50511e061b420eb5bf4a18a331f83182ee71dad9d6a7c7',109,1,'gym','[]',0,'2024-12-05 13:37:28','2024-12-05 13:37:28','2025-12-05 13:37:28'),('5a605cd2fb7f38e6c5a9dc2de5351b6b23ebea35aa2b2d51716a2dbe23ff2c901654e6c5a3aed31c',103,1,'OfferApp','[]',0,'2024-12-15 11:03:02','2024-12-15 11:03:02','2025-12-15 11:03:02'),('5a754051f1e92c1910aae79f9434da882be73b642c49eee9d2219878c39bcc4f157d3dbb8d30d5d5',43,1,'mazraa','[]',0,'2022-06-23 09:31:26','2022-06-23 09:31:26','2023-06-23 11:31:26'),('5a926e0b270028f53e466b59e2a46c3828f3d244bf21691c5832c1a3b549854d4de9962fd6c0581e',49,1,'munesh','[]',0,'2023-08-14 18:22:35','2023-08-14 18:22:35','2024-08-14 11:22:35'),('5a96358b0025bdc780fbab78f910cb2d042a60073a8c72ff424ba47fd23b84ce3882581763f9db16',141,1,'munesh','[]',0,'2022-08-04 09:16:08','2022-08-04 09:16:08','2023-08-04 11:16:08'),('5ac68e3ac3e2fb9cf366f441ca48886b2c1cc1ea481308d4c12752487006c573a68c287f75560134',61,1,'mazraa','[]',0,'2022-06-28 09:59:48','2022-06-28 09:59:48','2023-06-28 11:59:48'),('5ad092235d70d4fc5994b8456ca4880cb294158ee8161b9a1f8f776e94d96b62ffc553c4fdd3fef2',268,1,'munesh','[]',0,'2022-09-26 23:41:49','2022-09-26 23:41:49','2023-09-26 16:41:49'),('5ae48ba5e8645393c2169e5a7f5f13433d24f475a8a31595775e49fd2305dc421f0eafc53c970155',57,1,'munesh','[]',0,'2023-06-22 02:53:47','2023-06-22 02:53:47','2024-06-21 19:53:47'),('5aff02b72474ed5379ab195999eb1297a31fb1670b274754b16639905363cc23cc591a35b7932166',203,1,'munesh','[]',0,'2022-08-14 19:26:13','2022-08-14 19:26:13','2023-08-14 21:26:13'),('5b05956ac0edf97d53014f3f7de24d267ed7b330e0a9092c7add9389bfd524747e7872fc713fa9f3',47,1,'gshop','[]',0,'2023-06-21 10:55:10','2023-06-21 10:55:10','2024-06-21 03:55:10'),('5b0c92eb2fc824cab71b096c5cc520f041a7a967852cad82cce655773b8f72dcff9e5d19b5d54d0d',40,1,'munesh','[]',0,'2023-05-23 06:18:30','2023-05-23 06:18:30','2024-05-22 23:18:30'),('5b1ae8cad2db2c52268bb2ed82296a5ad66832f0dbac6a3c6638b19fb40a8ae928a97f9143685533',82,1,'munesh','[]',0,'2022-07-18 01:48:23','2022-07-18 01:48:23','2023-07-18 03:48:23'),('5b2d46527b176a8388535775d97a50f3e88088012276d6e841c1a0e99ba5c7443ee640c825dd1350',39,1,'munesh','[]',0,'2023-05-24 06:40:07','2023-05-24 06:40:07','2024-05-23 23:40:07'),('5b52a4b229bb48d15fc782691ab29e8fff6b7b710bee873c0d71777f5a3751eb17e4e3dd06546f3b',67,1,'munesh','[]',0,'2022-07-04 08:12:42','2022-07-04 08:12:42','2023-07-04 10:12:42'),('5b5dff448760e1904bfc00e75cc8528bc071aa30078056f936b1b910e952bdc382e50b5a5f75f3d7',213,1,'munesh','[]',0,'2022-08-16 16:24:50','2022-08-16 16:24:50','2023-08-16 18:24:50'),('5b8f46452dcab364ca18892ca58417d4a800059f486308f9ec43bfc03164408863b5df3c385a8c63',49,1,'munesh','[]',0,'2023-06-10 17:57:35','2023-06-10 17:57:35','2024-06-10 10:57:35'),('5bbea7a466900aef67714b908e32c75bb657f50da92370bb3d966e07179a380cacdbe1969ba93531',70,1,'munesh','[]',0,'2022-07-24 10:23:47','2022-07-24 10:23:47','2023-07-24 12:23:47'),('5c6608fc943e7b816bd246a9e3243910668210d349e9839d5423fb3d2c9d97e55be63e1f0d09734b',228,1,'munesh','[]',0,'2022-08-19 23:15:44','2022-08-19 23:15:44','2023-08-20 01:15:44'),('5c7355dd11c8aac12cd180feba02529208d40cba953fe033d669e0d85aef409458d3d066afaeffd0',60,1,'mazraa','[]',0,'2022-06-27 08:37:33','2022-06-27 08:37:33','2023-06-27 10:37:33'),('5cae072a18d7cbd0eec323cb37ea8bc9fd43fb4eaa063161cad7d960229faabfceddcdadc557780c',11,1,'munesh','[]',0,'2023-05-28 20:40:36','2023-05-28 20:40:36','2024-05-28 13:40:36'),('5cbd296e609f7077ea9e5a1923266839bbc709e4f4672ec493bbf3ac96840d2c0993b49fc08bdd30',182,1,'munesh','[]',0,'2022-08-12 08:22:16','2022-08-12 08:22:16','2023-08-12 10:22:16'),('5d01a5718ce062e42f890daba0c9c8d3b1568735c7ef32f6d135920f7d36437cd6eef1ede06402a3',20,1,'gshop','[]',0,'2023-05-08 21:08:25','2023-05-08 21:08:25','2024-05-09 00:08:25'),('5d033acf30f1ad7f0ac30bc4030ed661eb051246ec5d8647cb6fa1a311fe2ed39cdcb05cbe38b204',262,1,'munesh','[]',0,'2022-09-03 05:41:24','2022-09-03 05:41:24','2023-09-02 22:41:24'),('5d8c24fc48a7f4071d5ea29fd37d52b74bcf65aea3e8f3b5e2395d4e0c157d9846e3e745e5e42729',277,1,'munesh','[]',0,'2022-11-18 10:03:38','2022-11-18 10:03:38','2023-11-18 02:03:38'),('5d9d4a83f875adc5e562e5a7bdbdc80137033e882ebfd2606cbe394190fd852fc79ce138a9aca12e',119,1,'munesh','[]',0,'2022-07-31 08:44:57','2022-07-31 08:44:57','2023-07-31 10:44:57'),('5dcf2c5f91341a34d04fb93d5e6fd461edccf2e5bbfa357ba964f0650bef6777a45bb9b5387a23a2',75,1,'munesh','[]',0,'2022-07-10 00:49:44','2022-07-10 00:49:44','2023-07-10 02:49:44'),('5e1e315964774b12512b0c3e69d8c637dcc867f48b74814bf27de71eeece9ab9a4ff07dc5c7ec3e2',70,1,'munesh','[]',0,'2022-07-30 12:25:15','2022-07-30 12:25:15','2023-07-30 14:25:15'),('5e7f98b9a34290c5357ee224b70d89284fd2cf27a427f5b28e8acd7aa7d3b6dd07d3c5dcbd5c6c03',33,1,'gshop','[]',0,'2023-05-17 12:38:59','2023-05-17 12:38:59','2024-05-17 15:38:59'),('5ef174ced91cdba697ae27b69acb92f4ec32d320a40bb17e248cc643ad00598658477eef1ddb5a1d',107,1,'munesh','[]',0,'2022-07-30 12:25:10','2022-07-30 12:25:10','2023-07-30 14:25:10'),('5f03cdc62bc0d6c65816ce489dd8ffced41f18e42e08a391ec33b27b5402e4e7454cd3e73e152a5a',49,1,'gshop','[]',0,'2023-09-03 22:25:19','2023-09-03 22:25:19','2024-09-03 15:25:19'),('5f22df5b17f26d9043001436d17abdaba453ef71bcbbab9edba7b45dc0eb0bd49f367105ffdc9e91',49,1,'munesh','[]',0,'2023-08-14 18:22:39','2023-08-14 18:22:39','2024-08-14 11:22:39'),('5f4755c142a08d72e28ef130e79d46fae509d373d99dadced0ff814858b4308e3630241c1a8bb7d6',103,1,'OfferApp','[]',0,'2024-12-05 11:44:51','2024-12-05 11:44:51','2025-12-05 11:44:51'),('5f677a1a83acc9a234fb5e9b25202aa37e9c47d5819630e4ad6fbbc59f12356b52c2f2df85ca7af0',11,1,'munesh','[]',0,'2023-08-11 06:45:30','2023-08-11 06:45:30','2024-08-10 23:45:30'),('5fe3c2696d187b63ba6bf0c0ee5f819dec2eeaf1aa2fdc3565cf685a2cbb78688e414fd09a50ed6e',129,1,'munesh','[]',0,'2022-07-31 17:42:10','2022-07-31 17:42:10','2023-07-31 19:42:10'),('6024434360f1900fe22e8dbb43a75b026b28a48595a51912a330e635542e9b32dec66d899a5b9153',49,1,'munesh','[]',0,'2023-08-14 18:22:37','2023-08-14 18:22:37','2024-08-14 11:22:37'),('60420059b294e6aee6c109d5dbb9c0e74cdb038d3e699b8ca5df2804d513e13e2774fe8558ca37ae',264,1,'munesh','[]',0,'2022-09-03 11:23:51','2022-09-03 11:23:51','2023-09-03 04:23:51'),('6097d91ed9ed3ed2d048293d3879af53271faea7a9a212b1cb5a95af0d83a03ba442828ff1bf6b52',290,1,'munesh','[]',0,'2023-02-12 05:10:09','2023-02-12 05:10:09','2024-02-11 21:10:09'),('60b4bae8bbff3a0a0fa5bdafce633bd051a7246f70d4edc1b1f11f46ff13bb0cef62ead6e4b67bf4',139,1,'munesh','[]',0,'2022-08-02 15:51:13','2022-08-02 15:51:13','2023-08-02 17:51:13'),('60d77ec860cebad0a0028f02b12cbd9f43dbf797a3c15ee5bf50ea330c1c25ea479939a2f9d6bc89',98,1,'gym','[]',0,'2024-11-25 10:59:30','2024-11-25 10:59:30','2025-11-25 10:59:30'),('60f8682df60fac83c99c32452f8b07fa2533714bd410d5b2e7c799032f6e43c5f90a4167447d1baf',266,1,'munesh','[]',0,'2022-09-15 20:40:41','2022-09-15 20:40:41','2023-09-15 13:40:41'),('61041902e84243c10f43618cd57a270c20903e2b43e153a5b53330ebcd4c1ea3fa7e3e4229893c43',103,1,'OfferApp','[]',0,'2024-12-03 16:28:48','2024-12-03 16:28:48','2025-12-03 16:28:48'),('612a8e4982a2c69e11eec05cce854938cd40d4cdfd2ff3bb00478a0262df456c5ffdf7670ba9d4b1',205,1,'munesh','[]',0,'2022-08-15 11:38:20','2022-08-15 11:38:20','2023-08-15 13:38:20'),('61730597520a7c8cbf62faa4953c5fd72a5a3d938824083d75549c9dfe4f7d3fbd31d24717c39489',3,1,'mazraa','[]',0,'2022-06-23 07:39:54','2022-06-23 07:39:54','2023-06-23 09:39:54'),('620b1882e187621ce2aa80e128b49daa36de7e97b98c0f6eab0524fd13bf2d3734ce0698e2b5a7be',46,1,'mazraa','[]',0,'2022-06-23 09:57:14','2022-06-23 09:57:14','2023-06-23 11:57:14'),('62159fca6ad3da358d9c5bba3dd938727a33ee242174412c5d4b8d9aea6d2b84941fbe48012f6603',100,1,'OfferApp','[]',0,'2024-11-25 16:28:51','2024-11-25 16:28:51','2025-11-25 16:28:51'),('621af006ef52fc6166026ddef0650c328c005fe96c471f6a412eed993c9f58df22287df217d6fd6e',66,1,'gshop','[]',0,'2023-08-07 19:15:08','2023-08-07 19:15:08','2024-08-07 12:15:08'),('6229c3bc858c941ff6040291190168e12717681ea599c1537da70e20e7733fa8688cbf7b2f67023a',6,1,'mazraa','[]',0,'2022-06-22 10:14:57','2022-06-22 10:14:57','2023-06-22 12:14:57'),('623839afc1275c7fe79a1e505bdc39c892526e253d1a216d35f532c0011102085d43c8cccd5fe837',57,1,'munesh','[]',0,'2023-08-24 01:07:26','2023-08-24 01:07:26','2024-08-23 18:07:26'),('623da5dee8aebd848f39b63c5668e9d3a9d305e95fad019dbd38cf96b5c7d297e7f5c023fe4573e8',103,1,'OfferApp','[]',0,'2024-12-05 11:52:35','2024-12-05 11:52:35','2025-12-05 11:52:35'),('624820ad0da2f0045cb0ab9167b69d8496a68e53dbfc555adf6b08c38347ec603fd20203afe525a7',11,1,'munesh','[]',0,'2023-08-11 09:06:30','2023-08-11 09:06:30','2024-08-11 02:06:30'),('626190989923410c95dbadb9d93de8f5fcdd4feeae5726452b9550f52690788773f293d0d74f07eb',226,1,'munesh','[]',0,'2022-08-19 18:20:36','2022-08-19 18:20:36','2023-08-19 20:20:36'),('62ad38c5ebb97384a5f5964826ee4fda9664e608bec01ce1ec5b62c14bffa586ef627d5a1a874eb2',65,1,'gshop','[]',0,'2023-08-07 19:10:31','2023-08-07 19:10:31','2024-08-07 12:10:31'),('62f44fad0bc460296fee4e18a53ac6b31710baabdfb5c5a683dadf4744b0e278660e6c187bb5694f',75,1,'munesh','[]',0,'2022-07-11 13:51:53','2022-07-11 13:51:53','2023-07-11 15:51:53'),('62fad415f9d41597e55b751522a83e2ee8271d41f31b98b52d4d3e40d3f4449ea56dfd9208111ec4',11,1,'mazraa','[]',0,'2022-06-23 07:59:13','2022-06-23 07:59:13','2023-06-23 09:59:13'),('62fb0bd7b7daf58cd07b54929954968f898c0ad3a75ff209629280d3ec6e6f859dddbaf4379a9d51',162,1,'munesh','[]',0,'2022-08-06 17:14:34','2022-08-06 17:14:34','2023-08-06 19:14:34'),('634257169214a9ee3e618c7108217cd5f1b3227fcc4b04e6e7ba9ab8c6b080c2ddcc570b2dcc432c',11,1,'mazraa','[]',0,'2022-06-23 08:03:43','2022-06-23 08:03:43','2023-06-23 10:03:43'),('63cc31d51bec1ef41f2be5b6c3c5fd87d8b7037fb176032812188bc4adee496d7b20745f5aabc9e8',103,1,'OfferApp','[]',0,'2024-12-12 15:35:46','2024-12-12 15:35:46','2025-12-12 15:35:46'),('63f2fbc066f0724088a94c757900be3bdecea6d6a1f93e0c1efbf915c4a0829677bf8ff90e2500ae',280,1,'munesh','[]',0,'2022-11-26 05:49:42','2022-11-26 05:49:42','2023-11-25 21:49:42'),('6409cccb190de54f36014190ce64f7c27fba3f0e6c336345c95876b1f65aab1c47fc096f5c228714',84,1,'munesh','[]',0,'2022-07-22 13:09:19','2022-07-22 13:09:19','2023-07-22 15:09:19'),('6430bd1bce32be86a87cb055a21b5a32dfe46f2bdac0b336d6a6cf919310f34b4c40b460fb2c6fa1',41,1,'mazraa','[]',0,'2022-06-23 09:17:00','2022-06-23 09:17:00','2023-06-23 11:17:00'),('646bbf0f50bdd36cf6e0e2e72ec78c3a3e9348ef71d9fe7453adbe872700b7a1cd0a57e9f76627dc',102,1,'OfferApp','[]',0,'2024-12-14 12:59:37','2024-12-14 12:59:37','2025-12-14 12:59:37'),('6488a8ac4b49d2f0118a23fe6a3ada52322a657b0ef6a47972a9cd104bbf953bbcca120678e9687a',100,1,'OfferApp','[]',0,'2024-12-14 13:53:38','2024-12-14 13:53:38','2025-12-14 13:53:38'),('64b80f69aba571b59f825aad0b43d7b7e2a43d4ec5b80ce10641a0a5d7fb6597de694666d7341133',258,1,'munesh','[]',0,'2022-08-28 01:25:53','2022-08-28 01:25:53','2023-08-27 18:25:53'),('64c09b0465b2834713a287b5f5b8a4e1f13ffcd765fc8a988a5e683d6d0750b20d5881b354e17d20',190,1,'munesh','[]',0,'2022-08-13 21:03:37','2022-08-13 21:03:37','2023-08-13 23:03:37'),('6501d65141237ddb628e9cb52a98131bb771aa7659434c8583a2fecdbc4a4e56671f37a2865f7c23',271,1,'munesh','[]',0,'2022-10-30 05:35:59','2022-10-30 05:35:59','2023-10-29 22:35:59'),('65311e6f2b055f90560e76593e3a77d59ac7ab52685947c5e973c6ce41c9ad639e5280bb15687f14',11,1,'munesh','[]',0,'2023-08-10 22:09:11','2023-08-10 22:09:11','2024-08-10 15:09:11'),('6535a94e3e1d05bbae2a54cecfeeb2be108e330e905b079749bdb03f3299df443bb4fe5b96a5b00a',252,1,'munesh','[]',0,'2022-08-24 00:05:56','2022-08-24 00:05:56','2023-08-24 02:05:56'),('65e36ca8fbd4e4a41b6699f5c3d16992ea9ad36d98a1868ee0d59263590be6e4eda270c82df018b3',8,1,'mazraa','[]',0,'2022-06-22 10:16:50','2022-06-22 10:16:50','2023-06-22 12:16:50'),('65e6b6a63bcdf8db9d6e42e38be7ea9b0fe60b3d1b24da7ef33e4e844cb738f0dc256dd693af21ce',277,1,'munesh','[]',0,'2022-11-18 10:04:02','2022-11-18 10:04:02','2023-11-18 02:04:02'),('65f18e7ea4494dfa22e97950ed0c0395b6eebab2d2d87d28b317e029739cb735769367bc808bab62',11,1,'gshop','[]',0,'2023-08-15 02:47:30','2023-08-15 02:47:30','2024-08-14 19:47:30'),('660c99e3fd031e26fb79fc573ffd16c6b7f821c652ab7e1e8de0dbf8938276aa931855a3437b4f71',129,1,'Aqar','[]',0,'2025-02-09 15:32:10','2025-02-09 15:32:10','2026-02-09 15:32:10'),('662fb98e031cfc5a0e9f6d4b1be44b280c14b1526a48fa1cea140e7000df63724b28e82073af8b45',85,1,'munesh','[]',0,'2022-07-26 07:30:10','2022-07-26 07:30:10','2023-07-26 09:30:10'),('6636d27f469f2bb8794285625d1d26c7a0b0e4478ef9f8989f922df019c6101c4c6a09d53e0fa614',171,1,'munesh','[]',0,'2022-08-07 16:42:20','2022-08-07 16:42:20','2023-08-07 18:42:20'),('6646ebbacbfbea362528436ae64ca279f8ebaf24dd545d278a94d6563962c70bcf8aeaeedb97ba43',2,1,'munesh','[]',0,'2023-05-08 10:12:42','2023-05-08 10:12:42','2024-05-08 13:12:42'),('667ec0ffff1c2653f2bbd3b704a9ee86ec379774b845bed97d2c8430890736f7f85a0240645e5f08',49,1,'munesh','[]',0,'2023-08-23 17:51:05','2023-08-23 17:51:05','2024-08-23 10:51:05'),('669d7a0c98440d0b9cfe2ca17af75a481a68306a3c5894c6075aff50fa8a2e1176df464a8bffba0e',252,1,'munesh','[]',0,'2022-08-24 00:06:23','2022-08-24 00:06:23','2023-08-24 02:06:23'),('66c41ca2b2f61bed05feae393725654eb2e723778930684994faf90e619d197bc162e7e950a723bd',103,1,'OfferApp','[]',0,'2024-12-04 16:05:18','2024-12-04 16:05:18','2025-12-04 16:05:18'),('66e94b6d45408e6404938d70865cc42c796a9e61f840981bfaee93e03f0f92339b0c812fbac084fe',70,1,'munesh','[]',0,'2022-07-05 17:55:01','2022-07-05 17:55:01','2023-07-05 19:55:01'),('66f7fdb0b05484fef0e3ff96aa28f3ddeab903bd56949c168a8779aa186d02421354951b7ceaeea5',70,1,'munesh','[]',0,'2022-07-04 09:57:26','2022-07-04 09:57:26','2023-07-04 11:57:26'),('678fc70616adc6c8b6430008c1811f5aec4d4c6ebed0f7d2a1404a6bc8a9936302ad8d2c479f923c',48,1,'munesh','[]',0,'2023-06-06 09:18:56','2023-06-06 09:18:56','2024-06-06 02:18:56'),('679e4172d65d8c982e331676816c5e01193cfde76890d7db1835657ae8c6fa5f0644a18a64da7da6',142,1,'Aqar','[]',0,'2025-06-15 17:01:14','2025-06-15 17:01:14','2026-06-15 17:01:14'),('67e492ff49fd3c7703da08060c730564a29fc3950cf8d68f75fa7cf458b517a3515531cbaae90c58',102,1,'munesh','[]',0,'2022-07-28 17:20:38','2022-07-28 17:20:38','2023-07-28 19:20:38'),('67f6d0a54b8be029f9e27a89ec43dbb9e7c0cd1eaf0300be3a2c57fbc212c62a2643a805b634afd4',47,1,'munesh','[]',0,'2023-06-10 01:18:10','2023-06-10 01:18:10','2024-06-09 18:18:10'),('686f287ac0b9963e3b5051fb2c4a836c089c4b6b999c0b9d8852e43510f79ef0c5cb4e48282b3242',47,1,'gshop','[]',0,'2023-06-01 03:06:55','2023-06-01 03:06:55','2024-05-31 20:06:55'),('69803ea6a0a93a5b33537df90fb2c218a8e411fa2da096998931055b177dc4fd6f8dc5201d0a7099',39,1,'gshop','[]',0,'2023-05-24 07:07:16','2023-05-24 07:07:16','2024-05-24 00:07:16'),('698664f61e6ba3999b0bbd7d21cb2e8fdaf5e44d693a48bebab075e1999432bc5e63bbfcb9f951e1',70,1,'munesh','[]',0,'2022-07-04 16:03:58','2022-07-04 16:03:58','2023-07-04 18:03:58'),('69dd8a4c3b35be2c7e4ae1329af2eb689cbf4f3c850af672426f2f7bb8959225330eed8ce9b2ac88',93,1,'OfferApp','[]',0,'2024-11-13 22:50:45','2024-11-13 22:50:45','2025-11-13 22:50:45'),('6a1ec9c1ee63713966d9d3f919ddd82707cc937f1a2cbaf0dcba524fba1766368c151cd2f7ec6094',142,1,'munesh','[]',0,'2022-08-04 14:53:25','2022-08-04 14:53:25','2023-08-04 16:53:25'),('6a2ed6a4141b7b6608d63e1afdee2060e0758a9400010880131d948bfa752e88c80e5c023ba8b42e',73,1,'munesh','[]',0,'2022-07-04 10:17:30','2022-07-04 10:17:30','2023-07-04 12:17:30'),('6a46858efd7a42a66efec38fea0e65cf2ba7eda7c7af529f4a5bac13cf516dab34ad400c8bdec86b',257,1,'munesh','[]',0,'2022-08-25 04:11:59','2022-08-25 04:11:59','2023-08-25 06:11:59'),('6b068fd29d7d61840221a94cda937e0d91d2c5233d08dc2038ac6f57e877e76fe34142f4c98dd928',63,1,'gshop','[]',0,'2023-07-29 08:43:02','2023-07-29 08:43:02','2024-07-29 01:43:02'),('6b0cba3daa546c57e382957334f64dc6d9b2e4d49574f9299b82cbae84723a1b864ef2b9e978c87d',109,1,'munesh','[]',0,'2022-07-30 13:20:02','2022-07-30 13:20:02','2023-07-30 15:20:02'),('6b13106ef285b86e246a9c0458cd77b63ef10ce33c325c6a5f8bd0869bfdd0f7df172b37d1c1c3c6',139,1,'munesh','[]',0,'2022-08-02 15:51:26','2022-08-02 15:51:26','2023-08-02 17:51:26'),('6b1344f7d545e585c39535b966516e6933874aaddfbdd6d09895956e5baae580f94a8b4d5690cb49',100,1,'OfferApp','[]',0,'2024-11-25 16:49:12','2024-11-25 16:49:12','2025-11-25 16:49:12'),('6b446ac75c4f380ecb051135b25ef37a439a19bf626226283c8ca3e432a507c65ba005e766005c9f',75,1,'munesh','[]',0,'2022-07-16 18:24:37','2022-07-16 18:24:37','2023-07-16 20:24:37'),('6c049f0445da1590e0420b901fe747b112576c32e14b45c3d6a53a149e34f18807845e089091beb5',57,1,'gshop','[]',0,'2023-06-22 04:27:23','2023-06-22 04:27:23','2024-06-21 21:27:23'),('6c166011edae7f8d0ec5f17a30e1b263a7449beb0b8f95fdc42753ba766845888cb1408063e3a56c',49,1,'munesh','[]',0,'2023-08-14 18:22:36','2023-08-14 18:22:36','2024-08-14 11:22:36'),('6c386bdd242f80c2ac71832859f44504c2c4f5df06a20da8f244a302d4a6d51247d420f30e215027',93,1,'OfferApp','[]',0,'2024-11-11 23:56:39','2024-11-11 23:56:39','2025-11-11 23:56:39'),('6c531a467c21dda9d601cf31162808ec4f6c644671f0efe9f70ecf41dfc98041b5006bfd5720612a',100,1,'OfferApp','[]',0,'2024-11-25 16:43:57','2024-11-25 16:43:57','2025-11-25 16:43:57'),('6d455591070861c86284fbb43f5b4c8d1ee0c0c3c950888614c72eb96230d1733448b331a9bce70c',137,1,'munesh','[]',0,'2022-08-01 15:31:08','2022-08-01 15:31:08','2023-08-01 17:31:08'),('6e2d8238db067d55ad449d766a769b66ca39f6a9b525eeb4831a17dae8c7904b02bd4aa54655fc8d',191,1,'munesh','[]',0,'2022-08-13 21:34:05','2022-08-13 21:34:05','2023-08-13 23:34:05'),('6e5efeb1122e035d0d82129c31d65a7c601f921b193a39f9eecd7fbdac1337cf5c14c5d566c97864',45,1,'mazraa','[]',0,'2022-06-23 09:55:42','2022-06-23 09:55:42','2023-06-23 11:55:42'),('6e62129118d7dbc2982b2dd29e3d85aa789cc99eb95705154f68cd626e434cf66ec4df0497a1327b',106,1,'gym','[]',0,'2024-12-05 12:36:06','2024-12-05 12:36:06','2025-12-05 12:36:06'),('6e88158786cec11ed9f0ad6e675cf1dabd1bf585767e91f00f16908c38ca144564fc7e97a28d9ebf',44,1,'munesh','[]',0,'2023-05-28 15:00:45','2023-05-28 15:00:45','2024-05-28 08:00:45'),('6ea94c5007473f7e84cbeec5288075f09a1fbefa4919378e6f608aca48fae2fdc11bdea2ec9ae8e9',283,1,'munesh','[]',0,'2022-12-22 04:22:12','2022-12-22 04:22:12','2023-12-21 20:22:12'),('6eff7a03f2e43fe9f98d5e1d999efd4d404ffbb7369ec7b666fbdf9463790598c5e5424a45213503',138,1,'munesh','[]',0,'2022-08-01 17:50:29','2022-08-01 17:50:29','2023-08-01 19:50:29'),('6fd4c00355821bb541c165591efd3d0d3331943be0423409a34d7f605cc47023c733bd1c57870ed9',91,1,'munesh','[]',0,'2022-07-28 16:39:52','2022-07-28 16:39:52','2023-07-28 18:39:52'),('70953d2b10ba268fb94ad6fc1b6afa9f32862c9029767442c4c271b3aa863b4e43458f5352f5296b',57,1,'gshop','[]',0,'2023-08-15 02:46:36','2023-08-15 02:46:36','2024-08-14 19:46:36'),('70a01b53c457e607b045bca737b50adf56395327c970a6fd8842cd8a570333a06bdaa4dc24d16e05',93,1,'munesh','[]',0,'2022-07-28 16:51:40','2022-07-28 16:51:40','2023-07-28 18:51:40'),('70d30970b6d8196703668d558eefa4f5e0e225a12a14e747eb47d1f6b9429ef013bd6a4a0c6aab94',221,1,'munesh','[]',0,'2022-08-18 16:57:56','2022-08-18 16:57:56','2023-08-18 18:57:56'),('7124fd6d8cd8feda703ed3ab6904b548c4034a8386a453932e75c64a39b726c9f834349e9a16888f',251,1,'munesh','[]',0,'2022-08-23 14:41:06','2022-08-23 14:41:06','2023-08-23 16:41:06'),('712f65ac3e39ac4a07bde2fdeead7be1315c174dce582c95dee19bb046d9e6341efeae98d15132e5',100,1,'OfferApp','[]',0,'2024-12-05 15:22:12','2024-12-05 15:22:12','2025-12-05 15:22:12'),('7149e2c4b9325fa34a60f6cf24a1f2892f471c22ab0a3e6e99ddd7893ba1c1d6ef9368a0c08459e6',57,1,'gshop','[]',0,'2023-06-22 02:53:30','2023-06-22 02:53:30','2024-06-21 19:53:30'),('71957b37e881a91c2eb43b5ac38746ac5c11a3da7fb75e73bd34dd9e26cbfecee2fa8f94d25569ab',291,1,'munesh','[]',0,'2023-02-12 05:10:10','2023-02-12 05:10:10','2024-02-11 21:10:10'),('7218214ee9304679fffa8162a44be0483160315ecf9c1daf9e948ad449054fd0e8b69d7efbce03c8',75,1,'munesh','[]',0,'2022-07-16 15:55:26','2022-07-16 15:55:26','2023-07-16 17:55:26'),('72c6aa2a355944bb1540ea95ccd01df81cb92f53c5ea7b94b6d9c7db607180dc8b7040a9690ac47a',70,1,'munesh','[]',0,'2022-07-04 09:56:57','2022-07-04 09:56:57','2023-07-04 11:56:57'),('72dc474c964ebd6a8b8a8b56fcfb8b0c886fab4b8c1e5054ef29a07d97cfab661bf62f7ddd01bdd7',40,1,'mazraa','[]',0,'2022-06-23 09:14:24','2022-06-23 09:14:24','2023-06-23 11:14:24'),('72e3d44cbe44dd250a8a081f5da3c9c4489ade0efe5ee3b07334679e4555ba03f076a177375dcbff',131,1,'Aqar','[]',0,'2025-02-09 15:44:09','2025-02-09 15:44:09','2026-02-09 15:44:09'),('7323646cb464ee59a76b69ce7cafe8226f0c9f236dc3018bb9c75729c7d15245bf4b5e3945824254',49,1,'gshop','[]',0,'2023-08-16 17:14:13','2023-08-16 17:14:13','2024-08-16 10:14:13'),('73460ae4060904b89e1c3eeb6021b9ba847543c3e5f9e7316c3935a1354ca9b8fccf55b26fb8912e',153,1,'munesh','[]',0,'2022-08-05 22:09:29','2022-08-05 22:09:29','2023-08-06 00:09:29'),('73e399e9847112778ac699732fec0a73524b09b2dd7a138ea7be99a2f8703472c75c8164b0ec93fc',247,1,'munesh','[]',0,'2022-08-22 00:34:25','2022-08-22 00:34:25','2023-08-22 02:34:25'),('74406bf6542b09450e7a2d16d13cff0f1aa0072bbd65e63a631982777e57550d13521752e34ba229',69,1,'munesh','[]',0,'2022-07-04 08:27:58','2022-07-04 08:27:58','2023-07-04 10:27:58'),('7444745884de1a583f8837adc7dac82871c49b9fb51e208849ab1eeb2f66d7b3c754cfc9289ce840',151,1,'munesh','[]',0,'2022-08-05 21:47:09','2022-08-05 21:47:09','2023-08-05 23:47:09'),('7487964153ae8945a6668eec00f704220fbf401ac035f976cbb4caac9b9ca4ba19dfefb8b3afad38',87,1,'munesh','[]',0,'2022-07-28 14:58:09','2022-07-28 14:58:09','2023-07-28 16:58:09'),('7492677659c92ad69747c9fb357c3720311d63527dca0e3c54a7040f0e712201a7c3a30ece184902',49,1,'gshop','[]',0,'2023-08-16 17:14:13','2023-08-16 17:14:13','2024-08-16 10:14:13'),('74984d57c8216a556ab3b66f95d850a090a0a1fb92576e6635e23fd715d318ab9e46c7a682f02ba1',75,1,'munesh','[]',0,'2022-07-16 15:42:44','2022-07-16 15:42:44','2023-07-16 17:42:44'),('74a8a1af5cf00c216d57c479080f33abd84292f6ae493c205cc045939993c114370435bf84406775',11,1,'mazraa','[]',0,'2022-06-23 08:03:06','2022-06-23 08:03:06','2023-06-23 10:03:06'),('74ea7df4c988b973d8c07a2a878dce133bebd1e9a3edc7ba81a55ffe35647e5d0b42c14b93c7cc46',159,1,'munesh','[]',0,'2022-08-06 12:42:32','2022-08-06 12:42:32','2023-08-06 14:42:32'),('7501271c951f85287aa22b21b1165f359689d484073a3acac2819fc0b927f0611467cd47d6b237a8',100,1,'OfferApp','[]',0,'2024-12-05 15:16:13','2024-12-05 15:16:13','2025-12-05 15:16:13'),('75143ad297e4ba0d945829dcbb15fab91ceb6142de6c9271f34a946cd931739615d6e70f7360b061',246,1,'munesh','[]',0,'2022-08-22 00:34:24','2022-08-22 00:34:24','2023-08-22 02:34:24'),('755a73ce71c100bf800a2359f593646ee60bb6f3380255194594811673f2768fffa45699db3a53de',57,1,'gshop','[]',0,'2023-08-12 20:29:20','2023-08-12 20:29:20','2024-08-12 13:29:20'),('75d5d457cbe253cef7733f79fbd0fb53147b3e4210a955ce83325bb317d644184b0f16bdc2bf50ad',70,1,'munesh','[]',0,'2022-07-30 11:56:08','2022-07-30 11:56:08','2023-07-30 13:56:08'),('7608a9089026de060d232988f26068f5439508fe28e059cb2db9923970f004a70d8177adba7b6319',127,1,'munesh','[]',0,'2022-07-31 17:34:08','2022-07-31 17:34:08','2023-07-31 19:34:08'),('7619a95d1ada97d0cde036910ab1c26cbaadaaec11b08f1af7bfb89e8f8ede2b5949eae7b981c290',70,1,'munesh','[]',0,'2022-07-05 11:54:32','2022-07-05 11:54:32','2023-07-05 13:54:32'),('76515d94d7c75769438d4bdbe7526cd0278fad91d4f754d5f589b40ae0a786b14498c5a1bbec9eb4',150,1,'munesh','[]',0,'2022-08-05 21:46:15','2022-08-05 21:46:15','2023-08-05 23:46:15'),('7657c79123e29c357030ce2b4301bc8495c8dd7b2c7de8f6c354c805dc932b5f779e7ed6a8eb2c83',146,1,'munesh','[]',0,'2022-08-05 20:46:13','2022-08-05 20:46:13','2023-08-05 22:46:13'),('766b1a484f6fbb85145667a737432808ba27aa7fd2135c8f9c8e977f55da995b185b11da7dd9785d',75,1,'munesh','[]',0,'2022-07-21 12:12:11','2022-07-21 12:12:11','2023-07-21 14:12:11'),('76f102de527cf4c86851607e2fc623ba7768e509b8d57110e0542ce57d6b670a1f8005a553545e21',42,1,'munesh','[]',0,'2023-05-23 06:25:47','2023-05-23 06:25:47','2024-05-22 23:25:47'),('76f914803fc7b230353ebea8b45ebbbf8b63fb4751169625e9edb11e95ac6b3cfda01d552b54a425',128,1,'Aqar','[]',0,'2025-02-09 13:08:45','2025-02-09 13:08:45','2026-02-09 13:08:45'),('76f92602e65fa19e571241075ff08639aa17da0b2dc2af8c4952e836c74d21b6d57866de14b26935',49,1,'gshop','[]',0,'2023-08-23 17:48:11','2023-08-23 17:48:11','2024-08-23 10:48:11'),('7714fb09bea2846a8dbffe721fc36fd211e16d0458c760f41b6e7a16b092fba0c0ceaf7e8161c325',57,1,'munesh','[]',0,'2023-08-24 01:14:16','2023-08-24 01:14:16','2024-08-23 18:14:16'),('776c97334133065bdfe8c2e38b8667e8018bbb8683195d9685085ce36ea216e2be276e8d36c62aec',70,1,'munesh','[]',0,'2022-07-27 06:54:34','2022-07-27 06:54:34','2023-07-27 08:54:34'),('777a3c018c3d3d1b97d15cf3062d9177874ab9a77d9c45a6634b82e26f741eeeb188417a94c50368',11,1,'munesh','[]',0,'2023-08-11 07:40:32','2023-08-11 07:40:32','2024-08-11 00:40:32'),('779ec900207937288238ee02b2438ccb28de0faab59f06b058c433c5d35f074565fa0e7a032cb716',75,1,'munesh','[]',0,'2022-07-07 20:01:01','2022-07-07 20:01:01','2023-07-07 22:01:01'),('77d4e8e7a2c2dd3b68736e96a4956634978c281b4d39164b0dc9f9b809c361be87cfc5caa8d82811',93,1,'OfferApp','[]',0,'2024-11-16 00:33:58','2024-11-16 00:33:58','2025-11-16 00:33:58'),('7820e6ea4902b6e4ae1110442b1aca50bb195ceec278e0b4cc8622809eaed7b09c013f8be90f3847',132,1,'Aqar','[]',0,'2025-02-09 15:49:08','2025-02-09 15:49:08','2026-02-09 15:49:08'),('785e00a4fe137912010aeb9999cb2e7bb6b8afb3686be5184b59f5b49e3bb12e29c927a8e5883c5b',69,1,'munesh','[]',0,'2022-07-04 08:36:48','2022-07-04 08:36:48','2023-07-04 10:36:48'),('788099ff636ca3dcce326c8bd0c596f277edf55c3b6531cad78582124032e545c3eb19ba63c2dec2',103,1,'OfferApp','[]',0,'2024-12-04 16:11:24','2024-12-04 16:11:24','2025-12-04 16:11:24'),('78c6c16bcf5845e856cb02f3328dfb61a36cf1818406ac7c41a6585f4f38525ab147ddcacab0cdd1',148,1,'munesh','[]',0,'2022-08-05 20:47:21','2022-08-05 20:47:21','2023-08-05 22:47:21'),('7946551eaa2fe27ad917795c882500a0076b6167d460113677d23b2a3547d1f4c5fcf93baf1d945b',101,1,'OfferApp','[]',0,'2024-11-25 18:20:15','2024-11-25 18:20:15','2025-11-25 18:20:15'),('7974fb85db2a858b0653833ea003d8565193e9ec16969db8e873d2437cb338ae70174571a2f097fc',75,1,'munesh','[]',0,'2022-07-05 14:06:24','2022-07-05 14:06:24','2023-07-05 16:06:24'),('7a4c5040c7f32efe4fe3d4ef4f8f58bebc9e68f6f383a5646c519bda6d4af3e73891298737d1e652',11,1,'mazraa','[]',0,'2022-06-23 08:04:16','2022-06-23 08:04:16','2023-06-23 10:04:16'),('7a76a14ea1ee5038f33ddfa4d5e842a781ca7a4e8e94c0bb6307792e41a6da2e2dd2748030f29a23',238,1,'munesh','[]',0,'2022-08-20 20:07:20','2022-08-20 20:07:20','2023-08-20 22:07:20'),('7ab01f9d4f8d49e6b5f879a297d7784f3536044af241737e11c0d80d33dd443bdf7d9da79c1f604a',191,1,'munesh','[]',0,'2022-08-13 21:33:03','2022-08-13 21:33:03','2023-08-13 23:33:03'),('7b045cbc78e4075d1eee9dc8f667e6bf7c10b13db25d64ca40a3e7ae3a1e6ab967d8581ba468170a',11,1,'gshop','[]',0,'2023-06-05 04:55:47','2023-06-05 04:55:47','2024-06-04 21:55:47'),('7b7031bff95bc80f55f56b2246a7faf44c2ce8353616d4e48bb7f328b51641f0225643773f4b0dc7',239,1,'munesh','[]',0,'2022-08-20 20:07:22','2022-08-20 20:07:22','2023-08-20 22:07:22'),('7b75bfe8f53519d9ec71908295d9bbc983e7c49836c0977cb7bf6073a74c6df8143cc5bbd7856800',103,1,'OfferApp','[]',0,'2024-12-03 16:59:10','2024-12-03 16:59:10','2025-12-03 16:59:10'),('7bc689dff67d82d56fffe821a0e5dde159af7fb8ec39402b362de5f8008886c2fb65e15007611c6c',225,1,'munesh','[]',0,'2022-08-19 00:27:03','2022-08-19 00:27:03','2023-08-19 02:27:03'),('7bf33af7d86732e01dd42f5f487817a362350866e9f05efb5b70ef68e5ab274608a7ce39009fc5e0',75,1,'munesh','[]',0,'2022-07-28 19:23:14','2022-07-28 19:23:14','2023-07-28 21:23:14'),('7c471402afdf18da4459419a3af397c4f6f55ccf0d5f0c4ebab264282a9450dfb425bcb1b544e7d7',11,1,'gshop','[]',0,'2023-05-28 20:37:50','2023-05-28 20:37:50','2024-05-28 13:37:50'),('7ca6269bd6cb90c3da41c87e5618c9af824128b8851977d6fb478e6c07ba920e966da225cb17f97d',127,1,'munesh','[]',0,'2022-07-31 17:36:30','2022-07-31 17:36:30','2023-07-31 19:36:30'),('7ce0030a88a9cc88e4be9908a8da82b12e0427467f7172c186215e2e8786e5a8518df4a630bdd6bd',45,1,'mazraa','[]',0,'2022-06-23 10:21:08','2022-06-23 10:21:08','2023-06-23 12:21:08'),('7d0be8f80ad9af1d23c2bd19c5f50b790bb48e5070943a6483e42e5bfb4c745ac501a35abce379d5',9,1,'mazraa','[]',0,'2022-06-27 10:01:18','2022-06-27 10:01:18','2023-06-27 12:01:18'),('7d271c6f7561c2c3585f82209318db0487dd6330169c76f7b0fd3c98998909af20e1e6a2db3b0720',229,1,'munesh','[]',0,'2022-08-20 15:12:13','2022-08-20 15:12:13','2023-08-20 17:12:13'),('7d4c2fbb16e5d0a423bd6892af48db1ba18c24ac1cb08dccb7c1f947d81cb8a430bc5b6cabccefa4',128,1,'Aqar','[]',0,'2025-02-04 22:46:16','2025-02-04 22:46:16','2026-02-04 22:46:16'),('7d5421c298dff3c29d5199c27f58706c3ee4ff164988493d693a519774f918e2c3276566566d8957',100,1,'OfferApp','[]',0,'2024-11-25 15:54:37','2024-11-25 15:54:37','2025-11-25 15:54:37'),('7d63fbbc6c58cdc20576b733723468468b1a1cf8583b79bc8000b555345ff1d6009abdc2f5736574',227,1,'munesh','[]',0,'2022-08-19 19:13:52','2022-08-19 19:13:52','2023-08-19 21:13:52'),('7d6ec173f2c6cfdc2afc93adff5bd0cf4905d815943e9bc3df045ec14be1d0f599bd27d5106bc91f',185,1,'munesh','[]',0,'2022-08-12 16:19:39','2022-08-12 16:19:39','2023-08-12 18:19:39'),('7dccb2ef1f3ae701fa0b74d61bdf62b66360f702e418b56107806f4098bb2b0bc944d58a056b883d',75,1,'munesh','[]',0,'2022-07-06 11:11:57','2022-07-06 11:11:57','2023-07-06 13:11:57'),('7dd1dd5e976beb540ae61aedc39c7736fc1215ed520d24e31338b7cc66926cce43de7897ff5d7a65',134,1,'Aqar','[]',0,'2025-02-09 15:54:26','2025-02-09 15:54:26','2026-02-09 15:54:26'),('7e4bc2f6790c693c126dcf3a2bf4b34a1a9ec5d023cea0a9d22d8203cd9da49b0ddb890872ffefb7',57,1,'munesh','[]',0,'2023-08-10 22:42:16','2023-08-10 22:42:16','2024-08-10 15:42:16'),('7e50535975bd2daf302c20f3f068323b7ac3d94273efd51f0523b22399cc807284293a0875775b47',57,1,'munesh','[]',0,'2023-08-24 01:18:15','2023-08-24 01:18:15','2024-08-23 18:18:15'),('7e6dd33366ffcf2c8901589b4fe5ad1d7579ebaf21823c00a6af9978e035fb902d85a78c0c0a80ac',11,1,'gshop','[]',0,'2023-09-07 04:18:01','2023-09-07 04:18:01','2024-09-06 21:18:01'),('7e7e47f22285f4093d95ad4f2376a7492712c6de638712699ada51e2aa18adb8ec55ec5255cfb37a',70,1,'munesh','[]',0,'2022-07-26 19:13:19','2022-07-26 19:13:19','2023-07-26 21:13:19'),('7e945fbb8469c6cc4470e200bde6fcb93d2d7e3fa33ca18bb2863a74ee0ccb7ec4d7ee12f066259b',113,1,'munesh','[]',0,'2022-07-30 14:44:29','2022-07-30 14:44:29','2023-07-30 16:44:29'),('7ea35b9d1348f95e5f6380b422d6fc8b471796598e265d1b77fc5bc46d7a06ed9ee60f4834f078cb',25,1,'gshop','[]',0,'2023-05-09 19:41:11','2023-05-09 19:41:11','2024-05-09 22:41:11'),('7ee0e6c51c2141bda2449a516d771fd1861aa06eabca2f435e532f2d75bc54ff939f811f6d252d61',166,1,'munesh','[]',0,'2022-08-06 19:10:31','2022-08-06 19:10:31','2023-08-06 21:10:31'),('7ee35b34391fe70bcd2895cb81775af5905fce60609c38d77c5d44797af86fd33ab60df5437660e3',123,1,'munesh','[]',0,'2022-07-31 10:55:11','2022-07-31 10:55:11','2023-07-31 12:55:11'),('7ee5e381d31a22198d431c15eaeef6ac5d761a20a315551f0745d623d8637f0f965bd6e27f1444bb',11,1,'mazraa','[]',0,'2022-06-23 08:04:39','2022-06-23 08:04:39','2023-06-23 10:04:39'),('7f03fd5cc7a7f918d808a9f15c9da8626a2c42686aba726335c937deb0a5e3dbfc223ffc2e627464',120,1,'munesh','[]',0,'2022-07-31 08:45:56','2022-07-31 08:45:56','2023-07-31 10:45:56'),('7f2df8488d5eb613ff1334bf3dd07d90a28980fac47942009efea5dd2156d0e57b512faa027270bf',21,1,'gshop','[]',0,'2023-05-08 21:08:56','2023-05-08 21:08:56','2024-05-09 00:08:56'),('7f4d3c67e6b52da4fbec6d751425df20e48a154c10d21007cb3ea468425b865f22f894ff87ec90b3',10,1,'mazraa','[]',0,'2022-06-23 06:50:53','2022-06-23 06:50:53','2023-06-23 08:50:53'),('7f61a625c0c5131b31369787192f28bdd79eebd3a4cfe9713c578cabe6a40a5326bf35a9025faa17',11,1,'gshop','[]',0,'2023-07-30 00:41:12','2023-07-30 00:41:12','2024-07-29 17:41:12'),('7f8e3bf68719eeab9798c2590f3578693da7b21d13aa36c98b4206def67dfa1d178a6de14f77ece7',39,1,'mazraa','[]',0,'2022-06-23 09:03:16','2022-06-23 09:03:16','2023-06-23 11:03:16'),('7fe6900ba4d1e0968618ed390a10f57b4ba770ee249417205123ee7cadf6c09796b2e2766ea94d0b',192,1,'munesh','[]',0,'2022-08-14 14:24:43','2022-08-14 14:24:43','2023-08-14 16:24:43'),('80af87841929a2ec2bd030b5255256c9e217ffbca423f2222d238ed39854d30a6543f2e3343df0e1',45,1,'munesh','[]',0,'2023-06-20 22:21:11','2023-06-20 22:21:11','2024-06-20 15:21:11'),('80c13f774cf8e1cd9a6f0009c5ba294fa3577f8452a2622fde847c1212536b99e3a3ea96a33c6990',102,1,'munesh','[]',0,'2022-07-28 17:23:25','2022-07-28 17:23:25','2023-07-28 19:23:25'),('813c5ff87680ba34f07370d5e128eea7905d054301f9b2673c599e1070b41114215ed1d92f3ce0b0',106,1,'munesh','[]',0,'2022-07-28 17:32:27','2022-07-28 17:32:27','2023-07-28 19:32:27'),('8145c950d50b5cb27779214ccef47bd0334b23fd2540857ac6fcc1424e8435188f947ca974c424e6',47,1,'gshop','[]',0,'2023-06-08 20:11:26','2023-06-08 20:11:26','2024-06-08 13:11:26'),('8158f8b5a31978e0f81f900077972b422745e307e654fc614196d335e7538602a1633e50bd21b326',11,1,'gshop','[]',0,'2023-06-01 07:11:43','2023-06-01 07:11:43','2024-06-01 00:11:43'),('817fc51c7c1f4e4d9af06ffa9f7f59624958e9d0634b81b400fcd6bae0618ed5e9626cd7c0caeddd',207,1,'munesh','[]',0,'2022-08-15 11:45:32','2022-08-15 11:45:32','2023-08-15 13:45:32'),('822e559574e9a8bfaee51d6d80d59baba5b904ab357633cea344771f4048ccd1a135ad7d371c5d2a',47,1,'gshop','[]',0,'2023-06-05 02:56:39','2023-06-05 02:56:39','2024-06-04 19:56:39'),('8246e804886a9d68d5e87edfdceba2ae323acdc5b17482dbaebd3d915cb995bb317a3bef388809ef',49,1,'gshop','[]',0,'2023-06-10 17:56:11','2023-06-10 17:56:11','2024-06-10 10:56:11'),('8263af2a901a79ea7a90c7c64902c46ef2acf1e38cdea9f2cf780b40025846852fffe997ed07d672',57,1,'gshop','[]',0,'2023-08-11 23:52:31','2023-08-11 23:52:31','2024-08-11 16:52:31'),('826b2913fcb945cbcf0d2c13fed6d1af68ae8593c718ec17b1af91930c235bf11ced759f86e79cdb',250,1,'munesh','[]',0,'2022-08-23 06:22:50','2022-08-23 06:22:50','2023-08-23 08:22:50'),('8272ca7ff047f0884903be1be6ef9ebf37b58717c84752a4485eac72afa91d405b915443b991f03a',73,1,'munesh','[]',0,'2022-07-04 10:21:30','2022-07-04 10:21:30','2023-07-04 12:21:30'),('8274669767acef2761504458d7f1d892545ae866491f35fad60ef990b9e47da8e5847a8c8d9af344',70,1,'munesh','[]',0,'2022-07-26 19:11:51','2022-07-26 19:11:51','2023-07-26 21:11:51'),('827e862866917df229d46e7c36389ee0445bbcdc0635b0e9fab1d02b34d4f81970782e36ef99c363',112,1,'munesh','[]',0,'2022-07-30 13:24:59','2022-07-30 13:24:59','2023-07-30 15:24:59'),('828f1cfa792af76f911f7facfefe41508c4d681330a9c55474161668318eaa59324bee6e5ffc8ea7',47,1,'munesh','[]',0,'2023-06-01 02:28:30','2023-06-01 02:28:30','2024-05-31 19:28:30'),('82bcc9e9ebbb6f820c5bd8f782462be79ab34be8cd0c0b5269ecb7ddf62a7a9ee781788639e52702',84,1,'munesh','[]',0,'2022-07-22 13:09:11','2022-07-22 13:09:11','2023-07-22 15:09:11'),('82d749b9b701540dcad1ef60c89ee1368dc19ccbcf8fce6c40e1541f9f95a018c525b5629dff5e53',284,1,'munesh','[]',0,'2023-01-28 00:54:18','2023-01-28 00:54:18','2024-01-27 16:54:18'),('83232654d93762e64e92b74ba02629414b4f19dfc23af2e1b17e1fbc927f05ea62eab99b7161d7a3',100,1,'OfferApp','[]',0,'2024-12-12 15:25:32','2024-12-12 15:25:32','2025-12-12 15:25:32'),('83882af3b0d580157d02985a033f992d08447ac6044074b5044c922a7013b8b75ce10c6d236265ca',47,1,'munesh','[]',0,'2023-06-21 10:55:38','2023-06-21 10:55:38','2024-06-21 03:55:38'),('8398128c2275f4468714cb1f1da1d1ef6c2a02ff94dec5b3813fade31ec7e3c4d27c6aabbb38deac',70,1,'munesh','[]',0,'2022-07-05 05:20:43','2022-07-05 05:20:43','2023-07-05 07:20:43'),('83a2b57df63612ecfcb6e91f3eda54cc0da2c8cd3a96881e2b7b4f241018d04a01385e1b5531ecbb',69,1,'munesh','[]',0,'2022-07-04 08:38:38','2022-07-04 08:38:38','2023-07-04 10:38:38'),('83b877b8b85fb2a7472726460f734387fc3049b1d62d11876e25c2dbe85d6676860cea42c70979c1',75,1,'munesh','[]',0,'2022-07-10 01:04:40','2022-07-10 01:04:40','2023-07-10 03:04:40'),('83c043c8392ec90feac3d3e4a91e519f72e53c5fc78b873fe60864333865a972251dfe1ce9257fd0',11,1,'mazraa','[]',0,'2022-06-23 08:09:29','2022-06-23 08:09:29','2023-06-23 10:09:29'),('8438f9c7183f17773331ad49b6df8945a631327f4e1404171f922b2fc64461e9f185f1d7a4d1e037',245,1,'munesh','[]',0,'2022-08-21 00:12:01','2022-08-21 00:12:01','2023-08-21 02:12:01'),('84ca87c42338ac27b9d1cb66da56cac49c81b59ae38b592f541a7cca4c5b0bc0f0210292667f8e2e',76,1,'munesh','[]',0,'2022-07-04 15:27:07','2022-07-04 15:27:07','2023-07-04 17:27:07'),('8507a25338877ce0e7611dbf0a413397838cb0bfe4e7126b695a4ac53df746e4318c107d951245f2',49,1,'munesh','[]',0,'2023-08-14 18:21:07','2023-08-14 18:21:07','2024-08-14 11:21:07'),('853ab551f4e7c7d6d64820a220365d2e56b5439f9b4d50e7cffb21b8a71e8a45cb2c6b23e8fa6d08',70,1,'munesh','[]',0,'2022-07-24 10:23:46','2022-07-24 10:23:46','2023-07-24 12:23:46'),('855031322a7b853d72ffbee2cd95bb8cd065cb0fc5b8918e458fc25df1abe9b715f96d8fd03adab6',82,1,'munesh','[]',0,'2022-07-18 01:49:52','2022-07-18 01:49:52','2023-07-18 03:49:52'),('85789290a3002b1242fb29946cf62b973f4cdc558affb71c654d65369ef8038c2d294c9290a6e292',201,1,'munesh','[]',0,'2022-08-14 19:24:00','2022-08-14 19:24:00','2023-08-14 21:24:00'),('8644c101435cabf45b8b3de46a12cefcc3e7a14ec85910c11714a6c5ed39aef9fba3b3fc9235dc57',11,1,'mazraa','[]',0,'2022-06-23 08:04:54','2022-06-23 08:04:54','2023-06-23 10:04:54'),('86691084c1a37fb45fb5c7341fe422dfb30e14ef6eebe41aefb22aaa30e0dd3b95e6e80fd118100e',125,1,'munesh','[]',0,'2022-07-31 12:09:50','2022-07-31 12:09:50','2023-07-31 14:09:50'),('86a4a3a99d29d2dd875e2fd7c7e7c0354e780dd89e899eac575b9dc27ffb47dd28e5c4db337ea01e',31,1,'munesh','[]',0,'2023-05-17 12:20:24','2023-05-17 12:20:24','2024-05-17 15:20:24'),('86a96733ae98336061e4af96eeaddc8662646c1e7aaab90dd46639ae18e920d170312133a2ef7213',289,1,'munesh','[]',0,'2023-01-28 01:01:08','2023-01-28 01:01:08','2024-01-27 17:01:08'),('86c5e634b0df8ebd514b8793020e7b8522296ace2674ef95cbe994668cc10b892a4a0830007fc687',11,1,'munesh','[]',0,'2023-08-11 07:33:45','2023-08-11 07:33:45','2024-08-11 00:33:45'),('86cfa35acc62129fdc24cf2751463ddc8def4edae51b945af5debeb968a1f5f04e46279529b96990',93,1,'OfferApp','[]',0,'2024-11-12 00:14:28','2024-11-12 00:14:28','2025-11-12 00:14:28'),('86de325111aa7b08086faed13b243030d5556881fe7fc9a4eae6a7925a68cda3ea5074d1ae6e1ca0',49,1,'munesh','[]',0,'2023-09-05 18:51:26','2023-09-05 18:51:26','2024-09-05 11:51:26'),('86f2900748ebd5fb33b40aed48078ce1819169235781781b6a6daa672cfd4a580eab655fc674787b',278,1,'munesh','[]',0,'2022-11-19 10:45:33','2022-11-19 10:45:33','2023-11-19 02:45:33'),('8757574ae4f99053085cbd039aa0f14b7133c0e4eefdddd36f3043de8b1ebccbada4af3fc320bf06',100,1,'OfferApp','[]',0,'2024-11-25 23:06:06','2024-11-25 23:06:06','2025-11-25 23:06:06'),('87e983d5aeb9ab06679146dbb382c80ea6baddb045b7636219c8eb7fd0ebdff24b35fdf7f9568264',90,1,'OfferApp','[]',0,'2024-12-11 16:20:37','2024-12-11 16:20:37','2025-12-11 16:20:37'),('882291ea881449492278a29986881afdf9e818a9ebf864c28fd03f4526a40ff769851689878bf35b',200,1,'munesh','[]',0,'2022-08-14 19:21:12','2022-08-14 19:21:12','2023-08-14 21:21:12'),('8849ae1c506351dae7cd7f21156c8bc0a96b90abc66eba386aba3229fdd9bb63fa6fb8f6aa4b5d76',47,1,'munesh','[]',0,'2023-06-17 22:10:09','2023-06-17 22:10:09','2024-06-17 15:10:09'),('885ffff8a2cd188a3ba00c7589279a4be090a696b52e93f4b06a2d96efecf813d6abcdfb383c330b',11,1,'munesh','[]',0,'2023-05-08 20:24:45','2023-05-08 20:24:45','2024-05-08 23:24:45'),('8877d384a8b5c952601017ca7aa1aa89ac30126e580343d5a0360a8a570e5b36549d8a33da072868',223,1,'munesh','[]',0,'2022-08-18 22:03:21','2022-08-18 22:03:21','2023-08-19 00:03:21'),('88e8abdfbe8329793e1a3db21e1083fd6e61a8dfc52d8090f2c032f60f1d974550820602ff97d411',92,1,'OfferApp','[]',0,'2024-11-11 23:55:38','2024-11-11 23:55:38','2025-11-11 23:55:38'),('897bc49ef4c09821af99b182997d10664da7b40f24031288eb90463dab161b86c167a9fd339edf2f',49,1,'munesh','[]',0,'2023-08-16 17:14:25','2023-08-16 17:14:25','2024-08-16 10:14:25'),('89ffcf36e0e1079d951f1c30db012aba029f561946c18a1608c71489cf35cbb395db4068f99dbf4f',42,1,'mazraa','[]',0,'2022-06-23 09:19:09','2022-06-23 09:19:09','2023-06-23 11:19:09'),('8a530f06a96c445dd7edab0a250820de3892b936ad2d17047a0e2b95783afe7ba9b8f96fb5050cb9',49,1,'gshop','[]',0,'2023-08-23 18:07:46','2023-08-23 18:07:46','2024-08-23 11:07:46'),('8a90041bd0b7c2b7d396ed743dfeab327e13141349c1be69397c8b4656bc9858c50d5c204a757bad',119,1,'munesh','[]',0,'2022-07-31 08:44:25','2022-07-31 08:44:25','2023-07-31 10:44:25'),('8a9e27fc783f7c1dda05ecafa8a7f4a82d2a67487d3c347d372cfc6aa9354b921fc499da853e3af3',43,1,'mazraa','[]',0,'2022-06-23 09:45:38','2022-06-23 09:45:38','2023-06-23 11:45:38'),('8ad21c15b0c1495617c7b978682cdb0fe78840903000f8c4a0dd3882297d69be43e4096f8ad1bb62',37,1,'munesh','[]',0,'2023-05-17 14:10:26','2023-05-17 14:10:26','2024-05-17 17:10:26'),('8aec4f54b942e7e9a4c42bf6a63ec1a7c4fc2636a503bbfeae21a65269bb7fabd26580395b10784c',32,1,'munesh','[]',0,'2023-05-17 12:37:12','2023-05-17 12:37:12','2024-05-17 15:37:12'),('8bad31152b6e940da06caa271954595cdf59730bef883aef769d274b67aa06aeb24e1f6da2af6b7e',134,1,'Aqar','[]',0,'2025-02-09 15:54:58','2025-02-09 15:54:58','2026-02-09 15:54:58'),('8bb6968a33043279c873c4ff48dd34e14c1bae5958a9518b669b8ee979dd6e09a1690cd4136e36eb',57,1,'gshop','[]',0,'2023-09-04 17:25:00','2023-09-04 17:25:00','2024-09-04 10:25:00'),('8caf1b9893194d2e1162fdc95e3725491e516485f8479921509790c6c29276b315453e25bc0e2de8',11,1,'munesh','[]',0,'2023-08-11 07:33:28','2023-08-11 07:33:28','2024-08-11 00:33:28'),('8cbafd49deb08a56ecd42ad726751f1a2f60227fd3c63bca2ea53f1bb88e1eeb848a3efb87f1c4bb',244,1,'munesh','[]',0,'2022-08-20 23:41:37','2022-08-20 23:41:37','2023-08-21 01:41:37'),('8d284d5ca43bb1d527d2cdcc0a7f140fb877578080e1bab72be6d457b072e979a0635f3efc0c17f1',100,1,'OfferApp','[]',0,'2024-12-15 13:41:52','2024-12-15 13:41:52','2025-12-15 13:41:52'),('8d2867bff8b456a870d150c54e7b281eef05d2ba72691314998c8ab204e18dd28f09f375df0e42d0',93,1,'OfferApp','[]',0,'2024-11-24 00:10:12','2024-11-24 00:10:12','2025-11-24 00:10:12'),('8d53fea0c8f228844305721932eadb284ad7cc28f32f1f75b978243db87835f4a261d02fa2fb7fa4',64,1,'munesh','[]',0,'2022-07-04 08:03:10','2022-07-04 08:03:10','2023-07-04 10:03:10'),('8dd7674aa02cf1e0ba6591d12767e11e73e2c0d585b3f2c15e84b7590004bde4e53732dd19cf368c',282,1,'munesh','[]',0,'2022-12-04 10:47:16','2022-12-04 10:47:16','2023-12-04 02:47:16'),('8de16b6d9a3a87087bd7e55d1944e4de2bdf66718560111dea5165dac7bb4752e3bf77e61b9abb60',250,1,'munesh','[]',0,'2022-08-23 06:23:15','2022-08-23 06:23:15','2023-08-23 08:23:15'),('8e4113f361a94049e2f3b3900afe7b965c67f781dca9ea148d633eec24b6a2d884b8825b57c7eb06',70,1,'munesh','[]',0,'2022-07-27 07:20:32','2022-07-27 07:20:32','2023-07-27 09:20:32'),('8e773c3c43951544a120893aedb28c83f9c452616b911337d4dd82c067133eab71113abf2dcc8f77',256,1,'munesh','[]',0,'2022-08-24 18:50:55','2022-08-24 18:50:55','2023-08-24 20:50:55'),('8e8a5b77f50cd5491959be42973bfd4c6d4bc985344dc1e69bdafdf5a810e9f3287d86ff767875ce',101,1,'OfferApp','[]',0,'2024-12-11 16:14:04','2024-12-11 16:14:04','2025-12-11 16:14:04'),('8f181acd867965328d49ed8434707a8efc2bc7a1bea4e4042e04ff78a100b93cbb49540893b7f90d',70,1,'munesh','[]',0,'2022-07-28 07:40:37','2022-07-28 07:40:37','2023-07-28 09:40:37'),('8f20fc078d30517deb702a117edbe57fbc399bded7a9ed760ca47711163e2f1525f93f109340d305',158,1,'munesh','[]',0,'2022-08-06 12:42:31','2022-08-06 12:42:31','2023-08-06 14:42:31'),('8f7e2854da7a6d441a7873fe67d6cc24df1f4f9285fd77b409518048a88bbe40be6d5ff66f69ef24',167,1,'munesh','[]',0,'2022-08-07 12:33:30','2022-08-07 12:33:30','2023-08-07 14:33:30'),('8f80b9d3166afa4622ad1bb827dfb7394d47d412374c928d1fd7debf301c00bf87210dc95ed6fa8b',39,1,'munesh','[]',0,'2023-05-24 06:40:17','2023-05-24 06:40:17','2024-05-23 23:40:17'),('8fabfa3708d2aeddce0bebd1be0d57be412cb482764b3d39751719eb206b708c4252c01218973808',90,1,'OfferApp','[]',0,'2024-12-14 14:47:48','2024-12-14 14:47:48','2025-12-14 14:47:48'),('8fc03598b4388ff4ab129af558cfd4e272506569c95467850b9815eab4d3f55c5c876cc1f2dfbbeb',99,1,'gym','[]',0,'2024-11-25 11:05:51','2024-11-25 11:05:51','2025-11-25 11:05:51'),('8fcb4902e6a69ca2a10ab2fd2841f64552a63bcfc21431bb4fb2b732337074aefcb4148920643915',99,1,'OfferApp','[]',0,'2024-11-25 12:52:00','2024-11-25 12:52:00','2025-11-25 12:52:00'),('90139bfc03de68407c9ac5c0dd43faf106f4e8e5553075abb770b06056a7a959d7b6df13070d2d5a',123,1,'munesh','[]',0,'2022-07-31 10:54:53','2022-07-31 10:54:53','2023-07-31 12:54:53'),('905323824d9a7d2b7455e7bf0ed5626afa202eac615ae2146316474e632877d413a77d3fde07ee35',11,1,'munesh','[]',0,'2023-05-29 06:40:31','2023-05-29 06:40:31','2024-05-28 23:40:31'),('9055f6b0889575b337050cf6225c9962b58103e49e3fa8318dd21ecc035096e349635f3244530936',11,1,'mazraa','[]',0,'2022-06-23 08:02:30','2022-06-23 08:02:30','2023-06-23 10:02:30'),('9076808598bab4e83a5bbc4d2fa5b9bd90694ad93eea3ed580b28725230a344d0d813c7d76432130',49,1,'munesh','[]',0,'2023-09-05 18:51:27','2023-09-05 18:51:27','2024-09-05 11:51:27'),('90c3baa1e5e554034b1da3a9a8538e3f2dd890a728453f35731165333289f3f9a8a2e2bf40d2d665',258,1,'munesh','[]',0,'2022-08-28 01:26:15','2022-08-28 01:26:15','2023-08-27 18:26:15'),('91878a7f485a723e6d83610234669e06cc728b2a4a45545e1595131be71850b88f40d567dcc5cecf',249,1,'munesh','[]',0,'2022-08-23 06:22:49','2022-08-23 06:22:49','2023-08-23 08:22:49'),('91ab555b5600bd1198283bf45642869864dd401576c316742f734620d8735ead5f852dacd75ecca7',164,1,'munesh','[]',0,'2022-08-06 17:44:11','2022-08-06 17:44:11','2023-08-06 19:44:11'),('9206c2d21573883401b6205792af4ac890648a7b0b7e53036345ba23c306164976994a1317d5c3ff',101,1,'gym','[]',0,'2024-11-25 18:09:43','2024-11-25 18:09:43','2025-11-25 18:09:43'),('920b6663b37bc7f56e18eb37e28f471f174dfaa8d359ad3eb7c50de7917982a0dc5ccdffa6f8c2a8',57,1,'gshop','[]',0,'2023-08-11 23:57:24','2023-08-11 23:57:24','2024-08-11 16:57:24'),('925787e7b449e1ad3d3afe9322ba398016805c785362874dc7c394691d23fc028a23cafff4ac6fe3',11,1,'gshop','[]',0,'2023-08-11 09:05:18','2023-08-11 09:05:18','2024-08-11 02:05:18'),('925e38b9d03cfe5972a7b3a561ad2efb8f4bbc06b45bbaa9edc463b15d3a346595ed5dc78a7a72c2',11,1,'mazraa','[]',0,'2022-06-23 08:08:51','2022-06-23 08:08:51','2023-06-23 10:08:51'),('929ce78134e0b11760cb71a1edd03a00c993ef384310cf418d7ef742436d9530e77d96f0c85b6c0a',45,1,'gshop','[]',0,'2023-05-25 07:53:34','2023-05-25 07:53:34','2024-05-25 00:53:34'),('92e8a770677cedba27af48d233407d7ac35b75a0c6778cf19c7efaadcbb2a589d6617b0101990b61',222,1,'munesh','[]',0,'2022-08-18 22:03:10','2022-08-18 22:03:10','2023-08-19 00:03:10'),('9303c41546e349d0c8fad2183f8fde23df4f7e1f17c8327b1837cc5cced3829d269df97d7abf2071',91,1,'munesh','[]',0,'2022-07-28 16:40:29','2022-07-28 16:40:29','2023-07-28 18:40:29'),('930efd4997b4ca4188f9da2742bcd4de8307943161e016e9c0d3fa1b3512dbc0a04b4102b58e5594',168,1,'munesh','[]',0,'2022-08-07 13:04:51','2022-08-07 13:04:51','2023-08-07 15:04:51'),('93e2d440989d4f25e682ba590a7db8323aa2c8cc93930615a691c15f6b06543af3d76e84e3c6012d',44,1,'gshop','[]',0,'2023-05-23 06:32:20','2023-05-23 06:32:20','2024-05-22 23:32:20'),('94240d55b35be770a1faafa9daeae2a16f545ece0af00b60d3e226540a1af3338ad3d4159817ae47',45,1,'munesh','[]',0,'2023-05-25 07:53:51','2023-05-25 07:53:51','2024-05-25 00:53:51'),('9533efe25f9b2ce85f9df168eca1eb706c849f3107f5ec98915258a655de76c1d620443a139e48df',141,1,'Aqar','[]',0,'2025-06-15 13:37:35','2025-06-15 13:37:35','2026-06-15 13:37:35'),('95879ad7dd319cd6595d433e2cad2a6a116e7c230ede8e8b61bf3b1bf6d8a102561537d37ddba2fb',75,1,'munesh','[]',0,'2022-07-29 12:35:41','2022-07-29 12:35:41','2023-07-29 14:35:41'),('9592fac06f5700c8d839be7d9a3f24424ccaa999386157a7bb611890b4eb3bc9bf2770a2e446ba2d',200,1,'munesh','[]',0,'2022-08-14 19:21:00','2022-08-14 19:21:00','2023-08-14 21:21:00'),('95d7efc8999607928cea503de537a8ef3f96751bed8560f0eef424bd7fe68d57d59c93e59c96b24e',289,1,'munesh','[]',0,'2023-01-28 01:01:10','2023-01-28 01:01:10','2024-01-27 17:01:10'),('95ff27765d31a9674b85e39aec65f8582184bfcef63b9866fe599fc54db494caf18784e5959f7e70',11,1,'munesh','[]',0,'2023-06-14 07:01:44','2023-06-14 07:01:44','2024-06-14 00:01:44'),('96493ecfbd14afa6f258c86ea81137d3834e085e6fa292acaab8bebf3bfa67ba04bd1579e975fc2b',97,1,'munesh','[]',0,'2022-07-28 16:58:18','2022-07-28 16:58:18','2023-07-28 18:58:18'),('965265203b0b3c64a993db1aa67c57d1873354456c5aff73c623e11a6b7c2b8286be31a6ce383dd3',116,1,'munesh','[]',0,'2022-07-30 16:59:05','2022-07-30 16:59:05','2023-07-30 18:59:05'),('96549b7144b69ba80691356811ac6f4c70abac14f0ded7db1a7487c0662e067bc48a9993ddd4c5c8',95,1,'OfferApp','[]',0,'2024-11-24 00:12:57','2024-11-24 00:12:57','2025-11-24 00:12:57'),('96f2cba6d366a124507e673db572af80c1695f99066423588c506b0e6341470dbb6ac1016dfc22f0',11,1,'munesh','[]',0,'2023-08-11 09:28:53','2023-08-11 09:28:53','2024-08-11 02:28:53'),('96fef9be7c6b5062473b15b6dcb533528f86f981a562dada664777dff7bcba42dbb8c79ccf8430b2',99,1,'OfferApp','[]',0,'2024-11-25 12:03:37','2024-11-25 12:03:37','2025-11-25 12:03:37'),('970133dd197db273b8815f7f3bcb8a2a748edab19036fc2b05b859bbead4173b1ba84c8801f66b28',128,1,'Aqar','[]',0,'2025-01-22 00:38:02','2025-01-22 00:38:02','2026-01-22 00:38:02'),('9707d08e1923158e9b45145bc0bb3f42c2002838c502fa11c15d086c48ac1f77a615c7ebf025922c',32,1,'gshop','[]',0,'2023-05-17 12:36:48','2023-05-17 12:36:48','2024-05-17 15:36:48'),('971511da958e767f75eadf79334afded43224f4e06b6ae321e5017239866903789edf1fbd15710f2',93,1,'OfferApp','[]',0,'2025-01-02 13:22:31','2025-01-02 13:22:31','2026-01-02 13:22:31'),('97194cc54863a3b8fe19812992d2572084d943bb4d25fda03627457e5f3fcd55473a4368bd27cd2f',75,1,'munesh','[]',0,'2022-07-06 08:13:49','2022-07-06 08:13:49','2023-07-06 10:13:49'),('975a159e75308085ff295849e598452f7c295ff8fc86b9efe7d466120a8705f9c180a9e917b13b97',70,1,'munesh','[]',0,'2022-07-26 04:49:37','2022-07-26 04:49:37','2023-07-26 06:49:37'),('978f46f7418c4df3896a0e3758aa8963ca1151a6cf3d9951041e58f3044511ddca4af5afcf65841d',103,1,'OfferApp','[]',0,'2024-12-03 16:24:56','2024-12-03 16:24:56','2025-12-03 16:24:56'),('97bb4bda8bbb9f62eb170c7d414af47839d6ecc992adbdfb1802e63585887fb7a2dbe6ffb7c66fd1',230,1,'munesh','[]',0,'2022-08-20 15:13:16','2022-08-20 15:13:16','2023-08-20 17:13:16'),('98582647463c2599ab260e4ff8853175f4f9ea88abeaa8ad6ceec23c1ebe504756ac08950579f6ec',93,1,'OfferApp','[]',0,'2024-11-15 23:55:44','2024-11-15 23:55:44','2025-11-15 23:55:44'),('98a0b1fe406648034dd9ae78a4e8bb58d36d0d9d2ced04ba674bf76d9edab807ba0b17cad793945b',174,1,'munesh','[]',0,'2022-08-11 14:01:27','2022-08-11 14:01:27','2023-08-11 16:01:27'),('98e10dedaeccff1d22c0ed4e0182ae9e3b6c987af5baca8564299f91689f9076af93e45cbe8ac5ca',57,1,'gshop','[]',0,'2023-08-10 21:48:10','2023-08-10 21:48:10','2024-08-10 14:48:10'),('9944e45c4c7f001706fbc539c145e69ad0bdf73340941b18d49e282ade40b7a41a34f6eab51f0d53',1,1,'OfferApp','[]',0,'2024-11-11 23:54:12','2024-11-11 23:54:12','2025-11-11 23:54:12'),('998e75263735514f4059610e920e70cde29ecb7d6a2582abded01e73effbd69edc594bbbe28e9b20',11,1,'mazraa','[]',0,'2022-06-23 08:07:08','2022-06-23 08:07:08','2023-06-23 10:07:08'),('9a252425f8cd6d8134d36c2bfd358a5a7a153e29cb8ea4caeb59d5f1aae2169c2f5a450c7e351944',77,1,'munesh','[]',0,'2022-07-11 01:31:37','2022-07-11 01:31:37','2023-07-11 03:31:37'),('9ae1548e9abe004252396d5ff6d04282ffc49a5decb356e2faf8c3dd6c3cd58b049ba1edfae53f60',289,1,'munesh','[]',0,'2023-01-28 01:01:10','2023-01-28 01:01:10','2024-01-27 17:01:10'),('9ae75f1a5bbeca2bd38ac3ba1897b558cf6cefc6d3d95689307f4741353309ad43b9bd5bf8fd094f',48,1,'gshop','[]',0,'2023-06-06 09:17:49','2023-06-06 09:17:49','2024-06-06 02:17:49'),('9af0ee989d4a813855defec16226115d322229ee774d58635a9fca75a76318baead2fbf82c341436',105,1,'munesh','[]',0,'2022-07-28 17:32:40','2022-07-28 17:32:40','2023-07-28 19:32:40'),('9af35060a901af770941f3ecbad424faf0cc8370f7cdd4542855688e856b992d303697c6040bf68c',100,1,'OfferApp','[]',0,'2024-11-25 17:49:00','2024-11-25 17:49:00','2025-11-25 17:49:00'),('9c5979972ef3d19f39a271ab40f131a46f51882ceb659271887423d0319a7c9e592a57f61fb28220',259,1,'munesh','[]',0,'2022-09-02 09:48:58','2022-09-02 09:48:58','2023-09-02 02:48:58'),('9c7862a1d90f5aa05e79342ae917aae5e3fb1483a28b820d7c095b54d3c39dad88e28d391a91836a',77,1,'munesh','[]',0,'2022-07-11 01:30:32','2022-07-11 01:30:32','2023-07-11 03:30:32'),('9c7c2f226b5247a525159d99a2bf3385fbe02533e9171951fba7d3a6084a8c147724f508b7f23ddc',96,1,'munesh','[]',0,'2022-07-28 16:55:57','2022-07-28 16:55:57','2023-07-28 18:55:57'),('9c909b63b94c20950f9ee11e9bc1ccfee4d3ac7b0a50c5d4d9f7f3b93e22d617db5021b2c699cab1',197,1,'munesh','[]',0,'2022-08-14 17:22:21','2022-08-14 17:22:21','2023-08-14 19:22:21'),('9c93540d0d067d5172e53ecdd383616df30cb82e0ffb5d59d94a8076190700c176f364988985161e',103,1,'OfferApp','[]',0,'2024-12-03 16:19:24','2024-12-03 16:19:24','2025-12-03 16:19:24'),('9d60917425b82a22eeea4efbb965521f8e2450b6a7efec9720f5a60a591edbb5f7999c0790d881ab',57,1,'munesh','[]',0,'2023-08-18 00:37:15','2023-08-18 00:37:15','2024-08-17 17:37:15'),('9dae028b277ad5684bf455185714bd3690e2c183dacc862f87a483c7ab2a7c659f6ba331f9349ed8',138,1,'munesh','[]',0,'2022-08-01 17:50:17','2022-08-01 17:50:17','2023-08-01 19:50:17'),('9e0364ccce568bb914958d6fd604dc1afd9cffa109bb70f11a274eaa9462189f5867174741f64074',188,1,'munesh','[]',0,'2022-08-13 17:03:17','2022-08-13 17:03:17','2023-08-13 19:03:17'),('9e05869b4a6fa1b3cad7b90dd912e69600b162abac15d48e41513fcdd80a68aacdf1cf6eaff6cd0d',233,1,'munesh','[]',0,'2022-08-20 17:12:41','2022-08-20 17:12:41','2023-08-20 19:12:41'),('9e1be72e646c06536d337f946141a4eb51e71926ce5de8f5037f2d4aefe4e3d05f7c9c15057040b9',288,1,'munesh','[]',0,'2023-01-28 00:57:43','2023-01-28 00:57:43','2024-01-27 16:57:43'),('9eed2c8d04f06cfee2695958a6cc1317077d6ae68de6d8411c771daa3e215b83b59862b038714907',163,1,'munesh','[]',0,'2022-08-06 17:34:33','2022-08-06 17:34:33','2023-08-06 19:34:33'),('9eee125c6671b03558da894d78f2a054b861dac17576725141c41c966641495321994218628c443a',90,1,'OfferApp','[]',0,'2024-12-15 10:10:48','2024-12-15 10:10:48','2025-12-15 10:10:48'),('9f35db179db8d7da97e66fe54d0cff9f80f741eb1c5ead228eae8a113020a5831e99ccacf74ee449',205,1,'munesh','[]',0,'2022-08-15 11:38:04','2022-08-15 11:38:04','2023-08-15 13:38:04'),('9f83c67c1f8f145d4867eb5b0d06e0cd003ed2f012e3770c822218897a8c7e5583ca7bffa66e7069',57,1,'gshop','[]',0,'2023-07-30 00:43:03','2023-07-30 00:43:03','2024-07-29 17:43:03'),('9f88a18aad7b9e7fac3877c917007a10a0ac90dedbea949f4e4ec70490529a954346c464071d6b08',64,1,'gshop','[]',0,'2023-08-07 17:09:42','2023-08-07 17:09:42','2024-08-07 10:09:42'),('a036242779716faa91828d7fc7b7aa1b5f21d150205c5283c76bbe8aab883f6f22cb57294e69ea4b',168,1,'munesh','[]',0,'2022-08-07 13:06:29','2022-08-07 13:06:29','2023-08-07 15:06:29'),('a05a5684902d015a91a0e9b4406086fea64054b1d2c434c04ffd974b891ca7ef89a55b6a0248a40c',100,1,'OfferApp','[]',0,'2024-12-12 15:09:14','2024-12-12 15:09:14','2025-12-12 15:09:14'),('a05d0cbcf09b1c28c163b8a86128a896233b0f0922a5bcc3cfaba247518a13f3b336871bf5d18ba1',115,1,'munesh','[]',0,'2022-07-30 16:57:29','2022-07-30 16:57:29','2023-07-30 18:57:29'),('a0c7ce7e136d2227945864196f0dd8bc4b555a41f6d5124d08e6f83fa03ece6e9557d7fa590344a6',102,1,'munesh','[]',0,'2022-07-28 17:21:20','2022-07-28 17:21:20','2023-07-28 19:21:20'),('a11d2be05bd1e6861c9a4624df7667f4d875bc9739b3928f0acd5f4afdd356862d28fe3072cf76c5',103,1,'munesh','[]',0,'2022-07-28 17:27:35','2022-07-28 17:27:35','2023-07-28 19:27:35'),('a123fb0a85d2480bb3f162efe8e192ac0893ebe96084db9bb80a1251e83fd1e1beb2ed73312a9994',136,1,'munesh','[]',0,'2022-08-01 13:20:22','2022-08-01 13:20:22','2023-08-01 15:20:22'),('a128825dac402247f972a733c4199c133ac9f5b1dcd228e0f43188d8c169943d5476a683c17ad340',82,1,'munesh','[]',0,'2022-07-18 01:48:23','2022-07-18 01:48:23','2023-07-18 03:48:23'),('a14b29ef8b997d04b2ca463b00e2a55bee644790b40b0c53dcb39af7bdf4dedf488f8f249bb7e705',47,1,'gshop','[]',0,'2023-06-14 05:21:27','2023-06-14 05:21:27','2024-06-13 22:21:27'),('a15a2111beea4f7a658628d0addf70733ffeef9994cc9538bc4251974c8e27eee37a4dba4f4ac9b3',101,1,'OfferApp','[]',0,'2024-11-25 22:23:37','2024-11-25 22:23:37','2025-11-25 22:23:37'),('a1876c12728ff79fff8a4c6dbc747f8f2deb3a47685e56cf3415226e2f76e114ae5371c57509f860',267,1,'munesh','[]',0,'2022-09-23 07:04:28','2022-09-23 07:04:28','2023-09-23 00:04:28'),('a190c8953228a29e87b0402084d458d20b523e940690d452803ccc35a90780ff402da32767fc74c7',100,1,'OfferApp','[]',0,'2024-11-25 23:08:30','2024-11-25 23:08:30','2025-11-25 23:08:30'),('a1ac346ac36f57ef45223a8170e33d71f0448673e9869ce3ab4370af08274300a66171065e409204',100,1,'OfferApp','[]',0,'2024-12-11 00:01:17','2024-12-11 00:01:17','2025-12-11 00:01:17'),('a1cc21d6ef00a63d0ad8e2aaa45fd5cb5ec48f6f3fceb9c960dffcfacb51e109d690cae18bd01f77',73,1,'munesh','[]',0,'2022-07-04 10:16:45','2022-07-04 10:16:45','2023-07-04 12:16:45'),('a1cfa4919c3fcda63416e9410f8c4a9086f2b3691edad5a2b1570ffefd4ef18a59395a903b3c4efd',133,1,'Aqar','[]',0,'2025-02-09 15:51:04','2025-02-09 15:51:04','2026-02-09 15:51:04'),('a1e38b467baa4c397d23b5f1b173fde28bf9ff2af470967706f2408b3da3df3156df24248c84564e',49,1,'munesh','[]',0,'2023-08-14 18:21:06','2023-08-14 18:21:06','2024-08-14 11:21:06'),('a2341ecf23bf99bead4de546e41056027b364e112cdae0ef39cfdba4947803ae165747809d2b34d7',70,1,'munesh','[]',0,'2022-07-30 08:08:39','2022-07-30 08:08:39','2023-07-30 10:08:39'),('a27856b4f283c2cd93d9528c82af3ed1f66de56a16489d4ed4f4006f9d0ec1cf0466d02c4ab729eb',44,1,'munesh','[]',0,'2023-05-28 20:34:06','2023-05-28 20:34:06','2024-05-28 13:34:06'),('a2b04bae7fc43eb7b02c321c181dee3d838ebb54827a7476b9d454db59e26ef1ae835abc18c39346',150,1,'munesh','[]',0,'2022-08-05 21:44:37','2022-08-05 21:44:37','2023-08-05 23:44:37'),('a2da0a36c7644ab9743cdfc050509e5b7889799f51c75def37cb9ba7a1df58c944a1d1ae6cb78372',27,1,'gshop','[]',0,'2023-05-13 17:24:39','2023-05-13 17:24:39','2024-05-13 20:24:39'),('a2e876d91be1a60c066c95d8cef30bbd437437965d20217da803524e9b5a6d3c73ac3567a6bfb80e',57,1,'munesh','[]',0,'2023-08-24 01:18:13','2023-08-24 01:18:13','2024-08-23 18:18:13'),('a311dc9f3c6f489e74f34248a0ddb3db1112babacb897e033cb5028b13026369fab74c68582cfad6',141,1,'Aqar','[]',0,'2025-06-15 11:33:18','2025-06-15 11:33:18','2026-06-15 11:33:18'),('a31ade7a0f91e8be5fdd110d30b33a60d14c137834633c1961f0768f892d855d6a0d27f4a30a3ed7',49,1,'munesh','[]',0,'2023-08-14 18:22:37','2023-08-14 18:22:37','2024-08-14 11:22:37'),('a370d35193c53bccf65240edd68d646c4ba10fb4d92e61c795c23ff36f5dabc4d4b462824bd03399',273,1,'munesh','[]',0,'2022-11-16 02:35:00','2022-11-16 02:35:00','2023-11-15 18:35:00'),('a3a86304aaf5c7743d9dd69dde3d3f1c501f49659fc5330f4a503a46f00e6a1cbd2b22ff908df4f0',143,1,'munesh','[]',0,'2022-08-04 17:31:04','2022-08-04 17:31:04','2023-08-04 19:31:04'),('a428801be4e66bbf7a95d84c9153c02d47293fd7a6e395060d61f13551afe664ee0fed5ce94f6210',42,1,'munesh','[]',0,'2023-05-23 06:25:59','2023-05-23 06:25:59','2024-05-22 23:25:59'),('a46834d026e67081f4d9da0aa9c8d2aa375aeeeecbf2422a8c8dc4b296f40a8dec3dc24ca936886b',136,1,'Aqar','[]',0,'2025-02-09 16:03:29','2025-02-09 16:03:29','2026-02-09 16:03:29'),('a47af46a853179fb72845b4544dad166a7c965b1df0085d0226c8ab61e2ff28efd55e9f1f7fa2ece',169,1,'munesh','[]',0,'2022-08-07 13:04:52','2022-08-07 13:04:52','2023-08-07 15:04:52'),('a48fae27fb713b0654e3a61ee8ca6334e167c99fe1c43243fa48a6362e509197c09424bc23b09487',75,1,'mazraa','[]',0,'2022-07-29 06:17:41','2022-07-29 06:17:41','2023-07-29 08:17:41'),('a4bf5d0387d22b7f659426a79d572201deb1d26dc11c9374a25448c86a89eb919a552e3df71397c8',99,1,'munesh','[]',0,'2022-07-28 17:01:34','2022-07-28 17:01:34','2023-07-28 19:01:34'),('a4c3080dc3aca220f101531314da851071c68d878c138f731d55c8f197df7580bf9fe14f3d068c2d',227,1,'munesh','[]',0,'2022-08-19 19:14:02','2022-08-19 19:14:02','2023-08-19 21:14:02'),('a4cb306ad634b75250675fd285a0245668d0890c9a2794a88aa2e874677a1cfb01526a5a481dcc58',3,1,'mazraa','[]',0,'2022-06-23 07:55:37','2022-06-23 07:55:37','2023-06-23 09:55:37'),('a4ea720bb7f422a3428f6e4ca296c835acfa31523b2bf1f4bb56033d392c3cf1254f4606d73653e5',70,1,'munesh','[]',0,'2022-07-27 12:59:58','2022-07-27 12:59:58','2023-07-27 14:59:58'),('a55ba3948553fe6f5488b040056fe0398ea7e11d3089d7a058970a5c03fd6da0a15ab61d3b8312f8',262,1,'munesh','[]',0,'2022-09-03 05:41:23','2022-09-03 05:41:23','2023-09-02 22:41:23'),('a5bde9c37673a4b20b7ae5aa458e092cd8b4a090a1ed3d6fa1552f5a3e2ae47ea9bcbcd08508461b',174,1,'munesh','[]',0,'2022-08-11 14:00:52','2022-08-11 14:00:52','2023-08-11 16:00:52'),('a5e31f0b4e0e71b4d1157928d83d8cf37e4ca8c4447cb9fbf1fa7412ae4c1b6dda5c0d927e6d6e4c',49,1,'munesh','[]',0,'2023-09-03 22:25:32','2023-09-03 22:25:32','2024-09-03 15:25:32'),('a5fe55b4328ca07e69a43c9b5f355ca7cd58c05a2e1627305ad727dbac5fc23746d11e972268cf37',266,1,'munesh','[]',0,'2022-09-15 20:38:00','2022-09-15 20:38:00','2023-09-15 13:38:00'),('a60aaeb5365c147f40fbc39be4d84a628573c1662beee9b6ec64359565988ed5d248bd230d8c1a52',100,1,'OfferApp','[]',0,'2024-12-03 17:00:03','2024-12-03 17:00:03','2025-12-03 17:00:03'),('a610a415cf57be08b3294294aaf8f8a0c43f2b67d3f8b95f50a3b569d2ecdced89a4d93048bb9d80',129,1,'munesh','[]',0,'2022-07-31 17:41:54','2022-07-31 17:41:54','2023-07-31 19:41:54'),('a650a032af8729b9c5ee17577673d42666b50d917b97b3ac1de31b9b05ed788bf69891c861ac3d79',11,1,'mazraa','[]',0,'2022-06-23 07:56:19','2022-06-23 07:56:19','2023-06-23 09:56:19'),('a68b834c689308291facc3ebcdd6fbe649fe6afeeb67813831f0647ccccf15e63f470f7d6a0f964b',157,1,'munesh','[]',0,'2022-08-06 11:59:53','2022-08-06 11:59:53','2023-08-06 13:59:53'),('a6e569f6ea4422d77d77f5f270f6f47e207d90205801ec3e250b8b338ba318eb5d02f2bdcac20347',198,1,'munesh','[]',0,'2022-08-14 18:44:36','2022-08-14 18:44:36','2023-08-14 20:44:36'),('a701a8d9945978ed9153682210a3ccfd7dfd48fc284a324eafe1412ea1865a425e74284e88a55e92',11,1,'munesh','[]',0,'2023-06-21 08:59:26','2023-06-21 08:59:26','2024-06-21 01:59:26'),('a7155db26c09d3c66f005e8c40f13887f6fffa1e91e9b6044de8b615a0458c02d6dc71880ff7394a',134,1,'Aqar','[]',0,'2025-02-09 15:54:39','2025-02-09 15:54:39','2026-02-09 15:54:39'),('a720cf342d5d918883f0f3b87eba872f335f951202fd48b9410244270b528bfe23f40918955ac1be',112,1,'munesh','[]',0,'2022-07-30 13:29:22','2022-07-30 13:29:22','2023-07-30 15:29:22'),('a73c533ceebc201d67ef1f67e8ddfb7f832ebf528c4e581ab5f56dedc219e6617d0aa3b90de56065',24,1,'munesh','[]',0,'2023-05-09 19:37:12','2023-05-09 19:37:12','2024-05-09 22:37:12'),('a820e560af1b5f6b95c82538fa005d258ff069a7f1d871817abcf2abef41604d5f1e9a2d7b8a846e',57,1,'munesh','[]',0,'2023-08-24 01:07:29','2023-08-24 01:07:29','2024-08-23 18:07:29'),('a836a3bef05e3a5b1365432f52b12f65f5fd6dca2604b921e7c5961cc14b79dff2e65dc3f3b65783',130,1,'munesh','[]',0,'2022-07-31 17:44:36','2022-07-31 17:44:36','2023-07-31 19:44:36'),('a8643d88c8107bc2d157babdbcfa80d405f5d3a489c44a7a7d2dcf4286e618ce1db38e4fe3989aca',7,1,'mazraa','[]',0,'2022-06-22 10:16:25','2022-06-22 10:16:25','2023-06-22 12:16:25'),('a8bc67736989dcd03195c16e885c528dd81364a72a0c2930f8126b094ab9098b42df20c34ccb87f7',270,1,'munesh','[]',0,'2022-10-13 02:37:18','2022-10-13 02:37:18','2023-10-12 19:37:18'),('a8ce1656b12754322ef4871570a6e69d1cd69b164d0251b34c1ca6f9838914567bb2fccb6e4569f4',159,1,'munesh','[]',0,'2022-08-06 12:42:54','2022-08-06 12:42:54','2023-08-06 14:42:54'),('a92db5f14d23b8104d612146d8c16306f18aafef0115110ede60330be2ea8b2478a4a7f09e161f37',134,1,'Aqar','[]',0,'2025-02-09 15:55:17','2025-02-09 15:55:17','2026-02-09 15:55:17'),('a98d666450c09754b1e2980a9fddf6b65091682c746bcb96143e96514f6792ec6508a467feefbb4e',47,1,'gshop','[]',0,'2023-06-15 00:48:53','2023-06-15 00:48:53','2024-06-14 17:48:53'),('a9fc00fe97bfc76569fb119411722abc1ae2d4778755ecf69b296de397a7c258e88cf40293c3e892',128,1,'Aqar','[]',0,'2025-02-09 15:37:31','2025-02-09 15:37:31','2026-02-09 15:37:31'),('aa1abc1357c2d16312e54cfcbfcf5d0a0b5da2cdd473b93c26f0c5fe98ed5b847bd22ae7de7dd9d0',48,1,'gshop','[]',0,'2023-06-06 09:19:29','2023-06-06 09:19:29','2024-06-06 02:19:29'),('aa3813e78585961696de9a0026ac29fae342197e0fbf6759d62b7a558e60e9d288d28c4d0c872db8',11,1,'mazraa','[]',0,'2022-06-23 08:06:35','2022-06-23 08:06:35','2023-06-23 10:06:35'),('aa45ca1d1adbd1164b9c242e9843e8f8acfee0e96288504f36d07aba944c983418f93e13f1dde549',11,1,'munesh','[]',0,'2023-08-11 09:11:42','2023-08-11 09:11:42','2024-08-11 02:11:42'),('aa743401716824e102296cbe40db67e339e32094262a437e815faa9cc1c0331f580b8d5dc65818ce',93,1,'OfferApp','[]',0,'2024-11-25 10:35:09','2024-11-25 10:35:09','2025-11-25 10:35:09'),('aa96137f1de361e8e618d562c1360972c91605c062e29f12306b2339f1ea8c22f635372fe345d497',57,1,'munesh','[]',0,'2023-08-24 01:18:15','2023-08-24 01:18:15','2024-08-23 18:18:15'),('aad04b3048c0301be785209d311f72152b238bdead8115d49968b38f28a12278d7f339fa47c796ac',49,1,'munesh','[]',0,'2023-08-14 18:22:33','2023-08-14 18:22:33','2024-08-14 11:22:33'),('ab0136d4698043d2abcffcffbea1ce434a8843b7ecf03fd50481b447d7226cb1710480aa12f4e3a0',49,1,'gshop','[]',0,'2023-08-14 18:15:03','2023-08-14 18:15:03','2024-08-14 11:15:03'),('ab1e640ad6ed589a1ab686ab06084326ebb46e4d9a1b8be1540563b978139a53c4e902c2ffc61ee6',96,1,'OfferApp','[]',0,'2024-11-25 10:41:24','2024-11-25 10:41:24','2025-11-25 10:41:24'),('ab4f237c41197f0ad0173f534da0aaa265df1e77fe6441eabdd652782a0a1123d39ccf1b3fce3443',178,1,'munesh','[]',0,'2022-08-11 22:59:10','2022-08-11 22:59:10','2023-08-12 00:59:10'),('ab87cfcb56e53eb7a4c3f11c9388750f4e331bde171281f9469560410e9adbba868a84aa01e9f581',49,1,'gshop','[]',0,'2023-08-14 18:19:14','2023-08-14 18:19:14','2024-08-14 11:19:14'),('abeca4d1be5d43f4864df039d989d52735ee8e976ecfa48175d2e0378812ea0c736bcb9c5363d87a',140,1,'munesh','[]',0,'2022-08-02 18:56:08','2022-08-02 18:56:08','2023-08-02 20:56:08'),('abf665949a0e9f22711bd883b9feeca5c8ef521c44301b547a2d9e5b26308ce9d137d6c74793b600',75,1,'munesh','[]',0,'2022-07-04 14:02:52','2022-07-04 14:02:52','2023-07-04 16:02:52'),('ac43de28604dbccab4a4d91505e236358e478ffd308e702121272cbf7d60ecf273701ffe8de6c7e9',137,1,'munesh','[]',0,'2022-08-01 15:31:22','2022-08-01 15:31:22','2023-08-01 17:31:22'),('ac54a87a248ef5eaebff42a2af6f62715a0cf5e6021b2bd29cb72cbf9f112727e04a78af1bb4830b',190,1,'munesh','[]',0,'2022-08-13 21:03:48','2022-08-13 21:03:48','2023-08-13 23:03:48'),('ac63b8e84ef3f091f4f8f4fa197469b7a9f3abd8a1b089d12b2c0b09adcba7a80065f36b087d809b',11,1,'mazraa','[]',0,'2022-06-23 08:01:42','2022-06-23 08:01:42','2023-06-23 10:01:42'),('ad27eaa76606aabc0d33ac253991c8f35bb1d0825e07e7a264787317ea872488f9f513d2f8939539',124,1,'OfferApp','[]',0,'2024-12-14 00:54:13','2024-12-14 00:54:13','2025-12-14 00:54:13'),('ade0cf913e00c6763ee36c6ad3886673c30fdb0f3137a7377944dfb0a999547fc12b0ad8c88bcf6c',75,1,'munesh','[]',0,'2022-07-10 00:53:50','2022-07-10 00:53:50','2023-07-10 02:53:50'),('ae2c5d31f52bb3106566d8043efe838fb97256bc0fadaeec127282efaaa1614669a0f6ecd127064f',43,1,'gshop','[]',0,'2023-05-23 06:26:37','2023-05-23 06:26:37','2024-05-22 23:26:37'),('ae43815a9f0dfa9632e341c7915bbf8ebba47c52de2aa1ed40e59ce9de96d33346356b8b5f116139',57,1,'munesh','[]',0,'2023-08-17 18:42:08','2023-08-17 18:42:08','2024-08-17 11:42:08'),('ae62507013a138a629a1bfb38c32cec636d16b71b87498b4ea1872ae46c8f6f9c38e3b7141250f99',86,1,'munesh','[]',0,'2022-07-26 19:28:27','2022-07-26 19:28:27','2023-07-26 21:28:27'),('ae749541c601664c149c8c7a3912f9a722b90291a598c83d8f34e4bf27ff5e643e4b19ec1c22546a',163,1,'munesh','[]',0,'2022-08-06 17:34:17','2022-08-06 17:34:17','2023-08-06 19:34:17'),('ae94aa2f573d5f7a48783129feedfd4f75aaf4bd33e539844a3163cca863d04b0a57fbb9115b9419',196,1,'munesh','[]',0,'2022-08-14 16:53:18','2022-08-14 16:53:18','2023-08-14 18:53:18'),('aec0ffd1838c8890fd7479118463036a0cb5c2c30b5c0cd77cf42c360ff5b27e7302e0d66ea641cf',75,1,'munesh','[]',0,'2022-07-04 14:03:43','2022-07-04 14:03:43','2023-07-04 16:03:43'),('af57c6f39a9f911b5cf08bd02552cffcba09b7c83d22fe5c6e40a543adfdb3c24080ed836a647751',136,1,'munesh','[]',0,'2022-08-01 13:20:36','2022-08-01 13:20:36','2023-08-01 15:20:36'),('af5f09af690ca6b761b08c2e27f9e27a56794691428fe1297830a91c07825b089961542d60fd1f53',47,1,'gshop','[]',0,'2023-06-10 01:17:58','2023-06-10 01:17:58','2024-06-09 18:17:58'),('af6e35eb1fcca4131bf98c25f3f6353f3eadd5e4224340c8611cd159a3db6ae2774f39faf1ffab3e',39,1,'gshop','[]',0,'2023-05-25 05:41:56','2023-05-25 05:41:56','2024-05-24 22:41:56'),('af776580dc5261df67e821d409e5662273e5a2cc06c2b34167a2dbe883d812aa26cccd6050259493',157,1,'munesh','[]',0,'2022-08-06 11:59:44','2022-08-06 11:59:44','2023-08-06 13:59:44'),('af8ce26af30896d7ced4442cf7bc1815b26966a5973a39df022283f17c9dd774e07828927758d58d',135,1,'Aqar','[]',0,'2025-02-09 15:56:24','2025-02-09 15:56:24','2026-02-09 15:56:24'),('afa20eb45aba6abc289548e465e8997ba257e7b736abf85b3208b998fb9230f0cecfd4415573422f',100,1,'OfferApp','[]',0,'2024-11-25 15:58:20','2024-11-25 15:58:20','2025-11-25 15:58:20'),('afe59b5790efc8a118337c6d81884487ffe46012884fe0f140975d8343898e2aea0e5c3328a70feb',99,1,'OfferApp','[]',0,'2024-11-25 15:46:17','2024-11-25 15:46:17','2025-11-25 15:46:17'),('b04ba3873e28962b1c02eef1628afde382455b18665f74d1796c17058b4386677aec8cd64cb1cc38',108,1,'munesh','[]',0,'2022-07-30 13:18:15','2022-07-30 13:18:15','2023-07-30 15:18:15'),('b080ae563b68e8f51afad41c9f40661424573bb4548173f5ffbf70da64f51a84080f1c3584e89428',76,1,'munesh','[]',0,'2022-07-04 15:25:51','2022-07-04 15:25:51','2023-07-04 17:25:51'),('b08756dad998d5c5cb65cb054adf79955fe6410ecfb5550435daad325bf5a4f767944ba70ed7de52',90,1,'OfferApp','[]',0,'2024-12-14 16:36:25','2024-12-14 16:36:25','2025-12-14 16:36:25'),('b09dac1a3899352672773103ad9322aa2676b8fcab729819776696b43525beb5e976b09d0ad44c4b',75,1,'munesh','[]',0,'2022-07-28 07:13:42','2022-07-28 07:13:42','2023-07-28 09:13:42'),('b1169b4c37adafcaac863ef62d6d417ead211bfceecc93ad783c8dd27cd5bea1465a133f2fa4e43b',271,1,'munesh','[]',0,'2022-10-30 05:35:47','2022-10-30 05:35:47','2023-10-29 22:35:47'),('b129d6efcb949809f382e9317d2f8ec44836b8b129247008dde17a48af0f254d2e8ba878a7a7dbd5',124,1,'munesh','[]',0,'2022-07-31 11:07:40','2022-07-31 11:07:40','2023-07-31 13:07:40'),('b148922b60dfa2ea5ba62db1904e8c2e6255944e268d88c39365cd151d00698de9c0e5a5ba7dc163',213,1,'munesh','[]',0,'2022-08-16 16:24:39','2022-08-16 16:24:39','2023-08-16 18:24:39'),('b1764f6c6dfcc1676e523d141cd853a70c3b29df3214432d2435a8e97d8d97f62544514ef575dc03',11,1,'gshop','[]',0,'2023-05-29 06:40:22','2023-05-29 06:40:22','2024-05-28 23:40:22'),('b1d4e579b19a0889ccc2c0d583859246e38905a017936916792194b3fea26f7c91481035f5c4dd19',44,1,'gshop','[]',0,'2023-05-28 14:58:49','2023-05-28 14:58:49','2024-05-28 07:58:49'),('b1f93bf405ea55fde99fd8ccf912101f70f7d69c8d4dd29401fd5285dc25820f16c60e4448fb5914',79,1,'munesh','[]',0,'2022-07-16 15:50:58','2022-07-16 15:50:58','2023-07-16 17:50:58'),('b21736e07dc1eeec06c51474b4468fffadb84be1539b0778d3637c17dbabe6759ce143ba7c12c074',69,1,'munesh','[]',0,'2022-07-04 08:38:45','2022-07-04 08:38:45','2023-07-04 10:38:45'),('b2207527c828617472d6a7091e2d9e21bde3ffabe836587919db7953a5a4f8bae8b1780d63599691',64,1,'gshop','[]',0,'2023-08-07 16:46:40','2023-08-07 16:46:40','2024-08-07 09:46:40'),('b2335646c9d8276e1e452f1fd04e364dde3c57c64077149e46273af8ea9cf9a10879997c2b4b7724',172,1,'munesh','[]',0,'2022-08-07 19:23:52','2022-08-07 19:23:52','2023-08-07 21:23:52'),('b2fc8354a826fbc15b353936858ca883b2cc664033d0c411f44779d6751b814b518b9bd672f8bdea',166,1,'munesh','[]',0,'2022-08-06 19:10:13','2022-08-06 19:10:13','2023-08-06 21:10:13'),('b30d138c79c182466a0989f8402394461246e22acc660e96e6383e312960284ebc67490c561f0101',88,1,'munesh','[]',0,'2022-07-28 14:59:57','2022-07-28 14:59:57','2023-07-28 16:59:57'),('b313b87d7eacce47ed2357c5bc3d5ef79525a5e13cae84242d2cdcf4e6c224416ad343367f337b66',253,1,'munesh','[]',0,'2022-08-24 13:40:30','2022-08-24 13:40:30','2023-08-24 15:40:30'),('b34dd46183bc6c5c6ddeaea4d02ad6b68f837cd9249be95f2dc71fdb98ad83837325304af8dacc8e',98,1,'OfferApp','[]',0,'2024-11-25 10:59:18','2024-11-25 10:59:18','2025-11-25 10:59:18'),('b408f408867191a47ce0625ea8ce931e922ed7d6f7e41792f3b5e61b8e0287ee3af37e4689bcabbe',100,1,'OfferApp','[]',0,'2024-12-14 14:04:30','2024-12-14 14:04:30','2025-12-14 14:04:30'),('b451ec01ff6334668d08497f9689f5b15129bdf9516ebe53d12f9a0f4e979a675b38c3e331592f9f',57,1,'gshop','[]',0,'2023-08-18 00:37:01','2023-08-18 00:37:01','2024-08-17 17:37:01'),('b49b4626fdf73693cd4dfd53afb1baa033460c59757cb38c085de639704ac446cde10e9f995553b0',195,1,'munesh','[]',0,'2022-08-14 14:36:47','2022-08-14 14:36:47','2023-08-14 16:36:47'),('b4c44e2514812840f262677f2583d0544a7e5d07bcf427f20f0b35f1148244b60c6efd2349373ec3',289,1,'munesh','[]',0,'2023-01-28 01:01:08','2023-01-28 01:01:08','2024-01-27 17:01:08'),('b519f20f48dc5961d5506ed354cf8360b0c0dbc50f5a36760088837c03cab97042f20d8fb912cb03',57,1,'munesh','[]',0,'2023-08-24 01:07:28','2023-08-24 01:07:28','2024-08-23 18:07:28'),('b59ba10ff5396fcd45df90804596207ae9574ee2a9faf995b9726adebe021582169a5e85a5918f0c',69,1,'munesh','[]',0,'2022-07-04 08:38:32','2022-07-04 08:38:32','2023-07-04 10:38:32'),('b5cd7f971f35a9fe4b08b995b5f29f21e2790fd489cd46a9d434ce6a04dd074fab9a13d8074a726e',11,1,'gshop','[]',0,'2023-06-15 05:38:28','2023-06-15 05:38:28','2024-06-14 22:38:28'),('b67040fc8b95e8599fd4d277394ee3e6c9bc5b2b4581d1fb2892c08ab917348bf91754ebd010be09',93,1,'gym','[]',0,'2024-11-12 00:09:05','2024-11-12 00:09:05','2025-11-12 00:09:05'),('b6771e290b60cafb3086b2a561ddb9fbff47e9ee3bd0e6ce88fa1935a42efb4195b5367d15c7f198',180,1,'munesh','[]',0,'2022-08-12 04:54:21','2022-08-12 04:54:21','2023-08-12 06:54:21'),('b696b810b4976fa0ade4ef19084bc6affd79742b79a71a04849191a866aed40ce9ac048c1440e74e',224,1,'munesh','[]',0,'2022-08-18 23:29:44','2022-08-18 23:29:44','2023-08-19 01:29:44'),('b6b80268d93d2a4520c61d310d68eacaab7bd137c1632660c6bb92a4413fdfb0b71e82039a6fc462',19,1,'gshop','[]',0,'2023-05-08 21:01:48','2023-05-08 21:01:48','2024-05-09 00:01:48'),('b71fca5cc648565d1c6435ca75fb81d96b4e9a0a268f0de4e065ce3f142fe156263fd86239948ab6',102,1,'munesh','[]',0,'2022-07-28 17:24:07','2022-07-28 17:24:07','2023-07-28 19:24:07'),('b866955b4fcb84bbdf000b84dd415758fad8f6a6f375886c64f853cdebc48b7737717d890c2c0c96',232,1,'munesh','[]',0,'2022-08-20 16:20:26','2022-08-20 16:20:26','2023-08-20 18:20:26'),('b867750c74d5d8efa55c0f02d37f118a5b614ac48a89eaee0b6306c5a58458c67ab619fa9b2e2612',132,1,'munesh','[]',0,'2022-07-31 18:02:00','2022-07-31 18:02:00','2023-07-31 20:02:00'),('b87c04fe5fc095821cdcac9c9229548aefc43fca3bf9901c247713c6f0ea2ac68badba208f2dda82',279,1,'munesh','[]',0,'2022-11-24 12:46:47','2022-11-24 12:46:47','2023-11-24 04:46:47'),('b8b7de90043f20f481078f1be75f250828e75cc500badc7eb89edac3c2b236a9423155cf7082a19c',44,1,'munesh','[]',0,'2023-05-23 06:33:01','2023-05-23 06:33:01','2024-05-22 23:33:01'),('b8cb4b6ca9925dc237b67a40068de25d340b51b6a983624aeec4d28fa44bed05b1588ce4853a8081',88,1,'munesh','[]',0,'2022-07-28 15:00:35','2022-07-28 15:00:35','2023-07-28 17:00:35'),('b8e2b81c1ef7d887a6ddf8fce72c2ec0367e914b528b817ed86394de80a010802d7922c74449077a',93,1,'OfferApp','[]',0,'2024-11-12 00:02:01','2024-11-12 00:02:01','2025-11-12 00:02:01'),('b8e5a03a2202981c807737d1f57477657e75b442aff2e0790850745ce8d3c530ce2b86482e7bfce2',57,1,'munesh','[]',0,'2023-07-30 00:43:16','2023-07-30 00:43:16','2024-07-29 17:43:16'),('b93a67a71fe6d72364f648aabca2a661f2cfc5342071c9ea6fdc2aa3788315a1f303d50e96575f6e',70,1,'munesh','[]',0,'2022-07-04 08:50:09','2022-07-04 08:50:09','2023-07-04 10:50:09'),('b945b772bff24434d70783746496c83c89e751c58372f62f1b01bceea06675e4bef3fe56a0154d52',49,1,'gshop','[]',0,'2023-08-24 19:19:36','2023-08-24 19:19:36','2024-08-24 12:19:36'),('b9a9a68307ceb50bbec53ce2a460fe003e7a5e83c4afac343c8222d5e607b6609e2de3f37f2b26fa',93,1,'OfferApp','[]',0,'2025-01-07 14:52:59','2025-01-07 14:52:59','2026-01-07 14:52:59'),('baa141fbee288b8cd66ac8df512d3d4c91129e03733514ede9f04e7d2bdf49075569a349f69ac50c',42,1,'gshop','[]',0,'2023-05-23 06:25:35','2023-05-23 06:25:35','2024-05-22 23:25:35'),('bac476380657dbb46523454aa70b573ee350b02951e5161ce6a57775056f115f29ced520c7579235',11,1,'mazraa','[]',0,'2022-06-23 08:07:23','2022-06-23 08:07:23','2023-06-23 10:07:23'),('bb18b213882d4d2506d438e665c5f042b6d3d072eedf450f24ed00c20f3ade7b05272214dbb1de6a',90,1,'OfferApp','[]',0,'2024-12-11 16:36:57','2024-12-11 16:36:57','2025-12-11 16:36:57'),('bba95817f47f2de6f98c89c54d2b8cf137f8e98cd177c0c4055e28f6287cc78396737f6d3f838bf1',49,1,'munesh','[]',0,'2023-08-14 18:22:38','2023-08-14 18:22:38','2024-08-14 11:22:38'),('bbfa1d687a5ea6f7cbe1b62400a2a615fe4889aec355a2bc0654269495ce39250bf72f545519cc91',50,1,'gshop','[]',0,'2023-06-20 22:25:47','2023-06-20 22:25:47','2024-06-20 15:25:47'),('bc0ade1599d0e0141ba8856c39c425a5820595a228762edec4fbfcff0f15e6d18a43a92a62cf3798',226,1,'munesh','[]',0,'2022-08-19 18:21:16','2022-08-19 18:21:16','2023-08-19 20:21:16'),('bc384b95e6f5b2273b0dd69553b7ea16305fc0b88621561766a0a2b8cf2983cd05914e5f4f8067ad',102,1,'OfferApp','[]',0,'2024-11-25 22:48:44','2024-11-25 22:48:44','2025-11-25 22:48:44'),('bc524a56e1878156d922749bd40b5bd8c5df5e378c46930f6c35ffc5a02c98350fc0a11cb8435ff0',99,1,'OfferApp','[]',0,'2024-11-25 11:22:21','2024-11-25 11:22:21','2025-11-25 11:22:21'),('bc9c14a2c15cd0e38a9d8585e1776ed82ae524556a9ae4c79ae1fab8b577fd20814f22322f25b52a',254,1,'munesh','[]',0,'2022-08-24 13:40:31','2022-08-24 13:40:31','2023-08-24 15:40:31'),('bd29af528fe493d45a8aff9b8231883fc265c8bd9058717128eb4a65bd14bf519adc06d7087ead8d',57,1,'munesh','[]',0,'2023-08-15 01:23:39','2023-08-15 01:23:39','2024-08-14 18:23:39'),('bd5763c71b50cfc4dc6c9dd2aa1fdcdc373843d25f09360147e412df140f442e2c57290dc8e8d222',100,1,'OfferApp','[]',0,'2024-11-25 18:03:32','2024-11-25 18:03:32','2025-11-25 18:03:32'),('bdbf1b295898bd17fe3558c997c98159d446d5094b63e2370727dccd61e5fb307dd1da69b6fdfb4d',101,1,'OfferApp','[]',0,'2024-11-25 23:06:41','2024-11-25 23:06:41','2025-11-25 23:06:41'),('bdf5f578538512bea83569f47d074b0a5ebdbb4a9767ec752bb6c9d5ae50473029fe5cd847b7298a',70,1,'munesh','[]',0,'2022-07-04 09:58:31','2022-07-04 09:58:31','2023-07-04 11:58:31'),('be5d0f666aa573615d745d944d85a1502e9a9f3221b1fb49b5273cb2932a6e90ca66d7c7ec739673',259,1,'munesh','[]',0,'2022-09-02 09:48:53','2022-09-02 09:48:53','2023-09-02 02:48:53'),('be85f94283c34d81b7732f6be69a80266e5885a7e0d3482b163cb73d3f68f66dc768d7d4f40cf9f5',191,1,'munesh','[]',0,'2022-08-13 21:34:05','2022-08-13 21:34:05','2023-08-13 23:34:05'),('beb1399a33d7093d039888efd3fb831d74897d3966e2812f6a03d9b87ba9eae53585d8d1ff9f1bb9',102,1,'gym','[]',0,'2024-11-25 18:14:19','2024-11-25 18:14:19','2025-11-25 18:14:19'),('bec2dcd2286167bd136918a8e67893307c3195d8ec4a8ac12731121073e62759d32355f1964ed72a',49,1,'munesh','[]',0,'2023-08-23 18:08:51','2023-08-23 18:08:51','2024-08-23 11:08:51'),('beed2d31d6d1934424f6b3faa44ce2f8ddbec4cb6bc80a44deb4f948f90a9d2fcec5b94fb0c1893d',93,1,'munesh','[]',0,'2022-07-28 16:52:30','2022-07-28 16:52:30','2023-07-28 18:52:30'),('bf35950c146be6273557a7f063d2cf312a8d6590e061977fd3bac4c48fee844836a916c02b8fd4dd',100,1,'OfferApp','[]',0,'2024-12-11 00:14:08','2024-12-11 00:14:08','2025-12-11 00:14:08'),('c050ae5f26669f7490ad7b6c9c9db8eb448e05996225b596133a0b76d07b18d87fc43605e5a63d0f',76,1,'munesh','[]',0,'2022-07-04 15:26:38','2022-07-04 15:26:38','2023-07-04 17:26:38'),('c056184b218e67650be5c6c489227b8a4d933a3c57a3626f9f65af4416c7ad142dfcd7266f869eb2',68,1,'munesh','[]',0,'2022-07-04 08:13:34','2022-07-04 08:13:34','2023-07-04 10:13:34'),('c057da5823b1f39f1aaf3969f924178ed3d51996d728ad9265f246817badd404a75c247ef805db0f',70,1,'munesh','[]',0,'2022-07-20 20:22:50','2022-07-20 20:22:50','2023-07-20 22:22:50'),('c05b6e4c68d954994c829398c8936f1ad516a1c67a07648b7030339fb4a50451f04ac7868ec90b8f',23,1,'gshop','[]',0,'2023-05-08 21:49:52','2023-05-08 21:49:52','2024-05-09 00:49:52'),('c070834d6d69319bd0911d46a4af0755d32bbf39fee6f303297e5b50f71b868d9ccdb111b3dad9b1',191,1,'munesh','[]',0,'2022-08-13 21:34:05','2022-08-13 21:34:05','2023-08-13 23:34:05'),('c0c968832aaa9490ba7de8d58a6d326d7c70583a615b344047c546a3f786cffdae986c2211ef864a',100,1,'OfferApp','[]',0,'2024-11-25 18:19:44','2024-11-25 18:19:44','2025-11-25 18:19:44'),('c0ea8b9892a8b7e8fb49a2eae3294d568a02a390cdaedc72ae43c981140c5ae00cdf0be91bba9e36',93,1,'OfferApp','[]',0,'2024-11-12 00:13:26','2024-11-12 00:13:26','2025-11-12 00:13:26'),('c10a70e9f50e98b361997e94db4cceee0cfab4276178fd6f77abd85c68172d48c8321fd0933cad74',181,1,'munesh','[]',0,'2022-08-12 08:21:50','2022-08-12 08:21:50','2023-08-12 10:21:50'),('c11072ee7f22faa2e16ead03a2ff557784b8aaa497c15fd4a1dd83b323a76856bda3538fd3f5dbc2',230,1,'munesh','[]',0,'2022-08-20 15:12:13','2022-08-20 15:12:13','2023-08-20 17:12:13'),('c12f63fa2e8ae395908ae65fe65cf1baeabe26de26b234e8bb78c75b8cb1522cc6ac78513f661630',70,1,'munesh','[]',0,'2022-07-05 09:33:56','2022-07-05 09:33:56','2023-07-05 11:33:56'),('c13bea80e3d69760d5a999a7c420a4c9d937d7b5f6d85c70185f9ce491e18dbbefea8cb601e9fcde',124,1,'gym','[]',0,'2024-12-14 00:54:24','2024-12-14 00:54:24','2025-12-14 00:54:24'),('c14a2c6078343908c019a5f4225d46b00b451cbb2cb8e69cb7e2a16ecec77cfaba7c943d133ed810',77,1,'munesh','[]',0,'2022-07-11 01:31:03','2022-07-11 01:31:03','2023-07-11 03:31:03'),('c15958d8dca5a4cf73202b25c2445388d09dde727c79850980d920dd4658119330b5c75c5471552a',70,1,'munesh','[]',0,'2022-07-20 17:42:35','2022-07-20 17:42:35','2023-07-20 19:42:35'),('c16c93cbcc78110e06763bc1444f167aa30ddc5d5ffc3dd75466667fa796ccf42944004ec0bc98fc',285,1,'munesh','[]',0,'2023-01-28 00:55:27','2023-01-28 00:55:27','2024-01-27 16:55:27'),('c1af6ffc9cf5899344ffede1da64d2a02bc8634c4662e821b69bb8dab4d65e5217dd7a16579ebfe4',45,1,'mazraa','[]',0,'2022-06-23 09:54:03','2022-06-23 09:54:03','2023-06-23 11:54:03'),('c1b26dc03d4e4ee5b50d644370e8519d3c65ba6e4d94d6924a4352af2230b146a29dc0284890449c',49,1,'munesh','[]',0,'2023-08-14 18:22:38','2023-08-14 18:22:38','2024-08-14 11:22:38'),('c1d1a940a5ee5e77a3149e851241da6863a031a89bc1ca24cc44b964e39fd28ec1df92f4e554a112',99,1,'OfferApp','[]',0,'2024-11-25 11:25:59','2024-11-25 11:25:59','2025-11-25 11:25:59'),('c1e8fca68836c4dd00167c1fd78faaa8b86e69880f522eb8ee2acaad1006c7de98c856d749658621',63,1,'munesh','[]',0,'2022-07-04 07:59:42','2022-07-04 07:59:42','2023-07-04 09:59:42'),('c212cdfe966885c07cefcfa30fcd419d94a9a4cbbd3e54116c3f60165bf6901bbbf34c501e8b9b65',126,1,'munesh','[]',0,'2022-07-31 16:38:35','2022-07-31 16:38:35','2023-07-31 18:38:35'),('c2961b61345ca128b73fb574337fc457e028e031b426aec386b6be3e8a5aa350e41a5a957bac89b2',95,1,'munesh','[]',0,'2022-07-28 16:55:16','2022-07-28 16:55:16','2023-07-28 18:55:16'),('c29fdce006d3d656b11facd6641b551cb460327d8b2119112e0d0fd4e99406419297a0b1a972383e',70,1,'munesh','[]',0,'2022-07-04 10:24:57','2022-07-04 10:24:57','2023-07-04 12:24:57'),('c2a53994afe7f910574c260ffcd474683aff4c6498b176b0465786ee7af8eba41374a9a2284c3c29',98,1,'munesh','[]',0,'2022-07-28 17:00:18','2022-07-28 17:00:18','2023-07-28 19:00:18'),('c2e234fa7380086c15fa0d2bf35c2b691c789ed20dfffaf4bc36ea5b755eef0ef93a0c6532a8d281',11,1,'munesh','[]',0,'2023-08-10 22:38:20','2023-08-10 22:38:20','2024-08-10 15:38:20'),('c2f646badb4182303a4c230c6ad4b59d54715a797c8eaf88640c79d6eb223da45198edab6b7f7157',278,1,'munesh','[]',0,'2022-11-19 10:45:20','2022-11-19 10:45:20','2023-11-19 02:45:20'),('c306b3ab9820786f4a45d721b60c793e1761decc466968e29163fd51fd9c33e7d5d5c06e0cb845fc',11,1,'mazraa','[]',0,'2022-06-23 08:08:28','2022-06-23 08:08:28','2023-06-23 10:08:28'),('c31aedc999fc823a8cf522eb5a0d62be364aed9dd0a0e3d3b25b0bbd86051887e0ef6730977ec3a3',131,1,'munesh','[]',0,'2022-07-31 18:01:51','2022-07-31 18:01:51','2023-07-31 20:01:51'),('c3f5286496827176899f88fcd5b93c94a30abcba69429f80926510356f65c4e795f29921c48392bd',102,1,'munesh','[]',0,'2022-07-28 17:19:43','2022-07-28 17:19:43','2023-07-28 19:19:43'),('c3ffbf1d5e0ef10d8081fa098983dc7efd625dd6b17f3fc4a23898e2f7af853935af08f229be3792',64,1,'gshop','[]',0,'2023-08-07 16:48:23','2023-08-07 16:48:23','2024-08-07 09:48:23'),('c48dee9a2654203da62835416da362905ff667dd2b60cba79c03a3e45c2e11574e1a3860bb7fcbbb',282,1,'munesh','[]',0,'2022-12-04 10:47:47','2022-12-04 10:47:47','2023-12-04 02:47:47'),('c4d5760e2e141ea40994b16101c40081c02f0eedaeaccb369da94d84e86b015d7956fdd182b49db9',149,1,'munesh','[]',0,'2022-08-05 21:43:46','2022-08-05 21:43:46','2023-08-05 23:43:46'),('c57b7be6967d7476a9168d5fef8998aa7507c0a0221d824655767da6178742ebc21917d35166ed68',57,1,'munesh','[]',0,'2023-08-24 01:09:14','2023-08-24 01:09:14','2024-08-23 18:09:14'),('c5b8be3ee2abe07c0ee3616f8626b0d77ef7ef3556d1bd1dc6530d404e100279b20d258ec6f95a3b',57,1,'gshop','[]',0,'2023-08-24 01:06:20','2023-08-24 01:06:20','2024-08-23 18:06:20'),('c5bf7f941aaf889f7faa89df9da32315de1ac69fadc6f04b70721f78c341d533eb52e42ae450854f',99,1,'OfferApp','[]',0,'2024-11-25 11:40:30','2024-11-25 11:40:30','2025-11-25 11:40:30'),('c5ec611dc7c8d63995a6f5d48404d76dde600194c419d43cd9e578350452846380e384d0422976ae',49,1,'gshop','[]',0,'2023-08-12 20:29:27','2023-08-12 20:29:27','2024-08-12 13:29:27'),('c6203778f676e7fe8f869b36e44abc7742b8a4c902174318f91d8229b1444b21a64f5c294b8ede45',43,1,'mazraa','[]',0,'2022-06-23 09:32:02','2022-06-23 09:32:02','2023-06-23 11:32:02'),('c67210ee1f21ce5371cb892512c846138b39eec4d77f152768e9ef4c2948313c43cc8dbcd6a7ccbf',101,1,'OfferApp','[]',0,'2024-11-25 23:44:03','2024-11-25 23:44:03','2025-11-25 23:44:03'),('c6ec32fedcbb559574459223dd6d4b5289f8d27771f970a3696f4dbee824f5a12b698a454c560fc7',69,1,'munesh','[]',0,'2022-07-04 08:37:57','2022-07-04 08:37:57','2023-07-04 10:37:57'),('c72562ba990b554c1bce1d2356d0886d2772ad5db170d048a7457170cebb7f2f5094ec42668f4d54',11,1,'munesh','[]',0,'2023-08-11 09:34:15','2023-08-11 09:34:15','2024-08-11 02:34:15'),('c73ac31d945709aac86f15117b0fe8aa10a52add5f5b8fa6cf6e915ffc3de8e45956203281860e39',111,1,'munesh','[]',0,'2022-07-30 13:23:29','2022-07-30 13:23:29','2023-07-30 15:23:29'),('c745ea2b478a8e6e1a3f4f98704588e62fc2c474bd85b657bf0fd0d0396a339c6bdd302fb43d9ffe',45,1,'mazraa','[]',0,'2022-06-23 09:53:38','2022-06-23 09:53:38','2023-06-23 11:53:38'),('c7646dcec8c69d9e88d3053af8f9ede1c2e4efebf796a32b4581e7ba2a52bd3e8619ad272dba1d20',121,1,'munesh','[]',0,'2022-07-31 08:46:18','2022-07-31 08:46:18','2023-07-31 10:46:18'),('c7bad6d1722a97c4adf296d70026aad693fbd2f4cdb124b84c4695d7d60b25b1fe2262b43f20aa6d',128,1,'Aqar','[]',0,'2025-02-09 14:25:22','2025-02-09 14:25:22','2026-02-09 14:25:22'),('c7e6a2aaeb100579987199504c89e8f758fe442f6880735bd6b03e5f4a4040b8b742526c6c86a1ee',210,1,'munesh','[]',0,'2022-08-15 14:38:59','2022-08-15 14:38:59','2023-08-15 16:38:59'),('c8440d65b2168ce9e746512283b4472af3d24db7d8b651ee538212db0c67628514817d164dd0694d',57,1,'munesh','[]',0,'2023-08-24 01:18:15','2023-08-24 01:18:15','2024-08-23 18:18:15'),('c846ba43dbbcb83d910a8573a4ccf7b6b98a566ee6d23f32be6dc1ec123c316e56c7e8bb4257b4a4',256,1,'munesh','[]',0,'2022-08-24 18:51:04','2022-08-24 18:51:04','2023-08-24 20:51:04'),('c852120af8cdf138d2cf6acc2848928236c2623787abbed0c5accb910a4a41b0083d13552f85b9e4',49,1,'gshop','[]',0,'2023-08-16 17:14:11','2023-08-16 17:14:11','2024-08-16 10:14:11'),('c87284ae4eda5efe07aab6e747cf5cadc9573a7f78fcddde6357942e0c87866e28158d7baffaadb4',154,1,'munesh','[]',0,'2022-08-06 11:32:02','2022-08-06 11:32:02','2023-08-06 13:32:02'),('c8e4f3a3b93323579e942cb9fbeafd1a3478ef76412fd76a1c113945bf13ebcf9ed626080131752b',49,1,'munesh','[]',0,'2023-08-14 18:16:30','2023-08-14 18:16:30','2024-08-14 11:16:30'),('c907a5145c0396a41bb3d6ef89e773d6072b1ab4ec387e06c73ed449ce474699e34720ab52a9c277',109,1,'OfferApp','[]',0,'2024-12-05 13:37:17','2024-12-05 13:37:17','2025-12-05 13:37:17'),('c94e0cda760f56009d930a67a211c2e6c541309bcac17c669cd9962df57b5935dc96679ceaab49a1',45,1,'mazraa','[]',0,'2022-06-23 10:19:13','2022-06-23 10:19:13','2023-06-23 12:19:13'),('c9a10cef93a10c1d81a9200e7a8b6b7acc22907d7c855a0377918b0f539701622f661a62d7bd0588',105,1,'OfferApp','[]',0,'2024-12-03 15:35:01','2024-12-03 15:35:01','2025-12-03 15:35:01'),('c9f2c571251a7b6469d206baaa6dec660cfe08691d0ba605fa1bf2a5716a33330f46ed030aa35426',266,1,'munesh','[]',0,'2022-09-15 20:41:08','2022-09-15 20:41:08','2023-09-15 13:41:08'),('ca8b0bf085c704d1cccdf0d46ea0a549124913ab1b4809eb3082325da76806539cf57857f2dd1fef',164,1,'munesh','[]',0,'2022-08-06 17:46:14','2022-08-06 17:46:14','2023-08-06 19:46:14'),('cac36980a2d381155cac5237ed17318729057e2b0b35cf4cb99259fc48666c7a1581e14401fc3048',175,1,'munesh','[]',0,'2022-08-11 16:14:57','2022-08-11 16:14:57','2023-08-11 18:14:57'),('cb10a0060ddc299aab77c1a2526923c60461b22fc3b1ab3abaec75213941f6942e5f2245ca4439d8',172,1,'munesh','[]',0,'2022-08-07 19:24:11','2022-08-07 19:24:11','2023-08-07 21:24:11'),('cb2df1fdf148f32e04e5de67eb3e8265b96cab4343b4f31a83620a430ca1ba7feaf747ed7a9319fa',198,1,'munesh','[]',0,'2022-08-14 18:44:36','2022-08-14 18:44:36','2023-08-14 20:44:36'),('cb65fb41bcb8c1b88d41ac00eccffa0a95941ae83b44bbd16b0663d248766eb20a16426b44448ca6',70,1,'munesh','[]',0,'2022-07-04 08:39:31','2022-07-04 08:39:31','2023-07-04 10:39:31'),('cb8fb5aa42ec63d5c94ac80eb0847fb6b21963f0a97743e19ec66eb914eded31059160babbafaee7',11,1,'munesh','[]',0,'2023-08-11 09:07:55','2023-08-11 09:07:55','2024-08-11 02:07:55'),('cba2240d3d4c7c57b4be692cb7ec71e0dd652f2f3fdbede3791a7a6add97a15783476a46037bf288',255,1,'munesh','[]',0,'2022-08-24 17:47:18','2022-08-24 17:47:18','2023-08-24 19:47:18'),('cbbb00026c68a263754a7a1b39a221325429a94a59fb6e77ec22baccf7bbacc150459e4fc5cce93c',104,1,'munesh','[]',0,'2022-07-28 17:29:48','2022-07-28 17:29:48','2023-07-28 19:29:48'),('cbbe5b6908e6bf1a1516d043e9c4d264345f11bb024a1c9ca7ba2628368273a96fc2c8f2cc998859',75,1,'munesh','[]',0,'2022-07-21 08:36:03','2022-07-21 08:36:03','2023-07-21 10:36:03'),('cbe505ddddd9cab5fe8082bbfd65cf87a16869354dc2d9126e01e2bbdfa22ac170e184a63a566359',100,1,'munesh','[]',0,'2022-07-28 17:04:41','2022-07-28 17:04:41','2023-07-28 19:04:41'),('cbf46ff5aa813ac2d349e1db44d7b41ddf8a9a432ce31c1e49280cabf0c95ccfa37701a4b7706e19',99,1,'OfferApp','[]',0,'2024-11-25 14:08:33','2024-11-25 14:08:33','2025-11-25 14:08:33'),('cc4a03a4e345a248f11cec7f4ebba3474a23cbfa4730fd1d5e10929979be9d78f470f69ab499eb18',57,1,'munesh','[]',0,'2023-08-24 01:18:13','2023-08-24 01:18:13','2024-08-23 18:18:13'),('ccd05a70eef036dbce181bd16156cfe956e6263b0923df1acade092dc47ab454cff083988ed8610a',183,1,'munesh','[]',0,'2022-08-12 10:27:24','2022-08-12 10:27:24','2023-08-12 12:27:24'),('ccd6b7e3ef5545e7e290ba3d201169fe3d1f30a51ce7d19064d3cf8cd0236981963d6617e9415988',224,1,'munesh','[]',0,'2022-08-18 23:29:57','2022-08-18 23:29:57','2023-08-19 01:29:57'),('cd2a60bec0820bbab84254426b7872fd52d78433705f41bc8e90f0faff7d5d178fcf8c6e62cf9c96',186,1,'munesh','[]',0,'2022-08-13 00:27:13','2022-08-13 00:27:13','2023-08-13 02:27:13'),('cd64e651c08ff0c5a95506fd60375e345b0701d528b62d7a27154ffbbd6590481eb86933853f249b',45,1,'mazraa','[]',0,'2022-06-23 09:53:57','2022-06-23 09:53:57','2023-06-23 11:53:57'),('cd7271daf30dc7d1b2d358b2f23b3d59ea422665655849cbe08c3b16952df251675ffcc4714efe83',101,1,'munesh','[]',0,'2022-07-28 17:06:32','2022-07-28 17:06:32','2023-07-28 19:06:32'),('ce1c75cf2ee206fa3ae1573f44c9c5fc4c4ca30268292ce5801e4c2d190268de2ca51757d9c6a2b0',39,1,'munesh','[]',0,'2023-05-17 17:13:52','2023-05-17 17:13:52','2024-05-17 20:13:52'),('cea475d1dd72a63e96e1ee512d891a3a560881332255d2c3f47f77a2b3589c07676a4137d9da0d42',140,1,'munesh','[]',0,'2022-08-02 18:56:23','2022-08-02 18:56:23','2023-08-02 20:56:23'),('ceb088507d50fbe2c8052af6a69c7e4f836b6bf185c6ac90984ba4ecaccb7307ae44218bfa98aa91',139,1,'Aqar','[]',0,'2025-02-09 17:31:41','2025-02-09 17:31:41','2026-02-09 17:31:41'),('cebb6d6b7bc24bd87f02f911872166903c654476dc7bd4c77c894481c5ecef5dffa3692d501141ff',11,1,'gshop','[]',0,'2023-05-28 20:37:52','2023-05-28 20:37:52','2024-05-28 13:37:52'),('ceeace2ec68e0fd3a3a4f9adf526760e9296f4f255e2d1b00f6159915fe6abe7e34d5cd1b0f6eb56',42,1,'munesh','[]',0,'2023-05-23 06:25:46','2023-05-23 06:25:46','2024-05-22 23:25:46'),('cf66df3e5e9fb5f5779f6f8d2ca63c0804c013a0fea54d33f140fef99013e09e9557b00579a12778',156,1,'munesh','[]',0,'2022-08-06 11:58:52','2022-08-06 11:58:52','2023-08-06 13:58:52'),('cfbc4bc14ebe128aa0886173e1f814e2415cf74e494c4091f27cba036fe8877975ce68cc71428363',289,1,'munesh','[]',0,'2023-01-28 01:01:11','2023-01-28 01:01:11','2024-01-27 17:01:11'),('cfd75dd570cae483f9d2ad4021c623e888e959aad229070f2628b9d97f1ded5c315c6d998cecd7a5',70,1,'munesh','[]',0,'2022-07-06 19:59:37','2022-07-06 19:59:37','2023-07-06 21:59:37'),('cfe3ca00f5ad0a0d7c3abb102388008a0211f0aa695275c0df706077998aa47fd6717fa184234c4c',100,1,'OfferApp','[]',0,'2024-12-09 15:48:57','2024-12-09 15:48:57','2025-12-09 15:48:57'),('d016e1ca261f83fa4c80e25e4e855e9ecde9b3257ce6ea620985fd37243f2a19063f5e8647327ec8',211,1,'munesh','[]',0,'2022-08-15 17:42:31','2022-08-15 17:42:31','2023-08-15 19:42:31'),('d058444192129e97adfb4939f78845152b4b247ef8b4d85ff4ce476a8a02e2d5bdc924a3ece53b8c',93,1,'OfferApp','[]',0,'2024-11-25 10:36:48','2024-11-25 10:36:48','2025-11-25 10:36:48'),('d0613a564f78b2eebb75fca5c704b2a17a58167f5f39a80b6b139347dee735a09942540b1610d825',113,1,'munesh','[]',0,'2022-07-30 14:56:06','2022-07-30 14:56:06','2023-07-30 16:56:06'),('d06d9a257026d2f20c3431057470cb0ece32c131bebc527aaedefc5ca76a2e45702e65b51cd64bd9',93,1,'OfferApp','[]',0,'2024-11-24 00:11:21','2024-11-24 00:11:21','2025-11-24 00:11:21'),('d09e3e647cf778fadbc2767eb6b917d3575e84b3dce07436d5eb1be6e14123856759739a4e1c7d1f',57,1,'munesh','[]',0,'2023-08-22 18:39:36','2023-08-22 18:39:36','2024-08-22 11:39:36'),('d0ee92a44abbf370a1b6ad0abc1f978666cf22ac14c7cc203621e985ef2be5a56d262a50ffed6dfc',70,1,'munesh','[]',0,'2022-07-07 05:17:09','2022-07-07 05:17:09','2023-07-07 07:17:09'),('d10f9db18dcb06f9239e48017dd20e6296289f588c5efeb66d339d1fa81f7572616d660f4b280631',11,1,'gshop','[]',0,'2023-08-06 04:46:21','2023-08-06 04:46:21','2024-08-05 21:46:21'),('d13d13623a324754036db19f9c39d050e7c6c2f230428bd9a884495b9f9db5a48d2301c3a3b44354',57,1,'munesh','[]',0,'2023-09-04 02:55:05','2023-09-04 02:55:05','2024-09-03 19:55:05'),('d187d078e17d67ffb77c4bf8c224dbbd143780d17510432d7f353766aaa228020123ff4573a81cc4',26,1,'gshop','[]',0,'2023-05-12 12:34:11','2023-05-12 12:34:11','2024-05-12 15:34:11'),('d1d13b36d96b078b46e5dddc97a759cb619fdb4481dea5d970981c92d9250a7eaebc5b978bce1404',92,1,'munesh','[]',0,'2022-07-28 16:47:41','2022-07-28 16:47:41','2023-07-28 18:47:41'),('d2189b20258834ac1d6dd24eb356d174c9f1b5daf0654df5df353de27aab80e8cf9fabce768a4c7a',93,1,'OfferApp','[]',0,'2024-12-30 10:16:32','2024-12-30 10:16:32','2025-12-30 10:16:32'),('d21fd3e079ac5a9b7d1b70e492275c354c4008ca96a31a7c511f9c732ba67f05fdc4159c5ac7a538',70,1,'munesh','[]',0,'2022-07-23 10:59:04','2022-07-23 10:59:04','2023-07-23 12:59:04'),('d227610cedf2112012bf5a29fb45305ffd5a5be8855dc3bd2d9752ce1e35504181e43e89be5d5f5b',70,1,'munesh','[]',0,'2022-07-04 16:52:51','2022-07-04 16:52:51','2023-07-04 18:52:51'),('d2aa671b6bd18d81833c536b1412f77d912906d3e90a2bd5db303d85451957fa94e6b23aa9c0091e',70,1,'munesh','[]',0,'2022-07-20 17:40:51','2022-07-20 17:40:51','2023-07-20 19:40:51'),('d2db5eae103f9f0d01e706edbeaf4672cfebfaf8f4bbb2ae4e4f716b7510e599bf20d800471d1c29',239,1,'munesh','[]',0,'2022-08-20 20:08:24','2022-08-20 20:08:24','2023-08-20 22:08:24'),('d2f8376e513893667ff23c2f9e1834bbcff960ecd11a1c711e035d8ed4075217542c9cb3b79ab621',240,1,'munesh','[]',0,'2022-08-20 23:40:57','2022-08-20 23:40:57','2023-08-21 01:40:57'),('d2ffe3dad2b0e9d3a5a3a960f4461e4e06af4124a9e13ef9e3ab76f2baf5f523b267a8033bf13402',99,1,'OfferApp','[]',0,'2024-11-25 12:48:00','2024-11-25 12:48:00','2025-11-25 12:48:00'),('d385339c9e91aaf5b8db7383bf00d761b92ed55d2762f331db858915ac608fe3514a4da21be54454',186,1,'munesh','[]',0,'2022-08-13 00:28:16','2022-08-13 00:28:16','2023-08-13 02:28:16'),('d397ef0eb869e7f6f3be922986f2aa538e3530746ad879fb428d7f26f51dd326a9094d34e5f1d921',142,1,'munesh','[]',0,'2022-08-04 14:53:37','2022-08-04 14:53:37','2023-08-04 16:53:37'),('d3ef6dade756d8b9fcf781869404b8869b3bcf0c073359827d15c5379e9ada7896ef71deca806f7b',206,1,'munesh','[]',0,'2022-08-15 11:41:33','2022-08-15 11:41:33','2023-08-15 13:41:33'),('d4041ea6e2ca9cfdd71d2fa29387fc8d2e8ed78eeff01c9bddd4068d4284f99cdccfb216e17a7125',272,1,'munesh','[]',0,'2022-11-14 03:33:12','2022-11-14 03:33:12','2023-11-13 19:33:12'),('d42159b99b8d0cae2e54ef1f05f7943871d6f75b40f47c3048391731ac28e3d1c61162a67ec8000e',98,1,'munesh','[]',0,'2022-07-28 17:00:34','2022-07-28 17:00:34','2023-07-28 19:00:34'),('d43e10947940a574603987b555bd4fd7fbb8e193f4f22167213f8cece120159b54ea41dd3ace2fbf',113,1,'munesh','[]',0,'2022-07-30 14:42:18','2022-07-30 14:42:18','2023-07-30 16:42:18'),('d47d470dceacbaaa05b8c0f13c7f17571a6f1cb4c1c05cf358c0dc526ee5777eddbca28f86ca7508',101,1,'OfferApp','[]',0,'2024-11-25 22:48:21','2024-11-25 22:48:21','2025-11-25 22:48:21'),('d488ad651a30f4b0761c2954f617cd8a1aae1c9a54b15ecaa00f036a7cb20ec943433e92cad0de0e',57,1,'gshop','[]',0,'2023-09-04 02:54:52','2023-09-04 02:54:52','2024-09-03 19:54:52'),('d4caf6b5fcb531c5be031fda067cc4bc525387885556c8579cfceb800cea7714601e69a53ea397d1',186,1,'munesh','[]',0,'2022-08-13 00:28:53','2022-08-13 00:28:53','2023-08-13 02:28:53'),('d546473ccfbf3728dee6d0299264f8d1f4b69204242d33b6a6a6b527af24e1c07f18d898a60b5d91',184,1,'munesh','[]',0,'2022-08-12 13:36:26','2022-08-12 13:36:26','2023-08-12 15:36:26'),('d551b34ea35a304d61a10d47a6942ea49b09ca2fe7bcec0b2738349f7165b20b03a377b668bf219d',18,1,'gshop','[]',0,'2023-05-08 21:01:43','2023-05-08 21:01:43','2024-05-09 00:01:43'),('d5a4e057976673f34827a44b2458901878bfa46b7103e897e0d9560dcca240f27dc55a76916e0695',100,1,'OfferApp','[]',0,'2024-11-25 16:17:29','2024-11-25 16:17:29','2025-11-25 16:17:29'),('d601d026ba9fc9da999d386534d7c4a064c2fa8d646bde99262c8b6568e7f8c98a2b34957d79fc2d',289,1,'munesh','[]',0,'2023-01-28 01:01:01','2023-01-28 01:01:01','2024-01-27 17:01:01'),('d6421e17eed40e1f476fd9b15f8bc9af01cee1c0f0fa7c17191ebe7444edd2838f3f393829f226be',39,1,'gshop','[]',0,'2023-05-24 06:39:57','2023-05-24 06:39:57','2024-05-23 23:39:57'),('d6dbbebb38873f050775dd22d62ad31b8800b5630826e4810edde98b66f9edf49c8c92e0da6e68b7',101,1,'munesh','[]',0,'2022-07-28 17:10:04','2022-07-28 17:10:04','2023-07-28 19:10:04'),('d7492d877b81d0fb2eb72af5df659a801be020d039a22362c9f190e0707463f33a3260ceec6c891a',235,1,'munesh','[]',0,'2022-08-20 17:25:21','2022-08-20 17:25:21','2023-08-20 19:25:21'),('d770c525ddf92e5df61b53fff143222131416e658eda9b2293db364d5c8e6fa03a2255e28d660789',11,1,'munesh','[]',0,'2023-08-11 09:30:00','2023-08-11 09:30:00','2024-08-11 02:30:00'),('d7c5db58ece3168b4137d0526101ceeaf226155f16c37bbe546b0a1b9282234c8aa8cd3154fc8f4e',90,1,'OfferApp','[]',0,'2024-12-14 01:05:47','2024-12-14 01:05:47','2025-12-14 01:05:47'),('d8235ee8848b96e873a2e0be5d3d16cb14305cbecd6eac784cb1e0a2f85318bd3edb2387061a9021',57,1,'gshop','[]',0,'2023-08-17 18:38:59','2023-08-17 18:38:59','2024-08-17 11:38:59'),('d82c7dd0fd800aa035b715cc85aa810e03e034d410d3dc42559d588151cfcded3cb531f9e7eeb351',289,1,'munesh','[]',0,'2023-01-28 01:01:11','2023-01-28 01:01:11','2024-01-27 17:01:11'),('d8954855a71d1bfb4a992362d4a4615fcde860bf46082f9e72bdb6173e2f7375e3d821292592b5af',47,1,'munesh','[]',0,'2023-06-01 03:07:08','2023-06-01 03:07:08','2024-05-31 20:07:08'),('d897785d9aad594ba2ba6366a8e59e206d31d73c9126e98a243852cbf8d826567ca5464db9c96aa9',47,1,'munesh','[]',0,'2023-06-05 02:57:03','2023-06-05 02:57:03','2024-06-04 19:57:03'),('d92972a7f2fae86f4d57295e41f62907854767370deb087cba1830b3f839b672fe9b8ec3fd00205d',73,1,'mazraa','[]',0,'2022-07-04 10:22:01','2022-07-04 10:22:01','2023-07-04 12:22:01'),('d962725a452268ec04cbe49867c420a71dc4d19a647ded33834b01c73b206ee0089c4369fe7e6a88',70,1,'mazraa','[]',0,'2022-07-04 10:08:38','2022-07-04 10:08:38','2023-07-04 12:08:38'),('d967632a8a1270bb008a58583c42b34cc10228df55ed94595fd9156ffc99834d4fc7114a25c08dbb',57,1,'gshop','[]',0,'2023-06-22 03:14:37','2023-06-22 03:14:37','2024-06-21 20:14:37'),('d9ce270f5bf143663d61a6518cd9539046c26f6620a3aa4668129a023cdc4583cdcea94f582c8405',11,1,'mazraa','[]',0,'2022-06-23 08:09:16','2022-06-23 08:09:16','2023-06-23 10:09:16'),('d9e09c203c06ec79a056d90b6a025e5a738e03acc5c83d05a5f692a566889e7de5f08421e9197bf8',90,1,'OfferApp','[]',0,'2024-12-11 16:20:15','2024-12-11 16:20:15','2025-12-11 16:20:15'),('da1be800041b9a4f38eaf2d5775bf3bc9c5e6c79ac65b205451215aef2fb1b65a20c55ea680dccc4',11,1,'munesh','[]',0,'2023-08-11 09:08:01','2023-08-11 09:08:01','2024-08-11 02:08:01'),('da518b42457542573da46fe5723d497a4333951fe3f10eb8c913ff4497ec469c7d4d6ac304734b6c',29,1,'gshop','[]',0,'2023-05-17 12:04:00','2023-05-17 12:04:00','2024-05-17 15:04:00'),('dae62a0bdd0278acc8d0351ec6cab13a544725ebb8581203a9872e6fb2262cb90cd91deb28529871',24,1,'munesh','[]',0,'2023-05-09 19:37:13','2023-05-09 19:37:13','2024-05-09 22:37:13'),('daec1a19ba17b206744afd3392e0c5cffd7d370b5ddcf936c07b7d7352f41fd33b045af20df4af1f',199,1,'munesh','[]',0,'2022-08-14 19:12:41','2022-08-14 19:12:41','2023-08-14 21:12:41'),('dbc184e84b6354480fdfe8ef12d11a2d536562be2231cbe49ebdf064956668163867c5a000395e08',11,1,'munesh','[]',0,'2023-08-11 07:35:28','2023-08-11 07:35:28','2024-08-11 00:35:28'),('dbe37798b7ae861478efde3d7a6479843c282f4bc375bc2025269652d0f9d16d9d5bd16e94a7d22e',11,1,'gshop','[]',0,'2023-08-11 06:18:01','2023-08-11 06:18:01','2024-08-10 23:18:01'),('dbeb1ceb709d75b3ce99511238a1b07732f983bbf76f1b4b2001adba8b8eea2e8efb7782e921832a',11,1,'munesh','[]',0,'2023-08-11 09:07:43','2023-08-11 09:07:43','2024-08-11 02:07:43'),('dc03d2b5b7f388a3bd2e737685c5a9c584464b7ee436542129537073b38eb73bbf186cd5db3afeed',11,1,'munesh','[]',0,'2023-08-11 09:07:41','2023-08-11 09:07:41','2024-08-11 02:07:41'),('dc7ba2da28ba0a41a4532a065bdcd8fc4189e7221db4c69549995a6b994ff4e638d8e4ed8ace8703',183,1,'munesh','[]',0,'2022-08-12 10:26:56','2022-08-12 10:26:56','2023-08-12 12:26:56'),('dc86f2daf429fab284cdc3f3830ede273f471db48f8b27129d8b6ca4d5627c00e837895bae00ce3e',261,1,'munesh','[]',0,'2022-09-03 05:40:58','2022-09-03 05:40:58','2023-09-02 22:40:58'),('dccd921f42276b7cda64939c22bcb2740c28486f580da75cd8a45ddc54458ba5f1ab9114be26b2f0',47,1,'munesh','[]',0,'2023-06-14 05:21:46','2023-06-14 05:21:46','2024-06-13 22:21:46'),('dce9114f13b346735fb89b512ecf80eae532f173f1269effe9671af17f87420854e2674c601775d0',75,1,'munesh','[]',0,'2022-07-29 06:17:26','2022-07-29 06:17:26','2023-07-29 08:17:26'),('dceebaabd6f15b2278811c3a95c454e48c6f103b2ed2462ebea400316160973ae81cedc93c081975',269,1,'munesh','[]',0,'2022-09-30 18:51:14','2022-09-30 18:51:14','2023-09-30 11:51:14'),('dd2d8aacf00118ddbff48e8861dddc830656c2bbd3f49cf96079d5bc6e1c3872c74391910dccfca8',113,1,'munesh','[]',0,'2022-07-30 14:42:41','2022-07-30 14:42:41','2023-07-30 16:42:41'),('dd46f875afefe6a2f0d9359cab96a015f2bfc092a1ff1af514a19396d2247d3dc20a5a563de9e9a7',44,1,'gshop','[]',0,'2023-05-23 06:32:20','2023-05-23 06:32:20','2024-05-22 23:32:20'),('dd855246bbb64f719061a2fe72418b135e85811af4d8a3f0350233889a1c4bc10c9432d512cd07cd',165,1,'munesh','[]',0,'2022-08-06 17:51:33','2022-08-06 17:51:33','2023-08-06 19:51:33'),('dded89e6800db332b1de26d391457b8e8cd485e2f3793a06f04c3842e171cae0cade1ffa418923c9',100,1,'OfferApp','[]',0,'2024-11-25 15:52:44','2024-11-25 15:52:44','2025-11-25 15:52:44'),('dee54f90adee208a8f793aa9edd83ef4e81072fa0e3e70eb5697a31037ce8931a38a9825f53b5059',39,1,'munesh','[]',0,'2023-05-24 07:07:27','2023-05-24 07:07:27','2024-05-24 00:07:27'),('df7b56e085e1ba8853930f4ae29915700ce3621facf68fb24bc942bf206b553faa7581cbe52b8f21',42,1,'munesh','[]',0,'2023-05-23 06:25:51','2023-05-23 06:25:51','2024-05-22 23:25:51'),('dffa1f969172ff4d5b1975b140ba61b7f3ea8c96850ef1e3da7287fd7d01e94b7b2e6d4406d533ca',11,1,'munesh','[]',0,'2023-08-11 09:31:50','2023-08-11 09:31:50','2024-08-11 02:31:50'),('e001c91c3300ccc53dab76eabd2f40eba5f58c034deb2f3d5b3af8bd79d9af27a3ed1426edbe24f2',49,1,'munesh','[]',0,'2023-06-27 02:56:00','2023-06-27 02:56:00','2024-06-26 19:56:00'),('e1068d69fe90d07596a7e92f61d6e3997b0634fb4e20a2db0f49d32ed6ee9e5bb53b4cbbd3b85622',12,1,'gshop','[]',0,'2023-05-08 20:34:24','2023-05-08 20:34:24','2024-05-08 23:34:24'),('e160de20b6e4fbabf03f300de3662e02ac600459adcea4e9733f321876b3c05906fec2ad2c2dee22',15,1,'gshop','[]',0,'2023-05-08 20:58:35','2023-05-08 20:58:35','2024-05-08 23:58:35'),('e1c69633ccc5b393d34bf613be8b82bafd923f98864f350ecca69d9ce9f3f5ca4369f68b5298932e',11,1,'mazraa','[]',0,'2022-06-23 08:03:49','2022-06-23 08:03:49','2023-06-23 10:03:49'),('e1ddd6ee6ec17e14be5bcab230b5197be509221281a7736cdd1f0cecb4ec6b6299ac874479a20aa0',45,1,'gshop','[]',0,'2023-06-20 22:20:55','2023-06-20 22:20:55','2024-06-20 15:20:55'),('e1ed38be13e56a3cdcc8816a91091ed399c2cb883a9ecf5914712e78410fde805f9ec8a8eb7e3f00',146,1,'munesh','[]',0,'2022-08-05 20:47:26','2022-08-05 20:47:26','2023-08-05 22:47:26'),('e21bfc5e2461e0d0ed964bef6cc92a647bc509ea26e7c71e3bb6408dc8096e06cba3d62f4e2cc93b',275,1,'munesh','[]',0,'2022-11-18 02:18:09','2022-11-18 02:18:09','2023-11-17 18:18:09'),('e28cccd1450fc68bd97078b2ea7f2d1298ab4f55782d1b62a706acd44076ddbb7e2bf1e7f37e90e3',289,1,'munesh','[]',0,'2023-01-28 01:00:38','2023-01-28 01:00:38','2024-01-27 17:00:38'),('e323ea6ce0c789996e91d0b39f61a3591f8040fd9510768e68a83e86040984348442a42df047c3e9',11,1,'mazraa','[]',0,'2022-06-23 08:06:59','2022-06-23 08:06:59','2023-06-23 10:06:59'),('e32cd32980d1ed3144fcefc23f92c042265ea6be3eab1c6af25ef7b064d2763bfffe4e217d275716',39,1,'munesh','[]',0,'2023-05-25 05:42:06','2023-05-25 05:42:06','2024-05-24 22:42:06'),('e334bd4b3031d59ed2b380de5d48c2d9138f932d4b6db5eb1c968a1c5d39f3f537d393bd53ea2630',70,1,'munesh','[]',0,'2022-07-28 12:28:05','2022-07-28 12:28:05','2023-07-28 14:28:05'),('e33e73c3c01e7946cff2fe2958da4d6c2056bc36feff2cb9127a77254051bce102fb4f3f0a98ea82',11,1,'munesh','[]',0,'2023-06-08 02:29:49','2023-06-08 02:29:49','2024-06-07 19:29:49'),('e38dc53585a7ed386efe0294490ec58501a4d9012bc854351bea063cb81b79a20a3fbf1c05f3dac8',194,1,'munesh','[]',0,'2022-08-14 14:24:48','2022-08-14 14:24:48','2023-08-14 16:24:48'),('e393a578b2fa201089857563f361f746ed22528eb97ff9b6a77321b777c4e0e96a3ad135675ae3b3',211,1,'munesh','[]',0,'2022-08-15 17:42:20','2022-08-15 17:42:20','2023-08-15 19:42:20'),('e4880939a814b6152b05f20eb8fd2619f46de93e1afc861798a257ad272909b5378ca1665cb3068a',70,1,'munesh','[]',0,'2022-07-21 12:54:39','2022-07-21 12:54:39','2023-07-21 14:54:39'),('e4b612c9205532fed9bfc4d096b17e297fb6fd75608e69004ffcce9357706ef65311dea1d602a613',101,1,'OfferApp','[]',0,'2024-11-27 09:59:24','2024-11-27 09:59:24','2025-11-27 09:59:24'),('e4b9927f69601197d28c84818b06b11de7d252ee5fb02a34de8a15884d7c6cbd7522a39aac0f6558',11,1,'munesh','[]',0,'2023-06-01 07:11:52','2023-06-01 07:11:52','2024-06-01 00:11:52'),('e4eb40150c5efdfaf06acaa46862b6a000df8391ef7ed8371773ab4e32a66b5c21ca5e309b436d5a',277,1,'munesh','[]',0,'2022-11-18 10:03:05','2022-11-18 10:03:05','2023-11-18 02:03:05'),('e529d6207dc548be2d9826efc94c8fef42fc6d93b1d5479543d0f54a04ac5cb7baa3ef58974d7fc2',43,1,'mazraa','[]',0,'2022-06-23 09:31:32','2022-06-23 09:31:32','2023-06-23 11:31:32'),('e54ddfff1688ce8bce303c9b75b9527e800e798f1b28a442bf74bd1f2faf32dca8775db6e7bc8c26',11,1,'mazraa','[]',0,'2022-06-23 08:02:49','2022-06-23 08:02:49','2023-06-23 10:02:49'),('e60bdcb9233e5d88137cb74c8c0ae188b9cac03e49f76bc4dd1e91e730ecaaeda8e6ddecb49e4a19',135,1,'munesh','[]',0,'2022-08-01 12:54:11','2022-08-01 12:54:11','2023-08-01 14:54:11'),('e63f43cb1378ec79d0a29b3c7bd8a65c07f31902b07cd4938042caa7eed1f5a189b742ebb83cbcbc',41,1,'gshop','[]',0,'2023-05-23 06:25:34','2023-05-23 06:25:34','2024-05-22 23:25:34'),('e681093ff41aba08c04c36994f73e4381c074da2440cfdddcae28bd13a5cc805a018408d087c10af',9,1,'mazraa','[]',0,'2022-06-22 10:17:54','2022-06-22 10:17:54','2023-06-22 12:17:54'),('e68d4502be9adb21a88cf94330495b6662e2583c84db030b22901c21a392647654de9a8af681c86b',137,1,'Aqar','[]',0,'2025-02-09 16:09:27','2025-02-09 16:09:27','2026-02-09 16:09:27'),('e68dad09b753ebfec6c355b8fc8b4f7e2d2a9a76a9fbed1087cd50640db86bf15297efb5594358e3',102,1,'munesh','[]',0,'2022-07-28 17:17:43','2022-07-28 17:17:43','2023-07-28 19:17:43'),('e6aec4ccbc054f41f47ab5d7d0d0ffdc04f841d231c5e0ba013ea0dd1d12be4064380202ca1a1ae1',70,1,'munesh','[]',0,'2022-07-26 18:58:02','2022-07-26 18:58:02','2023-07-26 20:58:02'),('e6be750fa3896fdbb264773e389ed60eb8af1b5d31683d4d7ea18f93f20ceb55ff1ed4c089ec9b55',43,1,'mazraa','[]',0,'2022-06-23 09:50:56','2022-06-23 09:50:56','2023-06-23 11:50:56'),('e6f44ead270408064367158748b83f37cdeae61f12e8658373916d29112890152301f96885fc4e7c',100,1,'OfferApp','[]',0,'2024-11-25 22:22:46','2024-11-25 22:22:46','2025-11-25 22:22:46'),('e7032e61f79e41629534ab6d30e516d667b3dc25f60e0e1561a79913b26d7ab60645cd43eddd26e5',195,1,'munesh','[]',0,'2022-08-14 14:31:26','2022-08-14 14:31:26','2023-08-14 16:31:26'),('e75427088fc924fa9e0c4a17152eaa189523da8260352877a0d1c82646d9de43637afcb0943b5e4f',11,1,'gshop','[]',0,'2023-05-28 20:40:25','2023-05-28 20:40:25','2024-05-28 13:40:25'),('e7a4c1d74ec885a0a36f84378ae623b6c0f04c6577eb5bddff8341004a154b8eecac0fd577dafdb3',188,1,'munesh','[]',0,'2022-08-13 17:02:42','2022-08-13 17:02:42','2023-08-13 19:02:42'),('e7a9acbadd35776a362b6b2b688f668d65ffb5f26304d56b550d7fb787d53fc1818fe1e4209d8cc8',140,1,'Aqar','[]',0,'2025-04-15 12:03:34','2025-04-15 12:03:34','2026-04-15 12:03:34'),('e8211642e1004bc38cd82503ef9b8d9d5fc04f380c27966413bd5df095dfb1f1188f1b0ebfb285ca',70,1,'munesh','[]',0,'2022-07-04 09:59:19','2022-07-04 09:59:19','2023-07-04 11:59:19'),('e8706f3889913fa21cda1fad21b4d915121c62eb88979e9ac0fc50065b2f7ed36b816eb3a0bc36bd',196,1,'munesh','[]',0,'2022-08-14 16:53:35','2022-08-14 16:53:35','2023-08-14 18:53:35'),('e886fc503c555caa58d35bfe0f5927092f82104a7ffd9da9c8bb366402bcb056847f826ea8017a0a',44,1,'mazraa','[]',0,'2022-06-23 09:39:52','2022-06-23 09:39:52','2023-06-23 11:39:52'),('e8a941976c2b0e02cde066075e9f34cb613a3c9fd79c9b7d5f06d036785859f9a1d4bfb5c6c1c3a5',217,1,'munesh','[]',0,'2022-08-17 19:43:28','2022-08-17 19:43:28','2023-08-17 21:43:28'),('e914f74bf07820914ef855bd9e44ddcbf1018655a47d6fa186abddd2c528ca68177d6ceddcb35d10',73,1,'munesh','[]',0,'2022-07-04 10:17:17','2022-07-04 10:17:17','2023-07-04 12:17:17'),('e93809db210e388cd76c4ddeb19e9d7d26b11783c6e7bb49e2f81f08726f5d631a8ee7448bf2e893',93,1,'OfferApp','[]',0,'2024-11-11 23:56:51','2024-11-11 23:56:51','2025-11-11 23:56:51'),('e958f6c184d38b3599e5ccf5b124ed194ab81183f05a4ff98e094b4449ca66655d79aa7502ac92b3',50,1,'munesh','[]',0,'2023-06-20 22:25:58','2023-06-20 22:25:58','2024-06-20 15:25:58'),('e9a0ad4ff61e8ef2e69d324865724ea8273f6a1416091d8ab4229422dd2aacb70cfee7962dc75e03',15,1,'mazraa','[]',0,'2022-06-23 08:14:41','2022-06-23 08:14:41','2023-06-23 10:14:41'),('e9b422a223ad4b97285ce6b17eb28bc052ac3ed0f580128aa06776e1b846f2f1151aec35631bb6ad',134,1,'munesh','[]',0,'2022-08-01 12:45:29','2022-08-01 12:45:29','2023-08-01 14:45:29'),('e9b436f5633fdd070c46a1578171e540a5b309e329b254244040dee91a0f95d800829af5bce18c48',82,1,'munesh','[]',0,'2022-07-18 01:48:27','2022-07-18 01:48:27','2023-07-18 03:48:27'),('e9c2a145a6be9b39610292a2ef9e043dc606cf22fd94e08c9a920bf703d8133506b00dcbf880493e',96,1,'munesh','[]',0,'2022-07-28 16:56:12','2022-07-28 16:56:12','2023-07-28 18:56:12'),('e9eb41457aa2c7d8cdeabde8b3f08d94cb20634ceed1ab5ae8c8cfd800c425895dbea2a1a8dfd0b2',243,1,'munesh','[]',0,'2022-08-20 23:41:03','2022-08-20 23:41:03','2023-08-21 01:41:03'),('e9eeaede3cef8f9a591ac56acb14396b20491e61f5429ff4bd7779f554fa98622c711bf1c1be3683',10,1,'gshop','[]',0,'2023-05-08 20:12:37','2023-05-08 20:12:37','2024-05-08 23:12:37'),('e9f47c25e3714eb68c9e6fa9f00ab67fbcd056e953d1f717dbfdc2944c506e7ff0061b2102d69877',189,1,'munesh','[]',0,'2022-08-13 20:25:53','2022-08-13 20:25:53','2023-08-13 22:25:53'),('ea4649331f6520b05dcc30d1d83b060e7969cf04ad358422ef293ea3eef0fa4b3e3d5e70414c4c88',202,1,'munesh','[]',0,'2022-08-14 19:24:33','2022-08-14 19:24:33','2023-08-14 21:24:33'),('ea5419e50b20adf0365b609e6c0e721a57b38e38355b23d2336df5e8c466d5a22f7531ee59c5195d',230,1,'munesh','[]',0,'2022-08-20 15:13:17','2022-08-20 15:13:17','2023-08-20 17:13:17'),('ea6740ccac9a38dbda4b402859ab1af44e23a1f03499334da757424f6ebed0a6e49b086340c31514',138,1,'Aqar','[]',0,'2025-02-09 16:46:51','2025-02-09 16:46:51','2026-02-09 16:46:51'),('ead5d1dc0ea1a34fab7d9982d97f92a7f3d1f890ffe9fb222393e7fe2ea5493184a82adbcd0ccf8f',149,1,'munesh','[]',0,'2022-08-05 21:43:01','2022-08-05 21:43:01','2023-08-05 23:43:01'),('eb669af0a7592d2ab09e79c126075a56bbf7e216cca5544b71ddba53c625feed00e1b5f08b0bace8',220,1,'munesh','[]',0,'2022-08-18 16:57:54','2022-08-18 16:57:54','2023-08-18 18:57:54'),('eb9b51402c35738b51892d30a6d8f3b086553bc26f3023fe1d452ae8882985c1d33c267a4d2b30c0',59,1,'mazraa','[]',0,'2022-06-27 07:58:28','2022-06-27 07:58:28','2023-06-27 09:58:28'),('eba79678bf6013d904fc46cc18c50522d553733079abf52711ffb716fee7b463e8e1b99f3cdd237a',11,1,'mazraa','[]',0,'2022-06-23 08:07:45','2022-06-23 08:07:45','2023-06-23 10:07:45'),('ebd478399e2ec6aba1cc9a2b46a8e2bce188b562964c0e99c08ed2444d9e6ab1848ae07b09845011',36,1,'gshop','[]',0,'2023-05-17 13:07:21','2023-05-17 13:07:21','2024-05-17 16:07:21'),('ebe622e6dcaa82c966879657913fe2a618c16ba9b84db99fdd15217708d93e457825cc98644d4cb5',159,1,'munesh','[]',0,'2022-08-06 12:42:55','2022-08-06 12:42:55','2023-08-06 14:42:55'),('ebebabfd2100111fbf19ccd5b8a3dd2f34f77c4b4e8d119512f98027887f518c62052a58948e80a8',49,1,'gshop','[]',0,'2023-06-11 02:53:15','2023-06-11 02:53:15','2024-06-10 19:53:15'),('ec803d35c75334bdf01e50f163c41c4bda779918e098533b6f73ee9c9f2336ba87f8f81deb35d249',288,1,'munesh','[]',0,'2023-01-28 00:56:52','2023-01-28 00:56:52','2024-01-27 16:56:52'),('ecab2b813b9347a717f744387450cd6d3296d94cc331365894195e4b655d20aaa09d0cf21b7e001a',34,1,'gshop','[]',0,'2023-05-17 12:42:37','2023-05-17 12:42:37','2024-05-17 15:42:37'),('ed3e3c781c18e6e5917fa65363ef43d303cc447d66072d79bf06ab89c549e3894cf3adb9d597d45c',215,1,'munesh','[]',0,'2022-08-17 13:22:49','2022-08-17 13:22:49','2023-08-17 15:22:49'),('ed4cf90829e93025ac1020b4dd06003a41b0869a6036badb58cc82580ed3f2ca3433df2b7e8349b8',103,1,'OfferApp','[]',0,'2024-12-03 16:14:07','2024-12-03 16:14:07','2025-12-03 16:14:07'),('ed7b06e9caa51ea627b9ec7db854658c92dd37e60135b8f1acf48c7db46e383aa0edf3e2f18a1030',103,1,'OfferApp','[]',0,'2024-12-03 16:17:52','2024-12-03 16:17:52','2025-12-03 16:17:52'),('edc0099a9516cb44732638206a6ec8a7a9bfcc95963514f8b7b92517b5f82125699f10a5f63b61dc',128,1,'Aqar','[]',0,'2025-02-09 12:01:46','2025-02-09 12:01:46','2026-02-09 12:01:46'),('edd093079b67234cd81e8aa279334d49d42b3b7a2a016bd3e7f5d190a64c7f65a73816f083d7aef6',75,1,'munesh','[]',0,'2022-07-07 23:21:41','2022-07-07 23:21:41','2023-07-08 01:21:41'),('eddc38f5a356d36d0adb172f258283b6567cc61ca011457a94ec15d769bcf06879995455d3967e7f',269,1,'munesh','[]',0,'2022-09-30 18:51:25','2022-09-30 18:51:25','2023-09-30 11:51:25'),('ee8ca11a1a8dad68d522d4e08f32321a3e0741207562af9988ec901ac398d371feb0c631a13432a6',141,1,'munesh','[]',0,'2022-08-04 09:16:26','2022-08-04 09:16:26','2023-08-04 11:16:26'),('eeb5ae6f8c6bb4bfb106b0e9e2c1ee6867066276a05b7b679b4e30bd2df66f34f9a36b0c052987f8',235,1,'munesh','[]',0,'2022-08-20 17:25:12','2022-08-20 17:25:12','2023-08-20 19:25:12'),('eee32878b50d7c5ab08032c664a9b8f39f94c45df31662714ce48986026062b2b344efb7a0a6d4d1',57,1,'munesh','[]',0,'2023-08-24 01:07:29','2023-08-24 01:07:29','2024-08-23 18:07:29'),('ef25f70a2da79de50cd417a0d2e7e40f084a1aec5201f48291b610faa619ca625b799df057199a11',11,1,'munesh','[]',0,'2023-08-11 09:14:05','2023-08-11 09:14:05','2024-08-11 02:14:05'),('ef8ccc812ca1c30aa7afb050fe0b643730c1b56e3ea8175eddd4b2121fe1fc7b0179c19171106934',97,1,'munesh','[]',0,'2022-07-28 16:58:04','2022-07-28 16:58:04','2023-07-28 18:58:04'),('ef94980eaf44486664a293e4376926e5802524bbbff8b820d69b91e01a71af8a72938e670a5c79b0',226,1,'munesh','[]',0,'2022-08-19 18:20:18','2022-08-19 18:20:18','2023-08-19 20:20:18'),('efabab3a48efc612fbf9730ce1dd8f138b22cc9b774f89a0c51dea883f853da9259ebf7c643c8a71',147,1,'munesh','[]',0,'2022-08-05 20:47:03','2022-08-05 20:47:03','2023-08-05 22:47:03'),('efafd3148b7e78f5329dc19e72eef00f949db4babefd661abce98e0d793e6d3770755836299ceee0',82,1,'munesh','[]',0,'2022-07-18 01:48:27','2022-07-18 01:48:27','2023-07-18 03:48:27'),('f0147885ecc78dbf43220512f41eb7ae508e7d87021bb24507a143b2fca878b7ab52bf1a2ee848f1',102,1,'munesh','[]',0,'2022-07-28 17:25:29','2022-07-28 17:25:29','2023-07-28 19:25:29'),('f09713fbc19ef4b8898f76e309262f268e6791ab79fd36c9c5c6c87cd2e51f46550b0bafd872335c',105,1,'munesh','[]',0,'2022-07-28 17:31:54','2022-07-28 17:31:54','2023-07-28 19:31:54'),('f0a88d12c636f96e964c04f4ef121bf4121258aef017c54efc7ce36d21184a0e29886d2f9ce0f414',90,1,'OfferApp','[]',0,'2024-12-12 15:26:53','2024-12-12 15:26:53','2025-12-12 15:26:53'),('f0bd33ab4c994cd0f18cddb0c6c714555ab963728d4c229533114675aa6ca42355d686513d74f9b3',226,1,'munesh','[]',0,'2022-08-19 18:20:38','2022-08-19 18:20:38','2023-08-19 20:20:38'),('f0cbb49d7da3c07bb7bef19211530c5356be2fc7f6e39d9b53f0c4ffe4d738693b579cbc1514ce6d',73,1,'munesh','[]',0,'2022-07-04 10:24:31','2022-07-04 10:24:31','2023-07-04 12:24:31'),('f0f33ed03ac8b99e195c5dc8b014af222e6b03ea81dda424872808374c13fd139f87af3642877d10',9,1,'mazraa','[]',0,'2022-06-22 10:17:35','2022-06-22 10:17:35','2023-06-22 12:17:35'),('f1255ec7a70d369a01a6e90bd2e3526f6da015dd4bc224c4c7531eb789e0707fe2e20f42f7623dfe',143,1,'munesh','[]',0,'2022-08-04 17:31:23','2022-08-04 17:31:23','2023-08-04 19:31:23'),('f130edf5a1e532997ebfcdf8e7837d317bbac26e5f6bf4430ba2854bd386ff9df7d5824a128caacf',44,1,'gshop','[]',0,'2023-05-23 06:27:34','2023-05-23 06:27:34','2024-05-22 23:27:34'),('f155a33a305000820a52d190087859b4ebfda396d3f27867f95bc65d9f9b7993603b948e5a2c044f',204,1,'munesh','[]',0,'2022-08-14 19:30:18','2022-08-14 19:30:18','2023-08-14 21:30:18'),('f1a5d9255f6a6374ea29e43d1e2d56822f0fdf894b52dd2d9bdbf6da851f5f3ca09328e97cd7b6ee',289,1,'munesh','[]',0,'2023-01-28 01:01:10','2023-01-28 01:01:10','2024-01-27 17:01:10'),('f24ac5b970038c4a7f5caabbae4a18382ef13c0c383534bf7b74254af6eed585fdaa7ce9d0aab820',90,1,'OfferApp','[]',0,'2024-11-13 23:43:43','2024-11-13 23:43:43','2025-11-13 23:43:43'),('f265005820cb08433cbea08780436524ca3a5793d096463d683e0a51639557012d50f637e9438b6f',83,1,'munesh','[]',0,'2023-08-23 22:07:09','2023-08-23 22:07:09','2024-08-23 15:07:09'),('f26c2fdcbb85074238d37bf68c598f4cea6974dc4af6953c20a96453cbabb7f9c951e39f311de187',65,1,'munesh','[]',0,'2022-07-04 08:03:42','2022-07-04 08:03:42','2023-07-04 10:03:42'),('f270350aa69799ff58812668219f5313941a6f5af690bb931bd222d425ce38fa44c222ebca68ddd2',69,1,'munesh','[]',0,'2022-07-04 08:35:59','2022-07-04 08:35:59','2023-07-04 10:35:59'),('f307fd878dd661fe670f9e700e76638a124338873dc781bbf540d7fa30f32bae23bdb82c80c1ff61',122,1,'munesh','[]',0,'2022-07-31 09:15:47','2022-07-31 09:15:47','2023-07-31 11:15:47'),('f34da41a8c75ffd90d1d6884da68c4f3c33bc1581d78dc9207dbb9944196ef1fe586edfed74d0c3e',11,1,'munesh','[]',0,'2023-06-01 07:12:25','2023-06-01 07:12:25','2024-06-01 00:12:25'),('f38f03200dc55fd4a8fba36e45f917b61ff76455e9ffd3963bbe2e3bd698e6165b70d1fc8c6ca885',92,1,'munesh','[]',0,'2022-07-28 16:47:24','2022-07-28 16:47:24','2023-07-28 18:47:24'),('f45c9ea1626a4d0578a203a85b5419e526e02c8f51dc6cc2efc9cc739318fc5f3113984f3c1d4820',95,1,'munesh','[]',0,'2022-07-28 16:54:53','2022-07-28 16:54:53','2023-07-28 18:54:53'),('f47f05b7df5882847e7d4914aacdc747f3bb3b0adaa890f12fb1b0f1928c76cbf0eefdcf2f880ce8',99,1,'OfferApp','[]',0,'2024-11-25 11:27:30','2024-11-25 11:27:30','2025-11-25 11:27:30'),('f4f8a1477df94a1834b311d79e953410c9043b475e7c85d3ec004e852b8827b63258d6d068e3b0f3',40,1,'gshop','[]',0,'2023-05-23 06:18:17','2023-05-23 06:18:17','2024-05-22 23:18:17'),('f51b012eb217f73c0a6bf7f4d565af3a52b7dba230c14506d9021ad395df969f69a32bf3164e25b5',100,1,'OfferApp','[]',0,'2024-11-25 17:50:21','2024-11-25 17:50:21','2025-11-25 17:50:21'),('f5a14f126f83cdf658be7375ec06c819246ef97bf10afc485fd72156745b237eab9672c9208e41de',160,1,'munesh','[]',0,'2022-08-06 12:43:42','2022-08-06 12:43:42','2023-08-06 14:43:42'),('f5f5b81f04d8ca8097fe9f63c29a59685316f8cf427273fd25ee49dc438d72dc0ef28619e1ae9845',11,1,'munesh','[]',0,'2023-08-11 09:06:36','2023-08-11 09:06:36','2024-08-11 02:06:36'),('f60ef6c97e83c371f4a05952a02923db6d6bbb8a3c7e0223929aca62b6a6cc731027aab54fb3f154',133,1,'Aqar','[]',0,'2025-02-09 15:51:40','2025-02-09 15:51:40','2026-02-09 15:51:40'),('f67421115be9d728a415a100052bf1ec8f57aae1844357d4dae6d25a7ccdcf05d3ea82330c2d11dd',289,1,'munesh','[]',0,'2023-01-28 01:01:10','2023-01-28 01:01:10','2024-01-27 17:01:10'),('f675d250c05216777d8bcf45427026c4bc5fe4032bacda1e23f49a1e723128379f98f7bf26509737',75,1,'munesh','[]',0,'2022-07-06 17:16:47','2022-07-06 17:16:47','2023-07-06 19:16:47'),('f70df0585967ba14ff9179ff044d30fd64b03edc199b1abc4c2b7dd9300b555ef6e97c2142c4d1e7',100,1,'OfferApp','[]',0,'2024-12-05 12:27:32','2024-12-05 12:27:32','2025-12-05 12:27:32'),('f7b8ecf913a9760fed1c693827f9722b118eeb28a1a03d3990b6b92e0b3d370a74e6fce93e7c31c2',66,1,'gshop','[]',0,'2023-08-07 19:15:10','2023-08-07 19:15:10','2024-08-07 12:15:10'),('f7d7bf7e3dbdccb75a2cde7cca6fe4e08120ba46cc74747b077d615a5e09c23506112781d7014641',11,1,'gshop','[]',0,'2023-08-11 06:38:23','2023-08-11 06:38:23','2024-08-10 23:38:23'),('f7d8282eb25e162d95ba6c9225a2a9cde3b49e95d5c7bbda7faef83938329a553c109e772ee6eb1f',70,1,'munesh','[]',0,'2022-07-04 08:48:01','2022-07-04 08:48:01','2023-07-04 10:48:01'),('f8139967e1907d7e9d52ff2204d4dbf572f10b7ca7541a344c2635475658faca17d56bbbd8f42c81',134,1,'munesh','[]',0,'2022-08-01 12:45:15','2022-08-01 12:45:15','2023-08-01 14:45:15'),('f84f2328d4077cd74577b16d0957d1bc67d82a9751a8c2531af4d67653d5c1a4af537a2227a70687',152,1,'munesh','[]',0,'2022-08-05 22:00:54','2022-08-05 22:00:54','2023-08-06 00:00:54'),('f8b8efcf7e0d228b1fb1ddb4507ca587b348556f418b838385e934b8311bee279d80efbd4b000cf3',231,1,'munesh','[]',0,'2022-08-20 16:20:26','2022-08-20 16:20:26','2023-08-20 18:20:26'),('f8d7539b2abbd9729afc278ba309547000b217cf63216bf44d294fab558005541b705c93d6a0151e',70,1,'munesh','[]',0,'2022-07-04 08:48:01','2022-07-04 08:48:01','2023-07-04 10:48:01'),('f8ec4c9b8bbfd78ede685e057605340d9153970263d7b7f00c9ee5144e787c4acf8a007e94be9fa1',19,1,'mazraa','[]',0,'2022-06-23 08:25:52','2022-06-23 08:25:52','2023-06-23 10:25:52'),('f9131139cf4c416ee93f3e34eed00ef674b89abb6de19fc0a15ac9efb0762c0961bde0e2b25b3069',257,1,'munesh','[]',0,'2022-08-25 04:11:39','2022-08-25 04:11:39','2023-08-25 06:11:39'),('fa1be2b232d4bd9ae2d411ffcc9ac3fa8d3ee800ca68b31b4ae566999530d911f89fc4da76ec0eba',182,1,'munesh','[]',0,'2022-08-12 08:22:14','2022-08-12 08:22:14','2023-08-12 10:22:14'),('fa26dd7183d075672b03a46915b2dbefd6bdb95f62ec4b32fd373761edb1e63194e75d18f35861c0',57,1,'gshop','[]',0,'2023-08-22 18:39:06','2023-08-22 18:39:06','2024-08-22 11:39:06'),('fa571f026786326a95a24bab277c38ea3c66eaea354f68b9107b91676e095d6a8beca252215a02d2',75,1,'munesh','[]',0,'2022-07-14 17:01:39','2022-07-14 17:01:39','2023-07-14 19:01:39'),('fa5d6560c358c4cebbdd8c80904a850f95ad375f4d645c057bac9e954d4cbbdccdb00e64637895e0',100,1,'OfferApp','[]',0,'2024-11-25 16:10:47','2024-11-25 16:10:47','2025-11-25 16:10:47'),('fa6fd1f365acdf42e0b0eca48149f905de1b74a6a2997666bb10d8509cd6e6a0a85f2e0bfe38774b',75,1,'munesh','[]',0,'2022-07-21 12:07:01','2022-07-21 12:07:01','2023-07-21 14:07:01'),('fa9058f4aaaf9d3bae53c4fbdcd64c669d7e8b7ad01dedceb69d0510709a26e8281b9a2b5eb31983',180,1,'munesh','[]',0,'2022-08-12 04:54:31','2022-08-12 04:54:31','2023-08-12 06:54:31'),('fa92b336c1ac0cfced6d23ab802d73af95173e2f561da6b85281822f8f1aa6997710ab8f4d80f996',251,1,'munesh','[]',0,'2022-08-23 14:40:53','2022-08-23 14:40:53','2023-08-23 16:40:53'),('fb03c611844b9b7cbaadde1d311425ec8e5698babdc10f43959c66775d1e9b787ead623d32bd7113',132,1,'Aqar','[]',0,'2025-02-09 15:48:52','2025-02-09 15:48:52','2026-02-09 15:48:52'),('fb0cf92dc492a9e69096b136c81fb4486c1518db801088305372d7f31c14005f4dc43192791ece65',281,1,'munesh','[]',0,'2022-11-30 07:22:27','2022-11-30 07:22:27','2023-11-29 23:22:27'),('fb11eb59abba7bcf31aa954573c36e544341d3100f50372e13bcef468dab3a8257b987aac6f4a294',239,1,'munesh','[]',0,'2022-08-20 20:08:36','2022-08-20 20:08:36','2023-08-20 22:08:36'),('fb466ea91b7a7fc53417da1ebeac6b4b5db667b0ff8951ffe3d3c6ae0910252f9bd2a65b5e0e7349',9,1,'gshop','[]',0,'2023-05-08 20:09:51','2023-05-08 20:09:51','2024-05-08 23:09:51'),('fb762786c67412debeafd7c38222917d3e7febd8cfa325493826be0b166d526648904dd1d59cb807',49,1,'munesh','[]',0,'2023-08-14 18:22:34','2023-08-14 18:22:34','2024-08-14 11:22:34'),('fba136a1ba9ec6a27dcf3319d4796b247460f330946e35926b3c51f98da6ca97ab649442287336f6',284,1,'munesh','[]',0,'2023-01-28 00:54:52','2023-01-28 00:54:52','2024-01-27 16:54:52'),('fbe44ce72425892b388d97ca9d3e5b72f02761f08610f6ad3150f804d1d3e3de9836e14a8bfae3c2',46,1,'gshop','[]',0,'2023-06-01 02:27:21','2023-06-01 02:27:21','2024-05-31 19:27:21'),('fc8bf97bdd6a71dc21bd4b67737304e8cabf322b23825fe62623b94038bf2b053c40ac2c44ad5fad',93,1,'OfferApp','[]',0,'2024-11-15 23:55:35','2024-11-15 23:55:35','2025-11-15 23:55:35'),('fc92e6d10b7accbf15d86e760a634efa6c423070c7c7d43661e0dac86656afc6cdf562a5197f7a2c',44,1,'munesh','[]',0,'2023-05-28 15:01:09','2023-05-28 15:01:09','2024-05-28 08:01:09'),('fc94eb40b441387c7a53607c95e5328377a88e878c640baeb51c44ffd551c51fe87c8cd49cf63220',57,1,'munesh','[]',0,'2023-08-24 01:18:14','2023-08-24 01:18:14','2024-08-23 18:18:14'),('fcb2a51eeb54991cd82e76b57dd200b1ee37ec5c22d9c883da8137df34a51a01544b3b7bd08c7d36',27,1,'mazraa','[]',0,'2022-06-23 08:41:40','2022-06-23 08:41:40','2023-06-23 10:41:40'),('fce799efb0f18377936fb93fa5825944925852427ad9d1aca293f916cbd873ad1d83138743754000',57,1,'munesh','[]',0,'2023-08-24 01:07:29','2023-08-24 01:07:29','2024-08-23 18:07:29'),('fcf58036bb23f22cce85bf1053a6c017802274bcd39adde13adcf51a4b7ebd84bfc18a7fdae7820f',45,1,'munesh','[]',0,'2023-05-30 05:51:04','2023-05-30 05:51:04','2024-05-29 22:51:04'),('fd55da6672439d48133c44199180e586ca446259daee2e3a4243c6bacb94e7bd965d634e5e837489',83,1,'gshop','[]',0,'2023-08-23 22:06:14','2023-08-23 22:06:14','2024-08-23 15:06:14'),('fd8e07e2114fc55895d65c8f62a45d49a224519871a70580684906bb65d9cc81eb4d9030acd21a08',11,1,'munesh','[]',0,'2023-08-11 09:15:58','2023-08-11 09:15:58','2024-08-11 02:15:58'),('fdb835e1f0ff1cde5a0aa2e050c0a43fe5d768c06613b9c44de47193846027223f83d170716ba0f2',279,1,'munesh','[]',0,'2022-11-24 12:47:14','2022-11-24 12:47:14','2023-11-24 04:47:14'),('fe1ef0e7dafaa8f5816c511684b51256819ea6ab9c2771db2711c8458bd5b78d6020225b384ae288',70,1,'munesh','[]',0,'2022-07-25 18:42:36','2022-07-25 18:42:36','2023-07-25 20:42:36'),('fe39f013d7bed02f6d87b03492425c08768a62213ac9479f0339285da699a54135bfd1e80868696a',49,1,'gshop','[]',0,'2023-08-07 19:14:27','2023-08-07 19:14:27','2024-08-07 12:14:27'),('fe7ad94c23ca11431c6bb2649e3788253ef0812f71566a5590dbcc89d2559f39d63f401c044990ee',187,1,'munesh','[]',0,'2022-08-13 10:42:54','2022-08-13 10:42:54','2023-08-13 12:42:54');

--
