--
-- Host: localhost    Database: topappkw_bobo
-- ------------------------------------------------------


--
-- Current Database: `topappkw_bobo`
--


--
-- Table structure for table `arrival_prices`
--

CREATE TABLE `arrival_prices` (
  `id` int unsigned NOT NULL AUTO_INCREMENT,
  `region_id` int DEFAULT NULL,
  `price` double DEFAULT NULL,
  `created_at` timestamp NULL DEFAULT NULL,
  `updated_at` timestamp NULL DEFAULT NULL,
  PRIMARY KEY (`id`)
) ENGINE=InnoDB AUTO_INCREMENT=827 DEFAULT CHARSET=utf8mb4 COLLATE=utf8mb4_unicode_ci;

--
-- Dumping data for table `arrival_prices`
--

INSERT INTO `arrival_prices` (`id`, `region_id`, `price`, `created_at`, `updated_at`) VALUES (1,1,0,'2022-12-06 13:53:46','2022-12-06 13:59:21'),(2,19,0.5,'2022-12-10 06:34:34','2023-09-18 09:33:42'),(3,20,0.5,'2022-12-10 06:34:34','2023-09-18 09:33:42'),(4,21,0.5,'2022-12-10 06:34:34','2023-09-18 09:33:42'),(5,22,0.5,'2022-12-10 06:34:34','2023-09-18 09:33:42'),(6,23,0.5,'2022-12-10 06:34:34','2023-09-18 09:33:42'),(7,24,0.5,'2022-12-10 06:34:34','2023-09-18 09:33:42'),(8,25,0.5,'2022-12-10 06:34:34','2023-09-18 09:33:42'),(9,26,0.5,'2022-12-10 06:34:34','2023-09-18 09:33:42'),(10,27,0.5,'2022-12-10 06:34:34','2023-09-18 09:33:42'),(11,28,0.5,'2022-12-10 06:34:34','2023-09-18 09:33:42'),(12,29,1,'2022-12-10 06:34:34','2023-09-18 09:33:42'),(13,30,1,'2022-12-10 06:34:34','2023-09-18 09:33:42'),(14,31,1,'2022-12-10 06:34:34','2023-09-18 09:33:42'),(15,32,1,'2022-12-10 06:34:34','2023-09-18 09:33:42'),(16,33,1,'2022-12-10 06:34:34','2023-09-18 09:33:42'),(17,34,1,'2022-12-10 06:34:34','2023-09-18 09:33:42'),(18,35,1,'2022-12-10 06:34:34','2023-09-18 09:33:42'),(19,36,1,'2022-12-10 06:34:34','2023-09-18 09:33:42'),(20,37,1,'2022-12-10 06:34:34','2023-09-18 09:33:42'),(21,38,1,'2022-12-10 06:34:34','2023-09-18 09:33:42'),(22,39,1,'2022-12-10 06:34:34','2023-09-18 09:33:42'),(23,40,1,'2022-12-10 06:34:34','2023-09-18 09:33:42'),(24,41,1,'2022-12-10 06:34:34','2023-09-18 09:33:42'),(25,42,1,'2022-12-10 06:34:34','2023-09-18 09:33:42'),(26,43,1,'2022-12-10 06:34:34','2023-09-18 09:33:42'),(27,44,1,'2022-12-10 06:34:34','2023-09-18 09:33:42'),(28,45,1,'2022-12-10 06:34:34','2023-09-18 09:33:42'),(29,46,1,'2022-12-10 06:34:34','2023-09-18 09:33:42'),(30,47,1,'2022-12-10 06:34:34','2023-09-18 09:33:42'),(31,48,1,'2022-12-10 06:34:34','2023-09-18 09:33:42'),(32,49,1,'2022-12-10 06:34:34','2023-09-18 09:33:42'),(33,50,1,'2022-12-10 06:34:34','2023-09-18 09:33:42'),(34,51,1,'2022-12-10 06:34:34','2023-09-18 09:33:42'),(35,52,0.5,'2022-12-10 06:34:34','2023-09-18 09:33:42'),(36,53,0.5,'2022-12-10 06:34:34','2023-09-18 09:33:42'),(37,54,0.5,'2022-12-10 06:34:34','2023-09-18 09:33:42'),(38,55,0.5,'2022-12-10 06:34:34','2023-09-18 09:33:42'),(39,56,0.5,'2022-12-10 06:34:34','2023-09-18 09:33:42'),(40,57,0.5,'2022-12-10 06:34:34','2023-09-18 09:33:42'),(41,58,0.5,'2022-12-10 06:34:34','2023-09-18 09:33:42'),(42,59,0.5,'2022-12-10 06:34:34','2023-09-18 09:33:42'),(43,60,0.5,'2022-12-10 06:34:34','2023-09-18 09:33:42'),(44,61,0.5,'2022-12-10 06:34:34','2023-09-18 09:33:42'),(45,62,0.5,'2022-12-10 06:34:34','2023-09-18 09:33:42'),(46,63,0.5,'2022-12-10 06:34:34','2023-09-18 09:33:42'),(47,64,1,'2022-12-10 06:34:34','2023-09-18 09:33:42'),(48,65,1,'2022-12-10 06:34:34','2023-09-18 09:33:42'),(49,66,1,'2022-12-10 06:34:34','2023-09-18 09:33:42'),(50,67,1,'2022-12-10 06:34:34','2023-09-18 09:33:42'),(51,68,1,'2022-12-10 06:34:34','2023-09-18 09:33:42'),(52,69,1,'2022-12-10 06:34:34','2023-09-18 09:33:42'),(53,70,1,'2022-12-10 06:34:34','2023-09-18 09:33:42'),(54,71,1,'2022-12-10 06:34:34','2023-09-18 09:33:42'),(55,72,1,'2022-12-10 06:34:34','2023-09-18 09:33:42'),(56,73,1,'2022-12-10 06:34:34','2023-09-18 09:33:42'),(57,74,1,'2022-12-10 06:34:34','2023-09-18 09:33:42'),(58,75,1,'2022-12-10 06:34:34','2023-09-18 09:33:42'),(59,76,1,'2022-12-10 06:34:34','2023-09-18 09:33:42'),(60,77,2,'2022-12-10 06:34:34','2023-09-18 09:33:42'),(61,78,2,'2022-12-10 06:34:34','2023-09-18 09:33:42'),(62,79,1,'2022-12-10 06:34:34','2023-09-18 09:33:42'),(63,80,1,'2022-12-10 06:34:34','2023-09-18 09:33:42'),(64,81,0.75,'2022-12-10 06:34:34','2023-09-18 09:33:42'),(65,82,0.75,'2022-12-10 06:34:34','2023-09-18 09:33:42'),(66,83,0.75,'2022-12-10 06:34:34','2023-09-18 09:33:42'),(67,84,0.75,'2022-12-10 06:34:34','2023-09-18 09:33:42'),(68,85,0.75,'2022-12-10 06:34:34','2023-09-18 09:33:42'),(69,86,0.75,'2022-12-10 06:34:34','2023-09-18 09:33:42'),(70,87,0.75,'2022-12-10 06:34:34','2023-09-18 09:33:42'),(71,88,0.75,'2022-12-10 06:34:34','2023-09-18 09:33:42'),(72,89,0.75,'2022-12-10 06:34:34','2023-09-18 09:33:42'),(73,90,0.75,'2022-12-10 06:34:34','2023-09-18 09:33:42'),(74,91,0.75,'2022-12-10 06:34:34','2023-09-18 09:33:42'),(75,92,0.75,'2022-12-10 06:34:34','2023-09-18 09:33:42'),(76,93,0.75,'2022-12-10 06:34:34','2023-09-18 09:33:42'),(77,94,0.75,'2022-12-10 06:34:34','2023-09-18 09:33:42'),(78,95,0.75,'2022-12-10 06:34:34','2023-09-18 09:33:42'),(79,96,0.75,'2022-12-10 06:34:34','2023-09-18 09:33:42'),(80,97,0.75,'2022-12-10 06:34:34','2023-09-18 09:33:42'),(81,98,0.75,'2022-12-10 06:34:34','2023-09-18 09:33:42'),(82,99,0.75,'2022-12-10 06:34:34','2023-09-18 09:33:42'),(83,100,0.75,'2022-12-10 06:34:34','2023-09-18 09:33:42'),(84,101,0.75,'2022-12-10 06:34:34','2023-09-18 09:33:42'),(85,102,1,'2022-12-10 06:34:34','2023-09-18 09:33:42'),(86,103,1,'2022-12-10 06:34:34','2023-09-18 09:33:42'),(87,104,1,'2022-12-10 06:34:34','2023-09-18 09:33:42'),(88,105,1,'2022-12-10 06:34:34','2023-09-18 09:33:42'),(89,106,1,'2022-12-10 06:34:34','2023-09-18 09:33:42'),(90,107,1,'2022-12-10 06:34:34','2023-09-18 09:33:42'),(91,108,1,'2022-12-10 06:34:34','2023-09-18 09:33:42'),(92,109,1,'2022-12-10 06:34:34','2023-09-18 09:33:42'),(93,110,1,'2022-12-10 06:34:34','2023-09-18 09:33:42'),(94,111,1,'2022-12-10 06:34:34','2023-09-18 09:33:42'),(95,112,1,'2022-12-10 06:34:34','2023-09-18 09:33:42'),(96,113,1,'2022-12-10 06:34:34','2023-09-18 09:33:42'),(97,114,1,'2022-12-10 06:34:34','2023-09-18 09:33:42'),(98,115,1,'2022-12-10 06:34:34','2023-09-18 09:33:42'),(99,116,1,'2022-12-10 06:34:34','2023-09-18 09:33:42'),(100,117,1,'2022-12-10 06:34:34','2023-09-18 09:33:42'),(101,118,1,'2022-12-10 06:34:34','2023-09-18 09:33:42'),(102,119,1,'2022-12-10 06:34:34','2023-09-18 09:33:42'),(103,120,1,'2022-12-10 06:34:34','2023-09-18 09:33:42'),(104,121,1,'2022-12-10 06:34:34','2023-09-18 09:33:42'),(105,122,0.5,'2022-12-10 06:34:34','2023-09-18 09:33:42'),(106,123,0.5,'2022-12-10 06:34:34','2023-09-18 09:33:42'),(107,124,0.5,'2022-12-10 06:34:34','2023-09-18 09:33:42'),(108,125,0.5,'2022-12-10 06:34:34','2023-09-18 09:33:42'),(109,126,0.5,'2022-12-10 06:34:34','2023-09-18 09:33:42'),(110,127,0.5,'2022-12-10 06:34:34','2023-09-18 09:33:42'),(111,128,0.5,'2022-12-10 06:34:34','2023-09-18 09:33:42'),(112,129,0.5,'2022-12-10 06:34:34','2023-09-18 09:33:42'),(113,130,0.5,'2022-12-10 06:34:34','2023-09-18 09:33:42'),(114,131,0.5,'2022-12-10 06:34:34','2023-09-18 09:33:42'),(115,132,0.5,'2022-12-10 06:34:34','2023-09-18 09:33:42'),(116,133,0.5,'2022-12-10 06:34:34','2023-09-18 09:33:42'),(117,134,0.5,'2022-12-10 06:34:34','2023-09-18 09:33:42'),(118,135,0.5,'2022-12-10 06:34:34','2023-09-18 09:33:42'),(119,136,0.5,'2022-12-10 06:34:34','2023-09-18 09:33:42'),(120,137,0.5,'2022-12-10 06:34:34','2023-09-18 09:33:42'),(121,138,0.5,'2022-12-10 06:34:34','2023-09-18 09:33:42'),(122,139,0.5,'2022-12-10 06:34:34','2023-09-18 09:33:42'),(123,140,0.5,'2022-12-10 06:34:34','2023-09-18 09:33:42'),(124,141,0.5,'2022-12-10 06:34:34','2023-09-18 09:33:42'),(125,142,0.5,'2022-12-10 06:34:35','2023-09-18 09:33:42'),(126,143,0.5,'2022-12-10 06:34:35','2023-09-18 09:33:42'),(127,144,0.5,'2022-12-10 06:34:35','2023-09-18 09:33:42'),(128,145,0.5,'2022-12-10 06:34:35','2023-09-18 09:33:42'),(129,146,0.5,'2022-12-10 06:34:35','2023-09-18 09:33:42'),(130,147,0.5,'2022-12-10 06:34:35','2023-09-18 09:33:42'),(131,148,0.5,'2022-12-10 06:34:35','2023-09-18 09:33:42'),(132,149,0.5,'2022-12-10 06:34:35','2023-09-18 09:33:42'),(133,151,0.5,'2022-12-10 06:34:35','2023-09-18 09:33:42'),(134,152,0,'2023-04-15 10:19:07','2023-09-18 09:33:42'),(135,153,0,'2023-04-15 10:19:07','2023-09-18 09:33:42'),(136,154,0,'2023-04-15 10:19:07','2023-09-18 09:33:42'),(137,155,0,'2023-04-15 10:19:07','2023-09-18 09:33:42'),(138,156,0,'2023-04-15 10:19:07','2023-09-18 09:33:42'),(139,157,0,'2023-04-15 10:19:07','2023-09-18 09:33:42'),(140,158,0,'2023-04-15 10:19:07','2023-09-18 09:33:42'),(141,159,0,'2023-04-15 10:19:07','2023-09-18 09:33:42'),(142,160,0,'2023-04-15 10:19:07','2023-09-18 09:33:42'),(143,161,0,'2023-04-15 10:19:07','2023-09-18 09:33:42'),(144,162,0,'2023-04-15 10:19:07','2023-09-18 09:33:42'),(145,163,0,'2023-04-15 10:19:07','2023-09-18 09:33:42'),(146,164,0,'2023-04-15 10:19:07','2023-09-18 09:33:42'),(147,165,0,'2023-04-15 10:19:07','2023-09-18 09:33:42'),(148,180,0,'2023-04-15 10:19:07','2023-09-18 09:33:42'),(149,181,0,'2023-04-15 10:19:07','2023-09-18 09:33:42'),(150,182,0,'2023-04-15 10:19:07','2023-09-18 09:33:42'),(151,166,0,'2023-04-15 10:19:07','2023-09-18 09:33:42'),(152,167,0,'2023-04-15 10:19:07','2023-09-18 09:33:42'),(153,168,0,'2023-04-15 10:19:07','2023-09-18 09:33:42'),(154,169,0,'2023-04-15 10:19:07','2023-09-18 09:33:42'),(155,170,0,'2023-04-15 10:19:07','2023-09-18 09:33:42'),(156,171,0,'2023-04-15 10:19:07','2023-09-18 09:33:42'),(157,193,0,'2023-04-15 10:19:07','2023-09-18 09:33:42'),(158,194,0,'2023-04-15 10:19:07','2023-09-18 09:33:42'),(159,172,0,'2023-04-15 10:19:07','2023-09-18 09:33:42'),(160,173,0,'2023-04-15 10:19:07','2023-09-18 09:33:42'),(161,174,0,'2023-04-15 10:19:07','2023-09-18 09:33:42'),(162,175,0,'2023-04-15 10:19:07','2023-09-18 09:33:42'),(163,176,0,'2023-04-15 10:19:07','2023-09-18 09:33:42'),(164,177,0,'2023-04-15 10:19:07','2023-09-18 09:33:42'),(165,178,0,'2023-04-15 10:19:07','2023-09-18 09:33:42'),(166,179,0,'2023-04-15 10:19:07','2023-09-18 09:33:42'),(167,183,0,'2023-04-15 10:19:07','2023-09-18 09:33:42'),(168,184,0,'2023-04-15 10:19:07','2023-09-18 09:33:42'),(169,185,0,'2023-04-15 10:19:07','2023-09-18 09:33:42'),(170,186,0,'2023-04-15 10:19:07','2023-09-18 09:33:42'),(171,187,0,'2023-04-15 10:19:07','2023-09-18 09:33:42'),(172,188,0,'2023-04-15 10:19:07','2023-09-18 09:33:42'),(173,189,0,'2023-04-15 10:19:07','2023-09-18 09:33:42'),(174,190,0,'2023-04-15 10:19:07','2023-09-18 09:33:42'),(175,191,0,'2023-04-15 10:19:07','2023-09-18 09:33:42'),(176,192,0,'2023-04-15 10:19:07','2023-09-18 09:33:42'),(177,195,0,'2023-04-15 10:19:07','2023-09-18 09:33:42'),(178,215,0,'2023-04-15 10:19:07','2023-09-18 09:33:42'),(179,217,0,'2023-04-15 10:19:07','2023-09-18 09:33:42'),(180,196,0,'2023-04-15 10:19:07','2023-09-18 09:33:42'),(181,197,0,'2023-04-15 10:19:07','2023-09-18 09:33:42'),(182,198,0,'2023-04-15 10:19:07','2023-09-18 09:33:42'),(183,199,0,'2023-04-15 10:19:07','2023-09-18 09:33:42'),(184,200,0,'2023-04-15 10:19:07','2023-09-18 09:33:42'),(185,201,0,'2023-04-15 10:19:07','2023-09-18 09:33:42'),(186,202,0,'2023-04-15 10:19:07','2023-09-18 09:33:42'),(187,203,0,'2023-04-15 10:19:07','2023-09-18 09:33:42'),(188,204,0,'2023-04-15 10:19:07','2023-09-18 09:33:42'),(189,205,0,'2023-04-15 10:19:07','2023-09-18 09:33:42'),(190,206,0,'2023-04-15 10:19:07','2023-09-18 09:33:42'),(191,207,0,'2023-04-15 10:19:07','2023-09-18 09:33:42'),(192,208,0,'2023-04-15 10:19:07','2023-09-18 09:33:42'),(193,209,0,'2023-04-15 10:19:07','2023-09-18 09:33:43'),(194,210,0,'2023-04-15 10:19:07','2023-09-18 09:33:43'),(195,211,0,'2023-04-15 10:19:07','2023-09-18 09:33:43'),(196,212,0,'2023-04-15 10:19:07','2023-09-18 09:33:43'),(197,213,0,'2023-04-15 10:19:07','2023-09-18 09:33:43'),(198,214,0,'2023-04-15 10:19:07','2023-09-18 09:33:43'),(199,216,0,'2023-04-15 10:19:07','2023-09-18 09:33:43'),(200,218,0,'2023-04-15 10:19:07','2023-09-18 09:33:43'),(201,219,0,'2023-04-15 10:19:07','2023-09-18 09:33:43'),(202,220,0,'2023-04-15 10:19:08','2023-09-18 09:33:43'),(203,221,0,'2023-04-15 10:19:08','2023-09-18 09:33:43'),(204,222,0,'2023-04-15 10:19:08','2023-09-18 09:33:43'),(205,223,0,'2023-04-15 10:19:08','2023-09-18 09:33:43'),(206,224,0,'2023-04-15 10:19:08','2023-09-18 09:33:43'),(207,225,0,'2023-04-15 10:19:08','2023-09-18 09:33:43'),(208,226,0,'2023-04-15 10:19:08','2023-09-18 09:33:43'),(209,227,0,'2023-04-15 10:19:08','2023-09-18 09:33:43'),(210,228,0,'2023-04-15 10:19:08','2023-09-18 09:33:43'),(211,229,0,'2023-04-15 10:19:08','2023-09-18 09:33:43'),(212,230,0,'2023-04-15 10:19:08','2023-09-18 09:33:43'),(213,231,0,'2023-04-15 10:19:08','2023-09-18 09:33:43'),(214,232,0,'2023-04-15 10:19:08','2023-09-18 09:33:43'),(215,233,0,'2023-04-15 10:19:08','2023-09-18 09:33:43'),(216,234,0,'2023-04-15 10:19:08','2023-09-18 09:33:43'),(217,235,0,'2023-04-15 10:19:08','2023-09-18 09:33:43'),(218,236,0,'2023-04-15 10:19:08','2023-09-18 09:33:43'),(219,237,0,'2023-04-15 10:19:08','2023-09-18 09:33:43'),(220,238,0,'2023-04-15 10:19:08','2023-09-18 09:33:43'),(221,239,0,'2023-04-15 10:19:08','2023-09-18 09:33:43'),(222,240,0,'2023-04-15 10:19:08','2023-09-18 09:33:43'),(223,241,0,'2023-04-15 10:19:08','2023-09-18 09:33:43'),(224,242,0,'2023-04-15 10:19:08','2023-09-18 09:33:43'),(225,243,0,'2023-04-15 10:19:08','2023-09-18 09:33:43'),(226,244,0,'2023-04-15 10:19:08','2023-09-18 09:33:43'),(227,245,0,'2023-04-15 10:19:08','2023-09-18 09:33:43'),(228,246,0,'2023-04-15 10:19:08','2023-09-18 09:33:43'),(229,247,0,'2023-04-15 10:19:08','2023-09-18 09:33:43'),(230,248,0,'2023-04-15 10:19:08','2023-09-18 09:33:43'),(231,249,0,'2023-04-15 10:19:08','2023-09-18 09:33:43'),(232,250,0,'2023-04-15 10:19:08','2023-09-18 09:33:43'),(233,251,0,'2023-04-15 10:19:08','2023-09-18 09:33:43'),(234,252,0,'2023-04-15 10:19:08','2023-09-18 09:33:43'),(235,253,0,'2023-04-15 10:19:08','2023-09-18 09:33:43'),(236,254,0,'2023-04-15 10:19:08','2023-09-18 09:33:43'),(237,255,0,'2023-04-15 10:19:08','2023-09-18 09:33:43'),(238,256,0,'2023-04-15 10:19:08','2023-09-18 09:33:43'),(239,257,0,'2023-04-15 10:19:08','2023-09-18 09:33:43'),(240,258,0,'2023-04-15 10:19:08','2023-09-18 09:33:43'),(241,259,0,'2023-04-15 10:19:08','2023-09-18 09:33:43'),(242,260,0,'2023-04-15 10:19:08','2023-09-18 09:33:43'),(243,261,0,'2023-04-15 10:19:08','2023-09-18 09:33:43'),(244,262,0,'2023-04-15 10:19:08','2023-09-18 09:33:43'),(245,263,0,'2023-04-15 10:19:08','2023-09-18 09:33:43'),(246,264,0,'2023-04-15 10:19:08','2023-09-18 09:33:43'),(247,265,0,'2023-04-15 10:19:08','2023-09-18 09:33:43'),(248,266,0,'2023-04-15 10:19:08','2023-09-18 09:33:43'),(249,267,0,'2023-04-15 10:19:08','2023-09-18 09:33:43'),(250,268,0,'2023-04-15 10:19:08','2023-09-18 09:33:43'),(251,269,0,'2023-04-15 10:19:08','2023-09-18 09:33:43'),(252,272,0,'2023-04-15 10:19:08','2023-09-18 09:33:43'),(253,273,0,'2023-04-15 10:19:08','2023-09-18 09:33:43'),(254,274,0,'2023-04-15 10:19:08','2023-09-18 09:33:43'),(255,275,0,'2023-04-15 10:19:08','2023-09-18 09:33:43'),(256,270,0,'2023-04-15 10:19:08','2023-09-18 09:33:43'),(257,271,0,'2023-04-15 10:19:08','2023-09-18 09:33:43'),(258,276,0,'2023-04-15 10:19:08','2023-09-18 09:33:43'),(259,277,0,'2023-04-15 10:19:08','2023-09-18 09:33:43'),(260,278,0,'2023-04-15 10:19:08','2023-09-18 09:33:43'),(261,279,0,'2023-04-15 10:19:08','2023-09-18 09:33:43'),(262,280,0,'2023-04-15 10:19:08','2023-09-18 09:33:43'),(263,281,0,'2023-04-15 10:19:08','2023-09-18 09:33:43'),(264,282,0,'2023-04-15 10:19:08','2023-09-18 09:33:43'),(265,283,0,'2023-04-15 10:19:08','2023-09-18 09:33:43'),(266,284,0,'2023-04-15 10:19:08','2023-09-18 09:33:43'),(267,285,0,'2023-04-15 10:19:08','2023-09-18 09:33:43'),(268,286,0,'2023-04-15 10:19:08','2023-09-18 09:33:43'),(269,287,0,'2023-04-15 10:19:08','2023-09-18 09:33:43'),(270,288,0,'2023-04-15 10:19:08','2023-09-18 09:33:43'),(271,289,0,'2023-04-15 10:19:08','2023-09-18 09:33:43'),(272,290,0,'2023-04-15 10:19:08','2023-09-18 09:33:43'),(273,291,0,'2023-04-15 10:19:08','2023-09-18 09:33:43'),(274,292,0,'2023-04-15 10:19:08','2023-09-18 09:33:43'),(275,293,0,'2023-04-15 10:19:08','2023-09-18 09:33:43'),(276,294,0,'2023-04-15 10:19:08','2023-09-18 09:33:43'),(277,295,0,'2023-04-15 10:19:08','2023-09-18 09:33:43'),(278,296,0,'2023-04-15 10:19:08','2023-09-18 09:33:43'),(279,297,0,'2023-04-15 10:19:08','2023-09-18 09:33:43'),(280,298,0,'2023-04-15 10:19:08','2023-09-18 09:33:43'),(281,299,0,'2023-04-15 10:19:08','2023-09-18 09:33:43'),(282,300,0,'2023-04-15 10:19:08','2023-09-18 09:33:43'),(283,301,0,'2023-04-15 10:19:08','2023-09-18 09:33:43'),(284,302,0,'2023-04-15 10:19:08','2023-09-18 09:33:43'),(285,303,0,'2023-04-15 10:19:08','2023-09-18 09:33:43'),(286,304,0,'2023-04-15 10:19:08','2023-09-18 09:33:43'),(287,305,0,'2023-04-15 10:19:08','2023-09-18 09:33:43'),(288,306,0,'2023-04-15 10:19:08','2023-09-18 09:33:43'),(289,307,0,'2023-04-15 10:19:08','2023-09-18 09:33:43'),(290,308,0,'2023-04-15 10:19:08','2023-09-18 09:33:43'),(291,309,0,'2023-04-15 10:19:08','2023-09-18 09:33:43'),(292,310,0,'2023-04-15 10:19:08','2023-09-18 09:33:43'),(293,311,0,'2023-04-15 10:19:08','2023-09-18 09:33:43'),(294,312,0,'2023-04-15 10:19:08','2023-09-18 09:33:43'),(295,313,0,'2023-04-15 10:19:08','2023-09-18 09:33:43'),(296,314,0,'2023-04-15 10:19:08','2023-09-18 09:33:43'),(297,315,0,'2023-04-15 10:19:08','2023-09-18 09:33:43'),(298,316,0,'2023-04-15 10:19:08','2023-09-18 09:33:43'),(299,317,0,'2023-04-15 10:19:08','2023-09-18 09:33:43'),(300,318,0,'2023-04-15 10:19:08','2023-09-18 09:33:43'),(301,319,0,'2023-04-15 10:19:08','2023-09-18 09:33:43'),(302,320,0,'2023-04-15 10:19:08','2023-09-18 09:33:43'),(303,321,0,'2023-04-15 10:19:08','2023-09-18 09:33:43'),(304,322,0,'2023-04-15 10:19:08','2023-09-18 09:33:43'),(305,323,0,'2023-04-15 10:19:08','2023-09-18 09:33:43'),(306,324,0,'2023-04-15 10:19:08','2023-09-18 09:33:43'),(307,325,0,'2023-04-15 10:19:08','2023-09-18 09:33:43'),(308,326,0,'2023-04-15 10:19:08','2023-09-18 09:33:43'),(309,327,0,'2023-04-15 10:19:08','2023-09-18 09:33:43'),(310,328,0,'2023-04-15 10:19:08','2023-09-18 09:33:43'),(311,329,0,'2023-04-15 10:19:08','2023-09-18 09:33:43'),(312,330,0,'2023-04-15 10:19:08','2023-09-18 09:33:43'),(313,331,0,'2023-04-15 10:19:08','2023-09-18 09:33:43'),(314,332,0,'2023-04-15 10:19:08','2023-09-18 09:33:43'),(315,333,0,'2023-04-15 10:19:08','2023-09-18 09:33:43'),(316,334,0,'2023-04-15 10:19:08','2023-09-18 09:33:43'),(317,335,0,'2023-04-15 10:19:08','2023-09-18 09:33:43'),(318,336,0,'2023-04-15 10:19:08','2023-09-18 09:33:43'),(319,337,0,'2023-04-15 10:19:08','2023-09-18 09:33:43'),(320,338,0,'2023-04-15 10:19:08','2023-09-18 09:33:43'),(321,339,0,'2023-04-15 10:19:08','2023-09-18 09:33:43'),(322,340,0,'2023-04-15 10:19:08','2023-09-18 09:33:43'),(323,341,0,'2023-04-15 10:19:08','2023-09-18 09:33:43'),(324,342,0,'2023-04-15 10:19:08','2023-09-18 09:33:43'),(325,343,0,'2023-04-15 10:19:08','2023-09-18 09:33:43'),(326,344,0,'2023-04-15 10:19:08','2023-09-18 09:33:43'),(327,345,0,'2023-04-15 10:19:08','2023-09-18 09:33:43'),(328,346,0,'2023-04-15 10:19:08','2023-09-18 09:33:43'),(329,347,0,'2023-04-15 10:19:08','2023-09-18 09:33:43'),(330,348,0,'2023-04-15 10:19:08','2023-09-18 09:33:43'),(331,349,0,'2023-04-15 10:19:08','2023-09-18 09:33:43'),(332,350,0,'2023-04-15 10:19:08','2023-09-18 09:33:43'),(333,351,0,'2023-04-15 10:19:08','2023-09-18 09:33:43'),(334,352,0,'2023-04-15 10:19:08','2023-09-18 09:33:43'),(335,453,0,'2023-04-15 10:19:08','2023-09-18 09:33:43'),(336,455,0,'2023-04-15 10:19:08','2023-09-18 09:33:43'),(337,353,0,'2023-04-15 10:19:08','2023-09-18 09:33:43'),(338,354,0,'2023-04-15 10:19:08','2023-09-18 09:33:43'),(339,355,0,'2023-04-15 10:19:08','2023-09-18 09:33:43'),(340,356,0,'2023-04-15 10:19:08','2023-09-18 09:33:43'),(341,357,0,'2023-04-15 10:19:08','2023-09-18 09:33:43'),(342,358,0,'2023-04-15 10:19:08','2023-09-18 09:33:43'),(343,359,0,'2023-04-15 10:19:08','2023-09-18 09:33:43'),(344,360,0,'2023-04-15 10:19:08','2023-09-18 09:33:43'),(345,361,0,'2023-04-15 10:19:08','2023-09-18 09:33:43'),(346,362,0,'2023-04-15 10:19:08','2023-09-18 09:33:43'),(347,363,0,'2023-04-15 10:19:08','2023-09-18 09:33:43'),(348,364,0,'2023-04-15 10:19:08','2023-09-18 09:33:43'),(349,365,0,'2023-04-15 10:19:08','2023-09-18 09:33:43'),(350,366,0,'2023-04-15 10:19:08','2023-09-18 09:33:43'),(351,367,0,'2023-04-15 10:19:08','2023-09-18 09:33:43'),(352,368,0,'2023-04-15 10:19:08','2023-09-18 09:33:43'),(353,369,0,'2023-04-15 10:19:08','2023-09-18 09:33:43'),(354,370,0,'2023-04-15 10:19:08','2023-09-18 09:33:43'),(355,371,0,'2023-04-15 10:19:08','2023-09-18 09:33:43'),(356,372,0,'2023-04-15 10:19:08','2023-09-18 09:33:43'),(357,373,0,'2023-04-15 10:19:08','2023-09-18 09:33:43'),(358,374,0,'2023-04-15 10:19:08','2023-09-18 09:33:43'),(359,375,0,'2023-04-15 10:19:08','2023-09-18 09:33:43'),(360,376,0,'2023-04-15 10:19:08','2023-09-18 09:33:43'),(361,377,0,'2023-04-15 10:19:08','2023-09-18 09:33:43'),(362,378,0,'2023-04-15 10:19:08','2023-09-18 09:33:43'),(363,379,0,'2023-04-15 10:19:08','2023-09-18 09:33:43'),(364,380,0,'2023-04-15 10:19:08','2023-09-18 09:33:43'),(365,381,0,'2023-04-15 10:19:08','2023-09-18 09:33:43'),(366,382,0,'2023-04-15 10:19:08','2023-09-18 09:33:43'),(367,383,0,'2023-04-15 10:19:08','2023-09-18 09:33:43'),(368,384,0,'2023-04-15 10:19:08','2023-09-18 09:33:43'),(369,385,0,'2023-04-15 10:19:08','2023-09-18 09:33:43'),(370,386,0,'2023-04-15 10:19:08','2023-09-18 09:33:43'),(371,387,0,'2023-04-15 10:19:08','2023-09-18 09:33:43'),(372,388,0,'2023-04-15 10:19:08','2023-09-18 09:33:43'),(373,389,0,'2023-04-15 10:19:08','2023-09-18 09:33:43'),(374,390,0,'2023-04-15 10:19:08','2023-09-18 09:33:43'),(375,391,0,'2023-04-15 10:19:08','2023-09-18 09:33:43'),(376,392,0,'2023-04-15 10:19:08','2023-09-18 09:33:43'),(377,393,0,'2023-04-15 10:19:08','2023-09-18 09:33:43'),(378,394,0,'2023-04-15 10:19:08','2023-09-18 09:33:43'),(379,395,0,'2023-04-15 10:19:08','2023-09-18 09:33:43'),(380,396,0,'2023-04-15 10:19:08','2023-09-18 09:33:43'),(381,397,0,'2023-04-15 10:19:08','2023-09-18 09:33:43'),(382,398,0,'2023-04-15 10:19:08','2023-09-18 09:33:43'),(383,399,0,'2023-04-15 10:19:08','2023-09-18 09:33:43'),(384,400,0,'2023-04-15 10:19:08','2023-09-18 09:33:43'),(385,401,0,'2023-04-15 10:19:08','2023-09-18 09:33:43'),(386,402,0,'2023-04-15 10:19:08','2023-09-18 09:33:43'),(387,403,0,'2023-04-15 10:19:08','2023-09-18 09:33:43'),(388,404,0,'2023-04-15 10:19:08','2023-09-18 09:33:43'),(389,405,0,'2023-04-15 10:19:08','2023-09-18 09:33:43'),(390,406,0,'2023-04-15 10:19:08','2023-09-18 09:33:43'),(391,407,0,'2023-04-15 10:19:08','2023-09-18 09:33:43'),(392,408,0,'2023-04-15 10:19:08','2023-09-18 09:33:43'),(393,409,0,'2023-04-15 10:19:08','2023-09-18 09:33:43'),(394,410,0,'2023-04-15 10:19:08','2023-09-18 09:33:43'),(395,411,0,'2023-04-15 10:19:08','2023-09-18 09:33:43'),(396,412,0,'2023-04-15 10:19:08','2023-09-18 09:33:43'),(397,413,0,'2023-04-15 10:19:08','2023-09-18 09:33:43'),(398,414,0,'2023-04-15 10:19:08','2023-09-18 09:33:43'),(399,415,0,'2023-04-15 10:19:08','2023-09-18 09:33:43'),(400,416,0,'2023-04-15 10:19:08','2023-09-18 09:33:43'),(401,417,0,'2023-04-15 10:19:08','2023-09-18 09:33:43'),(402,418,0,'2023-04-15 10:19:08','2023-09-18 09:33:43'),(403,419,0,'2023-04-15 10:19:08','2023-09-18 09:33:43'),(404,420,0,'2023-04-15 10:19:08','2023-09-18 09:33:43'),(405,421,0,'2023-04-15 10:19:08','2023-09-18 09:33:43'),(406,422,0,'2023-04-15 10:19:08','2023-09-18 09:33:43'),(407,423,0,'2023-04-15 10:19:08','2023-09-18 09:33:43'),(408,424,0,'2023-04-15 10:19:08','2023-09-18 09:33:43'),(409,425,0,'2023-04-15 10:19:08','2023-09-18 09:33:43'),(410,426,0,'2023-04-15 10:19:08','2023-09-18 09:33:43'),(411,427,0,'2023-04-15 10:19:08','2023-09-18 09:33:43'),(412,428,0,'2023-04-15 10:19:08','2023-09-18 09:33:43'),(413,429,0,'2023-04-15 10:19:08','2023-09-18 09:33:43'),(414,430,0,'2023-04-15 10:19:08','2023-09-18 09:33:43'),(415,431,0,'2023-04-15 10:19:08','2023-09-18 09:33:43'),(416,432,0,'2023-04-15 10:19:08','2023-09-18 09:33:43'),(417,433,0,'2023-04-15 10:19:08','2023-09-18 09:33:43'),(418,434,0,'2023-04-15 10:19:08','2023-09-18 09:33:43'),(419,435,0,'2023-04-15 10:19:08','2023-09-18 09:33:43'),(420,436,0,'2023-04-15 10:19:08','2023-09-18 09:33:43'),(421,437,0,'2023-04-15 10:19:08','2023-09-18 09:33:43'),(422,438,0,'2023-04-15 10:19:08','2023-09-18 09:33:43'),(423,439,0,'2023-04-15 10:19:08','2023-09-18 09:33:43'),(424,440,0,'2023-04-15 10:19:08','2023-09-18 09:33:43'),(425,441,0,'2023-04-15 10:19:08','2023-09-18 09:33:43'),(426,442,0,'2023-04-15 10:19:08','2023-09-18 09:33:43'),(427,443,0,'2023-04-15 10:19:08','2023-09-18 09:33:43'),(428,444,0,'2023-04-15 10:19:08','2023-09-18 09:33:43'),(429,445,0,'2023-04-15 10:19:08','2023-09-18 09:33:43'),(430,446,0,'2023-04-15 10:19:08','2023-09-18 09:33:43'),(431,447,0,'2023-04-15 10:19:08','2023-09-18 09:33:43'),(432,448,0,'2023-04-15 10:19:08','2023-09-18 09:33:43'),(433,449,0,'2023-04-15 10:19:08','2023-09-18 09:33:43'),(434,450,0,'2023-04-15 10:19:08','2023-09-18 09:33:43'),(435,451,0,'2023-04-15 10:19:08','2023-09-18 09:33:43'),(436,452,0,'2023-04-15 10:19:08','2023-09-18 09:33:43'),(437,456,0,'2023-04-15 10:19:08','2023-09-18 09:33:43'),(438,457,0,'2023-04-15 10:19:08','2023-09-18 09:33:43'),(439,458,0,'2023-04-15 10:19:08','2023-09-18 09:33:43'),(440,459,0,'2023-04-15 10:19:08','2023-09-18 09:33:43'),(441,460,0,'2023-04-15 10:19:08','2023-09-18 09:33:43'),(442,461,0,'2023-04-15 10:19:08','2023-09-18 09:33:43'),(443,462,0,'2023-04-15 10:19:08','2023-09-18 09:33:43'),(444,463,0,'2023-04-15 10:19:08','2023-09-18 09:33:43'),(445,464,0,'2023-04-15 10:19:08','2023-09-18 09:33:43'),(446,465,0,'2023-04-15 10:19:08','2023-09-18 09:33:43'),(447,466,0,'2023-04-15 10:19:08','2023-09-18 09:33:43'),(448,467,0,'2023-04-15 10:19:08','2023-09-18 09:33:43'),(449,468,0,'2023-04-15 10:19:08','2023-09-18 09:33:43'),(450,469,0,'2023-04-15 10:19:08','2023-09-18 09:33:43'),(451,470,0,'2023-04-15 10:19:08','2023-09-18 09:33:43'),(452,471,0,'2023-04-15 10:19:08','2023-09-18 09:33:43'),(453,472,0,'2023-04-15 10:19:08','2023-09-18 09:33:43'),(454,473,0,'2023-04-15 10:19:08','2023-09-18 09:33:43'),(455,474,0,'2023-04-15 10:19:08','2023-09-18 09:33:43'),(456,475,0,'2023-04-15 10:19:08','2023-09-18 09:33:43'),(457,476,0,'2023-04-15 10:19:08','2023-09-18 09:33:43'),(458,477,0,'2023-04-15 10:19:08','2023-09-18 09:33:43'),(459,478,0,'2023-04-15 10:19:08','2023-09-18 09:33:43'),(460,479,0,'2023-04-15 10:19:08','2023-09-18 09:33:43'),(461,480,0,'2023-04-15 10:19:08','2023-09-18 09:33:43'),(462,481,0,'2023-04-15 10:19:08','2023-09-18 09:33:43'),(463,482,0,'2023-04-15 10:19:08','2023-09-18 09:33:43'),(464,483,0,'2023-04-15 10:19:08','2023-09-18 09:33:43'),(465,484,0,'2023-04-15 10:19:08','2023-09-18 09:33:43'),(466,485,0,'2023-04-15 10:19:08','2023-09-18 09:33:43'),(467,486,0,'2023-04-15 10:19:08','2023-09-18 09:33:43'),(468,487,0,'2023-04-15 10:19:08','2023-09-18 09:33:43'),(469,488,0,'2023-04-15 10:19:08','2023-09-18 09:33:43'),(470,489,0,'2023-04-15 10:19:08','2023-09-18 09:33:43'),(471,490,0,'2023-04-15 10:19:08','2023-09-18 09:33:43'),(472,491,0,'2023-04-15 10:19:08','2023-09-18 09:33:43'),(473,823,0,'2023-04-15 10:19:08','2023-09-18 09:33:43'),(474,492,0,'2023-04-15 10:19:08','2023-09-18 09:33:43'),(475,493,0,'2023-04-15 10:19:08','2023-09-18 09:33:43'),(476,494,0,'2023-04-15 10:19:08','2023-09-18 09:33:43'),(477,495,0,'2023-04-15 10:19:08','2023-09-18 09:33:43'),(478,496,0,'2023-04-15 10:19:08','2023-09-18 09:33:43'),(479,497,0,'2023-04-15 10:19:08','2023-09-18 09:33:43'),(480,498,0,'2023-04-15 10:19:08','2023-09-18 09:33:43'),(481,499,0,'2023-04-15 10:19:08','2023-09-18 09:33:43'),(482,500,0,'2023-04-15 10:19:08','2023-09-18 09:33:43'),(483,501,0,'2023-04-15 10:19:08','2023-09-18 09:33:43'),(484,502,0,'2023-04-15 10:19:08','2023-09-18 09:33:43'),(485,503,0,'2023-04-15 10:19:08','2023-09-18 09:33:43'),(486,504,0,'2023-04-15 10:19:08','2023-09-18 09:33:43'),(487,505,0,'2023-04-15 10:19:08','2023-09-18 09:33:43'),(488,506,0,'2023-04-15 10:19:08','2023-09-18 09:33:43'),(489,507,0,'2023-04-15 10:19:08','2023-09-18 09:33:43'),(490,508,0,'2023-04-15 10:19:08','2023-09-18 09:33:43'),(491,509,0,'2023-04-15 10:19:08','2023-09-18 09:33:43'),(492,510,0,'2023-04-15 10:19:08','2023-09-18 09:33:43'),(493,511,0,'2023-04-15 10:19:08','2023-09-18 09:33:44'),(494,512,0,'2023-04-15 10:19:08','2023-09-18 09:33:44'),(495,513,0,'2023-04-15 10:19:08','2023-09-18 09:33:44'),(496,514,0,'2023-04-15 10:19:08','2023-09-18 09:33:44'),(497,515,0,'2023-04-15 10:19:08','2023-09-18 09:33:44'),(498,516,0,'2023-04-15 10:19:08','2023-09-18 09:33:44'),(499,517,0,'2023-04-15 10:19:08','2023-09-18 09:33:44'),(500,518,0,'2023-04-15 10:19:08','2023-09-18 09:33:44'),(501,519,0,'2023-04-15 10:19:08','2023-09-18 09:33:44'),(502,520,0,'2023-04-15 10:19:08','2023-09-18 09:33:44'),(503,521,0,'2023-04-15 10:19:08','2023-09-18 09:33:44'),(504,522,0,'2023-04-15 10:19:08','2023-09-18 09:33:44'),(505,523,0,'2023-04-15 10:19:08','2023-09-18 09:33:44'),(506,524,0,'2023-04-15 10:19:08','2023-09-18 09:33:44'),(507,525,0,'2023-04-15 10:19:08','2023-09-18 09:33:44'),(508,526,0,'2023-04-15 10:19:08','2023-09-18 09:33:44'),(509,527,0,'2023-04-15 10:19:08','2023-09-18 09:33:44'),(510,528,0,'2023-04-15 10:19:08','2023-09-18 09:33:44'),(511,529,0,'2023-04-15 10:19:08','2023-09-18 09:33:44'),(512,530,0,'2023-04-15 10:19:08','2023-09-18 09:33:44'),(513,531,0,'2023-04-15 10:19:08','2023-09-18 09:33:44'),(514,532,0,'2023-04-15 10:19:08','2023-09-18 09:33:44'),(515,533,0,'2023-04-15 10:19:08','2023-09-18 09:33:44'),(516,534,0,'2023-04-15 10:19:08','2023-09-18 09:33:44'),(517,535,0,'2023-04-15 10:19:08','2023-09-18 09:33:44'),(518,536,0,'2023-04-15 10:19:08','2023-09-18 09:33:44'),(519,537,0,'2023-04-15 10:19:08','2023-09-18 09:33:44'),(520,538,0,'2023-04-15 10:19:08','2023-09-18 09:33:44'),(521,539,0,'2023-04-15 10:19:08','2023-09-18 09:33:44'),(522,540,0,'2023-04-15 10:19:08','2023-09-18 09:33:44'),(523,541,0,'2023-04-15 10:19:08','2023-09-18 09:33:44'),(524,542,0,'2023-04-15 10:19:08','2023-09-18 09:33:44'),(525,543,0,'2023-04-15 10:19:08','2023-09-18 09:33:44'),(526,544,0,'2023-04-15 10:19:08','2023-09-18 09:33:44'),(527,545,0,'2023-04-15 10:19:08','2023-09-18 09:33:44'),(528,546,0,'2023-04-15 10:19:08','2023-09-18 09:33:44'),(529,547,0,'2023-04-15 10:19:08','2023-09-18 09:33:44'),(530,548,0,'2023-04-15 10:19:08','2023-09-18 09:33:44'),(531,549,0,'2023-04-15 10:19:08','2023-09-18 09:33:44'),(532,550,0,'2023-04-15 10:19:08','2023-09-18 09:33:44'),(533,551,0,'2023-04-15 10:19:08','2023-09-18 09:33:44'),(534,552,0,'2023-04-15 10:19:08','2023-09-18 09:33:44'),(535,553,0,'2023-04-15 10:19:08','2023-09-18 09:33:44'),(536,554,0,'2023-04-15 10:19:08','2023-09-18 09:33:44'),(537,555,0,'2023-04-15 10:19:08','2023-09-18 09:33:44'),(538,556,0,'2023-04-15 10:19:08','2023-09-18 09:33:44'),(539,557,0,'2023-04-15 10:19:08','2023-09-18 09:33:44'),(540,558,0,'2023-04-15 10:19:08','2023-09-18 09:33:44'),(541,559,0,'2023-04-15 10:19:08','2023-09-18 09:33:44'),(542,560,0,'2023-04-15 10:19:08','2023-09-18 09:33:44'),(543,561,0,'2023-04-15 10:19:08','2023-09-18 09:33:44'),(544,562,0,'2023-04-15 10:19:08','2023-09-18 09:33:44'),(545,563,0,'2023-04-15 10:19:08','2023-09-18 09:33:44'),(546,564,0,'2023-04-15 10:19:08','2023-09-18 09:33:44'),(547,565,0,'2023-04-15 10:19:08','2023-09-18 09:33:44'),(548,566,0,'2023-04-15 10:19:08','2023-09-18 09:33:44'),(549,567,0,'2023-04-15 10:19:08','2023-09-18 09:33:44'),(550,568,0,'2023-04-15 10:19:08','2023-09-18 09:33:44'),(551,569,0,'2023-04-15 10:19:08','2023-09-18 09:33:44'),(552,570,0,'2023-04-15 10:19:08','2023-09-18 09:33:44'),(553,571,0,'2023-04-15 10:19:08','2023-09-18 09:33:44'),(554,572,0,'2023-04-15 10:19:08','2023-09-18 09:33:44'),(555,573,0,'2023-04-15 10:19:08','2023-09-18 09:33:44'),(556,574,0,'2023-04-15 10:19:08','2023-09-18 09:33:44'),(557,575,0,'2023-04-15 10:19:08','2023-09-18 09:33:44'),(558,576,0,'2023-04-15 10:19:08','2023-09-18 09:33:44'),(559,577,0,'2023-04-15 10:19:08','2023-09-18 09:33:44'),(560,578,0,'2023-04-15 10:19:08','2023-09-18 09:33:44'),(561,579,0,'2023-04-15 10:19:08','2023-09-18 09:33:44'),(562,580,0,'2023-04-15 10:19:08','2023-09-18 09:33:44'),(563,581,0,'2023-04-15 10:19:08','2023-09-18 09:33:44'),(564,582,0,'2023-04-15 10:19:08','2023-09-18 09:33:44'),(565,583,0,'2023-04-15 10:19:08','2023-09-18 09:33:44'),(566,584,0,'2023-04-15 10:19:08','2023-09-18 09:33:44'),(567,585,0,'2023-04-15 10:19:08','2023-09-18 09:33:44'),(568,586,0,'2023-04-15 10:19:09','2023-09-18 09:33:44'),(569,587,0,'2023-04-15 10:19:09','2023-09-18 09:33:44'),(570,588,0,'2023-04-15 10:19:09','2023-09-18 09:33:44'),(571,589,0,'2023-04-15 10:19:09','2023-09-18 09:33:44'),(572,590,0,'2023-04-15 10:19:09','2023-09-18 09:33:44'),(573,591,0,'2023-04-15 10:19:09','2023-09-18 09:33:44'),(574,592,0,'2023-04-15 10:19:09','2023-09-18 09:33:44'),(575,593,0,'2023-04-15 10:19:09','2023-09-18 09:33:44'),(576,594,0,'2023-04-15 10:19:09','2023-09-18 09:33:44'),(577,595,0,'2023-04-15 10:19:09','2023-09-18 09:33:44'),(578,596,0,'2023-04-15 10:19:09','2023-09-18 09:33:44'),(579,597,0,'2023-04-15 10:19:09','2023-09-18 09:33:44'),(580,598,0,'2023-04-15 10:19:09','2023-09-18 09:33:44'),(581,599,0,'2023-04-15 10:19:09','2023-09-18 09:33:44'),(582,600,0,'2023-04-15 10:19:09','2023-09-18 09:33:44'),(583,601,0,'2023-04-15 10:19:09','2023-09-18 09:33:44'),(584,602,0,'2023-04-15 10:19:09','2023-09-18 09:33:44'),(585,603,0,'2023-04-15 10:19:09','2023-09-18 09:33:44'),(586,604,0,'2023-04-15 10:19:09','2023-09-18 09:33:44'),(587,605,0,'2023-04-15 10:19:09','2023-09-18 09:33:44'),(588,606,0,'2023-04-15 10:19:09','2023-09-18 09:33:44'),(589,607,0,'2023-04-15 10:19:09','2023-09-18 09:33:44'),(590,608,0,'2023-04-15 10:19:09','2023-09-18 09:33:44'),(591,609,0,'2023-04-15 10:19:09','2023-09-18 09:33:44'),(592,610,0,'2023-04-15 10:19:09','2023-09-18 09:33:44'),(593,611,0,'2023-04-15 10:19:09','2023-09-18 09:33:44'),(594,613,0,'2023-04-15 10:19:09','2023-09-18 09:33:44'),(595,614,0,'2023-04-15 10:19:09','2023-09-18 09:33:44'),(596,615,0,'2023-04-15 10:19:09','2023-09-18 09:33:44'),(597,616,0,'2023-04-15 10:19:09','2023-09-18 09:33:44'),(598,617,0,'2023-04-15 10:19:09','2023-09-18 09:33:44'),(599,618,0,'2023-04-15 10:19:09','2023-09-18 09:33:44'),(600,619,0,'2023-04-15 10:19:09','2023-09-18 09:33:44'),(601,620,0,'2023-04-15 10:19:09','2023-09-18 09:33:44'),(602,621,0,'2023-04-15 10:19:09','2023-09-18 09:33:44'),(603,622,0,'2023-04-15 10:19:09','2023-09-18 09:33:44'),(604,623,0,'2023-04-15 10:19:09','2023-09-18 09:33:44'),(605,624,0,'2023-04-15 10:19:09','2023-09-18 09:33:44'),(606,625,0,'2023-04-15 10:19:09','2023-09-18 09:33:44'),(607,626,0,'2023-04-15 10:19:09','2023-09-18 09:33:44'),(608,627,0,'2023-04-15 10:19:09','2023-09-18 09:33:44'),(609,628,0,'2023-04-15 10:19:09','2023-09-18 09:33:44'),(610,629,0,'2023-04-15 10:19:09','2023-09-18 09:33:44'),(611,630,0,'2023-04-15 10:19:09','2023-09-18 09:33:44'),(612,631,0,'2023-04-15 10:19:09','2023-09-18 09:33:44'),(613,632,0,'2023-04-15 10:19:09','2023-09-18 09:33:44'),(614,636,0,'2023-04-15 10:19:09','2023-09-18 09:33:44'),(615,637,0,'2023-04-15 10:19:09','2023-09-18 09:33:44'),(616,638,0,'2023-04-15 10:19:09','2023-09-18 09:33:44'),(617,633,0,'2023-04-15 10:19:09','2023-09-18 09:33:44'),(618,634,0,'2023-04-15 10:19:09','2023-09-18 09:33:44'),(619,635,0,'2023-04-15 10:19:09','2023-09-18 09:33:44'),(620,639,0,'2023-04-15 10:19:09','2023-09-18 09:33:44'),(621,640,0,'2023-04-15 10:19:09','2023-09-18 09:33:44'),(622,641,0,'2023-04-15 10:19:09','2023-09-18 09:33:44'),(623,642,0,'2023-04-15 10:19:09','2023-09-18 09:33:44'),(624,643,0,'2023-04-15 10:19:09','2023-09-18 09:33:44'),(625,644,0,'2023-04-15 10:19:09','2023-09-18 09:33:44'),(626,645,0,'2023-04-15 10:19:09','2023-09-18 09:33:44'),(627,646,0,'2023-04-15 10:19:09','2023-09-18 09:33:44'),(628,647,0,'2023-04-15 10:19:09','2023-09-18 09:33:44'),(629,648,0,'2023-04-15 10:19:09','2023-09-18 09:33:44'),(630,649,0,'2023-04-15 10:19:09','2023-09-18 09:33:44'),(631,650,0,'2023-04-15 10:19:09','2023-09-18 09:33:44'),(632,651,0,'2023-04-15 10:19:09','2023-09-18 09:33:44'),(633,652,0,'2023-04-15 10:19:09','2023-09-18 09:33:44'),(634,653,0,'2023-04-15 10:19:09','2023-09-18 09:33:44'),(635,654,0,'2023-04-15 10:19:09','2023-09-18 09:33:44'),(636,655,0,'2023-04-15 10:19:09','2023-09-18 09:33:44'),(637,656,0,'2023-04-15 10:19:09','2023-09-18 09:33:44'),(638,657,0,'2023-04-15 10:19:09','2023-09-18 09:33:44'),(639,658,0,'2023-04-15 10:19:09','2023-09-18 09:33:44'),(640,659,0,'2023-04-15 10:19:09','2023-09-18 09:33:44'),(641,660,0,'2023-04-15 10:19:09','2023-09-18 09:33:44'),(642,661,0,'2023-04-15 10:19:09','2023-09-18 09:33:44'),(643,662,0,'2023-04-15 10:19:09','2023-09-18 09:33:44'),(644,663,0,'2023-04-15 10:19:09','2023-09-18 09:33:44'),(645,664,0,'2023-04-15 10:19:09','2023-09-18 09:33:44'),(646,665,0,'2023-04-15 10:19:09','2023-09-18 09:33:44'),(647,666,0,'2023-04-15 10:19:09','2023-09-18 09:33:44'),(648,667,0,'2023-04-15 10:19:09','2023-09-18 09:33:44'),(649,668,0,'2023-04-15 10:19:09','2023-09-18 09:33:44'),(650,669,0,'2023-04-15 10:19:09','2023-09-18 09:33:44'),(651,670,0,'2023-04-15 10:19:09','2023-09-18 09:33:44'),(652,671,0,'2023-04-15 10:19:09','2023-09-18 09:33:44'),(653,672,0,'2023-04-15 10:19:09','2023-09-18 09:33:44'),(654,673,0,'2023-04-15 10:19:09','2023-09-18 09:33:44'),(655,674,0,'2023-04-15 10:19:09','2023-09-18 09:33:44'),(656,675,0,'2023-04-15 10:19:09','2023-09-18 09:33:44'),(657,676,0,'2023-04-15 10:19:09','2023-09-18 09:33:44'),(658,677,0,'2023-04-15 10:19:09','2023-09-18 09:33:44'),(659,678,0,'2023-04-15 10:19:09','2023-09-18 09:33:44'),(660,679,0,'2023-04-15 10:19:09','2023-09-18 09:33:44'),(661,680,0,'2023-04-15 10:19:09','2023-09-18 09:33:44'),(662,681,0,'2023-04-15 10:19:09','2023-09-18 09:33:44'),(663,682,0,'2023-04-15 10:19:09','2023-09-18 09:33:44'),(664,683,0,'2023-04-15 10:19:09','2023-09-18 09:33:44'),(665,684,0,'2023-04-15 10:19:09','2023-09-18 09:33:44'),(666,685,0,'2023-04-15 10:19:09','2023-09-18 09:33:44'),(667,686,0,'2023-04-15 10:19:09','2023-09-18 09:33:44'),(668,687,0,'2023-04-15 10:19:09','2023-09-18 09:33:44'),(669,688,0,'2023-04-15 10:19:09','2023-09-18 09:33:44'),(670,689,0,'2023-04-15 10:19:09','2023-09-18 09:33:44'),(671,690,0,'2023-04-15 10:19:09','2023-09-18 09:33:44'),(672,691,0,'2023-04-15 10:19:09','2023-09-18 09:33:44'),(673,692,0,'2023-04-15 10:19:09','2023-09-18 09:33:44'),(674,693,0,'2023-04-15 10:19:09','2023-09-18 09:33:44'),(675,694,0,'2023-04-15 10:19:09','2023-09-18 09:33:44'),(676,695,0,'2023-04-15 10:19:09','2023-09-18 09:33:44'),(677,696,0,'2023-04-15 10:19:09','2023-09-18 09:33:44'),(678,697,0,'2023-04-15 10:19:09','2023-09-18 09:33:44'),(679,698,0,'2023-04-15 10:19:09','2023-09-18 09:33:44'),(680,699,0,'2023-04-15 10:19:09','2023-09-18 09:33:44'),(681,700,0,'2023-04-15 10:19:09','2023-09-18 09:33:44'),(682,701,0,'2023-04-15 10:19:09','2023-09-18 09:33:44'),(683,702,0,'2023-04-15 10:19:09','2023-09-18 09:33:44'),(684,703,0,'2023-04-15 10:19:09','2023-09-18 09:33:44'),(685,704,0,'2023-04-15 10:19:09','2023-09-18 09:33:44'),(686,705,0,'2023-04-15 10:19:09','2023-09-18 09:33:44'),(687,706,0,'2023-04-15 10:19:09','2023-09-18 09:33:44'),(688,707,0,'2023-04-15 10:19:09','2023-09-18 09:33:44'),(689,708,0,'2023-04-15 10:19:09','2023-09-18 09:33:44'),(690,709,0,'2023-04-15 10:19:09','2023-09-18 09:33:44'),(691,710,0,'2023-04-15 10:19:09','2023-09-18 09:33:44'),(692,711,0,'2023-04-15 10:19:09','2023-09-18 09:33:44'),(693,712,0,'2023-04-15 10:19:09','2023-09-18 09:33:44'),(694,713,0,'2023-04-15 10:19:09','2023-09-18 09:33:44'),(695,714,0,'2023-04-15 10:19:09','2023-09-18 09:33:44'),(696,715,0,'2023-04-15 10:19:09','2023-09-18 09:33:44'),(697,716,0,'2023-04-15 10:19:09','2023-09-18 09:33:44'),(698,717,0,'2023-04-15 10:19:09','2023-09-18 09:33:44'),(699,718,0,'2023-04-15 10:19:09','2023-09-18 09:33:44'),(700,719,0,'2023-04-15 10:19:09','2023-09-18 09:33:44'),(701,720,0,'2023-04-15 10:19:09','2023-09-18 09:33:44'),(702,721,0,'2023-04-15 10:19:09','2023-09-18 09:33:44'),(703,722,0,'2023-04-15 10:19:09','2023-09-18 09:33:44'),(704,723,0,'2023-04-15 10:19:09','2023-09-18 09:33:44'),(705,724,0,'2023-04-15 10:19:09','2023-09-18 09:33:44'),(706,725,0,'2023-04-15 10:19:09','2023-09-18 09:33:44'),(707,726,0,'2023-04-15 10:19:09','2023-09-18 09:33:44'),(708,727,0,'2023-04-15 10:19:09','2023-09-18 09:33:44'),(709,728,0,'2023-04-15 10:19:09','2023-09-18 09:33:44'),(710,729,0,'2023-04-15 10:19:09','2023-09-18 09:33:44'),(711,730,0,'2023-04-15 10:19:09','2023-09-18 09:33:44'),(712,731,0,'2023-04-15 10:19:09','2023-09-18 09:33:44'),(713,732,0,'2023-04-15 10:19:09','2023-09-18 09:33:44'),(714,733,0,'2023-04-15 10:19:09','2023-09-18 09:33:44'),(715,734,0,'2023-04-15 10:19:09','2023-09-18 09:33:44'),(716,735,0,'2023-04-15 10:19:09','2023-09-18 09:33:44'),(717,736,0,'2023-04-15 10:19:09','2023-09-18 09:33:44'),(718,737,0,'2023-04-15 10:19:09','2023-09-18 09:33:44'),(719,738,0,'2023-04-15 10:19:09','2023-09-18 09:33:44'),(720,739,0,'2023-04-15 10:19:09','2023-09-18 09:33:44'),(721,740,0,'2023-04-15 10:19:09','2023-09-18 09:33:44'),(722,741,0,'2023-04-15 10:19:09','2023-09-18 09:33:44'),(723,742,0,'2023-04-15 10:19:09','2023-09-18 09:33:44'),(724,743,0,'2023-04-15 10:19:09','2023-09-18 09:33:44'),(725,744,0,'2023-04-15 10:19:09','2023-09-18 09:33:44'),(726,745,0,'2023-04-15 10:19:09','2023-09-18 09:33:44'),(727,746,0,'2023-04-15 10:19:09','2023-09-18 09:33:44'),(728,747,0,'2023-04-15 10:19:09','2023-09-18 09:33:44'),(729,748,0,'2023-04-15 10:19:09','2023-09-18 09:33:44'),(730,749,0,'2023-04-15 10:19:09','2023-09-18 09:33:44'),(731,750,0,'2023-04-15 10:19:09','2023-09-18 09:33:44'),(732,751,0,'2023-04-15 10:19:09','2023-09-18 09:33:44'),(733,752,0,'2023-04-15 10:19:09','2023-09-18 09:33:44'),(734,753,0,'2023-04-15 10:19:09','2023-09-18 09:33:44'),(735,754,0,'2023-04-15 10:19:09','2023-09-18 09:33:44'),(736,755,0,'2023-04-15 10:19:09','2023-09-18 09:33:44'),(737,756,0,'2023-04-15 10:19:09','2023-09-18 09:33:44'),(738,757,0,'2023-04-15 10:19:09','2023-09-18 09:33:44'),(739,758,0,'2023-04-15 10:19:09','2023-09-18 09:33:44'),(740,759,0,'2023-04-15 10:19:09','2023-09-18 09:33:44'),(741,760,0,'2023-04-15 10:19:09','2023-09-18 09:33:44'),(742,761,0,'2023-04-15 10:19:09','2023-09-18 09:33:44'),(743,762,0,'2023-04-15 10:19:09','2023-09-18 09:33:44'),(744,763,0,'2023-04-15 10:19:09','2023-09-18 09:33:44'),(745,764,0,'2023-04-15 10:19:09','2023-09-18 09:33:44'),(746,765,0,'2023-04-15 10:19:09','2023-09-18 09:33:44'),(747,766,0,'2023-04-15 10:19:09','2023-09-18 09:33:44'),(748,767,0,'2023-04-15 10:19:09','2023-09-18 09:33:44'),(749,768,0,'2023-04-15 10:19:09','2023-09-18 09:33:44'),(750,769,0,'2023-04-15 10:19:09','2023-09-18 09:33:44'),(751,770,0,'2023-04-15 10:19:09','2023-09-18 09:33:44'),(752,771,0,'2023-04-15 10:19:09','2023-09-18 09:33:44'),(753,772,0,'2023-04-15 10:19:09','2023-09-18 09:33:44'),(754,773,0,'2023-04-15 10:19:09','2023-09-18 09:33:44'),(755,774,0,'2023-04-15 10:19:09','2023-09-18 09:33:44'),(756,775,0,'2023-04-15 10:19:09','2023-09-18 09:33:44'),(757,776,0,'2023-04-15 10:19:09','2023-09-18 09:33:44'),(758,777,0,'2023-04-15 10:19:09','2023-09-18 09:33:44'),(759,778,0,'2023-04-15 10:19:09','2023-09-18 09:33:44'),(760,779,0,'2023-04-15 10:19:09','2023-09-18 09:33:44'),(761,780,0,'2023-04-15 10:19:09','2023-09-18 09:33:44'),(762,781,0,'2023-04-15 10:19:09','2023-09-18 09:33:44'),(763,782,0,'2023-04-15 10:19:09','2023-09-18 09:33:44'),(764,783,0,'2023-04-15 10:19:09','2023-09-18 09:33:44'),(765,784,0,'2023-04-15 10:19:09','2023-09-18 09:33:44'),(766,785,0,'2023-04-15 10:19:09','2023-09-18 09:33:44'),(767,786,0,'2023-04-15 10:19:09','2023-09-18 09:33:44'),(768,787,0,'2023-04-15 10:19:09','2023-09-18 09:33:44'),(769,788,0,'2023-04-15 10:19:09','2023-09-18 09:33:44'),(770,789,0,'2023-04-15 10:19:09','2023-09-18 09:33:44'),(771,790,0,'2023-04-15 10:19:09','2023-09-18 09:33:44'),(772,791,0,'2023-04-15 10:19:09','2023-09-18 09:33:44'),(773,792,0,'2023-04-15 10:19:09','2023-09-18 09:33:44'),(774,793,0,'2023-04-15 10:19:09','2023-09-18 09:33:44'),(775,794,0,'2023-04-15 10:19:09','2023-09-18 09:33:44'),(776,795,0,'2023-04-15 10:19:09','2023-09-18 09:33:44'),(777,796,0,'2023-04-15 10:19:09','2023-09-18 09:33:44'),(778,797,0,'2023-04-15 10:19:09','2023-09-18 09:33:44'),(779,798,0,'2023-04-15 10:19:09','2023-09-18 09:33:44'),(780,799,0,'2023-04-15 10:19:09','2023-09-18 09:33:44'),(781,800,0,'2023-04-15 10:19:09','2023-09-18 09:33:44'),(782,801,0,'2023-04-15 10:19:09','2023-09-18 09:33:44'),(783,802,0,'2023-04-15 10:19:09','2023-09-18 09:33:44'),(784,803,0,'2023-04-15 10:19:09','2023-09-18 09:33:44'),(785,804,0,'2023-04-15 10:19:09','2023-09-18 09:33:44'),(786,805,0,'2023-04-15 10:19:09','2023-09-18 09:33:44'),(787,806,0,'2023-04-15 10:19:09','2023-09-18 09:33:44'),(788,807,0,'2023-04-15 10:19:09','2023-09-18 09:33:44'),(789,808,0,'2023-04-15 10:19:09','2023-09-18 09:33:44'),(790,809,0,'2023-04-15 10:19:09','2023-09-18 09:33:44'),(791,810,0,'2023-04-15 10:19:09','2023-09-18 09:33:44'),(792,811,0,'2023-04-15 10:19:09','2023-09-18 09:33:45'),(793,812,0,'2023-04-15 10:19:09','2023-09-18 09:33:45'),(794,813,0,'2023-04-15 10:19:09','2023-09-18 09:33:45'),(795,814,0,'2023-04-15 10:19:09','2023-09-18 09:33:45'),(796,815,0,'2023-04-15 10:19:09','2023-09-18 09:33:45'),(797,816,0,'2023-04-15 10:19:09','2023-09-18 09:33:45'),(798,817,0,'2023-04-15 10:19:09','2023-09-18 09:33:45'),(799,818,0,'2023-04-15 10:19:09','2023-09-18 09:33:45'),(800,819,0,'2023-04-15 10:19:09','2023-09-18 09:33:45'),(801,820,0,'2023-04-15 10:19:09','2023-09-18 09:33:45'),(802,821,0,'2023-04-15 10:19:09','2023-09-18 09:33:45'),(803,822,0,'2023-04-15 10:19:09','2023-09-18 09:33:45'),(804,824,0,'2023-04-15 10:19:09','2023-09-18 09:33:45'),(805,825,0,'2023-04-15 10:19:09','2023-09-18 09:33:45'),(806,826,0,'2023-04-15 10:19:09','2023-09-18 09:33:45'),(807,827,0,'2023-04-15 10:19:09','2023-09-18 09:33:45'),(808,828,0,'2023-04-15 10:19:09','2023-09-18 09:33:45'),(809,829,0,'2023-04-15 10:19:09','2023-09-18 09:33:45'),(810,830,0,'2023-04-15 10:19:09','2023-09-18 09:33:45'),(811,831,0,'2023-04-15 10:19:09','2023-09-18 09:33:45'),(812,832,0,'2023-04-15 10:19:09','2023-09-18 09:33:45'),(813,833,0,'2023-04-15 10:19:09','2023-09-18 09:33:45'),(814,834,0,'2023-04-15 10:19:09','2023-09-18 09:33:45'),(815,835,0,'2023-04-15 10:19:09','2023-09-18 09:33:45'),(816,836,0,'2023-04-15 10:19:09','2023-09-18 09:33:45'),(817,837,0,'2023-04-15 10:19:09','2023-09-18 09:33:45'),(818,838,0,'2023-04-15 10:19:09','2023-09-18 09:33:45'),(819,839,0,'2023-04-15 10:19:09','2023-09-18 09:33:45'),(820,840,0,'2023-04-15 10:19:09','2023-09-18 09:33:45'),(821,841,0,'2023-04-15 10:19:09','2023-09-18 09:33:45'),(822,842,0,'2023-04-15 10:19:09','2023-09-18 09:33:45'),(823,843,0,'2023-04-15 10:19:09','2023-09-18 09:33:45'),(824,844,0,'2023-04-15 10:19:09','2023-09-18 09:33:45'),(825,845,0,'2023-04-15 10:19:09','2023-09-18 09:33:45'),(826,846,0,'2023-04-15 10:19:09','2023-09-18 09:33:45');

--
-- Table structure for table `arrival_times`
--

CREATE TABLE `arrival_times` (
  `id` int unsigned NOT NULL AUTO_INCREMENT,
  `arrival_id` int unsigned NOT NULL,
  `from` varchar(255) CHARACTER SET utf8mb4 COLLATE utf8mb4_unicode_ci NOT NULL,
  `to` varchar(255) CHARACTER SET utf8mb4 COLLATE utf8mb4_unicode_ci NOT NULL,
  `created_at` timestamp NULL DEFAULT NULL,
  `updated_at` timestamp NULL DEFAULT NULL,
  PRIMARY KEY (`id`),
  KEY `arrival_times_arrival_id_foreign` (`arrival_id`),
  CONSTRAINT `arrival_times_arrival_id_foreign` FOREIGN KEY (`arrival_id`) REFERENCES `arrivals` (`id`) ON DELETE CASCADE
) ENGINE=InnoDB AUTO_INCREMENT=24 DEFAULT CHARSET=utf8mb4 COLLATE=utf8mb4_unicode_ci;

--
-- Dumping data for table `arrival_times`
--

INSERT INTO `arrival_times` (`id`, `arrival_id`, `from`, `to`, `created_at`, `updated_at`) VALUES (11,2,'15:00','19:00','2022-12-20 21:36:18','2022-12-20 21:36:18'),(12,3,'15:00','19:00','2022-12-20 21:36:42','2022-12-20 21:36:42'),(13,4,'15:00','19:00','2022-12-20 21:37:05','2022-12-20 21:37:05'),(14,5,'15:00','19:00','2022-12-20 21:37:27','2022-12-20 21:37:27'),(15,6,'15:00','19:00','2022-12-20 21:37:47','2022-12-20 21:37:47'),(18,7,'13:50','14:50','2024-03-25 23:50:52','2024-03-25 23:50:52'),(19,7,'15:50','15:50','2024-03-25 23:50:52','2024-03-25 23:50:52'),(20,8,'01:06','02:06','2024-03-26 00:06:43','2024-03-26 00:06:43'),(21,8,'03:06','04:06','2024-03-26 00:06:43','2024-03-26 00:06:43'),(22,1,'15:00','19:00','2024-12-22 19:12:11','2024-12-22 19:12:11'),(23,1,'16:00','19:00','2024-12-22 19:12:11','2024-12-22 19:12:11');

--
-- Table structure for table `arrivals`
--

CREATE TABLE `arrivals` (
  `id` int unsigned NOT NULL AUTO_INCREMENT,
  `day` varchar(255) CHARACTER SET utf8mb4 COLLATE utf8mb4_unicode_ci NOT NULL,
  `avalibale` int NOT NULL DEFAULT '1',
  `created_at` timestamp NULL DEFAULT NULL,
  `updated_at` timestamp NULL DEFAULT NULL,
  `user_id` int DEFAULT NULL,
  PRIMARY KEY (`id`)
) ENGINE=InnoDB AUTO_INCREMENT=9 DEFAULT CHARSET=utf8mb4 COLLATE=utf8mb4_unicode_ci;

--
-- Dumping data for table `arrivals`
--

INSERT INTO `arrivals` (`id`, `day`, `avalibale`, `created_at`, `updated_at`, `user_id`) VALUES (1,'Saturday',1,'2022-06-23 07:18:36','2022-12-20 21:35:56',1),(2,'Sunday',1,'2022-12-20 21:36:18','2022-12-20 21:36:18',1),(3,'Monday',1,'2022-12-20 21:36:42','2022-12-20 21:36:42',1),(4,'Tuesday',1,'2022-12-20 21:37:05','2022-12-20 21:37:05',1),(5,'Wednesday',1,'2022-12-20 21:37:27','2022-12-20 21:37:27',1),(6,'Thursday',1,'2022-12-20 21:37:47','2022-12-20 21:37:47',1),(7,'Saturday',1,'2024-03-25 23:50:52','2024-03-25 23:50:52',341),(8,'Sunday',1,'2024-03-26 00:06:43','2024-03-26 00:06:43',341);

--
-- Table structure for table `brand_translations`
--

CREATE TABLE `brand_translations` (
  `id` int unsigned NOT NULL AUTO_INCREMENT,
  `brand_id` int unsigned NOT NULL,
  `title` varchar(255) CHARACTER SET utf8mb4 COLLATE utf8mb4_unicode_ci NOT NULL,
  `locale` varchar(255) CHARACTER SET utf8mb4 COLLATE utf8mb4_unicode_ci NOT NULL,
  `created_at` timestamp NULL DEFAULT NULL,
  `updated_at` timestamp NULL DEFAULT NULL,
  PRIMARY KEY (`id`),
  UNIQUE KEY `brand_translations_brand_id_locale_unique` (`brand_id`,`locale`),
  KEY `brand_translations_locale_index` (`locale`),
  CONSTRAINT `brand_translations_brand_id_foreign` FOREIGN KEY (`brand_id`) REFERENCES `brands` (`id`) ON DELETE CASCADE
) ENGINE=InnoDB AUTO_INCREMENT=19 DEFAULT CHARSET=utf8mb4 COLLATE=utf8mb4_unicode_ci;

--
-- Dumping data for table `brand_translations`
--

INSERT INTO `brand_translations` (`id`, `brand_id`, `title`, `locale`, `created_at`, `updated_at`) VALUES (3,8,'ب','ar',NULL,NULL),(4,8,'ببss','en',NULL,NULL),(5,9,'ق','ar',NULL,NULL),(6,9,'ق','en',NULL,NULL),(7,10,'س','ar',NULL,NULL),(8,10,'س','en',NULL,NULL),(9,11,'ق','ar',NULL,NULL),(10,11,'ق','en',NULL,NULL),(11,12,'س','ar',NULL,NULL),(12,12,'ص','en',NULL,NULL),(13,13,'س','ar',NULL,NULL),(14,13,'ي','en',NULL,NULL),(15,14,'ش','ar',NULL,NULL),(16,14,'ش','en',NULL,NULL),(17,15,'ض','ar',NULL,NULL),(18,15,'ض','en',NULL,NULL);

--
-- Table structure for table `brands`
--

CREATE TABLE `brands` (
  `id` int unsigned NOT NULL AUTO_INCREMENT,
  `image` varchar(255) CHARACTER SET utf8mb4 COLLATE utf8mb4_unicode_ci DEFAULT NULL,
  `status` int NOT NULL DEFAULT '1',
  `created_at` timestamp NULL DEFAULT NULL,
  `updated_at` timestamp NULL DEFAULT NULL,
  PRIMARY KEY (`id`)
) ENGINE=InnoDB AUTO_INCREMENT=16 DEFAULT CHARSET=utf8mb4 COLLATE=utf8mb4_unicode_ci;

--
-- Dumping data for table `brands`
--

INSERT INTO `brands` (`id`, `image`, `status`, `created_at`, `updated_at`) VALUES (8,'2024-04-21-on-running-th.jpg',0,'2024-04-21 00:36:08','2024-12-22 19:05:22'),(9,'2024-04-21-otterbox_.png',0,'2024-04-21 00:36:25','2024-11-02 21:33:03'),(10,'2024-04-21-GENETICS-th_2023_10_16_16_41_52_157.png',0,'2024-04-21 00:36:35','2024-11-02 21:33:04'),(11,'2024-04-21-Bain-De-Mer-th_2021_06_02_15_37_38_791.png',0,'2024-04-21 00:36:47','2024-11-02 21:33:04'),(12,'2024-04-21-L.O.C.-Vegan-th_2024_01_11_11_20_54_537.png',0,'2024-04-21 00:37:01','2024-11-02 21:33:06'),(13,'2024-04-21-_th_2024_03_19_12_15_29_925.png',0,'2024-04-21 00:37:11','2024-11-02 21:33:06'),(14,'2024-04-21-M5-th_2022_11_29_12_54_58_600.png',0,'2024-04-21 00:37:19','2024-11-02 21:33:07'),(15,'2024-04-21-ellesse-th.png',0,'2024-04-21 00:37:28','2024-11-02 21:33:12');

--
-- Table structure for table `categories`
--

CREATE TABLE `categories` (
  `id` int unsigned NOT NULL AUTO_INCREMENT,
  `image` varchar(255) CHARACTER SET utf8mb4 COLLATE utf8mb4_unicode_ci DEFAULT NULL,
  `status` tinyint(1) NOT NULL DEFAULT '0',
  `parent_id` int NOT NULL,
  `color_name` varchar(255) CHARACTER SET utf8mb4 COLLATE utf8mb4_unicode_ci NOT NULL,
  `created_at` timestamp NULL DEFAULT NULL,
  `updated_at` timestamp NULL DEFAULT NULL,
  `deleted_at` timestamp NULL DEFAULT NULL,
  `main` int DEFAULT '0',
  `show` int NOT NULL DEFAULT '0',
  `offer_id` int DEFAULT NULL,
  `order` int DEFAULT NULL,
  `type` varchar(191) COLLATE utf8mb4_unicode_ci DEFAULT 'normal',
  PRIMARY KEY (`id`)
) ENGINE=InnoDB AUTO_INCREMENT=13 DEFAULT CHARSET=utf8mb4 COLLATE=utf8mb4_unicode_ci;

--
-- Dumping data for table `categories`
--

INSERT INTO `categories` (`id`, `image`, `status`, `parent_id`, `color_name`, `created_at`, `updated_at`, `deleted_at`, `main`, `show`, `offer_id`, `order`, `type`) VALUES (1,'2024-02-18-Screen Shot 2024-02-18 at 11.46.25 AM.png',1,0,'','2024-02-18 12:48:49','2024-04-21 00:48:49','2024-04-21 00:48:49',1,1,NULL,2,'normal'),(2,'2024-02-18-Screen Shot 2024-02-18 at 11.46.25 AM.png',1,0,'','2024-02-18 12:54:18','2024-02-20 00:39:08','2024-02-20 00:39:08',0,1,NULL,1,'normal'),(3,'2024-10-06-BS-Web-Onboarding-Page-Baby-AR-090524.webp',1,0,'','2024-02-18 12:54:55','2024-12-22 19:05:57',NULL,0,0,NULL,NULL,'normal'),(4,NULL,0,0,'','2024-02-19 23:40:17','2024-02-20 00:39:12','2024-02-20 00:39:12',0,0,NULL,NULL,'normal'),(5,'2024-02-20-Screen Shot 2024-02-18 at 11.46.25 AM.png',1,1,'','2024-02-20 00:40:44','2024-02-20 00:40:49',NULL,0,0,NULL,NULL,'normal'),(6,NULL,1,0,'','2024-03-04 17:49:14','2024-04-21 00:45:41','2024-04-21 00:45:41',0,1,NULL,NULL,'normal'),(7,'2024-04-21-7651676-184581314.jpg.webp',1,0,'','2024-04-21 00:45:11','2024-04-21 00:48:16',NULL,0,1,NULL,NULL,'normal'),(8,'2024-04-21-games-for-preschool.png',1,0,'','2024-04-21 00:47:27','2024-10-06 20:46:51',NULL,0,1,NULL,NULL,'normal'),(9,NULL,1,0,'','2024-08-08 22:34:08','2024-08-08 22:41:57',NULL,0,1,NULL,NULL,'magic'),(10,NULL,1,0,'','2024-10-06 20:56:12','2024-11-05 13:25:45','2024-11-05 13:25:45',0,1,NULL,NULL,'normal'),(11,'2024-11-30-Screenshot (1).png',0,9,'','2024-11-30 13:04:32','2024-11-30 13:04:32',NULL,0,0,NULL,NULL,'normal'),(12,NULL,1,0,'','2024-12-17 11:47:31','2024-12-22 19:00:11',NULL,0,0,NULL,NULL,'magic');

--
-- Table structure for table `category_translations`
--

CREATE TABLE `category_translations` (
  `id` int unsigned NOT NULL AUTO_INCREMENT,
  `category_id` int unsigned NOT NULL,
  `name` varchar(255) CHARACTER SET utf8mb4 COLLATE utf8mb4_unicode_ci NOT NULL,
  `locale` varchar(255) CHARACTER SET utf8mb4 COLLATE utf8mb4_unicode_ci NOT NULL,
  `created_at` timestamp NULL DEFAULT NULL,
  `updated_at` timestamp NULL DEFAULT NULL,
  PRIMARY KEY (`id`),
  UNIQUE KEY `category_translations_category_id_locale_unique` (`category_id`,`locale`),
  KEY `category_translations_locale_index` (`locale`),
  CONSTRAINT `category_translations_category_id_foreign` FOREIGN KEY (`category_id`) REFERENCES `categories` (`id`) ON DELETE CASCADE
) ENGINE=InnoDB AUTO_INCREMENT=23 DEFAULT CHARSET=utf8mb4 COLLATE=utf8mb4_unicode_ci;

--
-- Dumping data for table `category_translations`
--

INSERT INTO `category_translations` (`id`, `category_id`, `name`, `locale`, `created_at`, `updated_at`) VALUES (1,1,'مستلزمات الطفل','ar',NULL,NULL),(2,1,'مستلزمات الطفل','en',NULL,NULL),(3,2,'asdasd','ar',NULL,NULL),(4,2,'asdasdasd','en',NULL,NULL),(5,3,'ملابس اطفال','ar',NULL,NULL),(6,3,'ملابس اطفال','en',NULL,NULL),(7,5,'مستلزمات وادوات الطفل','ar',NULL,NULL),(8,5,'مستلزمات وادوات الطفل','en',NULL,NULL),(9,6,'الالعاب','ar',NULL,NULL),(10,6,'Toys','en',NULL,NULL),(11,7,'العاب الاطفال','ar',NULL,NULL),(12,7,'Kids Games','en',NULL,NULL),(13,8,'العاب تعليمية','ar',NULL,NULL),(14,8,'Educational games','en',NULL,NULL),(15,9,'ساحر','ar',NULL,NULL),(16,9,'ساحر','en',NULL,NULL),(17,10,'اساس اطفال','ar',NULL,NULL),(18,10,'اساس اطفال','en',NULL,NULL),(19,11,'حليب نان أوبتي برو من 0-6','ar',NULL,NULL),(20,11,'NAN Milk - OPTI pro 0-6','en',NULL,NULL),(21,12,'الشخصيات','ar',NULL,NULL),(22,12,'Cartoon','en',NULL,NULL);

--
-- Table structure for table `contacts`
--

CREATE TABLE `contacts` (
  `id` int unsigned NOT NULL AUTO_INCREMENT,
  `name` varchar(255) CHARACTER SET utf8mb4 COLLATE utf8mb4_unicode_ci NOT NULL,
  `email` varchar(255) CHARACTER SET utf8mb4 COLLATE utf8mb4_unicode_ci NOT NULL,
  `comment` text CHARACTER SET utf8mb4 COLLATE utf8mb4_unicode_ci NOT NULL,
  `phone` varchar(255) CHARACTER SET utf8mb4 COLLATE utf8mb4_unicode_ci NOT NULL,
  `created_at` timestamp NULL DEFAULT NULL,
  `updated_at` timestamp NULL DEFAULT NULL,
  `status` int DEFAULT '0',
  PRIMARY KEY (`id`)
) ENGINE=InnoDB AUTO_INCREMENT=16 DEFAULT CHARSET=utf8mb4 COLLATE=utf8mb4_unicode_ci;

--
-- Dumping data for table `contacts`
--

INSERT INTO `contacts` (`id`, `name`, `email`, `comment`, `phone`, `created_at`, `updated_at`, `status`) VALUES (1,'amal','amal@gmail.com','اوك','60004861','2023-04-17 12:05:02','2023-04-17 12:07:30',1),(2,'ديما','deemaalhashash@gmail.com','الرجاء تىصيل طلبي الان','92223450','2023-04-18 13:40:28','2023-04-19 08:03:48',1),(3,'فوزية','faafyy79@gmail.com','طلبت عدستين من عرض بيلا اللي اشتري ٢ والثالثه مجانا بس ما طلع لي اختار النوع الثالث','٩٩٤٤٩٩٦٤','2023-04-20 09:40:59','2023-04-24 09:50:31',1),(4,'asmaa','asmaalthabit956@gmail.com','متى توصل طلبيت','50019419','2023-04-20 15:25:50','2023-04-24 09:50:29',1),(5,'صفاء الدرويش','teacher.sweet@hotmail.com','السلام عليكم طلبت منكم عرض 3 عدسات وعدسه بروحها امس يوصلني عدسه والثلاث مو موجودين بالبوكس تواصلت معاهم واليوم وصل العدسات لون غلط مايصير هالتعامل عندكم ضغط الزبون ماله ذنب اول مره اطلب منكم واخر مره بصراحه الاخت الي تواصلت معاي امس كانت جدا محترمه ومتفهمه الوضع اليوم يوصل الطلب استلمته لكن تطلع الالوان غلط مايصير هذا اسمه عدم اهتمام بالعميل صراحه واخر مره اطلب منكم','55999292','2023-04-21 11:37:16','2023-04-24 09:50:27',1),(6,'samer','samerabdelmonem96@gmail.com','kjdjndnnnn','51001738','2023-04-24 14:20:41','2023-04-25 09:42:36',1),(7,'dsmrf','samerabdelmonem96@gmail.com','nxjjxjxn','51007138','2023-04-24 14:22:30','2023-04-25 09:42:34',1),(8,'amal','a.ghamazah@gmail.com','تاكيد الطلب','60004861','2023-04-24 14:24:17','2023-04-25 09:42:39',1),(9,'badriya','badriya915@outlook.com','اريد التاكد من اتمام عملية الدفع','65815558','2023-04-24 23:40:06','2023-04-25 09:42:42',1),(10,'عواطف الشطي','mezoo-96@windowslive.com','ما في عروض علي فريش لوك اليوميه','97870605','2023-07-09 11:15:07','2023-07-09 11:15:07',0),(11,'اسيل','a.abdullrahman.alawadhi@gmail.com','لم استلم طلبي','٦٦٩٦٦٠٠٠','2023-07-13 16:01:18','2023-10-19 11:07:00',1),(12,'reema alhmad','ra.alhammad94@gmail.com','السلام عليكم انا طلبت من الموقع و اخترت دفع بالكي نت و حطيت بياناتي و الباسوورد و وصلني كود الخصم لكن الصفحة بالموقع كانت معلقة لمدة طويلة و طلعت ولما دشيت الموقع مره ثانيه حاطين الطلب بحالة pending رغم انه وصلني خصم و مكتوب من موقع foucsi فسويت طلب جديد و حطيت الدفع عند الاستلام اللي انا دافعته وخالصة فياليت تبلغون المندوب اذا وصلت باجر ان الطلب اندفع','50442174','2023-09-26 20:07:39','2023-10-19 11:06:57',1),(13,'وةةوه','see@rrd.cc','jsjsjj','333','2023-11-19 11:48:31','2023-11-19 11:48:31',0),(14,'olq','olafatnah68@gmail.com','message','0994042749','2023-11-20 10:47:39','2023-11-20 10:47:39',0),(15,'تت','hhhhh@gmail.com','hhhh','6666','2023-11-20 11:47:24','2023-11-20 11:47:24',0);

--
-- Table structure for table `countries`
--

CREATE TABLE `countries` (
  `id` int unsigned NOT NULL AUTO_INCREMENT,
  `status` tinyint(1) NOT NULL DEFAULT '1',
  `image` varchar(191) CHARACTER SET utf8mb4 COLLATE utf8mb4_unicode_ci DEFAULT NULL,
  `code` varchar(191) CHARACTER SET utf8mb4 COLLATE utf8mb4_unicode_ci DEFAULT NULL,
  `currency` varchar(191) CHARACTER SET utf8mb4 COLLATE utf8mb4_unicode_ci DEFAULT NULL,
  `address_address` varchar(191) CHARACTER SET utf8mb4 COLLATE utf8mb4_unicode_ci NOT NULL,
  `address_latitude` double NOT NULL,
  `address_longitude` double NOT NULL,
  `created_at` timestamp NULL DEFAULT NULL,
  `updated_at` timestamp NULL DEFAULT NULL,
  `prices` float NOT NULL,
  `key` varchar(191) CHARACTER SET utf8mb4 COLLATE utf8mb4_unicode_ci DEFAULT NULL,
  `shipper` varchar(11) CHARACTER SET utf8mb4 COLLATE utf8mb4_unicode_ci DEFAULT NULL,
  `vat` varchar(191) CHARACTER SET utf8mb4 COLLATE utf8mb4_unicode_ci DEFAULT NULL,
  `cod_services` varchar(191) CHARACTER SET utf8mb4 COLLATE utf8mb4_unicode_ci DEFAULT NULL,
  PRIMARY KEY (`id`)
) ENGINE=InnoDB AUTO_INCREMENT=13 DEFAULT CHARSET=utf8mb4 COLLATE=utf8mb4_unicode_ci;

--
-- Dumping data for table `countries`
--

INSERT INTO `countries` (`id`, `status`, `image`, `code`, `currency`, `address_address`, `address_latitude`, `address_longitude`, `created_at`, `updated_at`, `prices`, `key`, `shipper`, `vat`, `cod_services`) VALUES (1,1,'CfSag0qbGSOcGRqGDxpOTI9XV15HB2Negd8eYv5v.jpg','KWD','KWD','مدينة الكويت، Kuwait',29.375859,47.9774052,'2020-07-29 23:06:29','2023-04-12 06:26:17',1,'+965','0','0','0'),(4,1,'fOxYPIAf1yBMBi4JDmn8x6AQJNq0jh8gGpDxObZ6.png','AED','AED','الإمارات العربية المتحدة',23.424076,53.847818,'2022-12-05 08:55:34','2023-04-04 05:41:09',11.98,'‎+971','60','5','24'),(9,1,'GduDmAiptKk5BZP65DKQKi7O9Wtv2ewjjlsRjvOX.jpg','SAR','SAR','Saudi Arabia',23.885942,45.079162,'2023-03-29 08:35:42','2023-03-30 15:24:57',12.5,'‎+966','60','17.5','25'),(10,1,'BRBuR3hzIrdTycmPc0edo368jgAHM8CbbVG9f4Fz.jpg','BHD','BHD','Bahrain',26.0667,50.5577,'2023-04-02 05:16:11','2023-04-04 05:42:11',1.25,'+973','5','5','2.5'),(11,1,'cMngsWhjrHeGU6dje1dmH4hXvj6ovfCwygIDpN66.jpg','QAR','QAR','Qatar',25.354826,51.183884,'2023-04-02 06:07:33','2023-04-04 05:41:47',12,'+974','60','0','24'),(12,1,'hPGhikhM2P5lvYqezJ7RoJMcR5GauU5N1rY7kBAi.jpg','OMR','OMR','Oman',21.4735329,55.975413,'2023-04-02 06:24:35','2023-04-04 05:42:33',1.3,'+968','5','5','2.5');

--
-- Table structure for table `country_translations`
--

CREATE TABLE `country_translations` (
  `id` int unsigned NOT NULL AUTO_INCREMENT,
  `country_id` int unsigned NOT NULL,
  `name` varchar(191) CHARACTER SET utf8mb4 COLLATE utf8mb4_unicode_ci NOT NULL,
  `locale` varchar(191) CHARACTER SET utf8mb4 COLLATE utf8mb4_unicode_ci NOT NULL,
  `created_at` timestamp NULL DEFAULT NULL,
  `updated_at` timestamp NULL DEFAULT NULL,
  PRIMARY KEY (`id`),
  UNIQUE KEY `country_translations_country_id_locale_unique` (`country_id`,`locale`),
  KEY `country_translations_locale_index` (`locale`)
) ENGINE=InnoDB AUTO_INCREMENT=26 DEFAULT CHARSET=utf8mb4 COLLATE=utf8mb4_unicode_ci;

--
-- Dumping data for table `country_translations`
--

INSERT INTO `country_translations` (`id`, `country_id`, `name`, `locale`, `created_at`, `updated_at`) VALUES (1,1,'الكويت','ar',NULL,NULL),(2,1,'Kuwait','en',NULL,NULL),(3,2,'السعودية','ar',NULL,NULL),(4,2,'Saudi Arabia','en',NULL,NULL),(5,3,'قطر','ar',NULL,NULL),(6,3,'Qater','en',NULL,NULL),(7,4,'الإمارات','ar',NULL,NULL),(8,4,'United Arab Emirates','en',NULL,NULL),(11,6,'البحرين','ar',NULL,NULL),(12,6,'Bahrain','en',NULL,NULL),(13,7,'عُمان','ar',NULL,NULL),(14,7,'Oman','en',NULL,NULL),(16,8,'sdfs','ar',NULL,NULL),(17,8,'fsdsdf','en',NULL,NULL),(18,9,'Saudi Arabia','ar',NULL,NULL),(19,9,'Saudi Arabia','en',NULL,NULL),(20,10,'Bahrain','ar',NULL,NULL),(21,10,'Bahrain','en',NULL,NULL),(22,11,'Qatar','ar',NULL,NULL),(23,11,'Qatar','en',NULL,NULL),(24,12,'Oman','ar',NULL,NULL),(25,12,'Oman','en',NULL,NULL);

--
-- Table structure for table `coupone_relateds`
--

CREATE TABLE `coupone_relateds` (
  `id` int unsigned NOT NULL AUTO_INCREMENT,
  `coupons_id` int unsigned NOT NULL,
  `related_id` int NOT NULL,
  `created_at` timestamp NULL DEFAULT NULL,
  `updated_at` timestamp NULL DEFAULT NULL,
  PRIMARY KEY (`id`),
  KEY `coupone_relateds_coupons_id_foreign` (`coupons_id`),
  CONSTRAINT `coupone_relateds_coupons_id_foreign` FOREIGN KEY (`coupons_id`) REFERENCES `coupons` (`id`) ON DELETE CASCADE
) ENGINE=InnoDB DEFAULT CHARSET=utf8mb4 COLLATE=utf8mb4_unicode_ci;

--
-- Dumping data for table `coupone_relateds`
--


--
-- Table structure for table `coupons`
--

CREATE TABLE `coupons` (
  `id` int unsigned NOT NULL AUTO_INCREMENT,
  `user_id` int unsigned DEFAULT NULL,
  `name` varchar(255) CHARACTER SET utf8mb4 COLLATE utf8mb4_unicode_ci NOT NULL,
  `code` varchar(255) CHARACTER SET utf8mb4 COLLATE utf8mb4_unicode_ci NOT NULL,
  `type` varchar(255) CHARACTER SET utf8mb4 COLLATE utf8mb4_unicode_ci NOT NULL,
  `value` varchar(255) CHARACTER SET utf8mb4 COLLATE utf8mb4_unicode_ci NOT NULL,
  `count` int NOT NULL DEFAULT '0',
  `status` int NOT NULL DEFAULT '1',
  `created_at` timestamp NULL DEFAULT NULL,
  `updated_at` timestamp NULL DEFAULT NULL,
  `ExpireAfter` int DEFAULT NULL,
  PRIMARY KEY (`id`),
  KEY `coupons_user_id_foreign` (`user_id`),
  CONSTRAINT `coupons_user_id_foreign` FOREIGN KEY (`user_id`) REFERENCES `users` (`id`) ON DELETE CASCADE
) ENGINE=InnoDB AUTO_INCREMENT=3 DEFAULT CHARSET=utf8mb4 COLLATE=utf8mb4_unicode_ci;

--
-- Dumping data for table `coupons`
--

INSERT INTO `coupons` (`id`, `user_id`, `name`, `code`, `type`, `value`, `count`, `status`, `created_at`, `updated_at`, `ExpireAfter`) VALUES (1,1,'asdasd','sa','total','12',11,1,'2024-08-06 22:03:54','2024-08-06 22:05:04',33),(2,1,'samer10','sa','total','10',100,1,'2024-12-22 19:09:53','2024-12-22 19:09:53',30);

--
-- Table structure for table `failed_jobs`
--

CREATE TABLE `failed_jobs` (
  `id` bigint unsigned NOT NULL AUTO_INCREMENT,
  `uuid` varchar(255) CHARACTER SET utf8mb4 COLLATE utf8mb4_unicode_ci NOT NULL,
  `connection` text CHARACTER SET utf8mb4 COLLATE utf8mb4_unicode_ci NOT NULL,
  `queue` text CHARACTER SET utf8mb4 COLLATE utf8mb4_unicode_ci NOT NULL,
  `payload` longtext CHARACTER SET utf8mb4 COLLATE utf8mb4_unicode_ci NOT NULL,
  `exception` longtext CHARACTER SET utf8mb4 COLLATE utf8mb4_unicode_ci NOT NULL,
  `failed_at` timestamp NOT NULL DEFAULT CURRENT_TIMESTAMP,
  PRIMARY KEY (`id`),
  UNIQUE KEY `failed_jobs_uuid_unique` (`uuid`)
) ENGINE=InnoDB DEFAULT CHARSET=utf8mb4 COLLATE=utf8mb4_unicode_ci;

--
-- Dumping data for table `failed_jobs`
--


--
-- Table structure for table `feature_option_translations`
--

CREATE TABLE `feature_option_translations` (
  `id` int unsigned NOT NULL AUTO_INCREMENT,
  `feature_option_id` int unsigned NOT NULL,
  `title` varchar(255) CHARACTER SET utf8mb4 COLLATE utf8mb4_unicode_ci DEFAULT NULL,
  `locale` varchar(255) CHARACTER SET utf8mb4 COLLATE utf8mb4_unicode_ci NOT NULL,
  `created_at` timestamp NULL DEFAULT NULL,
  `updated_at` timestamp NULL DEFAULT NULL,
  PRIMARY KEY (`id`),
  UNIQUE KEY `feature_option_translations_feature_option_id_locale_unique` (`feature_option_id`,`locale`),
  CONSTRAINT `feature_option_translations_feature_option_id_foreign` FOREIGN KEY (`feature_option_id`) REFERENCES `feature_options` (`id`) ON DELETE CASCADE
) ENGINE=InnoDB AUTO_INCREMENT=33 DEFAULT CHARSET=utf8mb4 COLLATE=utf8mb4_unicode_ci;

--
-- Dumping data for table `feature_option_translations`
--

INSERT INTO `feature_option_translations` (`id`, `feature_option_id`, `title`, `locale`, `created_at`, `updated_at`) VALUES (17,10,'صغر','ar',NULL,NULL),(18,10,'sm','en',NULL,NULL),(19,11,NULL,'ar',NULL,NULL),(20,11,NULL,'en',NULL,NULL),(21,12,'احمر','ar',NULL,NULL),(22,12,'اصفر','en',NULL,NULL),(23,13,'اصفر','ar',NULL,NULL),(24,13,'اصفر','en',NULL,NULL),(25,14,'اخضر','ar',NULL,NULL),(26,14,'اخضر','en',NULL,NULL),(27,15,'xl','ar',NULL,NULL),(28,15,'xl','en',NULL,NULL),(29,16,'xxxl','ar',NULL,NULL),(30,16,'xxl','en',NULL,NULL),(31,17,'zzzl','ar',NULL,NULL),(32,17,'xd','en',NULL,NULL);

--
-- Table structure for table `feature_options`
--

CREATE TABLE `feature_options` (
  `id` int unsigned NOT NULL AUTO_INCREMENT,
  `price` decimal(8,2) DEFAULT '0.00',
  `count` int DEFAULT '0',
  `feature_id` int unsigned DEFAULT NULL,
  `created_at` timestamp NULL DEFAULT NULL,
  `updated_at` timestamp NULL DEFAULT NULL,
  `color` varchar(191) CHARACTER SET utf8mb4 COLLATE utf8mb4_unicode_ci DEFAULT NULL,
  PRIMARY KEY (`id`),
  KEY `feature_options_feature_id_foreign` (`feature_id`),
  CONSTRAINT `feature_options_feature_id_foreign` FOREIGN KEY (`feature_id`) REFERENCES `features` (`id`) ON DELETE CASCADE
) ENGINE=InnoDB AUTO_INCREMENT=18 DEFAULT CHARSET=utf8mb4 COLLATE=utf8mb4_unicode_ci;

--
-- Dumping data for table `feature_options`
--

INSERT INTO `feature_options` (`id`, `price`, `count`, `feature_id`, `created_at`, `updated_at`, `color`) VALUES (10,NULL,NULL,13,'2024-12-22 19:08:14','2024-12-22 19:08:14','#000000'),(11,NULL,NULL,14,'2024-12-22 19:08:57','2024-12-22 19:08:57','#d81818'),(12,NULL,NULL,15,'2025-01-02 19:04:48','2025-01-02 19:04:48','#c31313'),(13,NULL,NULL,15,'2025-01-02 19:05:00','2025-01-02 19:05:00','#246fa8'),(14,NULL,NULL,15,'2025-01-02 19:05:13','2025-01-02 19:05:13','#ffbe4d'),(15,NULL,NULL,16,'2025-01-02 19:05:59','2025-01-02 19:05:59','#0905ff'),(16,NULL,NULL,16,'2025-01-02 19:06:10','2025-01-02 19:06:10','#5b0101'),(17,NULL,NULL,16,'2025-01-02 19:06:21','2025-01-02 19:06:21','#12baa6');

--
-- Table structure for table `feature_translations`
--

CREATE TABLE `feature_translations` (
  `id` int unsigned NOT NULL AUTO_INCREMENT,
  `feature_id` int unsigned NOT NULL,
  `title` varchar(255) CHARACTER SET utf8mb4 COLLATE utf8mb4_unicode_ci NOT NULL,
  `locale` varchar(255) CHARACTER SET utf8mb4 COLLATE utf8mb4_unicode_ci NOT NULL,
  `created_at` timestamp NULL DEFAULT NULL,
  `updated_at` timestamp NULL DEFAULT NULL,
  PRIMARY KEY (`id`),
  UNIQUE KEY `feature_translations_feature_id_locale_unique` (`feature_id`,`locale`),
  KEY `feature_translations_locale_index` (`locale`),
  CONSTRAINT `feature_translations_feature_id_foreign` FOREIGN KEY (`feature_id`) REFERENCES `features` (`id`) ON DELETE CASCADE
) ENGINE=InnoDB AUTO_INCREMENT=29 DEFAULT CHARSET=utf8mb4 COLLATE=utf8mb4_unicode_ci;

--
-- Dumping data for table `feature_translations`
--

INSERT INTO `feature_translations` (`id`, `feature_id`, `title`, `locale`, `created_at`, `updated_at`) VALUES (21,13,'الحجم','ar',NULL,NULL),(22,13,'size','en',NULL,NULL),(23,14,'الالوان','ar',NULL,NULL),(24,14,'color','en',NULL,NULL),(25,15,'انور','ar',NULL,NULL),(26,15,'anwer','en',NULL,NULL),(27,16,'مقاسات','ar',NULL,NULL),(28,16,'مقاسات','en',NULL,NULL);

--
-- Table structure for table `features`
--

CREATE TABLE `features` (
  `id` int unsigned NOT NULL AUTO_INCREMENT,
  `product_id` int unsigned DEFAULT NULL,
  `created_at` timestamp NULL DEFAULT NULL,
  `updated_at` timestamp NULL DEFAULT NULL,
  `type` varchar(191) CHARACTER SET utf8mb4 COLLATE utf8mb4_unicode_ci DEFAULT NULL,
  PRIMARY KEY (`id`),
  KEY `features_product_id_foreign` (`product_id`),
  CONSTRAINT `features_product_id_foreign` FOREIGN KEY (`product_id`) REFERENCES `products` (`id`) ON DELETE CASCADE
) ENGINE=InnoDB AUTO_INCREMENT=17 DEFAULT CHARSET=utf8mb4 COLLATE=utf8mb4_unicode_ci;

--
-- Dumping data for table `features`
--

INSERT INTO `features` (`id`, `product_id`, `created_at`, `updated_at`, `type`) VALUES (2,3,'2024-07-15 19:39:56','2024-07-15 19:39:56','normal'),(3,3,'2024-07-15 19:39:56','2024-07-15 19:39:56','normal'),(13,20,'2024-12-22 19:07:58','2024-12-22 19:07:58','normal'),(14,20,'2024-12-22 19:08:44','2024-12-22 19:08:44','color'),(15,27,'2025-01-02 19:04:33','2025-01-02 19:04:33','normal'),(16,27,'2025-01-02 19:05:42','2025-01-02 19:05:42','color');

--
-- Table structure for table `files`
--

CREATE TABLE `files` (
  `id` int unsigned NOT NULL AUTO_INCREMENT,
  `image` varchar(255) CHARACTER SET utf8mb4 COLLATE utf8mb4_unicode_ci DEFAULT NULL,
  `main` tinyint NOT NULL DEFAULT '0',
  `tag` varchar(255) CHARACTER SET utf8mb4 COLLATE utf8mb4_unicode_ci DEFAULT NULL,
  `fileable_id` bigint unsigned DEFAULT NULL,
  `fileable_type` varchar(255) CHARACTER SET utf8mb4 COLLATE utf8mb4_unicode_ci DEFAULT NULL,
  `created_at` timestamp NULL DEFAULT NULL,
  `updated_at` timestamp NULL DEFAULT NULL,
  PRIMARY KEY (`id`)
) ENGINE=InnoDB AUTO_INCREMENT=33 DEFAULT CHARSET=utf8mb4 COLLATE=utf8mb4_unicode_ci;

--
-- Dumping data for table `files`
--

INSERT INTO `files` (`id`, `image`, `main`, `tag`, `fileable_id`, `fileable_type`, `created_at`, `updated_at`) VALUES (3,'/uploads/Nurserie/4/1723049416icon-transparent5.png',0,'1723049416icon-transparent5.png',4,'App\\Models\\Nurserie','2024-08-07 19:50:16','2024-08-07 19:50:16'),(4,'/uploads/product/1/1728235385jl952_2.webp',0,'1728235385jl952_2.webp',1,'App\\Models\\Product','2024-10-06 20:23:05','2024-10-06 20:23:05'),(5,'/uploads/product/1/1728235386jl967_2.webp',0,'1728235386jl967_2.webp',1,'App\\Models\\Product','2024-10-06 20:23:06','2024-10-06 20:23:06'),(6,'/uploads/product/5/1728235467jl958_2.webp',0,'1728235467jl958_2.webp',5,'App\\Models\\Product','2024-10-06 20:24:27','2024-10-06 20:24:27'),(7,'/uploads/product/7/1728235709mala-easel-softwood__0958613_pe805373_s5.avif',0,'1728235709mala-easel-softwood__0958613_pe805373_s5.avif',7,'App\\Models\\Product','2024-10-06 20:28:29','2024-10-06 20:28:29'),(8,'/uploads/product/8/1728235956F36-A13-07-769CREAMLIGHT-F36-A13-07-769-BSW23080723_01-2100.webp',0,'1728235956F36-A13-07-769CREAMLIGHT-F36-A13-07-769-BSW23080723_01-2100.webp',8,'App\\Models\\Product','2024-10-06 20:32:36','2024-10-06 20:32:36'),(9,'/uploads/product/10/1728236086F66-B13-07-529PURPLEDARK-F66-B13-07-529-BSW23080823_01-2100.webp',0,'1728236086F66-B13-07-529PURPLEDARK-F66-B13-07-529-BSW23080823_01-2100.webp',10,'App\\Models\\Product','2024-10-06 20:34:46','2024-10-06 20:34:46'),(10,'/uploads/product/11/1728236189F66-B13-07-529PURPLEDARK-F66-B13-07-529-BSW23080823_01-2100.webp',0,'1728236189F66-B13-07-529PURPLEDARK-F66-B13-07-529-BSW23080823_01-2100.webp',11,'App\\Models\\Product','2024-10-06 20:36:29','2024-10-06 20:36:29'),(11,'/uploads/product/12/1728236352D66-I13-07-018BLUEMULTISHADE-D66-I13-07-018-BSW22160722_01-2100.webp',0,'1728236352D66-I13-07-018BLUEMULTISHADE-D66-I13-07-018-BSW22160722_01-2100.webp',12,'App\\Models\\Product','2024-10-06 20:39:12','2024-10-06 20:39:12'),(12,'/uploads/product/13/1728236427H36-A13-07-192PINKLIGHT-H36-A13-07-192-BSW24140824_01-2100.webp',0,'1728236427H36-A13-07-192PINKLIGHT-H36-A13-07-192-BSW24140824_01-2100.webp',13,'App\\Models\\Product','2024-10-06 20:40:27','2024-10-06 20:40:27'),(13,'/uploads/product/14/17282364951448B0116BEIGE-1448B0116-SMSM24161223_01-2100.webp',0,'17282364951448B0116BEIGE-1448B0116-SMSM24161223_01-2100.webp',14,'App\\Models\\Product','2024-10-06 20:41:35','2024-10-06 20:41:35'),(14,'/uploads/product/15/1728236573TZ-10550BLUE-TZ-10550-SMAW23100823_01-2100.webp',0,'1728236573TZ-10550BLUE-TZ-10550-SMAW23100823_01-2100.webp',15,'App\\Models\\Product','2024-10-06 20:42:53','2024-10-06 20:42:53'),(15,'/uploads/product/16/1728236802166912795_01-2100.webp',0,'1728236802166912795_01-2100.webp',16,'App\\Models\\Product','2024-10-06 20:46:42','2024-10-06 20:46:42'),(16,'/uploads/product/17/1728236924160810881-160810881-RG18BS151018_01-2100.webp',0,'1728236924160810881-160810881-RG18BS151018_01-2100.webp',17,'App\\Models\\Product','2024-10-06 20:48:44','2024-10-06 20:48:44'),(17,'/uploads/product/18/1728236983165946031-MNBTPRD02-MP-KSA-BSRG24082023_01-2100.webp',0,'1728236983165946031-MNBTPRD02-MP-KSA-BSRG24082023_01-2100.webp',18,'App\\Models\\Product','2024-10-06 20:49:43','2024-10-06 20:49:43'),(18,'/uploads/product/19/1728237039114498151-8836-BA17BS279_01-2100.webp',0,'1728237039114498151-8836-BA17BS279_01-2100.webp',19,'App\\Models\\Product','2024-10-06 20:50:39','2024-10-06 20:50:39'),(19,'/uploads/product/20/1728237107166386364_01-2100.webp',0,'1728237107166386364_01-2100.webp',20,'App\\Models\\Product','2024-10-06 20:51:47','2024-10-06 20:51:47'),(20,'/uploads/product/21/1728237167166488916_01-2100.webp',0,'1728237167166488916_01-2100.webp',21,'App\\Models\\Product','2024-10-06 20:52:47','2024-10-06 20:52:47'),(21,'/uploads/product/22/1728237427158119986-F01-6511J-BA16BS149_01-2100.webp',0,'1728237427158119986-F01-6511J-BA16BS149_01-2100.webp',22,'App\\Models\\Product','2024-10-06 20:57:07','2024-10-06 20:57:07'),(22,'/uploads/product/23/1728237487164607831_01-2100.webp',0,'1728237487164607831_01-2100.webp',23,'App\\Models\\Product','2024-10-06 20:58:07','2024-10-06 20:58:07'),(23,'/uploads/product/24/1728237541166408464_01-2100.webp',0,'1728237541166408464_01-2100.webp',24,'App\\Models\\Product','2024-10-06 20:59:01','2024-10-06 20:59:01'),(24,'/uploads/product/25/1728237600163607444_01-2100.webp',0,'1728237600163607444_01-2100.webp',25,'App\\Models\\Product','2024-10-06 21:00:00','2024-10-06 21:00:00'),(25,'/uploads/product/26/1728237666159368078-931-BA17BS362_01-2100.webp',0,'1728237666159368078-931-BA17BS362_01-2100.webp',26,'App\\Models\\Product','2024-10-06 21:01:06','2024-10-06 21:01:06'),(26,'/uploads/product/27/1728237742166840421-600235-10-BSRG200924_01-2100.webp',0,'1728237742166840421-600235-10-BSRG200924_01-2100.webp',27,'App\\Models\\Product','2024-10-06 21:02:22','2024-10-06 21:02:22'),(27,'/uploads/product/28/1732124651Screenshot (1).png',0,'1732124651Screenshot (1).png',28,'App\\Models\\Product','2024-11-20 20:44:11','2024-11-20 20:44:11'),(28,'/uploads/product/29/1733307048logo.png',0,'1733307048logo.png',29,'App\\Models\\Product','2024-12-04 13:10:48','2024-12-04 13:10:48'),(29,'/uploads/product/33/1733334817logo.png',0,'1733334817logo.png',33,'App\\Models\\Product','2024-12-04 20:53:37','2024-12-04 20:53:37'),(30,'/uploads/product/34/1733335667logo.png',0,'1733335667logo.png',34,'App\\Models\\Product','2024-12-04 21:07:47','2024-12-04 21:07:47'),(31,'/uploads/product/35/1733335930JMCS.png',0,'1733335930JMCS.png',35,'App\\Models\\Product','2024-12-04 21:12:10','2024-12-04 21:12:10'),(32,'/uploads/product/37/1734426425c23a5377eb778e6fa9634123ecd0d4b0.png',0,'1734426425c23a5377eb778e6fa9634123ecd0d4b0.png',37,'App\\Models\\Product','2024-12-17 12:07:05','2024-12-17 12:07:05');

--
-- Table structure for table `government_translations`
--

CREATE TABLE `government_translations` (
  `id` int unsigned NOT NULL AUTO_INCREMENT,
  `government_id` int unsigned NOT NULL,
  `name` varchar(255) CHARACTER SET utf8mb4 COLLATE utf8mb4_unicode_ci NOT NULL,
  `locale` varchar(255) CHARACTER SET utf8mb4 COLLATE utf8mb4_unicode_ci NOT NULL,
  `created_at` timestamp NULL DEFAULT NULL,
  `updated_at` timestamp NULL DEFAULT NULL,
  PRIMARY KEY (`id`),
  UNIQUE KEY `government_translations_government_id_locale_unique` (`government_id`,`locale`),
  KEY `government_translations_locale_index` (`locale`),
  CONSTRAINT `government_translations_government_id_foreign` FOREIGN KEY (`government_id`) REFERENCES `governments` (`id`) ON DELETE CASCADE
) ENGINE=InnoDB AUTO_INCREMENT=101 DEFAULT CHARSET=utf8mb4 COLLATE=utf8mb4_unicode_ci;

--
-- Dumping data for table `government_translations`
--

INSERT INTO `government_translations` (`id`, `government_id`, `name`, `locale`, `created_at`, `updated_at`) VALUES (15,8,'العاصمة','ar',NULL,NULL),(16,8,'Capital Governorate','en',NULL,NULL),(17,9,'الأحمدي','ar',NULL,NULL),(18,9,'Ahmadi Governorate','en',NULL,NULL),(19,10,'الفروانية','ar',NULL,NULL),(20,10,'Farwaniya Governorate','en',NULL,NULL),(21,11,'الجهراء','ar',NULL,NULL),(22,11,'Jahra Governorate','en',NULL,NULL),(23,12,'حولي','ar',NULL,NULL),(24,12,'Hawalli Governorate','en',NULL,NULL),(25,13,'مبارك الكبير','ar',NULL,NULL),(26,13,'Mubarak Al-Kabeer Governorate','en',NULL,NULL);

--
-- Table structure for table `governments`
--

CREATE TABLE `governments` (
  `id` int unsigned NOT NULL AUTO_INCREMENT,
  `status` int NOT NULL DEFAULT '1',
  `address_address` varchar(255) CHARACTER SET utf8mb4 COLLATE utf8mb4_unicode_ci NOT NULL,
  `address_latitude` double NOT NULL,
  `address_longitude` double NOT NULL,
  `created_at` timestamp NULL DEFAULT NULL,
  `updated_at` timestamp NULL DEFAULT NULL,
  `country_id` int DEFAULT NULL,
  PRIMARY KEY (`id`)
) ENGINE=InnoDB AUTO_INCREMENT=51 DEFAULT CHARSET=utf8mb4 COLLATE=utf8mb4_unicode_ci;

--
-- Dumping data for table `governments`
--

INSERT INTO `governments` (`id`, `status`, `address_address`, `address_latitude`, `address_longitude`, `created_at`, `updated_at`, `country_id`) VALUES (8,1,'العاصمة، Kuwait',29.3342457,47.9812152,'2022-08-24 14:00:00','2022-12-10 06:48:49',1),(9,1,'الأحمدي',0,0,'2022-08-24 14:01:23','2022-08-24 14:01:23',1),(10,1,'الفروانية',0,0,'2022-08-24 14:01:45','2022-08-24 14:01:45',1),(11,1,'الجهراء',0,0,'2022-08-24 14:02:14','2022-08-24 14:02:14',1),(12,1,'حولي',0,0,'2022-08-24 14:02:34','2022-08-24 14:02:34',1),(13,1,'مبارك الكبير',0,0,'2022-08-24 14:02:50','2022-08-24 14:02:50',1);

--
-- Table structure for table `migrations`
--

CREATE TABLE `migrations` (
  `id` int unsigned NOT NULL AUTO_INCREMENT,
  `migration` varchar(255) CHARACTER SET utf8mb4 COLLATE utf8mb4_unicode_ci NOT NULL,
  `batch` int NOT NULL,
  PRIMARY KEY (`id`)
) ENGINE=InnoDB AUTO_INCREMENT=76 DEFAULT CHARSET=utf8mb4 COLLATE=utf8mb4_unicode_ci;

--
-- Dumping data for table `migrations`
--

INSERT INTO `migrations` (`id`, `migration`, `batch`) VALUES (1,'2014_10_12_000000_create_users_table',1),(2,'2014_10_12_100000_create_password_resets_table',1),(3,'2016_06_01_000001_create_oauth_auth_codes_table',1),(4,'2016_06_01_000002_create_oauth_access_tokens_table',1),(5,'2016_06_01_000003_create_oauth_refresh_tokens_table',1),(6,'2016_06_01_000004_create_oauth_clients_table',1),(7,'2016_06_01_000005_create_oauth_personal_access_clients_table',1),(8,'2019_08_19_000000_create_failed_jobs_table',1),(9,'2019_12_14_000001_create_personal_access_tokens_table',1),(10,'2022_02_06_071010_laratrust_setup_tables',1),(11,'2022_02_07_073030_create_public_notifcations_table',1),(12,'2022_02_07_131228_create_topics_table',1),(13,'2022_02_07_131335_create_topic_subscripts_table',1),(14,'2022_02_10_131840_create_short_terms_table',1),(15,'2022_03_24_101035_create_sliders_table',1),(16,'2022_03_24_114417_create_slider_translations_table',1),(17,'2022_05_29_115314_create_categories_table',1),(18,'2022_05_29_115351_create_category_translations_table',1),(19,'2022_05_31_082944_create_products_tables',1),(20,'2022_05_31_083136_create_product_translations_table',1),(21,'2022_05_31_084033_create_features_table',1),(22,'2022_05_31_084050_create_feature_translations_table',1),(23,'2022_05_31_084308_create_feature_options_table',1),(24,'2022_05_31_084333_create_feature_option_translations_table',1),(25,'2022_05_31_085551_create_files_table',1),(26,'2022_05_31_112821_create_product_categories_table',1),(27,'2022_06_02_080435_create_payment_methods_table',1),(28,'2022_06_02_080436_create_shipping_types_table',1),(29,'2022_06_02_080440_create_orders_table',1),(30,'2022_06_02_081214_create_product_orders_table',1),(31,'2022_06_02_081356_create_order_product_features_table',1),(32,'2022_06_02_082600_create_payment_method_translations_table',1),(33,'2022_06_02_082610_create_shipping_type_translations_table',1),(34,'2022_06_02_122112_create_governments_table',1),(35,'2022_06_02_122142_create_government_translations_table',1),(36,'2022_06_02_122214_create_regions_table',1),(37,'2022_06_02_122222_create_region_translations_table',1),(38,'2022_06_02_133202_create_arrival_prices_table',1),(39,'2022_06_04_091835_added_checked_to_products_table',1),(40,'2022_06_05_073619_create_coupons_table',1),(41,'2022_06_05_074500_create_coupone_relateds_table',1),(42,'2022_06_05_081404_create_user_products_table',1),(43,'2022_06_05_113923_create_user_addresses_table',1),(44,'2022_06_08_101900_create_arrivals_table',1),(45,'2022_06_08_102003_create_arrival_times_table',1),(46,'2022_06_09_132916_create_order_coupons_table',1),(47,'2022_06_09_134805_add_category_id_to_product_orders_table',1),(48,'2022_06_11_093816_added_checked_to_user_addresses_table',1),(49,'2022_06_11_102956_added_delivery_date_time_to_orders_table',1),(50,'2022_06_11_103215_create_order_shippings_table',1),(51,'2022_06_18_093322_create_order_comments_table',1),(52,'2022_06_19_082401_create_tagers_table',1),(53,'2022_06_20_102847_added_latـlang_table',1),(54,'2022_06_20_135514_create_user_categories_table',1),(55,'2022_06_21_073606_added_image_to_user_table',1),(56,'2022_06_25_095040_create_refund_products_table',2),(57,'2022_06_26_105000_create_user_orders_table',3),(58,'2022_06_26_125130_create_contacts_table',4),(59,'2022_06_28_111636_create_pages_table',5),(60,'2022_06_28_111731_create_page_translations_table',5),(61,'2022_07_17_122026_create_order_options_table',6),(62,'2023_01_22_085447_create_pwrs_table',7),(63,'2023_01_22_085741_create_product_pwrs_table',8),(64,'2023_01_22_112213_create_offers_table',9),(65,'2023_01_22_113541_create_offer_translations_table',9),(67,'2023_01_27_121549_create_offer_orders_table',10),(68,'2023_02_22_092633_create_visitors_table',11),(69,'2024_02_19_233649_create_brands_table',12),(70,'2024_02_19_233725_create_brand_transaltions_table',12),(71,'2024_02_22_011812_create_subcribe_celebrates_table',13),(72,'2024_02_25_140331_create_nurseries_table',14),(73,'2024_02_25_150956_create_nurserie_translations_table',14),(74,'2024_02_25_164654_create_nurserie_subscribes_table',15),(75,'2024_02_25_190631_create_subscribe_habanas_table',16);

--
-- Table structure for table `nurserie_subscribe_translations`
--

CREATE TABLE `nurserie_subscribe_translations` (
  `id` int unsigned NOT NULL AUTO_INCREMENT,
  `nurserie_subscribe_id` int unsigned DEFAULT NULL,
  `title` varchar(255) CHARACTER SET utf8mb4 COLLATE utf8mb4_unicode_ci DEFAULT NULL,
  `content` varchar(255) CHARACTER SET utf8mb4 COLLATE utf8mb4_unicode_ci DEFAULT NULL,
  `locale` varchar(255) CHARACTER SET utf8mb4 COLLATE utf8mb4_unicode_ci NOT NULL,
  `created_at` timestamp NULL DEFAULT NULL,
  `updated_at` timestamp NULL DEFAULT NULL,
  `TimeSubscribe` varchar(191) CHARACTER SET utf8mb4 COLLATE utf8mb4_unicode_ci DEFAULT NULL,
  PRIMARY KEY (`id`)
) ENGINE=InnoDB AUTO_INCREMENT=9 DEFAULT CHARSET=utf8mb4 COLLATE=utf8mb4_unicode_ci;

--
-- Dumping data for table `nurserie_subscribe_translations`
--

INSERT INTO `nurserie_subscribe_translations` (`id`, `nurserie_subscribe_id`, `title`, `content`, `locale`, `created_at`, `updated_at`, `TimeSubscribe`) VALUES (1,1,'الاشتراك الاول',NULL,'ar',NULL,NULL,'شهر'),(2,1,'الاشتراك الاول',NULL,'en',NULL,NULL,'month'),(3,2,'الاشتراك الثاني',NULL,'ar',NULL,NULL,NULL),(4,2,'الاشتراك الثاني',NULL,'en',NULL,NULL,NULL),(5,3,'asdasd','<p>saasdasdasdasd</p>','ar',NULL,NULL,'2'),(6,3,'asdasd','<p>asdasdasdasd</p>','en',NULL,NULL,'2'),(7,4,'اشتراك ٣','<p>اشتراك ٣</p>','ar',NULL,NULL,'١٢'),(8,4,'اشتراك ٣','<p>اشتراك ٣</p>','en',NULL,NULL,'32');

--
-- Table structure for table `nurserie_subscribes`
--

CREATE TABLE `nurserie_subscribes` (
  `id` int unsigned NOT NULL AUTO_INCREMENT,
  `Nurserie_id` int DEFAULT NULL,
  `price` decimal(8,3) DEFAULT NULL,
  `subscribe_date` varchar(255) CHARACTER SET utf8mb4 COLLATE utf8mb4_unicode_ci DEFAULT NULL,
  `created_at` timestamp NULL DEFAULT NULL,
  `updated_at` timestamp NULL DEFAULT NULL,
  `status` int DEFAULT '1',
  PRIMARY KEY (`id`)
) ENGINE=InnoDB AUTO_INCREMENT=5 DEFAULT CHARSET=utf8mb4 COLLATE=utf8mb4_unicode_ci;

--
-- Dumping data for table `nurserie_subscribes`
--

INSERT INTO `nurserie_subscribes` (`id`, `Nurserie_id`, `price`, `subscribe_date`, `created_at`, `updated_at`, `status`) VALUES (1,4,112.000,'1','2024-02-25 17:14:05','2024-02-25 17:28:11',1),(3,4,12.000,'1','2024-02-25 17:25:37','2024-02-25 17:37:40',1),(4,4,1.000,'26','2024-03-26 23:27:55','2024-03-26 23:27:55',1);

--
-- Table structure for table `nurserie_translations`
--

CREATE TABLE `nurserie_translations` (
  `id` int unsigned NOT NULL AUTO_INCREMENT,
  `nurserie_id` int unsigned NOT NULL,
  `title` varchar(255) CHARACTER SET utf8mb4 COLLATE utf8mb4_unicode_ci DEFAULT NULL,
  `content` varchar(255) CHARACTER SET utf8mb4 COLLATE utf8mb4_unicode_ci DEFAULT NULL,
  `address` varchar(255) CHARACTER SET utf8mb4 COLLATE utf8mb4_unicode_ci DEFAULT NULL,
  `locale` varchar(255) CHARACTER SET utf8mb4 COLLATE utf8mb4_unicode_ci NOT NULL,
  `created_at` timestamp NULL DEFAULT NULL,
  `updated_at` timestamp NULL DEFAULT NULL,
  PRIMARY KEY (`id`),
  UNIQUE KEY `nurserie_translations_nurseries_id_locale_unique` (`nurserie_id`,`locale`),
  KEY `nurserie_translations_locale_index` (`locale`),
  CONSTRAINT `nurserie_translations_nurseries_id_foreign` FOREIGN KEY (`nurserie_id`) REFERENCES `nurseries` (`id`) ON DELETE CASCADE
) ENGINE=InnoDB AUTO_INCREMENT=7 DEFAULT CHARSET=utf8mb4 COLLATE=utf8mb4_unicode_ci;

--
-- Dumping data for table `nurserie_translations`
--

INSERT INTO `nurserie_translations` (`id`, `nurserie_id`, `title`, `content`, `address`, `locale`, `created_at`, `updated_at`) VALUES (3,4,'الحضانه ٢',NULL,'الكويت','ar',NULL,NULL),(4,4,'الحضانه ٢',NULL,'الكويت','en',NULL,NULL),(5,6,'الحضانه ١',NULL,'الكويت حولي','ar',NULL,NULL),(6,6,'الحضانه ١',NULL,'الكويت حولي','en',NULL,NULL);

--
-- Table structure for table `nurseries`
--

CREATE TABLE `nurseries` (
  `id` int unsigned NOT NULL AUTO_INCREMENT,
  `image` varchar(255) CHARACTER SET utf8mb4 COLLATE utf8mb4_unicode_ci DEFAULT NULL,
  `banners` varchar(255) CHARACTER SET utf8mb4 COLLATE utf8mb4_unicode_ci DEFAULT NULL,
  `created_at` timestamp NULL DEFAULT NULL,
  `updated_at` timestamp NULL DEFAULT NULL,
  `phone` varchar(191) CHARACTER SET utf8mb4 COLLATE utf8mb4_unicode_ci DEFAULT NULL,
  `status` int NOT NULL DEFAULT '1',
  `inactive` int NOT NULL DEFAULT '0',
  PRIMARY KEY (`id`)
) ENGINE=InnoDB AUTO_INCREMENT=13 DEFAULT CHARSET=utf8mb4 COLLATE=utf8mb4_unicode_ci;

--
-- Dumping data for table `nurseries`
--

INSERT INTO `nurseries` (`id`, `image`, `banners`, `created_at`, `updated_at`, `phone`, `status`, `inactive`) VALUES (4,'2024-02-25-Screen Shot 2024-02-18 at 11.46.25 AM.png','2024-02-25-Screen Shot 2024-02-18 at 11.46.25 AM.png','2024-02-25 16:08:12','2024-02-25 16:34:13','51007138',1,1),(5,NULL,NULL,'2024-02-25 16:20:23','2024-02-25 16:20:23',NULL,1,0),(6,'2024-02-25-Screen Shot 2024-02-18 at 11.46.25 AM.png','2024-02-25-Screen Shot 2024-02-24 at 5.57.42 PM.png','2024-02-25 16:20:53','2024-02-25 16:21:29','51001723',1,1),(7,NULL,NULL,'2024-03-04 16:32:50','2024-03-04 16:32:50',NULL,1,0),(8,NULL,NULL,'2024-07-14 19:49:23','2024-07-14 19:49:23',NULL,1,0),(9,NULL,NULL,'2024-07-15 19:04:07','2024-07-15 19:04:07',NULL,1,0),(10,NULL,NULL,'2024-08-06 21:15:50','2024-08-06 21:15:50',NULL,1,0),(11,NULL,NULL,'2024-08-07 19:48:24','2024-08-07 19:48:24',NULL,1,0),(12,NULL,NULL,'2024-12-22 19:03:05','2024-12-22 19:03:05',NULL,1,0);

--
-- Table structure for table `oauth_access_tokens`
--

CREATE TABLE `oauth_access_tokens` (
  `id` varchar(100) CHARACTER SET utf8mb4 COLLATE utf8mb4_unicode_ci NOT NULL,
  `user_id` bigint unsigned DEFAULT NULL,
  `client_id` bigint unsigned NOT NULL,
  `name` varchar(255) CHARACTER SET utf8mb4 COLLATE utf8mb4_unicode_ci DEFAULT NULL,
  `scopes` text CHARACTER SET utf8mb4 COLLATE utf8mb4_unicode_ci,
  `revoked` tinyint(1) NOT NULL,
  `created_at` timestamp NULL DEFAULT NULL,
  `updated_at` timestamp NULL DEFAULT NULL,
  `expires_at` datetime DEFAULT NULL,
  PRIMARY KEY (`id`),
  KEY `oauth_access_tokens_user_id_index` (`user_id`)
) ENGINE=InnoDB DEFAULT CHARSET=utf8mb4 COLLATE=utf8mb4_unicode_ci;

--
-- Dumping data for table `oauth_access_tokens`
--

INSERT INTO `oauth_access_tokens` (`id`, `user_id`, `client_id`, `name`, `scopes`, `revoked`, `created_at`, `updated_at`, `expires_at`) VALUES ('003e5964f7c098faeff68cdce59e7717fe9c776e2e45dc9531a017b885cee72af827317b2915224c',204,1,'focus','[]',0,'2023-05-01 05:39:56','2023-05-01 05:39:56','2024-05-01 08:39:56'),('00c834e576f2e276022f68cd87b35a77e51b3fcabeea39f992fc953bf2a783412377bddd8385cba5',307,1,'focus','[]',0,'2023-10-15 21:45:57','2023-10-15 21:45:57','2024-10-15 21:45:57'),('01104bba642616df028fdc373aa42f7fee9cad24f5ea32c1ff64413af9f411579d44ec24fd4d4816',373,1,'focus','[]',0,'2024-08-24 15:54:39','2024-08-24 15:54:39','2025-08-24 15:54:39'),('0113048176eacbee3f5df9e8fe502bd4e5a9dfc67f5c7671117ca6fde4faa3c1a582665ddd95e79d',98,1,'focus','[]',0,'2023-02-25 21:09:16','2023-02-25 21:09:16','2024-02-25 23:09:16'),('013781698070f02b9eb732d61515a864beadb12d83b1caf01de37efe2dabd64a819b887fb0fa0b85',216,1,'focus','[]',0,'2023-05-19 23:23:57','2023-05-19 23:23:57','2024-05-20 02:23:57'),('0137ad1c9bd40822b439e8cd0f2af935f8f0dafc71132bfe2b1ded01d6984da4e5425754644bd002',188,1,'focus','[]',0,'2023-04-21 02:58:44','2023-04-21 02:58:44','2024-04-21 04:58:44'),('018382a8a39760b16f307b3555827a89ced0c9807faf8cd14087b966b969af851c546cc1ccedcb5f',153,1,'focus','[]',0,'2023-04-12 05:36:24','2023-04-12 05:36:24','2024-04-12 07:36:24'),('01ebf4241c85fb4916496c40bb92e7e90c5bb7db6241a5b159092752dc7bbb9464123c778bb67246',183,1,'focus','[]',0,'2023-04-20 14:38:49','2023-04-20 14:38:49','2024-04-20 16:38:49'),('020fd11190d542a221751526a873bc583fce2eb1c264c966b118ee26180aeed440f0ce1fff352d23',347,1,'focus','[]',0,'2024-04-17 11:36:32','2024-04-17 11:36:32','2025-04-17 11:36:32'),('026baac30e98147c7f9593f1adeb29aa6ce31362005d1e7e0cfbb60add2bd6d357f17e2ecce65add',371,1,'focus','[]',0,'2024-08-12 15:00:37','2024-08-12 15:00:37','2025-08-12 15:00:37'),('029c492ad49e8d9a34862671d09fa3c5b8d6ac8353395e9919fe843501ae121b4fb983681ef55bc4',98,1,'focus','[]',0,'2023-02-21 09:51:48','2023-02-21 09:51:48','2024-02-21 11:51:48'),('036ae13a53398f9d909012abe90c39e90ad979419c5e9f52ade80e3f326d8c8e682b0ea67016b653',176,1,'focus','[]',0,'2023-04-18 17:09:28','2023-04-18 17:09:28','2024-04-18 19:09:28'),('039f382c940aa5658e52acfe1d96ae895305ddc0e3d1de0f30196747384bc338b163829ef1765745',97,1,'focus','[]',0,'2023-02-20 05:52:05','2023-02-20 05:52:05','2024-02-20 07:52:05'),('042d505cbd72bdb95e5088a6651c051a61de2cf523eec1f17a5996aaa3e17cadae0ed2ea60386b54',324,1,'focus','[]',0,'2023-11-19 01:07:54','2023-11-19 01:07:54','2024-11-19 01:07:54'),('043ed18cbdb93561e62012db6accf87b2b14acc191f87c03a1001bb4532c547383a1415f5bbf9a88',163,1,'focus','[]',0,'2023-04-15 10:56:50','2023-04-15 10:56:50','2024-04-15 12:56:50'),('04520a38c9e4a7c5a62e3fbf35e9e0ef61d5055d8252f0e1704cccfff2fecde3d3aafff8182f0df5',125,1,'focus','[]',0,'2023-04-09 09:41:10','2023-04-09 09:41:10','2024-04-09 11:41:10'),('04c5783973d49237e263303d40d3d2e9f17a41ddfb98b934cdf0e859072814b1e3398baf45293433',73,1,'mazraa','[]',0,'2022-09-28 09:10:32','2022-09-28 09:10:32','2023-09-28 11:10:32'),('04f5a632d115d05605935305fa31b58fcda015075da22a020fa29dfae99656d84dc258b86abea76d',338,1,'focus','[]',0,'2024-03-26 21:19:28','2024-03-26 21:19:28','2025-03-26 21:19:28'),('054ddae020a5b31c9342ae65023a05c62c70579edfd78800367bc7dfee1fb1fe2f774bd4749f0270',124,1,'focus','[]',0,'2023-04-09 09:36:55','2023-04-09 09:36:55','2024-04-09 11:36:55'),('0577ee463192a318248e126cd59735f15bc1a7fb79ba3499bcc10cf925831ecb84efd4955a96ec02',292,1,'focus','[]',0,'2023-09-15 13:02:24','2023-09-15 13:02:24','2024-09-15 13:02:24'),('05a99f59b7bfa0052af91993af6aa88ead87af82631dfddccec978129153ae361e9b7d6b3bab0f03',201,1,'focus','[]',0,'2023-04-30 11:51:57','2023-04-30 11:51:57','2024-04-30 14:51:57'),('05ecbcae8ac934839cad8f4d2365cbdb1955ca191f185ed4f2333e57d46c728da012d068e5b73dd6',97,1,'focus','[]',0,'2023-02-20 11:05:58','2023-02-20 11:05:58','2024-02-20 13:05:58'),('062a1b469c1a458dea6db432711964313df0f690590d3c84ff128a2c4ec30e48ed095b7c861c9251',373,1,'focus','[]',0,'2024-08-24 15:57:08','2024-08-24 15:57:08','2025-08-24 15:57:08'),('06d6a47b866c6ecc39e78b9b665b031f3b2642520c31cc8e4b04ee85a59877e4e68b08aa1c10411e',71,1,'mazraa','[]',0,'2022-07-06 11:16:28','2022-07-06 11:16:28','2023-07-06 13:16:28'),('06da447d74de85c8b73410de9d75a0ec9a6125cfed910acb0b79e0c7a11b361e95a4d02bd65ee305',1,1,'gold','[]',0,'2022-12-10 08:23:25','2022-12-10 08:23:25','2023-12-10 10:23:25'),('0770119bbc9a6dc7d9fb4fa5026d9fe581552532d6b788f330c193433dd20801c00285fa8e5e2a6f',62,1,'mazraa','[]',0,'2022-07-01 12:26:25','2022-07-01 12:26:25','2023-07-01 14:26:25'),('078cd2ab99b2423566839bacd19ef5de614be5fdf9ecf000f20df96f3fbf5bad142698c8133784da',183,1,'focus','[]',0,'2023-04-20 14:38:41','2023-04-20 14:38:41','2024-04-20 16:38:41'),('07ebfc248b8ee322c1da960b5f15d8f5dde910e6432ac672b41d0637e111643e99be361ebb566813',313,1,'focus','[]',0,'2023-10-24 15:28:09','2023-10-24 15:28:09','2024-10-24 15:28:09'),('07f0d44373ca253463e394592a5d48e8e274097143488d3899ae92dd5bf3ed1b8de88883dae7b108',148,1,'focus','[]',0,'2023-04-15 09:51:14','2023-04-15 09:51:14','2024-04-15 11:51:14'),('07fcee89137af8b454de2396a88a506976a390cdde944d2d001b1df3248d131d18afad07bdbd555f',191,1,'focus','[]',0,'2023-04-21 23:14:34','2023-04-21 23:14:34','2024-04-22 01:14:34'),('0831536865ebdfc74e4e5a9d01eb3f72b76a22cf04be3c6fb26fe9772d0aaf804c2858c24efcf9df',153,1,'focus','[]',0,'2023-10-03 11:59:35','2023-10-03 11:59:35','2024-10-03 11:59:35'),('0844dbac76a3ebc59523c15f6b084ff7db2ea304a7ea4ccba7ceaf483054357d15a3896c5a376e26',101,1,'focus','[]',0,'2023-02-27 06:24:40','2023-02-27 06:24:40','2024-02-27 08:24:40'),('08589339d97ec145b666a00eb78c53093b276b9bf0d78fdadebf42cef76466f6a3fbcd9d96270aac',115,1,'focus','[]',0,'2023-03-08 05:58:03','2023-03-08 05:58:03','2024-03-08 07:58:03'),('0879131f2b4191a17f13c665094af58465538d7e788b35f05ac6037a505ea13bdf0e9d7fd6a500f2',306,1,'focus','[]',0,'2023-10-15 19:58:58','2023-10-15 19:58:58','2024-10-15 19:58:58'),('087b21b9a67a2f5eb1dd5300caa483317d22406207a18b8750744e01c5f1c458793a44ba96835220',127,1,'focus','[]',0,'2023-04-09 09:58:45','2023-04-09 09:58:45','2024-04-09 11:58:45'),('08e3bce0b57314a8406874f1afd1da30bde608a417cfd8658b7d099995b0e1ea651406dd97ba0ab0',126,1,'focus','[]',0,'2023-04-09 09:47:55','2023-04-09 09:47:55','2024-04-09 11:47:55'),('090e2a8efab00eee3badc129a95cf6583fea932011a13035324cc5c81400a22d34bc7adafa65be6b',98,1,'focus','[]',0,'2023-02-21 19:31:00','2023-02-21 19:31:00','2024-02-21 21:31:00'),('0929f6affbac8e2a58ca60586a6c17a26e983fced0083ac433d7de56ace0e2dee2d63cca141b012a',292,1,'focus','[]',0,'2023-09-15 13:03:07','2023-09-15 13:03:07','2024-09-15 13:03:07'),('094f5f3fd50f7cca02992d3e1f98ec6e5937431dadd8e32ee65817bc5099dc7aa16b445c0f1a0939',78,1,'gold','[]',0,'2022-10-29 06:57:43','2022-10-29 06:57:43','2023-10-29 08:57:43'),('097819e9b7d5769f0f9b075da44afb0d8b483a69f01ccbd2a452b6a46741e3ea89448565290bf209',1,1,'gold','[]',0,'2022-11-15 09:34:30','2022-11-15 09:34:30','2023-11-15 11:34:30'),('0a225ed84926c4fb96279f3371584d1abf142f29e9e71e98ca24ae64c9b4770989d78831cfaf8dd0',96,1,'focus','[]',0,'2023-02-18 20:33:53','2023-02-18 20:33:53','2024-02-18 22:33:53'),('0a4925f11dff417f089fae4b7f7214af795a21af6ab129096619298c5afe3c692a0636068a8c84b5',87,1,'focus','[]',0,'2023-02-17 09:03:33','2023-02-17 09:03:33','2024-02-17 11:03:33'),('0a6258537cc17db5104fe9912ce49eed5a184f1b929da9b2a9e5740d63a0e70c05988d6b86d8e380',292,1,'focus','[]',0,'2023-09-15 13:03:06','2023-09-15 13:03:06','2024-09-15 13:03:06'),('0b9043c7d585bf34670cb79daa62045a2c033c6329f2aa7c379990ba8ea779bb821ca1c2adc14ba7',285,1,'focus','[]',0,'2023-08-28 04:11:47','2023-08-28 04:11:47','2024-08-28 07:11:47'),('0bf126d7633fae011ddb030611a11fc43214551e9d32fdd8fb9deabed29f9c2812bb3c53f2e101e8',1,1,'gold','[]',0,'2022-12-06 05:38:39','2022-12-06 05:38:39','2023-12-06 07:38:39'),('0c275cd38c2543fdcc8ee912f948f7205031e917e2f108d2dad365e2aba6e3e383e251d4823e60c5',88,1,'focus','[]',0,'2023-02-17 20:35:15','2023-02-17 20:35:15','2024-02-17 22:35:15'),('0c4be3baec2bb77d7b065d4f8f1eb9de25fd92cf587f7aa2cdf5a01f0491687928cd8685bc51fbcb',77,1,'mazraa','[]',0,'2022-09-29 06:35:57','2022-09-29 06:35:57','2023-09-29 08:35:57'),('0c900e2c764e7f29ed0022c8d237c409a9e59f296c58070c22c124fd3b4d0b215ea98435147c4366',149,1,'focus','[]',0,'2023-04-11 05:31:29','2023-04-11 05:31:29','2024-04-11 07:31:29'),('0cd75a862ae593ae0af6f77883296f37aface7d5b593468cdb80451c2f75463b9a4fd49ce0ddd3e8',97,1,'focus','[]',0,'2023-02-19 08:47:04','2023-02-19 08:47:04','2024-02-19 10:47:04'),('0d1c89fda49a17e6d6f0662e79487e73e9fc6c7ce470f5a4824d7b3dec67e690cf047cd5902abc2b',262,1,'focus','[]',0,'2023-07-24 16:23:59','2023-07-24 16:23:59','2024-07-24 19:23:59'),('0d5245413f8f5c8a705ec3d0aaff5a67cddaec667a1ee2ab771508adcb9db094f801792f36eaedcc',258,1,'focus','[]',0,'2023-07-15 07:37:54','2023-07-15 07:37:54','2024-07-15 10:37:54'),('0dcee8affd05276839bd2d2643dff6a1679eec95e436ebb2838fd24ac52b98f2133ea79ed5209ea4',241,1,'focus','[]',0,'2023-06-26 11:21:03','2023-06-26 11:21:03','2024-06-26 14:21:03'),('0dfc2961bcddc0e895420c5e519bc5298bbafa6ba0ad72c24a6754da013b449614d23683e0ea98b3',116,1,'focus','[]',0,'2023-03-07 22:17:21','2023-03-07 22:17:21','2024-03-08 00:17:21'),('0e1515dc645e8f3552536bb43d74751334d4865520836f752bbd6e449270a4f2feaa0c8c12a2bcf8',229,1,'focus','[]',0,'2023-06-02 13:48:47','2023-06-02 13:48:47','2024-06-02 16:48:47'),('0e183443ccbc078ed020a6329a45fc74229ce36c80cdcfc37d0ad98bf38d1786258768c6614129b4',171,1,'focus','[]',0,'2023-04-17 17:35:22','2023-04-17 17:35:22','2024-04-17 19:35:22'),('0e294ce5d006ed0858da0e44c242dd7b4f1c38bc6b145aba7bc959c0fa220734396f99f5800dbbdc',368,1,'focus','[]',0,'2024-07-17 19:06:05','2024-07-17 19:06:05','2025-07-17 21:06:05'),('0e4dbec816dd744787e0f9b2d32835fc637fda95daedf93a5aabcfe80e02acf1325dca29adb22bb7',97,1,'focus','[]',0,'2023-02-20 12:31:30','2023-02-20 12:31:30','2024-02-20 14:31:30'),('0e88bb2eca2933d5537697638ee08fe90e7c9cfbafdda7306c3d8e9b1635817b804abba1536e1566',371,1,'focus','[]',0,'2024-08-12 15:00:22','2024-08-12 15:00:22','2025-08-12 15:00:22'),('0eba9fc97e6891e361acb63409d271fd3fc170b52ced8de1dd266a25eb5bcac9813f45c7be5acf58',269,1,'focus','[]',0,'2023-08-03 17:49:28','2023-08-03 17:49:28','2024-08-03 20:49:28'),('0f2756793a7aee37a3325c852792d60aa946387f14b0e3bd524933cfe50a4a0b2f0575b275883645',9,1,'mazraa','[]',0,'2022-09-28 08:49:49','2022-09-28 08:49:49','2023-09-28 10:49:49'),('0f2ae568fd47af063b556f3301531b10c7c31373ac123911ff567b1a4471962de2b2bcc89f8b447e',97,1,'focus','[]',0,'2023-02-19 09:36:27','2023-02-19 09:36:27','2024-02-19 11:36:27'),('0f4ba37f9ca35241ebb31c9657e066acb01c71225244a9d201c893a4088078a6126a4f29fa274350',77,1,'mazraa','[]',0,'2022-09-29 06:34:50','2022-09-29 06:34:50','2023-09-29 08:34:50'),('0fe2ce712b05c6d4840bc53b66a7f3590efc04cf8d90a6212712e6e560e531e72b6ac3726f41ff13',73,1,'mazraa','[]',0,'2022-10-01 16:16:08','2022-10-01 16:16:08','2023-10-01 18:16:08'),('0fead491935e3c631158882299eee49457240cf249ca5c48631ed2a36e21a449b1ae0ad991028e23',269,1,'focus','[]',0,'2023-09-02 17:12:00','2023-09-02 17:12:00','2024-09-02 17:12:00'),('0ffd0189053d55d02f4f6d1c542719e4641bf318e905b0da87bff1f03a5fed36b78fac3db091a92e',148,1,'focus','[]',0,'2023-04-12 10:45:40','2023-04-12 10:45:40','2024-04-12 12:45:40'),('10381fc7a9e15f72220f571c2b18fdd4cebf2e1743b1b474bb49a07bffc698a3c66a1d5b59a77677',287,1,'focus','[]',0,'2023-09-03 07:53:51','2023-09-03 07:53:51','2024-09-03 07:53:51'),('107fa3bdd7e59304c7706340edc903b3f5651d3c8e06328e532ddf26666723ef490b6142d0f0b885',114,1,'focus','[]',0,'2023-03-02 12:06:58','2023-03-02 12:06:58','2024-03-02 14:06:58'),('10eeebcecdbcb3ee61643a96abcb2b8b0585ac82edef6e41332f164b18c07a540d158e78a7620203',293,1,'focus','[]',0,'2023-09-21 09:30:55','2023-09-21 09:30:55','2024-09-21 09:30:55'),('11391803d7830da21944ceb431cdb966baec3c596757a490a03bc3690fc231dee1d1d884f0b2d7a5',338,1,'focus','[]',0,'2024-02-22 00:14:49','2024-02-22 00:14:49','2025-02-22 00:14:49'),('11504c5d3d5ad4e9260440d7fecbeb99cc9be708d2ca2716fc82aa98a16ffb37b46e1031820dd7a3',149,1,'focus','[]',0,'2023-04-11 19:01:58','2023-04-11 19:01:58','2024-04-11 21:01:58'),('11e0578473668b9e4166a3bd713c3654cd8caab27ae449a2a1012c03caf9147db39a2645c138e322',134,1,'focus','[]',0,'2023-04-09 10:24:35','2023-04-09 10:24:35','2024-04-09 12:24:35'),('11e4e3c3d5546eeb00367f099262c4fe488a1aba1a644938f6a8c5ba2785dd52081789fd6ff91aa0',11,1,'mazraa','[]',0,'2022-06-23 08:02:47','2022-06-23 08:02:47','2023-06-23 10:02:47'),('121f3960f28da2ab5e18e54051c96cb5ef994cddacbb6aaa6855f38daa042bfbe689ee2d441b4ba5',73,1,'mazraa','[]',0,'2022-10-02 05:21:48','2022-10-02 05:21:48','2023-10-02 07:21:48'),('12afcfd56fc1367c6b00154c5304ad16a2d6ff07a07ffb750a91d7b7345765e5430d7f257d22230c',255,1,'focus','[]',0,'2023-07-07 18:07:06','2023-07-07 18:07:06','2024-07-07 21:07:06'),('12ebd141d29b06674b7af8f36abdaf26934dbf828e7f134c3d3ed5e34a946913be025e3dd7c4ef90',73,1,'mazraa','[]',0,'2022-11-17 08:05:03','2022-11-17 08:05:03','2023-11-17 10:05:03'),('135d1c9e6ab9ac3e682562f753f7f6e521f6ecfac88a951d3f4ec43f680bd2584e4aa9344c938806',82,1,'gold','[]',0,'2022-11-28 10:50:29','2022-11-28 10:50:29','2023-11-28 12:50:29'),('13bcc19997978844b9058dc02fd60b1743a77505248b643eb42189a86be28b557c0bdb6115d1b25e',225,1,'focus','[]',0,'2023-05-26 21:10:25','2023-05-26 21:10:25','2024-05-27 00:10:25'),('13f0b495253f992f94e188249f8a42c0314e97aa31d5fe92dc7880190123fc24243c3407b370f790',98,1,'focus','[]',0,'2023-02-21 20:17:06','2023-02-21 20:17:06','2024-02-21 22:17:06'),('13f5b6c3480159a48e90792e059c0c6a574ffb362b96c528f5f7d1268f9b01c62dc45eee6935840d',152,1,'focus','[]',0,'2023-04-12 05:32:16','2023-04-12 05:32:16','2024-04-12 07:32:16'),('1455211b53b1e4e6becd2dde88ed8ff502edb18f37883d4d6f0e5c2823972863426a489987ab6ce9',76,1,'mazraa','[]',0,'2022-09-29 06:18:30','2022-09-29 06:18:30','2023-09-29 08:18:30'),('145c30fb2e14ed3ea642e38b0148e7cfd37376c576b2661997fc7b5d33c05237917c3f42ddaa040f',116,1,'focus','[]',0,'2023-04-04 13:03:29','2023-04-04 13:03:29','2024-04-04 15:03:29'),('14a041d77c30cd38ffc3710f1a39954f278bd3dd7b165307fef0f5b9fd9b05ebd834935290cf5887',278,1,'focus','[]',0,'2023-08-18 20:02:28','2023-08-18 20:02:28','2024-08-18 23:02:28'),('14e261188550b59034961d1df195db81583a659b263f04f686c3f351c679b74738fd77677d3e8d26',110,1,'focus','[]',0,'2023-03-02 11:43:29','2023-03-02 11:43:29','2024-03-02 13:43:29'),('1585a8a4a003a926bff9dacfbfde5646bd45deeab2b431916451b68bf77f6aae1539d9ee6ed0d3ac',210,1,'focus','[]',0,'2023-05-07 15:49:30','2023-05-07 15:49:30','2024-05-07 18:49:30'),('15a65942ead48cf920c419b317f5bda965ddd12f529d50880c2da3bd6304c40922cd13bc4297f187',43,1,'mazraa','[]',0,'2022-06-23 09:31:29','2022-06-23 09:31:29','2023-06-23 11:31:29'),('15cc204d2665bfd89d9f8d9dfbb4b7140a42d2c69d3039b2779dc6be1a770b26308b8b63f9a66b39',230,1,'focus','[]',0,'2023-06-02 14:25:31','2023-06-02 14:25:31','2024-06-02 17:25:31'),('168731102b12b589e3a8c29102abe817654a9fb385fc78bc209ff13cf9078d5be0df0667b0a25316',257,1,'focus','[]',0,'2023-07-15 03:05:33','2023-07-15 03:05:33','2024-07-15 06:05:33'),('169128135ffbf069c55f8e7fff450f6c589eac7905efdffce3e1ac61b449b9a537c8c57a2e0beedc',76,1,'mazraa','[]',0,'2022-09-29 06:30:03','2022-09-29 06:30:03','2023-09-29 08:30:03'),('16ab442674f11633f651293b08aedb67d098e64a17d6a5c922cfb7418d9ef8f4c74ea519bc9ce7d3',57,1,'mazraa','[]',0,'2022-06-26 05:30:30','2022-06-26 05:30:30','2023-06-26 07:30:30'),('16c58257a012cdca0682407d0fd215d0d26df646762f7fcd77b9574a5f16b61ecbb5d157654720ce',45,1,'mazraa','[]',0,'2022-06-23 09:54:18','2022-06-23 09:54:18','2023-06-23 11:54:18'),('1712ed748ac06ae831653f2cc51ff742e1ada8ef0258762c95820ff82338f11e62bb30042737eb4c',240,1,'focus','[]',0,'2023-06-21 22:51:10','2023-06-21 22:51:10','2024-06-22 01:51:10'),('174b92ae488cb40f2b00492d85706c0ad35d50b9b63f07ee675540c84c19fda804c861642258807e',148,1,'focus','[]',0,'2023-04-13 01:44:02','2023-04-13 01:44:02','2024-04-13 03:44:02'),('1751beb55fc83f286ae792110729c6ba7b6240fcb666a873ffa8bf43be670a9f7889011dd993f66c',121,1,'focus','[]',0,'2023-04-09 08:58:46','2023-04-09 08:58:46','2024-04-09 10:58:46'),('17f9944984ac2dcd82a55d65d3167410fc5373c8200b8a99927a2c68facd238e4e369570bc79b8a1',93,1,'focus','[]',0,'2023-02-18 19:12:42','2023-02-18 19:12:42','2024-02-18 21:12:42'),('18a84fd2becb930a67174b004df41c6109a0668d2cbb5c8d8cb286e9f837fdfa6078aaa87c6b7baf',232,1,'focus','[]',0,'2023-06-05 14:55:16','2023-06-05 14:55:16','2024-06-05 17:55:16'),('18d02b832878a01734083f1cf2d3a33d471a029f4d7f4c027b06f18dc1ab5897c3dedd68c4dad34f',95,1,'focus','[]',0,'2023-02-18 19:43:15','2023-02-18 19:43:15','2024-02-18 21:43:15'),('18dc362376d42e2be5651064d6a3d557f672ea0e9e6769b63d130bff8334e7a6d68e40f70137077d',208,1,'focus','[]',0,'2023-05-05 12:34:40','2023-05-05 12:34:40','2024-05-05 15:34:40'),('19143dc6a77c4c68e2e11c38812ae7846718837eda2b464d745a01aafd85327f6267a20d470e80cf',376,1,'focus','[]',0,'2024-10-13 18:42:47','2024-10-13 18:42:47','2025-10-13 18:42:47'),('194f8bce0f06c6a6d73ea4d076c4637e478a260a85e6763d67ec58291a391ca659e4e7588b7195bf',11,1,'mazraa','[]',0,'2022-06-23 08:03:59','2022-06-23 08:03:59','2023-06-23 10:03:59'),('196dd05d88f9db0c8957a1bb903b9379a78c262afbc7e4e9629725de1b491d61ecfb0c7c274049af',113,1,'focus','[]',0,'2023-03-02 12:04:34','2023-03-02 12:04:34','2024-03-02 14:04:34'),('198fea0149069fd3352185381c2412f51395cc5cb435735910d13d832e447a67c3e3fbcd9212c646',378,1,'focus','[]',0,'2025-05-30 12:34:06','2025-05-30 12:34:06','2026-05-30 12:34:06'),('1a9c43a3593cca2448c9921cc354f90ff8404ad2e17bbd199b499b7f35f9ba09aa690adca78edb0b',71,1,'mazraa','[]',0,'2022-07-06 11:19:42','2022-07-06 11:19:42','2023-07-06 13:19:42'),('1abc2971d89ad740a4efced572a51136294babaa3a826beb08e86c8cf75abe12e478731a4a12922e',366,1,'focus','[]',0,'2024-07-17 15:01:30','2024-07-17 15:01:30','2025-07-17 17:01:30'),('1b1596fa0d5cebf24c26586a036030962be8592dc31a4b33b2dff14f9c6f135439520d78f2142a7b',65,1,'mazraa','[]',0,'2022-07-03 04:39:55','2022-07-03 04:39:55','2023-07-03 06:39:55'),('1b5c2f353de7aafecacfd98b40312b5b28660d6b15089560b6595e4dfaa67b4f524c4b6495ac4ace',18,1,'mazraa','[]',0,'2022-06-23 08:25:17','2022-06-23 08:25:17','2023-06-23 10:25:17'),('1b7f0036e665fd4c6f1dc0d00e9dc2706216ea89620be07fa7d03601cfd2474acf65d45f67265ec3',338,1,'focus','[]',0,'2024-04-17 11:37:56','2024-04-17 11:37:56','2025-04-17 11:37:56'),('1ba2360b77d3e29b2fccf95cd62fdaeb39a757cc1e0309fc0971a530219557ba273ad556af3f5b0f',43,1,'mazraa','[]',0,'2022-06-23 09:31:14','2022-06-23 09:31:14','2023-06-23 11:31:14'),('1c3a78bdcb29a1c70689870a82a3e4ae6f352a2862fc4379fd33a547dd87eb026526dd4c53ddd212',252,1,'focus','[]',0,'2023-07-05 16:29:51','2023-07-05 16:29:51','2024-07-05 19:29:51'),('1d1cbffe82b45aa078ac505ff99b99e437fbed09308473d67dbb0b498fed641ecf076f20d5b2802c',97,1,'focus','[]',0,'2023-02-19 18:41:22','2023-02-19 18:41:22','2024-02-19 20:41:22'),('1d7abb8a1f3275b0dd1f750c9deec1eb488cfd524c40cccf444ebd79fa67fdfd0a56b3dfb7d6170e',305,1,'focus','[]',0,'2023-10-14 03:52:54','2023-10-14 03:52:54','2024-10-14 03:52:54'),('1d89f0ddcaf16a7cde6c5ea856b1974870cb296b0659960a359589c364f9483017fa957e27187c56',151,1,'focus','[]',0,'2023-04-11 12:32:34','2023-04-11 12:32:34','2024-04-11 14:32:34'),('1de71cc38e9a301dbc9e8f2512aca0877e5cc4e146b27cc16740319e41663e8442856120ae927172',172,1,'focus','[]',0,'2023-04-17 22:27:55','2023-04-17 22:27:55','2024-04-18 00:27:55'),('1e2ca9bdde5190548af6c0065fced877c7fc0fc41af4da1edabda6bbe1428ee1fc106a8956daf082',112,1,'focus','[]',0,'2023-03-02 12:01:46','2023-03-02 12:01:46','2024-03-02 14:01:46'),('1e3a0091a8a615293fc0da9942e1c5cded915b3ab85d7cfad0bcf8238367d8073d64c004ec160501',166,1,'focus','[]',0,'2023-04-16 01:34:53','2023-04-16 01:34:53','2024-04-16 03:34:53'),('1e49c47a0b5f7ce9e8bd8f4b358a7c5d90bfebf707649ad8c721e7a9633f2c02602ae4f1a992151c',11,1,'mazraa','[]',0,'2022-06-23 08:06:13','2022-06-23 08:06:13','2023-06-23 10:06:13'),('1eb836b75f449a5a5ee7cfb52a5f096e461b9f7c02c6d036d23b83fa8a47ca271148fe627ccd7115',289,1,'focus','[]',0,'2023-09-08 17:17:21','2023-09-08 17:17:21','2024-09-08 17:17:21'),('1ec0fabcee6ba1485def34b013fd3d5878355b4f1ea6315f1f4479f80240925bbfd81c238ed5ce74',73,1,'mazraa','[]',0,'2022-10-01 08:44:15','2022-10-01 08:44:15','2023-10-01 10:44:15'),('1ef27e228f9c58d9b95fb75a79812a204afe6630e888833951cfe98cdbed791056f70d8ef0a0ffea',149,1,'focus','[]',0,'2023-04-11 12:45:53','2023-04-11 12:45:53','2024-04-11 14:45:53'),('20436e1d60182252067778e280a8d42e017fbcb1235b72cca4f4d838549723686d6421729978ff85',116,1,'focus','[]',0,'2023-04-05 09:10:17','2023-04-05 09:10:17','2024-04-05 11:10:17'),('206dc63a192cfbe8706f0a0bf2db17cf89d9b404612491d76638f5b936431de787c23683650e5d22',178,1,'focus','[]',0,'2023-04-19 10:29:32','2023-04-19 10:29:32','2024-04-19 12:29:32'),('2090a21b23d6c2c544205318f745ba3d3e2e0ffbc043f11dd3e933dd53358a6572c2b072895b7a7d',281,1,'focus','[]',0,'2023-08-23 21:37:37','2023-08-23 21:37:37','2024-08-24 00:37:37'),('20b1e71c596ced90da6eb1e902f02901cf5152256b2f21b767222333a6a6609da19ad5380c2fd419',236,1,'focus','[]',0,'2023-06-14 04:01:24','2023-06-14 04:01:24','2024-06-14 07:01:24'),('20b3dda2783262ae7e7a56b101a30b58bf89c209bff9ec18a715c68818ad529a72144dfa32f733c0',11,1,'mazraa','[]',0,'2022-06-23 08:06:26','2022-06-23 08:06:26','2023-06-23 10:06:26'),('2123135a8f646791e87bfc9abe8b3bf9a4bdcb99ceca5ff71acb4526dbafd663cf9c10d6a127cfc7',116,1,'focus','[]',0,'2023-04-09 09:51:38','2023-04-09 09:51:38','2024-04-09 11:51:38'),('21331e5e263490964d4b050860b8eacd0dd7520b8614ec92ee6f12bd5b5cc25dce56562aa2bae63c',97,1,'focus','[]',0,'2023-02-20 05:38:12','2023-02-20 05:38:12','2024-02-20 07:38:12'),('21609e89ea57c036fbe46d6088a92d9b4aaec6070dd29f84db9e2a91fdbed5c66e043dc8d8855e1c',81,1,'mazraa','[]',0,'2022-10-30 08:06:35','2022-10-30 08:06:35','2023-10-30 10:06:35'),('216b7f4038ff4ff0a73506c21d31f9d6d2df68283bfe87ad2db7d2a5e3f3d690a7d418730ed4e1b6',73,1,'mazraa','[]',0,'2022-10-01 15:57:35','2022-10-01 15:57:35','2023-10-01 17:57:35'),('220a4c3a1abc9864ebde81dc5c8c4898b7dee59f879dfca68eb9bf78cf3a981d8fa9c8f33dbc17b8',319,1,'focus','[]',0,'2023-11-05 20:18:40','2023-11-05 20:18:40','2024-11-05 20:18:40'),('223c082ed12a395bbd199a85a4df9d0c126b833c700fc936a130d6e62943a07bd10a41aef12952f2',371,1,'focus','[]',0,'2024-08-12 15:19:15','2024-08-12 15:19:15','2025-08-12 15:19:15'),('2250098629aba1eded343dc7542761474d2e878f1f00e69a7caa655dd5ed2c420d50c99a0818cfd8',115,1,'focus','[]',0,'2023-04-09 05:42:27','2023-04-09 05:42:27','2024-04-09 07:42:27'),('22a428fc62371a0f0277744f74676de8a2748b7f6f198dbe6d69a7debe0c7e23adee7b9533b13031',338,1,'focus','[]',0,'2024-03-26 01:23:24','2024-03-26 01:23:24','2025-03-26 01:23:24'),('22d58ba5f3c403187842086fb1272d36ee804da715e54159aab88babab667d1d6036ca34077068aa',96,1,'focus','[]',0,'2023-02-18 19:52:46','2023-02-18 19:52:46','2024-02-18 21:52:46'),('23433612bf7759f4fbcc334ed6a16c81c686fe3b6920cc06bd9d6a3d806063462fa87a06882c22d9',162,1,'focus','[]',0,'2023-04-15 08:46:55','2023-04-15 08:46:55','2024-04-15 10:46:55'),('239f286554f7aff8e802d41e3a55e524fd6f84ba5039ec8ce8e8c76b70db99feeb97bdc0a412f06a',156,1,'focus','[]',0,'2023-04-12 15:29:44','2023-04-12 15:29:44','2024-04-12 17:29:44'),('23ccb4349167527e821885fa415559b24db4d05bc29b00c19075c8db27f0863d34f96b54d3e1f5e7',116,1,'focus','[]',0,'2023-04-05 09:21:58','2023-04-05 09:21:58','2024-04-05 11:21:58'),('245b94384569e4d962eb019868618be6592852be710221361ee239aada169751f2d41ca9377cd6fd',299,1,'focus','[]',0,'2023-10-03 11:48:22','2023-10-03 11:48:22','2024-10-03 11:48:22'),('24961d62b510f3aa4306c3cfa7a9f3cbaad30289b1931ba32021c489b8710dbf32a5758589d3f351',94,1,'focus','[]',0,'2023-02-18 19:15:15','2023-02-18 19:15:15','2024-02-18 21:15:15'),('24cadb03a70ad758d2788a13c6dfac1a5c879d458de580a65138981efff2a215dea00f8d18fb196f',371,1,'focus','[]',0,'2024-08-12 15:02:12','2024-08-12 15:02:12','2025-08-12 15:02:12'),('25f30fa6c756e789b7a0438a268b0c91c6732e5baacd95304c5382b77a669f34f1e0bd44a81a8355',116,1,'focus','[]',0,'2023-03-22 16:54:46','2023-03-22 16:54:46','2024-03-22 18:54:46'),('26325f96840ff4c0dce4046290baddf194ad6099fb07bd3fb382ab001f014c1231ff97d4f8f12f60',328,1,'focus','[]',0,'2023-11-25 17:06:17','2023-11-25 17:06:17','2024-11-25 17:06:17'),('266e405a772fc1107e271b8a5813824b589878b0be58d60df8169200b379ceb10f5da678a034643c',206,1,'focus','[]',0,'2023-05-03 13:55:58','2023-05-03 13:55:58','2024-05-03 16:55:58'),('26732f7cafff1485649517b927e8663e917d3db01ea7db5b93496a282c03215ef5f7a4eb2a7961c3',376,1,'focus','[]',0,'2024-10-13 18:43:50','2024-10-13 18:43:50','2025-10-13 18:43:50'),('26754ce374909ec79b4e608a0678125e49fd475846d100b8356c83c2afbf07c4b0277ee1c81c00a5',97,1,'focus','[]',0,'2023-02-19 09:23:37','2023-02-19 09:23:37','2024-02-19 11:23:37'),('26a279b19322161216c323a9a0798133bda672c398957a84735776b8912759d3718d3ba653cd3436',72,1,'mazraa','[]',0,'2022-09-24 08:52:42','2022-09-24 08:52:42','2023-09-24 10:52:42'),('27c43b8ed2e3d4f25397cdc0c681ece5e4e502777a9010c6f66f1a7c83c7c9745fc2aa8945186a7b',115,1,'focus','[]',0,'2023-03-31 15:37:19','2023-03-31 15:37:19','2024-03-31 17:37:19'),('27cfbb2f9f8975b4495ed6d99f3893851febcbc7a035384f8dafd0d2791a087c699b2e7c5ba0b150',73,1,'mazraa','[]',0,'2022-10-01 06:05:19','2022-10-01 06:05:19','2023-10-01 08:05:19'),('280c4018542e59fd085a62e1f283b68a6b45d2a5a8741c023f01b36cd228b7a2a14e08f84f479ef0',129,1,'focus','[]',0,'2023-04-09 10:00:12','2023-04-09 10:00:12','2024-04-09 12:00:12'),('286e419c03b05f6c52fc4a8e481bc4508b7dbde6b6b4f5f6e274014d02cbf9116e96772c63f60a5f',212,1,'focus','[]',0,'2023-05-10 05:49:30','2023-05-10 05:49:30','2024-05-10 08:49:30'),('299c66937fcb2e125ed6cf126710b1162511d0e81e28d23c85e0f1c683bf2a9331f36dff581bf503',73,1,'mazraa','[]',0,'2022-11-17 06:26:32','2022-11-17 06:26:32','2023-11-17 08:26:32'),('29bf5769b820be9d59ab3f64b10627d6f2328b45cd49e15b8d9ae05510d83248dc54c3b66aa0d6f5',101,1,'focus','[]',0,'2023-02-27 05:59:46','2023-02-27 05:59:46','2024-02-27 07:59:46'),('2ad858e6659bade64ae08b28060359366aca777d90410314cb627ef227628522b1d1f8793417af35',97,1,'focus','[]',0,'2023-02-20 06:45:36','2023-02-20 06:45:36','2024-02-20 08:45:36'),('2b5a8c8c966a68b7335c7ed025c0ac6eef51fc7fde423c9f10c7c8760e339a5ab230056ef0292206',222,1,'focus','[]',0,'2023-05-26 13:21:02','2023-05-26 13:21:02','2024-05-26 16:21:02'),('2ba2fc0dc516a93af944352e99636ccf511660c510c76218747f54713c1eed00282f6056b5f2e095',131,1,'focus','[]',0,'2023-04-09 10:07:33','2023-04-09 10:07:33','2024-04-09 12:07:33'),('2bc7b57706c5774434a020a6b192e999e4f14aafb788fdf01376199fdac2dfe893cd13a70c0dca13',254,1,'focus','[]',0,'2023-07-06 16:56:06','2023-07-06 16:56:06','2024-07-06 19:56:06'),('2c2692598dcab6e836c84cfe122596aa7105ded69a4400bf9d0b2f40f72cb75d446d2d5a52c9107d',115,1,'focus','[]',0,'2023-03-07 16:19:31','2023-03-07 16:19:31','2024-03-07 18:19:31'),('2ca1a382141eddae08856b70eb8af853c75a904fe68f39cfbf1210edbff8c9fb1248b2aaad9fb055',116,1,'focus','[]',0,'2023-03-22 16:45:28','2023-03-22 16:45:28','2024-03-22 18:45:28'),('2d7f26d83fe2d275ff2704228621d427fc04c495aac65db4b77f48a58fbefa2a20f7058c370b2eb5',374,1,'focus','[]',0,'2024-10-09 14:56:41','2024-10-09 14:56:41','2025-10-09 14:56:41'),('2da5e289aa4d330fa441a4ab0321fbda54cc43a81f500ff2513bfcf9c51b23f9fb02493eaa5d8ed1',9,1,'mazraa','[]',0,'2022-07-04 07:33:06','2022-07-04 07:33:06','2023-07-04 09:33:06'),('2e0f041d758ee179710c65d7387d63df56892c9ab2f768d448a74cd3d1041a40d6b4671e668df305',150,1,'focus','[]',0,'2023-04-11 06:02:45','2023-04-11 06:02:45','2024-04-11 08:02:45'),('2e1a100634b31f227ab3696c94f033c4276450c3b1cfa74f19f86d4853c08a21c385b71c90e2055b',180,1,'focus','[]',0,'2023-04-19 19:45:05','2023-04-19 19:45:05','2024-04-19 21:45:05'),('2e3481d95f5a5ccabab1bbd9a6e73e3e35c46c0b18cc617ea70a625abb0bb2656a557e3586219034',71,1,'mazraa','[]',0,'2022-07-06 09:07:56','2022-07-06 09:07:56','2023-07-06 11:07:56'),('2e52d58cdb2b2eab956df44b8ef0720504c33f5ef7775220c8a72271083954c14a3c4177cae95978',98,1,'focus','[]',0,'2023-02-21 09:16:19','2023-02-21 09:16:19','2024-02-21 11:16:19'),('2e77ba360d26b8c00fe479aadf0152a8c95678b86eaf58c061fd789a3ac7d20d9344d751de24a875',275,1,'focus','[]',0,'2023-08-14 02:10:26','2023-08-14 02:10:26','2024-08-14 05:10:26'),('2e7c8994bc9d6439917157b7138ed7f5678dc0ddcf6882dc70c49fd2c58e64e3fc38aba41b27c231',159,1,'focus','[]',0,'2023-04-13 10:09:44','2023-04-13 10:09:44','2024-04-13 12:09:44'),('2eab9fc2d267ca7e2226b2e64c0b061e74d9c9811b1b0778490993e9abc3a1f39124d523b3f5a5ea',148,1,'focus','[]',0,'2023-04-11 09:35:49','2023-04-11 09:35:49','2024-04-11 11:35:49'),('2ec8aec4ed82588fdd478e9dec3e7c9b208a38044a3412a29b86cd040c22f8aa3169c9265ec54a3b',338,1,'focus','[]',0,'2024-03-26 21:05:00','2024-03-26 21:05:00','2025-03-26 21:05:00'),('2ed9dcda1272bd3693b3cb32140efeeaf1266b2e1c21b8538ebac5d8a94f74f22ec81808deb757b3',80,1,'gold','[]',0,'2022-10-29 08:20:31','2022-10-29 08:20:31','2023-10-29 10:20:31'),('2f36ea9a5d9bb71f0faaf9a3d1fe89ee07168d87f546205891f0f2252ed827a2d013a47ebe116389',250,1,'focus','[]',0,'2023-07-03 11:42:58','2023-07-03 11:42:58','2024-07-03 14:42:58'),('2f4063ead6070131efc71a50a7f152c2e33cecbd6593a687eeab1fd6fedb5987464bf54c6c9b273e',165,1,'focus','[]',0,'2023-04-15 20:59:51','2023-04-15 20:59:51','2024-04-15 22:59:51'),('2f431ca0bacf3d62f6d2568fb66bad0d154f850a66903d44619989dfa3773fdc3be843a27deb16fd',182,1,'focus','[]',0,'2023-04-20 13:53:53','2023-04-20 13:53:53','2024-04-20 15:53:53'),('2f9fb55cc0324448545489d78503f651cdcbf1bcdfcfbee47275b0606268a9e66852765eeaf48ea6',278,1,'focus','[]',0,'2023-08-18 20:02:18','2023-08-18 20:02:18','2024-08-18 23:02:18'),('300c0dfbe16069aebf3c4b7affafe852a2b8de1cf1bb903a59334a6ea2ca4bbcced4c07001788dcf',115,1,'focus','[]',0,'2023-03-07 05:57:05','2023-03-07 05:57:05','2024-03-07 07:57:05'),('30b7e50d2c98561a82493119e6c3af56f116c94e2ec99151246b16613781505702ce64ccc5638092',338,1,'focus','[]',0,'2024-03-26 20:41:37','2024-03-26 20:41:37','2025-03-26 20:41:37'),('3105a118c0b05b5725d5fc2fb61e18422fe87a320912a97409121e4500e32758088b0ce908c22552',77,1,'mazraa','[]',0,'2022-09-29 06:34:17','2022-09-29 06:34:17','2023-09-29 08:34:17'),('31091210ec74d971baef548322d0fa82354718bd2f8309e46fa85a2537dfac4b6ed72512b0d534a5',301,1,'focus','[]',0,'2023-10-08 04:19:25','2023-10-08 04:19:25','2024-10-08 04:19:25'),('311cb5a95f49884aa2011509065857cf18a1485b4f0f675eca7e2a9103fba32b8c2b5c6f1a58fe9f',73,1,'mazraa','[]',0,'2022-09-28 09:01:11','2022-09-28 09:01:11','2023-09-28 11:01:11'),('3133cfe757d1dcc560d46d6f3a2c522ddc73e719635b512407e768829de9da9380a2da1948fadb98',9,1,'mazraa','[]',0,'2022-10-01 15:52:34','2022-10-01 15:52:34','2023-10-01 17:52:34'),('3179c9f444251409c730e9dbe598696a22da4aabc96aec182f231890e41c3a84785f1bfb34eabd38',166,1,'focus','[]',0,'2023-04-16 01:34:35','2023-04-16 01:34:35','2024-04-16 03:34:35'),('31fe9a513f8c98811bd15c700b350c06ee349775623007f335e02c9cab34a8e80e37bd911627c5d6',298,1,'focus','[]',0,'2023-10-01 09:38:09','2023-10-01 09:38:09','2024-10-01 09:38:09'),('3229fe9346e5e90e67e7e0eb9ffd94f7c89b5e86505d242402e3aa6bb8a093bed18a03a1690e65a6',98,1,'focus','[]',0,'2023-02-25 19:13:17','2023-02-25 19:13:17','2024-02-25 21:13:17'),('32a5ddc1e5d541d49c1304ad36ac0bab5ca3233c2aadf161858fb345914c69da73112af82c5b81a0',116,1,'focus','[]',0,'2023-04-04 16:48:52','2023-04-04 16:48:52','2024-04-04 18:48:52'),('32ccd9abb07ff65f35967443165cbfc4e7755ffcd35006f167e05ee9a1676a7e7dd492d55ef47a7a',115,1,'focus','[]',0,'2023-03-31 10:31:40','2023-03-31 10:31:40','2024-03-31 12:31:40'),('32e9f99e03d43134fbccfc8eb520784143fdc3592efd777a49fe458256f8977dae5b608d49b748e8',305,1,'focus','[]',0,'2023-10-14 03:53:04','2023-10-14 03:53:04','2024-10-14 03:53:04'),('33110ca5666d1e2278027891c19e38b44ee77d429b02cd876177392af2dc165da1c623ed21ac10a0',221,1,'focus','[]',0,'2023-05-25 14:12:48','2023-05-25 14:12:48','2024-05-25 17:12:48'),('3313c36c4f41dacb2d103a6dac5715acd4e8cc745adfc32fbfc2a8969ff582a5a7062db2e54e34ea',9,1,'mazraa','[]',0,'2022-07-04 06:30:41','2022-07-04 06:30:41','2023-07-04 08:30:41'),('3386542aeae27e787cec35f04f30ddbd7af118df2ccc1a10d4e05359f8eb1e5671d7ab81380ed92c',276,1,'focus','[]',0,'2023-08-16 08:02:26','2023-08-16 08:02:26','2024-08-16 11:02:26'),('344d9086c3d7bc12ca3f87033cf94744573d741ab0b23256b53ab0ccc71122a986d059cd4e4333ae',151,1,'focus','[]',0,'2023-04-11 20:37:00','2023-04-11 20:37:00','2024-04-11 22:37:00'),('344ece9f8612b98e8e18fe42db5d182bfe35a98ed15edef75683de40468fb8cb388820d5796f83d8',73,1,'mazraa','[]',0,'2022-09-29 08:38:35','2022-09-29 08:38:35','2023-09-29 10:38:35'),('346cd3109a0c6e4f089fb300c6316683a99455c1ab53ad5c8075cc1a9d668bf3bb0e02280cbab803',115,1,'focus','[]',0,'2023-03-11 17:10:50','2023-03-11 17:10:50','2024-03-11 19:10:50'),('34b0cdf0e71a4792bf3dad8bbefd59a594e68b956aed1759662a0bd93e48af3b7ec92ccaab71ca2a',282,1,'focus','[]',0,'2023-08-27 11:28:44','2023-08-27 11:28:44','2024-08-27 14:28:44'),('34cfc986ef84596e0b73517abe6ca59ed2baa08a6d5925a26fec3cea685eca9f66ef5b172d005f1a',246,1,'focus','[]',0,'2023-06-29 10:02:07','2023-06-29 10:02:07','2024-06-29 13:02:07'),('34f12873c26e726b6c5af96f45423473a7d6ce7465e25d18de8f677045502a6a086bb121c234f6bf',71,1,'mazraa','[]',0,'2022-07-06 09:09:14','2022-07-06 09:09:14','2023-07-06 11:09:14'),('352063b29008984ab9b057c3325874620599b9ee2d37ecbf52aa5c128d47f8d9786b3229bb80400e',87,1,'focus','[]',0,'2023-02-17 09:12:04','2023-02-17 09:12:04','2024-02-17 11:12:04'),('356f82f2590d72f415b5c7c50782a0df79d6de791afa1fb3a232921b182823fa31f4488f26f45139',214,1,'focus','[]',0,'2023-05-13 11:46:50','2023-05-13 11:46:50','2024-05-13 14:46:50'),('368c8769bc7a877234cb484e4207485e35b2d92f180af064f9c8f27af1196feace1b0586fe2e1906',214,1,'focus','[]',0,'2023-05-13 11:47:23','2023-05-13 11:47:23','2024-05-13 14:47:23'),('3697ab115f971e614da64ea4ac467ae5cafe34c89063d6461b8d567bdbcf5299567a191e028ffcfd',148,1,'focus','[]',0,'2023-04-12 21:33:29','2023-04-12 21:33:29','2024-04-12 23:33:29'),('372d60c79c07a65af9e02155a782d668ec996db0d7ecc62ddc74eeee04cf88d230e9a5760a1ff83f',96,1,'focus','[]',0,'2023-02-18 20:36:50','2023-02-18 20:36:50','2024-02-18 22:36:50'),('374e873b365f69e57aef8dfda9ed0e27892f2ba98aa8b76a38415c33a9781798f565770eee365d18',206,1,'focus','[]',0,'2023-05-03 13:59:45','2023-05-03 13:59:45','2024-05-03 16:59:45'),('3760e5b950e5742db959e61a781e106bb81dda98170e25c75910a7e6508bc68ad3c93fa883da3b0a',97,1,'focus','[]',0,'2023-02-20 12:32:29','2023-02-20 12:32:29','2024-02-20 14:32:29'),('37afb47870ea21db26c1d3f3ded4ecfac19549d4c3aed2baa7a7a06f2acc0f45028c0b87a5fe70bf',148,1,'focus','[]',0,'2023-08-27 20:38:19','2023-08-27 20:38:19','2024-08-27 23:38:19'),('37e6c6bf69fe823824aef2fc417562ab89bfb031a31695be83557cf7a5398aef7dc1ddf35362146c',73,1,'mazraa','[]',0,'2022-10-02 07:43:26','2022-10-02 07:43:26','2023-10-02 09:43:26'),('37fa43adf473c0623c32fd7b11bfa534e401e9c3b592517f3363de3f2ff6f40c41b85790ff4549f5',147,1,'focus','[]',0,'2023-04-10 08:41:45','2023-04-10 08:41:45','2024-04-10 10:41:45'),('38d6b87d39ac0f1b62fec338678fd9d8943dbcea2087a85b20e4b3265137435f756d61139f0ae870',116,1,'focus','[]',0,'2023-03-08 09:26:44','2023-03-08 09:26:44','2024-03-08 11:26:44'),('38e486f7ae431625909f9c6528b95f6a2ecfdd81143e494422b4e53c9aa8d3aaf6739a540bdef4e9',111,1,'focus','[]',0,'2023-03-02 11:53:51','2023-03-02 11:53:51','2024-03-02 13:53:51'),('390889468613b9178c24f297010fb112a97eae24f49fe18101af9a7e44307cae36a6ef9050acf9a1',170,1,'focus','[]',0,'2023-04-17 10:41:17','2023-04-17 10:41:17','2024-04-17 12:41:17'),('39366a083a68e5527b7083e7705060a66be525f339a2a083e171bc7728e8b438fd7c709c6342d73f',72,1,'mazraa','[]',0,'2022-09-25 09:21:35','2022-09-25 09:21:35','2023-09-25 11:21:35'),('39da2e671ae89ba12bffc33671c7a76950e283e87be5e21f41857c4cc29757770ec2efa906babfa0',153,1,'focus','[]',0,'2023-04-13 21:37:20','2023-04-13 21:37:20','2024-04-13 23:37:20'),('39e81b9def36cfc47a64be3f1f10cf6af84a3c7ac26bb6fdc5c08e29e4efb4fc713311841bfa4eeb',98,1,'focus','[]',0,'2023-02-23 05:21:41','2023-02-23 05:21:41','2024-02-23 07:21:41'),('3a21fe51066d39609a5acfd9c382924855caa085f791bba9e6e3a23786465d496c67229f32b72ad3',317,1,'focus','[]',0,'2023-11-01 11:15:23','2023-11-01 11:15:23','2024-11-01 11:15:23'),('3a3fe863a39bd6d8d7e833892fcb09ff885bbc17a66af0a9718b7b2260606123b74bd0404ee36a58',93,1,'focus','[]',0,'2023-02-18 19:13:32','2023-02-18 19:13:32','2024-02-18 21:13:32'),('3a88e0dcb94998f37fd0390fc6fbed3b98615b0ccad38b7f0802b564d22d9ae9c6c7720957187072',40,1,'mazraa','[]',0,'2022-06-23 09:30:17','2022-06-23 09:30:17','2023-06-23 11:30:17'),('3b59509fbb67a03ab27ba438fc86f7df553b2ca2d73890e89a42ebe70779b1c1e3cfef1751a357b7',222,1,'focus','[]',0,'2023-05-26 13:21:37','2023-05-26 13:21:37','2024-05-26 16:21:37'),('3b97aba56c81f39c4db946a237b11496559fdcda8381423811fa7d0e610d9feaa23f7bd1a4d9577e',323,1,'focus','[]',0,'2023-11-17 10:44:11','2023-11-17 10:44:11','2024-11-17 10:44:11'),('3bd31c3f17bd19ea176e43b1d51b5859e60d21218221f373e010bcf9af3479da9fe40dae75938df7',115,1,'focus','[]',0,'2023-04-06 06:50:38','2023-04-06 06:50:38','2024-04-06 08:50:38'),('3c2347c4ef0938f8ff47825d839fa557ed5bac205ad9134cca493b325863aca9e7d0fb425914ddf1',309,1,'focus','[]',0,'2023-10-17 07:13:38','2023-10-17 07:13:38','2024-10-17 07:13:38'),('3c45e9ab281d4037ee721224a5e40ca615e10aad7402cd62c0a916e69d1a9c9faa22e39668a58187',187,1,'focus','[]',0,'2023-04-21 00:23:28','2023-04-21 00:23:28','2024-04-21 02:23:28'),('3d2e702406f90e315f72162f2de7e36dd15ae6ba8d8336e5649f714c484c01942a9847a8db8a78b0',73,1,'mazraa','[]',0,'2022-11-08 07:34:06','2022-11-08 07:34:06','2023-11-08 09:34:06'),('3d68b896e27a05e84eb90f263c5a2f6c8f450219dee3704771f7888d9f062e80b14cb3cd9a586530',11,1,'mazraa','[]',0,'2022-06-23 08:05:33','2022-06-23 08:05:33','2023-06-23 10:05:33'),('3e20d1dad0d63cab2ea5d73437ce7e11dba4691d5dc2c354917282b650fe54201a5bbb7f188ed9c0',308,1,'focus','[]',0,'2023-10-16 14:17:22','2023-10-16 14:17:22','2024-10-16 14:17:22'),('3e50e2bb4aee2733b8bcce72b6d2d865467891bb20be437a920ce364b19cc36a34f7e238049b510a',220,1,'focus','[]',0,'2023-05-25 09:38:21','2023-05-25 09:38:21','2024-05-25 12:38:21'),('3efddcbb13096ca0735241d6073805a2a660f944b35b8fa9180f5dca610478be160abdf22883f9a5',9,1,'mazraa','[]',0,'2022-06-27 11:49:22','2022-06-27 11:49:22','2023-06-27 13:49:22'),('4020e0fa20473a471a88ccd40ded9f4653451c38536bd7365a1a248bc214795016ea6097b47b4911',118,1,'focus','[]',0,'2023-04-06 05:47:08','2023-04-06 05:47:08','2024-04-06 07:47:08'),('4033bc6987b3ade097b5fd8f5cdd0e87bb035267963801e14080ff41255462a914eca42b076c7964',330,1,'focus','[]',0,'2023-11-30 07:08:31','2023-11-30 07:08:31','2024-11-30 07:08:31'),('40d698039082551fa38a977517c6eff6e09f84524a02f6c0e7beb3ec5a9b5672890231861a277b90',371,1,'focus','[]',0,'2024-08-12 15:00:12','2024-08-12 15:00:12','2025-08-12 15:00:12'),('40e46dadd5b2c57a962f59d8827e002855e8bc9e00fefe80fdcba761c98c7bee0817a17a94b313c7',73,1,'mazraa','[]',0,'2022-10-02 07:46:40','2022-10-02 07:46:40','2023-10-02 09:46:40'),('40e9cc6566278b84ba38cf26baa14b875531c969cb6b9a3df51af196d7719d28eabdc5611d9ad98a',173,1,'focus','[]',0,'2023-04-17 22:51:48','2023-04-17 22:51:48','2024-04-18 00:51:48'),('415b4e4e42d9a05a4734c733a59485aa174145382e064392bdbbd5f61412df4eedc0429c748c0996',174,1,'focus','[]',0,'2023-04-18 12:03:20','2023-04-18 12:03:20','2024-04-18 14:03:20'),('4186446a2436e647fee401d7c8b683c85b9f80cfdaaf403d6dab6068e90e56df72d482015b01b6a0',267,1,'focus','[]',0,'2023-07-30 13:17:47','2023-07-30 13:17:47','2024-07-30 16:17:47'),('4192935a4c447c9889c488165f1485d33accb5587965a677e8190726721739511f00fba5dd640622',326,1,'focus','[]',0,'2023-11-19 01:11:29','2023-11-19 01:11:29','2024-11-19 01:11:29'),('419806b888bafe7d2d14864f1949f5d3c8f6954d60bdb9bf79b41aa7c0ff530ecfcac897dc6039ea',81,1,'gold','[]',0,'2022-11-02 18:50:02','2022-11-02 18:50:02','2023-11-02 20:50:02'),('41ce822c1b015230b3bfa8284cde36a9fdb1d7713d261e253ac3f41b8e0d575311003f2c6295b028',64,1,'mazraa','[]',0,'2022-07-02 09:28:58','2022-07-02 09:28:58','2023-07-02 11:28:58'),('4203d8ebf8809b88da0f2305798020c4557636b93b771b2b5d2e394e1df874d4dcaeb3d197dc45ef',338,1,'focus','[]',0,'2024-02-18 23:10:35','2024-02-18 23:10:35','2025-02-18 23:10:35'),('42608b979552d6a87b5ce3c799387625f4de3f5b6d62dc19762ed62005576a208b9664855226a596',155,1,'focus','[]',0,'2023-04-12 15:14:41','2023-04-12 15:14:41','2024-04-12 17:14:41'),('427e54a8b1405e70074f881e936faaf7bd4f4658163a3887a4abd6d3aec4970285bfdb2556136cf1',229,1,'focus','[]',0,'2023-06-02 13:49:03','2023-06-02 13:49:03','2024-06-02 16:49:03'),('437f98650cfc04c0fa1cde7285f3fe133c420c16ec0621b6b1e9d013d841ce4d414d27ae0476c410',148,1,'focus','[]',0,'2023-04-11 20:43:29','2023-04-11 20:43:29','2024-04-11 22:43:29'),('438a2ec37521c2fe3d4d90f34e26ff87f4ab6aa151bf304fdc0a366e7617a71fbe0ea44b34e66dce',323,1,'focus','[]',0,'2023-11-17 10:44:21','2023-11-17 10:44:21','2024-11-17 10:44:21'),('4410e0c4658234105703a887ec9bacaeffd740dcd2b1215bbc4473838f02977ec239e14d48d7ac4f',276,1,'focus','[]',0,'2023-08-16 08:02:25','2023-08-16 08:02:25','2024-08-16 11:02:25'),('44b65737ba67b5a729e7b73227df23d9bfff18b1b5601e74b8cbafed9f09eb13bc377527ca747e2f',81,1,'gold','[]',0,'2022-10-31 06:11:27','2022-10-31 06:11:27','2023-10-31 08:11:27'),('450cd12a2b5009e701d341f30dced2472b09de67111a1c02d7c2d45895eeaa5c70314a14fa15e957',73,1,'mazraa','[]',0,'2022-10-01 17:32:28','2022-10-01 17:32:28','2023-10-01 19:32:28'),('4561a48cb45c753901b531ac47d597f45f05b8f109158c0a54822d2975b4877cfa7cab30d171dcc2',153,1,'focus','[]',0,'2023-04-12 05:36:23','2023-04-12 05:36:23','2024-04-12 07:36:23'),('45df308d6da1decb1617df30dc4bb5b621eb44a18020418b74503a3e7d3e1deb6dd5bdc5ebea67fc',87,1,'focus','[]',0,'2023-02-17 09:12:07','2023-02-17 09:12:07','2024-02-17 11:12:07'),('45dfc301338c97ea78924e1808759a8f9224cd5cbda16327e50c9b8a9a8bd2a741510e00d8b34215',11,1,'mazraa','[]',0,'2022-06-23 08:04:21','2022-06-23 08:04:21','2023-06-23 10:04:21'),('45f652bb4806d1db0d62265bf14d807a7b29077d2732748d7ddbec7e00dc46ad26518f2843f8cd6a',204,1,'focus','[]',0,'2023-05-01 05:31:54','2023-05-01 05:31:54','2024-05-01 08:31:54'),('464712139b82b7ee417a43b92bb088598c0a53ba95ebbaa5b32e9eb21ca9323849bdc15ed8f7ff56',338,1,'focus','[]',0,'2024-08-06 21:13:56','2024-08-06 21:13:56','2025-08-06 21:13:56'),('468369144d0951d5ca808c2a2242a4ac2b1d58baf0ad6d33f721939e89f64317b01adfd7238af2bc',76,1,'mazraa','[]',0,'2022-09-29 06:22:50','2022-09-29 06:22:50','2023-09-29 08:22:50'),('4690c3b149308df5787b12a9398233028681f34af6672b94755159e31577b90ba18cf2081b32cdec',155,1,'focus','[]',0,'2023-04-12 15:57:42','2023-04-12 15:57:42','2024-04-12 17:57:42'),('46f53c46d9aefc9b09c397ca14e4342847bfebd3fb32b6c30d8dd17a69ba0a901603aed955ece4df',288,1,'focus','[]',0,'2023-09-04 00:05:36','2023-09-04 00:05:36','2024-09-04 00:05:36'),('471bc516cbb6df2665ae8bbfb649601608528c18ceeae522e1c055184cafa1a4bc0c4ad45301e5f0',97,1,'focus','[]',0,'2023-02-20 12:35:28','2023-02-20 12:35:28','2024-02-20 14:35:28'),('4799365296a88fa738bfebe64b96f79b7815326d4efa5158aa9a2fb53d6d99ff2a490f97d83d2d3b',11,1,'mazraa','[]',0,'2022-06-23 08:04:29','2022-06-23 08:04:29','2023-06-23 10:04:29'),('47af32da47e6ecba1b21d8c4160b59e71c7f1ec46b73aee18b52c42f132ace718734f7752606bc5d',96,1,'focus','[]',0,'2023-02-19 07:57:02','2023-02-19 07:57:02','2024-02-19 09:57:02'),('4896e3069ec42527ae65b84adc00b275a593efcaeb8cf528d6dfe5c2c9700b7c84ddba29c2d86edb',176,1,'focus','[]',0,'2023-04-18 17:09:27','2023-04-18 17:09:27','2024-04-18 19:09:27'),('4899085f01d4d32fded521145aeac1f9d19e81f71678aeb795c55bf0b910ad6ccfee1af773947793',153,1,'focus','[]',0,'2023-04-13 21:24:34','2023-04-13 21:24:34','2024-04-13 23:24:34'),('48d96b75159692f6257810b05b40c95a1742fcf278cc2815964f89429c82d4376f749fbcdfc3f1cb',325,1,'focus','[]',0,'2023-11-19 01:09:43','2023-11-19 01:09:43','2024-11-19 01:09:43'),('493247be2f6926a9ec1288b5e045a25dc37e16d7fa4727a6a3175e11ebb99371feecb649b3ae7f20',338,1,'focus','[]',0,'2024-03-26 19:50:11','2024-03-26 19:50:11','2025-03-26 19:50:11'),('4958584584d281882b2b63a14f73af39d421857dc7d9fadc6d4b221d4da93e884b6419d7d5b53546',24,1,'mazraa','[]',0,'2022-06-23 08:27:07','2022-06-23 08:27:07','2023-06-23 10:27:07'),('49876e065c0e1b6a88ea3bbcf89fd80191bf2e51cc411c24f57145f3e07c4f63c4bd397539825e46',240,1,'focus','[]',0,'2023-06-21 22:51:01','2023-06-21 22:51:01','2024-06-22 01:51:01'),('49938f76b16d984df7d5b06ac3b8a0bbd4ce6b3d2d099a46d71cf0c79fc619436ab34cb5398625e4',3,1,'mazraa','[]',0,'2022-06-23 06:47:52','2022-06-23 06:47:52','2023-06-23 08:47:52'),('49b4854980abdc2b7cd8e7f991cc5a9790c2ce17b3e147f9f8f36a7288f55e0998e7edbf56eabe91',97,1,'focus','[]',0,'2023-02-21 06:16:40','2023-02-21 06:16:40','2024-02-21 08:16:40'),('4a845c855325b6254a26832ab1d0c7fb221c1c0d036a4ae30bd908aee71b5c915599ee5259652d83',74,1,'mazraa','[]',0,'2022-09-29 05:46:05','2022-09-29 05:46:05','2023-09-29 07:46:05'),('4a85c15a06aebf75e58c02919fbbd326f5724655fc95b58158e1b41df1d80f94029446cdcfb54352',374,1,'focus','[]',0,'2024-10-09 12:31:35','2024-10-09 12:31:35','2025-10-09 12:31:35'),('4a9d3d330e0ad3c7f80ecf9fe5db7105e407831fd26b80853afd0b0e0f39e756723baf683dc68637',116,1,'focus','[]',0,'2023-04-08 22:09:15','2023-04-08 22:09:15','2024-04-09 00:09:15'),('4aa4ed91475f5bff6dd22f3684f8cb765fe8873dc873820b8cddb69c74c95d38fbbb49ad950476ce',81,1,'gold','[]',0,'2022-10-30 08:06:52','2022-10-30 08:06:52','2023-10-30 10:06:52'),('4b2dba8fb1cb4fb2aaacd4d9661c92faf345811396f6d9d17b0e94c472b878f8ffda49ee95e77cba',198,1,'focus','[]',0,'2023-04-29 10:14:12','2023-04-29 10:14:12','2024-04-29 13:14:12'),('4b57c13af55054cb94f9b1e83721f115da0f7c59d03f1b2bf1ea8ed29c6c226b45f0057aaf312ac5',97,1,'focus','[]',0,'2023-02-19 08:41:40','2023-02-19 08:41:40','2024-02-19 10:41:40'),('4b81c3f7a8c0da76b5f0d660a82f8b7c82342d611a1327851bbce28c43a5638b4cfc6d5e0ec0257f',146,1,'focus','[]',0,'2023-04-10 05:58:01','2023-04-10 05:58:01','2024-04-10 07:58:01'),('4bb1609c92675390d962e7dd9af8d9c3ee0d8d6583bbcfcfaab4bfb1d77dbf82cf51b1ea7c767850',205,1,'focus','[]',0,'2023-05-03 03:11:17','2023-05-03 03:11:17','2024-05-03 06:11:17'),('4bb59d25ad0c1421257282dd6303308aecf821c2ca515193c34abbe61ab6ed1b0a0634801e80c5dc',95,1,'focus','[]',0,'2023-02-18 19:26:12','2023-02-18 19:26:12','2024-02-18 21:26:12'),('4ca07a420dc07e397f325102626e9adc2de4acf3ce521f2729e25fc51e67ae572e394a1882f48750',143,1,'focus','[]',0,'2023-04-09 20:03:20','2023-04-09 20:03:20','2024-04-09 22:03:20'),('4cd4ef918975529d7f16702a029892cf7d90222ceea8a692bfe7145710079c2d12e67d65e7151acb',115,1,'focus','[]',0,'2023-03-16 18:46:28','2023-03-16 18:46:28','2024-03-16 20:46:28'),('4d09eee4276b4bef5a0888edf00b25c61a0a8e5994557f23169719250d262e0b77f5bc61230487cb',260,1,'focus','[]',0,'2023-07-20 22:01:02','2023-07-20 22:01:02','2024-07-21 01:01:02'),('4d100cb1a8bc990c302cbbb458900b95da2fc82c157a7ff74149acd45292cd6b622f15117342cd7b',115,1,'focus','[]',0,'2023-03-07 07:56:01','2023-03-07 07:56:01','2024-03-07 09:56:01'),('4d3a76a4449718be2e6c49013d416f295c4286470461735dd0f91060b8f2185ecfff257ff637b6a8',115,1,'focus','[]',0,'2023-03-14 05:55:36','2023-03-14 05:55:36','2024-03-14 07:55:36'),('4e9550e7cfb3187c1a7fd3132de9721603d8d28bd17c5616be65c78af37d085995eeceb735c897b9',243,1,'focus','[]',0,'2023-06-26 17:19:41','2023-06-26 17:19:41','2024-06-26 20:19:41'),('4ecabacce1f4d29c7b4c70eec410aaffd5db9cd7bdb7b812eb3c5ed0f3f46591761a182d5b189d62',143,1,'focus','[]',0,'2024-02-18 23:10:07','2024-02-18 23:10:07','2025-02-18 23:10:07'),('4ecc096c26ee930868c10ff62150cea8b30914563a90d888d7bd0901d06b30a3aaedcb4bd87ceb82',107,1,'focus','[]',0,'2023-02-28 06:00:41','2023-02-28 06:00:41','2024-02-28 08:00:41'),('4f20db90cc603009279caef16bb881c5a291be9d34a75ad181dbf725d5d244ebe03d6e0d597db337',277,1,'focus','[]',0,'2023-08-16 12:29:13','2023-08-16 12:29:13','2024-08-16 15:29:13'),('5021dd07a66901f01322f3ef96cc8fd9b1efb2552366f1950458ad062c0ca16b46035d4d668e65f3',76,1,'mazraa','[]',0,'2022-09-29 06:18:17','2022-09-29 06:18:17','2023-09-29 08:18:17'),('50477c38731d22559d599b8d6d26469e06bebafbb14163b71d15c4e24739c223133f1c93e1e22a6b',108,1,'focus','[]',0,'2023-03-02 11:26:39','2023-03-02 11:26:39','2024-03-02 13:26:39'),('507cc7a5098103fc8722052155179212530f7df263c009a7ebd7835615ba75b8f089031081061a2e',233,1,'focus','[]',0,'2023-06-07 09:56:30','2023-06-07 09:56:30','2024-06-07 12:56:30'),('50a4d69333957524ca29e1e8f8f2ceda08e165bf944592079faae176618e5a328828a96f58ec3e02',294,1,'focus','[]',0,'2023-09-24 23:58:32','2023-09-24 23:58:32','2024-09-24 23:58:32'),('50dc643c15526b613a72c9a5386b4888f413e9be1f78a06a8a7add390c0d0b4f4f0f7a8dd2733063',43,1,'mazraa','[]',0,'2022-06-23 09:30:46','2022-06-23 09:30:46','2023-06-23 11:30:46'),('513b12c075439fdf6be0f39215cf7323d2a5c4dbf8911da9478517660f0d24b78c7982d8e0345e23',3,1,'mazraa','[]',0,'2022-06-23 08:34:33','2022-06-23 08:34:33','2023-06-23 10:34:33'),('514b18890427503b5fda8aca34be8b472cb448d4ac375fb2d3d29fcf33d9e422daef9c82b22a68e7',274,1,'focus','[]',0,'2023-08-13 05:46:53','2023-08-13 05:46:53','2024-08-13 08:46:53'),('514dae30067fc52c8883190ff1a6edb07bb834ecccc8910a3b2425ecb0841cf0e8ff75cf328ee4fd',149,1,'focus','[]',0,'2023-04-11 05:51:49','2023-04-11 05:51:49','2024-04-11 07:51:49'),('516a289b2469cf12e9044dfff7c575a828ca802978b691dfb07540de18a55322a6b68031423eb95e',115,1,'focus','[]',0,'2023-03-13 09:45:08','2023-03-13 09:45:08','2024-03-13 11:45:08'),('51b747391cf151cba999dc9d8eb4640a43a0c8a7b5a6a51e2ae95a9a86a735ec9662944f76e9d5de',319,1,'focus','[]',0,'2023-11-05 20:18:38','2023-11-05 20:18:38','2024-11-05 20:18:38'),('528fcd8e5292ae91b231677e80188a38e43cbcd372ccca3bc6bf288454c57b6abe9ba737ee3bd6eb',312,1,'focus','[]',0,'2023-10-21 01:02:31','2023-10-21 01:02:31','2024-10-21 01:02:31'),('52f294de093b15dac3336a7c48ced871257d038ff026e4ab98155727e41024cf7794f34a5b049556',206,1,'focus','[]',0,'2023-05-03 08:56:23','2023-05-03 08:56:23','2024-05-03 11:56:23'),('52f971bd13462499f459a18cd4d2601da12032ee67c36a52d8f12fd7c68a9ec413f5f28932911b7f',89,1,'focus','[]',0,'2023-02-18 07:18:57','2023-02-18 07:18:57','2024-02-18 09:18:57'),('53227d7c47f3c174d613b72ed1f8209e0b49f26e073063af194ba581ee909071108770763cc3e232',162,1,'focus','[]',0,'2023-04-15 08:47:29','2023-04-15 08:47:29','2024-04-15 10:47:29'),('53b4ffabcac534f1b5de09456b2472f856977de912d5ae6ae451bd03bdad5ed8acd9f9c461414047',274,1,'focus','[]',0,'2023-08-13 05:46:42','2023-08-13 05:46:42','2024-08-13 08:46:42'),('53df101fd82c6fbfc9261a3efd1781fe1c6fff25603d3437b9840f9dba927978f34b42a34b7aa56d',143,1,'focus','[]',0,'2023-04-09 20:04:17','2023-04-09 20:04:17','2024-04-09 22:04:17'),('53ea65b4b52add50ea71030e0f112808d913d50451883f7715e1b0b869845f9486ad2e86b51072dc',97,1,'focus','[]',0,'2023-02-19 08:44:41','2023-02-19 08:44:41','2024-02-19 10:44:41'),('5478646ccdb1bb61868cad2d1ea31c5792f88d6d56620eaa8612952674c10b5b47ed6622a5e214e2',98,1,'focus','[]',0,'2023-02-24 06:34:22','2023-02-24 06:34:22','2024-02-24 08:34:22'),('5479eb70dc686496c4649765ad7a08ad3c9e5507819a36ab6acaa77186357a98ed590b105f1f1dd3',365,1,'focus','[]',0,'2024-07-17 10:12:05','2024-07-17 10:12:05','2025-07-17 12:12:05'),('54adc381ffe5013dbeffb0c309c875f34abf032475e1e12c1dce69b62dd0a1951d0125bcdf36ecf0',12,1,'mazraa','[]',0,'2022-06-23 08:11:05','2022-06-23 08:11:05','2023-06-23 10:11:05'),('54d9e53bc6bef626e60cea1a12ebe39b77a0bae1f4e90d089d99ad75daf5a9ce0151b4fe999a25d0',226,1,'focus','[]',0,'2023-05-26 21:31:41','2023-05-26 21:31:41','2024-05-27 00:31:41'),('554985155e5aeb4f650111cd79087923e49229bd2ff850f0b50fe1a35d99de859a966ae70634dd1c',197,1,'focus','[]',0,'2023-04-27 18:27:33','2023-04-27 18:27:33','2024-04-27 20:27:33'),('558f900a146b71a61e241e72bab75be6078ebc187bd7d9644430cbc77fcd555a75df38086476420c',189,1,'focus','[]',0,'2023-04-21 12:14:36','2023-04-21 12:14:36','2024-04-21 14:14:36'),('55a71979d77475e1b3c21368c3e46576743df81009c7d903e711e924ed20ef74dba558a3d2aeda4b',338,1,'focus','[]',0,'2024-03-27 02:50:13','2024-03-27 02:50:13','2025-03-27 02:50:13'),('563ec421af974845c08f70ccffc1191c449dc0c47e6b9328d659a7390dc8cc71de638244d29bdfde',151,1,'focus','[]',0,'2023-04-11 21:34:46','2023-04-11 21:34:46','2024-04-11 23:34:46'),('566014aa2d2f31fd670cf16fcbb0609809eeb4bce9cbed208fe1775f4e944d520e0d067eb40c9f80',367,1,'focus','[]',0,'2024-07-17 15:06:05','2024-07-17 15:06:05','2025-07-17 17:06:05'),('569892d3ea07736d9126f5a6fca47078f669564f55925263636df9383d5103eec456d0c089de46f8',73,1,'mazraa','[]',0,'2022-11-03 05:59:46','2022-11-03 05:59:46','2023-11-03 07:59:46'),('56f3d324c94cc1467dfb9e7519d148fa58790491bad317e6477461460dea2a63b361834486104479',195,1,'focus','[]',0,'2023-04-24 00:41:04','2023-04-24 00:41:04','2024-04-24 02:41:04'),('573bc75bf8ed04ce35d7d83eaf0055a7b52f29425f25bb200f957e1ef9ee264bc3fbc2793aa2ec77',346,1,'focus','[]',0,'2024-03-26 21:18:35','2024-03-26 21:18:35','2025-03-26 21:18:35'),('574f0f5bc7e5290777623a693ad47492b1dc2c77f15e3e7fcda109b1627b4df95fe5d8a387ad5ee8',161,1,'focus','[]',0,'2023-04-14 19:55:35','2023-04-14 19:55:35','2024-04-14 21:55:35'),('577a2e21d09f6ba87c204d1303a39807ada08171efc62bdf4066ae1e8fadb197b5cba7df1b05b8bb',148,1,'focus','[]',0,'2023-04-10 09:21:25','2023-04-10 09:21:25','2024-04-10 11:21:25'),('57fb29db2853d07b132b54a5e03d53d729fcca637073433e900b50c8619038139eac784df8536e7c',157,1,'focus','[]',0,'2023-04-13 09:04:33','2023-04-13 09:04:33','2024-04-13 11:04:33'),('5876c86d2aab410be46055e7eb4ea89a5e031d74c682ad558c355da4606ab55c02c99165b82eba6d',291,1,'focus','[]',0,'2023-09-10 23:25:53','2023-09-10 23:25:53','2024-09-10 23:25:53'),('588ae856b104f19a5ae100a76a9b735f63dfb19166816056e0f67fffb764c44ed9a0440809ca9cb9',73,1,'mazraa','[]',0,'2022-11-01 07:44:29','2022-11-01 07:44:29','2023-11-01 09:44:29'),('589117962cbe9fb44c94a1ede08079ee5c02b240d8d126c68861a11c711a669e0d0d94c44b27d517',115,1,'focus','[]',0,'2023-04-05 07:35:05','2023-04-05 07:35:05','2024-04-05 09:35:05'),('58ac60dfd1c5eb3bd10ccbc92cbf64954e186b72bd3f3d8bdc3c99ca49562b4c5f504b0e8b2b099c',226,1,'focus','[]',0,'2023-05-26 21:31:55','2023-05-26 21:31:55','2024-05-27 00:31:55'),('593c1197ce8035dd3651d4e32f21a18f5c96191f94d394d256ac4800448e70950978ef268b2e11e9',109,1,'focus','[]',0,'2023-03-02 11:30:24','2023-03-02 11:30:24','2024-03-02 13:30:24'),('595dc2b8fe6343e1524839355f1e9fd9160d5457d706dfbcbbe2c83bda4c4f7a1672868d36848ed2',261,1,'focus','[]',0,'2023-07-23 11:44:12','2023-07-23 11:44:12','2024-07-23 14:44:12'),('59c9a66f3dac8e0495b920a58ca36ff516c9e7e3cad303b911af4a23661fd2242be6d382e1cacd55',95,1,'focus','[]',0,'2023-02-18 19:47:32','2023-02-18 19:47:32','2024-02-18 21:47:32'),('59cc4675922dd6476e3143e8fc7f56b53c3fc90cb5f6ed4bc9374408223bdc732bcbf00717e6ab50',184,1,'focus','[]',0,'2023-04-20 15:18:19','2023-04-20 15:18:19','2024-04-20 17:18:19'),('59e74542ae7077bf773502ca80789dcf6c0a0d6c9a412e32fd47d849c0af9b9d3cc408a07d86f009',73,1,'mazraa','[]',0,'2022-11-18 08:10:49','2022-11-18 08:10:49','2023-11-18 10:10:49'),('59fefd716bcc868ed213012ef259bfd089b2a7ccdc819408d73d8e68b9b1ec337c1211b8b886c47e',138,1,'focus','[]',0,'2023-04-09 10:42:32','2023-04-09 10:42:32','2024-04-09 12:42:32'),('5a186fee0a74aaa4d3356b7c5938abee1cd10ca59e871fc343e884ab2a6e4d44dc83a6b54049be0a',109,1,'focus','[]',0,'2023-03-02 11:30:31','2023-03-02 11:30:31','2024-03-02 13:30:31'),('5a754051f1e92c1910aae79f9434da882be73b642c49eee9d2219878c39bcc4f157d3dbb8d30d5d5',43,1,'mazraa','[]',0,'2022-06-23 09:31:26','2022-06-23 09:31:26','2023-06-23 11:31:26'),('5a9684b202a06886d923e40c038ab9ec1ae0d98be479f5a3f888a867f99a3e6356b2bdfd82ce6a2f',140,1,'focus','[]',0,'2023-04-09 16:24:17','2023-04-09 16:24:17','2024-04-09 18:24:17'),('5a976c1b59de3c19acebae09421e119071c6b433e115fcef98d62f802e9fda49852793e52c2e19c5',153,1,'focus','[]',0,'2023-04-12 07:41:36','2023-04-12 07:41:36','2024-04-12 09:41:36'),('5ac68e3ac3e2fb9cf366f441ca48886b2c1cc1ea481308d4c12752487006c573a68c287f75560134',61,1,'mazraa','[]',0,'2022-06-28 09:59:48','2022-06-28 09:59:48','2023-06-28 11:59:48'),('5b4de4d5705cdc941ed10131e20dabfd07fa5f008f64bf4b9c332b3c031c011519c74dfcf4fc1f72',116,1,'focus','[]',0,'2023-04-05 11:33:38','2023-04-05 11:33:38','2024-04-05 13:33:38'),('5bfc687f9be4ee8ffa30dbd483b66a8ffff8024f321784a453a8c6eae6c0b10ee3bacdc77a3f0e1f',103,1,'focus','[]',0,'2023-03-02 10:49:03','2023-03-02 10:49:03','2024-03-02 12:49:03'),('5c7355dd11c8aac12cd180feba02529208d40cba953fe033d669e0d85aef409458d3d066afaeffd0',60,1,'mazraa','[]',0,'2022-06-27 08:37:33','2022-06-27 08:37:33','2023-06-27 10:37:33'),('5cf9fc922e1a2a433af3b746bb30fc34f0ae44c3a2e1dd2001487b2a1a75ab8b03db403376a07713',288,1,'focus','[]',0,'2023-09-04 00:05:45','2023-09-04 00:05:45','2024-09-04 00:05:45'),('5d316dbb53268651b92c94d237020b9ac620763127c93832a181f6aed89d58905d736c13dc20551a',338,1,'focus','[]',0,'2024-02-18 23:08:29','2024-02-18 23:08:29','2025-02-18 23:08:29'),('5d5857d33f09e53f6c620c6e8509af9254fab6848cc8d3a66ce3e1a2d0d5916f5ede7ba611aa43f9',116,1,'focus','[]',0,'2023-03-10 11:56:27','2023-03-10 11:56:27','2024-03-10 13:56:27'),('5dd72272268fb207836d81232a5c0430475abd6a295c1926fd3340a91cf0a7b1aed8127e44a0bf98',280,1,'focus','[]',0,'2023-08-23 18:34:13','2023-08-23 18:34:13','2024-08-23 21:34:13'),('5dd8f774812049188a25259e5a2a593087f8482ac43fc63c48d0faf8b724a2f624e3c4b33adb6d3d',143,1,'focus','[]',0,'2023-05-25 13:10:51','2023-05-25 13:10:51','2024-05-25 16:10:51'),('5e7a0e4449e196b01734362bc4a286154b928043ce052f10425887bbd2eae515c1c936465a4d5092',97,1,'focus','[]',0,'2023-02-19 14:19:54','2023-02-19 14:19:54','2024-02-19 16:19:54'),('5e9902ae23bc32cc64f3a75998a627beb83e2ddbe8e290bba5c5b433dc61e42105254502e963da3e',73,1,'mazraa','[]',0,'2022-10-01 18:58:05','2022-10-01 18:58:05','2023-10-01 20:58:05'),('5f13e9390b60d483148ebdab532e14befe1f20c58d6713604a6141dd69cdd30fdb35d7a3fc45638b',116,1,'focus','[]',0,'2023-03-07 10:12:19','2023-03-07 10:12:19','2024-03-07 12:12:19'),('5f309f7b3ff31d44967cf6647721987fc8422fc1463ddbf1e69ded234f80e881363c9f43a4b933a9',327,1,'focus','[]',0,'2023-11-23 14:12:55','2023-11-23 14:12:55','2024-11-23 14:12:55'),('5fb31738886c5e95283d4dac1c6d96e79f611ea378d9a4d3e77243f939b1caa15d89618b1ffa2e14',275,1,'focus','[]',0,'2023-08-14 02:10:16','2023-08-14 02:10:16','2024-08-14 05:10:16'),('5ffcc9dfc4fb8a10e3dad1aaff490c109a6664c67d5521ac9bba4cb16ba5f6e38f8552408f5d5028',146,1,'focus','[]',0,'2023-04-10 05:58:11','2023-04-10 05:58:11','2024-04-10 07:58:11'),('608619da07958d3675f6b6db6d9cb3f3417d8dd2a10d21a9e9127a107c6e41de4bf8011e5b48d122',314,1,'focus','[]',0,'2023-10-27 18:06:50','2023-10-27 18:06:50','2024-10-27 18:06:50'),('60d9287fa4ea4c2e1e5c535e1882745b7b67b623c151f3b094584ef92115bb7a8a02d8272245bf46',156,1,'focus','[]',0,'2023-04-12 15:29:55','2023-04-12 15:29:55','2024-04-12 17:29:55'),('60d93b59d05bc9fd1e9ca3938d607905c5f59559c1078aadc09850025e5db3a4e7f30d0f6411034c',185,1,'focus','[]',0,'2023-04-20 18:05:39','2023-04-20 18:05:39','2024-04-20 20:05:39'),('61187c1ba991bf066254eb8efc146a68b5d04613d84ccbb213263836e7b944705e06202d779a3ac5',297,1,'focus','[]',0,'2023-09-27 22:10:06','2023-09-27 22:10:06','2024-09-27 22:10:06'),('61730597520a7c8cbf62faa4953c5fd72a5a3d938824083d75549c9dfe4f7d3fbd31d24717c39489',3,1,'mazraa','[]',0,'2022-06-23 07:39:54','2022-06-23 07:39:54','2023-06-23 09:39:54'),('62004ffcc7afeb9c7797e936ac9f614ecdec5793e69bcde83318e901805a91be63041feeb4a6154a',98,1,'focus','[]',0,'2023-02-21 07:40:53','2023-02-21 07:40:53','2024-02-21 09:40:53'),('620b1882e187621ce2aa80e128b49daa36de7e97b98c0f6eab0524fd13bf2d3734ce0698e2b5a7be',46,1,'mazraa','[]',0,'2022-06-23 09:57:14','2022-06-23 09:57:14','2023-06-23 11:57:14'),('621642b3cc012d21e15ddff01fc3ae5c39ba9751611af8ec71e2c21416f5b3cfdd47736cf748ca7b',254,1,'focus','[]',0,'2023-07-06 16:56:07','2023-07-06 16:56:07','2024-07-06 19:56:07'),('6229c3bc858c941ff6040291190168e12717681ea599c1537da70e20e7733fa8688cbf7b2f67023a',6,1,'mazraa','[]',0,'2022-06-22 10:14:57','2022-06-22 10:14:57','2023-06-22 12:14:57'),('626cec7d8e5f4ce998443033f74dc1f353f2fe109ff86185c55666a16caa9afbae2f366f3b264ad8',177,1,'focus','[]',0,'2023-04-19 06:30:22','2023-04-19 06:30:22','2024-04-19 08:30:22'),('62fad415f9d41597e55b751522a83e2ee8271d41f31b98b52d4d3e40d3f4449ea56dfd9208111ec4',11,1,'mazraa','[]',0,'2022-06-23 07:59:13','2022-06-23 07:59:13','2023-06-23 09:59:13'),('6303f033221d9e101fe04407c7737c8db2d3e176b6ebd8196f5acbb5f6c82e899949957273221f44',215,1,'focus','[]',0,'2023-05-19 20:00:43','2023-05-19 20:00:43','2024-05-19 23:00:43'),('630fd68361edad391ade3679ca0955213e39d269a8b9b4be87b9077b08f248c10abb135e7e68d70d',151,1,'focus','[]',0,'2023-04-11 11:48:45','2023-04-11 11:48:45','2024-04-11 13:48:45'),('631ae4db4a258641514501742fbd5ee0ad182031a5a5bf58b9789ddf5a98491a8f85f35fde4ae164',370,1,'focus','[]',0,'2024-08-06 21:14:30','2024-08-06 21:14:30','2025-08-06 21:14:30'),('634257169214a9ee3e618c7108217cd5f1b3227fcc4b04e6e7ba9ab8c6b080c2ddcc570b2dcc432c',11,1,'mazraa','[]',0,'2022-06-23 08:03:43','2022-06-23 08:03:43','2023-06-23 10:03:43'),('634fda007f57eda1e127dc9f12d71b0d53bd4ba80ae308d1f25ea9149df6339cf3e4d1f454b8368d',154,1,'focus','[]',0,'2023-07-04 08:50:21','2023-07-04 08:50:21','2024-07-04 11:50:21'),('636eb14c6ee27756ac8aad10924484001a7c67e13ff5cb1ce027742c0b66d4a1626f4b6a9b300290',169,1,'focus','[]',0,'2023-04-16 20:40:35','2023-04-16 20:40:35','2024-04-16 22:40:35'),('63bf70975797a9dc3017ac03d847a42b491d4a2db171db366412ba7fb32e6d6deb9109c7df53617f',148,1,'focus','[]',0,'2023-04-11 20:22:30','2023-04-11 20:22:30','2024-04-11 22:22:30'),('63e7e2a360a13712467efe2f5636eadf287822e530d1639f39c6ec1190c890010d019852f9cf28c3',116,1,'focus','[]',0,'2023-04-05 09:34:14','2023-04-05 09:34:14','2024-04-05 11:34:14'),('63fcc46de8c249bd33d8179690555785eb0e0c7c6154b1e23984c74d9900d75f95da3fe9cc27d5c0',139,1,'focus','[]',0,'2023-04-09 10:44:29','2023-04-09 10:44:29','2024-04-09 12:44:29'),('6430bd1bce32be86a87cb055a21b5a32dfe46f2bdac0b336d6a6cf919310f34b4c40b460fb2c6fa1',41,1,'mazraa','[]',0,'2022-06-23 09:17:00','2022-06-23 09:17:00','2023-06-23 11:17:00'),('643d829f59533405b473b34893042c3bf0a3925db090f395850ea36941769975816ec33ecb907b62',372,1,'focus','[]',0,'2024-08-12 15:23:18','2024-08-12 15:23:18','2025-08-12 15:23:18'),('645308937e1ecd865e196d48d6ff82d96295fa259b96dd067a79c7ff0d51f357152238896a71f61d',311,1,'focus','[]',0,'2023-10-18 12:11:50','2023-10-18 12:11:50','2024-10-18 12:11:50'),('6456ab8bfab5d0d9e45580ed1e9ead04e06a3fe7e15119a9d244559c0fc61c97c812aadb63afa765',96,1,'focus','[]',0,'2023-02-18 20:36:26','2023-02-18 20:36:26','2024-02-18 22:36:26'),('6480b402a29bb2f861c2b4427dc86086b3ffbe3de7167b2f4e347fc566f9b19fbf4097ed21343386',97,1,'focus','[]',0,'2023-02-20 11:46:02','2023-02-20 11:46:02','2024-02-20 13:46:02'),('64e40f6d9728d394502965d849f5e5ecede07af4d4323b522fd7994095e5c054c48e89177d9fef70',116,1,'focus','[]',0,'2023-03-21 19:39:58','2023-03-21 19:39:58','2024-03-21 21:39:58'),('64f8adb95a71905681a4ee0bc4e910edbc5d231e51974f4f0e7e67ff88d5de40e2b752943422bb36',97,1,'focus','[]',0,'2023-02-19 19:28:59','2023-02-19 19:28:59','2024-02-19 21:28:59'),('65781259835ee4adc4bae240a5b5898aafae603922ff49a609302bd002c8167ec5d0c38e9923306b',270,1,'focus','[]',0,'2023-08-07 05:51:54','2023-08-07 05:51:54','2024-08-07 08:51:54'),('65c266014c4aab09694bf055ce7c8d9bb4ebbc08036abfa77e165baf8225edb19622147b4397d412',328,1,'focus','[]',0,'2023-11-25 17:12:59','2023-11-25 17:12:59','2024-11-25 17:12:59'),('65d9143931c1314970e4804f51f6aab11abf99aaccab5b69d90a61b8b3d682d926d3026555295278',160,1,'focus','[]',0,'2023-04-14 02:44:45','2023-04-14 02:44:45','2024-04-14 04:44:45'),('65e36ca8fbd4e4a41b6699f5c3d16992ea9ad36d98a1868ee0d59263590be6e4eda270c82df018b3',8,1,'mazraa','[]',0,'2022-06-22 10:16:50','2022-06-22 10:16:50','2023-06-22 12:16:50'),('65e66a0a28ccf9f3d82ec75d46f9d3be45609819495558ec71665d41c2afb98cbe40784e6c1bec4d',304,1,'focus','[]',0,'2023-10-11 00:11:54','2023-10-11 00:11:54','2024-10-11 00:11:54'),('663dc5c36f941846187d41e295ef8c17aec60fd8acf948712a086684cb5baea1ad74b5aac49504d9',77,1,'mazraa','[]',0,'2022-09-29 06:34:43','2022-09-29 06:34:43','2023-09-29 08:34:43'),('667b5dbb56e64f96ba6ef6ceb981c974ee94fa58145ddb4859e1fda4fb0086348ce4ecc379fd369e',374,1,'focus','[]',0,'2024-10-09 12:31:34','2024-10-09 12:31:34','2025-10-09 12:31:34'),('66f0a04ca753a6b4fcbd2424a4c515d16d9ac1aab1a43134b7521b5b47873161b0fa539d47041574',256,1,'focus','[]',0,'2023-07-12 16:00:43','2023-07-12 16:00:43','2024-07-12 19:00:43'),('671e53caf9c14fd4f8927dfc92e88a5b7f4f4744268aae7e033606a3f285fc2e0c6ed6349db630e1',143,1,'focus','[]',0,'2024-02-18 23:07:59','2024-02-18 23:07:59','2025-02-18 23:07:59'),('672d430f6c2d2186a354716daa46495e47ec37d693209a1555129e5ce8ea77bfef0e75b83d194f94',297,1,'focus','[]',0,'2023-09-27 22:05:47','2023-09-27 22:05:47','2024-09-27 22:05:47'),('67c134fe3eb21966061598e02a8ed18c592e99bf82dd52a375f2c417ba8882ddb2cd79d270a75491',73,1,'mazraa','[]',0,'2022-11-08 06:55:19','2022-11-08 06:55:19','2023-11-08 08:55:19'),('67d1f9d58df27f0cf576091f987abe6421e289b4d32d52471d01dc5d20c431f182f4e94014ce2b9c',345,1,'focus','[]',0,'2024-03-26 20:05:10','2024-03-26 20:05:10','2025-03-26 20:05:10'),('67f92f44e20eceec34b5bcbf0417c701c2250337c2092d462839905793b79dafc6db958009cdb706',293,1,'focus','[]',0,'2023-09-21 09:30:48','2023-09-21 09:30:48','2024-09-21 09:30:48'),('67faf3b935f19729c3069b3daa73cc2d7c0e74e58b5d6c6d039db6c5670aaa30ae9f8a1ae96cdded',1,1,'focus','[]',0,'2024-02-18 11:27:17','2024-02-18 11:27:17','2025-02-18 11:27:17'),('68922d766653b5d2553db132db3a3b795d0c4e8ca8d93f2927b2d344c1856637c279b245f57f042d',338,1,'focus','[]',0,'2024-03-26 19:51:27','2024-03-26 19:51:27','2025-03-26 19:51:27'),('68da0ef2f4e2f073657d910feb127314e3936730a3bd9a85c43e2c32ed113f4a79cef6e7838c51fe',115,1,'focus','[]',0,'2023-03-07 05:36:56','2023-03-07 05:36:56','2024-03-07 07:36:56'),('691a1b6c1e231ddf2725906bb317837712a9f0d1ca2141af315a185419a9779d3bb4c014a56c33ec',209,1,'focus','[]',0,'2023-05-07 06:00:37','2023-05-07 06:00:37','2024-05-07 09:00:37'),('6981b883e2c80c53faf22351907cb9635577dba3a8910595df6dc72fae5b5550ca49594210eb2134',81,1,'gold','[]',0,'2022-10-29 08:32:25','2022-10-29 08:32:25','2023-10-29 10:32:25'),('69ade6e956e13ebfd45f381b0c2277cac080981ec58c5bb0b00548819c51c7da219bf98d7f445990',73,1,'mazraa','[]',0,'2022-09-29 06:22:05','2022-09-29 06:22:05','2023-09-29 08:22:05'),('69d10798d3ef5ea9dbb4e71f3d93855116f48e7cb51f329c4ca6c582b0845479014476c48e6e8885',152,1,'focus','[]',0,'2023-04-12 07:38:50','2023-04-12 07:38:50','2024-04-12 09:38:50'),('6a504b10280b61cedba456bd91eaf8502f80f88dea9d01c9ca6fa880676e7324e353b4a91bb863f7',87,1,'focus','[]',0,'2023-02-17 09:09:24','2023-02-17 09:09:24','2024-02-17 11:09:24'),('6b172c98b143bd96a374e7f7875622e23e6d3fd5ce95dae25f25edbab21b5d24713e8559f83fecd5',151,1,'focus','[]',0,'2023-04-11 12:02:39','2023-04-11 12:02:39','2024-04-11 14:02:39'),('6b97345138105177a4ad946c0a9b663606ce048e4eb79c54333f7a3fff2caedc93ddead7c69ce7e3',252,1,'focus','[]',0,'2023-07-05 16:29:40','2023-07-05 16:29:40','2024-07-05 19:29:40'),('6b9e68090deb41640f40dc29c14b14a5adf699b38bb17abce7dd3b11c89c72d3a5c9d4e69fa8a6b6',185,1,'focus','[]',0,'2023-04-20 18:05:29','2023-04-20 18:05:29','2024-04-20 20:05:29'),('6be62cd15467e0bfa28b76de815d54c09538af1e76125775200879c8062d69205cbc989922432063',142,1,'focus','[]',0,'2023-04-09 18:11:11','2023-04-09 18:11:11','2024-04-09 20:11:11'),('6c1fd3a4e8e7d0f1101e9a75069612b8c53ec80480cf157a3a8a2f810f9308e84ebf0d429c72923d',73,1,'mazraa','[]',0,'2022-11-03 05:56:29','2022-11-03 05:56:29','2023-11-03 07:56:29'),('6c3aac4e21d7f4c91cbfb898ce2d006bc9d651e0a62098849937fcee934713fb6748060545e2edca',112,1,'focus','[]',0,'2023-03-02 11:57:39','2023-03-02 11:57:39','2024-03-02 13:57:39'),('6c83eac32739fc99627c59527300de2e42745f94de74581435b7091a5fdd04b2a2eccc469d1486db',238,1,'focus','[]',0,'2023-06-21 17:00:00','2023-06-21 17:00:00','2024-06-21 20:00:00'),('6ca89274045f4894f2c956591dd96b270cf4b2a99d5dc9937879fb7e265b8022f26d7afb9b5208f9',369,1,'focus','[]',0,'2024-07-29 09:49:11','2024-07-29 09:49:11','2025-07-29 09:49:11'),('6ce088a577be4dd35c05ad5b71dd155a46c4001dbfe7cc45437ea39d6b2051f92687c32a2c9eb111',234,1,'focus','[]',0,'2023-06-12 08:22:30','2023-06-12 08:22:30','2024-06-12 11:22:30'),('6cf34ac833dd549466f3df96206d63c5d479d8138ee99621310d39eccdea80fd27ee5183c41b26f1',190,1,'focus','[]',0,'2023-04-21 22:51:09','2023-04-21 22:51:09','2024-04-22 00:51:09'),('6daa89a4102ef630a29601d0de36635fc598830a91d100985a445521fb1611d55934cba718aba732',374,1,'focus','[]',0,'2024-10-10 04:12:43','2024-10-10 04:12:43','2025-10-10 04:12:43'),('6dc0023eea304930b00907f15cbb504239a33e0637cb4d83505bda91dc9c6980841425486b02d5e4',185,1,'focus','[]',0,'2023-04-20 18:05:38','2023-04-20 18:05:38','2024-04-20 20:05:38'),('6e5efeb1122e035d0d82129c31d65a7c601f921b193a39f9eecd7fbdac1337cf5c14c5d566c97864',45,1,'mazraa','[]',0,'2022-06-23 09:55:42','2022-06-23 09:55:42','2023-06-23 11:55:42'),('6e85b96471942e02333a31b793bd29a376d917a8170f0c2f7f3d6125716ab2d598559985df11f3bb',299,1,'focus','[]',0,'2023-10-03 11:48:49','2023-10-03 11:48:49','2024-10-03 11:48:49'),('6e8c8dd168ceac346ebf77af8d3c40d363bba6bd394e99ed5056a54ad4bf9dda0cadaf69d594bb40',221,1,'focus','[]',0,'2023-05-25 14:12:22','2023-05-25 14:12:22','2024-05-25 17:12:22'),('6e9f5d4e1edac8302ca63ee9fa99d27a6e361ad20a0909bd117ca8ea937dd98df67fe740e7304315',115,1,'focus','[]',0,'2023-03-19 07:04:05','2023-03-19 07:04:05','2024-03-19 09:04:05'),('6ec5997d624a8a41102759565a739105c359bf129228e98b3c4c058a4fd3f1238795fabfa5b103ef',107,1,'focus','[]',0,'2023-02-28 06:00:21','2023-02-28 06:00:21','2024-02-28 08:00:21'),('6f0096f4a5f82ad896b6dd611861f20f00cf455d8462ee5fa83d438716b51d0cd10c0407d1a7c38f',224,1,'focus','[]',0,'2023-05-26 15:15:44','2023-05-26 15:15:44','2024-05-26 18:15:44'),('6f14c23511a54509c94792ab73024b8b3f569f8d81e7761d5c4bc24ec228995503580b38afbd9480',97,1,'focus','[]',0,'2023-02-19 19:24:07','2023-02-19 19:24:07','2024-02-19 21:24:07'),('6fb483981184a15b20ac5027e8bbd2c8e2a588381b0886494fe89f23f06290e211302a2609cc9790',196,1,'focus','[]',0,'2023-04-26 01:30:50','2023-04-26 01:30:50','2024-04-26 03:30:50'),('704a9f6a2e69d81b89265af6b3200236a1d753351b29b8f6c6898b0a2a460b6c985ca34ec0256b86',159,1,'focus','[]',0,'2023-04-13 10:10:06','2023-04-13 10:10:06','2024-04-13 12:10:06'),('706cd18f866f7a93464bae738cd186106499c5269e0d3b16fbc5d410209a90aee07e08d1047bf96e',97,1,'focus','[]',0,'2023-02-19 09:37:47','2023-02-19 09:37:47','2024-02-19 11:37:47'),('71be551daa485908fb86a5b9b87e4827e64664319a1efa76311e7285195555c14bcbd1e162033164',167,1,'focus','[]',0,'2023-04-16 18:47:35','2023-04-16 18:47:35','2024-04-16 20:47:35'),('71f0e0a1ce44a15f213716f13278835690ce7c05f6f2fec373681222aa45350fe6fecc8b13984023',69,1,'mazraa','[]',0,'2022-07-05 12:13:21','2022-07-05 12:13:21','2023-07-05 14:13:21'),('726394ee831b0fe83b6a4dbd7b7ac309c0dceb52152e15777fb1818d9f8d3a6dcd52cd3496715f69',338,1,'focus','[]',0,'2024-03-27 13:27:10','2024-03-27 13:27:10','2025-03-27 13:27:10'),('7269ff9f5dfde3e73344d23604ca70711e7e263ac03eec9ebf5b01ffcbcdfcdbb1b5ccca07e17d27',151,1,'focus','[]',0,'2023-04-11 11:48:55','2023-04-11 11:48:55','2024-04-11 13:48:55'),('729419eb28a83848e803426c2986e11567c8b4d97bee99604b1e09063c2bf72a751eea0e2d3fe52f',281,1,'focus','[]',0,'2023-08-23 21:37:25','2023-08-23 21:37:25','2024-08-24 00:37:25'),('72dc474c964ebd6a8b8a8b56fcfb8b0c886fab4b8c1e5054ef29a07d97cfab661bf62f7ddd01bdd7',40,1,'mazraa','[]',0,'2022-06-23 09:14:24','2022-06-23 09:14:24','2023-06-23 11:14:24'),('72efd3605fbb65b3cd95a83f290bd24cef4b4f98de92659c7e8f4e7608135db595ed63cda760f357',198,1,'focus','[]',0,'2023-04-29 10:14:21','2023-04-29 10:14:21','2024-04-29 13:14:21'),('7393a3be7ca3749e18874522ba5fa374faa06221fcd99944f370e80c37f138c38304595532d5b735',115,1,'focus','[]',0,'2023-04-05 11:55:36','2023-04-05 11:55:36','2024-04-05 13:55:36'),('73f45aea1d9fc96d1a3fe2f880692e40233a0cfcbc2ce9512f9e632cd9159a63a8318c5f3ad05dc5',108,1,'focus','[]',0,'2023-03-02 11:26:57','2023-03-02 11:26:57','2024-03-02 13:26:57'),('7479a88de2ea79b21f0ff707a1ad137b884a4a5ab97bde2b8470bdade041f79416d33a018fed8137',143,1,'focus','[]',0,'2024-02-18 23:04:58','2024-02-18 23:04:58','2025-02-18 23:04:58'),('74820b06c6d5c0106129023b7371f049a549f86a64ef45d890df30afbf5a7bceccd7265fec37e1ad',119,1,'focus','[]',0,'2023-04-09 08:43:21','2023-04-09 08:43:21','2024-04-09 10:43:21'),('74a8a1af5cf00c216d57c479080f33abd84292f6ae493c205cc045939993c114370435bf84406775',11,1,'mazraa','[]',0,'2022-06-23 08:03:06','2022-06-23 08:03:06','2023-06-23 10:03:06'),('74f87b871fd11555c0792e02740cffb22523813a11a23e317a5266005a4e2a7fbac8c87147d5c751',81,1,'gold','[]',0,'2022-10-31 10:05:12','2022-10-31 10:05:12','2023-10-31 12:05:12'),('75ae38d1a1da07a9cf4abc5f38f502a9b3eed760efad3826572dd4b93d843b887434fcd11bdf233b',123,1,'focus','[]',0,'2023-04-09 09:34:58','2023-04-09 09:34:58','2024-04-09 11:34:58'),('75b687abe73588e1c61ae5c096e6c438fe3c61f439032bcb5852b341548c45ef56a3258811a39582',148,1,'focus','[]',0,'2023-04-13 01:53:29','2023-04-13 01:53:29','2024-04-13 03:53:29'),('75e88b8ec95df0dd050e79305ca75b356cdc1f273d607e45690ed4692980f9eab9d28908f84dcfb3',200,1,'focus','[]',0,'2023-04-30 03:30:31','2023-04-30 03:30:31','2024-04-30 06:30:31'),('75f393de7da16003334b8e2b3c6ea74a9afc45b2c089df47046fc062330b03deadfbad66dc349025',63,1,'mazraa','[]',0,'2022-07-02 09:09:22','2022-07-02 09:09:22','2023-07-02 11:09:22'),('76424f32895c455211d1751b2b857ff3a37c7e02951d7ee8734a834e29bfd0d673c41a4c5ecec856',172,1,'focus','[]',0,'2023-04-17 22:28:07','2023-04-17 22:28:07','2024-04-18 00:28:07'),('7647fab9472415846e36e77f827c9d7442d1bd34aa8948b05dab962659a8fe15edd6f972c9109ea2',98,1,'focus','[]',0,'2023-02-21 09:56:36','2023-02-21 09:56:36','2024-02-21 11:56:36'),('766696083d78f5e47f7b44a5f287bc8f26d01d22690cbbd1f084e4f731c443002e666cd3b4c19c26',73,1,'mazraa','[]',0,'2022-11-19 14:05:21','2022-11-19 14:05:21','2023-11-19 16:05:21'),('76b6411d874ddd251c4a4e0b2669f966b2f9939e3573b8d3950341362fae17baa59c7e573bd8f2c4',97,1,'focus','[]',0,'2023-02-19 09:42:30','2023-02-19 09:42:30','2024-02-19 11:42:30'),('76c0baaa287d08bc7d56d1fbf6769b6542120628c6a4b549234af73aa86a9298fc2de3e72f2f37a5',116,1,'focus','[]',0,'2023-03-07 10:12:42','2023-03-07 10:12:42','2024-03-07 12:12:42'),('774d3dc4c954eb8db3c9df35007210693fd2d9ac4167878f3b1e7c282622d982cb108744e84da9cb',253,1,'focus','[]',0,'2023-07-05 17:07:56','2023-07-05 17:07:56','2024-07-05 20:07:56'),('77e57792a274df20cf518d3e05cf60166a39ea5be402928d3f568841e49ab15d5ddf64d984f8eac9',115,1,'focus','[]',0,'2023-03-30 16:04:48','2023-03-30 16:04:48','2024-03-30 18:04:48'),('77ef0e22d9a12381af091629e463249ed4fe8737bd721a5b7a29db3df287b47a4a5e44bbaa194db1',116,1,'focus','[]',0,'2023-04-06 13:03:06','2023-04-06 13:03:06','2024-04-06 15:03:06'),('7814c5a712a55d00591c9c8e4dceb7f01293a1f76817c2a9891156567746dc7044aa9376276c78c0',98,1,'focus','[]',0,'2023-02-25 17:59:57','2023-02-25 17:59:57','2024-02-25 19:59:57'),('7959cb7fda61e86c6dba7085b6162803f7bd58aae9009eb059a2c5d3085701349d16e02734e5b5eb',73,1,'mazraa','[]',0,'2022-11-03 04:45:35','2022-11-03 04:45:35','2023-11-03 06:45:35'),('79d9e5d3e2fc8612d9c034437f8b7bc29fea86442cc1afcb7542a90025f7c7726c4a0694f1552eec',338,1,'focus','[]',0,'2024-02-22 00:20:12','2024-02-22 00:20:12','2025-02-22 00:20:12'),('79e631be82ab74512e6eff5e3cead48fffe6d6f8862fb4c4b401758f0054c702b24470d4b331e76f',153,1,'focus','[]',0,'2023-04-13 11:06:32','2023-04-13 11:06:32','2024-04-13 13:06:32'),('7a0ea66d1d3b55397daa622012089abdf1d12fa1ed2852bd69c2317d8dc00cef79d808e767773e94',73,1,'mazraa','[]',0,'2022-11-09 08:57:22','2022-11-09 08:57:22','2023-11-09 10:57:22'),('7a4c5040c7f32efe4fe3d4ef4f8f58bebc9e68f6f383a5646c519bda6d4af3e73891298737d1e652',11,1,'mazraa','[]',0,'2022-06-23 08:04:16','2022-06-23 08:04:16','2023-06-23 10:04:16'),('7a55c9849dfc03134ab40c41632370ca02df563630adc4e95d31477ea6d23627a7edb8a8d4047eb7',73,1,'mazraa','[]',0,'2022-11-17 07:00:45','2022-11-17 07:00:45','2023-11-17 09:00:45'),('7a56a8dfb288cd39e15bb7cfe9f5deac18bc4008f839cfb861a22c7240ba9e18af4b5b233bd1e6ac',155,1,'focus','[]',0,'2023-04-13 16:58:00','2023-04-13 16:58:00','2024-04-13 18:58:00'),('7b3f740692d848a073a10fb29fd8e5570e9362511f002a2dcee2142e8b6cc3dd0538a00120f8c19a',141,1,'focus','[]',0,'2023-04-09 16:40:03','2023-04-09 16:40:03','2024-04-09 18:40:03'),('7b7e45cfbe40165d8189c660d5b392505f4957aeca748b1be74bd38c69bbcdd06ae97a4df005e613',319,1,'focus','[]',0,'2023-11-05 20:18:18','2023-11-05 20:18:18','2024-11-05 20:18:18'),('7be7be950e48efc9204f787bd1a7c52f6813e410d3c0ec9649f80ed9c497efb2d716c98ce1338252',130,1,'focus','[]',0,'2023-04-09 10:02:07','2023-04-09 10:02:07','2024-04-09 12:02:07'),('7c20aaea510d27f95363d6a2b7436cda8d2a4c5b59750e4932470b758d461eede3b35a09a5eef12b',315,1,'focus','[]',0,'2023-10-28 01:32:21','2023-10-28 01:32:21','2024-10-28 01:32:21'),('7c6fc498767643804a4bb9b1e23594739709d6f043466145a284a0531655a4ad11bc058bd8474f2b',73,1,'mazraa','[]',0,'2022-11-19 15:45:09','2022-11-19 15:45:09','2023-11-19 17:45:09'),('7cc23655a47dea76dd80f6ea3fe08ef24e0f67ef48292c45a07bca3ce1332cf43a6b799025ec3b0a',271,1,'focus','[]',0,'2023-08-07 17:21:09','2023-08-07 17:21:09','2024-08-07 20:21:09'),('7cc89a73d46ec66796315fec0231d40c5087d87186ecbbd8181dd33c2160400653c326feae829e10',115,1,'focus','[]',0,'2023-03-17 07:31:11','2023-03-17 07:31:11','2024-03-17 09:31:11'),('7ce0030a88a9cc88e4be9908a8da82b12e0427467f7172c186215e2e8786e5a8518df4a630bdd6bd',45,1,'mazraa','[]',0,'2022-06-23 10:21:08','2022-06-23 10:21:08','2023-06-23 12:21:08'),('7d0be8f80ad9af1d23c2bd19c5f50b790bb48e5070943a6483e42e5bfb4c745ac501a35abce379d5',9,1,'mazraa','[]',0,'2022-06-27 10:01:18','2022-06-27 10:01:18','2023-06-27 12:01:18'),('7da649791e5a534ddb6ea6f0cd3b2a987c9e08a834bfab5b05c3ac74a51d1cd5cfa0022d416e7ad8',207,1,'focus','[]',0,'2023-05-04 11:01:10','2023-05-04 11:01:10','2024-05-04 14:01:10'),('7de4b75062e3e35047704eaea4a39e72a05d5124274f97bbf98f15c9018da83e93ce7689a890f34e',71,1,'mazraa','[]',0,'2022-07-06 11:21:10','2022-07-06 11:21:10','2023-07-06 13:21:10'),('7e3e13e7504b28e1a67a3abfbaa4667fc84d9d3b0b377b706c53642a496f5e94b4d54d56f0777bb5',97,1,'focus','[]',0,'2023-02-19 13:12:57','2023-02-19 13:12:57','2024-02-19 15:12:57'),('7e91e0821e3e249c04f1cfd9a9133d557f6fe012571bd2b1cda73fedf2d1fc9e7039456345818d3b',94,1,'focus','[]',0,'2023-02-18 19:16:02','2023-02-18 19:16:02','2024-02-18 21:16:02'),('7ebcbb08879681242f2467d30cacf327441b2eea6e489b1f2001632863149f1ce0806cf6f6185c2e',182,1,'focus','[]',0,'2023-04-20 13:53:53','2023-04-20 13:53:53','2024-04-20 15:53:53'),('7ee5e381d31a22198d431c15eaeef6ac5d761a20a315551f0745d623d8637f0f965bd6e27f1444bb',11,1,'mazraa','[]',0,'2022-06-23 08:04:39','2022-06-23 08:04:39','2023-06-23 10:04:39'),('7f1b67ae2ad9e2f24ed3dcfae5c2e596ca38f9e22a3d85569c16a82e6a12979288a04bf4275db587',376,1,'focus','[]',0,'2024-10-13 18:43:50','2024-10-13 18:43:50','2025-10-13 18:43:50'),('7f2aa5a6c3a014c72905161bf2c3d09dfde1cc01a5cc5a8605ae02559a1cf2b3abe9f5da0f0b6baf',314,1,'focus','[]',0,'2023-10-27 18:06:11','2023-10-27 18:06:11','2024-10-27 18:06:11'),('7f4d3c67e6b52da4fbec6d751425df20e48a154c10d21007cb3ea468425b865f22f894ff87ec90b3',10,1,'mazraa','[]',0,'2022-06-23 06:50:53','2022-06-23 06:50:53','2023-06-23 08:50:53'),('7f8e3bf68719eeab9798c2590f3578693da7b21d13aa36c98b4206def67dfa1d178a6de14f77ece7',39,1,'mazraa','[]',0,'2022-06-23 09:03:16','2022-06-23 09:03:16','2023-06-23 11:03:16'),('7fdaa14102b9477d207c86839aef7c1a00ce3f38ac93a278aa6ed3afc135eefb3bee41bef000a6bd',71,1,'mazraa','[]',0,'2022-07-06 11:18:34','2022-07-06 11:18:34','2023-07-06 13:18:34'),('804420db0a5ee3bee90a35234cc270e5d05c8c9b4da93a4ebe8d858e598f962a3f9084e7ea843859',73,1,'mazraa','[]',0,'2022-11-02 18:18:35','2022-11-02 18:18:35','2023-11-02 20:18:35'),('811eb6c52d1544d9396f6084e97ffc3c5e0f4f8180fa0059c7bafc324861084339168a8782c5c5e4',210,1,'focus','[]',0,'2023-05-07 15:49:08','2023-05-07 15:49:08','2024-05-07 18:49:08'),('814cfcf5627a72c25f8946b0109503aed476dd677dc179479cb6988a2f0fe075435599badbd49d3a',367,1,'focus','[]',0,'2024-07-17 15:05:52','2024-07-17 15:05:52','2025-07-17 17:05:52'),('814f0ed92b557a09b4e03aaa08ead996231cea1f9956d0df15d06ac1c6f04d7ca26f577ee07912ba',71,1,'mazraa','[]',0,'2022-07-06 09:08:58','2022-07-06 09:08:58','2023-07-06 11:08:58'),('816f4cd12a0c9da8df231ad94df9aff35eb005d523ea58c692ec88f9f3e7781e13578c907dcf79fb',73,1,'mazraa','[]',0,'2022-09-28 08:51:27','2022-09-28 08:51:27','2023-09-28 10:51:27'),('817b6951a433eb24405a8fce3378cf09ef53cffd5da50b0d4b904d0e6b8ed90c6c007e0a447dc4d9',101,1,'focus','[]',0,'2023-02-27 06:01:36','2023-02-27 06:01:36','2024-02-27 08:01:36'),('81d05569784abec16ef430221f9f0cd2504a4e1c14707d0040ee967cba26e96821b67254ad766db9',300,1,'focus','[]',0,'2023-10-06 03:52:43','2023-10-06 03:52:43','2024-10-06 03:52:43'),('823121d2aa9d15c2f943c9264065e3eae1bcdf48ef877a66e6c9aed2dc30ad2403bdf2834decd2f5',223,1,'focus','[]',0,'2023-05-26 15:11:02','2023-05-26 15:11:02','2024-05-26 18:11:02'),('83432d11067140bf86e7ead3c0e4c75438702ec99c58ca83ae67b3221a6be084039137cca266e58d',219,1,'focus','[]',0,'2023-05-23 10:38:05','2023-05-23 10:38:05','2024-05-23 13:38:05'),('8383f4061423bfd6bf0c3eafc396c2a4299a451a5c9d42e86c6522d969033574d3d86ee78b7d1de3',71,1,'mazraa','[]',0,'2022-07-06 11:08:23','2022-07-06 11:08:23','2023-07-06 13:08:23'),('83c043c8392ec90feac3d3e4a91e519f72e53c5fc78b873fe60864333865a972251dfe1ce9257fd0',11,1,'mazraa','[]',0,'2022-06-23 08:09:29','2022-06-23 08:09:29','2023-06-23 10:09:29'),('8481030775470fea0d55ba59cec076e4851837c449e357f042f6143be79799b73a5d3a77859baa99',114,1,'focus','[]',0,'2023-03-04 20:33:47','2023-03-04 20:33:47','2024-03-04 22:33:47'),('84bd6ad3e4d0565fffaa6a8f741b4a793cd297bb4b247e367cbdc3e7420fe1af97712d9975e6b4d2',284,1,'focus','[]',0,'2023-08-28 04:10:14','2023-08-28 04:10:14','2024-08-28 07:10:14'),('851bd7cb06bf97d4775598d02d53c7c6c7f8507283203c88ae7a2b0e073ed90112f6bd9380492e65',277,1,'focus','[]',0,'2023-08-16 12:29:00','2023-08-16 12:29:00','2024-08-16 15:29:00'),('8560700c260e7c46ca3b2121d4db72a669abdb41ab22db5ced18fb859f3d247ea01c83a4b88a5e78',259,1,'focus','[]',0,'2023-07-19 11:46:04','2023-07-19 11:46:04','2024-07-19 14:46:04'),('85696d16d2c45e028c7250849b9188df96f60d024aebc09e363cd86685603dc874b2e19c4d73652d',237,1,'focus','[]',0,'2023-06-17 22:36:01','2023-06-17 22:36:01','2024-06-18 01:36:01'),('8644c101435cabf45b8b3de46a12cefcc3e7a14ec85910c11714a6c5ed39aef9fba3b3fc9235dc57',11,1,'mazraa','[]',0,'2022-06-23 08:04:54','2022-06-23 08:04:54','2023-06-23 10:04:54'),('866078418ee0fabee9172dbde8e64d66b785ba065a17788e943ada1c2c1e7599736f05d527198a07',371,1,'focus','[]',0,'2024-08-12 15:00:26','2024-08-12 15:00:26','2025-08-12 15:00:26'),('86ec874ee215055d1bbfbafde2731e77de1c09133d8a25506dfe22b3a3ed21606eccdc2faed363cc',203,1,'focus','[]',0,'2023-04-30 16:46:21','2023-04-30 16:46:21','2024-04-30 19:46:21'),('870f24c8677362daddb5a3d30c520749120f2defa2980b477a08d4a1f3ffae9d53304ebd3108301c',307,1,'focus','[]',0,'2023-10-15 21:46:10','2023-10-15 21:46:10','2024-10-15 21:46:10'),('87d33731642c19dada5685c665aed0a909334dbb82305432e0d4dc07745ac6e286e37de9dffa0ca3',184,1,'focus','[]',0,'2023-04-20 15:18:03','2023-04-20 15:18:03','2024-04-20 17:18:03'),('885069e46f7da6556f31ca4e451e17b62ef63fe3ea05e34532f81e8f9f58f9c7364eca0646a4c000',122,1,'focus','[]',0,'2023-04-09 09:33:10','2023-04-09 09:33:10','2024-04-09 11:33:10'),('88a7ab870fe13a8037a902823053b81509694018c8eef8fedafbc3ab658de28e502b3ebd06a57165',374,1,'focus','[]',0,'2024-10-09 12:31:12','2024-10-09 12:31:12','2025-10-09 12:31:12'),('896a72c11f43beac182556e84dfe1596cb203782396e2766021e0123e99a390ab9e66b2f1c9ff63a',97,1,'focus','[]',0,'2023-02-19 19:08:51','2023-02-19 19:08:51','2024-02-19 21:08:51'),('89bc91976cbc68eef1d2977178fdda99fb02cc306096f64115ea3a381d49d79c01c0cc8c81a517f3',332,1,'focus','[]',0,'2023-12-01 17:36:30','2023-12-01 17:36:30','2024-12-01 17:36:30'),('89e9764372433318aa3c6b30f1bf50fadfd852496bc17f56766975faadc35810e2f866808cff105a',197,1,'focus','[]',0,'2023-04-27 18:27:24','2023-04-27 18:27:24','2024-04-27 20:27:24'),('89ffcf36e0e1079d951f1c30db012aba029f561946c18a1608c71489cf35cbb395db4068f99dbf4f',42,1,'mazraa','[]',0,'2022-06-23 09:19:09','2022-06-23 09:19:09','2023-06-23 11:19:09'),('8a8247bd6ec20b5769c5ca5174cff92151577cd910e0fa614b55f63e1748cad908a684e1ab4b3c81',317,1,'focus','[]',0,'2023-11-01 11:15:34','2023-11-01 11:15:34','2024-11-01 11:15:34'),('8a96907ff5c54cc4e06237d6131425912a786480a05f81d4a5fbfed6168a13edd9ce315ff5a0c14e',317,1,'focus','[]',0,'2023-11-01 11:15:33','2023-11-01 11:15:33','2024-11-01 11:15:33'),('8a9e27fc783f7c1dda05ecafa8a7f4a82d2a67487d3c347d372cfc6aa9354b921fc499da853e3af3',43,1,'mazraa','[]',0,'2022-06-23 09:45:38','2022-06-23 09:45:38','2023-06-23 11:45:38'),('8ac2fe5c85ade22161db3eb07cb0e4cc682a1c5a812f46bd02e2b80ea364d957247e7fbbc08f9c79',71,1,'mazraa','[]',0,'2022-07-06 11:17:07','2022-07-06 11:17:07','2023-07-06 13:17:07'),('8b149c556f12cae8cbad706c813cddf0ed3f53b4dfd12555d53afb3eb67ae94ffcaa78ca15258b6e',128,1,'focus','[]',0,'2023-04-09 09:56:20','2023-04-09 09:56:20','2024-04-09 11:56:20'),('8b54d44fda71841e328649767b2d720d3c30edb629cfa03e00ade1cecb47ea05d8abbf0b28747cda',116,1,'focus','[]',0,'2023-04-09 09:39:23','2023-04-09 09:39:23','2024-04-09 11:39:23'),('8b91a3866b0ff4f297be5db31e6b4a42b6897be759f782e7a4010cefa56d179644276d9d3925b855',153,1,'focus','[]',0,'2023-08-08 07:49:40','2023-08-08 07:49:40','2024-08-08 10:49:40'),('8b9609eafad9926dd3e125664e7fa9e313792211dbb05e18cb0cadd475dc71c5e825b26db80d0194',146,1,'focus','[]',0,'2023-04-10 06:22:25','2023-04-10 06:22:25','2024-04-10 08:22:25'),('8bb60d0cacfdd9c22317fc0637e95054ce62dd8c9eb7e3830136483826bd3b6ff23527b5f608d18d',372,1,'focus','[]',0,'2024-08-12 15:23:00','2024-08-12 15:23:00','2025-08-12 15:23:00'),('8c8720cf9900d1574020453d82936c6ba2ed9cda9f87b1c7c039b0c4ab4ef831adf91a6ac90c9b7a',73,1,'mazraa','[]',0,'2022-10-01 16:54:17','2022-10-01 16:54:17','2023-10-01 18:54:17'),('8ca33bf5c726de3d34356ef14bf32c7f5512cf851ee41296b8045b3748d65328377fb72c81502a6a',308,1,'focus','[]',0,'2023-10-16 14:18:08','2023-10-16 14:18:08','2024-10-16 14:18:08'),('8d43ff51996621f4413ea35b46ae1cc1957bf055052b7eceaa531f9b71012c3b838e4866a5ac9bec',118,1,'focus','[]',0,'2023-04-06 05:56:52','2023-04-06 05:56:52','2024-04-06 07:56:52'),('8d72c771a8b809a20d7b6377baa3d001939657e023aa204713a74126ade621c008a767b450b0a02d',371,1,'focus','[]',0,'2024-08-12 15:21:24','2024-08-12 15:21:24','2025-08-12 15:21:24'),('8d9654d927ea1faf9dd08d3063cd8b8e371b91ffc77d8c835bd8042635bef22c2f2256b7c1dde808',217,1,'focus','[]',0,'2023-05-21 17:14:57','2023-05-21 17:14:57','2024-05-21 20:14:57'),('8da91224aad5af9063490137366f6fd517cb629cdc29d02192354ca722c03de66be3fb84a1f9dc46',373,1,'focus','[]',0,'2024-08-24 15:54:26','2024-08-24 15:54:26','2025-08-24 15:54:26'),('8e6c192472cd12eedc2731493f1bd0741579827e5787a5049845b5b2073ae966ccde845f880e3434',81,1,'gold','[]',0,'2022-11-01 20:28:29','2022-11-01 20:28:29','2023-11-01 22:28:29'),('8e75b0b92b1db881de75a719f12bd2b4cd5eff1fc772af5a2cc9e099bca4ee72cc8dc99dd02047e4',376,1,'focus','[]',0,'2024-10-13 18:43:49','2024-10-13 18:43:49','2025-10-13 18:43:49'),('8e78551e73f865ea1c271c76071807ff13c3b6d7ff57db4e697b87ce774f2601deb97baf77d6ee1f',9,1,'mazraa','[]',0,'2022-10-01 08:05:53','2022-10-01 08:05:53','2023-10-01 10:05:53'),('8e7e7d3558d0fe0fe30e7a9911c4ba8a305b872ad6ac7f105cef85dae091fe8c34d6b77e143f6aa8',164,1,'focus','[]',0,'2023-04-15 13:16:20','2023-04-15 13:16:20','2024-04-15 15:16:20'),('8f05ec975dbd7e4b49c150ad8493562c46572fe5ee65d9b8ffcfedea399d99f8e96f789d7900cd74',161,1,'focus','[]',0,'2023-04-14 19:55:12','2023-04-14 19:55:12','2024-04-14 21:55:12'),('8f8ced3d7f28a210ac4b76bc7b51c29e62bfd83a5bc1332d4e1335fba726be0450d669df606e9471',310,1,'focus','[]',0,'2023-10-17 19:13:57','2023-10-17 19:13:57','2024-10-17 19:13:57'),('8fe619d1a4eaa766bb0370bf610c50f817bb0a4d686a51b678f43377bf62ec876c41a8229e93864c',97,1,'focus','[]',0,'2023-02-19 14:18:55','2023-02-19 14:18:55','2024-02-19 16:18:55'),('9055f6b0889575b337050cf6225c9962b58103e49e3fa8318dd21ecc035096e349635f3244530936',11,1,'mazraa','[]',0,'2022-06-23 08:02:30','2022-06-23 08:02:30','2023-06-23 10:02:30'),('90afe4a0e4156d1075009ea9024f02f47232580a8b775498a12c7ba854818574819379a17b3a5fcc',115,1,'focus','[]',0,'2023-03-07 14:04:51','2023-03-07 14:04:51','2024-03-07 16:04:51'),('90e7656b7dc5c107354534d6b13e846eb235f240450707720d1ae774dc122d976a8527ce1f32ffef',116,1,'focus','[]',0,'2023-04-05 11:28:00','2023-04-05 11:28:00','2024-04-05 13:28:00'),('9100400db43955e7a8d54942c360a6ec5614b534e5b80ff90ef060f52d69cd66696b3f2cd67b3bd1',251,1,'focus','[]',0,'2023-07-04 19:44:48','2023-07-04 19:44:48','2024-07-04 22:44:48'),('9102501d557340ab2b4b4d1c480d66441ece88c5ca1b5c1ffa74d8ea5d246dec2e41e2c0296bf118',148,1,'focus','[]',0,'2023-04-13 02:29:28','2023-04-13 02:29:28','2024-04-13 04:29:28'),('911a3c3d980d375f105076fc4ae3b27ccb5a22ad2f70bc575bead94f45b28ab369343d364a7205b5',97,1,'focus','[]',0,'2023-02-21 06:01:22','2023-02-21 06:01:22','2024-02-21 08:01:22'),('922726f7309c6b2ba50df0eb48372d9ef365b5f3a109861c845a036ced8b6310ec33132b988edcf1',116,1,'focus','[]',0,'2023-03-26 15:13:35','2023-03-26 15:13:35','2024-03-26 17:13:35'),('925e38b9d03cfe5972a7b3a561ad2efb8f4bbc06b45bbaa9edc463b15d3a346595ed5dc78a7a72c2',11,1,'mazraa','[]',0,'2022-06-23 08:08:51','2022-06-23 08:08:51','2023-06-23 10:08:51'),('927f61f2ec9f86dec7dd87920c3c722bf9f4cf801520b0eebc0fbecd689cb8e1c444f1ae18644657',158,1,'focus','[]',0,'2023-04-13 09:58:59','2023-04-13 09:58:59','2024-04-13 11:58:59'),('929487a7219fdd2ed398d9b9e0d1af205ef6211f28d005bf035dbb2b5f61e7f11324ec9bbe54e83a',148,1,'focus','[]',0,'2023-04-10 09:15:25','2023-04-10 09:15:25','2024-04-10 11:15:25'),('92cff3ed9bec106d6fad1058439b316abb3831940ccc1eee2c65e3e0871538ac57e7e5e87174993e',96,1,'focus','[]',0,'2023-02-18 20:08:59','2023-02-18 20:08:59','2024-02-18 22:08:59'),('93b8472b0caee54e59f8d598cfe14eec41ee9638660743a04d5a346254a8c2a0b20b21a7114632ad',73,1,'mazraa','[]',0,'2022-09-28 08:51:05','2022-09-28 08:51:05','2023-09-28 10:51:05'),('93e567dd0a05e4cc2beeb23ae850484417870bb3bc63e7a57fc1a4dd7d5d125efef4bf1d708139d3',73,1,'mazraa','[]',0,'2022-11-17 08:06:18','2022-11-17 08:06:18','2023-11-17 10:06:18'),('94368f5badceec268f7f6e28c2443df35d2547082c1c5b6874016bab0330d9b42979eaba55ea4a1f',97,1,'focus','[]',0,'2023-02-20 11:39:44','2023-02-20 11:39:44','2024-02-20 13:39:44'),('943de390603180c8661cf7848ea31ccdcff1232fe30b952d10fbd47abb155d7838f9ee00637a26a6',313,1,'focus','[]',0,'2023-10-24 15:27:59','2023-10-24 15:27:59','2024-10-24 15:27:59'),('94a5a133c393a582a64f3fb9d9133217985e408429581cfb8892e95eafd27575715f65e7a4ba4b76',227,1,'focus','[]',0,'2023-05-29 22:41:17','2023-05-29 22:41:17','2024-05-30 01:41:17'),('94c7e6c34dbdc3cdbde7b925a2aa316f62036669e502c7291e2f006c4901b9ba57f307769dab3d7f',73,1,'mazraa','[]',0,'2022-11-02 18:31:27','2022-11-02 18:31:27','2023-11-02 20:31:27'),('94e8df369b8843cbcd423d6d7d03d17abc40713b919deeddcb9544eb4723a74e9af21fd91b098ea1',149,1,'focus','[]',0,'2023-04-11 05:31:56','2023-04-11 05:31:56','2024-04-11 07:31:56'),('951747c901e3fbd2683b5ccaf62e9ee8fe410b6158038329f6909afbc5217202b2f9b8cb51fe5146',151,1,'focus','[]',0,'2023-04-11 14:37:08','2023-04-11 14:37:08','2024-04-11 16:37:08'),('95c73836c9c44c8fb71e1f5398d4cea8af6d4a2ef6bda7b369213ab53860e283d98cdd0d62100b9d',273,1,'focus','[]',0,'2023-08-12 19:27:50','2023-08-12 19:27:50','2024-08-12 22:27:50'),('968736d104eca985c17c7034d6c78175caad1a4c223151746de05d54a243614f6a19009813f67867',289,1,'focus','[]',0,'2023-09-08 17:17:20','2023-09-08 17:17:20','2024-09-08 17:17:20'),('968cc3a24ef0234649294463a545e7fde4c7dab7b8fb62ef9b203c794102310d8315bc1f21f9ed1f',98,1,'focus','[]',0,'2023-02-21 07:44:40','2023-02-21 07:44:40','2024-02-21 09:44:40'),('96cc41b97f7dc7a74a9b2be07a6a0b33a6322def37eb3aee473c1d51c24815ca07dd919e507c7782',295,1,'focus','[]',0,'2023-09-26 19:25:50','2023-09-26 19:25:50','2024-09-26 19:25:50'),('96dbfac78961081390380ba9737053450aad37d73929806e6e6985af1a8b23404376982711c66dc7',108,1,'focus','[]',0,'2023-03-02 11:26:01','2023-03-02 11:26:01','2024-03-02 13:26:01'),('971b10eed9b1b881889ac8d8de6ecb02cb198a4c2f393b6c681445718293280cdc2a33903bdc165f',96,1,'focus','[]',0,'2023-02-18 20:18:23','2023-02-18 20:18:23','2024-02-18 22:18:23'),('974ce72ee9fb5502036edc97b3085e19435d098555bfca74ff24fd067cb1f40626ff1febfb5e07bb',193,1,'focus','[]',0,'2023-04-23 04:55:34','2023-04-23 04:55:34','2024-04-23 06:55:34'),('9752ef16cc376d284f808cb8100803cf3343d5a458864bd877bec319da4de625f736f989c37babc1',192,1,'focus','[]',0,'2023-04-21 23:53:55','2023-04-21 23:53:55','2024-04-22 01:53:55'),('97b8b6ccdae13ea3933c0a49c095a16061cdc730bc78405379a60c234e272195f068c50bf4a0da7c',95,1,'focus','[]',0,'2023-02-18 19:24:32','2023-02-18 19:24:32','2024-02-18 21:24:32'),('97ccf370ea3149ec41c04e5be06028656214856278eada16c99d9eecd982a2c00ed27704be718400',148,1,'focus','[]',0,'2023-06-22 09:20:23','2023-06-22 09:20:23','2024-06-22 12:20:23'),('97e6884e7b258e4a757a86f07f149726bf79bcde02752e6d254cd2fc4b93dfead5d18fa2e5d2e746',291,1,'focus','[]',0,'2023-09-10 23:26:03','2023-09-10 23:26:03','2024-09-10 23:26:03'),('97f0079398637ad5f259ca553b8cb482e96eccb55e8a00cad2cbaf0be68c7cde51c1b34ac9bbe83e',379,1,'focus','[]',0,'2025-07-07 00:17:37','2025-07-07 00:17:37','2026-07-07 00:17:37'),('98e2f5edc518c2965de2416afd211da167bc483d012bb20e2d6e9aacd7541558b0b20f6a9ef1cae8',170,1,'focus','[]',0,'2023-04-17 10:41:09','2023-04-17 10:41:09','2024-04-17 12:41:09'),('9958bc8af5a3023b4add96927bac0011ee2f4c8a28ca8e34d2053863a6e8a00edd476b78fc320dad',152,1,'focus','[]',0,'2023-04-12 12:15:21','2023-04-12 12:15:21','2024-04-12 14:15:21'),('996b0c253c0a851ab17f44c9d63043674a9d54efce82702ae90e1e233a399e05902ccfefcbaf858d',338,1,'focus','[]',0,'2024-02-24 13:33:36','2024-02-24 13:33:36','2025-02-24 13:33:36'),('998e75263735514f4059610e920e70cde29ecb7d6a2582abded01e73effbd69edc594bbbe28e9b20',11,1,'mazraa','[]',0,'2022-06-23 08:07:08','2022-06-23 08:07:08','2023-06-23 10:07:08'),('9a1772f9edb07a95ffca3e16956773da1c2a873ca19c50dfb3d06c0134f85a9b77cd08a1ae7d4aa3',89,1,'focus','[]',0,'2023-02-18 07:20:15','2023-02-18 07:20:15','2024-02-18 09:20:15'),('9a25643979e68203becac1945d5a14a8f9463c9db616e5c7c361f7110d7a31e9a054ec10ccf8732b',157,1,'focus','[]',0,'2023-04-13 09:04:22','2023-04-13 09:04:22','2024-04-13 11:04:22'),('9a51a03cfbc3fd97d7da8f78e00a6e060085e5d12b2a7b111d113c7f2312041feaa1f63efa4279bd',96,1,'focus','[]',0,'2023-02-19 07:54:18','2023-02-19 07:54:18','2024-02-19 09:54:18'),('9ab004dcafe0aeee413d120ea0213f86c1392a350f2607d4aaf61553a93fdc0d0149125cde319014',170,1,'focus','[]',0,'2023-04-17 10:41:16','2023-04-17 10:41:16','2024-04-17 12:41:16'),('9ad209624a2cb471234b0850be0b9c2623f89c179b30388242edb9de2881d610cf1062bef2c33723',84,1,'mazraa','[]',0,'2022-11-20 15:10:45','2022-11-20 15:10:45','2023-11-20 17:10:45'),('9ae78ab616af43bb95921c7f3e451354a6eab008b079ad33ea1243afe4ce3a6d80c8f425b9e1a4bc',118,1,'focus','[]',0,'2023-04-09 05:56:50','2023-04-09 05:56:50','2024-04-09 07:56:50'),('9c5fa9f9456cc461e32ff54309aec2878e959dd7a449e35c3f9b38c008028bbea07db3332a99fe84',338,1,'focus','[]',0,'2024-03-26 20:16:39','2024-03-26 20:16:39','2025-03-26 20:16:39'),('9cc665e3fd93737edd0469763ff9280424361fe9731a018f20536c3841d9beb9e3b15b1a9c246453',376,1,'focus','[]',0,'2024-10-13 18:43:49','2024-10-13 18:43:49','2025-10-13 18:43:49'),('9cc6f73945efad88e708d9523aa8a82790e36df64a1286e0c54ed12520baafade5ffcf2195cdf674',115,1,'focus','[]',0,'2023-03-11 17:34:24','2023-03-11 17:34:24','2024-03-11 19:34:24'),('9cfd80f23f4bb84499a228abe1bb514164a21ebe910aaa3e7427838cb24ab85044587b21f6108c86',143,1,'focus','[]',0,'2023-04-09 20:05:08','2023-04-09 20:05:08','2024-04-09 22:05:08'),('9d9b1237a8ba6dd500eee2b7141bcb144d83ea77aa22cd973996a70a61c1d0b0edd2138d843f2fd2',320,1,'focus','[]',0,'2023-11-05 22:16:26','2023-11-05 22:16:26','2024-11-05 22:16:26'),('9df879bae7e05bae563e7acf9d07bd829b639127acd6843630f7213a4edf7b332b5264cc9096a7db',154,1,'focus','[]',0,'2023-04-12 09:42:07','2023-04-12 09:42:07','2024-04-12 11:42:07'),('9e047313d46ce408c4f67f4073c549703074d70ad53758f5d6c525eab30da4bd846d6d4b7932a044',194,1,'focus','[]',0,'2023-04-24 00:40:05','2023-04-24 00:40:05','2024-04-24 02:40:05'),('9e074de2ba203654508dcf4ff346a14a377ea9f21be201699dfbda7d524d0f2f8fea18da5f4b4fdb',115,1,'focus','[]',0,'2023-03-07 05:52:55','2023-03-07 05:52:55','2024-03-07 07:52:55'),('9e5fb2432a3690aebc49469e6a524b0aae26a22e27cf0c57824011e08530ecb07cc6238c4027e0ee',216,1,'focus','[]',0,'2023-05-19 23:24:06','2023-05-19 23:24:06','2024-05-20 02:24:06'),('9eaf9f86636d7c1ba0ec78c83f5e3561bf884d7f62c4750a1910c31c3edefeb0c82768f8db6ce659',179,1,'focus','[]',0,'2023-04-19 14:31:27','2023-04-19 14:31:27','2024-04-19 16:31:27'),('9eccc5fe9750e704e806579dd097d20a10a1e560ab8731ab66f935a3f20b29db49bdb076c6b26ddb',153,1,'focus','[]',0,'2023-04-12 21:07:50','2023-04-12 21:07:50','2024-04-12 23:07:50'),('9f12496a94a1ac3936b8fdb39253f0cb0f40c050104539d1aab3cfc176c32903382070dee4b66433',374,1,'focus','[]',0,'2024-10-09 12:32:51','2024-10-09 12:32:51','2025-10-09 12:32:51'),('9f2bb83befbc623824cf3ee4515abb1220bc971f680a6ecc93633456c873760a265534d084ee6c1d',211,1,'focus','[]',0,'2023-05-08 20:54:08','2023-05-08 20:54:08','2024-05-08 23:54:08'),('9f5a014e9ec0d3d76b3928e9828c1b7027f01c843be922a40a2a7b9de48a9a82d827b6c25f53b5a3',143,1,'focus','[]',0,'2024-02-18 23:06:18','2024-02-18 23:06:18','2025-02-18 23:06:18'),('a035e6f3a423bcf1e9fa7709c53caf02675ef6f2fd2e58a4460c03030e4fa865f4b49b99af783ff1',98,1,'focus','[]',0,'2023-02-22 13:21:09','2023-02-22 13:21:09','2024-02-22 15:21:09'),('a03f1b07da1c41db3bac01306e871c776abb0da13f251dc23d3941ebad843a4477b7036c7475d01a',245,1,'focus','[]',0,'2023-06-29 09:59:42','2023-06-29 09:59:42','2024-06-29 12:59:42'),('a06d5c61f9303be809af04fdbdffe6684577c9acdf10f80d1d2e1240195e4d366d2ba219e605dbde',141,1,'focus','[]',0,'2023-04-09 16:41:33','2023-04-09 16:41:33','2024-04-09 18:41:33'),('a08e4f14739845b33133492d8b77eb18ec4917bc3c50b8538868204ac7009e86ecf244cfa162f95b',144,1,'focus','[]',0,'2023-04-10 05:41:04','2023-04-10 05:41:04','2024-04-10 07:41:04'),('a098aee3a9b3833d10fb1c7b07091f14e77bcd0db24f0ef7a392e9bb0824bf35a70ec8c9859b07a9',115,1,'focus','[]',0,'2023-04-03 12:59:27','2023-04-03 12:59:27','2024-04-03 14:59:27'),('a0a3abb4532a86b9da0c231de69f709f55a79cbf4b0edc338cb031a3250368001c2544fa0cae56a4',287,1,'focus','[]',0,'2023-09-03 07:54:03','2023-09-03 07:54:03','2024-09-03 07:54:03'),('a0d0cf3535a263ddab982cb9118f80f3a837d282aa4f4939ba2f3261695594a990037d683172111d',70,1,'mazraa','[]',0,'2022-07-06 06:25:06','2022-07-06 06:25:06','2023-07-06 08:25:06'),('a1be3501cf0e5064e06a063787be22e808c4d53a2944b6499f8ccaf7d88e1c7acf4b173f0f74d5cc',163,1,'focus','[]',0,'2023-04-15 10:56:51','2023-04-15 10:56:51','2024-04-15 12:56:51'),('a1e503e99f87232da95fbbcd5e29239ccbf7bdecdb03959c653b8fb7e9a5daee5251e0b4fc3a09fe',73,1,'mazraa','[]',0,'2022-11-17 06:03:30','2022-11-17 06:03:30','2023-11-17 08:03:30'),('a1eaeb7c2959c5045cfddb94dd7278f9252f44970d33611605fb0fd15811c2f910a539791762d50a',75,1,'mazraa','[]',0,'2022-09-29 06:09:54','2022-09-29 06:09:54','2023-09-29 08:09:54'),('a1f4cff23f69aff085319d80703a3d7eeab1db9b2284229749b653bfe7abbe353b796748f2fec8c9',95,1,'focus','[]',0,'2023-02-18 19:32:06','2023-02-18 19:32:06','2024-02-18 21:32:06'),('a209f135a8d65fbfa0a7e1932a0bb43ee3d6e192499a7c80d55404eade1e55fe3d0599885eece540',280,1,'focus','[]',0,'2023-08-23 18:33:57','2023-08-23 18:33:57','2024-08-23 21:33:57'),('a27f51a53b0eb4ef88f6c135d2e62729bdad510d93495760b39412bf90bd2df81bda0e4eb38421fa',97,1,'focus','[]',0,'2023-02-19 09:47:43','2023-02-19 09:47:43','2024-02-19 11:47:43'),('a2857c4665cc36bc46c6303205e5aff8ca75e931ffa3bc570848661036a7ecbb2cbc9f9917770e44',97,1,'focus','[]',0,'2023-02-20 05:48:15','2023-02-20 05:48:15','2024-02-20 07:48:15'),('a2b89520dc35d4acfbb14970875dce1ab573d931eeba632e781e344a86e60bffc944c3444db15614',290,1,'focus','[]',0,'2023-09-10 16:30:27','2023-09-10 16:30:27','2024-09-10 16:30:27'),('a2e3d8adc73a2a73a5b107bc87f82077b92c66aa7e55eec0ba4585c18b24b4e868c7c4c7eb95250b',338,1,'focus','[]',0,'2024-07-17 15:21:14','2024-07-17 15:21:14','2025-07-17 17:21:14'),('a30630d0860f627234db49d3f0bd958f00887be75f40c84d0cacc9d2df32d172c8e1740cd19acec1',240,1,'focus','[]',0,'2023-06-21 22:51:10','2023-06-21 22:51:10','2024-06-22 01:51:10'),('a351fbe636ba0c4f4bdea509db230e44f0cc3d691c2f0e83f62ba62a7e5a31b905b6f2b83665c57f',169,1,'focus','[]',0,'2023-04-16 20:40:47','2023-04-16 20:40:47','2024-04-16 22:40:47'),('a408ac73eb5496aacf064019b541139b523f5c17eb7f7d641e9425e81271713e521a9978729e7d8e',329,1,'focus','[]',0,'2023-11-29 21:13:48','2023-11-29 21:13:48','2024-11-29 21:13:48'),('a41a7451e4206ff81d8316f4c4b0e33a942c96752bc9063e566e6d19e2e0ca2c46d60b75c7c1b15d',116,1,'focus','[]',0,'2023-03-07 21:33:40','2023-03-07 21:33:40','2024-03-07 23:33:40'),('a4a1d476b14712084c064fb7dc6b5cf0c608946d979bffb2358e2da0f886af8e2d637bcabf57dac7',260,1,'focus','[]',0,'2023-08-09 11:55:29','2023-08-09 11:55:29','2024-08-09 14:55:29'),('a4b059fb75bdea55c541995426b280ecc9be13c5f5067174e46ecccd6b1a8c49c62c697c5e6b8fdf',178,1,'focus','[]',0,'2023-04-19 10:29:46','2023-04-19 10:29:46','2024-04-19 12:29:46'),('a4cb306ad634b75250675fd285a0245668d0890c9a2794a88aa2e874677a1cfb01526a5a481dcc58',3,1,'mazraa','[]',0,'2022-06-23 07:55:37','2022-06-23 07:55:37','2023-06-23 09:55:37'),('a4eb7a34b80feca71fc913ad7db3965dcc4b99c88f9d00cee49a5d7117965e2956ce0c63095ba70f',287,1,'focus','[]',0,'2023-09-03 07:54:06','2023-09-03 07:54:06','2024-09-03 07:54:06'),('a4edbd59fab369be0cb4a5d68f9185e8ffe12497e2d12c165df82d3c60981959602e2c0369e196ac',73,1,'mazraa','[]',0,'2022-09-28 08:50:48','2022-09-28 08:50:48','2023-09-28 10:50:48'),('a4fe1ca32602c0343f54e0f589b0c683ad2dc8bc6d1b6c6d5b487c4ba807dd0a10f7946f88f395fe',115,1,'focus','[]',0,'2023-03-30 08:44:59','2023-03-30 08:44:59','2024-03-30 10:44:59'),('a5147bc49a4ae199294ef37d36ca57ecb98aaf7a3f9ff79c1aa7103667174f34f9c461c26cd72bbf',118,1,'focus','[]',0,'2023-04-06 05:58:28','2023-04-06 05:58:28','2024-04-06 07:58:28'),('a542696c7c689aa462ae0db9b6c083c2c70e52c94b350d415126ec24dcc787a8663bee0538f41984',153,1,'focus','[]',0,'2023-04-13 08:38:09','2023-04-13 08:38:09','2024-04-13 10:38:09'),('a5d883efb11adb6ffd52cebe331878d15726e47893fc8f55c73c3defaf242c34d2aa2ff425f78371',338,1,'focus','[]',0,'2024-03-26 21:15:04','2024-03-26 21:15:04','2025-03-26 21:15:04'),('a5f246fc6639d1058609c0269becdeebc0172b32ad7a1dc24bf115c47c77d2b4322f4a6cd76d5384',268,1,'focus','[]',0,'2023-08-02 05:30:23','2023-08-02 05:30:23','2024-08-02 08:30:23'),('a650a032af8729b9c5ee17577673d42666b50d917b97b3ac1de31b9b05ed788bf69891c861ac3d79',11,1,'mazraa','[]',0,'2022-06-23 07:56:19','2022-06-23 07:56:19','2023-06-23 09:56:19'),('a66ccc708471b9ac82986dacd701d54197010986d1bc6dccc3e336307cdf19fafaa5672fb83b5da5',251,1,'focus','[]',0,'2023-07-04 19:43:35','2023-07-04 19:43:35','2024-07-04 22:43:35'),('a6e43939f6300260a1a8e7ba3b51d8cfa0b4901aff31d8bb2f9389299baa411347932a288d4b4a03',113,1,'focus','[]',0,'2023-03-02 12:04:28','2023-03-02 12:04:28','2024-03-02 14:04:28'),('a70ca0b1d3f5de3fe7cd5914b080f51b6cf634832e7cbc065fd677a99bd15460fa44e734fe53c258',73,1,'mazraa','[]',0,'2022-09-28 09:00:24','2022-09-28 09:00:24','2023-09-28 11:00:24'),('a8013257797c2be318ed9399fececd2d183d2035af1560bac57d4d44e1016a795633779fae1b75eb',108,1,'focus','[]',0,'2023-03-02 11:25:40','2023-03-02 11:25:40','2024-03-02 13:25:40'),('a8643d88c8107bc2d157babdbcfa80d405f5d3a489c44a7a7d2dcf4286e618ce1db38e4fe3989aca',7,1,'mazraa','[]',0,'2022-06-22 10:16:25','2022-06-22 10:16:25','2023-06-22 12:16:25'),('a8987b830944879db36eb7ae81e6634ef769a410115715524209b5e77ba57ce2ad66fa72275e6657',229,1,'focus','[]',0,'2023-06-02 13:49:08','2023-06-02 13:49:08','2024-06-02 16:49:08'),('a89c4a8011c5003c076151013709151900251f79bd12239c12b6b00f8e96e873daf0ec7986079bfe',115,1,'focus','[]',0,'2023-03-11 17:04:36','2023-03-11 17:04:36','2024-03-11 19:04:36'),('a8dde0ad9c1069bdbf8a8f9675fd81e029a26a708ac506db938e1ccff53256d75cc479957217de1a',338,1,'focus','[]',0,'2024-04-17 11:38:15','2024-04-17 11:38:15','2025-04-17 11:38:15'),('a9086a42d242d733ce501a81cde50499d8137a6a3c8b6ba1927f8f3a97cd0d719674e4ea54a93cab',97,1,'focus','[]',0,'2023-02-21 06:50:38','2023-02-21 06:50:38','2024-02-21 08:50:38'),('a91a9cfec01ef8643cf48184dbc6a3589a8d85bafc60156eac772999ede7f79566b448c8069295b2',148,1,'focus','[]',0,'2023-08-28 09:03:26','2023-08-28 09:03:26','2024-08-28 12:03:26'),('a9740766e23985a964a8e43a017891c0754a87f26eda464b1282a511c0385589ea2b2dd16a5c8ac0',192,1,'focus','[]',0,'2023-04-21 23:54:08','2023-04-21 23:54:08','2024-04-22 01:54:08'),('aa2c91a0af8105eb3444b887f488d25a6fbb1a8eed13e7106d229c502851d32fa332f01cbfb40bd7',112,1,'focus','[]',0,'2023-03-02 11:56:50','2023-03-02 11:56:50','2024-03-02 13:56:50'),('aa3813e78585961696de9a0026ac29fae342197e0fbf6759d62b7a558e60e9d288d28c4d0c872db8',11,1,'mazraa','[]',0,'2022-06-23 08:06:35','2022-06-23 08:06:35','2023-06-23 10:06:35'),('ab13519133d9eab1a49eeccdf4a0ef8b7808e23fbc877f3a7ba11f2141373a41d51045757dfebaf9',96,1,'focus','[]',0,'2023-02-18 19:50:47','2023-02-18 19:50:47','2024-02-18 21:50:47'),('ab2e7e1b47e1281e18e9582fafdb0758a3c37d97e2410c5af58f06b0229f0caceba6030e4edaae67',116,1,'focus','[]',0,'2023-03-10 11:59:13','2023-03-10 11:59:13','2024-03-10 13:59:13'),('ab31a3d3a5a3f03e890b5ff769499a7f1247a1bfb863f000e8c2bab5d51548c2e27bf5b601d18ebc',212,1,'focus','[]',0,'2023-05-10 05:49:57','2023-05-10 05:49:57','2024-05-10 08:49:57'),('ab408f2d186819f37ede9b6a95bc3ac83e0d01b9ca81e86aa5c304e6c8a092676d4e3717db695aec',115,1,'focus','[]',0,'2023-03-07 16:28:26','2023-03-07 16:28:26','2024-03-07 18:28:26'),('ab7e44b3ac16047af7592d8d2c10212190e4a0e01d6200ad085a65f6ea1ab085d14449444f2de3b2',117,1,'focus','[]',0,'2023-04-06 05:42:47','2023-04-06 05:42:47','2024-04-06 07:42:47'),('ab94419973969f3e986c784ff61a6ae13d912c03ffae54200c181479959171440c65506fb92b7a6d',73,1,'mazraa','[]',0,'2022-11-01 09:26:37','2022-11-01 09:26:37','2023-11-01 11:26:37'),('ab94ab44313feae373626d1e95be3fe2ec65cb998c2d1f71ef85315ca87343673cee635fc13b1adc',127,1,'focus','[]',0,'2023-04-09 09:54:15','2023-04-09 09:54:15','2024-04-09 11:54:15'),('abe55a130b594fa1ef9d04dcf6808e5b51a5f085ffce25581239e1ca91324871a5ff43fee5c23cf8',153,1,'focus','[]',0,'2023-04-13 12:35:43','2023-04-13 12:35:43','2024-04-13 14:35:43'),('ac63b8e84ef3f091f4f8f4fa197469b7a9f3abd8a1b089d12b2c0b09adcba7a80065f36b087d809b',11,1,'mazraa','[]',0,'2022-06-23 08:01:42','2022-06-23 08:01:42','2023-06-23 10:01:42'),('ad76be0895f93a8b8565989c688c5b1cb7442f98ea5784dfbc772091fcf669575e70df9b97294822',98,1,'focus','[]',0,'2023-02-21 07:41:12','2023-02-21 07:41:12','2024-02-21 09:41:12'),('add2c8a54be33b02d96ae75a047f1a0a950ae6f4e0feda95ccb826a8f6727660e9f04f92cefeccda',238,1,'focus','[]',0,'2023-06-21 16:59:44','2023-06-21 16:59:44','2024-06-21 19:59:44'),('ae2ba51e641e817c6cdee5c9e487500e18fabbbd900c2729af7683c09a23e609f7564179aa7ddbdf',71,1,'mazraa','[]',0,'2022-07-06 11:18:27','2022-07-06 11:18:27','2023-07-06 13:18:27'),('ae2d97b874fb9127a133ecd23b328ec2fb5bb22f49a993af97cc85d8784286ac8cce366de7c27b24',97,1,'focus','[]',0,'2023-02-20 10:41:10','2023-02-20 10:41:10','2024-02-20 12:41:10'),('aeae78b1b54075f747f8429305eccf6f9916f1aafeefa9f57793ca7aa8a7c563e455d2bcd57017bb',228,1,'focus','[]',0,'2023-05-30 01:57:28','2023-05-30 01:57:28','2024-05-30 04:57:28'),('af17e574f0fa0cd35bf9c33af6007a2a316a1d7a1dc710d3641c1c67ecafbee3f95e24e38a396254',239,1,'focus','[]',0,'2023-06-21 17:10:52','2023-06-21 17:10:52','2024-06-21 20:10:52'),('af4062d25f56d77176fe742e1db752be427bc43c5c74e39e4b3b9444b665a32fe143c2a469b5508b',9,1,'mazraa','[]',0,'2022-07-06 08:51:33','2022-07-06 08:51:33','2023-07-06 10:51:33'),('af73e058eec6d3c4a0a60754b66aef4b6dc32797afea0a11da22bde83be7b0fb9348f0f66216b329',115,1,'focus','[]',0,'2023-03-13 20:35:18','2023-03-13 20:35:18','2024-03-13 22:35:18'),('afeb7e116c4046d762111f807c7f96ebfc4f4cfd04d70e916db0b02ffa3501012f508c5cfd058779',289,1,'focus','[]',0,'2023-09-08 17:17:08','2023-09-08 17:17:08','2024-09-08 17:17:08'),('b01a0bd21e16ecbd521088a66719a576d09305ac24f3b90b4f30b578d2a16f95f21013ef59a77d5c',344,1,'focus','[]',0,'2024-03-26 19:53:19','2024-03-26 19:53:19','2025-03-26 19:53:19'),('b066eaadde1521d31cc682c79e408f104187cefd123fc5e2b17a602692ab1230018d54393b62258e',73,1,'mazraa','[]',0,'2022-11-02 09:51:21','2022-11-02 09:51:21','2023-11-02 11:51:21'),('b0f9da9a6286c68fb48f0a3878bfce835199b90592d4d70d9535d06f2465bb604629b2d758b90063',116,1,'focus','[]',0,'2023-04-08 06:58:29','2023-04-08 06:58:29','2024-04-08 08:58:29'),('b11c0e6d4ee457cbe68378629bf63f43da899ae6af7b7943ba44f70c95d3f8d912c4d64aa1e0d9d7',148,1,'focus','[]',0,'2023-04-12 20:15:39','2023-04-12 20:15:39','2024-04-12 22:15:39'),('b13aa59ec2e2a5e11bdce3327b5809b403d3aa1959606d362d5c37f0904cdc79e84f1239eaac4166',229,1,'focus','[]',0,'2023-06-02 13:49:04','2023-06-02 13:49:04','2024-06-02 16:49:04'),('b14ad02331fdedcee3282c92d6f8487096272774042c0979a90d3c03116b3efd1c40c870cbd01c45',73,1,'mazraa','[]',0,'2022-09-28 08:58:45','2022-09-28 08:58:45','2023-09-28 10:58:45'),('b1c84bcf8361368a54537e4f007e4c0811f88f135bf1ff29fe98e31710aa5be26e195d1b5fb2627b',318,1,'focus','[]',0,'2023-11-04 21:14:40','2023-11-04 21:14:40','2024-11-04 21:14:40'),('b1d7cdeb1cac41ac8978467486f234548ac0cb84b60fc53da85b6d37dbe07d64b43f26c96e9bd460',164,1,'focus','[]',0,'2023-04-15 13:15:46','2023-04-15 13:15:46','2024-04-15 15:15:46'),('b1e9f3eba1662b40f712bd7c3d10fea9d22b2237680408281562c1eb44cd8d69df28720febffbef9',73,1,'mazraa','[]',0,'2022-11-17 08:26:16','2022-11-17 08:26:16','2023-11-17 10:26:16'),('b1fd1874258d9715e6a6edf0f19c9a78c0a4e454fc10f2ad207f3897e13138632f986aa775a13bda',97,1,'focus','[]',0,'2023-02-21 06:46:55','2023-02-21 06:46:55','2024-02-21 08:46:55'),('b2057e30d4fe48c249c13973057d6494d6ef00ee8356ca7ce2b10a84eb9be9ef4863cb092abd4607',115,1,'focus','[]',0,'2023-03-15 08:47:46','2023-03-15 08:47:46','2024-03-15 10:47:46'),('b2376a148b2195e2fc0dbdc0597afab7b071d76ef0bf13d8366b5d9582a268240f808e64393340af',153,1,'focus','[]',0,'2023-10-03 11:52:23','2023-10-03 11:52:23','2024-10-03 11:52:23'),('b248b659639e91061bfa335192ebe479da9d57b34e61daa6f17dae20d89ed02d9728d81ea0b45003',81,1,'gold','[]',0,'2022-10-29 08:32:41','2022-10-29 08:32:41','2023-10-29 10:32:41'),('b294dcb62de1f2e8e4ddcd16c68e3cc2c2e5433447a8c750dc4f6046d47097ffb8c374624cbbb2cf',151,1,'focus','[]',0,'2023-04-11 20:31:02','2023-04-11 20:31:02','2024-04-11 22:31:02'),('b36c4a62968a4bbb5a2f642a8ec8ba865a8ff34c1af359a82cef38faea56f711d1fa2d63d504435a',116,1,'focus','[]',0,'2023-04-09 09:29:04','2023-04-09 09:29:04','2024-04-09 11:29:04'),('b39e67fbc337bba679f8ff5acbd3e2110eeaa581aad04cd7fc38dc8534fd892cb9bfdb119f31c708',151,1,'focus','[]',0,'2023-04-11 20:23:19','2023-04-11 20:23:19','2024-04-11 22:23:19'),('b3b60365ef3306e7837d7f6de7b32f01ddc9c8cb772b9c033d0df77e833b623d74eaaed1c64edc1d',97,1,'focus','[]',0,'2023-02-20 08:27:55','2023-02-20 08:27:55','2024-02-20 10:27:55'),('b3f0e87e234522915ef0da9c5062676f84aacdb35c97820a2e8fd1366705ca5ab4ffca6df5b395c9',377,1,'focus','[]',0,'2025-02-23 01:45:40','2025-02-23 01:45:40','2026-02-23 01:45:40'),('b3f967cf4887d235421f6b82c1ce35d3a8202277f8ef2dcffe43ca95022f655422980d66e757f5b8',290,1,'focus','[]',0,'2023-09-10 16:30:43','2023-09-10 16:30:43','2024-09-10 16:30:43'),('b41650343a08c0335c86711ec126e5f875f2c5eb60c1f28266715411fe20bd148a477d72804ae7cd',139,1,'focus','[]',0,'2023-04-09 10:44:18','2023-04-09 10:44:18','2024-04-09 12:44:18'),('b4fa6740e4272c7c820ea9ab905baab41cab4c3c789da70bbaaef1c124905046bd520f038677477b',87,1,'focus','[]',0,'2023-02-17 09:12:16','2023-02-17 09:12:16','2024-02-17 11:12:16'),('b56516523a4a14fc4fe47bdf8d1a41b151c9df3dc492fcf115d49c5c3630d337792fa79d3e9d8b6e',316,1,'focus','[]',0,'2023-10-31 09:29:52','2023-10-31 09:29:52','2024-10-31 09:29:52'),('b573d65f6c4d83563b87a176f5bb74d3743b27b6f14bce449b53012a802dd950325d06ce4e245910',79,1,'gold','[]',0,'2022-10-29 07:27:11','2022-10-29 07:27:11','2023-10-29 09:27:11'),('b5864ea877c956f96e77399d2a61921282ba646385eefde6cf8c0d649f7e706a529e7d0cba6d44e0',87,1,'focus','[]',0,'2023-02-17 09:12:23','2023-02-17 09:12:23','2024-02-17 11:12:23'),('b5868cedbe7709adc957499cdfea8931cfd51535249469397f209e1580f798822a47d6a6dd7ccca7',148,1,'focus','[]',0,'2023-08-27 20:42:05','2023-08-27 20:42:05','2024-08-27 23:42:05'),('b5bee41df91ef10dec9f76d1949233dfa08fad3b4c18dc43f9bb16c74386349e4747ebf41510a1a3',231,1,'focus','[]',0,'2023-06-05 07:52:59','2023-06-05 07:52:59','2024-06-05 10:52:59'),('b6409ab62b91371b23806aaedc7847ffad82f1567658d0d641a7f849907da5e51d94d3c8cf537bf1',217,1,'focus','[]',0,'2023-05-21 17:15:10','2023-05-21 17:15:10','2024-05-21 20:15:10'),('b65012ab78117f099861c87999ead30118c00ea781182ed629c2ee232799b6fff7c31dcfae9b83e7',71,1,'mazraa','[]',0,'2022-07-06 11:21:12','2022-07-06 11:21:12','2023-07-06 13:21:12'),('b6dea26bddc56c7cb47d7a169e25acd478a79962f2a8b6272ac4cc39c49196749da993ee8bf0168d',90,1,'focus','[]',0,'2023-02-18 18:58:46','2023-02-18 18:58:46','2024-02-18 20:58:46'),('b728fae487195052fdd054156d3424385bd7a8254b11e9b94c23406b3b86753bc286c4aba0a12d30',127,1,'focus','[]',0,'2023-04-09 09:51:53','2023-04-09 09:51:53','2024-04-09 11:51:53'),('b8a019afc03dd3ba155a18f9de4ddf281f5444acece46f6f9ac2debe476008999bda12c3b201441c',266,1,'focus','[]',0,'2023-07-29 06:51:25','2023-07-29 06:51:25','2024-07-29 09:51:25'),('b8c54415f3d23211a15f376a4fb2f93fc018f60083f3b784b91b756bc0daecd49e0fffd99ff54dd0',96,1,'focus','[]',0,'2023-02-18 19:49:38','2023-02-18 19:49:38','2024-02-18 21:49:38'),('b8d001d268fa768713adb4f0cf3c85fdc9f3aac27b1a70960e72f4a4d5fcf5a49d2755ebf95bf1d6',213,1,'focus','[]',0,'2023-05-12 20:52:59','2023-05-12 20:52:59','2024-05-12 23:52:59'),('b90aa5f9976175cf954f33471bd2d6574e386fe96ab762b3758365e1deeb742ab66ff3b5448af5b5',83,1,'mazraa','[]',0,'2022-11-20 14:23:47','2022-11-20 14:23:47','2023-11-20 16:23:47'),('b91b429ba645127736365bb571d7750d5559722951fd5a047a5445ee274634df09e4bdf26a4e8211',286,1,'focus','[]',0,'2023-08-31 02:47:08','2023-08-31 02:47:08','2024-08-31 05:47:08'),('b945c4cba3463071411d710dfeae51ae22552b26065e7e3f78d3ee616a21bbdfd31dbdf48f1e51da',89,1,'focus','[]',0,'2023-02-18 07:17:33','2023-02-18 07:17:33','2024-02-18 09:17:33'),('b9f05ce3d3694e2d8b114d0c0eede59bfba37afd57938e1f15e27f71b5cbf50d55a830d09d96b2da',202,1,'focus','[]',0,'2023-04-30 16:44:24','2023-04-30 16:44:24','2024-04-30 19:44:24'),('ba17c8278d00414d3c23f923ab1281f9c84e507403ed7ef8f1f0a381072e5f170c3c6ff753be92fb',116,1,'focus','[]',0,'2023-03-07 21:36:55','2023-03-07 21:36:55','2024-03-07 23:36:55'),('ba8df60db56be9f5568ac0ebb08e44712c3d894004ef88e066a904a5d72d7241fbc52f7dab8e6dd8',338,1,'focus','[]',0,'2024-02-18 23:06:52','2024-02-18 23:06:52','2025-02-18 23:06:52'),('bac476380657dbb46523454aa70b573ee350b02951e5161ce6a57775056f115f29ced520c7579235',11,1,'mazraa','[]',0,'2022-06-23 08:07:23','2022-06-23 08:07:23','2023-06-23 10:07:23'),('bb119c9c4a4768a629b2df4b6e45c7d6554d111eb6254c880af4ad2bf01bbbd517013efdc3ea6dc6',229,1,'focus','[]',0,'2023-06-02 13:49:04','2023-06-02 13:49:04','2024-06-02 16:49:04'),('bb2adc73096ae0f0ac1845626efef6db529e74f01c2619e1ce414f4e4252b7f45bae4647b1177255',286,1,'focus','[]',0,'2023-08-31 02:46:50','2023-08-31 02:46:50','2024-08-31 05:46:50'),('bb8dd97f4e48c89aa7673dad18fc9964f8e1b3c7f93af9ec85062d9eacaf38ccb7aa008047c10d76',116,1,'focus','[]',0,'2023-04-09 09:41:12','2023-04-09 09:41:12','2024-04-09 11:41:12'),('bb99ba908dd2ef3682e9de5d0ea0c8b9a5a8c03bb45cea645862d284bfbbfee1469d3cf423788ae4',67,1,'mazraa','[]',0,'2022-07-04 17:23:29','2022-07-04 17:23:29','2023-07-04 19:23:29'),('bbb117d3d1ee83ba9c4e36dbdc563b8a028d6ddd21bb1bba02e6f8fe4235600795400122dc2cfffe',230,1,'focus','[]',0,'2023-06-02 14:25:37','2023-06-02 14:25:37','2024-06-02 17:25:37'),('bbc49d964b04a8e7031ad5f629e0b7bef9b6dff77370f892910b54417225d960bf9c0dec1c030ccd',211,1,'focus','[]',0,'2023-05-08 20:54:21','2023-05-08 20:54:21','2024-05-08 23:54:21'),('bc6840b2bce699bb60de3cf220b61a8028f9dd7dcebb81f2f80d0d436e667911e687983dadd16bed',327,1,'focus','[]',0,'2023-11-23 14:13:13','2023-11-23 14:13:13','2024-11-23 14:13:13'),('bca58c2e823b0dfcc8eab20c3d8db8215026e85699f8fa48926f826cfdefa18345172f05d26d8d99',142,1,'focus','[]',0,'2023-04-09 18:10:53','2023-04-09 18:10:53','2024-04-09 20:10:53'),('bd16073660556a829116c9b333d23d9f233b794f14048fdf68471de1a9d60d1f977da5093b478ab7',89,1,'focus','[]',0,'2023-02-18 07:23:41','2023-02-18 07:23:41','2024-02-18 09:23:41'),('bd5607cf62c4bc405b7aa81ef075da796229de7a77b369e06feab9f9d0a2ce943ba670837a5bd20e',282,1,'focus','[]',0,'2023-08-27 11:28:34','2023-08-27 11:28:34','2024-08-27 14:28:34'),('bd61e4b967ee7a5db6c210c1ab67df531000e8037784293949ea6a2452a8c44c7f719e31e5660874',209,1,'focus','[]',0,'2023-05-07 06:01:11','2023-05-07 06:01:11','2024-05-07 09:01:11'),('bd9383acd51fa32704fdc3b0ba0077f2fa8ccd4bd965d787b764f3d89fc4a191c1aa77d6d5c30eea',143,1,'focus','[]',0,'2023-04-09 20:04:17','2023-04-09 20:04:17','2024-04-09 22:04:17'),('bdcf7acfda31f4d828fe351fd5e2d437e87631c51a23f4dca12130f59301e344caf4b476b48e2489',148,1,'focus','[]',0,'2023-04-16 00:19:41','2023-04-16 00:19:41','2024-04-16 02:19:41'),('be64a5a04e29d74f51fe01b8b6660c6be0362ba621e357d7ff56e2083c3235358cf51bced6fe40b7',115,1,'focus','[]',0,'2023-03-11 11:36:11','2023-03-11 11:36:11','2024-03-11 13:36:11'),('bed0d0c50a61042c5d2adc322bcf2e98eb40b67cf19e2479d6f7df7b857fa51fada843295de02ecd',189,1,'focus','[]',0,'2023-04-21 12:14:46','2023-04-21 12:14:46','2024-04-21 14:14:46'),('befdae86e75089a1ada43aad9e36107e8e7d4ed5085cda492663147d9d15293a8b2dd786477e773e',199,1,'focus','[]',0,'2023-04-29 23:17:26','2023-04-29 23:17:26','2024-04-30 02:17:26'),('bf2a03286096605c13c234da4e76c6cd3f9615a6b67902680ea79b6fbe2110216e1c9c4861f59e30',184,1,'focus','[]',0,'2023-04-20 15:18:18','2023-04-20 15:18:18','2024-04-20 17:18:18'),('bf2ffd7d786c1aa7646751b9c6834c64442c656e054112cf4a8faf5a43f89de0bb773bfbe36df044',280,1,'focus','[]',0,'2023-08-23 18:34:12','2023-08-23 18:34:12','2024-08-23 21:34:12'),('bf53684a17c9052c0c972fdaa252b91dfd7422e78542dd903efe3f13a97a72376505ec9b5239a681',338,1,'focus','[]',0,'2024-02-25 19:42:29','2024-02-25 19:42:29','2025-02-25 19:42:29'),('bf57cd1e1ce41113b484006407c8955737b4087ca65b19ff892887ada4ecf641086e862ba9b3c8d4',116,1,'focus','[]',0,'2023-04-08 07:29:40','2023-04-08 07:29:40','2024-04-08 09:29:40'),('bf65a8bf9fb445e06553cb3cdabb29f88b7e57b3e611886b608eb929149653fc3e1f06620748689a',147,1,'focus','[]',0,'2023-04-10 08:41:24','2023-04-10 08:41:24','2024-04-10 10:41:24'),('bff62facfa5c22204ac410a78ba5e811a160008e6ae03c385f10e3eac6faaf9f152a41e225c3cd21',185,1,'focus','[]',0,'2023-04-20 18:05:38','2023-04-20 18:05:38','2024-04-20 20:05:38'),('c09da843308a376e04156607bd4e6c8f75c932f76136b6f1c56420fa3fe6987b968f0e7d9894f866',249,1,'focus','[]',0,'2023-07-02 19:03:33','2023-07-02 19:03:33','2024-07-02 22:03:33'),('c0b25b6562f87bb6bd9e5d8dad4e4a485a6a9e7a649e4c10113fa005ae3c46083293d532e8f10d60',248,1,'focus','[]',0,'2023-07-02 15:33:30','2023-07-02 15:33:30','2024-07-02 18:33:30'),('c11f830e91eafe4744fa834d2ca926bb32fc565fb673cf5f58684675a6182532ad7c98e8ac300c24',279,1,'focus','[]',0,'2023-08-23 14:05:11','2023-08-23 14:05:11','2024-08-23 17:05:11'),('c1603235fc823ae17e795f4d49328355c5f868c2aabc9f8282f046c6c9b37be5c39c06ce57605f51',376,1,'focus','[]',0,'2024-10-13 18:43:49','2024-10-13 18:43:49','2025-10-13 18:43:49'),('c193b0972c181a68318f3266f7affface36b9badaaf91bc1e56e77831ffe1904db0d8dd39645984f',153,1,'focus','[]',0,'2023-04-16 11:18:56','2023-04-16 11:18:56','2024-04-16 13:18:56'),('c19abad494f8d0637987e0abcb750810967d4ec719a69093a4a983c1fb32596b94f2631d4e6fb69d',141,1,'focus','[]',0,'2023-04-09 16:40:13','2023-04-09 16:40:13','2024-04-09 18:40:13'),('c1af6ffc9cf5899344ffede1da64d2a02bc8634c4662e821b69bb8dab4d65e5217dd7a16579ebfe4',45,1,'mazraa','[]',0,'2022-06-23 09:54:03','2022-06-23 09:54:03','2023-06-23 11:54:03'),('c1d0fc8b4dae690d5d41591b9e0f160b4ed2019decaa13a2ab5f2d9dda0a9c8604720806a316e829',82,1,'gold','[]',0,'2022-12-03 07:38:27','2022-12-03 07:38:27','2023-12-03 09:38:27'),('c1d19e097046642c65871c409cfe3fddf3b20cdd58f4aadc449e59495a0f256a8ab51f4a8f8efaf3',142,1,'focus','[]',0,'2023-04-09 18:13:46','2023-04-09 18:13:46','2024-04-09 20:13:46'),('c217bd3fdfdb9b81166a934905b0ecbd568ca3241f8c4edbecd8fd4f3592060a39b23ffca69b05aa',158,1,'focus','[]',0,'2023-04-13 09:58:00','2023-04-13 09:58:00','2024-04-13 11:58:00'),('c23af9e31753083f31e41861c087c9860d45949bed2de4e6c2fe81137cdf00492927872884f8562f',220,1,'focus','[]',0,'2023-05-25 09:36:57','2023-05-25 09:36:57','2024-05-25 12:36:57'),('c29a2fdf3669b565d06ee21c98fc33dbfb928ff2707d86ab7b3eea7763503636319bf1c4f745fd85',73,1,'mazraa','[]',0,'2022-09-28 09:16:33','2022-09-28 09:16:33','2023-09-28 11:16:33'),('c306b3ab9820786f4a45d721b60c793e1761decc466968e29163fd51fd9c33e7d5d5c06e0cb845fc',11,1,'mazraa','[]',0,'2022-06-23 08:08:28','2022-06-23 08:08:28','2023-06-23 10:08:28'),('c39dcd129536be45cf366e4462b403a8b9ce32976c1c2826c3c2f09971e18583c2db0799c853bc64',73,1,'mazraa','[]',0,'2022-09-28 09:11:06','2022-09-28 09:11:06','2023-09-28 11:11:06'),('c3d9c6d1fa738da11a7a131f868212652e3ed634e66df153457386a83059a52df8d029bf1b032a90',92,1,'focus','[]',0,'2023-02-18 19:07:53','2023-02-18 19:07:53','2024-02-18 21:07:53'),('c41c0cba6c6f3db0939134d2fab84ffefe763c127d88d1fbcc9aeefa4fb1f60675cd9125cc2ae9b6',86,1,'focus','[]',0,'2023-02-17 08:57:26','2023-02-17 08:57:26','2024-02-17 10:57:26'),('c41dc7fba4a39d078160a70b5edb9cf0a210bb9012eaa4a064f703b40a0cfbcf7e9151982607cb33',145,1,'focus','[]',0,'2023-04-10 05:43:13','2023-04-10 05:43:13','2024-04-10 07:43:13'),('c45345434033191329580dfbfecf1e536b5d9fbe7d6d6a7c581f2ac19ddd906d452ba8c504a43bb8',81,1,'gold','[]',0,'2022-10-29 08:32:12','2022-10-29 08:32:12','2023-10-29 10:32:12'),('c453a0a2c2a645bc8cbbc36112023f8d99af264d944e22175f768fc367e1c667197f159367428afb',152,1,'focus','[]',0,'2023-04-12 05:31:34','2023-04-12 05:31:34','2024-04-12 07:31:34'),('c47a71b8163aa6efeb49be5f13f6ff0df4cfea8c1f92b3e41254824fd36733ebe781921462f6b39a',135,1,'focus','[]',0,'2023-04-09 10:28:31','2023-04-09 10:28:31','2024-04-09 12:28:31'),('c4ad389550b82ab337e79d668a43715fbaba2040c1b2e5f0df8a2e807098bff46fc8dd9908aad77f',148,1,'focus','[]',0,'2023-04-13 10:53:01','2023-04-13 10:53:01','2024-04-13 12:53:01'),('c503071135b3d53f8e576cc15a137fa1303a3ddfb5104d4bf5a2497a5726f8aac3dc224ba706ee46',315,1,'focus','[]',0,'2023-10-28 01:32:09','2023-10-28 01:32:09','2024-10-28 01:32:09'),('c515be08eb0c0749398064b7c0cd9386235eb59e0c30efe9cefe83a61b8ce1e4f13556aaada3ffc5',87,1,'focus','[]',0,'2023-02-17 09:04:40','2023-02-17 09:04:40','2024-02-17 11:04:40'),('c54644e7315bf9b9ba28a2db3c2ea9a59c3c3df7ab5d54d8e714122874a72ca25ff0b3971a6aebc7',98,1,'focus','[]',0,'2023-02-21 10:19:34','2023-02-21 10:19:34','2024-02-21 12:19:34'),('c5a9e304b9e46055cbad9b6c29796c025e42d772a8e46d6700302a6df3153f47170e9a089428364c',155,1,'focus','[]',0,'2023-04-12 15:15:08','2023-04-12 15:15:08','2024-04-12 17:15:08'),('c6203778f676e7fe8f869b36e44abc7742b8a4c902174318f91d8229b1444b21a64f5c294b8ede45',43,1,'mazraa','[]',0,'2022-06-23 09:32:02','2022-06-23 09:32:02','2023-06-23 11:32:02'),('c635a212d0106496136d03887b86815f196f43457710223fe2c70c1fa1223844358ef4e106242fae',148,1,'focus','[]',0,'2023-04-12 20:54:51','2023-04-12 20:54:51','2024-04-12 22:54:51'),('c65891b515cdf1fa7f463216a1f5470e8dd5eda35949ec01782384d6e395f4fb152b73ae9393d60b',165,1,'focus','[]',0,'2023-04-15 20:59:42','2023-04-15 20:59:42','2024-04-15 22:59:42'),('c745ea2b478a8e6e1a3f4f98704588e62fc2c474bd85b657bf0fd0d0396a339c6bdd302fb43d9ffe',45,1,'mazraa','[]',0,'2022-06-23 09:53:38','2022-06-23 09:53:38','2023-06-23 11:53:38'),('c75d29ed3b0eba10a06d78863649ee94f563f6a0bf2f88c234e31de66aa2f6df149b66091348e035',80,1,'gold','[]',0,'2022-10-29 08:21:10','2022-10-29 08:21:10','2023-10-29 10:21:10'),('c78fdf4bbf80cd7111572d879a075e0fdd213a00251d83051170068e2747d0c8b8670928f5edc58b',144,1,'focus','[]',0,'2023-04-10 05:41:18','2023-04-10 05:41:18','2024-04-10 07:41:18'),('c7cecb861f6963a625f0f16cac97f207dd3e7895386a142016ff716f8ec39e24b3a82bfc866506fd',276,1,'focus','[]',0,'2023-08-16 08:02:03','2023-08-16 08:02:03','2024-08-16 11:02:03'),('c864b06debe184181dca878781117bb627824bc4aa4f665ba881c39d4e2c7a04f1eb7eab6e9a89c2',82,1,'gold','[]',0,'2022-11-20 04:42:41','2022-11-20 04:42:41','2023-11-20 06:42:41'),('c8d1abce21cb05c9052aa727d67c880b094e206c269757d9fbdcf61c9234112afed1d6357cb1a91d',97,1,'focus','[]',0,'2023-02-20 14:00:43','2023-02-20 14:00:43','2024-02-20 16:00:43'),('c8e41a0d334daad98f6e4ba846852dda1832531fd0c1f7adf14ab645f77413e15c2789f69750f527',160,1,'focus','[]',0,'2023-04-14 02:44:35','2023-04-14 02:44:35','2024-04-14 04:44:35'),('c8feee1b67c6334a2dba8113f02547b0a501cdecead7b765dc186a5309adf8612545c6f0c99e8712',227,1,'focus','[]',0,'2023-05-29 22:41:07','2023-05-29 22:41:07','2024-05-30 01:41:07'),('c9023475992c55597a3f31c3076c287afced6d82e96dcc0e5b89004807eff12017940d9313bf2c83',322,1,'focus','[]',0,'2023-11-10 17:24:11','2023-11-10 17:24:11','2024-11-10 17:24:11'),('c93836f5d243f1be4ca3eb7ebdbe2c86be223d79f9668a903a723ebed9c87a604bfbc1068a6b7d51',254,1,'focus','[]',0,'2023-07-06 16:55:56','2023-07-06 16:55:56','2024-07-06 19:55:56'),('c94e0cda760f56009d930a67a211c2e6c541309bcac17c669cd9962df57b5935dc96679ceaab49a1',45,1,'mazraa','[]',0,'2022-06-23 10:19:13','2022-06-23 10:19:13','2023-06-23 12:19:13'),('c9b84b73b57c06e3ddde37884294919d5198bc889a5d479af297185d027151e2b3055433737705e0',85,1,'mazraa','[]',0,'2022-12-14 11:56:53','2022-12-14 11:56:53','2023-12-14 13:56:53'),('c9b8739b8b5f3c69cc8fa9e95a94d585cbb349d22ffb7335711424bbe9156266c9010ebf84c50820',68,1,'mazraa','[]',0,'2022-07-05 10:29:38','2022-07-05 10:29:38','2023-07-05 12:29:38'),('ca982f9527edbe003bcede65ee87568f2fb4338e43593de7b7baa4419ff5d98f8473b164cfcc795d',253,1,'focus','[]',0,'2023-07-05 17:07:40','2023-07-05 17:07:40','2024-07-05 20:07:40'),('cac777ed0aa76503060b927a3f16bab0f04f2cdcf239ae4bd58a34df535c173006a90f21899b77b4',140,1,'focus','[]',0,'2023-04-09 16:24:50','2023-04-09 16:24:50','2024-04-09 18:24:50'),('cb0fcd2c4a3af7b53ce9c29ee7c14e39540a82b07ab03c936049575bcbcacb06e778819f5e69a56a',114,1,'focus','[]',0,'2023-03-02 12:06:32','2023-03-02 12:06:32','2024-03-02 14:06:32'),('cbb03d3cc4850378e136940b45bbad2d9f8963d21d047231db5f52ac7e9f32cab8c3ebbbd08ae1f4',235,1,'focus','[]',0,'2023-06-13 02:04:01','2023-06-13 02:04:01','2024-06-13 05:04:01'),('cbed99b6cc7115e30d54813e8877798917208467c414aa7ddf8f4d3335f723bc7598ad84b725d38f',96,1,'focus','[]',0,'2023-02-19 07:54:41','2023-02-19 07:54:41','2024-02-19 09:54:41'),('cc0b391117c4f050c6e7a059212065d2d3c30d4b42fca0447a703600e06a0401f21a4016fc33e23b',312,1,'focus','[]',0,'2023-10-21 01:02:56','2023-10-21 01:02:56','2024-10-21 01:02:56'),('ccd78aff20b0890aea752e2111e90a69954b8c795003c11fcc1841551aa2f3ab1661c5c75c1b63f5',116,1,'focus','[]',0,'2023-04-05 09:52:24','2023-04-05 09:52:24','2024-04-05 11:52:24'),('cd4db7b84e1c9a26e3e8fd4b113d407d14c2a2281aac586184cd93b6570ce97e575c53c4f97dfae6',239,1,'focus','[]',0,'2023-06-21 17:11:35','2023-06-21 17:11:35','2024-06-21 20:11:35'),('cd5ea40586de486f55c109f63e8faaa2b1c99565bca7ece37c25c604868847cda87ffce43ccab562',187,1,'focus','[]',0,'2023-04-21 00:23:15','2023-04-21 00:23:15','2024-04-21 02:23:15'),('cd64e651c08ff0c5a95506fd60375e345b0701d528b62d7a27154ffbbd6590481eb86933853f249b',45,1,'mazraa','[]',0,'2022-06-23 09:53:57','2022-06-23 09:53:57','2023-06-23 11:53:57'),('cda7360712d692a1ae0fa91438d5e500be9c0850619403c39816102d0c7216bae12bb3a01c395c44',316,1,'focus','[]',0,'2023-10-31 09:29:39','2023-10-31 09:29:39','2024-10-31 09:29:39'),('ce4845c5b90b145a9ac371c1ec8a04f80663c4ff5ff1d831c0ec38eaaee6684875a2720a839a8332',167,1,'focus','[]',0,'2023-04-16 18:47:45','2023-04-16 18:47:45','2024-04-16 20:47:45'),('ce9da06bece0ffdb7c3f8c1be877c45bf20a3008caf066d1885d638524a595d04aaf09f092e02b4a',176,1,'focus','[]',0,'2023-04-18 17:09:18','2023-04-18 17:09:18','2024-04-18 19:09:18'),('ceb2e736f8eaee338b4106902986a05a4807ee76392424b0e25271a6b28c6b3a3fa8d630aea345f6',148,1,'focus','[]',0,'2023-04-13 10:55:56','2023-04-13 10:55:56','2024-04-13 12:55:56'),('cedd8a5480bf5d4237b3552a95cab1d53dece73d6c88006c868de12fdd15ad10f8c60adf30f0228f',145,1,'focus','[]',0,'2023-04-10 05:42:54','2023-04-10 05:42:54','2024-04-10 07:42:54'),('cee2ab726143cfa14033ca31d9ee09f285fdaf2b5291f5984f6897785574c196a2527fda6b5fe84d',171,1,'focus','[]',0,'2023-04-17 17:35:09','2023-04-17 17:35:09','2024-04-17 19:35:09'),('cf32687bf609f48ed473835f7ab467191ff1171f6b521d2ce8fd551ff6328ea9cc1688e4171f978e',331,1,'focus','[]',0,'2023-11-30 07:12:21','2023-11-30 07:12:21','2024-11-30 07:12:21'),('cf40f4c1fe15f5a93c33cbeb3e8dff05c7efe3e27b13d032634a34a2a6191b9fb940de767060896a',208,1,'focus','[]',0,'2023-05-05 12:34:30','2023-05-05 12:34:30','2024-05-05 15:34:30'),('d06a517a53711f5f824024233793ee57b7576b235a44ac6feb2225019cce9bf187f3881673240fc7',376,1,'focus','[]',0,'2024-10-13 18:43:48','2024-10-13 18:43:48','2025-10-13 18:43:48'),('d158316406babe669207f487947e87a642974b397df60e7b9bd46130412175cad02dca92d13af9cd',201,1,'focus','[]',0,'2023-04-30 11:52:08','2023-04-30 11:52:08','2024-04-30 14:52:08'),('d1853856827d36bd3fd803f409e6f046c11980a38d8706c4b6ecd2011d1568bf0c06fec38f2848eb',338,1,'focus','[]',0,'2024-03-26 20:38:50','2024-03-26 20:38:50','2025-03-26 20:38:50'),('d1f7892e804b0a8a1073a2a4deb8eb2a94b031b1ff1ff7c8bf550b80ebd62857b4a919674f6cf712',191,1,'focus','[]',0,'2023-04-21 23:14:21','2023-04-21 23:14:21','2024-04-22 01:14:21'),('d220071bd1f801f7c4c9bce784ac8d08474610218e97f44dd008a677367cd41ef0487550329e7f9f',153,1,'focus','[]',0,'2023-04-12 12:29:41','2023-04-12 12:29:41','2024-04-12 14:29:41'),('d255d76da103258e9f9da0c3206594746a5d954f9856248ecf7e098af7087cc7230a36e68138f336',153,1,'focus','[]',0,'2023-04-12 15:37:56','2023-04-12 15:37:56','2024-04-12 17:37:56'),('d2af36fae71c3e16c0c5e4a845ff5192731bc6a3e221c28714a701c1a50f147501ed4a4aba0ff9d3',279,1,'focus','[]',0,'2023-08-23 14:05:04','2023-08-23 14:05:04','2024-08-23 17:05:04'),('d32160926f55dfc1195cdae2d90551c36b22f628e8f47fd2f8af58f1524046c2e0f696004e754e25',91,1,'focus','[]',0,'2023-02-18 19:06:32','2023-02-18 19:06:32','2024-02-18 21:06:32'),('d378c0ede17f03b285d03a83ac18fa3eda1f44a97450a198e2a9ab17515bfaa5ba00eb9d247cb3ba',87,1,'focus','[]',0,'2023-02-17 09:08:19','2023-02-17 09:08:19','2024-02-17 11:08:19'),('d396a7b8a3c43fee303f2b74dabbc735a606bfd4af45dbae24bed92e679249b441b285566acac7b8',69,1,'mazraa','[]',0,'2022-07-05 12:54:28','2022-07-05 12:54:28','2023-07-05 14:54:28'),('d4074e11989d71f4d4e21aa948530fb79fb8a0016c3679d91187b71ba5c0984c8a5d1fee518b0bbc',303,1,'focus','[]',0,'2023-10-09 10:03:57','2023-10-09 10:03:57','2024-10-09 10:03:57'),('d433559dbdda15aa4c128e2acccbc2ece60cd0bead7d72d8c31ceaf101af149014cf3e319582926e',296,1,'focus','[]',0,'2023-09-27 16:57:17','2023-09-27 16:57:17','2024-09-27 16:57:17'),('d44b11dc418bd896909b96e78f293b06abe4bc3cd7a593f07cd2b482e20568e3449b2ae4f72aa0fd',115,1,'focus','[]',0,'2023-03-07 07:52:32','2023-03-07 07:52:32','2024-03-07 09:52:32'),('d44efdc21678013c90a1b83a949a76b129d431a75fa1194523feaa9b01d1fa9d2cec8bd3133602c1',186,1,'focus','[]',0,'2023-04-20 23:05:16','2023-04-20 23:05:16','2024-04-21 01:05:16'),('d488a51c70a8b930ab58581e75285c277e0fd64bcd13f73ecc0095e67c319d84dad43c34df213caa',148,1,'focus','[]',0,'2023-04-12 21:38:58','2023-04-12 21:38:58','2024-04-12 23:38:58'),('d4d76218b21ce411430759fb34ce4da25ff71f307fafc1ec4bdee918f6ca28d4b8d5919e0d15ca15',72,1,'mazraa','[]',0,'2022-09-24 08:51:59','2022-09-24 08:51:59','2023-09-24 10:51:59'),('d5999a75a6f3cbf170aee77d7a7e65d23113a6c5d3343f04e6a220ad893939405544149d2263f651',295,1,'focus','[]',0,'2023-09-26 19:26:51','2023-09-26 19:26:51','2024-09-26 19:26:51'),('d5dd49ae370106426c6e51aede4cdaaa376c442ddba0b4e6211a809d9ef08ff8805660af17452fff',73,1,'mazraa','[]',0,'2022-11-18 09:21:40','2022-11-18 09:21:40','2023-11-18 11:21:40'),('d6176123c92526c07e1c0ca21302e694a6568fdbf84ddcd2e476171be70ce555d8a026ac797e2037',132,1,'focus','[]',0,'2023-04-09 10:09:52','2023-04-09 10:09:52','2024-04-09 12:09:52'),('d69768da77fc82b3ffebe1c9a43d254971c4c8678499351fe1caad00564703a5cb5185f60ddbf731',329,1,'focus','[]',0,'2023-11-29 21:13:11','2023-11-29 21:13:11','2024-11-29 21:13:11'),('d69c0a8f8fc308df50e9940507a2b4cbe2f41c6bfb4cf5da2152ddecf60dfe47ea72d4f8f902e668',96,1,'focus','[]',0,'2023-02-18 20:24:56','2023-02-18 20:24:56','2024-02-18 22:24:56'),('d6db12cff26cb436b34c4aed8a8247252e7ac59c67a485163d7fd9f3777609ff6f821b49cab9b762',118,1,'focus','[]',0,'2023-04-06 06:20:46','2023-04-06 06:20:46','2024-04-06 08:20:46'),('d812332341ad6dc81303fead0a64f08310e604afceca6ac57773a1c2035015b18eaf1b96ebf81848',71,1,'mazraa','[]',0,'2022-07-06 11:15:59','2022-07-06 11:15:59','2023-07-06 13:15:59'),('d840d69f54ca578fe1d22eb0ca331d3078716352eaef3f514c54af24a14a9c8eceba77d5df1dc56b',116,1,'focus','[]',0,'2023-03-15 05:20:53','2023-03-15 05:20:53','2024-03-15 07:20:53'),('d84ca2e8792513043d00ea6fc4836bdb37841053d5ebf1e2dd3ba7c3b7f4529b13f01a8232b762f3',283,1,'focus','[]',0,'2023-08-28 04:04:32','2023-08-28 04:04:32','2024-08-28 07:04:32'),('d84fd58c51646af86a19a6f3513706b06d24c085317d2ee485cc826ee930cc2ef699d0078516a8f6',99,1,'focus','[]',0,'2023-02-27 05:53:21','2023-02-27 05:53:21','2024-02-27 07:53:21'),('d87e0f8f49035599139050c08b1e3c89433c24f0b8680f868e93ed35c96c652791d3b0a32ded2f18',215,1,'focus','[]',0,'2023-05-19 20:00:34','2023-05-19 20:00:34','2024-05-19 23:00:34'),('d8b996d78fbe59902fcb6f252d0c6802dd37015a66e4501d535a8e1da4bbe8ece61b85a48c4e07e2',218,1,'focus','[]',0,'2023-05-22 07:34:00','2023-05-22 07:34:00','2024-05-22 10:34:00'),('d914959e32fa21accc8cf3d191cab69c106fb1a6a57b2c53ad6f291775c6b4f12073f1ad8a9b35d0',116,1,'focus','[]',0,'2023-04-09 09:31:36','2023-04-09 09:31:36','2024-04-09 11:31:36'),('d985946d1e66e5e66c7c08dce5bbc96458bd386e06288133b88327e7926f763d64ee0558ca98d340',193,1,'focus','[]',0,'2023-04-23 04:55:21','2023-04-23 04:55:21','2024-04-23 06:55:21'),('d9be1be1d8f7d0dbf70d79c2286f640a6ddfb4d11f72ea6cf7c28a083352b33e1038e3e818aeac5e',300,1,'focus','[]',0,'2023-10-06 03:52:35','2023-10-06 03:52:35','2024-10-06 03:52:35'),('d9ce270f5bf143663d61a6518cd9539046c26f6620a3aa4668129a023cdc4583cdcea94f582c8405',11,1,'mazraa','[]',0,'2022-06-23 08:09:16','2022-06-23 08:09:16','2023-06-23 10:09:16'),('d9daeefdd92b0a61d8f63f487cde78df3ac66b4616cb6a3cd32d1af03c214115724274f877a98362',73,1,'mazraa','[]',0,'2022-09-28 09:24:56','2022-09-28 09:24:56','2023-09-28 11:24:56'),('da264f39433cc66425c7ad03d16883481a141e67f633f747b1c8f5a4e3c12836344296222a05f707',219,1,'focus','[]',0,'2023-05-23 10:37:50','2023-05-23 10:37:50','2024-05-23 13:37:50'),('da8a01373d12e0af7137b46f619e7a0e535c305ca06c364953a7d878df7b8643c2f116f7b057394a',179,1,'focus','[]',0,'2023-04-19 14:31:15','2023-04-19 14:31:15','2024-04-19 16:31:15'),('daa2a90143407df4302998180325cf6939db6c66190f7fa46c05d4d84c2589a9676c274d3aa91cc6',148,1,'focus','[]',0,'2023-04-12 21:59:55','2023-04-12 21:59:55','2024-04-12 23:59:55'),('dac8d3a623c570a14272c6f3011301f5fd847cff3ba133162dc592e795cc2d30bc47184259e498b2',231,1,'focus','[]',0,'2023-06-05 07:53:06','2023-06-05 07:53:06','2024-06-05 10:53:06'),('db86c6be9d17f0c166ed70efe1ebf6418035f77c196c352ea17658c96502656e9fd69fe604b55f90',175,1,'focus','[]',0,'2023-04-18 15:14:36','2023-04-18 15:14:36','2024-04-18 17:14:36'),('db94366df89d97c38469e7b78a34795376b5add9bda129da11127156d3911c289400e6f4f7a6426a',173,1,'focus','[]',0,'2023-04-17 22:52:04','2023-04-17 22:52:04','2024-04-18 00:52:04'),('dbb71703fdd7a1b043e121b4c13f60645e5fb5c2fc4f24cf540a4c2396faf23008fb3f5099ca0ec1',97,1,'focus','[]',0,'2023-02-20 10:48:19','2023-02-20 10:48:19','2024-02-20 12:48:19'),('dc00431e677e58c0818a55b3f277386acb6aa116c255fd59df3a7690155c43d76e2f226f5c2419e7',148,1,'focus','[]',0,'2023-04-12 21:30:55','2023-04-12 21:30:55','2024-04-12 23:30:55'),('dc34256fe5a0a439db8d728d9c57d48f114509ac982141fdaa4567083cb56d3fc860ca6d599f09c5',73,1,'mazraa','[]',0,'2022-09-29 11:04:36','2022-09-29 11:04:36','2023-09-29 13:04:36'),('dc68786a350cd94418d9b522639fe284cbcc26faad4467c5cc4b24979f1f2d57e49aae9344bda032',97,1,'focus','[]',0,'2023-02-19 13:41:27','2023-02-19 13:41:27','2024-02-19 15:41:27'),('dc8768117c5ab1447884bf8ce98e01ea0813573fb55e76dae05eaff9d25f10caefb02bd6da3879cd',73,1,'mazraa','[]',0,'2022-10-01 07:41:20','2022-10-01 07:41:20','2023-10-01 09:41:20'),('dcc26ef7b6dd08734a2e1eb58b3f96241d0a5915e65d532efdf31df8668d3ad830c21f8f8e65ef57',79,1,'gold','[]',0,'2022-10-29 07:50:49','2022-10-29 07:50:49','2023-10-29 09:50:49'),('dd7c306a88bf1dca5ed1c733dd418ebdfd67a9dd54105e4bc539323790f466c3a6291b2a4d9e695d',110,1,'focus','[]',0,'2023-03-02 11:43:21','2023-03-02 11:43:21','2024-03-02 13:43:21'),('ddaeff725be12f8f3252babd6b8fc0a5986b84bdb5110a9e22e13f316ba81d3789e26c8596c0673b',98,1,'focus','[]',0,'2023-02-24 19:10:46','2023-02-24 19:10:46','2024-02-24 21:10:46'),('de875d700d52882f818371fd552eeb1d6638c6f1d75ca64affc51e642985f02c38c77ebd6aa4acc2',114,1,'focus','[]',0,'2023-03-02 12:05:43','2023-03-02 12:05:43','2024-03-02 14:05:43'),('df2500245529d71d4c24da9abb32aae282de97585aae3ece1c4560593f227b5b46043343047dd488',368,1,'focus','[]',0,'2024-07-17 19:05:57','2024-07-17 19:05:57','2025-07-17 21:05:57'),('df5d5df84d6dd8eb9762b76ba3045c571a7cadc4d047f5757c06207705151f4e4271780952e8cd6f',82,1,'gold','[]',0,'2022-11-20 04:43:30','2022-11-20 04:43:30','2023-11-20 06:43:30'),('df7fdd7baffaa31fcd1dd1431f1a99c947fa45aa3014ec33f4bb0e8ccce23a5e8ce80a9850f23dd9',114,1,'focus','[]',0,'2023-03-02 12:05:50','2023-03-02 12:05:50','2024-03-02 14:05:50'),('dfab831cf2008a41887c60c6e64d43be16fb9a0bc73ddfd8f2546ba9c6f3ee3979079aae1daa5b3a',174,1,'focus','[]',0,'2023-04-18 12:02:54','2023-04-18 12:02:54','2024-04-18 14:02:54'),('dfab8df94ebd325dbed05ed2376f2d7b1ce409a3bbd9cd8772239d08878112dbeda512d04d20b8bc',338,1,'focus','[]',0,'2024-03-27 13:26:27','2024-03-27 13:26:27','2025-03-27 13:26:27'),('dfac1c3e11ee5211373af4e0c35b80992ec23d94937b48668b9ec38d5a6604e5a238eb244495ecf4',115,1,'focus','[]',0,'2023-03-07 16:24:18','2023-03-07 16:24:18','2024-03-07 18:24:18'),('dfb242d38fd3831116c7a8d0a55294d564f3ada060b08a89fc0a1d563abfc93f004497a41eb87bc7',73,1,'mazraa','[]',0,'2022-11-17 08:37:30','2022-11-17 08:37:30','2023-11-17 10:37:30'),('dfdcc3cc37663a233a4aa89493caa8288dbf20a7b569507d87d53a959929f63e2703bc85608f3fc2',264,1,'focus','[]',0,'2023-07-26 08:56:26','2023-07-26 08:56:26','2024-07-26 11:56:26'),('e0e88baaa162d63b10b35dac03ff046d84bfc3c077110ae01facc192d01ed4f6781e109ea669b7e3',115,1,'focus','[]',0,'2023-03-12 05:56:21','2023-03-12 05:56:21','2024-03-12 07:56:21'),('e109b8b53dc334d4eb292542b672240ba2a3ae6c29dd13d5399bccd659e4dd5bd8f7bcdfb3f2366e',272,1,'focus','[]',0,'2023-08-09 05:31:13','2023-08-09 05:31:13','2024-08-09 08:31:13'),('e1677a3335198b42ffa03a2e74d669f6928fd14ded194dfec2a34c378fb23166b0593fb2a92c412a',374,1,'focus','[]',0,'2024-10-09 12:31:26','2024-10-09 12:31:26','2025-10-09 12:31:26'),('e1c69633ccc5b393d34bf613be8b82bafd923f98864f350ecca69d9ce9f3f5ca4369f68b5298932e',11,1,'mazraa','[]',0,'2022-06-23 08:03:49','2022-06-23 08:03:49','2023-06-23 10:03:49'),('e1d71251c9283aa22fb4b00bd34771bf6f36a8617461ba82eb6a75fea3c1d4fcefb5728442bdfc95',108,1,'focus','[]',0,'2023-03-02 11:17:01','2023-03-02 11:17:01','2024-03-02 13:17:01'),('e1dd09308d56b44010bd29909e3876f0e8b72b9b4e4107dadce95ac928b5a9d0cdf7f4cf4f254c0d',96,1,'focus','[]',0,'2023-02-18 20:13:50','2023-02-18 20:13:50','2024-02-18 22:13:50'),('e1e7d7d45873b3ef2ffdb57cd18ea0080e49e39d951909d543d09d873cfb82fe94352e54f8ff27a8',116,1,'focus','[]',0,'2023-04-04 16:46:49','2023-04-04 16:46:49','2024-04-04 18:46:49'),('e296aa8088924eed2fd7199d0f9ef336322b542a594c940811692e1db655fd48fc0e53b7dacf2d3b',73,1,'mazraa','[]',0,'2022-11-01 07:24:23','2022-11-01 07:24:23','2023-11-01 09:24:23'),('e323ea6ce0c789996e91d0b39f61a3591f8040fd9510768e68a83e86040984348442a42df047c3e9',11,1,'mazraa','[]',0,'2022-06-23 08:06:59','2022-06-23 08:06:59','2023-06-23 10:06:59'),('e3454169bcacb5c11db49047af6835949fa54b0bda1c4faec109aa6b4033e48676896ca01d3fa437',229,1,'focus','[]',0,'2023-06-02 13:49:04','2023-06-02 13:49:04','2024-06-02 16:49:04'),('e3af99039c84cb7bfc391eb42e30368a099668310f822e1a31e33f61331bb34d037f6d455df3ba3d',106,1,'focus','[]',0,'2023-02-27 18:03:05','2023-02-27 18:03:05','2024-02-27 20:03:05'),('e3b7f5243ad9c71a6d7f8ce3867a360e849761e882bc775bd5e9a811701ec750e7d7e9bcab87a3f6',108,1,'focus','[]',0,'2023-03-02 11:22:18','2023-03-02 11:22:18','2024-03-02 13:22:18'),('e3bbf744c516c78b4418326d29aa3ed6e3294954d0fbd7bf7e8a653463c57219b4919e34b04428ee',154,1,'focus','[]',0,'2023-04-12 09:42:16','2023-04-12 09:42:16','2024-04-12 11:42:16'),('e434a3a5daada178f2a821fa5959b855457cae36dddcdd71a02955d0e968a24ffdfb5b55bddaf1c5',96,1,'focus','[]',0,'2023-02-18 19:50:04','2023-02-18 19:50:04','2024-02-18 21:50:04'),('e46d7989bccd9f96ab410f92536d38738f995688e274ade2cff5193a0da265212771c443886d7eda',81,1,'gold','[]',0,'2022-10-29 08:50:07','2022-10-29 08:50:07','2023-10-29 10:50:07'),('e4b6820dadd332def4afb6dab79dfe284adfb47f6e1843090e696a52a28ac33588d3e133782bc780',73,1,'mazraa','[]',0,'2022-11-01 18:45:22','2022-11-01 18:45:22','2023-11-01 20:45:22'),('e529d6207dc548be2d9826efc94c8fef42fc6d93b1d5479543d0f54a04ac5cb7baa3ef58974d7fc2',43,1,'mazraa','[]',0,'2022-06-23 09:31:32','2022-06-23 09:31:32','2023-06-23 11:31:32'),('e52ee2a6f8a1c2974ba9d989cdaf721d7879c4e0454a154086bae0952587199dd4b54a916d195fc1',260,1,'focus','[]',0,'2023-10-05 16:59:01','2023-10-05 16:59:01','2024-10-05 16:59:01'),('e54ddfff1688ce8bce303c9b75b9527e800e798f1b28a442bf74bd1f2faf32dca8775db6e7bc8c26',11,1,'mazraa','[]',0,'2022-06-23 08:02:49','2022-06-23 08:02:49','2023-06-23 10:02:49'),('e59d859bac5b8d3f9c5392dcc963a19962902e207b50b0c1b423f8b88c9e222823bfd0085f5b480c',371,1,'focus','[]',0,'2024-08-12 15:21:27','2024-08-12 15:21:27','2025-08-12 15:21:27'),('e59fc9da75f30b08b461dfcf49f36150e66466180666bad9be253fc3bcb4fdb1fe3bb98f0306ef44',138,1,'focus','[]',0,'2023-04-09 10:43:14','2023-04-09 10:43:14','2024-04-09 12:43:14'),('e5e51d1584ddb1495fe60ecc183de7d7d059b71f9f358abc097a5b173af5ea3d0177db75cef312c8',196,1,'focus','[]',0,'2023-04-26 01:30:37','2023-04-26 01:30:37','2024-04-26 03:30:37'),('e5ff0c49fae385b0275e0f87e0933118d88c59dcee36a05d90ec68eaa2003f1ebf0a78ebe936c3b0',247,1,'focus','[]',0,'2023-07-01 23:01:22','2023-07-01 23:01:22','2024-07-02 02:01:22'),('e61776ef985475d352a4b5f4e72cf28db29819848e2e28f37404924e935e77f1b84608c5982a6425',101,1,'focus','[]',0,'2023-02-27 06:17:03','2023-02-27 06:17:03','2024-02-27 08:17:03'),('e6561661f9c426dbeda0913ad0d346ace15daeac01d2aef3b3293d572f10d6868dc9f0bfea349b10',321,1,'focus','[]',0,'2023-11-10 15:51:19','2023-11-10 15:51:19','2024-11-10 15:51:19'),('e681093ff41aba08c04c36994f73e4381c074da2440cfdddcae28bd13a5cc805a018408d087c10af',9,1,'mazraa','[]',0,'2022-06-22 10:17:54','2022-06-22 10:17:54','2023-06-22 12:17:54'),('e68dd2b362b3035b0ca03b7c495d3e0e2a80397c0f7aadc734942dd8a8479eab7fcee16ce4fdea0e',150,1,'focus','[]',0,'2023-04-11 06:03:07','2023-04-11 06:03:07','2024-04-11 08:03:07'),('e6be750fa3896fdbb264773e389ed60eb8af1b5d31683d4d7ea18f93f20ceb55ff1ed4c089ec9b55',43,1,'mazraa','[]',0,'2022-06-23 09:50:56','2022-06-23 09:50:56','2023-06-23 11:50:56'),('e6e340153f99f8adae5899a64ead2720412302528e52126b907ba0e083c7a444cbca0bd23f4734ea',168,1,'focus','[]',0,'2023-04-16 20:04:57','2023-04-16 20:04:57','2024-04-16 22:04:57'),('e6f80fdf4251ad2ae4f3342625f889d6e780cf4a30e8fcb93a4c650e4d80dba269e12dd18162ea09',116,1,'focus','[]',0,'2023-04-09 09:18:08','2023-04-09 09:18:08','2024-04-09 11:18:08'),('e717716de356348ea244f5eba8a621cfc4500f60271f2b15c3a846fb261364e33cd3d4c88c40b668',233,1,'focus','[]',0,'2023-06-07 09:56:20','2023-06-07 09:56:20','2024-06-07 12:56:20'),('e770fc3ce429af41c1c71ddae7f906af228f361ca24760bb1c5031b474f5d8eb847a3850da49d4ea',373,1,'focus','[]',0,'2024-08-24 15:54:10','2024-08-24 15:54:10','2025-08-24 15:54:10'),('e77c87da03e86d226af2df9da04d997c922fdfeaf6399f0aa81596f472753f9f8e3e976aec934041',98,1,'focus','[]',0,'2023-02-21 09:02:37','2023-02-21 09:02:37','2024-02-21 11:02:37'),('e78bcd8b6291ab70db139c3f0ad8ec0979c3db96770d0af1e831e55f5a8196c16b334878ba88b7c1',338,1,'focus','[]',0,'2024-03-26 21:13:06','2024-03-26 21:13:06','2025-03-26 21:13:06'),('e79865665713d901025681155f79f345f4fc11dfb3c971e3d8d9f076bca650cd0cc5de2a6ef6fe82',97,1,'focus','[]',0,'2023-02-19 09:39:46','2023-02-19 09:39:46','2024-02-19 11:39:46'),('e83d9d3f9bd18d697d72adc137acbd87aba0f35a1e8e319362e1a15e38aabb77dc3ed0f3d34cfb7e',338,1,'focus','[]',0,'2024-03-26 19:49:23','2024-03-26 19:49:23','2025-03-26 19:49:23'),('e886fc503c555caa58d35bfe0f5927092f82104a7ffd9da9c8bb366402bcb056847f826ea8017a0a',44,1,'mazraa','[]',0,'2022-06-23 09:39:52','2022-06-23 09:39:52','2023-06-23 11:39:52'),('e8aa74b186e3edca984fbb53c76dc91388e3ee9326c1228aa15f890baef42482d735fadd23d462dc',137,1,'focus','[]',0,'2023-04-09 10:37:27','2023-04-09 10:37:27','2024-04-09 12:37:27'),('e8c2952a3cad1e9da1fff4e05fd07ed4ae42d2d8cdac24050e25cc9578b0f4b3d3f04f2df0dfd983',228,1,'focus','[]',0,'2023-05-30 01:57:29','2023-05-30 01:57:29','2024-05-30 04:57:29'),('e9632a530cfa31ae3801b1db44ee9d11642d9dcdaae0b35cdaf3be15ecc11a261528eac1daff1343',111,1,'focus','[]',0,'2023-03-02 11:53:41','2023-03-02 11:53:41','2024-03-02 13:53:41'),('e99eb507872fbdd33017d3ce84898174fccf914c25ee1590b30e4aa004f0c57b73bb23f21db83c4b',89,1,'focus','[]',0,'2023-02-18 07:14:51','2023-02-18 07:14:51','2024-02-18 09:14:51'),('e9a0ad4ff61e8ef2e69d324865724ea8273f6a1416091d8ab4229422dd2aacb70cfee7962dc75e03',15,1,'mazraa','[]',0,'2022-06-23 08:14:41','2022-06-23 08:14:41','2023-06-23 10:14:41'),('e9a7ce8e8a01b7c8e389833be41b2822da813ad4921c4c047764b907f08746eb33692c4819800ae9',133,1,'focus','[]',0,'2023-04-09 10:16:49','2023-04-09 10:16:49','2024-04-09 12:16:49'),('e9c8d32d28dd8a67a2b87d988d34e23e04fe714f165fc963f5c1748677fa42bb5081bb6dc6f3f91f',89,1,'focus','[]',0,'2023-02-18 07:24:14','2023-02-18 07:24:14','2024-02-18 09:24:14'),('ea869672feda7e9e4b8dcce9bdf5ae8bc7a937ae08cb514b288190b06625a6d6c5d4120d5cfb6041',196,1,'focus','[]',0,'2023-04-26 01:30:49','2023-04-26 01:30:49','2024-04-26 03:30:49'),('ea9a23a702a221cfc5257728c9ee9e9979498ae8ce8ac3b0e1ddb2af456af356124eac69eb2029da',148,1,'focus','[]',0,'2023-04-12 20:52:52','2023-04-12 20:52:52','2024-04-12 22:52:52'),('eb9b51402c35738b51892d30a6d8f3b086553bc26f3023fe1d452ae8882985c1d33c267a4d2b30c0',59,1,'mazraa','[]',0,'2022-06-27 07:58:28','2022-06-27 07:58:28','2023-06-27 09:58:28'),('eba79678bf6013d904fc46cc18c50522d553733079abf52711ffb716fee7b463e8e1b99f3cdd237a',11,1,'mazraa','[]',0,'2022-06-23 08:07:45','2022-06-23 08:07:45','2023-06-23 10:07:45'),('ebd5c0654ffa61e9fb2057944e9bb4700e817e9ba6d25d8c9d60a0c9b5e1570f4f7290c2e85a5ac9',265,1,'focus','[]',0,'2023-07-26 15:20:06','2023-07-26 15:20:06','2024-07-26 18:20:06'),('ec7b2d8e3fc7cea65ed5c403d89e11fe1e9778866a10237625f7478eb1a713354fbb75528c941e14',73,1,'mazraa','[]',0,'2022-10-01 15:53:14','2022-10-01 15:53:14','2023-10-01 17:53:14'),('ecb83b3601eb723c61d13ee3ee2693b4a12337a08128b1eb0f17507c96cff6b5a36782ebe8cb8f7d',116,1,'focus','[]',0,'2023-03-13 18:31:29','2023-03-13 18:31:29','2024-03-13 20:31:29'),('ecd811d49ee8e6e1c50d156953e8a7374a4f673a0ad237ca3c5c63e58b2b4e88a6593e2f3ebc80f7',213,1,'focus','[]',0,'2023-05-12 20:52:17','2023-05-12 20:52:17','2024-05-12 23:52:17'),('ecec89e57fa58a8ae83086211b739e001415cc458394e461450444a8bad50766339f0f3807f20d1a',302,1,'focus','[]',0,'2023-10-08 09:27:05','2023-10-08 09:27:05','2024-10-08 09:27:05'),('ed5f4291ff5c2fb29dac84257f1328dcb50532b4344cdfc33fbcf03ffa76d6ea00834f3658e69f9a',376,1,'focus','[]',0,'2024-10-13 18:43:37','2024-10-13 18:43:37','2025-10-13 18:43:37'),('ed7d53db3d52fe98ba55a1eb439fad19142e5fe9ef466f7fbcd5be721e2d9b31c47b441431675ac4',163,1,'focus','[]',0,'2023-04-15 10:56:27','2023-04-15 10:56:27','2024-04-15 12:56:27'),('ef04f0536fee5a5a8bf3d3dd1efcc669b77b48ae3083d9e71683a12b931d393a9c48f883b002b225',116,1,'focus','[]',0,'2023-04-09 09:53:31','2023-04-09 09:53:31','2024-04-09 11:53:31'),('ef6c0f12c5a10a24c5e48e6ba61273ec55b9d2b7863ce0e8a934d7a0fe131ecb9323dd5a4ff51576',322,1,'focus','[]',0,'2023-11-10 17:24:00','2023-11-10 17:24:00','2024-11-10 17:24:00'),('ef91337522b413fe5dcdcc233ce7614ea3e6e2e2fb8aa3d7b2b3de1b15b21c1399933ca3009a92ce',97,1,'focus','[]',0,'2023-02-19 08:41:56','2023-02-19 08:41:56','2024-02-19 10:41:56'),('efa78c98be8f5e7061c7e6e5295763113151f5708c6dd00d59e8d2d375c717c6b4eab65ecda25963',118,1,'focus','[]',0,'2023-04-06 08:41:10','2023-04-06 08:41:10','2024-04-06 10:41:10'),('efd8db703f6d51410dee305035ef7fcc3f9f8e828083b71b73c3b74a812b36a78b1d946f6335f210',109,1,'focus','[]',0,'2023-03-02 11:39:41','2023-03-02 11:39:41','2024-03-02 13:39:41'),('f010535d19fe75e4d86efa08d5701446db1fdb6b31aff57ca5eb15e38544421d4a13ca8d5101de71',155,1,'focus','[]',0,'2023-04-12 15:15:08','2023-04-12 15:15:08','2024-04-12 17:15:08'),('f0f33ed03ac8b99e195c5dc8b014af222e6b03ea81dda424872808374c13fd139f87af3642877d10',9,1,'mazraa','[]',0,'2022-06-22 10:17:35','2022-06-22 10:17:35','2023-06-22 12:17:35'),('f0fa696d520fda258a29dfcfcc5bcfe2550edaa635636549f0709b2f718ee1bfd397be3f472dfbba',97,1,'focus','[]',0,'2023-02-20 06:44:30','2023-02-20 06:44:30','2024-02-20 08:44:30'),('f102ae0368362c2a1289c81a73f0805664c0bfe8f72ac64c52d363ecf383b814e6c7af6c660d710c',98,1,'focus','[]',0,'2023-02-21 08:55:38','2023-02-21 08:55:38','2024-02-21 10:55:38'),('f13159781d519375c450b6ceb8f5d897bf3e904611fe6898618efa91863695737ebd51f83e4290bd',73,1,'mazraa','[]',0,'2022-09-29 05:44:59','2022-09-29 05:44:59','2023-09-29 07:44:59'),('f1609eaa7aa93a02fc58d503a391f09ecbd2a2f8af64997fbb9e1aeb9b8cbe27a9fbda38e00bcb8d',73,1,'mazraa','[]',0,'2022-11-17 08:05:07','2022-11-17 08:05:07','2023-11-17 10:05:07'),('f2164bedb6107a5d8dd8e41f5848d6ad6d96a0024073a953bfddc2aa35f1322af733d60680225dde',181,1,'focus','[]',0,'2023-04-19 22:17:43','2023-04-19 22:17:43','2024-04-20 00:17:43'),('f22e8ea2e7bdb5dd0128f0fdea4cfb84b921de60ffe09e3514693e225d559dccb90b0f153c5b788d',190,1,'focus','[]',0,'2023-04-21 22:51:19','2023-04-21 22:51:19','2024-04-22 00:51:19'),('f23884be8aa22475ade170b6f827ce05b645e91ff01ae5816ec59e42ad6f84cae172dcccd2df3658',73,1,'mazraa','[]',0,'2022-11-17 08:10:29','2022-11-17 08:10:29','2023-11-17 10:10:29'),('f2e525c1c1dd1efff2438fbc1e43d873b2b8f8fd50f3dedf4214f31447c2b656033a4bfb268332c8',115,1,'focus','[]',0,'2023-03-11 11:47:05','2023-03-11 11:47:05','2024-03-11 13:47:05'),('f386b7c2f5001918bea0a2b6395b0bbfd42fea1b8a2083a5f5b057533dceff60fd33ee69aefea8ee',242,1,'focus','[]',0,'2023-06-26 16:44:39','2023-06-26 16:44:39','2024-06-26 19:44:39'),('f3d8251ac0aadb91219b3c34568d1b1c5ef79a90d4a82656030c76d92cf0964c24cfafce7eb1662d',371,1,'focus','[]',0,'2024-08-12 15:01:00','2024-08-12 15:01:00','2025-08-12 15:01:00'),('f3ea2e66d3577f391b865595213ecebc365da5d4e76b9ebae049fd95972368eb09a4ef9fe5b45b72',272,1,'focus','[]',0,'2023-08-09 05:31:41','2023-08-09 05:31:41','2024-08-09 08:31:41'),('f4079c16809ac556ec0b57fc184395a7f51c2afd8b742b905cce335b2c45486ff152b3d679766969',244,1,'focus','[]',0,'2023-06-26 22:12:09','2023-06-26 22:12:09','2024-06-27 01:12:09'),('f4163cf8e60fd943692305fe0f391bc08750960661e2938cf764d5721f6aa8cd6f2a779997e35935',120,1,'focus','[]',0,'2023-04-09 08:46:14','2023-04-09 08:46:14','2024-04-09 10:46:14'),('f49db721236ff43079ba13e5ca25e68b2e208151064930a5bc24902a1c895fb9c6e591401365fdea',301,1,'focus','[]',0,'2023-10-08 04:19:40','2023-10-08 04:19:40','2024-10-08 04:19:40'),('f49fc8614dae837ae1b6b12d4723113a3a185812fbe8be5852ac1f2671906e5987fade8e7f40061c',177,1,'focus','[]',0,'2023-04-19 06:29:48','2023-04-19 06:29:48','2024-04-19 08:29:48'),('f4e0a3060d9150316f2da97327c2f6308c22c929023d353aa873119bd81ce2eee6c8200689b43638',309,1,'focus','[]',0,'2023-10-17 07:13:58','2023-10-17 07:13:58','2024-10-17 07:13:58'),('f55a28811062e8738cd459845deaac26cb0df1cb1b1f88dcff8d0a0c62f267521efe64d508421d1a',98,1,'focus','[]',0,'2023-02-21 10:22:59','2023-02-21 10:22:59','2024-02-21 12:22:59'),('f56c4a9989ddec271d4861c70bb0be28485e26b69bea611cafd207f29219a02f2e863b3b286be9aa',263,1,'focus','[]',0,'2023-07-25 12:14:19','2023-07-25 12:14:19','2024-07-25 15:14:19'),('f5898a83bdadc108fca0329f0f35a9f8533a1850b5be9179a3d897a5a9b30f4b562a2f559af2232f',96,1,'focus','[]',0,'2023-02-19 08:06:15','2023-02-19 08:06:15','2024-02-19 10:06:15'),('f5e6ea131cfaeb72ea79219e5e2eabf0f6a54d1ab033d0b4a4f40aff998d7e009fe6e7ddb48b52f3',379,1,'focus','[]',0,'2025-07-07 00:18:07','2025-07-07 00:18:07','2026-07-07 00:18:07'),('f61c3f4b2425707e03e623992647b69a8dbc2a1aa23c29e15f7c2eb72c50592979f558a8c5ef6933',81,1,'gold','[]',0,'2022-10-30 08:04:54','2022-10-30 08:04:54','2023-10-30 10:04:54'),('f62f620d936869f1b1963038b9aa8ef16aafe5f3c668a5946cec2c19a6be455b247bdf74312b3ed3',97,1,'focus','[]',0,'2023-02-20 06:14:16','2023-02-20 06:14:16','2024-02-20 08:14:16'),('f6428351e9b7ecfb7653245e36f3205631a64d2b8a59768865c2d885cfe427e447d91a809a7e2a53',71,1,'mazraa','[]',0,'2022-07-06 11:15:24','2022-07-06 11:15:24','2023-07-06 13:15:24'),('f644b28a44557bdfb4053e8bfdd04fefe1c1a4495648f801f600933dd46fa1e063e0c6b780091dd3',87,1,'focus','[]',0,'2023-02-17 09:10:32','2023-02-17 09:10:32','2024-02-17 11:10:32'),('f6836a6ba1026909923019dd6cf36e2c214f0e61a19f0644d6023d3dc6b585d4193b157ee4f7cfcd',9,1,'mazraa','[]',0,'2022-10-01 08:15:48','2022-10-01 08:15:48','2023-10-01 10:15:48'),('f686837d3a167edc44332c634084d3af38fbef5a09ce767136dff03629dfa5c6d8097004aa3eb3a0',182,1,'focus','[]',0,'2023-04-20 13:52:32','2023-04-20 13:52:32','2024-04-20 15:52:32'),('f6b580534222f59e4943fe6f85afd71ef50b5d7f3a75dccb5df1bddebbf8fe8f691ee35a410d8f50',378,1,'focus','[]',0,'2025-05-30 12:34:35','2025-05-30 12:34:35','2026-05-30 12:34:35'),('f6e8ba652a5c11c1bcea9967e00271830a446f6cf5b5609635dadfbfd06c8a77a3d66d8fe61cd0ca',96,1,'focus','[]',0,'2023-02-18 20:30:36','2023-02-18 20:30:36','2024-02-18 22:30:36'),('f74ddef1f650aaa0f3568a6471543dbce06ece6d66443c0613a0dfae463a60a3b7c483b61b5b62a1',199,1,'focus','[]',0,'2023-04-29 23:02:48','2023-04-29 23:02:48','2024-04-30 02:02:48'),('f78a37d8dbe9d97b86926d468a4e6c9a41a163b8f78406372e6445092a7c589fce30981086712728',66,1,'mazraa','[]',0,'2022-07-03 10:43:49','2022-07-03 10:43:49','2023-07-03 12:43:49'),('f7c37698d6805dc9176de721061fd2f2a3e6414cbe76e68fed915c76ca3c8d376ac766998ea0d105',148,1,'focus','[]',0,'2023-04-20 16:11:34','2023-04-20 16:11:34','2024-04-20 18:11:34'),('f8cf2196c2c5540e30c5527136b0b84a8b6985874eb5e2156839de3c3e1647716356e62231e52a2f',208,1,'focus','[]',0,'2023-10-31 12:29:55','2023-10-31 12:29:55','2024-10-31 12:29:55'),('f8ec4c9b8bbfd78ede685e057605340d9153970263d7b7f00c9ee5144e787c4acf8a007e94be9fa1',19,1,'mazraa','[]',0,'2022-06-23 08:25:52','2022-06-23 08:25:52','2023-06-23 10:25:52'),('f993df5728b6a1fc6c0a69dec28c5422fcc45f5808bc4164a4acb8614dcbdc399874a74300ea03cb',180,1,'focus','[]',0,'2023-04-19 19:44:50','2023-04-19 19:44:50','2024-04-19 21:44:50'),('f99ca1c83a6d8c0600e49a8d93f6b2b86ce5ce4743e1c4a4725678d86309bb455045de563c232212',73,1,'mazraa','[]',0,'2022-09-28 11:38:53','2022-09-28 11:38:53','2023-09-28 13:38:53'),('fa17147bc0a52b5c21d5dec4e37f024cd6cce30ec807a6fab5240e52e999ca86182b1bb0eb42bac8',206,1,'focus','[]',0,'2023-05-03 08:56:13','2023-05-03 08:56:13','2024-05-03 11:56:13'),('fad9e08a9475e17c505dcc0f9996d3dece4280502d569b83e6266f972a96dc7896448d94ac5a3efb',229,1,'focus','[]',0,'2023-06-02 13:49:04','2023-06-02 13:49:04','2024-06-02 16:49:04'),('fb53742ba39ba63981aef17b60d48c4db13deeefc85736218891a09c352f84db008358f5673511dd',136,1,'focus','[]',0,'2023-04-09 10:34:16','2023-04-09 10:34:16','2024-04-09 12:34:16'),('fb5a6d2d3d5cbd3f08e94965af7a8d13bc81327f3f9a73827d5a7ae1cd2c65885faad1ab92ef0704',115,1,'focus','[]',0,'2023-03-07 06:17:41','2023-03-07 06:17:41','2024-03-07 08:17:41'),('fba417b32506aed05dac8233d31e848986a16575538e5a8d38e0ac5ed4105400b4aa8b674b555f34',228,1,'focus','[]',0,'2023-05-30 01:57:15','2023-05-30 01:57:15','2024-05-30 04:57:15'),('fbbc7ae065a51b5824ebaa0f8ef174a7f3d4cb488d738dadd76a057e9e23cfb751ca9630b704e2c1',115,1,'focus','[]',0,'2023-03-07 05:45:03','2023-03-07 05:45:03','2024-03-07 07:45:03'),('fbcd8e2b7d113efefb3d3356e1b6830087e9e7f0a462e20b09373f8910a125021d038d72fbe59ffc',296,1,'focus','[]',0,'2023-09-27 16:57:27','2023-09-27 16:57:27','2024-09-27 16:57:27'),('fbee8137a3da21ddc3d1615dd4b34b31bb5981d94de3686d1a54d4152652380745c47e15e53e4918',115,1,'focus','[]',0,'2023-03-27 09:00:22','2023-03-27 09:00:22','2024-03-27 11:00:22'),('fbfb3b219cb472a775c711b0a845809c84c118fe7896db058c34582fda377441a4b15a9b90fec674',73,1,'mazraa','[]',0,'2022-10-25 19:02:54','2022-10-25 19:02:54','2023-10-25 21:02:54'),('fc9b0b40d4e3eda18e15612e2343e3400c5ff185418751a04162b7f1d2cd59bf921398d3c26a413f',101,1,'focus','[]',0,'2023-02-27 07:59:21','2023-02-27 07:59:21','2024-02-27 09:59:21'),('fca831de776745a773064cfeda12ac6aea50918d153113c19dbc32e9089a7934a22ec5eb450e8508',378,1,'focus','[]',0,'2025-05-30 12:34:33','2025-05-30 12:34:33','2026-05-30 12:34:33'),('fcb2a51eeb54991cd82e76b57dd200b1ee37ec5c22d9c883da8137df34a51a01544b3b7bd08c7d36',27,1,'mazraa','[]',0,'2022-06-23 08:41:40','2022-06-23 08:41:40','2023-06-23 10:41:40'),('fce0746f00cae5cf3fb9701840f853e34bc8d58f38e3ad297105561f1a89cdbf4d33ca79f0e14b87',156,1,'focus','[]',0,'2023-04-16 16:44:01','2023-04-16 16:44:01','2024-04-16 18:44:01'),('fd23014bcb8ffad5061bb1c5c95a285e2c1eeca3672091997a20f7e9905da620037110d5c6ba1efe',95,1,'focus','[]',0,'2023-02-18 19:24:16','2023-02-18 19:24:16','2024-02-18 21:24:16'),('fdfedf7223b8ec6d6b4f97bfe639ac43d95c04a1948c29a92891ba643b058ec28a50db7e2a20a77a',153,1,'focus','[]',0,'2023-04-12 05:36:04','2023-04-12 05:36:04','2024-04-12 07:36:04'),('fe685a67e8d0082ce4ce11856b842754edd700cfec0794c851f63f6ee84cbe928edbfce95c3efb56',298,1,'focus','[]',0,'2023-10-01 09:37:58','2023-10-01 09:37:58','2024-10-01 09:37:58'),('fea34a3159c0f41627fd44ff821e13d74c7147f3f26dfe8df90649c5f69d9ffa75d9728d60458a19',156,1,'focus','[]',0,'2023-04-13 17:11:55','2023-04-13 17:11:55','2024-04-13 19:11:55'),('feaa275aa047d31d7f5fcc826de6a83757bca8a69f6b34a9c96058849f523cbf1bff8a82121ef019',338,1,'focus','[]',0,'2024-03-26 21:23:37','2024-03-26 21:23:37','2025-03-26 21:23:37'),('fedfbde99c2025b0c85bc2c2f69972ce04aafa11fcb9c292729bf385daa501971110ae78bb7f88e9',97,1,'focus','[]',0,'2023-02-19 09:30:17','2023-02-19 09:30:17','2024-02-19 11:30:17'),('ff3a2dac6d7d57efc124c4300bfbb0abcb93a429e822535531b0aef4e3ea4cab0d9941f220db4b60',71,1,'mazraa','[]',0,'2022-07-06 11:18:53','2022-07-06 11:18:53','2023-07-06 13:18:53'),('ffa5f0dbf78482f33dc25bb15644e891e6f7c68bb0a309ca8444b1e4456b85e886b324d21c19f318',151,1,'focus','[]',0,'2023-04-11 20:53:10','2023-04-11 20:53:10','2024-04-11 22:53:10'),('fff47bc64a4c08865be4963f84bb7c6d4e835056f7b98e5d6673fb511f4b2526e0822a26723c5edc',73,1,'mazraa','[]',0,'2022-10-01 17:10:06','2022-10-01 17:10:06','2023-10-01 19:10:06');

--
-- Table structure for table `oauth_auth_codes`
--

CREATE TABLE `oauth_auth_codes` (
  `id` varchar(100) CHARACTER SET utf8mb4 COLLATE utf8mb4_unicode_ci NOT NULL,
  `user_id` bigint unsigned NOT NULL,
  `client_id` bigint unsigned NOT NULL,
  `scopes` text CHARACTER SET utf8mb4 COLLATE utf8mb4_unicode_ci,
  `revoked` tinyint(1) NOT NULL,
  `expires_at` datetime DEFAULT NULL,
  PRIMARY KEY (`id`),
  KEY `oauth_auth_codes_user_id_index` (`user_id`)
) ENGINE=InnoDB DEFAULT CHARSET=utf8mb4 COLLATE=utf8mb4_unicode_ci;

--
-- Dumping data for table `oauth_auth_codes`
--


--
-- Table structure for table `oauth_clients`
--

CREATE TABLE `oauth_clients` (
  `id` bigint unsigned NOT NULL AUTO_INCREMENT,
  `user_id` bigint unsigned DEFAULT NULL,
  `name` varchar(255) CHARACTER SET utf8mb4 COLLATE utf8mb4_unicode_ci NOT NULL,
  `secret` varchar(100) CHARACTER SET utf8mb4 COLLATE utf8mb4_unicode_ci DEFAULT NULL,
  `provider` varchar(255) CHARACTER SET utf8mb4 COLLATE utf8mb4_unicode_ci DEFAULT NULL,
  `redirect` text CHARACTER SET utf8mb4 COLLATE utf8mb4_unicode_ci NOT NULL,
  `personal_access_client` tinyint(1) NOT NULL,
  `password_client` tinyint(1) NOT NULL,
  `revoked` tinyint(1) NOT NULL,
  `created_at` timestamp NULL DEFAULT NULL,
  `updated_at` timestamp NULL DEFAULT NULL,
  PRIMARY KEY (`id`),
  KEY `oauth_clients_user_id_index` (`user_id`)
) ENGINE=InnoDB AUTO_INCREMENT=3 DEFAULT CHARSET=utf8mb4 COLLATE=utf8mb4_unicode_ci;

--
-- Dumping data for table `oauth_clients`
--

INSERT INTO `oauth_clients` (`id`, `user_id`, `name`, `secret`, `provider`, `redirect`, `personal_access_client`, `password_client`, `revoked`, `created_at`, `updated_at`) VALUES (1,NULL,'Laravel Personal Access Client','M5hKJeOymQ5ybOqGLb1ZHeZwAvggkkcZi4jSuwrX',NULL,'http://localhost',1,0,0,'2022-06-22 10:12:48','2022-06-22 10:12:48'),(2,NULL,'Laravel Password Grant Client','oiElx9TLRlbGMJYB07DzGeD7GcN1SQMxbg24HbDa','users','http://localhost',0,1,0,'2022-06-22 10:12:48','2022-06-22 10:12:48');

--
-- Table structure for table `oauth_personal_access_clients`
--

CREATE TABLE `oauth_personal_access_clients` (
  `id` bigint unsigned NOT NULL AUTO_INCREMENT,
  `client_id` bigint unsigned NOT NULL,
  `created_at` timestamp NULL DEFAULT NULL,
  `updated_at` timestamp NULL DEFAULT NULL,
  PRIMARY KEY (`id`)
) ENGINE=InnoDB AUTO_INCREMENT=2 DEFAULT CHARSET=utf8mb4 COLLATE=utf8mb4_unicode_ci;

--
-- Dumping data for table `oauth_personal_access_clients`
--

INSERT INTO `oauth_personal_access_clients` (`id`, `client_id`, `created_at`, `updated_at`) VALUES (1,1,'2022-06-22 10:12:48','2022-06-22 10:12:48');

--
-- Table structure for table `oauth_refresh_tokens`
--

CREATE TABLE `oauth_refresh_tokens` (
  `id` varchar(100) CHARACTER SET utf8mb4 COLLATE utf8mb4_unicode_ci NOT NULL,
  `access_token_id` varchar(100) CHARACTER SET utf8mb4 COLLATE utf8mb4_unicode_ci NOT NULL,
  `revoked` tinyint(1) NOT NULL,
  `expires_at` datetime DEFAULT NULL,
  PRIMARY KEY (`id`),
  KEY `oauth_refresh_tokens_access_token_id_index` (`access_token_id`)
) ENGINE=InnoDB DEFAULT CHARSET=utf8mb4 COLLATE=utf8mb4_unicode_ci;

--
-- Dumping data for table `oauth_refresh_tokens`
--


--
-- Table structure for table `offer_orders`
--

CREATE TABLE `offer_orders` (
  `id` int unsigned NOT NULL AUTO_INCREMENT,
  `type` varchar(255) CHARACTER SET utf8mb4 COLLATE utf8mb4_unicode_ci DEFAULT NULL,
  `offer_id` int unsigned DEFAULT NULL,
  `order_id` int unsigned DEFAULT NULL,
  `order_product_id` int unsigned DEFAULT NULL,
  `amount` int NOT NULL DEFAULT '1',
  `discount` decimal(8,2) NOT NULL,
  `created_at` timestamp NULL DEFAULT NULL,
  `updated_at` timestamp NULL DEFAULT NULL,
  PRIMARY KEY (`id`),
  KEY `offer_orders_offer_id_foreign` (`offer_id`),
  KEY `offer_orders_order_id_foreign` (`order_id`),
  KEY `offer_orders_order_product_id_foreign` (`order_product_id`),
  CONSTRAINT `offer_orders_offer_id_foreign` FOREIGN KEY (`offer_id`) REFERENCES `offers` (`id`) ON DELETE CASCADE,
  CONSTRAINT `offer_orders_order_id_foreign` FOREIGN KEY (`order_id`) REFERENCES `orders` (`id`) ON DELETE CASCADE,
  CONSTRAINT `offer_orders_order_product_id_foreign` FOREIGN KEY (`order_product_id`) REFERENCES `product_orders` (`id`) ON DELETE CASCADE
) ENGINE=InnoDB DEFAULT CHARSET=utf8mb4 COLLATE=utf8mb4_unicode_ci;

--
-- Dumping data for table `offer_orders`
--


--
-- Table structure for table `offer_translations`
--

CREATE TABLE `offer_translations` (
  `id` int unsigned NOT NULL AUTO_INCREMENT,
  `offer_id` int unsigned NOT NULL,
  `title` varchar(255) CHARACTER SET utf8mb4 COLLATE utf8mb4_unicode_ci NOT NULL,
  `show_title` varchar(191) CHARACTER SET utf8mb4 COLLATE utf8mb4_unicode_ci DEFAULT NULL,
  `content` text CHARACTER SET utf8mb4 COLLATE utf8mb4_unicode_ci NOT NULL,
  `locale` varchar(255) CHARACTER SET utf8mb4 COLLATE utf8mb4_unicode_ci NOT NULL,
  `created_at` timestamp NULL DEFAULT NULL,
  `updated_at` timestamp NULL DEFAULT NULL,
  PRIMARY KEY (`id`),
  UNIQUE KEY `offer_translations_offer_id_locale_unique` (`offer_id`,`locale`),
  KEY `offer_translations_locale_index` (`locale`),
  CONSTRAINT `offer_translations_offer_id_foreign` FOREIGN KEY (`offer_id`) REFERENCES `offers` (`id`) ON DELETE CASCADE
) ENGINE=InnoDB AUTO_INCREMENT=77 DEFAULT CHARSET=utf8mb4 COLLATE=utf8mb4_unicode_ci;

--
-- Dumping data for table `offer_translations`
--

INSERT INTO `offer_translations` (`id`, `offer_id`, `title`, `show_title`, `content`, `locale`, `created_at`, `updated_at`) VALUES (7,4,'Buy 2 Get 1','اشتري 2 واحصل على 1 BELLA','<pre>\r\nاشتري 2 واحصل على 1</pre>','ar',NULL,NULL),(8,4,'Buy 2 Get 1','BUY 2 GET 1 BELLA','<p>Buy 2 Get 1</p>','en',NULL,NULL),(9,5,'اشتري 3 واحصل على 1','اشتري 3 واحصل على 1  BELLA','<p>Buy 3 Get 1</p>','ar',NULL,NULL),(10,5,'Buy 3 Get 1','BUY 3 GET 1 BELLA','<p>Buy 3 Get 1</p>','en',NULL,NULL),(13,7,'اشتري 2 واحصل على 1  AMARA','شتري 2 واحصل على 1  AMARA','<p>Amara</p>','ar',NULL,NULL),(14,7,'BUY 2 GET 1 AMARA','BUY 2 GET 1 AMARA','<p>Amara</p>','en',NULL,NULL),(15,8,'اشتري 3 واحصل على 1','اشتري 3 واحصل على 1 AMARA','<p>Amara</p>','ar',NULL,NULL),(16,8,'Buy 3 Get 1','BUY 3 GET 1 AMARA','<p>Amara</p>','en',NULL,NULL),(21,11,'اشتري 2 واحصل على 1','اشتري 2 واحصل على 1 FRESHLOOK','<p>Freshlook</p>','ar',NULL,NULL),(22,11,'BUY 2 GET 1','BUY 2 GET 1 FRESHLOOK','<p>Freshlook</p>','en',NULL,NULL),(23,12,'اشتري 2 واحصل على 1','اشتري 2 واحصل على 1 LOROYAL','<p>Loroyal</p>','ar',NULL,NULL),(24,12,'BUY 2 GET 1','BUY 2 GET 1 LOROYAL','<p>Loroyal</p>','en',NULL,NULL),(25,13,'اشتري 3 واحصل على 1','اشتري 3 واحصل على 1 LOROYAL','<p>Loroyal</p>','ar',NULL,NULL),(26,13,'BUY 3 GET 1','BUY 3 GET 1 LOROYAL','<p>Loroyal</p>','en',NULL,NULL),(27,14,'اشتري 2 واحصل على 1','اشتري 2 واحصل على 1 ADORE','<p>Adore</p>','ar',NULL,NULL),(28,14,'BUY 2 GET 1','BUY 2 GET 1 ADORE','<p>Adore</p>','en',NULL,NULL),(29,15,'اشتري 2 واحصل على 1','اشتري 2 واحصل على 1 AYAR','<p>Ayar</p>','ar',NULL,NULL),(30,15,'BUY 2 GET 1','BUY 2 GET 1 AYAR','<p>Ayar</p>','en',NULL,NULL),(31,16,'اشتري 2 واحصل على 1','اشتري 2 واحصل على 1 Cinderella','<p>Cinderella</p>','ar',NULL,NULL),(32,16,'BUY 2 GET 1','BUY 2 GET 1 CINDERELLA','<p>Cinderella</p>','en',NULL,NULL),(33,17,'اشتري 2 واحصل على 1','اشتري 2 واحصل على 1 DAHAB','<p>Dahab</p>','ar',NULL,NULL),(34,17,'BUY 2 GET 1','BUY 2 GET 1 DAHAB','<p>Dahab</p>','en',NULL,NULL),(35,18,'اشتري 2 واحصل على 1','اشتري 2 واحصل على 1 HANADI','<p>Hanadi</p>','ar',NULL,NULL),(36,18,'BUY 2 GET 1','BUY 2 GET 1 HANADI','<p>Hanadi</p>','en',NULL,NULL),(37,19,'اشتري 2 واحصل على 1','اشتري 2 واحصل على 1 JOLIE','<p>Jolie</p>','ar',NULL,NULL),(38,19,'BUY 2 GET 1','BUY 2 GET 1 JOLIE','<p>Jolie</p>','en',NULL,NULL),(39,20,'اشتري 3 واحصل على 1','اشتري 3 واحصل على 1 JOLIE','<p>Jolie</p>','ar',NULL,NULL),(40,20,'BUY 3 GET 1','BUY 3 GET 1 JOLIE','<p>Jolie</p>','en',NULL,NULL),(41,21,'اشتري 2 واحصل على 1','اشتري 2 واحصل على 1 Lareen','<p>Lareen</p>','ar',NULL,NULL),(42,21,'BUY 2 GET 1','BUY 2 GET 1 LAREEN','<p>Lareen</p>','en',NULL,NULL),(43,22,'اشتري 2 واحصل على 1','اشتري 2 واحصل على 1 LUMINOUS','<p>Luminous</p>','ar',NULL,NULL),(44,22,'BUY 2 GET 1','BUY 2 GET 1 LUMINOUS','<p>Luminous</p>','en',NULL,NULL),(45,23,'اشتري 1 واحصل على 1','اشتري 1 واحصل على 1 CV','<p>Clear Vision</p>','ar',NULL,NULL),(46,23,'BUY 1 GET 1 CV','BUY 1 GET 1 CV','<p>Clear Vision</p>','en',NULL,NULL),(47,24,'اشتري 2 واحصل على 1','اشتري 2 واحصل على 1 COOPER VISION','<p>Cooper Vision</p>','ar',NULL,NULL),(48,24,'BUY 2 GET 1','BUY 2 GET 1 COOPER VISION','<p>Cooper Vision</p>','en',NULL,NULL),(49,25,'اشتري 2 واحصل على 1','اشتري 2 واحصل على 1 BL','<p>B + L</p>','ar',NULL,NULL),(50,25,'BUY 2 GET 1','BUY 2 GET 1 BL','<p>B + L</p>','en',NULL,NULL),(51,26,'اشتري 2 واحصل على 1','اشتري 2 واحصل على 1 ALCON','<p>Alcon</p>','ar',NULL,NULL),(52,26,'BUY 2 GET 1','BUY 2 GET 1 ALCON','<p>Alcon</p>','en',NULL,NULL),(53,27,'اشتري 3 واحصل على 1','اشتري 3 واحصل على 1 DAHAB','<p>Dahab Daily</p>','ar',NULL,NULL),(54,27,'BUY 3 GET 1','BUY 3 GET 1 DAHAB','<p>Dahab Daily</p>','en',NULL,NULL),(55,28,'اشتري 2 واحصل على 1','اشتري 2 واحصل على 1 MYLENSE','<p>Buy 2 Get 1 Free</p>','ar',NULL,NULL),(56,28,'BUY 2 GET 1','BUY 2 GET 1 MYLENSE','<p>Mylense</p>','en',NULL,NULL),(57,29,'اشتري 2 واحصل على 1','اشتري 2 واحصل على 1 NATUREL','<p>BUY2 GET 1 NATUREL</p>','ar',NULL,NULL),(58,29,'BUY 2 GET 1','BUY 2 GET 1 NATUREL','<p>BUY2 GET 1 ATUREL</p>','en',NULL,NULL),(59,30,'اشتري 5 واحصل على 2','اشتري 5 واحصل على 2 Jolie','<p>Buy 5 Get 2</p>','ar',NULL,NULL),(60,30,'BUY 5 GET 2','BUY 5 GET 2 JOLIE','<p>Jolie</p>\r\n\r\n<p>&nbsp;</p>','en',NULL,NULL),(67,34,'اشتري 1 واحصل على 1','اشتري 1 واحصل على 1  BELLA','<p>Buy 1 Get 1<br />\r\n&nbsp;</p>','ar',NULL,NULL),(68,34,'Buy 1 Get 1','BUY 1 GET 1 BELLA','<p>Buy 1 Get 1<br />\r\n&nbsp;</p>','en',NULL,NULL),(69,35,'اشتري 1 واحصل على 1  Color Vision','اشتري 1 واحصل على 1 Color Vision','<p>اشتري 1 واحصل على 1</p>','ar',NULL,NULL),(70,35,'Buy 1 Get 1 Color Vision','Buy 1 Get 1 Color Vision','<p><br />\r\nBuy 1 Get 1</p>','en',NULL,NULL),(71,36,'اشتري 3 واحصل على 1','اشتري 3 واحصل على 1 Freshlook','<p>Freshlook</p>','ar',NULL,NULL),(72,36,'BUY 3 GET 1','BUY 3 GET 1 FRESHLOOK','<p>Freshlook</p>','en',NULL,NULL),(73,37,'اشتري 1 واحصل على 1','اشتري 1 واحصل على 1  LOROYAL','<p>LOROYAL</p>','ar',NULL,NULL),(74,37,'Buy 1 Get 1','BUY 1 GET 1 LOROYAL','<p>LOROYAL</p>','en',NULL,NULL),(75,38,'اشتري 3 واحصل على 1','اشتري 3 واحصل على 1 DAHAB','<p>DAHAB</p>','ar',NULL,NULL),(76,38,'BUY 3 GET 1','BUY 3 GET 1 DAHAB','<p>DAHAB</p>','en',NULL,NULL);

--
-- Table structure for table `offers`
--

CREATE TABLE `offers` (
  `id` int unsigned NOT NULL AUTO_INCREMENT,
  `image` varchar(255) CHARACTER SET utf8mb4 COLLATE utf8mb4_unicode_ci DEFAULT NULL,
  `Discount` decimal(8,2) NOT NULL DEFAULT '0.00',
  `Origin` int NOT NULL,
  `Target` int NOT NULL,
  `Active` int NOT NULL DEFAULT '1',
  `created_at` timestamp NULL DEFAULT NULL,
  `updated_at` timestamp NULL DEFAULT NULL,
  PRIMARY KEY (`id`)
) ENGINE=InnoDB AUTO_INCREMENT=39 DEFAULT CHARSET=utf8mb4 COLLATE=utf8mb4_unicode_ci;

--
-- Dumping data for table `offers`
--

INSERT INTO `offers` (`id`, `image`, `Discount`, `Origin`, `Target`, `Active`, `created_at`, `updated_at`) VALUES (4,'2023-04-04-bella-tag-red.jpg',0.00,2,1,1,'2023-03-20 05:16:32','2023-04-04 06:11:04'),(5,'2023-06-19-Bella-offer-three-plus-one.jpg',0.00,3,1,1,'2023-03-20 05:22:06','2023-06-19 11:00:25'),(7,'2023-04-04-amara-red-tag.jpg',0.00,2,1,1,'2023-04-04 06:22:14','2023-09-05 17:26:09'),(8,'2023-06-19-amara-offer.jpg',0.00,3,1,1,'2023-04-04 06:26:28','2023-09-05 17:26:11'),(11,'2023-04-04-collection-for-app-with-offer-2023.jpg',0.00,2,1,1,'2023-04-04 06:57:23','2023-07-03 07:38:19'),(12,'2023-04-04-loroyal2+1.jpg',0.00,2,1,0,'2023-04-04 07:02:18','2023-08-24 10:00:04'),(13,'2023-06-19-loroyal-offer-buy-three-plus-one.jpg',0.00,3,1,0,'2023-04-04 07:07:55','2023-08-24 10:00:05'),(14,'2023-04-04-adore2+1.jpg',0.00,2,1,1,'2023-04-04 07:11:23','2023-04-04 07:11:23'),(15,'2023-04-04-ayar-2+1.jpg',0.00,2,1,1,'2023-04-04 07:12:35','2023-04-04 07:12:35'),(16,'2023-04-04-cinderella2+1.jpg',0.00,2,1,1,'2023-04-04 07:14:11','2023-04-04 07:14:11'),(17,'2023-04-04-dahab2+1.jpg',0.00,2,1,1,'2023-04-04 07:16:10','2023-04-04 07:16:10'),(18,'2023-04-04-hanadi2+1.jpg',0.00,2,1,1,'2023-04-04 07:20:15','2023-04-04 07:20:15'),(19,'2023-04-04-jolie2+1.jpg',0.00,2,1,1,'2023-04-04 07:21:19','2023-04-04 07:21:19'),(20,'2023-06-19-jolie-three-plus-one.jpg',0.00,3,1,1,'2023-04-04 07:22:16','2023-06-19 11:01:38'),(21,'2023-04-04-lareen2+1.jpg',0.00,2,1,1,'2023-04-04 07:27:14','2023-04-04 07:27:14'),(22,'2023-04-06-1+1 LUMINOUS.jpeg',0.00,2,1,0,'2023-04-04 07:28:26','2023-08-27 09:39:16'),(23,'2023-04-04-clearvision-band-offer.jpg',0.00,1,1,1,'2023-04-04 08:57:00','2023-09-17 11:04:08'),(24,'2023-04-04-coopervision-offer.jpg',0.00,2,1,1,'2023-04-04 09:01:48','2023-04-04 09:01:48'),(25,'2023-04-04-bausch+lomb-offer-brand.jpg',0.00,2,1,0,'2023-04-04 09:06:59','2023-07-09 08:07:43'),(26,'2023-04-04-alcon-brand.jpg',0.00,2,1,0,'2023-04-04 09:14:51','2023-06-25 19:03:39'),(27,'2023-06-19-bella-daily-offer-brand.jpg',0.00,3,1,0,'2023-06-19 10:03:05','2023-07-09 08:03:15'),(28,'2023-06-19-mylenses-2+1.jpg',0.00,2,1,0,'2023-06-19 10:22:04','2023-08-27 09:39:07'),(29,'2023-06-19-Naturel-2+1.jpg',0.00,2,1,0,'2023-06-19 10:30:09','2023-08-27 09:38:53'),(30,'2023-07-31-buy-five-get-2-offer.jpg',0.00,5,2,1,'2023-07-31 13:00:29','2023-08-01 05:46:40'),(34,'2023-09-03-2023-09-03-Bella-offer-one-plus-one.jpg',0.00,1,1,1,'2023-09-03 18:48:11','2023-09-03 18:48:11'),(35,'2023-11-13-2023-11-13-Colorvision-logo.jpg',0.00,1,1,1,'2023-11-13 17:06:15','2023-11-13 17:22:27'),(36,'2023-11-21-2023-11-22-LOGO-3-1.jpg',0.00,3,1,1,'2023-11-21 17:27:03','2023-11-21 17:27:03'),(37,'2023-11-21-2023-08-24-2023-08-24-Loroya-w-offer.jpg',0.00,1,1,1,'2023-11-21 20:37:04','2023-11-21 20:37:04'),(38,'2023-11-23-2023-04-04-dahab3-1.jpg',0.00,3,1,1,'2023-11-23 10:40:53','2023-11-23 10:40:53');

--
-- Table structure for table `order_comments`
--

CREATE TABLE `order_comments` (
  `id` int unsigned NOT NULL AUTO_INCREMENT,
  `order_id` int unsigned NOT NULL,
  `rate` int NOT NULL DEFAULT '1',
  `comment` text CHARACTER SET utf8mb4 COLLATE utf8mb4_unicode_ci NOT NULL,
  `created_at` timestamp NULL DEFAULT NULL,
  `updated_at` timestamp NULL DEFAULT NULL,
  PRIMARY KEY (`id`),
  KEY `order_comments_order_id_foreign` (`order_id`),
  CONSTRAINT `order_comments_order_id_foreign` FOREIGN KEY (`order_id`) REFERENCES `orders` (`id`) ON DELETE CASCADE
) ENGINE=InnoDB DEFAULT CHARSET=utf8mb4 COLLATE=utf8mb4_unicode_ci;

--
-- Dumping data for table `order_comments`
--


--
-- Table structure for table `order_coupons`
--

CREATE TABLE `order_coupons` (
  `id` int unsigned NOT NULL AUTO_INCREMENT,
  `order_id` int unsigned NOT NULL,
  `price` double NOT NULL,
  `discountprice` double NOT NULL,
  `code` varchar(255) CHARACTER SET utf8mb4 COLLATE utf8mb4_unicode_ci NOT NULL,
  `value` varchar(255) CHARACTER SET utf8mb4 COLLATE utf8mb4_unicode_ci NOT NULL,
  `ids` varchar(255) CHARACTER SET utf8mb4 COLLATE utf8mb4_unicode_ci NOT NULL,
  `type` varchar(255) CHARACTER SET utf8mb4 COLLATE utf8mb4_unicode_ci NOT NULL,
  `coupons_id` int unsigned NOT NULL,
  `created_at` timestamp NULL DEFAULT NULL,
  `updated_at` timestamp NULL DEFAULT NULL,
  `country_code` varchar(191) CHARACTER SET utf8mb4 COLLATE utf8mb4_unicode_ci DEFAULT NULL,
  PRIMARY KEY (`id`),
  KEY `order_coupons_order_id_foreign` (`order_id`),
  KEY `order_coupons_coupons_id_foreign` (`coupons_id`),
  CONSTRAINT `order_coupons_coupons_id_foreign` FOREIGN KEY (`coupons_id`) REFERENCES `coupons` (`id`) ON DELETE CASCADE,
  CONSTRAINT `order_coupons_order_id_foreign` FOREIGN KEY (`order_id`) REFERENCES `orders` (`id`) ON DELETE CASCADE
) ENGINE=InnoDB DEFAULT CHARSET=utf8mb4 COLLATE=utf8mb4_unicode_ci;

--
-- Dumping data for table `order_coupons`
--


--
-- Table structure for table `order_options`
--

CREATE TABLE `order_options` (
  `id` int unsigned NOT NULL AUTO_INCREMENT,
  `order_id` int unsigned DEFAULT NULL,
  `product_order_id` int unsigned DEFAULT NULL,
  `Logo` varchar(255) CHARACTER SET utf8mb4 COLLATE utf8mb4_unicode_ci DEFAULT NULL,
  `Logo_frontName` varchar(255) CHARACTER SET utf8mb4 COLLATE utf8mb4_unicode_ci DEFAULT NULL,
  `Logo_backName` varchar(255) CHARACTER SET utf8mb4 COLLATE utf8mb4_unicode_ci DEFAULT NULL,
  `font_image` varchar(255) CHARACTER SET utf8mb4 COLLATE utf8mb4_unicode_ci DEFAULT NULL,
  `font_image_frontName` varchar(255) CHARACTER SET utf8mb4 COLLATE utf8mb4_unicode_ci DEFAULT NULL,
  `font_image_backName` varchar(255) CHARACTER SET utf8mb4 COLLATE utf8mb4_unicode_ci DEFAULT NULL,
  `created_at` timestamp NULL DEFAULT NULL,
  `updated_at` timestamp NULL DEFAULT NULL,
  `Logo_second` varchar(191) CHARACTER SET utf8mb4 COLLATE utf8mb4_unicode_ci DEFAULT NULL,
  `Logo_frontName_second` varchar(191) CHARACTER SET utf8mb4 COLLATE utf8mb4_unicode_ci DEFAULT NULL,
  `Logo_backName_second` varchar(191) CHARACTER SET utf8mb4 COLLATE utf8mb4_unicode_ci DEFAULT NULL,
  `font_image_second` varchar(191) CHARACTER SET utf8mb4 COLLATE utf8mb4_unicode_ci DEFAULT NULL,
  `font_image_frontName_second` varchar(191) CHARACTER SET utf8mb4 COLLATE utf8mb4_unicode_ci DEFAULT NULL,
  `font_image_backName_second` varchar(191) CHARACTER SET utf8mb4 COLLATE utf8mb4_unicode_ci DEFAULT NULL,
  PRIMARY KEY (`id`),
  KEY `order_options_order_id_foreign` (`order_id`),
  KEY `order_options_product_order_id_foreign` (`product_order_id`),
  CONSTRAINT `order_options_order_id_foreign` FOREIGN KEY (`order_id`) REFERENCES `orders` (`id`) ON DELETE CASCADE,
  CONSTRAINT `order_options_product_order_id_foreign` FOREIGN KEY (`product_order_id`) REFERENCES `product_orders` (`id`) ON DELETE CASCADE
) ENGINE=InnoDB DEFAULT CHARSET=utf8mb4 COLLATE=utf8mb4_unicode_ci;

--
-- Dumping data for table `order_options`
--


--
-- Table structure for table `order_product_features`
--

CREATE TABLE `order_product_features` (
  `id` bigint unsigned NOT NULL AUTO_INCREMENT,
  `order_product_id` int unsigned NOT NULL,
  `feature_id` int unsigned NOT NULL,
  `option_id` int unsigned NOT NULL,
  `product_id` int unsigned DEFAULT NULL,
  `title` varchar(255) CHARACTER SET utf8mb4 COLLATE utf8mb4_unicode_ci NOT NULL,
  `price` double(8,2) DEFAULT NULL,
  `count` int DEFAULT NULL,
  `created_at` timestamp NULL DEFAULT NULL,
  `updated_at` timestamp NULL DEFAULT NULL,
  PRIMARY KEY (`id`),
  KEY `order_product_features_order_product_id_foreign` (`order_product_id`),
  KEY `order_product_features_feature_id_foreign` (`feature_id`),
  KEY `order_product_features_option_id_foreign` (`option_id`),
  KEY `order_product_features_product_id_foreign` (`product_id`),
  CONSTRAINT `order_product_features_feature_id_foreign` FOREIGN KEY (`feature_id`) REFERENCES `features` (`id`) ON DELETE CASCADE,
  CONSTRAINT `order_product_features_option_id_foreign` FOREIGN KEY (`option_id`) REFERENCES `feature_options` (`id`) ON DELETE CASCADE,
  CONSTRAINT `order_product_features_order_product_id_foreign` FOREIGN KEY (`order_product_id`) REFERENCES `product_orders` (`id`) ON DELETE CASCADE,
  CONSTRAINT `order_product_features_product_id_foreign` FOREIGN KEY (`product_id`) REFERENCES `products` (`id`) ON DELETE CASCADE
) ENGINE=InnoDB DEFAULT CHARSET=utf8mb4 COLLATE=utf8mb4_unicode_ci;

--
-- Dumping data for table `order_product_features`
--


--
-- Table structure for table `order_shippings`
--

CREATE TABLE `order_shippings` (
  `id` int unsigned NOT NULL AUTO_INCREMENT,
  `order_id` int unsigned NOT NULL,
  `country_id` int DEFAULT NULL,
  `government_id` int unsigned DEFAULT NULL,
  `region_id` int unsigned DEFAULT NULL,
  `block` varchar(255) CHARACTER SET utf8mb4 COLLATE utf8mb4_unicode_ci DEFAULT NULL,
  `gada` varchar(255) CHARACTER SET utf8mb4 COLLATE utf8mb4_unicode_ci DEFAULT NULL,
  `jada` varchar(255) CHARACTER SET utf8mb4 COLLATE utf8mb4_unicode_ci DEFAULT NULL,
  `building` varchar(255) CHARACTER SET utf8mb4 COLLATE utf8mb4_unicode_ci DEFAULT NULL,
  `floor` varchar(255) CHARACTER SET utf8mb4 COLLATE utf8mb4_unicode_ci DEFAULT NULL,
  `room_number` varchar(255) CHARACTER SET utf8mb4 COLLATE utf8mb4_unicode_ci DEFAULT NULL,
  `created_at` timestamp NULL DEFAULT NULL,
  `updated_at` timestamp NULL DEFAULT NULL,
  `lat` varchar(191) CHARACTER SET utf8mb4 COLLATE utf8mb4_unicode_ci DEFAULT NULL,
  `long` varchar(191) CHARACTER SET utf8mb4 COLLATE utf8mb4_unicode_ci DEFAULT NULL,
  `type` varchar(111) CHARACTER SET utf8mb4 COLLATE utf8mb4_unicode_ci DEFAULT NULL,
  `note` varchar(111) CHARACTER SET utf8mb4 COLLATE utf8mb4_unicode_ci DEFAULT NULL,
  `phone` varchar(191) CHARACTER SET utf8mb4 COLLATE utf8mb4_unicode_ci DEFAULT NULL,
  `user_name` varchar(191) CHARACTER SET utf8mb4 COLLATE utf8mb4_unicode_ci DEFAULT NULL,
  PRIMARY KEY (`id`),
  KEY `order_shippings_order_id_foreign` (`order_id`),
  KEY `order_shippings_government_id_foreign` (`government_id`),
  KEY `order_shippings_region_id_foreign` (`region_id`),
  CONSTRAINT `order_shippings_order_id_foreign` FOREIGN KEY (`order_id`) REFERENCES `orders` (`id`) ON DELETE CASCADE
) ENGINE=InnoDB AUTO_INCREMENT=40 DEFAULT CHARSET=utf8mb4 COLLATE=utf8mb4_unicode_ci;

--
-- Dumping data for table `order_shippings`
--

INSERT INTO `order_shippings` (`id`, `order_id`, `country_id`, `government_id`, `region_id`, `block`, `gada`, `jada`, `building`, `floor`, `room_number`, `created_at`, `updated_at`, `lat`, `long`, `type`, `note`, `phone`, `user_name`) VALUES (1,1,NULL,1,1,'2','5','1','4','4',NULL,NULL,NULL,NULL,NULL,'1','asdasdas','55022830','samer'),(2,4,NULL,1,1,'2','5','1','4','4',NULL,NULL,NULL,NULL,NULL,'1','asdasdas','55022830','samer'),(3,5,NULL,1,1,'2','5','1','4','4',NULL,NULL,NULL,NULL,NULL,'1','asdasdas','55022830','samer'),(4,6,NULL,1,1,'2','5','1','4','4',NULL,NULL,NULL,NULL,NULL,'1','asdasdas','55022830','samer'),(5,28,NULL,1,1,'2','5','1','4','4',NULL,NULL,NULL,NULL,NULL,'1','asdasdas','55022830','samer'),(6,29,NULL,8,19,'21','533','111','4','4',NULL,NULL,NULL,NULL,NULL,'1','asdasdas','55022830','samer'),(7,30,NULL,NULL,NULL,NULL,NULL,NULL,NULL,NULL,NULL,NULL,NULL,NULL,NULL,NULL,NULL,NULL,NULL),(8,32,NULL,NULL,NULL,NULL,NULL,NULL,NULL,NULL,NULL,NULL,NULL,NULL,NULL,NULL,NULL,NULL,NULL),(9,33,NULL,NULL,NULL,NULL,NULL,NULL,NULL,NULL,NULL,NULL,NULL,NULL,NULL,NULL,NULL,NULL,NULL),(10,34,NULL,NULL,NULL,NULL,NULL,NULL,NULL,NULL,NULL,NULL,NULL,NULL,NULL,NULL,NULL,NULL,NULL),(11,36,NULL,NULL,NULL,NULL,NULL,NULL,NULL,NULL,NULL,NULL,NULL,NULL,NULL,NULL,NULL,NULL,NULL),(12,38,NULL,NULL,NULL,NULL,NULL,NULL,NULL,NULL,NULL,NULL,NULL,NULL,NULL,NULL,NULL,NULL,NULL),(13,39,NULL,NULL,NULL,NULL,NULL,NULL,NULL,NULL,NULL,NULL,NULL,NULL,NULL,NULL,NULL,NULL,NULL),(14,40,NULL,NULL,NULL,NULL,NULL,NULL,NULL,NULL,NULL,NULL,NULL,NULL,NULL,NULL,NULL,NULL,NULL),(15,41,NULL,NULL,NULL,NULL,NULL,NULL,NULL,NULL,NULL,NULL,NULL,NULL,NULL,NULL,NULL,NULL,NULL),(16,42,NULL,NULL,NULL,NULL,NULL,NULL,NULL,NULL,NULL,NULL,NULL,NULL,NULL,NULL,NULL,NULL,NULL),(17,43,NULL,NULL,NULL,NULL,NULL,NULL,NULL,NULL,NULL,NULL,NULL,NULL,NULL,NULL,NULL,NULL,NULL),(18,45,NULL,NULL,NULL,NULL,NULL,NULL,NULL,NULL,NULL,NULL,NULL,NULL,NULL,NULL,NULL,NULL,NULL),(19,50,NULL,9,62,'4','4','4','8','7',NULL,NULL,NULL,NULL,NULL,'1','8','+96567782374','answer app'),(20,53,NULL,10,92,'5','5','5','5','5',NULL,NULL,NULL,NULL,NULL,'1','7','+96567782374','anwer'),(21,61,NULL,9,62,'2','2','2','2','2',NULL,NULL,NULL,NULL,NULL,'1','3','+96567782374','answer shehata'),(22,62,NULL,9,62,'2','2','2','2','2',NULL,NULL,NULL,NULL,NULL,'1','3','+96567782374','answer shehata'),(23,63,NULL,9,62,'2','2','2','2','2',NULL,NULL,NULL,NULL,NULL,'1','3','+96567782374','answer shehata'),(24,64,NULL,9,62,'2','2','2','2','2',NULL,NULL,NULL,NULL,NULL,'1','3','+96567782374','answer shehata'),(25,65,NULL,9,62,'2','2','2','2','2',NULL,NULL,NULL,NULL,NULL,'1','3','+96567782374','answer shehata'),(26,66,NULL,9,62,'2','2','2','2','2',NULL,NULL,NULL,NULL,NULL,'1','3','+96567782374','answer shehata'),(27,67,NULL,9,62,'2','2','2','2','2',NULL,NULL,NULL,NULL,NULL,'1','3','+96567782374','answer shehata'),(28,68,NULL,9,62,'2','2','2','2','2',NULL,NULL,NULL,NULL,NULL,'1','3','+96567782374','answer shehata'),(29,69,NULL,9,62,'2','2','2','2','2',NULL,NULL,NULL,NULL,NULL,'1','3','+96567782374','answer shehata'),(30,70,NULL,9,62,'2','2','2','2','2',NULL,NULL,NULL,NULL,NULL,'1','3','+96567782374','answer shehata'),(31,71,NULL,9,62,'2','2','2','2','2',NULL,NULL,NULL,NULL,NULL,'1','3','+96567782374','answer shehata'),(32,72,NULL,9,62,'2','2','2','2','2',NULL,NULL,NULL,NULL,NULL,'1','3','+96567782374','answer shehata'),(33,73,NULL,9,62,'2','2','2','2','2',NULL,NULL,NULL,NULL,NULL,'1','3','+96567782374','answer shehata'),(34,74,NULL,9,62,'2','2','2','2','2',NULL,NULL,NULL,NULL,NULL,'1','3','+96567782374','answer shehata'),(35,75,NULL,9,62,'2','2','2','2','2',NULL,NULL,NULL,NULL,NULL,'1','3','+96567782374','answer shehata'),(36,77,NULL,9,64,'3','3','3','3','3',NULL,NULL,NULL,NULL,NULL,'1','5','+965677823764','answer shehata'),(37,78,NULL,9,64,'3','3','3','3','3',NULL,NULL,NULL,NULL,NULL,'1','5','+965677823764','answer shehata'),(38,56,NULL,12,125,'3','31',NULL,'8','2',NULL,NULL,NULL,NULL,NULL,'1',NULL,'+96551719000','abrar'),(39,83,NULL,9,63,'2','8','77','88','6',NULL,NULL,NULL,NULL,NULL,'1',NULL,'+96567782374','asd');

--
-- Table structure for table `orders`
--

CREATE TABLE `orders` (
  `id` int unsigned NOT NULL AUTO_INCREMENT,
  `order_number` varchar(255) CHARACTER SET utf8mb4 COLLATE utf8mb4_unicode_ci NOT NULL,
  `total_price` varchar(191) CHARACTER SET utf8mb4 COLLATE utf8mb4_unicode_ci DEFAULT NULL,
  `user_id` int unsigned DEFAULT NULL,
  `incart` tinyint(1) NOT NULL DEFAULT '1',
  `mac_address` varchar(255) CHARACTER SET utf8mb4 COLLATE utf8mb4_unicode_ci DEFAULT NULL,
  `price_ship` double(8,2) DEFAULT NULL,
  `shipping_Type` varchar(255) CHARACTER SET utf8mb4 COLLATE utf8mb4_unicode_ci DEFAULT NULL,
  `delivery_time` varchar(255) CHARACTER SET utf8mb4 COLLATE utf8mb4_unicode_ci DEFAULT NULL,
  `order_done_date` varchar(255) CHARACTER SET utf8mb4 COLLATE utf8mb4_unicode_ci DEFAULT NULL,
  `status` enum('pending','cancel','confirm','out_of_delivery','delivered') CHARACTER SET utf8mb4 COLLATE utf8mb4_unicode_ci NOT NULL,
  `payment_method` int unsigned DEFAULT NULL,
  `payment_status` enum('paid','unPaid') CHARACTER SET utf8mb4 COLLATE utf8mb4_unicode_ci NOT NULL,
  `deleted_at` timestamp NULL DEFAULT NULL,
  `created_at` timestamp NULL DEFAULT NULL,
  `updated_at` timestamp NULL DEFAULT NULL,
  `delivery_date_time` varchar(255) CHARACTER SET utf8mb4 COLLATE utf8mb4_unicode_ci DEFAULT NULL,
  `payment_id` int DEFAULT NULL,
  `nameOfCart` varchar(191) CHARACTER SET utf8mb4 COLLATE utf8mb4_unicode_ci DEFAULT NULL,
  `country_code` varchar(191) CHARACTER SET utf8mb4 COLLATE utf8mb4_unicode_ci DEFAULT NULL,
  `country_id` int DEFAULT NULL,
  `vat` decimal(8,3) NOT NULL DEFAULT '0.000',
  `cod_services` decimal(8,2) NOT NULL DEFAULT '0.00',
  `cancel_order` int NOT NULL DEFAULT '0',
  `rep_id` int DEFAULT NULL,
  `device_token` varchar(191) CHARACTER SET utf8mb4 COLLATE utf8mb4_unicode_ci DEFAULT NULL,
  `discount_offer` varchar(191) CHARACTER SET utf8mb4 COLLATE utf8mb4_unicode_ci DEFAULT NULL,
  PRIMARY KEY (`id`),
  KEY `orders_user_id_foreign` (`user_id`),
  KEY `orders_payment_method_foreign` (`payment_method`),
  CONSTRAINT `orders_payment_method_foreign` FOREIGN KEY (`payment_method`) REFERENCES `payment_methods` (`id`) ON DELETE CASCADE,
  CONSTRAINT `orders_user_id_foreign` FOREIGN KEY (`user_id`) REFERENCES `users` (`id`) ON DELETE CASCADE
) ENGINE=InnoDB AUTO_INCREMENT=86 DEFAULT CHARSET=utf8mb4 COLLATE=utf8mb4_unicode_ci;

--
-- Dumping data for table `orders`
--

INSERT INTO `orders` (`id`, `order_number`, `total_price`, `user_id`, `incart`, `mac_address`, `price_ship`, `shipping_Type`, `delivery_time`, `order_done_date`, `status`, `payment_method`, `payment_status`, `deleted_at`, `created_at`, `updated_at`, `delivery_date_time`, `payment_id`, `nameOfCart`, `country_code`, `country_id`, `vat`, `cod_services`, `cancel_order`, `rep_id`, `device_token`, `discount_offer`) VALUES (1,'35473','24.000',NULL,0,'98762asds5325d',0.00,'1',NULL,'2024-07-17 16:16:42','pending',1,'paid',NULL,'2024-07-17 10:10:01','2024-07-17 14:16:42',NULL,NULL,NULL,NULL,NULL,0.000,0.00,0,NULL,'asdasdasdadsa',NULL),(2,'92531',NULL,NULL,1,'98762asds5325d',NULL,'',NULL,NULL,'pending',NULL,'paid','2024-07-17 19:45:39','2024-07-17 19:35:50','2024-07-17 19:45:39',NULL,NULL,NULL,NULL,NULL,0.000,0.00,0,NULL,'asdasdasdadsa',NULL),(3,'77017',NULL,NULL,1,'98762asds5325d',NULL,'',NULL,NULL,'pending',NULL,'paid','2024-07-19 18:07:53','2024-07-17 19:47:53','2024-07-19 18:07:53',NULL,NULL,NULL,NULL,NULL,0.000,0.00,0,NULL,'asdasdasdadsa',NULL),(4,'5386','24.000',NULL,0,'98762asds5325d',0.00,'1',NULL,'2024-07-19 20:12:54','pending',1,'paid',NULL,'2024-07-19 18:10:22','2024-07-19 18:12:54',NULL,NULL,NULL,NULL,NULL,0.000,0.00,0,NULL,'asdasdasdadsa',NULL),(5,'6286','12.000',NULL,0,'98762asds5325d',0.00,'1',NULL,'2024-07-21 21:15:11','pending',1,'paid',NULL,'2024-07-21 19:14:51','2024-07-21 19:15:11',NULL,NULL,NULL,NULL,NULL,0.000,0.00,0,NULL,'asdasdasdadsa',NULL),(6,'25675','21.000',NULL,0,'98762asds5325d',0.00,'1',NULL,'2024-08-14 18:13:19','pending',1,'paid',NULL,'2024-08-14 18:12:46','2024-08-14 18:13:19',NULL,NULL,NULL,NULL,NULL,0.000,0.00,0,NULL,'asdasdasdadsa',NULL),(7,'70064',NULL,NULL,1,'98762asds5325d',NULL,'',NULL,NULL,'pending',NULL,'paid','2024-08-14 19:33:40','2024-08-14 19:32:48','2024-08-14 19:33:40',NULL,NULL,NULL,NULL,NULL,0.000,0.00,0,NULL,'asdasdasdadsa',NULL),(8,'76204',NULL,NULL,1,'98762asds5325d',NULL,'',NULL,NULL,'pending',NULL,'paid','2024-08-14 19:36:32','2024-08-14 19:33:47','2024-08-14 19:36:32',NULL,NULL,NULL,NULL,NULL,0.000,0.00,0,NULL,'asdasdasdadsa',NULL),(9,'45703',NULL,NULL,1,'98762asds5325d',NULL,'',NULL,NULL,'pending',NULL,'paid','2024-08-14 19:37:03','2024-08-14 19:36:40','2024-08-14 19:37:03',NULL,NULL,NULL,NULL,NULL,0.000,0.00,0,NULL,'asdasdasdadsa',NULL),(10,'40864',NULL,NULL,1,'98762asds5325d',NULL,'',NULL,NULL,'pending',NULL,'paid','2024-08-14 19:38:51','2024-08-14 19:37:22','2024-08-14 19:38:51',NULL,NULL,NULL,NULL,NULL,0.000,0.00,0,NULL,'asdasdasdadsa',NULL),(11,'18939',NULL,NULL,1,'98762asds5325d',NULL,'',NULL,NULL,'pending',NULL,'paid','2024-08-14 19:39:08','2024-08-14 19:38:59','2024-08-14 19:39:08',NULL,NULL,NULL,NULL,NULL,0.000,0.00,0,NULL,'asdasdasdadsa',NULL),(12,'11312',NULL,NULL,1,'98762asds5325d',NULL,'',NULL,NULL,'pending',NULL,'paid','2024-08-14 19:40:48','2024-08-14 19:39:41','2024-08-14 19:40:48',NULL,NULL,NULL,NULL,NULL,0.000,0.00,0,NULL,'asdasdasdadsa',NULL),(13,'10997',NULL,NULL,1,'98762asds5325d',NULL,'',NULL,NULL,'pending',NULL,'paid','2024-08-14 19:41:57','2024-08-14 19:41:26','2024-08-14 19:41:57',NULL,NULL,NULL,NULL,NULL,0.000,0.00,0,NULL,'asdasdasdadsa',NULL),(14,'27772',NULL,NULL,1,'98762asds5325d',NULL,'',NULL,NULL,'pending',NULL,'paid','2024-08-14 19:43:21','2024-08-14 19:42:14','2024-08-14 19:43:21',NULL,NULL,NULL,NULL,NULL,0.000,0.00,0,NULL,'asdasdasdadsa',NULL),(15,'67356',NULL,NULL,1,'98762asds5325d',NULL,'',NULL,NULL,'pending',NULL,'paid','2024-08-14 19:43:39','2024-08-14 19:43:27','2024-08-14 19:43:39',NULL,NULL,NULL,NULL,NULL,0.000,0.00,0,NULL,'asdasdasdadsa',NULL),(16,'14864',NULL,NULL,1,'98762asds5325d',NULL,'',NULL,NULL,'pending',NULL,'paid','2024-08-17 14:55:45','2024-08-17 14:43:35','2024-08-17 14:55:45',NULL,NULL,NULL,NULL,NULL,0.000,0.00,0,NULL,'asdasdasdadsa',NULL),(17,'1688',NULL,NULL,1,'98762asds5325d',NULL,'',NULL,NULL,'pending',NULL,'paid','2024-08-17 14:59:53','2024-08-17 14:57:19','2024-08-17 14:59:53',NULL,NULL,NULL,NULL,NULL,0.000,0.00,0,NULL,'asdasdasdadsa',NULL),(18,'73317',NULL,NULL,1,'98762asds5325d',NULL,'',NULL,NULL,'pending',NULL,'paid','2024-08-17 15:06:25','2024-08-17 15:00:02','2024-08-17 15:06:25',NULL,NULL,NULL,NULL,NULL,0.000,0.00,0,NULL,'asdasdasdadsa',NULL),(19,'75111',NULL,NULL,1,'98762asds5325d',NULL,'',NULL,NULL,'pending',NULL,'paid','2024-08-17 15:10:45','2024-08-17 15:09:13','2024-08-17 15:10:45',NULL,NULL,NULL,NULL,NULL,0.000,0.00,0,NULL,'asdasdasdadsa',NULL),(20,'16499',NULL,NULL,1,'98762asds5325d',NULL,'',NULL,NULL,'pending',NULL,'paid','2024-08-18 14:11:27','2024-08-17 15:10:51','2024-08-18 14:11:27',NULL,NULL,NULL,NULL,NULL,0.000,0.00,0,NULL,'asdasdasdadsa',NULL),(21,'83738',NULL,NULL,1,'98762asds5325d',NULL,'',NULL,NULL,'pending',NULL,'paid','2024-08-20 16:40:32','2024-08-18 14:11:33','2024-08-20 16:40:32',NULL,NULL,NULL,NULL,NULL,0.000,0.00,0,NULL,'asdasdasdadsa',NULL),(22,'48349',NULL,NULL,1,'B6AEF0BF-2C63-4852-8BC1-C49D3F1E76AB',NULL,'',NULL,NULL,'pending',NULL,'paid','2024-08-20 16:48:58','2024-08-20 16:47:49','2024-08-20 16:48:58',NULL,NULL,NULL,NULL,NULL,0.000,0.00,0,NULL,'asdasdasdadsa',NULL),(23,'14378',NULL,NULL,1,'B6AEF0BF-2C63-4852-8BC1-C49D3F1E76AB',NULL,'',NULL,NULL,'pending',NULL,'paid',NULL,'2024-08-20 16:49:14','2024-08-20 16:49:14',NULL,NULL,NULL,NULL,NULL,0.000,0.00,0,NULL,'asdasdasdadsa',NULL),(24,'51439',NULL,NULL,1,'A233590D-65D4-4683-B482-61193B9D3F97',NULL,'',NULL,NULL,'pending',NULL,'paid','2024-08-24 16:10:41','2024-08-24 15:42:13','2024-08-24 16:10:41',NULL,NULL,NULL,NULL,NULL,0.000,0.00,0,NULL,'asdasdasdadsa',NULL),(25,'96393',NULL,NULL,1,'A233590D-65D4-4683-B482-61193B9D3F97',NULL,'',NULL,NULL,'pending',NULL,'paid','2024-08-24 16:12:45','2024-08-24 16:10:50','2024-08-24 16:12:45',NULL,NULL,NULL,NULL,NULL,0.000,0.00,0,NULL,'asdasdasdadsa',NULL),(26,'95247',NULL,NULL,1,'039C27A0-E195-40F3-B9F0-7322F5C37EC5',NULL,'',NULL,NULL,'pending',NULL,'paid','2024-08-25 15:25:43','2024-08-25 15:18:42','2024-08-25 15:25:43',NULL,NULL,NULL,NULL,NULL,0.000,0.00,0,NULL,'asdasdasdadsa',NULL),(27,'48038','2',NULL,0,'039C27A0-E195-40F3-B9F0-7322F5C37EC5',1.00,NULL,NULL,'2024-08-25 16:28:25','pending',1,'paid',NULL,'2024-08-25 15:25:53','2024-08-25 16:28:25',NULL,NULL,NULL,NULL,NULL,0.000,0.00,0,NULL,'asdasdasdadsa',NULL),(28,'61304','2',NULL,0,'98762asds5325d',1.00,'1',NULL,'2024-08-25 16:31:58','pending',1,'paid',NULL,'2024-08-25 16:29:37','2024-08-25 16:31:58',NULL,NULL,NULL,NULL,NULL,0.000,0.00,0,NULL,'asdasdasdadsa',NULL),(29,'52265','2',NULL,0,'98762asds5325d',1.00,'1',NULL,'2024-08-25 16:35:18','pending',1,'paid',NULL,'2024-08-25 16:33:42','2024-08-25 16:35:18',NULL,NULL,NULL,NULL,NULL,0.000,0.00,0,NULL,'asdasdasdadsa',NULL),(30,'95069','21.000',NULL,0,'039C27A0-E195-40F3-B9F0-7322F5C37EC5',0.00,NULL,NULL,'2024-08-26 15:53:56','pending',1,'paid',NULL,'2024-08-26 15:53:46','2024-08-26 15:53:56',NULL,NULL,NULL,NULL,NULL,0.000,0.00,0,NULL,'asdasdasdadsa',NULL),(31,'79661',NULL,NULL,1,'A233590D-65D4-4683-B482-61193B9D3F97',NULL,'',NULL,NULL,'pending',NULL,'paid','2024-08-28 02:34:06','2024-08-28 02:33:22','2024-08-28 02:34:06',NULL,NULL,NULL,NULL,NULL,0.000,0.00,0,NULL,'asdasdasdadsa',NULL),(32,'33649','21.000',NULL,0,'A233590D-65D4-4683-B482-61193B9D3F97',0.00,NULL,NULL,'2024-08-29 16:55:19','pending',1,'paid',NULL,'2024-08-29 16:54:04','2024-08-29 16:55:19',NULL,NULL,NULL,NULL,NULL,0.000,0.00,0,NULL,'asdasdasdadsa',NULL),(33,'41224','21.000',NULL,0,'A233590D-65D4-4683-B482-61193B9D3F97',0.00,NULL,NULL,'2024-08-29 16:57:15','pending',1,'paid',NULL,'2024-08-29 16:57:02','2024-08-29 16:57:15',NULL,NULL,NULL,NULL,NULL,0.000,0.00,0,NULL,'asdasdasdadsa',NULL),(34,'27993','null',NULL,0,'A233590D-65D4-4683-B482-61193B9D3F97',0.00,NULL,NULL,'2024-08-29 17:03:37','pending',1,'paid',NULL,'2024-08-29 16:57:31','2024-08-29 17:03:37',NULL,NULL,NULL,NULL,NULL,0.000,0.00,0,NULL,'asdasdasdadsa',NULL),(35,'68308',NULL,NULL,1,'A233590D-65D4-4683-B482-61193B9D3F97',NULL,'',NULL,NULL,'pending',NULL,'paid','2024-08-29 17:29:24','2024-08-29 17:20:21','2024-08-29 17:29:24',NULL,NULL,NULL,NULL,NULL,0.000,0.00,0,NULL,'asdasdasdadsa',NULL),(36,'25091','12.000',NULL,0,'A233590D-65D4-4683-B482-61193B9D3F97',0.00,NULL,NULL,'2024-08-29 17:49:47','pending',1,'paid',NULL,'2024-08-29 17:46:07','2024-08-29 17:49:47',NULL,NULL,NULL,NULL,NULL,0.000,0.00,0,NULL,'asdasdasdadsa',NULL),(37,'45711',NULL,NULL,1,'A233590D-65D4-4683-B482-61193B9D3F97',NULL,'',NULL,NULL,'pending',NULL,'paid','2024-09-03 14:37:53','2024-08-29 17:49:58','2024-09-03 14:37:53',NULL,NULL,NULL,NULL,NULL,0.000,0.00,0,NULL,'asdasdasdadsa',NULL),(38,'34742','12.000',NULL,0,'039C27A0-E195-40F3-B9F0-7322F5C37EC5',0.00,NULL,NULL,'2024-09-01 16:04:24','pending',1,'paid',NULL,'2024-09-01 16:03:04','2024-09-01 16:04:24',NULL,NULL,NULL,NULL,NULL,0.000,0.00,0,NULL,'asdasdasdadsa',NULL),(39,'11097','12.000',NULL,0,'039C27A0-E195-40F3-B9F0-7322F5C37EC5',0.00,NULL,NULL,'2024-09-01 16:07:13','pending',1,'paid',NULL,'2024-09-01 16:06:59','2024-09-01 16:07:13',NULL,NULL,NULL,NULL,NULL,0.000,0.00,0,NULL,'asdasdasdadsa',NULL),(40,'45045','63.000',NULL,0,'A233590D-65D4-4683-B482-61193B9D3F97',0.00,NULL,NULL,'2024-09-05 16:33:07','pending',1,'paid',NULL,'2024-09-04 00:15:51','2024-09-05 16:33:07',NULL,NULL,NULL,NULL,NULL,0.000,0.00,0,NULL,'asdasdasdadsa',NULL),(41,'99496','21.000',NULL,0,'A233590D-65D4-4683-B482-61193B9D3F97',0.00,NULL,NULL,'2024-09-05 16:34:32','pending',1,'paid',NULL,'2024-09-05 16:33:41','2024-09-05 16:34:32',NULL,NULL,NULL,NULL,NULL,0.000,0.00,0,NULL,'asdasdasdadsa',NULL),(42,'88079','123.000',NULL,0,'A233590D-65D4-4683-B482-61193B9D3F97',0.00,NULL,NULL,'2024-09-06 21:11:42','pending',1,'paid',NULL,'2024-09-05 16:36:56','2024-09-06 21:11:42',NULL,NULL,NULL,NULL,NULL,0.000,0.00,0,NULL,'asdasdasdadsa',NULL),(43,'84086','21.000',NULL,0,'A233590D-65D4-4683-B482-61193B9D3F97',0.00,NULL,NULL,'2024-09-06 21:12:48','pending',1,'paid',NULL,'2024-09-06 21:12:25','2024-09-06 21:12:48',NULL,NULL,NULL,NULL,NULL,0.000,0.00,0,NULL,'asdasdasdadsa',NULL),(44,'97389',NULL,NULL,1,'6EB4D6BE-72F6-42B8-891D-FD4AEC8D29AA',NULL,'',NULL,NULL,'pending',NULL,'paid',NULL,'2024-10-06 12:21:22','2024-10-06 12:21:22',NULL,NULL,NULL,NULL,NULL,0.000,0.00,0,NULL,'asdasdasdadsa',NULL),(45,'64750','119.000',NULL,0,'FF02ABE7-1B7E-4911-B6D5-64543649BE08',0.00,NULL,NULL,'2024-10-06 21:09:28','pending',1,'paid',NULL,'2024-10-06 20:18:43','2024-10-06 21:09:28',NULL,NULL,NULL,NULL,NULL,0.000,0.00,0,NULL,'asdasdasdadsa',NULL),(46,'68321',NULL,NULL,1,'FF02ABE7-1B7E-4911-B6D5-64543649BE08',NULL,'',NULL,NULL,'pending',NULL,'paid','2024-10-06 21:20:04','2024-10-06 21:09:46','2024-10-06 21:20:04',NULL,NULL,NULL,NULL,NULL,0.000,0.00,0,NULL,'asdasdasdadsa',NULL),(47,'62632',NULL,NULL,1,'FF02ABE7-1B7E-4911-B6D5-64543649BE08',NULL,'',NULL,NULL,'pending',NULL,'paid','2024-10-06 21:30:32','2024-10-06 21:20:13','2024-10-06 21:30:32',NULL,NULL,NULL,NULL,NULL,0.000,0.00,0,NULL,'asdasdasdadsa',NULL),(48,'42187',NULL,NULL,1,'98762asds5325d',NULL,'',NULL,NULL,'pending',NULL,'paid',NULL,'2024-10-06 21:22:23','2024-10-06 21:22:23',NULL,NULL,NULL,NULL,NULL,0.000,0.00,0,NULL,'asdasdasdadsa',NULL),(49,'3843',NULL,NULL,1,'FF02ABE7-1B7E-4911-B6D5-64543649BE08',NULL,'',NULL,NULL,'pending',NULL,'paid','2024-10-06 22:55:28','2024-10-06 21:30:41','2024-10-06 22:55:28',NULL,NULL,NULL,NULL,NULL,0.000,0.00,0,NULL,'asdasdasdadsa',NULL),(50,'38511','30.500',NULL,0,'FF02ABE7-1B7E-4911-B6D5-64543649BE08',0.50,'1',NULL,'2024-10-06 22:58:27','pending',1,'paid',NULL,'2024-10-06 22:58:07','2024-10-06 22:58:27',NULL,NULL,NULL,NULL,NULL,0.000,0.00,0,NULL,'asdasdasdadsa',NULL),(51,'41053',NULL,NULL,1,'FF02ABE7-1B7E-4911-B6D5-64543649BE08',NULL,'',NULL,NULL,'pending',NULL,'paid','2024-10-06 23:08:31','2024-10-06 22:59:21','2024-10-06 23:08:31',NULL,NULL,NULL,NULL,NULL,0.000,0.00,0,NULL,'asdasdasdadsa',NULL),(52,'14945',NULL,NULL,1,'FF02ABE7-1B7E-4911-B6D5-64543649BE08',NULL,'',NULL,NULL,'pending',NULL,'paid',NULL,'2024-10-06 23:08:50','2024-10-06 23:08:50',NULL,NULL,NULL,NULL,NULL,0.000,0.00,0,NULL,'asdasdasdadsa',NULL),(53,'16333','87.750',NULL,0,'77D4C79B-3F80-49CE-838C-95C822AB8649',0.75,'1',NULL,'2024-10-06 23:42:54','pending',1,'paid',NULL,'2024-10-06 23:41:49','2024-10-06 23:42:54',NULL,NULL,NULL,NULL,NULL,0.000,0.00,0,NULL,'asdasdasdadsa',NULL),(54,'1418',NULL,NULL,1,'77D4C79B-3F80-49CE-838C-95C822AB8649',NULL,'',NULL,NULL,'pending',NULL,'paid',NULL,'2024-10-06 23:43:05','2024-10-06 23:43:05',NULL,NULL,NULL,NULL,NULL,0.000,0.00,0,NULL,'asdasdasdadsa',NULL),(55,'35875',NULL,NULL,1,'8C7FCEF8-356B-4411-B550-D54AA529B9D7',NULL,'',NULL,NULL,'pending',NULL,'paid',NULL,'2024-10-08 03:50:21','2024-10-08 03:50:21',NULL,NULL,NULL,NULL,NULL,0.000,0.00,0,NULL,'asdasdasdadsa',NULL),(56,'486','72.500',NULL,0,'A233590D-65D4-4683-B482-61193B9D3F97',0.50,'1',NULL,'2024-10-22 10:29:37','pending',1,'paid',NULL,'2024-10-08 04:12:43','2024-10-22 10:29:37',NULL,NULL,NULL,NULL,NULL,0.000,0.00,0,NULL,'asdasdasdadsa',NULL),(57,'69771',NULL,NULL,1,'188d0f982e033aa5',NULL,'',NULL,NULL,'pending',NULL,'paid',NULL,'2024-10-09 12:58:36','2024-10-09 12:58:36',NULL,NULL,NULL,NULL,NULL,0.000,0.00,0,NULL,'asdasdasdadsa',NULL),(58,'34845',NULL,NULL,1,'69F4FA23-7A39-4B9C-90A1-240D5309273D',NULL,'',NULL,NULL,'pending',NULL,'paid',NULL,'2024-10-10 04:12:07','2024-10-10 04:12:07',NULL,NULL,NULL,NULL,NULL,0.000,0.00,0,NULL,'asdasdasdadsa',NULL),(59,'76108',NULL,NULL,1,'A29DE4B2-CF0E-4794-9581-5AE7EBEF8EF8',NULL,'',NULL,NULL,'pending',NULL,'paid','2024-10-13 18:13:32','2024-10-13 18:13:11','2024-10-13 18:13:32',NULL,NULL,NULL,NULL,NULL,0.000,0.00,0,NULL,'asdasdasdadsa',NULL),(60,'86238',NULL,NULL,1,'0604FDAA-DD25-43D4-9784-10EC279C1A28',NULL,'',NULL,NULL,'pending',NULL,'paid',NULL,'2024-10-15 04:28:24','2024-10-15 04:28:24',NULL,NULL,NULL,NULL,NULL,0.000,0.00,0,NULL,'asdasdasdadsa',NULL),(61,'38691','30.500',NULL,0,'CECCA821-D230-4FA6-841A-BF23657E2BC0',0.50,'1',NULL,'2024-10-16 00:26:41','pending',1,'paid',NULL,'2024-10-16 00:25:16','2024-10-16 00:26:41',NULL,NULL,NULL,NULL,NULL,0.000,0.00,0,NULL,'asdasdasdadsa',NULL),(62,'44052','30.500',NULL,0,'CECCA821-D230-4FA6-841A-BF23657E2BC0',0.50,'1',NULL,'2024-10-16 00:56:14','pending',1,'paid',NULL,'2024-10-16 00:26:53','2024-10-16 00:56:14',NULL,NULL,NULL,NULL,NULL,0.000,0.00,0,NULL,'asdasdasdadsa',NULL),(63,'24594','30.500',NULL,0,'CECCA821-D230-4FA6-841A-BF23657E2BC0',0.50,'1',NULL,'2024-10-16 01:00:45','pending',1,'paid',NULL,'2024-10-16 00:56:29','2024-10-16 01:00:45',NULL,NULL,NULL,NULL,NULL,0.000,0.00,0,NULL,'asdasdasdadsa',NULL),(64,'85082','30.500',NULL,0,'CECCA821-D230-4FA6-841A-BF23657E2BC0',0.50,'1',NULL,'2024-10-16 01:12:02','pending',1,'paid',NULL,'2024-10-16 01:11:01','2024-10-16 01:12:02',NULL,NULL,NULL,NULL,NULL,0.000,0.00,0,NULL,'asdasdasdadsa',NULL),(65,'60696','30.500',NULL,0,'CECCA821-D230-4FA6-841A-BF23657E2BC0',0.50,'1',NULL,'2024-10-16 01:13:51','pending',1,'paid',NULL,'2024-10-16 01:13:40','2024-10-16 01:13:51',NULL,NULL,NULL,NULL,NULL,0.000,0.00,0,NULL,'asdasdasdadsa',NULL),(66,'54232','30.500',NULL,0,'CECCA821-D230-4FA6-841A-BF23657E2BC0',0.50,'1',NULL,'2024-10-16 01:14:56','pending',1,'paid',NULL,'2024-10-16 01:14:41','2024-10-16 01:14:56',NULL,NULL,NULL,NULL,NULL,0.000,0.00,0,NULL,'asdasdasdadsa',NULL),(67,'32549','30.500',NULL,0,'CECCA821-D230-4FA6-841A-BF23657E2BC0',0.50,'1',NULL,'2024-10-16 01:15:41','pending',1,'paid',NULL,'2024-10-16 01:15:27','2024-10-16 01:15:41',NULL,NULL,NULL,NULL,NULL,0.000,0.00,0,NULL,'asdasdasdadsa',NULL),(68,'25282','30.500',NULL,0,'CECCA821-D230-4FA6-841A-BF23657E2BC0',0.50,'1',NULL,'2024-10-16 01:17:52','pending',1,'paid',NULL,'2024-10-16 01:17:40','2024-10-16 01:17:52',NULL,NULL,NULL,NULL,NULL,0.000,0.00,0,NULL,'asdasdasdadsa',NULL),(69,'34809','30.500',NULL,0,'CECCA821-D230-4FA6-841A-BF23657E2BC0',0.50,'1',NULL,'2024-10-16 01:22:37','pending',1,'paid',NULL,'2024-10-16 01:22:26','2024-10-16 01:22:37',NULL,NULL,NULL,NULL,NULL,0.000,0.00,0,NULL,'asdasdasdadsa',NULL),(70,'22649','30.500',NULL,0,'CECCA821-D230-4FA6-841A-BF23657E2BC0',0.50,'1',NULL,'2024-10-16 01:23:19','pending',1,'paid',NULL,'2024-10-16 01:23:06','2024-10-16 01:23:19',NULL,NULL,NULL,NULL,NULL,0.000,0.00,0,NULL,'asdasdasdadsa',NULL),(71,'37134','30.500',NULL,0,'CECCA821-D230-4FA6-841A-BF23657E2BC0',0.50,'1',NULL,'2024-10-16 01:25:26','pending',1,'paid',NULL,'2024-10-16 01:25:17','2024-10-16 01:25:26',NULL,NULL,NULL,NULL,NULL,0.000,0.00,0,NULL,'asdasdasdadsa',NULL),(72,'96794','30.500',NULL,0,'CECCA821-D230-4FA6-841A-BF23657E2BC0',0.50,'1',NULL,'2024-10-16 01:26:44','pending',1,'paid',NULL,'2024-10-16 01:25:52','2024-10-16 01:26:44',NULL,NULL,NULL,NULL,NULL,0.000,0.00,0,NULL,'asdasdasdadsa',NULL),(73,'88266','30.500',NULL,0,'CECCA821-D230-4FA6-841A-BF23657E2BC0',0.50,'1',NULL,'2024-10-16 01:32:44','pending',1,'paid',NULL,'2024-10-16 01:26:57','2024-10-16 01:32:44',NULL,NULL,NULL,NULL,NULL,0.000,0.00,0,NULL,'asdasdasdadsa',NULL),(74,'89284','23.500',NULL,0,'CECCA821-D230-4FA6-841A-BF23657E2BC0',0.50,'1',NULL,'2024-10-16 01:33:57','pending',1,'paid',NULL,'2024-10-16 01:33:05','2024-10-16 01:33:57',NULL,NULL,NULL,NULL,NULL,0.000,0.00,0,NULL,'asdasdasdadsa',NULL),(75,'86033','30.500',NULL,0,'CECCA821-D230-4FA6-841A-BF23657E2BC0',0.50,'1',NULL,'2024-10-16 01:38:45','pending',1,'paid',NULL,'2024-10-16 01:38:27','2024-10-16 01:38:45',NULL,NULL,NULL,NULL,NULL,0.000,0.00,0,NULL,'asdasdasdadsa',NULL),(76,'49381',NULL,NULL,1,'CECCA821-D230-4FA6-841A-BF23657E2BC0',NULL,'',NULL,NULL,'pending',NULL,'paid','2024-10-16 01:42:17','2024-10-16 01:38:59','2024-10-16 01:42:17',NULL,NULL,NULL,NULL,NULL,0.000,0.00,0,NULL,'asdasdasdadsa',NULL),(77,'90328','54.000',NULL,0,'CECCA821-D230-4FA6-841A-BF23657E2BC0',1.00,'1',NULL,'2024-10-16 01:48:47','pending',1,'paid',NULL,'2024-10-16 01:42:48','2024-10-16 01:48:47',NULL,NULL,NULL,NULL,NULL,0.000,0.00,0,NULL,'asdasdasdadsa',NULL),(78,'35033','31.000',NULL,0,'CECCA821-D230-4FA6-841A-BF23657E2BC0',1.00,'1',NULL,'2024-10-16 13:01:08','pending',1,'paid',NULL,'2024-10-16 12:46:29','2024-10-16 13:01:08',NULL,NULL,NULL,NULL,NULL,0.000,0.00,0,NULL,'asdasdasdadsa',NULL),(79,'98119',NULL,NULL,1,'CECCA821-D230-4FA6-841A-BF23657E2BC0',NULL,'',NULL,NULL,'pending',NULL,'paid',NULL,'2024-10-16 13:01:18','2024-10-16 13:01:18',NULL,NULL,NULL,NULL,NULL,0.000,0.00,0,NULL,'asdasdasdadsa',NULL),(80,'71643',NULL,NULL,1,'4FE178BE-E94D-44A7-92AF-226ED52C18A6',NULL,'',NULL,NULL,'pending',NULL,'paid',NULL,'2024-10-16 19:24:04','2024-10-16 19:24:04',NULL,NULL,NULL,NULL,NULL,0.000,0.00,0,NULL,'asdasdasdadsa',NULL),(81,'68169',NULL,NULL,1,'A29DE4B2-CF0E-4794-9581-5AE7EBEF8EF8',NULL,'',NULL,NULL,'pending',NULL,'paid','2025-01-19 16:15:51','2024-10-17 22:11:29','2025-01-19 16:15:51',NULL,NULL,NULL,NULL,NULL,0.000,0.00,0,NULL,'asdasdasdadsa',NULL),(82,'28433',NULL,NULL,1,'85fe54edf3d7741f',NULL,'',NULL,NULL,'pending',NULL,'paid',NULL,'2024-11-05 05:00:00','2024-11-05 05:00:00',NULL,NULL,NULL,NULL,NULL,0.000,0.00,0,NULL,'asdasdasdadsa',NULL),(83,'48236','120.500',NULL,0,'387B03A4-2851-4768-A9C8-A214A5316791',0.50,'1',NULL,'2024-12-02 19:43:52','delivered',1,'paid',NULL,'2024-12-02 19:42:39','2024-12-22 18:26:41',NULL,NULL,NULL,NULL,NULL,0.000,0.00,0,NULL,'asdasdasdadsa',NULL),(84,'58638',NULL,NULL,1,'A233590D-65D4-4683-B482-61193B9D3F97',NULL,'',NULL,NULL,'pending',NULL,'paid','2025-01-19 14:19:44','2025-01-19 14:19:23','2025-01-19 14:19:44',NULL,NULL,NULL,NULL,NULL,0.000,0.00,0,NULL,'asdasdasdadsa',NULL),(85,'18175',NULL,NULL,1,'315A5121-AB0F-477D-B7D3-DACB28248198',NULL,'',NULL,NULL,'pending',NULL,'paid',NULL,'2025-08-13 11:28:31','2025-08-13 11:28:31',NULL,NULL,NULL,NULL,NULL,0.000,0.00,0,NULL,'asdasdasdadsa',NULL);

--
-- Table structure for table `page_translations`
--

CREATE TABLE `page_translations` (
  `id` int unsigned NOT NULL AUTO_INCREMENT,
  `page_id` int unsigned NOT NULL,
  `title` varchar(255) CHARACTER SET utf8mb4 COLLATE utf8mb4_unicode_ci NOT NULL,
  `locale` varchar(255) CHARACTER SET utf8mb4 COLLATE utf8mb4_unicode_ci NOT NULL,
  `content` text CHARACTER SET utf8mb4 COLLATE utf8mb4_unicode_ci,
  `created_at` timestamp NULL DEFAULT NULL,
  `updated_at` timestamp NULL DEFAULT NULL,
  PRIMARY KEY (`id`),
  UNIQUE KEY `page_translations_page_id_locale_unique` (`page_id`,`locale`),
  KEY `page_translations_locale_index` (`locale`),
  CONSTRAINT `page_translations_page_id_foreign` FOREIGN KEY (`page_id`) REFERENCES `pages` (`id`) ON DELETE CASCADE
) ENGINE=InnoDB AUTO_INCREMENT=7 DEFAULT CHARSET=utf8mb4 COLLATE=utf8mb4_unicode_ci;

--
-- Dumping data for table `page_translations`
--

INSERT INTO `page_translations` (`id`, `page_id`, `title`, `locale`, `content`, `created_at`, `updated_at`) VALUES (1,1,'من نحن','ar','<p>&nbsp;</p>\r\n\r\n<p>تجربه 1&nbsp;</p>\r\n\r\n<p>تجربه 1&nbsp;</p>\r\n\r\n<p>تجربه 1&nbsp;</p>\r\n\r\n<p>&nbsp;</p>',NULL,NULL),(2,1,'Abous Us','en','<p>--- we&nbsp;</p>\r\n\r\n<p>&nbsp;</p>\r\n\r\n<p>--- we&nbsp;--- we&nbsp;</p>\r\n\r\n<p>--- we&nbsp;</p>\r\n\r\n<p>--- we&nbsp;</p>\r\n\r\n<p>&nbsp;</p>',NULL,NULL),(3,2,'سياسة الاستبدال والاسترجاع','ar','<p dir=\"rtl\">---</p>',NULL,NULL),(4,2,'Policy','en','<p><strong><em>--</em></strong></p>',NULL,NULL),(5,3,'الشروط والاحكام','ar','<p>جميع مواقعنا مبنية على قواعد بيانات مهنية للأرشفة من محركات البحث، حيث تكون مبنية وفق تسلل منطقي منظم، تجعل وصول المعلومات وطريقة عرضها أمر سهل وبسيط، كما تسهل عملية الأرشفة من محركات البحث مثل جوجل مما يجعل موقعك يظهر بشكل أفضل على محرك البحث جوجل</p>\r\n\r\n<p>جميع مواقعنا مبنية على قواعد بيانات مهنية للأرشفة من محركات البحث، حيث تكون مبنية وفق تسلل منطقي منظم، تجعل وصول المعلومات وطريقة عرضها أمر سهل وبسيط، كما تسهل عملية الأرشفة من محركات البحث مثل جوجل مما يجعل موقعك يظهر بشكل أفضل على محرك البحث جوجل</p>\r\n\r\n<p>جميع مواقعنا مبنية على قواعد بيانات مهنية للأرشفة من محركات البحث، حيث تكون مبنية وفق تسلل منطقي منظم، تجعل وصول المعلومات وطريقة عرضها أمر سهل وبسيط، كما تسهل عملية الأرشفة من محركات البحث مثل جوجل مما يجعل موقعك يظهر بشكل أفضل على محرك البحث جوجل</p>\r\n\r\n<p>جميع مواقعنا مبنية على قواعد بيانات مهنية للأرشفة من محركات البحث، حيث تكون مبنية وفق تسلل منطقي منظم، تجعل وصول المعلومات وطريقة عرضها أمر سهل وبسيط، كما تسهل عملية الأرشفة من محركات البحث مثل جوجل مما يجعل موقعك يظهر بشكل أفضل على محرك البحث جوجل</p>',NULL,NULL),(6,3,'Terms & Conditions','en','<p>جميع مواقعنا مبنية على قواعد بيانات مهنية للأرشفة من محركات البحث، حيث تكون مبنية وفق تسلل منطقي منظم، تجعل وصول المعلومات وطريقة عرضها أمر سهل وبسيط، كما تسهل عملية الأرشفة من محركات البحث مثل جوجل مما يجعل موقعك يظهر بشكل أفضل على محرك البحث جوجل</p>\r\n\r\n<p>جميع مواقعنا مبنية على قواعد بيانات مهنية للأرشفة من محركات البحث، حيث تكون مبنية وفق تسلل منطقي منظم، تجعل وصول المعلومات وطريقة عرضها أمر سهل وبسيط، كما تسهل عملية الأرشفة من محركات البحث مثل جوجل مما يجعل موقعك يظهر بشكل أفضل على محرك البحث جوجل</p>\r\n\r\n<p>جميع مواقعنا مبنية على قواعد بيانات مهنية للأرشفة من محركات البحث، حيث تكون مبنية وفق تسلل منطقي منظم، تجعل وصول المعلومات وطريقة عرضها أمر سهل وبسيط، كما تسهل عملية الأرشفة من محركات البحث مثل جوجل مما يجعل موقعك يظهر بشكل أفضل على محرك البحث جوجل</p>\r\n\r\n<p>جميع مواقعنا مبنية على قواعد بيانات مهنية للأرشفة من محركات البحث، حيث تكون مبنية وفق تسلل منطقي منظم، تجعل وصول المعلومات وطريقة عرضها أمر سهل وبسيط، كما تسهل عملية الأرشفة من محركات البحث مثل جوجل مما يجعل موقعك يظهر بشكل أفضل على محرك البحث جوجل</p>',NULL,NULL);

--
-- Table structure for table `pages`
--

CREATE TABLE `pages` (
  `id` int unsigned NOT NULL AUTO_INCREMENT,
  `created_at` timestamp NULL DEFAULT NULL,
  `updated_at` timestamp NULL DEFAULT NULL,
  `image` varchar(191) CHARACTER SET utf8mb4 COLLATE utf8mb4_unicode_ci DEFAULT NULL,
  `type` int NOT NULL DEFAULT '0',
  PRIMARY KEY (`id`)
) ENGINE=InnoDB AUTO_INCREMENT=4 DEFAULT CHARSET=utf8mb4 COLLATE=utf8mb4_unicode_ci;

--
-- Dumping data for table `pages`
--

INSERT INTO `pages` (`id`, `created_at`, `updated_at`, `image`, `type`) VALUES (1,'2022-06-28 09:49:28','2022-06-29 05:53:36','2022-06-29-farm.docx',0),(2,'2022-11-03 11:42:33','2022-11-03 11:42:33',NULL,0),(3,'2022-11-03 11:43:26','2022-11-03 11:43:26',NULL,0);

--
-- Table structure for table `password_resets`
--

CREATE TABLE `password_resets` (
  `email` varchar(255) CHARACTER SET utf8mb4 COLLATE utf8mb4_unicode_ci NOT NULL,
  `token` varchar(255) CHARACTER SET utf8mb4 COLLATE utf8mb4_unicode_ci NOT NULL,
  `created_at` timestamp NULL DEFAULT NULL,
  KEY `password_resets_email_index` (`email`)
) ENGINE=InnoDB DEFAULT CHARSET=utf8mb4 COLLATE=utf8mb4_unicode_ci;

--
-- Dumping data for table `password_resets`
--


--
-- Table structure for table `payment_method_translations`
--

CREATE TABLE `payment_method_translations` (
  `id` int unsigned NOT NULL AUTO_INCREMENT,
  `payment_method_id` int unsigned NOT NULL,
  `title` varchar(255) CHARACTER SET utf8mb4 COLLATE utf8mb4_unicode_ci DEFAULT NULL,
  `locale` varchar(255) CHARACTER SET utf8mb4 COLLATE utf8mb4_unicode_ci NOT NULL,
  `created_at` timestamp NULL DEFAULT NULL,
  `updated_at` timestamp NULL DEFAULT NULL,
  PRIMARY KEY (`id`),
  UNIQUE KEY `payment_method_translations_payment_method_id_locale_unique` (`payment_method_id`,`locale`),
  CONSTRAINT `payment_method_translations_payment_method_id_foreign` FOREIGN KEY (`payment_method_id`) REFERENCES `payment_methods` (`id`) ON DELETE CASCADE
) ENGINE=InnoDB AUTO_INCREMENT=23 DEFAULT CHARSET=utf8mb4 COLLATE=utf8mb4_unicode_ci;

--
-- Dumping data for table `payment_method_translations`
--

INSERT INTO `payment_method_translations` (`id`, `payment_method_id`, `title`, `locale`, `created_at`, `updated_at`) VALUES (1,1,'الدفع عن الاستلام','ar',NULL,NULL),(2,1,'الدفع عن الاستلام','en',NULL,NULL),(3,2,'كي نت','ar',NULL,NULL),(4,2,'K Net','en',NULL,NULL);

--
-- Table structure for table `payment_methods`
--

CREATE TABLE `payment_methods` (
  `id` int unsigned NOT NULL AUTO_INCREMENT,
  `image` varchar(255) CHARACTER SET utf8mb4 COLLATE utf8mb4_unicode_ci DEFAULT NULL,
  `type` int NOT NULL DEFAULT '0',
  `status` int NOT NULL DEFAULT '0',
  `created_at` timestamp NULL DEFAULT NULL,
  `updated_at` timestamp NULL DEFAULT NULL,
  `countries` varchar(191) CHARACTER SET utf8mb4 COLLATE utf8mb4_unicode_ci NOT NULL,
  PRIMARY KEY (`id`)
) ENGINE=InnoDB AUTO_INCREMENT=12 DEFAULT CHARSET=utf8mb4 COLLATE=utf8mb4_unicode_ci;

--
-- Dumping data for table `payment_methods`
--

INSERT INTO `payment_methods` (`id`, `image`, `type`, `status`, `created_at`, `updated_at`, `countries`) VALUES (1,'2022-07-02-payment.png',0,1,'2022-06-22 10:19:52','2024-12-22 18:51:04','[\"1\",\"4\",\"10\",\"11\",\"12\"]'),(2,'2022-07-02-drd_QbKb_400x400.jpg',1,1,'2022-06-22 10:20:09','2023-04-04 05:24:58','[\"1\",\"4\",\"9\",\"10\",\"11\",\"12\"]');

--
-- Table structure for table `permission_role`
--

CREATE TABLE `permission_role` (
  `permission_id` bigint unsigned NOT NULL,
  `role_id` bigint unsigned NOT NULL,
  PRIMARY KEY (`permission_id`,`role_id`),
  KEY `permission_role_role_id_foreign` (`role_id`),
  CONSTRAINT `permission_role_permission_id_foreign` FOREIGN KEY (`permission_id`) REFERENCES `permissions` (`id`) ON DELETE CASCADE ON UPDATE CASCADE,
  CONSTRAINT `permission_role_role_id_foreign` FOREIGN KEY (`role_id`) REFERENCES `roles` (`id`) ON DELETE CASCADE ON UPDATE CASCADE
) ENGINE=InnoDB DEFAULT CHARSET=utf8mb4 COLLATE=utf8mb4_unicode_ci;

--
-- Dumping data for table `permission_role`
--

INSERT INTO `permission_role` (`permission_id`, `role_id`) VALUES (1,1),(2,1),(3,1),(4,1),(5,1),(6,1),(7,1),(8,1),(9,1),(10,1),(11,1),(12,1),(13,1),(14,1),(15,1),(16,1),(17,1),(18,1),(19,1),(20,1),(21,1),(22,1),(23,1),(24,1),(25,1),(26,1),(27,1),(28,1),(29,1),(30,1),(31,1),(32,1),(33,1),(34,1),(35,1),(36,1),(37,1),(38,1),(39,1),(40,1),(41,1),(42,1),(43,1),(44,1),(45,1),(46,1),(47,1),(48,1),(49,1),(50,1),(51,1),(52,1),(53,1),(54,1),(55,1),(56,1),(57,1),(58,1),(59,1),(60,1),(61,1),(62,1),(63,1),(64,1),(1,8),(25,9),(26,9),(27,9),(28,9),(20,10),(57,10),(58,10),(59,10),(60,10);

--
-- Table structure for table `permission_user`
--

CREATE TABLE `permission_user` (
  `permission_id` bigint unsigned NOT NULL,
  `user_id` bigint unsigned NOT NULL,
  `user_type` varchar(255) CHARACTER SET utf8mb4 COLLATE utf8mb4_unicode_ci NOT NULL,
  PRIMARY KEY (`user_id`,`permission_id`,`user_type`),
  KEY `permission_user_permission_id_foreign` (`permission_id`),
  CONSTRAINT `permission_user_permission_id_foreign` FOREIGN KEY (`permission_id`) REFERENCES `permissions` (`id`) ON DELETE CASCADE ON UPDATE CASCADE
) ENGINE=InnoDB DEFAULT CHARSET=utf8mb4 COLLATE=utf8mb4_unicode_ci;

--
-- Dumping data for table `permission_user`
--


--
-- Table structure for table `permissions`
--

CREATE TABLE `permissions` (
  `id` bigint unsigned NOT NULL AUTO_INCREMENT,
  `name` varchar(255) CHARACTER SET utf8mb4 COLLATE utf8mb4_unicode_ci NOT NULL,
  `display_name` varchar(255) CHARACTER SET utf8mb4 COLLATE utf8mb4_unicode_ci DEFAULT NULL,
  `description` varchar(255) CHARACTER SET utf8mb4 COLLATE utf8mb4_unicode_ci DEFAULT NULL,
  `created_at` timestamp NULL DEFAULT NULL,
  `updated_at` timestamp NULL DEFAULT NULL,
  PRIMARY KEY (`id`),
  UNIQUE KEY `permissions_name_unique` (`name`)
) ENGINE=InnoDB AUTO_INCREMENT=65 DEFAULT CHARSET=utf8mb4 COLLATE=utf8mb4_unicode_ci;

--
-- Dumping data for table `permissions`
--

INSERT INTO `permissions` (`id`, `name`, `display_name`, `description`, `created_at`, `updated_at`) VALUES (1,'create_users','Create Users','Create Users','2022-06-21 09:32:18','2022-06-21 09:32:18'),(2,'read_users','Read Users','Read Users','2022-06-21 09:32:18','2022-06-21 09:32:18'),(3,'update_users','Update Users','Update Users','2022-06-21 09:32:18','2022-06-21 09:32:18'),(4,'delete_users','Delete Users','Delete Users','2022-06-21 09:32:18','2022-06-21 09:32:18'),(5,'create_roles','Create Roles','Create Roles','2022-06-21 09:32:18','2022-06-21 09:32:18'),(6,'read_roles','Read Roles','Read Roles','2022-06-21 09:32:18','2022-06-21 09:32:18'),(7,'update_roles','Update Roles','Update Roles','2022-06-21 09:32:18','2022-06-21 09:32:18'),(8,'delete_roles','Delete Roles','Delete Roles','2022-06-21 09:32:18','2022-06-21 09:32:18'),(9,'create_notifications','Create Notifications','Create Notifications','2022-06-21 09:32:18','2022-06-21 09:32:18'),(10,'read_notifications','Read Notifications','Read Notifications','2022-06-21 09:32:18','2022-06-21 09:32:18'),(11,'update_notifications','Update Notifications','Update Notifications','2022-06-21 09:32:18','2022-06-21 09:32:18'),(12,'delete_notifications','Delete Notifications','Delete Notifications','2022-06-21 09:32:18','2022-06-21 09:32:18'),(13,'create_sliders','Create Sliders','Create Sliders','2022-06-21 09:32:18','2022-06-21 09:32:18'),(14,'read_sliders','Read Sliders','Read Sliders','2022-06-21 09:32:18','2022-06-21 09:32:18'),(15,'update_sliders','Update Sliders','Update Sliders','2022-06-21 09:32:18','2022-06-21 09:32:18'),(16,'delete_sliders','Delete Sliders','Delete Sliders','2022-06-21 09:32:18','2022-06-21 09:32:18'),(17,'create_settings','Create Settings','Create Settings','2022-06-21 09:32:18','2022-06-21 09:32:18'),(18,'read_settings','Read Settings','Read Settings','2022-06-21 09:32:18','2022-06-21 09:32:18'),(19,'update_settings','Update Settings','Update Settings','2022-06-21 09:32:18','2022-06-21 09:32:18'),(20,'delete_settings','Delete Settings','Delete Settings','2022-06-21 09:32:18','2022-06-21 09:32:18'),(21,'create_categories','Create Categories','Create Categories','2022-06-21 09:32:18','2022-06-21 09:32:18'),(22,'read_categories','Read Categories','Read Categories','2022-06-21 09:32:18','2022-06-21 09:32:18'),(23,'update_categories','Update Categories','Update Categories','2022-06-21 09:32:18','2022-06-21 09:32:18'),(24,'delete_categories','Delete Categories','Delete Categories','2022-06-21 09:32:18','2022-06-21 09:32:18'),(25,'create_products','Create Products','Create Products','2022-06-21 09:32:18','2022-06-21 09:32:18'),(26,'read_products','Read Products','Read Products','2022-06-21 09:32:18','2022-06-21 09:32:18'),(27,'update_products','Update Products','Update Products','2022-06-21 09:32:18','2022-06-21 09:32:18'),(28,'delete_products','Delete Products','Delete Products','2022-06-21 09:32:18','2022-06-21 09:32:18'),(29,'create_paymentMethods','Create PaymentMethods','Create PaymentMethods','2022-06-21 09:32:18','2022-06-21 09:32:18'),(30,'read_paymentMethods','Read PaymentMethods','Read PaymentMethods','2022-06-21 09:32:18','2022-06-21 09:32:18'),(31,'update_paymentMethods','Update PaymentMethods','Update PaymentMethods','2022-06-21 09:32:18','2022-06-21 09:32:18'),(32,'delete_paymentMethods','Delete PaymentMethods','Delete PaymentMethods','2022-06-21 09:32:18','2022-06-21 09:32:18'),(33,'create_shippingType','Create ShippingType','Create ShippingType','2022-06-21 09:32:18','2022-06-21 09:32:18'),(34,'read_shippingType','Read ShippingType','Read ShippingType','2022-06-21 09:32:18','2022-06-21 09:32:18'),(35,'update_shippingType','Update ShippingType','Update ShippingType','2022-06-21 09:32:18','2022-06-21 09:32:18'),(36,'delete_shippingType','Delete ShippingType','Delete ShippingType','2022-06-21 09:32:18','2022-06-21 09:32:18'),(37,'create_orders','Create Orders','Create Orders','2022-06-21 09:32:18','2022-06-21 09:32:18'),(38,'read_orders','Read Orders','Read Orders','2022-06-21 09:32:18','2022-06-21 09:32:18'),(39,'update_orders','Update Orders','Update Orders','2022-06-21 09:32:18','2022-06-21 09:32:18'),(40,'delete_orders','Delete Orders','Delete Orders','2022-06-21 09:32:18','2022-06-21 09:32:18'),(41,'create_reports','Create Reports','Create Reports','2022-06-21 09:32:18','2022-06-21 09:32:18'),(42,'read_reports','Read Reports','Read Reports','2022-06-21 09:32:18','2022-06-21 09:32:18'),(43,'update_reports','Update Reports','Update Reports','2022-06-21 09:32:18','2022-06-21 09:32:18'),(44,'delete_reports','Delete Reports','Delete Reports','2022-06-21 09:32:18','2022-06-21 09:32:18'),(45,'create_governments','Create Governments','Create Governments','2022-06-21 09:32:18','2022-06-21 09:32:18'),(46,'read_governments','Read Governments','Read Governments','2022-06-21 09:32:18','2022-06-21 09:32:18'),(47,'update_governments','Update Governments','Update Governments','2022-06-21 09:32:18','2022-06-21 09:32:18'),(48,'delete_governments','Delete Governments','Delete Governments','2022-06-21 09:32:18','2022-06-21 09:32:18'),(49,'create_regions','Create Regions','Create Regions','2022-06-21 09:32:18','2022-06-21 09:32:18'),(50,'read_regions','Read Regions','Read Regions','2022-06-21 09:32:18','2022-06-21 09:32:18'),(51,'update_regions','Update Regions','Update Regions','2022-06-21 09:32:18','2022-06-21 09:32:18'),(52,'delete_regions','Delete Regions','Delete Regions','2022-06-21 09:32:18','2022-06-21 09:32:18'),(53,'create_discount','Create Discount','Create Discount','2022-06-21 09:32:18','2022-06-21 09:32:18'),(54,'read_discount','Read Discount','Read Discount','2022-06-21 09:32:18','2022-06-21 09:32:18'),(55,'update_discount','Update Discount','Update Discount','2022-06-21 09:32:18','2022-06-21 09:32:18'),(56,'delete_discount','Delete Discount','Delete Discount','2022-06-21 09:32:18','2022-06-21 09:32:18'),(57,'create_times','Create Times','Create Times','2022-06-21 09:32:18','2022-06-21 09:32:18'),(58,'read_times','Read Times','Read Times','2022-06-21 09:32:18','2022-06-21 09:32:18'),(59,'update_times','Update Times','Update Times','2022-06-21 09:32:18','2022-06-21 09:32:18'),(60,'delete_times','Delete Times','Delete Times','2022-06-21 09:32:18','2022-06-21 09:32:18'),(61,'create_tagers','Create Tagers','Create Tagers','2022-06-21 09:32:18','2022-06-21 09:32:18'),(62,'read_tagers','Read Tagers','Read Tagers','2022-06-21 09:32:18','2022-06-21 09:32:18'),(63,'update_tagers','Update Tagers','Update Tagers','2022-06-21 09:32:18','2022-06-21 09:32:18'),(64,'delete_tagers','Delete Tagers','Delete Tagers','2022-06-21 09:32:18','2022-06-21 09:32:18');

--
-- Table structure for table `personal_access_tokens`
--

CREATE TABLE `personal_access_tokens` (
  `id` bigint unsigned NOT NULL AUTO_INCREMENT,
  `tokenable_type` varchar(255) CHARACTER SET utf8mb4 COLLATE utf8mb4_unicode_ci NOT NULL,
  `tokenable_id` bigint unsigned NOT NULL,
  `name` varchar(255) CHARACTER SET utf8mb4 COLLATE utf8mb4_unicode_ci NOT NULL,
  `token` varchar(64) CHARACTER SET utf8mb4 COLLATE utf8mb4_unicode_ci NOT NULL,
  `abilities` text CHARACTER SET utf8mb4 COLLATE utf8mb4_unicode_ci,
  `last_used_at` timestamp NULL DEFAULT NULL,
  `created_at` timestamp NULL DEFAULT NULL,
  `updated_at` timestamp NULL DEFAULT NULL,
  PRIMARY KEY (`id`),
  UNIQUE KEY `personal_access_tokens_token_unique` (`token`),
  KEY `personal_access_tokens_tokenable_type_tokenable_id_index` (`tokenable_type`,`tokenable_id`)
) ENGINE=InnoDB DEFAULT CHARSET=utf8mb4 COLLATE=utf8mb4_unicode_ci;

--
-- Dumping data for table `personal_access_tokens`
--


--
-- Table structure for table `product_categories`
--

CREATE TABLE `product_categories` (
  `id` int unsigned NOT NULL AUTO_INCREMENT,
  `product_id` int unsigned DEFAULT NULL,
  `category_id` int unsigned DEFAULT NULL,
  `created_at` timestamp NULL DEFAULT NULL,
  `updated_at` timestamp NULL DEFAULT NULL,
  PRIMARY KEY (`id`),
  KEY `product_categories_product_id_foreign` (`product_id`),
  KEY `product_categories_category_id_foreign` (`category_id`),
  CONSTRAINT `product_categories_category_id_foreign` FOREIGN KEY (`category_id`) REFERENCES `categories` (`id`) ON DELETE CASCADE,
  CONSTRAINT `product_categories_product_id_foreign` FOREIGN KEY (`product_id`) REFERENCES `products` (`id`) ON DELETE CASCADE
) ENGINE=InnoDB AUTO_INCREMENT=37 DEFAULT CHARSET=utf8mb4 COLLATE=utf8mb4_unicode_ci;

--
-- Dumping data for table `product_categories`
--

INSERT INTO `product_categories` (`id`, `product_id`, `category_id`, `created_at`, `updated_at`) VALUES (10,1,7,NULL,NULL),(11,1,8,NULL,NULL),(12,5,7,NULL,NULL),(13,8,7,NULL,NULL),(14,11,7,NULL,NULL),(15,12,7,NULL,NULL),(16,13,7,NULL,NULL),(17,14,7,NULL,NULL),(18,15,7,NULL,NULL),(19,16,7,NULL,NULL),(20,17,7,NULL,NULL),(21,18,7,NULL,NULL),(22,19,7,NULL,NULL),(23,20,8,NULL,NULL),(24,21,8,NULL,NULL),(25,22,10,NULL,NULL),(26,23,10,NULL,NULL),(27,24,10,NULL,NULL),(30,27,8,NULL,NULL),(31,31,3,NULL,NULL),(32,32,3,NULL,NULL),(33,35,3,NULL,NULL),(34,37,3,NULL,NULL),(35,26,7,NULL,NULL),(36,25,8,NULL,NULL);

--
-- Table structure for table `product_orders`
--

CREATE TABLE `product_orders` (
  `id` int unsigned NOT NULL AUTO_INCREMENT,
  `order_id` int unsigned NOT NULL,
  `product_id` int unsigned NOT NULL,
  `user_id` int DEFAULT NULL,
  `quantity` int NOT NULL DEFAULT '1',
  `option` text CHARACTER SET utf8mb4 COLLATE utf8mb4_unicode_ci NOT NULL,
  `price` decimal(8,2) NOT NULL,
  `shipping_cost` decimal(8,2) DEFAULT NULL,
  `created_at` timestamp NULL DEFAULT NULL,
  `updated_at` timestamp NULL DEFAULT NULL,
  `category_id` int DEFAULT NULL,
  `nameOfCart` varchar(191) CHARACTER SET utf8mb4 COLLATE utf8mb4_unicode_ci DEFAULT NULL,
  `real_price` varchar(191) CHARACTER SET utf8mb4 COLLATE utf8mb4_unicode_ci DEFAULT NULL,
  `pwr_right` varchar(191) CHARACTER SET utf8mb4 COLLATE utf8mb4_unicode_ci DEFAULT NULL,
  `pwr_left` varchar(191) CHARACTER SET utf8mb4 COLLATE utf8mb4_unicode_ci NOT NULL,
  `count_right_eye` int DEFAULT NULL,
  `count_left_eye` int DEFAULT NULL,
  `product_price` decimal(8,2) DEFAULT NULL,
  `offer_id` int DEFAULT NULL,
  `price_pwr_left` decimal(8,2) NOT NULL DEFAULT '0.00',
  `price_pwr_right` decimal(8,2) NOT NULL DEFAULT '0.00',
  `min_price` decimal(8,2) NOT NULL DEFAULT '0.00',
  PRIMARY KEY (`id`),
  KEY `product_orders_order_id_foreign` (`order_id`),
  KEY `product_orders_product_id_foreign` (`product_id`),
  CONSTRAINT `product_orders_order_id_foreign` FOREIGN KEY (`order_id`) REFERENCES `orders` (`id`) ON DELETE CASCADE,
  CONSTRAINT `product_orders_product_id_foreign` FOREIGN KEY (`product_id`) REFERENCES `products` (`id`) ON DELETE CASCADE
) ENGINE=InnoDB AUTO_INCREMENT=112 DEFAULT CHARSET=utf8mb4 COLLATE=utf8mb4_unicode_ci;

--
-- Dumping data for table `product_orders`
--

INSERT INTO `product_orders` (`id`, `order_id`, `product_id`, `user_id`, `quantity`, `option`, `price`, `shipping_cost`, `created_at`, `updated_at`, `category_id`, `nameOfCart`, `real_price`, `pwr_right`, `pwr_left`, `count_right_eye`, `count_left_eye`, `product_price`, `offer_id`, `price_pwr_left`, `price_pwr_right`, `min_price`) VALUES (1,1,1,NULL,2,' ',12.00,NULL,'2024-07-17 10:10:01','2024-07-17 11:20:49',NULL,NULL,NULL,NULL,'',NULL,NULL,12.00,NULL,0.00,0.00,0.00),(2,2,1,NULL,1,' ',12.00,NULL,'2024-07-17 19:35:50','2024-07-17 19:35:50',NULL,NULL,NULL,NULL,'',NULL,NULL,12.00,NULL,0.00,0.00,0.00),(3,3,1,NULL,2,' ',12.00,NULL,'2024-07-17 19:47:53','2024-07-19 18:07:50',NULL,NULL,NULL,NULL,'',NULL,NULL,12.00,NULL,0.00,0.00,0.00),(4,4,1,NULL,2,' ',12.00,NULL,'2024-07-19 18:10:22','2024-07-19 18:10:27',NULL,NULL,NULL,NULL,'',NULL,NULL,12.00,NULL,0.00,0.00,0.00),(5,5,1,NULL,1,' ',12.00,NULL,'2024-07-21 19:14:51','2024-07-21 19:14:51',NULL,NULL,NULL,NULL,'',NULL,NULL,12.00,NULL,0.00,0.00,0.00),(6,6,5,NULL,1,' ',21.00,NULL,'2024-08-14 18:12:46','2024-08-14 18:12:46',NULL,NULL,NULL,NULL,'',NULL,NULL,21.00,NULL,0.00,0.00,0.00),(7,7,1,NULL,9,' ',12.00,NULL,'2024-08-14 19:32:48','2024-08-14 19:33:31',NULL,NULL,NULL,NULL,'',NULL,NULL,12.00,NULL,0.00,0.00,0.00),(8,8,1,NULL,1,' ',12.00,NULL,'2024-08-14 19:33:47','2024-08-14 19:36:23',NULL,NULL,NULL,NULL,'',NULL,NULL,12.00,NULL,0.00,0.00,0.00),(10,9,5,NULL,4,' ',21.00,NULL,'2024-08-14 19:36:40','2024-08-14 19:36:48',NULL,NULL,NULL,NULL,'',NULL,NULL,21.00,NULL,0.00,0.00,0.00),(11,10,5,NULL,5,' ',21.00,NULL,'2024-08-14 19:37:22','2024-08-14 19:38:49',NULL,NULL,NULL,NULL,'',NULL,NULL,21.00,NULL,0.00,0.00,0.00),(12,11,5,NULL,3,' ',21.00,NULL,'2024-08-14 19:38:59','2024-08-14 19:39:03',NULL,NULL,NULL,NULL,'',NULL,NULL,21.00,NULL,0.00,0.00,0.00),(13,12,5,NULL,6,' ',21.00,NULL,'2024-08-14 19:39:41','2024-08-14 19:39:55',NULL,NULL,NULL,NULL,'',NULL,NULL,21.00,NULL,0.00,0.00,0.00),(14,13,5,NULL,16,' ',21.00,NULL,'2024-08-14 19:41:26','2024-08-14 19:41:50',NULL,NULL,NULL,NULL,'',NULL,NULL,21.00,NULL,0.00,0.00,0.00),(15,14,1,NULL,10,' ',12.00,NULL,'2024-08-14 19:42:14','2024-08-14 19:42:26',NULL,NULL,NULL,NULL,'',NULL,NULL,12.00,NULL,0.00,0.00,0.00),(16,15,1,NULL,8,' ',12.00,NULL,'2024-08-14 19:43:27','2024-08-14 19:43:34',NULL,NULL,NULL,NULL,'',NULL,NULL,12.00,NULL,0.00,0.00,0.00),(17,16,5,NULL,1,' ',21.00,NULL,'2024-08-17 14:43:35','2024-08-17 14:43:35',NULL,NULL,NULL,NULL,'',NULL,NULL,21.00,NULL,0.00,0.00,0.00),(18,17,1,NULL,2,' ',12.00,NULL,'2024-08-17 14:57:19','2024-08-17 14:59:45',NULL,NULL,NULL,NULL,'',NULL,NULL,12.00,NULL,0.00,0.00,0.00),(19,18,5,NULL,1,' ',21.00,NULL,'2024-08-17 15:00:02','2024-08-17 15:00:02',NULL,NULL,NULL,NULL,'',NULL,NULL,21.00,NULL,0.00,0.00,0.00),(20,19,5,NULL,1,' ',21.00,NULL,'2024-08-17 15:09:13','2024-08-17 15:09:13',NULL,NULL,NULL,NULL,'',NULL,NULL,21.00,NULL,0.00,0.00,0.00),(22,20,1,NULL,1,' ',12.00,NULL,'2024-08-17 15:11:11','2024-08-17 15:11:11',NULL,NULL,NULL,NULL,'',NULL,NULL,12.00,NULL,0.00,0.00,0.00),(24,21,1,NULL,1,' ',12.00,NULL,'2024-08-19 06:05:28','2024-08-19 06:05:28',NULL,NULL,NULL,NULL,'',NULL,NULL,12.00,NULL,0.00,0.00,0.00),(25,22,5,NULL,5,' ',21.00,NULL,'2024-08-20 16:47:49','2024-08-20 16:48:04',NULL,NULL,NULL,NULL,'',NULL,NULL,21.00,NULL,0.00,0.00,0.00),(26,23,5,NULL,8,' ',21.00,NULL,'2024-08-20 16:49:14','2024-08-25 15:17:01',NULL,NULL,NULL,NULL,'',NULL,NULL,21.00,NULL,0.00,0.00,0.00),(27,24,5,NULL,2,' ',21.00,NULL,'2024-08-24 15:42:13','2024-08-24 15:48:49',NULL,NULL,NULL,NULL,'',NULL,NULL,21.00,NULL,0.00,0.00,0.00),(29,25,1,NULL,1,' ',12.00,NULL,'2024-08-24 16:11:10','2024-08-24 16:11:10',NULL,NULL,NULL,NULL,'',NULL,NULL,12.00,NULL,0.00,0.00,0.00),(30,26,5,NULL,1,' ',21.00,NULL,'2024-08-25 15:18:42','2024-08-25 15:18:42',NULL,NULL,NULL,NULL,'',NULL,NULL,21.00,NULL,0.00,0.00,0.00),(31,27,5,NULL,1,' ',21.00,NULL,'2024-08-25 15:25:53','2024-08-25 15:25:53',NULL,NULL,NULL,NULL,'',NULL,NULL,21.00,NULL,0.00,0.00,0.00),(32,28,1,NULL,1,' ',14.50,NULL,'2024-08-25 16:29:37','2024-08-25 16:29:37',NULL,NULL,NULL,NULL,'',NULL,NULL,14.50,NULL,0.00,0.00,0.00),(33,29,1,NULL,1,' ',14.50,NULL,'2024-08-25 16:33:42','2024-08-25 16:33:42',NULL,NULL,NULL,NULL,'',NULL,NULL,14.50,NULL,0.00,0.00,0.00),(34,30,5,NULL,1,' ',21.00,NULL,'2024-08-26 15:53:46','2024-08-26 15:53:46',NULL,NULL,NULL,NULL,'',NULL,NULL,21.00,NULL,0.00,0.00,0.00),(36,31,1,NULL,1,' ',12.00,NULL,'2024-08-28 02:33:36','2024-08-28 02:33:36',NULL,NULL,NULL,NULL,'',NULL,NULL,12.00,NULL,0.00,0.00,0.00),(37,32,5,NULL,1,' ',21.00,NULL,'2024-08-29 16:54:04','2024-08-29 16:54:04',NULL,NULL,NULL,NULL,'',NULL,NULL,21.00,NULL,0.00,0.00,0.00),(38,33,5,NULL,1,' ',21.00,NULL,'2024-08-29 16:57:02','2024-08-29 16:57:02',NULL,NULL,NULL,NULL,'',NULL,NULL,21.00,NULL,0.00,0.00,0.00),(40,34,5,NULL,2,' ',21.00,NULL,'2024-08-29 16:58:24','2024-08-29 16:58:32',NULL,NULL,NULL,NULL,'',NULL,NULL,21.00,NULL,0.00,0.00,0.00),(41,35,5,NULL,6,' ',21.00,NULL,'2024-08-29 17:20:21','2024-08-29 17:21:07',NULL,NULL,NULL,NULL,'',NULL,NULL,21.00,NULL,0.00,0.00,0.00),(42,36,1,NULL,1,' ',12.00,NULL,'2024-08-29 17:46:07','2024-08-29 17:46:07',NULL,NULL,NULL,NULL,'',NULL,NULL,12.00,NULL,0.00,0.00,0.00),(43,37,5,NULL,4,' ',21.00,NULL,'2024-08-29 17:49:58','2024-09-03 14:37:50',NULL,NULL,NULL,NULL,'',NULL,NULL,21.00,NULL,0.00,0.00,0.00),(44,38,1,NULL,1,' ',12.00,NULL,'2024-09-01 16:03:04','2024-09-01 16:03:04',NULL,NULL,NULL,NULL,'',NULL,NULL,12.00,NULL,0.00,0.00,0.00),(45,39,1,NULL,1,' ',12.00,NULL,'2024-09-01 16:06:59','2024-09-01 16:06:59',NULL,NULL,NULL,NULL,'',NULL,NULL,12.00,NULL,0.00,0.00,0.00),(46,40,5,NULL,3,' ',21.00,NULL,'2024-09-04 00:15:51','2024-09-05 16:32:04',NULL,NULL,NULL,NULL,'',NULL,NULL,21.00,NULL,0.00,0.00,0.00),(47,41,5,NULL,1,' ',21.00,NULL,'2024-09-05 16:33:41','2024-09-05 16:33:41',NULL,NULL,NULL,NULL,'',NULL,NULL,21.00,NULL,0.00,0.00,0.00),(48,42,1,NULL,5,' ',12.00,NULL,'2024-09-05 16:36:56','2024-09-06 21:09:46',NULL,NULL,NULL,NULL,'',NULL,NULL,12.00,NULL,0.00,0.00,0.00),(49,42,5,NULL,3,' ',21.00,NULL,'2024-09-05 16:37:30','2024-09-05 16:37:52',NULL,NULL,NULL,NULL,'',NULL,NULL,21.00,NULL,0.00,0.00,0.00),(50,43,5,NULL,1,' ',21.00,NULL,'2024-09-06 21:12:25','2024-09-06 21:12:25',NULL,NULL,NULL,NULL,'',NULL,NULL,21.00,NULL,0.00,0.00,0.00),(51,44,1,NULL,1,' ',12.00,NULL,'2024-10-06 12:21:22','2024-10-06 12:21:22',NULL,NULL,NULL,NULL,'',NULL,NULL,12.00,NULL,0.00,0.00,0.00),(52,45,5,NULL,1,' ',21.00,NULL,'2024-10-06 20:18:43','2024-10-06 20:18:43',NULL,NULL,NULL,NULL,'',NULL,NULL,21.00,NULL,0.00,0.00,0.00),(53,45,27,NULL,1,' ',30.00,NULL,'2024-10-06 21:08:44','2024-10-06 21:08:44',NULL,NULL,NULL,NULL,'',NULL,NULL,30.00,NULL,0.00,0.00,0.00),(54,45,26,NULL,2,' ',23.00,NULL,'2024-10-06 21:08:50','2024-10-06 21:09:06',NULL,NULL,NULL,NULL,'',NULL,NULL,23.00,NULL,0.00,0.00,0.00),(55,45,24,NULL,1,' ',22.00,NULL,'2024-10-06 21:08:58','2024-10-06 21:08:58',NULL,NULL,NULL,NULL,'',NULL,NULL,22.00,NULL,0.00,0.00,0.00),(56,46,27,NULL,1,' ',30.00,NULL,'2024-10-06 21:09:46','2024-10-06 21:09:46',NULL,NULL,NULL,NULL,'',NULL,NULL,30.00,NULL,0.00,0.00,0.00),(58,47,25,NULL,1,' ',12.00,NULL,'2024-10-06 21:20:21','2024-10-06 21:20:21',NULL,NULL,NULL,NULL,'',NULL,NULL,12.00,NULL,0.00,0.00,0.00),(59,48,18,NULL,1,' ',14.50,NULL,'2024-10-06 21:22:23','2024-10-06 21:22:23',NULL,NULL,NULL,NULL,'',NULL,NULL,14.50,NULL,0.00,0.00,0.00),(60,49,27,NULL,1,' ',30.00,NULL,'2024-10-06 21:30:41','2024-10-06 21:30:41',NULL,NULL,NULL,NULL,'',NULL,NULL,30.00,NULL,0.00,0.00,0.00),(61,50,27,NULL,1,' ',30.00,NULL,'2024-10-06 22:58:07','2024-10-06 22:58:07',NULL,NULL,NULL,NULL,'',NULL,NULL,30.00,NULL,0.00,0.00,0.00),(63,51,26,NULL,1,' ',23.00,NULL,'2024-10-06 23:05:49','2024-10-06 23:05:49',NULL,NULL,NULL,NULL,'',NULL,NULL,23.00,NULL,0.00,0.00,0.00),(64,52,24,NULL,1,' ',22.00,NULL,'2024-10-06 23:08:50','2024-10-06 23:08:50',NULL,NULL,NULL,NULL,'',NULL,NULL,22.00,NULL,0.00,0.00,0.00),(65,52,25,NULL,1,' ',12.00,NULL,'2024-10-06 23:08:55','2024-10-06 23:08:55',NULL,NULL,NULL,NULL,'',NULL,NULL,12.00,NULL,0.00,0.00,0.00),(66,52,27,NULL,2,' ',30.00,NULL,'2024-10-06 23:09:06','2024-10-06 23:11:15',NULL,NULL,NULL,NULL,'',NULL,NULL,30.00,NULL,0.00,0.00,0.00),(67,53,27,NULL,1,' ',30.00,NULL,'2024-10-06 23:41:49','2024-10-06 23:41:49',NULL,NULL,NULL,NULL,'',NULL,NULL,30.00,NULL,0.00,0.00,0.00),(68,53,26,NULL,1,' ',23.00,NULL,'2024-10-06 23:41:57','2024-10-06 23:41:57',NULL,NULL,NULL,NULL,'',NULL,NULL,23.00,NULL,0.00,0.00,0.00),(69,53,25,NULL,1,' ',12.00,NULL,'2024-10-06 23:42:03','2024-10-06 23:42:03',NULL,NULL,NULL,NULL,'',NULL,NULL,12.00,NULL,0.00,0.00,0.00),(70,53,24,NULL,1,' ',22.00,NULL,'2024-10-06 23:42:09','2024-10-06 23:42:09',NULL,NULL,NULL,NULL,'',NULL,NULL,22.00,NULL,0.00,0.00,0.00),(71,54,24,NULL,1,' ',22.00,NULL,'2024-10-06 23:43:05','2024-10-06 23:43:05',NULL,NULL,NULL,NULL,'',NULL,NULL,22.00,NULL,0.00,0.00,0.00),(72,54,25,NULL,1,' ',12.00,NULL,'2024-10-06 23:43:11','2024-10-06 23:43:11',NULL,NULL,NULL,NULL,'',NULL,NULL,12.00,NULL,0.00,0.00,0.00),(73,54,26,NULL,1,' ',23.00,NULL,'2024-10-06 23:43:15','2024-10-06 23:43:15',NULL,NULL,NULL,NULL,'',NULL,NULL,23.00,NULL,0.00,0.00,0.00),(74,55,26,NULL,1,' ',23.00,NULL,'2024-10-08 03:50:21','2024-10-08 03:50:21',NULL,NULL,NULL,NULL,'',NULL,NULL,23.00,NULL,0.00,0.00,0.00),(75,56,27,NULL,2,' ',30.00,NULL,'2024-10-08 04:12:43','2024-10-22 10:27:59',NULL,NULL,NULL,NULL,'',NULL,NULL,30.00,NULL,0.00,0.00,0.00),(76,56,25,NULL,1,' ',12.00,NULL,'2024-10-08 04:12:59','2024-10-16 13:28:00',NULL,NULL,NULL,NULL,'',NULL,NULL,12.00,NULL,0.00,0.00,0.00),(77,57,27,NULL,2,' ',30.00,NULL,'2024-10-09 12:58:36','2024-10-19 10:54:49',NULL,NULL,NULL,NULL,'',NULL,NULL,30.00,NULL,0.00,0.00,0.00),(78,57,26,NULL,1,' ',23.00,NULL,'2024-10-09 12:58:42','2024-10-09 12:58:42',NULL,NULL,NULL,NULL,'',NULL,NULL,23.00,NULL,0.00,0.00,0.00),(79,57,25,NULL,1,' ',12.00,NULL,'2024-10-09 12:58:48','2024-10-09 12:58:48',NULL,NULL,NULL,NULL,'',NULL,NULL,12.00,NULL,0.00,0.00,0.00),(81,58,11,NULL,1,' ',20.00,NULL,'2024-10-10 04:12:07','2024-10-10 04:12:07',NULL,NULL,NULL,NULL,'',NULL,NULL,20.00,NULL,0.00,0.00,0.00),(82,58,25,NULL,1,' ',12.00,NULL,'2024-10-10 04:12:58','2024-10-10 04:12:58',NULL,NULL,NULL,NULL,'',NULL,NULL,12.00,NULL,0.00,0.00,0.00),(83,59,27,NULL,1,' ',30.00,NULL,'2024-10-13 18:13:11','2024-10-13 18:13:11',NULL,NULL,NULL,NULL,'',NULL,NULL,30.00,NULL,0.00,0.00,0.00),(84,60,27,NULL,2,' ',30.00,NULL,'2024-10-15 04:28:24','2024-10-15 04:28:32',NULL,NULL,NULL,NULL,'',NULL,NULL,30.00,NULL,0.00,0.00,0.00),(85,61,27,NULL,1,' ',30.00,NULL,'2024-10-16 00:25:16','2024-10-16 00:25:16',NULL,NULL,NULL,NULL,'',NULL,NULL,30.00,NULL,0.00,0.00,0.00),(86,62,27,NULL,1,' ',30.00,NULL,'2024-10-16 00:26:53','2024-10-16 00:26:53',NULL,NULL,NULL,NULL,'',NULL,NULL,30.00,NULL,0.00,0.00,0.00),(87,63,27,NULL,1,' ',30.00,NULL,'2024-10-16 00:56:29','2024-10-16 00:56:29',NULL,NULL,NULL,NULL,'',NULL,NULL,30.00,NULL,0.00,0.00,0.00),(88,64,27,NULL,1,' ',30.00,NULL,'2024-10-16 01:11:01','2024-10-16 01:11:01',NULL,NULL,NULL,NULL,'',NULL,NULL,30.00,NULL,0.00,0.00,0.00),(89,65,27,NULL,1,' ',30.00,NULL,'2024-10-16 01:13:40','2024-10-16 01:13:40',NULL,NULL,NULL,NULL,'',NULL,NULL,30.00,NULL,0.00,0.00,0.00),(90,66,27,NULL,1,' ',30.00,NULL,'2024-10-16 01:14:41','2024-10-16 01:14:41',NULL,NULL,NULL,NULL,'',NULL,NULL,30.00,NULL,0.00,0.00,0.00),(91,67,27,NULL,1,' ',30.00,NULL,'2024-10-16 01:15:27','2024-10-16 01:15:27',NULL,NULL,NULL,NULL,'',NULL,NULL,30.00,NULL,0.00,0.00,0.00),(92,68,27,NULL,1,' ',30.00,NULL,'2024-10-16 01:17:40','2024-10-16 01:17:40',NULL,NULL,NULL,NULL,'',NULL,NULL,30.00,NULL,0.00,0.00,0.00),(93,69,27,NULL,1,' ',30.00,NULL,'2024-10-16 01:22:26','2024-10-16 01:22:26',NULL,NULL,NULL,NULL,'',NULL,NULL,30.00,NULL,0.00,0.00,0.00),(94,70,27,NULL,1,' ',30.00,NULL,'2024-10-16 01:23:06','2024-10-16 01:23:06',NULL,NULL,NULL,NULL,'',NULL,NULL,30.00,NULL,0.00,0.00,0.00),(95,71,27,NULL,1,' ',30.00,NULL,'2024-10-16 01:25:17','2024-10-16 01:25:17',NULL,NULL,NULL,NULL,'',NULL,NULL,30.00,NULL,0.00,0.00,0.00),(96,72,27,NULL,1,' ',30.00,NULL,'2024-10-16 01:25:52','2024-10-16 01:25:52',NULL,NULL,NULL,NULL,'',NULL,NULL,30.00,NULL,0.00,0.00,0.00),(97,73,27,NULL,1,' ',30.00,NULL,'2024-10-16 01:26:57','2024-10-16 01:26:57',NULL,NULL,NULL,NULL,'',NULL,NULL,30.00,NULL,0.00,0.00,0.00),(98,74,26,NULL,1,' ',23.00,NULL,'2024-10-16 01:33:05','2024-10-16 01:33:05',NULL,NULL,NULL,NULL,'',NULL,NULL,23.00,NULL,0.00,0.00,0.00),(99,75,27,NULL,1,' ',30.00,NULL,'2024-10-16 01:38:27','2024-10-16 01:38:27',NULL,NULL,NULL,NULL,'',NULL,NULL,30.00,NULL,0.00,0.00,0.00),(100,76,27,NULL,2,' ',30.00,NULL,'2024-10-16 01:38:59','2024-10-16 01:41:37',NULL,NULL,NULL,NULL,'',NULL,NULL,30.00,NULL,0.00,0.00,0.00),(101,77,27,NULL,1,' ',30.00,NULL,'2024-10-16 01:42:48','2024-10-16 01:42:48',NULL,NULL,NULL,NULL,'',NULL,NULL,30.00,NULL,0.00,0.00,0.00),(102,77,26,NULL,1,' ',23.00,NULL,'2024-10-16 01:48:05','2024-10-16 01:48:05',NULL,NULL,NULL,NULL,'',NULL,NULL,23.00,NULL,0.00,0.00,0.00),(103,78,27,NULL,1,' ',30.00,NULL,'2024-10-16 12:46:29','2024-10-16 12:46:29',NULL,NULL,NULL,NULL,'',NULL,NULL,30.00,NULL,0.00,0.00,0.00),(104,79,27,NULL,2,' ',30.00,NULL,'2024-10-16 13:01:18','2024-10-16 13:04:03',NULL,NULL,NULL,NULL,'',NULL,NULL,30.00,NULL,0.00,0.00,0.00),(105,80,27,NULL,1,' ',30.00,NULL,'2024-10-16 19:24:04','2024-10-16 19:24:04',NULL,NULL,NULL,NULL,'',NULL,NULL,30.00,NULL,0.00,0.00,0.00),(106,81,17,NULL,1,' ',20.00,NULL,'2024-10-17 22:11:29','2024-10-17 22:11:29',NULL,NULL,NULL,NULL,'',NULL,NULL,20.00,NULL,0.00,0.00,0.00),(107,82,27,NULL,1,' ',30.00,NULL,'2024-11-05 05:00:00','2024-11-05 05:07:34',NULL,NULL,NULL,NULL,'',NULL,NULL,30.00,NULL,0.00,0.00,0.00),(108,82,11,NULL,1,' ',20.00,NULL,'2024-11-05 05:07:01','2024-11-05 05:07:36',NULL,NULL,NULL,NULL,'',NULL,NULL,20.00,NULL,0.00,0.00,0.00),(109,83,27,NULL,4,' ',30.00,NULL,'2024-12-02 19:42:39','2024-12-02 19:42:56',NULL,NULL,NULL,NULL,'',NULL,NULL,30.00,NULL,0.00,0.00,0.00),(110,84,27,NULL,1,' ',30.00,NULL,'2025-01-19 14:19:23','2025-01-19 14:19:23',NULL,NULL,NULL,NULL,'',NULL,NULL,30.00,NULL,0.00,0.00,0.00),(111,85,27,NULL,3,' ',30.00,NULL,'2025-08-13 11:28:31','2025-08-13 11:28:31',NULL,NULL,NULL,NULL,'',NULL,NULL,30.00,NULL,0.00,0.00,0.00);

--
-- Table structure for table `product_otherdatas`
--

CREATE TABLE `product_otherdatas` (
  `id` bigint unsigned NOT NULL AUTO_INCREMENT,
  `product_id` int unsigned DEFAULT NULL,
  `input_key_ar` varchar(191) CHARACTER SET utf8mb4 COLLATE utf8mb4_unicode_ci DEFAULT NULL,
  `input_value_ar` varchar(191) CHARACTER SET utf8mb4 COLLATE utf8mb4_unicode_ci DEFAULT NULL,
  `input_key_en` varchar(191) CHARACTER SET utf8mb4 COLLATE utf8mb4_unicode_ci DEFAULT NULL,
  `input_value_en` varchar(191) CHARACTER SET utf8mb4 COLLATE utf8mb4_unicode_ci DEFAULT NULL,
  `created_at` timestamp NULL DEFAULT NULL,
  `updated_at` timestamp NULL DEFAULT NULL,
  `price` decimal(8,3) DEFAULT NULL,
  PRIMARY KEY (`id`),
  KEY `product_otherdatas_product_id_foreign` (`product_id`)
) ENGINE=InnoDB AUTO_INCREMENT=9 DEFAULT CHARSET=utf8mb4 COLLATE=utf8mb4_unicode_ci;

--
-- Dumping data for table `product_otherdatas`
--

INSERT INTO `product_otherdatas` (`id`, `product_id`, `input_key_ar`, `input_value_ar`, `input_key_en`, `input_value_en`, `created_at`, `updated_at`, `price`) VALUES (5,3,'qwdqw',NULL,'asd',NULL,'2024-08-06 21:30:10','2024-08-06 21:30:10',2.000),(6,3,'asdasd',NULL,'asdasd',NULL,'2024-08-06 21:30:10','2024-08-06 21:30:10',1.000),(8,1,'sadas',NULL,'asdas',NULL,'2024-12-22 19:04:17','2024-12-22 19:04:17',2.000);

--
-- Table structure for table `product_pwrs`
--

CREATE TABLE `product_pwrs` (
  `id` int unsigned NOT NULL AUTO_INCREMENT,
  `product_id` int unsigned DEFAULT NULL,
  `pwr_id` int unsigned DEFAULT NULL,
  `in_stock` int NOT NULL DEFAULT '1',
  `status` int NOT NULL DEFAULT '1',
  `created_at` timestamp NULL DEFAULT NULL,
  `updated_at` timestamp NULL DEFAULT NULL,
  PRIMARY KEY (`id`),
  KEY `product_pwrs_product_id_foreign` (`product_id`),
  KEY `product_pwrs_pwr_id_foreign` (`pwr_id`),
  CONSTRAINT `product_pwrs_product_id_foreign` FOREIGN KEY (`product_id`) REFERENCES `products` (`id`) ON DELETE CASCADE,
  CONSTRAINT `product_pwrs_pwr_id_foreign` FOREIGN KEY (`pwr_id`) REFERENCES `pwrs` (`id`) ON DELETE CASCADE
) ENGINE=InnoDB DEFAULT CHARSET=utf8mb4 COLLATE=utf8mb4_unicode_ci;

--
-- Dumping data for table `product_pwrs`
--


--
-- Table structure for table `product_translations`
--

CREATE TABLE `product_translations` (
  `id` int unsigned NOT NULL AUTO_INCREMENT,
  `product_id` int unsigned NOT NULL,
  `name` varchar(255) CHARACTER SET utf8mb4 COLLATE utf8mb4_unicode_ci NOT NULL,
  `content` text CHARACTER SET utf8mb4 COLLATE utf8mb4_unicode_ci NOT NULL,
  `meta_keywords` text CHARACTER SET utf8mb4 COLLATE utf8mb4_unicode_ci,
  `locale` varchar(255) CHARACTER SET utf8mb4 COLLATE utf8mb4_unicode_ci NOT NULL,
  `created_at` timestamp NULL DEFAULT NULL,
  `updated_at` timestamp NULL DEFAULT NULL,
  `monthly` varchar(191) CHARACTER SET utf8mb4 COLLATE utf8mb4_unicode_ci DEFAULT NULL,
  PRIMARY KEY (`id`),
  UNIQUE KEY `product_translations_product_id_locale_unique` (`product_id`,`locale`),
  KEY `product_translations_locale_index` (`locale`),
  CONSTRAINT `product_translations_product_id_foreign` FOREIGN KEY (`product_id`) REFERENCES `products` (`id`) ON DELETE CASCADE
) ENGINE=InnoDB AUTO_INCREMENT=61 DEFAULT CHARSET=utf8mb4 COLLATE=utf8mb4_unicode_ci;

--
-- Dumping data for table `product_translations`
--

INSERT INTO `product_translations` (`id`, `product_id`, `name`, `content`, `meta_keywords`, `locale`, `created_at`, `updated_at`, `monthly`) VALUES (13,1,'زجاجة إرضاع مصممة خصيصاً','<p>زجاجة إرضاع مصممة خصيصاً لإرضاع الأطفال حديثي الولادة، مصنوعة من زجاج متين من الدرجة الغذائية لاستخدام طويل الأمد، كما تتميز ب...</p>\r\n\r\n<div id=\"gtx-trans\" style=\"left:784px; position:absolute; top:38px\">\r\n<div class=\"gtx-trans-icon\">&nbsp;</div>\r\n</div>',NULL,'ar',NULL,NULL,NULL),(14,1,'زجاجة إرضاع مصممة خصيصاً','<p>زجاجة إرضاع مصممة خصيصاً لإرضاع الأطفال حديثي الولادة، مصنوعة من زجاج متين من الدرجة الغذائية لاستخدام طويل الأمد، كما تتميز ب...</p>',NULL,'en',NULL,NULL,NULL),(15,5,'زجاجة إرضاع ذات فوهة واسعة مع حلمات','<p>زجاجة إرضاع ذات فوهة واسعة مع حلمات مضلعة بتصميم طبيعي مريح للطفل أثناء انتقاله بين الرضاعة الطبيعية والرضاعة بالزجاجة، تتميز بصمام مضاد للمغص لإبعاد الغازات...</p>\r\n\r\n<div id=\"gtx-trans\" style=\"left:834px; position:absolute; top:38px\">\r\n<div class=\"gtx-trans-icon\">&nbsp;</div>\r\n</div>',NULL,'ar',NULL,NULL,NULL),(16,5,'زجاجة إرضاع ذات فوهة واسعة مع حلمات','<p>زجاجة إرضاع ذات فوهة واسعة مع حلمات مضلعة بتصميم طبيعي مريح للطفل أثناء انتقاله بين الرضاعة الطبيعية والرضاعة بالزجاجة، تتميز بصمام مضاد للمغص لإبعاد الغازات...</p>',NULL,'en',NULL,NULL,NULL),(17,8,'فستان بارز الملمس مع جوارب من جونيورز','<p>عززي أناقة صغيرتكِ باقتناء هذا الطقم الرائع، مكون من فستان بياقة مستديرة وأكمام طويلة وخصر منسدل مع جوارب لاستكمال إطلالتها، ومصنوع من خامة عالية الجودة لارتداء مريح طوال اليوم.</p>',NULL,'ar',NULL,NULL,NULL),(18,8,'فستان بارز الملمس مع جوارب من جونيورز','<p>عززي أناقة صغيرتكِ باقتناء هذا الطقم الرائع، مكون من فستان بياقة مستديرة وأكمام طويلة وخصر منسدل مع جوارب لاستكمال إطلالتها، ومصنوع من خامة عالية الجودة لارتداء مريح طوال اليوم.</p>',NULL,'en',NULL,NULL,NULL),(19,11,'فستان كنزة بارز الملمس مع جوارب من جونيورز','<p>ستتمتع ابنتكِ بإطلالة شتوية أنيقة بهذا الفستان. يبرز تصميم السطح المحبوك الجذاب والألوان الغنية مظهره، ويتميز بياقة مستديرة وأكمام طويلة. هذا الفستان البسيط مصنوع جيدًا من مواد عالية الجودة، مما يضفي ملمسًا ناعمًا على البشرة والدفء المطلق. كما يعد بإطلالة أنيقة، ويمكنكِ تنسيقه مع بنطلون ليقنز جميل.</p>',NULL,'ar',NULL,NULL,NULL),(20,11,'فستان كنزة بارز الملمس مع جوارب من جونيورز','<p>ستتمتع ابنتكِ بإطلالة شتوية أنيقة بهذا الفستان. يبرز تصميم السطح المحبوك الجذاب والألوان الغنية مظهره، ويتميز بياقة مستديرة وأكمام طويلة. هذا الفستان البسيط مصنوع جيدًا من مواد عالية الجودة، مما يضفي ملمسًا ناعمًا على البشرة والدفء المطلق. كما يعد بإطلالة أنيقة، ويمكنكِ تنسيقه مع بنطلون ليقنز جميل.</p>',NULL,'en',NULL,NULL,NULL),(21,12,'فستان بياقة مستديرة وأكمام طويلة وطبعات','<p>هذا الفستان ذو الياقة المستديرة هو ببساطة فريد من نوعه. يمتاز بطبعات الأزهار بالكامل، ومصنوعة من الفيسكوز، وسهل ومريح في الارتداء. كما يتميز بأكمام طويلة لإضفاء مظهر مريح، ويمكن تنسيقه مع حذاء متناسق لإكمال المظهر الكاجوال.</p>',NULL,'ar',NULL,NULL,NULL),(22,12,'فستان بياقة مستديرة وأكمام طويلة وطبعات','<p>هذا الفستان ذو الياقة المستديرة هو ببساطة فريد من نوعه. يمتاز بطبعات الأزهار بالكامل، ومصنوعة من الفيسكوز، وسهل ومريح في الارتداء. كما يتميز بأكمام طويلة لإضفاء مظهر مريح، ويمكن تنسيقه مع حذاء متناسق لإكمال المظهر الكاجوال.</p>',NULL,'en',NULL,NULL,NULL),(23,13,'فستان إيه لاين مضلع بياقة مستديرة وفيونكة من جونيورز','<p>عززي أناقة صغيرتك باقتناء هذا الفستان الراقي، يتميز بتصميم إيه لاين وياقة مستديرة وأكمام قصيرة ونمط مضلع جميل، ومصنوع من خامة قطنية عالية الجودة وناعمة لارتداء مريح طوال الوقت.</p>',NULL,'ar',NULL,NULL,NULL),(24,13,'فستان إيه لاين مضلع بياقة مستديرة وفيونكة من جونيورز','<p>عززي أناقة صغيرتك باقتناء هذا الفستان الراقي، يتميز بتصميم إيه لاين وياقة مستديرة وأكمام قصيرة ونمط مضلع جميل، ومصنوع من خامة قطنية عالية الجودة وناعمة لارتداء مريح طوال الوقت.</p>',NULL,'en',NULL,NULL,NULL),(25,14,'صندل بزينة أزهار وشريط إغلاق لاصق من بيرفيت','<p>أضيفي لمسة أنيقة إلى أحذية صغيرتكِ مع هذا الصندل الرائع. يتميز بتصميم عملي ولون جذاب، مع تفاصيل زينة أزهار تعزز مظهره، ويأتي بشريط إغلاق لاصق، كما أنه مصنوع من خامات عالية الجودة لضمان ارتداء مريح طوال الوقت، ويمكن تنسيقه مع تشكيلة متنوعة من الملابس.</p>',NULL,'ar',NULL,NULL,NULL),(26,14,'صندل بزينة أزهار وشريط إغلاق لاصق من بيرفيت','<p>أضيفي لمسة أنيقة إلى أحذية صغيرتكِ مع هذا الصندل الرائع. يتميز بتصميم عملي ولون جذاب، مع تفاصيل زينة أزهار تعزز مظهره، ويأتي بشريط إغلاق لاصق، كما أنه مصنوع من خامات عالية الجودة لضمان ارتداء مريح طوال الوقت، ويمكن تنسيقه مع تشكيلة متنوعة من الملابس.</p>',NULL,'en',NULL,NULL,NULL),(27,15,'حذاء ميول غرفة نوم بتطريز فلامينجو بكرات بوم بوم من كوزي','<h1>حذاء ميول غرفة نوم بتطريز فلامينجو بكرات بوم بوم من كوزي</h1>',NULL,'ar',NULL,NULL,NULL),(28,15,'حذاء ميول غرفة نوم بتطريز فلامينجو بكرات بوم بوم من كوزي','<h1>حذاء ميول غرفة نوم بتطريز فلامينجو بكرات بوم بوم من كوزي</h1>',NULL,'en',NULL,NULL,NULL),(29,16,'مجموعة لعب الهجوم الثنائي من سولدجر فورس','<p>دعي صغيرك الجُندي يستعِد لمغامرة شيقة مليئة بالإثارة مع لعبة الهجوم الثنائي المُذهلة هذه من سولدجر فورس. تتضمّن مجموعتها الرائعة طائرة هليكوبتر بِمؤثرات صوتية وضوئية، وشاحنة هجومية بِوظيفة إطلاق المقذوفات وعجلات حرة، بالإضافة لِدمى مفصلية يمكن وضعها داخل قمرة القيادة، ومع الأسلحة والمُلحقات القابلة للتركيب تمنحه بذلك كل ما يحتاجه للبدأ في مهامه العسكرية. تُعد اختيارًا مثاليًا لا يوفّر ساعات من المرح الخيالي فحسب، بل تعزّز نمو مهاراته الحسية والحركية، ما يجعلها تستحق الاقتناء.</p>',NULL,'ar',NULL,NULL,NULL),(30,16,'مجموعة لعب الهجوم الثنائي من سولدجر فورس','<p>دعي صغيرك الجُندي يستعِد لمغامرة شيقة مليئة بالإثارة مع لعبة الهجوم الثنائي المُذهلة هذه من سولدجر فورس. تتضمّن مجموعتها الرائعة طائرة هليكوبتر بِمؤثرات صوتية وضوئية، وشاحنة هجومية بِوظيفة إطلاق المقذوفات وعجلات حرة، بالإضافة لِدمى مفصلية يمكن وضعها داخل قمرة القيادة، ومع الأسلحة والمُلحقات القابلة للتركيب تمنحه بذلك كل ما يحتاجه للبدأ في مهامه العسكرية. تُعد اختيارًا مثاليًا لا يوفّر ساعات من المرح الخيالي فحسب، بل تعزّز نمو مهاراته الحسية والحركية، ما يجعلها تستحق الاقتناء.</p>',NULL,'en',NULL,NULL,NULL),(31,17,'مجموعة لعب كرة القدم من جونيورز','<p>اجعلي طفلك على دراية بقواعد كرة القدم الممتعة والمرحة عن طريق الحصول على هذه المجموعة الجذابة. ستساعد هذه المجموعة طفلك على تطوير تركيزه وتحسين مهارات التنسيق بين اليد والعين كذلك.</p>',NULL,'ar',NULL,NULL,NULL),(32,17,'مجموعة لعب كرة القدم من جونيورز','<p>اجعلي طفلك على دراية بقواعد كرة القدم الممتعة والمرحة عن طريق الحصول على هذه المجموعة الجذابة. ستساعد هذه المجموعة طفلك على تطوير تركيزه وتحسين مهارات التنسيق بين اليد والعين كذلك.</p>',NULL,'en',NULL,NULL,NULL),(33,18,'بساط لعب قابل للتحويل من أي فام شيل - 64x35x32 سم','<p>طوري مهارات طفلك باقتناء بساط اللعب الرائع هذا، مصمم بألوان مفعمة بالحيوية، مع أنشطة مسلية ومبتكرة تعزز مهاراته المختلفة، وتبقيه منشغلًا باللعب الآمن لفترات طويلة. مصنوع من خامات عالية الجودة، ويستحق الاقتناء.</p>',NULL,'ar',NULL,NULL,NULL),(34,18,'بساط لعب قابل للتحويل من أي فام شيل - 64x35x32 سم','<p>طوري مهارات طفلك باقتناء بساط اللعب الرائع هذا، مصمم بألوان مفعمة بالحيوية، مع أنشطة مسلية ومبتكرة تعزز مهاراته المختلفة، وتبقيه منشغلًا باللعب الآمن لفترات طويلة. مصنوع من خامات عالية الجودة، ويستحق الاقتناء.</p>',NULL,'en',NULL,NULL,NULL),(35,19,'خشخيشة وعضّاضة من برايت ستارتس','<p>لن يكون إبعاد يديّ طفلكِ عن فمه مهمة صعبة بعد الآن، وذلك باعتمادكِ على هذه العضّاضة والخشخيشة الآمنة. معبأة بالماء النقي، حيث سيستمتع طفلكِ الصغير بها كما ستروق الخشخيشة له بكل تأكيد.</p>',NULL,'ar',NULL,NULL,NULL),(36,19,'خشخيشة وعضّاضة من برايت ستارتس','<p>لن يكون إبعاد يديّ طفلكِ عن فمه مهمة صعبة بعد الآن، وذلك باعتمادكِ على هذه العضّاضة والخشخيشة الآمنة. معبأة بالماء النقي، حيث سيستمتع طفلكِ الصغير بها كما ستروق الخشخيشة له بكل تأكيد.</p>',NULL,'en',NULL,NULL,NULL),(37,20,'طاولة نشاط 3 في 1 مع مكعبات من ليتل ستوري','<p>اجعلي صغيرك يستمتع باللعب والمرح لساعات مع طاولة النشاط المدهشة هذه، تتميز بجزء علوي قابل للإزالة يمكن ملؤه بالماء من أجل لعبة صيد مليئة بالمرح، ويحتوي سطح الطاولة على أخاديد لترتيب المكعبات المتوفرة وإنشاء هياكل ممتعة. الطاولة متعددة الأغراض يمكن استخدامها في أوقات الوجبات، ومصنوعة من مواد عالية الجودة لتدوم.</p>',NULL,'ar',NULL,NULL,NULL),(38,20,'طاولة نشاط 3 في 1 مع مكعبات من ليتل ستوري','<p>اجعلي صغيرك يستمتع باللعب والمرح لساعات مع طاولة النشاط المدهشة هذه، تتميز بجزء علوي قابل للإزالة يمكن ملؤه بالماء من أجل لعبة صيد مليئة بالمرح، ويحتوي سطح الطاولة على أخاديد لترتيب المكعبات المتوفرة وإنشاء هياكل ممتعة. الطاولة متعددة الأغراض يمكن استخدامها في أوقات الوجبات، ومصنوعة من مواد عالية الجودة لتدوم.</p>',NULL,'en',NULL,NULL,NULL),(39,21,'مجموعة لعب كاميرا بمنجنيق شوتر آند بروجيكتور من جلوو','<p>امنحي صغيرك أوقاتًأ من المرح والمتعة بالحصول على هذه الكاميرا التفاعلية المدهشة، تعد طريقة مثالية لتشجيع التعلم المبكر والتطور لدى طفلك، بفضل ميزاتها التفاعلية وتصميمها الجذاب، تضمن متعة صغيرك لساعات، مزودة بجهاز عرض ومنجنيق طفلك مستمتعًا لساعات طويلة.</p>',NULL,'ar',NULL,NULL,NULL),(40,21,'مجموعة لعب كاميرا بمنجنيق شوتر آند بروجيكتور من جلوو','<p>امنحي صغيرك أوقاتًأ من المرح والمتعة بالحصول على هذه الكاميرا التفاعلية المدهشة، تعد طريقة مثالية لتشجيع التعلم المبكر والتطور لدى طفلك، بفضل ميزاتها التفاعلية وتصميمها الجذاب، تضمن متعة صغيرك لساعات، مزودة بجهاز عرض ومنجنيق طفلك مستمتعًا لساعات طويلة.</p>',NULL,'en',NULL,NULL,NULL),(41,22,'سرير أطفال خشبي محمول من جونيورز شارلوت قابل للتعديل إلى ثلاثة ارتفاعات','<p>يضفي سرير الأطفال من شارلوت لمسة كلاسيكية مستوحاه من الطراز القديم إلى غرفة الأطفال. تتميز بثلاث أوضاع مرتبة قابلة للتعديل يمكن خفضها عندما يبدأ طفلك في الجلوس والوقوف. تسمح لك العجلات الدوارة بتحريك السرير بحرية. يمكن قفل العجلات لإبقاء سرير الأطفال ثابتًا. مصمم بمواد خالية من البيسفينول والفثالات، كما أن الطلاء المستخدم غير سام ولايوجد به أي ضرر على الأطفال، كما أنه لا يحتوي على حواف حادة، الأمر الذي جعله آمنًا تمامًا لطفلك الصغير. صور المنتج (الفراش والمراتب) تستخدم لأغراض التوضيح فقط. يرجى العلم أن هذا المنتج غير قابل للإرجاع عندما يتم تجميعه.</p>',NULL,'ar',NULL,NULL,NULL),(42,22,'سرير أطفال خشبي محمول من جونيورز شارلوت قابل للتعديل إلى ثلاثة ارتفاعات','<p>يضفي سرير الأطفال من شارلوت لمسة كلاسيكية مستوحاه من الطراز القديم إلى غرفة الأطفال. تتميز بثلاث أوضاع مرتبة قابلة للتعديل يمكن خفضها عندما يبدأ طفلك في الجلوس والوقوف. تسمح لك العجلات الدوارة بتحريك السرير بحرية. يمكن قفل العجلات لإبقاء سرير الأطفال ثابتًا. مصمم بمواد خالية من البيسفينول والفثالات، كما أن الطلاء المستخدم غير سام ولايوجد به أي ضرر على الأطفال، كما أنه لا يحتوي على حواف حادة، الأمر الذي جعله آمنًا تمامًا لطفلك الصغير. صور المنتج (الفراش والمراتب) تستخدم لأغراض التوضيح فقط. يرجى العلم أن هذا المنتج غير قابل للإرجاع عندما يتم تجميعه.</p>',NULL,'en',NULL,NULL,NULL),(43,23,'سرير بمصد في سرير من جيجلز','<p>إضافة أساسية إلى مستلزمات صغيركِ، سرير صغير يوضع داخل السرير لتسهيل انتفال الطفل من المهد إلى سرير الأطفال. مصنوع من خامات عالية الجودة لضمان راحته، كما أنه خفيف الوزن لإمكانية استخدامه أثناء السفر.<br />\r\n&nbsp;</p>',NULL,'ar',NULL,NULL,NULL),(44,23,'سرير بمصد في سرير من جيجلز','<p>إضافة أساسية إلى مستلزمات صغيركِ، سرير صغير يوضع داخل السرير لتسهيل انتفال الطفل من المهد إلى سرير الأطفال. مصنوع من خامات عالية الجودة لضمان راحته، كما أنه خفيف الوزن لإمكانية استخدامه أثناء السفر.<br />\r\n&nbsp;</p>',NULL,'en',NULL,NULL,NULL),(45,24,'كرسي دائري بطبعات فروزن','<p>اجعلي صغيرك يلعب ويسترخي بكل مرح وراحة بالحصول على هذا الكرسي الدائري الأنيق، مصمم بطبعات فروزن جذابة، بألوان نابضة بالحياة تعزز من مظهره، وتمنح صغيرك استرخاء مثاليًا، مصنوع من بنية متينة، مع إمكانية الطي لسهولة التخزين والتنقلات، مما يجعله الرفيق الأفضل لأنشطة طفلك الداخلية والخارجية.</p>',NULL,'ar',NULL,NULL,NULL),(46,24,'كرسي دائري بطبعات فروزن','<p>اجعلي صغيرك يلعب ويسترخي بكل مرح وراحة بالحصول على هذا الكرسي الدائري الأنيق، مصمم بطبعات فروزن جذابة، بألوان نابضة بالحياة تعزز من مظهره، وتمنح صغيرك استرخاء مثاليًا، مصنوع من بنية متينة، مع إمكانية الطي لسهولة التخزين والتنقلات، مما يجعله الرفيق الأفضل لأنشطة طفلك الداخلية والخارجية.</p>',NULL,'en',NULL,NULL,NULL),(47,25,'مركز تغيير أوشن جلاكسي من جونيورز','<p>احصلي على طاولة التغيير العملية والمفيدة للغاية هذه لتلبية احتياجات طفلك. تحتوي على ثلاث مقصورات للحفاظ على حفاضات طفلك وملابسه في متناول اليد متى احتجتي إليها. كما تحتوي على حوض قابل للإزالة لسهولة الصيانة.</p>',NULL,'ar',NULL,NULL,NULL),(48,25,'مركز تغيير أوشن جلاكسي من جونيورز','<p>احصلي على طاولة التغيير العملية والمفيدة للغاية هذه لتلبية احتياجات طفلك. تحتوي على ثلاث مقصورات للحفاظ على حفاضات طفلك وملابسه في متناول اليد متى احتجتي إليها. كما تحتوي على حوض قابل للإزالة لسهولة الصيانة.</p>',NULL,'en',NULL,NULL,NULL),(49,26,'سرير أطفال خشبي أبيض قابل للتحويل','<p>يضفي سرير جيسيكا 3 في 1 القابل للتحويل مظهرًا عصريًا على غرفة نوم طفلك، فهو يجمع بين التصميم الكلاسيكي والتصميم المعاصر. مع أوضاع مرتبة قابلة للتعديل وإمكانية تحةيله من سرير طفل صغير إلى سرير نهاري، وذلك مع مراحل نمو طفلك. توفر الأدراج الثلاثة مساحة واسعة لضروريات طفلك الصغير. والأهم من ذلك، أنه يلبي أو يتجاوز أكثر المعايير الدولية صرامة للسلامة والمتانة. هذا المنتج غير قابل للإرجاع عندما يتم تجميعه. لا يحتوي السرير على حواف حادة وستثبت أنها ملاذ لطفلك ورفيق لسنوات. صور المنتج (الفراش والمراتب) تستخدم لأغراض التوضيح فقط. هذا المنتج غير قابل للإرجاع عندما يتم تجميعه.<br />\r\n&nbsp;</p>',NULL,'ar',NULL,NULL,NULL),(50,26,'سرير أطفال خشبي أبيض قابل للتحويل','<p>يضفي سرير جيسيكا 3 في 1 القابل للتحويل مظهرًا عصريًا على غرفة نوم طفلك، فهو يجمع بين التصميم الكلاسيكي والتصميم المعاصر. مع أوضاع مرتبة قابلة للتعديل وإمكانية تحةيله من سرير طفل صغير إلى سرير نهاري، وذلك مع مراحل نمو طفلك. توفر الأدراج الثلاثة مساحة واسعة لضروريات طفلك الصغير. والأهم من ذلك، أنه يلبي أو يتجاوز أكثر المعايير الدولية صرامة للسلامة والمتانة. هذا المنتج غير قابل للإرجاع عندما يتم تجميعه. لا يحتوي السرير على حواف حادة وستثبت أنها ملاذ لطفلك ورفيق لسنوات. صور المنتج (الفراش والمراتب) تستخدم لأغراض التوضيح فقط. هذا المنتج غير قابل للإرجاع عندما يتم تجميعه.<br />\r\n&nbsp;</p>',NULL,'en',NULL,NULL,NULL),(51,27,'سرير قابل للطي سارة من جونيورز','<p>يوفر هذا السرير القابل للطي مزيجًا مثاليًا من الراحة والأمان لطفلك. مصنوع من مواد غير سامة ويلبي معايير السلامة الأوروبية، ويضمن راحة البال. إن ارتفاع المرتبة القابل للتعديل وتصميمه القابل للطي يجعلانه سهلة الاستخدام والتخزين. كما أن العجلات المتضمنة تزيد من عمليته، مما يجعله ضروري للآباء الذين يبحثون عن حل نوم موثوق ومريح لطفلهم.</p>',NULL,'ar',NULL,NULL,NULL),(52,27,'سرير قابل للطي سارة من جونيورز','<p>يوفر هذا السرير القابل للطي مزيجًا مثاليًا من الراحة والأمان لطفلك. مصنوع من مواد غير سامة ويلبي معايير السلامة الأوروبية، ويضمن راحة البال. إن ارتفاع المرتبة القابل للتعديل وتصميمه القابل للطي يجعلانه سهلة الاستخدام والتخزين. كما أن العجلات المتضمنة تزيد من عمليته، مما يجعله ضروري للآباء الذين يبحثون عن حل نوم موثوق ومريح لطفلهم.</p>',NULL,'en',NULL,NULL,NULL),(53,31,'sadsad','<p>asdasdasd</p>',NULL,'ar',NULL,NULL,NULL),(54,31,'asda','<p>asdasd</p>',NULL,'en',NULL,NULL,NULL),(55,32,'تنغلعغبلع','<p>تانلنتبلنت</p>',NULL,'ar',NULL,NULL,NULL),(56,32,'تلنعاتامكن','<p>عغلعغبغفعبغفب</p>',NULL,'en',NULL,NULL,NULL),(57,35,'لعبه','<p>وصف</p>',NULL,'ar',NULL,NULL,NULL),(58,35,'toy','<p>des</p>',NULL,'en',NULL,NULL,NULL),(59,37,'حليب','<p>حليب نان</p>',NULL,'ar',NULL,NULL,NULL),(60,37,'Milk','<p>Nan</p>',NULL,'en',NULL,NULL,NULL);

--
-- Table structure for table `products`
--

CREATE TABLE `products` (
  `id` int unsigned NOT NULL AUTO_INCREMENT,
  `image` varchar(255) CHARACTER SET utf8mb4 COLLATE utf8mb4_unicode_ci DEFAULT NULL,
  `user_id` int unsigned DEFAULT NULL,
  `mainprice` decimal(8,2) NOT NULL DEFAULT '0.00',
  `discount` decimal(8,2) NOT NULL DEFAULT '0.00',
  `stoke` int NOT NULL DEFAULT '0',
  `option` enum('true','false') CHARACTER SET utf8mb4 COLLATE utf8mb4_unicode_ci DEFAULT NULL,
  `code` varchar(255) CHARACTER SET utf8mb4 COLLATE utf8mb4_unicode_ci DEFAULT NULL,
  `status` enum('pending','reject','active') CHARACTER SET utf8mb4 COLLATE utf8mb4_unicode_ci NOT NULL DEFAULT 'pending',
  `reason` longtext CHARACTER SET utf8mb4 COLLATE utf8mb4_unicode_ci,
  `deleted_at` timestamp NULL DEFAULT NULL,
  `created_at` timestamp NULL DEFAULT NULL,
  `updated_at` timestamp NULL DEFAULT NULL,
  `checked` int NOT NULL DEFAULT '1',
  `knetPay` int NOT NULL DEFAULT '0',
  `arrivalTime` varchar(191) CHARACTER SET utf8mb4 COLLATE utf8mb4_unicode_ci DEFAULT NULL,
  `news` int DEFAULT NULL,
  `const` int NOT NULL DEFAULT '0',
  `brand_id` int DEFAULT NULL,
  `category_id` int DEFAULT NULL,
  `pwr_price` decimal(8,3) DEFAULT NULL,
  `originall` varchar(111) CHARACTER SET utf8mb4 COLLATE utf8mb4_unicode_ci NOT NULL DEFAULT '0',
  `hasPwr` varchar(111) CHARACTER SET utf8mb4 COLLATE utf8mb4_unicode_ci NOT NULL DEFAULT '0',
  `monthly` tinyint NOT NULL DEFAULT '0',
  `bestSeller` int NOT NULL DEFAULT '0',
  `latest` int DEFAULT '0',
  `Nurseries` int NOT NULL DEFAULT '0',
  `age` int DEFAULT NULL,
  `OutOfStoke` int DEFAULT NULL,
  `order` int DEFAULT NULL,
  PRIMARY KEY (`id`),
  KEY `products_user_id_foreign` (`user_id`),
  CONSTRAINT `products_user_id_foreign` FOREIGN KEY (`user_id`) REFERENCES `users` (`id`) ON DELETE CASCADE
) ENGINE=InnoDB AUTO_INCREMENT=38 DEFAULT CHARSET=utf8mb4 COLLATE=utf8mb4_unicode_ci;

--
-- Dumping data for table `products`
--

INSERT INTO `products` (`id`, `image`, `user_id`, `mainprice`, `discount`, `stoke`, `option`, `code`, `status`, `reason`, `deleted_at`, `created_at`, `updated_at`, `checked`, `knetPay`, `arrivalTime`, `news`, `const`, `brand_id`, `category_id`, `pwr_price`, `originall`, `hasPwr`, `monthly`, `bestSeller`, `latest`, `Nurseries`, `age`, `OutOfStoke`, `order`) VALUES (1,'2024-10-06-jl952_2.webp',355,12.00,10.00,22,NULL,NULL,'active',NULL,NULL,'2024-05-05 19:15:51','2024-10-06 20:23:12',1,0,NULL,NULL,0,8,0,NULL,'0','0',0,1,1,0,12,1,1),(2,NULL,NULL,0.00,0.00,0,NULL,NULL,'active',NULL,'2024-08-06 21:34:34','2024-07-15 19:29:58','2024-08-06 21:34:34',1,0,NULL,NULL,0,NULL,NULL,NULL,'0','0',0,0,0,0,NULL,NULL,NULL),(3,NULL,NULL,0.00,0.00,0,NULL,NULL,'pending',NULL,'2024-08-06 21:34:36','2024-07-15 19:30:40','2024-08-06 21:34:36',1,0,NULL,NULL,0,NULL,NULL,NULL,'0','0',0,0,0,0,NULL,NULL,NULL),(4,NULL,NULL,0.00,0.00,0,NULL,NULL,'pending',NULL,'2024-08-06 23:01:11','2024-08-06 22:19:17','2024-08-06 23:01:11',1,0,NULL,NULL,0,NULL,NULL,NULL,'0','0',0,0,0,0,NULL,NULL,NULL),(5,'2024-10-06-jl958_2.webp',355,21.00,1.00,1,NULL,NULL,'active',NULL,NULL,'2024-08-06 22:37:37','2024-10-06 20:24:55',1,0,NULL,NULL,0,8,0,NULL,'0','0',0,1,0,0,1,0,2),(6,NULL,NULL,0.00,0.00,0,NULL,NULL,'pending',NULL,NULL,'2024-08-07 20:00:35','2024-08-07 20:00:35',1,0,NULL,NULL,0,NULL,NULL,NULL,'0','0',0,0,0,0,NULL,NULL,NULL),(7,NULL,NULL,0.00,0.00,0,NULL,NULL,'pending',NULL,NULL,'2024-10-06 20:27:39','2024-10-06 20:27:39',1,0,NULL,NULL,0,NULL,NULL,NULL,'0','0',0,0,0,0,NULL,NULL,NULL),(8,'2024-10-06-F36-A13-07-769CREAMLIGHT-F36-A13-07-769-BSW23080723_01-2100.webp',1,20.00,18.00,10,NULL,NULL,'active',NULL,NULL,'2024-10-06 20:31:35','2024-10-06 20:32:42',1,0,NULL,NULL,0,NULL,0,NULL,'0','0',0,1,1,0,12,1,NULL),(9,NULL,NULL,0.00,0.00,0,NULL,NULL,'pending',NULL,NULL,'2024-10-06 20:33:42','2024-10-06 20:33:42',1,0,NULL,NULL,0,NULL,NULL,NULL,'0','0',0,0,0,0,NULL,NULL,NULL),(10,NULL,NULL,0.00,0.00,0,NULL,NULL,'pending',NULL,NULL,'2024-10-06 20:33:57','2024-10-06 20:33:57',1,0,NULL,NULL,0,NULL,NULL,NULL,'0','0',0,0,0,0,NULL,NULL,NULL),(11,'2024-10-06-F66-B13-07-529PURPLEDARK-F66-B13-07-529-BSW23080823_01-2100.webp',358,20.00,0.00,22,NULL,NULL,'active',NULL,NULL,'2024-10-06 20:35:51','2024-10-06 20:37:26',1,0,NULL,NULL,0,8,0,NULL,'0','0',0,1,1,0,3,1,NULL),(12,'2024-10-06-D66-I13-07-018BLUEMULTISHADE-D66-I13-07-018-BSW22160722_01-2100.webp',355,20.00,30.00,10,NULL,NULL,'active',NULL,NULL,'2024-10-06 20:38:27','2024-10-06 20:39:18',1,0,NULL,NULL,0,8,0,NULL,'0','0',0,0,1,0,22,1,NULL),(13,'2024-10-06-H36-A13-07-192PINKLIGHT-H36-A13-07-192-BSW24140824_01-2100.webp',355,20.00,20.00,10,NULL,NULL,'active',NULL,NULL,'2024-10-06 20:39:27','2024-10-06 20:40:32',1,0,NULL,NULL,0,12,0,NULL,'0','0',0,1,1,0,6,1,NULL),(14,'2024-10-06-1448B0116BEIGE-1448B0116-SMSM24161223_01-2100.webp',355,20.00,12.00,2,NULL,NULL,'active',NULL,NULL,'2024-10-06 20:40:37','2024-10-06 20:41:41',1,0,NULL,NULL,0,9,0,NULL,'0','0',0,1,1,0,2,1,NULL),(15,'2024-10-06-TZ-10550BLUE-TZ-10550-SMAW23100823_01-2100.webp',358,20.00,12.00,22,NULL,NULL,'active',NULL,NULL,'2024-10-06 20:41:46','2024-10-06 20:42:58',1,0,NULL,NULL,0,12,0,NULL,'0','0',0,1,1,0,4,1,NULL),(16,'2024-10-06-166912795_01-2100.webp',359,22.00,10.00,10,NULL,NULL,'active',NULL,NULL,'2024-10-06 20:46:03','2024-10-06 20:47:09',1,0,NULL,NULL,0,13,0,NULL,'0','0',0,1,1,0,2,1,NULL),(17,'2024-10-06-160810881-160810881-RG18BS151018_01-2100.webp',355,20.00,11.00,10,NULL,NULL,'active',NULL,NULL,'2024-10-06 20:47:54','2024-10-06 20:48:49',1,0,NULL,NULL,0,12,0,NULL,'0','0',0,1,1,0,2,1,NULL),(18,'2024-10-06-165946031-MNBTPRD02-MP-KSA-BSRG24082023_01-2100.webp',361,20.00,10.00,12,NULL,NULL,'active',NULL,NULL,'2024-10-06 20:48:55','2024-12-04 20:13:16',1,0,NULL,NULL,0,NULL,0,NULL,'0','0',0,1,1,0,3,1,NULL),(19,'2024-10-06-114498151-8836-BA17BS279_01-2100.webp',358,12.00,23.00,13,NULL,NULL,'active',NULL,NULL,'2024-10-06 20:49:56','2024-10-06 20:50:44',1,0,NULL,NULL,0,11,0,NULL,'0','0',0,1,1,0,3,1,NULL),(20,'2024-10-06-166386364_01-2100.webp',358,20.00,11.00,10,NULL,NULL,'active',NULL,NULL,'2024-10-06 20:51:01','2024-10-06 20:51:52',1,0,NULL,NULL,0,11,0,NULL,'0','0',0,1,1,0,3,1,NULL),(21,'2024-10-06-166488916_01-2100.webp',359,13.00,12.00,8,NULL,NULL,'active',NULL,NULL,'2024-10-06 20:51:56','2024-10-06 20:52:53',1,0,NULL,NULL,0,12,0,NULL,'0','0',0,1,1,0,2,1,NULL),(22,'2024-10-06-158119986-F01-6511J-BA16BS149_01-2100.webp',355,22.00,10.00,2,NULL,NULL,'active',NULL,NULL,'2024-10-06 20:56:22','2024-10-06 20:57:11',1,0,NULL,NULL,0,12,0,NULL,'0','0',0,1,1,0,2,1,NULL),(23,'2024-10-06-164607831_01-2100.webp',359,33.00,22.00,3,NULL,NULL,'active',NULL,NULL,'2024-10-06 20:57:22','2024-10-06 20:58:11',1,0,NULL,NULL,0,12,0,NULL,'0','0',0,1,1,0,2,1,NULL),(24,'2024-10-06-166408464_01-2100.webp',358,22.00,10.00,10,NULL,NULL,'active',NULL,NULL,'2024-10-06 20:58:16','2024-10-06 20:59:09',1,0,NULL,NULL,0,12,0,NULL,'0','0',0,1,1,0,3,1,NULL),(25,'2024-10-06-163607444_01-2100.webp',355,12.00,44.00,23,NULL,NULL,'active',NULL,NULL,'2024-10-06 20:59:14','2025-01-02 00:48:57',1,0,NULL,NULL,0,NULL,0,NULL,'0','0',0,1,1,0,3,1,NULL),(26,'2024-10-06-159368078-931-BA17BS362_01-2100.webp',358,23.00,10.00,22,NULL,NULL,'active',NULL,NULL,'2024-10-06 21:00:12','2025-01-02 00:48:46',1,0,NULL,NULL,0,NULL,0,NULL,'0','0',0,1,1,0,3,1,NULL),(27,'2024-10-06-166840421-600235-10-BSRG200924_01-2100.webp',358,30.00,15.00,12,NULL,NULL,'active',NULL,NULL,'2024-10-06 21:01:35','2025-01-02 19:07:25',1,0,NULL,NULL,0,NULL,0,NULL,'0','0',0,1,1,0,33,1,NULL),(28,NULL,NULL,0.00,0.00,0,NULL,NULL,'pending',NULL,NULL,'2024-11-20 19:56:24','2024-11-20 19:56:24',1,0,NULL,NULL,0,NULL,NULL,NULL,'0','0',0,0,0,0,NULL,NULL,NULL),(29,NULL,NULL,0.00,0.00,0,NULL,NULL,'pending',NULL,NULL,'2024-12-04 13:10:03','2024-12-04 13:10:03',1,0,NULL,NULL,0,NULL,NULL,NULL,'0','0',0,0,0,0,NULL,NULL,NULL),(30,NULL,NULL,0.00,0.00,0,NULL,NULL,'pending',NULL,NULL,'2024-12-04 20:12:25','2024-12-04 20:12:25',1,0,NULL,NULL,0,NULL,NULL,NULL,'0','0',0,0,0,0,NULL,NULL,NULL),(31,NULL,355,11.00,1.00,22,NULL,NULL,'active',NULL,'2024-12-04 20:24:26','2024-12-04 20:14:05','2024-12-04 20:24:26',1,0,NULL,NULL,0,NULL,0,NULL,'0','0',0,0,1,0,2,0,NULL),(32,'2024-12-04-2024-09-03-2199a5580267258ca393b59da68c1ba5.jpg',360,11.00,9.00,8,NULL,NULL,'active',NULL,'2024-12-04 20:30:16','2024-12-04 20:24:49','2024-12-04 20:30:16',1,0,NULL,NULL,0,NULL,0,NULL,'0','0',0,1,0,0,7,0,NULL),(33,NULL,NULL,0.00,0.00,0,NULL,NULL,'pending',NULL,NULL,'2024-12-04 20:52:51','2024-12-04 20:52:51',1,0,NULL,NULL,0,NULL,NULL,NULL,'0','0',0,0,0,0,NULL,NULL,NULL),(34,NULL,NULL,0.00,0.00,0,NULL,NULL,'pending',NULL,NULL,'2024-12-04 21:05:55','2024-12-04 21:05:55',1,0,NULL,NULL,0,NULL,NULL,NULL,'0','0',0,0,0,0,NULL,NULL,NULL),(35,NULL,1,10.00,10.00,0,NULL,NULL,'active',NULL,NULL,'2024-12-04 21:11:28','2024-12-04 21:13:58',1,0,NULL,NULL,0,NULL,0,NULL,'0','0',0,0,0,0,1,0,NULL),(36,NULL,NULL,0.00,0.00,0,NULL,NULL,'pending',NULL,NULL,'2024-12-04 21:11:57','2024-12-04 21:11:57',1,0,NULL,NULL,0,NULL,NULL,NULL,'0','0',0,0,0,0,NULL,NULL,NULL),(37,NULL,361,10.00,10.00,0,NULL,NULL,'active',NULL,NULL,'2024-12-17 11:59:10','2024-12-17 12:07:15',1,0,NULL,NULL,0,NULL,0,NULL,'0','0',0,0,0,0,5,0,NULL);

--
-- Table structure for table `public_notifcations`
--

CREATE TABLE `public_notifcations` (
  `id` int unsigned NOT NULL AUTO_INCREMENT,
  `user_id` int unsigned DEFAULT NULL,
  `title` varchar(255) CHARACTER SET utf8mb4 COLLATE utf8mb4_unicode_ci NOT NULL,
  `message` text CHARACTER SET utf8mb4 COLLATE utf8mb4_unicode_ci NOT NULL,
  `data` text CHARACTER SET utf8mb4 COLLATE utf8mb4_unicode_ci NOT NULL,
  `created_at` timestamp NULL DEFAULT NULL,
  `updated_at` timestamp NULL DEFAULT NULL,
  PRIMARY KEY (`id`),
  KEY `public_notifcations_user_id_foreign` (`user_id`),
  CONSTRAINT `public_notifcations_user_id_foreign` FOREIGN KEY (`user_id`) REFERENCES `users` (`id`) ON DELETE CASCADE
) ENGINE=InnoDB DEFAULT CHARSET=utf8mb4 COLLATE=utf8mb4_unicode_ci;

--
-- Dumping data for table `public_notifcations`
--


--
-- Table structure for table `pwrs`
--

CREATE TABLE `pwrs` (
  `id` int unsigned NOT NULL AUTO_INCREMENT,
  `name` varchar(255) CHARACTER SET utf8mb4 COLLATE utf8mb4_unicode_ci NOT NULL,
  `stoke` int NOT NULL DEFAULT '1',
  `stoke_staus` int NOT NULL DEFAULT '1',
  `created_at` timestamp NULL DEFAULT NULL,
  `updated_at` timestamp NULL DEFAULT NULL,
  PRIMARY KEY (`id`)
) ENGINE=InnoDB DEFAULT CHARSET=utf8mb4 COLLATE=utf8mb4_unicode_ci;

--
-- Dumping data for table `pwrs`
--


--
-- Table structure for table `refund_products`
--

CREATE TABLE `refund_products` (
  `id` int unsigned NOT NULL AUTO_INCREMENT,
  `user_id` int unsigned DEFAULT NULL,
  `product_order_id` int unsigned DEFAULT NULL,
  `product_id` int unsigned DEFAULT NULL,
  `type` varchar(255) CHARACTER SET utf8mb4 COLLATE utf8mb4_unicode_ci DEFAULT NULL,
  `notes` text CHARACTER SET utf8mb4 COLLATE utf8mb4_unicode_ci,
  `created_at` timestamp NULL DEFAULT NULL,
  `updated_at` timestamp NULL DEFAULT NULL,
  `restore` int DEFAULT '0',
  PRIMARY KEY (`id`),
  KEY `refund_products_user_id_foreign` (`user_id`),
  KEY `refund_products_product_id_foreign` (`product_id`),
  KEY `refund_products_product_order_id_foreign` (`product_order_id`),
  CONSTRAINT `refund_products_product_id_foreign` FOREIGN KEY (`product_id`) REFERENCES `products` (`id`) ON DELETE CASCADE,
  CONSTRAINT `refund_products_product_order_id_foreign` FOREIGN KEY (`product_order_id`) REFERENCES `product_orders` (`id`) ON DELETE CASCADE,
  CONSTRAINT `refund_products_user_id_foreign` FOREIGN KEY (`user_id`) REFERENCES `users` (`id`) ON DELETE CASCADE
) ENGINE=InnoDB DEFAULT CHARSET=utf8mb4 COLLATE=utf8mb4_unicode_ci;

--
-- Dumping data for table `refund_products`
--


--
-- Table structure for table `region_translations`
--

CREATE TABLE `region_translations` (
  `id` int unsigned NOT NULL AUTO_INCREMENT,
  `region_id` int unsigned NOT NULL,
  `name` varchar(255) CHARACTER SET utf8mb4 COLLATE utf8mb4_unicode_ci NOT NULL,
  `locale` varchar(255) CHARACTER SET utf8mb4 COLLATE utf8mb4_unicode_ci NOT NULL,
  `created_at` timestamp NULL DEFAULT NULL,
  `updated_at` timestamp NULL DEFAULT NULL,
  `arrival` varchar(191) CHARACTER SET utf8mb4 COLLATE utf8mb4_unicode_ci DEFAULT NULL,
  PRIMARY KEY (`id`),
  UNIQUE KEY `region_translations_region_id_locale_unique` (`region_id`,`locale`),
  KEY `region_translations_locale_index` (`locale`)
) ENGINE=InnoDB AUTO_INCREMENT=1693 DEFAULT CHARSET=utf8mb4 COLLATE=utf8mb4_unicode_ci;

--
-- Dumping data for table `region_translations`
--

INSERT INTO `region_translations` (`id`, `region_id`, `name`, `locale`, `created_at`, `updated_at`, `arrival`) VALUES (37,19,'مدينة الكويت','ar',NULL,NULL,'بعد ٢٤ ساعة'),(38,19,'Kuwait City','en',NULL,NULL,'After 24 Hours'),(39,20,'دسمان','ar',NULL,NULL,'بعد ٢٤ ساعة'),(40,20,'Dasman','en',NULL,NULL,'After 24 Hours'),(41,21,'شرق','ar',NULL,NULL,'بعد ٢٤ ساعة'),(42,21,'Sharq','en',NULL,NULL,'After 24 Hours'),(43,22,'الصوابر','ar',NULL,NULL,'بعد ٢٤ ساعة'),(44,22,'Sawber','en',NULL,NULL,'After 24 Hours'),(45,23,'المرقاب','ar',NULL,NULL,'بعد ٢٤ ساعة'),(46,23,'Mirqab','en',NULL,NULL,'After 24 Hours'),(47,24,'القبلة','ar',NULL,NULL,'بعد ٢٤ ساعة'),(48,24,'Qibla','en',NULL,NULL,'After 24 Hours'),(49,25,'الصالحية','ar',NULL,NULL,'بعد ٢٤ ساعة'),(50,25,'Salhiya','en',NULL,NULL,'After 24 Hours'),(51,26,'الوطية','ar',NULL,NULL,'بعد ٢٤ ساعة'),(52,26,'Watiya','en',NULL,NULL,'After 24 Hours'),(53,27,'بنيد القار','ar',NULL,NULL,'بعد ٢٤ ساعة'),(54,27,'Bneid Al Gar','en',NULL,NULL,'After 24 Hours'),(55,28,'كيفان','ar',NULL,NULL,'بعد ٢٤ ساعة'),(56,28,'Kefan','en',NULL,NULL,'After 24 Hours'),(57,29,'الدوحة','ar',NULL,NULL,'بعد ٢٤ ساعة'),(58,29,'Doha','en',NULL,NULL,'After 24 Hours'),(59,30,'الدسمة','ar',NULL,NULL,'بعد ٢٤ ساعة'),(60,30,'Dasma','en',NULL,NULL,'After 24 Hours'),(61,31,'الدعية','ar',NULL,NULL,'بعد ٢٤ ساعة'),(62,31,'Daiya','en',NULL,NULL,'After 24 Hours'),(63,32,'المنصورية','ar',NULL,NULL,'بعد ٢٤ ساعة'),(64,32,'Mansoriya','en',NULL,NULL,'After 24 Hours'),(65,33,'ضاحية عبد الله السالم','ar',NULL,NULL,'بعد ٢٤ ساعة'),(66,33,'Abdulallah Al-Salem','en',NULL,NULL,'After 24 Hours'),(67,34,'النزهة','ar',NULL,NULL,'بعد ٢٤ ساعة'),(68,34,'Nuzha','en',NULL,NULL,'After 24 Hours'),(69,35,'الفيحاء','ar',NULL,NULL,'بعد ٢٤ ساعة'),(70,35,'Faiha','en',NULL,NULL,'After 24 Hours'),(71,36,'الشامية','ar',NULL,NULL,'بعد ٢٤ ساعة'),(72,36,'Shamiya','en',NULL,NULL,'After 24 Hours'),(73,37,'الروضة','ar',NULL,NULL,'بعد ٢٤ ساعة'),(74,37,'Rawda','en',NULL,NULL,'After 24 Hours'),(75,38,'العديلية','ar',NULL,NULL,'بعد ٢٤ ساعة'),(76,38,'Adileya','en',NULL,NULL,'After 24 Hours'),(77,39,'الخالدية','ar',NULL,NULL,'بعد ٢٤ ساعة'),(78,39,'Khaldiya','en',NULL,NULL,'After 24 Hours'),(79,40,'القادسية','ar',NULL,NULL,'بعد ٢٤ ساعة'),(80,40,'Qadsiya','en',NULL,NULL,'After 24 Hours'),(81,41,'قرطبة','ar',NULL,NULL,'بعد ٢٤ ساعة'),(82,41,'Qurtoba','en',NULL,NULL,'After 24 Hours'),(83,42,'السرة','ar',NULL,NULL,'بعد ٢٤ ساعة'),(84,42,'Surra','en',NULL,NULL,'After 24 Hours'),(85,43,'اليرموك','ar',NULL,NULL,'بعد ٢٤ ساعة'),(86,43,'Yarmouk','en',NULL,NULL,'After 24 Hours'),(87,44,'الشويخ','ar',NULL,NULL,'بعد ٢٤ ساعة'),(88,44,'Shuwaikh','en',NULL,NULL,'After 24 Hours'),(89,45,'الري','ar',NULL,NULL,'بعد ٢٤ ساعة'),(90,45,'Alrai','en',NULL,NULL,'After 24 Hours'),(91,46,'غرناطة','ar',NULL,NULL,'بعد ٢٤ ساعة'),(92,46,'Granatha','en',NULL,NULL,'After 24 Hours'),(93,47,'الصليبيخات','ar',NULL,NULL,'بعد ٢٤ ساعة'),(94,47,'Sulaibikhat','en',NULL,NULL,'After 24 Hours'),(95,48,'النهضة','ar',NULL,NULL,'بعد ٢٤ ساعة'),(96,48,'Nahda','en',NULL,NULL,'After 24 Hours'),(97,49,'مدينة جابر الأحمد','ar',NULL,NULL,'بعد ٢٤ ساعة'),(98,49,'Jaber Al Ahmed','en',NULL,NULL,'After 24 Hours'),(99,50,'القيروان','ar',NULL,NULL,'بعد ٢٤ ساعة'),(100,50,'Qairawan','en',NULL,NULL,'After 24 Hours'),(101,51,'شمال غرب الصليبيخات','ar',NULL,NULL,'بعد ٢٤ ساعة'),(102,51,'East Sulibkhat','en',NULL,NULL,'After 24 Hours'),(103,52,'الفنطاس','ar',NULL,NULL,'بعد ٢٤ ساعة'),(104,52,'Fintas','en',NULL,NULL,'After 24 Hours'),(105,53,'العقيلة','ar',NULL,NULL,'بعد ٢٤ ساعة'),(106,53,'Eqaila','en',NULL,NULL,'After 24 Hours'),(107,54,'الظهر','ar',NULL,NULL,'بعد ٢٤ ساعة'),(108,54,'Zuhor','en',NULL,NULL,'After 24 Hours'),(109,55,'المقوع','ar',NULL,NULL,'بعد ٢٤ ساعة'),(110,55,'Moqwa','en',NULL,NULL,'After 24 Hours'),(111,56,'المهبولة','ar',NULL,NULL,'بعد ٢٤ ساعة'),(112,56,'Mahboula','en',NULL,NULL,'After 24 Hours'),(113,57,'الرقة','ar',NULL,NULL,'بعد ٢٤ ساعة'),(114,57,'Riqqa','en',NULL,NULL,'After 24 Hours'),(115,58,'هدية','ar',NULL,NULL,'بعد ٢٤ ساعة'),(116,58,'Hadiya','en',NULL,NULL,'After 24 Hours'),(117,59,'أبو حليفة','ar',NULL,NULL,'بعد ٢٤ ساعة'),(118,59,'Abu Halifa','en',NULL,NULL,'After 24 Hours'),(119,60,'الصباحية','ar',NULL,NULL,'بعد ٢٤ ساعة'),(120,60,'Sabahiya','en',NULL,NULL,'After 24 Hours'),(121,61,'المنقف','ar',NULL,NULL,'بعد ٢٤ ساعة'),(122,61,'Manqaf','en',NULL,NULL,'After 24 Hours'),(123,62,'الفحيحيل','ar',NULL,NULL,'بعد ٢٤ ساعة'),(124,62,'Fahaheel','en',NULL,NULL,'After 24 Hours'),(125,63,'الأحمدي','ar',NULL,NULL,'بعد ٢٤ ساعة'),(126,63,'Ahmadi','en',NULL,NULL,'After 24 Hours'),(127,64,'الوفرة','ar',NULL,NULL,'بعد ٢٤ ساعة'),(128,64,'Wafra','en',NULL,NULL,'After 24 Hours'),(129,65,'الزور','ar',NULL,NULL,'بعد ٢٤ ساعة'),(130,65,'Zoor','en',NULL,NULL,'After 24 Hours'),(131,66,'الخيران','ar',NULL,NULL,'بعد ٢٤ ساعة'),(132,66,'Al Khiran','en',NULL,NULL,'After 24 Hours'),(133,67,'ميناء عبد الله','ar',NULL,NULL,'بعد ٢٤ ساعة'),(134,67,'Menaa Abdulallah','en',NULL,NULL,'After 24 Hours'),(135,68,'الوفرة الزراعية','ar',NULL,NULL,'بعد ٢٤ ساعة'),(136,68,'Al Wafra Ziraeya','en',NULL,NULL,'After 24 Hours'),(137,69,'بنيدر','ar',NULL,NULL,'بعد ٢٤ ساعة'),(138,69,'Binder','en',NULL,NULL,'After 24 Hours'),(139,70,'الجليعة','ar',NULL,NULL,'بعد ٢٤ ساعة'),(140,70,'Gelaya','en',NULL,NULL,'After 24 Hours'),(141,71,'الضباعية','ar',NULL,NULL,'بعد ٢٤ ساعة'),(142,71,'Dabiya','en',NULL,NULL,'After 24 Hours'),(143,72,'ضاحية جابر العلي','ar',NULL,NULL,'بعد ٢٤ ساعة'),(144,72,'Jaber Al Ali','en',NULL,NULL,'بعد ٢٤ ساعة'),(145,73,'ضاحية فهد الأحمد','ar',NULL,NULL,'بعد ٢٤ ساعة'),(146,73,'Fahad Al Ahmad','en',NULL,NULL,'After 24 Hours'),(147,74,'الشعيبة','ar',NULL,NULL,'بعد ٢٤ ساعة'),(148,74,'Sheeyba','en',NULL,NULL,'After 24 Hours'),(149,75,'واره','ar',NULL,NULL,'بعد ٢٤ ساعة'),(150,75,'Waaraa','en',NULL,NULL,'After 24 Hours'),(151,76,'مدينة صباح الأحمد','ar',NULL,NULL,'بعد ٢٤ ساعة'),(152,76,'Sabah Al Ahmad','en',NULL,NULL,'After 24 Hours'),(153,77,'النويصيب','ar',NULL,NULL,'بعد ٢٤ ساعة'),(154,77,'Nouyseb','en',NULL,NULL,'After 24 Hours'),(155,78,'مدينة الخيران','ar',NULL,NULL,'بعد ٢٤ ساعة'),(156,78,'Al Khairan City','en',NULL,NULL,'After 24 Hours'),(157,79,'ضاحية علي صباح السالم أم الهيمان سابقاً','ar',NULL,NULL,'بعد ٢٤ ساعة'),(158,79,'Ali Sabah Al Salem','en',NULL,NULL,'After 24 Hours'),(159,80,'مدينة صباح الأحمد البحرية','ar',NULL,NULL,'بعد ٢٤ ساعة'),(160,80,'Sabah Al Ahmad Bahria','en',NULL,NULL,'After 24 Hours'),(161,81,'أبرق خيطان','ar',NULL,NULL,'بعد ٢٤ ساعة'),(162,81,'Abraq Khaitan','en',NULL,NULL,'After 24 Hours'),(163,82,'الأندلس','ar',NULL,NULL,'بعد ٢٤ ساعة'),(164,82,'Andalous','en',NULL,NULL,'After 24 Hours'),(165,83,'اشبيلية','ar',NULL,NULL,'بعد ٢٤ ساعة'),(166,83,'Ishbiliya','en',NULL,NULL,'After 24 Hours'),(167,84,'جليب الشيوخ','ar',NULL,NULL,'بعد ٢٤ ساعة'),(168,84,'Jeleeb Al Shuyoukh','en',NULL,NULL,'After 24 Hours'),(169,85,'خيطان','ar',NULL,NULL,'بعد ٢٤ ساعة'),(170,85,'Khaitan','en',NULL,NULL,'After 24 Hours'),(171,86,'خيطان الجديدة','ar',NULL,NULL,'بعد ٢٤ ساعة'),(172,86,'New Khaitan','en',NULL,NULL,'After 24 Hours'),(173,87,'العمرية','ar',NULL,NULL,'بعد ٢٤ ساعة'),(174,87,'Omariya','en',NULL,NULL,'After 24 Hours'),(175,88,'العارضية','ar',NULL,NULL,'بعد ٢٤ ساعة'),(176,88,'Ardiya','en',NULL,NULL,'After 24 Hours'),(177,89,'العارضية الصناعية','ar',NULL,NULL,'بعد ٢٤ ساعة'),(178,89,'Ardiya Industrial','en',NULL,NULL,'After 24 Hours'),(179,90,'العباسية','ar',NULL,NULL,'بعد ٢٤ ساعة'),(180,90,'Abasiya','en',NULL,NULL,'After 24 Hours'),(181,91,'الفردوس','ar',NULL,NULL,'بعد ٢٤ ساعة'),(182,91,'Firdous','en',NULL,NULL,'After 24 Hours'),(183,92,'الفروانية','ar',NULL,NULL,'بعد ٢٤ ساعة'),(184,92,'Farwaniya','en',NULL,NULL,'After 24 Hours'),(185,93,'الحساوي','ar',NULL,NULL,'بعد ٢٤ ساعة'),(186,93,'Hasawi','en',NULL,NULL,'After 24 Hours'),(187,94,'الشدادية','ar',NULL,NULL,'بعد ٢٤ ساعة'),(188,94,'Shadadya','en',NULL,NULL,'After 24 Hours'),(189,95,'الرابية','ar',NULL,NULL,'بعد ٢٤ ساعة'),(190,95,'Rabiya','en',NULL,NULL,'After 24 Hours'),(191,96,'الرحاب','ar',NULL,NULL,'بعد ٢٤ ساعة'),(192,96,'Rehab','en',NULL,NULL,'After 24 Hours'),(193,97,'الرقعي','ar',NULL,NULL,'بعد ٢٤ ساعة'),(194,97,'Al Riggae','en',NULL,NULL,'After 24 Hours'),(195,98,'الري الصناعية','ar',NULL,NULL,'بعد ٢٤ ساعة'),(196,98,'Al Rai Industrial','en',NULL,NULL,'After 24 Hours'),(197,99,'ضاحية صباح الناصر','ar',NULL,NULL,'بعد ٢٤ ساعة'),(198,99,'Sabah Al Nasser','en',NULL,NULL,'After 24 Hours'),(199,100,'ضاحية عبد الله المبارك','ar',NULL,NULL,'بعد ٢٤ ساعة'),(200,100,'Abdullah Mubarak','en',NULL,NULL,'After 24 Hours'),(201,101,'الضجيج','ar',NULL,NULL,'بعد ٢٤ ساعة'),(202,101,'Al Dajeej','en',NULL,NULL,'After 24 Hours'),(203,102,'الصليبية','ar',NULL,NULL,'بعد ٢٤ ساعة'),(204,102,'Al Sulaibiya','en',NULL,NULL,'After 24 Hours'),(205,103,'أمغرة','ar',NULL,NULL,'بعد ٢٤ ساعة'),(206,103,'Amgra','en',NULL,NULL,'After 24 Hours'),(207,104,'النعيم','ar',NULL,NULL,'بعد ٢٤ ساعة'),(208,104,'Naeem','en',NULL,NULL,'After 24 Hours'),(209,105,'القصر','ar',NULL,NULL,'بعد ٢٤ ساعة'),(210,105,'Qasr','en',NULL,NULL,'After 24 Hours'),(211,106,'الواحة','ar',NULL,NULL,'بعد ٢٤ ساعة'),(212,106,'Waha','en',NULL,NULL,'After 24 Hours'),(213,107,'تيماء','ar',NULL,NULL,'بعد ٢٤ ساعة'),(214,107,'Taima','en',NULL,NULL,'After 24 Hours'),(215,108,'النسيم','ar',NULL,NULL,'بعد ٢٤ ساعة'),(216,108,'Nassem','en',NULL,NULL,'After 24 Hours'),(217,109,'العيون','ar',NULL,NULL,'بعد ٢٤ ساعة'),(218,109,'Oyoun','en',NULL,NULL,'After 24 Hours'),(219,110,'القيصرية','ar',NULL,NULL,'بعد ٢٤ ساعة'),(220,110,'Qaysariyya','en',NULL,NULL,'After 24 Hours'),(221,111,'العبدلي','ar',NULL,NULL,'بعد ٢٤ ساعة'),(222,111,'Abdali','en',NULL,NULL,'After 24 Hours'),(223,112,'الجهراء القديمة','ar',NULL,NULL,'بعد ٢٤ ساعة'),(224,112,'Old Jahra','en',NULL,NULL,'After 24 Hours'),(225,113,'الجهراء الجديدة','ar',NULL,NULL,'بعد ٢٤ ساعة'),(226,113,'New jahra','en',NULL,NULL,'After 24 Hours'),(227,114,'كاظمة','ar',NULL,NULL,'بعد ٢٤ ساعة'),(228,114,'Kazma','en',NULL,NULL,'After 24 Hours'),(229,115,'مدينة سعد العبد الله','ar',NULL,NULL,'بعد ٢٤ ساعة'),(230,115,'Saad - Al-abdullah','en',NULL,NULL,'After 24 Hours'),(231,116,'السالمي','ar',NULL,NULL,'بعد ٢٤ ساعة'),(232,116,'Alsalmi','en',NULL,NULL,'After 24 Hours'),(233,117,'المطلاع','ar',NULL,NULL,'بعد ٢٤ ساعة'),(234,117,'Al Muţlā','en',NULL,NULL,'After 24 Hours'),(235,118,'مدينة الحرير','ar',NULL,NULL,'بعد ٢٤ ساعة'),(236,118,'Harir city','en',NULL,NULL,'After 24 Hours'),(237,119,'كبد','ar',NULL,NULL,'بعد ٢٤ ساعة'),(238,119,'Kabad','en',NULL,NULL,'After 24 Hours'),(239,120,'الروضتين','ar',NULL,NULL,'بعد ٢٤ ساعة'),(240,120,'Al Rawdatain','en',NULL,NULL,'After 24 Hours'),(241,121,'الصبية','ar',NULL,NULL,'بعد ٢٤ ساعة'),(242,121,'Subiya','en',NULL,NULL,'After 24 Hours'),(243,122,'حولي','ar',NULL,NULL,'بعد ٢٤ ساعة'),(244,122,'Hawalli','en',NULL,NULL,'After 24 Hours'),(245,123,'الشعب','ar',NULL,NULL,'بعد ٢٤ ساعة'),(246,123,'Shaab','en',NULL,NULL,'After 24 Hours'),(247,124,'السالمية','ar',NULL,NULL,'بعد ٢٤ ساعة'),(248,124,'Salmiya','en',NULL,NULL,'After 24 Hours'),(249,125,'الرميثية','ar',NULL,NULL,'بعد ٢٤ ساعة'),(250,125,'Rumaithiya','en',NULL,NULL,'After 24 Hours'),(251,126,'الجابرية','ar',NULL,NULL,'بعد ٢٤ ساعة'),(252,126,'Jabriya','en',NULL,NULL,'After 24 Hours'),(253,127,'مشرف','ar',NULL,NULL,'بعد ٢٤ ساعة'),(254,127,'Meshrif','en',NULL,NULL,'After 24 Hours'),(255,128,'بيان','ar',NULL,NULL,'بعد ٢٤ ساعة'),(256,128,'Bayan','en',NULL,NULL,'After 24 Hours'),(257,129,'آلبدع','ar',NULL,NULL,'بعد ٢٤ ساعة'),(258,129,'Al Bidaa','en',NULL,NULL,'After 24 Hours'),(259,130,'النقرة','ar',NULL,NULL,'بعد ٢٤ ساعة'),(260,130,'Noqra','en',NULL,NULL,'After 24 Hours'),(261,131,'ميدان حولي','ar',NULL,NULL,'بعد ٢٤ ساعة'),(262,131,'Maidan Hawally','en',NULL,NULL,'After 24 Hours'),(263,132,'ضاحية مبارك العبد الله الجابر','ar',NULL,NULL,'بعد ٢٤ ساعة'),(264,132,'Mubarak Al Abdullah','en',NULL,NULL,'After 24 Hours'),(265,133,'سلوى','ar',NULL,NULL,'بعد ٢٤ ساعة'),(266,133,'Salwa','en',NULL,NULL,'After 24 Hours'),(267,134,'جنوب السرة','ar',NULL,NULL,'بعد ٢٤ ساعة'),(268,134,'Jnoub Surra','en',NULL,NULL,'After 24 Hours'),(269,135,'الزهراء','ar',NULL,NULL,'بعد ٢٤ ساعة'),(270,135,'Al Zahra','en',NULL,NULL,'After 24 Hours'),(271,136,'الصديق','ar',NULL,NULL,'بعد ٢٤ ساعة'),(272,136,'Al Siddeeq','en',NULL,NULL,'After 24 Hours'),(273,137,'حطين','ar',NULL,NULL,'بعد ٢٤ ساعة'),(274,137,'Hateen','en',NULL,NULL,'After 24 Hours'),(275,138,'السلام','ar',NULL,NULL,'بعد ٢٤ ساعة'),(276,138,'Al Salam','en',NULL,NULL,'After 24 Hours'),(277,139,'الشهداء','ar',NULL,NULL,'بعد ٢٤ ساعة'),(278,139,'Shuhada','en',NULL,NULL,'After 24 Hours'),(279,140,'العدان','ar',NULL,NULL,'بعد ٢٤ ساعة'),(280,140,'Adan','en',NULL,NULL,'After 24 Hours'),(281,141,'القصور','ar',NULL,NULL,'بعد ٢٤ ساعة'),(282,141,'Qusor','en',NULL,NULL,'After 24 Hours'),(283,142,'القرين','ar',NULL,NULL,'بعد ٢٤ ساعة'),(284,142,'Al Qurain','en',NULL,NULL,'After 24 Hours'),(285,143,'ضاحية صباح السالم','ar',NULL,NULL,'بعد ٢٤ ساعة'),(286,143,'Sabah Al Salem','en',NULL,NULL,'After 24 Hours'),(287,144,'المسيلة','ar',NULL,NULL,'بعد ٢٤ ساعة'),(288,144,'Messila','en',NULL,NULL,'After 24 Hours'),(289,145,'المسايل','ar',NULL,NULL,'بعد ٢٤ ساعة'),(290,145,'Masayel','en',NULL,NULL,'After 24 Hours'),(291,146,'أبو فطيرة','ar',NULL,NULL,'بعد ٢٤ ساعة'),(292,146,'Abu Fteira','en',NULL,NULL,'After 24 Hours'),(293,147,'أبو الحصانية','ar',NULL,NULL,'بعد ٢٤ ساعة'),(294,147,'Abu Al Hasaniya','en',NULL,NULL,'After 24 Hours'),(295,148,'صبحان','ar',NULL,NULL,'بعد ٢٤ ساعة'),(296,148,'Sabhan','en',NULL,NULL,'After 24 Hours'),(297,149,'الفنيطيس','ar',NULL,NULL,'بعد ٢٤ ساعة'),(298,149,'Fintas','en',NULL,NULL,'After 24 Hours'),(301,151,'ضاحيه مبارك الكبير','ar',NULL,NULL,'ضاحيه مبارك الكبير'),(302,151,'Mubarak Al Kabeer','en',NULL,NULL,'ضاحيه مبارك الكبير'),(303,152,'ابو ظبي','ar',NULL,NULL,NULL),(304,152,'Abu Dhabi','en',NULL,NULL,NULL),(305,153,'العارضية','ar',NULL,NULL,NULL),(306,153,'Al Ardiyah','en',NULL,NULL,NULL),(307,154,'الذربانية','ar',NULL,NULL,NULL),(308,154,'Al Dharbaniyah','en',NULL,NULL,NULL),(309,155,'الذيد','ar',NULL,NULL,NULL),(310,155,'Al Dhaid','en',NULL,NULL,NULL),(311,156,'الدوس','ar',NULL,NULL,NULL),(312,156,'Al Duss','en',NULL,NULL,NULL),(313,157,'الختم','ar',NULL,NULL,NULL),(314,157,'Al Khatem','en',NULL,NULL,NULL),(315,158,'المفرق','ar',NULL,NULL,NULL),(316,158,'Al Mafraq','en',NULL,NULL,NULL),(317,159,'المقطع','ar',NULL,NULL,NULL),(318,159,'Al Maqta','en',NULL,NULL,NULL),(319,160,'المرفأ','ar',NULL,NULL,NULL),(320,160,'Al Marfa','en',NULL,NULL,NULL),(321,161,'البطين','ar',NULL,NULL,NULL),(322,161,'Buteen','en',NULL,NULL,NULL),(323,162,'حبشان','ar',NULL,NULL,NULL),(324,162,'Habshan','en',NULL,NULL,NULL),(325,163,'خنور','ar',NULL,NULL,NULL),(326,163,'Khannur','en',NULL,NULL,NULL),(327,164,'المفرق','ar',NULL,NULL,NULL),(328,164,'Mafraq','en',NULL,NULL,NULL),(329,165,'مصفح','ar',NULL,NULL,NULL),(330,165,'Mussafah','en',NULL,NULL,NULL),(331,166,'عجمان','ar',NULL,NULL,NULL),(332,166,'Ajman City','en',NULL,NULL,NULL),(333,167,'الزهرا','ar',NULL,NULL,NULL),(334,167,'Al Zahra','en',NULL,NULL,NULL),(335,168,'بستان','ar',NULL,NULL,NULL),(336,168,'Al Bustan','en',NULL,NULL,NULL),(337,169,'جرف','ar',NULL,NULL,NULL),(338,169,'Al Jurf','en',NULL,NULL,NULL),(339,170,'مسفط','ar',NULL,NULL,NULL),(340,170,'Masfut','en',NULL,NULL,NULL),(341,171,'رشيدية','ar',NULL,NULL,NULL),(342,171,'Rashidiya','en',NULL,NULL,NULL),(343,172,'العين','ar',NULL,NULL,NULL),(344,172,'Al Ain City','en',NULL,NULL,NULL),(345,173,'الحير','ar',NULL,NULL,NULL),(346,173,'Al Hayr','en',NULL,NULL,NULL),(347,174,'ريما','ar',NULL,NULL,NULL),(348,174,'Rima','en',NULL,NULL,NULL),(349,175,'ابو هيل','ar',NULL,NULL,NULL),(350,175,'Abu Hail','en',NULL,NULL,NULL),(351,176,'الروية','ar',NULL,NULL,NULL),(352,176,'Al Ruwayyah','en',NULL,NULL,NULL),(353,177,'بردبي','ar',NULL,NULL,NULL),(354,177,'Bur Dubai','en',NULL,NULL,NULL),(355,178,'مدينة دبي للإنترنت','ar',NULL,NULL,NULL),(356,178,'Dubai Internet City','en',NULL,NULL,NULL),(357,179,'غنتوت','ar',NULL,NULL,NULL),(358,179,'Ghantoot','en',NULL,NULL,NULL),(359,180,'السلع','ar',NULL,NULL,NULL),(360,180,'Sila','en',NULL,NULL,NULL),(361,181,'Sweihan','ar',NULL,NULL,NULL),(362,181,'Sweihan','en',NULL,NULL,NULL),(363,182,'Umm Al Nar','ar',NULL,NULL,NULL),(364,182,'Umm Al Nar','en',NULL,NULL,NULL),(365,183,'حتا','ar',NULL,NULL,NULL),(366,183,'Hatta','en',NULL,NULL,NULL),(367,184,'هور العنز','ar',NULL,NULL,NULL),(368,184,'Horl Al Anz','en',NULL,NULL,NULL),(369,185,'الجميرة','ar',NULL,NULL,NULL),(370,185,'Jumeirah','en',NULL,NULL,NULL),(371,186,'الكرامة','ar',NULL,NULL,NULL),(372,186,'Karama','en',NULL,NULL,NULL),(373,187,'ميناء سفوح','ar',NULL,NULL,NULL),(374,187,'Mina Sufooh','en',NULL,NULL,NULL),(375,188,'مردف','ar',NULL,NULL,NULL),(376,188,'Mirdif','en',NULL,NULL,NULL),(377,189,'القصيص','ar',NULL,NULL,NULL),(378,189,'Al Qusais','en',NULL,NULL,NULL),(379,190,'ريم','ar',NULL,NULL,NULL),(380,190,'Reem Community','en',NULL,NULL,NULL),(381,191,'السطوة','ar',NULL,NULL,NULL),(382,191,'Satwa','en',NULL,NULL,NULL),(383,192,'Al Shindagha','ar',NULL,NULL,NULL),(384,192,'Al Shindagha','en',NULL,NULL,NULL),(385,193,'مشرف','ar',NULL,NULL,NULL),(386,193,'Mushrif','en',NULL,NULL,NULL),(387,194,'Rashidiyah','ar',NULL,NULL,NULL),(388,194,'Rashidiyah','en',NULL,NULL,NULL),(389,195,'ورسان','ar',NULL,NULL,NULL),(390,195,'Warsan','en',NULL,NULL,NULL),(391,196,'عبادلة','ar',NULL,NULL,NULL),(392,196,'Abadilah','en',NULL,NULL,NULL),(393,197,'العكامية','ar',NULL,NULL,NULL),(394,197,'Akamiyah','en',NULL,NULL,NULL),(395,198,'الحيل','ar',NULL,NULL,NULL),(396,198,'Al Hayl','en',NULL,NULL,NULL),(397,199,'دبا','ar',NULL,NULL,NULL),(398,199,'Diba','en',NULL,NULL,NULL),(399,200,'دبا البيعة','ar',NULL,NULL,NULL),(400,200,'Dibba Al Baya','en',NULL,NULL,NULL),(401,201,'دبا الحصن','ar',NULL,NULL,NULL),(402,201,'Dibba Al-Hisn','en',NULL,NULL,NULL),(403,202,'الفجيرة','ar',NULL,NULL,NULL),(404,202,'Fujairah','en',NULL,NULL,NULL),(405,203,'الفورفار','ar',NULL,NULL,NULL),(406,203,'Al Ghurfah','en',NULL,NULL,NULL),(407,204,'الغورفة','ar',NULL,NULL,NULL),(408,204,'Farfar','en',NULL,NULL,NULL),(409,205,'دبا حسان','ar',NULL,NULL,NULL),(410,205,'Hassan Dibba','en',NULL,NULL,NULL),(411,206,'كلباء','ar',NULL,NULL,NULL),(412,206,'Kalba','en',NULL,NULL,NULL),(413,207,'خور فكان','ar',NULL,NULL,NULL),(414,207,'Khawr Fakkan','en',NULL,NULL,NULL),(415,208,'خور كلباء','ar',NULL,NULL,NULL),(416,208,'Khawr Kalba','en',NULL,NULL,NULL),(417,209,'قدفع','ar',NULL,NULL,NULL),(418,209,'Kidfa','en',NULL,NULL,NULL),(419,210,'مسافي','ar',NULL,NULL,NULL),(420,210,'Masafi','en',NULL,NULL,NULL),(421,211,'Qidfa','ar',NULL,NULL,NULL),(422,211,'Qidfa','en',NULL,NULL,NULL),(423,212,'Rughaylat','ar',NULL,NULL,NULL),(424,212,'Rughaylat','en',NULL,NULL,NULL),(425,213,'سكمكم','ar',NULL,NULL,NULL),(426,213,'Saqamqam','en',NULL,NULL,NULL),(427,214,'سيجي','ar',NULL,NULL,NULL),(428,214,'Siji','en',NULL,NULL,NULL),(429,215,'ديرة','ar',NULL,NULL,NULL),(430,215,'Deira','en',NULL,NULL,NULL),(431,216,'طريف كلباء','ar',NULL,NULL,NULL),(432,216,'Tarif Kalba','en',NULL,NULL,NULL),(433,217,'دبي','ar',NULL,NULL,NULL),(434,217,'Dubai','en',NULL,NULL,NULL),(435,218,'Al Fulayyah','ar',NULL,NULL,NULL),(436,218,'Al Fulayyah','en',NULL,NULL,NULL),(437,219,'الحمرانية','ar',NULL,NULL,NULL),(438,219,'Al Hamraniyah','en',NULL,NULL,NULL),(439,220,'الجزيرة','ar',NULL,NULL,NULL),(440,220,'Al Jazirah','en',NULL,NULL,NULL),(441,221,'الجزيرة الحمراء','ar',NULL,NULL,NULL),(442,221,'Al Jazirah Al Hamra','en',NULL,NULL,NULL),(443,222,'المنامة','ar',NULL,NULL,NULL),(444,222,'Manama','en',NULL,NULL,NULL),(445,223,'الرمس','ar',NULL,NULL,NULL),(446,223,'Al Rams','en',NULL,NULL,NULL),(447,224,'الشعم','ar',NULL,NULL,NULL),(448,224,'Al Sham','en',NULL,NULL,NULL),(449,225,'عوانات','ar',NULL,NULL,NULL),(450,225,'Awanat','en',NULL,NULL,NULL),(451,226,'الخران','ar',NULL,NULL,NULL),(452,226,'Al Kharran','en',NULL,NULL,NULL),(453,227,'خت','ar',NULL,NULL,NULL),(454,227,'Khatt','en',NULL,NULL,NULL),(455,228,'خور خوير','ar',NULL,NULL,NULL),(456,228,'Khuwayr','en',NULL,NULL,NULL),(457,229,'النخيل','ar',NULL,NULL,NULL),(458,229,'Nakheel','en',NULL,NULL,NULL),(459,230,'راس الخيمة','ar',NULL,NULL,NULL),(460,230,'Ras Al Khaimah','en',NULL,NULL,NULL),(461,231,'شعم','ar',NULL,NULL,NULL),(462,231,'Sham','en',NULL,NULL,NULL),(463,232,'أبو شغارة','ar',NULL,NULL,NULL),(464,232,'Abu Shagara','en',NULL,NULL,NULL),(465,233,'العزرة','ar',NULL,NULL,NULL),(466,233,'Al Azra','en',NULL,NULL,NULL),(467,234,'Al Fahiya','ar',NULL,NULL,NULL),(468,234,'Al Fahiya','en',NULL,NULL,NULL),(469,235,'الفلج','ar',NULL,NULL,NULL),(470,235,'Al Falaj','en',NULL,NULL,NULL),(471,236,'الحمريه','ar',NULL,NULL,NULL),(472,236,'Al Hamriyah','en',NULL,NULL,NULL),(473,237,'الخان','ar',NULL,NULL,NULL),(474,237,'Al Khan','en',NULL,NULL,NULL),(475,238,'الكشافة','ar',NULL,NULL,NULL),(476,238,'Al Khasfah','en',NULL,NULL,NULL),(477,239,'المناخ','ar',NULL,NULL,NULL),(478,239,'Al Manakh','en',NULL,NULL,NULL),(479,240,'القاسمية','ar',NULL,NULL,NULL),(480,240,'Al Qasimia','en',NULL,NULL,NULL),(481,241,'التعاون','ar',NULL,NULL,NULL),(482,241,'Al Taawun','en',NULL,NULL,NULL),(483,242,'الواسط','ar',NULL,NULL,NULL),(484,242,'Al Wasit','en',NULL,NULL,NULL),(485,243,'البدية','ar',NULL,NULL,NULL),(486,243,'Badiyah','en',NULL,NULL,NULL),(487,244,'بوطينة','ar',NULL,NULL,NULL),(488,244,'Buteena','en',NULL,NULL,NULL),(489,245,'الذيد','ar',NULL,NULL,NULL),(490,245,'Dhaid','en',NULL,NULL,NULL),(491,246,'الغافية','ar',NULL,NULL,NULL),(492,246,'Al Ghafia','en',NULL,NULL,NULL),(493,247,'الغبيبة','ar',NULL,NULL,NULL),(494,247,'Ghubaiba','en',NULL,NULL,NULL),(495,248,'الجزات','ar',NULL,NULL,NULL),(496,248,'Jazzat','en',NULL,NULL,NULL),(497,249,'Kharayan','ar',NULL,NULL,NULL),(498,249,'Kharayan','en',NULL,NULL,NULL),(499,250,'ضاحية اللية','ar',NULL,NULL,NULL),(500,250,'Layyah','en',NULL,NULL,NULL),(501,251,'ميسلون','ar',NULL,NULL,NULL),(502,251,'Maisaloon','en',NULL,NULL,NULL),(503,252,'المجرة','ar',NULL,NULL,NULL),(504,252,'Al Majarah','en',NULL,NULL,NULL),(505,253,'المنصورة','ar',NULL,NULL,NULL),(506,253,'Mansoora','en',NULL,NULL,NULL),(507,254,'موافجة','ar',NULL,NULL,NULL),(508,254,'Muwafjah','en',NULL,NULL,NULL),(509,255,'النبأ','ar',NULL,NULL,NULL),(510,255,'Al Nabbah','en',NULL,NULL,NULL),(511,256,'النخيلات','ar',NULL,NULL,NULL),(512,256,'Al Nakheelat','en',NULL,NULL,NULL),(513,257,'الناصرية','ar',NULL,NULL,NULL),(514,257,'Nasariya','en',NULL,NULL,NULL),(515,258,'الرماقية','ar',NULL,NULL,NULL),(516,258,'Al Ramaqiya','en',NULL,NULL,NULL),(517,259,'الرملة','ar',NULL,NULL,NULL),(518,259,'Ramlah','en',NULL,NULL,NULL),(519,260,'الرمثاء','ar',NULL,NULL,NULL),(520,260,'Al Ramtha','en',NULL,NULL,NULL),(521,261,'Rolla','ar',NULL,NULL,NULL),(522,261,'Rolla','en',NULL,NULL,NULL),(523,262,'Saabah','ar',NULL,NULL,NULL),(524,262,'Saabah','en',NULL,NULL,NULL),(525,263,'Saif','ar',NULL,NULL,NULL),(526,263,'Saif','en',NULL,NULL,NULL),(527,264,'سمنان','ar',NULL,NULL,NULL),(528,264,'Samnan','en',NULL,NULL,NULL),(529,265,'الشهباء','ar',NULL,NULL,NULL),(530,265,'Shahba','en',NULL,NULL,NULL),(531,266,'الشارقة','ar',NULL,NULL,NULL),(532,266,'Sharjah','en',NULL,NULL,NULL),(533,267,'Umm Kanoor','ar',NULL,NULL,NULL),(534,267,'Umm Kanoor','en',NULL,NULL,NULL),(535,268,'واسط','ar',NULL,NULL,NULL),(536,268,'Wasit','en',NULL,NULL,NULL),(537,269,'اليرموك','ar',NULL,NULL,NULL),(538,269,'Al Yarmook','en',NULL,NULL,NULL),(539,270,'فلج المعلا','ar',NULL,NULL,NULL),(540,270,'Falaj Al Mulla','en',NULL,NULL,NULL),(541,271,'ام القيوين','ar',NULL,NULL,NULL),(542,271,'Umm Al Quwain','en',NULL,NULL,NULL),(543,272,'اللذيذ','ar',NULL,NULL,NULL),(544,272,'Dhaid','en',NULL,NULL,NULL),(545,273,'شرقان','ar',NULL,NULL,NULL),(546,273,'Sherqan','en',NULL,NULL,NULL),(547,274,'الفيحاء','ar',NULL,NULL,NULL),(548,274,'Al Fahiya','en',NULL,NULL,NULL),(549,275,'دسمان','ar',NULL,NULL,NULL),(550,275,'Dasman','en',NULL,NULL,NULL),(551,276,'المندق','ar',NULL,NULL,NULL),(552,276,'Al Mandaq','en',NULL,NULL,NULL),(553,277,'بلجرشي','ar',NULL,NULL,NULL),(554,277,'Baljurashi','en',NULL,NULL,NULL),(555,278,'قلوة','ar',NULL,NULL,NULL),(556,278,'Qalwa','en',NULL,NULL,NULL),(557,279,'القرى','ar',NULL,NULL,NULL),(558,279,'Qura','en',NULL,NULL,NULL),(559,280,'دومة الجندل','ar',NULL,NULL,NULL),(560,280,'Dumat Al Jandal','en',NULL,NULL,NULL),(561,281,'الجوف','ar',NULL,NULL,NULL),(562,281,'Jouf','en',NULL,NULL,NULL),(563,282,'القريات','ar',NULL,NULL,NULL),(564,282,'Quurayyat','en',NULL,NULL,NULL),(565,283,'سكاكا','ar',NULL,NULL,NULL),(566,283,'Sakakah','en',NULL,NULL,NULL),(567,284,'الحناكية','ar',NULL,NULL,NULL),(568,284,'Al Hinakiyah','en',NULL,NULL,NULL),(569,285,'بدر','ar',NULL,NULL,NULL),(570,285,'Badr','en',NULL,NULL,NULL),(571,286,'خيبر','ar',NULL,NULL,NULL),(572,286,'Khaybar','en',NULL,NULL,NULL),(573,287,'المدينة المنورة','ar',NULL,NULL,NULL),(574,287,'Madinah','en',NULL,NULL,NULL),(575,288,'المهد','ar',NULL,NULL,NULL),(576,288,'Mahd Al Thahab','en',NULL,NULL,NULL),(577,289,'العلا','ar',NULL,NULL,NULL),(578,289,'Oula','en',NULL,NULL,NULL),(579,290,'ينبع البحر','ar',NULL,NULL,NULL),(580,290,'Yanbu Al Bahr','en',NULL,NULL,NULL),(581,291,'ابها','ar',NULL,NULL,NULL),(582,291,'Abha','en',NULL,NULL,NULL),(583,292,'احد رفيده','ar',NULL,NULL,NULL),(584,292,'Ahad Rafidah','en',NULL,NULL,NULL),(585,293,'بللسمر','ar',NULL,NULL,NULL),(586,293,'Billasmar','en',NULL,NULL,NULL),(587,294,'بللا حمر','ar',NULL,NULL,NULL),(588,294,'Billahmar','en',NULL,NULL,NULL),(589,295,'بيشة','ar',NULL,NULL,NULL),(590,295,'Bisha','en',NULL,NULL,NULL),(591,296,'خميس مشيط','ar',NULL,NULL,NULL),(592,296,'Khamis Mushayt','en',NULL,NULL,NULL),(593,297,'المجارده','ar',NULL,NULL,NULL),(594,297,'Al Majardah','en',NULL,NULL,NULL),(595,298,'محائل','ar',NULL,NULL,NULL),(596,298,'Muhayil','en',NULL,NULL,NULL),(597,299,'رجال المع','ar',NULL,NULL,NULL),(598,299,'Rijal Alma','en',NULL,NULL,NULL),(599,300,'سراة عبيدة','ar',NULL,NULL,NULL),(600,300,'Sarat Abidah','en',NULL,NULL,NULL),(601,301,'Sarat Abidah','ar',NULL,NULL,NULL),(602,301,'Sarat Abidah','en',NULL,NULL,NULL),(603,302,'تثليث','ar',NULL,NULL,NULL),(604,302,'Tathlith','en',NULL,NULL,NULL),(605,303,'عين الدار','ar',NULL,NULL,NULL),(606,303,'Ain Dar','en',NULL,NULL,NULL),(607,304,'الاحساء','ar',NULL,NULL,NULL),(608,304,'Al Hasa','en',NULL,NULL,NULL),(609,305,'الجش','ar',NULL,NULL,NULL),(610,305,'Al Jsh','en',NULL,NULL,NULL),(611,306,'عنك','ar',NULL,NULL,NULL),(612,306,'Anak','en',NULL,NULL,NULL),(613,307,'العوامية','ar',NULL,NULL,NULL),(614,307,'Awamiah','en',NULL,NULL,NULL),(615,308,'بقيق','ar',NULL,NULL,NULL),(616,308,'Baqiq','en',NULL,NULL,NULL),(617,309,'البطحة','ar',NULL,NULL,NULL),(618,309,'Batha','en',NULL,NULL,NULL),(619,310,'الظهران','ar',NULL,NULL,NULL),(620,310,'Dhahran','en',NULL,NULL,NULL),(621,311,'حرض','ar',NULL,NULL,NULL),(622,311,'Harad','en',NULL,NULL,NULL),(623,312,'الحوية','ar',NULL,NULL,NULL),(624,312,'Hawiyah','en',NULL,NULL,NULL),(625,313,'الهفوف','ar',NULL,NULL,NULL),(626,313,'Hofuf','en',NULL,NULL,NULL),(627,314,'Al Jafar','ar',NULL,NULL,NULL),(628,314,'Al Jafarr','en',NULL,NULL,NULL),(629,315,'الجبيل','ar',NULL,NULL,NULL),(630,315,'Jubail','en',NULL,NULL,NULL),(631,316,'الخوضرية','ar',NULL,NULL,NULL),(632,316,'Al Khodaria','en',NULL,NULL,NULL),(633,317,'المبرز','ar',NULL,NULL,NULL),(634,317,'Mubaraz','en',NULL,NULL,NULL),(635,318,'مليجة','ar',NULL,NULL,NULL),(636,318,'Mulaija','en',NULL,NULL,NULL),(637,319,'النابية','ar',NULL,NULL,NULL),(638,319,'An Nabiyah','en',NULL,NULL,NULL),(639,320,'نويريه','ar',NULL,NULL,NULL),(640,320,'Noweirieh','en',NULL,NULL,NULL),(641,321,'Ojam','ar',NULL,NULL,NULL),(642,321,'Ojam','en',NULL,NULL,NULL),(643,322,'العثمانية','ar',NULL,NULL,NULL),(644,322,'Uthmaniyah','en',NULL,NULL,NULL),(645,323,'القارة','ar',NULL,NULL,NULL),(646,323,'Qarah','en',NULL,NULL,NULL),(647,324,'قارة العليا','ar',NULL,NULL,NULL),(648,324,'Qaryat Al Ulya','en',NULL,NULL,NULL),(649,325,'الرحيمة','ar',NULL,NULL,NULL),(650,325,'Rahima','en',NULL,NULL,NULL),(651,326,'راس الخير','ar',NULL,NULL,NULL),(652,326,'Ras Al Khair','en',NULL,NULL,NULL),(653,327,'الصفنية','ar',NULL,NULL,NULL),(654,327,'Safaniya','en',NULL,NULL,NULL),(655,328,'صفوى','ar',NULL,NULL,NULL),(656,328,'Safwa','en',NULL,NULL,NULL),(657,329,'سلوى','ar',NULL,NULL,NULL),(658,329,'Salwa','en',NULL,NULL,NULL),(659,330,'سرار','ar',NULL,NULL,NULL),(660,330,'Al Sarar','en',NULL,NULL,NULL),(661,331,'الساتروب','ar',NULL,NULL,NULL),(662,331,'Satorp','en',NULL,NULL,NULL),(663,332,'سيهات','ar',NULL,NULL,NULL),(664,332,'Saihat','en',NULL,NULL,NULL),(665,333,'تناجيب','ar',NULL,NULL,NULL),(666,333,'Tanajib','en',NULL,NULL,NULL),(667,334,'Tarut','ar',NULL,NULL,NULL),(668,334,'Tarut','en',NULL,NULL,NULL),(669,335,'الثقبة','ar',NULL,NULL,NULL),(670,335,'Thuqbah','en',NULL,NULL,NULL),(671,336,'العضيلية','ar',NULL,NULL,NULL),(672,336,'Udhailiyah','en',NULL,NULL,NULL),(673,337,'العيون','ar',NULL,NULL,NULL),(674,337,'Uyun','en',NULL,NULL,NULL),(675,338,'الأحساء','ar',NULL,NULL,NULL),(676,338,'Al Ahsa','en',NULL,NULL,NULL),(677,339,'الدمام','ar',NULL,NULL,NULL),(678,339,'Dammam','en',NULL,NULL,NULL),(679,340,'حفر الباطن','ar',NULL,NULL,NULL),(680,340,'Hafar Al Batin','en',NULL,NULL,NULL),(681,341,'الخفجي','ar',NULL,NULL,NULL),(682,341,'Khafji','en',NULL,NULL,NULL),(683,342,'الخبر','ar',NULL,NULL,NULL),(684,342,'Khobar','en',NULL,NULL,NULL),(685,343,'النعيرية','ar',NULL,NULL,NULL),(686,343,'Nariyah','en',NULL,NULL,NULL),(687,344,'قرية العيا','ar',NULL,NULL,NULL),(688,344,'Qaryat Al Ulya','en',NULL,NULL,NULL),(689,345,'القطيف','ar',NULL,NULL,NULL),(690,345,'Qatif','en',NULL,NULL,NULL),(691,346,'راس تنورة','ar',NULL,NULL,NULL),(692,346,'Ras Tanura','en',NULL,NULL,NULL),(693,347,'السليمى','ar',NULL,NULL,NULL),(694,347,'Al Sulaimi','en',NULL,NULL,NULL),(695,348,'الشملي','ar',NULL,NULL,NULL),(696,348,'Ash Shamli','en',NULL,NULL,NULL),(697,349,'الشنان','ar',NULL,NULL,NULL),(698,349,'Ash Shinan','en',NULL,NULL,NULL),(699,350,'بقعاء','ar',NULL,NULL,NULL),(700,350,'Baqaa','en',NULL,NULL,NULL),(701,351,'موقق','ar',NULL,NULL,NULL),(702,351,'Mawqaq','en',NULL,NULL,NULL),(703,352,'سومريه','ar',NULL,NULL,NULL),(704,352,'Sumairaa','en',NULL,NULL,NULL),(705,353,'المنهل','ar',NULL,NULL,NULL),(706,353,'Abha Manhal','en',NULL,NULL,NULL),(707,354,'ابو عريش','ar',NULL,NULL,NULL),(708,354,'Abu Areish','en',NULL,NULL,NULL),(709,355,'الدائر','ar',NULL,NULL,NULL),(710,355,'Addayer','en',NULL,NULL,NULL),(711,356,'أضم','ar',NULL,NULL,NULL),(712,356,'Adham','en',NULL,NULL,NULL),(713,357,'أحد المسارحة','ar',NULL,NULL,NULL),(714,357,'Ahad Masarha','en',NULL,NULL,NULL),(715,358,'العيص','ar',NULL,NULL,NULL),(716,358,'Al Ais','en',NULL,NULL,NULL),(717,359,'البدع','ar',NULL,NULL,NULL),(718,359,'Al Bada','en',NULL,NULL,NULL),(719,360,'البشائر','ar',NULL,NULL,NULL),(720,360,'Al Bashayer','en',NULL,NULL,NULL),(721,361,'العيدابي','ar',NULL,NULL,NULL),(722,361,'Al Edabi','en',NULL,NULL,NULL),(723,362,'المدى','ar',NULL,NULL,NULL),(724,362,'Al Mada','en',NULL,NULL,NULL),(725,363,'المويه','ar',NULL,NULL,NULL),(726,363,'Al Moya','en',NULL,NULL,NULL),(727,364,'الهدا','ar',NULL,NULL,NULL),(728,364,'Al Hada','en',NULL,NULL,NULL),(729,365,'عمق','ar',NULL,NULL,NULL),(730,365,'Amaq','en',NULL,NULL,NULL),(731,366,'العقيق','ar',NULL,NULL,NULL),(732,366,'Aqiq','en',NULL,NULL,NULL),(733,367,'العرضة','ar',NULL,NULL,NULL),(734,367,'Ardah','en',NULL,NULL,NULL),(735,368,'عسفان','ar',NULL,NULL,NULL),(736,368,'Asfan','en',NULL,NULL,NULL),(737,369,'الشقيق','ar',NULL,NULL,NULL),(738,369,'Ash Shuqaiq','en',NULL,NULL,NULL),(739,370,'بدر','ar',NULL,NULL,NULL),(740,370,'Bader','en',NULL,NULL,NULL),(741,371,'بدرالجنوب','ar',NULL,NULL,NULL),(742,371,'Badr Al Janoub','en',NULL,NULL,NULL),(743,372,'الباحه','ar',NULL,NULL,NULL),(744,372,'Baha','en',NULL,NULL,NULL),(745,373,'بحره','ar',NULL,NULL,NULL),(746,373,'Bahara','en',NULL,NULL,NULL),(747,374,'Bahrat Al Moujoud','ar',NULL,NULL,NULL),(748,374,'Bahrat Al Moujoud','en',NULL,NULL,NULL),(749,375,'بلحمر','ar',NULL,NULL,NULL),(750,375,'Balahmar','en',NULL,NULL,NULL),(751,376,'بللسمر','ar',NULL,NULL,NULL),(752,376,'Balasmar','en',NULL,NULL,NULL),(753,377,'بلقرن','ar',NULL,NULL,NULL),(754,377,'Balqarn','en',NULL,NULL,NULL),(755,378,'بارق','ar',NULL,NULL,NULL),(756,378,'Bareq','en',NULL,NULL,NULL),(757,379,'بلجرشي','ar',NULL,NULL,NULL),(758,379,'Biljurashi','en',NULL,NULL,NULL),(759,380,'البرك','ar',NULL,NULL,NULL),(760,380,'Birk','en',NULL,NULL,NULL),(761,381,'بيش','ar',NULL,NULL,NULL),(762,381,'Bish','en',NULL,NULL,NULL),(763,382,'ضمد','ar',NULL,NULL,NULL),(764,382,'Damad','en',NULL,NULL,NULL),(765,383,'الدرب','ar',NULL,NULL,NULL),(766,383,'Darb','en',NULL,NULL,NULL),(767,384,'ذهبان','ar',NULL,NULL,NULL),(768,384,'Dhahban','en',NULL,NULL,NULL),(769,385,'ظهران الجنوب','ar',NULL,NULL,NULL),(770,385,'Dhahran Al Janoob','en',NULL,NULL,NULL),(771,386,'ضباء','ar',NULL,NULL,NULL),(772,386,'Duba','en',NULL,NULL,NULL),(773,387,'فرسان','ar',NULL,NULL,NULL),(774,387,'Farasan','en',NULL,NULL,NULL),(775,388,'Gilwa','ar',NULL,NULL,NULL),(776,388,'Gilwa','en',NULL,NULL,NULL),(777,389,'جازان','ar',NULL,NULL,NULL),(778,389,'Gizan','en',NULL,NULL,NULL),(779,390,'الحجرة','ar',NULL,NULL,NULL),(780,390,'Hajrah','en',NULL,NULL,NULL),(781,391,'حالة عمار','ar',NULL,NULL,NULL),(782,391,'Halat Ammar','en',NULL,NULL,NULL),(783,392,'حلي','ar',NULL,NULL,NULL),(784,392,'Hali','en',NULL,NULL,NULL),(785,393,'حائل','ar',NULL,NULL,NULL),(786,393,'Haqil','en',NULL,NULL,NULL),(787,394,'حرجة','ar',NULL,NULL,NULL),(788,394,'Harajah','en',NULL,NULL,NULL),(789,395,'Hawaya / Taif','ar',NULL,NULL,NULL),(790,395,'Hawea / Taif','en',NULL,NULL,NULL),(791,396,'الحناكية','ar',NULL,NULL,NULL),(792,396,'Al Hinakiyah','en',NULL,NULL,NULL),(793,397,'حبونا','ar',NULL,NULL,NULL),(794,397,'Hubuna','en',NULL,NULL,NULL),(795,398,'Ja Araneh','ar',NULL,NULL,NULL),(796,398,'Ja Araneh','en',NULL,NULL,NULL),(797,399,'جدة','ar',NULL,NULL,NULL),(798,399,'Jeddah','en',NULL,NULL,NULL),(799,400,'الجموم','ar',NULL,NULL,NULL),(800,400,'Jumum','en',NULL,NULL,NULL),(801,401,'كرز','ar',NULL,NULL,NULL),(802,401,'Karaa','en',NULL,NULL,NULL),(803,402,'الكربوس','ar',NULL,NULL,NULL),(804,402,'Karboos','en',NULL,NULL,NULL),(805,403,'خيبر','ar',NULL,NULL,NULL),(806,403,'Khaibar','en',NULL,NULL,NULL),(807,404,'خميس مشيط','ar',NULL,NULL,NULL),(808,404,'Khamis Mushait','en',NULL,NULL,NULL),(809,405,'الخرمة','ar',NULL,NULL,NULL),(810,405,'Khurma','en',NULL,NULL,NULL),(811,406,'ليث','ar',NULL,NULL,NULL),(812,406,'Laith','en',NULL,NULL,NULL),(813,407,'مهد الذهب','ar',NULL,NULL,NULL),(814,407,'Mahd Al Dahab','en',NULL,NULL,NULL),(815,408,'المهد','ar',NULL,NULL,NULL),(816,408,'Mahd','en',NULL,NULL,NULL),(817,409,'مكة','ar',NULL,NULL,NULL),(818,409,'Makkah','en',NULL,NULL,NULL),(819,410,'المندق','ar',NULL,NULL,NULL),(820,410,'Mandak','en',NULL,NULL,NULL),(821,411,'مستورة','ar',NULL,NULL,NULL),(822,411,'Masturah','en',NULL,NULL,NULL),(823,412,'المخواة','ar',NULL,NULL,NULL),(824,412,'Al Mikhwah','en',NULL,NULL,NULL),(825,413,'محايل عسير','ar',NULL,NULL,NULL),(826,413,'Muhayil, Aseer','en',NULL,NULL,NULL),(827,414,'Muthaleif','ar',NULL,NULL,NULL),(828,414,'Muthaleif','en',NULL,NULL,NULL),(829,415,'نجران','ar',NULL,NULL,NULL),(830,415,'Najran','en',NULL,NULL,NULL),(831,416,'النماص','ar',NULL,NULL,NULL),(832,416,'Namas','en',NULL,NULL,NULL),(833,417,'نيمره','ar',NULL,NULL,NULL),(834,417,'Nimra','en',NULL,NULL,NULL),(835,418,'Nwariah','ar',NULL,NULL,NULL),(836,418,'Nwariah','en',NULL,NULL,NULL),(837,419,'العلا','ar',NULL,NULL,NULL),(838,419,'Oula','en',NULL,NULL,NULL),(839,420,'القحمة','ar',NULL,NULL,NULL),(840,420,'Qahmah','en',NULL,NULL,NULL),(841,421,'القوز','ar',NULL,NULL,NULL),(842,421,'Qouz','en',NULL,NULL,NULL),(843,422,'القنفذة','ar',NULL,NULL,NULL),(844,422,'Qunfudah','en',NULL,NULL,NULL),(845,423,'رابغ','ar',NULL,NULL,NULL),(846,423,'Rabigh','en',NULL,NULL,NULL),(847,424,'رنية','ar',NULL,NULL,NULL),(848,424,'Rania','en',NULL,NULL,NULL),(849,425,'Ras Baridi','ar',NULL,NULL,NULL),(850,425,'Ras Baridi','en',NULL,NULL,NULL),(851,426,'رجال ألمع','ar',NULL,NULL,NULL),(852,426,'Rijal Almaa','en',NULL,NULL,NULL),(853,427,'سبت العلاية','ar',NULL,NULL,NULL),(854,427,'Sabt Al Alaya','en',NULL,NULL,NULL),(855,428,'صبياء','ar',NULL,NULL,NULL),(856,428,'Sabya','en',NULL,NULL,NULL),(857,429,'Sadal Malik','ar',NULL,NULL,NULL),(858,429,'Sadal Malik','en',NULL,NULL,NULL),(859,430,'صمخ','ar',NULL,NULL,NULL),(860,430,'Samakh','en',NULL,NULL,NULL),(861,431,'صامطه','ar',NULL,NULL,NULL),(862,431,'Samtah','en',NULL,NULL,NULL),(863,432,'سراة عبيدة','ar',NULL,NULL,NULL),(864,432,'Sarat Obeida','en',NULL,NULL,NULL),(865,433,'شرورة','ar',NULL,NULL,NULL),(866,433,'Sharurah','en',NULL,NULL,NULL),(867,434,'الشعيبة','ar',NULL,NULL,NULL),(868,434,'Shoaiba','en',NULL,NULL,NULL),(869,435,'Shraie\'e','ar',NULL,NULL,NULL),(870,435,'Shraie\'e','en',NULL,NULL,NULL),(871,436,'الشميسي','ar',NULL,NULL,NULL),(872,436,'Shumaisi','en',NULL,NULL,NULL),(873,437,'Subheka','ar',NULL,NULL,NULL),(874,437,'Subheka','en',NULL,NULL,NULL),(875,438,'Tablah','ar',NULL,NULL,NULL),(876,438,'Tablah','en',NULL,NULL,NULL),(877,439,'تبوك','ar',NULL,NULL,NULL),(878,439,'Tabuk','en',NULL,NULL,NULL),(879,440,'طيبة','ar',NULL,NULL,NULL),(880,440,'Taiba','en',NULL,NULL,NULL),(881,441,'الطائف','ar',NULL,NULL,NULL),(882,441,'Taif','en',NULL,NULL,NULL),(883,442,'Taif','ar',NULL,NULL,NULL),(884,442,'Taif','en',NULL,NULL,NULL),(885,443,'تنده','ar',NULL,NULL,NULL),(886,443,'Tanda','en',NULL,NULL,NULL),(887,444,'التنومه','ar',NULL,NULL,NULL),(888,444,'Tanuma','en',NULL,NULL,NULL),(889,445,'Tatleeth','ar',NULL,NULL,NULL),(890,445,'Tatleeth','en',NULL,NULL,NULL),(891,446,'تيماء','ar',NULL,NULL,NULL),(892,446,'Tayma','en',NULL,NULL,NULL),(893,447,'Thabya','ar',NULL,NULL,NULL),(894,447,'Thabya','en',NULL,NULL,NULL),(895,448,'ثول','ar',NULL,NULL,NULL),(896,448,'Thuwal','en',NULL,NULL,NULL),(897,449,'Turaif','ar',NULL,NULL,NULL),(898,449,'Turaib','en',NULL,NULL,NULL),(899,450,'تربة','ar',NULL,NULL,NULL),(900,450,'Turba','en',NULL,NULL,NULL),(901,451,'Umluj','ar',NULL,NULL,NULL),(902,451,'Umluj','en',NULL,NULL,NULL),(903,452,'Wadeien','ar',NULL,NULL,NULL),(904,452,'Wadeien','en',NULL,NULL,NULL),(905,453,'الغزالة','ar',NULL,NULL,NULL),(906,453,'Ghazalah','en',NULL,NULL,NULL),(907,454,'موقق','ar',NULL,NULL,NULL),(908,454,'Mawqaq','en',NULL,NULL,NULL),(909,455,'حائل','ar',NULL,NULL,NULL),(910,455,'Hail','en',NULL,NULL,NULL),(911,456,'وادي ابن هشبل','ar',NULL,NULL,NULL),(912,456,'Wadi Bin Hasbal','en',NULL,NULL,NULL),(913,457,'وادي الفراعة','ar',NULL,NULL,NULL),(914,457,'Wadi Al Farah','en',NULL,NULL,NULL),(915,458,'وادي فاطمة','ar',NULL,NULL,NULL),(916,458,'Wadi Fatimah','en',NULL,NULL,NULL),(917,459,'الوجه','ar',NULL,NULL,NULL),(918,459,'Wajeh','en',NULL,NULL,NULL),(919,460,'ينبع','ar',NULL,NULL,NULL),(920,460,'Yanbu','en',NULL,NULL,NULL),(921,461,'ينبع البحر','ar',NULL,NULL,NULL),(922,461,'Yanbu Al Baher','en',NULL,NULL,NULL),(923,462,'النخيل','ar',NULL,NULL,NULL),(924,462,'Yanbu Nakheel','en',NULL,NULL,NULL),(925,463,'Yuthma','ar',NULL,NULL,NULL),(926,463,'Yuthma','en',NULL,NULL,NULL),(927,464,'khasawyah','ar',NULL,NULL,NULL),(928,464,'khasawyah','en',NULL,NULL,NULL),(929,465,'خليص','ar',NULL,NULL,NULL),(930,465,'khulais','en',NULL,NULL,NULL),(931,466,'احد رفيده','ar',NULL,NULL,NULL),(932,466,'Ahad Rufaidah','en',NULL,NULL,NULL),(933,467,'ابو عريش','ar',NULL,NULL,NULL),(934,467,'Abu Arish','en',NULL,NULL,NULL),(935,468,'احد المسارحه','ar',NULL,NULL,NULL),(936,468,'Ahad Al Masarihah','en',NULL,NULL,NULL),(937,469,'العارضه','ar',NULL,NULL,NULL),(938,469,'Al\'Aridah','en',NULL,NULL,NULL),(939,470,'العيدابي','ar',NULL,NULL,NULL),(940,470,'Al Edabi','en',NULL,NULL,NULL),(941,471,'الداير','ar',NULL,NULL,NULL),(942,471,'Al Dair','en',NULL,NULL,NULL),(943,472,'الحرث','ar',NULL,NULL,NULL),(944,472,'Al Harth','en',NULL,NULL,NULL),(945,473,'الريث','ar',NULL,NULL,NULL),(946,473,'Al Raith','en',NULL,NULL,NULL),(947,474,'بيش','ar',NULL,NULL,NULL),(948,474,'Baish','en',NULL,NULL,NULL),(949,475,'جازان','ar',NULL,NULL,NULL),(950,475,'Jizan','en',NULL,NULL,NULL),(951,476,'الكامل','ar',NULL,NULL,NULL),(952,476,'Al Kamil','en',NULL,NULL,NULL),(953,477,'الليث','ar',NULL,NULL,NULL),(954,477,'Al Lith','en',NULL,NULL,NULL),(955,478,'القنفذة','ar',NULL,NULL,NULL),(956,478,'Al Qunfudhah','en',NULL,NULL,NULL),(957,479,'خليص','ar',NULL,NULL,NULL),(958,479,'Khulays','en',NULL,NULL,NULL),(959,480,'مكة المكرمة','ar',NULL,NULL,NULL),(960,480,'Mecca','en',NULL,NULL,NULL),(961,481,'رنية','ar',NULL,NULL,NULL),(962,481,'Ranyah','en',NULL,NULL,NULL),(963,482,'الطائف','ar',NULL,NULL,NULL),(964,482,'Taif','en',NULL,NULL,NULL),(965,483,'تربة','ar',NULL,NULL,NULL),(966,483,'Turubah','en',NULL,NULL,NULL),(967,484,'الخرخير','ar',NULL,NULL,NULL),(968,484,'Al Khirkhir','en',NULL,NULL,NULL),(969,485,'بدر الجنوب','ar',NULL,NULL,NULL),(970,485,'Badr Al Janub','en',NULL,NULL,NULL),(971,486,'شرورة','ar',NULL,NULL,NULL),(972,486,'Sharurah','en',NULL,NULL,NULL),(973,487,'ثار','ar',NULL,NULL,NULL),(974,487,'Thar','en',NULL,NULL,NULL),(975,488,'يدمه','ar',NULL,NULL,NULL),(976,488,'Yadamah','en',NULL,NULL,NULL),(977,489,'عرعر','ar',NULL,NULL,NULL),(978,489,'Arar','en',NULL,NULL,NULL),(979,490,'رفحاء','ar',NULL,NULL,NULL),(980,490,'Rafha','en',NULL,NULL,NULL),(981,491,'طريف','ar',NULL,NULL,NULL),(982,491,'Turayf','en',NULL,NULL,NULL),(983,492,'البكيرية','ar',NULL,NULL,NULL),(984,492,'Al Bukayriyah','en',NULL,NULL,NULL),(985,493,'المذنب','ar',NULL,NULL,NULL),(986,493,'Al Mithnab','en',NULL,NULL,NULL),(987,494,'الأسياح','ar',NULL,NULL,NULL),(988,494,'Al Asyah','en',NULL,NULL,NULL),(989,495,'النبهانية','ar',NULL,NULL,NULL),(990,495,'An Nabhaniyah','en',NULL,NULL,NULL),(991,496,'الشماسية','ar',NULL,NULL,NULL),(992,496,'Al Shmasia','en',NULL,NULL,NULL),(993,497,'الرس','ar',NULL,NULL,NULL),(994,497,'Ar Rass','en',NULL,NULL,NULL),(995,498,'البدائع','ar',NULL,NULL,NULL),(996,498,'Badaya','en',NULL,NULL,NULL),(997,499,'بريدة','ar',NULL,NULL,NULL),(998,499,'Buraydah','en',NULL,NULL,NULL),(999,500,'رياض الخبراء','ar',NULL,NULL,NULL),(1000,500,'Riyadh Al Khabra','en',NULL,NULL,NULL),(1001,501,'عنيزة','ar',NULL,NULL,NULL),(1002,501,'Unaizah','en',NULL,NULL,NULL),(1003,502,'عين الجواء','ar',NULL,NULL,NULL),(1004,502,'Uyun Al Jawa','en',NULL,NULL,NULL),(1005,503,'ابا الورود','ar',NULL,NULL,NULL),(1006,503,'Aba Al Worood','en',NULL,NULL,NULL),(1007,504,'ابو عجرم','ar',NULL,NULL,NULL),(1008,504,'Abu Ajram','en',NULL,NULL,NULL),(1009,505,'الداهنة','ar',NULL,NULL,NULL),(1010,505,'Ad Dahinah','en',NULL,NULL,NULL),(1011,506,'الضبيعة','ar',NULL,NULL,NULL),(1012,506,'Ad Dubaiyah','en',NULL,NULL,NULL),(1013,507,'عفيف','ar',NULL,NULL,NULL),(1014,507,'Afif','en',NULL,NULL,NULL),(1015,508,'الأجفر','ar',NULL,NULL,NULL),(1016,508,'Al Ajfar','en',NULL,NULL,NULL),(1017,509,'العمارة','ar',NULL,NULL,NULL),(1018,509,'Al Ammarah','en',NULL,NULL,NULL),(1019,510,'الأسياح','ar',NULL,NULL,NULL),(1020,510,'Al Asyah','en',NULL,NULL,NULL),(1021,511,'البتراء','ar',NULL,NULL,NULL),(1022,511,'Al Batra','en',NULL,NULL,NULL),(1023,512,'البجادية','ar',NULL,NULL,NULL),(1024,512,'Al Bijadyah','en',NULL,NULL,NULL),(1025,513,'Al Dalemya','ar',NULL,NULL,NULL),(1026,513,'Al Dalemya','en',NULL,NULL,NULL),(1027,514,'الحائط','ar',NULL,NULL,NULL),(1028,514,'Al Hait','en',NULL,NULL,NULL),(1029,515,'الهياثم','ar',NULL,NULL,NULL),(1030,515,'Al Hayathem','en',NULL,NULL,NULL),(1031,516,'الحفيرة','ar',NULL,NULL,NULL),(1032,516,'Al Hufayyirah','en',NULL,NULL,NULL),(1033,517,'الحليفة السفلى','ar',NULL,NULL,NULL),(1034,517,'Al Hulayfah As Sufla','en',NULL,NULL,NULL),(1035,518,'الخشيبي','ar',NULL,NULL,NULL),(1036,518,'Al Khushaybi','en',NULL,NULL,NULL),(1037,519,'الخطة','ar',NULL,NULL,NULL),(1038,519,'Al Khitah','en',NULL,NULL,NULL),(1039,520,'Al Laqayit','ar',NULL,NULL,NULL),(1040,520,'Al Laqayit','en',NULL,NULL,NULL),(1041,521,'القرين','ar',NULL,NULL,NULL),(1042,521,'Al Qarin','en',NULL,NULL,NULL),(1043,522,'العويقيلة','ar',NULL,NULL,NULL),(1044,522,'Al Uwayqilah','en',NULL,NULL,NULL),(1045,523,'الوسيطاء','ar',NULL,NULL,NULL),(1046,523,'Al Wasayta','en',NULL,NULL,NULL),(1047,524,'الغاط','ar',NULL,NULL,NULL),(1048,524,'Al Ghat','en',NULL,NULL,NULL),(1049,525,'النبهانية','ar',NULL,NULL,NULL),(1050,525,'Al Nabhaniyah','en',NULL,NULL,NULL),(1051,526,'الرس','ar',NULL,NULL,NULL),(1052,526,'Al Rass','en',NULL,NULL,NULL),(1053,527,'النبك أبو قصر','ar',NULL,NULL,NULL),(1054,527,'An Nabk Abu Qasr','en',NULL,NULL,NULL),(1055,528,'النقرة','ar',NULL,NULL,NULL),(1056,528,'An Nuqrah','en',NULL,NULL,NULL),(1057,529,'الرديفة','ar',NULL,NULL,NULL),(1058,529,'Ar Radifah','en',NULL,NULL,NULL),(1059,530,'الرفيعة','ar',NULL,NULL,NULL),(1060,530,'Ar Rafia','en',NULL,NULL,NULL),(1061,531,'الرشاوية','ar',NULL,NULL,NULL),(1062,531,'Ar Rishawiyah','en',NULL,NULL,NULL),(1063,532,'عرعر','ar',NULL,NULL,NULL),(1064,532,'Arar','en',NULL,NULL,NULL),(1065,533,'عرجاء','ar',NULL,NULL,NULL),(1066,533,'Arja','en',NULL,NULL,NULL),(1067,534,'الأرطاوية','ar',NULL,NULL,NULL),(1068,534,'Al Artawiyah','en',NULL,NULL,NULL),(1069,535,'السلمانية','ar',NULL,NULL,NULL),(1070,535,'As Sulaimaniyah','en',NULL,NULL,NULL),(1071,536,'الصلبية','ar',NULL,NULL,NULL),(1072,536,'As Sulubiayh','en',NULL,NULL,NULL),(1073,537,'الشرائع','ar',NULL,NULL,NULL),(1074,537,'Ash Sheraa','en',NULL,NULL,NULL),(1075,538,'الشملي','ar',NULL,NULL,NULL),(1076,538,'Ash Shamli','en',NULL,NULL,NULL),(1077,539,'الشماسية','ar',NULL,NULL,NULL),(1078,539,'Ash Shimasiyah','en',NULL,NULL,NULL),(1079,540,'الطوير','ar',NULL,NULL,NULL),(1080,540,'At Tuwayr','en',NULL,NULL,NULL),(1081,541,'الذيبية','ar',NULL,NULL,NULL),(1082,541,'At Thybiyah','en',NULL,NULL,NULL),(1083,542,'عين ابن فهيد','ar',NULL,NULL,NULL),(1084,542,'Ayn Fuhayd','en',NULL,NULL,NULL),(1085,543,'بقعاء الشرقية','ar',NULL,NULL,NULL),(1086,543,'Baqa Ash Sharqiyah','en',NULL,NULL,NULL),(1087,544,'بقعاء','ar',NULL,NULL,NULL),(1088,544,'Baqa','en',NULL,NULL,NULL),(1089,545,'البكيرية','ar',NULL,NULL,NULL),(1090,545,'Bukeiriah','en',NULL,NULL,NULL),(1091,546,'بريده','ar',NULL,NULL,NULL),(1092,546,'Buraidah','en',NULL,NULL,NULL),(1093,547,'Diriyah','ar',NULL,NULL,NULL),(1094,547,'Dariyah','en',NULL,NULL,NULL),(1095,548,'الدوادمي','ar',NULL,NULL,NULL),(1096,548,'Dawadmi','en',NULL,NULL,NULL),(1097,549,'ديراب','ar',NULL,NULL,NULL),(1098,549,'Deraab','en',NULL,NULL,NULL),(1099,550,'الدرعية','ar',NULL,NULL,NULL),(1100,550,'Derelyeh','en',NULL,NULL,NULL),(1101,551,'ضرماء','ar',NULL,NULL,NULL),(1102,551,'Dhruma','en',NULL,NULL,NULL),(1103,552,'دومة الجندل','ar',NULL,NULL,NULL),(1104,552,'Dumat Al Jandal','en',NULL,NULL,NULL),(1105,553,'دخنة','ar',NULL,NULL,NULL),(1106,553,'Duhknah','en',NULL,NULL,NULL),(1107,554,'ضليع رشيد','ar',NULL,NULL,NULL),(1108,554,'Dulay Rashid','en',NULL,NULL,NULL),(1109,555,'الغزالة','ar',NULL,NULL,NULL),(1110,555,'Ghazalah','en',NULL,NULL,NULL),(1111,556,'غطي','ar',NULL,NULL,NULL),(1112,556,'Ghtai','en',NULL,NULL,NULL),(1113,557,'الحديثة','ar',NULL,NULL,NULL),(1114,557,'Hadeethah','en',NULL,NULL,NULL),(1115,558,'حفر الباطن','ar',NULL,NULL,NULL),(1116,558,'Hafer Al Batin','en',NULL,NULL,NULL),(1117,559,'حائل','ar',NULL,NULL,NULL),(1118,559,'Hail','en',NULL,NULL,NULL),(1119,560,'الحريق','ar',NULL,NULL,NULL),(1120,560,'Hareeq','en',NULL,NULL,NULL),(1121,561,'حوطة بني تميم','ar',NULL,NULL,NULL),(1122,561,'Hawtat Bani Tamim','en',NULL,NULL,NULL),(1123,562,'حزم الجلاميد','ar',NULL,NULL,NULL),(1124,562,'Hazem Aljalamid','en',NULL,NULL,NULL),(1125,563,'هديب','ar',NULL,NULL,NULL),(1126,563,'Hedeb','en',NULL,NULL,NULL),(1127,564,'حريملاء','ar',NULL,NULL,NULL),(1128,564,'Horaimal','en',NULL,NULL,NULL),(1129,565,'حوطة تميم','ar',NULL,NULL,NULL),(1130,565,'Hotat Bani Tamim','en',NULL,NULL,NULL),(1131,566,'حوطة سدير','ar',NULL,NULL,NULL),(1132,566,'Hotat Sudair','en',NULL,NULL,NULL),(1133,567,'Huraymila','ar',NULL,NULL,NULL),(1134,567,'Huraymala','en',NULL,NULL,NULL),(1135,568,'جلاجل','ar',NULL,NULL,NULL),(1136,568,'Jalajel','en',NULL,NULL,NULL),(1137,569,'الجوف','ar',NULL,NULL,NULL),(1138,569,'Jouf','en',NULL,NULL,NULL),(1139,570,'كحلة','ar',NULL,NULL,NULL),(1140,570,'Kahla','en',NULL,NULL,NULL),(1141,571,'Kara','ar',NULL,NULL,NULL),(1142,571,'Kara','en',NULL,NULL,NULL),(1143,572,'الخماسين','ar',NULL,NULL,NULL),(1144,572,'Khamaseen','en',NULL,NULL,NULL),(1145,573,'الخرج','ar',NULL,NULL,NULL),(1146,573,'Kharj','en',NULL,NULL,NULL),(1147,574,'مدينة الملك خالد العسكرية','ar',NULL,NULL,NULL),(1148,574,'King Khalid Military City','en',NULL,NULL,NULL),(1149,575,'ليلى','ar',NULL,NULL,NULL),(1150,575,'Layla','en',NULL,NULL,NULL),(1151,576,'المجمعة','ar',NULL,NULL,NULL),(1152,576,'Majma','en',NULL,NULL,NULL),(1153,577,'موقق','ar',NULL,NULL,NULL),(1154,577,'Mawqaq','en',NULL,NULL,NULL),(1155,578,'Midinhab','ar',NULL,NULL,NULL),(1156,578,'Midinhab','en',NULL,NULL,NULL),(1157,579,'موقق','ar',NULL,NULL,NULL),(1158,579,'Moqaq','en',NULL,NULL,NULL),(1159,580,'مرات','ar',NULL,NULL,NULL),(1160,580,'Mrat','en',NULL,NULL,NULL),(1161,581,'مبايض','ar',NULL,NULL,NULL),(1162,581,'Mubayid','en',NULL,NULL,NULL),(1163,582,'مليح','ar',NULL,NULL,NULL),(1164,582,'Mulayh','en',NULL,NULL,NULL),(1165,583,'منيفة القاعد','ar',NULL,NULL,NULL),(1166,583,'Munifat al Qa\'id','en',NULL,NULL,NULL),(1167,584,'المزاحمية','ar',NULL,NULL,NULL),(1168,584,'Al-Muzahmiya','en',NULL,NULL,NULL),(1169,585,'Muzneb','ar',NULL,NULL,NULL),(1170,585,'Muzneb','en',NULL,NULL,NULL),(1171,586,'نيساب','ar',NULL,NULL,NULL),(1172,586,'Nisab','en',NULL,NULL,NULL),(1173,587,'عنيزة','ar',NULL,NULL,NULL),(1174,587,'Onaiza','en',NULL,NULL,NULL),(1175,588,'العيينة','ar',NULL,NULL,NULL),(1176,588,'Al Uyaynah','en',NULL,NULL,NULL),(1177,589,'عيون الجوا','ar',NULL,NULL,NULL),(1178,589,'Uyun Al Jawa','en',NULL,NULL,NULL),(1179,590,'القصب','ar',NULL,NULL,NULL),(1180,590,'Qasab','en',NULL,NULL,NULL),(1181,591,'القصيم','ar',NULL,NULL,NULL),(1182,591,'Qassim','en',NULL,NULL,NULL),(1183,592,'القيصومة','ar',NULL,NULL,NULL),(1184,592,'Qaisumah','en',NULL,NULL,NULL),(1185,593,'قبه','ar',NULL,NULL,NULL),(1186,593,'Qbah','en',NULL,NULL,NULL),(1187,594,'قفار','ar',NULL,NULL,NULL),(1188,594,'Qufar','en',NULL,NULL,NULL),(1189,595,'القريات','ar',NULL,NULL,NULL),(1190,595,'Qurayyat','en',NULL,NULL,NULL),(1191,596,'قصيباء','ar',NULL,NULL,NULL),(1192,596,'Qusaiba','en',NULL,NULL,NULL),(1193,597,'القويعية','ar',NULL,NULL,NULL),(1194,597,'Quwei\'leh','en',NULL,NULL,NULL),(1195,598,'روضة هباس','ar',NULL,NULL,NULL),(1196,598,'Rawdat Habbas','en',NULL,NULL,NULL),(1197,599,'رماح','ar',NULL,NULL,NULL),(1198,599,'Remah','en',NULL,NULL,NULL),(1199,600,'رماح','ar',NULL,NULL,NULL),(1200,600,'Rimah','en',NULL,NULL,NULL),(1201,601,'الرياض','ar',NULL,NULL,NULL),(1202,601,'Riyadh','en',NULL,NULL,NULL),(1203,602,'رياض الخبراء','ar',NULL,NULL,NULL),(1204,602,'Riyadh Al Khabra','en',NULL,NULL,NULL),(1205,603,'روضة سدير','ar',NULL,NULL,NULL),(1206,603,'Raudat Sudair','en',NULL,NULL,NULL),(1207,604,'رفايع الجمش','ar',NULL,NULL,NULL),(1208,604,'Rvaya Aljamsh','en',NULL,NULL,NULL),(1209,605,'Ar Ruwaydah','ar',NULL,NULL,NULL),(1210,605,'Ar Ruwaydah','en',NULL,NULL,NULL),(1211,606,'سدير','ar',NULL,NULL,NULL),(1212,606,'Sadeer','en',NULL,NULL,NULL),(1213,607,'الصحنة','ar',NULL,NULL,NULL),(1214,607,'Sahna','en',NULL,NULL,NULL),(1215,608,'ساجر','ar',NULL,NULL,NULL),(1216,608,'Sajir','en',NULL,NULL,NULL),(1217,609,'صلبوخ','ar',NULL,NULL,NULL),(1218,609,'Salbukh','en',NULL,NULL,NULL),(1219,610,'شقراء','ar',NULL,NULL,NULL),(1220,610,'Shagra','en',NULL,NULL,NULL),(1221,611,'شقراء','ar',NULL,NULL,NULL),(1222,611,'Shaqra','en',NULL,NULL,NULL),(1223,612,'شقراء','ar',NULL,NULL,NULL),(1224,612,'Shaqra\'a','en',NULL,NULL,NULL),(1225,613,'شري','ar',NULL,NULL,NULL),(1226,613,'Shari','en',NULL,NULL,NULL),(1227,614,'الشفا','ar',NULL,NULL,NULL),(1228,614,'Shefa\'a','en',NULL,NULL,NULL),(1229,615,'الشنانة','ar',NULL,NULL,NULL),(1230,615,'Shinanh','en',NULL,NULL,NULL),(1231,616,'سميراء','ar',NULL,NULL,NULL),(1232,616,'Simira','en',NULL,NULL,NULL),(1233,617,'السليل','ar',NULL,NULL,NULL),(1234,617,'As Sulayyil','en',NULL,NULL,NULL),(1235,618,'صوير','ar',NULL,NULL,NULL),(1236,618,'Suwayr','en',NULL,NULL,NULL),(1237,619,'طبرجل','ar',NULL,NULL,NULL),(1238,619,'Tabarjal','en',NULL,NULL,NULL),(1239,620,'التنومه','ar',NULL,NULL,NULL),(1240,620,'Tanumah','en',NULL,NULL,NULL),(1241,621,'ثادق','ar',NULL,NULL,NULL),(1242,621,'Thadek','en',NULL,NULL,NULL),(1243,622,'ثادق','ar',NULL,NULL,NULL),(1244,622,'Thadig','en',NULL,NULL,NULL),(1245,623,'ثرمداء','ar',NULL,NULL,NULL),(1246,623,'Tharmada\'a','en',NULL,NULL,NULL),(1247,624,'الذيبية','ar',NULL,NULL,NULL),(1248,624,'Thebea','en',NULL,NULL,NULL),(1249,625,'تمير','ar',NULL,NULL,NULL),(1250,625,'Thumair','en',NULL,NULL,NULL),(1251,626,'طريف','ar',NULL,NULL,NULL),(1252,626,'Turaif','en',NULL,NULL,NULL),(1253,627,'ام الجماجم','ar',NULL,NULL,NULL),(1254,627,'Umm Al Jamajim','en',NULL,NULL,NULL),(1255,628,'عقلة الصقور','ar',NULL,NULL,NULL),(1256,628,'Uqlat Al Suqur','en',NULL,NULL,NULL),(1257,629,'أشيقر','ar',NULL,NULL,NULL),(1258,629,'Ushaiqer','en',NULL,NULL,NULL),(1259,630,'وادي الدواسر','ar',NULL,NULL,NULL),(1260,630,'Wadi Al Dawasir','en',NULL,NULL,NULL),(1261,631,'الزلفي','ar',NULL,NULL,NULL),(1262,631,'Zulfi','en',NULL,NULL,NULL),(1263,632,'الزلفي','ar',NULL,NULL,NULL),(1264,632,'Zulf City','en',NULL,NULL,NULL),(1265,633,'الوجه','ar',NULL,NULL,NULL),(1266,633,'Al Wajh','en',NULL,NULL,NULL),(1267,634,'حقل','ar',NULL,NULL,NULL),(1268,634,'Haql','en',NULL,NULL,NULL),(1269,635,'أملج','ar',NULL,NULL,NULL),(1270,635,'Umm Lajj','en',NULL,NULL,NULL),(1271,636,'الحريق','ar',NULL,NULL,NULL),(1272,636,'Al hareeq','en',NULL,NULL,NULL),(1273,637,'المزاحمية','ar',NULL,NULL,NULL),(1274,637,'Al muzahmiyyah','en',NULL,NULL,NULL),(1275,638,'ضرما','ar',NULL,NULL,NULL),(1276,638,'Dhurma','en',NULL,NULL,NULL),(1277,639,'العدلية','ar',NULL,NULL,NULL),(1278,639,'Adliya','en',NULL,NULL,NULL),(1279,640,'الغريفة','ar',NULL,NULL,NULL),(1280,640,'Ghurafya','en',NULL,NULL,NULL),(1281,641,'جد حفص','ar',NULL,NULL,NULL),(1282,641,'Jidhafs','en',NULL,NULL,NULL),(1283,642,'الجفير','ar',NULL,NULL,NULL),(1284,642,'Juffair','en',NULL,NULL,NULL),(1285,643,'كرباباد','ar',NULL,NULL,NULL),(1286,643,'Karbabad','en',NULL,NULL,NULL),(1287,644,'المنامة','ar',NULL,NULL,NULL),(1288,644,'Manama','en',NULL,NULL,NULL),(1289,645,'ميناء سلمان','ar',NULL,NULL,NULL),(1290,645,'Mina Salman','en',NULL,NULL,NULL),(1291,646,'المصلى','ar',NULL,NULL,NULL),(1292,646,'Musalla','en',NULL,NULL,NULL),(1293,647,'كفول','ar',NULL,NULL,NULL),(1294,647,'Qofool','en',NULL,NULL,NULL),(1295,648,'القضيبية','ar',NULL,NULL,NULL),(1296,648,'Qudaibiya','en',NULL,NULL,NULL),(1297,649,'راس رمان','ar',NULL,NULL,NULL),(1298,649,'Ras Ruman','en',NULL,NULL,NULL),(1299,650,'السلمانية','ar',NULL,NULL,NULL),(1300,650,'Salmaniya','en',NULL,NULL,NULL),(1301,651,'السيف','ar',NULL,NULL,NULL),(1302,651,'Seef','en',NULL,NULL,NULL),(1303,652,'ام الحصم','ar',NULL,NULL,NULL),(1304,652,'Um Al Hassam','en',NULL,NULL,NULL),(1305,653,'امواج','ar',NULL,NULL,NULL),(1306,653,'Amwaj','en',NULL,NULL,NULL),(1307,654,'امواج','ar',NULL,NULL,NULL),(1308,654,'Amwaj','en',NULL,NULL,NULL),(1309,655,'عراد','ar',NULL,NULL,NULL),(1310,655,'Arad','en',NULL,NULL,NULL),(1311,656,'البسيتين','ar',NULL,NULL,NULL),(1312,656,'Busaiteen','en',NULL,NULL,NULL),(1313,657,'الدير','ar',NULL,NULL,NULL),(1314,657,'Dair','en',NULL,NULL,NULL),(1315,658,'الحد','ar',NULL,NULL,NULL),(1316,658,'Hidd','en',NULL,NULL,NULL),(1317,659,'المحرق','ar',NULL,NULL,NULL),(1318,659,'Muharraq','en',NULL,NULL,NULL),(1319,660,'قلالي','ar',NULL,NULL,NULL),(1320,660,'Qalali','en',NULL,NULL,NULL),(1321,661,'سماهيج','ar',NULL,NULL,NULL),(1322,661,'Samaheej','en',NULL,NULL,NULL),(1323,662,'جريرة تالا','ar',NULL,NULL,NULL),(1324,662,'Tala Island','en',NULL,NULL,NULL),(1325,663,'ابو بهام','ar',NULL,NULL,NULL),(1326,663,'Abu Baham','en',NULL,NULL,NULL),(1327,664,'ابو صيبع','ar',NULL,NULL,NULL),(1328,664,'Abu Saiba','en',NULL,NULL,NULL),(1329,665,'بني جمرة','ar',NULL,NULL,NULL),(1330,665,'Bani Jamra','en',NULL,NULL,NULL),(1331,666,'معبد باربار','ar',NULL,NULL,NULL),(1332,666,'Barbar','en',NULL,NULL,NULL),(1333,667,'بو قوة','ar',NULL,NULL,NULL),(1334,667,'Bu Quwah','en',NULL,NULL,NULL),(1335,668,'بوري','ar',NULL,NULL,NULL),(1336,668,'Buri','en',NULL,NULL,NULL),(1337,669,'دار كليب','ar',NULL,NULL,NULL),(1338,669,'Dar Kulaib','en',NULL,NULL,NULL),(1339,670,'معبد الدراز','ar',NULL,NULL,NULL),(1340,670,'Diraz','en',NULL,NULL,NULL),(1341,671,'دمستان','ar',NULL,NULL,NULL),(1342,671,'Damistan','en',NULL,NULL,NULL),(1343,672,'الحجر','ar',NULL,NULL,NULL),(1344,672,'Hajar','en',NULL,NULL,NULL),(1345,673,'مدينة حمد','ar',NULL,NULL,NULL),(1346,673,'Hamad Town','en',NULL,NULL,NULL),(1347,674,'الهملة','ar',NULL,NULL,NULL),(1348,674,'Hamala','en',NULL,NULL,NULL),(1349,675,'حلة عبد الصالح','ar',NULL,NULL,NULL),(1350,675,'Hillat Abdul Saleh','en',NULL,NULL,NULL),(1351,676,'جونسان','ar',NULL,NULL,NULL),(1352,676,'Jannusan','en',NULL,NULL,NULL),(1353,677,'بيت الجسرة','ar',NULL,NULL,NULL),(1354,677,'Jasra','en',NULL,NULL,NULL),(1355,678,'جبلة حبشي','ar',NULL,NULL,NULL),(1356,678,'Jablat Habshi','en',NULL,NULL,NULL),(1357,679,'جد الحاج','ar',NULL,NULL,NULL),(1358,679,'Jid Al Haj','en',NULL,NULL,NULL),(1359,680,'جد الحاج','ar',NULL,NULL,NULL),(1360,680,'Jid Al Haj','en',NULL,NULL,NULL),(1361,681,'كرانة','ar',NULL,NULL,NULL),(1362,681,'Karranah','en',NULL,NULL,NULL),(1363,682,'كرزكان','ar',NULL,NULL,NULL),(1364,682,'Karzakan','en',NULL,NULL,NULL),(1365,683,'مسجد الخميس','ar',NULL,NULL,NULL),(1366,683,'Khamis','en',NULL,NULL,NULL),(1367,684,'المالكية','ar',NULL,NULL,NULL),(1368,684,'Malikiya','en',NULL,NULL,NULL),(1369,685,'المرخ','ar',NULL,NULL,NULL),(1370,685,'Markh','en',NULL,NULL,NULL),(1371,686,'المقشع','ar',NULL,NULL,NULL),(1372,686,'Meqsha','en',NULL,NULL,NULL),(1373,687,'مقابة','ar',NULL,NULL,NULL),(1374,687,'Muqaba','en',NULL,NULL,NULL),(1375,688,'شمال سهلة','ar',NULL,NULL,NULL),(1376,688,'North Sehla','en',NULL,NULL,NULL),(1377,689,'القدم','ar',NULL,NULL,NULL),(1378,689,'Qadam','en',NULL,NULL,NULL),(1379,690,'قلا','ar',NULL,NULL,NULL),(1380,690,'Qella','en',NULL,NULL,NULL),(1381,691,'القرية','ar',NULL,NULL,NULL),(1382,691,'Qurayya','en',NULL,NULL,NULL),(1383,692,'مستوطنة سار','ar',NULL,NULL,NULL),(1384,692,'Saar','en',NULL,NULL,NULL),(1385,693,'سداد','ar',NULL,NULL,NULL),(1386,693,'Sadad','en',NULL,NULL,NULL),(1387,694,'الصخير','ar',NULL,NULL,NULL),(1388,694,'Shahrakan','en',NULL,NULL,NULL),(1389,695,'الشاخورة','ar',NULL,NULL,NULL),(1390,695,'Shakhurah','en',NULL,NULL,NULL),(1391,696,'جنوب سهلة','ar',NULL,NULL,NULL),(1392,696,'South Sehla','en',NULL,NULL,NULL),(1393,697,'طشان','ar',NULL,NULL,NULL),(1394,697,'Tashan','en',NULL,NULL,NULL),(1395,698,'ام الصبان','ar',NULL,NULL,NULL),(1396,698,'Umm Al Sabban','en',NULL,NULL,NULL),(1397,699,'الزلاق','ar',NULL,NULL,NULL),(1398,699,'Zallaq','en',NULL,NULL,NULL),(1399,700,'عالي','ar',NULL,NULL,NULL),(1400,700,'A\'ali','en',NULL,NULL,NULL),(1401,701,'الرفاع الشرقي','ar',NULL,NULL,NULL),(1402,701,'East Riffa','en',NULL,NULL,NULL),(1403,702,'مدينة عيسى','ar',NULL,NULL,NULL),(1404,702,'Isa Town','en',NULL,NULL,NULL),(1405,703,'Jordab','ar',NULL,NULL,NULL),(1406,703,'Jordab','en',NULL,NULL,NULL),(1407,704,'نسفة','ar',NULL,NULL,NULL),(1408,704,'Nasfah','en',NULL,NULL,NULL),(1409,705,'سلماباد','ar',NULL,NULL,NULL),(1410,705,'Salmabad','en',NULL,NULL,NULL),(1411,706,'سند','ar',NULL,NULL,NULL),(1412,706,'Sanad','en',NULL,NULL,NULL),(1413,707,'سترة','ar',NULL,NULL,NULL),(1414,707,'Sitra','en',NULL,NULL,NULL),(1415,708,'توبلي','ar',NULL,NULL,NULL),(1416,708,'Tubli','en',NULL,NULL,NULL),(1417,709,'الرفاع الغربي','ar',NULL,NULL,NULL),(1418,709,'West Riffa','en',NULL,NULL,NULL),(1419,710,'مدينة زايد','ar',NULL,NULL,NULL),(1420,710,'Zayed Town','en',NULL,NULL,NULL),(1421,711,'العذبة','ar',NULL,NULL,NULL),(1422,711,'Al Adhbah','en',NULL,NULL,NULL),(1423,712,'منطقة الظعاين','ar',NULL,NULL,NULL),(1424,712,'Al Daayen','en',NULL,NULL,NULL),(1425,713,'الهتمي','ar',NULL,NULL,NULL),(1426,713,'Al Hitmi','en',NULL,NULL,NULL),(1427,714,'الجسرة','ar',NULL,NULL,NULL),(1428,714,'Al Jasrah','en',NULL,NULL,NULL),(1429,715,'الجميلية','ar',NULL,NULL,NULL),(1430,715,'Al Jumaliyah','en',NULL,NULL,NULL),(1431,716,'مدينة الكعبان','ar',NULL,NULL,NULL),(1432,716,'Al Qa`Abiyah','en',NULL,NULL,NULL),(1433,717,'خليفات','ar',NULL,NULL,NULL),(1434,717,'Al Khalifat','en',NULL,NULL,NULL),(1435,718,'الخور','ar',NULL,NULL,NULL),(1436,718,'Al Khawr','en',NULL,NULL,NULL),(1437,719,'منطقة الخور','ar',NULL,NULL,NULL),(1438,719,'Al Khor','en',NULL,NULL,NULL),(1439,720,'الخوير','ar',NULL,NULL,NULL),(1440,720,'Al Khuwair','en',NULL,NULL,NULL),(1441,721,'المفجر','ar',NULL,NULL,NULL),(1442,721,'Al Mafjar','en',NULL,NULL,NULL),(1443,722,'الكعبية','ar',NULL,NULL,NULL),(1444,722,'Al Qaabiya','en',NULL,NULL,NULL),(1445,723,'الريان','ar',NULL,NULL,NULL),(1446,723,'Al Rayyan','en',NULL,NULL,NULL),(1447,724,'السيلية','ar',NULL,NULL,NULL),(1448,724,'Al Sailiya','en',NULL,NULL,NULL),(1449,725,'الشمال','ar',NULL,NULL,NULL),(1450,725,'Al Shamal','en',NULL,NULL,NULL),(1451,726,'منطقة الوكرة','ar',NULL,NULL,NULL),(1452,726,'Al Wakrah','en',NULL,NULL,NULL),(1453,727,'منطقة الدوحة','ar',NULL,NULL,NULL),(1454,727,'Doha','en',NULL,NULL,NULL),(1455,728,'منطقة الدخنان','ar',NULL,NULL,NULL),(1456,728,'Dukhan','en',NULL,NULL,NULL),(1457,729,'الغرافة','ar',NULL,NULL,NULL),(1458,729,'Gharafa','en',NULL,NULL,NULL),(1459,730,'راس لفان','ar',NULL,NULL,NULL),(1460,730,'Ras Laffan','en',NULL,NULL,NULL),(1461,731,'منطقة الشيحانية','ar',NULL,NULL,NULL),(1462,731,'Ash Shahaniyah','en',NULL,NULL,NULL),(1463,732,'ام باب','ar',NULL,NULL,NULL),(1464,732,'Umm Bab','en',NULL,NULL,NULL),(1465,733,'منطقة ام سعيد','ar',NULL,NULL,NULL),(1466,733,'Umm Said','en',NULL,NULL,NULL),(1467,734,'ام صلال علي','ar',NULL,NULL,NULL),(1468,734,'Umm Salal Ali','en',NULL,NULL,NULL),(1469,735,'منطقة ام صلال','ar',NULL,NULL,NULL),(1470,735,'Umm Salal Muhammed','en',NULL,NULL,NULL),(1471,736,'عبري','ar',NULL,NULL,NULL),(1472,736,'Ibri','en',NULL,NULL,NULL),(1473,737,'بركاء','ar',NULL,NULL,NULL),(1474,737,'Barka','en',NULL,NULL,NULL),(1475,738,'الخابورة','ar',NULL,NULL,NULL),(1476,738,'Al Khaburah','en',NULL,NULL,NULL),(1477,739,'لوى','ar',NULL,NULL,NULL),(1478,739,'Liwa','en',NULL,NULL,NULL),(1479,740,'نخل','ar',NULL,NULL,NULL),(1480,740,'Nakhl','en',NULL,NULL,NULL),(1481,741,'الرستاق','ar',NULL,NULL,NULL),(1482,741,'Rustaq','en',NULL,NULL,NULL),(1483,742,'صحم','ar',NULL,NULL,NULL),(1484,742,'Saham','en',NULL,NULL,NULL),(1485,743,'Shinas','ar',NULL,NULL,NULL),(1486,743,'Shinas','en',NULL,NULL,NULL),(1487,744,'صحار','ar',NULL,NULL,NULL),(1488,744,'Sohar','en',NULL,NULL,NULL),(1489,745,'السويق','ar',NULL,NULL,NULL),(1490,745,'Suwayq','en',NULL,NULL,NULL),(1491,746,'وادي المعاول','ar',NULL,NULL,NULL),(1492,746,'Wadi Al Maawil','en',NULL,NULL,NULL),(1493,747,'البريمي','ar',NULL,NULL,NULL),(1494,747,'Buraimi','en',NULL,NULL,NULL),(1495,748,'محضة','ar',NULL,NULL,NULL),(1496,748,'Mahdah','en',NULL,NULL,NULL),(1497,749,'الدقم','ar',NULL,NULL,NULL),(1498,749,'Duqm','en',NULL,NULL,NULL),(1499,750,'هيما','ar',NULL,NULL,NULL),(1500,750,'Haima','en',NULL,NULL,NULL),(1501,751,'محوت','ar',NULL,NULL,NULL),(1502,751,'Mahout','en',NULL,NULL,NULL),(1503,752,'جعلان بني بو علي','ar',NULL,NULL,NULL),(1504,752,'Jaalan Bani Bu Ali','en',NULL,NULL,NULL),(1505,753,'جعلان بني بو حسن','ar',NULL,NULL,NULL),(1506,753,'Jaalan Bani Buhassan','en',NULL,NULL,NULL),(1507,754,'مصيرة','ar',NULL,NULL,NULL),(1508,754,'Masirah','en',NULL,NULL,NULL),(1509,755,'وادي بن خالد','ar',NULL,NULL,NULL),(1510,755,'Wadi Bani Khalid','en',NULL,NULL,NULL),(1511,756,'ضلكوت','ar',NULL,NULL,NULL),(1512,756,'Dhalkut','en',NULL,NULL,NULL),(1513,757,'مرباط','ar',NULL,NULL,NULL),(1514,757,'Mirbat','en',NULL,NULL,NULL),(1515,758,'سدح','ar',NULL,NULL,NULL),(1516,758,'Sadah','en',NULL,NULL,NULL),(1517,759,'صلالة','ar',NULL,NULL,NULL),(1518,759,'Salalah','en',NULL,NULL,NULL),(1519,760,'طاقة','ar',NULL,NULL,NULL),(1520,760,'Taqah','en',NULL,NULL,NULL),(1521,761,'بخا','ar',NULL,NULL,NULL),(1522,761,'Bukha','en',NULL,NULL,NULL),(1523,762,'خصب','ar',NULL,NULL,NULL),(1524,762,'Khasab','en',NULL,NULL,NULL),(1525,763,'مدحا','ar',NULL,NULL,NULL),(1526,763,'Madha','en',NULL,NULL,NULL),(1527,764,'ادم','ar',NULL,NULL,NULL),(1528,764,'Adam','en',NULL,NULL,NULL),(1529,765,'العقير','ar',NULL,NULL,NULL),(1530,765,'Al Aqir','en',NULL,NULL,NULL),(1531,766,'الأشخرة','ar',NULL,NULL,NULL),(1532,766,'Ash Ashkarah','en',NULL,NULL,NULL),(1533,767,'العوابي - بركة','ar',NULL,NULL,NULL),(1534,767,'Al Awabi','en',NULL,NULL,NULL),(1535,768,'العوابي - مسقط','ar',NULL,NULL,NULL),(1536,768,'Al Awabi Muscat','en',NULL,NULL,NULL),(1537,769,'بديه','ar',NULL,NULL,NULL),(1538,769,'Al Bidayah','en',NULL,NULL,NULL),(1539,770,'الغزير','ar',NULL,NULL,NULL),(1540,770,'Al Ghazir','en',NULL,NULL,NULL),(1541,771,'الحمرا','ar',NULL,NULL,NULL),(1542,771,'Al Hamra','en',NULL,NULL,NULL),(1543,772,'الجديدة','ar',NULL,NULL,NULL),(1544,772,'Al Jadidah','en',NULL,NULL,NULL),(1545,773,'الخوض','ar',NULL,NULL,NULL),(1546,773,'Al Khoudh','en',NULL,NULL,NULL),(1547,774,'الخوير','ar',NULL,NULL,NULL),(1548,774,'Al Khuwair','en',NULL,NULL,NULL),(1549,775,'المزيونه','ar',NULL,NULL,NULL),(1550,775,'Al Mazyunah','en',NULL,NULL,NULL),(1551,776,'السعادة','ar',NULL,NULL,NULL),(1552,776,'Al Saada','en',NULL,NULL,NULL),(1553,777,'الأنصب','ar',NULL,NULL,NULL),(1554,777,'Al Ansab','en',NULL,NULL,NULL),(1555,778,'الحيل','ar',NULL,NULL,NULL),(1556,778,'Al Hail','en',NULL,NULL,NULL),(1557,779,'الجفنين','ar',NULL,NULL,NULL),(1558,779,'Al Jafnayn','en',NULL,NULL,NULL),(1559,780,'المعبيلة','ar',NULL,NULL,NULL),(1560,780,'Al Maabilah','en',NULL,NULL,NULL),(1561,781,'الوجاجة','ar',NULL,NULL,NULL),(1562,781,'Al Wajajah','en',NULL,NULL,NULL),(1563,782,'العامرات','ar',NULL,NULL,NULL),(1564,782,'Al Amarat','en',NULL,NULL,NULL),(1565,783,'السليف','ar',NULL,NULL,NULL),(1566,783,'As Sulaif','en',NULL,NULL,NULL),(1567,784,'عوقد','ar',NULL,NULL,NULL),(1568,784,'Awqad','en',NULL,NULL,NULL),(1569,785,'العذبية','ar',NULL,NULL,NULL),(1570,785,'Azaiba','en',NULL,NULL,NULL),(1571,786,'بهلاء','ar',NULL,NULL,NULL),(1572,786,'Bahla','en',NULL,NULL,NULL),(1573,787,'بديد','ar',NULL,NULL,NULL),(1574,787,'Bidbid','en',NULL,NULL,NULL),(1575,788,'Bidiyah','ar',NULL,NULL,NULL),(1576,788,'Bidiyah','en',NULL,NULL,NULL),(1577,789,'بوشر','ar',NULL,NULL,NULL),(1578,789,'Bowsher','en',NULL,NULL,NULL),(1579,790,'الدهاريز','ar',NULL,NULL,NULL),(1580,790,'Dahariz','en',NULL,NULL,NULL),(1581,791,'دراسيت','ar',NULL,NULL,NULL),(1582,791,'Darsait','en',NULL,NULL,NULL),(1583,792,'ضنك','ar',NULL,NULL,NULL),(1584,792,'Dhank','en',NULL,NULL,NULL),(1585,793,'دبا','ar',NULL,NULL,NULL),(1586,793,'Diba','en',NULL,NULL,NULL),(1587,794,'دما والطائيين','ar',NULL,NULL,NULL),(1588,794,'Dima Wattayeen','en',NULL,NULL,NULL),(1589,795,'فهود','ar',NULL,NULL,NULL),(1590,795,'Fahud','en',NULL,NULL,NULL),(1591,796,'فلج القبائل','ar',NULL,NULL,NULL),(1592,796,'Falaj Al Qaba\'il','en',NULL,NULL,NULL),(1593,797,'فنجا','ar',NULL,NULL,NULL),(1594,797,'Fanja','en',NULL,NULL,NULL),(1595,798,'Firq','ar',NULL,NULL,NULL),(1596,798,'Firq','en',NULL,NULL,NULL),(1597,799,'غلا','ar',NULL,NULL,NULL),(1598,799,'Ghala','en',NULL,NULL,NULL),(1599,800,'الغبرة','ar',NULL,NULL,NULL),(1600,800,'Ghubrah','en',NULL,NULL,NULL),(1601,801,'حلبان','ar',NULL,NULL,NULL),(1602,801,'Halban','en',NULL,NULL,NULL),(1603,802,'الحمرية','ar',NULL,NULL,NULL),(1604,802,'Hamriyah','en',NULL,NULL,NULL),(1605,803,'ازكي','ar',NULL,NULL,NULL),(1606,803,'Izki','en',NULL,NULL,NULL),(1607,804,'الجبل الأخضر','ar',NULL,NULL,NULL),(1608,804,'Jabal Akhdar','en',NULL,NULL,NULL),(1609,805,'جيبرو','ar',NULL,NULL,NULL),(1610,805,'Jibroo','en',NULL,NULL,NULL),(1611,806,'خضرا','ar',NULL,NULL,NULL),(1612,806,'Khadra','en',NULL,NULL,NULL),(1613,807,'خطمة ملاحة','ar',NULL,NULL,NULL),(1614,807,'Khatmat Malahah','en',NULL,NULL,NULL),(1615,808,'لزغ','ar',NULL,NULL,NULL),(1616,808,'Lizugh','en',NULL,NULL,NULL),(1617,809,'مدينة السلطان قابوس','ar',NULL,NULL,NULL),(1618,809,'Madinat As Sultan Qaboos','en',NULL,NULL,NULL),(1619,810,'مجيس','ar',NULL,NULL,NULL),(1620,810,'Majis','en',NULL,NULL,NULL),(1621,811,'منح','ar',NULL,NULL,NULL),(1622,811,'Manah','en',NULL,NULL,NULL),(1623,812,'مرمول','ar',NULL,NULL,NULL),(1624,812,'Marmul','en',NULL,NULL,NULL),(1625,813,'الموالح','ar',NULL,NULL,NULL),(1626,813,'Mawaleh','en',NULL,NULL,NULL),(1627,814,'مسفاه','ar',NULL,NULL,NULL),(1628,814,'Misfah','en',NULL,NULL,NULL),(1629,815,'الملدة','ar',NULL,NULL,NULL),(1630,815,'Muladdah','en',NULL,NULL,NULL),(1631,816,'مسقط','ar',NULL,NULL,NULL),(1632,816,'Muscat','en',NULL,NULL,NULL),(1633,817,'مطرح','ar',NULL,NULL,NULL),(1634,817,'Muttrah','en',NULL,NULL,NULL),(1635,818,'نزوى','ar',NULL,NULL,NULL),(1636,818,'Nizwa','en',NULL,NULL,NULL),(1637,819,'قنتب','ar',NULL,NULL,NULL),(1638,819,'Qantab','en',NULL,NULL,NULL),(1639,820,'Qantana','ar',NULL,NULL,NULL),(1640,820,'Qantana','en',NULL,NULL,NULL),(1641,821,'قريات','ar',NULL,NULL,NULL),(1642,821,'Qurayat','en',NULL,NULL,NULL),(1643,822,'القرم','ar',NULL,NULL,NULL),(1644,822,'Qurum','en',NULL,NULL,NULL),(1645,823,'البديع','ar',NULL,NULL,NULL),(1646,823,'Budaiya','en',NULL,NULL,NULL),(1647,824,'راس الحد','ar',NULL,NULL,NULL),(1648,824,'Ras Al Hadd','en',NULL,NULL,NULL),(1649,825,'ريسوت','ar',NULL,NULL,NULL),(1650,825,'Rasyut','en',NULL,NULL,NULL),(1651,826,'الرميس','ar',NULL,NULL,NULL),(1652,826,'Rumais','en',NULL,NULL,NULL),(1653,827,'الرسيل','ar',NULL,NULL,NULL),(1654,827,'Rusayl','en',NULL,NULL,NULL),(1655,828,'الرسيل','ar',NULL,NULL,NULL),(1656,828,'Rusayl','en',NULL,NULL,NULL),(1657,829,'روي','ar',NULL,NULL,NULL),(1658,829,'Ruwi','en',NULL,NULL,NULL),(1659,830,'صحلنوت','ar',NULL,NULL,NULL),(1660,830,'Sahalnoot','en',NULL,NULL,NULL),(1661,831,'سمد الشان','ar',NULL,NULL,NULL),(1662,831,'Samad Al Shan','en',NULL,NULL,NULL),(1663,832,'سمائل','ar',NULL,NULL,NULL),(1664,832,'Samayil','en',NULL,NULL,NULL),(1665,833,'السيب','ar',NULL,NULL,NULL),(1666,833,'Seeb','en',NULL,NULL,NULL),(1667,834,'سداب','ar',NULL,NULL,NULL),(1668,834,'Sidab','en',NULL,NULL,NULL),(1669,835,'سناو','ar',NULL,NULL,NULL),(1670,835,'Sinaw','en',NULL,NULL,NULL),(1671,836,'السنينة','ar',NULL,NULL,NULL),(1672,836,'As Sunainah','en',NULL,NULL,NULL),(1673,837,'ثمريت','ar',NULL,NULL,NULL),(1674,837,'Thumrait','en',NULL,NULL,NULL),(1675,838,'الثرمد','ar',NULL,NULL,NULL),(1676,838,'Tharmad','en',NULL,NULL,NULL),(1677,839,'طيوي','ar',NULL,NULL,NULL),(1678,839,'Tiwi','en',NULL,NULL,NULL),(1679,840,'وادي عداي','ar',NULL,NULL,NULL),(1680,840,'Wadi Aday','en',NULL,NULL,NULL),(1681,841,'وادي الجيزي','ar',NULL,NULL,NULL),(1682,841,'Wadi Al Jizi','en',NULL,NULL,NULL),(1683,842,'وادي حبي','ar',NULL,NULL,NULL),(1684,842,'Wadi Hibi','en',NULL,NULL,NULL),(1685,843,'وادي كبير','ar',NULL,NULL,NULL),(1686,843,'Wadi Kabir','en',NULL,NULL,NULL),(1687,844,'الوطيه','ar',NULL,NULL,NULL),(1688,844,'Wattayah','en',NULL,NULL,NULL),(1689,845,'ودام الساحل','ar',NULL,NULL,NULL),(1690,845,'Wudam Al Sahil','en',NULL,NULL,NULL),(1691,846,'يتي','ar',NULL,NULL,NULL),(1692,846,'Yiti','en',NULL,NULL,NULL);

--
-- Table structure for table `regions`
--

CREATE TABLE `regions` (
  `id` int unsigned NOT NULL AUTO_INCREMENT,
  `status` tinyint(1) NOT NULL DEFAULT '1',
  `address_address` varchar(255) CHARACTER SET utf8mb4 COLLATE utf8mb4_unicode_ci NOT NULL,
  `address_latitude` double NOT NULL,
  `address_longitude` double NOT NULL,
  `governments_id` int unsigned NOT NULL,
  `created_at` timestamp NULL DEFAULT NULL,
  `updated_at` timestamp NULL DEFAULT NULL,
  PRIMARY KEY (`id`),
  KEY `regions_governments_id_foreign` (`governments_id`)
) ENGINE=InnoDB AUTO_INCREMENT=847 DEFAULT CHARSET=utf8mb4 COLLATE=utf8mb4_unicode_ci;

--
-- Dumping data for table `regions`
--

INSERT INTO `regions` (`id`, `status`, `address_address`, `address_latitude`, `address_longitude`, `governments_id`, `created_at`, `updated_at`) VALUES (19,1,'مدينة الكويت',0,0,8,'2022-08-25 10:34:31','2022-08-25 10:34:31'),(20,1,'دسمان',0,0,8,'2022-08-25 10:36:00','2022-08-25 10:36:00'),(21,1,'شرق',0,0,8,'2022-08-25 10:36:31','2022-08-25 10:36:31'),(22,1,'الصوابر',0,0,8,'2022-08-25 10:41:53','2022-08-25 10:41:53'),(23,1,'المرقاب',0,0,8,'2022-08-25 10:42:29','2022-08-25 10:42:29'),(24,1,'القبلة',0,0,8,'2022-08-25 10:42:56','2022-08-25 10:42:56'),(25,1,'الصالحية',0,0,8,'2022-08-25 10:43:27','2022-08-25 10:43:27'),(26,1,'الوطية',0,0,8,'2022-08-25 10:43:58','2022-08-25 10:43:58'),(27,1,'بنيد القار',0,0,8,'2022-08-25 10:44:54','2022-08-25 10:44:54'),(28,1,'كيفان',0,0,8,'2022-08-25 10:45:21','2022-08-25 10:45:21'),(29,1,'الدوحة',0,0,8,'2022-08-25 10:46:27','2022-08-25 10:46:27'),(30,1,'الدسمة',0,0,8,'2022-08-25 10:46:52','2022-08-25 10:46:52'),(31,1,'الدعية',0,0,8,'2022-08-25 10:48:10','2022-08-25 10:48:10'),(32,1,'المنصورية',0,0,8,'2022-08-25 10:48:40','2022-08-25 10:48:40'),(33,1,'ضاحية عبد الله السالم',0,0,8,'2022-08-25 10:49:23','2022-08-25 10:49:23'),(34,1,'النزهة',0,0,8,'2022-08-25 10:49:56','2022-08-25 10:49:56'),(35,1,'الفيحاء',0,0,8,'2022-08-25 10:50:29','2022-08-25 10:50:29'),(36,1,'الشامية',0,0,8,'2022-08-25 10:51:07','2022-08-25 10:51:07'),(37,1,'الروضة',0,0,8,'2022-08-25 10:51:48','2022-08-25 10:51:48'),(38,1,'العديلية',0,0,8,'2022-08-25 10:52:21','2022-08-25 10:52:21'),(39,1,'الخالدية',0,0,8,'2022-08-25 10:53:18','2022-08-25 10:53:18'),(40,1,'القادسية',0,0,8,'2022-08-25 10:53:43','2022-08-25 10:53:43'),(41,1,'قرطبة',0,0,8,'2022-08-25 10:54:11','2022-08-25 10:54:11'),(42,1,'السرة',0,0,8,'2022-08-25 10:54:40','2022-08-25 10:54:40'),(43,1,'اليرموك',0,0,8,'2022-08-25 10:55:09','2022-08-25 10:55:09'),(44,1,'الشويخ',0,0,8,'2022-08-25 10:55:54','2022-08-25 10:55:54'),(45,1,'الري',0,0,8,'2022-08-25 10:56:14','2022-08-25 10:56:14'),(46,1,'غرناطة، Kuwait',29.312521,47.8785532,8,'2022-08-25 10:57:53','2022-08-25 10:57:53'),(47,1,'الصليبيخات',29.312521,47.8785532,8,'2022-08-25 10:59:18','2022-08-25 10:59:18'),(48,1,'النهضة',29.312521,47.8785532,8,'2022-08-25 10:59:50','2022-08-25 10:59:50'),(49,1,'مدينة جابر الأحمد',29.312521,47.8785532,8,'2022-08-25 11:00:29','2022-08-25 11:00:29'),(50,1,'القيروان',29.312521,47.8785532,8,'2022-08-25 11:01:01','2022-08-25 11:01:01'),(51,1,'شمال غرب الصليبيخات',29.312521,47.8785532,8,'2022-08-25 11:02:03','2022-08-25 11:02:03'),(52,1,'الفنطاس',29.312521,47.8785532,9,'2022-08-25 11:02:23','2022-08-25 11:02:23'),(53,1,'العقيلة',29.312521,47.8785532,9,'2022-08-25 11:02:49','2022-08-25 11:02:49'),(54,1,'الظهر',29.312521,47.8785532,9,'2022-08-25 11:03:15','2022-08-25 11:03:15'),(55,1,'المقوع',29.312521,47.8785532,9,'2022-08-25 11:03:52','2022-08-25 11:03:52'),(56,1,'المهبولة',29.312521,47.8785532,9,'2022-08-25 11:08:24','2022-08-25 11:08:24'),(57,1,'الرقة',29.312521,47.8785532,9,'2022-08-25 11:08:46','2022-08-25 11:08:46'),(58,1,'هدية',29.312521,47.8785532,9,'2022-08-25 11:09:06','2022-08-25 11:09:06'),(59,1,'أبو حليفة',29.312521,47.8785532,9,'2022-08-25 11:09:46','2022-08-25 11:09:46'),(60,1,'الصباحية',29.312521,47.8785532,9,'2022-08-25 11:10:14','2022-08-25 11:10:14'),(61,1,'المنقف',29.312521,47.8785532,9,'2022-08-25 11:10:44','2022-08-25 11:10:44'),(62,1,'الفحيحيل',29.312521,47.8785532,9,'2022-08-25 11:11:17','2022-08-25 11:11:17'),(63,1,'الأحمدي',29.312521,47.8785532,9,'2022-08-25 11:11:52','2022-08-25 11:11:52'),(64,1,'الوفرة',29.312521,47.8785532,9,'2022-08-25 11:12:12','2022-08-25 11:12:12'),(65,1,'الزور',29.312521,47.8785532,9,'2022-08-25 11:12:36','2022-08-25 11:12:36'),(66,1,'الخيران',29.312521,47.8785532,9,'2022-08-25 11:13:08','2022-08-25 11:13:08'),(67,1,'ميناء عبد الله',29.312521,47.8785532,9,'2022-08-25 11:13:55','2022-08-25 11:13:55'),(68,1,'الوفرة الزراعية',29.312521,47.8785532,9,'2022-08-25 11:14:28','2022-08-25 11:14:28'),(69,1,'بنيدر',29.312521,47.8785532,9,'2022-08-25 11:14:58','2022-08-25 11:14:58'),(70,1,'الجليعة',29.312521,47.8785532,9,'2022-08-25 11:15:37','2022-08-25 11:15:37'),(71,1,'الضباعية',29.312521,47.8785532,9,'2022-08-25 11:16:05','2022-08-25 11:16:05'),(72,1,'ضاحية جابر العلي',29.312521,47.8785532,9,'2022-08-25 11:16:38','2022-08-25 11:16:38'),(73,1,'ضاحية فهد الأحمد',29.312521,47.8785532,9,'2022-08-25 11:17:13','2022-08-25 11:17:13'),(74,1,'الشعيبة',29.312521,47.8785532,9,'2022-08-25 11:17:41','2022-08-25 11:17:41'),(75,1,'واره',29.312521,47.8785532,9,'2022-08-25 11:18:02','2022-08-25 11:18:02'),(76,1,'مدينة صباح الأحمد',29.312521,47.8785532,9,'2022-08-25 11:18:43','2022-08-25 11:18:43'),(77,1,'النويصيب',29.312521,47.8785532,9,'2022-08-25 11:19:20','2022-08-25 11:19:20'),(78,1,'مدينة الخيران',29.312521,47.8785532,9,'2022-08-25 11:19:53','2022-08-25 11:19:53'),(79,1,'ضاحية علي صباح السالم أم الهيمان سابقاً',29.312521,47.8785532,9,'2022-08-25 11:20:38','2022-08-25 11:20:38'),(80,1,'مدينة صباح الأحمد البحرية',29.312521,47.8785532,9,'2022-08-25 11:21:22','2022-08-25 11:21:22'),(81,1,'Abraq Khaitan Secondary School for Girls, Naser Abdullah Aljabri Street, Kuwait',29.3005413,47.9720904,10,'2022-08-25 11:22:08','2023-04-18 10:13:45'),(82,1,'الأندلس',29.312521,47.8785532,10,'2022-08-25 11:22:29','2022-08-25 11:22:29'),(83,1,'اشبيلية',29.312521,47.8785532,10,'2022-08-25 11:23:08','2022-08-25 11:23:08'),(84,1,'جليب الشيوخ',29.312521,47.8785532,10,'2022-08-25 11:23:43','2022-08-25 11:23:43'),(85,1,'خيطان',29.312521,47.8785532,10,'2022-08-25 11:24:06','2022-08-25 11:24:06'),(86,1,'خيطان الجديدة',29.312521,47.8785532,10,'2022-08-25 11:24:30','2022-08-25 11:24:30'),(87,1,'العمرية',29.312521,47.8785532,10,'2022-08-25 11:24:58','2022-08-25 11:24:58'),(88,1,'العارضية',29.312521,47.8785532,10,'2022-08-25 11:25:22','2022-08-25 11:25:22'),(89,1,'العارضية الصناعية',29.312521,47.8785532,10,'2022-08-25 11:26:01','2022-08-25 11:26:01'),(90,1,'العباسية',29.312521,47.8785532,10,'2022-08-25 11:26:30','2022-08-25 11:26:30'),(91,1,'الفردوس',29.312521,47.8785532,10,'2022-08-25 11:27:01','2022-08-25 11:27:01'),(92,1,'الفروانية',29.312521,47.8785532,10,'2022-08-25 11:27:27','2022-08-25 11:27:27'),(93,1,'الحساوي',29.312521,47.8785532,10,'2022-08-25 11:27:52','2022-08-25 11:27:52'),(94,1,'الشدادية',0,0,10,'2022-08-25 11:31:28','2022-08-25 11:31:28'),(95,1,'الرابية',0,0,10,'2022-08-25 11:31:56','2022-08-25 11:31:56'),(96,1,'الرحاب',0,0,10,'2022-08-25 11:32:37','2022-08-25 11:32:37'),(97,1,'الرقعي',0,0,10,'2022-08-25 11:34:15','2022-08-25 11:34:15'),(98,1,'Al rai, Shuwaikh Industrial, Kuwait',29.3083977,47.9404184,10,'2022-08-25 11:34:49','2023-04-18 10:39:49'),(99,1,'ضاحية صباح الناصر',0,0,10,'2022-08-25 11:35:48','2022-08-25 11:35:48'),(100,1,'ضاحية عبد الله المبارك',0,0,10,'2022-08-25 11:36:25','2022-08-25 11:36:25'),(101,1,'Al-Dajeej, Kuwait',29.2620388,47.9630143,10,'2022-08-25 11:37:32','2023-04-18 10:45:51'),(102,1,'الصليبية',0,0,11,'2022-08-25 11:38:04','2022-08-25 11:38:04'),(103,1,'أمغرة',0,0,11,'2022-08-25 11:38:29','2022-08-25 11:38:29'),(104,1,'Naeem',0,0,11,'2022-08-25 11:39:03','2022-08-25 11:39:03'),(105,1,'القصر',0,0,11,'2022-08-25 11:42:07','2022-08-25 11:42:07'),(106,1,'الواحة',0,0,11,'2022-08-25 11:42:30','2022-08-25 11:42:30'),(107,1,'تيماء',0,0,11,'2022-08-25 11:42:50','2022-08-25 11:42:50'),(108,1,'النسيم',0,0,11,'2022-08-25 11:43:13','2022-08-25 11:43:13'),(109,1,'العيون',0,0,11,'2022-08-25 11:43:44','2022-08-25 11:43:44'),(110,1,'القيصرية',0,0,11,'2022-08-25 11:44:37','2022-08-25 11:44:37'),(111,1,'العبدلي',0,0,11,'2022-08-25 11:45:06','2022-08-25 11:45:06'),(112,1,'الجهراء القديمة',0,0,11,'2022-08-25 11:46:42','2022-08-25 11:46:42'),(113,1,'New jahra',0,0,11,'2022-08-25 11:47:31','2022-08-25 11:47:31'),(114,1,'كاظمة',0,0,11,'2022-08-25 11:47:48','2022-08-25 11:47:48'),(115,1,'مدينة سعد العبد الله',0,0,11,'2022-08-25 11:48:22','2022-08-25 11:48:22'),(116,1,'السالمي',0,0,11,'2022-08-25 11:48:52','2022-08-25 11:48:52'),(117,1,'المطلاع',0,0,11,'2022-08-25 11:49:24','2022-08-25 11:49:24'),(118,1,'مدينة الحرير',0,0,11,'2022-08-25 11:50:13','2022-08-25 11:50:13'),(119,1,'كبد',0,0,11,'2022-08-25 11:50:44','2022-08-25 11:50:44'),(120,1,'الروضتين',0,0,11,'2022-08-25 11:51:21','2022-08-25 11:51:21'),(121,1,'الصبية',0,0,11,'2022-08-25 11:51:47','2022-08-25 11:51:47'),(122,1,'حولي',0,0,12,'2022-08-25 11:52:26','2022-08-25 11:52:26'),(123,1,'الشعب',0,0,12,'2022-08-25 11:52:47','2022-08-25 11:52:47'),(124,1,'السالمية',0,0,12,'2022-08-25 11:53:07','2022-08-25 11:53:07'),(125,1,'الرميثية',0,0,12,'2022-08-25 11:53:52','2022-08-25 11:53:52'),(126,1,'الجابرية',0,0,12,'2022-08-25 11:54:15','2022-08-25 11:54:15'),(127,1,'مشرف',0,0,12,'2022-08-25 11:54:39','2022-08-25 11:54:39'),(128,1,'بيان',0,0,12,'2022-08-25 11:54:57','2022-08-25 11:54:57'),(129,1,'آلبدع',0,0,12,'2022-08-25 11:55:23','2022-08-25 11:55:23'),(130,1,'النقرة',0,0,12,'2022-08-25 11:55:53','2022-08-25 11:55:53'),(131,1,'ميدان حولي',0,0,12,'2022-08-25 11:56:15','2022-08-25 11:56:15'),(132,1,'ضاحية مبارك العبد الله الجابر',0,0,12,'2022-08-25 11:57:05','2022-08-25 11:57:05'),(133,1,'سلوى',0,0,12,'2022-08-25 11:57:23','2022-08-25 11:57:23'),(134,1,'جنوب السرة',0,0,12,'2022-08-25 11:57:54','2022-08-25 11:57:54'),(135,1,'الزهراء',0,0,12,'2022-08-25 11:58:27','2022-08-25 11:58:27'),(136,1,'الصديق',0,0,12,'2022-08-25 11:59:17','2022-08-25 11:59:17'),(137,1,'حطين',0,0,12,'2022-08-25 11:59:57','2022-08-25 11:59:57'),(138,1,'السلام',0,0,12,'2022-08-25 12:01:35','2022-08-25 12:01:35'),(139,1,'الشهداء',0,0,12,'2022-08-25 12:02:07','2022-08-25 12:02:07'),(140,1,'العدان',0,0,13,'2022-08-25 12:02:29','2022-08-25 12:02:29'),(141,1,'القصور',0,0,13,'2022-08-25 12:02:59','2022-08-25 12:02:59'),(142,1,'القرين',0,0,13,'2022-08-25 12:03:31','2022-08-25 12:03:31'),(143,1,'ضاحية صباح السالم',0,0,13,'2022-08-25 12:04:02','2022-08-25 12:04:02'),(144,1,'المسيلة',0,0,13,'2022-08-25 12:04:27','2022-08-25 12:04:27'),(145,1,'المسايل',0,0,13,'2022-08-25 12:04:54','2022-08-25 12:04:54'),(146,1,'أبو فطيرة',0,0,13,'2022-08-25 12:05:20','2022-08-25 12:05:20'),(147,1,'أبو الحصانية',0,0,13,'2022-08-25 12:05:57','2022-08-25 12:05:57'),(148,1,'صبحان',0,0,13,'2022-08-25 12:06:25','2022-08-25 12:06:25'),(149,1,'الفنيطيس',0,0,13,'2022-08-25 12:06:55','2022-08-25 12:06:55'),(151,1,'مبارك الكبير، الكويت‎',29.1886698,48.0806909,13,'2022-08-28 01:58:47','2022-08-28 01:58:47');

--
-- Table structure for table `role_user`
--

CREATE TABLE `role_user` (
  `role_id` bigint unsigned NOT NULL,
  `user_id` bigint unsigned NOT NULL,
  `user_type` varchar(255) CHARACTER SET utf8mb4 COLLATE utf8mb4_unicode_ci NOT NULL,
  PRIMARY KEY (`user_id`,`role_id`,`user_type`),
  KEY `role_user_role_id_foreign` (`role_id`),
  CONSTRAINT `role_user_role_id_foreign` FOREIGN KEY (`role_id`) REFERENCES `roles` (`id`) ON DELETE CASCADE ON UPDATE CASCADE
) ENGINE=InnoDB DEFAULT CHARSET=utf8mb4 COLLATE=utf8mb4_unicode_ci;

--
-- Dumping data for table `role_user`
--

INSERT INTO `role_user` (`role_id`, `user_id`, `user_type`) VALUES (1,1,'App\\Models\\User'),(3,55,'App\\Models\\User'),(3,58,'App\\Models\\User'),(8,143,'App\\Models\\User'),(8,148,'App\\Models\\User'),(8,153,'App\\Models\\User'),(8,154,'App\\Models\\User'),(8,155,'App\\Models\\User'),(8,156,'App\\Models\\User'),(8,157,'App\\Models\\User'),(8,158,'App\\Models\\User'),(8,159,'App\\Models\\User'),(8,160,'App\\Models\\User'),(8,161,'App\\Models\\User'),(8,162,'App\\Models\\User'),(8,163,'App\\Models\\User'),(8,164,'App\\Models\\User'),(8,165,'App\\Models\\User'),(8,166,'App\\Models\\User'),(8,167,'App\\Models\\User'),(8,169,'App\\Models\\User'),(8,170,'App\\Models\\User'),(8,171,'App\\Models\\User'),(8,172,'App\\Models\\User'),(8,173,'App\\Models\\User'),(8,174,'App\\Models\\User'),(8,176,'App\\Models\\User'),(8,177,'App\\Models\\User'),(8,178,'App\\Models\\User'),(8,179,'App\\Models\\User'),(8,180,'App\\Models\\User'),(8,182,'App\\Models\\User'),(8,183,'App\\Models\\User'),(8,184,'App\\Models\\User'),(8,185,'App\\Models\\User'),(8,187,'App\\Models\\User'),(8,189,'App\\Models\\User'),(8,190,'App\\Models\\User'),(8,191,'App\\Models\\User'),(8,192,'App\\Models\\User'),(8,193,'App\\Models\\User'),(8,196,'App\\Models\\User'),(8,197,'App\\Models\\User'),(8,198,'App\\Models\\User'),(8,199,'App\\Models\\User'),(8,200,'App\\Models\\User'),(8,201,'App\\Models\\User'),(8,202,'App\\Models\\User'),(8,203,'App\\Models\\User'),(8,204,'App\\Models\\User'),(8,205,'App\\Models\\User'),(8,206,'App\\Models\\User'),(8,208,'App\\Models\\User'),(8,209,'App\\Models\\User'),(8,210,'App\\Models\\User'),(8,211,'App\\Models\\User'),(8,212,'App\\Models\\User'),(8,213,'App\\Models\\User'),(8,214,'App\\Models\\User'),(8,215,'App\\Models\\User'),(8,216,'App\\Models\\User'),(8,217,'App\\Models\\User'),(8,219,'App\\Models\\User'),(8,220,'App\\Models\\User'),(8,221,'App\\Models\\User'),(8,222,'App\\Models\\User'),(8,223,'App\\Models\\User'),(8,224,'App\\Models\\User'),(8,225,'App\\Models\\User'),(8,226,'App\\Models\\User'),(8,227,'App\\Models\\User'),(8,228,'App\\Models\\User'),(8,229,'App\\Models\\User'),(8,230,'App\\Models\\User'),(8,231,'App\\Models\\User'),(8,232,'App\\Models\\User'),(8,233,'App\\Models\\User'),(8,234,'App\\Models\\User'),(8,235,'App\\Models\\User'),(8,236,'App\\Models\\User'),(8,237,'App\\Models\\User'),(8,238,'App\\Models\\User'),(8,239,'App\\Models\\User'),(8,240,'App\\Models\\User'),(8,241,'App\\Models\\User'),(8,242,'App\\Models\\User'),(8,243,'App\\Models\\User'),(8,244,'App\\Models\\User'),(8,245,'App\\Models\\User'),(8,246,'App\\Models\\User'),(8,247,'App\\Models\\User'),(8,248,'App\\Models\\User'),(8,249,'App\\Models\\User'),(8,250,'App\\Models\\User'),(8,251,'App\\Models\\User'),(8,252,'App\\Models\\User'),(8,253,'App\\Models\\User'),(8,254,'App\\Models\\User'),(8,255,'App\\Models\\User'),(8,256,'App\\Models\\User'),(8,257,'App\\Models\\User'),(8,258,'App\\Models\\User'),(8,259,'App\\Models\\User'),(8,260,'App\\Models\\User'),(8,261,'App\\Models\\User'),(8,262,'App\\Models\\User'),(8,263,'App\\Models\\User'),(8,264,'App\\Models\\User'),(8,265,'App\\Models\\User'),(8,266,'App\\Models\\User'),(8,267,'App\\Models\\User'),(8,268,'App\\Models\\User'),(8,269,'App\\Models\\User'),(8,270,'App\\Models\\User'),(8,271,'App\\Models\\User'),(8,272,'App\\Models\\User'),(8,273,'App\\Models\\User'),(8,274,'App\\Models\\User'),(8,275,'App\\Models\\User'),(8,276,'App\\Models\\User'),(8,277,'App\\Models\\User'),(8,278,'App\\Models\\User'),(8,279,'App\\Models\\User'),(8,280,'App\\Models\\User'),(8,281,'App\\Models\\User'),(8,282,'App\\Models\\User'),(8,283,'App\\Models\\User'),(8,284,'App\\Models\\User'),(8,285,'App\\Models\\User'),(8,286,'App\\Models\\User'),(8,287,'App\\Models\\User'),(8,288,'App\\Models\\User'),(8,289,'App\\Models\\User'),(8,290,'App\\Models\\User'),(8,291,'App\\Models\\User'),(8,292,'App\\Models\\User'),(8,293,'App\\Models\\User'),(8,294,'App\\Models\\User'),(8,295,'App\\Models\\User'),(8,296,'App\\Models\\User'),(8,297,'App\\Models\\User'),(8,298,'App\\Models\\User'),(8,299,'App\\Models\\User'),(8,300,'App\\Models\\User'),(8,301,'App\\Models\\User'),(8,302,'App\\Models\\User'),(8,303,'App\\Models\\User'),(8,304,'App\\Models\\User'),(8,305,'App\\Models\\User'),(8,306,'App\\Models\\User'),(8,307,'App\\Models\\User'),(8,308,'App\\Models\\User'),(8,309,'App\\Models\\User'),(8,310,'App\\Models\\User'),(8,311,'App\\Models\\User'),(8,312,'App\\Models\\User'),(8,313,'App\\Models\\User'),(8,314,'App\\Models\\User'),(8,315,'App\\Models\\User'),(8,316,'App\\Models\\User'),(8,317,'App\\Models\\User'),(8,318,'App\\Models\\User'),(8,319,'App\\Models\\User'),(8,320,'App\\Models\\User'),(8,321,'App\\Models\\User'),(8,322,'App\\Models\\User'),(8,323,'App\\Models\\User'),(8,324,'App\\Models\\User'),(8,325,'App\\Models\\User'),(8,326,'App\\Models\\User'),(8,327,'App\\Models\\User'),(8,328,'App\\Models\\User'),(8,329,'App\\Models\\User'),(8,330,'App\\Models\\User'),(8,331,'App\\Models\\User'),(8,332,'App\\Models\\User'),(8,338,'App\\Models\\User'),(8,344,'App\\Models\\User'),(8,345,'App\\Models\\User'),(8,346,'App\\Models\\User'),(8,347,'App\\Models\\User'),(8,364,'App\\Models\\User'),(8,365,'App\\Models\\User'),(8,366,'App\\Models\\User'),(8,367,'App\\Models\\User'),(8,368,'App\\Models\\User'),(8,369,'App\\Models\\User'),(8,370,'App\\Models\\User'),(8,371,'App\\Models\\User'),(8,372,'App\\Models\\User'),(8,373,'App\\Models\\User'),(8,374,'App\\Models\\User'),(8,375,'App\\Models\\User'),(8,376,'App\\Models\\User'),(8,377,'App\\Models\\User'),(8,378,'App\\Models\\User'),(8,379,'App\\Models\\User'),(9,336,'App\\Models\\User'),(9,353,'App\\Models\\User'),(9,355,'App\\Models\\User'),(9,358,'App\\Models\\User'),(9,359,'App\\Models\\User'),(9,360,'App\\Models\\User'),(9,361,'App\\Models\\User'),(9,362,'App\\Models\\User'),(9,363,'App\\Models\\User'),(10,341,'App\\Models\\User'),(10,342,'App\\Models\\User'),(10,343,'App\\Models\\User');

--
-- Table structure for table `roles`
--

CREATE TABLE `roles` (
  `id` bigint unsigned NOT NULL AUTO_INCREMENT,
  `name` varchar(255) CHARACTER SET utf8mb4 COLLATE utf8mb4_unicode_ci NOT NULL,
  `display_name` varchar(255) CHARACTER SET utf8mb4 COLLATE utf8mb4_unicode_ci DEFAULT NULL,
  `description` varchar(255) CHARACTER SET utf8mb4 COLLATE utf8mb4_unicode_ci DEFAULT NULL,
  `created_at` timestamp NULL DEFAULT NULL,
  `updated_at` timestamp NULL DEFAULT NULL,
  PRIMARY KEY (`id`),
  UNIQUE KEY `roles_name_unique` (`name`)
) ENGINE=InnoDB AUTO_INCREMENT=11 DEFAULT CHARSET=utf8mb4 COLLATE=utf8mb4_unicode_ci;

--
-- Dumping data for table `roles`
--

INSERT INTO `roles` (`id`, `name`, `display_name`, `description`, `created_at`, `updated_at`) VALUES (1,'super_admin','Super Admin','Super Admin','2022-06-21 09:32:18','2022-06-21 09:32:18'),(3,'admin','Admin','Admin','2022-06-21 09:32:18','2022-06-21 09:32:18'),(8,'clients',NULL,NULL,'2023-02-27 18:02:46','2023-02-27 18:02:46'),(9,'Tager',NULL,NULL,'2024-02-18 13:00:42','2024-02-19 00:01:41'),(10,'magic',NULL,NULL,'2024-02-22 00:38:39','2024-02-22 00:38:39');

--
-- Table structure for table `shipping_type_translations`
--

CREATE TABLE `shipping_type_translations` (
  `id` int unsigned NOT NULL AUTO_INCREMENT,
  `shipping_type_id` int unsigned NOT NULL,
  `title` varchar(255) CHARACTER SET utf8mb4 COLLATE utf8mb4_unicode_ci DEFAULT NULL,
  `locale` varchar(255) CHARACTER SET utf8mb4 COLLATE utf8mb4_unicode_ci NOT NULL,
  `created_at` timestamp NULL DEFAULT NULL,
  `updated_at` timestamp NULL DEFAULT NULL,
  PRIMARY KEY (`id`),
  UNIQUE KEY `shipping_type_translations_shipping_type_id_locale_unique` (`shipping_type_id`,`locale`),
  CONSTRAINT `shipping_type_translations_shipping_type_id_foreign` FOREIGN KEY (`shipping_type_id`) REFERENCES `shipping_types` (`id`) ON DELETE CASCADE
) ENGINE=InnoDB DEFAULT CHARSET=utf8mb4 COLLATE=utf8mb4_unicode_ci;

--
-- Dumping data for table `shipping_type_translations`
--


--
-- Table structure for table `shipping_types`
--

CREATE TABLE `shipping_types` (
  `id` int unsigned NOT NULL AUTO_INCREMENT,
  `image` varchar(255) CHARACTER SET utf8mb4 COLLATE utf8mb4_unicode_ci DEFAULT NULL,
  `type` int NOT NULL DEFAULT '0',
  `status` int NOT NULL DEFAULT '0',
  `created_at` timestamp NULL DEFAULT NULL,
  `updated_at` timestamp NULL DEFAULT NULL,
  PRIMARY KEY (`id`)
) ENGINE=InnoDB DEFAULT CHARSET=utf8mb4 COLLATE=utf8mb4_unicode_ci;

--
-- Dumping data for table `shipping_types`
--


--
-- Table structure for table `short_terms`
--

CREATE TABLE `short_terms` (
  `id` int unsigned NOT NULL AUTO_INCREMENT,
  `Ticket` varchar(255) CHARACTER SET utf8mb4 COLLATE utf8mb4_unicode_ci NOT NULL,
  `AccountNo` varchar(255) CHARACTER SET utf8mb4 COLLATE utf8mb4_unicode_ci NOT NULL,
  `Action` varchar(255) CHARACTER SET utf8mb4 COLLATE utf8mb4_unicode_ci NOT NULL,
  `FirstSymbol` varchar(255) CHARACTER SET utf8mb4 COLLATE utf8mb4_unicode_ci NOT NULL,
  `PriceCurrent` varchar(255) CHARACTER SET utf8mb4 COLLATE utf8mb4_unicode_ci NOT NULL,
  `PriceOpen` varchar(255) CHARACTER SET utf8mb4 COLLATE utf8mb4_unicode_ci NOT NULL,
  `PriceSL` varchar(255) CHARACTER SET utf8mb4 COLLATE utf8mb4_unicode_ci NOT NULL,
  `PriceTP` varchar(255) CHARACTER SET utf8mb4 COLLATE utf8mb4_unicode_ci NOT NULL,
  `Profit` varchar(255) CHARACTER SET utf8mb4 COLLATE utf8mb4_unicode_ci NOT NULL,
  `SecondSymbol` varchar(255) CHARACTER SET utf8mb4 COLLATE utf8mb4_unicode_ci NOT NULL,
  `Symbol` varchar(255) CHARACTER SET utf8mb4 COLLATE utf8mb4_unicode_ci DEFAULT NULL,
  `Time` varchar(255) CHARACTER SET utf8mb4 COLLATE utf8mb4_unicode_ci NOT NULL,
  `Volume` varchar(255) CHARACTER SET utf8mb4 COLLATE utf8mb4_unicode_ci NOT NULL,
  `created_at` timestamp NULL DEFAULT NULL,
  `updated_at` timestamp NULL DEFAULT NULL,
  PRIMARY KEY (`id`)
) ENGINE=InnoDB DEFAULT CHARSET=utf8mb4 COLLATE=utf8mb4_unicode_ci;

--
-- Dumping data for table `short_terms`
--


--
-- Table structure for table `slider_translations`
--

CREATE TABLE `slider_translations` (
  `id` int unsigned NOT NULL AUTO_INCREMENT,
  `slider_id` int unsigned NOT NULL,
  `name` varchar(255) CHARACTER SET utf8mb4 COLLATE utf8mb4_unicode_ci DEFAULT NULL,
  `content` varchar(255) CHARACTER SET utf8mb4 COLLATE utf8mb4_unicode_ci DEFAULT NULL,
  `locale` varchar(255) CHARACTER SET utf8mb4 COLLATE utf8mb4_unicode_ci NOT NULL,
  `created_at` timestamp NULL DEFAULT NULL,
  `updated_at` timestamp NULL DEFAULT NULL,
  PRIMARY KEY (`id`),
  UNIQUE KEY `slider_translations_slider_id_locale_unique` (`slider_id`,`locale`),
  KEY `slider_translations_locale_index` (`locale`),
  CONSTRAINT `slider_translations_slider_id_foreign` FOREIGN KEY (`slider_id`) REFERENCES `sliders` (`id`) ON DELETE CASCADE
) ENGINE=InnoDB DEFAULT CHARSET=utf8mb4 COLLATE=utf8mb4_unicode_ci;

--
-- Dumping data for table `slider_translations`
--


--
-- Table structure for table `sliders`
--

CREATE TABLE `sliders` (
  `id` int unsigned NOT NULL AUTO_INCREMENT,
  `image` varchar(255) CHARACTER SET utf8mb4 COLLATE utf8mb4_unicode_ci NOT NULL,
  `type` enum('none','category','product','items','brand','collection') CHARACTER SET utf8mb4 COLLATE utf8mb4_unicode_ci NOT NULL DEFAULT 'none',
  `id_number` int DEFAULT NULL,
  `status` varchar(255) CHARACTER SET utf8mb4 COLLATE utf8mb4_unicode_ci NOT NULL DEFAULT '1',
  `created_at` timestamp NULL DEFAULT NULL,
  `updated_at` timestamp NULL DEFAULT NULL,
  `banner` int DEFAULT '0',
  PRIMARY KEY (`id`)
) ENGINE=InnoDB AUTO_INCREMENT=57 DEFAULT CHARSET=utf8mb4 COLLATE=utf8mb4_unicode_ci;

--
-- Dumping data for table `sliders`
--

INSERT INTO `sliders` (`id`, `image`, `type`, `id_number`, `status`, `created_at`, `updated_at`, `banner`) VALUES (48,'609164-File 8.webp','product',99,'1','2024-02-18 23:21:45','2024-04-21 00:13:12',0),(49,'272142-File 10.webp','product',21,'1','2024-02-19 00:15:26','2024-04-21 00:13:04',1),(51,'86052-File 4.webp','category',21,'1','2024-02-19 01:06:59','2024-04-21 00:12:50',1),(52,'574357-File 11.webp','none',NULL,'1','2024-04-21 00:14:09','2024-04-21 00:14:09',0),(53,'450178-File 1.webp','none',NULL,'1','2024-04-21 00:14:24','2024-04-21 00:14:24',0),(54,'283581-File 12.webp','none',NULL,'1','2024-04-21 00:14:37','2024-04-21 00:14:37',0),(55,'10074-File 6.webp','none',NULL,'1','2024-04-21 00:40:34','2024-04-21 00:40:34',2),(56,'456483-images.jpg','none',NULL,'1','2024-04-21 00:40:56','2024-10-06 21:07:49',1);

--
-- Table structure for table `subcribe_celebrates`
--

CREATE TABLE `subcribe_celebrates` (
  `id` int unsigned NOT NULL AUTO_INCREMENT,
  `user_id` int unsigned DEFAULT NULL,
  `price` varchar(255) CHARACTER SET utf8mb4 COLLATE utf8mb4_unicode_ci DEFAULT NULL,
  `date` date DEFAULT NULL,
  `celebrate_type` varchar(255) CHARACTER SET utf8mb4 COLLATE utf8mb4_unicode_ci DEFAULT NULL,
  `created_at` timestamp NULL DEFAULT NULL,
  `updated_at` timestamp NULL DEFAULT NULL,
  `time` time DEFAULT NULL,
  `owner_id` int DEFAULT NULL,
  `status` varchar(191) CHARACTER SET utf8mb4 COLLATE utf8mb4_unicode_ci DEFAULT NULL,
  PRIMARY KEY (`id`),
  KEY `user_id` (`user_id`),
  CONSTRAINT `subcribe_celebrates_ibfk_1` FOREIGN KEY (`user_id`) REFERENCES `users` (`id`) ON DELETE CASCADE ON UPDATE CASCADE
) ENGINE=InnoDB AUTO_INCREMENT=32 DEFAULT CHARSET=utf8mb4 COLLATE=utf8mb4_unicode_ci;

--
-- Dumping data for table `subcribe_celebrates`
--

INSERT INTO `subcribe_celebrates` (`id`, `user_id`, `price`, `date`, `celebrate_type`, `created_at`, `updated_at`, `time`, `owner_id`, `status`) VALUES (13,341,'10','2024-02-26','نوع المناسبة','2024-02-24 13:55:34','2024-12-22 19:02:13','13:33:57',338,'confirm'),(15,341,'10','2024-02-21','نوع المناسبة','2024-03-25 15:10:36','2024-03-25 17:56:31','13:33:57',338,'cancel'),(16,341,'10','2024-02-27','نوع المناسبة','2024-03-25 18:52:03','2024-03-25 18:52:03','13:33:57',338,NULL),(17,341,'10','2024-02-28','نوع المناسبة','2024-03-25 18:52:20','2024-03-25 18:52:20','13:33:57',338,NULL),(18,341,'10','2024-02-29','نوع المناسبة','2024-03-25 18:52:26','2024-03-25 18:52:26','13:33:57',338,NULL),(19,341,'10','2024-02-24','نوع المناسبة','2024-03-26 13:12:00','2024-03-26 13:12:00','13:33:57',338,'pending'),(20,NULL,NULL,NULL,NULL,'2024-03-26 13:46:54','2024-03-26 13:46:54',NULL,338,'pending'),(21,NULL,NULL,NULL,NULL,'2024-03-26 13:47:03','2024-03-26 13:47:03',NULL,338,'pending'),(22,NULL,NULL,NULL,NULL,'2024-03-26 13:47:55','2024-03-26 13:47:55',NULL,338,'pending'),(23,NULL,NULL,NULL,NULL,'2024-03-26 13:48:02','2024-03-26 13:48:02',NULL,338,'pending'),(24,NULL,NULL,NULL,NULL,'2024-03-26 13:52:36','2024-03-26 13:52:36',NULL,338,'pending'),(25,NULL,NULL,NULL,NULL,'2024-03-26 13:54:07','2024-03-26 13:54:07',NULL,338,'pending'),(26,NULL,NULL,NULL,NULL,'2024-03-26 13:54:27','2024-03-26 13:54:27',NULL,338,'pending'),(27,NULL,NULL,NULL,NULL,'2024-03-26 13:54:34','2024-03-26 13:54:34',NULL,338,'pending'),(28,NULL,NULL,NULL,NULL,'2024-03-26 13:56:03','2024-03-26 13:56:03',NULL,338,'pending'),(29,NULL,NULL,NULL,NULL,'2024-03-26 13:57:13','2024-03-26 13:57:13',NULL,338,'pending'),(30,341,'10.000','2024-03-31',NULL,'2024-03-26 14:01:52','2024-03-26 14:01:52','00:00:20',338,'pending'),(31,341,'10.000','2024-03-24','r1234324','2024-03-27 02:56:19','2024-03-27 02:56:19','00:00:20',338,'pending');

--
-- Table structure for table `subscribe_habanas`
--

CREATE TABLE `subscribe_habanas` (
  `id` int unsigned NOT NULL AUTO_INCREMENT,
  `user_id` int unsigned DEFAULT NULL,
  `nurserie_subscribe_id` int unsigned DEFAULT NULL,
  `name` varchar(255) CHARACTER SET utf8mb4 COLLATE utf8mb4_unicode_ci DEFAULT NULL,
  `image` varchar(255) CHARACTER SET utf8mb4 COLLATE utf8mb4_unicode_ci DEFAULT NULL,
  `payment_type` varchar(255) CHARACTER SET utf8mb4 COLLATE utf8mb4_unicode_ci DEFAULT NULL,
  `start_from` date NOT NULL,
  `end_to` date NOT NULL,
  `age` varchar(255) CHARACTER SET utf8mb4 COLLATE utf8mb4_unicode_ci NOT NULL,
  `created_at` timestamp NULL DEFAULT NULL,
  `updated_at` timestamp NULL DEFAULT NULL,
  `status` varchar(191) CHARACTER SET utf8mb4 COLLATE utf8mb4_unicode_ci DEFAULT NULL,
  PRIMARY KEY (`id`),
  KEY `subscribe_habanas_user_id_foreign` (`user_id`),
  KEY `subscribe_habanas_nurserie_subscribe_id_foreign` (`nurserie_subscribe_id`),
  CONSTRAINT `subscribe_habanas_nurserie_subscribe_id_foreign` FOREIGN KEY (`nurserie_subscribe_id`) REFERENCES `nurserie_subscribes` (`id`) ON DELETE CASCADE,
  CONSTRAINT `subscribe_habanas_user_id_foreign` FOREIGN KEY (`user_id`) REFERENCES `users` (`id`) ON DELETE CASCADE
) ENGINE=InnoDB AUTO_INCREMENT=12 DEFAULT CHARSET=utf8mb4 COLLATE=utf8mb4_unicode_ci;

--
-- Dumping data for table `subscribe_habanas`
--

INSERT INTO `subscribe_habanas` (`id`, `user_id`, `nurserie_subscribe_id`, `name`, `image`, `payment_type`, `start_from`, `end_to`, `age`, `created_at`, `updated_at`, `status`) VALUES (1,143,3,'samer',NULL,NULL,'2024-02-25','2024-03-25','3-5','2024-02-25 19:57:23','2024-12-22 19:05:03','confirm'),(2,338,3,'samer','2024-02-25-Screen Shot 2024-02-24 at 5.57.42 PM.png',NULL,'2024-02-25','2024-03-25','3-5','2024-02-25 19:58:44','2024-02-25 21:13:29','cancel'),(4,338,3,'samer','2024-03-26-Screenshot 2024-03-26 at 7.00.39 PM.png',NULL,'2024-03-26','2024-04-26','3-5','2024-03-26 19:00:57','2024-03-26 19:00:57',NULL),(5,338,4,'samer',NULL,NULL,'2024-03-27','2026-05-27','3-5','2024-03-27 02:40:51','2024-03-27 02:40:51',NULL),(6,338,4,'anwer',NULL,NULL,'2024-03-27','2026-05-27','٣-٥','2024-03-27 02:50:25','2024-03-27 02:50:25',NULL),(7,338,4,'ewfrewqrweqr',NULL,NULL,'2024-03-27','2026-05-27','٣-٥','2024-03-27 02:52:52','2024-03-27 02:52:52',NULL),(8,338,4,'hrrtyetry',NULL,NULL,'2024-03-27','2026-05-27','٣-٥','2024-03-27 02:54:54','2024-03-27 02:54:54',NULL),(9,338,4,'ewrewrew',NULL,NULL,'2024-03-27','2026-05-27','٣-٥','2024-03-27 02:55:48','2024-03-27 02:55:48',NULL),(10,338,4,'anwer',NULL,NULL,'2024-03-27','2026-05-27','٥-٦','2024-03-27 13:29:07','2024-03-27 13:29:07',NULL),(11,338,4,NULL,NULL,NULL,'2024-04-17','2026-06-17','٣-٥','2024-04-17 12:00:43','2024-04-17 12:00:43',NULL);

--
-- Table structure for table `tagers`
--

CREATE TABLE `tagers` (
  `id` int unsigned NOT NULL AUTO_INCREMENT,
  `user_id` int unsigned NOT NULL,
  `instagram_link` varchar(255) CHARACTER SET utf8mb4 COLLATE utf8mb4_unicode_ci DEFAULT NULL,
  `banners` text CHARACTER SET utf8mb4 COLLATE utf8mb4_unicode_ci,
  `created_at` timestamp NULL DEFAULT NULL,
  `updated_at` timestamp NULL DEFAULT NULL,
  PRIMARY KEY (`id`),
  KEY `tagers_user_id_foreign` (`user_id`)
) ENGINE=InnoDB AUTO_INCREMENT=17 DEFAULT CHARSET=utf8mb4 COLLATE=utf8mb4_unicode_ci;

--
-- Dumping data for table `tagers`
--

INSERT INTO `tagers` (`id`, `user_id`, `instagram_link`, `banners`, `created_at`, `updated_at`) VALUES (2,47,'https://forsa.topapp-kw.com/ar/admin/panel/tagers/create','[\"2022-06-26-e5e46aed80d0ea36e1ce0e66694b02f81648659101471.png\"]','2022-06-25 08:39:01','2022-06-26 08:48:14'),(3,51,'https://forsa.topapp-kw.com/ar/admin/panel/tagers/create','[\"2022-06-26-unnamed.png\"]','2022-06-25 08:43:38','2022-06-26 08:52:05'),(4,52,'https://forsa.topapp-kw.com/ar/admin/panel/tagers/create','[\"2022-06-25-unnamed-1.png\"]','2022-06-25 08:49:26','2022-06-25 08:49:26'),(5,53,'https://forsa.topapp-kw.com/ar/admin/panel/tagers/create','[\"2022-06-25-b350d943a372f3f36a876b10b3f40038_icon.png\"]','2022-06-25 08:53:19','2022-06-25 08:53:19'),(8,353,'https://bobo.topapp-kw.com/ar/cpanel/admin/tagers/create','[]','2024-04-21 15:16:44','2024-12-22 18:55:26'),(10,355,'https://www.instagram.com/','[]','2024-05-05 10:46:54','2024-05-05 11:01:02'),(11,358,'https://www.instagram.com/','[\"2024-05-05-celeb-icons_886.jpg\"]','2024-05-05 10:51:05','2024-05-05 10:51:05'),(12,359,'https://www.instagram.com/','[\"2024-05-05-arwa-nasr-celeb-icons.jpg\"]','2024-05-05 10:53:02','2024-05-05 10:53:02'),(13,360,'https://www.instagram.com/','[\"2024-05-05-\\u0627\\u0645\\u064a\\u0646 \\u0627\\u0644\\u0644\\u0648\\u0631\\u062f.jpg\"]','2024-05-05 11:03:16','2024-05-05 11:03:16'),(14,361,'https://www.instagram.com/','[\"2024-05-05-\\u0627\\u062d\\u0645\\u062f \\u0627\\u0644\\u0633\\u0627\\u0644\\u0645.jpg\"]','2024-05-05 11:04:41','2024-05-05 11:04:41'),(15,362,'https://www.instagram.com/','[\"2024-05-05-\\u0628\\u062f\\u0631 \\u0633\\u0644\\u0637\\u0627\\u0646.jpg\"]','2024-05-05 11:05:57','2024-05-05 11:05:57'),(16,363,'https://www.instagram.com/','[\"2024-05-05-\\u0627\\u062d\\u0645\\u062f \\u0627\\u0644\\u062d\\u0628\\u0633\\u064a.jpg\"]','2024-05-05 11:08:24','2024-05-05 11:08:24');

--
-- Table structure for table `topic_subscripts`
--

CREATE TABLE `topic_subscripts` (
  `id` int unsigned NOT NULL AUTO_INCREMENT,
  `topics_id` int unsigned DEFAULT NULL,
  `status` varchar(255) CHARACTER SET utf8mb4 COLLATE utf8mb4_unicode_ci NOT NULL,
  `symobleName` varchar(255) CHARACTER SET utf8mb4 COLLATE utf8mb4_unicode_ci NOT NULL,
  `created_at` timestamp NULL DEFAULT NULL,
  `updated_at` timestamp NULL DEFAULT NULL,
  PRIMARY KEY (`id`),
  KEY `topic_subscripts_topics_id_foreign` (`topics_id`),
  CONSTRAINT `topic_subscripts_topics_id_foreign` FOREIGN KEY (`topics_id`) REFERENCES `topics` (`id`) ON DELETE CASCADE
) ENGINE=InnoDB DEFAULT CHARSET=utf8mb4 COLLATE=utf8mb4_unicode_ci;

--
-- Dumping data for table `topic_subscripts`
--


--
-- Table structure for table `topics`
--

CREATE TABLE `topics` (
  `id` int unsigned NOT NULL AUTO_INCREMENT,
  `token` text CHARACTER SET utf8mb4 COLLATE utf8mb4_unicode_ci,
  `created_at` timestamp NULL DEFAULT NULL,
  `updated_at` timestamp NULL DEFAULT NULL,
  PRIMARY KEY (`id`)
) ENGINE=InnoDB DEFAULT CHARSET=utf8mb4 COLLATE=utf8mb4_unicode_ci;

--
-- Dumping data for table `topics`
--


--
-- Table structure for table `user_addresses`
--

CREATE TABLE `user_addresses` (
  `id` int unsigned NOT NULL AUTO_INCREMENT,
  `user_id` int unsigned DEFAULT NULL,
  `governments_id` int unsigned DEFAULT NULL,
  `region_id` int unsigned DEFAULT NULL,
  `block` varchar(255) CHARACTER SET utf8mb4 COLLATE utf8mb4_unicode_ci NOT NULL,
  `Street_number` varchar(255) CHARACTER SET utf8mb4 COLLATE utf8mb4_unicode_ci NOT NULL,
  `gada` varchar(191) CHARACTER SET utf8mb4 COLLATE utf8mb4_unicode_ci DEFAULT NULL,
  `Apartment_number` varchar(255) CHARACTER SET utf8mb4 COLLATE utf8mb4_unicode_ci NOT NULL,
  `floor_number` varchar(255) CHARACTER SET utf8mb4 COLLATE utf8mb4_unicode_ci NOT NULL,
  `house_number` varchar(255) CHARACTER SET utf8mb4 COLLATE utf8mb4_unicode_ci NOT NULL,
  `type` varchar(255) CHARACTER SET utf8mb4 COLLATE utf8mb4_unicode_ci NOT NULL,
  `user_name` varchar(255) CHARACTER SET utf8mb4 COLLATE utf8mb4_unicode_ci DEFAULT NULL,
  `phone` varchar(255) CHARACTER SET utf8mb4 COLLATE utf8mb4_unicode_ci DEFAULT NULL,
  `email` varchar(255) CHARACTER SET utf8mb4 COLLATE utf8mb4_unicode_ci DEFAULT NULL,
  `created_at` timestamp NULL DEFAULT NULL,
  `updated_at` timestamp NULL DEFAULT NULL,
  `checked` varchar(11) CHARACTER SET utf8mb4 COLLATE utf8mb4_unicode_ci DEFAULT NULL,
  `lat` varchar(191) CHARACTER SET utf8mb4 COLLATE utf8mb4_unicode_ci DEFAULT NULL,
  `long` varchar(191) CHARACTER SET utf8mb4 COLLATE utf8mb4_unicode_ci DEFAULT NULL,
  `country_id` int DEFAULT NULL,
  `secondphone` varchar(191) CHARACTER SET utf8mb4 COLLATE utf8mb4_unicode_ci DEFAULT NULL,
  `governments` varchar(191) CHARACTER SET utf8mb4 COLLATE utf8mb4_unicode_ci DEFAULT NULL,
  `regions` varchar(191) CHARACTER SET utf8mb4 COLLATE utf8mb4_unicode_ci DEFAULT NULL,
  `note` text CHARACTER SET utf8mb4 COLLATE utf8mb4_unicode_ci,
  `civil_id` varchar(191) CHARACTER SET utf8mb4 COLLATE utf8mb4_unicode_ci DEFAULT NULL,
  `mac_address` varchar(191) CHARACTER SET utf8mb4 COLLATE utf8mb4_unicode_ci DEFAULT NULL,
  `key` varchar(191) CHARACTER SET utf8mb4 COLLATE utf8mb4_unicode_ci DEFAULT NULL,
  PRIMARY KEY (`id`),
  KEY `user_addresses_user_id_foreign` (`user_id`),
  KEY `user_addresses_governments_id_foreign` (`governments_id`),
  KEY `user_addresses_region_id_foreign` (`region_id`)
) ENGINE=InnoDB AUTO_INCREMENT=31 DEFAULT CHARSET=utf8mb4 COLLATE=utf8mb4_unicode_ci;

--
-- Dumping data for table `user_addresses`
--

INSERT INTO `user_addresses` (`id`, `user_id`, `governments_id`, `region_id`, `block`, `Street_number`, `gada`, `Apartment_number`, `floor_number`, `house_number`, `type`, `user_name`, `phone`, `email`, `created_at`, `updated_at`, `checked`, `lat`, `long`, `country_id`, `secondphone`, `governments`, `regions`, `note`, `civil_id`, `mac_address`, `key`) VALUES (3,NULL,1,1,'2','5','1','1','4','4','1','samer','55022830',NULL,'2024-02-20 01:12:54','2024-08-25 16:34:51','false',NULL,NULL,1,NULL,NULL,NULL,'asdasdas',NULL,'98762asds5325d',NULL),(10,NULL,1,1,'2','5','1','1','4','4','1','samer','55022830',NULL,'2024-08-25 16:30:14','2024-08-25 16:34:51','false',NULL,NULL,1,NULL,NULL,NULL,'asdasdas',NULL,'98762asds5325d',NULL),(11,NULL,1,1,'2','5','1','1','4','4','1','samer','55022830',NULL,'2024-08-25 16:30:54','2024-08-25 16:34:51','false',NULL,NULL,1,NULL,NULL,NULL,'asdasdas',NULL,'98762asds5325d',NULL),(12,NULL,1,1,'21','5','111','1','4','4','1','samer','55022830',NULL,'2024-08-25 16:31:13','2024-08-25 16:34:51','false',NULL,NULL,1,NULL,NULL,NULL,'asdasdas',NULL,'98762asds5325d',NULL),(13,NULL,1,1,'21','533','111','1','4','4','1','samer','55022830',NULL,'2024-08-25 16:33:13','2024-08-25 16:34:51','false',NULL,NULL,1,NULL,NULL,NULL,'asdasdas',NULL,'98762asds5325d',NULL),(14,NULL,8,19,'21','533','111','1','4','4','1','samer','55022830',NULL,'2024-08-25 16:34:42','2024-08-25 16:34:51','true',NULL,NULL,1,NULL,NULL,NULL,'asdasdas',NULL,'98762asds5325d',NULL),(16,NULL,9,62,'2','3','3','5','3','3','1','anwwr','+96555555555',NULL,'2024-10-06 21:13:36','2024-10-06 22:15:32','false',NULL,NULL,NULL,NULL,NULL,NULL,NULL,NULL,'987625325d',NULL),(17,NULL,10,90,'45','2','2','2','2','2','1','answer new','+96567787654',NULL,'2024-10-06 21:16:03','2024-10-06 22:15:32','false',NULL,NULL,NULL,NULL,NULL,NULL,NULL,NULL,'987625325d',NULL),(18,NULL,1,1,'2','5','1','1','4','4','1','samer','55022830',NULL,'2024-10-06 21:17:48','2024-10-06 21:17:48',NULL,NULL,NULL,1,NULL,NULL,NULL,'asdasdas',NULL,'98762asds5325d',NULL),(21,NULL,9,62,'4','4','4','77','7','8','1','answer app','+96567782374',NULL,'2024-10-06 21:27:29','2024-10-06 22:58:20','true',NULL,NULL,NULL,NULL,NULL,NULL,'8',NULL,'FF02ABE7-1B7E-4911-B6D5-64543649BE08',NULL),(22,NULL,10,92,'5','5','5','5','5','5','1','anwer','+96567782374',NULL,'2024-10-06 23:42:43','2024-10-06 23:43:31','true',NULL,NULL,NULL,NULL,NULL,NULL,'7',NULL,'77D4C79B-3F80-49CE-838C-95C822AB8649',NULL),(24,NULL,9,64,'3','3','3','3','3','3','1','answer shehata','+965677823764',NULL,'2024-10-16 01:43:26','2024-10-16 13:09:10','true',NULL,NULL,NULL,NULL,NULL,NULL,'5',NULL,'CECCA821-D230-4FA6-841A-BF23657E2BC0',NULL),(25,NULL,9,62,'3','6','9','4','9','6','1','anaer','+965677823',NULL,'2024-10-16 19:24:40','2024-10-16 19:24:46','true',NULL,NULL,NULL,NULL,NULL,NULL,'888',NULL,'4FE178BE-E94D-44A7-92AF-226ED52C18A6',NULL),(26,NULL,9,62,'2','2','2','2','2','2','1','anwer','+96567782374',NULL,'2024-10-19 10:55:18','2024-10-19 10:55:24','true',NULL,NULL,NULL,NULL,NULL,NULL,'22',NULL,'188d0f982e033aa5',NULL),(27,NULL,12,125,'3','31',NULL,'9','2','8','1','abrar','+96551719000',NULL,'2024-10-22 10:28:49','2024-10-22 10:28:57','true',NULL,NULL,NULL,NULL,NULL,NULL,NULL,NULL,'A233590D-65D4-4683-B482-61193B9D3F97',NULL),(28,NULL,9,63,'jjhh','ggg','vvv','','','vv','1',NULL,'+965',NULL,'2024-11-05 05:08:44','2024-11-05 05:08:44',NULL,NULL,NULL,NULL,NULL,NULL,NULL,NULL,NULL,'85fe54edf3d7741f',NULL),(29,NULL,9,63,'2','8','77','9','6','88','1','asd','+96567782374',NULL,'2024-12-02 19:43:31','2024-12-02 19:43:36','true',NULL,NULL,NULL,NULL,NULL,NULL,NULL,NULL,'387B03A4-2851-4768-A9C8-A214A5316791',NULL),(30,NULL,9,62,'hggg','hbb','hhb','bbbv','bbb','hbb','1','التتال','+965688588',NULL,'2025-08-13 11:29:05','2025-08-13 11:29:11','true',NULL,NULL,NULL,NULL,NULL,NULL,'bvb',NULL,'315A5121-AB0F-477D-B7D3-DACB28248198',NULL);

--
-- Table structure for table `user_categories`
--

CREATE TABLE `user_categories` (
  `id` int unsigned NOT NULL AUTO_INCREMENT,
  `user_id` int unsigned NOT NULL,
  `category_id` int unsigned NOT NULL,
  `created_at` timestamp NULL DEFAULT NULL,
  `updated_at` timestamp NULL DEFAULT NULL,
  PRIMARY KEY (`id`),
  KEY `user_categories_user_id_foreign` (`user_id`),
  KEY `user_categories_category_id_foreign` (`category_id`)
) ENGINE=InnoDB AUTO_INCREMENT=28 DEFAULT CHARSET=utf8mb4 COLLATE=utf8mb4_unicode_ci;

--
-- Dumping data for table `user_categories`
--

INSERT INTO `user_categories` (`id`, `user_id`, `category_id`, `created_at`, `updated_at`) VALUES (2,47,3,NULL,NULL),(3,51,4,NULL,NULL),(4,52,3,NULL,NULL),(5,53,3,NULL,NULL),(9,47,10,NULL,NULL),(10,340,1,NULL,NULL),(11,348,1,NULL,NULL),(12,351,7,NULL,NULL),(13,352,7,NULL,NULL),(14,353,7,NULL,NULL),(15,355,7,NULL,NULL),(16,358,7,NULL,NULL),(17,358,8,NULL,NULL),(18,359,7,NULL,NULL),(19,359,8,NULL,NULL),(20,360,7,NULL,NULL),(21,360,8,NULL,NULL),(22,361,7,NULL,NULL),(23,361,8,NULL,NULL),(24,362,7,NULL,NULL),(25,362,8,NULL,NULL),(26,363,7,NULL,NULL),(27,363,8,NULL,NULL);

--
-- Table structure for table `user_orders`
--

CREATE TABLE `user_orders` (
  `id` int unsigned NOT NULL AUTO_INCREMENT,
  `user_id` int unsigned DEFAULT NULL,
  `order_id` int unsigned DEFAULT NULL,
  `status` enum('wait','refused','accepted','shipped','complete') CHARACTER SET utf8mb4 COLLATE utf8mb4_unicode_ci NOT NULL,
  `created_at` timestamp NULL DEFAULT NULL,
  `updated_at` timestamp NULL DEFAULT NULL,
  PRIMARY KEY (`id`),
  KEY `user_orders_user_id_foreign` (`user_id`),
  KEY `user_orders_order_id_foreign` (`order_id`)
) ENGINE=InnoDB DEFAULT CHARSET=utf8mb4 COLLATE=utf8mb4_unicode_ci;

--
-- Dumping data for table `user_orders`
--


--
-- Table structure for table `user_products`
--

CREATE TABLE `user_products` (
  `id` int unsigned NOT NULL AUTO_INCREMENT,
  `user_id` int unsigned NOT NULL,
  `product_id` int unsigned NOT NULL,
  `created_at` timestamp NULL DEFAULT NULL,
  `updated_at` timestamp NULL DEFAULT NULL,
  PRIMARY KEY (`id`),
  KEY `user_products_user_id_foreign` (`user_id`),
  KEY `user_products_product_id_foreign` (`product_id`)
) ENGINE=InnoDB AUTO_INCREMENT=17 DEFAULT CHARSET=utf8mb4 COLLATE=utf8mb4_unicode_ci;

--
-- Dumping data for table `user_products`
--

INSERT INTO `user_products` (`id`, `user_id`, `product_id`, `created_at`, `updated_at`) VALUES (16,1,3,NULL,NULL);

--
-- Table structure for table `users`
--

CREATE TABLE `users` (
  `id` int unsigned NOT NULL AUTO_INCREMENT,
  `name` varchar(255) CHARACTER SET utf8mb4 COLLATE utf8mb4_unicode_ci NOT NULL,
  `email` varchar(255) CHARACTER SET utf8mb4 COLLATE utf8mb4_unicode_ci NOT NULL,
  `email_verified_at` timestamp NULL DEFAULT NULL,
  `password` varchar(255) CHARACTER SET utf8mb4 COLLATE utf8mb4_unicode_ci DEFAULT NULL,
  `status` int NOT NULL DEFAULT '0',
  `phone` varchar(255) CHARACTER SET utf8mb4 COLLATE utf8mb4_unicode_ci DEFAULT NULL,
  `unique_id` varchar(255) CHARACTER SET utf8mb4 COLLATE utf8mb4_unicode_ci DEFAULT NULL,
  `civil_id` varchar(255) CHARACTER SET utf8mb4 COLLATE utf8mb4_unicode_ci DEFAULT NULL,
  `activation_code` varchar(255) CHARACTER SET utf8mb4 COLLATE utf8mb4_unicode_ci DEFAULT NULL,
  `remember_token` varchar(100) CHARACTER SET utf8mb4 COLLATE utf8mb4_unicode_ci DEFAULT NULL,
  `created_at` timestamp NULL DEFAULT NULL,
  `updated_at` timestamp NULL DEFAULT NULL,
  `address` varchar(255) CHARACTER SET utf8mb4 COLLATE utf8mb4_unicode_ci DEFAULT NULL,
  `lat` varchar(255) CHARACTER SET utf8mb4 COLLATE utf8mb4_unicode_ci DEFAULT NULL,
  `long` varchar(255) CHARACTER SET utf8mb4 COLLATE utf8mb4_unicode_ci DEFAULT NULL,
  `image` varchar(255) CHARACTER SET utf8mb4 COLLATE utf8mb4_unicode_ci DEFAULT NULL,
  `device_token` text CHARACTER SET utf8mb4 COLLATE utf8mb4_unicode_ci,
  `celebratePrice` decimal(8,3) DEFAULT NULL,
  `content_ar` text CHARACTER SET utf8mb4 COLLATE utf8mb4_unicode_ci,
  `content_en` text CHARACTER SET utf8mb4 COLLATE utf8mb4_unicode_ci,
  `gender` varchar(191) CHARACTER SET utf8mb4 COLLATE utf8mb4_unicode_ci DEFAULT NULL,
  `category_id` int DEFAULT NULL,
  PRIMARY KEY (`id`),
  UNIQUE KEY `users_email_unique` (`email`),
  UNIQUE KEY `users_phone_unique` (`phone`)
) ENGINE=InnoDB AUTO_INCREMENT=380 DEFAULT CHARSET=utf8mb4 COLLATE=utf8mb4_unicode_ci;

--
-- Dumping data for table `users`
--

INSERT INTO `users` (`id`, `name`, `email`, `email_verified_at`, `password`, `status`, `phone`, `unique_id`, `civil_id`, `activation_code`, `remember_token`, `created_at`, `updated_at`, `address`, `lat`, `long`, `image`, `device_token`, `celebratePrice`, `content_ar`, `content_en`, `gender`, `category_id`) VALUES (1,'admin','admin@admin.com',NULL,'$2y$10$g9ceBZqU5q04D9oL5lUXOuF7Nxvnnf6WQF4E6nouYEL4rGuQS6MOy',1,NULL,NULL,'3222',NULL,NULL,'2022-06-21 09:32:18','2022-10-30 11:31:09',NULL,NULL,NULL,NULL,NULL,NULL,NULL,NULL,NULL,NULL),(143,'samer','samerabdelmonem96@gmail.com',NULL,'$2y$10$OARRLkRYDGrtiY8mxPUqf.8cHX9/yaKsvn.qTigHfFXXhsi1vHnSG',1,'+96551007138',NULL,NULL,'41404',NULL,'2023-04-09 20:03:19','2024-02-18 23:10:07',NULL,NULL,NULL,NULL,'cSlTYtSwSiaegOElHgKrGi:APA91bGvaYFnAtI-TbbIQ5dk6_BFMxSX791XOTtHL55-v2Yb4X5gyV3LHSyQbKqvRpMrJ7SuAdLvIPZsQ3_0Do278JyE1ydbo7N-fXGAAlRSd8Yt9t9kBDK1d5IykZLIZ3SEBBcBQTEn',NULL,NULL,NULL,NULL,NULL),(338,'same abooda','sameravooasd@gmail.com',NULL,'$2y$10$Xzte7uud7yW/bbOOITwBoOHmaiRmPENWqCq445/IuUdPWVKsPN7BC',1,'+96551007133',NULL,NULL,'25821',NULL,'2024-02-18 23:06:52','2024-02-22 01:07:22',NULL,NULL,NULL,'2024-02-22-Screen Shot 2024-02-18 at 11.46.25 AM.png',NULL,NULL,NULL,NULL,NULL,NULL),(339,'sadasd','asdasd@gmail.com',NULL,'$2y$10$G8JXsZNcL1tkR3uhnjnqdOmMWRxIXQYICyjhNaA4wf.0pZFQcm2O6',1,'+9655123123',NULL,NULL,'820293',NULL,'2024-02-19 00:01:11','2024-02-19 00:01:11',NULL,NULL,NULL,'2024-02-19-Screen Shot 2024-02-18 at 11.46.25 AM.png',NULL,NULL,NULL,NULL,NULL,NULL),(341,'sameraboo','samerabooda@gmail.com',NULL,'$2y$10$BiN/PAX0k4ud8HVx9.MsHO/6HVqj5BqSC.6wHtDFeSDexCINCVGae',1,'51009872',NULL,NULL,NULL,NULL,'2024-02-22 00:42:45','2024-08-08 22:55:15',NULL,NULL,NULL,NULL,NULL,10.000,'<p>asdasd</p>','<p>asd</p>',NULL,9),(342,'samer','ss@gmail.com',NULL,'$2y$10$UuLQg3bACftpqmUv5T5OK.NAg41Hd6wj.0zZmi1cKuq7VCrF1JQ1C',1,'51001231',NULL,NULL,NULL,NULL,'2024-02-22 00:59:03','2024-02-22 00:59:03',NULL,NULL,NULL,'2024-02-22-Screen Shot 2024-02-18 at 11.46.25 AM.png',NULL,12.000,NULL,NULL,NULL,NULL),(343,'asdasasd','asdasda@gmailc.om',NULL,'$2y$10$jNkrHCxs6Vb3vdLnEt36J.l9b/gFk.yf.FSZJBOxmilC6Xf1C7Nxy',1,'55423231',NULL,NULL,NULL,NULL,'2024-03-26 00:37:48','2024-03-26 00:52:27',NULL,NULL,NULL,'2024-03-26-sweets.jpg',NULL,11.000,'<p>3222</p>','<p>232e32</p>',NULL,NULL),(344,'samerasas','asqawwsda3asdc4@gmail.com',NULL,'$2y$10$a3Z.yH9KMYEJZ0liSuBFC.TRb0zVwQj891MwEIEScRz6RjrO4U11S',0,'+965510071333',NULL,NULL,'26281',NULL,'2024-03-26 19:53:19','2024-03-26 19:53:19',NULL,NULL,NULL,NULL,NULL,NULL,NULL,NULL,NULL,NULL),(345,'anwero','anwer@as',NULL,'$2y$10$/Ae1XPgG.umJAANOL1dZMOXoO1xRZWTlAKUkJBd548.Y9NWaKgYIm',0,'+96599999999',NULL,NULL,'43202',NULL,'2024-03-26 20:05:09','2024-03-26 20:05:09',NULL,NULL,NULL,NULL,NULL,NULL,NULL,NULL,NULL,NULL),(346,'anwershehata','asasas@٢',NULL,'$2y$10$hmuJIdbGr3PTimtFj9gB1ulZwHDLB7KtoDv1sbKfOUoqnWG2wZtlC',0,'+96523452435',NULL,NULL,'17566',NULL,'2024-03-26 21:18:35','2024-03-26 21:18:35',NULL,NULL,NULL,NULL,NULL,NULL,NULL,NULL,NULL,NULL),(347,'anwer','an@as.co',NULL,'$2y$10$ImPZA.SkJvAn/aUdnF0JjO16J3G/dwHZjYuMLaMnKwKT8B7G9j7k.',0,'+96522222222',NULL,NULL,'66939',NULL,'2024-04-17 11:36:32','2024-04-17 11:36:32',NULL,NULL,NULL,NULL,NULL,NULL,NULL,NULL,NULL,NULL),(353,'منال','sdaa@gmail.com',NULL,'$2y$10$SUnXP0Xu/0vNthsODNbQtOjTFlHsJEqLjv8tJYjxfW02QmVHJYcvC',1,'+96551071332',NULL,NULL,'61044',NULL,'2024-04-21 15:16:44','2024-12-22 18:59:53',NULL,NULL,NULL,'2024-12-22-2024-05-05-al-danah-beauty-celeb-icons.jpg',NULL,NULL,NULL,NULL,'male',0),(355,'احلام','anwer1@gmail.com',NULL,'$2y$10$WZIC2/iLt0SaWvDZLfbrUuYAZnRGPtewQcSzytvgyOgR2s9JBiFEG',1,'+96511111111',NULL,NULL,'869096',NULL,'2024-05-05 10:46:54','2024-05-05 11:01:02',NULL,NULL,NULL,'2024-05-05-elham.jpg',NULL,NULL,NULL,NULL,'male',NULL),(358,'اماني','anwerw2@gmail.com',NULL,'$2y$10$PaKIZBHKfKdlTiAyTSmUxu5TjzgZ3QtMAntBxFw8GeZAzdjsfSrHK',1,'+96523234345',NULL,NULL,'941194',NULL,'2024-05-05 10:51:04','2024-05-05 10:51:04',NULL,NULL,NULL,'2024-05-05-celeb-icons_886.jpg',NULL,NULL,NULL,NULL,'female',NULL),(359,'اروي','anwer44@gmail.com',NULL,'$2y$10$V/BTfiSfLlUGtMI1o8C/eOjDUIp9xK/nnyHiwwerHP6uUCqa201Y6',1,'+96534567875',NULL,NULL,'66631',NULL,'2024-05-05 10:53:02','2024-05-05 10:53:02',NULL,NULL,NULL,'2024-05-05-arwa-nasr-celeb-icons.jpg',NULL,NULL,NULL,NULL,'female',NULL),(360,'امين اللورد','anwer66@gmail.com',NULL,'$2y$10$5MEnvHRkhNpBP39RvZd2qesWX3TZ5VQXInP5GTrm4ukhmU6wV242q',1,'+9658888888',NULL,NULL,'860480',NULL,'2024-05-05 11:03:16','2024-05-05 11:03:16',NULL,NULL,NULL,'2024-05-05-امين اللورد.jpg',NULL,NULL,NULL,NULL,'male',NULL),(361,'احمد السالم','andddd@gmail.com',NULL,'$2y$10$l.9thDLJIAyFCj8dy2akTuprRuFmRmW0ycNQH9O0zqCOBsvyEg4F6',1,'+96567676767',NULL,NULL,'135083',NULL,'2024-05-05 11:04:41','2024-05-05 11:04:41',NULL,NULL,NULL,'2024-05-05-احمد السالم.jpg',NULL,NULL,NULL,NULL,'male',NULL),(362,'بدر سلطان','anwer444@gmail.com',NULL,'$2y$10$KY4gIgB4aLQJ6UcRpvL03ueF31P40NT0D7Sg6MSRf6ubLcm1avYNa',1,'+96578767676',NULL,NULL,'363914',NULL,'2024-05-05 11:05:57','2024-05-05 11:05:57',NULL,NULL,NULL,'2024-05-05-بدر سلطان.jpg',NULL,NULL,NULL,NULL,'male',NULL),(363,'احمد الحبسي','anwerggfgf@gmail.com',NULL,'$2y$10$IoIE/uN5bmN9yLl9wEbRx.RxA8eZeYaEEGEYk81RHXOJAd1FGQTRi',1,'+9657888777',NULL,NULL,'388906',NULL,'2024-05-05 11:08:24','2024-05-05 11:08:24',NULL,NULL,NULL,'2024-05-05-احمد الحبسي.jpg',NULL,NULL,NULL,NULL,'female',NULL),(364,'fahad','ceo@dotkuw.com',NULL,'$2y$10$uET4.3qs5VkG4aXd69bqmu8NONWHkrcyJuue23L/SAKm83W06BIza',1,'65656594',NULL,NULL,NULL,NULL,'2024-07-15 18:46:05','2024-07-15 18:46:05',NULL,NULL,NULL,NULL,NULL,NULL,NULL,NULL,NULL,NULL),(365,'add','aaaaa@gmail.com',NULL,'$2y$10$EQ4NA93wH8oAzzbtIlzBB.p.1OknkGQifjF9QVYvBFrCpIv3A9lq6',0,'+96512345678',NULL,NULL,'51902',NULL,'2024-07-17 10:11:54','2024-07-17 10:11:54',NULL,NULL,NULL,NULL,NULL,NULL,NULL,NULL,NULL,NULL),(366,'samerasas3','asqawwsd3a3asdc4@gmail.com',NULL,'$2y$10$evh0piXiqt.iUMItotWGWOMoY3FoTbw7IQYwuKEli7W6go4cAysea',0,'+9655100713333',NULL,NULL,'25446',NULL,'2024-07-17 15:01:29','2024-07-17 15:01:29',NULL,NULL,NULL,NULL,NULL,NULL,NULL,NULL,NULL,NULL),(367,'anwerddd','andddddd@gmail.com',NULL,'$2y$10$omOCH6/IeR.rby7UEnO0wu/EtZ4EpfQN/aK5tpZlFXJrR5Nt22gG6',1,'+96588888888',NULL,NULL,'58392',NULL,'2024-07-17 15:05:52','2024-07-17 15:06:05',NULL,NULL,NULL,NULL,NULL,NULL,NULL,NULL,NULL,NULL),(368,'انور شحاتة عبد الزاهر','anwer888@gmail.com',NULL,'$2y$10$6GyLyOompnFJwM0TdeVLX.hYTyWKFho7sFd5IbIOQkAjIDuhpimga',1,'+96588888889',NULL,NULL,'16108',NULL,'2024-07-17 19:05:56','2024-07-17 19:06:05',NULL,NULL,NULL,NULL,NULL,NULL,NULL,NULL,NULL,NULL),(369,'انور شحاتة عبد الزاهر','anwer88@gmail.coom',NULL,'$2y$10$kFM3aIk5YLo0KdN/0r8n4eGmpuxISraLi8T9u/J9hnDsH7cd9ko3.',0,'+96555555555',NULL,NULL,'22135',NULL,'2024-07-29 09:49:10','2024-07-29 09:49:10',NULL,NULL,NULL,NULL,NULL,NULL,NULL,NULL,NULL,NULL),(370,'samerasas','asqawwdsdssa3asdc@gmail.com',NULL,'$2y$10$HnV3FwOOQk.Di1pU53CbmO4n6fMr.4gIQvhwKs0FoeeUV2KTJXhia',0,'+965510071332',NULL,NULL,'21289',NULL,'2024-08-06 21:14:30','2024-08-06 21:14:30',NULL,NULL,NULL,NULL,NULL,NULL,NULL,NULL,NULL,NULL),(371,'anwer','anwer00@gmail.com',NULL,'$2y$10$ARo4bxxhWtDBgdcOC94Cm.BnUtOp6g.iGKYLZx7yNS1KYMlIhW8FW',1,'+96500000000',NULL,NULL,'63629',NULL,'2024-08-12 15:00:12','2024-08-12 15:00:22',NULL,NULL,NULL,NULL,NULL,NULL,NULL,NULL,NULL,NULL),(372,'aggggggg','assssssdd@gmail.com',NULL,'$2y$10$dw8crOm28ZlTRNt5MGtZwuxK3a0Og/4VSIqFkbyh5IeVVjJU18m8W',1,'+96577776567',NULL,NULL,'95949',NULL,'2024-08-12 15:22:59','2024-08-12 15:23:18',NULL,NULL,NULL,NULL,NULL,NULL,NULL,NULL,NULL,NULL),(373,'abrar','abrar.sairat@hotmail.com',NULL,'$2y$10$SPcXpd3Px3dhTWXPrlpz1uOiZL4o0fGoipwi8XkJugvcVZTbbXBDC',1,'+96551719000',NULL,NULL,'79492',NULL,'2024-08-24 15:54:10','2024-08-24 15:54:26',NULL,NULL,NULL,NULL,NULL,NULL,NULL,NULL,NULL,NULL),(374,'anwer test','anwert@gmail.com',NULL,'$2y$10$/AMAruomcFFICLVU7yY33eGUx0v9uFbRjTmtU/l7btjygonbeK.lK',1,'+96567782374',NULL,NULL,'94939',NULL,'2024-10-09 12:31:12','2024-10-09 12:31:26',NULL,NULL,NULL,NULL,NULL,NULL,NULL,NULL,NULL,NULL),(375,'anwer test','anwertest@admin.com',NULL,'$2y$10$vU1PDdC7dPCaUNGbaKyFH.QRV0kizotR7RE4AnFzETNDMrJLdIecC',1,'67782374',NULL,NULL,NULL,NULL,'2024-10-09 12:32:18','2024-10-09 12:32:18',NULL,NULL,NULL,NULL,NULL,NULL,NULL,NULL,NULL,NULL),(376,'fahad almekaimi','fatmsx@icloud.com',NULL,'$2y$10$UkjTTYerGzee2fZdXsM0WeUz0XsYD25caT1aN8puvJdfulxflOMCG',1,'+96550588366',NULL,NULL,'81344',NULL,'2024-10-13 18:42:47','2024-10-13 18:43:37',NULL,NULL,NULL,NULL,NULL,NULL,NULL,NULL,NULL,NULL),(377,'شهد','shghnwshh@gmail.com',NULL,'$2y$10$/NmS6lLSygWUWQSrfKC31.ugWU4eGFw4IcRflu.iWDN90XXRcNXfK',0,'+96505462995',NULL,NULL,'45132',NULL,'2025-02-23 01:45:39','2025-02-23 01:45:39',NULL,NULL,NULL,NULL,NULL,NULL,NULL,NULL,NULL,NULL),(378,'ايمان','e.al-muhannadi1409@education.qa',NULL,'$2y$10$zl9jqgOoAmjKbaipLlpN7OwhnOKg4DFY4t1/Gj33b8ELeUznic.9e',1,'+96577333013',NULL,NULL,'43203',NULL,'2025-05-30 12:34:05','2025-05-30 12:34:33',NULL,NULL,NULL,NULL,NULL,NULL,NULL,NULL,NULL,NULL),(379,'wafa','newgest1999@gmail.com',NULL,'$2y$10$l7aK17LEkPv/R.axMqvBNOtxxJdnuIX/0ATGohOCNoLYproxdBhuS',1,'+96597141190',NULL,NULL,'42312',NULL,'2025-07-07 00:17:36','2025-07-07 00:18:06',NULL,NULL,NULL,NULL,NULL,NULL,NULL,NULL,NULL,NULL);

--
-- Table structure for table `visitors`
--

CREATE TABLE `visitors` (
  `id` int unsigned NOT NULL AUTO_INCREMENT,
  `device_token` varchar(255) CHARACTER SET utf8mb4 COLLATE utf8mb4_unicode_ci DEFAULT NULL,
  `created_at` timestamp NULL DEFAULT NULL,
  `updated_at` timestamp NULL DEFAULT NULL,
  PRIMARY KEY (`id`)
) ENGINE=InnoDB AUTO_INCREMENT=2 DEFAULT CHARSET=utf8mb4 COLLATE=utf8mb4_unicode_ci;

--
-- Dumping data for table `visitors`
--

INSERT INTO `visitors` (`id`, `device_token`, `created_at`, `updated_at`) VALUES (1,'asdasdasdadsa','2024-02-20 00:57:49','2024-02-20 00:57:49');

--
-- Dumping events for database 'topappkw_bobo'
--

--
-- Dumping routines for database 'topappkw_bobo'
--


