('d8f23a5bb339ad00e8b187af6c40fd0fcecc370b879d2fec9da9f4101834d2325072482a370316e7',3848,1,'MyApp','[]',0,'2020-08-29 15:50:14','2020-08-29 15:50:14','2021-08-29 15:50:14'),('d9092327ebf815c87f1f0a6296216b54309d1d8cc03cd5f3821305c79b051cdc355182b1bebe8106',5479,1,'MyApp','[]',1,'2021-04-23 14:11:36','2021-04-23 14:11:36','2022-04-23 14:11:36'),('d92ae9f90555d352da1c7d4c01eff254b64217fb29e9104efc04654cfd05bc07a87162da3cc0b6ed',6059,3,'chapter','[]',0,'2022-05-04 00:35:17','2022-05-04 00:35:17','2023-05-04 02:35:17'),('d949a995c13ea3e922882c6412e0a1814b97c627556830f98433a3dd06818a805c6e14c65167e346',5756,1,'MyApp','[]',0,'2021-04-18 10:31:30','2021-04-18 10:31:30','2022-04-18 10:31:30'),('d94ee1c742b8679e5ab45fce4e5b2f3fd1d184ed97c7ac1849fef91d4beb84d52307a24cadc1c3ad',5491,1,'MyApp','[]',0,'2021-02-16 18:43:57','2021-02-16 18:43:57','2022-02-16 18:43:57'),('d954f7f09b209e4222147bb171de49aec81c9c3bbe054f92668ace51b29df9fcb6d04e38c7e9ad61',5284,1,'MyApp','[]',0,'2021-01-06 10:01:24','2021-01-06 10:01:24','2022-01-06 10:01:24'),('d958eb85939d2660952368c485ab6e9f1844eab6c254e66e00275e35bcab691b1527be629c8dcf73',15,1,'MyApp','[]',0,'2020-08-04 17:00:02','2020-08-04 17:00:02','2021-08-04 17:00:02'),('d959578670656629f8ad0881ac3eba0cb9be7eca5d2fbe33ac5a3d8f59e69f6ff9454615b0e7a501',5039,1,'MyApp','[]',0,'2020-10-18 17:17:00','2020-10-18 17:17:00','2021-10-18 17:17:00'),('d982c7dc78961fdabb1495a6fbc03cb20ce89300a2410e25400461758016ce57f706e2f90f142b27',5366,1,'MyApp','[]',0,'2021-02-06 04:00:14','2021-02-06 04:00:14','2022-02-06 04:00:14'),('d9c2defe922ba8711e8500316cd4fcb8eef1dbcdfbc2e4bed1d21bad8de575135ed6cc3a34f354a7',5184,1,'MyApp','[]',0,'2020-11-17 07:20:39','2020-11-17 07:20:39','2021-11-17 07:20:39'),('d9cc57e624fd7cd39af0ca4d3943fbd35a90dd085b40e1b523b0474bfe5a751d350daceff70a5a4b',5857,1,'MyApp','[]',0,'2021-05-03 13:48:52','2021-05-03 13:48:52','2022-05-03 13:48:52'),('d9d91b587e34516e28a08541dad905e97d1e04f7a45166385b06b40b39c49bd529ef7eb75e04147d',5153,1,'MyApp','[]',0,'2020-11-11 07:13:03','2020-11-11 07:13:03','2021-11-11 07:13:03'),('d9e1134cf4bdd5ecc1eef5813c6d1fef5b6e113d0c9ea771d319d4273fa72d1e1995648cfb7d597c',5621,1,'MyApp','[]',0,'2021-03-16 08:54:33','2021-03-16 08:54:33','2022-03-16 08:54:33'),('d9e2d234370426998f2390307c0bfd606681ebf46c9f5aba49d67f0d7890880249c8dd0cc5f8446f',5602,1,'MyApp','[]',0,'2021-03-13 16:33:05','2021-03-13 16:33:05','2022-03-13 16:33:05'),('d9ee252a244b42d261a46a0ba5c377edf33484b2f73192266322f4bd85bd3b553f0f8203135642f9',5253,1,'MyApp','[]',0,'2020-12-24 00:16:39','2020-12-24 00:16:39','2021-12-24 00:16:39'),('d9f5a37882c7777543429b025a99d97e77a6401f98f6c5f35a2a6b3bc95f3f613c3e86dbc6cc7023',5132,1,'MyApp','[]',0,'2020-11-10 18:23:13','2020-11-10 18:23:13','2021-11-10 18:23:13'),('da1693f99d6fd68461bd9463f6b35de730578ec95b26bb5855fc14b7be5df4ae15cffabfa0280d54',5335,1,'MyApp','[]',0,'2021-02-09 18:39:10','2021-02-09 18:39:10','2022-02-09 18:39:10'),('da26303645621b0f30e8ff5cf976d813b6fc7171d35b4c79eaf2ad1ecdda257b6df403d5b3ae6258',3848,1,'MyApp','[]',1,'2020-10-02 14:19:44','2020-10-02 14:19:44','2021-10-02 14:19:44'),('da6aa207864bd5266659f465906813b7bcfff63033e9503ccf75d6ab427ab4003b102a0bc7f9ce26',13,1,'MyApp','[]',1,'2020-08-10 12:39:31','2020-08-10 12:39:31','2021-08-10 12:39:31'),('da768fb4c00922386bc27e98a71e5b04cdee31344f174fbc68a9c9ce4b7061439137b3b293b5d39e',5894,1,'MyApp','[]',0,'2021-05-06 15:03:22','2021-05-06 15:03:22','2022-05-06 15:03:22'),('daa05065857f77ca5b48d2eb95c9c8583ac1c776b4bbc146109d5fb614c06da18332efeb1f15606e',5701,1,'MyApp','[]',0,'2021-04-06 00:25:01','2021-04-06 00:25:01','2022-04-06 00:25:01'),('daaab7e307d3d5142155f1693fd9d1d499593dd0a367a679fbe81e4b47de16a9748266b6f1701084',5885,1,'MyApp','[]',0,'2021-05-05 14:33:05','2021-05-05 14:33:05','2022-05-05 14:33:05'),('daab6cede3659c478c0b26885c918f0a0819534ef5e334cbb633ecb5a14161de4046c8af4b3a7d13',3848,1,'MyApp','[]',0,'2020-08-29 17:19:41','2020-08-29 17:19:41','2021-08-29 17:19:41'),('dab9f8451f1233f870d49e8a7c034d58ec9c05b1da90001cd6dcf7d42c7199c4dc68205a6a4548a8',5669,1,'MyApp','[]',0,'2021-03-29 21:04:56','2021-03-29 21:04:56','2022-03-29 21:04:56'),('dade1faf859d2aa03c274a682d65420ecce930c85cb3126ce1845f640be12f4b81467e6b3f636ffb',5671,1,'MyApp','[]',0,'2021-03-29 23:59:45','2021-03-29 23:59:45','2022-03-29 23:59:45'),('daeb86e45d4ee20de237854116ccdc54c0f878246b747fd0607e42ef314669b57a7dd2c715bd1453',5510,1,'MyApp','[]',0,'2021-02-20 20:51:40','2021-02-20 20:51:40','2022-02-20 20:51:40'),('daf18880f20f730bced2d4426b445c83c5dd08ab5627f1dadd0d541c1a5f7d5c420aa5afa4d8ef30',5704,1,'MyApp','[]',0,'2021-04-06 03:06:55','2021-04-06 03:06:55','2022-04-06 03:06:55'),('db064249848f42ec2beff4c36f642422d876a1e074d06413bb752f5199885dd9b12ac3cde9f1ab98',5956,1,'MyApp','[]',0,'2022-01-08 22:42:46','2022-01-08 22:42:46','2023-01-09 00:42:46'),('db1c56f590f119e5773cb3d77b643b1cfdc039d7fb0a60cef6ddd89b13e2e0c46743f45362d064df',5723,1,'MyApp','[]',0,'2021-04-07 14:51:15','2021-04-07 14:51:15','2022-04-07 14:51:15'),('db268e7947ce85d71a0cad1cbebbe0cc71540c4c3292a4e4d517c42706da7798249aaea456f7814f',5849,1,'MyApp','[]',0,'2021-05-03 01:15:40','2021-05-03 01:15:40','2022-05-03 01:15:40'),('db36fc04d14e905edbe3f09b869c27b557c680caf2f089620d6f36056fe0d6e65e116d444c55d91a',5340,1,'MyApp','[]',0,'2021-01-27 17:27:44','2021-01-27 17:27:44','2022-01-27 17:27:44'),('db40ecb14850164609a775c13755b6b5f4c47af1f749ba96a6e860c8d3331ee5acb3070f8a565c11',5071,1,'MyApp','[]',0,'2020-11-04 21:05:53','2020-11-04 21:05:53','2021-11-04 21:05:53'),('db5e1e0787f5b047a7df4671c76ec0909fcf669249b83870145f1bc970e87f5ddcc5dbd50aa74f4d',22,1,'MyApp','[]',0,'2020-08-09 16:19:22','2020-08-09 16:19:22','2021-08-09 16:19:22'),('dbc558dd229df278cfcba9c02fd229c5b7f6625a89659bbf5f752db2704df7d7468edf579b9a4010',5960,1,'MyApp','[]',0,'2022-01-09 02:12:17','2022-01-09 02:12:17','2023-01-09 04:12:17'),('dbe6d369a196e0dec41809bde3a1d7195d07058a992466ff6a09069a4640d1343e328b1fa03b4419',6035,3,'chapter','[]',0,'2022-04-04 14:15:20','2022-04-04 14:15:20','2023-04-04 16:15:20'),('dc37913fd0a7edb380b695e5ee8483b0f0d5cfd92c82d2bdd53aeaf2f2ad22a5092244f1d4595768',5226,1,'MyApp','[]',0,'2020-12-09 03:51:51','2020-12-09 03:51:51','2021-12-09 03:51:51'),('dc3bddba7e0fa8e07034ccf5cc0464eb9776a37d04180ee5737fe64c10d7bb1fa5cd4d74c8043f24',5174,1,'MyApp','[]',0,'2020-11-15 05:55:57','2020-11-15 05:55:57','2021-11-15 05:55:57'),('dc3cfb7aece240ffa2f96fa9841b89654da49d284c7b515b5992ac639275e80db3464e96cd973252',5486,1,'MyApp','[]',0,'2021-02-16 00:51:41','2021-02-16 00:51:41','2022-02-16 00:51:41'),('dc502adb7446f9cfea52ab1fa3ac3a2574db3ca816eee861bad7198ea8a8c0b8e7cbf84f2a5278aa',5002,1,'MyApp','[]',1,'2021-05-03 23:26:13','2021-05-03 23:26:13','2022-05-03 23:26:13'),('dc67b99f5b627ef3ed63284a84ac2ba652c799a61217a77b51371b53335ea62cfb397ec70ef1fb33',22,1,'MyApp','[]',0,'2020-08-09 15:48:02','2020-08-09 15:48:02','2021-08-09 15:48:02'),('dc7131180a5760612e71c9a25cfd736ceb164434cc2606f3a56121ba1857ecbe503e2c90c61631e2',5267,1,'MyApp','[]',0,'2020-12-29 03:25:23','2020-12-29 03:25:23','2021-12-29 03:25:23'),('dcf19b696c174771beb207e2edea72f8d4492597e54c6d461bd0f3209084bb3a5a467c5916ba9b26',22,1,'MyApp','[]',0,'2020-09-05 12:43:40','2020-09-05 12:43:40','2021-09-05 12:43:40'),('dd48906eba2c50f5a6b18797a781a71ed4bdc16eb5be9426eadc8dff5233f37e466298efad103f9d',5183,1,'MyApp','[]',0,'2020-11-17 01:58:33','2020-11-17 01:58:33','2021-11-17 01:58:33'),('dd4fb2cb991cfdcf89a5d4eeff2bc5b51b71b72a7029f2560b12f027ec41c589d6d620c58af0e8e2',5994,1,'chapter','[]',0,'2022-03-01 01:30:09','2022-03-01 01:30:09','2023-03-01 03:30:09'),('dd7678588c3d7af84bf2f75ccfbaea55f4b8a6c28d4b49d9408463368f4e5804670f5b353ba86948',5370,1,'MyApp','[]',0,'2021-02-06 16:39:41','2021-02-06 16:39:41','2022-02-06 16:39:41'),('ddac169217112021d58e51fde0f850379dff8c8e304afae068f22444028e6c8a1de543c2f15d321c',6035,3,'chapter','[]',0,'2022-04-07 15:02:29','2022-04-07 15:02:29','2023-04-07 17:02:29'),('ddc4be1868446acd641e0ccd8f13887068ab74ba471a7ea17515d37e6370b514158a1fec8c8acbdb',5974,1,'MyApp','[]',0,'2022-02-10 20:41:44','2022-02-10 20:41:44','2023-02-10 22:41:44'),('ddc884c86c4be98d51565b55f5bd11009c0f649e4c4dbbd038404554eefe3b427a73bd10f3887f39',4998,1,'MyApp','[]',0,'2020-09-07 18:40:13','2020-09-07 18:40:13','2021-09-07 18:40:13'),('ddc9b0f0830a0e5a9c3614c8ea42428bcfc205697ea226da18a61c0bfc3c3c0fe2e4be59b6a9a089',5002,1,'MyApp','[]',0,'2021-04-28 08:51:10','2021-04-28 08:51:10','2022-04-28 08:51:10'),('de059366cf0d488925769caee8e3a8b4ac43922fcaf4a7225d47377b5f6d7196967fd9d14d7e3645',4183,1,'MyApp','[]',0,'2020-10-12 21:05:44','2020-10-12 21:05:44','2021-10-12 21:05:44'),('de0da760f0f498e70713301dddfe580f725f2de653eb68ab8536659e9a34fe168d2a5a486c864be1',5444,1,'MyApp','[]',0,'2021-02-12 00:23:41','2021-02-12 00:23:41','2022-02-12 00:23:41'),('de1a0e576d59bc33a2ccb08eb1be0285a4fba40c138b2e84133f1f56f0b7bd86434407c6d15e46d2',5121,1,'MyApp','[]',0,'2020-11-10 10:39:47','2020-11-10 10:39:47','2021-11-10 10:39:47'),('de2f4a82d75f0029054dd260303da80ca75870a938cb08e4d08f2be79c6baefc924ca155d8ac6b4d',5585,1,'MyApp','[]',0,'2021-03-09 17:18:36','2021-03-09 17:18:36','2022-03-09 17:18:36'),('de307f23939fdbf7274ee370e6e048a45c011fed1e5e16cd55fe9267cbb27cbe5f6ad6db619a9c50',14,1,'MyApp','[]',0,'2020-10-13 11:52:13','2020-10-13 11:52:13','2021-10-13 11:52:13'),('de3887040f8f840b45c67612b08d17357b8027c132a9a8c18f4cc3af0b83aaee52d2d2cade832b89',5856,1,'MyApp','[]',0,'2021-05-03 05:33:31','2021-05-03 05:33:31','2022-05-03 05:33:31'),('de6403696009c806551dd7a0b97fa2ed0c32b2ee0c2af439bea8d2be6517234b65249d499e2285d6',5321,1,'MyApp','[]',1,'2021-05-07 16:17:28','2021-05-07 16:17:28','2022-05-07 16:17:28'),('de64f4429d93309bbfa29c26df4ebd62e41fe34e361f2ed9ad64bd7d7131e6d35fa2ca33979b55f3',5218,1,'MyApp','[]',0,'2020-12-03 20:31:16','2020-12-03 20:31:16','2021-12-03 20:31:16'),('de6a1ad3f76d95ccb841d26ec482d0aba18d938cdbcf06aa243f23fb3553efa4c96d8216b6482dba',5956,1,'MyApp','[]',0,'2022-01-05 23:41:04','2022-01-05 23:41:04','2023-01-06 01:41:04'),('de92a518163336dc1f90850e54c721ceab57345758b5cbcaba58f68b084c712a371c8c1b01580503',5196,1,'MyApp','[]',0,'2020-11-22 20:53:45','2020-11-22 20:53:45','2021-11-22 20:53:45'),('deb3db09d277123318a29303e5848d12abe358cc4485dbe6b63c771c21dcfe83bc8c0f6ecef57a38',5966,1,'MyApp','[]',0,'2022-01-09 04:57:32','2022-01-09 04:57:32','2023-01-09 06:57:32'),('debca3dcb461bac7f6902b6d91ba1cc52b775ca18b00aa3bec31f7bbf986d5c9dde7b00f3c98afd0',5503,1,'MyApp','[]',0,'2021-02-19 23:51:11','2021-02-19 23:51:11','2022-02-19 23:51:11'),('dec716ab141bacefef547d38fd668b0d3280971f60d7422ddbdaab3ef96309c982791c0604861d6a',5305,1,'MyApp','[]',0,'2021-01-12 10:07:18','2021-01-12 10:07:18','2022-01-12 10:07:18'),('dece34457d39acbe2fcb5ffca4e43ea4e8b250d4011185d9a1f180a1c29332da69356b3d1fd3f071',5099,1,'MyApp','[]',0,'2020-11-09 22:58:38','2020-11-09 22:58:38','2021-11-09 22:58:38'),('ded093df53a8212b9c1873680c6da3c62619e87136159301f183647885dc48cacfb6cdbee72a2443',14,1,'MyApp','[]',0,'2020-08-04 13:45:52','2020-08-04 13:45:52','2021-08-04 13:45:52'),('deda1cd08df67e4201050a8dfee55178424a0c1297ed86eaa8eb9c3416e8e68e64e2c5fd35e3b12f',5527,1,'MyApp','[]',0,'2021-02-23 11:01:44','2021-02-23 11:01:44','2022-02-23 11:01:44'),('df02000f1ecd651f8a79d48a955542794722c37bb95150eaa2e0b33137a3d8b5b0856c34a38ba083',5215,1,'MyApp','[]',0,'2020-12-03 03:08:24','2020-12-03 03:08:24','2021-12-03 03:08:24'),('df34ba36160168fa6de1a3d13781c7ec6b7262603c5e04a795e532feb1e55f006df12acbbfe37a32',5862,1,'MyApp','[]',0,'2021-05-03 19:11:39','2021-05-03 19:11:39','2022-05-03 19:11:39'),('df40c48c780866642895deb4a040dd19bf31ce63916bfc9309f8e9dcbbdec06ab72aa41959a0376c',5510,1,'MyApp','[]',0,'2021-02-20 20:51:28','2021-02-20 20:51:28','2022-02-20 20:51:28'),('df5a5748dfdd93e72382cd1db05bb6722c747ad9a8aef60b69f4fbc17a03198b6aecfc30a72c8d2b',5039,1,'MyApp','[]',0,'2020-10-18 20:09:16','2020-10-18 20:09:16','2021-10-18 20:09:16'),('df91af366f953ddf9c4c1470a9efec989b827f7ea274b675a59b833b5cf049f71a7ef087e4f69d88',22,1,'MyApp','[]',1,'2020-08-08 17:04:29','2020-08-08 17:04:29','2021-08-08 17:04:29'),('dfb43aeb00ebe220894a21265a360ceaddc3303d8189f22685742560b80174612825e1fce81b419b',5957,1,'MyApp','[]',0,'2022-01-07 00:19:10','2022-01-07 00:19:10','2023-01-07 02:19:10'),('dfbb4146f42eda4eb1dab63660d144437be26ac072ebb2459a82b7efa483b6ff6b262b3e36ab1d30',5359,1,'MyApp','[]',0,'2021-02-03 23:16:15','2021-02-03 23:16:15','2022-02-03 23:16:15'),('dfc960001cb2c7502fd6614d8fcbd868f5dda5bb9feb318fe35e6dc589705f19212baae47a6922f8',5885,1,'MyApp','[]',0,'2021-05-05 14:32:53','2021-05-05 14:32:53','2022-05-05 14:32:53'),('dfda27d7a7a7df40ce72b6725837e7bed2de7dcfa29cf702d57239bdc66cb9902d8cf4f9696ced6d',5973,1,'MyApp','[]',0,'2022-02-05 17:07:23','2022-02-05 17:07:23','2023-02-05 19:07:23'),('dffaf3b089be9df4c250de455683017670afeda033c77035364bb548e0a3b12c44f3a47b778bd090',5011,1,'MyApp','[]',0,'2020-10-07 14:29:13','2020-10-07 14:29:13','2021-10-07 14:29:13'),('e0040777136a39c0a142630b66db33a6c6e97ed2a19c5e2d84c1763221bc47cad88dee61f5b4231f',5992,1,'chapter','[]',0,'2022-02-28 21:05:34','2022-02-28 21:05:34','2023-02-28 23:05:34'),('e00aa514c13e239d34e38238ce40aa31d60f834e3a2b0871166c43af2db8510a04b54d18c3b8e050',5994,1,'chapter','[]',0,'2022-03-01 01:43:54','2022-03-01 01:43:54','2023-03-01 03:43:54'),('e01866309713b4901748c2b52ff34a18db96378a72c49a8f735ceaa8959cf9e871beb951f3b65e53',5246,1,'MyApp','[]',0,'2020-12-22 01:52:59','2020-12-22 01:52:59','2021-12-22 01:52:59'),('e022c9402e72069c378ee88451bc10bd2a0eb6e3f2d81af5618b1c4db577ae31e4d98c3f91cb059d',5047,1,'MyApp','[]',0,'2020-10-21 11:40:40','2020-10-21 11:40:40','2021-10-21 11:40:40'),('e055b16fc6980ae657d91a49fc254f520e03c87f99e7991837a62af2d2a438b8a540329453088525',6079,3,'chapter','[]',0,'2022-06-29 21:06:02','2022-06-29 21:06:02','2023-06-29 23:06:02'),('e06e7e4d2fbb984998e7a39ac8db070dcb34798a43ff3146882e2ac979efbc6419cb53b597bfb049',5756,1,'MyApp','[]',0,'2021-04-18 10:31:41','2021-04-18 10:31:41','2022-04-18 10:31:41'),('e06f8b0753ad5a36c7f7ddfbd9ac2135b8e83e18af5f1b1443d2faba0eb9748d12f9820427679f48',5462,1,'MyApp','[]',0,'2021-02-14 12:48:26','2021-02-14 12:48:26','2022-02-14 12:48:26'),('e083d5ebd29a88d48e150103e78b3dfa6882ce5462eb8f6f554d47bbd2045a7fd096a2a4a19670f9',13,1,'MyApp','[]',0,'2020-07-29 18:02:22','2020-07-29 18:02:22','2021-07-29 18:02:22'),('e09642ce4f80e71d2960077a62f4854f1886f8d5d662e4b69fb6d497ca9d0535c3b376d10c7687a8',5678,1,'MyApp','[]',0,'2021-04-01 21:56:03','2021-04-01 21:56:03','2022-04-01 21:56:03'),('e0a9f9440ebec4c0f6f28aa126645797427466aa5265e5479f463d424b4fcb4456a34dc433be47a8',3923,1,'MyApp','[]',1,'2020-09-14 11:08:23','2020-09-14 11:08:23','2021-09-14 11:08:23'),('e0d5900a7a321f7ae89b8a18e4aa17991f1ac514c180dca89c99855d68474b18486b1ff8a53ad94a',5045,1,'MyApp','[]',0,'2020-10-21 10:20:26','2020-10-21 10:20:26','2021-10-21 10:20:26'),('e0dc5a46fcf7cf5567bd87b749ae01088b66ab376bb2834e86c1437e5964372b5d1748cdd145a6a9',3848,1,'MyApp','[]',0,'2020-11-11 16:16:32','2020-11-11 16:16:32','2021-11-11 16:16:32'),('e12a79da1ddc92b5d123d8f91fc88a5acb0178981289308a000ece23dc0ecf9c87e9bba1d59d25b8',3848,1,'MyApp','[]',0,'2020-11-19 17:46:39','2020-11-19 17:46:39','2021-11-19 17:46:39'),('e16e6cc1d2e09522ef285b9f64050b6144522c726db34b7e1daadc62f092821a78959388aadcba8b',14,1,'MyApp','[]',0,'2020-08-04 13:52:33','2020-08-04 13:52:33','2021-08-04 13:52:33'),('e16ffc159609495f82aa1d80a00bbd7213ee2c8e809a8dd4dfaf1d4ead1030e07624dbc6a1f1b873',5455,1,'MyApp','[]',0,'2021-02-13 22:03:28','2021-02-13 22:03:28','2022-02-13 22:03:28'),('e17229083dcffe5bcc3911cb3e6853fa46a3714ac9602ce61882df56a0084df173b1e6c1a67f0eda',14,1,'MyApp','[]',0,'2020-11-20 16:30:54','2020-11-20 16:30:54','2021-11-20 16:30:54'),('e190141c4b7ca3c20ce2c260bcd1cac63b322fbf23bdd66f7ef39e686d88c7827c8059448de2660f',22,1,'MyApp','[]',0,'2020-08-17 15:07:48','2020-08-17 15:07:48','2021-08-17 15:07:48'),('e19def64ca3d011ddc6a04af2557f95b70e5b1323d3925a32d63a698d84ec6d25741fb9b4642e2e2',4735,1,'MyApp','[]',0,'2021-05-03 02:02:59','2021-05-03 02:02:59','2022-05-03 02:02:59'),('e1dadc283399707f8809f137685e68f692facee9d8a350e52b1a638d9a6cc5d8a22c82962b1ecdb3',5011,1,'MyApp','[]',0,'2020-09-24 14:27:00','2020-09-24 14:27:00','2021-09-24 14:27:00'),('e1ea3ac92ebfdfe2559d8d6f6c2409a2952ada8e5fde36fe6b85aea91002a43f6fc79b19bd2f1124',5956,1,'MyApp','[]',0,'2022-01-09 01:09:58','2022-01-09 01:09:58','2023-01-09 03:09:58'),('e1fca7a1840c25fa3a8f2844912f8b20f1309a812b813091c31553e04b59721d2560747d3189cfef',5854,1,'MyApp','[]',0,'2021-05-03 03:27:39','2021-05-03 03:27:39','2022-05-03 03:27:39'),('e256fc2ea72f032a294c979ba50ce29ae3608a225ab0a736f9e6cdabc1b5624af65dde907c8b7062',4998,1,'MyApp','[]',0,'2020-09-07 18:38:15','2020-09-07 18:38:15','2021-09-07 18:38:15'),('e26116116be243fe4342569e64457384b8136ad5d9bb5c473bb82019a7bb65c46cfe150c08eaf342',5001,1,'MyApp','[]',0,'2020-11-09 11:58:31','2020-11-09 11:58:31','2021-11-09 11:58:31'),('e284ade29f3e72f4d4218bdc8c492907b8e2d93f81872c6b61f1e562a0031b6b98f1a0fa7d15552b',5126,1,'MyApp','[]',0,'2020-11-10 14:29:19','2020-11-10 14:29:19','2021-11-10 14:29:19'),('e2ca966dee86d0885c08ef6f8d98f0eed8108d3a123e8496de120526d087a82e47106ad5f3b7fc86',5684,1,'MyApp','[]',0,'2021-04-03 00:51:55','2021-04-03 00:51:55','2022-04-03 00:51:55'),('e2e213645e6c37b91eb1bfe844c012528415fd2753f844e436182fce1d367262240b6f04e7595a12',14,1,'MyApp','[]',0,'2020-08-19 10:05:39','2020-08-19 10:05:39','2021-08-19 10:05:39'),('e2e65d3bffc517054e8ad407c99d9588ad332f8fa22e321404b97d0d31393a57cf4d98864a24e17d',5191,1,'MyApp','[]',0,'2020-11-19 18:00:05','2020-11-19 18:00:05','2021-11-19 18:00:05'),('e2f8cda61e6ac19456d2917f2e91ecc94a8b3d5b055c7ae8be3c918f31db9c60e7802af629987830',6042,3,'chapter','[]',0,'2022-04-19 23:08:40','2022-04-19 23:08:40','2023-04-20 01:08:40'),('e3073b3ee08145944a343d4672de4f6b744cd624c9589d77f7004612e2981ffe83130f38e8e31a41',3848,1,'MyApp','[]',0,'2020-08-19 10:09:54','2020-08-19 10:09:54','2021-08-19 10:09:54'),('e315913c0c0bcc88b3062d5ce3d6ec97260e7a960f5d1064e0047f70cb08177e44e20d7557d28479',5017,1,'MyApp','[]',0,'2020-10-06 20:13:11','2020-10-06 20:13:11','2021-10-06 20:13:11'),('e33e2ddccd5e8d7bd06f8d6cfbd0be0527dc4b37d61330a0a6f15e1f9200aeeb88773b1c92c1a639',3848,1,'MyApp','[]',1,'2020-12-05 15:10:22','2020-12-05 15:10:22','2021-12-05 15:10:22'),('e396a984c67bb669bda22deb63c803755e965a44f8bcfc8b4399eec232917c86559724a3eb61b7c3',5649,1,'MyApp','[]',0,'2021-03-25 15:16:29','2021-03-25 15:16:29','2022-03-25 15:16:29'),('e3a00c8439101665daa0f7c1ec1bb87e31673e22628468f1d13d68c11fb4c9c4977f9fd6f4ecd151',5378,1,'MyApp','[]',0,'2021-02-07 13:01:46','2021-02-07 13:01:46','2022-02-07 13:01:46'),('e3cb880c44cf9736b19d84ce379f0d57e85c2dc3a17f3c0be45a925a19147ae5d7ccddb280a0898d',6070,3,'chapter','[]',0,'2022-05-23 19:03:07','2022-05-23 19:03:07','2023-05-23 21:03:07'),('e3d1682589ce10fbd841a5de517d6c6231494aff455bdc5c3f93545e955a4916c680d3f9ac347479',5678,1,'MyApp','[]',0,'2021-04-02 18:27:52','2021-04-02 18:27:52','2022-04-02 18:27:52'),('e3da9158ac2248ab06fbb9ae0047679653fe0728bac8bd23db31da969a06baa900e1600d6edcec9e',5875,1,'MyApp','[]',0,'2021-05-04 21:50:25','2021-05-04 21:50:25','2022-05-04 21:50:25'),('e40a94ad31da1c4362034e58274780d66538ef68fc447e5116852dc9bd7c2a14b3ca7b0157283982',5559,1,'MyApp','[]',0,'2021-02-27 01:02:36','2021-02-27 01:02:36','2022-02-27 01:02:36'),('e40df0e70169fa2748fd2f0b70fe278643b21daaec6e07ef8937716ee220c03d2778dbe4d91de649',3848,1,'MyApp','[]',0,'2020-12-04 10:21:31','2020-12-04 10:21:31','2021-12-04 10:21:31'),('e463acb906229bb52871423864f450418d96669520e764b0a7101fb37e4cc2283e3d96343842cc91',17,1,'MyApp','[]',0,'2020-08-25 13:39:18','2020-08-25 13:39:18','2021-08-25 13:39:18'),('e46fe1d9dc160f72442b24a399cf3226575cc54cb825e46be0b0d4899121e1da076ec461b2b7067d',22,1,'MyApp','[]',1,'2020-09-01 10:26:07','2020-09-01 10:26:07','2021-09-01 10:26:07'),('e477815b90e4b4c9a61faae1488ef94cfdb2b0d8f502a72be1160f4aae5ad358db4cde7facba982f',4218,1,'MyApp','[]',0,'2021-05-15 02:30:08','2021-05-15 02:30:08','2022-05-15 02:30:08'),('e4851033691fb91fccb386de0a1f8321847772f129bacb4072f693be2c491ac7ffa286e2bc7dc3e0',5230,1,'MyApp','[]',0,'2020-12-14 08:40:27','2020-12-14 08:40:27','2021-12-14 08:40:27'),('e48581d76e00c4570c9899650a0cecb6b23549952ab6ef793e51a62b176c216efbb6b7c92546b46f',3804,1,'MyApp','[]',1,'2021-02-24 11:49:04','2021-02-24 11:49:04','2022-02-24 11:49:04'),('e495e7429f5b1a4d62bc5fa5ff353024a6ac6725dd206670e88309c17caf6946951649b5176b16fe',5182,1,'MyApp','[]',0,'2020-11-16 22:58:24','2020-11-16 22:58:24','2021-11-16 22:58:24'),('e4b5c0c941b57cf7d38f3a900dc614354711ad8b7a9125c80afdce643c1d5b72b061efd8e594cb2b',14,1,'MyApp','[]',0,'2020-08-26 15:08:54','2020-08-26 15:08:54','2021-08-26 15:08:54'),('e4db83605c8191f64364b3ddde1fee21f1980d75d85e27f767d48eb7fdb497594d110d450efdd9aa',5662,1,'MyApp','[]',0,'2021-03-27 22:39:44','2021-03-27 22:39:44','2022-03-27 22:39:44'),('e4e6637b5c6cea45dce330228f90dd0a59c96fae5b54b7656b10f6c37fa0b8d97f45882048edeb87',5502,1,'MyApp','[]',0,'2021-02-19 22:56:50','2021-02-19 22:56:50','2022-02-19 22:56:50'),('e4f43efe90ff1601151b8cbd7f652f434c3bc951d196b2b0fbc272fcfbfa82a0f7593661f0eac7da',5002,1,'MyApp','[]',1,'2020-09-25 01:20:54','2020-09-25 01:20:54','2021-09-25 01:20:54'),('e5143306d40c0711761f2f230b927f95d7ac00b5222e598c295387f43a95978354850e64f8eb49e4',5956,1,'MyApp','[]',0,'2022-01-08 22:47:58','2022-01-08 22:47:58','2023-01-09 00:47:58'),('e529d9963fa473b166530a6d4c8457b181118b4204fa20d85ecc68d4d628dcc8421061d6dfffe03a',5556,1,'MyApp','[]',0,'2021-02-26 19:28:50','2021-02-26 19:28:50','2022-02-26 19:28:50'),('e53eb6b97d77043d6c30117fcd06a16d3912342fc636a3a6491e71b0680f937f9ec74a21c6678394',5243,1,'MyApp','[]',0,'2020-12-20 15:45:40','2020-12-20 15:45:40','2021-12-20 15:45:40'),('e5631bd8560c229530d13f43cbd726c74e2b6e5cd3aa3599bf0e2c1d505bcbd832980f885906ffcb',5159,1,'MyApp','[]',0,'2020-11-11 16:20:13','2020-11-11 16:20:13','2021-11-11 16:20:13'),('e565e9b88eb63294d1449c1143dc422be472cc03718c48de04314069888be67afcb6a961ce0b1bf0',5814,1,'MyApp','[]',0,'2021-04-28 23:32:00','2021-04-28 23:32:00','2022-04-28 23:32:00'),('e5690cfc63282374da7112057c5a6f979fba8fc68054ffcd8acb5dfb0271fde68e24338b01cf0b7f',6011,3,'chapter','[]',0,'2022-03-15 08:17:24','2022-03-15 08:17:24','2023-03-15 10:17:24'),('e584746ba584d5abc8141cd3097adf77ac4942c6e83e0b8b418d26c9e35c56f1b25253d70d50be62',5218,1,'MyApp','[]',0,'2020-12-03 20:31:01','2020-12-03 20:31:01','2021-12-03 20:31:01'),('e5bd77e8d6340aecae49457ed1177a6774c13e3c9f71601d66c928eaf29c637ff80ebba98b66cc2a',5087,1,'MyApp','[]',0,'2020-11-09 18:54:55','2020-11-09 18:54:55','2021-11-09 18:54:55'),('e5c0f8ddefa51fdb39f4ca2ab667ba79eb47c26321a3967c2308421e5dabe09b0ee94e3219fa6c97',5399,1,'MyApp','[]',0,'2021-02-19 11:42:34','2021-02-19 11:42:34','2022-02-19 11:42:34'),('e5d70f906e2be616d5fe53ad2df12bb6bc2701e3fbf1d6492cb3d8e864c3df967ffdd6278970a58c',5598,1,'MyApp','[]',0,'2021-03-12 19:29:23','2021-03-12 19:29:23','2022-03-12 19:29:23'),('e5dcf46ee2a6bcf3fd0454dc7c1fbd2c554189ecfb2fa87391e30bd2cc8beee8fd952296ee5b647c',5240,1,'MyApp','[]',0,'2020-12-20 13:42:16','2020-12-20 13:42:16','2021-12-20 13:42:16'),('e620e7c655db7d0da703ce0e0f6c7858ac2ba49c90523557fcda1f5d93a9dc3b23a4cb82144bf132',5003,1,'MyApp','[]',0,'2020-09-08 23:41:00','2020-09-08 23:41:00','2021-09-08 23:41:00'),('e63f5c9ca3d71c57ea12830645708a844f07aa041248d3b97459c5e8a6cee59623b7ca7c9084c4da',14,1,'MyApp','[]',0,'2020-09-24 16:21:44','2020-09-24 16:21:44','2021-09-24 16:21:44'),('e650cd9c647365ef1b3c6bdd28e7ff069f170446d0582d603189fe843e4e76f34ee14edb348be5be',15,1,'MyApp','[]',0,'2020-08-15 15:25:10','2020-08-15 15:25:10','2021-08-15 15:25:10'),('e656b0f9f18dd2ba1d8d0d74c25115473b1f74a1466fcfc83dfc0bed8889941a08b47e72de5272b1',5425,1,'MyApp','[]',0,'2021-02-10 21:02:49','2021-02-10 21:02:49','2022-02-10 21:02:49'),('e65a787b8b85735293516b16edac4e18cbb5b8f556c7c83f0190fec3508790c8b69ed525355b5068',5330,1,'MyApp','[]',0,'2021-01-25 21:20:59','2021-01-25 21:20:59','2022-01-25 21:20:59'),('e67b5d17e2317969e0cc6080a1b63454de987fdf8d8d8f104d13b38c040e24670887e58cc8a27d78',5110,1,'MyApp','[]',0,'2020-11-10 01:54:42','2020-11-10 01:54:42','2021-11-10 01:54:42'),('e685076026889568f67f6622a5c5918c81e249b26af485ccd22c7fc8652636fb9bb6b2d2f2c28445',5380,1,'MyApp','[]',0,'2021-02-07 16:54:46','2021-02-07 16:54:46','2022-02-07 16:54:46'),('e68c524989d2a49dc0436729189212687d32158c505cf185d2133dbb8365ef39c7fddbaae37cc927',5719,1,'MyApp','[]',0,'2021-04-06 18:52:41','2021-04-06 18:52:41','2022-04-06 18:52:41'),('e68d6ac48da3ad64a23ffd1a2b81323985ec986b87d734889d3401284f6f1bc610c91338342fd137',5906,1,'MyApp','[]',0,'2021-05-09 01:57:59','2021-05-09 01:57:59','2022-05-09 01:57:59'),('e69a0c8bd4a443cb2bc13b15b503f4fcb47773a33adb6656c5553ad468c70535d481efa1e0349a40',5039,1,'MyApp','[]',0,'2020-10-18 17:48:54','2020-10-18 17:48:54','2021-10-18 17:48:54'),('e6bb22fcb6ff055bf052e806a9f301e79879dcf4d37e2a8c3263ea899afc793003eda94a4c821ede',4991,1,'MyApp','[]',1,'2020-09-07 17:36:43','2020-09-07 17:36:43','2021-09-07 17:36:43'),('e6ec9f7137da18d1921319fc673ace375ff5b8b0a0da08389ced80e1fbc961ae249e042325140683',5346,1,'MyApp','[]',0,'2021-01-30 23:23:57','2021-01-30 23:23:57','2022-01-30 23:23:57'),('e6f486eef49b83343c00f35dd0c6549a0ca6050f272c2585dca299abcc432586a5320ee3933c4796',14,1,'MyApp','[]',0,'2020-08-29 14:00:10','2020-08-29 14:00:10','2021-08-29 14:00:10'),('e6f4d2c62d4b3d5d38a2d99290281a3b9e51eaf336a235d01794083df3ae32d15b4ead639dece1f5',5265,1,'MyApp','[]',0,'2020-12-28 13:53:33','2020-12-28 13:53:33','2021-12-28 13:53:33'),('e71ce1965a90c4c265f4c74c91031ae1add7a2e06a99e72d585d656ca2eabbce045fd146aa13ac42',22,1,'MyApp','[]',0,'2020-08-09 16:02:30','2020-08-09 16:02:30','2021-08-09 16:02:30'),('e73091a5727454110981a62450306cb4a1c69c55bd94670f4592fa59ed11494897f4d3a063fe9224',5174,1,'MyApp','[]',0,'2020-11-15 05:55:48','2020-11-15 05:55:48','2021-11-15 05:55:48'),('e73c38c5e5381e4fb4fcecaa626feba2bc2fc201756b15aa45f7da0cdd073d1c277bf92ddfbae7d8',15,1,'MyApp','[]',0,'2020-08-04 17:32:38','2020-08-04 17:32:38','2021-08-04 17:32:38'),('e740ff38d8f39078a9e758e6ea84f74711284cf5ab2f89941bbd4e1e8a9005fec9bfa9b5ef6f91df',5292,1,'MyApp','[]',0,'2021-01-08 12:05:17','2021-01-08 12:05:17','2022-01-08 12:05:17'),('e76b6991fdf6921ddcec078125d0560ce89b2381ab7b49e5093389804e6597598b497f68f12eda24',22,1,'MyApp','[]',1,'2020-09-05 14:03:02','2020-09-05 14:03:02','2021-09-05 14:03:02'),('e7806571a32b17c4fd1a13b58e8a077048d21564cd72ce6e3452bed040cd30febc2b680317b7c8d1',5038,1,'MyApp','[]',0,'2020-10-17 19:22:23','2020-10-17 19:22:23','2021-10-17 19:22:23'),('e7a13b107a084c02fb81d1116d9cc0fa85cfbe1ddc7ace899fa032df029936700bcdd9823266ec41',15,1,'MyApp','[]',0,'2020-08-28 13:54:40','2020-08-28 13:54:40','2021-08-28 13:54:40'),('e80a49295ca5dab36a6082cd97c86666b85c5af9bcd70e1d7adc971c5acf7de51b7fa341c888b337',5250,1,'MyApp','[]',0,'2020-12-22 09:35:41','2020-12-22 09:35:41','2021-12-22 09:35:41'),('e8209cf99adb83f2ed23c51dd8ae54898b3b4121ec6a662d1a0a17c124bd1c94ae9d35f357376da6',5249,1,'MyApp','[]',0,'2020-12-22 06:45:33','2020-12-22 06:45:33','2021-12-22 06:45:33'),('e8210cd46e1e85f38633f9794f11ce9537100fd7f8da2e83aeb34515237047b60a51539e81bad07c',5611,1,'MyApp','[]',0,'2021-03-15 09:02:46','2021-03-15 09:02:46','2022-03-15 09:02:46'),('e82393e6536b5483896ba53414c67017211919461cb9243506458a868e5b1769057a928c4efbc19b',5908,1,'MyApp','[]',0,'2021-05-08 16:31:05','2021-05-08 16:31:05','2022-05-08 16:31:05'),('e83b3012a0bd3da28e031953571dbf1397d2d06dfde5950e6b0a69ec2bb0d0ca38af39f7de04b0ac',5204,1,'MyApp','[]',0,'2020-11-27 17:51:40','2020-11-27 17:51:40','2021-11-27 17:51:40'),('e83d7c6b994967ffb58dda2adb5b087a33548b0161a236471d24fba12e8fe915ba52fe5f0aa8a7cd',6036,3,'chapter','[]',0,'2022-04-04 15:02:46','2022-04-04 15:02:46','2023-04-04 17:02:46'),('e861684084fe96ba0fd191fd8c0e8611da3a86bfd88b95c284b2c03949a80751305862d3f3e0c6ac',5255,1,'MyApp','[]',0,'2020-12-24 14:13:16','2020-12-24 14:13:16','2021-12-24 14:13:16'),('e87476e408c9524135bc00e1acf73fa4ce42747fc50a3503219ddee44326b6da52375d1332b83253',5361,1,'MyApp','[]',0,'2021-02-05 01:26:35','2021-02-05 01:26:35','2022-02-05 01:26:35'),('e892ce2b351e381784fbbd43804935333a894747c3b8383a633e7a2055084822a51b896e82c97305',5131,1,'MyApp','[]',0,'2020-11-10 18:22:36','2020-11-10 18:22:36','2021-11-10 18:22:36'),('e894312e8e83bf8aebceedefc7eeae88f72548c78427b2415e906c021d6a5bd477d3eadbf49e8638',5925,1,'MyApp','[]',0,'2021-05-10 05:10:01','2021-05-10 05:10:01','2022-05-10 05:10:01'),('e89ce92f5b523536e61b2660a00d66547ae77aa60b5776d547f6a40e8332fae263a798751c337f21',5306,1,'MyApp','[]',0,'2021-01-12 10:30:24','2021-01-12 10:30:24','2022-01-12 10:30:24'),('e8c3353cc37472c932c6791e1dc7307c7234ec5b4699758c403a31dc06830ed9c709e66afa460969',5285,1,'MyApp','[]',0,'2021-01-07 00:35:16','2021-01-07 00:35:16','2022-01-07 00:35:16'),('e8e004e0888f5069a57dd266a20f28670dd46b436178ee9375870ac0e50ffcefc33db9e63aed2f62',5041,1,'MyApp','[]',0,'2020-10-20 13:15:26','2020-10-20 13:15:26','2021-10-20 13:15:26'),('e8e2157279f26e0665b41e892cbb1641217e3bc9b8a79fc41e12a748929a0da1c02a6eb149b09a68',5001,1,'MyApp','[]',0,'2020-10-27 19:28:14','2020-10-27 19:28:14','2021-10-27 19:28:14'),('e8e2431a436797079df2f556061d44c5f4e0716ee37e87a0b74589575339793cf2451a18fce01afd',5956,1,'MyApp','[]',0,'2022-01-09 04:47:40','2022-01-09 04:47:40','2023-01-09 06:47:40'),('e8fb16d0bfe8ddfa9f6101856dfba1425ef7793e6da64c1616170f014e2e735e7185559535a08816',5664,1,'MyApp','[]',0,'2021-03-28 16:26:41','2021-03-28 16:26:41','2022-03-28 16:26:41'),('e9156961c4847460e1c2613da4e1567bd9178c7fc782b3c8c1acd6def7d12a881178c2810fb06ccf',5870,1,'MyApp','[]',0,'2021-05-04 05:13:52','2021-05-04 05:13:52','2022-05-04 05:13:52'),('e91dbc4388259be3c5dcbd325d65d554943de72892841214df9ef7b363a8da315ecc37b24650726f',5901,1,'MyApp','[]',0,'2021-05-07 09:40:37','2021-05-07 09:40:37','2022-05-07 09:40:37'),('e924168610a1ded7bebadfb9b718ec2816f68b36b02ca9b83a57e422250644e693724d71a3f5b77a',5142,1,'MyApp','[]',0,'2020-11-10 21:04:50','2020-11-10 21:04:50','2021-11-10 21:04:50'),('e928ba1fe09da4b121e815b717b770a6aabfb5085e4121d18ab0310679d65b6387197f989332c926',5500,1,'MyApp','[]',0,'2021-02-19 19:25:09','2021-02-19 19:25:09','2022-02-19 19:25:09'),('e95034e4ebaa52417c786e404f01c03fa610d4ec49eb6d3f49db45c4ddeedc50c8416e9b4a15f99b',6065,3,'chapter','[]',0,'2022-05-16 21:29:37','2022-05-16 21:29:37','2023-05-16 23:29:37'),('e95463a65244ef0242c02937cafb6a68c92551d2a80e574f5dba17a913033cdda29862c30573c6d4',5002,1,'MyApp','[]',0,'2021-05-07 11:45:59','2021-05-07 11:45:59','2022-05-07 11:45:59'),('e9670a582b83b958403fba738f6970323626d60ac238241a963ad866cfd559f20ac4311f03d9af90',6009,3,'chapter','[]',0,'2022-03-14 23:59:58','2022-03-14 23:59:58','2023-03-15 01:59:58'),('e97777499401def33af1ade5a5cb2dfca60953dd6d7326b244543b7cc26ca46bfa17ab783cff9485',5001,1,'MyApp','[]',0,'2021-01-26 23:11:54','2021-01-26 23:11:54','2022-01-26 23:11:54'),('e98cee0589df20c38302ed99fae2cc919148601124a84d18b3b35b0100732f1d3e32d6664c2a3715',5803,1,'MyApp','[]',0,'2021-04-26 05:43:34','2021-04-26 05:43:34','2022-04-26 05:43:34'),('e9a0081cab91d66880bb77ae8da3279ac02664c9d9f9547acda22c143ff076490002ff716678b2e8',5680,1,'MyApp','[]',0,'2021-04-01 08:27:36','2021-04-01 08:27:36','2022-04-01 08:27:36'),('e9ab06bbd7744e9e7b12d362d91225891fabb267b61c2d7279f2b7167aaaee4e57d5efa68109193b',5805,1,'MyApp','[]',0,'2021-04-26 23:25:37','2021-04-26 23:25:37','2022-04-26 23:25:37'),('e9b9705ed2f53b5b07ebacbca3f6302d3917a9bdb71bd23aaff0b8630cac364393de4fd170673feb',5755,1,'MyApp','[]',0,'2021-04-18 07:56:02','2021-04-18 07:56:02','2022-04-18 07:56:02'),('ea0a175b435217ce72a481a55b7a1c8f9beb3e250d04e555469b0ce509d13ab9be6483d19353f21b',5424,1,'MyApp','[]',0,'2021-02-10 17:34:52','2021-02-10 17:34:52','2022-02-10 17:34:52'),('ea1b4455fbbd6f013e720d386ade933725425762576de523464b9b2d00951b6c903dcc6ecb0a5eea',5106,1,'MyApp','[]',0,'2020-11-10 00:13:19','2020-11-10 00:13:19','2021-11-10 00:13:19'),('ea20fa4f4592cb51b25b7d6f00f1b889dd79fefffa6fdac4f37faff7c74b1af19a866a181dbafe39',14,1,'MyApp','[]',0,'2020-08-19 09:51:49','2020-08-19 09:51:49','2021-08-19 09:51:49'),('ea274ba689c414491d3a5011999ee8c174d9a27563b96e60d476994c9844a0d53ffa1cc60f2ad132',4480,1,'MyApp','[]',0,'2020-09-21 23:48:09','2020-09-21 23:48:09','2021-09-21 23:48:09'),('ea786147f0f14d8521ad7c8bb0e10431fd5d17510f68e00d4b742a8ac0f2589f1517bf8761f2de36',5655,1,'MyApp','[]',0,'2021-03-27 00:23:22','2021-03-27 00:23:22','2022-03-27 00:23:22'),('ea826bd1a6db7d3546eb88464688b83f7136904eef0398cf9de7b319b3996313417853b9e7f39c89',5986,1,'chapter','[]',0,'2022-02-28 20:36:21','2022-02-28 20:36:21','2023-02-28 22:36:21'),('eaa5fab7345be215cc3660d630ceb6c904bb0d26ccfbd704d93ffc44d02699838c42927c670ee784',5097,1,'MyApp','[]',0,'2020-11-09 21:53:32','2020-11-09 21:53:32','2021-11-09 21:53:32'),('eaf6f0efb6068931c9a4c93ed1df9ba3095a3f484dc93ec7136d2300bfedb60dc91ea87076fecafd',5956,1,'MyApp','[]',0,'2022-01-07 02:18:53','2022-01-07 02:18:53','2023-01-07 04:18:53'),('eb025241ff0a61fe7b056367b543c36e351a902805f4a82c28f4e000a291c94ba0b98dcf50c44418',5065,1,'MyApp','[]',0,'2020-11-11 16:17:33','2020-11-11 16:17:33','2021-11-11 16:17:33'),('eb0af45999d220f6fbf8738a8719e8fb3bd4d4f62215a641039771e81e62f410d050f20df5b8a54c',14,1,'MyApp','[]',0,'2020-10-13 11:39:01','2020-10-13 11:39:01','2021-10-13 11:39:01'),('eb1614c2b5ac3dc6d31f589635cc46952cf3016904812be8319614f2f91938785d3c260353de647e',3848,1,'MyApp','[]',0,'2020-12-04 00:42:08','2020-12-04 00:42:08','2021-12-04 00:42:08'),('eb2ed0c123815df02c47afa53b634ea985fd6532c4948ddaec9efe9de380a767f6e7818416b1f246',14,1,'MyApp','[]',0,'2020-09-19 11:53:55','2020-09-19 11:53:55','2021-09-19 11:53:55'),('eb2fecac949405e03bfd1d0f477a3fc580883240bdac4331abed39d51e4618914ac2a8aede2bb1d1',5708,1,'MyApp','[]',0,'2021-04-06 09:08:54','2021-04-06 09:08:54','2022-04-06 09:08:54'),('eb36c86e96a7aefdd8cfa09222e8ca44a612deac39aca81f6dcc2341c3bf8f9724debe88aa6c72f7',5469,1,'MyApp','[]',0,'2021-02-14 15:29:10','2021-02-14 15:29:10','2022-02-14 15:29:10'),('eb3d22ad1dc70bce907752ce026204c2ea063900416167144e78a1db26a86a094017cad94f30d0ba',5251,1,'MyApp','[]',0,'2020-12-23 06:48:35','2020-12-23 06:48:35','2021-12-23 06:48:35'),('eb4e46d6ead86a8197df0ffc68309ff72a978bfbdd6239201e711aaa525f887207a2c270bd13f6e1',5751,1,'MyApp','[]',0,'2021-04-17 08:16:38','2021-04-17 08:16:38','2022-04-17 08:16:38'),('eb7d8b4fbad6341ccd72bd2dd00c82cfbd96fb18a7e560e259d8e8bbda8497b932834614da1e5b71',4508,1,'MyApp','[]',0,'2021-01-04 14:58:20','2021-01-04 14:58:20','2022-01-04 14:58:20'),('eb8f339b0b84ef83986f669e83560e19dddf8d196a1b6600fd24a58eecd4b16472a00380d498f686',5474,1,'MyApp','[]',0,'2021-02-15 09:00:38','2021-02-15 09:00:38','2022-02-15 09:00:38'),('ebcebf65956ffc5317f6f35ef14f0f3fc4c9d6a6588634b1baaed7ad22c1138e1c2eaa55812df6d7',6045,3,'chapter','[]',0,'2022-05-21 18:35:29','2022-05-21 18:35:29','2023-05-21 20:35:29'),('ebd9d1782120612e96b52d5e36804b35863420f1553c6e2980100b6b923274a5f603c57790f1e36e',6047,3,'chapter','[]',0,'2022-04-20 00:28:59','2022-04-20 00:28:59','2023-04-20 02:28:59'),('ebdb20ea742d71c661589afdc944841574ef36707acaa3d8477a1f5b4408aece325d6f62d5460c19',5580,1,'MyApp','[]',0,'2021-03-06 07:31:42','2021-03-06 07:31:42','2022-03-06 07:31:42'),('ebde12765a03d7f30be002d5140bdae2464c65eb0a52ac0153c84de47d397836f86d02886e68c18e',5768,1,'MyApp','[]',0,'2021-04-20 22:35:54','2021-04-20 22:35:54','2022-04-20 22:35:54'),('ebf35c57aa725ad1d5ab693f5e14da9951d6496f0850f3f5cbc4202a59346feae9e1fb34a73cb770',5889,1,'MyApp','[]',0,'2021-05-06 05:16:38','2021-05-06 05:16:38','2022-05-06 05:16:38'),('ec0a4447748ba103404ddca3dc7d6bf72d6f283478dccd0e4817dc7412f778a7f86689c8755973ea',4480,1,'MyApp','[]',1,'2021-01-05 10:34:14','2021-01-05 10:34:14','2022-01-05 10:34:14'),('ec320246fa482c9632bbc4a929a7a697ceed43d534a9239556cd205fa57191d725ceeb0f44a806a3',5002,1,'MyApp','[]',0,'2020-09-17 16:12:33','2020-09-17 16:12:33','2021-09-17 16:12:33'),('ec39a98bafb2dc18631dc502283cf1b7af74507550cc915b6d080479526b834d696e527c0666ae52',5765,1,'MyApp','[]',0,'2021-04-20 10:16:29','2021-04-20 10:16:29','2022-04-20 10:16:29'),('ec3bceb4f1641325088e3e55b9fd80cb9c5a11f0ebf93d49ecbfb99fa5e98620cb892c01ef4b63fe',22,1,'MyApp','[]',1,'2020-08-08 17:24:00','2020-08-08 17:24:00','2021-08-08 17:24:00'),('ec68996930e7865f8266b48eb6f0f2cd08eb20a7b9971a461b9bc8b7f483fca7071e287698da8de1',5069,1,'MyApp','[]',0,'2020-11-04 17:27:59','2020-11-04 17:27:59','2021-11-04 17:27:59'),('ec6cb1a986f43aeb8151f33e43a1e2042ec273fe162e63fd06736f94c036b329378a48d59d7b6b27',14,1,'MyApp','[]',0,'2020-08-26 14:47:15','2020-08-26 14:47:15','2021-08-26 14:47:15'),('ec782e4d5ee27a14c634ce260005e9d6fa6446baa0b103afb1a66712d7b905c10c9a9e31e8bd2101',5721,1,'MyApp','[]',0,'2021-04-07 00:52:35','2021-04-07 00:52:35','2022-04-07 00:52:35'),('ec85d9d169b7fd9f5255bf68c86c2659bdb5c5b0be4c40c29148a67957831e29f0419d99346f7041',5206,1,'MyApp','[]',0,'2020-11-27 21:35:07','2020-11-27 21:35:07','2021-11-27 21:35:07'),('eca79b1a78c6daf4078843f6cc1b5d5d700a94b86e278050271e5dd55ef6e7e29878853af8e1556c',5703,1,'MyApp','[]',0,'2021-04-06 01:18:30','2021-04-06 01:18:30','2022-04-06 01:18:30'),('ecacc5c660467aaa4d813ffc61a39d7511d671788ed38f8357a573f1e9c0fa2e2c9d2d7f1718b211',5165,1,'MyApp','[]',0,'2020-11-12 10:21:21','2020-11-12 10:21:21','2021-11-12 10:21:21'),('ecad347a37d30d11f5fdaeca3b88f6072d96c141dc406530f5ba4f11b9af04e4a8581415e8cd9d47',5689,1,'MyApp','[]',0,'2021-04-05 17:42:29','2021-04-05 17:42:29','2022-04-05 17:42:29'),('ecf55beed0a650058b2df544d952e6400820f2f2472990bfc60eb61c236f9dc33bcb6030561bf568',5550,1,'MyApp','[]',0,'2021-02-25 21:28:41','2021-02-25 21:28:41','2022-02-25 21:28:41'),('ecfd5a1203c67c3d50c6a0d661df4a434ea891ac997a3967cff271bc8042bb104d3b1adbeb6ebf89',5863,1,'MyApp','[]',0,'2021-05-03 19:47:57','2021-05-03 19:47:57','2022-05-03 19:47:57'),('ed02fbb45c67bff9a267ea63d22b6a734cbe07b1f650968cb085643f060f2563a4a176d26857f493',14,1,'MyApp','[]',0,'2020-08-04 13:56:58','2020-08-04 13:56:58','2021-08-04 13:56:58'),('ed180b2ac5b8dd389698c6c7f6b9f74b60a3b56ed1d33c9a1bd783ca70bfcc44e619c9cd24b87674',4509,1,'MyApp','[]',0,'2020-09-05 12:06:55','2020-09-05 12:06:55','2021-09-05 12:06:55'),('ed2d06bd652b44f6736ef698625566dd7eda4a1c9dc164f3141b5924f7af3802699654cd6f54540f',5965,1,'MyApp','[]',0,'2022-01-09 04:44:19','2022-01-09 04:44:19','2023-01-09 06:44:19'),('ed4345473c1b986a253dc9b9a30fa5c6a40cd27e8c8c0c665f91265d2fa1c025717937810303c548',5788,1,'MyApp','[]',0,'2021-04-24 23:13:14','2021-04-24 23:13:14','2022-04-24 23:13:14'),('ed4a559cb8af9cb64a12311a1c883f478e8d886cf419200ced22985197024fff5f4be1a01e07a82c',5903,1,'MyApp','[]',0,'2021-05-09 00:22:01','2021-05-09 00:22:01','2022-05-09 00:22:01'),('ed89a58ce286f662c76d92f13a745003a8c6c2ab7fe4ec3b8888ed250cca4c195656f491d54688d5',5335,1,'MyApp','[]',0,'2021-02-09 18:39:11','2021-02-09 18:39:11','2022-02-09 18:39:11'),('edee150f3018ee08cbdcb5133a9eb81843747e25f62d5cf4c141a2190f3424977cc3ada4475d9bc9',5276,1,'MyApp','[]',0,'2021-01-03 08:32:04','2021-01-03 08:32:04','2022-01-03 08:32:04'),('edf349c028f34d0ab2150e6fd102a419c042e8b2939114520a06d2e29f4cd44d154c192a082e8406',22,1,'MyApp','[]',0,'2020-08-03 14:40:45','2020-08-03 14:40:45','2021-08-03 14:40:45'),('edfee04fdd3bd5b9980e3623e063af4809a1258e49ee3f4fd1be51d6f300882c0c81837ae1bd1a62',5095,1,'MyApp','[]',0,'2020-11-09 21:03:46','2020-11-09 21:03:46','2021-11-09 21:03:46'),('ee1f9b2e296400910aaf3f8fa45c6ec847022ce3441e1c5d21d38f13af1bed6aa061bed40f1e093c',5956,1,'MyApp','[]',0,'2022-01-09 04:17:23','2022-01-09 04:17:23','2023-01-09 06:17:23'),('ee387d2f9968adf9a009244f570f0c2b7e33a039f5e0fb084b2aca118c95a2bee7c0d3cf33f24686',5410,1,'MyApp','[]',0,'2021-02-09 18:39:06','2021-02-09 18:39:06','2022-02-09 18:39:06'),('ee59512154579ebbdc5f4f474135c137a60bb8a6d0df1422d65aa656d1ecaf09b587cfc620b71ee1',5711,1,'MyApp','[]',0,'2021-04-06 12:26:24','2021-04-06 12:26:24','2022-04-06 12:26:24'),('ee796f066edace36c88fc962278106a6eeeead687af93fe1ad5d4860bf1ac720c140b9563897b45a',3848,1,'MyApp','[]',0,'2020-08-19 09:47:23','2020-08-19 09:47:23','2021-08-19 09:47:23'),('ee7d52cf80890a7ef79480bb3ab71dcdfcc65d4061b653d66f04cb8f5076e8dcd52f11f33553128a',5549,1,'MyApp','[]',0,'2021-02-25 16:58:31','2021-02-25 16:58:31','2022-02-25 16:58:31'),('ee7ea9afa0c8c9fb956b6b0b9219d0befa34e90d4acb5926cda8b53a15c5e59c5a7d860cbf9ef302',22,1,'MyApp','[]',1,'2020-09-05 13:44:05','2020-09-05 13:44:05','2021-09-05 13:44:05'),('eed43465e56da45f510615eb5b42554b489017ee0702f11476361f4370ca41e65a7d7f0b20e73e89',5302,1,'MyApp','[]',0,'2021-01-11 21:04:12','2021-01-11 21:04:12','2022-01-11 21:04:12'),('eeddbe1330424a111aca02c771bc85217f34231770c05e67474061635c4bc201dbfe4c6878d771bc',5320,1,'MyApp','[]',0,'2021-01-23 13:19:30','2021-01-23 13:19:30','2022-01-23 13:19:30'),('eedde2ebd259a13c278cb79201b166946fdbc36229a8265cd0734f3e6f4ef5651bffb787d4dea6bc',6079,3,'chapter','[]',0,'2022-06-26 22:10:36','2022-06-26 22:10:36','2023-06-27 00:10:36'),('ef03b4b287e02d05aa78b47ea91cedf8e349bffd49238cdae597720668b97a8ef547990e74c032a8',5825,1,'MyApp','[]',0,'2021-04-30 05:03:31','2021-04-30 05:03:31','2022-04-30 05:03:31'),('ef2611e1ccfb754af8bd96ba8a34d004f75cb59e798c60bcc52008daabd321fcea0c667ac0ab52d4',5994,1,'chapter','[]',0,'2022-03-01 01:38:58','2022-03-01 01:38:58','2023-03-01 03:38:58'),('ef3cf7449ba515a6d2f9fcffac8fdb119d5df61d2963802481fdf601c6625e505fa9fff906540d7e',5691,1,'MyApp','[]',0,'2021-04-05 19:56:40','2021-04-05 19:56:40','2022-04-05 19:56:40'),('ef68e0b834956c6196d2486a42a53c0ca455fa8e082be03486e4609e7b0c5ef6247aeb2934df64a6',5018,1,'MyApp','[]',0,'2020-10-09 14:54:32','2020-10-09 14:54:32','2021-10-09 14:54:32'),('ef766461fd867550d1f8f8e296a8c07957092cacb1ff1d619913db812642e38bfa204b319ca0de21',5233,1,'MyApp','[]',0,'2020-12-14 19:38:20','2020-12-14 19:38:20','2021-12-14 19:38:20'),('ef8a105c285098ef71a9f38d40bd0b856fd57e62c3acedc6a210b1f049c9f4a38eb4f1d8089057da',5628,1,'MyApp','[]',0,'2021-03-18 18:49:00','2021-03-18 18:49:00','2022-03-18 18:49:00'),('efa94beba64e2e14d11487cb5efacafdc075bac876e26894bf57098951dde266d7feedf4424b86e8',5479,1,'MyApp','[]',1,'2021-03-09 13:44:22','2021-03-09 13:44:22','2022-03-09 13:44:22'),('efacc483931e3881aa4defdddd311cb404dcb5ef3a27878febcd9213e57f436c3d973067506f0287',5001,1,'MyApp','[]',1,'2020-12-20 19:57:19','2020-12-20 19:57:19','2021-12-20 19:57:19'),('efb0e4dc252b3a8a8e077674ea233e86173506cc75ddd717da2e3d12322036272e35eb528baf5bba',4480,1,'MyApp','[]',0,'2021-01-05 15:24:45','2021-01-05 15:24:45','2022-01-05 15:24:45'),('efb5090549b9112f9b949e4d4b53d3563ebf5451e421bef0421ccc6e6a0c0d2670a6ea19ddb3dfe9',5917,1,'MyApp','[]',0,'2021-05-09 04:11:46','2021-05-09 04:11:46','2022-05-09 04:11:46'),('efcb9d1ccf2d53c47bd4659ccf9b2161f9c131c703a0ad851ce3e3cacbfc8cdcdec1297f1f453d4d',5638,1,'MyApp','[]',0,'2021-03-21 03:36:50','2021-03-21 03:36:50','2022-03-21 03:36:50'),('efcc5adb7fbd382b0827ea9f0709803cb122390b4be18d67b1b86526def183ffbae44cf3837697ce',5635,1,'MyApp','[]',0,'2021-03-19 20:03:38','2021-03-19 20:03:38','2022-03-19 20:03:38'),('efcd85624216885b1a1951cc3e52c1ad7b9dfbe4362c4632a3f702588025d989917642468a27b5fb',5869,1,'MyApp','[]',0,'2021-05-04 04:10:18','2021-05-04 04:10:18','2022-05-04 04:10:18'),('efcff275e9213bd4509b5b2a9d7b76e67d8e925697ad3585ccda7188154b3ec0599ed26e5b253a0a',22,1,'MyApp','[]',0,'2020-08-29 12:42:28','2020-08-29 12:42:28','2021-08-29 12:42:28'),('efff34c10006cacdb643a28cad8b6d31529f426e0890a655522d1b55111f0246b27cb1a1bbf13fd7',5002,1,'MyApp','[]',1,'2021-04-27 22:34:44','2021-04-27 22:34:44','2022-04-27 22:34:44'),('f059274740224a047c1f040cde2f1426121558a867c17b8594a9f2edfec62af48f1fcee3292d64b4',5890,1,'MyApp','[]',0,'2021-05-06 09:09:21','2021-05-06 09:09:21','2022-05-06 09:09:21'),('f084e93a285316f5d000947b1bbd511604e146195c122f2ce4cf695514f46bf56afce2ee478f9f0c',5766,1,'MyApp','[]',0,'2021-04-20 19:55:48','2021-04-20 19:55:48','2022-04-20 19:55:48'),('f08f29d4180e1272325c08bb8d75b669b68cd02df58789c9bd82a4bccd1fad225c30451f244239b5',5064,1,'MyApp','[]',0,'2020-10-30 05:24:03','2020-10-30 05:24:03','2021-10-30 05:24:03'),('f094f9f80778cb7df6c16a800b742cf095dffd4618b040cb48a2fde488c6b737415bcf6c90b326d0',5326,1,'MyApp','[]',0,'2021-01-24 23:28:25','2021-01-24 23:28:25','2022-01-24 23:28:25'),('f0964580768b8283a7c9d2b41124273cd5e11716c162ebefd2354c7461a1e1dc4c1c7cf61ce52d91',5874,1,'MyApp','[]',0,'2021-05-04 21:28:51','2021-05-04 21:28:51','2022-05-04 21:28:51'),('f09bb4c9b4cabf677feaf7cf350328e0178af264d48572f2c2bcfbd35ac80a45296d3c67639b7d57',5802,1,'MyApp','[]',0,'2021-04-26 01:51:51','2021-04-26 01:51:51','2022-04-26 01:51:51'),('f0a9c5189402f7e70403b394de89542d9e74c2816ae372e9333bc3856d550d4d3dc9698da5a47d49',5466,1,'MyApp','[]',0,'2021-02-14 14:28:34','2021-02-14 14:28:34','2022-02-14 14:28:34'),('f0adb6a0fc735c888f20d0d879aa19a128dc1245f6515d5c3c9155c8cbed5349f199318456e1ce76',5711,1,'MyApp','[]',0,'2021-04-06 12:26:33','2021-04-06 12:26:33','2022-04-06 12:26:33'),('f0af11c251d9b9203401cc3ba3d9851f20a98352d08dbec320493f121f9f91c0b5fe3b7f573e61c3',14,1,'MyApp','[]',0,'2020-10-14 13:23:30','2020-10-14 13:23:30','2021-10-14 13:23:30'),('f108b3f64991802ea8a7f575ab8dbec77c68200f5e50020b748d76a89a00e30eb2a6396405b94d77',5492,1,'MyApp','[]',0,'2021-02-18 15:13:44','2021-02-18 15:13:44','2022-02-18 15:13:44'),('f1239244d99bd6b28847e6871db464ac5fcbdb10cb3bf2955baf96461c6d4283e5e3908b0a43dbd4',5112,1,'MyApp','[]',0,'2020-11-10 04:28:41','2020-11-10 04:28:41','2021-11-10 04:28:41'),('f145499498260999f2c9e05cfe32edb40d81cffe06c01695b425762a1899e51f42c7953727c6c39d',5191,1,'MyApp','[]',0,'2020-11-19 17:59:56','2020-11-19 17:59:56','2021-11-19 17:59:56'),('f150d18480bcfef87601e9d13f6d7e6df17d538f9c80046b1da12a8e1aae688f73689f1acd2723c3',5185,1,'MyApp','[]',0,'2020-11-17 09:57:42','2020-11-17 09:57:42','2021-11-17 09:57:42'),('f16bd2d5192ac8292ee599571cd410ffa65cbb91220f6ad36afa00ac84be4328576eaf32ce4a6996',5019,1,'MyApp','[]',0,'2020-10-10 04:17:21','2020-10-10 04:17:21','2021-10-10 04:17:21'),('f1aa40f99b880f1d7c14e819fc0a9c3c8b38af5a2b05b3b81b51159958f887094536ddfa99ad22fd',5103,1,'MyApp','[]',0,'2020-11-09 23:41:28','2020-11-09 23:41:28','2021-11-09 23:41:28'),('f1b2d5a9d1faaef2778afcd36b8643da9ef51dd7ccba97b5fb18b96f035692f433a9efd9c5295da3',13,1,'MyApp','[]',1,'2020-08-08 17:25:42','2020-08-08 17:25:42','2021-08-08 17:25:42'),('f1bf75331621e202875835ba0c7626e5f1a737b2afd561657fc6e2b7cf53807afd0bdd102158dd44',5201,1,'MyApp','[]',0,'2020-11-25 22:37:41','2020-11-25 22:37:41','2021-11-25 22:37:41'),('f1dbee96c3acf19ed8fe94fc1dcb9049758f865a70fd8759bd2a94e97f3238e6ddf0cfe923f74858',5555,1,'MyApp','[]',0,'2021-02-26 13:26:41','2021-02-26 13:26:41','2022-02-26 13:26:41'),('f21f3d9f3ed0714466a94c006dafaf40c9aab2f9725242224bbce6a69605f504f6ac8d4cb326d5ef',12,1,'MyApp','[]',1,'2020-07-29 17:59:48','2020-07-29 17:59:48','2021-07-29 17:59:48'),('f2243c97a014f8b29819f92e584c156d5eaa139a7669b9526129685da4e8861763eb9ff6b3382c4f',5412,1,'MyApp','[]',0,'2021-02-09 17:53:34','2021-02-09 17:53:34','2022-02-09 17:53:34'),('f247c40afe37098f0eb18b3ad444eda281e3b7c5960cbadf2ca5445f40f3c176056746a6ee7e1ab9',5336,1,'MyApp','[]',0,'2021-01-26 23:51:40','2021-01-26 23:51:40','2022-01-26 23:51:40'),('f25255097c106ff5ea8b38f29f08c2c849428e0050b1c6dff266e7fa2136c43f0a57f801b308032f',5106,1,'MyApp','[]',0,'2020-11-10 00:13:41','2020-11-10 00:13:41','2021-11-10 00:13:41'),('f26ba1ca0fe859a7a8daf6703ab5f53b8e0c5abc8382e949def85147b9f74d94864a9331dc67c98b',5956,1,'MyApp','[]',0,'2022-01-09 04:20:20','2022-01-09 04:20:20','2023-01-09 06:20:20'),('f27400b1bec66b401ec345cfef7da6f4fb8187d8ba4d7060e4b0a6c8c05290a0bd7ee6ff8fff42d7',6041,3,'chapter','[]',0,'2022-04-19 21:34:22','2022-04-19 21:34:22','2023-04-19 23:34:22'),('f27b33770278aaa61c48ca5ce833178d60352849466d8fd1b5d33788693c8fe2f3e0d3940b485cb1',5829,1,'MyApp','[]',0,'2021-04-30 19:39:44','2021-04-30 19:39:44','2022-04-30 19:39:44'),('f2987eb33f3c1007de83b94ddff9058188938319e0d2b1a0501de7b1172a8db0636af66e26fdd6f9',6013,3,'chapter','[]',0,'2022-03-21 22:13:18','2022-03-21 22:13:18','2023-03-22 00:13:18'),('f2a87c7f998f4e14da14eb7a173e2cc488d2c4010ba39f60c660c5de239b42be4a6f3757fdfe2330',5186,1,'MyApp','[]',0,'2020-11-17 21:20:22','2020-11-17 21:20:22','2021-11-17 21:20:22'),('f2f1cc02daacaedf25cd185d6ac8f039d15cd8f8fae8a24f76725acbd8bca46a91d54088e83e68a1',5803,1,'MyApp','[]',0,'2021-04-26 05:43:39','2021-04-26 05:43:39','2022-04-26 05:43:39'),('f312e6b9177857a841ddb8f42d4959f0e56688a31a3d0fa282f576d4323eb8eff7ec04523992c847',5200,1,'MyApp','[]',0,'2020-11-24 21:53:55','2020-11-24 21:53:55','2021-11-24 21:53:55'),('f34575fd5a94155f56edad6b05755abfc8bbb633762d8a0c4bda16e84e44748dbce43e24c4880c3f',13,1,'MyApp','[]',1,'2020-08-03 11:35:06','2020-08-03 11:35:06','2021-08-03 11:35:06'),('f3551b79e8c0ece874b6663868c91036cb99ed14c73363894d6c75f6504608a1302f60b353660fb9',5777,1,'MyApp','[]',0,'2021-04-22 21:28:35','2021-04-22 21:28:35','2022-04-22 21:28:35'),('f35f4a39908ec790f84e6bb40b5efbeb0c564d528692cc7a35a2b54756f195c276e93174b247f643',5740,1,'MyApp','[]',0,'2021-04-13 06:06:17','2021-04-13 06:06:17','2022-04-13 06:06:17'),('f3600cc7a26d6118a2b0b4d5da7e6b3b135b30def9318ea14f6356d76eb84b07a478feba88155c9b',4071,1,'MyApp','[]',0,'2020-09-26 17:44:53','2020-09-26 17:44:53','2021-09-26 17:44:53'),('f3820daf5432e42ba9477c558cd189b01a4c3fd8b59de60bebe776afb8641a84bf451d8e863b6113',14,1,'MyApp','[]',0,'2020-08-04 13:59:51','2020-08-04 13:59:51','2021-08-04 13:59:51'),('f390cb944a286acbb0f1fc2d7dcb58a686e453540f4920393fe658d289911b199f2954b0bc681761',5720,1,'MyApp','[]',0,'2021-04-06 19:21:15','2021-04-06 19:21:15','2022-04-06 19:21:15'),('f43844be3ce5802fe3830ab3aeaa76882cf1271f09b0990a231b4a37172090e5a98f23667974419b',22,1,'MyApp','[]',1,'2020-08-22 14:42:19','2020-08-22 14:42:19','2021-08-22 14:42:19'),('f44007140860a7cba7fd2bb28f2c87d5a8243b2f5a2e3853eedbba81853625756607d09ffc723585',15,1,'MyApp','[]',0,'2020-08-04 17:14:08','2020-08-04 17:14:08','2021-08-04 17:14:08'),('f454e3841bbf862bd577bca01c8c4df99759593123cfa930f8ed142d07c547dd17ac0d85897caac8',5187,1,'MyApp','[]',0,'2020-11-17 23:33:35','2020-11-17 23:33:35','2021-11-17 23:33:35'),('f49098f499aa14869dc0c3daf678740489c82e5f289eebd071f12759c60abc85f2b51c8343bebf39',5517,1,'MyApp','[]',0,'2021-02-22 04:07:55','2021-02-22 04:07:55','2022-02-22 04:07:55'),('f4ac5e69cad351792d64ded06f0440103c7369254291ff677f206dafe4606a3199b07a40f982eb88',6065,3,'chapter','[]',0,'2022-05-16 21:29:44','2022-05-16 21:29:44','2023-05-16 23:29:44'),('f4bfbf205dffac11df7ce4a69a6db6b7097452b6cfc582705cdbe30e74e1af054ab21a28ec6548af',5245,1,'MyApp','[]',0,'2020-12-21 15:33:46','2020-12-21 15:33:46','2021-12-21 15:33:46'),('f51c00dc5cd8a12ad44de5e7256c88b6a5d8370a00e3c103b2629a45d1d673ef8805a62c56b5f55e',5541,1,'MyApp','[]',0,'2021-02-24 14:21:15','2021-02-24 14:21:15','2022-02-24 14:21:15'),('f54963978ca33bfc21f50665a08f9c31780c7c626f573e8aa29905f51962c138ac9752495e4cdc4b',5588,1,'MyApp','[]',0,'2021-03-10 11:59:15','2021-03-10 11:59:15','2022-03-10 11:59:15'),('f54a3248454c613737b60861024911124648756fd3b2d50b0b77c83331035b56a32d16236c6076ef',14,1,'MyApp','[]',0,'2020-09-19 17:08:04','2020-09-19 17:08:04','2021-09-19 17:08:04'),('f5778d0676776f750a0e0a48098c7967219bcddacb4d5e846428eed65adc66faf1e19333f0c6e6f2',5956,1,'MyApp','[]',0,'2022-01-09 04:47:50','2022-01-09 04:47:50','2023-01-09 06:47:50'),('f58acba877d2e8c1c76562a15aa3f8fded0d969541587e6accb0a24ac4724ddb6ea82ef0ca24bf6e',5139,1,'MyApp','[]',0,'2020-11-10 20:12:55','2020-11-10 20:12:55','2021-11-10 20:12:55'),('f5a43232758cf66cd2cf74fc6f74ea0ecabf389a0cfb98079dd522b7423dcc6fa5bd84f702685453',5956,1,'MyApp','[]',0,'2022-01-09 04:58:50','2022-01-09 04:58:50','2023-01-09 06:58:50'),('f5b1cc1e8a9306801f938a36ab60ba09cd7ba62a3d2a683914455dab24c1a5bbd45316108908f4bf',5281,1,'MyApp','[]',0,'2021-01-05 17:56:27','2021-01-05 17:56:27','2022-01-05 17:56:27'),('f5df973de81d1c353c50f0ac1b5fc41a7c4c80774ba78cf9596490142303264170ed7be57d3409cd',5350,1,'MyApp','[]',0,'2021-02-03 03:17:15','2021-02-03 03:17:15','2022-02-03 03:17:15'),('f5fcbbe31c5b3237712a880ae0864cf86485914a7df160dcda9541c74e1196202f2412eb971fa256',22,1,'MyApp','[]',1,'2020-08-08 17:36:16','2020-08-08 17:36:16','2021-08-08 17:36:16'),('f610b07e676c6ba6de2b55845315912c9d0960c53fb9aaf85d3c514690857b4d9a18e8d32060d7cf',4408,1,'MyApp','[]',0,'2021-03-31 16:09:22','2021-03-31 16:09:22','2022-03-31 16:09:22'),('f61fffb2fb78b2aa92b50f749c4ad7741e173e7c1c7caf71905d128a511636d950aa49d1cbb9d7b8',6006,3,'chapter','[]',0,'2022-03-05 10:59:40','2022-03-05 10:59:40','2023-03-05 12:59:40'),('f6332bbbc4090de30c02a7faaaccfe9c4ef23bfa5775ea887cf21b2b802ec37ae41e95a39a95f236',5384,1,'MyApp','[]',0,'2021-02-08 00:10:32','2021-02-08 00:10:32','2022-02-08 00:10:32'),('f6919eab3c31093783c6e22fe3f61997220ca2df60ca96de357568d3d71a0561cf75570d458c0761',5472,1,'MyApp','[]',0,'2021-02-14 20:30:18','2021-02-14 20:30:18','2022-02-14 20:30:18'),('f6a748d5122f09aaeca98433294ddf3143780581bb6f44c393f4d4f7a96afcd9f24bcc36e8a767aa',4071,1,'MyApp','[]',0,'2020-09-26 17:45:10','2020-09-26 17:45:10','2021-09-26 17:45:10'),('f6a876073660650d2b7654ffa7c1125ced85ae2d1d857044afe9467052d326f3477726ecc36e725c',5576,1,'MyApp','[]',0,'2021-03-02 01:11:32','2021-03-02 01:11:32','2022-03-02 01:11:32'),('f6b8fd8313142d301b998e9a5e033c53c12e189a31c05492bf00d6a632cf12326bfd13739b8038bc',5226,1,'MyApp','[]',0,'2020-12-09 03:51:59','2020-12-09 03:51:59','2021-12-09 03:51:59'),('f703ee6fc96dfca9a718acf13f8ab1ae666f8448f7a4153aeda14b32a5c1bd66a45e639ae0982975',5335,1,'MyApp','[]',0,'2021-02-13 17:20:34','2021-02-13 17:20:34','2022-02-13 17:20:34'),('f72495efd23ed79d4196438f04f60f90ba2652b41ade9ccdb56804833c0787c4cb3e1138267aa5c3',5956,1,'MyApp','[]',0,'2022-01-09 04:09:21','2022-01-09 04:09:21','2023-01-09 06:09:21'),('f724a7a425b51a5753aaea2cdfa3162e87db807f9352cf8454e1abe24727ff8f58fbd2bb8528709e',5461,1,'MyApp','[]',0,'2021-02-14 12:23:12','2021-02-14 12:23:12','2022-02-14 12:23:12'),('f78cd0ec0b70048c5bdcb18f38ca407ab9ca34dc654ed0fec8df95e09f35f3ce0420b7267963a3ee',5514,1,'MyApp','[]',0,'2021-02-22 00:52:40','2021-02-22 00:52:40','2022-02-22 00:52:40'),('f7b9da1ce9e9574da5cd9a9b8c7932e9bfe3c73612a8f8265a7755cd79ab5a2d4177d12221367653',5822,1,'MyApp','[]',0,'2021-04-29 23:40:29','2021-04-29 23:40:29','2022-04-29 23:40:29'),('f7ba9c70837014c7bccff9d5a1f3091c082393886427c6846529a604aa9ac279eab7803c5fb5b005',5845,1,'MyApp','[]',0,'2021-05-02 22:15:53','2021-05-02 22:15:53','2022-05-02 22:15:53'),('f7bd83f1e1206e12503b77ab05151c5e450685658bed0b5238c6f8f742e9415a37b69358e4a8b7e5',15,1,'MyApp','[]',0,'2020-08-06 09:38:15','2020-08-06 09:38:15','2021-08-06 09:38:15'),('f7d94b2aaf99b79d1b0d213b320c0a8220f970dec32ce2b2b04d60ca4c28962a3e3ecdda303e4ee1',5200,1,'MyApp','[]',0,'2020-11-24 21:54:02','2020-11-24 21:54:02','2021-11-24 21:54:02'),('f8011f144ddcc342e0a812710a2c09fca4df606ea6123ca79101b69c54a16c529e6fc7c0611f05ce',5335,1,'MyApp','[]',0,'2021-02-02 00:16:57','2021-02-02 00:16:57','2022-02-02 00:16:57'),('f80deafed7c6ec04da55609413f2b8bae7c9f235cfb84f783b8b302cae8f875dc30e4ac493ac2446',5966,1,'MyApp','[]',0,'2022-01-09 04:57:16','2022-01-09 04:57:16','2023-01-09 06:57:16'),('f834c135a5e4177491ebcb07e17d7f0843721af8bfa75308a4f19546599e7853c47c443e826b8df4',5786,1,'MyApp','[]',0,'2021-04-24 21:30:38','2021-04-24 21:30:38','2022-04-24 21:30:38'),('f8585f9cf73c8fbb1891b503b27949a54e8a4a18329ee57d2e6e9d632a49f520f35587203104ab0a',4480,1,'MyApp','[]',0,'2021-01-28 10:12:57','2021-01-28 10:12:57','2022-01-28 10:12:57'),('f86a394d81a7bcf9f4027fe91522ec02775fb371a0fe46660e7d8aab4213ad1744758af62dc3fad7',5969,1,'MyApp','[]',0,'2022-02-05 11:48:58','2022-02-05 11:48:58','2023-02-05 13:48:58'),('f8740e88de97e0c3ae490f3b3e36011f23d5dc7722f71eb4c9290a58163555e4c2009f4021cc1ff8',5262,1,'MyApp','[]',0,'2020-12-28 00:38:49','2020-12-28 00:38:49','2021-12-28 00:38:49'),('f89befa5f3e3a03cdc6f60e1cf3bb05c68aab782eb72ea7e9a1f67077827f879a1560c56940a27b6',3862,1,'MyApp','[]',0,'2020-09-06 20:28:17','2020-09-06 20:28:17','2021-09-06 20:28:17'),('f8c24232e032c6eadeb699fa0c8b75f51f660be810ba3bb918e346aae06fccf7bac51eff651865b4',5508,1,'MyApp','[]',0,'2021-02-20 19:19:09','2021-02-20 19:19:09','2022-02-20 19:19:09'),('f8c942c9c2ec67d6d8a5bc0cd878edfcc0b812f5f440cb5d2bf505a73ab804c8c59e247906ef3907',5003,1,'MyApp','[]',0,'2020-09-08 23:41:14','2020-09-08 23:41:14','2021-09-08 23:41:14'),('f8c9f78dea2257fe94f82d1ce3c8ddd829a64e16a950214df5ecb236a04a624d2a3bd446835726ab',6035,3,'chapter','[]',0,'2022-04-04 15:23:57','2022-04-04 15:23:57','2023-04-04 17:23:57'),('f8d9bfcbdae2dacaa5f140b0d8df1127a24d4b6f8414c7d2d9b7d36c687d5ebbc014001cf8dd3003',6076,3,'chapter','[]',0,'2022-06-29 21:06:32','2022-06-29 21:06:32','2023-06-29 23:06:32'),('f90597ff870922b226ac73619c9861ab7df30d8c9841cf2eca1ad0b174d6317cbeacac4ae99202c9',22,1,'MyApp','[]',0,'2020-08-08 17:46:09','2020-08-08 17:46:09','2021-08-08 17:46:09'),('f9323457446eea19490a5ed08d481a70264c5a6edd3ababbabd1910fb03abdb351defdcb0967b24a',6066,3,'chapter','[]',0,'2022-05-20 23:27:24','2022-05-20 23:27:24','2023-05-21 01:27:24'),('f936826f3f1e2841185c3f5e85aa803487ad01a67752e6f72684b997d1167bff787d2ef4bda72d30',6076,3,'chapter','[]',0,'2022-06-26 21:21:21','2022-06-26 21:21:21','2023-06-26 23:21:21'),('f943970582e9983ea86e638343c86cbf45b34f9bd69159a32e29efb9e3b9cd34fd46d70703f86e39',14,1,'MyApp','[]',0,'2020-08-25 13:48:22','2020-08-25 13:48:22','2021-08-25 13:48:22'),('f94dc3ab1de5a87ca354e4ccaf3b6f99e33f25885f034d4daf59ed309243cedbdd9d8ce67fc93477',5526,1,'MyApp','[]',0,'2021-02-23 10:07:11','2021-02-23 10:07:11','2022-02-23 10:07:11'),('f94eacd668458c1bbb7db5e02d3beff491ee6367dddf7f061afe0eab0f2f6e57143ffc46bd69456c',3848,1,'MyApp','[]',0,'2020-12-03 23:51:21','2020-12-03 23:51:21','2021-12-03 23:51:21'),('f958f209325f7f087d8aba29f3b0afe6f3ce9941675b0228a5959e300afda09588ef1e944fe1017f',5287,1,'MyApp','[]',0,'2021-01-07 10:09:20','2021-01-07 10:09:20','2022-01-07 10:09:20'),('f95ba7dabaa00b59ebf8ab0e1b4a128cd9e66b493aa94721deb3e5c9316dbfa72433b259b5119a2d',17,1,'MyApp','[]',0,'2020-08-24 15:27:53','2020-08-24 15:27:53','2021-08-24 15:27:53'),('f978a3a9df711f6486b46addb0b08cabbfe8d459fdf0e75fac1dd2dd06d1f5dbb0c6220ab1aa6079',5535,1,'MyApp','[]',0,'2021-02-24 01:24:12','2021-02-24 01:24:12','2022-02-24 01:24:12'),('f99100ac22391c2c7ae5692c2b668d7568655f1de3dc270fe33bb63c50f38cdd87cfbe65aadc43df',5571,1,'MyApp','[]',0,'2021-02-28 23:18:02','2021-02-28 23:18:02','2022-02-28 23:18:02'),('f9b798f6607da4e483d95fba2d148567cb4d0dc0f788d62dc71b4dfc23422fd170f4412c0c2e6ea2',5683,1,'MyApp','[]',0,'2021-04-02 23:00:32','2021-04-02 23:00:32','2022-04-02 23:00:32'),('f9d343eda3f8901492c673c68441eba83b4489003712a4f8fb967efd330e19ff5a5ae447e47dd496',5001,1,'MyApp','[]',0,'2020-12-22 10:25:00','2020-12-22 10:25:00','2021-12-22 10:25:00'),('f9f80d90335cebf1f836b6d222b4fc71429264674c640cf569cd06bd8734d6f34dac1b3a0224ba3f',5995,1,'chapter','[]',0,'2022-03-01 20:30:03','2022-03-01 20:30:03','2023-03-01 22:30:03'),('f9ff6d617bfc65d374093d546338e52ce2860e29d61344c34dcffd7515f96cace1eb613e7042c331',5155,1,'MyApp','[]',0,'2020-11-11 07:48:47','2020-11-11 07:48:47','2021-11-11 07:48:47'),('fa0f1d3660c6e5bf91ec3e5654686846db86101588ac9237ececf222a891ff6caf1e57c98d81b049',5324,1,'MyApp','[]',0,'2021-01-24 12:43:45','2021-01-24 12:43:45','2022-01-24 12:43:45'),('fa40a4b45d4effb6b809b5f96eb7b38ee3b709d024ad33587420a46a0516324e1abf25be4c8d0854',4995,1,'MyApp','[]',0,'2020-09-07 18:23:58','2020-09-07 18:23:58','2021-09-07 18:23:58'),('fa99ba724924ec143fdb052b0a79bd1147c674411c229dd280317c4d5e15d1b24bd99dfb00b36608',5593,1,'MyApp','[]',0,'2021-03-10 22:19:44','2021-03-10 22:19:44','2022-03-10 22:19:44'),('fadeaea819f4e98c66e77e49352f01aef9574fdf92cc77d31e16010c0433c56010cba6c81161008b',5688,1,'MyApp','[]',0,'2021-04-05 16:32:46','2021-04-05 16:32:46','2022-04-05 16:32:46'),('fb1d47473b30981cfb69940a9c9e7c3b3a282c3d7a31fd0ca1662398f795f4b13c99a1cc4bc7a48b',5971,1,'MyApp','[]',0,'2022-02-05 12:04:02','2022-02-05 12:04:02','2023-02-05 14:04:02'),('fb357416741945a2066ad123aecb20d52833b1430743acd4f61678a0afd60ad1f36666d810e1b1ab',5697,1,'MyApp','[]',0,'2021-04-05 21:35:20','2021-04-05 21:35:20','2022-04-05 21:35:20'),('fb45030ff2d93d6ec9b12a6945151ee2a13990b2cb0c4ca3fc73879b74ab84c54a5f2b2ed0a64d44',1,1,'MyApp','[]',0,'2020-11-18 23:33:05','2020-11-18 23:33:05','2021-11-18 23:33:05'),('fb5599812681e2beff74745944574c1adcb0de28605dab3b6e073d576b245ce2f32fb404a2e06350',5560,1,'MyApp','[]',0,'2021-02-27 06:49:57','2021-02-27 06:49:57','2022-02-27 06:49:57'),('fb6b7cfc7741364bc4fd9b62c18a7f650502be473d3baf279d9bfc044735952ce94c663a54e1e3e0',5105,1,'MyApp','[]',0,'2020-11-09 23:57:57','2020-11-09 23:57:57','2021-11-09 23:57:57'),('fb98c4f8568fe168a47d4f93fe6222dc9f49ab42cd80a06af899c2c143221eaa0516442205b08b87',5358,1,'MyApp','[]',0,'2021-02-03 15:20:03','2021-02-03 15:20:03','2022-02-03 15:20:03'),('fbb525b95ba5b40da08597ee4fdd03fc11394f48a0a013601208d09e48e393da0bbc380325c7ad26',5673,1,'MyApp','[]',0,'2021-03-30 11:44:59','2021-03-30 11:44:59','2022-03-30 11:44:59'),('fbe3658f01852d1c14e496ae1322038276c3be221fd97797be5f239152652c58077e50bd5d27f509',5253,1,'MyApp','[]',0,'2020-12-24 00:16:20','2020-12-24 00:16:20','2021-12-24 00:16:20'),('fc05e72752415d7917fcb339a6b6b50615826b1c57fc92384d788caf5308ace18a1a47698c0860cc',3923,1,'MyApp','[]',0,'2020-10-03 10:26:29','2020-10-03 10:26:29','2021-10-03 10:26:29'),('fc06eaac9a7457784eb2e2fea632dcc1178e5439dbd399a6e34f45e8c1880895e59cad4a656232b5',5569,1,'MyApp','[]',0,'2021-02-28 19:47:01','2021-02-28 19:47:01','2022-02-28 19:47:01'),('fc4bc5c67c451a183cb7c1f28dd55ece8e0149d4148c5ee833ae06b28c512e999bd346067f57b937',5452,1,'MyApp','[]',0,'2021-02-25 20:47:28','2021-02-25 20:47:28','2022-02-25 20:47:28'),('fc5a945ca49036cdccd1074785a1de3e12b5f6bf8146ed502b2b709d3b73d89a965fa3fee43c51d0',5152,1,'MyApp','[]',0,'2020-11-11 05:35:39','2020-11-11 05:35:39','2021-11-11 05:35:39'),('fc5be77e97d751c68491f1be5f49988ebb6252a83647fcf6c6c06381417f2e5fc2b86adafcecdb09',5399,1,'MyApp','[]',0,'2021-02-09 00:33:23','2021-02-09 00:33:23','2022-02-09 00:33:23'),('fc5cae436115c1d4dd53f82d8329ef779c6dfae3a80029ddee5da0f2ebaf8c8cb711ea5bd14dedf2',3848,1,'MyApp','[]',1,'2020-10-17 13:12:11','2020-10-17 13:12:11','2021-10-17 13:12:11'),('fc947a9a327b4e47341ccb4c221e5934e2f09fbbe19093dd248d4cae5caca00de6b837c61a5cef71',6067,3,'chapter','[]',0,'2022-05-21 16:47:12','2022-05-21 16:47:12','2023-05-21 18:47:12'),('fc99123aa55184e870d2591576465aa8f418bb6c7cf3db135286489e67ca94db84828a8d0f1fd748',5956,1,'MyApp','[]',0,'2022-01-05 23:40:47','2022-01-05 23:40:47','2023-01-06 01:40:47'),('fca67f841a9126dce182b8a7f84502a43d6a90b0c974fa6bab080ed2036406982d54d794208f1c4b',5474,1,'MyApp','[]',0,'2021-02-15 09:00:28','2021-02-15 09:00:28','2022-02-15 09:00:28'),('fcb47215e22b129d8ddedff67e13526049c68d9d3ad304564442cca80e6257a57548d85de91a220a',15,1,'MyApp','[]',0,'2020-08-04 17:01:02','2020-08-04 17:01:02','2021-08-04 17:01:02'),('fcede7f4c60fe5362a9b0b61d3c0ccdcb21c851fb5ab605acc10b9b140a3756a21114999b167cc66',5974,1,'MyApp','[]',0,'2022-02-22 21:57:41','2022-02-22 21:57:41','2023-02-22 23:57:41'),('fcf37f2bc118db7a3f0464ad10c125074c79bfba208894f707a963e7109dcfc31234268eefc9c603',6007,3,'chapter','[]',0,'2022-03-07 07:31:39','2022-03-07 07:31:39','2023-03-07 09:31:39'),('fd18560550f601b637032cf0fc0cdb65f394f1f1dd2e6943594646824cc8a49ca3042430cee59eb6',3848,1,'MyApp','[]',0,'2020-11-23 07:35:59','2020-11-23 07:35:59','2021-11-23 07:35:59'),('fd254b7fca9f552b2a6f0051397e5085fd3db8577c310c6cb085159053105766da0c27644f4bbbdb',5973,1,'MyApp','[]',0,'2022-02-05 17:07:43','2022-02-05 17:07:43','2023-02-05 19:07:43'),('fd3c0dcb90896c1072ad6be47e4d906d9d54e87096fcb8a955443c37dad39546e061835b80090d08',5078,1,'MyApp','[]',0,'2020-11-08 12:49:12','2020-11-08 12:49:12','2021-11-08 12:49:12'),('fd4172724e503144018971254023d7a7f2cf7ae70a842075fc976a44b3f6ec791c714db067d73148',5353,1,'MyApp','[]',0,'2021-02-03 08:16:25','2021-02-03 08:16:25','2022-02-03 08:16:25'),('fd60a05e33cbd89df244612b20faf8bfce183ac625acf3b1c2a341ae080fde28adfd476dd0754b50',5759,1,'MyApp','[]',0,'2021-04-19 16:29:56','2021-04-19 16:29:56','2022-04-19 16:29:56'),('fd9a9b2e56102eccfa6c3f1a10bc7c82e637627797201bffcfd719fc20f0778a00dcb84172cfd9cb',5179,1,'MyApp','[]',0,'2020-11-17 10:11:19','2020-11-17 10:11:19','2021-11-17 10:11:19'),('fd9dd66fca47ce8d8b6e50e1b734814ea131c1d1f6e20edb39b712e57830c9dc2566a93a3c34e453',5589,1,'MyApp','[]',0,'2021-03-10 17:11:30','2021-03-10 17:11:30','2022-03-10 17:11:30'),('fda711d16490a60dc14711e47e524c8b7d4eeadf32ae51021afc9fa71711dd92cd2fc94cea2b7a6b',6080,3,'chapter','[]',0,'2022-06-29 17:43:11','2022-06-29 17:43:11','2023-06-29 19:43:11'),('fdaa8dba87461266cf6a5190c67505ed60bf4e0d46e93ba9490f96955117ab705966deed031b3ec5',5728,1,'MyApp','[]',0,'2021-04-08 01:21:47','2021-04-08 01:21:47','2022-04-08 01:21:47'),('fdaf210aab32c8238d099eb607d7448a41508ccf688401024e07141925a874f70ffb4028d47d31df',5479,1,'MyApp','[]',0,'2021-05-02 15:50:31','2021-05-02 15:50:31','2022-05-02 15:50:31'),('fe23bb0a55223a6ef76ebdc6329045a31cc55221a0fa0e557008f4b838957943173fe7d7831845e5',5002,1,'MyApp','[]',0,'2020-10-28 10:06:19','2020-10-28 10:06:19','2021-10-28 10:06:19'),('fe25d9008aec3c0c101159f0cf6e062483c07d6d594f27fb215fe5b02f809818acfd270d400cd4b7',5342,1,'MyApp','[]',0,'2021-01-27 22:25:42','2021-01-27 22:25:42','2022-01-27 22:25:42'),('fe2fadbf18aa82e8abf819b5cc6e8a67011ee31564683f6eff10b7739590008a4099608a66d45a0b',5276,1,'MyApp','[]',0,'2021-01-03 08:32:14','2021-01-03 08:32:14','2022-01-03 08:32:14'),('fe4074a068831460754e2f136870b14ac251c54d7403eb5e93dcfcebf0453c7cd3477f9b5072f8dc',5696,1,'MyApp','[]',0,'2021-04-05 21:09:27','2021-04-05 21:09:27','2022-04-05 21:09:27'),('fe71fd089252dfcb0fe421551c1a3e4773f922b75f86be4943ff6a490401f880e9aecacbd1b35ad2',5438,1,'MyApp','[]',0,'2021-02-11 14:55:45','2021-02-11 14:55:45','2022-02-11 14:55:45'),('fe9e0da0fbccdfb234bcdc155d235413badb686d8954809b4c398fcd713923b913b3e9c1961a8529',5085,1,'MyApp','[]',0,'2020-11-09 18:15:20','2020-11-09 18:15:20','2021-11-09 18:15:20'),('feaf4773837ba1dd50c4c3048fe2451207c3cb1db7c36e776b9aa002c124bdb5ab55918c0c041db9',5958,1,'MyApp','[]',0,'2022-01-07 00:37:11','2022-01-07 00:37:11','2023-01-07 02:37:11'),('feb3bfdbd14ed68f526bc70a49e3978bfa3eebd8fc265059dc7138a750f38c4bbba2049755d3ccc3',5062,1,'MyApp','[]',0,'2020-10-30 03:02:05','2020-10-30 03:02:05','2021-10-30 03:02:05'),('feb586ad320f81dd662a58fbf3e62b70cc8602cad16ab4577eeedf1d5ac78ad7aa9f49044d3bdc96',14,1,'MyApp','[]',0,'2020-08-25 13:42:39','2020-08-25 13:42:39','2021-08-25 13:42:39'),('fece8988230bbb0fa4b4d1c774e3d64e58c66cd3d6a3dd282fcdb1fd1ec2d33eeaf28722f49974af',5730,1,'MyApp','[]',0,'2021-04-10 13:17:32','2021-04-10 13:17:32','2022-04-10 13:17:32'),('fee8728f3cf0bc2e0014dab6a4b09dcbc9fffe4f8379fe1f72375b67dd6ffbc83a0ec42c85193357',5479,1,'MyApp','[]',1,'2021-04-23 13:56:31','2021-04-23 13:56:31','2022-04-23 13:56:31'),('fef5eeb0fcfce821837c25636634eeac2f98b16998eaddd45395f9aa2bdf58a5dff8e0698a6d4273',5229,1,'MyApp','[]',0,'2020-12-14 02:19:15','2020-12-14 02:19:15','2021-12-14 02:19:15'),('fefce86d7d0fa6e18e5d91dc576a23a40a8feab3273986e89716cded19e5f19efaa0fd1a2918f5a1',5710,1,'MyApp','[]',0,'2021-04-06 10:22:12','2021-04-06 10:22:12','2022-04-06 10:22:12'),('ff137505052d7f76911d66c408abbf803efd69a31c2470467946a206430d27aa056fa173a74e945b',5039,1,'MyApp','[]',0,'2020-10-18 20:14:58','2020-10-18 20:14:58','2021-10-18 20:14:58'),('ff7c2b540c00268e4f383175694e36bbf13de7f546890aa7a7eea63da6d1cfc1e843743477a4e7f6',6035,3,'chapter','[]',0,'2022-04-24 15:15:08','2022-04-24 15:15:08','2023-04-24 17:15:08'),('ff8d362457444a82841b3b2ef6e24d26973e60795ddd0ffdfffbe6a354a539a9e164e1f528f35bd2',5910,1,'MyApp','[]',0,'2021-05-08 22:45:31','2021-05-08 22:45:31','2022-05-08 22:45:31'),('ff937532fdbcbfaf8b1dd83c258258359647024ca686dadbdbba85e70c1d1140a63bcd47c75aecf9',13,1,'MyApp','[]',0,'2020-08-06 17:56:53','2020-08-06 17:56:53','2021-08-06 17:56:53'),('ff9f694747a2235ef50293b2372143efef4c8b07ce73d157555f02c63ebb8ff81e609afdecd3aa08',5589,1,'MyApp','[]',0,'2021-03-10 17:11:45','2021-03-10 17:11:45','2022-03-10 17:11:45'),('ffa9af339eeab2bc83cd804a94885700357c8ce2d621c84aa4e0a4afbd55238e842b7b97f899dcf7',5242,1,'MyApp','[]',0,'2020-12-20 15:26:53','2020-12-20 15:26:53','2021-12-20 15:26:53'),('ffac62b5904ae87e2b148b84c706bbf3ba12f92c1d17aa6d2390c27ead8b8601ca1955ee042a2d29',5006,1,'MyApp','[]',0,'2020-09-10 14:11:52','2020-09-10 14:11:52','2021-09-10 14:11:52'),('ffd034ad9e33933a18c99d08b0eede4055f8b1a0a21d3279a517af888b0ed4d2f7489d20b71473fd',5673,1,'MyApp','[]',0,'2021-03-30 11:43:24','2021-03-30 11:43:24','2022-03-30 11:43:24'),('fff3d7464843c30d2f05d44b89c69c7780d265c2d699fe028f06723913162e1c60a7afb4a840a514',5099,1,'MyApp','[]',0,'2020-11-09 22:58:04','2020-11-09 22:58:04','2021-11-09 22:58:04');

--
-- Table structure for table `oauth_auth_codes`
--

CREATE TABLE `oauth_auth_codes` (
  `id` varchar(100) CHARACTER SET utf8mb4 COLLATE utf8mb4_unicode_ci NOT NULL,
  `user_id` bigint unsigned NOT NULL,
  `client_id` bigint unsigned NOT NULL,
  `scopes` text CHARACTER SET utf8mb4 COLLATE utf8mb4_unicode_ci,
  `revoked` tinyint(1) NOT NULL,
  `expires_at` datetime DEFAULT NULL,
  PRIMARY KEY (`id`),
  KEY `oauth_auth_codes_user_id_index` (`user_id`)
) ENGINE=InnoDB DEFAULT CHARSET=utf8mb4 COLLATE=utf8mb4_unicode_ci;

--
-- Dumping data for table `oauth_auth_codes`
--


--
-- Table structure for table `oauth_clients`
--

CREATE TABLE `oauth_clients` (
  `id` bigint unsigned NOT NULL AUTO_INCREMENT,
  `user_id` bigint unsigned DEFAULT NULL,
  `name` varchar(191) CHARACTER SET utf8mb4 COLLATE utf8mb4_unicode_ci NOT NULL,
  `secret` varchar(100) CHARACTER SET utf8mb4 COLLATE utf8mb4_unicode_ci DEFAULT NULL,
  `redirect` text CHARACTER SET utf8mb4 COLLATE utf8mb4_unicode_ci NOT NULL,
  `personal_access_client` tinyint(1) NOT NULL,
  `password_client` tinyint(1) NOT NULL,
  `revoked` tinyint(1) NOT NULL,
  `created_at` timestamp NULL DEFAULT NULL,
  `updated_at` timestamp NULL DEFAULT NULL,
  PRIMARY KEY (`id`),
  KEY `oauth_clients_user_id_index` (`user_id`)
) ENGINE=InnoDB AUTO_INCREMENT=4 DEFAULT CHARSET=utf8mb4 COLLATE=utf8mb4_unicode_ci;

--
-- Dumping data for table `oauth_clients`
--

INSERT INTO `oauth_clients` (`id`, `user_id`, `name`, `secret`, `redirect`, `personal_access_client`, `password_client`, `revoked`, `created_at`, `updated_at`) VALUES (1,NULL,'Laravel Personal Access Client','nD9tLftO9yPuy9sexRpd1V1t5XwhgI0JADl5isNk','http://localhost',1,0,0,'2020-07-29 17:24:28','2020-07-29 17:24:28'),(2,NULL,'Laravel Password Grant Client','Zx7wdRCKhy64fvpm3usbv6k56vLOV4E3gOZamV7w','http://localhost',0,1,0,'2020-07-29 17:24:28','2020-07-29 17:24:28'),(3,NULL,'samer Personal Access Client','ILYETGHlz3iXjI1LlB3Ck9ylksNQ8XfaxAhJ4Ddc','http://localhost',1,0,0,'2022-03-05 10:00:10','2022-03-05 10:00:10');

--
-- Table structure for table `oauth_personal_access_clients`
--

CREATE TABLE `oauth_personal_access_clients` (
  `id` bigint unsigned NOT NULL AUTO_INCREMENT,
  `client_id` bigint unsigned NOT NULL,
  `created_at` timestamp NULL DEFAULT NULL,
  `updated_at` timestamp NULL DEFAULT NULL,
  PRIMARY KEY (`id`)
) ENGINE=InnoDB AUTO_INCREMENT=3 DEFAULT CHARSET=utf8mb4 COLLATE=utf8mb4_unicode_ci;

--
-- Dumping data for table `oauth_personal_access_clients`
--

INSERT INTO `oauth_personal_access_clients` (`id`, `client_id`, `created_at`, `updated_at`) VALUES (1,1,'2020-07-29 17:24:28','2020-07-29 17:24:28'),(2,3,'2022-03-05 10:00:10','2022-03-05 10:00:10');

--
-- Table structure for table `oauth_refresh_tokens`
--

CREATE TABLE `oauth_refresh_tokens` (
  `id` varchar(100) CHARACTER SET utf8mb4 COLLATE utf8mb4_unicode_ci NOT NULL,
  `access_token_id` varchar(100) CHARACTER SET utf8mb4 COLLATE utf8mb4_unicode_ci NOT NULL,
  `revoked` tinyint(1) NOT NULL,
  `expires_at` datetime DEFAULT NULL,
  PRIMARY KEY (`id`)
) ENGINE=InnoDB DEFAULT CHARSET=utf8mb4 COLLATE=utf8mb4_unicode_ci;

--
-- Dumping data for table `oauth_refresh_tokens`
--


--
-- Table structure for table `offer_translations`
--

CREATE TABLE `offer_translations` (
  `id` int unsigned NOT NULL AUTO_INCREMENT,
  `offer_id` int unsigned NOT NULL,
  `name` varchar(191) CHARACTER SET utf8mb4 COLLATE utf8mb4_unicode_ci NOT NULL,
  `locale` varchar(191) CHARACTER SET utf8mb4 COLLATE utf8mb4_unicode_ci NOT NULL,
  `created_at` timestamp NULL DEFAULT NULL,
  `updated_at` timestamp NULL DEFAULT NULL,
  PRIMARY KEY (`id`),
  UNIQUE KEY `offer_translations_offer_id_locale_unique` (`offer_id`,`locale`),
  KEY `offer_translations_locale_index` (`locale`)
) ENGINE=InnoDB DEFAULT CHARSET=utf8mb4 COLLATE=utf8mb4_unicode_ci;

--
-- Dumping data for table `offer_translations`
--


--
-- Table structure for table `offers`
--

CREATE TABLE `offers` (
  `id` int unsigned NOT NULL AUTO_INCREMENT,
  `image` varchar(191) CHARACTER SET utf8mb4 COLLATE utf8mb4_unicode_ci NOT NULL,
  `status` tinyint(1) NOT NULL,
  `link_id` varchar(191) CHARACTER SET utf8mb4 COLLATE utf8mb4_unicode_ci NOT NULL,
  `show` enum('category','product') CHARACTER SET utf8mb4 COLLATE utf8mb4_unicode_ci NOT NULL,
  `user_id` int unsigned NOT NULL,
  `created_at` timestamp NULL DEFAULT NULL,
  `updated_at` timestamp NULL DEFAULT NULL,
  PRIMARY KEY (`id`),
  KEY `offers_user_id_foreign` (`user_id`)
) ENGINE=InnoDB DEFAULT CHARSET=utf8mb4 COLLATE=utf8mb4_unicode_ci;

--
-- Dumping data for table `offers`
--


--
-- Table structure for table `order_activations`
--

CREATE TABLE `order_activations` (
  `id` int unsigned NOT NULL AUTO_INCREMENT,
  `order_id` int unsigned DEFAULT NULL,
  `code` int NOT NULL,
  `phone` varchar(191) CHARACTER SET utf8mb4 COLLATE utf8mb4_unicode_ci DEFAULT NULL,
  `status` int NOT NULL DEFAULT '0',
  `created_at` timestamp NULL DEFAULT NULL,
  `updated_at` timestamp NULL DEFAULT NULL,
  PRIMARY KEY (`id`),
  KEY `order_activations_order_id_foreign` (`order_id`)
) ENGINE=InnoDB DEFAULT CHARSET=utf8mb4 COLLATE=utf8mb4_unicode_ci;

--
-- Dumping data for table `order_activations`
--


--
-- Table structure for table `order_coupons`
--

CREATE TABLE `order_coupons` (
  `id` int unsigned NOT NULL AUTO_INCREMENT,
  `order_id` int unsigned NOT NULL,
  `company_id` int unsigned DEFAULT NULL,
  `price` double NOT NULL,
  `discountprice` double NOT NULL,
  `code` varchar(191) CHARACTER SET utf8mb4 COLLATE utf8mb4_unicode_ci NOT NULL,
  `value` varchar(191) CHARACTER SET utf8mb4 COLLATE utf8mb4_unicode_ci NOT NULL,
  `created_at` timestamp NULL DEFAULT NULL,
  `updated_at` timestamp NULL DEFAULT NULL,
  `coupons_id` int unsigned DEFAULT NULL,
  `ids` varchar(191) CHARACTER SET utf8mb4 COLLATE utf8mb4_unicode_ci DEFAULT NULL,
  `type` varchar(191) CHARACTER SET utf8mb4 COLLATE utf8mb4_unicode_ci DEFAULT NULL,
  PRIMARY KEY (`id`),
  KEY `order_coupons_order_id_foreign` (`order_id`),
  KEY `order_coupons_company_id_foreign` (`company_id`),
  KEY `order_coupons_coupons_id_foreign` (`coupons_id`)
) ENGINE=InnoDB DEFAULT CHARSET=utf8mb4 COLLATE=utf8mb4_unicode_ci;

--
-- Dumping data for table `order_coupons`
--


--
-- Table structure for table `order_drivers`
--

CREATE TABLE `order_drivers` (
  `id` int unsigned NOT NULL AUTO_INCREMENT,
  `order_id` int unsigned NOT NULL,
  `user_id` int unsigned NOT NULL,
  `status` enum('true','false') CHARACTER SET utf8mb4 COLLATE utf8mb4_unicode_ci NOT NULL,
  `created_at` timestamp NULL DEFAULT NULL,
  `updated_at` timestamp NULL DEFAULT NULL,
  PRIMARY KEY (`id`),
  KEY `order_drivers_order_id_foreign` (`order_id`),
  KEY `order_drivers_user_id_foreign` (`user_id`)
) ENGINE=InnoDB DEFAULT CHARSET=utf8mb4 COLLATE=utf8mb4_unicode_ci;

--
-- Dumping data for table `order_drivers`
--


--
-- Table structure for table `order_free_products`
--

CREATE TABLE `order_free_products` (
  `id` int unsigned NOT NULL AUTO_INCREMENT,
  `order_id` int unsigned DEFAULT NULL,
  `company_id` int unsigned DEFAULT NULL,
  `product_id` int unsigned DEFAULT NULL,
  `created_at` timestamp NULL DEFAULT NULL,
  `updated_at` timestamp NULL DEFAULT NULL,
  PRIMARY KEY (`id`),
  KEY `order_free_products_order_id_foreign` (`order_id`),
  KEY `order_free_products_company_id_foreign` (`company_id`),
  KEY `order_free_products_product_id_foreign` (`product_id`)
) ENGINE=InnoDB DEFAULT CHARSET=utf8mb4 COLLATE=utf8mb4_unicode_ci;

--
-- Dumping data for table `order_free_products`
--


--
-- Table structure for table `order_product_features`
--

CREATE TABLE `order_product_features` (
  `id` bigint unsigned NOT NULL AUTO_INCREMENT,
  `order_product_id` int unsigned NOT NULL,
  `feature_id` int unsigned NOT NULL,
  `title` varchar(191) CHARACTER SET utf8mb4 COLLATE utf8mb4_unicode_ci NOT NULL,
  `price` int NOT NULL,
  `count` int DEFAULT NULL,
  `created_at` timestamp NULL DEFAULT NULL,
  `updated_at` timestamp NULL DEFAULT NULL,
  `product_id` int unsigned DEFAULT NULL,
  `option_id` int unsigned DEFAULT NULL,
  PRIMARY KEY (`id`),
  KEY `order_product_features_order_product_id_foreign` (`order_product_id`),
  KEY `order_product_features_feature_id_foreign` (`feature_id`),
  KEY `order_product_features_product_id_foreign` (`product_id`),
  KEY `order_product_features_option_id_foreign` (`option_id`)
) ENGINE=InnoDB AUTO_INCREMENT=2 DEFAULT CHARSET=utf8mb4 COLLATE=utf8mb4_unicode_ci;

--
-- Dumping data for table `order_product_features`
--

INSERT INTO `order_product_features` (`id`, `order_product_id`, `feature_id`, `title`, `price`, `count`, `created_at`, `updated_at`, `product_id`, `option_id`) VALUES (1,56,4,'xl',1,NULL,'2022-07-03 08:51:56','2022-07-03 08:51:56',39,4);

--
-- Table structure for table `order_product_gifts`
--

CREATE TABLE `order_product_gifts` (
  `id` int unsigned NOT NULL AUTO_INCREMENT,
  `order_id` int unsigned NOT NULL,
  `product_orders_id` int unsigned NOT NULL,
  `product_id` int unsigned NOT NULL,
  `created_at` timestamp NULL DEFAULT NULL,
  `updated_at` timestamp NULL DEFAULT NULL,
  PRIMARY KEY (`id`),
  KEY `order_product_gifts_order_id_foreign` (`order_id`),
  KEY `order_product_gifts_product_orders_id_foreign` (`product_orders_id`),
  KEY `order_product_gifts_product_id_foreign` (`product_id`)
) ENGINE=InnoDB DEFAULT CHARSET=utf8mb4 COLLATE=utf8mb4_unicode_ci;

--
-- Dumping data for table `order_product_gifts`
--


--
-- Table structure for table `order_shipping`
--

CREATE TABLE `order_shipping` (
  `id` int unsigned NOT NULL AUTO_INCREMENT,
  `order_id` int unsigned NOT NULL,
  `address` varchar(191) CHARACTER SET utf8mb4 COLLATE utf8mb4_unicode_ci DEFAULT NULL,
  `user_mobile` varchar(191) CHARACTER SET utf8mb4 COLLATE utf8mb4_unicode_ci DEFAULT NULL,
  `region_id` int unsigned DEFAULT NULL,
  `block` varchar(191) CHARACTER SET utf8mb4 COLLATE utf8mb4_unicode_ci DEFAULT NULL,
  `gada` varchar(191) CHARACTER SET utf8mb4 COLLATE utf8mb4_unicode_ci DEFAULT NULL,
  `jada` varchar(191) CHARACTER SET utf8mb3 COLLATE utf8mb3_general_ci DEFAULT NULL,
  `building` varchar(191) CHARACTER SET utf8mb4 COLLATE utf8mb4_unicode_ci DEFAULT NULL,
  `floor` varchar(191) CHARACTER SET utf8mb4 COLLATE utf8mb4_unicode_ci DEFAULT NULL,
  `room_number` varchar(191) CHARACTER SET utf8mb4 COLLATE utf8mb4_unicode_ci DEFAULT NULL,
  `add_description` text CHARACTER SET utf8mb4 COLLATE utf8mb4_unicode_ci,
  `created_at` timestamp NULL DEFAULT NULL,
  `updated_at` timestamp NULL DEFAULT NULL,
  `address_latitude` double DEFAULT NULL,
  `address_longitude` double DEFAULT NULL,
  PRIMARY KEY (`id`),
  KEY `order_shipping_order_id_foreign` (`order_id`),
  KEY `order_shipping_region_id_foreign` (`region_id`)
) ENGINE=InnoDB AUTO_INCREMENT=28 DEFAULT CHARSET=utf8mb4 COLLATE=utf8mb4_unicode_ci;

--
-- Dumping data for table `order_shipping`
--

INSERT INTO `order_shipping` (`id`, `order_id`, `address`, `user_mobile`, `region_id`, `block`, `gada`, `jada`, `building`, `floor`, `room_number`, `add_description`, `created_at`, `updated_at`, `address_latitude`, `address_longitude`) VALUES (1,3,'4','55022302',5,'sd','qwd','qw','qw',NULL,NULL,NULL,NULL,NULL,NULL,NULL),(2,5,'2','0096567782654',45,'2022-05-25','u',NULL,'b','0',NULL,NULL,NULL,NULL,0,0),(3,6,'2','0096567782654',45,'2022-05-25','u',NULL,'b','0',NULL,NULL,NULL,NULL,0,0),(4,12,'1','50498789',1,'as','s',NULL,'s','d',NULL,NULL,NULL,NULL,213123,23123),(5,14,'2','0096567782654',43,'null','bbbvxd',NULL,'bbkk','0',NULL,NULL,NULL,NULL,0,0),(6,4,'2','00895677823744',45,'null','bbb',NULL,'bbb','0',NULL,NULL,NULL,NULL,0,0),(7,15,'2','00895677823744',45,'null','bbb',NULL,'bbb','0',NULL,NULL,NULL,NULL,0,0),(8,16,'2','00895677823744',45,'null','bbb',NULL,'bbb','0',NULL,NULL,NULL,NULL,0,0),(9,17,'2','00895677823744',45,'null','bbb',NULL,'bbb','0',NULL,NULL,NULL,NULL,0,0),(10,18,'2','00895677823744',45,'null','bbb',NULL,'bbb','0',NULL,NULL,NULL,NULL,0,0),(11,19,'3','00895677823744',95,'null','kkk',NULL,'hh','0',NULL,NULL,NULL,NULL,0,0),(12,23,'2','0096560709881',49,'null','6',NULL,'6','8',NULL,NULL,NULL,NULL,0,0),(13,26,'2','0096560709881',49,'null','6',NULL,'6','8',NULL,NULL,NULL,NULL,0,0),(14,27,'2','0096560709881',49,'null','6',NULL,'6','8',NULL,NULL,NULL,NULL,0,0),(15,29,'2',NULL,42,'null','tertew',NULL,'sdfdasfsa','0',NULL,NULL,NULL,NULL,0,0),(16,30,'2',NULL,42,'null','tertew',NULL,'sdfdasfsa','0',NULL,NULL,NULL,NULL,0,0),(17,31,'2',NULL,42,'null','tertew',NULL,'sdfdasfsa','0',NULL,NULL,NULL,NULL,0,0),(18,32,'2',NULL,42,'null','tertew',NULL,'sdfdasfsa','0',NULL,NULL,NULL,NULL,0,0),(19,33,'2',NULL,42,'null','tertew',NULL,'sdfdasfsa','0',NULL,NULL,NULL,NULL,0,0),(20,35,'2',NULL,42,'null','tertew',NULL,'sdfdasfsa','0',NULL,NULL,NULL,NULL,0,0),(21,36,'2',NULL,42,'null','tertew',NULL,'sdfdasfsa','0',NULL,NULL,NULL,NULL,0,0),(22,43,'2',NULL,42,'null','tertew',NULL,'sdfdasfsa','0',NULL,NULL,NULL,NULL,0,0),(23,44,'2',NULL,42,'null','tertew',NULL,'sdfdasfsa','0',NULL,NULL,NULL,NULL,0,0),(24,45,'2',NULL,42,'null','tertew',NULL,'sdfdasfsa','0',NULL,NULL,NULL,NULL,0,0),(25,46,'2',NULL,42,'null','tertew',NULL,'sdfdasfsa','0',NULL,NULL,NULL,NULL,0,0),(26,47,'2','0096560709881',49,'null','6',NULL,'6','8',NULL,NULL,NULL,NULL,0,0),(27,48,'2','0096560709881',49,'null','6',NULL,'6','8',NULL,NULL,NULL,NULL,0,0);

--
-- Table structure for table `ordercomments`
--

CREATE TABLE `ordercomments` (
  `id` int NOT NULL AUTO_INCREMENT,
  `user_id` int unsigned NOT NULL,
  `order_id` int unsigned NOT NULL,
  `comment` text CHARACTER SET utf8mb3 COLLATE utf8mb3_general_ci NOT NULL,
  `created_at` timestamp NULL DEFAULT NULL,
  `updated_at` timestamp NULL DEFAULT NULL,
  PRIMARY KEY (`id`),
  KEY `user_id` (`user_id`),
  KEY `order_id` (`order_id`)
) ENGINE=InnoDB DEFAULT CHARSET=latin1;

--
-- Dumping data for table `ordercomments`
--


--
-- Table structure for table `orders`
--

CREATE TABLE `orders` (
  `id` int unsigned NOT NULL AUTO_INCREMENT,
  `order_number` varchar(191) CHARACTER SET utf8mb4 COLLATE utf8mb4_unicode_ci DEFAULT NULL,
  `total_price` double(8,2) DEFAULT NULL,
  `user_id` int unsigned DEFAULT NULL,
  `gammely` tinyint DEFAULT NULL,
  `shipping_Type` int unsigned DEFAULT NULL,
  `delivery_time` date DEFAULT NULL,
  `status` varchar(191) CHARACTER SET utf8mb4 COLLATE utf8mb4_unicode_ci DEFAULT NULL,
  `payment_method` int unsigned DEFAULT NULL,
  `payment_status` enum('paid','unPaid') CHARACTER SET utf8mb4 COLLATE utf8mb4_unicode_ci DEFAULT NULL,
  `created_at` timestamp NULL DEFAULT NULL,
  `updated_at` timestamp NULL DEFAULT NULL,
  `order_done_date` timestamp NULL DEFAULT NULL,
  `orderType` enum('web','application') CHARACTER SET utf8mb4 COLLATE utf8mb4_unicode_ci DEFAULT NULL,
  `wantShipping` enum('0','1') CHARACTER SET utf8mb4 COLLATE utf8mb4_unicode_ci DEFAULT NULL,
  `payment_id` int DEFAULT NULL,
  `incart` tinyint DEFAULT '1',
  `mac_address` varchar(225) CHARACTER SET utf8mb4 COLLATE utf8mb4_unicode_ci DEFAULT NULL,
  `price_ship` float DEFAULT NULL,
  `day` varchar(20) CHARACTER SET utf8mb4 COLLATE utf8mb4_unicode_ci DEFAULT NULL,
  `delivery_date_time` varchar(191) CHARACTER SET utf8mb4 COLLATE utf8mb4_unicode_ci DEFAULT NULL,
  `DeviceToken` varchar(255) CHARACTER SET utf8mb4 COLLATE utf8mb4_unicode_ci DEFAULT NULL,
  `deleted_at` timestamp NULL DEFAULT NULL,
  PRIMARY KEY (`id`),
  KEY `orders_user_id_foreign` (`user_id`),
  KEY `orders_shipping_type_foreign` (`shipping_Type`),
  KEY `orders_delivery_time_foreign` (`delivery_time`),
  KEY `orders_payment_method_foreign` (`payment_method`),
  KEY `orders_delivery_date_time_foreign` (`delivery_date_time`)
) ENGINE=InnoDB AUTO_INCREMENT=50 DEFAULT CHARSET=utf8mb4 COLLATE=utf8mb4_unicode_ci;

--
-- Dumping data for table `orders`
--

INSERT INTO `orders` (`id`, `order_number`, `total_price`, `user_id`, `gammely`, `shipping_Type`, `delivery_time`, `status`, `payment_method`, `payment_status`, `created_at`, `updated_at`, `order_done_date`, `orderType`, `wantShipping`, `payment_id`, `incart`, `mac_address`, `price_ship`, `day`, `delivery_date_time`, `DeviceToken`, `deleted_at`) VALUES (3,'10595',NULL,6065,0,3,NULL,'complete',NULL,NULL,'2022-05-20 23:13:43','2022-05-21 00:06:05',NULL,'application','1',NULL,0,'F39684E8-6102-456F-BD88-F0BA9F5AB1F6',NULL,NULL,NULL,NULL,NULL),(4,'42483',103.00,6068,0,3,'0000-00-00','wait',1,'unPaid','2022-05-20 23:20:13','2022-05-21 20:52:59','2022-05-21 20:52:59','application','1',NULL,0,'F39684E8-6102-456F-BD88-F0BA9F5AB1F6',1,NULL,'2022-05-25',NULL,NULL),(5,'60091',129.00,6066,0,3,'0000-00-00','wait',1,'unPaid','2022-05-20 23:25:22','2022-05-20 23:34:04','2022-05-20 23:34:04','application','1',NULL,0,'941a9204e97cf582',2,NULL,'2022-05-25',NULL,NULL),(6,'81597',23.00,6066,0,3,'0000-00-00','wait',1,'unPaid','2022-05-20 23:39:53','2022-05-20 23:40:32','2022-05-20 23:40:32','application','1',NULL,0,'941a9204e97cf582',1,NULL,'2022-05-25',NULL,NULL),(7,'7368',NULL,6066,0,3,NULL,'wait',NULL,NULL,'2022-05-20 23:42:29','2022-05-21 20:05:56',NULL,'application','1',NULL,1,'941a9204e97cf582',NULL,NULL,'2022-05-22',NULL,'2022-05-21 20:05:56'),(8,'42605',NULL,NULL,0,3,NULL,'wait',NULL,NULL,'2022-05-21 16:40:42','2022-05-21 16:40:42',NULL,'application','1',NULL,1,'D7AB2A70-8C7E-4630-9FDB-533246B38185',NULL,NULL,NULL,NULL,NULL),(9,'59846',NULL,NULL,0,3,NULL,'wait',NULL,NULL,'2022-05-21 17:22:11','2022-05-21 17:22:11',NULL,'application','1',NULL,1,'B9551473-5B7E-49AE-8A8F-F5122B84FEFB',NULL,NULL,NULL,NULL,NULL),(10,'52445',NULL,NULL,0,3,NULL,'wait',NULL,NULL,'2022-05-21 18:34:17','2022-11-22 18:41:09',NULL,'application','1',NULL,1,'34a089e9f459ba6d',NULL,NULL,NULL,NULL,NULL),(11,'97182',NULL,NULL,0,3,NULL,'wait',NULL,NULL,'2022-05-21 19:01:25','2022-05-21 19:01:25',NULL,'application','1',NULL,1,'00000',NULL,NULL,NULL,NULL,NULL),(12,'76255',5.37,6035,0,3,'2021-11-10','wait',1,'paid','2022-05-21 19:13:13','2022-05-21 19:57:15','2022-05-21 19:49:57','application','1',NULL,1,'c67fb785367a325e',5,'sunday','11-12',NULL,NULL),(13,'33200',NULL,6066,0,3,NULL,'wait',NULL,NULL,'2022-05-21 20:06:03','2022-05-21 20:15:38',NULL,'application','1',NULL,1,'941a9204e97cf582',NULL,NULL,'2022-05-23',NULL,'2022-05-21 20:15:38'),(14,'25558',20.00,6066,0,3,'0000-00-00','wait',1,'unPaid','2022-05-21 20:15:43','2022-05-21 20:17:06','2022-05-21 20:17:06','application','1',NULL,0,'941a9204e97cf582',1,NULL,'2022-05-25',NULL,NULL),(15,'87615',20.00,6068,0,3,'0000-00-00','wait',1,'unPaid','2022-05-21 20:54:10','2022-05-21 20:55:12','2022-05-21 20:55:12','application','1',NULL,0,'F39684E8-6102-456F-BD88-F0BA9F5AB1F6',1,NULL,'2022-05-25',NULL,NULL),(16,'47884',200.00,6068,0,3,'0000-00-00','wait',1,'unPaid','2022-05-21 20:56:07','2022-05-21 20:56:25','2022-05-21 20:56:25','application','1',NULL,0,'F39684E8-6102-456F-BD88-F0BA9F5AB1F6',1,NULL,'2022-05-25',NULL,NULL),(17,'92485',20.00,6068,0,3,'0000-00-00','wait',1,'unPaid','2022-05-21 20:58:27','2022-05-21 20:58:46','2022-05-21 20:58:46','application','1',NULL,0,'F39684E8-6102-456F-BD88-F0BA9F5AB1F6',1,NULL,'2022-05-25',NULL,NULL),(18,'49522',20.00,6068,0,3,'0000-00-00','wait',1,'unPaid','2022-05-21 21:43:04','2022-05-21 21:43:22','2022-05-21 21:43:22','application','1',NULL,0,'F39684E8-6102-456F-BD88-F0BA9F5AB1F6',1,NULL,'2022-05-25',NULL,NULL),(19,'38852',102.00,6068,0,3,'0000-00-00','wait',1,'unPaid','2022-05-21 21:43:35','2022-05-21 21:44:07','2022-05-21 21:44:07','application','1',NULL,0,'F39684E8-6102-456F-BD88-F0BA9F5AB1F6',1,NULL,'2022-05-25',NULL,NULL),(20,'29159',NULL,6068,0,3,NULL,'wait',NULL,NULL,'2022-05-21 21:47:33','2022-05-21 21:47:33',NULL,'application','1',NULL,1,'F39684E8-6102-456F-BD88-F0BA9F5AB1F6',NULL,NULL,NULL,NULL,NULL),(21,'45535',NULL,NULL,0,3,NULL,'wait',NULL,NULL,'2022-05-21 22:36:33','2022-05-21 23:25:18',NULL,'application','1',NULL,1,'f148b7a3e4328d3f',NULL,NULL,NULL,NULL,'2022-05-21 23:25:18'),(22,'89109',NULL,NULL,0,3,NULL,'wait',NULL,NULL,'2022-05-21 23:25:31','2022-05-21 23:25:31',NULL,'application','1',NULL,1,'f148b7a3e4328d3f',NULL,NULL,NULL,NULL,NULL),(23,'61787',80.00,6070,0,3,'0000-00-00','complete',1,'unPaid','2022-05-21 23:32:33','2022-05-26 07:58:10','2022-05-23 19:11:44','application','1',NULL,0,'94EF9EBA-46CA-408F-9194-2B799BB0E086',1,NULL,'2022-05-25',NULL,NULL),(24,'34122',NULL,NULL,0,3,NULL,'wait',NULL,NULL,'2022-05-22 09:44:54','2022-05-22 09:44:54',NULL,'application','1',NULL,1,'344DDA8E-4AE2-415A-9FA3-78F49BBEA721',NULL,NULL,NULL,NULL,NULL),(25,'45242',NULL,6070,0,3,NULL,'wait',NULL,NULL,'2022-05-24 18:41:46','2022-05-24 18:42:13',NULL,'application','1',NULL,1,'94EF9EBA-46CA-408F-9194-2B799BB0E086',NULL,NULL,NULL,NULL,'2022-05-24 18:42:13'),(26,'13945',34.00,6070,0,3,'0000-00-00','complete',1,'unPaid','2022-05-24 18:42:20','2022-05-26 07:58:03','2022-05-24 18:42:27','application','1',NULL,0,'94EF9EBA-46CA-408F-9194-2B799BB0E086',1,NULL,'2022-05-25',NULL,NULL),(27,'78333',23.00,6070,0,3,'0000-00-00','complete',1,'unPaid','2022-05-25 10:05:14','2022-05-26 07:57:56','2022-05-25 10:05:58','application','1',NULL,0,'94EF9EBA-46CA-408F-9194-2B799BB0E086',1,NULL,'2022-06-01',NULL,NULL),(28,'40383',NULL,NULL,0,3,NULL,'wait',NULL,NULL,'2022-06-25 23:00:31','2022-06-26 21:32:34',NULL,'application','1',NULL,1,'C325798B-9319-4083-97FA-243AFD0387F5',NULL,NULL,'2022-06-27',NULL,'2022-06-26 21:32:34'),(29,'44437',34.00,6076,0,3,'0000-00-00','wait',1,'unPaid','2022-06-26 21:32:44','2022-06-26 21:33:10','2022-06-26 21:33:10','application','1',NULL,0,'C325798B-9319-4083-97FA-243AFD0387F5',1,NULL,'2022-06-29',NULL,NULL),(30,'90387',34.00,6076,0,3,'0000-00-00','wait',1,'unPaid','2022-06-26 21:40:29','2022-06-26 23:02:41','2022-06-26 23:02:41','application','1',NULL,0,'C325798B-9319-4083-97FA-243AFD0387F5',1,NULL,'2022-06-29',NULL,NULL),(31,'13156',34.00,6076,0,3,'0000-00-00','wait',1,'unPaid','2022-06-26 23:11:20','2022-06-26 23:14:39','2022-06-26 23:14:39','application','1',NULL,0,'C325798B-9319-4083-97FA-243AFD0387F5',1,NULL,'2022-06-29',NULL,NULL),(32,'56051',34.00,6076,0,3,'0000-00-00','wait',1,'unPaid','2022-06-26 23:20:23','2022-06-26 23:27:28','2022-06-26 23:27:28','application','1',NULL,0,'C325798B-9319-4083-97FA-243AFD0387F5',1,NULL,'2022-06-29',NULL,NULL),(33,'64830',34.00,6076,0,3,'0000-00-00','wait',1,'unPaid','2022-06-26 23:32:15','2022-06-26 23:58:00','2022-06-26 23:58:00','application','1',NULL,0,'C325798B-9319-4083-97FA-243AFD0387F5',1,NULL,'2022-06-29',NULL,NULL),(34,'73436',NULL,6076,0,3,NULL,'wait',NULL,NULL,'2022-06-27 20:05:51','2022-06-27 22:11:12',NULL,'application','1',NULL,1,'C325798B-9319-4083-97FA-243AFD0387F5',NULL,NULL,NULL,NULL,'2022-06-27 22:11:12'),(35,'66312',34.00,6076,0,3,'0000-00-00','wait',1,'unPaid','2022-06-27 22:11:18','2022-06-27 22:11:28','2022-06-27 22:11:28','application','1',NULL,0,'C325798B-9319-4083-97FA-243AFD0387F5',1,NULL,'2022-06-29',NULL,NULL),(36,'17807',34.00,6076,0,3,'0000-00-00','wait',1,'unPaid','2022-06-27 22:11:41','2022-06-29 21:54:07','2022-06-29 21:54:07','application','1',NULL,0,'C325798B-9319-4083-97FA-243AFD0387F5',1,NULL,'2022-07-06',NULL,NULL),(37,'70351',NULL,NULL,0,3,NULL,'wait',NULL,NULL,'2022-06-29 18:01:28','2022-06-29 18:01:45',NULL,'application','1',NULL,1,'9528b4fc7144c4df',NULL,NULL,NULL,NULL,'2022-06-29 18:01:45'),(38,'64283',NULL,NULL,0,3,NULL,'wait',NULL,NULL,'2022-06-29 20:26:46','2022-06-29 20:26:46',NULL,'application','1',NULL,1,'94F41FD4-A8DB-4A41-8056-11DDA7FDED5E',NULL,NULL,NULL,NULL,NULL),(39,'61645',NULL,6076,0,3,NULL,'wait',NULL,NULL,'2022-06-29 21:54:36','2022-07-03 09:47:48',NULL,'application','1',NULL,1,'C325798B-9319-4083-97FA-243AFD0387F5',NULL,NULL,NULL,NULL,'2022-07-03 09:47:48'),(40,'99140',NULL,NULL,0,3,NULL,'wait',NULL,NULL,'2022-07-03 08:42:00','2022-07-03 08:43:46',NULL,'application','1',NULL,1,'E2356458-19C4-4FFB-87B2-AD6A2C2773DF',NULL,NULL,'2022-07-04',NULL,'2022-07-03 08:43:46'),(41,'3349',NULL,NULL,0,3,NULL,'wait',NULL,NULL,'2022-07-03 08:48:08','2022-07-03 08:48:08',NULL,'application','1',NULL,1,NULL,NULL,NULL,NULL,NULL,NULL),(42,'51431',NULL,6076,0,3,NULL,'wait',NULL,NULL,'2022-07-03 08:56:27','2022-07-03 09:47:52',NULL,'application','1',NULL,1,'8483F7E5-CA46-478B-8538-A5FCC47DE826',NULL,NULL,NULL,NULL,'2022-07-03 09:47:52'),(43,'84840',34.00,6076,0,3,'0000-00-00','wait',1,'unPaid','2022-07-03 09:55:27','2022-07-03 09:57:11','2022-07-03 09:57:11','application','1',NULL,0,'8483F7E5-CA46-478B-8538-A5FCC47DE826',1,NULL,'2022-07-06',NULL,NULL),(44,'17965',34.00,6076,0,3,'0000-00-00','wait',1,'unPaid','2022-07-03 10:06:46','2022-07-03 10:08:23','2022-07-03 10:08:23','application','1',NULL,0,'8483F7E5-CA46-478B-8538-A5FCC47DE826',1,NULL,'2022-07-06',NULL,NULL),(45,'96332',35.00,6076,0,3,'0000-00-00','wait',2,'unPaid','2022-07-03 10:15:51','2022-07-03 10:19:53','2022-07-03 10:19:53','application','1',NULL,0,'8483F7E5-CA46-478B-8538-A5FCC47DE826',1,NULL,'2022-07-06',NULL,NULL),(46,'57629',21.00,6076,0,3,'0000-00-00','complete',2,'unPaid','2022-07-03 10:25:22','2022-07-03 10:27:47','2022-07-03 10:26:17','application','1',NULL,0,'8483F7E5-CA46-478B-8538-A5FCC47DE826',1,NULL,'2022-07-06',NULL,NULL),(47,'97241',34.00,6070,0,3,'0000-00-00','wait',1,'unPaid','2022-08-17 11:39:56','2022-08-17 11:41:37','2022-08-17 11:41:37','application','1',NULL,0,'94EF9EBA-46CA-408F-9194-2B799BB0E086',1,NULL,'2022-08-24',NULL,NULL),(48,'70728',137.00,6070,0,3,'0000-00-00','wait',1,'unPaid','2022-08-17 13:39:18','2022-08-17 15:40:55','2022-08-17 15:40:55','application','1',NULL,0,'94EF9EBA-46CA-408F-9194-2B799BB0E086',1,NULL,'2022-08-24',NULL,NULL),(49,'60010',NULL,6070,0,3,NULL,'wait',NULL,NULL,'2022-08-17 16:21:01','2022-08-17 16:31:34',NULL,'application','1',NULL,1,'94EF9EBA-46CA-408F-9194-2B799BB0E086',NULL,NULL,NULL,NULL,NULL);

--
-- Table structure for table `page_translations`
--

CREATE TABLE `page_translations` (
  `id` int unsigned NOT NULL AUTO_INCREMENT,
  `page_id` int unsigned NOT NULL,
  `name` varchar(191) CHARACTER SET utf8mb4 COLLATE utf8mb4_unicode_ci NOT NULL,
  `descrption` text CHARACTER SET utf8mb4 COLLATE utf8mb4_unicode_ci NOT NULL,
  `locale` varchar(191) CHARACTER SET utf8mb4 COLLATE utf8mb4_unicode_ci NOT NULL,
  `created_at` timestamp NULL DEFAULT NULL,
  `updated_at` timestamp NULL DEFAULT NULL,
  PRIMARY KEY (`id`),
  UNIQUE KEY `page_translations_page_id_locale_unique` (`page_id`,`locale`),
  KEY `page_translations_locale_index` (`locale`)
) ENGINE=InnoDB AUTO_INCREMENT=14 DEFAULT CHARSET=utf8mb4 COLLATE=utf8mb4_unicode_ci;

--
-- Dumping data for table `page_translations`
--

INSERT INTO `page_translations` (`id`, `page_id`, `name`, `descrption`, `locale`, `created_at`, `updated_at`) VALUES (1,1,'حمعلي','<div style=\"float:right\">&nbsp;\r\n<div><img alt=\"https://c.top4top.net/p_835y8ich1.png\" height=\"122\" src=\"https://c.top4top.net/p_835y8ich1.png\" width=\"136\" /></div>\r\n&nbsp;\r\n\r\n<p dir=\"RTL\" style=\"text-align:right\"><u><span style=\"font-size:18.0pt\">جمع لي:</span></u></p>\r\n\r\n<p dir=\"RTL\" style=\"text-align:right\">&nbsp;</p>\r\n\r\n<p dir=\"RTL\" style=\"text-align:right\"><span style=\"font-size:14.0pt\">جمع لي سلة تستطيع أن تجمع فيها مشترياتك من أكثر من شركة/محل لتصل إليك جميعها في الوقت المناسب الذي حددته مسبقاً بقيمة توصيل واحدة.</span></p>\r\nكيف يتم حساب قيمة توصيل جمع لي؟\r\n\r\n<p dir=\"RTL\" style=\"margin-left:0cm; margin-right:36.0pt; text-align:right\"><strong>&nbsp;قيمة التوصيل تتصاعد بمعدل 0.250د.ك ابتداءً من المورد/المحل الثالث مثال ذلك: الطلب يشمل أربع&nbsp;</strong></p>\r\n\r\n<p dir=\"RTL\" style=\"margin-left:0cm; margin-right:36.0pt; text-align:right\"><strong>المورد الأول والثاني قيمة التوصيل 1.250 د.ك</strong></p>\r\n\r\n<p dir=\"RTL\" style=\"margin-left:0cm; margin-right:36.0pt; text-align:right\"><strong>الثالث &nbsp; &nbsp; &nbsp; &nbsp; &nbsp; &nbsp; &nbsp; &nbsp; &nbsp; &nbsp; &nbsp; &nbsp; &nbsp; &nbsp; &nbsp; &nbsp;&nbsp; 0.250 د.ك</strong></p>\r\n\r\n<p dir=\"RTL\" style=\"margin-left:0cm; margin-right:36.0pt; text-align:right\"><strong>الرابع &nbsp; &nbsp; &nbsp; &nbsp; &nbsp; &nbsp; &nbsp; &nbsp; &nbsp; &nbsp; &nbsp; &nbsp; &nbsp; &nbsp; &nbsp; &nbsp;&nbsp; 0.250 د.ك</strong></p>\r\n\r\n<p dir=\"RTL\" style=\"margin-left:0cm; margin-right:36.0pt; text-align:right\"><strong>المجموع &nbsp; &nbsp; &nbsp; &nbsp; &nbsp; &nbsp; &nbsp; &nbsp; &nbsp; &nbsp; &nbsp; &nbsp; &nbsp; &nbsp; &nbsp; 1.750 د.ك</strong></p>\r\n</div>','ar',NULL,NULL),(2,1,'حمعلي','<div style=\"float:right\">&nbsp;\r\n<div style=\"font-family:Arial,Verdana; font-size:10pt; font-style:normal; font-variant-caps:normal; font-variant-ligatures:normal; font-weight:normal; text-align:center\"><img alt=\"https://c.top4top.net/p_835y8ich1.png\" height=\"122\" src=\"https://c.top4top.net/p_835y8ich1.png\" width=\"136\" /></div>\r\n\r\n<div style=\"font-style:normal; font-variant-caps:normal; font-variant-ligatures:normal; font-weight:normal; text-align:left\">&nbsp;</div>\r\n\r\n<div style=\"font-style:normal; font-variant-caps:normal; font-variant-ligatures:normal; font-weight:normal; text-align:left\">&nbsp;</div>\r\n\r\n<div style=\"font-style:normal; font-variant-caps:normal; font-variant-ligatures:normal; font-weight:normal; text-align:left\"><span style=\"font-family:Tahoma, Verdana, Arial, Helvetica, sans-serif\"><span style=\"background-color:#ffffff\">collect for me :</span></span></div>\r\n&nbsp;\r\n\r\n<div style=\"font-style:normal; font-variant-caps:normal; font-variant-ligatures:normal; font-weight:normal; text-align:justify\"><span style=\"background-color:white; font-family:Tahoma,Verdana,Arial,Helvetica,sans-serif; font-size:16px\">Collect for me a basket in which you can collect your purchases so that you all reach you at the time you previously set it for one delivery.</span></div>\r\n\r\n<div style=\"text-align:justify\">&nbsp;</div>\r\n\r\n<div style=\"text-align:justify\"><span style=\"background-color:white; font-family:Tahoma,Verdana,Arial,Helvetica,sans-serif; font-size:16px\">Important Service Information:</span></div>\r\n\r\n<div style=\"text-align:justify\">&nbsp;</div>\r\n\r\n<div style=\"text-align:justify\"><span style=\"background-color:white; font-family:Tahoma,Verdana,Arial,Helvetica,sans-serif; font-size:16px\">&nbsp;the purpose of the service is to:</span></div>\r\n\r\n<div style=\"text-align:justify\">&nbsp;</div>\r\n\r\n<div style=\"text-align:justify\"><span style=\"background-color:white; font-family:Tahoma,Verdana,Arial,Helvetica,sans-serif; font-size:16px\">Reduce the cost of connecting to the buyer.</span></div>\r\n\r\n<div style=\"text-align:justify\"><span style=\"background-color:white; font-family:Tahoma,Verdana,Arial,Helvetica,sans-serif; font-size:16px\">And set a time for the buyer to reach all their purchases.</span></div>\r\n\r\n<div style=\"text-align:justify\"><span style=\"background-color:white; font-family:Tahoma,Verdana,Arial,Helvetica,sans-serif; font-size:16px\">time Connection is selected by the buyer.</span></div>\r\n\r\n<div style=\"text-align:justify\">&nbsp;</div>\r\n\r\n<div style=\"text-align:justify\"><span style=\"background-color:white; font-family:Tahoma,Verdana,Arial,Helvetica,sans-serif; font-size:16px\">&nbsp;the order is from two or more shops and any order from one shop will be connected by the same shop.</span></div>\r\n\r\n<div style=\"text-align:justify\">&nbsp;</div>\r\n\r\n<div style=\"text-align:justify\"><span style=\"background-color:#ffffff\"><span style=\"font-family:Tahoma,Verdana,Arial,Helvetica,sans-serif; font-size:16px\">&nbsp;</span><span style=\"font-family:Tahoma,Verdana,Arial,Helvetica,sans-serif; font-size:16px\">t</span></span><span style=\"background-color:#ffffff; font-family:Tahoma,Verdana,Arial,Helvetica,sans-serif; font-size:16px\">he connection value is increasing at a rate of&nbsp;</span></div>\r\n\r\n<div style=\"text-align:justify\"><span style=\"font-family:Tahoma,Verdana,Arial,Helvetica,sans-serif\"><span style=\"font-size:medium\">0.250K.D starting from the third instance: The order includes four merchants</span></span></div>\r\n\r\n<div style=\"text-align:justify\"><span style=\"font-family:Tahoma,Verdana,Arial,Helvetica,sans-serif\"><span style=\"font-size:medium\">First and Second&nbsp; 1.250 KD</span></span></div>\r\n\r\n<div style=\"text-align:justify\"><span style=\"font-family:Tahoma,Verdana,Arial,Helvetica,sans-serif\"><span style=\"font-size:medium\">Third &nbsp; &nbsp; &nbsp; &nbsp; &nbsp; &nbsp; &nbsp; &nbsp;&nbsp; 0.250 KD</span></span></div>\r\n\r\n<div style=\"text-align:justify\"><span style=\"font-family:Tahoma,Verdana,Arial,Helvetica,sans-serif\"><span style=\"font-size:medium\">Fourth &nbsp; &nbsp; &nbsp; &nbsp; &nbsp; &nbsp; &nbsp;&nbsp; 0.250 KD</span></span></div>\r\n\r\n<div style=\"text-align:justify\"><span style=\"font-family:Tahoma,Verdana,Arial,Helvetica,sans-serif\"><span style=\"font-size:medium\">Total &nbsp; &nbsp; &nbsp; &nbsp; &nbsp; &nbsp; &nbsp; &nbsp;&nbsp; 1.750 KD&nbsp;</span></span></div>\r\n</div>','en',NULL,NULL),(3,2,'أسئلة وأجوبة','d','ar',NULL,NULL),(4,2,'جمعلي','d','en',NULL,NULL),(5,3,'الشروط والأحكام','w','ar',NULL,NULL),(6,3,'TERMS & CONDITIONS','w','en',NULL,NULL),(10,4,'عن شابتر','<p>There isn&rsquo;t a winning template to create a great About Us page. However, there are key components to make a convincing pitch with your&nbsp;<a href=\"https://www.searchenginejournal.com/story-types-brands-marketers/297929/\">brand story</a>.</p>','ar',NULL,NULL),(11,4,'About chapter','<p>There isn&rsquo;t a winning template to create a great About Us page. However, there are key components to make a convincing pitch with your&nbsp;<a href=\"https://www.searchenginejournal.com/story-types-brands-marketers/297929/\">brand story</a>.</p>','en',NULL,NULL),(12,5,'السيارات','xxxxxxxxxxxxxxxxxxxxxxxxxxxxxxxxxxxxxxxxxxxxxxxxxxxxxx','ar',NULL,NULL),(13,5,'End of the year show','xxxxxxxxxxxxxxxxxxxxxxxxxxxxxxxxxxxxxxxxxxxxxxxxxxxxxx','en',NULL,NULL);

--
-- Table structure for table `pages`
--

CREATE TABLE `pages` (
  `id` int unsigned NOT NULL AUTO_INCREMENT,
  `created_at` timestamp NULL DEFAULT NULL,
  `updated_at` timestamp NULL DEFAULT NULL,
  PRIMARY KEY (`id`)
) ENGINE=InnoDB AUTO_INCREMENT=5 DEFAULT CHARSET=utf8mb4 COLLATE=utf8mb4_unicode_ci;

--
-- Dumping data for table `pages`
--

INSERT INTO `pages` (`id`, `created_at`, `updated_at`) VALUES (2,'2022-03-16 10:45:41','2022-03-16 10:45:41'),(3,'2022-03-16 10:46:39','2022-03-16 10:46:39'),(4,'2022-03-16 10:47:27','2022-03-16 10:47:27');

--
-- Table structure for table `password_resets`
--

CREATE TABLE `password_resets` (
  `email` varchar(191) CHARACTER SET utf8mb4 COLLATE utf8mb4_unicode_ci NOT NULL,
  `token` varchar(191) CHARACTER SET utf8mb4 COLLATE utf8mb4_unicode_ci NOT NULL,
  `created_at` timestamp NULL DEFAULT NULL,
  KEY `password_resets_email_index` (`email`)
) ENGINE=InnoDB DEFAULT CHARSET=utf8mb4 COLLATE=utf8mb4_unicode_ci;

--
-- Dumping data for table `password_resets`
--


--
-- Table structure for table `permission_role`
--

CREATE TABLE `permission_role` (
  `permission_id` int unsigned NOT NULL,
  `role_id` int unsigned NOT NULL,
  PRIMARY KEY (`permission_id`,`role_id`),
  KEY `permission_role_role_id_foreign` (`role_id`)
) ENGINE=InnoDB DEFAULT CHARSET=utf8mb4 COLLATE=utf8mb4_unicode_ci;

--
-- Dumping data for table `permission_role`
--

INSERT INTO `permission_role` (`permission_id`, `role_id`) VALUES (1,1),(2,1),(3,1),(4,1),(5,1),(6,1),(7,1),(8,1),(9,1),(10,1),(11,1),(12,1),(13,1),(14,1),(15,1),(16,1),(17,1),(18,1),(19,1),(20,1),(21,1),(22,1),(23,1),(24,1),(25,1),(26,1),(27,1),(28,1),(29,1),(30,1),(31,1),(32,1),(33,1),(34,1),(35,1),(36,1),(37,1),(38,1),(39,1),(40,1),(41,1),(42,1),(43,1),(44,1),(45,1),(46,1),(47,1),(48,1),(49,1),(50,1),(51,1),(52,1),(53,1),(54,1),(55,1),(56,1),(57,1),(58,1),(59,1),(60,1),(61,1),(62,1),(63,1),(64,1),(65,1),(66,1),(67,1),(68,1),(69,1),(70,1),(71,1),(72,1),(73,1),(74,1),(75,1),(76,1),(77,1),(78,1),(79,1),(80,1),(81,1),(82,1),(83,1),(84,1),(85,1),(86,1),(87,1),(88,1),(89,1),(90,1),(91,1),(92,1),(93,1),(94,1),(95,1),(96,1),(97,1),(98,1),(99,1),(100,1),(101,1),(102,1),(103,1),(104,1),(105,1),(106,1),(107,1),(108,1),(109,1),(110,1),(111,1),(112,1),(113,1),(114,1),(115,1),(116,1),(117,1),(9,23),(10,23),(11,23),(12,23),(89,23),(90,23),(91,23),(92,23),(109,23),(110,23),(22,24),(1,25);

--
-- Table structure for table `permission_user`
--

CREATE TABLE `permission_user` (
  `permission_id` int unsigned NOT NULL,
  `user_id` int unsigned NOT NULL,
  `user_type` varchar(191) CHARACTER SET utf8mb4 COLLATE utf8mb4_unicode_ci NOT NULL,
  PRIMARY KEY (`user_id`,`permission_id`,`user_type`),
  KEY `permission_user_permission_id_foreign` (`permission_id`)
) ENGINE=InnoDB DEFAULT CHARSET=utf8mb4 COLLATE=utf8mb4_unicode_ci;

--
-- Dumping data for table `permission_user`
--


--
-- Table structure for table `permissions`
--

CREATE TABLE `permissions` (
  `id` int unsigned NOT NULL AUTO_INCREMENT,
  `name` varchar(191) CHARACTER SET utf8mb4 COLLATE utf8mb4_unicode_ci NOT NULL,
  `display_name` varchar(191) CHARACTER SET utf8mb4 COLLATE utf8mb4_unicode_ci DEFAULT NULL,
  `description` varchar(191) CHARACTER SET utf8mb4 COLLATE utf8mb4_unicode_ci DEFAULT NULL,
  `created_at` timestamp NULL DEFAULT NULL,
  `updated_at` timestamp NULL DEFAULT NULL,
  PRIMARY KEY (`id`),
  UNIQUE KEY `permissions_name_unique` (`name`)
) ENGINE=InnoDB AUTO_INCREMENT=118 DEFAULT CHARSET=utf8mb4 COLLATE=utf8mb4_unicode_ci;

--
-- Dumping data for table `permissions`
--

INSERT INTO `permissions` (`id`, `name`, `display_name`, `description`, `created_at`, `updated_at`) VALUES (1,'create_users','Create Users','Create Users','2020-06-02 05:32:54','2020-06-02 05:32:54'),(2,'read_users','Read Users','Read Users','2020-06-02 05:32:54','2020-06-02 05:32:54'),(3,'update_users','Update Users','Update Users','2020-06-02 05:32:54','2020-06-02 05:32:54'),(4,'delete_users','Delete Users','Delete Users','2020-06-02 05:32:54','2020-06-02 05:32:54'),(5,'create_roles','Create Roles','Create Roles','2020-06-02 05:32:54','2020-06-02 05:32:54'),(6,'read_roles','Read Roles','Read Roles','2020-06-02 05:32:54','2020-06-02 05:32:54'),(7,'update_roles','Update Roles','Update Roles','2020-06-02 05:32:54','2020-06-02 05:32:54'),(8,'delete_roles','Delete Roles','Delete Roles','2020-06-02 05:32:54','2020-06-02 05:32:54'),(9,'create_categories','Create Categories','Create Categories','2020-06-02 05:32:54','2020-06-02 05:32:54'),(10,'read_categories','Read Categories','Read Categories','2020-06-02 05:32:54','2020-06-02 05:32:54'),(11,'update_categories','Update Categories','Update Categories','2020-06-02 05:32:54','2020-06-02 05:32:54'),(12,'delete_categories','Delete Categories','Delete Categories','2020-06-02 05:32:54','2020-06-02 05:32:54'),(13,'create_languages','Create Languages','Create Languages','2020-06-02 05:32:54','2020-06-02 05:32:54'),(14,'read_languages','Read Languages','Read Languages','2020-06-02 05:32:54','2020-06-02 05:32:54'),(15,'update_languages','Update Languages','Update Languages','2020-06-02 05:32:54','2020-06-02 05:32:54'),(16,'delete_languages','Delete Languages','Delete Languages','2020-06-02 05:32:54','2020-06-02 05:32:54'),(17,'create_pages','Create Pages','Create Pages','2020-06-02 05:32:54','2020-06-02 05:32:54'),(18,'read_pages','Read Pages','Read Pages','2020-06-02 05:32:54','2020-06-02 05:32:54'),(19,'update_pages','Update Pages','Update Pages','2020-06-02 05:32:54','2020-06-02 05:32:54'),(20,'delete_pages','Delete Pages','Delete Pages','2020-06-02 05:32:54','2020-06-02 05:32:54'),(21,'create_settings','Create Settings','Create Settings','2020-06-02 05:32:54','2020-06-02 05:32:54'),(22,'read_settings','Read Settings','Read Settings','2020-06-02 05:32:54','2020-06-02 05:32:54'),(23,'update_settings','Update Settings','Update Settings','2020-06-02 05:32:54','2020-06-02 05:32:54'),(24,'delete_settings','Delete Settings','Delete Settings','2020-06-02 05:32:54','2020-06-02 05:32:54'),(25,'create_countries','Create Countries','Create Countries','2020-06-02 05:32:54','2020-06-02 05:32:54'),(26,'read_countries','Read Countries','Read Countries','2020-06-02 05:32:54','2020-06-02 05:32:54'),(27,'update_countries','Update Countries','Update Countries','2020-06-02 05:32:54','2020-06-02 05:32:54'),(28,'delete_countries','Delete Countries','Delete Countries','2020-06-02 05:32:54','2020-06-02 05:32:54'),(29,'create_governments','Create Governments','Create Governments','2020-06-02 05:32:54','2020-06-02 05:32:54'),(30,'read_governments','Read Governments','Read Governments','2020-06-02 05:32:54','2020-06-02 05:32:54'),(31,'update_governments','Update Governments','Update Governments','2020-06-02 05:32:54','2020-06-02 05:32:54'),(32,'delete_governments','Delete Governments','Delete Governments','2020-06-02 05:32:54','2020-06-02 05:32:54'),(33,'create_regions','Create Regions','Create Regions','2020-06-02 05:32:54','2020-06-02 05:32:54'),(34,'read_regions','Read Regions','Read Regions','2020-06-02 05:32:54','2020-06-02 05:32:54'),(35,'update_regions','Update Regions','Update Regions','2020-06-02 05:32:54','2020-06-02 05:32:54'),(36,'delete_regions','Delete Regions','Delete Regions','2020-06-02 05:32:54','2020-06-02 05:32:54'),(37,'create_sliders','Create Sliders','Create Sliders','2020-06-02 05:32:54','2020-06-02 05:32:54'),(38,'read_sliders','Read Sliders','Read Sliders','2020-06-02 05:32:54','2020-06-02 05:32:54'),(39,'update_sliders','Update Sliders','Update Sliders','2020-06-02 05:32:54','2020-06-02 05:32:54'),(40,'delete_sliders','Delete Sliders','Delete Sliders','2020-06-02 05:32:54','2020-06-02 05:32:54'),(41,'create_notifications','Create Notifications','Create Notifications','2020-06-02 05:32:54','2020-06-02 05:32:54'),(42,'read_notifications','Read Notifications','Read Notifications','2020-06-02 05:32:54','2020-06-02 05:32:54'),(43,'update_notifications','Update Notifications','Update Notifications','2020-06-02 05:32:54','2020-06-02 05:32:54'),(44,'delete_notifications','Delete Notifications','Delete Notifications','2020-06-02 05:32:54','2020-06-02 05:32:54'),(45,'create_clients','Create Clients','Create Clients','2020-06-02 05:32:54','2020-06-02 05:32:54'),(46,'read_clients','Read Clients','Read Clients','2020-06-02 05:32:54','2020-06-02 05:32:54'),(47,'update_clients','Update Clients','Update Clients','2020-06-02 05:32:54','2020-06-02 05:32:54'),(48,'delete_clients','Delete Clients','Delete Clients','2020-06-02 05:32:54','2020-06-02 05:32:54'),(49,'create_tagers','Create Tagers','Create Tagers','2020-06-02 05:32:54','2020-06-02 05:32:54'),(50,'read_tagers','Read Tagers','Read Tagers','2020-06-02 05:32:54','2020-06-02 05:32:54'),(51,'update_tagers','Update Tagers','Update Tagers','2020-06-02 05:32:54','2020-06-02 05:32:54'),(52,'delete_tagers','Delete Tagers','Delete Tagers','2020-06-02 05:32:54','2020-06-02 05:32:54'),(53,'create_memberships','Create Memberships','Create Memberships','2020-06-02 05:32:54','2020-06-02 05:32:54'),(54,'read_memberships','Read Memberships','Read Memberships','2020-06-02 05:32:54','2020-06-02 05:32:54'),(55,'update_memberships','Update Memberships','Update Memberships','2020-06-02 05:32:54','2020-06-02 05:32:54'),(56,'delete_memberships','Delete Memberships','Delete Memberships','2020-06-02 05:32:54','2020-06-02 05:32:54'),(57,'create_tecnicalSupports','Create TecnicalSupports','Create TecnicalSupports','2020-06-02 05:32:54','2020-06-02 05:32:54'),(58,'read_tecnicalSupports','Read TecnicalSupports','Read TecnicalSupports','2020-06-02 05:32:54','2020-06-02 05:32:54'),(59,'update_tecnicalSupports','Update TecnicalSupports','Update TecnicalSupports','2020-06-02 05:32:54','2020-06-02 05:32:54'),(60,'delete_tecnicalSupports','Delete TecnicalSupports','Delete TecnicalSupports','2020-06-02 05:32:54','2020-06-02 05:32:54'),(61,'create_shippings','Create Shippings','Create Shippings','2020-06-02 05:32:54','2020-06-02 05:32:54'),(62,'read_shippings','Read Shippings','Read Shippings','2020-06-02 05:32:54','2020-06-02 05:32:54'),(63,'update_shippings','Update Shippings','Update Shippings','2020-06-02 05:32:54','2020-06-02 05:32:54'),(64,'delete_shippings','Delete Shippings','Delete Shippings','2020-06-02 05:32:54','2020-06-02 05:32:54'),(65,'create_shippingsOptions','Create ShippingsOptions','Create ShippingsOptions','2020-06-02 05:32:54','2020-06-02 05:32:54'),(66,'read_shippingsOptions','Read ShippingsOptions','Read ShippingsOptions','2020-06-02 05:32:55','2020-06-02 05:32:55'),(67,'update_shippingsOptions','Update ShippingsOptions','Update ShippingsOptions','2020-06-02 05:32:55','2020-06-02 05:32:55'),(68,'delete_shippingsOptions','Delete ShippingsOptions','Delete ShippingsOptions','2020-06-02 05:32:55','2020-06-02 05:32:55'),(69,'create_transactiontypes','Create Transactiontypes','Create Transactiontypes','2020-06-02 05:32:55','2020-06-02 05:32:55'),(70,'read_transactiontypes','Read Transactiontypes','Read Transactiontypes','2020-06-02 05:32:55','2020-06-02 05:32:55'),(71,'update_transactiontypes','Update Transactiontypes','Update Transactiontypes','2020-06-02 05:32:55','2020-06-02 05:32:55'),(72,'delete_transactiontypes','Delete Transactiontypes','Delete Transactiontypes','2020-06-02 05:32:55','2020-06-02 05:32:55'),(73,'create_arrivals','Create Arrivals','Create Arrivals','2020-06-02 05:32:55','2020-06-02 05:32:55'),(74,'read_arrivals','Read Arrivals','Read Arrivals','2020-06-02 05:32:55','2020-06-02 05:32:55'),(75,'update_arrivals','Update Arrivals','Update Arrivals','2020-06-02 05:32:55','2020-06-02 05:32:55'),(76,'delete_arrivals','Delete Arrivals','Delete Arrivals','2020-06-02 05:32:55','2020-06-02 05:32:55'),(77,'create_shippingtypes','Create Shippingtypes','Create Shippingtypes','2020-06-02 05:32:55','2020-06-02 05:32:55'),(78,'read_shippingtypes','Read Shippingtypes','Read Shippingtypes','2020-06-02 05:32:55','2020-06-02 05:32:55'),(79,'update_shippingtypes','Update Shippingtypes','Update Shippingtypes','2020-06-02 05:32:55','2020-06-02 05:32:55'),(80,'delete_shippingtypes','Delete Shippingtypes','Delete Shippingtypes','2020-06-02 05:32:55','2020-06-02 05:32:55'),(81,'create_offers','Create Offers','Create Offers','2020-06-02 05:32:55','2020-06-02 05:32:55'),(82,'read_offers','Read Offers','Read Offers','2020-06-02 05:32:55','2020-06-02 05:32:55'),(83,'update_offers','Update Offers','Update Offers','2020-06-02 05:32:55','2020-06-02 05:32:55'),(84,'delete_offers','Delete Offers','Delete Offers','2020-06-02 05:32:55','2020-06-02 05:32:55'),(85,'create_companies','Create Companies','Create Companies','2020-06-02 05:32:55','2020-06-02 05:32:55'),(86,'read_companies','Read Companies','Read Companies','2020-06-02 05:32:55','2020-06-02 05:32:55'),(87,'update_companies','Update Companies','Update Companies','2020-06-02 05:32:55','2020-06-02 05:32:55'),(88,'delete_companies','Delete Companies','Delete Companies','2020-06-02 05:32:55','2020-06-02 05:32:55'),(89,'create_products','Create Products','Create Products','2020-06-02 05:32:55','2020-06-02 05:32:55'),(90,'read_products','Read Products','Read Products','2020-06-02 05:32:55','2020-06-02 05:32:55'),(91,'update_products','Update Products','Update Products','2020-06-02 05:32:55','2020-06-02 05:32:55'),(92,'delete_products','Delete Products','Delete Products','2020-06-02 05:32:55','2020-06-02 05:32:55'),(93,'create_brands','Create Brands','Create Brands','2020-06-02 05:32:55','2020-06-02 05:32:55'),(94,'read_brands','Read Brands','Read Brands','2020-06-02 05:32:55','2020-06-02 05:32:55'),(95,'update_brands','Update Brands','Update Brands','2020-06-02 05:32:55','2020-06-02 05:32:55'),(96,'delete_brands','Delete Brands','Delete Brands','2020-06-02 05:32:55','2020-06-02 05:32:55'),(97,'create_colors','Create Colors','Create Colors','2020-06-02 05:32:55','2020-06-02 05:32:55'),(98,'read_colors','Read Colors','Read Colors','2020-06-02 05:32:55','2020-06-02 05:32:55'),(99,'update_colors','Update Colors','Update Colors','2020-06-02 05:32:55','2020-06-02 05:32:55'),(100,'delete_colors','Delete Colors','Delete Colors','2020-06-02 05:32:55','2020-06-02 05:32:55'),(101,'create_content_mangement','Create Content_mangement','Create Content_mangement','2020-06-02 05:32:55','2020-06-02 05:32:55'),(102,'read_content_mangement','Read Content_mangement','Read Content_mangement','2020-06-02 05:32:55','2020-06-02 05:32:55'),(103,'update_content_mangement','Update Content_mangement','Update Content_mangement','2020-06-02 05:32:55','2020-06-02 05:32:55'),(104,'delete_content_mangement','Delete Content_mangement','Delete Content_mangement','2020-06-02 05:32:55','2020-06-02 05:32:55'),(105,'create_discount','Create Discount','Create Discount','2020-06-02 05:32:55','2020-06-02 05:32:55'),(106,'read_discount','Read Discount','Read Discount','2020-06-02 05:32:55','2020-06-02 05:32:55'),(107,'update_discount','Update Discount','Update Discount','2020-06-02 05:32:55','2020-06-02 05:32:55'),(108,'delete_discount','Delete Discount','Delete Discount','2020-06-02 05:32:55','2020-06-02 05:32:55'),(109,'create_orders','Create Orders','Create Orders','2020-06-02 05:32:55','2020-06-02 05:32:55'),(110,'read_orders','Read Orders','Read Orders','2020-06-02 05:32:55','2020-06-02 05:32:55'),(111,'update_orders','Update Orders','Update Orders','2020-06-02 05:32:55','2020-06-02 05:32:55'),(112,'delete_orders','Delete Orders','Delete Orders','2020-06-02 05:32:55','2020-06-02 05:32:55'),(113,'read_reports','Read Reports','Read Reports','2020-06-02 05:32:55','2020-06-02 05:32:55'),(114,'read_products_report','Read Products_report','Read Products_report','2020-06-02 05:32:55','2020-06-02 05:32:55'),(115,'read_suppliers_report','Read Suppliers_report','Read Suppliers_report','2020-06-02 05:32:55','2020-06-02 05:32:55'),(116,'read_jamali_report','Read Jamali_report','Read Jamali_report','2020-06-02 05:32:55','2020-06-02 05:32:55'),(117,'read_tager_report','Read Tager_report','Read Tager_report','2020-06-02 05:32:55','2020-06-02 05:32:55');

--
-- Table structure for table `product_categories`
--

CREATE TABLE `product_categories` (
  `id` int unsigned NOT NULL AUTO_INCREMENT,
  `product_id` int unsigned DEFAULT NULL,
  `category_id` int unsigned DEFAULT NULL,
  `created_at` timestamp NULL DEFAULT NULL,
  `updated_at` timestamp NULL DEFAULT NULL,
  PRIMARY KEY (`id`),
  KEY `product_categories_product_id_foreign` (`product_id`),
  KEY `product_categories_category_id_foreign` (`category_id`)
) ENGINE=InnoDB AUTO_INCREMENT=83 DEFAULT CHARSET=utf8mb4 COLLATE=utf8mb4_unicode_ci;

--
-- Dumping data for table `product_categories`
--

INSERT INTO `product_categories` (`id`, `product_id`, `category_id`, `created_at`, `updated_at`) VALUES (2,4,1,NULL,NULL),(3,9,1,NULL,NULL),(6,6,1,NULL,NULL),(7,5,1,NULL,NULL),(10,2,10,NULL,NULL),(11,7,4,NULL,NULL),(12,8,4,NULL,NULL),(13,2,9,NULL,NULL),(14,10,13,NULL,NULL),(15,1,13,NULL,NULL),(16,12,13,NULL,NULL),(17,19,4,NULL,NULL),(18,19,11,NULL,NULL),(19,19,12,NULL,NULL),(20,19,13,NULL,NULL),(21,19,14,NULL,NULL),(22,18,4,NULL,NULL),(23,18,11,NULL,NULL),(24,18,12,NULL,NULL),(25,18,13,NULL,NULL),(26,18,14,NULL,NULL),(27,17,4,NULL,NULL),(28,17,11,NULL,NULL),(29,17,12,NULL,NULL),(30,17,13,NULL,NULL),(31,17,14,NULL,NULL),(32,16,4,NULL,NULL),(33,16,11,NULL,NULL),(34,16,12,NULL,NULL),(35,16,13,NULL,NULL),(36,16,14,NULL,NULL),(37,15,4,NULL,NULL),(38,15,11,NULL,NULL),(39,15,12,NULL,NULL),(40,15,13,NULL,NULL),(41,15,14,NULL,NULL),(42,20,14,NULL,NULL),(43,22,15,NULL,NULL),(46,24,17,NULL,NULL),(47,23,17,NULL,NULL),(48,26,17,NULL,NULL),(49,27,17,NULL,NULL),(50,28,18,NULL,NULL),(51,29,18,NULL,NULL),(52,30,19,NULL,NULL),(53,30,18,NULL,NULL),(54,31,17,NULL,NULL),(55,32,17,NULL,NULL),(56,33,17,NULL,NULL),(57,34,17,NULL,NULL),(58,37,17,NULL,NULL),(59,35,17,NULL,NULL),(60,39,18,NULL,NULL),(61,38,19,NULL,NULL),(62,40,18,NULL,NULL),(63,41,19,NULL,NULL),(65,41,23,NULL,NULL),(66,41,18,NULL,NULL),(67,41,22,NULL,NULL),(68,33,23,NULL,NULL),(70,40,23,NULL,NULL),(71,39,23,NULL,NULL),(72,38,23,NULL,NULL),(73,37,23,NULL,NULL),(74,35,23,NULL,NULL),(75,34,23,NULL,NULL),(76,42,22,NULL,NULL),(77,43,24,NULL,NULL),(78,44,24,NULL,NULL),(79,45,24,NULL,NULL),(80,46,25,NULL,NULL),(81,48,25,NULL,NULL),(82,50,25,NULL,NULL);

--
-- Table structure for table `product_colors`
--

CREATE TABLE `product_colors` (
  `id` bigint unsigned NOT NULL AUTO_INCREMENT,
  `product_id` int unsigned DEFAULT NULL,
  `color_id` int unsigned DEFAULT NULL,
  `imageColor` varchar(191) CHARACTER SET utf8mb4 COLLATE utf8mb4_unicode_ci DEFAULT NULL,
  `ColorCode` varchar(191) CHARACTER SET utf8mb4 COLLATE utf8mb4_unicode_ci DEFAULT NULL,
  `created_at` timestamp NULL DEFAULT NULL,
  `updated_at` timestamp NULL DEFAULT NULL,
  PRIMARY KEY (`id`),
  KEY `product_colors_product_id_foreign` (`product_id`),
  KEY `product_colors_color_id_foreign` (`color_id`)
) ENGINE=InnoDB AUTO_INCREMENT=3 DEFAULT CHARSET=utf8mb4 COLLATE=utf8mb4_unicode_ci;

--
-- Dumping data for table `product_colors`
--

INSERT INTO `product_colors` (`id`, `product_id`, `color_id`, `imageColor`, `ColorCode`, `created_at`, `updated_at`) VALUES (1,9,1,NULL,NULL,NULL,NULL),(2,9,2,NULL,NULL,NULL,NULL);

--
-- Table structure for table `product_companies`
--

CREATE TABLE `product_companies` (
  `id` int unsigned NOT NULL AUTO_INCREMENT,
  `product_id` int unsigned NOT NULL,
  `company_id` int unsigned NOT NULL,
  `created_at` timestamp NULL DEFAULT NULL,
  `updated_at` timestamp NULL DEFAULT NULL,
  PRIMARY KEY (`id`),
  KEY `product_companies_product_id_foreign` (`product_id`),
  KEY `product_companies_company_id_foreign` (`company_id`)
) ENGINE=InnoDB DEFAULT CHARSET=utf8mb4 COLLATE=utf8mb4_unicode_ci;

--
-- Dumping data for table `product_companies`
--


--
-- Table structure for table `product_content_sections`
--

CREATE TABLE `product_content_sections` (
  `id` int unsigned NOT NULL AUTO_INCREMENT,
  `product_id` int unsigned DEFAULT NULL,
  `content_section_id` int unsigned DEFAULT NULL,
  `created_at` timestamp NULL DEFAULT NULL,
  `updated_at` timestamp NULL DEFAULT NULL,
  PRIMARY KEY (`id`),
  KEY `product_content_sections_product_id_foreign` (`product_id`),
  KEY `product_content_sections_content_section_id_foreign` (`content_section_id`)
) ENGINE=InnoDB DEFAULT CHARSET=utf8mb4 COLLATE=utf8mb4_unicode_ci;

--
-- Dumping data for table `product_content_sections`
--


--
-- Table structure for table `product_gifts`
--

CREATE TABLE `product_gifts` (
  `id` int unsigned NOT NULL AUTO_INCREMENT,
  `product_id` int unsigned NOT NULL,
  `gift_id` int unsigned NOT NULL,
  `created_at` timestamp NULL DEFAULT NULL,
  `updated_at` timestamp NULL DEFAULT NULL,
  PRIMARY KEY (`id`),
  KEY `product_gifts_product_id_foreign` (`product_id`),
  KEY `product_gifts_gift_id_foreign` (`gift_id`)
) ENGINE=InnoDB DEFAULT CHARSET=utf8mb4 COLLATE=utf8mb4_unicode_ci;

--
-- Dumping data for table `product_gifts`
--


--
-- Table structure for table `product_orders`
--

CREATE TABLE `product_orders` (
  `id` int unsigned NOT NULL AUTO_INCREMENT,
  `order_id` int unsigned NOT NULL,
  `product_id` int unsigned NOT NULL,
  `company_id` int unsigned NOT NULL,
  `quantity` int NOT NULL DEFAULT '1',
  `option` text CHARACTER SET utf8mb4 COLLATE utf8mb4_unicode_ci NOT NULL,
  `price` decimal(8,2) NOT NULL,
  `shipping_cost` decimal(8,2) DEFAULT NULL,
  `created_at` timestamp NULL DEFAULT NULL,
  `updated_at` timestamp NULL DEFAULT NULL,
  `status_product` int NOT NULL,
  `messages` text CHARACTER SET utf8mb4 COLLATE utf8mb4_unicode_ci,
  `user_id` int unsigned DEFAULT NULL,
  PRIMARY KEY (`id`),
  KEY `product_orders_order_id_foreign` (`order_id`),
  KEY `product_orders_product_id_foreign` (`product_id`),
  KEY `product_orders_company_id_foreign` (`company_id`),
  CONSTRAINT `product_orders_ibfk_1` FOREIGN KEY (`order_id`) REFERENCES `orders` (`id`) ON DELETE CASCADE ON UPDATE CASCADE,
  CONSTRAINT `product_orders_ibfk_2` FOREIGN KEY (`company_id`) REFERENCES `users` (`id`) ON DELETE CASCADE ON UPDATE CASCADE
) ENGINE=InnoDB AUTO_INCREMENT=69 DEFAULT CHARSET=utf8mb4 COLLATE=utf8mb4_unicode_ci;

--
-- Dumping data for table `product_orders`
--

INSERT INTO `product_orders` (`id`, `order_id`, `product_id`, `company_id`, `quantity`, `option`, `price`, `shipping_cost`, `created_at`, `updated_at`, `status_product`, `messages`, `user_id`) VALUES (3,3,40,1,2,' ',23.00,NULL,'2022-05-20 23:13:43','2022-05-20 23:13:58',0,NULL,NULL),(5,3,34,1,3,' ',34.00,NULL,'2022-05-20 23:15:32','2022-05-20 23:18:29',0,NULL,NULL),(7,3,35,1,2,' ',200.00,NULL,'2022-05-20 23:16:01','2022-05-20 23:16:07',0,NULL,NULL),(8,3,33,6056,1,' ',20.00,NULL,'2022-05-20 23:17:11','2022-05-20 23:17:11',0,NULL,NULL),(9,4,40,1,3,' ',23.00,NULL,'2022-05-20 23:20:13','2022-05-21 17:38:46',0,NULL,NULL),(10,5,33,6056,2,' ',20.00,NULL,'2022-05-20 23:25:22','2022-05-20 23:32:25',0,NULL,NULL),(11,5,40,1,3,' ',23.00,1.00,'2022-05-20 23:32:19','2022-05-20 23:33:25',0,NULL,NULL),(12,5,38,1,1,' ',20.00,1.00,'2022-05-20 23:32:43','2022-05-20 23:33:25',0,NULL,NULL),(13,6,37,1,1,' ',23.00,1.00,'2022-05-20 23:39:53','2022-05-20 23:40:13',0,NULL,NULL),(15,7,37,1,1,' ',23.00,NULL,'2022-05-20 23:42:54','2022-05-20 23:42:54',0,NULL,NULL),(16,8,33,6056,1,' ',20.00,NULL,'2022-05-21 16:40:42','2022-05-21 16:40:42',0,NULL,NULL),(17,8,34,1,1,' ',34.00,NULL,'2022-05-21 16:40:47','2022-05-21 16:40:47',0,NULL,NULL),(18,9,33,6056,2,' ',20.00,NULL,'2022-05-21 17:22:11','2022-05-21 17:23:37',0,NULL,NULL),(19,4,34,1,1,' ',34.00,NULL,'2022-05-21 17:58:17','2022-05-21 17:58:17',0,NULL,NULL),(20,10,33,6056,4,' ',20.00,NULL,'2022-05-21 18:34:17','2022-05-21 18:34:23',0,NULL,NULL),(21,12,33,6056,3,' ',20.00,NULL,'2022-05-21 19:13:13','2022-05-21 19:13:17',0,NULL,NULL),(22,13,33,6056,1,' ',20.00,NULL,'2022-05-21 20:06:03','2022-05-21 20:06:03',0,NULL,NULL),(23,14,33,6056,1,' ',20.00,NULL,'2022-05-21 20:15:43','2022-05-21 20:15:43',0,NULL,NULL),(24,15,33,6056,1,' ',20.00,NULL,'2022-05-21 20:54:10','2022-05-21 20:54:10',0,NULL,NULL),(25,16,35,1,1,' ',200.00,NULL,'2022-05-21 20:56:07','2022-05-21 20:56:07',0,NULL,NULL),(26,17,33,6056,1,' ',20.00,NULL,'2022-05-21 20:58:27','2022-05-21 20:58:27',0,NULL,NULL),(27,18,33,6056,1,' ',20.00,NULL,'2022-05-21 21:43:04','2022-05-21 21:43:04',0,NULL,NULL),(28,19,34,1,3,' ',34.00,NULL,'2022-05-21 21:43:35','2022-05-21 21:43:41',0,NULL,NULL),(29,20,40,1,5,' ',23.00,NULL,'2022-05-21 21:47:33','2022-05-21 21:48:00',0,NULL,NULL),(30,21,33,6056,3,' ',20.00,NULL,'2022-05-21 22:36:33','2022-05-21 23:25:11',0,NULL,NULL),(32,22,38,1,6,' ',20.00,NULL,'2022-05-21 23:25:31','2022-05-21 23:28:51',0,NULL,NULL),(33,22,37,1,3,' ',23.00,NULL,'2022-05-21 23:28:07','2022-05-21 23:28:49',0,NULL,NULL),(34,23,39,1,4,' ',20.00,NULL,'2022-05-21 23:32:33','2022-05-21 23:41:52',0,NULL,NULL),(37,25,33,6056,1,' ',20.00,NULL,'2022-05-24 18:41:46','2022-05-24 18:41:46',0,NULL,NULL),(38,26,34,1,1,' ',34.00,NULL,'2022-05-24 18:42:20','2022-05-24 18:42:20',0,NULL,NULL),(39,27,45,6053,1,' ',23.00,NULL,'2022-05-25 10:05:14','2022-05-25 10:05:14',0,NULL,NULL),(40,28,33,6056,4,' ',20.00,NULL,'2022-06-25 23:00:31','2022-06-25 23:00:45',0,NULL,NULL),(41,29,34,1,1,' ',34.00,NULL,'2022-06-26 21:32:44','2022-06-26 21:32:44',0,NULL,NULL),(42,30,34,1,1,' ',34.00,NULL,'2022-06-26 21:40:29','2022-06-26 21:40:29',0,NULL,NULL),(43,31,34,1,1,' ',34.00,NULL,'2022-06-26 23:11:20','2022-06-26 23:11:20',0,NULL,NULL),(44,32,34,1,1,' ',34.00,NULL,'2022-06-26 23:20:23','2022-06-26 23:20:23',0,NULL,NULL),(45,33,34,1,1,' ',34.00,NULL,'2022-06-26 23:32:15','2022-06-26 23:32:15',0,NULL,NULL),(46,34,33,6056,1,' ',20.00,NULL,'2022-06-27 20:05:51','2022-06-27 20:05:51',0,NULL,NULL),(47,35,34,1,1,' ',34.00,NULL,'2022-06-27 22:11:18','2022-06-27 22:11:18',0,NULL,NULL),(48,36,34,1,1,' ',34.00,NULL,'2022-06-27 22:11:41','2022-06-27 22:11:41',0,NULL,NULL),(49,37,38,1,8,' ',20.00,NULL,'2022-06-29 18:01:28','2022-06-29 18:01:28',0,NULL,NULL),(50,38,33,6056,1,' ',20.00,NULL,'2022-06-29 20:26:46','2022-06-29 20:26:46',0,NULL,NULL),(52,40,33,6056,1,' ',20.00,NULL,'2022-07-03 08:42:00','2022-07-03 08:42:00',0,NULL,NULL),(55,39,37,1,1,' ',23.00,NULL,'2022-07-03 08:44:22','2022-07-03 08:44:22',0,NULL,NULL),(56,11,39,6053,2,'4',21.00,NULL,'2022-07-03 08:51:56','2022-07-03 08:54:05',0,NULL,NULL),(58,42,33,6056,1,' ',20.00,NULL,'2022-07-03 08:56:27','2022-07-03 08:56:27',0,NULL,NULL),(59,43,34,1,1,' ',34.00,NULL,'2022-07-03 09:55:27','2022-07-03 09:55:27',0,NULL,NULL),(60,44,34,1,1,' ',34.00,NULL,'2022-07-03 10:06:46','2022-07-03 10:06:46',0,NULL,NULL),(61,45,34,1,1,' ',34.00,NULL,'2022-07-03 10:15:51','2022-07-03 10:15:51',0,NULL,NULL),(62,46,33,6056,1,' ',20.00,NULL,'2022-07-03 10:25:22','2022-07-03 10:25:22',0,NULL,NULL),(63,47,34,1,1,' ',34.00,NULL,'2022-08-17 11:39:56','2022-08-17 11:39:56',0,NULL,NULL),(64,48,39,1,4,' ',20.00,NULL,'2022-08-17 13:39:18','2022-08-17 13:39:18',0,NULL,NULL),(65,48,43,6053,1,' ',23.00,NULL,'2022-08-17 15:40:21','2022-08-17 15:40:21',0,NULL,NULL),(66,48,34,1,1,' ',34.00,NULL,'2022-08-17 15:40:29','2022-08-17 15:40:29',0,NULL,NULL),(67,49,33,6056,1,' ',20.00,NULL,'2022-08-17 16:21:01','2022-08-17 16:21:01',0,NULL,NULL),(68,49,34,1,1,' ',34.00,NULL,'2022-08-17 16:31:34','2022-08-17 16:31:34',0,NULL,NULL);

--
-- Table structure for table `product_otherdatas`
--

CREATE TABLE `product_otherdatas` (
  `id` bigint unsigned NOT NULL AUTO_INCREMENT,
  `product_id` int unsigned DEFAULT NULL,
  `input_key_ar` varchar(191) CHARACTER SET utf8mb4 COLLATE utf8mb4_unicode_ci NOT NULL,
  `input_value_ar` varchar(191) CHARACTER SET utf8mb4 COLLATE utf8mb4_unicode_ci NOT NULL,
  `input_key_en` varchar(191) CHARACTER SET utf8mb4 COLLATE utf8mb4_unicode_ci DEFAULT NULL,
  `input_value_en` varchar(191) CHARACTER SET utf8mb4 COLLATE utf8mb4_unicode_ci DEFAULT NULL,
  `created_at` timestamp NULL DEFAULT NULL,
  `updated_at` timestamp NULL DEFAULT NULL,
  PRIMARY KEY (`id`),
  KEY `product_otherdatas_product_id_foreign` (`product_id`)
) ENGINE=InnoDB DEFAULT CHARSET=utf8mb4 COLLATE=utf8mb4_unicode_ci;

--
-- Dumping data for table `product_otherdatas`
--


--
-- Table structure for table `product_size_colors`
--

CREATE TABLE `product_size_colors` (
  `id` bigint unsigned NOT NULL AUTO_INCREMENT,
  `size_id` bigint unsigned DEFAULT NULL,
  `color_id` bigint unsigned DEFAULT NULL,
  `product_id` int unsigned DEFAULT NULL,
  `amount` int NOT NULL,
  `price` decimal(8,2) NOT NULL,
  `created_at` timestamp NULL DEFAULT NULL,
  `updated_at` timestamp NULL DEFAULT NULL,
  PRIMARY KEY (`id`),
  KEY `product_size_colors_size_id_foreign` (`size_id`),
  KEY `product_size_colors_color_id_foreign` (`color_id`),
  KEY `product_size_colors_product_id_foreign` (`product_id`)
) ENGINE=InnoDB DEFAULT CHARSET=utf8mb4 COLLATE=utf8mb4_unicode_ci;

--
-- Dumping data for table `product_size_colors`
--


--
-- Table structure for table `product_size_translations`
--

CREATE TABLE `product_size_translations` (
  `id` int unsigned NOT NULL AUTO_INCREMENT,
  `product_size_id` bigint unsigned NOT NULL,
  `titleSize` varchar(191) CHARACTER SET utf8mb4 COLLATE utf8mb4_unicode_ci DEFAULT NULL,
  `locale` varchar(191) CHARACTER SET utf8mb4 COLLATE utf8mb4_unicode_ci NOT NULL,
  `created_at` timestamp NULL DEFAULT NULL,
  `updated_at` timestamp NULL DEFAULT NULL,
  PRIMARY KEY (`id`),
  UNIQUE KEY `product_size_translations_product_size_id_locale_unique` (`product_size_id`,`locale`)
) ENGINE=InnoDB DEFAULT CHARSET=utf8mb4 COLLATE=utf8mb4_unicode_ci;

--
-- Dumping data for table `product_size_translations`
--


--
-- Table structure for table `product_sizes`
--

CREATE TABLE `product_sizes` (
  `id` bigint unsigned NOT NULL AUTO_INCREMENT,
  `product_id` int unsigned DEFAULT NULL,
  `created_at` timestamp NULL DEFAULT NULL,
  `updated_at` timestamp NULL DEFAULT NULL,
  PRIMARY KEY (`id`),
  KEY `product_sizes_product_id_foreign` (`product_id`)
) ENGINE=InnoDB DEFAULT CHARSET=utf8mb4 COLLATE=utf8mb4_unicode_ci;

--
-- Dumping data for table `product_sizes`
--


--
-- Table structure for table `product_translations`
--

CREATE TABLE `product_translations` (
  `id` int unsigned NOT NULL AUTO_INCREMENT,
  `product_id` int unsigned NOT NULL,
  `name` varchar(191) CHARACTER SET utf8mb4 COLLATE utf8mb4_unicode_ci DEFAULT NULL,
  `content` text CHARACTER SET utf8mb4 COLLATE utf8mb4_unicode_ci,
  `meta_keywords` varchar(191) CHARACTER SET utf8mb4 COLLATE utf8mb4_unicode_ci DEFAULT NULL,
  `meta_description` text CHARACTER SET utf8mb4 COLLATE utf8mb4_unicode_ci,
  `locale` varchar(191) CHARACTER SET utf8mb4 COLLATE utf8mb4_unicode_ci NOT NULL,
  PRIMARY KEY (`id`),
  UNIQUE KEY `product_translations_product_id_locale_unique` (`product_id`,`locale`),
  KEY `product_translations_locale_index` (`locale`)
) ENGINE=InnoDB AUTO_INCREMENT=73 DEFAULT CHARSET=utf8mb4 COLLATE=utf8mb4_unicode_ci;

--
-- Dumping data for table `product_translations`
--

INSERT INTO `product_translations` (`id`, `product_id`, `name`, `content`, `meta_keywords`, `meta_description`, `locale`) VALUES (1,1,'الريتينول','هو مادة مشتقة من<a href=\"https://www.sayidaty.net/category/main/%D8%AC%D9%85%D8%A7%D9%84/%D8%B9%D9%86%D8%A7%D9%8A%D8%A9-%D8%A8%D8%A7%D9%84%D8%A8%D8%B4%D8%B1%D8%A9\" target=\"_blank\">&nbsp;الفيتامين أ</a>، العنصر الذي يوصي به أطباء الجلد لتجنب إصابة البشرة ب<a href=\"https://www.sayidaty.net/category/main/%D8%AC%D9%85%D8%A7%D9%84/%D8%B9%D9%86%D8%A7%D9%8A%D8%A9-%D8%A8%D8%A7%D9%84%D8%A8%D8%B4%D8%B1%D8%A9\" target=\"_blank\">الشيخوخة المبكرة</a>، فهو يعمل على تحفيز مادتي&nbsp;<a href=\"https://www.sayidaty.net/category/main/%D8%AC%D9%85%D8%A7%D9%84/%D8%B9%D9%86%D8%A7%D9%8A%D8%A9-%D8%A8%D8%A7%D9%84%D8%A8%D8%B4%D8%B1%D8%A9\" target=\"_blank\">الكولاجين</a>&nbsp;و<a href=\"https://www.sayidaty.net/category/main/%D8%AC%D9%85%D8%A7%D9%84/%D8%B9%D9%86%D8%A7%D9%8A%D8%A9-%D8%A8%D8%A7%D9%84%D8%A8%D8%B4%D8%B1%D8%A9\" target=\"_blank\">الإيلاستين</a>&nbsp;في البشرة، المسؤولتين عن<a href=\"https://www.sayidaty.net/category/main/%D8%AC%D9%85%D8%A7%D9%84/%D8%B9%D9%86%D8%A7%D9%8A%D8%A9-%D8%A8%D8%A7%D9%84%D8%A8%D8%B4%D8%B1%D8%A9\" target=\"_blank\">&nbsp;شباب البشرة&nbsp;</a>ومنع إصابته ب<a href=\"https://www.sayidaty.net/category/main/%D8%AC%D9%85%D8%A7%D9%84/%D8%B9%D9%86%D8%A7%D9%8A%D8%A9-%D8%A8%D8%A7%D9%84%D8%A8%D8%B4%D8%B1%D8%A9\" target=\"_blank\">التجاعيد</a>&nbsp;و<a href=\"https://www.sayidaty.net/category/main/%D8%AC%D9%85%D8%A7%D9%84/%D8%B9%D9%86%D8%A7%D9%8A%D8%A9-%D8%A8%D8%A7%D9%84%D8%A8%D8%B4%D8%B1%D8%A9\" target=\"_blank\">الخطوط الدقيقة</a>.',NULL,NULL,'ar'),(2,1,'الريتينول','هو مادة مشتقة من<a href=\"https://www.sayidaty.net/category/main/%D8%AC%D9%85%D8%A7%D9%84/%D8%B9%D9%86%D8%A7%D9%8A%D8%A9-%D8%A8%D8%A7%D9%84%D8%A8%D8%B4%D8%B1%D8%A9\" target=\"_blank\">&nbsp;الفيتامين أ</a>، العنصر الذي يوصي به أطباء الجلد لتجنب إصابة البشرة ب<a href=\"https://www.sayidaty.net/category/main/%D8%AC%D9%85%D8%A7%D9%84/%D8%B9%D9%86%D8%A7%D9%8A%D8%A9-%D8%A8%D8%A7%D9%84%D8%A8%D8%B4%D8%B1%D8%A9\" target=\"_blank\">الشيخوخة المبكرة</a>، فهو يعمل على تحفيز مادتي&nbsp;<a href=\"https://www.sayidaty.net/category/main/%D8%AC%D9%85%D8%A7%D9%84/%D8%B9%D9%86%D8%A7%D9%8A%D8%A9-%D8%A8%D8%A7%D9%84%D8%A8%D8%B4%D8%B1%D8%A9\" target=\"_blank\">الكولاجين</a>&nbsp;و<a href=\"https://www.sayidaty.net/category/main/%D8%AC%D9%85%D8%A7%D9%84/%D8%B9%D9%86%D8%A7%D9%8A%D8%A9-%D8%A8%D8%A7%D9%84%D8%A8%D8%B4%D8%B1%D8%A9\" target=\"_blank\">الإيلاستين</a>&nbsp;في البشرة، المسؤولتين عن<a href=\"https://www.sayidaty.net/category/main/%D8%AC%D9%85%D8%A7%D9%84/%D8%B9%D9%86%D8%A7%D9%8A%D8%A9-%D8%A8%D8%A7%D9%84%D8%A8%D8%B4%D8%B1%D8%A9\" target=\"_blank\">&nbsp;شباب البشرة&nbsp;</a>ومنع إصابته ب<a href=\"https://www.sayidaty.net/category/main/%D8%AC%D9%85%D8%A7%D9%84/%D8%B9%D9%86%D8%A7%D9%8A%D8%A9-%D8%A8%D8%A7%D9%84%D8%A8%D8%B4%D8%B1%D8%A9\" target=\"_blank\">التجاعيد</a>&nbsp;و<a href=\"https://www.sayidaty.net/category/main/%D8%AC%D9%85%D8%A7%D9%84/%D8%B9%D9%86%D8%A7%D9%8A%D8%A9-%D8%A8%D8%A7%D9%84%D8%A8%D8%B4%D8%B1%D8%A9\" target=\"_blank\">الخطوط الدقيقة</a>.',NULL,NULL,'en'),(3,2,'اركض يا روز اركض','<pre data-placeholder=\"الترجمة\" dir=\"rtl\" id=\"tw-target-text\">\r\nمن أكثر النجوم المحبوبة في أمريكا وأعظم حكواتها - فيلم إثارة عن مغني وكاتب أغاني شاب في صعود وهروب ، ومصمم على فعل كل ما يلزم للبقاء على قيد الحياة. كل أغنية تحكي قصة. إنها نجمة في صعود ، تغني عن الحياة الصعبة وراءها</pre>',NULL,NULL,'ar'),(4,2,'Run, Rose, Run','From America&#39;s most beloved superstar and its greatest storyteller&mdash;<b>a thriller about a young singer-songwriter on the rise and on the run, and determined to do whatever it takes to survive</b>. Every song tells a story. She&#39;s a star on the rise, singing about the hard life behind&nbsp;',NULL,NULL,'en'),(5,7,'السيارات','dddddddddddddddddddddddddddddddddddddddddddddddddddddddddddddddddddddddddddddddd',NULL,NULL,'ar'),(6,7,'cars','dddddddddddddddddddddddddddddddddddddddddddddddddddddddddddddddddddddddddddddddd',NULL,NULL,'en'),(7,8,'test product','test product&nbsp;test product',NULL,NULL,'ar'),(8,8,'test product','test product&nbsp;test product&nbsp;test product',NULL,NULL,'en'),(9,10,'منتج جديد انور','منتج جديد انور&nbsp;',NULL,NULL,'ar'),(10,10,'منتج جديد انور','منتج جديد انور&nbsp;',NULL,NULL,'en'),(11,12,'السيارات','السياراتالسياراتالسياراتالسياراتالسياراتالسياراتالسيارات',NULL,NULL,'ar'),(12,12,'السيارات','السياراتالسياراتالسياراتالسيارات',NULL,NULL,'en'),(13,19,'منتج ١',NULL,NULL,NULL,'ar'),(14,19,'منتج ١','منتج ١',NULL,NULL,'en'),(15,18,'منتج 2','منتج 2',NULL,NULL,'ar'),(16,18,'منتج 2','منتج 2',NULL,NULL,'en'),(17,17,'منتج 3','منتج 3',NULL,NULL,'ar'),(18,17,'منتج 3','منتج 3',NULL,NULL,'en'),(19,16,'منتج 4','منتج 4',NULL,NULL,'ar'),(20,16,'منتج 4','منتج 4',NULL,NULL,'en'),(21,15,'منتج 5','منتج 5',NULL,NULL,'ar'),(22,15,'منتج 5','منتج 5',NULL,NULL,'en'),(23,20,'أكريليك','منتجات اكريلك مونت مارت المميزة',NULL,NULL,'ar'),(24,20,'acrylic','shainy an smarter acrelick',NULL,NULL,'en'),(25,22,'اي كتب',NULL,NULL,NULL,'ar'),(26,22,'e book',NULL,NULL,NULL,'en'),(27,23,'اكريلك',NULL,NULL,NULL,'ar'),(28,23,'acrylic',NULL,NULL,NULL,'en'),(29,24,'قرطاسية','منتج مميز',NULL,NULL,'ar'),(30,24,'stationary','smarter than&nbsp;',NULL,NULL,'en'),(31,26,'اكريليك',NULL,NULL,NULL,'ar'),(32,26,'acrylic',NULL,NULL,NULL,'en'),(33,27,'كانفاس',NULL,NULL,NULL,'ar'),(34,27,'canvas',NULL,NULL,NULL,'en'),(35,28,'ما وراء الطبيعة','<p>للكاتب المخضرم أحد خالد توفيق&nbsp;</p>\r\n\r\n<p>جعل الشباب يقرأون</p>',NULL,NULL,'ar'),(36,28,'ما وراء الطبيعة',NULL,NULL,NULL,'en'),(37,29,'ماريبول',NULL,NULL,NULL,'ar'),(38,29,'marital',NULL,NULL,NULL,'en'),(39,30,'منتج جديد','منتج جديد',NULL,NULL,'ar'),(40,30,'منتج جديد','منتج جديد',NULL,NULL,'en'),(41,31,'كاترين','منتج مميز لا يطوفك العرض الشامل علي جميع منتجاتنا&nbsp;',NULL,NULL,'ar'),(42,31,'cat rig','some thing is amazing of ink',NULL,NULL,'en'),(43,33,'شنط أطفال - البطريق الأزرق','<p>شنطة اطفال خفيفة مناسبة للأطفال حتى عمر 6 سنين بتصميم عصري جذاب شنطة اطفال خفيفة مناسبة للأطفال حتى عمر 6 سنين بتصميم عصري جذاب</p>\r\n\r\n<p>&nbsp;</p>',NULL,NULL,'ar'),(44,33,'شنط أطفال - البطريق الأزرق','شنطة اطفال خفيفة مناسبة للأطفال حتى عمر 6 سنين بتصميم عصري جذاب شنطة اطفال خفيفة مناسبة للأطفال حتى عمر 6 سنين بتصميم عصري جذاب',NULL,NULL,'en'),(45,34,'شنط أطفال - Beetle','<p>شنطة اطفال خفيفة مناسبة للأطفال حتى عمر 6 سنين بتصميم عصري جذاب&nbsp; شنطة اطفال خفيفة مناسبة للأطفال حتى عمر 6 سنين بتصميم عصري جذاب</p>\r\n\r\n<p>&nbsp;</p>',NULL,NULL,'ar'),(46,34,'شنط أطفال - Beetle','شنطة اطفال خفيفة مناسبة للأطفال حتى عمر 6 سنين بتصميم عصري جذاب&nbsp; شنطة اطفال خفيفة مناسبة للأطفال حتى عمر 6 سنين بتصميم عصري جذاب',NULL,NULL,'en'),(47,37,'شنط أطفال - الفراولة','<p>شنطة اطفال خفيفة مناسبة للأطفال حتى عمر 6 سنين بتصميم عصري جذاب&nbsp; شنطة اطفال خفيفة مناسبة للأطفال حتى عمر 6 سنين بتصميم عصري جذاب</p>\r\n\r\n<p>&nbsp;</p>',NULL,NULL,'ar'),(48,37,'شنط أطفال - الفراولة','شنطة اطفال خفيفة مناسبة للأطفال حتى عمر 6 سنين بتصميم عصري جذاب&nbsp; شنطة اطفال خفيفة مناسبة للأطفال حتى عمر 6 سنين بتصميم عصري جذاب',NULL,NULL,'en'),(49,35,'شنط أطفال - Batman',NULL,NULL,NULL,'ar'),(50,35,'شنط أطفال - Batman','<p>شنطة اطفال خفيفة مناسبة للأطفال حتى عمر 6 سنين بتصميم عصري جذاب</p>',NULL,NULL,'en'),(51,39,'العيد للأطفال - ب إسم','أرواب اطفال - مطرز عليها إسم الطفل بشكل جميل وجذاب',NULL,NULL,'ar'),(52,39,'العيد للأطفال - ب إسم','أرواب اطفال - مطرز عليها إسم الطفل بشكل جميل وجذاب',NULL,NULL,'en'),(53,38,'تيشيرت بالعرب أحلى','<h1>تيشيرت بالعرب أحلى</h1>',NULL,NULL,'ar'),(54,38,'تيشيرت بالعرب أحلى','<h1>تيشيرت بالعرب أحلى</h1>\r\n\r\n<p>&nbsp;</p>',NULL,NULL,'en'),(55,40,'طقم تيشيرت طباعة وتنورة','<h1>طقم تيشيرت طباعة وتنورة</h1>\r\n\r\n<p>&nbsp;</p>',NULL,NULL,'ar'),(56,40,'طقم تيشيرت طباعة وتنورة','طقم تيشيرت طباعة وتنورة',NULL,NULL,'en'),(57,41,'طقم تيشيرت طباعة وتنورة','<h1>طقم تيشيرت طباعة وتنورة &nbsp;طقم تيشيرت طباعة وتنورة</h1>\r\n<textarea id=\"BFI_DATA\" style=\"width: 1px; height: 1px; display: none;\"></textarea>\r\n<title></title>\r\n<div class=\"LTRStyle\" id=\"WidgetFloaterPanels\" style=\"display: none; text-align: left; direction: ltr; visibility: hidden;\" translate=\"no\">\r\n<div id=\"WidgetFloater\" onmouseout=\"Microsoft.Translator.OnMouseOutFloater()\" onmouseover=\"Microsoft.Translator.OnMouseOverFloater()\" style=\"display: none\">\r\n<div id=\"WidgetLogoPanel\"><span id=\"WidgetTranslateWithSpan\"><span>TRANSLATE with </span><img id=\"FloaterLogo\" /></span> <span id=\"WidgetCloseButton\" onclick=\"Microsoft.Translator.FloaterOnClose()\" title=\"Exit Translation\">x</span></div>\r\n\r\n<div id=\"LanguageMenuPanel\">\r\n<div class=\"DDStyle_outer\"><input autocomplete=\"on\" id=\"LanguageMenu_svid\" name=\"LanguageMenu_svid\" onclick=\"this.select()\" style=\"display:none;\" type=\"text\" value=\"en\" /> <input autocomplete=\"on\" id=\"LanguageMenu_textid\" name=\"LanguageMenu_textid\" onclick=\"this.select()\" style=\"display:none;\" type=\"text\" /> <span class=\"DDStyle\" id=\"__LanguageMenu_header\" onclick=\"return LanguageMenu &amp;&amp; !LanguageMenu.Show(\'__LanguageMenu_popup\', event);\" onkeydown=\"return LanguageMenu &amp;&amp; !LanguageMenu.Show(\'__LanguageMenu_popup\', event);\" onselectstart=\"return false\" tabindex=\"0\">English</span>\r\n\r\n<div style=\"position:relative;text-align:left;left:0;\">\r\n<div style=\"position:absolute;width:;left:0px;\">\r\n<div class=\"DDStyle\" id=\"__LanguageMenu_popup\" style=\"display:none;\">\r\n<table border=\"0\" id=\"LanguageMenu\">\r\n	<tbody>\r\n		<tr>\r\n			<td><a href=\"#ar\" onclick=\"return LanguageMenu.onclick(\'ar\');\" ondragstart=\"LanguageMenu.ondragstart(event);\" tabindex=\"-1\">Arabic</a></td>\r\n			<td><a href=\"#he\" onclick=\"return LanguageMenu.onclick(\'he\');\" ondragstart=\"LanguageMenu.ondragstart(event);\" tabindex=\"-1\">Hebrew</a></td>\r\n			<td><a href=\"#pl\" onclick=\"return LanguageMenu.onclick(\'pl\');\" ondragstart=\"LanguageMenu.ondragstart(event);\" tabindex=\"-1\">Polish</a></td>\r\n		</tr>\r\n		<tr>\r\n			<td><a href=\"#bg\" onclick=\"return LanguageMenu.onclick(\'bg\');\" ondragstart=\"LanguageMenu.ondragstart(event);\" tabindex=\"-1\">Bulgarian</a></td>\r\n			<td><a href=\"#hi\" onclick=\"return LanguageMenu.onclick(\'hi\');\" ondragstart=\"LanguageMenu.ondragstart(event);\" tabindex=\"-1\">Hindi</a></td>\r\n			<td><a href=\"#pt\" onclick=\"return LanguageMenu.onclick(\'pt\');\" ondragstart=\"LanguageMenu.ondragstart(event);\" tabindex=\"-1\">Portuguese</a></td>\r\n		</tr>\r\n		<tr>\r\n			<td><a href=\"#ca\" onclick=\"return LanguageMenu.onclick(\'ca\');\" ondragstart=\"LanguageMenu.ondragstart(event);\" tabindex=\"-1\">Catalan</a></td>\r\n			<td><a href=\"#mww\" onclick=\"return LanguageMenu.onclick(\'mww\');\" ondragstart=\"LanguageMenu.ondragstart(event);\" tabindex=\"-1\">Hmong Daw</a></td>\r\n			<td><a href=\"#ro\" onclick=\"return LanguageMenu.onclick(\'ro\');\" ondragstart=\"LanguageMenu.ondragstart(event);\" tabindex=\"-1\">Romanian</a></td>\r\n		</tr>\r\n		<tr>\r\n			<td><a href=\"#zh-CHS\" onclick=\"return LanguageMenu.onclick(\'zh-CHS\');\" ondragstart=\"LanguageMenu.ondragstart(event);\" tabindex=\"-1\">Chinese Simplified</a></td>\r\n			<td><a href=\"#hu\" onclick=\"return LanguageMenu.onclick(\'hu\');\" ondragstart=\"LanguageMenu.ondragstart(event);\" tabindex=\"-1\">Hungarian</a></td>\r\n			<td><a href=\"#ru\" onclick=\"return LanguageMenu.onclick(\'ru\');\" ondragstart=\"LanguageMenu.ondragstart(event);\" tabindex=\"-1\">Russian</a></td>\r\n		</tr>\r\n		<tr>\r\n			<td><a href=\"#zh-CHT\" onclick=\"return LanguageMenu.onclick(\'zh-CHT\');\" ondragstart=\"LanguageMenu.ondragstart(event);\" tabindex=\"-1\">Chinese Traditional</a></td>\r\n			<td><a href=\"#id\" onclick=\"return LanguageMenu.onclick(\'id\');\" ondragstart=\"LanguageMenu.ondragstart(event);\" tabindex=\"-1\">Indonesian</a></td>\r\n			<td><a href=\"#sk\" onclick=\"return LanguageMenu.onclick(\'sk\');\" ondragstart=\"LanguageMenu.ondragstart(event);\" tabindex=\"-1\">Slovak</a></td>\r\n		</tr>\r\n		<tr>\r\n			<td><a href=\"#cs\" onclick=\"return LanguageMenu.onclick(\'cs\');\" ondragstart=\"LanguageMenu.ondragstart(event);\" tabindex=\"-1\">Czech</a></td>\r\n			<td><a href=\"#it\" onclick=\"return LanguageMenu.onclick(\'it\');\" ondragstart=\"LanguageMenu.ondragstart(event);\" tabindex=\"-1\">Italian</a></td>\r\n			<td><a href=\"#sl\" onclick=\"return LanguageMenu.onclick(\'sl\');\" ondragstart=\"LanguageMenu.ondragstart(event);\" tabindex=\"-1\">Slovenian</a></td>\r\n		</tr>\r\n		<tr>\r\n			<td><a href=\"#da\" onclick=\"return LanguageMenu.onclick(\'da\');\" ondragstart=\"LanguageMenu.ondragstart(event);\" tabindex=\"-1\">Danish</a></td>\r\n			<td><a href=\"#ja\" onclick=\"return LanguageMenu.onclick(\'ja\');\" ondragstart=\"LanguageMenu.ondragstart(event);\" tabindex=\"-1\">Japanese</a></td>\r\n			<td><a href=\"#es\" onclick=\"return LanguageMenu.onclick(\'es\');\" ondragstart=\"LanguageMenu.ondragstart(event);\" tabindex=\"-1\">Spanish</a></td>\r\n		</tr>\r\n		<tr>\r\n			<td><a href=\"#nl\" onclick=\"return LanguageMenu.onclick(\'nl\');\" ondragstart=\"LanguageMenu.ondragstart(event);\" tabindex=\"-1\">Dutch</a></td>\r\n			<td><a href=\"#tlh\" onclick=\"return LanguageMenu.onclick(\'tlh\');\" ondragstart=\"LanguageMenu.ondragstart(event);\" tabindex=\"-1\">Klingon</a></td>\r\n			<td><a href=\"#sv\" onclick=\"return LanguageMenu.onclick(\'sv\');\" ondragstart=\"LanguageMenu.ondragstart(event);\" tabindex=\"-1\">Swedish</a></td>\r\n		</tr>\r\n		<tr>\r\n			<td><a href=\"#en\" onclick=\"return LanguageMenu.onclick(\'en\');\" ondragstart=\"LanguageMenu.ondragstart(event);\" tabindex=\"-1\">English</a></td>\r\n			<td><a href=\"#ko\" onclick=\"return LanguageMenu.onclick(\'ko\');\" ondragstart=\"LanguageMenu.ondragstart(event);\" tabindex=\"-1\">Korean</a></td>\r\n			<td><a href=\"#th\" onclick=\"return LanguageMenu.onclick(\'th\');\" ondragstart=\"LanguageMenu.ondragstart(event);\" tabindex=\"-1\">Thai</a></td>\r\n		</tr>\r\n		<tr>\r\n			<td><a href=\"#et\" onclick=\"return LanguageMenu.onclick(\'et\');\" ondragstart=\"LanguageMenu.ondragstart(event);\" tabindex=\"-1\">Estonian</a></td>\r\n			<td><a href=\"#lv\" onclick=\"return LanguageMenu.onclick(\'lv\');\" ondragstart=\"LanguageMenu.ondragstart(event);\" tabindex=\"-1\">Latvian</a></td>\r\n			<td><a href=\"#tr\" onclick=\"return LanguageMenu.onclick(\'tr\');\" ondragstart=\"LanguageMenu.ondragstart(event);\" tabindex=\"-1\">Turkish</a></td>\r\n		</tr>\r\n		<tr>\r\n			<td><a href=\"#fi\" onclick=\"return LanguageMenu.onclick(\'fi\');\" ondragstart=\"LanguageMenu.ondragstart(event);\" tabindex=\"-1\">Finnish</a></td>\r\n			<td><a href=\"#lt\" onclick=\"return LanguageMenu.onclick(\'lt\');\" ondragstart=\"LanguageMenu.ondragstart(event);\" tabindex=\"-1\">Lithuanian</a></td>\r\n			<td><a href=\"#uk\" onclick=\"return LanguageMenu.onclick(\'uk\');\" ondragstart=\"LanguageMenu.ondragstart(event);\" tabindex=\"-1\">Ukrainian</a></td>\r\n		</tr>\r\n		<tr>\r\n			<td><a href=\"#fr\" onclick=\"return LanguageMenu.onclick(\'fr\');\" ondragstart=\"LanguageMenu.ondragstart(event);\" tabindex=\"-1\">French</a></td>\r\n			<td><a href=\"#ms\" onclick=\"return LanguageMenu.onclick(\'ms\');\" ondragstart=\"LanguageMenu.ondragstart(event);\" tabindex=\"-1\">Malay</a></td>\r\n			<td><a href=\"#ur\" onclick=\"return LanguageMenu.onclick(\'ur\');\" ondragstart=\"LanguageMenu.ondragstart(event);\" tabindex=\"-1\">Urdu</a></td>\r\n		</tr>\r\n		<tr>\r\n			<td><a href=\"#de\" onclick=\"return LanguageMenu.onclick(\'de\');\" ondragstart=\"LanguageMenu.ondragstart(event);\" tabindex=\"-1\">German</a></td>\r\n			<td><a href=\"#mt\" onclick=\"return LanguageMenu.onclick(\'mt\');\" ondragstart=\"LanguageMenu.ondragstart(event);\" tabindex=\"-1\">Maltese</a></td>\r\n			<td><a href=\"#vi\" onclick=\"return LanguageMenu.onclick(\'vi\');\" ondragstart=\"LanguageMenu.ondragstart(event);\" tabindex=\"-1\">Vietnamese</a></td>\r\n		</tr>\r\n		<tr>\r\n			<td><a href=\"#el\" onclick=\"return LanguageMenu.onclick(\'el\');\" ondragstart=\"LanguageMenu.ondragstart(event);\" tabindex=\"-1\">Greek</a></td>\r\n			<td><a href=\"#no\" onclick=\"return LanguageMenu.onclick(\'no\');\" ondragstart=\"LanguageMenu.ondragstart(event);\" tabindex=\"-1\">Norwegian</a></td>\r\n			<td><a href=\"#cy\" onclick=\"return LanguageMenu.onclick(\'cy\');\" ondragstart=\"LanguageMenu.ondragstart(event);\" tabindex=\"-1\">Welsh</a></td>\r\n		</tr>\r\n		<tr>\r\n			<td><a href=\"#ht\" onclick=\"return LanguageMenu.onclick(\'ht\');\" ondragstart=\"LanguageMenu.ondragstart(event);\" tabindex=\"-1\">Haitian Creole</a></td>\r\n			<td><a href=\"#fa\" onclick=\"return LanguageMenu.onclick(\'fa\');\" ondragstart=\"LanguageMenu.ondragstart(event);\" tabindex=\"-1\">Persian</a></td>\r\n			<td>&nbsp;</td>\r\n		</tr>\r\n	</tbody>\r\n</table>\r\n<img alt=\"\" style=\"height:7px;width:17px;border-width:0px;left:20px;\" /></div>\r\n</div>\r\n</div>\r\n</div>\r\n<script type=\"text/javascript\"> var LanguageMenu; var LanguageMenu_keys=[\"ar\",\"bg\",\"ca\",\"zh-CHS\",\"zh-CHT\",\"cs\",\"da\",\"nl\",\"en\",\"et\",\"fi\",\"fr\",\"de\",\"el\",\"ht\",\"he\",\"hi\",\"mww\",\"hu\",\"id\",\"it\",\"ja\",\"tlh\",\"ko\",\"lv\",\"lt\",\"ms\",\"mt\",\"no\",\"fa\",\"pl\",\"pt\",\"ro\",\"ru\",\"sk\",\"sl\",\"es\",\"sv\",\"th\",\"tr\",\"uk\",\"ur\",\"vi\",\"cy\"]; var LanguageMenu_values=[\"Arabic\",\"Bulgarian\",\"Catalan\",\"Chinese Simplified\",\"Chinese Traditional\",\"Czech\",\"Danish\",\"Dutch\",\"English\",\"Estonian\",\"Finnish\",\"French\",\"German\",\"Greek\",\"Haitian Creole\",\"Hebrew\",\"Hindi\",\"Hmong Daw\",\"Hungarian\",\"Indonesian\",\"Italian\",\"Japanese\",\"Klingon\",\"Korean\",\"Latvian\",\"Lithuanian\",\"Malay\",\"Maltese\",\"Norwegian\",\"Persian\",\"Polish\",\"Portuguese\",\"Romanian\",\"Russian\",\"Slovak\",\"Slovenian\",\"Spanish\",\"Swedish\",\"Thai\",\"Turkish\",\"Ukrainian\",\"Urdu\",\"Vietnamese\",\"Welsh\"]; var LanguageMenu_callback=function(){ }; var LanguageMenu_popupid=\'__LanguageMenu_popup\';</script>\r\n</div>\r\n\r\n<div id=\"CTFLinksPanel\"><span id=\"ExternalLinksPanel\"><a href=\"https://go.microsoft.com/?linkid=9722454\" id=\"HelpLink\" target=\"_blank\" title=\"Help\"><img id=\"HelpImg\" /></a> <a href=\"javascript:Microsoft.Translator.FloaterShowEmbed()\" id=\"EmbedLink\" title=\"Get this widget for your own site\"> <img id=\"EmbedImg\" /></a> <a href=\"javascript:Microsoft.Translator.FloaterShowSharePanel()\" id=\"ShareLink\" title=\"Share translated page with friends\"> <img id=\"ShareImg\" /></a> </span></div>\r\n\r\n<div id=\"FloaterProgressBar\">&nbsp;</div>\r\n</div>\r\n\r\n<div id=\"WidgetFloaterCollapsed\" onmouseover=\"Microsoft.Translator.OnMouseOverFloater()\" style=\"display: none\"><span>TRANSLATE with </span><img id=\"CollapsedLogoImg\" /></div>\r\n\r\n<div id=\"FloaterSharePanel\" style=\"display: none\">\r\n<div id=\"ShareTextDiv\"><span id=\"ShareTextSpan\">COPY THE URL BELOW </span></div>\r\n\r\n<div id=\"ShareTextboxDiv\"><input id=\"ShareTextbox\" name=\"ShareTextbox\" onclick=\"this.select()\" readonly=\"readonly\" type=\"text\" /> <!--a id=\"TwitterLink\" title=\"Share on Twitter\"> <img id=\"TwitterImg\" /></a> <a-- id=\"FacebookLink\" title=\"Share on Facebook\"> <img id=\"FacebookImg\" /></a--> <a id=\"EmailLink\" title=\"Email this translation\"> <img id=\"EmailImg\" /></a></div>\r\n\r\n<div id=\"ShareFooter\"><span id=\"ShareHelpSpan\"><a id=\"ShareHelpLink\"> <img id=\"ShareHelpImg\" /></a></span> <span id=\"ShareBackSpan\"><a href=\"javascript:Microsoft.Translator.FloaterOnShareBackClick()\" id=\"ShareBack\" title=\"Back To Translation\"> Back</a></span></div>\r\n<input id=\"EmailSubject\" name=\"EmailSubject\" type=\"hidden\" value=\"Check out this page in {0} translated from {1}\" /> <input id=\"EmailBody\" name=\"EmailBody\" type=\"hidden\" value=\"Translated: {0}%0d%0aOriginal: {1}%0d%0a%0d%0aAutomatic translation powered by Microsoft® Translator%0d%0ahttp://www.bing.com/translator?ref=MSTWidget\" /> <input id=\"ShareHelpText\" type=\"hidden\" value=\"This link allows visitors to launch this page and automatically translate it to {0}.\" /></div>\r\n\r\n<div id=\"FloaterEmbed\" style=\"display: none\">\r\n<div id=\"EmbedTextDiv\"><span id=\"EmbedTextSpan\">EMBED THE SNIPPET BELOW IN YOUR SITE</span> <a id=\"EmbedHelpLink\" title=\"Copy this code and place it into your HTML.\"> <img id=\"EmbedHelpImg\" /></a></div>\r\n\r\n<div id=\"EmbedTextboxDiv\"><input id=\"EmbedSnippetTextBox\" name=\"EmbedSnippetTextBox\" onclick=\"this.select()\" readonly=\"readonly\" type=\"text\" value=\"&lt;div id=\'MicrosoftTranslatorWidget\' class=\'Dark\' style=\'color:white;background-color:#555555\'&gt;&lt;/div&gt;&lt;script type=\'text/javascript\'&gt;setTimeout(function(){var s=document.createElement(\'script\');s.type=\'text/javascript\';s.charset=\'UTF-8\';s.src=((location &amp;&amp; location.href &amp;&amp; location.href.indexOf(\'https\') == 0)?\'https://ssl.microsofttranslator.com\':\'http://www.microsofttranslator.com\')+\'/ajax/v3/WidgetV3.ashx?siteData=ueOIGRSKkd965FeEGM5JtQ**&amp;ctf=true&amp;ui=true&amp;settings=manual&amp;from=en\';var p=document.getElementsByTagName(\'head\')[0]||document.documentElement;p.insertBefore(s,p.firstChild); },0);&lt;/script&gt;\" /></div>\r\n\r\n<div id=\"EmbedNoticeDiv\"><span id=\"EmbedNoticeSpan\">Enable collaborative features and customize widget: <a href=\"http://www.bing.com/widget/translator\" target=\"_blank\">Bing Webmaster Portal</a></span></div>\r\n\r\n<div id=\"EmbedFooterDiv\"><span id=\"EmbedBackSpan\"><a href=\"javascript:Microsoft.Translator.FloaterOnEmbedBackClick()\" title=\"Back To Translation\">Back</a></span></div>\r\n</div>\r\n<script type=\"text/javascript\"> var intervalId = setInterval(function () { if (MtPopUpList) { LanguageMenu = new MtPopUpList(); var langMenu = document.getElementById(LanguageMenu_popupid); var origLangDiv = document.createElement(\"div\"); origLangDiv.id = \"OriginalLanguageDiv\"; origLangDiv.innerHTML = \"<span id=\'OriginalTextSpan\'>ORIGINAL: </span><span id=\'OriginalLanguageSpan\'></span>\"; langMenu.appendChild(origLangDiv); LanguageMenu.Init(\'LanguageMenu\', LanguageMenu_keys, LanguageMenu_values, LanguageMenu_callback, LanguageMenu_popupid); window[\"LanguageMenu\"] = LanguageMenu; clearInterval(intervalId); } }, 1);</script>\r\n</div>',NULL,NULL,'ar'),(58,41,'طقم تيشيرت طباعة وتنورة','طقم تيشيرت طباعة وتنورة &nbsp;طقم تيشيرت طباعة وتنورة<textarea id=\"BFI_DATA\" style=\"width: 1px; height: 1px; display: none;\"></textarea>\r\n<title></title>\r\n<div class=\"LTRStyle\" id=\"WidgetFloaterPanels\" style=\"display: none; text-align: left; direction: ltr; visibility: hidden;\" translate=\"no\">\r\n<div id=\"WidgetFloater\" onmouseout=\"Microsoft.Translator.OnMouseOutFloater()\" onmouseover=\"Microsoft.Translator.OnMouseOverFloater()\" style=\"display: none\">\r\n<div id=\"WidgetLogoPanel\"><span id=\"WidgetTranslateWithSpan\"><span>TRANSLATE with </span><img id=\"FloaterLogo\" /></span> <span id=\"WidgetCloseButton\" onclick=\"Microsoft.Translator.FloaterOnClose()\" title=\"Exit Translation\">x</span></div>\r\n\r\n<div id=\"LanguageMenuPanel\">\r\n<div class=\"DDStyle_outer\"><input autocomplete=\"on\" id=\"LanguageMenu_svid\" name=\"LanguageMenu_svid\" onclick=\"this.select()\" style=\"display:none;\" type=\"text\" value=\"en\" /> <input autocomplete=\"on\" id=\"LanguageMenu_textid\" name=\"LanguageMenu_textid\" onclick=\"this.select()\" style=\"display:none;\" type=\"text\" /> <span class=\"DDStyle\" id=\"__LanguageMenu_header\" onclick=\"return LanguageMenu &amp;&amp; !LanguageMenu.Show(\'__LanguageMenu_popup\', event);\" onkeydown=\"return LanguageMenu &amp;&amp; !LanguageMenu.Show(\'__LanguageMenu_popup\', event);\" onselectstart=\"return false\" tabindex=\"0\">English</span>\r\n\r\n<div style=\"position:relative;text-align:left;left:0;\">\r\n<div style=\"position:absolute;width:;left:0px;\">\r\n<div class=\"DDStyle\" id=\"__LanguageMenu_popup\" style=\"display:none;\">\r\n<table border=\"0\" id=\"LanguageMenu\">\r\n	<tbody>\r\n		<tr>\r\n			<td><a href=\"#ar\" onclick=\"return LanguageMenu.onclick(\'ar\');\" ondragstart=\"LanguageMenu.ondragstart(event);\" tabindex=\"-1\">Arabic</a></td>\r\n			<td><a href=\"#he\" onclick=\"return LanguageMenu.onclick(\'he\');\" ondragstart=\"LanguageMenu.ondragstart(event);\" tabindex=\"-1\">Hebrew</a></td>\r\n			<td><a href=\"#pl\" onclick=\"return LanguageMenu.onclick(\'pl\');\" ondragstart=\"LanguageMenu.ondragstart(event);\" tabindex=\"-1\">Polish</a></td>\r\n		</tr>\r\n		<tr>\r\n			<td><a href=\"#bg\" onclick=\"return LanguageMenu.onclick(\'bg\');\" ondragstart=\"LanguageMenu.ondragstart(event);\" tabindex=\"-1\">Bulgarian</a></td>\r\n			<td><a href=\"#hi\" onclick=\"return LanguageMenu.onclick(\'hi\');\" ondragstart=\"LanguageMenu.ondragstart(event);\" tabindex=\"-1\">Hindi</a></td>\r\n			<td><a href=\"#pt\" onclick=\"return LanguageMenu.onclick(\'pt\');\" ondragstart=\"LanguageMenu.ondragstart(event);\" tabindex=\"-1\">Portuguese</a></td>\r\n		</tr>\r\n		<tr>\r\n			<td><a href=\"#ca\" onclick=\"return LanguageMenu.onclick(\'ca\');\" ondragstart=\"LanguageMenu.ondragstart(event);\" tabindex=\"-1\">Catalan</a></td>\r\n			<td><a href=\"#mww\" onclick=\"return LanguageMenu.onclick(\'mww\');\" ondragstart=\"LanguageMenu.ondragstart(event);\" tabindex=\"-1\">Hmong Daw</a></td>\r\n			<td><a href=\"#ro\" onclick=\"return LanguageMenu.onclick(\'ro\');\" ondragstart=\"LanguageMenu.ondragstart(event);\" tabindex=\"-1\">Romanian</a></td>\r\n		</tr>\r\n		<tr>\r\n			<td><a href=\"#zh-CHS\" onclick=\"return LanguageMenu.onclick(\'zh-CHS\');\" ondragstart=\"LanguageMenu.ondragstart(event);\" tabindex=\"-1\">Chinese Simplified</a></td>\r\n			<td><a href=\"#hu\" onclick=\"return LanguageMenu.onclick(\'hu\');\" ondragstart=\"LanguageMenu.ondragstart(event);\" tabindex=\"-1\">Hungarian</a></td>\r\n			<td><a href=\"#ru\" onclick=\"return LanguageMenu.onclick(\'ru\');\" ondragstart=\"LanguageMenu.ondragstart(event);\" tabindex=\"-1\">Russian</a></td>\r\n		</tr>\r\n		<tr>\r\n			<td><a href=\"#zh-CHT\" onclick=\"return LanguageMenu.onclick(\'zh-CHT\');\" ondragstart=\"LanguageMenu.ondragstart(event);\" tabindex=\"-1\">Chinese Traditional</a></td>\r\n			<td><a href=\"#id\" onclick=\"return LanguageMenu.onclick(\'id\');\" ondragstart=\"LanguageMenu.ondragstart(event);\" tabindex=\"-1\">Indonesian</a></td>\r\n			<td><a href=\"#sk\" onclick=\"return LanguageMenu.onclick(\'sk\');\" ondragstart=\"LanguageMenu.ondragstart(event);\" tabindex=\"-1\">Slovak</a></td>\r\n		</tr>\r\n		<tr>\r\n			<td><a href=\"#cs\" onclick=\"return LanguageMenu.onclick(\'cs\');\" ondragstart=\"LanguageMenu.ondragstart(event);\" tabindex=\"-1\">Czech</a></td>\r\n			<td><a href=\"#it\" onclick=\"return LanguageMenu.onclick(\'it\');\" ondragstart=\"LanguageMenu.ondragstart(event);\" tabindex=\"-1\">Italian</a></td>\r\n			<td><a href=\"#sl\" onclick=\"return LanguageMenu.onclick(\'sl\');\" ondragstart=\"LanguageMenu.ondragstart(event);\" tabindex=\"-1\">Slovenian</a></td>\r\n		</tr>\r\n		<tr>\r\n			<td><a href=\"#da\" onclick=\"return LanguageMenu.onclick(\'da\');\" ondragstart=\"LanguageMenu.ondragstart(event);\" tabindex=\"-1\">Danish</a></td>\r\n			<td><a href=\"#ja\" onclick=\"return LanguageMenu.onclick(\'ja\');\" ondragstart=\"LanguageMenu.ondragstart(event);\" tabindex=\"-1\">Japanese</a></td>\r\n			<td><a href=\"#es\" onclick=\"return LanguageMenu.onclick(\'es\');\" ondragstart=\"LanguageMenu.ondragstart(event);\" tabindex=\"-1\">Spanish</a></td>\r\n		</tr>\r\n		<tr>\r\n			<td><a href=\"#nl\" onclick=\"return LanguageMenu.onclick(\'nl\');\" ondragstart=\"LanguageMenu.ondragstart(event);\" tabindex=\"-1\">Dutch</a></td>\r\n			<td><a href=\"#tlh\" onclick=\"return LanguageMenu.onclick(\'tlh\');\" ondragstart=\"LanguageMenu.ondragstart(event);\" tabindex=\"-1\">Klingon</a></td>\r\n			<td><a href=\"#sv\" onclick=\"return LanguageMenu.onclick(\'sv\');\" ondragstart=\"LanguageMenu.ondragstart(event);\" tabindex=\"-1\">Swedish</a></td>\r\n		</tr>\r\n		<tr>\r\n			<td><a href=\"#en\" onclick=\"return LanguageMenu.onclick(\'en\');\" ondragstart=\"LanguageMenu.ondragstart(event);\" tabindex=\"-1\">English</a></td>\r\n			<td><a href=\"#ko\" onclick=\"return LanguageMenu.onclick(\'ko\');\" ondragstart=\"LanguageMenu.ondragstart(event);\" tabindex=\"-1\">Korean</a></td>\r\n			<td><a href=\"#th\" onclick=\"return LanguageMenu.onclick(\'th\');\" ondragstart=\"LanguageMenu.ondragstart(event);\" tabindex=\"-1\">Thai</a></td>\r\n		</tr>\r\n		<tr>\r\n			<td><a href=\"#et\" onclick=\"return LanguageMenu.onclick(\'et\');\" ondragstart=\"LanguageMenu.ondragstart(event);\" tabindex=\"-1\">Estonian</a></td>\r\n			<td><a href=\"#lv\" onclick=\"return LanguageMenu.onclick(\'lv\');\" ondragstart=\"LanguageMenu.ondragstart(event);\" tabindex=\"-1\">Latvian</a></td>\r\n			<td><a href=\"#tr\" onclick=\"return LanguageMenu.onclick(\'tr\');\" ondragstart=\"LanguageMenu.ondragstart(event);\" tabindex=\"-1\">Turkish</a></td>\r\n		</tr>\r\n		<tr>\r\n			<td><a href=\"#fi\" onclick=\"return LanguageMenu.onclick(\'fi\');\" ondragstart=\"LanguageMenu.ondragstart(event);\" tabindex=\"-1\">Finnish</a></td>\r\n			<td><a href=\"#lt\" onclick=\"return LanguageMenu.onclick(\'lt\');\" ondragstart=\"LanguageMenu.ondragstart(event);\" tabindex=\"-1\">Lithuanian</a></td>\r\n			<td><a href=\"#uk\" onclick=\"return LanguageMenu.onclick(\'uk\');\" ondragstart=\"LanguageMenu.ondragstart(event);\" tabindex=\"-1\">Ukrainian</a></td>\r\n		</tr>\r\n		<tr>\r\n			<td><a href=\"#fr\" onclick=\"return LanguageMenu.onclick(\'fr\');\" ondragstart=\"LanguageMenu.ondragstart(event);\" tabindex=\"-1\">French</a></td>\r\n			<td><a href=\"#ms\" onclick=\"return LanguageMenu.onclick(\'ms\');\" ondragstart=\"LanguageMenu.ondragstart(event);\" tabindex=\"-1\">Malay</a></td>\r\n			<td><a href=\"#ur\" onclick=\"return LanguageMenu.onclick(\'ur\');\" ondragstart=\"LanguageMenu.ondragstart(event);\" tabindex=\"-1\">Urdu</a></td>\r\n		</tr>\r\n		<tr>\r\n			<td><a href=\"#de\" onclick=\"return LanguageMenu.onclick(\'de\');\" ondragstart=\"LanguageMenu.ondragstart(event);\" tabindex=\"-1\">German</a></td>\r\n			<td><a href=\"#mt\" onclick=\"return LanguageMenu.onclick(\'mt\');\" ondragstart=\"LanguageMenu.ondragstart(event);\" tabindex=\"-1\">Maltese</a></td>\r\n			<td><a href=\"#vi\" onclick=\"return LanguageMenu.onclick(\'vi\');\" ondragstart=\"LanguageMenu.ondragstart(event);\" tabindex=\"-1\">Vietnamese</a></td>\r\n		</tr>\r\n		<tr>\r\n			<td><a href=\"#el\" onclick=\"return LanguageMenu.onclick(\'el\');\" ondragstart=\"LanguageMenu.ondragstart(event);\" tabindex=\"-1\">Greek</a></td>\r\n			<td><a href=\"#no\" onclick=\"return LanguageMenu.onclick(\'no\');\" ondragstart=\"LanguageMenu.ondragstart(event);\" tabindex=\"-1\">Norwegian</a></td>\r\n			<td><a href=\"#cy\" onclick=\"return LanguageMenu.onclick(\'cy\');\" ondragstart=\"LanguageMenu.ondragstart(event);\" tabindex=\"-1\">Welsh</a></td>\r\n		</tr>\r\n		<tr>\r\n			<td><a href=\"#ht\" onclick=\"return LanguageMenu.onclick(\'ht\');\" ondragstart=\"LanguageMenu.ondragstart(event);\" tabindex=\"-1\">Haitian Creole</a></td>\r\n			<td><a href=\"#fa\" onclick=\"return LanguageMenu.onclick(\'fa\');\" ondragstart=\"LanguageMenu.ondragstart(event);\" tabindex=\"-1\">Persian</a></td>\r\n			<td>&nbsp;</td>\r\n		</tr>\r\n	</tbody>\r\n</table>\r\n<img alt=\"\" style=\"height:7px;width:17px;border-width:0px;left:20px;\" /></div>\r\n</div>\r\n</div>\r\n</div>\r\n<script type=\"text/javascript\"> var LanguageMenu; var LanguageMenu_keys=[\"ar\",\"bg\",\"ca\",\"zh-CHS\",\"zh-CHT\",\"cs\",\"da\",\"nl\",\"en\",\"et\",\"fi\",\"fr\",\"de\",\"el\",\"ht\",\"he\",\"hi\",\"mww\",\"hu\",\"id\",\"it\",\"ja\",\"tlh\",\"ko\",\"lv\",\"lt\",\"ms\",\"mt\",\"no\",\"fa\",\"pl\",\"pt\",\"ro\",\"ru\",\"sk\",\"sl\",\"es\",\"sv\",\"th\",\"tr\",\"uk\",\"ur\",\"vi\",\"cy\"]; var LanguageMenu_values=[\"Arabic\",\"Bulgarian\",\"Catalan\",\"Chinese Simplified\",\"Chinese Traditional\",\"Czech\",\"Danish\",\"Dutch\",\"English\",\"Estonian\",\"Finnish\",\"French\",\"German\",\"Greek\",\"Haitian Creole\",\"Hebrew\",\"Hindi\",\"Hmong Daw\",\"Hungarian\",\"Indonesian\",\"Italian\",\"Japanese\",\"Klingon\",\"Korean\",\"Latvian\",\"Lithuanian\",\"Malay\",\"Maltese\",\"Norwegian\",\"Persian\",\"Polish\",\"Portuguese\",\"Romanian\",\"Russian\",\"Slovak\",\"Slovenian\",\"Spanish\",\"Swedish\",\"Thai\",\"Turkish\",\"Ukrainian\",\"Urdu\",\"Vietnamese\",\"Welsh\"]; var LanguageMenu_callback=function(){ }; var LanguageMenu_popupid=\'__LanguageMenu_popup\';</script>\r\n</div>\r\n\r\n<div id=\"CTFLinksPanel\"><span id=\"ExternalLinksPanel\"><a href=\"https://go.microsoft.com/?linkid=9722454\" id=\"HelpLink\" target=\"_blank\" title=\"Help\"><img id=\"HelpImg\" /></a> <a href=\"javascript:Microsoft.Translator.FloaterShowEmbed()\" id=\"EmbedLink\" title=\"Get this widget for your own site\"> <img id=\"EmbedImg\" /></a> <a href=\"javascript:Microsoft.Translator.FloaterShowSharePanel()\" id=\"ShareLink\" title=\"Share translated page with friends\"> <img id=\"ShareImg\" /></a> </span></div>\r\n\r\n<div id=\"FloaterProgressBar\">&nbsp;</div>\r\n</div>\r\n\r\n<div id=\"WidgetFloaterCollapsed\" onmouseover=\"Microsoft.Translator.OnMouseOverFloater()\" style=\"display: none\"><span>TRANSLATE with </span><img id=\"CollapsedLogoImg\" /></div>\r\n\r\n<div id=\"FloaterSharePanel\" style=\"display: none\">\r\n<div id=\"ShareTextDiv\"><span id=\"ShareTextSpan\">COPY THE URL BELOW </span></div>\r\n\r\n<div id=\"ShareTextboxDiv\"><input id=\"ShareTextbox\" name=\"ShareTextbox\" onclick=\"this.select()\" readonly=\"readonly\" type=\"text\" /> <!--a id=\"TwitterLink\" title=\"Share on Twitter\"> <img id=\"TwitterImg\" /></a> <a-- id=\"FacebookLink\" title=\"Share on Facebook\"> <img id=\"FacebookImg\" /></a--> <a id=\"EmailLink\" title=\"Email this translation\"> <img id=\"EmailImg\" /></a></div>\r\n\r\n<div id=\"ShareFooter\"><span id=\"ShareHelpSpan\"><a id=\"ShareHelpLink\"> <img id=\"ShareHelpImg\" /></a></span> <span id=\"ShareBackSpan\"><a href=\"javascript:Microsoft.Translator.FloaterOnShareBackClick()\" id=\"ShareBack\" title=\"Back To Translation\"> Back</a></span></div>\r\n<input id=\"EmailSubject\" name=\"EmailSubject\" type=\"hidden\" value=\"Check out this page in {0} translated from {1}\" /> <input id=\"EmailBody\" name=\"EmailBody\" type=\"hidden\" value=\"Translated: {0}%0d%0aOriginal: {1}%0d%0a%0d%0aAutomatic translation powered by Microsoft® Translator%0d%0ahttp://www.bing.com/translator?ref=MSTWidget\" /> <input id=\"ShareHelpText\" type=\"hidden\" value=\"This link allows visitors to launch this page and automatically translate it to {0}.\" /></div>\r\n\r\n<div id=\"FloaterEmbed\" style=\"display: none\">\r\n<div id=\"EmbedTextDiv\"><span id=\"EmbedTextSpan\">EMBED THE SNIPPET BELOW IN YOUR SITE</span> <a id=\"EmbedHelpLink\" title=\"Copy this code and place it into your HTML.\"> <img id=\"EmbedHelpImg\" /></a></div>\r\n\r\n<div id=\"EmbedTextboxDiv\"><input id=\"EmbedSnippetTextBox\" name=\"EmbedSnippetTextBox\" onclick=\"this.select()\" readonly=\"readonly\" type=\"text\" value=\"&lt;div id=\'MicrosoftTranslatorWidget\' class=\'Dark\' style=\'color:white;background-color:#555555\'&gt;&lt;/div&gt;&lt;script type=\'text/javascript\'&gt;setTimeout(function(){var s=document.createElement(\'script\');s.type=\'text/javascript\';s.charset=\'UTF-8\';s.src=((location &amp;&amp; location.href &amp;&amp; location.href.indexOf(\'https\') == 0)?\'https://ssl.microsofttranslator.com\':\'http://www.microsofttranslator.com\')+\'/ajax/v3/WidgetV3.ashx?siteData=ueOIGRSKkd965FeEGM5JtQ**&amp;ctf=true&amp;ui=true&amp;settings=manual&amp;from=en\';var p=document.getElementsByTagName(\'head\')[0]||document.documentElement;p.insertBefore(s,p.firstChild); },0);&lt;/script&gt;\" /></div>\r\n\r\n<div id=\"EmbedNoticeDiv\"><span id=\"EmbedNoticeSpan\">Enable collaborative features and customize widget: <a href=\"http://www.bing.com/widget/translator\" target=\"_blank\">Bing Webmaster Portal</a></span></div>\r\n\r\n<div id=\"EmbedFooterDiv\"><span id=\"EmbedBackSpan\"><a href=\"javascript:Microsoft.Translator.FloaterOnEmbedBackClick()\" title=\"Back To Translation\">Back</a></span></div>\r\n</div>\r\n<script type=\"text/javascript\"> var intervalId = setInterval(function () { if (MtPopUpList) { LanguageMenu = new MtPopUpList(); var langMenu = document.getElementById(LanguageMenu_popupid); var origLangDiv = document.createElement(\"div\"); origLangDiv.id = \"OriginalLanguageDiv\"; origLangDiv.innerHTML = \"<span id=\'OriginalTextSpan\'>ORIGINAL: </span><span id=\'OriginalLanguageSpan\'></span>\"; langMenu.appendChild(origLangDiv); LanguageMenu.Init(\'LanguageMenu\', LanguageMenu_keys, LanguageMenu_values, LanguageMenu_callback, LanguageMenu_popupid); window[\"LanguageMenu\"] = LanguageMenu; clearInterval(intervalId); } }, 1);</script>\r\n</div>',NULL,NULL,'en'),(59,42,'طقم تيشيرت','طباعة وتنورة طقم تيشيرت طباعة وتنورة<br />\r\n<textarea id=\"BFI_DATA\" style=\"width: 1px; height: 1px; display: none;\"></textarea>\r\n<title></title>\r\n<textarea id=\"BFI_DATA\" style=\"width: 1px; height: 1px; display: none;\"></textarea>\r\n<title></title>\r\n<div class=\"LTRStyle\" id=\"WidgetFloaterPanels\" style=\"display: none; text-align: left; direction: ltr; visibility: hidden;\" translate=\"no\">\r\n<div id=\"WidgetFloater\" onmouseout=\"Microsoft.Translator.OnMouseOutFloater()\" onmouseover=\"Microsoft.Translator.OnMouseOverFloater()\" style=\"display: none\">\r\n<div id=\"WidgetLogoPanel\"><span id=\"WidgetTranslateWithSpan\"><span>TRANSLATE with </span><img id=\"FloaterLogo\" /></span> <span id=\"WidgetCloseButton\" onclick=\"Microsoft.Translator.FloaterOnClose()\" title=\"Exit Translation\">x</span></div>\r\n\r\n<div id=\"LanguageMenuPanel\">\r\n<div class=\"DDStyle_outer\"><input autocomplete=\"on\" id=\"LanguageMenu_svid\" name=\"LanguageMenu_svid\" onclick=\"this.select()\" style=\"display:none;\" type=\"text\" value=\"en\" /> <input autocomplete=\"on\" id=\"LanguageMenu_textid\" name=\"LanguageMenu_textid\" onclick=\"this.select()\" style=\"display:none;\" type=\"text\" /> <span class=\"DDStyle\" id=\"__LanguageMenu_header\" onclick=\"return LanguageMenu &amp;&amp; !LanguageMenu.Show(\'__LanguageMenu_popup\', event);\" onkeydown=\"return LanguageMenu &amp;&amp; !LanguageMenu.Show(\'__LanguageMenu_popup\', event);\" onselectstart=\"return false\" tabindex=\"0\">English</span>\r\n\r\n<div style=\"position:relative;text-align:left;left:0;\">\r\n<div style=\"position:absolute;width:;left:0px;\">\r\n<div class=\"DDStyle\" id=\"__LanguageMenu_popup\" style=\"display:none;\">\r\n<table border=\"0\" id=\"LanguageMenu\">\r\n	<tbody>\r\n		<tr>\r\n			<td><a href=\"#ar\" onclick=\"return LanguageMenu.onclick(\'ar\');\" ondragstart=\"LanguageMenu.ondragstart(event);\" tabindex=\"-1\">Arabic</a></td>\r\n			<td><a href=\"#he\" onclick=\"return LanguageMenu.onclick(\'he\');\" ondragstart=\"LanguageMenu.ondragstart(event);\" tabindex=\"-1\">Hebrew</a></td>\r\n			<td><a href=\"#pl\" onclick=\"return LanguageMenu.onclick(\'pl\');\" ondragstart=\"LanguageMenu.ondragstart(event);\" tabindex=\"-1\">Polish</a></td>\r\n		</tr>\r\n		<tr>\r\n			<td><a href=\"#bg\" onclick=\"return LanguageMenu.onclick(\'bg\');\" ondragstart=\"LanguageMenu.ondragstart(event);\" tabindex=\"-1\">Bulgarian</a></td>\r\n			<td><a href=\"#hi\" onclick=\"return LanguageMenu.onclick(\'hi\');\" ondragstart=\"LanguageMenu.ondragstart(event);\" tabindex=\"-1\">Hindi</a></td>\r\n			<td><a href=\"#pt\" onclick=\"return LanguageMenu.onclick(\'pt\');\" ondragstart=\"LanguageMenu.ondragstart(event);\" tabindex=\"-1\">Portuguese</a></td>\r\n		</tr>\r\n		<tr>\r\n			<td><a href=\"#ca\" onclick=\"return LanguageMenu.onclick(\'ca\');\" ondragstart=\"LanguageMenu.ondragstart(event);\" tabindex=\"-1\">Catalan</a></td>\r\n			<td><a href=\"#mww\" onclick=\"return LanguageMenu.onclick(\'mww\');\" ondragstart=\"LanguageMenu.ondragstart(event);\" tabindex=\"-1\">Hmong Daw</a></td>\r\n			<td><a href=\"#ro\" onclick=\"return LanguageMenu.onclick(\'ro\');\" ondragstart=\"LanguageMenu.ondragstart(event);\" tabindex=\"-1\">Romanian</a></td>\r\n		</tr>\r\n		<tr>\r\n			<td><a href=\"#zh-CHS\" onclick=\"return LanguageMenu.onclick(\'zh-CHS\');\" ondragstart=\"LanguageMenu.ondragstart(event);\" tabindex=\"-1\">Chinese Simplified</a></td>\r\n			<td><a href=\"#hu\" onclick=\"return LanguageMenu.onclick(\'hu\');\" ondragstart=\"LanguageMenu.ondragstart(event);\" tabindex=\"-1\">Hungarian</a></td>\r\n			<td><a href=\"#ru\" onclick=\"return LanguageMenu.onclick(\'ru\');\" ondragstart=\"LanguageMenu.ondragstart(event);\" tabindex=\"-1\">Russian</a></td>\r\n		</tr>\r\n		<tr>\r\n			<td><a href=\"#zh-CHT\" onclick=\"return LanguageMenu.onclick(\'zh-CHT\');\" ondragstart=\"LanguageMenu.ondragstart(event);\" tabindex=\"-1\">Chinese Traditional</a></td>\r\n			<td><a href=\"#id\" onclick=\"return LanguageMenu.onclick(\'id\');\" ondragstart=\"LanguageMenu.ondragstart(event);\" tabindex=\"-1\">Indonesian</a></td>\r\n			<td><a href=\"#sk\" onclick=\"return LanguageMenu.onclick(\'sk\');\" ondragstart=\"LanguageMenu.ondragstart(event);\" tabindex=\"-1\">Slovak</a></td>\r\n		</tr>\r\n		<tr>\r\n			<td><a href=\"#cs\" onclick=\"return LanguageMenu.onclick(\'cs\');\" ondragstart=\"LanguageMenu.ondragstart(event);\" tabindex=\"-1\">Czech</a></td>\r\n			<td><a href=\"#it\" onclick=\"return LanguageMenu.onclick(\'it\');\" ondragstart=\"LanguageMenu.ondragstart(event);\" tabindex=\"-1\">Italian</a></td>\r\n			<td><a href=\"#sl\" onclick=\"return LanguageMenu.onclick(\'sl\');\" ondragstart=\"LanguageMenu.ondragstart(event);\" tabindex=\"-1\">Slovenian</a></td>\r\n		</tr>\r\n		<tr>\r\n			<td><a href=\"#da\" onclick=\"return LanguageMenu.onclick(\'da\');\" ondragstart=\"LanguageMenu.ondragstart(event);\" tabindex=\"-1\">Danish</a></td>\r\n			<td><a href=\"#ja\" onclick=\"return LanguageMenu.onclick(\'ja\');\" ondragstart=\"LanguageMenu.ondragstart(event);\" tabindex=\"-1\">Japanese</a></td>\r\n			<td><a href=\"#es\" onclick=\"return LanguageMenu.onclick(\'es\');\" ondragstart=\"LanguageMenu.ondragstart(event);\" tabindex=\"-1\">Spanish</a></td>\r\n		</tr>\r\n		<tr>\r\n			<td><a href=\"#nl\" onclick=\"return LanguageMenu.onclick(\'nl\');\" ondragstart=\"LanguageMenu.ondragstart(event);\" tabindex=\"-1\">Dutch</a></td>\r\n			<td><a href=\"#tlh\" onclick=\"return LanguageMenu.onclick(\'tlh\');\" ondragstart=\"LanguageMenu.ondragstart(event);\" tabindex=\"-1\">Klingon</a></td>\r\n			<td><a href=\"#sv\" onclick=\"return LanguageMenu.onclick(\'sv\');\" ondragstart=\"LanguageMenu.ondragstart(event);\" tabindex=\"-1\">Swedish</a></td>\r\n		</tr>\r\n		<tr>\r\n			<td><a href=\"#en\" onclick=\"return LanguageMenu.onclick(\'en\');\" ondragstart=\"LanguageMenu.ondragstart(event);\" tabindex=\"-1\">English</a></td>\r\n			<td><a href=\"#ko\" onclick=\"return LanguageMenu.onclick(\'ko\');\" ondragstart=\"LanguageMenu.ondragstart(event);\" tabindex=\"-1\">Korean</a></td>\r\n			<td><a href=\"#th\" onclick=\"return LanguageMenu.onclick(\'th\');\" ondragstart=\"LanguageMenu.ondragstart(event);\" tabindex=\"-1\">Thai</a></td>\r\n		</tr>\r\n		<tr>\r\n			<td><a href=\"#et\" onclick=\"return LanguageMenu.onclick(\'et\');\" ondragstart=\"LanguageMenu.ondragstart(event);\" tabindex=\"-1\">Estonian</a></td>\r\n			<td><a href=\"#lv\" onclick=\"return LanguageMenu.onclick(\'lv\');\" ondragstart=\"LanguageMenu.ondragstart(event);\" tabindex=\"-1\">Latvian</a></td>\r\n			<td><a href=\"#tr\" onclick=\"return LanguageMenu.onclick(\'tr\');\" ondragstart=\"LanguageMenu.ondragstart(event);\" tabindex=\"-1\">Turkish</a></td>\r\n		</tr>\r\n		<tr>\r\n			<td><a href=\"#fi\" onclick=\"return LanguageMenu.onclick(\'fi\');\" ondragstart=\"LanguageMenu.ondragstart(event);\" tabindex=\"-1\">Finnish</a></td>\r\n			<td><a href=\"#lt\" onclick=\"return LanguageMenu.onclick(\'lt\');\" ondragstart=\"LanguageMenu.ondragstart(event);\" tabindex=\"-1\">Lithuanian</a></td>\r\n			<td><a href=\"#uk\" onclick=\"return LanguageMenu.onclick(\'uk\');\" ondragstart=\"LanguageMenu.ondragstart(event);\" tabindex=\"-1\">Ukrainian</a></td>\r\n		</tr>\r\n		<tr>\r\n			<td><a href=\"#fr\" onclick=\"return LanguageMenu.onclick(\'fr\');\" ondragstart=\"LanguageMenu.ondragstart(event);\" tabindex=\"-1\">French</a></td>\r\n			<td><a href=\"#ms\" onclick=\"return LanguageMenu.onclick(\'ms\');\" ondragstart=\"LanguageMenu.ondragstart(event);\" tabindex=\"-1\">Malay</a></td>\r\n			<td><a href=\"#ur\" onclick=\"return LanguageMenu.onclick(\'ur\');\" ondragstart=\"LanguageMenu.ondragstart(event);\" tabindex=\"-1\">Urdu</a></td>\r\n		</tr>\r\n		<tr>\r\n			<td><a href=\"#de\" onclick=\"return LanguageMenu.onclick(\'de\');\" ondragstart=\"LanguageMenu.ondragstart(event);\" tabindex=\"-1\">German</a></td>\r\n			<td><a href=\"#mt\" onclick=\"return LanguageMenu.onclick(\'mt\');\" ondragstart=\"LanguageMenu.ondragstart(event);\" tabindex=\"-1\">Maltese</a></td>\r\n			<td><a href=\"#vi\" onclick=\"return LanguageMenu.onclick(\'vi\');\" ondragstart=\"LanguageMenu.ondragstart(event);\" tabindex=\"-1\">Vietnamese</a></td>\r\n		</tr>\r\n		<tr>\r\n			<td><a href=\"#el\" onclick=\"return LanguageMenu.onclick(\'el\');\" ondragstart=\"LanguageMenu.ondragstart(event);\" tabindex=\"-1\">Greek</a></td>\r\n			<td><a href=\"#no\" onclick=\"return LanguageMenu.onclick(\'no\');\" ondragstart=\"LanguageMenu.ondragstart(event);\" tabindex=\"-1\">Norwegian</a></td>\r\n			<td><a href=\"#cy\" onclick=\"return LanguageMenu.onclick(\'cy\');\" ondragstart=\"LanguageMenu.ondragstart(event);\" tabindex=\"-1\">Welsh</a></td>\r\n		</tr>\r\n		<tr>\r\n			<td><a href=\"#ht\" onclick=\"return LanguageMenu.onclick(\'ht\');\" ondragstart=\"LanguageMenu.ondragstart(event);\" tabindex=\"-1\">Haitian Creole</a></td>\r\n			<td><a href=\"#fa\" onclick=\"return LanguageMenu.onclick(\'fa\');\" ondragstart=\"LanguageMenu.ondragstart(event);\" tabindex=\"-1\">Persian</a></td>\r\n			<td>&nbsp;</td>\r\n		</tr>\r\n	</tbody>\r\n</table>\r\n<img alt=\"\" style=\"height:7px;width:17px;border-width:0px;left:20px;\" /></div>\r\n</div>\r\n</div>\r\n</div>\r\n<script type=\"text/javascript\"> var LanguageMenu; var LanguageMenu_keys=[\"ar\",\"bg\",\"ca\",\"zh-CHS\",\"zh-CHT\",\"cs\",\"da\",\"nl\",\"en\",\"et\",\"fi\",\"fr\",\"de\",\"el\",\"ht\",\"he\",\"hi\",\"mww\",\"hu\",\"id\",\"it\",\"ja\",\"tlh\",\"ko\",\"lv\",\"lt\",\"ms\",\"mt\",\"no\",\"fa\",\"pl\",\"pt\",\"ro\",\"ru\",\"sk\",\"sl\",\"es\",\"sv\",\"th\",\"tr\",\"uk\",\"ur\",\"vi\",\"cy\"]; var LanguageMenu_values=[\"Arabic\",\"Bulgarian\",\"Catalan\",\"Chinese Simplified\",\"Chinese Traditional\",\"Czech\",\"Danish\",\"Dutch\",\"English\",\"Estonian\",\"Finnish\",\"French\",\"German\",\"Greek\",\"Haitian Creole\",\"Hebrew\",\"Hindi\",\"Hmong Daw\",\"Hungarian\",\"Indonesian\",\"Italian\",\"Japanese\",\"Klingon\",\"Korean\",\"Latvian\",\"Lithuanian\",\"Malay\",\"Maltese\",\"Norwegian\",\"Persian\",\"Polish\",\"Portuguese\",\"Romanian\",\"Russian\",\"Slovak\",\"Slovenian\",\"Spanish\",\"Swedish\",\"Thai\",\"Turkish\",\"Ukrainian\",\"Urdu\",\"Vietnamese\",\"Welsh\"]; var LanguageMenu_callback=function(){ }; var LanguageMenu_popupid=\'__LanguageMenu_popup\';</script>\r\n</div>\r\n\r\n<div id=\"CTFLinksPanel\"><span id=\"ExternalLinksPanel\"><a href=\"https://go.microsoft.com/?linkid=9722454\" id=\"HelpLink\" target=\"_blank\" title=\"Help\"><img id=\"HelpImg\" /></a> <a href=\"javascript:Microsoft.Translator.FloaterShowEmbed()\" id=\"EmbedLink\" title=\"Get this widget for your own site\"> <img id=\"EmbedImg\" /></a> <a href=\"javascript:Microsoft.Translator.FloaterShowSharePanel()\" id=\"ShareLink\" title=\"Share translated page with friends\"> <img id=\"ShareImg\" /></a> </span></div>\r\n\r\n<div id=\"FloaterProgressBar\">&nbsp;</div>\r\n</div>\r\n\r\n<div id=\"WidgetFloaterCollapsed\" onmouseover=\"Microsoft.Translator.OnMouseOverFloater()\" style=\"display: none\"><span>TRANSLATE with </span><img id=\"CollapsedLogoImg\" /></div>\r\n\r\n<div id=\"FloaterSharePanel\" style=\"display: none\">\r\n<div id=\"ShareTextDiv\"><span id=\"ShareTextSpan\">COPY THE URL BELOW </span></div>\r\n\r\n<div id=\"ShareTextboxDiv\"><input id=\"ShareTextbox\" name=\"ShareTextbox\" onclick=\"this.select()\" readonly=\"readonly\" type=\"text\" /> <!--a id=\"TwitterLink\" title=\"Share on Twitter\"> <img id=\"TwitterImg\" /></a> <a-- id=\"FacebookLink\" title=\"Share on Facebook\"> <img id=\"FacebookImg\" /></a--> <a id=\"EmailLink\" title=\"Email this translation\"> <img id=\"EmailImg\" /></a></div>\r\n\r\n<div id=\"ShareFooter\"><span id=\"ShareHelpSpan\"><a id=\"ShareHelpLink\"> <img id=\"ShareHelpImg\" /></a></span> <span id=\"ShareBackSpan\"><a href=\"javascript:Microsoft.Translator.FloaterOnShareBackClick()\" id=\"ShareBack\" title=\"Back To Translation\"> Back</a></span></div>\r\n<input id=\"EmailSubject\" name=\"EmailSubject\" type=\"hidden\" value=\"Check out this page in {0} translated from {1}\" /> <input id=\"EmailBody\" name=\"EmailBody\" type=\"hidden\" value=\"Translated: {0}%0d%0aOriginal: {1}%0d%0a%0d%0aAutomatic translation powered by Microsoft® Translator%0d%0ahttp://www.bing.com/translator?ref=MSTWidget\" /> <input id=\"ShareHelpText\" type=\"hidden\" value=\"This link allows visitors to launch this page and automatically translate it to {0}.\" /></div>\r\n\r\n<div id=\"FloaterEmbed\" style=\"display: none\">\r\n<div id=\"EmbedTextDiv\"><span id=\"EmbedTextSpan\">EMBED THE SNIPPET BELOW IN YOUR SITE</span> <a id=\"EmbedHelpLink\" title=\"Copy this code and place it into your HTML.\"> <img id=\"EmbedHelpImg\" /></a></div>\r\n\r\n<div id=\"EmbedTextboxDiv\"><input id=\"EmbedSnippetTextBox\" name=\"EmbedSnippetTextBox\" onclick=\"this.select()\" readonly=\"readonly\" type=\"text\" value=\"&lt;div id=\'MicrosoftTranslatorWidget\' class=\'Dark\' style=\'color:white;background-color:#555555\'&gt;&lt;/div&gt;&lt;script type=\'text/javascript\'&gt;setTimeout(function(){var s=document.createElement(\'script\');s.type=\'text/javascript\';s.charset=\'UTF-8\';s.src=((location &amp;&amp; location.href &amp;&amp; location.href.indexOf(\'https\') == 0)?\'https://ssl.microsofttranslator.com\':\'http://www.microsofttranslator.com\')+\'/ajax/v3/WidgetV3.ashx?siteData=ueOIGRSKkd965FeEGM5JtQ**&amp;ctf=true&amp;ui=true&amp;settings=manual&amp;from=en\';var p=document.getElementsByTagName(\'head\')[0]||document.documentElement;p.insertBefore(s,p.firstChild); },0);&lt;/script&gt;\" /></div>\r\n\r\n<div id=\"EmbedNoticeDiv\"><span id=\"EmbedNoticeSpan\">Enable collaborative features and customize widget: <a href=\"http://www.bing.com/widget/translator\" target=\"_blank\">Bing Webmaster Portal</a></span></div>\r\n\r\n<div id=\"EmbedFooterDiv\"><span id=\"EmbedBackSpan\"><a href=\"javascript:Microsoft.Translator.FloaterOnEmbedBackClick()\" title=\"Back To Translation\">Back</a></span></div>\r\n</div>\r\n<script type=\"text/javascript\"> var intervalId = setInterval(function () { if (MtPopUpList) { LanguageMenu = new MtPopUpList(); var langMenu = document.getElementById(LanguageMenu_popupid); var origLangDiv = document.createElement(\"div\"); origLangDiv.id = \"OriginalLanguageDiv\"; origLangDiv.innerHTML = \"<span id=\'OriginalTextSpan\'>ORIGINAL: </span><span id=\'OriginalLanguageSpan\'></span>\"; langMenu.appendChild(origLangDiv); LanguageMenu.Init(\'LanguageMenu\', LanguageMenu_keys, LanguageMenu_values, LanguageMenu_callback, LanguageMenu_popupid); window[\"LanguageMenu\"] = LanguageMenu; clearInterval(intervalId); } }, 1);</script>\r\n</div>',NULL,NULL,'ar'),(60,42,'طقم تيشيرت','طباعة وتنورة طقم تيشيرت طباعة وتنورة<br />\r\n<textarea id=\"BFI_DATA\" style=\"width: 1px; height: 1px; display: none;\"></textarea>\r\n<title></title>\r\n<textarea id=\"BFI_DATA\" style=\"width: 1px; height: 1px; display: none;\"></textarea>\r\n<title></title>\r\n<div class=\"LTRStyle\" id=\"WidgetFloaterPanels\" style=\"display: none; text-align: left; direction: ltr; visibility: hidden;\" translate=\"no\">\r\n<div id=\"WidgetFloater\" onmouseout=\"Microsoft.Translator.OnMouseOutFloater()\" onmouseover=\"Microsoft.Translator.OnMouseOverFloater()\" style=\"display: none\">\r\n<div id=\"WidgetLogoPanel\"><span id=\"WidgetTranslateWithSpan\"><span>TRANSLATE with </span><img id=\"FloaterLogo\" /></span> <span id=\"WidgetCloseButton\" onclick=\"Microsoft.Translator.FloaterOnClose()\" title=\"Exit Translation\">x</span></div>\r\n\r\n<div id=\"LanguageMenuPanel\">\r\n<div class=\"DDStyle_outer\"><input autocomplete=\"on\" id=\"LanguageMenu_svid\" name=\"LanguageMenu_svid\" onclick=\"this.select()\" style=\"display:none;\" type=\"text\" value=\"en\" /> <input autocomplete=\"on\" id=\"LanguageMenu_textid\" name=\"LanguageMenu_textid\" onclick=\"this.select()\" style=\"display:none;\" type=\"text\" /> <span class=\"DDStyle\" id=\"__LanguageMenu_header\" onclick=\"return LanguageMenu &amp;&amp; !LanguageMenu.Show(\'__LanguageMenu_popup\', event);\" onkeydown=\"return LanguageMenu &amp;&amp; !LanguageMenu.Show(\'__LanguageMenu_popup\', event);\" onselectstart=\"return false\" tabindex=\"0\">English</span>\r\n\r\n<div style=\"position:relative;text-align:left;left:0;\">\r\n<div style=\"position:absolute;width:;left:0px;\">\r\n<div class=\"DDStyle\" id=\"__LanguageMenu_popup\" style=\"display:none;\">\r\n<table border=\"0\" id=\"LanguageMenu\">\r\n	<tbody>\r\n		<tr>\r\n			<td><a href=\"#ar\" onclick=\"return LanguageMenu.onclick(\'ar\');\" ondragstart=\"LanguageMenu.ondragstart(event);\" tabindex=\"-1\">Arabic</a></td>\r\n			<td><a href=\"#he\" onclick=\"return LanguageMenu.onclick(\'he\');\" ondragstart=\"LanguageMenu.ondragstart(event);\" tabindex=\"-1\">Hebrew</a></td>\r\n			<td><a href=\"#pl\" onclick=\"return LanguageMenu.onclick(\'pl\');\" ondragstart=\"LanguageMenu.ondragstart(event);\" tabindex=\"-1\">Polish</a></td>\r\n		</tr>\r\n		<tr>\r\n			<td><a href=\"#bg\" onclick=\"return LanguageMenu.onclick(\'bg\');\" ondragstart=\"LanguageMenu.ondragstart(event);\" tabindex=\"-1\">Bulgarian</a></td>\r\n			<td><a href=\"#hi\" onclick=\"return LanguageMenu.onclick(\'hi\');\" ondragstart=\"LanguageMenu.ondragstart(event);\" tabindex=\"-1\">Hindi</a></td>\r\n			<td><a href=\"#pt\" onclick=\"return LanguageMenu.onclick(\'pt\');\" ondragstart=\"LanguageMenu.ondragstart(event);\" tabindex=\"-1\">Portuguese</a></td>\r\n		</tr>\r\n		<tr>\r\n			<td><a href=\"#ca\" onclick=\"return LanguageMenu.onclick(\'ca\');\" ondragstart=\"LanguageMenu.ondragstart(event);\" tabindex=\"-1\">Catalan</a></td>\r\n			<td><a href=\"#mww\" onclick=\"return LanguageMenu.onclick(\'mww\');\" ondragstart=\"LanguageMenu.ondragstart(event);\" tabindex=\"-1\">Hmong Daw</a></td>\r\n			<td><a href=\"#ro\" onclick=\"return LanguageMenu.onclick(\'ro\');\" ondragstart=\"LanguageMenu.ondragstart(event);\" tabindex=\"-1\">Romanian</a></td>\r\n		</tr>\r\n		<tr>\r\n			<td><a href=\"#zh-CHS\" onclick=\"return LanguageMenu.onclick(\'zh-CHS\');\" ondragstart=\"LanguageMenu.ondragstart(event);\" tabindex=\"-1\">Chinese Simplified</a></td>\r\n			<td><a href=\"#hu\" onclick=\"return LanguageMenu.onclick(\'hu\');\" ondragstart=\"LanguageMenu.ondragstart(event);\" tabindex=\"-1\">Hungarian</a></td>\r\n			<td><a href=\"#ru\" onclick=\"return LanguageMenu.onclick(\'ru\');\" ondragstart=\"LanguageMenu.ondragstart(event);\" tabindex=\"-1\">Russian</a></td>\r\n		</tr>\r\n		<tr>\r\n			<td><a href=\"#zh-CHT\" onclick=\"return LanguageMenu.onclick(\'zh-CHT\');\" ondragstart=\"LanguageMenu.ondragstart(event);\" tabindex=\"-1\">Chinese Traditional</a></td>\r\n			<td><a href=\"#id\" onclick=\"return LanguageMenu.onclick(\'id\');\" ondragstart=\"LanguageMenu.ondragstart(event);\" tabindex=\"-1\">Indonesian</a></td>\r\n			<td><a href=\"#sk\" onclick=\"return LanguageMenu.onclick(\'sk\');\" ondragstart=\"LanguageMenu.ondragstart(event);\" tabindex=\"-1\">Slovak</a></td>\r\n		</tr>\r\n		<tr>\r\n			<td><a href=\"#cs\" onclick=\"return LanguageMenu.onclick(\'cs\');\" ondragstart=\"LanguageMenu.ondragstart(event);\" tabindex=\"-1\">Czech</a></td>\r\n			<td><a href=\"#it\" onclick=\"return LanguageMenu.onclick(\'it\');\" ondragstart=\"LanguageMenu.ondragstart(event);\" tabindex=\"-1\">Italian</a></td>\r\n			<td><a href=\"#sl\" onclick=\"return LanguageMenu.onclick(\'sl\');\" ondragstart=\"LanguageMenu.ondragstart(event);\" tabindex=\"-1\">Slovenian</a></td>\r\n		</tr>\r\n		<tr>\r\n			<td><a href=\"#da\" onclick=\"return LanguageMenu.onclick(\'da\');\" ondragstart=\"LanguageMenu.ondragstart(event);\" tabindex=\"-1\">Danish</a></td>\r\n			<td><a href=\"#ja\" onclick=\"return LanguageMenu.onclick(\'ja\');\" ondragstart=\"LanguageMenu.ondragstart(event);\" tabindex=\"-1\">Japanese</a></td>\r\n			<td><a href=\"#es\" onclick=\"return LanguageMenu.onclick(\'es\');\" ondragstart=\"LanguageMenu.ondragstart(event);\" tabindex=\"-1\">Spanish</a></td>\r\n		</tr>\r\n		<tr>\r\n			<td><a href=\"#nl\" onclick=\"return LanguageMenu.onclick(\'nl\');\" ondragstart=\"LanguageMenu.ondragstart(event);\" tabindex=\"-1\">Dutch</a></td>\r\n			<td><a href=\"#tlh\" onclick=\"return LanguageMenu.onclick(\'tlh\');\" ondragstart=\"LanguageMenu.ondragstart(event);\" tabindex=\"-1\">Klingon</a></td>\r\n			<td><a href=\"#sv\" onclick=\"return LanguageMenu.onclick(\'sv\');\" ondragstart=\"LanguageMenu.ondragstart(event);\" tabindex=\"-1\">Swedish</a></td>\r\n		</tr>\r\n		<tr>\r\n			<td><a href=\"#en\" onclick=\"return LanguageMenu.onclick(\'en\');\" ondragstart=\"LanguageMenu.ondragstart(event);\" tabindex=\"-1\">English</a></td>\r\n			<td><a href=\"#ko\" onclick=\"return LanguageMenu.onclick(\'ko\');\" ondragstart=\"LanguageMenu.ondragstart(event);\" tabindex=\"-1\">Korean</a></td>\r\n			<td><a href=\"#th\" onclick=\"return LanguageMenu.onclick(\'th\');\" ondragstart=\"LanguageMenu.ondragstart(event);\" tabindex=\"-1\">Thai</a></td>\r\n		</tr>\r\n		<tr>\r\n			<td><a href=\"#et\" onclick=\"return LanguageMenu.onclick(\'et\');\" ondragstart=\"LanguageMenu.ondragstart(event);\" tabindex=\"-1\">Estonian</a></td>\r\n			<td><a href=\"#lv\" onclick=\"return LanguageMenu.onclick(\'lv\');\" ondragstart=\"LanguageMenu.ondragstart(event);\" tabindex=\"-1\">Latvian</a></td>\r\n			<td><a href=\"#tr\" onclick=\"return LanguageMenu.onclick(\'tr\');\" ondragstart=\"LanguageMenu.ondragstart(event);\" tabindex=\"-1\">Turkish</a></td>\r\n		</tr>\r\n		<tr>\r\n			<td><a href=\"#fi\" onclick=\"return LanguageMenu.onclick(\'fi\');\" ondragstart=\"LanguageMenu.ondragstart(event);\" tabindex=\"-1\">Finnish</a></td>\r\n			<td><a href=\"#lt\" onclick=\"return LanguageMenu.onclick(\'lt\');\" ondragstart=\"LanguageMenu.ondragstart(event);\" tabindex=\"-1\">Lithuanian</a></td>\r\n			<td><a href=\"#uk\" onclick=\"return LanguageMenu.onclick(\'uk\');\" ondragstart=\"LanguageMenu.ondragstart(event);\" tabindex=\"-1\">Ukrainian</a></td>\r\n		</tr>\r\n		<tr>\r\n			<td><a href=\"#fr\" onclick=\"return LanguageMenu.onclick(\'fr\');\" ondragstart=\"LanguageMenu.ondragstart(event);\" tabindex=\"-1\">French</a></td>\r\n			<td><a href=\"#ms\" onclick=\"return LanguageMenu.onclick(\'ms\');\" ondragstart=\"LanguageMenu.ondragstart(event);\" tabindex=\"-1\">Malay</a></td>\r\n			<td><a href=\"#ur\" onclick=\"return LanguageMenu.onclick(\'ur\');\" ondragstart=\"LanguageMenu.ondragstart(event);\" tabindex=\"-1\">Urdu</a></td>\r\n		</tr>\r\n		<tr>\r\n			<td><a href=\"#de\" onclick=\"return LanguageMenu.onclick(\'de\');\" ondragstart=\"LanguageMenu.ondragstart(event);\" tabindex=\"-1\">German</a></td>\r\n			<td><a href=\"#mt\" onclick=\"return LanguageMenu.onclick(\'mt\');\" ondragstart=\"LanguageMenu.ondragstart(event);\" tabindex=\"-1\">Maltese</a></td>\r\n			<td><a href=\"#vi\" onclick=\"return LanguageMenu.onclick(\'vi\');\" ondragstart=\"LanguageMenu.ondragstart(event);\" tabindex=\"-1\">Vietnamese</a></td>\r\n		</tr>\r\n		<tr>\r\n			<td><a href=\"#el\" onclick=\"return LanguageMenu.onclick(\'el\');\" ondragstart=\"LanguageMenu.ondragstart(event);\" tabindex=\"-1\">Greek</a></td>\r\n			<td><a href=\"#no\" onclick=\"return LanguageMenu.onclick(\'no\');\" ondragstart=\"LanguageMenu.ondragstart(event);\" tabindex=\"-1\">Norwegian</a></td>\r\n			<td><a href=\"#cy\" onclick=\"return LanguageMenu.onclick(\'cy\');\" ondragstart=\"LanguageMenu.ondragstart(event);\" tabindex=\"-1\">Welsh</a></td>\r\n		</tr>\r\n		<tr>\r\n			<td><a href=\"#ht\" onclick=\"return LanguageMenu.onclick(\'ht\');\" ondragstart=\"LanguageMenu.ondragstart(event);\" tabindex=\"-1\">Haitian Creole</a></td>\r\n			<td><a href=\"#fa\" onclick=\"return LanguageMenu.onclick(\'fa\');\" ondragstart=\"LanguageMenu.ondragstart(event);\" tabindex=\"-1\">Persian</a></td>\r\n			<td>&nbsp;</td>\r\n		</tr>\r\n	</tbody>\r\n</table>\r\n<img alt=\"\" style=\"height:7px;width:17px;border-width:0px;left:20px;\" /></div>\r\n</div>\r\n</div>\r\n</div>\r\n<script type=\"text/javascript\"> var LanguageMenu; var LanguageMenu_keys=[\"ar\",\"bg\",\"ca\",\"zh-CHS\",\"zh-CHT\",\"cs\",\"da\",\"nl\",\"en\",\"et\",\"fi\",\"fr\",\"de\",\"el\",\"ht\",\"he\",\"hi\",\"mww\",\"hu\",\"id\",\"it\",\"ja\",\"tlh\",\"ko\",\"lv\",\"lt\",\"ms\",\"mt\",\"no\",\"fa\",\"pl\",\"pt\",\"ro\",\"ru\",\"sk\",\"sl\",\"es\",\"sv\",\"th\",\"tr\",\"uk\",\"ur\",\"vi\",\"cy\"]; var LanguageMenu_values=[\"Arabic\",\"Bulgarian\",\"Catalan\",\"Chinese Simplified\",\"Chinese Traditional\",\"Czech\",\"Danish\",\"Dutch\",\"English\",\"Estonian\",\"Finnish\",\"French\",\"German\",\"Greek\",\"Haitian Creole\",\"Hebrew\",\"Hindi\",\"Hmong Daw\",\"Hungarian\",\"Indonesian\",\"Italian\",\"Japanese\",\"Klingon\",\"Korean\",\"Latvian\",\"Lithuanian\",\"Malay\",\"Maltese\",\"Norwegian\",\"Persian\",\"Polish\",\"Portuguese\",\"Romanian\",\"Russian\",\"Slovak\",\"Slovenian\",\"Spanish\",\"Swedish\",\"Thai\",\"Turkish\",\"Ukrainian\",\"Urdu\",\"Vietnamese\",\"Welsh\"]; var LanguageMenu_callback=function(){ }; var LanguageMenu_popupid=\'__LanguageMenu_popup\';</script>\r\n</div>\r\n\r\n<div id=\"CTFLinksPanel\"><span id=\"ExternalLinksPanel\"><a href=\"https://go.microsoft.com/?linkid=9722454\" id=\"HelpLink\" target=\"_blank\" title=\"Help\"><img id=\"HelpImg\" /></a> <a href=\"javascript:Microsoft.Translator.FloaterShowEmbed()\" id=\"EmbedLink\" title=\"Get this widget for your own site\"> <img id=\"EmbedImg\" /></a> <a href=\"javascript:Microsoft.Translator.FloaterShowSharePanel()\" id=\"ShareLink\" title=\"Share translated page with friends\"> <img id=\"ShareImg\" /></a> </span></div>\r\n\r\n<div id=\"FloaterProgressBar\">&nbsp;</div>\r\n</div>\r\n\r\n<div id=\"WidgetFloaterCollapsed\" onmouseover=\"Microsoft.Translator.OnMouseOverFloater()\" style=\"display: none\"><span>TRANSLATE with </span><img id=\"CollapsedLogoImg\" /></div>\r\n\r\n<div id=\"FloaterSharePanel\" style=\"display: none\">\r\n<div id=\"ShareTextDiv\"><span id=\"ShareTextSpan\">COPY THE URL BELOW </span></div>\r\n\r\n<div id=\"ShareTextboxDiv\"><input id=\"ShareTextbox\" name=\"ShareTextbox\" onclick=\"this.select()\" readonly=\"readonly\" type=\"text\" /> <!--a id=\"TwitterLink\" title=\"Share on Twitter\"> <img id=\"TwitterImg\" /></a> <a-- id=\"FacebookLink\" title=\"Share on Facebook\"> <img id=\"FacebookImg\" /></a--> <a id=\"EmailLink\" title=\"Email this translation\"> <img id=\"EmailImg\" /></a></div>\r\n\r\n<div id=\"ShareFooter\"><span id=\"ShareHelpSpan\"><a id=\"ShareHelpLink\"> <img id=\"ShareHelpImg\" /></a></span> <span id=\"ShareBackSpan\"><a href=\"javascript:Microsoft.Translator.FloaterOnShareBackClick()\" id=\"ShareBack\" title=\"Back To Translation\"> Back</a></span></div>\r\n<input id=\"EmailSubject\" name=\"EmailSubject\" type=\"hidden\" value=\"Check out this page in {0} translated from {1}\" /> <input id=\"EmailBody\" name=\"EmailBody\" type=\"hidden\" value=\"Translated: {0}%0d%0aOriginal: {1}%0d%0a%0d%0aAutomatic translation powered by Microsoft® Translator%0d%0ahttp://www.bing.com/translator?ref=MSTWidget\" /> <input id=\"ShareHelpText\" type=\"hidden\" value=\"This link allows visitors to launch this page and automatically translate it to {0}.\" /></div>\r\n\r\n<div id=\"FloaterEmbed\" style=\"display: none\">\r\n<div id=\"EmbedTextDiv\"><span id=\"EmbedTextSpan\">EMBED THE SNIPPET BELOW IN YOUR SITE</span> <a id=\"EmbedHelpLink\" title=\"Copy this code and place it into your HTML.\"> <img id=\"EmbedHelpImg\" /></a></div>\r\n\r\n<div id=\"EmbedTextboxDiv\"><input id=\"EmbedSnippetTextBox\" name=\"EmbedSnippetTextBox\" onclick=\"this.select()\" readonly=\"readonly\" type=\"text\" value=\"&lt;div id=\'MicrosoftTranslatorWidget\' class=\'Dark\' style=\'color:white;background-color:#555555\'&gt;&lt;/div&gt;&lt;script type=\'text/javascript\'&gt;setTimeout(function(){var s=document.createElement(\'script\');s.type=\'text/javascript\';s.charset=\'UTF-8\';s.src=((location &amp;&amp; location.href &amp;&amp; location.href.indexOf(\'https\') == 0)?\'https://ssl.microsofttranslator.com\':\'http://www.microsofttranslator.com\')+\'/ajax/v3/WidgetV3.ashx?siteData=ueOIGRSKkd965FeEGM5JtQ**&amp;ctf=true&amp;ui=true&amp;settings=manual&amp;from=en\';var p=document.getElementsByTagName(\'head\')[0]||document.documentElement;p.insertBefore(s,p.firstChild); },0);&lt;/script&gt;\" /></div>\r\n\r\n<div id=\"EmbedNoticeDiv\"><span id=\"EmbedNoticeSpan\">Enable collaborative features and customize widget: <a href=\"http://www.bing.com/widget/translator\" target=\"_blank\">Bing Webmaster Portal</a></span></div>\r\n\r\n<div id=\"EmbedFooterDiv\"><span id=\"EmbedBackSpan\"><a href=\"javascript:Microsoft.Translator.FloaterOnEmbedBackClick()\" title=\"Back To Translation\">Back</a></span></div>\r\n</div>\r\n<script type=\"text/javascript\"> var intervalId = setInterval(function () { if (MtPopUpList) { LanguageMenu = new MtPopUpList(); var langMenu = document.getElementById(LanguageMenu_popupid); var origLangDiv = document.createElement(\"div\"); origLangDiv.id = \"OriginalLanguageDiv\"; origLangDiv.innerHTML = \"<span id=\'OriginalTextSpan\'>ORIGINAL: </span><span id=\'OriginalLanguageSpan\'></span>\"; langMenu.appendChild(origLangDiv); LanguageMenu.Init(\'LanguageMenu\', LanguageMenu_keys, LanguageMenu_values, LanguageMenu_callback, LanguageMenu_popupid); window[\"LanguageMenu\"] = LanguageMenu; clearInterval(intervalId); } }, 1);</script>\r\n</div>',NULL,NULL,'en'),(61,43,'مكتبية فى مصر','من المشاريع التى يوجد عدد كثير من الشباب يفضلون العمل فيها لأنه سهل وبسيط ونسبة نجاحة مضمونة',NULL,NULL,'ar'),(62,43,'مكتبية فى مصر','من المشاريع التى يوجد عدد كثير من الشباب يفضلون العمل فيها لأنه سهل وبسيط ونسبة نجاحة مضمونة',NULL,NULL,'en'),(63,44,'مكتبية فى الاردن','من المشاريع التى يوجد عدد كثير من الشباب يفضلون العمل فيها لأنه سهل وبسيط ونسبة نجاحة مضمونة',NULL,NULL,'ar'),(64,44,'مكتبية فى الاردن','من المشاريع التى يوجد عدد كثير من الشباب يفضلون العمل فيها لأنه سهل وبسيط ونسبة نجاحة مضمونة',NULL,NULL,'en'),(65,45,'من المشاريع التى','من المشاريع التى يوجد عدد كثير من الشباب يفضلون العمل فيها لأنه سهل وبسيط ونسبة نجاحة مضمونة',NULL,NULL,'ar'),(66,45,'من المشاريع التى','من المشاريع التى يوجد عدد كثير من الشباب يفضلون العمل فيها لأنه سهل وبسيط ونسبة نجاحة مضمونة',NULL,NULL,'en'),(67,46,'ملابس اطفال 1','ملابس اطفال للمدرسة فخمة 2022 ،تختلف اشكال الزى المدرسى من مدرسة الى مدرسة ومن مرحلة لمرحلة ،نجد ان الكثير من المدارس تعتمد على الوان وستايل معين ليكون مريح للاطفال<br />\r\n&nbsp;',NULL,NULL,'ar'),(68,46,'ملابس اطفال 1','ملابس اطفال للمدرسة فخمة 2022 ،تختلف اشكال الزى المدرسى من مدرسة الى مدرسة ومن مرحلة لمرحلة ،نجد ان الكثير من المدارس تعتمد على الوان وستايل معين ليكون مريح للاطفال',NULL,NULL,'en'),(69,48,'ملابس اطفال 2','ملابس اطفال للمدرسة فخمة 2022 ،تختلف اشكال الزى المدرسى من مدرسة الى مدرسة ومن مرحلة لمرحلة ،نجد ان الكثير من المدارس تعتمد على الوان وستايل معين ليكون مريح للاطفال',NULL,NULL,'ar'),(70,48,'ملابس اطفال 2','ملابس اطفال للمدرسة فخمة 2022 ،تختلف اشكال الزى المدرسى من مدرسة الى مدرسة ومن مرحلة لمرحلة ،نجد ان الكثير من المدارس تعتمد على الوان وستايل معين ليكون مريح للاطفال',NULL,NULL,'en'),(71,50,'ملابس اطفال 3','<p>لذلك نجد الاهتمام منصب على شكل الزى المدرسى والوانه والخامات المستخدمة في الصنع</p>',NULL,NULL,'ar'),(72,50,'ملابس اطفال 3','<p>لذلك نجد الاهتمام منصب على شكل الزى المدرسى والوانه والخامات المستخدمة في الصنع</p>',NULL,NULL,'en');

--
-- Table structure for table `products`
--

CREATE TABLE `products` (
  `id` int unsigned NOT NULL AUTO_INCREMENT,
  `image` varchar(191) CHARACTER SET utf8mb4 COLLATE utf8mb4_unicode_ci DEFAULT NULL,
  `user_id` int unsigned DEFAULT NULL,
  `company_id` int unsigned DEFAULT NULL,
  `brand_id` int unsigned DEFAULT NULL,
  `color_id` int unsigned DEFAULT NULL,
  `mainprice` decimal(8,2) NOT NULL DEFAULT '0.00',
  `discount` decimal(8,2) NOT NULL DEFAULT '0.00',
  `stoke` int NOT NULL DEFAULT '0',
  `main_stock` int DEFAULT NULL,
  `option` enum('true','false') CHARACTER SET utf8mb4 COLLATE utf8mb4_unicode_ci DEFAULT NULL,
  `code` varchar(191) CHARACTER SET utf8mb4 COLLATE utf8mb4_unicode_ci DEFAULT NULL,
  `status` enum('pending','reject','active') CHARACTER SET utf8mb4 COLLATE utf8mb4_unicode_ci NOT NULL DEFAULT 'pending',
  `deleted_at` timestamp NULL DEFAULT NULL,
  `created_at` timestamp NULL DEFAULT NULL,
  `updated_at` timestamp NULL DEFAULT NULL,
  `main` int NOT NULL DEFAULT '0',
  `reason` varchar(50) CHARACTER SET utf8mb4 COLLATE utf8mb4_unicode_ci DEFAULT NULL,
  `rate` int DEFAULT NULL,
  `type` varchar(191) CHARACTER SET utf8mb4 COLLATE utf8mb4_unicode_ci DEFAULT NULL,
  PRIMARY KEY (`id`),
  KEY `products_user_id_foreign` (`user_id`),
  KEY `products_company_id_foreign` (`company_id`),
  KEY `products_brand_id_foreign` (`brand_id`),
  KEY `products_color_id_foreign` (`color_id`)
) ENGINE=InnoDB AUTO_INCREMENT=53 DEFAULT CHARSET=utf8mb4 COLLATE=utf8mb4_unicode_ci;

--
-- Dumping data for table `products`
--

INSERT INTO `products` (`id`, `image`, `user_id`, `company_id`, `brand_id`, `color_id`, `mainprice`, `discount`, `stoke`, `main_stock`, `option`, `code`, `status`, `deleted_at`, `created_at`, `updated_at`, `main`, `reason`, `rate`, `type`) VALUES (1,'X5nU7taPf0Ko4vZPjhf294MIRXBfZ0MzxX7bgTcN.png',5978,NULL,NULL,NULL,10.00,10.00,0,NULL,NULL,NULL,'active','2022-04-20 21:31:18','2022-03-15 21:13:54','2022-04-20 21:31:18',1,NULL,3,'normal'),(2,'uFrgxDKxR01B3V0VsTGogGp8WJC2LEcsv6wI9vND.jpg',1,NULL,NULL,NULL,100.00,100.00,100,NULL,NULL,NULL,'active','2022-04-19 21:02:05','2022-03-16 07:31:31','2022-04-19 21:02:05',0,NULL,4,NULL),(3,NULL,1,NULL,NULL,NULL,0.00,0.00,100,NULL,NULL,NULL,'active','2022-03-16 08:20:06','2022-03-16 08:05:20','2022-03-16 08:20:06',0,NULL,NULL,NULL),(4,NULL,1,NULL,NULL,NULL,0.00,0.00,100,NULL,NULL,NULL,'active','2022-03-16 08:20:12','2022-03-16 08:14:30','2022-03-16 08:20:12',0,NULL,NULL,NULL),(5,NULL,5978,NULL,NULL,NULL,0.00,0.00,87,NULL,NULL,NULL,'active','2022-04-16 23:59:17','2022-03-16 08:17:09','2022-04-16 23:59:17',0,NULL,NULL,NULL),(6,NULL,5955,NULL,NULL,NULL,0.00,0.00,100,NULL,NULL,NULL,'pending',NULL,'2022-03-16 08:20:29','2022-03-16 08:20:29',0,NULL,NULL,NULL),(7,NULL,1,NULL,NULL,NULL,0.00,0.00,100,NULL,NULL,NULL,'active','2022-03-16 10:51:19','2022-03-16 10:50:40','2022-03-16 10:51:19',0,NULL,NULL,NULL),(8,'OIl8I2lmnFpiqblpbKcPzJVz7GjoBHec2BBSFxCN.png',1,NULL,NULL,NULL,20.00,2.00,0,NULL,NULL,NULL,'active','2022-04-20 21:31:21','2022-03-19 10:30:44','2022-04-20 21:31:21',0,NULL,5,'normal'),(9,NULL,1,NULL,NULL,NULL,0.00,0.00,0,NULL,NULL,NULL,'pending',NULL,'2022-04-16 23:42:44','2022-04-16 23:42:44',0,NULL,NULL,NULL),(10,'IAUvQBRsPvT4RomNYtzvRYBUi0dCApocVrrZ8dck.png',5978,NULL,NULL,NULL,10.00,10.00,0,NULL,NULL,NULL,'active','2022-04-20 21:31:28','2022-04-16 23:59:20','2022-04-20 21:31:28',0,NULL,5,NULL),(11,NULL,5978,NULL,NULL,NULL,0.00,0.00,0,NULL,NULL,NULL,'pending',NULL,'2022-04-17 00:05:47','2022-04-17 00:05:47',0,NULL,NULL,NULL),(12,'nUzUnkratuP19QNl0w3iDEclb06UlmYA9HGPosTc.jpg',5978,NULL,NULL,NULL,10.00,10.00,10,NULL,NULL,NULL,'pending',NULL,'2022-04-17 16:36:59','2022-04-17 16:37:35',0,NULL,4,NULL),(13,NULL,1,NULL,NULL,NULL,0.00,0.00,0,NULL,NULL,NULL,'pending',NULL,'2022-04-19 21:02:24','2022-04-19 21:02:24',0,NULL,NULL,NULL),(14,NULL,1,NULL,NULL,NULL,0.00,0.00,0,NULL,NULL,NULL,'pending',NULL,'2022-04-19 21:02:25','2022-04-19 21:02:25',0,NULL,NULL,NULL),(15,'9eZlsLYZH6zoSliPpz9JjaC5RPAntjvT9OXRyAxt.png',1,NULL,NULL,NULL,22.00,22.00,15,NULL,NULL,NULL,'active','2022-04-20 21:31:31','2022-04-19 21:02:26','2022-04-20 21:31:31',0,NULL,5,NULL),(16,'0UDb8DaI56zI7K4WKI842wA3MIJKeJoHCmRT6dat.png',1,NULL,NULL,NULL,34.00,34.00,18,NULL,NULL,NULL,'active','2022-04-20 21:31:13','2022-04-19 21:02:27','2022-04-20 21:31:13',0,NULL,4,NULL),(17,'GIows8gFFeLrpCeskK7qouGcvqbGJ1rurYSlcE2V.png',1,NULL,NULL,NULL,34.00,34.00,12,NULL,NULL,NULL,'active','2022-04-20 21:31:35','2022-04-19 21:02:27','2022-04-20 21:31:35',0,NULL,4,NULL),(18,'NoGFyzDHAWFxVb3Bd4C4hX4qjZyNY5cngPexKCvD.png',1,NULL,NULL,NULL,22.00,22.00,23,NULL,NULL,NULL,'active','2022-04-20 21:50:46','2022-04-19 21:02:28','2022-04-20 21:50:46',0,NULL,4,NULL),(19,'YekT4ISicEsJffNnsbPgrSSpR4qQUyHnCeHL88eW.png',1,NULL,NULL,NULL,20.00,20.00,15,NULL,NULL,NULL,'active','2022-04-20 21:31:10','2022-04-19 21:02:29','2022-04-20 21:31:10',0,NULL,5,NULL),(20,'cUGfqf57HZaU9wU9jqSaQhMeYeGLgS4C8Z9BhHH8.png',1,NULL,NULL,NULL,5.00,5.00,1000,NULL,NULL,NULL,'active','2022-04-20 21:50:49','2022-04-20 20:57:38','2022-04-20 21:50:49',0,NULL,4,'normal'),(21,NULL,1,NULL,NULL,NULL,0.00,0.00,0,NULL,NULL,NULL,'pending',NULL,'2022-04-20 21:20:43','2022-04-20 21:20:43',0,NULL,NULL,NULL),(22,NULL,1,NULL,NULL,NULL,7.00,7.00,1000,NULL,NULL,NULL,'active','2022-04-20 21:30:56','2022-04-20 21:21:47','2022-04-20 21:30:56',0,NULL,4,NULL),(23,'xC9I4Kr26e14ZJO7QZjVuijEqiJzWahmyG0z8fAO.jpg',1,NULL,NULL,NULL,7.00,7.00,989,NULL,NULL,NULL,'active','2022-05-07 13:55:57','2022-04-20 21:50:53','2022-05-07 13:55:57',0,NULL,4,'normal'),(24,'iZFSgxZJNFVdkDg0lLglS1X6PPvAaZtnfd3OyLW6.jpg',1,NULL,NULL,NULL,5.00,5.00,993,NULL,NULL,NULL,'active','2022-05-07 13:56:01','2022-04-24 00:19:42','2022-05-07 13:56:01',0,NULL,4,'color'),(25,NULL,1,NULL,NULL,NULL,0.00,0.00,0,NULL,NULL,NULL,'pending',NULL,'2022-04-24 00:23:51','2022-04-24 00:23:51',0,NULL,NULL,NULL),(26,'NBA1SLpmu5b6lIdzLbSSwtCqUtNZSUPIvKz4249i.jpg',1,NULL,NULL,NULL,5.00,5.00,996,NULL,NULL,NULL,'active','2022-05-07 13:56:04','2022-04-24 01:17:39','2022-05-07 13:56:04',0,NULL,5,NULL),(27,'7B9YonY55k2iJcS2bkOndDxrs7Z02fWhh238fcaO.jpg',1,NULL,NULL,NULL,12.00,12.00,1000,NULL,NULL,NULL,'active','2022-05-07 13:56:08','2022-04-24 01:19:54','2022-05-07 13:56:08',0,NULL,5,NULL),(28,'NvFiTVbXAkDvwNPfXVrTMFOBGMu4MtnYuDtd1DuB.jpg',1,NULL,NULL,NULL,4.50,4.50,10000,NULL,NULL,NULL,'active','2022-05-07 13:56:12','2022-04-24 01:28:19','2022-05-07 13:56:12',0,NULL,5,NULL),(29,'dV37rGKcFART7rF9XnVQAXhjOCIUn0aCLC29sDiZ.jpg',1,NULL,NULL,NULL,3.50,3.50,1000,NULL,NULL,NULL,'active','2022-05-07 13:56:15','2022-04-24 01:30:37','2022-05-07 13:56:15',0,NULL,4,NULL),(30,'HDhrDpmm4LH6gi0nGp4SHic7fgUuinatQEdDggNe.png',6050,NULL,NULL,NULL,23.00,23.00,4,NULL,NULL,NULL,'active','2022-05-07 13:56:19','2022-04-24 17:08:11','2022-05-07 13:56:19',0,NULL,3,'color'),(31,'JRgNoMgorTiKNonxxhww8mYwVCcEkQaNUQaBtYwo.jpg',1,NULL,NULL,NULL,20.00,20.00,1000,NULL,NULL,NULL,'active','2022-05-07 13:56:23','2022-04-25 19:26:44','2022-05-07 13:56:23',0,NULL,4,NULL),(32,NULL,1,NULL,NULL,NULL,0.00,0.00,0,NULL,NULL,NULL,'pending',NULL,'2022-05-07 13:57:37','2022-05-07 14:03:56',0,NULL,5,NULL),(33,'obCG9DneOzabIulydmj8mGQGpvPbslaQYiwfGfei.jpg',6056,NULL,NULL,NULL,20.00,20.00,19,NULL,NULL,NULL,'active',NULL,'2022-05-08 00:37:53','2022-07-03 10:26:17',1,NULL,4,NULL),(34,'QsNRHHpYggR1cylBfDMl05llkmX1MKaszOSDGI6p.webp',1,NULL,NULL,NULL,34.00,34.00,15,NULL,NULL,NULL,'active',NULL,'2022-05-08 00:39:39','2022-08-17 15:40:55',1,NULL,5,NULL),(35,'Z2OzkWENznrmATYjZkfTWyq4iQnBeiCyfKvqO8jB.jpg',1,NULL,NULL,NULL,200.00,200.00,20,NULL,NULL,NULL,'active',NULL,'2022-05-08 00:44:30','2022-07-03 09:48:45',1,NULL,5,NULL),(36,NULL,1,NULL,NULL,NULL,0.00,0.00,0,NULL,NULL,NULL,'pending',NULL,'2022-05-08 00:44:31','2022-05-08 00:44:31',0,NULL,NULL,NULL),(37,'ZQ07XocApLNk2VkkXbrCBhUl8pknL4kIl4RSCYFI.jpg',1,NULL,NULL,NULL,23.00,23.00,9,NULL,NULL,NULL,'active',NULL,'2022-05-08 00:44:32','2022-05-20 23:40:32',1,NULL,5,NULL),(38,'gubQyOYq1xLmvS54NEJbL3M6I6YGIxGR6INDbT3z.jpg',1,NULL,NULL,NULL,20.00,20.00,22,NULL,NULL,NULL,'active',NULL,'2022-05-08 01:18:50','2022-05-20 23:34:04',1,NULL,5,NULL),(39,'PuIS6iwxNO8a3AHdyqL1IxHvlvsvzSno2NTlQB5M.webp',1,NULL,NULL,NULL,20.00,20.00,4,NULL,NULL,NULL,'active',NULL,'2022-05-08 01:18:51','2022-08-17 15:40:55',1,NULL,3,NULL),(40,'A1wr6apFLdwUNyfFP9Ua6xeGUdPuEPtOyYoNl1Jm.jpg',1,NULL,NULL,NULL,23.00,23.00,28,NULL,NULL,NULL,'active',NULL,'2022-05-08 01:26:15','2022-05-21 20:52:59',1,NULL,5,NULL),(41,'nDQZUpH1KoKyTPhyVk6l2CNChyIUClNy03ElJGml.jpg',6052,NULL,NULL,NULL,20.00,20.00,22,NULL,NULL,NULL,'pending',NULL,'2022-05-08 01:55:23','2022-05-08 02:02:22',0,NULL,5,NULL),(42,'tyrNERuiAWCP6pl0T3JtAAdJuXRcq6rVsHvtLa38.jpg',6052,NULL,NULL,NULL,20.00,100.00,23,NULL,NULL,NULL,'pending',NULL,'2022-05-08 01:58:56','2022-05-08 02:11:05',0,NULL,5,NULL),(43,'kVnMUguaN9J5gbJqYYh8XnDNizeRj9zmH9Lnbi8N.jpg',6053,NULL,NULL,NULL,23.00,23.00,19,NULL,NULL,NULL,'active',NULL,'2022-05-08 02:24:40','2022-08-17 15:40:55',0,NULL,4,NULL),(44,'dQl8LLGqAd4Vgo7X2YoWNAs25llOpLcQkvxnwYqC.png',6053,NULL,NULL,NULL,23.00,23.00,13,NULL,NULL,NULL,'active',NULL,'2022-05-08 02:28:41','2022-05-08 02:36:34',0,NULL,3,NULL),(45,'1ebs3XYujnZYkNMuvazmq5kC9SXkJ7xZfAU7CV0q.jpg',6053,NULL,NULL,NULL,23.00,23.00,27,NULL,NULL,NULL,'active',NULL,'2022-05-08 02:29:39','2022-05-25 10:05:58',0,NULL,5,NULL),(46,'544VDtxn3k6G6ZbNiQBvJgkKJ1FEeXTCOvugt8tL.jpg',6055,NULL,NULL,NULL,23.00,23.00,23,NULL,NULL,NULL,'active',NULL,'2022-05-08 02:45:16','2022-05-08 02:46:53',0,NULL,5,NULL),(47,NULL,6055,NULL,NULL,NULL,0.00,0.00,0,NULL,NULL,NULL,'pending',NULL,'2022-05-08 02:47:32','2022-05-08 02:47:32',0,NULL,NULL,NULL),(48,'4foxl83QQooNa49T8YEO4wXdxIkMjZvDuOu4rtf3.jpg',6055,NULL,NULL,NULL,23.00,23.00,3,NULL,NULL,NULL,'active',NULL,'2022-05-08 02:47:50','2022-05-08 02:50:13',0,NULL,5,NULL),(49,NULL,6055,NULL,NULL,NULL,0.00,0.00,0,NULL,NULL,NULL,'pending',NULL,'2022-05-08 02:48:46','2022-05-08 02:48:46',0,NULL,NULL,NULL),(50,'x8hGDEsrq7eI8IXcl6WqVvY3k8Ka16bPTawhxxpO.jpg',6055,NULL,NULL,NULL,24.00,24.00,55,NULL,NULL,NULL,'active',NULL,'2022-05-08 02:49:09','2022-05-08 02:53:29',0,NULL,2,NULL),(51,NULL,1,NULL,NULL,NULL,0.00,0.00,0,NULL,NULL,NULL,'pending',NULL,'2022-05-13 14:19:13','2022-05-13 14:19:13',0,NULL,NULL,NULL),(52,NULL,6056,NULL,NULL,NULL,0.00,0.00,0,NULL,NULL,NULL,'pending',NULL,'2022-05-20 23:14:45','2022-05-20 23:14:45',0,NULL,NULL,NULL);

--
-- Table structure for table `public_notifcations`
--

CREATE TABLE `public_notifcations` (
  `id` int unsigned NOT NULL AUTO_INCREMENT,
  `user_id` int unsigned DEFAULT NULL,
  `title` varchar(191) CHARACTER SET utf8mb4 COLLATE utf8mb4_unicode_ci NOT NULL,
  `message` text CHARACTER SET utf8mb4 COLLATE utf8mb4_unicode_ci NOT NULL,
  `data` text CHARACTER SET utf8mb4 COLLATE utf8mb4_unicode_ci NOT NULL,
  `created_at` timestamp NULL DEFAULT NULL,
  `updated_at` timestamp NULL DEFAULT NULL,
  PRIMARY KEY (`id`),
  KEY `public_notifcations_user_id_foreign` (`user_id`)
) ENGINE=InnoDB AUTO_INCREMENT=9 DEFAULT CHARSET=utf8mb4 COLLATE=utf8mb4_unicode_ci;

--
-- Dumping data for table `public_notifcations`
--

INSERT INTO `public_notifcations` (`id`, `user_id`, `title`, `message`, `data`, `created_at`, `updated_at`) VALUES (1,1,'صسصسصسسسسص','سسصسسصسص🙁','null','2022-04-20 17:24:21','2022-04-20 17:24:21'),(2,1,'test test 2','test test 2','null','2022-04-20 17:27:09','2022-04-20 17:27:09'),(3,1,'hi','hi','null','2022-04-20 17:27:39','2022-04-20 17:27:39'),(4,1,'by','by','null','2022-04-20 17:27:48','2022-04-20 17:27:48'),(5,1,'open','open','null','2022-04-20 17:28:12','2022-04-20 17:28:12'),(6,1,'test','test','null','2022-05-13 14:30:07','2022-05-13 14:30:07'),(7,1,'weekend','لا تطوفها الحين مع شابتر APP','null','2022-05-13 14:31:17','2022-05-13 14:31:17'),(8,1,'sdasdadasa','😌😂','null','2022-05-13 14:31:56','2022-05-13 14:31:56');

--
-- Table structure for table `rates`
--

CREATE TABLE `rates` (
  `id` bigint unsigned NOT NULL AUTO_INCREMENT,
  `user_id` int unsigned NOT NULL,
  `product_id` int unsigned DEFAULT NULL,
  `rate` int NOT NULL,
  `comment` varchar(191) CHARACTER SET utf8mb4 COLLATE utf8mb4_unicode_ci DEFAULT NULL,
  `created_at` timestamp NULL DEFAULT NULL,
  `updated_at` timestamp NULL DEFAULT NULL,
  PRIMARY KEY (`id`),
  KEY `rates_user_id_foreign` (`user_id`),
  KEY `order_id` (`product_id`)
) ENGINE=InnoDB AUTO_INCREMENT=38 DEFAULT CHARSET=utf8mb4 COLLATE=utf8mb4_unicode_ci;

--
-- Dumping data for table `rates`
--

INSERT INTO `rates` (`id`, `user_id`, `product_id`, `rate`, `comment`, `created_at`, `updated_at`) VALUES (12,6006,9,4,'new rate','2022-03-07 00:05:00','2022-03-07 00:05:00'),(13,6006,9,3,'new rate','2022-03-07 00:08:26','2022-03-07 00:08:26'),(14,6006,9,5,'new rate','2022-03-07 00:08:52','2022-03-07 00:08:52'),(15,6006,9,5,'new rate','2022-03-07 00:09:12','2022-03-07 00:09:12'),(16,6006,9,5,'new rate','2022-04-10 12:51:17','2022-04-10 12:51:17'),(17,6006,9,5,'new rate','2022-04-10 16:18:58','2022-04-10 16:18:58'),(18,0,1,5,NULL,'2022-04-19 22:14:32','2022-04-19 22:14:32'),(19,0,1,5,NULL,'2022-04-19 22:14:44','2022-04-19 22:14:44'),(20,0,1,5,NULL,'2022-04-19 22:56:38','2022-04-19 22:56:38'),(21,0,77,5,NULL,'2022-04-20 00:34:16','2022-04-20 00:34:16'),(22,0,78,5,NULL,'2022-04-20 13:49:21','2022-04-20 13:49:21'),(23,0,120,5,NULL,'2022-05-02 16:48:31','2022-05-02 16:48:31'),(24,0,125,3,NULL,'2022-05-04 13:14:10','2022-05-04 13:14:10'),(25,0,126,5,NULL,'2022-05-04 13:16:26','2022-05-04 13:16:26'),(26,0,127,5,NULL,'2022-05-04 13:18:23','2022-05-04 13:18:23'),(27,0,129,5,NULL,'2022-05-04 13:19:43','2022-05-04 13:19:43'),(28,0,153,5,NULL,'2022-05-11 16:17:52','2022-05-11 16:17:52'),(29,0,157,5,NULL,'2022-05-13 14:13:14','2022-05-13 14:13:14'),(30,0,13,5,NULL,'2022-05-20 23:40:39','2022-05-20 23:40:39'),(31,6056,33,5,NULL,'2022-05-20 23:40:59','2022-05-20 23:40:59'),(32,0,23,5,NULL,'2022-05-21 20:17:08','2022-05-21 20:17:08'),(33,0,9,5,NULL,'2022-05-21 20:53:04','2022-05-21 20:53:04'),(34,0,25,5,NULL,'2022-05-21 20:56:32','2022-05-21 20:56:32'),(35,0,26,5,NULL,'2022-05-21 20:59:27','2022-05-21 20:59:27'),(36,0,26,5,NULL,'2022-05-21 20:59:28','2022-05-21 20:59:28'),(37,0,27,5,NULL,'2022-05-21 21:43:25','2022-05-21 21:43:25');

--
-- Table structure for table `refund_police`
--

CREATE TABLE `refund_police` (
  `id` int unsigned NOT NULL AUTO_INCREMENT,
  `order_id` int unsigned NOT NULL,
  `product_id` int unsigned NOT NULL,
  `qyt` int DEFAULT NULL,
  `inventory_id` int unsigned DEFAULT NULL,
  `created_at` timestamp NULL DEFAULT NULL,
  `updated_at` timestamp NULL DEFAULT NULL,
  PRIMARY KEY (`id`),
  KEY `refund_police_order_id_foreign` (`order_id`),
  KEY `refund_police_product_id_foreign` (`product_id`),
  KEY `refund_police_inventory_id_foreign` (`inventory_id`)
) ENGINE=InnoDB DEFAULT CHARSET=utf8mb4 COLLATE=utf8mb4_unicode_ci;

--
-- Dumping data for table `refund_police`
--


--
-- Table structure for table `region_translations`
--

CREATE TABLE `region_translations` (
  `id` int unsigned NOT NULL AUTO_INCREMENT,
  `region_id` int unsigned NOT NULL,
  `name` varchar(191) CHARACTER SET utf8mb4 COLLATE utf8mb4_unicode_ci NOT NULL,
  `locale` varchar(191) CHARACTER SET utf8mb4 COLLATE utf8mb4_unicode_ci NOT NULL,
  `created_at` timestamp NULL DEFAULT NULL,
  `updated_at` timestamp NULL DEFAULT NULL,
  PRIMARY KEY (`id`),
  UNIQUE KEY `region_translations_region_id_locale_unique` (`region_id`,`locale`),
  KEY `region_translations_locale_index` (`locale`)
) ENGINE=InnoDB AUTO_INCREMENT=227 DEFAULT CHARSET=utf8mb4 COLLATE=utf8mb4_unicode_ci;

--
-- Dumping data for table `region_translations`
--

INSERT INTO `region_translations` (`id`, `region_id`, `name`, `locale`, `created_at`, `updated_at`) VALUES (1,1,'معسكرات المباركية','ar',NULL,NULL),(2,1,'Mubarekiya Camps','en',NULL,NULL),(3,2,'مدينة الكويت','ar',NULL,NULL),(4,2,'Kuwait City','en',NULL,NULL),(5,3,'كيفان','ar',NULL,NULL),(6,3,'Kaifan','en',NULL,NULL),(7,4,'قرطبة','ar',NULL,NULL),(8,4,'Qortuba','en',NULL,NULL),(9,5,'غرناطة','ar',NULL,NULL),(10,5,'Granada','en',NULL,NULL),(11,6,'عبدالله السالم','ar',NULL,NULL),(12,6,'Abdullah Al-Salim','en',NULL,NULL),(13,7,'الشويخ الصناعية 3','ar',NULL,NULL),(14,7,'Shuwaikh Industrial 3','en',NULL,NULL),(15,8,'الشويخ الصناعية 2','ar',NULL,NULL),(16,8,'Shuwaikh Industrial 2','en',NULL,NULL),(17,9,'الشويخ الصناعية 1','ar',NULL,NULL),(18,9,'Shuwaikh Industrial 1','en',NULL,NULL),(19,10,'الشويخ الصحية','ar',NULL,NULL),(20,10,'Shuwaikh Medical','en',NULL,NULL),(21,11,'الشويخ السكنية','ar',NULL,NULL),(22,11,'Shuwaikh Residential','en',NULL,NULL),(23,12,'الشويخ التعليمية','ar',NULL,NULL),(24,12,'Shuwaikh Educational','en',NULL,NULL),(25,13,'الشويخ الادارية','ar',NULL,NULL),(26,13,'Shuwaikh Administrative','en',NULL,NULL),(27,14,'شمال غرب الصليبخات','ar',NULL,NULL),(28,14,'North West Al-Sulaibikhat','en',NULL,NULL),(29,15,'دسمان','ar',NULL,NULL),(30,15,'Dasman','en',NULL,NULL),(31,16,'جابر الأحمد','ar',NULL,NULL),(32,16,'Jaber Al Ahmad','en',NULL,NULL),(33,17,'بنيد القار','ar',NULL,NULL),(34,17,'Bnied Al-Gar','en',NULL,NULL),(35,18,'اليرموك','ar',NULL,NULL),(36,18,'Yarmouk','en',NULL,NULL),(37,19,'النهضة','ar',NULL,NULL),(38,19,'Al Nahda','en',NULL,NULL),(39,20,'النزهة','ar',NULL,NULL),(40,20,'Nuzha','en',NULL,NULL),(41,21,'المنصورية','ar',NULL,NULL),(42,21,'Mansouriya','en',NULL,NULL),(43,22,'المرقاب','ar',NULL,NULL),(44,22,'Mirqab','en',NULL,NULL),(45,23,'القبلة','ar',NULL,NULL),(46,23,'Qibla','en',NULL,NULL),(47,24,'القادسية','ar',NULL,NULL),(48,24,'Qadsia','en',NULL,NULL),(49,25,'الفيحاء','ar',NULL,NULL),(50,25,'Faiha','en',NULL,NULL),(51,26,'العديلية','ar',NULL,NULL),(52,26,'Adailiya','en',NULL,NULL),(53,27,'الصليبخات','ar',NULL,NULL),(54,27,'Sulaibikhat','en',NULL,NULL),(55,28,'الصالحية','ar',NULL,NULL),(56,28,'Salhiya','en',NULL,NULL),(57,29,'الشرق','ar',NULL,NULL),(58,29,'Sharq','en',NULL,NULL),(59,30,'الشامية','ar',NULL,NULL),(60,30,'Shamiya','en',NULL,NULL),(61,31,'السرة','ar',NULL,NULL),(62,31,'Surra','en',NULL,NULL),(63,32,'الروضة','ar',NULL,NULL),(64,32,'Rawda','en',NULL,NULL),(65,33,'الدوحة','ar',NULL,NULL),(66,33,'Doha','en',NULL,NULL),(67,34,'الدعية','ar',NULL,NULL),(68,34,'Daiya','en',NULL,NULL),(69,35,'الدسمة','ar',NULL,NULL),(70,35,'Dasma','en',NULL,NULL),(71,36,'الخالدية','ar',NULL,NULL),(72,36,'Khaldiya','en',NULL,NULL),(73,37,'ميدان حولي','ar',NULL,NULL),(74,37,'Maidan Hawally','en',NULL,NULL),(75,38,'منطقة الوزارات','ar',NULL,NULL),(76,38,'Ministries','en',NULL,NULL),(77,39,'مشرف','ar',NULL,NULL),(78,39,'Mishref','en',NULL,NULL),(79,40,'مبارك العبدالله غرب مشرف','ar',NULL,NULL),(80,40,'Mubarak Al-Abdullah West Mishref','en',NULL,NULL),(81,41,'سلوى','ar',NULL,NULL),(82,41,'Salwa','en',NULL,NULL),(83,42,'حولي','ar',NULL,NULL),(84,42,'Hawalli','en',NULL,NULL),(85,43,'حطين','ar',NULL,NULL),(86,43,'Hutteen','en',NULL,NULL),(87,44,'بيان','ar',NULL,NULL),(88,44,'Bayan','en',NULL,NULL),(89,45,'الصديق','ar',NULL,NULL),(90,45,'Al-Siddeeq','en',NULL,NULL),(91,46,'الشهداء','ar',NULL,NULL),(92,46,'Shuhada','en',NULL,NULL),(93,47,'الشعب','ar',NULL,NULL),(94,47,'Shaab','en',NULL,NULL),(95,48,'السلام','ar',NULL,NULL),(96,48,'Salam','en',NULL,NULL),(97,49,'السالمية','ar',NULL,NULL),(98,49,'Salmiya','en',NULL,NULL),(99,50,'الزهراء','ar',NULL,NULL),(100,50,'Zahra','en',NULL,NULL),(101,51,'الرميثية','ar',NULL,NULL),(102,51,'Rumaithiya','en',NULL,NULL),(103,52,'الجابرية','ar',NULL,NULL),(104,52,'Jabriya','en',NULL,NULL),(105,53,'البدع','ar',NULL,NULL),(106,53,'Al-Bidea','en',NULL,NULL),(107,54,'مطار الشيخ سعد العبدالله','ar',NULL,NULL),(108,54,'Sheikh Saad Al Abdallah ِAirport','en',NULL,NULL),(109,55,'عبدالله المبارك','ar',NULL,NULL),(110,55,'Al-Abdullah Mubarak','en',NULL,NULL),(111,56,'مخازن العارضية','ar',NULL,NULL),(112,56,'Stores Ardiya','en',NULL,NULL),(113,57,'العارضية الصناعية','ar',NULL,NULL),(114,57,'Herafi Ardiya','en',NULL,NULL),(115,58,'الضجيج','ar',NULL,NULL),(116,58,'Al-Dajeej','en',NULL,NULL),(117,59,'صباح الناصر','ar',NULL,NULL),(118,59,'Sabah Al Nasser','en',NULL,NULL),(119,60,'خيطان','ar',NULL,NULL),(120,60,'Khaitan','en',NULL,NULL),(121,61,'جليب الشيوخ','ar',NULL,NULL),(122,61,'Jeleeb Al-Shuyoukh','en',NULL,NULL),(123,62,'مطار الكويت','ar',NULL,NULL),(124,62,'Airport','en',NULL,NULL),(125,63,'الفروانية','ar',NULL,NULL),(126,63,'Al- Farwaniyah','en',NULL,NULL),(127,64,'الفردوس','ar',NULL,NULL),(128,64,'Firdous','en',NULL,NULL),(129,65,'العمرية','ar',NULL,NULL),(130,65,'Omariya','en',NULL,NULL),(131,66,'العارضية','ar',NULL,NULL),(132,66,'Ardiya','en',NULL,NULL),(133,67,'الري','ar',NULL,NULL),(134,67,'Rai','en',NULL,NULL),(135,68,'الرقعي','ar',NULL,NULL),(136,68,'Rigai','en',NULL,NULL),(137,69,'الرحاب','ar',NULL,NULL),(138,69,'Rehab','en',NULL,NULL),(139,70,'الرابية','ar',NULL,NULL),(140,70,'Rabia','en',NULL,NULL),(141,71,'الأندلس','ar',NULL,NULL),(142,71,'Andalous','en',NULL,NULL),(143,72,'أشبيلية','ar',NULL,NULL),(144,72,'Ishbiliya','en',NULL,NULL),(145,73,'هدية','ar',NULL,NULL),(146,73,'Hadiya','en',NULL,NULL),(147,74,'فهد الأحمد','ar',NULL,NULL),(148,74,'Fahad Al Ahmad','en',NULL,NULL),(149,75,'جنوب الصباحية','ar',NULL,NULL),(150,75,'South Sabahiya','en',NULL,NULL),(151,76,'جابر العلي','ar',NULL,NULL),(152,76,'Jaber Al Ali','en',NULL,NULL),(153,77,'بنيدر','ar',NULL,NULL),(154,77,'Bnaider','en',NULL,NULL),(155,78,'المهبولة','ar',NULL,NULL),(156,78,'Mahboula','en',NULL,NULL),(157,79,'المنقف','ar',NULL,NULL),(158,79,'Mangaf','en',NULL,NULL),(159,80,'الفنطاس','ar',NULL,NULL),(160,80,'Fintas','en',NULL,NULL),(161,81,'الفحيحيل','ar',NULL,NULL),(162,81,'Fahaheel','en',NULL,NULL),(163,82,'العقيلة','ar',NULL,NULL),(164,82,'Eqaila','en',NULL,NULL),(165,83,'الظهر','ar',NULL,NULL),(166,83,'Dahar','en',NULL,NULL),(167,84,'الصباحية','ar',NULL,NULL),(168,84,'Al-Subahiya','en',NULL,NULL),(169,85,'الرقة','ar',NULL,NULL),(170,85,'Al-Riqqah','en',NULL,NULL),(171,86,'الأحمدي','ar',NULL,NULL),(172,86,'Ahmadi','en',NULL,NULL),(173,87,'أبو حليفة','ar',NULL,NULL),(174,87,'Abu Halifa','en',NULL,NULL),(175,88,'علي صباح السالم ام الهيمان','ar',NULL,NULL),(176,88,'Ali Sabah Al Salem Umm al hayman','en',NULL,NULL),(177,89,'وسطي','ar',NULL,NULL),(178,89,'Wista','en',NULL,NULL),(179,90,'مبارك الكبير','ar',NULL,NULL),(180,90,'Mubarak Al-Kabeer','en',NULL,NULL),(181,91,'فنيطيس','ar',NULL,NULL),(182,91,'Fnaitees','en',NULL,NULL),(183,92,'غرب أبو فطيرة الحرفية','ar',NULL,NULL),(184,92,'West of Abu Fatira Al-Herafia','en',NULL,NULL),(185,93,'صبحان الصناعية','ar',NULL,NULL),(186,93,'Sabhan Industrial','en',NULL,NULL),(187,94,'صباح السالم','ar',NULL,NULL),(188,94,'Sabah Al Salem','en',NULL,NULL),(189,95,'جنوب وسطي','ar',NULL,NULL),(190,95,'South Wista','en',NULL,NULL),(191,96,'المسيلة','ar',NULL,NULL),(192,96,'Messila','en',NULL,NULL),(193,97,'المسايل','ar',NULL,NULL),(194,97,'Al-Masayel','en',NULL,NULL),(195,98,'القصور','ar',NULL,NULL),(196,98,'Qusour','en',NULL,NULL),(197,99,'القرين','ar',NULL,NULL),(198,99,'Qurain','en',NULL,NULL),(199,100,'العدان','ar',NULL,NULL),(200,100,'Adan','en',NULL,NULL),(201,101,'أبو فطيرة','ar',NULL,NULL),(202,101,'Abu \'Fteira','en',NULL,NULL),(203,102,'أبو الحصاني','ar',NULL,NULL),(204,102,'Abu Al Hasaniya','en',NULL,NULL),(205,103,'الجهراء','ar',NULL,NULL),(206,103,'Jahra','en',NULL,NULL),(207,104,'القيروان','ar',NULL,NULL),(208,104,'Qairawan','en',NULL,NULL),(209,105,'القصر','ar',NULL,NULL),(210,105,'Qasr','en',NULL,NULL),(211,106,'الصليبية','ar',NULL,NULL),(212,106,'Sulaibiy','en',NULL,NULL),(213,107,'سعد العبدالله','ar',NULL,NULL),(214,107,'Saad Al Abdullah','en',NULL,NULL),(215,108,'تيماء','ar',NULL,NULL),(216,108,'Taima\'','en',NULL,NULL),(217,109,'منطقة أمغرة الصناعية','ar',NULL,NULL),(218,109,'Amgarah Industrial Area','en',NULL,NULL),(219,110,'الواحة','ar',NULL,NULL),(220,110,'Waha','en',NULL,NULL),(221,111,'النعيم','ar',NULL,NULL),(222,111,'Naeem','en',NULL,NULL),(223,112,'النسيم','ar',NULL,NULL),(224,112,'Naseem','en',NULL,NULL),(225,113,'العيون','ar',NULL,NULL),(226,113,'Oyoun','en',NULL,NULL);

--
-- Table structure for table `regions`
--

CREATE TABLE `regions` (
  `id` int unsigned NOT NULL AUTO_INCREMENT,
  `status` tinyint(1) NOT NULL DEFAULT '1',
  `address_address` varchar(191) CHARACTER SET utf8mb4 COLLATE utf8mb4_unicode_ci NOT NULL,
  `address_latitude` double NOT NULL,
  `address_longitude` double NOT NULL,
  `governments_id` int unsigned NOT NULL,
  `created_at` timestamp NULL DEFAULT NULL,
  `updated_at` timestamp NULL DEFAULT NULL,
  `country_id` int unsigned NOT NULL,
  PRIMARY KEY (`id`),
  KEY `regions_governments_id_foreign` (`governments_id`),
  KEY `regions_country_id_foreign` (`country_id`)
) ENGINE=InnoDB AUTO_INCREMENT=114 DEFAULT CHARSET=utf8mb4 COLLATE=utf8mb4_unicode_ci;

--
-- Dumping data for table `regions`
--

INSERT INTO `regions` (`id`, `status`, `address_address`, `address_latitude`, `address_longitude`, `governments_id`, `created_at`, `updated_at`, `country_id`) VALUES (1,1,'معسكرات المباركية، الكويت‎',29.3137412,47.9094547,1,'2020-07-29 17:07:36','2020-07-29 22:28:25',1),(2,1,'مدينة الكويت، العاصمة، Kuwait',29.375859,47.9774052,1,'2020-08-06 20:22:47','2020-08-06 20:22:47',1),(3,1,'كيفان، Kuwait',29.3375672,47.9589345,1,'2020-08-06 20:24:57','2020-08-06 20:24:57',1),(4,1,'قرطبة، Kuwait',29.3123481,47.9861678,1,'2020-08-06 20:25:28','2020-08-06 20:25:28',1),(5,1,'غرناطة، Kuwait',29.312521,47.8785532,1,'2020-08-06 20:26:03','2020-08-06 20:26:03',1),(6,1,'عبدالله السالم، Kuwait',29.3518587,47.98369150000001,1,'2020-08-06 20:26:32','2020-08-06 20:26:32',1),(7,1,'37design, الشويخ الصناعية، Kuwait',29.329692,47.94376099999999,1,'2020-08-06 20:27:30','2020-08-06 20:27:30',1),(8,1,'شويخ الصناعية 2، Shuwaikh Industrial, Kuwait',29.3242366,47.9490349,1,'2020-08-06 20:28:05','2020-08-06 20:28:05',1),(9,1,'101 Caffe, الشويخ الصناعية، Kuwait',29.3044679,47.9412732,1,'2020-08-06 20:28:40','2020-08-06 20:28:40',1),(10,1,'الشويخ الصحية',0,0,1,'2020-08-06 20:30:30','2020-08-06 20:30:30',1),(11,1,'شويخ السكنية، Kuwait',29.3546948,47.9539844,1,'2020-08-06 20:32:28','2020-08-06 20:32:28',1),(12,1,'الشويخ التعليمية',29.3546948,47.9539844,1,'2020-08-06 20:35:52','2020-08-06 20:35:52',1),(13,1,'كلية التربية - جامعة الكويت، Al-Suwais Street, Kuwait',29.3385947,47.9514183,1,'2020-08-06 20:36:46','2020-08-06 20:36:46',1),(14,1,'شمال غرب الصليبيخات، Kuwait',29.3278632,47.8106327,1,'2020-08-06 20:37:14','2020-08-06 20:37:14',1),(15,1,'دسمان، Kuwait City, Kuwait',29.3878041,47.9997896,1,'2020-08-06 20:37:55','2020-08-06 20:37:55',1),(16,1,'جابر الاحمد، Kuwait',29.3481663,47.7588245,1,'2020-08-06 20:38:26','2020-08-06 20:38:26',1),(17,1,'بنيد القار، Kuwait',29.3748727,48.0042721,1,'2020-08-06 20:39:01','2020-08-06 20:39:01',1),(18,1,'اليرموك، Kuwait',29.3128217,47.96883589999999,1,'2020-08-06 20:39:32','2020-08-06 20:39:32',1),(19,1,'النهضة، Kuwait',29.3041767,47.86002080000001,1,'2020-08-06 20:40:00','2020-08-06 20:40:00',1),(20,1,'النزهة، الكويت‎',29.3413899,47.9935975,1,'2020-08-06 20:40:37','2020-08-06 20:40:37',1),(21,1,'المنصورية، Kuwait',29.3573377,47.9948358,1,'2020-08-06 20:41:51','2020-08-06 20:41:51',1),(22,1,'المرقاب، Kuwait City, Kuwait',29.3661375,47.98369150000001,1,'2020-08-06 20:42:22','2020-08-06 20:42:22',1),(23,1,'قبلة، Kuwait City, Kuwait',29.369934,47.96883589999999,1,'2020-08-06 20:43:07','2020-08-06 20:43:07',1),(24,1,'القادسية، Kuwait',29.3499618,48.0035053,1,'2020-08-06 20:43:35','2020-08-06 20:43:35',1),(25,1,'الفيحاء، Kuwait',29.3404328,47.9787391,1,'2020-08-06 20:44:03','2020-08-06 20:44:03',1),(26,1,'العديلية، Kuwait',29.328058,47.98369150000001,1,'2020-08-06 20:44:38','2020-08-06 20:44:38',1),(27,1,'الصليبيخات، Kuwait',29.3155591,47.84026009999999,1,'2020-08-06 20:45:06','2020-08-06 20:45:06',1),(28,1,'الصالحية، Kuwait City, Kuwait',29.3635088,47.9675981,1,'2020-08-06 20:45:29','2020-08-06 20:45:29',1),(29,1,'شرق، Kuwait City, Kuwait',29.3823227,47.9886442,1,'2020-08-06 20:48:55','2020-08-06 20:48:55',1),(30,1,'الشامية، Kuwait',29.35089859999999,47.96883589999999,1,'2020-08-06 20:49:25','2020-08-06 20:49:25',1),(31,1,'السرة، Kuwait',29.3137752,48.0084599,1,'2020-08-06 20:49:47','2020-08-06 20:49:47',1),(32,1,'الروضة، Kuwait',29.3290126,47.99855119999999,1,'2020-08-06 20:50:18','2020-08-06 20:50:18',1),(33,1,'الدوحة، Kuwait',29.3155169,47.8155695,1,'2020-08-06 20:50:41','2020-08-06 20:50:41',1),(34,1,'الدعية، Kuwait',29.3604396,48.0183705,1,'2020-08-06 20:51:12','2020-08-06 20:51:12',1),(35,1,'الدسمة، Kuwait',29.3664336,48.000698,1,'2020-08-06 20:51:37','2020-08-06 20:51:37',1),(36,1,'الخالدية، Kuwait',29.3251956,47.9638849,1,'2020-08-06 20:52:10','2020-08-06 20:52:10',1),(37,1,'ميدان حولي',29.3251956,47.9638849,2,'2020-08-06 20:53:09','2020-08-06 20:53:09',1),(38,1,'منطقة الوزارات، Kuwait',29.2699529,48.0183705,2,'2020-08-06 20:53:46','2020-08-06 20:53:46',1),(39,1,'مشرف، Kuwait',29.2765468,48.06732479999999,2,'2020-08-06 20:54:18','2020-08-06 20:54:18',1),(40,1,'جوازات غرب مشرف، Mubarak Al-Abdullah, Kuwait',29.2693758,48.0543005,2,'2020-08-06 20:54:59','2020-08-06 20:54:59',1),(41,1,'سلوى، Kuwait',29.2964866,48.079379,2,'2020-08-06 20:55:24','2020-08-06 20:55:24',1),(42,1,'حولي، Kuwait',29.33778819999999,48.0234708,2,'2020-08-06 20:55:46','2020-08-06 20:55:46',1),(43,1,'حطين، Kuwait',29.2842433,48.0183705,2,'2020-08-06 20:56:12','2020-10-11 17:12:10',1),(44,1,'بيان، Kuwait',29.2979895,48.0510871,2,'2020-08-06 20:56:33','2020-08-06 20:56:33',1),(45,1,'الصديق، Kuwait',29.2937781,47.9935975,2,'2020-08-06 20:57:04','2020-08-06 20:57:04',1),(46,1,'الشهداء، Kuwait',29.270894,48.0332398,2,'2020-08-06 20:57:35','2020-08-06 20:57:35',1),(47,1,'الشعب، Kuwait',29.34996499999999,48.0282829,2,'2020-08-06 20:58:12','2020-08-06 20:58:12',1),(48,1,'السلام، Kuwait',29.2966294,48.01341499999999,2,'2020-08-06 20:58:40','2020-08-06 20:58:40',1),(49,1,'السالمية، Kuwait',29.3352938,48.0715612,2,'2020-08-06 20:59:09','2020-08-06 20:59:09',1),(50,1,'الزهراء، Kuwait',29.2746424,47.99978,2,'2020-08-06 20:59:39','2020-08-06 20:59:39',1),(51,1,'الرميثية، Kuwait',29.3161237,48.0719508,2,'2020-08-06 21:00:03','2020-08-06 21:00:03',1),(52,1,'الجابرية، Kuwait',29.3199043,48.0255416,2,'2020-08-06 21:00:25','2020-08-06 21:00:25',1),(53,1,'البدع، Kuwait',29.3149201,48.0890362,2,'2020-08-06 21:01:07','2020-08-06 21:01:07',1),(54,1,'مطار الشيخ سعد العبدالله، Kuwait',29.2259527,47.984963,4,'2020-08-06 23:17:07','2020-08-06 23:17:07',1),(55,1,'غرب عبدالله مبارك، Abdullah Al Mubarak Al Sabah, Kuwait',29.2403299,47.90460040000001,4,'2020-08-06 23:17:56','2020-08-06 23:17:56',1),(56,1,'مخازن العارضية، العارضية، Kuwait',29.2956718,47.9242939,4,'2020-08-06 23:18:42','2020-08-06 23:18:42',1),(57,1,'العارضية الصناعية، Ardiya, Kuwait',29.2947115,47.9094547,4,'2020-08-06 23:19:20','2020-08-06 23:19:20',1),(58,1,'الضجيج، Kuwait',29.2620388,47.9630143,4,'2020-08-06 23:19:48','2020-08-06 23:19:48',1),(59,1,'صباح الناصر، Kuwait',29.2707391,47.8831023,4,'2020-08-06 23:20:35','2020-08-06 23:20:35',1),(60,1,'خيطان، Kuwait',29.2840931,47.9751042,4,'2020-08-06 23:21:03','2020-08-06 23:21:03',1),(61,1,'جليب الشيوخ، Kuwait',29.2595663,47.9330522,4,'2020-08-06 23:21:55','2020-08-06 23:21:55',1),(62,1,'مطار الكويت الدولي، Ghazali Road, Kuwait',29.2404414,47.9710458,4,'2020-08-06 23:22:25','2020-08-06 23:22:25',1),(63,1,'الفروانية، Kuwait',29.281596,47.96025179999999,4,'2020-08-06 23:23:02','2020-08-06 23:23:02',1),(64,1,'الفردوس، Kuwait',29.2834971,47.8744558,4,'2020-08-06 23:23:34','2020-08-06 23:23:34',1),(65,1,'العمرية، Kuwait',29.2958138,47.9556801,4,'2020-08-06 23:24:02','2020-08-06 23:24:02',1),(66,1,'العارضية، Kuwait',29.2886069,47.9061441,4,'2020-08-06 23:24:34','2020-08-06 23:24:34',1),(67,1,'الري، الفروانية، Kuwait',29.3080538,47.9440857,4,'2020-08-06 23:25:50','2020-08-06 23:25:50',1),(68,1,'الرقعي، Kuwait',29.3061333,47.91440069999999,4,'2020-08-06 23:27:01','2020-08-06 23:27:01',1),(69,1,'الرحاب، Kuwait',29.2852067,47.9341889,4,'2020-08-06 23:27:40','2020-08-06 23:27:40',1),(70,1,'الرابية، Kuwait',29.29663009999999,47.9391371,4,'2020-08-06 23:28:14','2020-08-06 23:28:14',1),(71,1,'الأندلس، Kuwait',29.3042048,47.8847321,4,'2020-08-06 23:29:01','2020-08-06 23:29:01',1),(72,1,'إشبيلية، Kuwait',29.2728333,47.9391371,4,'2020-08-06 23:29:38','2020-08-06 23:29:38',1),(73,1,'هدية، Kuwait',29.1458815,48.092758,6,'2020-08-06 23:44:39','2020-08-06 23:44:39',1),(74,1,'فهد الأحمد، Kuwait',29.1277082,48.1076478,6,'2020-08-06 23:45:12','2020-08-06 23:45:12',1),(75,1,'جنوب الصباحية، Kuwait',29.081427,48.1051659,6,'2020-08-06 23:45:43','2020-08-06 23:45:43',1),(76,1,'جابر العلي، Kuwait',29.1691087,48.0825523,6,'2020-08-06 23:46:08','2020-08-06 23:46:08',1),(77,1,'بنيدر، Al Ad\'ami, Kuwait',28.7762968,48.2841556,6,'2020-08-06 23:46:37','2020-08-06 23:46:37',1),(78,1,'المهبولة، Kuwait',29.1496559,48.1191986,6,'2020-08-06 23:47:03','2020-08-06 23:47:03',1),(79,1,'المنقف، Kuwait',29.1070609,48.1239894,6,'2020-08-06 23:47:32','2020-08-06 23:47:32',1),(80,1,'الفنطاس، Kuwait',29.1704692,48.1193001,6,'2020-08-06 23:47:58','2020-08-06 23:47:58',1),(81,1,'الفحيحيل، Kuwait',29.083128,48.1334643,6,'2020-08-06 23:48:29','2020-08-06 23:48:29',1),(82,1,'العقيلة، Kuwait',29.1686861,48.10094609999999,6,'2020-08-06 23:48:56','2020-08-06 23:48:56',1),(83,1,'الظهر، Kuwait',29.1650224,48.0679507,6,'2020-08-06 23:49:18','2020-08-06 23:49:18',1),(84,1,'الصباحية، Kuwait',29.1081627,48.1058589,6,'2020-08-06 23:49:44','2020-08-06 23:49:44',1),(85,1,'الرقة',29.1081627,48.1058589,6,'2020-08-06 23:50:07','2020-08-06 23:50:07',1),(86,1,'الأحمدي، Kuwait',29.083461,48.07347619999999,6,'2020-08-06 23:50:37','2020-08-06 23:50:37',1),(87,1,'أبو حليفة، Kuwait',29.1281522,48.1259111,6,'2020-08-06 23:51:17','2020-08-06 23:51:17',1),(88,1,'علي صباح السالم، Kuwait',28.9570473,48.154826,6,'2020-08-06 23:53:05','2020-08-06 23:53:05',1),(89,1,'وسطي، Kuwait',29.2303763,48.045634,6,'2020-08-06 23:53:59','2020-08-06 23:53:59',1),(90,1,'مبارك الكبير، Kuwait',29.1886698,48.0806909,3,'2020-08-06 23:54:37','2020-08-06 23:54:37',1),(91,1,'فنيطيس، Kuwait',29.2207571,48.0952394,3,'2020-08-06 23:55:11','2020-08-06 23:55:11',1),(92,1,'غرب ابو فطيرة الحرفية، Kuwait',29.1922447,48.045634,3,'2020-08-06 23:56:15','2020-08-06 23:56:15',1),(93,1,'صبحان الصناعية، Kuwait',29.2309026,48.0035053,3,'2020-08-06 23:56:48','2020-08-06 23:56:48',1),(94,1,'صباح السالم، Kuwait',29.2565637,48.062605,3,'2020-08-06 23:57:09','2020-08-06 23:57:09',1),(95,1,'جنوب وسطي',29.2565637,48.062605,3,'2020-08-06 23:57:41','2020-08-06 23:57:41',1),(96,1,'المسيله، Kuwait',29.2495718,48.0940508,3,'2020-08-06 23:58:13','2020-08-06 23:58:13',1),(97,1,'المسايل، Kuwait',29.2393671,48.0877956,3,'2020-08-06 23:59:26','2020-08-06 23:59:26',1),(98,1,'القصور، Kuwait',29.2160974,48.0732097,3,'2020-08-06 23:59:50','2020-08-06 23:59:50',1),(99,1,'القرين، Kuwait',29.201281,48.0786033,3,'2020-08-07 00:00:13','2020-08-07 00:00:13',1),(100,1,'العدان، Kuwait',29.23358,48.0679104,3,'2020-08-07 00:03:31','2020-08-07 00:03:31',1),(101,1,'أبو فطيرة، Kuwait',29.1976045,48.1034175,3,'2020-08-07 00:04:02','2020-08-07 00:04:02',1),(102,1,'أبو الحصانية، Kuwait',29.1909059,48.1138531,3,'2020-08-07 00:04:35','2020-08-07 00:04:35',1),(103,1,'الجهراء، Kuwait',29.3365728,47.6755291,5,'2020-08-07 00:06:49','2020-08-07 00:06:49',1),(104,1,'القيروان، Kuwait',29.3002821,47.8007606,5,'2020-08-07 00:07:17','2020-08-07 00:07:17',1),(105,1,'القصر، الجهراء، Kuwait',29.3408578,47.6972141,5,'2020-08-07 00:07:40','2020-09-07 17:16:56',1),(106,1,'الصليبية، Kuwait',29.2855773,47.81803800000001,5,'2020-08-07 00:08:13','2020-08-07 00:08:13',1),(107,1,'سعد العبدالله، Al Jahra, Kuwait',29.3138682,47.7193856,5,'2020-08-07 00:08:38','2020-08-07 00:08:38',1),(108,1,'تيماء، Al Jahra, Kuwait',29.3303676,47.6824383,5,'2020-08-07 00:09:05','2020-08-07 00:09:05',1),(109,1,'منطقة أمغرة الصناعية',29.3303676,47.6824383,5,'2020-08-07 00:09:39','2020-08-07 00:09:39',1),(110,1,'الواحة، الجهراء، Kuwait',29.3445143,47.6578212,5,'2020-08-07 00:10:09','2020-08-07 00:10:09',1),(111,1,'النعيم، الجهراء، Kuwait',29.3334892,47.6935198,5,'2020-08-07 00:10:43','2020-08-07 00:10:43',1),(112,1,'النسيم، الجهراء، Kuwait',29.3189617,47.677514,5,'2020-08-07 00:11:04','2020-08-07 00:11:04',1),(113,1,'العيون، الجهراء، Kuwait',29.3189617,47.677514,5,'2020-08-07 00:11:27','2020-08-07 00:11:27',1);

--
-- Table structure for table `related_products`
--

CREATE TABLE `related_products` (
  `id` bigint unsigned NOT NULL AUTO_INCREMENT,
  `product_id` int unsigned DEFAULT NULL,
  `related_id` int unsigned DEFAULT NULL,
  `created_at` timestamp NULL DEFAULT NULL,
  `updated_at` timestamp NULL DEFAULT NULL,
  PRIMARY KEY (`id`),
  KEY `related_products_product_id_foreign` (`product_id`),
  KEY `related_products_related_id_foreign` (`related_id`)
) ENGINE=InnoDB DEFAULT CHARSET=utf8mb4 COLLATE=utf8mb4_unicode_ci;

--
-- Dumping data for table `related_products`
--


--
-- Table structure for table `role_user`
--

CREATE TABLE `role_user` (
  `role_id` int unsigned NOT NULL,
  `user_id` int unsigned NOT NULL,
  `user_type` varchar(191) CHARACTER SET utf8mb4 COLLATE utf8mb4_unicode_ci NOT NULL,
  PRIMARY KEY (`user_id`,`role_id`,`user_type`),
  KEY `role_user_role_id_foreign` (`role_id`)
) ENGINE=InnoDB DEFAULT CHARSET=utf8mb4 COLLATE=utf8mb4_unicode_ci;

--
-- Dumping data for table `role_user`
--

INSERT INTO `role_user` (`role_id`, `user_id`, `user_type`) VALUES (1,1,'App\\User'),(1,6022,'App\\User'),(2,2,'App\\User'),(2,20,'App\\User'),(2,21,'App\\User'),(2,23,'App\\User'),(2,24,'App\\User'),(2,5008,'App\\User'),(2,5022,'App\\User'),(2,5079,'App\\User'),(2,5237,'App\\User'),(2,5270,'App\\User'),(2,5582,'App\\User'),(2,5613,'App\\User'),(2,5757,'App\\User'),(2,5879,'App\\User'),(2,5880,'App\\User'),(2,5882,'App\\User'),(2,5951,'App\\User'),(2,6022,'App\\User'),(3,3,'App\\User'),(3,4,'App\\User'),(3,5,'App\\User'),(3,6,'App\\User'),(3,7,'App\\User'),(3,8,'App\\User'),(3,9,'App\\User'),(3,11,'App\\User'),(3,3803,'App\\User'),(3,3804,'App\\User'),(3,3805,'App\\User'),(3,3806,'App\\User'),(3,3807,'App\\User'),(3,3808,'App\\User'),(3,3809,'App\\User'),(3,3810,'App\\User'),(3,3811,'App\\User'),(3,3812,'App\\User'),(3,3813,'App\\User'),(3,3814,'App\\User'),(3,3815,'App\\User'),(3,3816,'App\\User'),(3,3817,'App\\User'),(3,3818,'App\\User'),(3,3819,'App\\User'),(3,3820,'App\\User'),(3,3821,'App\\User'),(3,3822,'App\\User'),(3,3823,'App\\User'),(3,3824,'App\\User'),(3,3825,'App\\User'),(3,3826,'App\\User'),(3,3827,'App\\User'),(3,3828,'App\\User'),(3,3829,'App\\User'),(3,3830,'App\\User'),(3,3831,'App\\User'),(3,3832,'App\\User'),(3,3833,'App\\User'),(3,3834,'App\\User'),(3,3835,'App\\User'),(3,3837,'App\\User'),(3,3838,'App\\User'),(3,3839,'App\\User'),(3,3840,'App\\User'),(3,3841,'App\\User'),(3,3843,'App\\User'),(3,3844,'App\\User'),(3,3845,'App\\User'),(3,3846,'App\\User'),(3,3847,'App\\User'),(3,3849,'App\\User'),(3,3850,'App\\User'),(3,3851,'App\\User'),(3,3852,'App\\User'),(3,3853,'App\\User'),(3,3854,'App\\User'),(3,3855,'App\\User'),(3,3857,'App\\User'),(3,3858,'App\\User'),(3,3859,'App\\User'),(3,3860,'App\\User'),(3,3861,'App\\User'),(3,3862,'App\\User'),(3,3863,'App\\User'),(3,3864,'App\\User'),(3,3865,'App\\User'),(3,3866,'App\\User'),(3,3867,'App\\User'),(3,3868,'App\\User'),(3,3869,'App\\User'),(3,3870,'App\\User'),(3,3871,'App\\User'),(3,3872,'App\\User'),(3,3873,'App\\User'),(3,3874,'App\\User'),(3,3875,'App\\User'),(3,3876,'App\\User'),(3,3877,'App\\User'),(3,3878,'App\\User'),(3,3879,'App\\User'),(3,3880,'App\\User'),(3,3881,'App\\User'),(3,3882,'App\\User'),(3,3883,'App\\User'),(3,3884,'App\\User'),(3,3885,'App\\User'),(3,3886,'App\\User'),(3,3887,'App\\User'),(3,3888,'App\\User'),(3,3889,'App\\User'),(3,3890,'App\\User'),(3,3891,'App\\User'),(3,3892,'App\\User'),(3,3893,'App\\User'),(3,3894,'App\\User'),(3,3895,'App\\User'),(3,3896,'App\\User'),(3,3897,'App\\User'),(3,3898,'App\\User'),(3,3899,'App\\User'),(3,3900,'App\\User'),(3,3901,'App\\User'),(3,3902,'App\\User'),(3,3903,'App\\User'),(3,3904,'App\\User'),(3,3905,'App\\User'),(3,3906,'App\\User'),(3,3907,'App\\User'),(3,3908,'App\\User'),(3,3909,'App\\User'),(3,3910,'App\\User'),(3,3911,'App\\User'),(3,3912,'App\\User'),(3,3913,'App\\User'),(3,3914,'App\\User'),(3,3915,'App\\User'),(3,3916,'App\\User'),(3,3917,'App\\User'),(3,3918,'App\\User'),(3,3919,'App\\User'),(3,3920,'App\\User'),(3,3921,'App\\User'),(3,3922,'App\\User'),(3,3923,'App\\User'),(3,3924,'App\\User'),(3,3925,'App\\User'),(3,3926,'App\\User'),(3,3927,'App\\User'),(3,3928,'App\\User'),(3,3929,'App\\User'),(3,3930,'App\\User'),(3,3931,'App\\User'),(3,3932,'App\\User'),(3,3933,'App\\User'),(3,3934,'App\\User'),(3,3935,'App\\User'),(3,3936,'App\\User'),(3,3937,'App\\User'),(3,3938,'App\\User'),(3,3939,'App\\User'),(3,3940,'App\\User'),(3,3941,'App\\User'),(3,3942,'App\\User'),(3,3943,'App\\User'),(3,3944,'App\\User'),(3,3945,'App\\User'),(3,3946,'App\\User'),(3,3947,'App\\User'),(3,3948,'App\\User'),(3,3949,'App\\User'),(3,3950,'App\\User'),(3,3951,'App\\User'),(3,3952,'App\\User'),(3,3953,'App\\User'),(3,3954,'App\\User'),(3,3955,'App\\User'),(3,3956,'App\\User'),(3,3957,'App\\User'),(3,3958,'App\\User'),(3,3959,'App\\User'),(3,3960,'App\\User'),(3,3961,'App\\User'),(3,3962,'App\\User'),(3,3963,'App\\User'),(3,3964,'App\\User'),(3,3965,'App\\User'),(3,3966,'App\\User'),(3,3967,'App\\User'),(3,3968,'App\\User'),(3,3969,'App\\User'),(3,3970,'App\\User'),(3,3971,'App\\User'),(3,3972,'App\\User'),(3,3973,'App\\User'),(3,3974,'App\\User'),(3,3975,'App\\User'),(3,3976,'App\\User'),(3,3977,'App\\User'),(3,3978,'App\\User'),(3,3979,'App\\User'),(3,3980,'App\\User'),(3,3981,'App\\User'),(3,3982,'App\\User'),(3,3983,'App\\User'),(3,3984,'App\\User'),(3,3985,'App\\User'),(3,3986,'App\\User'),(3,3987,'App\\User'),(3,3988,'App\\User'),(3,3989,'App\\User'),(3,3990,'App\\User'),(3,3991,'App\\User'),(3,3992,'App\\User'),(3,3993,'App\\User'),(3,3994,'App\\User'),(3,3995,'App\\User'),(3,3996,'App\\User'),(3,3997,'App\\User'),(3,3998,'App\\User'),(3,3999,'App\\User'),(3,4000,'App\\User'),(3,4001,'App\\User'),(3,4002,'App\\User'),(3,4003,'App\\User'),(3,4004,'App\\User'),(3,4005,'App\\User'),(3,4006,'App\\User'),(3,4007,'App\\User'),(3,4008,'App\\User'),(3,4009,'App\\User'),(3,4010,'App\\User'),(3,4011,'App\\User'),(3,4012,'App\\User'),(3,4013,'App\\User'),(3,4014,'App\\User'),(3,4015,'App\\User'),(3,4016,'App\\User'),(3,4017,'App\\User'),(3,4018,'App\\User'),(3,4019,'App\\User'),(3,4020,'App\\User'),(3,4021,'App\\User'),(3,4022,'App\\User'),(3,4023,'App\\User'),(3,4024,'App\\User'),(3,4025,'App\\User'),(3,4026,'App\\User'),(3,4027,'App\\User'),(3,4028,'App\\User'),(3,4029,'App\\User'),(3,4030,'App\\User'),(3,4031,'App\\User'),(3,4032,'App\\User'),(3,4033,'App\\User'),(3,4034,'App\\User'),(3,4035,'App\\User'),(3,4036,'App\\User'),(3,4037,'App\\User'),(3,4038,'App\\User'),(3,4039,'App\\User'),(3,4040,'App\\User'),(3,4041,'App\\User'),(3,4042,'App\\User'),(3,4043,'App\\User'),(3,4044,'App\\User'),(3,4045,'App\\User'),(3,4046,'App\\User'),(3,4047,'App\\User'),(3,4048,'App\\User'),(3,4049,'App\\User'),(3,4050,'App\\User'),(3,4051,'App\\User'),(3,4052,'App\\User'),(3,4053,'App\\User'),(3,4054,'App\\User'),(3,4055,'App\\User'),(3,4056,'App\\User'),(3,4057,'App\\User'),(3,4058,'App\\User'),(3,4059,'App\\User'),(3,4060,'App\\User'),(3,4061,'App\\User'),(3,4062,'App\\User'),(3,4063,'App\\User'),(3,4064,'App\\User'),(3,4065,'App\\User'),(3,4066,'App\\User'),(3,4067,'App\\User'),(3,4068,'App\\User'),(3,4069,'App\\User'),(3,4070,'App\\User'),(3,4071,'App\\User'),(3,4072,'App\\User'),(3,4073,'App\\User'),(3,4074,'App\\User'),(3,4075,'App\\User'),(3,4076,'App\\User'),(3,4077,'App\\User'),(3,4078,'App\\User'),(3,4079,'App\\User'),(3,4080,'App\\User'),(3,4081,'App\\User'),(3,4082,'App\\User'),(3,4083,'App\\User'),(3,4084,'App\\User'),(3,4085,'App\\User'),(3,4086,'App\\User'),(3,4087,'App\\User'),(3,4088,'App\\User'),(3,4089,'App\\User'),(3,4090,'App\\User'),(3,4091,'App\\User'),(3,4092,'App\\User'),(3,4093,'App\\User'),(3,4094,'App\\User'),(3,4095,'App\\User'),(3,4096,'App\\User'),(3,4097,'App\\User'),(3,4098,'App\\User'),(3,4099,'App\\User'),(3,4100,'App\\User'),(3,4101,'App\\User'),(3,4102,'App\\User'),(3,4103,'App\\User'),(3,4104,'App\\User'),(3,4105,'App\\User'),(3,4106,'App\\User'),(3,4107,'App\\User'),(3,4108,'App\\User'),(3,4109,'App\\User'),(3,4110,'App\\User'),(3,4111,'App\\User'),(3,4112,'App\\User'),(3,4113,'App\\User'),(3,4114,'App\\User'),(3,4115,'App\\User'),(3,4116,'App\\User'),(3,4117,'App\\User'),(3,4118,'App\\User'),(3,4119,'App\\User'),(3,4120,'App\\User'),(3,4121,'App\\User'),(3,4122,'App\\User'),(3,4123,'App\\User'),(3,4124,'App\\User'),(3,4125,'App\\User'),(3,4126,'App\\User'),(3,4127,'App\\User'),(3,4128,'App\\User'),(3,4129,'App\\User'),(3,4130,'App\\User'),(3,4131,'App\\User'),(3,4132,'App\\User'),(3,4133,'App\\User'),(3,4134,'App\\User'),(3,4135,'App\\User'),(3,4136,'App\\User'),(3,4137,'App\\User'),(3,4138,'App\\User'),(3,4139,'App\\User'),(3,4140,'App\\User'),(3,4141,'App\\User'),(3,4142,'App\\User'),(3,4143,'App\\User'),(3,4144,'App\\User'),(3,4145,'App\\User'),(3,4146,'App\\User'),(3,4147,'App\\User'),(3,4148,'App\\User'),(3,4149,'App\\User'),(3,4150,'App\\User'),(3,4151,'App\\User'),(3,4152,'App\\User'),(3,4153,'App\\User'),(3,4154,'App\\User'),(3,4155,'App\\User'),(3,4156,'App\\User'),(3,4157,'App\\User'),(3,4158,'App\\User'),(3,4159,'App\\User'),(3,4160,'App\\User'),(3,4161,'App\\User'),(3,4162,'App\\User'),(3,4163,'App\\User'),(3,4164,'App\\User'),(3,4165,'App\\User'),(3,4166,'App\\User'),(3,4167,'App\\User'),(3,4168,'App\\User'),(3,4169,'App\\User'),(3,4170,'App\\User'),(3,4171,'App\\User'),(3,4172,'App\\User'),(3,4173,'App\\User'),(3,4174,'App\\User'),(3,4175,'App\\User'),(3,4176,'App\\User'),(3,4177,'App\\User'),(3,4178,'App\\User'),(3,4179,'App\\User'),(3,4180,'App\\User'),(3,4181,'App\\User'),(3,4182,'App\\User'),(3,4183,'App\\User'),(3,4184,'App\\User'),(3,4185,'App\\User'),(3,4186,'App\\User'),(3,4187,'App\\User'),(3,4188,'App\\User'),(3,4189,'App\\User'),(3,4190,'App\\User'),(3,4191,'App\\User'),(3,4192,'App\\User'),(3,4193,'App\\User'),(3,4194,'App\\User'),(3,4195,'App\\User'),(3,4196,'App\\User'),(3,4197,'App\\User'),(3,4198,'App\\User'),(3,4199,'App\\User'),(3,4200,'App\\User'),(3,4201,'App\\User'),(3,4202,'App\\User'),(3,4203,'App\\User'),(3,4204,'App\\User'),(3,4205,'App\\User'),(3,4206,'App\\User'),(3,4207,'App\\User'),(3,4208,'App\\User'),(3,4209,'App\\User'),(3,4210,'App\\User'),(3,4211,'App\\User'),(3,4212,'App\\User'),(3,4213,'App\\User'),(3,4214,'App\\User'),(3,4215,'App\\User'),(3,4216,'App\\User'),(3,4217,'App\\User'),(3,4218,'App\\User'),(3,4219,'App\\User'),(3,4220,'App\\User'),(3,4221,'App\\User'),(3,4222,'App\\User'),(3,4223,'App\\User'),(3,4224,'App\\User'),(3,4225,'App\\User'),(3,4226,'App\\User'),(3,4227,'App\\User'),(3,4228,'App\\User'),(3,4229,'App\\User'),(3,4230,'App\\User'),(3,4231,'App\\User'),(3,4232,'App\\User'),(3,4233,'App\\User'),(3,4234,'App\\User'),(3,4235,'App\\User'),(3,4236,'App\\User'),(3,4237,'App\\User'),(3,4238,'App\\User'),(3,4239,'App\\User'),(3,4240,'App\\User'),(3,4241,'App\\User'),(3,4242,'App\\User'),(3,4243,'App\\User'),(3,4244,'App\\User'),(3,4245,'App\\User'),(3,4246,'App\\User'),(3,4247,'App\\User'),(3,4248,'App\\User'),(3,4249,'App\\User'),(3,4250,'App\\User'),(3,4251,'App\\User'),(3,4252,'App\\User'),(3,4253,'App\\User'),(3,4254,'App\\User'),(3,4256,'App\\User'),(3,4257,'App\\User'),(3,4258,'App\\User'),(3,4259,'App\\User'),(3,4260,'App\\User'),(3,4261,'App\\User'),(3,4262,'App\\User'),(3,4263,'App\\User'),(3,4264,'App\\User'),(3,4265,'App\\User'),(3,4266,'App\\User'),(3,4267,'App\\User'),(3,4268,'App\\User'),(3,4269,'App\\User'),(3,4270,'App\\User'),(3,4271,'App\\User'),(3,4272,'App\\User'),(3,4273,'App\\User'),(3,4274,'App\\User'),(3,4275,'App\\User'),(3,4277,'App\\User'),(3,4278,'App\\User'),(3,4279,'App\\User'),(3,4280,'App\\User'),(3,4281,'App\\User'),(3,4282,'App\\User'),(3,4283,'App\\User'),(3,4284,'App\\User'),(3,4285,'App\\User'),(3,4286,'App\\User'),(3,4287,'App\\User'),(3,4288,'App\\User'),(3,4289,'App\\User'),(3,4290,'App\\User'),(3,4291,'App\\User'),(3,4292,'App\\User'),(3,4293,'App\\User'),(3,4294,'App\\User'),(3,4295,'App\\User'),(3,4296,'App\\User'),(3,4297,'App\\User'),(3,4298,'App\\User'),(3,4299,'App\\User'),(3,4300,'App\\User'),(3,4301,'App\\User'),(3,4302,'App\\User'),(3,4303,'App\\User'),(3,4304,'App\\User'),(3,4305,'App\\User'),(3,4306,'App\\User'),(3,4307,'App\\User'),(3,4308,'App\\User'),(3,4309,'App\\User'),(3,4310,'App\\User'),(3,4311,'App\\User'),(3,4312,'App\\User'),(3,4313,'App\\User'),(3,4314,'App\\User'),(3,4315,'App\\User'),(3,4316,'App\\User'),(3,4317,'App\\User'),(3,4318,'App\\User'),(3,4319,'App\\User'),(3,4320,'App\\User'),(3,4321,'App\\User'),(3,4322,'App\\User'),(3,4323,'App\\User'),(3,4324,'App\\User'),(3,4325,'App\\User'),(3,4326,'App\\User'),(3,4327,'App\\User'),(3,4328,'App\\User'),(3,4329,'App\\User'),(3,4330,'App\\User'),(3,4331,'App\\User'),(3,4332,'App\\User'),(3,4333,'App\\User'),(3,4334,'App\\User'),(3,4335,'App\\User'),(3,4336,'App\\User'),(3,4337,'App\\User'),(3,4338,'App\\User'),(3,4339,'App\\User'),(3,4340,'App\\User'),(3,4341,'App\\User'),(3,4342,'App\\User'),(3,4343,'App\\User'),(3,4344,'App\\User'),(3,4345,'App\\User'),(3,4346,'App\\User'),(3,4347,'App\\User'),(3,4348,'App\\User'),(3,4349,'App\\User'),(3,4350,'App\\User'),(3,4351,'App\\User'),(3,4352,'App\\User'),(3,4353,'App\\User'),(3,4354,'App\\User'),(3,4355,'App\\User'),(3,4356,'App\\User'),(3,4357,'App\\User'),(3,4358,'App\\User'),(3,4359,'App\\User'),(3,4360,'App\\User'),(3,4361,'App\\User'),(3,4362,'App\\User'),(3,4363,'App\\User'),(3,4364,'App\\User'),(3,4365,'App\\User'),(3,4366,'App\\User'),(3,4367,'App\\User'),(3,4368,'App\\User'),(3,4369,'App\\User'),(3,4370,'App\\User'),(3,4371,'App\\User'),(3,4372,'App\\User'),(3,4373,'App\\User'),(3,4374,'App\\User'),(3,4375,'App\\User'),(3,4376,'App\\User'),(3,4377,'App\\User'),(3,4378,'App\\User'),(3,4379,'App\\User'),(3,4380,'App\\User'),(3,4381,'App\\User'),(3,4382,'App\\User'),(3,4383,'App\\User'),(3,4384,'App\\User'),(3,4385,'App\\User'),(3,4386,'App\\User'),(3,4387,'App\\User'),(3,4388,'App\\User'),(3,4389,'App\\User'),(3,4390,'App\\User'),(3,4391,'App\\User'),(3,4392,'App\\User'),(3,4393,'App\\User'),(3,4394,'App\\User'),(3,4395,'App\\User'),(3,4396,'App\\User'),(3,4397,'App\\User'),(3,4398,'App\\User'),(3,4399,'App\\User'),(3,4400,'App\\User'),(3,4401,'App\\User'),(3,4402,'App\\User'),(3,4403,'App\\User'),(3,4404,'App\\User'),(3,4405,'App\\User'),(3,4406,'App\\User'),(3,4407,'App\\User'),(3,4408,'App\\User'),(3,4409,'App\\User'),(3,4410,'App\\User'),(3,4411,'App\\User'),(3,4412,'App\\User'),(3,4413,'App\\User'),(3,4414,'App\\User'),(3,4415,'App\\User'),(3,4416,'App\\User'),(3,4417,'App\\User'),(3,4418,'App\\User'),(3,4419,'App\\User'),(3,4420,'App\\User'),(3,4421,'App\\User'),(3,4422,'App\\User'),(3,4423,'App\\User'),(3,4424,'App\\User'),(3,4425,'App\\User'),(3,4426,'App\\User'),(3,4427,'App\\User'),(3,4428,'App\\User'),(3,4429,'App\\User'),(3,4430,'App\\User'),(3,4431,'App\\User'),(3,4432,'App\\User'),(3,4433,'App\\User'),(3,4434,'App\\User'),(3,4435,'App\\User'),(3,4436,'App\\User'),(3,4437,'App\\User'),(3,4438,'App\\User'),(3,4439,'App\\User'),(3,4440,'App\\User'),(3,4441,'App\\User'),(3,4442,'App\\User'),(3,4443,'App\\User'),(3,4444,'App\\User'),(3,4445,'App\\User'),(3,4446,'App\\User'),(3,4447,'App\\User'),(3,4448,'App\\User'),(3,4449,'App\\User'),(3,4450,'App\\User'),(3,4451,'App\\User'),(3,4452,'App\\User'),(3,4453,'App\\User'),(3,4454,'App\\User'),(3,4455,'App\\User'),(3,4456,'App\\User'),(3,4457,'App\\User'),(3,4458,'App\\User'),(3,4459,'App\\User'),(3,4460,'App\\User'),(3,4461,'App\\User'),(3,4462,'App\\User'),(3,4463,'App\\User'),(3,4464,'App\\User'),(3,4465,'App\\User'),(3,4466,'App\\User'),(3,4467,'App\\User'),(3,4468,'App\\User'),(3,4469,'App\\User'),(3,4470,'App\\User'),(3,4471,'App\\User'),(3,4472,'App\\User'),(3,4473,'App\\User'),(3,4474,'App\\User'),(3,4475,'App\\User'),(3,4476,'App\\User'),(3,4477,'App\\User'),(3,4478,'App\\User'),(3,4479,'App\\User'),(3,4480,'App\\User'),(3,4481,'App\\User'),(3,4482,'App\\User'),(3,4483,'App\\User'),(3,4484,'App\\User'),(3,4485,'App\\User'),(3,4486,'App\\User'),(3,4487,'App\\User'),(3,4488,'App\\User'),(3,4489,'App\\User'),(3,4490,'App\\User'),(3,4491,'App\\User'),(3,4492,'App\\User'),(3,4493,'App\\User'),(3,4494,'App\\User'),(3,4495,'App\\User'),(3,4496,'App\\User'),(3,4497,'App\\User'),(3,4498,'App\\User'),(3,4499,'App\\User'),(3,4500,'App\\User'),(3,4501,'App\\User'),(3,4502,'App\\User'),(3,4503,'App\\User'),(3,4504,'App\\User'),(3,4505,'App\\User'),(3,4506,'App\\User'),(3,4507,'App\\User'),(3,4508,'App\\User'),(3,4510,'App\\User'),(3,4511,'App\\User'),(3,4512,'App\\User'),(3,4513,'App\\User'),(3,4514,'App\\User'),(3,4515,'App\\User'),(3,4516,'App\\User'),(3,4517,'App\\User'),(3,4518,'App\\User'),(3,4519,'App\\User'),(3,4520,'App\\User'),(3,4521,'App\\User'),(3,4522,'App\\User'),(3,4523,'App\\User'),(3,4524,'App\\User'),(3,4525,'App\\User'),(3,4526,'App\\User'),(3,4527,'App\\User'),(3,4528,'App\\User'),(3,4529,'App\\User'),(3,4530,'App\\User'),(3,4531,'App\\User'),(3,4532,'App\\User'),(3,4533,'App\\User'),(3,4534,'App\\User'),(3,4535,'App\\User'),(3,4536,'App\\User'),(3,4537,'App\\User'),(3,4538,'App\\User'),(3,4539,'App\\User'),(3,4540,'App\\User'),(3,4541,'App\\User'),(3,4542,'App\\User'),(3,4543,'App\\User'),(3,4544,'App\\User'),(3,4545,'App\\User'),(3,4546,'App\\User'),(3,4547,'App\\User'),(3,4548,'App\\User'),(3,4549,'App\\User'),(3,4550,'App\\User'),(3,4551,'App\\User'),(3,4552,'App\\User'),(3,4553,'App\\User'),(3,4554,'App\\User'),(3,4555,'App\\User'),(3,4556,'App\\User'),(3,4557,'App\\User'),(3,4558,'App\\User'),(3,4559,'App\\User'),(3,4560,'App\\User'),(3,4561,'App\\User'),(3,4562,'App\\User'),(3,4563,'App\\User'),(3,4564,'App\\User'),(3,4565,'App\\User'),(3,4566,'App\\User'),(3,4567,'App\\User'),(3,4568,'App\\User'),(3,4569,'App\\User'),(3,4570,'App\\User'),(3,4571,'App\\User'),(3,4572,'App\\User'),(3,4573,'App\\User'),(3,4574,'App\\User'),(3,4575,'App\\User'),(3,4576,'App\\User'),(3,4577,'App\\User'),(3,4578,'App\\User'),(3,4579,'App\\User'),(3,4580,'App\\User'),(3,4581,'App\\User'),(3,4582,'App\\User'),(3,4583,'App\\User'),(3,4584,'App\\User'),(3,4585,'App\\User'),(3,4586,'App\\User'),(3,4587,'App\\User'),(3,4588,'App\\User'),(3,4589,'App\\User'),(3,4590,'App\\User'),(3,4591,'App\\User'),(3,4592,'App\\User'),(3,4593,'App\\User'),(3,4594,'App\\User'),(3,4595,'App\\User'),(3,4596,'App\\User'),(3,4597,'App\\User'),(3,4598,'App\\User'),(3,4599,'App\\User'),(3,4600,'App\\User'),(3,4601,'App\\User'),(3,4602,'App\\User'),(3,4603,'App\\User'),(3,4604,'App\\User'),(3,4605,'App\\User'),(3,4606,'App\\User'),(3,4607,'App\\User'),(3,4608,'App\\User'),(3,4609,'App\\User'),(3,4610,'App\\User'),(3,4611,'App\\User'),(3,4612,'App\\User'),(3,4613,'App\\User'),(3,4614,'App\\User'),(3,4615,'App\\User'),(3,4616,'App\\User'),(3,4617,'App\\User'),(3,4618,'App\\User'),(3,4619,'App\\User'),(3,4620,'App\\User'),(3,4621,'App\\User'),(3,4622,'App\\User'),(3,4623,'App\\User'),(3,4624,'App\\User'),(3,4625,'App\\User'),(3,4626,'App\\User'),(3,4627,'App\\User'),(3,4628,'App\\User'),(3,4629,'App\\User'),(3,4630,'App\\User'),(3,4631,'App\\User'),(3,4632,'App\\User'),(3,4633,'App\\User'),(3,4634,'App\\User'),(3,4635,'App\\User'),(3,4636,'App\\User'),(3,4637,'App\\User'),(3,4638,'App\\User'),(3,4639,'App\\User'),(3,4640,'App\\User'),(3,4641,'App\\User'),(3,4642,'App\\User'),(3,4643,'App\\User'),(3,4644,'App\\User'),(3,4645,'App\\User'),(3,4646,'App\\User'),(3,4647,'App\\User'),(3,4648,'App\\User'),(3,4649,'App\\User'),(3,4650,'App\\User'),(3,4651,'App\\User'),(3,4652,'App\\User'),(3,4653,'App\\User'),(3,4654,'App\\User'),(3,4655,'App\\User'),(3,4656,'App\\User'),(3,4657,'App\\User'),(3,4658,'App\\User'),(3,4659,'App\\User'),(3,4660,'App\\User'),(3,4661,'App\\User'),(3,4662,'App\\User'),(3,4663,'App\\User'),(3,4664,'App\\User'),(3,4665,'App\\User'),(3,4666,'App\\User'),(3,4667,'App\\User'),(3,4668,'App\\User'),(3,4669,'App\\User'),(3,4670,'App\\User'),(3,4671,'App\\User'),(3,4672,'App\\User'),(3,4673,'App\\User'),(3,4674,'App\\User'),(3,4675,'App\\User'),(3,4676,'App\\User'),(3,4677,'App\\User'),(3,4678,'App\\User'),(3,4679,'App\\User'),(3,4680,'App\\User'),(3,4681,'App\\User'),(3,4682,'App\\User'),(3,4683,'App\\User'),(3,4684,'App\\User'),(3,4685,'App\\User'),(3,4686,'App\\User'),(3,4687,'App\\User'),(3,4688,'App\\User'),(3,4689,'App\\User'),(3,4690,'App\\User'),(3,4691,'App\\User'),(3,4692,'App\\User'),(3,4693,'App\\User'),(3,4694,'App\\User'),(3,4695,'App\\User'),(3,4696,'App\\User'),(3,4697,'App\\User'),(3,4698,'App\\User'),(3,4699,'App\\User'),(3,4700,'App\\User'),(3,4701,'App\\User'),(3,4702,'App\\User'),(3,4703,'App\\User'),(3,4704,'App\\User'),(3,4705,'App\\User'),(3,4706,'App\\User'),(3,4707,'App\\User'),(3,4708,'App\\User'),(3,4709,'App\\User'),(3,4710,'App\\User'),(3,4711,'App\\User'),(3,4712,'App\\User'),(3,4713,'App\\User'),(3,4714,'App\\User'),(3,4715,'App\\User'),(3,4716,'App\\User'),(3,4717,'App\\User'),(3,4718,'App\\User'),(3,4719,'App\\User'),(3,4720,'App\\User'),(3,4721,'App\\User'),(3,4722,'App\\User'),(3,4723,'App\\User'),(3,4724,'App\\User'),(3,4725,'App\\User'),(3,4726,'App\\User'),(3,4727,'App\\User'),(3,4728,'App\\User'),(3,4729,'App\\User'),(3,4730,'App\\User'),(3,4731,'App\\User'),(3,4732,'App\\User'),(3,4733,'App\\User'),(3,4734,'App\\User'),(3,4735,'App\\User'),(3,4736,'App\\User'),(3,4737,'App\\User'),(3,4738,'App\\User'),(3,4739,'App\\User'),(3,4740,'App\\User'),(3,4741,'App\\User'),(3,4742,'App\\User'),(3,4743,'App\\User'),(3,4744,'App\\User'),(3,4745,'App\\User'),(3,4746,'App\\User'),(3,4747,'App\\User'),(3,4748,'App\\User'),(3,4749,'App\\User'),(3,4750,'App\\User'),(3,4751,'App\\User'),(3,4752,'App\\User'),(3,4753,'App\\User'),(3,4754,'App\\User'),(3,4755,'App\\User'),(3,4756,'App\\User'),(3,4757,'App\\User'),(3,4758,'App\\User'),(3,4759,'App\\User'),(3,4760,'App\\User'),(3,4761,'App\\User'),(3,4762,'App\\User'),(3,4763,'App\\User'),(3,4764,'App\\User'),(3,4765,'App\\User'),(3,4766,'App\\User'),(3,4767,'App\\User'),(3,4768,'App\\User'),(3,4769,'App\\User'),(3,4770,'App\\User'),(3,4771,'App\\User'),(3,4772,'App\\User'),(3,4773,'App\\User'),(3,4774,'App\\User'),(3,4775,'App\\User'),(3,4776,'App\\User'),(3,4777,'App\\User'),(3,4778,'App\\User'),(3,4779,'App\\User'),(3,4780,'App\\User'),(3,4781,'App\\User'),(3,4782,'App\\User'),(3,4783,'App\\User'),(3,4784,'App\\User'),(3,4785,'App\\User'),(3,4786,'App\\User'),(3,4787,'App\\User'),(3,4788,'App\\User'),(3,4789,'App\\User'),(3,4790,'App\\User'),(3,4791,'App\\User'),(3,4792,'App\\User'),(3,4793,'App\\User'),(3,4794,'App\\User'),(3,4795,'App\\User'),(3,4796,'App\\User'),(3,4797,'App\\User'),(3,4798,'App\\User'),(3,4799,'App\\User'),(3,4800,'App\\User'),(3,4801,'App\\User'),(3,4802,'App\\User'),(3,4803,'App\\User'),(3,4804,'App\\User'),(3,4805,'App\\User'),(3,4806,'App\\User'),(3,4807,'App\\User'),(3,4808,'App\\User'),(3,4809,'App\\User'),(3,4810,'App\\User'),(3,4811,'App\\User'),(3,4812,'App\\User'),(3,4813,'App\\User'),(3,4814,'App\\User'),(3,4815,'App\\User'),(3,4816,'App\\User'),(3,4817,'App\\User'),(3,4818,'App\\User'),(3,4819,'App\\User'),(3,4820,'App\\User'),(3,4821,'App\\User'),(3,4822,'App\\User'),(3,4823,'App\\User'),(3,4824,'App\\User'),(3,4825,'App\\User'),(3,4826,'App\\User'),(3,4827,'App\\User'),(3,4828,'App\\User'),(3,4829,'App\\User'),(3,4830,'App\\User'),(3,4831,'App\\User'),(3,4832,'App\\User'),(3,4833,'App\\User'),(3,4834,'App\\User'),(3,4835,'App\\User'),(3,4836,'App\\User'),(3,4837,'App\\User'),(3,4838,'App\\User'),(3,4839,'App\\User'),(3,4840,'App\\User'),(3,4841,'App\\User'),(3,4842,'App\\User'),(3,4843,'App\\User'),(3,4844,'App\\User'),(3,4845,'App\\User'),(3,4846,'App\\User'),(3,4847,'App\\User'),(3,4848,'App\\User'),(3,4849,'App\\User'),(3,4850,'App\\User'),(3,4851,'App\\User'),(3,4852,'App\\User'),(3,4853,'App\\User'),(3,4854,'App\\User'),(3,4855,'App\\User'),(3,4856,'App\\User'),(3,4857,'App\\User'),(3,4858,'App\\User'),(3,4859,'App\\User'),(3,4860,'App\\User'),(3,4861,'App\\User'),(3,4862,'App\\User'),(3,4863,'App\\User'),(3,4864,'App\\User'),(3,4865,'App\\User'),(3,4866,'App\\User'),(3,4867,'App\\User'),(3,4868,'App\\User'),(3,4869,'App\\User'),(3,4870,'App\\User'),(3,4871,'App\\User'),(3,4872,'App\\User'),(3,4873,'App\\User'),(3,4874,'App\\User'),(3,4875,'App\\User'),(3,4876,'App\\User'),(3,4877,'App\\User'),(3,4878,'App\\User'),(3,4879,'App\\User'),(3,4880,'App\\User'),(3,4881,'App\\User'),(3,4882,'App\\User'),(3,4883,'App\\User'),(3,4884,'App\\User'),(3,4885,'App\\User'),(3,4886,'App\\User'),(3,4887,'App\\User'),(3,4888,'App\\User'),(3,4889,'App\\User'),(3,4890,'App\\User'),(3,4891,'App\\User'),(3,4892,'App\\User'),(3,4893,'App\\User'),(3,4894,'App\\User'),(3,4895,'App\\User'),(3,4896,'App\\User'),(3,4897,'App\\User'),(3,4898,'App\\User'),(3,4899,'App\\User'),(3,4900,'App\\User'),(3,4901,'App\\User'),(3,4902,'App\\User'),(3,4903,'App\\User'),(3,4904,'App\\User'),(3,4905,'App\\User'),(3,4906,'App\\User'),(3,4907,'App\\User'),(3,4908,'App\\User'),(3,4909,'App\\User'),(3,4910,'App\\User'),(3,4911,'App\\User'),(3,4912,'App\\User'),(3,4913,'App\\User'),(3,4914,'App\\User'),(3,4915,'App\\User'),(3,4916,'App\\User'),(3,4917,'App\\User'),(3,4918,'App\\User'),(3,4919,'App\\User'),(3,4920,'App\\User'),(3,4921,'App\\User'),(3,4922,'App\\User'),(3,4923,'App\\User'),(3,4924,'App\\User'),(3,4925,'App\\User'),(3,4926,'App\\User'),(3,4927,'App\\User'),(3,4928,'App\\User'),(3,4929,'App\\User'),(3,4930,'App\\User'),(3,4931,'App\\User'),(3,4932,'App\\User'),(3,4933,'App\\User'),(3,4934,'App\\User'),(3,4935,'App\\User'),(3,4936,'App\\User'),(3,4937,'App\\User'),(3,4938,'App\\User'),(3,4939,'App\\User'),(3,4940,'App\\User'),(3,4941,'App\\User'),(3,4942,'App\\User'),(3,4943,'App\\User'),(3,4944,'App\\User'),(3,4945,'App\\User'),(3,4946,'App\\User'),(3,4947,'App\\User'),(3,4948,'App\\User'),(3,4949,'App\\User'),(3,4950,'App\\User'),(3,4951,'App\\User'),(3,4952,'App\\User'),(3,4953,'App\\User'),(3,4954,'App\\User'),(3,4955,'App\\User'),(3,4956,'App\\User'),(3,4957,'App\\User'),(3,4958,'App\\User'),(3,4959,'App\\User'),(3,4960,'App\\User'),(3,4961,'App\\User'),(3,4962,'App\\User'),(3,4963,'App\\User'),(3,4964,'App\\User'),(3,4965,'App\\User'),(3,4966,'App\\User'),(3,4967,'App\\User'),(3,4968,'App\\User'),(3,4969,'App\\User'),(3,4970,'App\\User'),(3,4971,'App\\User'),(3,4972,'App\\User'),(3,4973,'App\\User'),(3,4974,'App\\User'),(3,4975,'App\\User'),(3,4976,'App\\User'),(3,4977,'App\\User'),(3,4978,'App\\User'),(3,4979,'App\\User'),(3,4980,'App\\User'),(3,4981,'App\\User'),(3,4987,'App\\User'),(3,4990,'App\\User'),(3,5001,'App\\User'),(3,5002,'App\\User'),(3,5003,'App\\User'),(3,5005,'App\\User'),(3,5006,'App\\User'),(3,5007,'App\\User'),(3,5011,'App\\User'),(3,5013,'App\\User'),(3,5015,'App\\User'),(3,5016,'App\\User'),(3,5017,'App\\User'),(3,5018,'App\\User'),(3,5019,'App\\User'),(3,5020,'App\\User'),(3,5021,'App\\User'),(3,5023,'App\\User'),(3,5024,'App\\User'),(3,5036,'App\\User'),(3,5037,'App\\User'),(3,5038,'App\\User'),(3,5039,'App\\User'),(3,5040,'App\\User'),(3,5041,'App\\User'),(3,5042,'App\\User'),(3,5043,'App\\User'),(3,5044,'App\\User'),(3,5045,'App\\User'),(3,5046,'App\\User'),(3,5047,'App\\User'),(3,5048,'App\\User'),(3,5050,'App\\User'),(3,5051,'App\\User'),(3,5054,'App\\User'),(3,5056,'App\\User'),(3,5057,'App\\User'),(3,5058,'App\\User'),(3,5059,'App\\User'),(3,5060,'App\\User'),(3,5061,'App\\User'),(3,5062,'App\\User'),(3,5063,'App\\User'),(3,5064,'App\\User'),(3,5065,'App\\User'),(3,5066,'App\\User'),(3,5068,'App\\User'),(3,5069,'App\\User'),(3,5070,'App\\User'),(3,5071,'App\\User'),(3,5072,'App\\User'),(3,5073,'App\\User'),(3,5074,'App\\User'),(3,5075,'App\\User'),(3,5076,'App\\User'),(3,5078,'App\\User'),(3,5080,'App\\User'),(3,5081,'App\\User'),(3,5082,'App\\User'),(3,5083,'App\\User'),(3,5084,'App\\User'),(3,5085,'App\\User'),(3,5086,'App\\User'),(3,5087,'App\\User'),(3,5089,'App\\User'),(3,5090,'App\\User'),(3,5091,'App\\User'),(3,5092,'App\\User'),(3,5093,'App\\User'),(3,5094,'App\\User'),(3,5095,'App\\User'),(3,5096,'App\\User'),(3,5097,'App\\User'),(3,5098,'App\\User'),(3,5099,'App\\User'),(3,5101,'App\\User'),(3,5102,'App\\User'),(3,5103,'App\\User'),(3,5105,'App\\User'),(3,5106,'App\\User'),(3,5107,'App\\User'),(3,5108,'App\\User'),(3,5109,'App\\User'),(3,5110,'App\\User'),(3,5111,'App\\User'),(3,5112,'App\\User'),(3,5113,'App\\User'),(3,5114,'App\\User'),(3,5115,'App\\User'),(3,5117,'App\\User'),(3,5118,'App\\User'),(3,5119,'App\\User'),(3,5120,'App\\User'),(3,5121,'App\\User'),(3,5122,'App\\User'),(3,5123,'App\\User'),(3,5124,'App\\User'),(3,5125,'App\\User'),(3,5126,'App\\User'),(3,5127,'App\\User'),(3,5128,'App\\User'),(3,5129,'App\\User'),(3,5130,'App\\User'),(3,5131,'App\\User'),(3,5132,'App\\User'),(3,5133,'App\\User'),(3,5135,'App\\User'),(3,5137,'App\\User'),(3,5138,'App\\User'),(3,5139,'App\\User'),(3,5140,'App\\User'),(3,5141,'App\\User'),(3,5142,'App\\User'),(3,5143,'App\\User'),(3,5144,'App\\User'),(3,5145,'App\\User'),(3,5147,'App\\User'),(3,5150,'App\\User'),(3,5152,'App\\User'),(3,5153,'App\\User'),(3,5155,'App\\User'),(3,5156,'App\\User'),(3,5157,'App\\User'),(3,5158,'App\\User'),(3,5159,'App\\User'),(3,5160,'App\\User'),(3,5161,'App\\User'),(3,5162,'App\\User'),(3,5163,'App\\User'),(3,5165,'App\\User'),(3,5166,'App\\User'),(3,5167,'App\\User'),(3,5168,'App\\User'),(3,5170,'App\\User'),(3,5171,'App\\User'),(3,5172,'App\\User'),(3,5174,'App\\User'),(3,5175,'App\\User'),(3,5176,'App\\User'),(3,5177,'App\\User'),(3,5178,'App\\User'),(3,5180,'App\\User'),(3,5181,'App\\User'),(3,5182,'App\\User'),(3,5183,'App\\User'),(3,5184,'App\\User'),(3,5185,'App\\User'),(3,5186,'App\\User'),(3,5187,'App\\User'),(3,5188,'App\\User'),(3,5189,'App\\User'),(3,5190,'App\\User'),(3,5191,'App\\User'),(3,5192,'App\\User'),(3,5193,'App\\User'),(3,5194,'App\\User'),(3,5195,'App\\User'),(3,5196,'App\\User'),(3,5197,'App\\User'),(3,5198,'App\\User'),(3,5199,'App\\User'),(3,5200,'App\\User'),(3,5201,'App\\User'),(3,5202,'App\\User'),(3,5203,'App\\User'),(3,5204,'App\\User'),(3,5205,'App\\User'),(3,5206,'App\\User'),(3,5207,'App\\User'),(3,5208,'App\\User'),(3,5209,'App\\User'),(3,5210,'App\\User'),(3,5211,'App\\User'),(3,5212,'App\\User'),(3,5213,'App\\User'),(3,5214,'App\\User'),(3,5215,'App\\User'),(3,5216,'App\\User'),(3,5217,'App\\User'),(3,5218,'App\\User'),(3,5219,'App\\User'),(3,5220,'App\\User'),(3,5221,'App\\User'),(3,5222,'App\\User'),(3,5224,'App\\User'),(3,5225,'App\\User'),(3,5226,'App\\User'),(3,5227,'App\\User'),(3,5229,'App\\User'),(3,5230,'App\\User'),(3,5231,'App\\User'),(3,5232,'App\\User'),(3,5233,'App\\User'),(3,5234,'App\\User'),(3,5235,'App\\User'),(3,5236,'App\\User'),(3,5238,'App\\User'),(3,5239,'App\\User'),(3,5240,'App\\User'),(3,5241,'App\\User'),(3,5242,'App\\User'),(3,5243,'App\\User'),(3,5244,'App\\User'),(3,5245,'App\\User'),(3,5246,'App\\User'),(3,5247,'App\\User'),(3,5248,'App\\User'),(3,5249,'App\\User'),(3,5250,'App\\User'),(3,5251,'App\\User'),(3,5252,'App\\User'),(3,5253,'App\\User'),(3,5254,'App\\User'),(3,5255,'App\\User'),(3,5256,'App\\User'),(3,5257,'App\\User'),(3,5258,'App\\User'),(3,5259,'App\\User'),(3,5260,'App\\User'),(3,5261,'App\\User'),(3,5262,'App\\User'),(3,5263,'App\\User'),(3,5264,'App\\User'),(3,5265,'App\\User'),(3,5266,'App\\User'),(3,5267,'App\\User'),(3,5268,'App\\User'),(3,5269,'App\\User'),(3,5271,'App\\User'),(3,5272,'App\\User'),(3,5273,'App\\User'),(3,5274,'App\\User'),(3,5276,'App\\User'),(3,5277,'App\\User'),(3,5278,'App\\User'),(3,5279,'App\\User'),(3,5280,'App\\User'),(3,5281,'App\\User'),(3,5282,'App\\User'),(3,5283,'App\\User'),(3,5284,'App\\User'),(3,5285,'App\\User'),(3,5286,'App\\User'),(3,5287,'App\\User'),(3,5288,'App\\User'),(3,5289,'App\\User'),(3,5290,'App\\User'),(3,5291,'App\\User'),(3,5292,'App\\User'),(3,5293,'App\\User'),(3,5294,'App\\User'),(3,5295,'App\\User'),(3,5296,'App\\User'),(3,5297,'App\\User'),(3,5298,'App\\User'),(3,5299,'App\\User'),(3,5300,'App\\User'),(3,5301,'App\\User'),(3,5302,'App\\User'),(3,5303,'App\\User'),(3,5304,'App\\User'),(3,5305,'App\\User'),(3,5306,'App\\User'),(3,5307,'App\\User'),(3,5308,'App\\User'),(3,5309,'App\\User'),(3,5310,'App\\User'),(3,5311,'App\\User'),(3,5312,'App\\User'),(3,5313,'App\\User'),(3,5314,'App\\User'),(3,5315,'App\\User'),(3,5316,'App\\User'),(3,5319,'App\\User'),(3,5320,'App\\User'),(3,5321,'App\\User'),(3,5322,'App\\User'),(3,5323,'App\\User'),(3,5324,'App\\User'),(3,5325,'App\\User'),(3,5326,'App\\User'),(3,5327,'App\\User'),(3,5328,'App\\User'),(3,5329,'App\\User'),(3,5330,'App\\User'),(3,5331,'App\\User'),(3,5332,'App\\User'),(3,5333,'App\\User'),(3,5334,'App\\User'),(3,5335,'App\\User'),(3,5336,'App\\User'),(3,5337,'App\\User'),(3,5338,'App\\User'),(3,5339,'App\\User'),(3,5340,'App\\User'),(3,5341,'App\\User'),(3,5342,'App\\User'),(3,5344,'App\\User'),(3,5346,'App\\User'),(3,5347,'App\\User'),(3,5348,'App\\User'),(3,5349,'App\\User'),(3,5350,'App\\User'),(3,5351,'App\\User'),(3,5352,'App\\User'),(3,5353,'App\\User'),(3,5355,'App\\User'),(3,5356,'App\\User'),(3,5358,'App\\User'),(3,5359,'App\\User'),(3,5360,'App\\User'),(3,5361,'App\\User'),(3,5362,'App\\User'),(3,5363,'App\\User'),(3,5364,'App\\User'),(3,5365,'App\\User'),(3,5366,'App\\User'),(3,5367,'App\\User'),(3,5368,'App\\User'),(3,5369,'App\\User'),(3,5370,'App\\User'),(3,5371,'App\\User'),(3,5372,'App\\User'),(3,5373,'App\\User'),(3,5374,'App\\User'),(3,5375,'App\\User'),(3,5376,'App\\User'),(3,5377,'App\\User'),(3,5378,'App\\User'),(3,5379,'App\\User'),(3,5380,'App\\User'),(3,5381,'App\\User'),(3,5382,'App\\User'),(3,5383,'App\\User'),(3,5384,'App\\User'),(3,5385,'App\\User'),(3,5386,'App\\User'),(3,5387,'App\\User'),(3,5388,'App\\User'),(3,5389,'App\\User'),(3,5391,'App\\User'),(3,5392,'App\\User'),(3,5393,'App\\User'),(3,5394,'App\\User'),(3,5395,'App\\User'),(3,5396,'App\\User'),(3,5398,'App\\User'),(3,5399,'App\\User'),(3,5400,'App\\User'),(3,5401,'App\\User'),(3,5402,'App\\User'),(3,5403,'App\\User'),(3,5404,'App\\User'),(3,5405,'App\\User'),(3,5406,'App\\User'),(3,5407,'App\\User'),(3,5408,'App\\User'),(3,5409,'App\\User'),(3,5410,'App\\User'),(3,5412,'App\\User'),(3,5413,'App\\User'),(3,5414,'App\\User'),(3,5415,'App\\User'),(3,5416,'App\\User'),(3,5417,'App\\User'),(3,5418,'App\\User'),(3,5420,'App\\User'),(3,5422,'App\\User'),(3,5423,'App\\User'),(3,5424,'App\\User'),(3,5425,'App\\User'),(3,5426,'App\\User'),(3,5427,'App\\User'),(3,5428,'App\\User'),(3,5429,'App\\User'),(3,5432,'App\\User'),(3,5433,'App\\User'),(3,5435,'App\\User'),(3,5436,'App\\User'),(3,5437,'App\\User'),(3,5438,'App\\User'),(3,5439,'App\\User'),(3,5440,'App\\User'),(3,5441,'App\\User'),(3,5442,'App\\User'),(3,5443,'App\\User'),(3,5444,'App\\User'),(3,5445,'App\\User'),(3,5446,'App\\User'),(3,5448,'App\\User'),(3,5449,'App\\User'),(3,5450,'App\\User'),(3,5451,'App\\User'),(3,5452,'App\\User'),(3,5453,'App\\User'),(3,5454,'App\\User'),(3,5455,'App\\User'),(3,5456,'App\\User'),(3,5457,'App\\User'),(3,5458,'App\\User'),(3,5459,'App\\User'),(3,5460,'App\\User'),(3,5461,'App\\User'),(3,5470,'App\\User'),(3,5471,'App\\User'),(3,5472,'App\\User'),(3,5473,'App\\User'),(3,5474,'App\\User'),(3,5475,'App\\User'),(3,5476,'App\\User'),(3,5477,'App\\User'),(3,5478,'App\\User'),(3,5479,'App\\User'),(3,5480,'App\\User'),(3,5481,'App\\User'),(3,5482,'App\\User'),(3,5484,'App\\User'),(3,5485,'App\\User'),(3,5486,'App\\User'),(3,5487,'App\\User'),(3,5489,'App\\User'),(3,5490,'App\\User'),(3,5491,'App\\User'),(3,5492,'App\\User'),(3,5493,'App\\User'),(3,5494,'App\\User'),(3,5495,'App\\User'),(3,5496,'App\\User'),(3,5497,'App\\User'),(3,5498,'App\\User'),(3,5499,'App\\User'),(3,5500,'App\\User'),(3,5501,'App\\User'),(3,5502,'App\\User'),(3,5503,'App\\User'),(3,5504,'App\\User'),(3,5505,'App\\User'),(3,5506,'App\\User'),(3,5507,'App\\User'),(3,5508,'App\\User'),(3,5509,'App\\User'),(3,5510,'App\\User'),(3,5511,'App\\User'),(3,5513,'App\\User'),(3,5514,'App\\User'),(3,5515,'App\\User'),(3,5516,'App\\User'),(3,5517,'App\\User'),(3,5518,'App\\User'),(3,5519,'App\\User'),(3,5520,'App\\User'),(3,5521,'App\\User'),(3,5523,'App\\User'),(3,5524,'App\\User'),(3,5525,'App\\User'),(3,5526,'App\\User'),(3,5527,'App\\User'),(3,5528,'App\\User'),(3,5529,'App\\User'),(3,5530,'App\\User'),(3,5531,'App\\User'),(3,5533,'App\\User'),(3,5535,'App\\User'),(3,5536,'App\\User'),(3,5537,'App\\User'),(3,5539,'App\\User'),(3,5540,'App\\User'),(3,5541,'App\\User'),(3,5542,'App\\User'),(3,5543,'App\\User'),(3,5545,'App\\User'),(3,5546,'App\\User'),(3,5547,'App\\User'),(3,5548,'App\\User'),(3,5549,'App\\User'),(3,5550,'App\\User'),(3,5551,'App\\User'),(3,5552,'App\\User'),(3,5553,'App\\User'),(3,5554,'App\\User'),(3,5555,'App\\User'),(3,5556,'App\\User'),(3,5558,'App\\User'),(3,5559,'App\\User'),(3,5560,'App\\User'),(3,5561,'App\\User'),(3,5562,'App\\User'),(3,5563,'App\\User'),(3,5564,'App\\User'),(3,5566,'App\\User'),(3,5567,'App\\User'),(3,5568,'App\\User'),(3,5569,'App\\User'),(3,5571,'App\\User'),(3,5572,'App\\User'),(3,5573,'App\\User'),(3,5574,'App\\User'),(3,5575,'App\\User'),(3,5576,'App\\User'),(3,5577,'App\\User'),(3,5578,'App\\User'),(3,5579,'App\\User'),(3,5580,'App\\User'),(3,5581,'App\\User'),(3,5585,'App\\User'),(3,5586,'App\\User'),(3,5587,'App\\User'),(3,5588,'App\\User'),(3,5589,'App\\User'),(3,5591,'App\\User'),(3,5592,'App\\User'),(3,5593,'App\\User'),(3,5594,'App\\User'),(3,5596,'App\\User'),(3,5597,'App\\User'),(3,5598,'App\\User'),(3,5599,'App\\User'),(3,5600,'App\\User'),(3,5601,'App\\User'),(3,5602,'App\\User'),(3,5603,'App\\User'),(3,5604,'App\\User'),(3,5605,'App\\User'),(3,5606,'App\\User'),(3,5607,'App\\User'),(3,5608,'App\\User'),(3,5609,'App\\User'),(3,5610,'App\\User'),(3,5611,'App\\User'),(3,5612,'App\\User'),(3,5614,'App\\User'),(3,5615,'App\\User'),(3,5616,'App\\User'),(3,5617,'App\\User'),(3,5618,'App\\User'),(3,5620,'App\\User'),(3,5621,'App\\User'),(3,5622,'App\\User'),(3,5623,'App\\User'),(3,5624,'App\\User'),(3,5625,'App\\User'),(3,5626,'App\\User'),(3,5627,'App\\User'),(3,5628,'App\\User'),(3,5629,'App\\User'),(3,5630,'App\\User'),(3,5631,'App\\User'),(3,5632,'App\\User'),(3,5633,'App\\User'),(3,5634,'App\\User'),(3,5635,'App\\User'),(3,5636,'App\\User'),(3,5637,'App\\User'),(3,5638,'App\\User'),(3,5639,'App\\User'),(3,5640,'App\\User'),(3,5641,'App\\User'),(3,5642,'App\\User'),(3,5643,'App\\User'),(3,5644,'App\\User'),(3,5645,'App\\User'),(3,5646,'App\\User'),(3,5648,'App\\User'),(3,5649,'App\\User'),(3,5650,'App\\User'),(3,5651,'App\\User'),(3,5652,'App\\User'),(3,5653,'App\\User'),(3,5654,'App\\User'),(3,5655,'App\\User'),(3,5657,'App\\User'),(3,5660,'App\\User'),(3,5661,'App\\User'),(3,5662,'App\\User'),(3,5663,'App\\User'),(3,5664,'App\\User'),(3,5665,'App\\User'),(3,5666,'App\\User'),(3,5669,'App\\User'),(3,5670,'App\\User'),(3,5671,'App\\User'),(3,5672,'App\\User'),(3,5673,'App\\User'),(3,5674,'App\\User'),(3,5675,'App\\User'),(3,5677,'App\\User'),(3,5678,'App\\User'),(3,5679,'App\\User'),(3,5680,'App\\User'),(3,5681,'App\\User'),(3,5682,'App\\User'),(3,5683,'App\\User'),(3,5684,'App\\User'),(3,5686,'App\\User'),(3,5687,'App\\User'),(3,5688,'App\\User'),(3,5689,'App\\User'),(3,5690,'App\\User'),(3,5691,'App\\User'),(3,5692,'App\\User'),(3,5693,'App\\User'),(3,5694,'App\\User'),(3,5695,'App\\User'),(3,5696,'App\\User'),(3,5697,'App\\User'),(3,5698,'App\\User'),(3,5699,'App\\User'),(3,5700,'App\\User'),(3,5701,'App\\User'),(3,5703,'App\\User'),(3,5704,'App\\User'),(3,5705,'App\\User'),(3,5706,'App\\User'),(3,5707,'App\\User'),(3,5708,'App\\User'),(3,5709,'App\\User'),(3,5710,'App\\User'),(3,5711,'App\\User'),(3,5712,'App\\User'),(3,5713,'App\\User'),(3,5714,'App\\User'),(3,5715,'App\\User'),(3,5716,'App\\User'),(3,5717,'App\\User'),(3,5719,'App\\User'),(3,5720,'App\\User'),(3,5721,'App\\User'),(3,5722,'App\\User'),(3,5723,'App\\User'),(3,5724,'App\\User'),(3,5725,'App\\User'),(3,5726,'App\\User'),(3,5727,'App\\User'),(3,5728,'App\\User'),(3,5729,'App\\User'),(3,5730,'App\\User'),(3,5731,'App\\User'),(3,5733,'App\\User'),(3,5734,'App\\User'),(3,5735,'App\\User'),(3,5736,'App\\User'),(3,5738,'App\\User'),(3,5739,'App\\User'),(3,5740,'App\\User'),(3,5741,'App\\User'),(3,5742,'App\\User'),(3,5744,'App\\User'),(3,5746,'App\\User'),(3,5747,'App\\User'),(3,5748,'App\\User'),(3,5749,'App\\User'),(3,5750,'App\\User'),(3,5751,'App\\User'),(3,5752,'App\\User'),(3,5753,'App\\User'),(3,5754,'App\\User'),(3,5755,'App\\User'),(3,5756,'App\\User'),(3,5759,'App\\User'),(3,5760,'App\\User'),(3,5761,'App\\User'),(3,5762,'App\\User'),(3,5763,'App\\User'),(3,5764,'App\\User'),(3,5765,'App\\User'),(3,5766,'App\\User'),(3,5767,'App\\User'),(3,5768,'App\\User'),(3,5769,'App\\User'),(3,5770,'App\\User'),(3,5771,'App\\User'),(3,5772,'App\\User'),(3,5773,'App\\User'),(3,5774,'App\\User'),(3,5775,'App\\User'),(3,5776,'App\\User'),(3,5777,'App\\User'),(3,5779,'App\\User'),(3,5780,'App\\User'),(3,5781,'App\\User'),(3,5782,'App\\User'),(3,5783,'App\\User'),(3,5785,'App\\User'),(3,5786,'App\\User'),(3,5787,'App\\User'),(3,5788,'App\\User'),(3,5789,'App\\User'),(3,5790,'App\\User'),(3,5791,'App\\User'),(3,5792,'App\\User'),(3,5793,'App\\User'),(3,5795,'App\\User'),(3,5796,'App\\User'),(3,5798,'App\\User'),(3,5799,'App\\User'),(3,5800,'App\\User'),(3,5801,'App\\User'),(3,5802,'App\\User'),(3,5803,'App\\User'),(3,5804,'App\\User'),(3,5805,'App\\User'),(3,5806,'App\\User'),(3,5807,'App\\User'),(3,5808,'App\\User'),(3,5809,'App\\User'),(3,5811,'App\\User'),(3,5812,'App\\User'),(3,5814,'App\\User'),(3,5815,'App\\User'),(3,5816,'App\\User'),(3,5817,'App\\User'),(3,5818,'App\\User'),(3,5819,'App\\User'),(3,5820,'App\\User'),(3,5821,'App\\User'),(3,5822,'App\\User'),(3,5823,'App\\User'),(3,5824,'App\\User'),(3,5825,'App\\User'),(3,5827,'App\\User'),(3,5828,'App\\User'),(3,5829,'App\\User'),(3,5830,'App\\User'),(3,5831,'App\\User'),(3,5832,'App\\User'),(3,5833,'App\\User'),(3,5834,'App\\User'),(3,5835,'App\\User'),(3,5836,'App\\User'),(3,5837,'App\\User'),(3,5838,'App\\User'),(3,5840,'App\\User'),(3,5841,'App\\User'),(3,5842,'App\\User'),(3,5843,'App\\User'),(3,5844,'App\\User'),(3,5845,'App\\User'),(3,5846,'App\\User'),(3,5847,'App\\User'),(3,5848,'App\\User'),(3,5849,'App\\User'),(3,5850,'App\\User'),(3,5851,'App\\User'),(3,5852,'App\\User'),(3,5853,'App\\User'),(3,5854,'App\\User'),(3,5855,'App\\User'),(3,5856,'App\\User'),(3,5857,'App\\User'),(3,5858,'App\\User'),(3,5859,'App\\User'),(3,5861,'App\\User'),(3,5862,'App\\User'),(3,5863,'App\\User'),(3,5864,'App\\User'),(3,5865,'App\\User'),(3,5867,'App\\User'),(3,5868,'App\\User'),(3,5869,'App\\User'),(3,5870,'App\\User'),(3,5871,'App\\User'),(3,5872,'App\\User'),(3,5873,'App\\User'),(3,5874,'App\\User'),(3,5875,'App\\User'),(3,5876,'App\\User'),(3,5877,'App\\User'),(3,5878,'App\\User'),(3,5881,'App\\User'),(3,5883,'App\\User'),(3,5884,'App\\User'),(3,5885,'App\\User'),(3,5886,'App\\User'),(3,5887,'App\\User'),(3,5888,'App\\User'),(3,5889,'App\\User'),(3,5890,'App\\User'),(3,5892,'App\\User'),(3,5893,'App\\User'),(3,5894,'App\\User'),(3,5895,'App\\User'),(3,5896,'App\\User'),(3,5897,'App\\User'),(3,5898,'App\\User'),(3,5899,'App\\User'),(3,5901,'App\\User'),(3,5902,'App\\User'),(3,5903,'App\\User'),(3,5904,'App\\User'),(3,5905,'App\\User'),(3,5906,'App\\User'),(3,5907,'App\\User'),(3,5908,'App\\User'),(3,5909,'App\\User'),(3,5910,'App\\User'),(3,5911,'App\\User'),(3,5912,'App\\User'),(3,5913,'App\\User'),(3,5914,'App\\User'),(3,5915,'App\\User'),(3,5917,'App\\User'),(3,5918,'App\\User'),(3,5919,'App\\User'),(3,5920,'App\\User'),(3,5921,'App\\User'),(3,5922,'App\\User'),(3,5923,'App\\User'),(3,5924,'App\\User'),(3,5925,'App\\User'),(3,5926,'App\\User'),(3,5927,'App\\User'),(3,5928,'App\\User'),(3,5929,'App\\User'),(3,5930,'App\\User'),(3,5931,'App\\User'),(3,5932,'App\\User'),(3,5933,'App\\User'),(3,5954,'App\\User'),(3,5956,'App\\User'),(3,5957,'App\\User'),(3,5958,'App\\User'),(3,5959,'App\\User'),(3,5961,'App\\User'),(3,5963,'App\\User'),(3,5964,'App\\User'),(3,5965,'App\\User'),(3,5966,'App\\User'),(3,5969,'App\\User'),(3,5970,'App\\User'),(3,5971,'App\\User'),(3,5972,'App\\User'),(3,5973,'App\\User'),(3,5974,'App\\User'),(3,5975,'App\\User'),(3,5976,'App\\User'),(3,5981,'App\\User'),(3,5982,'App\\User'),(3,5992,'App\\User'),(3,5993,'App\\User'),(3,5994,'App\\User'),(3,5995,'App\\User'),(3,5996,'App\\User'),(3,5997,'App\\User'),(3,5998,'App\\User'),(3,5999,'App\\User'),(3,6000,'App\\User'),(3,6001,'App\\User'),(3,6002,'App\\User'),(3,6003,'App\\User'),(3,6004,'App\\User'),(3,6005,'App\\User'),(3,6006,'App\\User'),(3,6007,'App\\User'),(3,6008,'App\\User'),(3,6011,'App\\User'),(3,6012,'App\\User'),(3,6013,'App\\User'),(3,6023,'App\\User'),(3,6024,'App\\User'),(3,6025,'App\\User'),(3,6028,'App\\User'),(3,6029,'App\\User'),(3,6030,'App\\User'),(3,6031,'App\\User'),(3,6032,'App\\User'),(3,6033,'App\\User'),(3,6034,'App\\User'),(3,6035,'App\\User'),(3,6036,'App\\User'),(3,6037,'App\\User'),(3,6038,'App\\User'),(3,6040,'App\\User'),(3,6041,'App\\User'),(3,6042,'App\\User'),(3,6043,'App\\User'),(3,6044,'App\\User'),(3,6045,'App\\User'),(3,6046,'App\\User'),(3,6047,'App\\User'),(3,6048,'App\\User'),(3,6049,'App\\User'),(3,6051,'App\\User'),(3,6057,'App\\User'),(3,6058,'App\\User'),(3,6059,'App\\User'),(3,6062,'App\\User'),(3,6063,'App\\User'),(3,6064,'App\\User'),(3,6065,'App\\User'),(3,6066,'App\\User'),(3,6067,'App\\User'),(3,6068,'App\\User'),(3,6069,'App\\User'),(3,6070,'App\\User'),(3,6071,'App\\User'),(3,6072,'App\\User'),(3,6073,'App\\User'),(3,6074,'App\\User'),(3,6075,'App\\User'),(3,6076,'App\\User'),(3,6077,'App\\User'),(3,6078,'App\\User'),(3,6079,'App\\User'),(3,6080,'App\\User'),(3,6081,'App\\User'),(3,6082,'App\\User'),(23,5948,'App\\User'),(23,5949,'App\\User'),(23,5950,'App\\User'),(23,5955,'App\\User'),(23,5967,'App\\User'),(23,6015,'App\\User'),(23,6016,'App\\User'),(23,6017,'App\\User'),(23,6052,'App\\User'),(23,6053,'App\\User'),(23,6055,'App\\User'),(23,6056,'App\\User'),(25,4255,'App\\User'),(25,4276,'App\\User'),(25,5583,'App\\User'),(25,5595,'App\\User'),(25,6061,'App\\User');

--
