-- Table structure for table `product_translations`
--

CREATE TABLE `product_translations` (
  `id` int unsigned NOT NULL AUTO_INCREMENT,
  `product_id` int unsigned NOT NULL,
  `name` varchar(255) CHARACTER SET utf8mb4 COLLATE utf8mb4_unicode_ci NOT NULL,
  `content` varchar(255) CHARACTER SET utf8mb4 COLLATE utf8mb4_unicode_ci NOT NULL,
  `locale` varchar(255) CHARACTER SET utf8mb4 COLLATE utf8mb4_unicode_ci NOT NULL,
  `created_at` timestamp NULL DEFAULT NULL,
  `updated_at` timestamp NULL DEFAULT NULL,
  PRIMARY KEY (`id`),
  UNIQUE KEY `product_translations_product_id_locale_unique` (`product_id`,`locale`),
  KEY `product_translations_locale_index` (`locale`)
) ENGINE=InnoDB AUTO_INCREMENT=717 DEFAULT CHARSET=utf8mb4 COLLATE=utf8mb4_unicode_ci;

--
-- Dumping data for table `product_translations`
--

INSERT INTO `product_translations` (`id`, `product_id`, `name`, `content`, `locale`, `created_at`, `updated_at`) VALUES (1,1,'astryertyrtey','asdasd','ar',NULL,NULL),(2,1,'asd','بسم الله','en',NULL,NULL),(3,2,'b','j','ar',NULL,NULL),(4,2,'b','','en',NULL,NULL),(5,3,'g','h','ar',NULL,NULL),(6,3,'g','o','en',NULL,NULL),(7,4,'vj','hhj','ar',NULL,NULL),(8,4,'bbb','','en',NULL,NULL),(9,5,'b','b','ar',NULL,NULL),(10,5,'h','','en',NULL,NULL),(11,6,'hb','bb','ar',NULL,NULL),(12,6,'hv','vvbn','en',NULL,NULL),(13,7,'hh','jhb','ar',NULL,NULL),(14,7,'uu','bbn','en',NULL,NULL),(15,8,'hh','hggg','ar',NULL,NULL),(16,8,'bb','mkmkmk','en',NULL,NULL),(17,9,'ddddddddd','bvv','ar',NULL,NULL),(18,9,'ساعة يد','hghj','en',NULL,NULL),(19,10,'ساعة رجالي','ساعة اصيلة','ar',NULL,NULL),(20,10,'ساعة رجالي','ساعة اصلية','en',NULL,NULL),(21,11,'nb','erwt','ar',NULL,NULL),(22,11,'erter','ert','en',NULL,NULL),(23,12,'سبونج بوب','قطن ، فري سايز ٣٦-٤٢','ar',NULL,NULL),(24,12,'Sponge Bob','cotton , free size 36-42','en',NULL,NULL),(25,13,'باترك','قطن ، فري سايز ٣٦-٤٢','ar',NULL,NULL),(26,13,'Patrick','cotton , free size 36-42','en',NULL,NULL),(27,14,'سوبر ومن','قطن ، فري سايز ٣٦-٤٢','ar',NULL,NULL),(28,14,'Super Women','cotton , free size 36-42','en',NULL,NULL),(29,15,'رسمة','قطن ، فري سايز ٣٦-٤٢','ar',NULL,NULL),(30,15,'Animal Graphic','cotton , free size 36-42','en',NULL,NULL),(31,16,'جبن','قطن ، فري سايز','ar',NULL,NULL),(32,16,'Cheese','cotton , free size 36-42','en',NULL,NULL),(33,17,'افوكادو','قطن ، فري سايز ٣٦-٤٢','ar',NULL,NULL),(34,17,'Avocado','cotton , free size 36-42','en',NULL,NULL),(35,18,'رولكس','قطن ٨٥٪؜ ، فري سايز ٣٦-٤٢','ar',NULL,NULL),(36,18,'Rolex','cotton 85% , free size 36-42','en',NULL,NULL),(37,19,'رونالدو','قطن ٨٥٪؜ ، فري سايز ٣٦-٤٢','ar',NULL,NULL),(38,19,'CR7','cotton 85% , free size 36-42','en',NULL,NULL),(39,20,'كاليميرو','قطن ٨٥٪؜ ، فري سايز ٣٦-٤٢','ar',NULL,NULL),(40,20,'Calimero','cotton 85% , free size 36-42','en',NULL,NULL),(41,21,'تايتانك','قطن ٨٥٪؜ ، فري سايز ٣٦-٤٢','ar',NULL,NULL),(42,21,'Titanic','cotton 85% , free size 36-42','en',NULL,NULL),(43,22,'برجر كنج','قطن ٨٥٪؜ ، فري سايز ٣٦-٤٢','ar',NULL,NULL),(44,22,'Burger King','cotton 85% , free size 36-42','en',NULL,NULL),(45,23,'اسكوبار','قطن ٨٥٪؜ ، فري سايز ٣٦-٤٢','ar',NULL,NULL),(46,23,'Escobar','cotton 85% , free size 36-42','en',NULL,NULL),(47,24,'كورن فليكس','قطن ٨٥٪؜ ، فري سايز ٣٦-٤٢','ar',NULL,NULL),(48,24,'Corn Flakes','cotton 85% , free size 36-42','en',NULL,NULL),(49,25,'بوكيمون','قطن ، فري سايز ٣٦-٤٢','ar',NULL,NULL),(50,25,'Pokeball','cotton , free size 36-42','en',NULL,NULL),(51,26,'متكي بالفضاء','قطن ، فري سايز ٣٦-٤٢','ar',NULL,NULL),(52,26,'Astronaut','cotton , free size 36-42','en',NULL,NULL),(53,27,'بوكيمون','قطن ، فري سايز ٣٦-٤٢','ar',NULL,NULL),(54,27,'Pokemon','cotton , free size 36-42','en',NULL,NULL),(55,28,'متكي بالقضاء','قطن ، فري سايز ٣٦-٤٢','ar',NULL,NULL),(56,28,'Astronaut in Space','cotton , free size 36-42','en',NULL,NULL),(57,29,'متكي بالفضاء','قطن ، فري سايز ٣٦-٤٢','ar',NULL,NULL),(58,29,'Astronaut in Space','cotton , free size 36-42','en',NULL,NULL),(59,30,'سوبر اناناس','قطن ، فري سايز ٣٦-٤٢','ar',NULL,NULL),(60,30,'Super Pineapple','cotton , free size 36-42','en',NULL,NULL),(61,31,'مكتبه','قطن ، فري سايز ٣٦-٤٢','ar',NULL,NULL),(62,31,'Books Addict','cotton , free size 36-42','en',NULL,NULL),(63,32,'رفع اثقال','قطن ، فري سايز ٣٦-٤٢','ar',NULL,NULL),(64,32,'Body building','cotton , free size 36-42','en',NULL,NULL),(65,33,'مالتيزر','قطن ٨٥٪؜ ، فري سايز ٣٦-٤٢','ar',NULL,NULL),(66,33,'Maltesers','cotton 85% , free size 36-42','en',NULL,NULL),(67,34,'كاتشب','قطن ٨٥٪؜ ، فري سايز ٣٦-٤٢','ar',NULL,NULL),(68,34,'Ketchup','cotton 85% , free size 36-42','en',NULL,NULL),(69,35,'كوكي مونستر','قطن ، فري سايز ٣٦-٤٢','ar',NULL,NULL),(70,35,'Cookie Monster','cotton , free size 36-42','en',NULL,NULL),(71,36,'شاقي','قطن ، فري سايز ٣٦-٤٢','ar',NULL,NULL),(72,36,'Shaggy','cotton , free size 36-42','en',NULL,NULL),(73,37,'ميكي','قطن ، فري سايز ٣٦-٤٢','ar',NULL,NULL),(74,37,'Mickey','cotton , free size 36-42','en',NULL,NULL),(75,38,'شفيق','قطن ، فري سايز ٣٦-٤٢','ar',NULL,NULL),(76,38,'Squidward','cotton , free size 36-42','en',NULL,NULL),(77,39,'مستر سلطع','قطن ، فري سايز ٣٦-٤٢','ar',NULL,NULL),(78,39,'Mr Krabs','cotton , free size 36-42','en',NULL,NULL),(79,40,'مستر سمبسون','قطن ، فري سايز ٣٦-٤٢','ar',NULL,NULL),(80,40,'Mr Simpson','cotton , free size 36-42','en',NULL,NULL),(81,41,'هومر سمبسون','قطن ، فري سايز ٣٦-٤٢','ar',NULL,NULL),(82,41,'Homer Simpson','cotton , free size 36-42','en',NULL,NULL),(83,42,'ميسي','قطن ٨٥٪؜ ، فري سايز ٣٦-٤٢','ar',NULL,NULL),(84,42,'Messi','cotton 85% , free size','en',NULL,NULL),(85,43,'فلفل بو ديج','قطن ٨٥٪؜ ، فري سايز ٣٦-٤٢','ar',NULL,NULL),(86,43,'Red Rooster','cotton 85% , free size 36-42','en',NULL,NULL),(87,44,'اندومي','قطن ٨٥٪؜ ، فري سايز ٣٦-٤٢','ar',NULL,NULL),(88,44,'Indomie','cotton 85% , free size 36-42','en',NULL,NULL),(89,45,'جيني','قطن ٨٥٪؜ ، فري سايز ٣٦-٤٢','ar',NULL,NULL),(90,45,'Genie','cotton 85% , free size 36-42','en',NULL,NULL),(91,46,'ديو','قطن ٨٥٪؜ ، فري سايز ٣٦-٤٢','ar',NULL,NULL),(92,46,'Mountain Dew','cotton 85% , free size 36-42','en',NULL,NULL),(93,47,'ناشيونال جيوغرافيك','قطن ٨٥٪؜ ، فري سايز ٣٦-٤٢','ar',NULL,NULL),(94,47,'National Geographic','cotton 85% , free size 36-42','en',NULL,NULL),(95,48,'كلب مخترع','قطن ، فري سايز ٣٦-٤٢','ar',NULL,NULL),(96,48,'Scientist Dog','cotton , free size 36-42','en',NULL,NULL),(97,49,'كلب','قطن ، فري سايز ٣٦-٤٢','ar',NULL,NULL),(98,49,'Dog','cotton , free size 36-42','en',NULL,NULL),(99,50,'حب و سلام','قطن ، فري سايز ٣٦-٤٢','ar',NULL,NULL),(100,50,'Love and Peace','cotton , free size 36-42','en',NULL,NULL),(101,51,'جنجفه','قطن ، فري سايز ٣٦-٤٢','ar',NULL,NULL),(102,51,'Play Cards','cotton , free size 36-42','en',NULL,NULL),(103,52,'دامه','قطن ، فري سايز ٣٦-٤٢','ar',NULL,NULL),(104,52,'Dama','cotton , free size 36-42','en',NULL,NULL),(105,53,'حلاو','قطن ، فري سايز ٣٦-٤٢','ar',NULL,NULL),(106,53,'Lollipop','cotton , free size 36-42','en',NULL,NULL),(107,54,'رقي ملون','قطن ، فري سايز ٣٦-٤٢','ar',NULL,NULL),(108,54,'Watermelon Slices','cotton , free size 36-42','en',NULL,NULL),(109,55,'رقي وردي','قطن ، فري سايز ٣٦-٤٢','ar',NULL,NULL),(110,55,'Pink Watermelon','cotton , free size 36-42','en',NULL,NULL),(111,56,'رقي','قطن ، فري سايز ٣٦-٤٢','ar',NULL,NULL),(112,56,'Watermelon','cotton , free size 36-42','en',NULL,NULL),(113,57,'فري ستايل','قطن ، فري سايز ٣٦-٤٢','ar',NULL,NULL),(114,57,'Freestyle','cotton , free size 36-42','en',NULL,NULL),(115,58,'زيبرا','قطن ، فري سايز ٣٦-٤٢','ar',NULL,NULL),(116,58,'Zebra','cotton , free size 36-42','en',NULL,NULL),(117,59,'فود','قطن ، فري سايز ٣٦-٤٢','ar',NULL,NULL),(118,59,'Food','cotton , free size 36-42','en',NULL,NULL),(119,60,'مربعات ابيض','قطن ، فري سايز','ar',NULL,NULL),(120,60,'Plaid','cotton , free size 36-42','en',NULL,NULL),(121,61,'مربعات برتقالي','قطن ، فري سايز ٣٦-٤٢','ar',NULL,NULL),(122,61,'Orange Pattern','cotton , free size 36-42','en',NULL,NULL),(123,62,'مربعات اسود','قطن ، فري سايز ٣٦-٤٢','ar',NULL,NULL),(124,62,'Black Plaid','cotton , free size 36-42','en',NULL,NULL),(125,63,'hh','hh','ar',NULL,NULL),(126,63,'hh','hh','en',NULL,NULL),(127,64,'k','k','ar',NULL,NULL),(128,64,'j','k','en',NULL,NULL),(129,65,'hh','bbb','ar',NULL,NULL),(130,65,'jk','kk','en',NULL,NULL),(131,66,'jk','hhh','ar',NULL,NULL),(132,66,'kk','yu','en',NULL,NULL),(133,67,'سبونج بوب','قطن ، فري سايز ٣٦-٤٢','ar',NULL,NULL),(134,67,'Sponge Bob','cotton , free size 36-42','en',NULL,NULL),(135,68,'فرايز','قطن ، فري سايز ٣٦-٤٢','ar',NULL,NULL),(136,68,'Fries','cotton , free size 36-42','en',NULL,NULL),(137,69,'قطع رقي','قطن ، فري سايز ٣٦-٤٢','ar',NULL,NULL),(138,69,'Watermelon Slices','cotton , free size 36-42','en',NULL,NULL),(139,70,'رقي اخضر','قطن ، فري سايز ٣٦-٤٢','ar',NULL,NULL),(140,70,'Green Watermelon','cotton , free size 36-42','en',NULL,NULL),(141,71,'رقي ازرق','قطن ، فري سايز ٣٦-٤٢','ar',NULL,NULL),(142,71,'Blue Watermelon','cotton , free size 36-42','en',NULL,NULL),(143,72,'بطل عصير','قطن ، فري سايز ٣٦-٤٢','ar',NULL,NULL),(144,72,'Soda Bottle','cotton , free size 36-42','en',NULL,NULL),(145,73,'كرة قدم','قطن ، فري سايز ٣٦-٤٢','ar',NULL,NULL),(146,73,'Football','cotton , free size 36-42','en',NULL,NULL),(147,74,'Nevermind','قطن ، فري سايز ٣٦-٤٢','ar',NULL,NULL),(148,74,'Nevermind','cotton , free size 36-42','en',NULL,NULL),(149,75,'OK','قطن ، فري سايز ٣٦-٤٢','ar',NULL,NULL),(150,75,'OK','cotton , free size 36-42','en',NULL,NULL),(151,76,'دولار اسود','قطن ، فري سايز ٣٦-٤٢','ar',NULL,NULL),(152,76,'Black Dollar','cotton , free size 36-42','en',NULL,NULL),(153,77,'قاري','قطن ، فري سايز ٣٦-٤٢','ar',NULL,NULL),(154,77,'Bicycle','cotton , free size 36-42','en',NULL,NULL),(155,78,'نرد اسود','قطن ، فري سايز ٣٦-٤٢','ar',NULL,NULL),(156,78,'Black Dice','cotton , free size 36-42','en',NULL,NULL),(157,79,'دولار احمر','قطن ، فري سايز ٣٦-٤٢','ar',NULL,NULL),(158,79,'Red Dollar','cotton , free size 36-42','en',NULL,NULL),(159,80,'كابتن امريكا','قطن ، مقاس اطفال عمر ٤-٨','ar',NULL,NULL),(160,80,'Captain America','cotton , kids size age 4-8','en',NULL,NULL),(161,81,'الرجل الحديدي','قطن ، مقاس اطفال عمر ٤-٨','ar',NULL,NULL),(162,81,'Iron Man','cotton , kids size age 4-8','en',NULL,NULL),(163,82,'بوكس رسمي','قطن ، ٥ دلاغات ، فري سايز ٣٦-٤٢','ar',NULL,NULL),(164,82,'Formal Box','cotton , 5 pairs , free size 36-42','en',NULL,NULL),(165,83,'بوكس ساده','قطن ، ٥ دلاغات ، فري سايز ٣٦-٤٢','ar',NULL,NULL),(166,83,'Plain Box','cotton , 5 pairs , free size 36-42','en',NULL,NULL),(167,84,'No Drama','قطن ، فري سايز ٣٦-٤٢','ar',NULL,NULL),(168,84,'No Drama','cotton , free size 36-42','en',NULL,NULL),(169,85,'Perfection is Boring','قطن ، فري سايز ٣٦-٤٢','ar',NULL,NULL),(170,85,'Perfection is Boring','cotton , free size 36-42','en',NULL,NULL),(171,86,'Go Away','قطن ، فري سايز ٣٦-٤٢','ar',NULL,NULL),(172,86,'Go Away','cotton , free size 36-42','en',NULL,NULL),(173,87,'Life is a Joke','قطن ، فري سايز ٣٦-٤٢','ar',NULL,NULL),(174,87,'Life is a Joke','cotton , free size 36-42','en',NULL,NULL),(175,88,'هاري بوتر','قطن قصير ، فري سايز','ar',NULL,NULL),(176,88,'Hogwarts','short cotton , free size','en',NULL,NULL),(177,89,'ريفنكلو','قطن قصير ، فري سايز','ar',NULL,NULL),(178,89,'Ravenclaw','short cotton , free size','en',NULL,NULL),(179,90,'هافلبف','قطن قصير ، فري سايز','ar',NULL,NULL),(180,90,'Hufflepuff','short cotton , free size','en',NULL,NULL),(181,91,'سليذرن','قطن قصير ، فري سايز','ar',NULL,NULL),(182,91,'Slytherin','short cotton , free size','en',NULL,NULL),(183,92,'جرفندور','قطن قصير ، فري سايز','ar',NULL,NULL),(184,92,'Gryffindor','short cotton , free size','en',NULL,NULL),(185,93,'حب وسلام اسود','قطن ، فري سايز ٣٦-٤٢','ar',NULL,NULL),(186,93,'Black Love and Peace','cotton , free size 36-42','en',NULL,NULL),(187,94,'DHL اصفر','قطن ، فري سايز ٣٦-٤٢','ar',NULL,NULL),(188,94,'Yellow DHL','cotton , free size 36-42','en',NULL,NULL),(189,95,'DHL ازرق','قطن ، فري سايز ٣٦-٤٢','ar',NULL,NULL),(190,95,'Blue DHL','cotton , free size 36-42','en',NULL,NULL),(191,96,'DHL اسود','قطن ، فري سايز ٣٦-٤٢','ar',NULL,NULL),(192,96,'Black DHL','cotton , free size 36-42','en',NULL,NULL),(193,97,'DHL ابيض','قطن ، فري سايز ٣٦-٤٢','ar',NULL,NULL),(194,97,'White DHL','cotton , free size 36-42','en',NULL,NULL),(195,98,'انتي سوشل كلوب اسود','قطن ، فري سايز ٣٦-٤٢','ar',NULL,NULL),(196,98,'Anti Social Club Black','cotton , free size 36-42','en',NULL,NULL),(197,99,'انتي سوشل كلوب ابيض','قطن ، فري سايز ٣٦-٤٢','ar',NULL,NULL),(198,99,'Anti Social Club White','cotton , free size 36-42','en',NULL,NULL),(199,100,'انتي سوشل كلوب اسود وردي','قطن ، فري سايز ٣٦-٤٢','ar',NULL,NULL),(200,100,'Anti Social Club Black Pink','cotton , free size 36-42','en',NULL,NULL),(201,101,'انتي سوشل كلوب ابيض وردي','قطن ، فري سايز ٣٦-٤٢','ar',NULL,NULL),(202,101,'Anti Social Club white pink','cotton , free size 36-42','en',NULL,NULL),(203,102,'Did My Best','قطن ، فري سايز ٣٦-٤٢','ar',NULL,NULL),(204,102,'Did My Best','cotton , free size 36-42','en',NULL,NULL),(205,103,'Did My Best','قطن ، فري سايز ٣٦-٤٢','ar',NULL,NULL),(206,103,'Did My Best','cotton , free size 36-42','en',NULL,NULL),(207,104,'سنورلكس','قطن قصير ، فري سايز','ar',NULL,NULL),(208,104,'Snorlax','short cotton , free size','en',NULL,NULL),(209,105,'ورتورتل','قطن قصير ، فري سايز','ar',NULL,NULL),(210,105,'Wartortle','short cotton , free size','en',NULL,NULL),(211,106,'بوكي بول','قطن قصير ، فري سايز','ar',NULL,NULL),(212,106,'Pokeball','short cotton , free size','en',NULL,NULL),(213,107,'ايفي','قطن قصير ، فري سايز','ar',NULL,NULL),(214,107,'Eevee','short cotton , free size','en',NULL,NULL),(215,108,'بلباسور','قطن قصير ، فري سايز','ar',NULL,NULL),(216,108,'Bulbasaur','short cotton , free size','en',NULL,NULL),(217,109,'شارمندر','قطن قصير ، فري سايز','ar',NULL,NULL),(218,109,'Charmander','short cotton , free size','en',NULL,NULL),(219,110,'رايجو','قطن قصير ، فري سايز','ar',NULL,NULL),(220,110,'Raichu','short cotton , free size','en',NULL,NULL),(221,111,'بيكاجو','قطن قصير ، فري سايز','ar',NULL,NULL),(222,111,'Pikachu','short cotton , free size','en',NULL,NULL),(223,112,'Baby Box','بوكس ٤ دلاغات قطن ، عمر ١-٣ سنوات','ar',NULL,NULL),(224,112,'Baby Box','box 4 pairs cotton socks , 1-3 years old','en',NULL,NULL),(225,113,'Girls Baby Box','بوكس ٤ دلاغات قطن ، عمر ١-٣ سنوات','ar',NULL,NULL),(226,113,'Girls Baby Box','box 4 pairs cotton socks , 1-3 years old','en',NULL,NULL),(227,114,'ميكي ماوس','قطن ، فري سايز','ar',NULL,NULL),(228,114,'Mickey Mouse','cotton , free size','en',NULL,NULL),(229,115,'دونالد','قطن ، فري سايز','ar',NULL,NULL),(230,115,'Donald Duck','cotton , free size','en',NULL,NULL),(231,116,'بيبسي','قطن ، فري سايز ٣٦-٤٢','ar',NULL,NULL),(232,116,'Pepsi','cotton , free size 36-42','en',NULL,NULL),(233,117,'فانتا','قطن ، فري سايز ٣٦-٤٢','ar',NULL,NULL),(234,117,'Fanta','cotton , free size 36-42','en',NULL,NULL),(235,118,'كيرم','قطن ، فري سايز ٣٦-٤٢','ar',NULL,NULL),(236,118,'Carrom','cotton , free size 36-42','en',NULL,NULL),(237,119,'اوكي','قطن ، فري سايز ٣٦-٤٢','ar',NULL,NULL),(238,119,'Okay','cotton , free size 36-42','en',NULL,NULL),(239,120,'دلة قهوة','قطن ، فري سايز ٣٦-٤٢','ar',NULL,NULL),(240,120,'Arabic Coffee','cotton , free size 36-42','en',NULL,NULL),(241,121,'هالك','قطن ، فري سايز','ar',NULL,NULL),(242,121,'Hulk','cotton , free size','en',NULL,NULL),(243,122,'سوبر مان','قطن ، فري سايز','ar',NULL,NULL),(244,122,'Superman','cotton , free size','en',NULL,NULL),(245,123,'باتمان','قطن ، فري سايز','ar',NULL,NULL),(246,123,'Batman','cotton , free size','en',NULL,NULL),(247,124,'فيمتو','قطن ، فري سايز ٣٦-٤٢','ar',NULL,NULL),(248,124,'Vimto','cotton , free size 36-42','en',NULL,NULL),(249,125,'شماغ وبرقع','قطن ، فري سايز ٣٦-٤٢','ar',NULL,NULL),(250,125,'Shimaq and Burga','cotton , free size 36-42','en',NULL,NULL),(251,126,'جمل','قطن ، فري سايز ٣٦-٤٢','ar',NULL,NULL),(252,126,'Camel','cotton , free size 36-42','en',NULL,NULL),(253,127,'وردي','قطن ، فري سايز ٣٦-٤٢','ar',NULL,NULL),(254,127,'Pink','cotton , free size 36-42','en',NULL,NULL),(255,128,'عين ورديه','قطن ، فري سايز ٣٦-٤٢','ar',NULL,NULL),(256,128,'Pink Eyes','cotton , free size 36-42','en',NULL,NULL),(257,129,'ماكدونالدز','قطن ، فري سايز ٣٦-٤٢','ar',NULL,NULL),(258,129,'Mcdonalds','cotton , free size 36-42','en',NULL,NULL),(259,130,'تباسكو','قطن ، فري سايز ٣٦-٤٢','ar',NULL,NULL),(260,130,'Tabasco','cotton , free size 36-42','en',NULL,NULL),(261,131,'هارديز','قطن ، فري سايز ٣٦-٤٢','ar',NULL,NULL),(262,131,'Hardee’s','cotton , free size 36-42','en',NULL,NULL),(263,132,'ستاربكس','قطن ، فري سايز ٣٦-٤٢','ar',NULL,NULL),(264,132,'Starbucks','cotton , free size 36-42','en',NULL,NULL),(265,133,'قرندايزر','قطن ، فري سايز ٣٦-٤٢','ar',NULL,NULL),(266,133,'Grendizer','cotton , free size 36-42','en',NULL,NULL),(267,134,'نايك Everyday Plus','دلاغين احمر وازرق ، مقاس ٣٨-٤٢','ar',NULL,NULL),(268,134,'Nike Everyday Plus Crew','Crew 2 pairs socks , size 38-42','en',NULL,NULL),(269,135,'نايك Lightweight Crew','٣ دلاغات نايك ، مقاس ٤٢-٤٦','ar',NULL,NULL),(270,135,'Nike Lightweight Crew','Nike 3 pairs socks , size 42-46','en',NULL,NULL),(271,136,'نايك Everyday Plus اخضر','دلاغين نايك ، مقاس ٣٨-٣٢','ar',NULL,NULL),(272,136,'Nike Everyday Plus Green','Nike 2 pairs , size 38-42 , dip dye color','en',NULL,NULL),(273,137,'نايك Everyday Plus ازرق','دلاغين نايك ، مقاس ٣٨-٤٢','ar',NULL,NULL),(274,137,'Nike Everyday Plus Blue','Nike 2 pairs socks , size 38-42 , dip dye color','en',NULL,NULL),(275,138,'جوردن','٣ دلاغات للكعب ، مقاس ٣٨-٤٢','ar',NULL,NULL),(276,138,'Jordan Everyday Max','Jordan 3 pairs ankle socks , size 38-42','en',NULL,NULL),(277,139,'سوبرمان اطفال','٤ دلاغات طباعة ،  عمر ٥-٨ سنوات','ar',NULL,NULL),(278,139,'Kids Superman','Printed 4 socks , age 5-8','en',NULL,NULL),(279,140,'سبايدرمان اطفال','٤ دلاغات طباعة صوره  ، مقاس عمر ٥-٨','ar',NULL,NULL),(280,140,'Kids Spiderman','Printed 4 pairs socks , age 5-&','en',NULL,NULL),(281,141,'بن تن اطفال','٤ دلاغات طباعة صوره ، مقاس عمر ٥-٨','ar',NULL,NULL),(282,141,'Kids Ben 10','printed 4 pairs socks , age 5-8','en',NULL,NULL),(283,142,'كابتن امريكا اطفال','٤ دلاغات طباعة صورة ، مقاس عمر ٥-٨','ar',NULL,NULL),(284,142,'Kids Captain America','printed 4 pairs socks , age 5-8','en',NULL,NULL),(285,143,'دورا','٤ دلاغات طباعة صوره ، مقاس عمر ٥-٨','ar',NULL,NULL),(286,143,'Dora','printed 4 pairs socks , age 5-8','en',NULL,NULL),(287,144,'هلو كيتي','٤ دلاغات طباعة صوره ، مقاس عمر ٥-٨','ar',NULL,NULL),(288,144,'Hello Kitty','printed 4 pairs socks , age 5-8','en',NULL,NULL),(289,145,'ليتل بوني','٤ دلاغات طباعة صوره ، مقاس عمر ٥-٨','ar',NULL,NULL),(290,145,'Little Pony','printed 4 pairs socks , age 5-8','en',NULL,NULL),(291,146,'ميني ماوس','٤ دلاغات طباعة صوره ، مقاس عمر ٥-٨','ar',NULL,NULL),(292,146,'Minnie Mouse','printed 4 pairs socks , age 5-8','en',NULL,NULL),(293,147,'اميرات ديزني','٤ دلاغات طباعة صوره ، مقاس عمر ٥-٨','ar',NULL,NULL),(294,147,'Disney Princesses','printed 4 pairs socks , age 5-8','en',NULL,NULL),(295,148,'قطار','٤ دلاغات طباعة صوره ، مقاس عمر ١-٤','ar',NULL,NULL),(296,148,'Train','printed 4 pairs of socks , age 1-4','en',NULL,NULL),(297,149,'كاترون','٥ دلاغات قطن اطفال ، عمر ١-٣','ar',NULL,NULL),(298,149,'Cartoon','cotton 5 pairs socks , age 1-3','en',NULL,NULL),(299,150,'جناح رمادي','٨٠٪؜ قطن طويل ، مقاس عمر ٥-٧','ar',NULL,NULL),(300,150,'Grey Wings','cotton 80% , age 5-7','en',NULL,NULL),(301,151,'وجوه','٥ دلاغات قطن اطفال ، مقاس عمر ١-٤','ar',NULL,NULL),(302,151,'Emoji','cotton 5 pairs socks , age 1-4','en',NULL,NULL),(303,152,'جناح وردي','قطن طويل اطفال ، مقاس عمر ٥-٧','ar',NULL,NULL),(304,152,'Pink Wings','cotton 80% , age 5-7','en',NULL,NULL),(305,153,'ساده','قطن اطفال ، مقاس عمر ١-٣','ar',NULL,NULL),(306,153,'Plain','cotton , age 1-3','en',NULL,NULL),(307,154,'شفاف','شفاف نسائي ، فري سايز ٣٥-٤٠','ar',NULL,NULL),(308,154,'Sheer','sheer socks , free size 35-40','en',NULL,NULL),(309,155,'قطن ابيض','قطن ٨٠٪؜ ، فري سايز ٣٥-٤٠','ar',NULL,NULL),(310,155,'White Cotton','Cotton 80% , free size 35-40','en',NULL,NULL),(311,156,'Do Not Disturb','قطن ، فري سايز ٣٦-٤٢','ar',NULL,NULL),(312,156,'Do Not Disturb','cotton , free size 36-42','en',NULL,NULL),(313,157,'دونت رمادي','قطن ، فري سايز ٣٦-٤٢','ar',NULL,NULL),(314,157,'Grey Donut','cotton , free size 36-42','en',NULL,NULL),(315,158,'بيتزا','قطن ، فري سايز ٣٦-٤٢','ar',NULL,NULL),(316,158,'Pizza','cotton , free size 36-42','en',NULL,NULL),(317,159,'شطرنج','قطن ، فري سايز ٣٦-٤٢','ar',NULL,NULL),(318,159,'Chess','cotton , free size 36-42','en',NULL,NULL),(319,160,'دونت بنفسجي','قطن ، فري سايز ٣٦-٤٢','ar',NULL,NULL),(320,160,'Purple Donut','cotton , free size 36-42','en',NULL,NULL),(321,161,'عيون اصفر','قطن ، فري سايز ٣٦-٤٢','ar',NULL,NULL),(322,161,'Yellow Eyes','cotton , free size 36-42','en',NULL,NULL),(323,162,'ايس كريم','قطن ، فري سايز ٣٦-٤٢','ar',NULL,NULL),(324,162,'Icecream','cotton , free size 36-42','en',NULL,NULL),(325,163,'بيبسي اسود','قطن ، فري سايز ٣٦-٤٢','ar',NULL,NULL),(326,163,'Black Pepsi','cotton , free size 36-42','en',NULL,NULL),(327,164,'زرافة','قطن ، شكل مختلف ، فري سايز ٣٦-٤٢','ar',NULL,NULL),(328,164,'Giraffe','cotton , different design pair , free size 36-42','en',NULL,NULL),(329,165,'زيبرا','قطن ، شكل مختلف ، فري سايز ٣٦-٤٢','ar',NULL,NULL),(330,165,'Zebra','cotton , different design pair , free size 36-42','en',NULL,NULL),(331,166,'نمر','قطن ، شكل مختلف ، فري سايز ٣٦-٤٢','ar',NULL,NULL),(332,166,'Tiger','cotton , different design pair , free size 36-42','en',NULL,NULL),(333,167,'دراجه','قطن ، فري سايز ٣٦-٤٢','ar',NULL,NULL),(334,167,'Bicycle','cotton , free size 36-42','en',NULL,NULL),(335,168,'موز','قطن ، فري سايز ٣٦-٤٢','ar',NULL,NULL),(336,168,'Banana','cotton , free size 36-42','en',NULL,NULL),(337,169,'توم وجيري','قطن ، فري سايز ٣٦-٤٢','ar',NULL,NULL),(338,169,'Tom & Jerry','cotton , free size 36-42','en',NULL,NULL),(339,170,'ايرون مان','قطن ، فري سايز ٣٦-٤٢','ar',NULL,NULL),(340,170,'Iron Man','cotton , free size 36-42','en',NULL,NULL),(341,171,'سبايدر مان','قطن ، فري سايز ٣٦-٤٢','ar',NULL,NULL),(342,171,'Spiderman','cotton , free size 36-42','en',NULL,NULL),(343,172,'يونيكورن','قطن ، سايز ٣٦-٤٠','ar',NULL,NULL),(344,172,'Unicorn','cotton , size 36-40','en',NULL,NULL),(345,173,'تركيب','قطن ، فري سايز ٣٦-٤٢','ar',NULL,NULL),(346,173,'Puzzle','cotton , free size 36-42','en',NULL,NULL),(347,174,'يوم جميل','قطن ، فري سايز ٣٦-٤٢','ar',NULL,NULL),(348,174,'Beautiful Day','cotton , free size 36-42','en',NULL,NULL),(349,175,'وجه وردي','قطن ، فري سايز ٣٦-٤٢','ar',NULL,NULL),(350,175,'Pink Face','cotton , free size 36-42','en',NULL,NULL),(351,176,'سكوت','قطن ، فري سايز ٣٦-٤٢','ar',NULL,NULL),(352,176,'Shut Up','cotton , free size 36-42','en',NULL,NULL),(353,177,'بوبكورن','قطن ، فري سايز ٣٦-٤٢','ar',NULL,NULL),(354,177,'Popcorn','cotton , free size 36-42','en',NULL,NULL),(355,178,'انت عمري','قطن ، فري سايز ٣٦-٤٢','ar',NULL,NULL),(356,178,'Music','cotton , free size 36-42','en',NULL,NULL),(357,179,'عين وردي','قطن ، فري سايز ٣٦-٤٣','ar',NULL,NULL),(358,179,'Pink Eyes','cotton , free size 36-42','en',NULL,NULL),(359,180,'مربعات ازرق','قطن ، فري سايز ٣٦-٤٢','ar',NULL,NULL),(360,180,'Blue Blocks','cotton , free size 36-42','en',NULL,NULL),(361,181,'مربعات بنفسجي','قطن ، فري سايز ٣٦-٤٢','ar',NULL,NULL),(362,181,'Purple Blocks','cotton , free size 36-42','en',NULL,NULL),(363,182,'مربعات الوان','قطن ، فري سايز ٣٦-٤٢','ar',NULL,NULL),(364,182,'Colorful Blocks','cotton , free size 36-42','en',NULL,NULL),(365,183,'اوكي','قطن ، فري سايز ٣٦-٤٢','ar',NULL,NULL),(366,183,'OK','cotton , free size 36-42','en',NULL,NULL),(367,184,'قلب الحب','قطن، فري سايز ٣٦-٤٢','ar',NULL,NULL),(368,184,'Hearts','قطن ، فري سايز ٣٦-٤٢','en',NULL,NULL),(369,185,'ريوق','قطن ، فري سايز ٣٦-٤٢','ar',NULL,NULL),(370,185,'Breakfast','cotton , free size 36-42','en',NULL,NULL),(371,186,'بطه','قطن ، فري سايز ٣٦-٤٢','ar',NULL,NULL),(372,186,'Duck','cotton , free size 36-42','en',NULL,NULL),(373,187,'عين ازرق','قصير نسائي','ar',NULL,NULL),(374,187,'Blue Eye','short ladies socks','en',NULL,NULL),(375,188,'صييجك','قطن ، فري سايز ٣٦-٤٢','ar',NULL,NULL),(376,188,'Arabic word','cotton , free size 36-42','en',NULL,NULL),(377,189,'اورسولا','قطن ، فري سايز ٣٦-٤٢','ar',NULL,NULL),(378,189,'Ursula','cotton , free size 36-42','en',NULL,NULL),(379,190,'باغز باني','قطن ، فري سايز ٣٦-٤٢','ar',NULL,NULL),(380,190,'Bugs Bunny','cotton , free size 36-42','en',NULL,NULL),(381,191,'تاز','قطن ، فري سايز ٣٦-٤٢','ar',NULL,NULL),(382,191,'Taz','cotton , free size 36-42','en',NULL,NULL),(383,192,'كوكي مونستر','قطن ، فري سايز ٣٦-٤٢','ar',NULL,NULL),(384,192,'Cookie Monster','cotton , free size 36-32','en',NULL,NULL),(385,193,'شنب ازرق','قطن ، فري سايز ٣٦-٤٢','ar',NULL,NULL),(386,193,'Blue Mustache','cotton , free size 36-42','en',NULL,NULL),(387,194,'Gecko','قطن ، فري سايز ٣٦-٤٢','ar',NULL,NULL),(388,194,'Gecko','cotton, free size 36-42','en',NULL,NULL),(389,195,'حلاق','قطن ، فري سايز ٣٦-٤٢','ar',NULL,NULL),(390,195,'Barber','cotton , free size 36-42','en',NULL,NULL),(391,196,'ديك','قطن ، فري سايز ٣٦-٤٢','ar',NULL,NULL),(392,196,'Rooster','cotton , free size 36-42','en',NULL,NULL),(393,197,'سماعة','قطن ، فري سايز ٣٦-٤٢','ar',NULL,NULL),(394,197,'Headset','cotton , free size 36-42','en',NULL,NULL),(395,198,'برتقال','قطن ، فري سايز ٣٦-٤٢','ar',NULL,NULL),(396,198,'Orange','cotton , free size 36-42','en',NULL,NULL),(397,199,'جبن','قطن ، فري سايز ٣٦-٤٢','ar',NULL,NULL),(398,199,'Cheese','cotton , free size 36-42','en',NULL,NULL),(399,200,'بطاط','قطن ، فري سايز ٣٦-٤٢','ar',NULL,NULL),(400,200,'Fries','cotton , free size 36-42','en',NULL,NULL),(401,201,'اسد','قطن ، فري سايز ٣٦-٤٢','ar',NULL,NULL),(402,201,'Lion','cotton , free size 36-42','en',NULL,NULL),(403,202,'راديو','قطن ، فري سايز ٣٦-٤٢','ar',NULL,NULL),(404,202,'Radio','cotton , free size 36-42','en',NULL,NULL),(405,203,'بطل فلفل','قطن ، فري سايز ٣٦-٤٢','ar',NULL,NULL),(406,203,'Hot Sauce','cotton , free size 36-42','en',NULL,NULL),(407,204,'بطل فلفل','قطن ، فري سايز ٣٦-٤٢','ar',NULL,NULL),(408,204,'Hot Sauce','cotton , free size 36-42','en',NULL,NULL),(409,205,'برجر فرايز','قطن ، فري سايز ٣٦-٤٢','ar',NULL,NULL),(410,205,'Burger and Fries','cotton , free size 36-42','en',NULL,NULL),(411,206,'دكستر','قطن ، فري سايز ٣٦-٤٢','ar',NULL,NULL),(412,206,'Dexter','cotton , free size 36-42','en',NULL,NULL),(413,207,'بيتر','قطن ، فري سايز ٣٦-٤٢','ar',NULL,NULL),(414,207,'Peter Griffin','cotton , free size 36-42','en',NULL,NULL),(415,208,'ستيوي','قطن ، فري سايز ٣٦-٤٢','ar',NULL,NULL),(416,208,'Stewie Griffin','cotton , free size 36-42','en',NULL,NULL),(417,209,'دافي البطه','قطن ، فري سايز ٣٦-٤٢','ar',NULL,NULL),(418,209,'Daffy Duck','cotton , free size 36-42','en',NULL,NULL),(419,210,'لوكي','قطن ، فري سايز','ar',NULL,NULL),(420,210,'Loki','cotton , free size','en',NULL,NULL),(421,211,'مارفل','قطن ، فري سايز','ar',NULL,NULL),(422,211,'Marvel','cotton , free size','en',NULL,NULL),(423,212,'وندر ومن','قطن ، فري سايز ٣٦-٤٢','ar',NULL,NULL),(424,212,'Wonder Woman','cotton , free size 36-42','en',NULL,NULL),(425,213,'مارفن','قطن ، فري سايز ٣٦-٤٢','ar',NULL,NULL),(426,213,'Marvin','cotton , free size 36-42','en',NULL,NULL),(427,214,'كتاب','قطن ، فري سايز ٣٦-٤٢','ar',NULL,NULL),(428,214,'Book Sloth','cotton , free size 36-42','en',NULL,NULL),(429,215,'برقر','قطن ، فري سايز ٣٦-٤٢','ar',NULL,NULL),(430,215,'Burger','cotton , free size 36-42','en',NULL,NULL),(431,216,'فلفل حار','قطن ، فري سايز ٣٦-٤٢','ar',NULL,NULL),(432,216,'Hot Pepper','cotton , free size 36-42','en',NULL,NULL),(433,217,'شطرنج','قطن ، فري سايز ٣٦-٤٢','ar',NULL,NULL),(434,217,'Chess','cotton , free size 36-42','en',NULL,NULL),(435,218,'Pattern Design','قطن ، فري سايز ٣٦-٤٢','ar',NULL,NULL),(436,218,'Pattern Design','cotton , free size 36-42','en',NULL,NULL),(437,219,'باندا','قطن ، فري سايز ٣٦-٤٢','ar',NULL,NULL),(438,219,'Panda','cotton , free size 36-42','en',NULL,NULL),(439,220,'لمبه','قطن ، فري سايز ٣٦-٤٢','ar',NULL,NULL),(440,220,'Light Bulb','cotton , free size 36-42','en',NULL,NULL),(441,221,'سلوث','قطن ، فري سايز ٣٦-٤٢','ar',NULL,NULL),(442,221,'Sloth','cotton , free size 36-42','en',NULL,NULL),(443,222,'لا','قطن ، فري سايز ٣٦-٤٢','ar',NULL,NULL),(444,222,'No','cotton , free size 36-42','en',NULL,NULL),(445,223,'هلو','دلاغين قطن ، ابيض و اسود ، فري سايز ٣٦-٤٢','ar',NULL,NULL),(446,223,'Hello','cotton 2 pairs socks ,  white pair and black pair , free size 36-42','en',NULL,NULL),(447,224,'نرد احمر','قطن ، فري سايز ٣٦-٤٢','ar',NULL,NULL),(448,224,'Red Dice','cotton , free size 36-42','en',NULL,NULL),(449,225,'قطط','قطن ، فري سايز ٣٦-٤٢','ar',NULL,NULL),(450,225,'Cats','cotton , free size 36-42','en',NULL,NULL),(451,226,'Zzzz','قطن ، فري سايز ٣٦-٤٢','ar',NULL,NULL),(452,226,'Zzzz','cotton , free size 36-42','en',NULL,NULL),(453,227,'دونت اسود','قطن ، فري سايز ٣٦-٤٢','ar',NULL,NULL),(454,227,'Black Donut','cotton , free size 36-42','en',NULL,NULL),(455,228,'بيتزا اصفر','قطن ، فري سايز ٣٦-٤٢','ar',NULL,NULL),(456,228,'Yellow Pizza','cotton , free size 36-42','en',NULL,NULL),(457,229,'Bless','قطن ، فري سايز ٣٦-٤٢','ar',NULL,NULL),(458,229,'Bless','cotton , free size 36-42','en',NULL,NULL),(459,230,'الوان','قطن طويل ، فري سايز ٣٦-٤٢','ar',NULL,NULL),(460,230,'Colors','cotton , free size 36-42','en',NULL,NULL),(461,231,'دونت ابيض','قطن ، فري سايز ٣٦-٤٢','ar',NULL,NULL),(462,231,'White Donut','cotton , free size 36-42','en',NULL,NULL),(463,232,'كلب احمر','قطن ، فري سايز ٣٦-٤٢','ar',NULL,NULL),(464,232,'Red Dog','cotton , free size 36-42','en',NULL,NULL),(465,233,'دونت بيج','قطن ، فري سايز ٣٦-٤٢','ar',NULL,NULL),(466,233,'Beige Donut','cotton , free size 36-42','en',NULL,NULL),(467,234,'نرد ازرق','قطن ، فري سايز ٣٦-٤٢','ar',NULL,NULL),(468,234,'Blue Dice','cotton , free size 36-42','en',NULL,NULL),(469,235,'برقر','قطن ، فري سايز ٣٦-٤٢','ar',NULL,NULL),(470,235,'Burger','cotton , free size 36-42','en',NULL,NULL),(471,236,'قطط الوان','قطن ٣ دلاغات ، مقاس ٣٥ -٤٠','ar',NULL,NULL),(472,236,'Colorful Cats','cotton 3 pairs socks , size 35-40','en',NULL,NULL),(473,237,'قلوب','قطن ٥ دلاغات ، مقاس ٣٥-٤٠','ar',NULL,NULL),(474,237,'Hearts','cotton 5 pairs socks , size 35-40','en',NULL,NULL),(475,238,'دونت ازرق','قطن ، فري سايز ٣٦-٤٢','ar',NULL,NULL),(476,238,'Blue Donut','cotton , free size 36-42','en',NULL,NULL),(477,239,'Stay Weird','قطن طويل ، فري سايز ٣٦-٤٢','ar',NULL,NULL),(478,239,'Stay Weird','cotton , free size 36-42','en',NULL,NULL),(479,240,'موز','قطن ، فري سايز ٣٦-٤٢','ar',NULL,NULL),(480,240,'Banana','cotton , free size 36-42','en',NULL,NULL),(481,241,'مارفن اخضر','قطن ، فري سايز ٣٦-٤٢','ar',NULL,NULL),(482,241,'Green Marvin','cotton , free size 36-42','en',NULL,NULL),(483,242,'بطه','قطن طويل ، فري سايز ٣٦-٤٢','ar',NULL,NULL),(484,242,'Duck','long cotton , free size 36-42','en',NULL,NULL),(485,243,'عشرة الحاس','قطن ، فري سايز ٣٦-٤٢','ar',NULL,NULL),(486,243,'Ten of Hearts','cotton , free size 36-42','en',NULL,NULL),(487,244,'عصير','قطن ، فري سايز ٣٦-٤٢','ar',NULL,NULL),(488,244,'Drink','cotton , free size 36-42','en',NULL,NULL),(489,245,'دونت اخضر','قطن ، فري سايز ٣٦-٤٢','ar',NULL,NULL),(490,245,'Green Donut','cotton , free size 36-42','en',NULL,NULL),(491,246,'نص وجه','قطن ، فري سايز ٣٦-٤٢','ar',NULL,NULL),(492,246,'Half face','cotton , free size 36-42','en',NULL,NULL),(493,247,'فلفل','قطن ، فري سايز ٣٦-٤٢','ar',NULL,NULL),(494,247,'Pepper','cotton , free size 36-42','en',NULL,NULL),(495,248,'دكتور','قطن ، فري سايز ٣٦-٤٢','ar',NULL,NULL),(496,248,'Doctor','cotton , free size 36-42','en',NULL,NULL),(497,249,'حبل','قطن ، فري سايز ٣٦-٤٢','ar',NULL,NULL),(498,249,'Rope','cotton , free size 36-42','en',NULL,NULL),(499,250,'لا','قطن ، فري سايز ٣٦-٤٢','ar',NULL,NULL),(500,250,'I Say No','cotton , free size 36-42','en',NULL,NULL),(501,251,'نينجا كبامارو','فري سايز ٣٦-٤٢','ar',NULL,NULL),(502,251,'Ninja Kabamaru','free size 36-42','en',NULL,NULL),(503,252,'نينجا كبامارو','بامبو ٧٥٪؜ ، فري سايز ٣٦-٤٢','ar',NULL,NULL),(504,252,'Ninja Kabamaru','bamboo 75% , free size 36-42','en',NULL,NULL),(505,253,'رامي الصياد الصغير','فري سايز ٣٦-٤٢','ar',NULL,NULL),(506,253,'Tsurikichi Sanpei','free size 36-42','en',NULL,NULL),(507,254,'غرندايزر','فري سايز ٣٦-٤٢','ar',NULL,NULL),(508,254,'Grendizer','free size 36-42','en',NULL,NULL),(509,255,'سانشيرو','فري سايز ٣٦-٤٢','ar',NULL,NULL),(510,255,'Sanshiro','free size 36-42','en',NULL,NULL),(511,256,'الرمية الملتهبة','فري سايز ٣٦-٤٢','ar',NULL,NULL),(512,256,'Dodge Danpei','free size 36-42','en',NULL,NULL),(513,257,'نينجنا كابامارو 2','فري سايز ٣٦-٤٢','ar',NULL,NULL),(514,257,'Ninja Kabamaru 2','free size 36-42','en',NULL,NULL),(515,258,'جونغر','بامبو ٧٥٪؜ ، فري سايز ٣٦-٤٢','ar',NULL,NULL),(516,258,'Astroganger','bamboo 75% , free size 36-42','en',NULL,NULL),(517,259,'برد صاروخ','دلاغ برد صاروخ مقاس مناسب للجميع ما عدا الاطفال','ar',NULL,NULL),(518,259,'rocket ice cream','rocket ice cream free size for adults','en',NULL,NULL),(519,260,'مدينة النخيل','بامبو ٧٥٪؜ ، فري سايز ٣٦-٤٢','ar',NULL,NULL),(520,260,'Maple Town Stories: Palm Town','bamboo 75% , free size 36-42','en',NULL,NULL),(521,261,'تمساح','قطن ، فري سايز ٣٦-٤٢','ar',NULL,NULL),(522,261,'Crocodile','cotton , free size 36-42','en',NULL,NULL),(523,262,'RC','مقاس يناسب جميع الاعمار','ar',NULL,NULL),(524,262,'RC','Free size','en',NULL,NULL),(525,263,'White rainbow','مناسب لجميع الاعمار','ar',NULL,NULL),(526,263,'White rainbow','Free size','en',NULL,NULL),(527,264,'Purple pinapple','مناسب لجميع القياسات والاعمار','ar',NULL,NULL),(528,264,'Purple pinapple','Free size','en',NULL,NULL),(529,265,'وجه بنفسجي','قطن ، فري سايز ٣٦-٤٢','ar',NULL,NULL),(530,265,'Purple Face','cotton , free size 36-42','en',NULL,NULL),(531,266,'سوبر مان','بوليستر ، اطفال ولادي مقاس عمر ٦-١٠ سنوات','ar',NULL,NULL),(532,266,'Superman','polyester, kids boys size 6-10 years','en',NULL,NULL),(533,267,'سوبرمان','بوليستر ، اطفال ولادي مقاس عمر ٦-١٠ سنوات','ar',NULL,NULL),(534,267,'Superman','polyester , kids boys size age 6-10 years old','en',NULL,NULL),(535,268,'سوبرمان','بوليستر ، اطفال ولادي مقاس عمر ٦-١٠ سنوات','ar',NULL,NULL),(536,268,'Superman','polyester, kids boys size age 6-10 years old','en',NULL,NULL),(537,269,'سوبرمان','بوليستر ، اطفال ولادي مقاس عمر ٦-١٠ سنوات','ar',NULL,NULL),(538,269,'Superman','polyester, kids boys size age 6-10 years old','en',NULL,NULL),(539,270,'العب','فري سايز ٣٦-٤٢','ar',NULL,NULL),(540,270,'Play','free size 36-42','en',NULL,NULL),(541,271,'سوبرمان','بوليستر ، اطفال ولادي مقاس عمر ٦-١٠ سنوات','ar',NULL,NULL),(542,271,'Superman','polyester, kids boys size 6-10 years old','en',NULL,NULL),(543,272,'سوبرمان','بوليستر ، اطفال ولادي مقاس عمر ٦-١٠ سنوات','ar',NULL,NULL),(544,272,'Superman','polyester, kids boys size age 6-10 year old','en',NULL,NULL),(545,273,'سوبرمان','بوليستر ، اطفال ولادي مقاس عمر ٦-١٠ سنوات','ar',NULL,NULL),(546,273,'Superman','polyester, kids boys size age 6-10 years old','en',NULL,NULL),(547,274,'سوبرمان','بوليستر ، اطفال ولادي مقاس عمر ٦-١٠ سنوات','ar',NULL,NULL),(548,274,'Superman','polyester, kids boys size age 6-10 years old','en',NULL,NULL),(549,275,'سوبرمان','بوليستر ، اطفال ولادي مقاس عمر ٦-١٠ سنوات','ar',NULL,NULL),(550,275,'Superman','polyester, kids boys size age 6-10 years old','en',NULL,NULL),(551,276,'سوبرمان','بوليستر ، اطفال ولادي مقاس عمر ٦-١٠ سنوات','ar',NULL,NULL),(552,276,'Superman','polyester, kids boys size age 6-10 years old','en',NULL,NULL),(553,277,'Breathable Grey','طبي رياضي ٣٩-٤٤','ar',NULL,NULL),(554,277,'Breathable Grey','breathable socks medical size 39-44','en',NULL,NULL),(555,278,'العب اسود','فري سايز ٣٦-٤٢','ar',NULL,NULL),(556,278,'Play Black','free size 36-42','en',NULL,NULL),(557,279,'Breathable White','طلب رياضي مقاس ٣٩-٤٤','ar',NULL,NULL),(558,279,'Breathable White','breathable medical socks size 39-44','en',NULL,NULL),(559,280,'NASA','قياس مناسب للجميع','ar',NULL,NULL),(560,280,'NASA','Free size','en',NULL,NULL),(561,281,'Red Halloween','هالوين مناسب لجميع القياسات','ar',NULL,NULL),(562,281,'Red Halloween','Free Size','en',NULL,NULL),(563,282,'Dollar','قياس مناسب للجميع','ar',NULL,NULL),(564,282,'Dollar','Free Size','en',NULL,NULL),(565,283,'كتب','قطن ، فري سايز ٣٦-٤٢','ar',NULL,NULL),(566,283,'Books','cotton , free size 36-42','en',NULL,NULL),(567,284,'سبايدرمان','بوليستر ، اطفال ولادي مقاس عمر ٦-١٠ سنوات','ar',NULL,NULL),(568,284,'Spiderman','polyester, kids boys size age 6-10 years old','en',NULL,NULL),(569,285,'سبايدرمان','بوليستر ، اطفال ولادي مقاس عمر ٦-١٠ سنوات','ar',NULL,NULL),(570,285,'Spiderman','polyester, kids boys size age 6-10 years old','en',NULL,NULL),(571,286,'سبايدرمان','بوليستر ، اطفال ولادي مقاس عمر ٦-١٠ سنوات','ar',NULL,NULL),(572,286,'Spiderman','polyester, kids boys size age 6-10 years old','en',NULL,NULL),(573,287,'سبايدرمان','بوليستر ، اطفال ولادي مقاس عمر ٦-١٠ سنوات','ar',NULL,NULL),(574,287,'Spiderman Web','polyester, kids boys size age 6-10 years old','en',NULL,NULL),(575,288,'سبايدر مان','بوليستر ، اطفال ولادي مقاس عمر ٦-١٠ سنوات','ar',NULL,NULL),(576,288,'Spiderman Head','polyester, kids boys size age 6-10 years old','en',NULL,NULL),(577,289,'سبايدرمان','بوليستر ، اطفال ولادي مقاس عمر ٦-١٠ سنوات','ar',NULL,NULL),(578,289,'Spiderman Web','polyester, kids boys size age 6-10 years old','en',NULL,NULL),(579,290,'سبايدر مان','بوليستر ، اطفال ولادي مقاس عمر ٦-١٠ سنوات','ar',NULL,NULL),(580,290,'Spiderman','polyester, kids boys size age 6-10 years old','en',NULL,NULL),(581,291,'سبايدر مان','بوليستر ، اطفال ولادي مقاس عمر ٦-١٠ سنوات','ar',NULL,NULL),(582,291,'Spiderman Eyes','polyester, kids boys size age 6-10 years old','en',NULL,NULL),(583,292,'عنكبوت','بوليستر ، اطفال ولادي مقاس عمر ٦-١٠ سنوات','ar',NULL,NULL),(584,292,'Spider','polyester, kids boys size age 6-10 years old','en',NULL,NULL),(585,293,'سبايدرمان','بوليستر ، اطفال ولادي مقاس عمر ٦-١٠ سنوات','ar',NULL,NULL),(586,293,'Spiderman','polyester, kids boys size age 6-10 years old','en',NULL,NULL),(587,294,'كائنات فضائية','قطن ، فري سايز ٣٦-٤٢','ar',NULL,NULL),(588,294,'Aliens','cotton , free size 36-40','en',NULL,NULL),(589,295,'قيمر','قطن ، فري سايز ٣٦-٤٢','ar',NULL,NULL),(590,295,'Gamer','cotton , free size 36-42','en',NULL,NULL),(591,296,'رياضيات','قطن ، فري سايز ٣٦-٤٢','ar',NULL,NULL),(592,296,'Math','cotton , free size 36-42','en',NULL,NULL),(593,297,'طالب طب','قطن ، فري سايز ٣٦-٤٢','ar',NULL,NULL),(594,297,'Medical Student','cotton , free size 36-42','en',NULL,NULL),(595,298,'علوم','قطن ، فري سايز ٣٦-٤٢','ar',NULL,NULL),(596,298,'Science','cotton , free size 36-42','en',NULL,NULL),(597,299,'انتي سوشل برتقالي','قطن ، فري سايز ٣٦-٤٢','ar',NULL,NULL),(598,299,'Anti Social Orange','cotton , free size 36-42','en',NULL,NULL),(599,300,'غزال وردي','طويل بنات اطفال طول ٤٢ سم مقاس عمر ٣-١٠ سنوات','ar',NULL,NULL),(600,300,'Pink Dear','knee socks kids girls , length 42 cm size age 3-10 years old','en',NULL,NULL),(601,301,'قط ابيض','طويل بنات اطفال طول ٤٢ سم مقاس عمر ٣-١٠ سنوات','ar',NULL,NULL),(602,301,'White Cat','knee socks kids girls , length 42 cm size age 3-10 years old','en',NULL,NULL),(603,302,'يونيكورن','طويل بنات اطفال ٤٢ سم مقاس عمر ٣-١٠ سنوات','ar',NULL,NULL),(604,302,'Unicorn','knee socks kids girls , length 42 cm size age 3-10 years old','en',NULL,NULL),(605,303,'رعد العملاق','بامبو ٧٥٪؜ ، فري سايز ٣٦-٤٢','ar',NULL,NULL),(606,303,'Tetsujin','bamboo 75% , free size 36-42','en',NULL,NULL),(607,304,'النمر المقنع','بامبو ٧٥٪؜ ، فري سايز ٣٦-٤٢','ar',NULL,NULL),(608,304,'Tiger Mask','bamboo 75% , free size 36-42','en',NULL,NULL),(609,305,'انتي سوشل وردي','قطن ، فري سايز ٣٦-٤٢','ar',NULL,NULL),(610,305,'Pink Anti Social','cotton , free size 36-42','en',NULL,NULL),(611,306,'اسود ساده','بامبو ساده اسود ، فري سايز ٣٦-٤٢','ar',NULL,NULL),(612,306,'Black Plain','bamboo black plain size 36-42','en',NULL,NULL),(613,307,'ابيض ساده','بامبو ساده دلاغين ، فري سايز ٣٦-٤٢','ar',NULL,NULL),(614,307,'Plain White','bamboo plain 2 pairs of socks , free size 36-42','en',NULL,NULL),(615,308,'انتي سوشل اصفر','قطن ، فري سايز ٣٦-٤٢','ar',NULL,NULL),(616,308,'Anti Social Yellow','cotton , free size 36-42','en',NULL,NULL),(617,309,'Never','قطن ، فري سايز ٣٦-٤٢','ar',NULL,NULL),(618,309,'Never','cotton , free size 36-42','en',NULL,NULL),(619,310,'Never say No','قطن ، فري سايز ٣٦-٤٢','ar',NULL,NULL),(620,310,'Never say No','cotton , free size 36-42','en',NULL,NULL),(621,311,'برجر كنج','قطن ، فري سايز ٣٦-٤٢','ar',NULL,NULL),(622,311,'Burger King','cotton , free size 36-42','en',NULL,NULL),(623,312,'ابتسم','قطن فري سايز ٣٦-٤٢','ar',NULL,NULL),(624,312,'Smile','cotton free size 36-42','en',NULL,NULL),(625,313,'يوم جميل','قطن فري سايز ٣٦-٤٢','ar',NULL,NULL),(626,313,'Nice Day','cotton free size 36-42','en',NULL,NULL),(627,314,'ايموجي','قطن فري سايز ٣٦-٤٢','ar',NULL,NULL),(628,314,'Emoji','cotton free size 36-42','en',NULL,NULL),(629,315,'هلو','قطن فري سايز ٣٦-٤٢','ar',NULL,NULL),(630,315,'Hello','cotton free size 36-42','en',NULL,NULL),(631,316,'سكوبي دو','قطن فري سايز ٣٦-٤٢','ar',NULL,NULL),(632,316,'Scooby Doo','cotton free size 36-42','en',NULL,NULL),(633,317,'سونك','قطن فري سايز ٣٦-٤٢','ar',NULL,NULL),(634,317,'Sonic','cotton free size 36-42','en',NULL,NULL),(635,318,'هلو','قطن فري سايز ٣٦-٤٢','ar',NULL,NULL),(636,318,'Hello','cotton free size 36-42','en',NULL,NULL),(637,319,'يوم جميل','قطن فري سايز ٣٦-٤٢','ar',NULL,NULL),(638,319,'Nice Day','cotton free size 36-42','en',NULL,NULL),(639,320,'ايموجي','قطن فري سايز ٣٦-٤٢','ar',NULL,NULL),(640,320,'Emoji','cotton free size 36-42','en',NULL,NULL),(641,321,'ابتسم','قطن فري سايز ٣٦-٤٢','ar',NULL,NULL),(642,321,'Smile','cotton free size 36-42','en',NULL,NULL),(643,322,'سكوبي دو','قطن فري سايز ٣٦-٤٢','ar',NULL,NULL),(644,322,'Scooby Doo','cotton free size 36-42','en',NULL,NULL),(645,323,'سونك','قطن فري سايز ٣٦-٤٢','ar',NULL,NULL),(646,323,'Sonic','cotton free size 36-42','en',NULL,NULL),(647,324,'يودا','قطن فري سايز ٣٦-٤٢','ar',NULL,NULL),(648,324,'Yoda','cotton free size 36-42','en',NULL,NULL),(649,325,'لووني تونز','نعال بيت مقاس ٣٨/٣٩','ar',NULL,NULL),(650,325,'Looney Tunes','house slippers size 38/39','en',NULL,NULL),(651,326,'Home Basic','نعال منزلي رجالي مقاس ٤٣/٤٤','ar',NULL,NULL),(652,326,'Home Basic','house slippers 43/44','en',NULL,NULL),(653,327,'سنوبي','تعال منزلي ٣٦/٣٧','ar',NULL,NULL),(654,327,'Snoopy','house slippers 36/37','en',NULL,NULL),(655,328,'غزال ازرق','طويل بنات اطفال ٤٢ سم عمر ٣-١٠ سنوات','ar',NULL,NULL),(656,328,'Blue Deer','knee socks kids girls , length 42 cm size age 3-10 years old','en',NULL,NULL),(657,329,'عنكبوت','قطن فري سايز 36-42','ar',NULL,NULL),(658,329,'Spider','cotton free size 36-42','en',NULL,NULL),(659,330,'كوول','قطن فري سايز ٣٦-٤٢','ar',NULL,NULL),(660,330,'Cool','cotton free size 36-42','en',NULL,NULL),(661,331,'دي دي','قطن  فري سايز ٣٦-٤٢','ar',NULL,NULL),(662,331,'De De','cotton free size 36-42','en',NULL,NULL),(663,332,'باتمان','قطن ، فري سايز ٣٦-٤٢','ar',NULL,NULL),(664,332,'Batman','cotton , free size 36-42','en',NULL,NULL),(665,333,'ماريو','قطن ، فري سايز ٣٦-٤٢','ar',NULL,NULL),(666,333,'Mario','cotton , free size 36-42','en',NULL,NULL),(667,334,'كابتن امريكا','قطن ، فري سايز ٣٦-٤٢','ar',NULL,NULL),(668,334,'Captain America','cotton , free size 36-42','en',NULL,NULL),(669,335,'سوبرمان','قطن ، فري سايز ٣٦-٤١','ar',NULL,NULL),(670,335,'Super Man','cotton , free size 36-41','en',NULL,NULL),(671,336,'ماريو','قطن ، فري سايز ٣٦-٤٢','ar',NULL,NULL),(672,336,'Mario','cotton , free size 36-42','en',NULL,NULL),(673,337,'احرف عربية','قطن ، فري سايز ٣٦-٤٢','ar',NULL,NULL),(674,337,'Arabic Letters','cotton , free size 36-42','en',NULL,NULL),(675,338,'كنتاكي','قطن فري سايز ٣٦-٤٢','ar',NULL,NULL),(676,338,'KFC','cotton , free size 36-42','en',NULL,NULL),(677,339,'حليب ككاو','قطن فري سايز ٣٦-٤٢','ar',NULL,NULL),(678,339,'KDD Choco Milk','cotton free size 36-42','en',NULL,NULL),(679,340,'جوجل','قطن فري سايز ٣٦-٤٢','ar',NULL,NULL),(680,340,'Google','cotton free size 36-42','en',NULL,NULL),(681,341,'الأرنب الجائع','قطن فري سايز ٣٦-٤٢','ar',NULL,NULL),(682,341,'Hungry Bunny','cotton free size 36-42','en',NULL,NULL),(683,342,'كندر','قطن فري سايز ٣٦-٤٢','ar',NULL,NULL),(684,342,'Kinder','cotton free size 36-42','en',NULL,NULL),(685,343,'عبو','قطن فري سايز ٣٦-٤٢','ar',NULL,NULL),(686,343,'Abu','cotton free size 36-42','en',NULL,NULL),(687,344,'باسكن روبنز','قطن فري سايز ٣٦-٤٢','ar',NULL,NULL),(688,344,'Baskin Robins','cotton free size 36-42','en',NULL,NULL),(689,345,'رمادي ساده','بامبو ساده ، ٣٦-٤٢','ar',NULL,NULL),(690,345,'Grey Plain','bamboo plain 36-42','en',NULL,NULL),(691,346,'ماريو','قطن فري سايز ٣٦-٤٢','ar',NULL,NULL),(692,346,'Mario','cotton free size 36-42','en',NULL,NULL),(693,347,'كحلي ساده','بامبو ساده ٣٦-٤٢','ar',NULL,NULL),(694,347,'Navy Plain','bamboo plain 36-42','en',NULL,NULL),(695,348,'يونيكورن','نعال منزلي ٣١/٣٢','ar',NULL,NULL),(696,348,'Unicorn','home slippers 31/32','en',NULL,NULL),(697,349,'ستار ترك','قطن فري سايز ٣٦-٤٢','ar',NULL,NULL),(698,349,'Star Trek','cotton free size 36-42','en',NULL,NULL),(699,350,'بغبغاء جعفر','قطن فري سايز ٣٦-٤٢','ar',NULL,NULL),(700,350,'Jafar’s Parrot','cotton , free size 36-42','en',NULL,NULL),(701,351,'جيني','قطن فري سايز ٣٦-٤٢','ar',NULL,NULL),(702,351,'Genie','cotton free size 36-42','en',NULL,NULL),(703,352,'اندومي','قطن فري سايز ٣٦-٤٢','ar',NULL,NULL),(704,352,'Indomie','cotton free size 36-42','en',NULL,NULL),(705,353,'ردبل','قطن فري سايز ٣٦-٤٢','ar',NULL,NULL),(706,353,'Red Bull','cotton free size 36-42','en',NULL,NULL),(707,354,'نتفلكس','قطن فري سايز ٣٦-٤٢','ar',NULL,NULL),(708,354,'Netflix','cotton free size 36-42','en',NULL,NULL),(709,355,'رمادي اسود','قطن قصير مقاس ٣٦-٤٢','ar',NULL,NULL),(710,355,'Dark Grey','cotton ankle socks size 36-42','en',NULL,NULL),(711,356,'ابيض رمادي','قطن قصير ٣٦-٤٢','ar',NULL,NULL),(712,356,'Grey White','cotton ankle socks 36-42','en',NULL,NULL),(713,357,'جوكر','قطن و بوليستر مقاس ٣٦-٤٢','ar',NULL,NULL),(714,357,'Joker','cotton and polyester size 36-42','en',NULL,NULL),(715,358,'باتمان','قطن و بوليستر مقاس ٣٦-٤٢','ar',NULL,NULL),(716,358,'Batman','cotton and polyester size 36-42','en',NULL,NULL);

--
-- Table structure for table `products`
--

CREATE TABLE `products` (
  `id` int unsigned NOT NULL AUTO_INCREMENT,
  `image` varchar(255) CHARACTER SET utf8mb4 COLLATE utf8mb4_unicode_ci DEFAULT NULL,
  `user_id` int unsigned DEFAULT NULL,
  `mainprice` decimal(8,2) NOT NULL DEFAULT '0.00',
  `discount` decimal(8,2) NOT NULL DEFAULT '0.00',
  `stoke` int NOT NULL DEFAULT '0',
  `option` enum('true','false') CHARACTER SET utf8mb4 COLLATE utf8mb4_unicode_ci DEFAULT NULL,
  `code` varchar(255) CHARACTER SET utf8mb4 COLLATE utf8mb4_unicode_ci DEFAULT NULL,
  `status` enum('pending','reject','active') CHARACTER SET utf8mb4 COLLATE utf8mb4_unicode_ci NOT NULL DEFAULT 'pending',
  `reason` longtext CHARACTER SET utf8mb4 COLLATE utf8mb4_unicode_ci,
  `deleted_at` timestamp NULL DEFAULT NULL,
  `created_at` timestamp NULL DEFAULT NULL,
  `updated_at` timestamp NULL DEFAULT NULL,
  `checked` int NOT NULL DEFAULT '1',
  `knetPay` int NOT NULL DEFAULT '0',
  `arrivalTime` varchar(191) CHARACTER SET utf8mb4 COLLATE utf8mb4_unicode_ci DEFAULT NULL,
  `brand_id` int DEFAULT NULL,
  PRIMARY KEY (`id`),
  KEY `products_user_id_foreign` (`user_id`)
) ENGINE=InnoDB AUTO_INCREMENT=359 DEFAULT CHARSET=utf8mb4 COLLATE=utf8mb4_unicode_ci;

--
-- Dumping data for table `products`
--

INSERT INTO `products` (`id`, `image`, `user_id`, `mainprice`, `discount`, `stoke`, `option`, `code`, `status`, `reason`, `deleted_at`, `created_at`, `updated_at`, `checked`, `knetPay`, `arrivalTime`, `brand_id`) VALUES (1,'2022-09-21-image_picker_B0FB7E33-644D-47EE-A524-E60443101DF0-23247-0000040533C28B7B.png',1,35.00,55.00,85,NULL,NULL,'active',NULL,'2022-09-21 06:51:05','2022-09-20 11:39:41','2022-09-21 06:51:05',1,1,'10:30',5),(2,'2022-09-21-image_picker_6C3027A5-982C-40E4-9576-A6F5AF27FA13-22905-000003F509823FCA.png',1,8.00,5.00,4,NULL,NULL,'active',NULL,'2022-09-21 06:50:59','2022-09-20 11:51:26','2022-09-21 06:50:59',1,1,'10:30',5),(3,'2022-09-20-image_picker_4BEB9196-F5A8-4EC2-A981-45E1831F990D-19234-0000034E19C5F854.png',1,5.00,5.00,8,NULL,NULL,'active',NULL,'2022-09-21 06:50:54','2022-09-20 12:05:41','2022-09-21 06:50:54',1,1,'10:30',5),(4,'2022-09-21-image_picker_58C66010-F509-4CE2-821C-04B539BC7566-23034-000003FA64C49777.png',1,3.00,2.00,5,NULL,NULL,'active',NULL,'2022-09-21 06:50:50','2022-09-21 05:20:18','2022-09-21 06:50:50',1,1,'10:30',5),(5,'2022-09-21-image_picker_4F49F932-BB5E-4DFE-BC27-BC4C23E78BE8-22905-000003F5DC86F8E4.jpg',1,5.00,2.00,6,NULL,NULL,'active',NULL,'2022-09-21 06:50:45','2022-09-21 05:23:57','2022-09-21 06:50:45',1,1,'10:30',5),(6,'2022-09-21-image_picker_F65F8BAB-4F4D-4070-90C4-CD87F082287F-23294-0000040927E50F9C.png',1,88.00,5.00,8,NULL,NULL,'active',NULL,'2022-09-21 06:59:40','2022-09-21 06:50:23','2022-09-21 06:59:40',1,1,'10:30',5),(7,'2022-09-21-image_picker_5702A7BE-185F-4DCB-A063-B67AF574A7E0-23401-0000040C187ECCBE.png',1,8.00,7.00,6,NULL,NULL,'active',NULL,'2022-09-21 07:01:54','2022-09-21 07:00:34','2022-09-21 07:01:54',1,1,'10:30',5),(8,'2022-09-21-image_picker_9392F4ED-5302-4AEC-9F1D-091C0AE22B52-23401-0000040D3AF3FD04.png',1,90.00,55.00,20,NULL,NULL,'active',NULL,'2022-09-21 07:07:43','2022-09-21 07:02:37','2022-09-21 07:07:43',1,1,'10:30',5),(9,'2022-09-22-image_picker_56C7BA66-F7E3-403F-B9F7-87ED5F385F29-34234-0000061870F5BE36.jpg',1,88.00,70.00,666,NULL,NULL,'pending',NULL,'2022-09-25 09:20:57','2022-09-21 07:08:30','2022-09-25 09:20:57',1,1,'10:30',7),(10,'2022-09-25-image_picker_87641138-F0D8-47F0-9CD4-0D0A25FA2B52-1701-00000039C0D89E83.jpg',1,90.00,80.00,88,NULL,NULL,'active',NULL,'2022-09-25 09:51:52','2022-09-21 07:24:15','2022-09-25 09:51:52',1,1,'10:30',7),(11,'2022-09-22-image_picker_52B969C8-1B26-4A5D-8250-C06E395A323B-16324-00000F6BE362717A.jpg',1,8.00,5.00,5,NULL,NULL,'pending',NULL,'2022-09-22 19:36:14','2022-09-22 09:20:20','2022-09-22 19:36:14',1,1,'10:30',0),(12,'2022-09-25-image_picker_E8CA0AB5-9F1A-4F24-BD40-E9AB51129AD2-9453-000018C266CBFFA1.jpg',1,3.00,3.00,55,NULL,NULL,'active',NULL,'2022-10-07 16:46:12','2022-09-25 09:16:26','2022-10-07 16:46:12',1,1,'10:30',16),(13,'2022-09-25-image_picker_9484CC08-3A47-4A9A-A892-D85547AD67CF-9453-000018C2EDD8C15E.jpg',1,3.00,3.00,1,NULL,NULL,'active',NULL,NULL,'2022-09-25 09:18:07','2023-12-07 11:08:18',1,1,'10:30',0),(14,'2022-09-25-image_picker_7CD06F1F-A63C-482C-AA18-7D9261B274B2-19913-000018EC4EF5D0C9.jpg',1,3.00,3.00,3,NULL,NULL,'active',NULL,NULL,'2022-09-25 12:41:42','2023-10-03 21:18:16',1,1,'10:30',0),(15,'2022-09-25-image_picker_341F0196-E013-45B9-BE6F-707996B65D36-21096-0000191738D5E7F9.jpg',1,3.00,1.00,9,NULL,NULL,'active',NULL,NULL,'2022-09-25 15:30:35','2023-10-02 21:43:12',1,1,'10:30',0),(16,'2022-09-25-image_picker_6FFE88D8-3819-4D1C-9726-3AF9BBD2A488-21096-00001918876EA826.jpg',1,3.00,3.00,3,NULL,NULL,'active',NULL,NULL,'2022-09-25 15:32:28','2023-10-02 21:39:13',1,1,'10:30',0),(17,'2022-09-25-image_picker_67C8EAB9-7363-484D-A5CC-06FF531CA78C-21096-000019193A4B9CE9.jpg',192,3.00,3.00,2,NULL,NULL,'active',NULL,NULL,'2022-09-25 15:34:49','2023-05-23 13:11:09',1,1,'10:30',0),(18,'2022-09-27-image_picker_E8271427-FBB4-4CE9-A90A-7CB8183E2C04-29996-00001A0B86DB5605.jpg',191,3.00,3.00,0,NULL,NULL,'pending',NULL,NULL,'2022-09-27 10:39:45','2023-04-04 01:13:51',1,1,'10:30',19),(19,'2022-09-27-image_picker_0662DB08-44D2-4497-8173-1443206A2391-29996-00001A0CA460F29C.jpg',191,3.00,3.00,3,NULL,NULL,'active',NULL,NULL,'2022-09-27 10:43:12','2022-12-23 13:47:58',1,1,'10:30',19),(20,'2022-09-27-image_picker_997C2A62-9E8F-479C-BFB7-FC185475F9CF-29996-00001A0DC10CCD10.jpg',191,3.00,3.00,0,NULL,NULL,'active',NULL,NULL,'2022-09-27 10:46:33','2023-09-03 21:21:25',1,1,'10:30',19),(21,'2022-09-27-image_picker_2BA287C8-DA76-4EB6-AF36-6CF5268210C8-29996-00001A0FC041B7E8.jpg',191,3.00,3.00,1,NULL,NULL,'active',NULL,NULL,'2022-09-27 11:10:13','2023-12-07 11:08:18',1,1,'10:30',19),(22,'2022-09-27-image_picker_6D641934-48EC-47F8-BD48-E99FBE0560C0-29996-00001A17FABB1A55.jpg',191,3.00,3.00,1,NULL,NULL,'pending',NULL,'2022-09-28 11:54:17','2022-09-27 12:26:13','2022-09-28 11:54:17',1,1,'10:30',0),(23,'2022-09-27-image_picker_D30421EA-20F3-4F82-B003-AF0296944CF6-29996-00001A1A25AC1F0F.jpg',191,3.00,3.00,4,NULL,NULL,'active',NULL,NULL,'2022-09-27 12:39:18','2023-03-01 11:46:13',1,1,'10:30',19),(24,'2022-09-27-image_picker_6C72A8EB-EC4A-4A6B-B9D0-687E8201BCA9-29996-00001A1B2B00A8CC.jpg',191,3.00,3.00,1,NULL,NULL,'pending',NULL,'2023-01-08 06:10:44','2022-09-27 12:42:20','2023-01-08 06:10:44',1,1,'10:30',19),(25,'2022-09-27-image_picker_223B1506-11CF-47FB-B172-C8D6B9684848-29996-00001A209F4CFFFF.jpg',194,3.00,3.00,4,NULL,NULL,'pending',NULL,'2022-09-27 13:09:22','2022-09-27 12:58:56','2022-09-27 13:09:22',1,1,'10:30',0),(26,'2022-09-27-image_picker_F81F7B14-2203-4323-874A-EA7AFAF3D889-29996-00001A217E9098E5.jpg',194,3.00,3.00,2,NULL,NULL,'pending',NULL,'2022-09-27 13:03:56','2022-09-27 13:01:58','2022-09-27 13:03:56',1,1,'10:30',0),(27,'2022-09-27-image_picker_B3FDC971-7C49-45F5-9F44-2DD241357F2B-33065-00001A7429683D95.jpg',194,3.00,3.00,1,NULL,NULL,'active',NULL,NULL,'2022-09-27 18:49:39','2023-11-25 20:10:20',1,1,'10:30',0),(28,'2022-09-27-image_picker_FE29110B-CF7F-484D-9453-4FB716CB0F86-33065-00001A766DE3E9C2.jpg',194,3.00,3.00,2,NULL,NULL,'pending',NULL,'2022-09-27 18:56:35','2022-09-27 18:56:21','2022-09-27 18:56:35',1,1,'10:30',0),(29,'2022-09-27-image_picker_7CBAC481-37E8-46A1-9DFE-75CB165E17A4-33065-00001A776D9A5349.jpg',194,3.00,3.00,0,NULL,NULL,'active',NULL,NULL,'2022-09-27 18:59:06','2023-07-05 17:01:03',1,1,'10:30',0),(30,'2022-09-27-image_picker_A2F47E3F-0C6F-4020-BCBD-B1251CDBA28D-33065-00001A77FFB9A1EA.jpg',194,3.00,3.00,0,NULL,NULL,'pending',NULL,'2023-01-03 11:56:16','2022-09-27 19:00:34','2023-01-03 11:56:16',1,1,'10:30',0),(31,'2022-09-27-image_picker_1A981672-561C-4693-ACF5-FBD63CE642DB-33065-00001A788506534A.jpg',194,3.00,3.00,0,NULL,NULL,'pending',NULL,NULL,'2022-09-27 19:02:22','2023-10-08 09:45:06',1,1,'10:30',0),(32,'2022-09-27-image_picker_5A6DE768-FDCF-4D15-879A-C8A3154F60B7-33065-00001A793CC6EDA1.jpg',194,3.00,3.00,1,NULL,NULL,'active',NULL,NULL,'2022-09-27 19:04:31','2023-08-21 08:23:00',1,1,'10:30',0),(33,'2022-09-27-image_picker_21D0E640-A992-4E2B-BF9E-E129B712840F-33065-00001A8171B5A962.jpg',191,3.00,3.00,0,NULL,NULL,'pending',NULL,NULL,'2022-09-27 19:31:56','2023-03-01 11:47:01',1,1,'10:30',19),(34,'2022-09-27-image_picker_9DB3290A-CC97-42F6-842D-79F1E192E881-33065-00001A8266B35504.jpg',191,3.00,3.00,9,NULL,NULL,'active',NULL,NULL,'2022-09-27 19:34:17','2023-07-05 17:01:03',1,1,'10:30',19),(35,'2022-09-28-image_picker_7B9DA557-7B1B-46E5-B7E7-7D7C65B361C0-33065-00001AC7BDD47A74.jpg',190,3.00,3.00,5,NULL,NULL,'active',NULL,'2022-10-07 17:06:31','2022-09-28 11:30:57','2022-10-07 17:06:31',1,1,'10:30',0),(36,'2022-09-28-image_picker_1707D9CC-4145-4435-9A43-68766DD99D93-33065-00001AC8D9A4F97F.jpg',190,3.00,2.00,2,NULL,NULL,'active',NULL,NULL,'2022-09-28 11:35:10','2023-08-08 08:43:39',1,1,'10:30',35),(37,'2022-09-28-image_picker_6D352BFC-F7A7-4430-95DA-609F1F6FAF03-33065-00001AC97124F7F7.jpg',1,3.00,3.00,3,NULL,NULL,'active',NULL,NULL,'2022-09-28 11:36:35','2023-03-23 10:26:38',1,1,'10:30',0),(38,'2022-09-28-image_picker_379E5592-CE75-474A-AA9D-8999BDD2476D-33065-00001ACA1FC82264.jpg',1,3.00,3.00,0,NULL,NULL,'pending',NULL,'2023-06-09 15:02:45','2022-09-28 11:40:33','2023-06-09 15:02:45',1,1,'10:30',0),(39,'2022-09-28-image_picker_E1D52556-CD0E-4550-9367-06AABF28111B-33065-00001ACB23076618.jpg',1,3.00,3.00,2,NULL,NULL,'active',NULL,NULL,'2022-09-28 11:42:16','2023-03-23 10:27:40',1,1,'10:30',0),(40,'2022-09-28-image_picker_587BEDD9-D83B-42F8-9805-936A025B6040-33065-00001ACC16E45690.jpg',1,3.00,3.00,0,NULL,NULL,'active',NULL,NULL,'2022-09-28 11:44:47','2023-08-10 17:30:25',1,1,'10:30',0),(41,'2022-09-28-image_picker_32DD1B93-7BFD-4AFD-9C35-D0D1B2D5DC89-33065-00001ACC8C55C92E.jpg',1,3.00,3.00,3,NULL,NULL,'active',NULL,NULL,'2022-09-28 11:46:35','2023-03-23 10:28:12',1,1,'10:30',0),(42,'2022-09-28-image_picker_3A56B4DA-C996-4304-A160-AA2BD512DD5B-33065-00001ACF6A7F985C.jpg',191,3.00,3.00,2,NULL,NULL,'active',NULL,NULL,'2022-09-28 11:55:51','2023-12-07 11:08:18',1,1,'10:30',19),(43,'2022-09-28-image_picker_E2C8B45E-F97C-4686-A799-49428C58E464-33065-00001ACFEE37BA52.jpg',191,3.00,3.00,1,NULL,NULL,'pending',NULL,'2022-11-06 05:26:28','2022-09-28 11:57:58','2022-11-06 05:26:28',1,1,'10:30',19),(44,'2022-09-28-image_picker_B2532F7B-82A5-40DB-97A7-04A9A3FEE997-33065-00001AD0EFB46A1A.jpg',191,3.00,3.00,1,NULL,NULL,'pending',NULL,'2022-11-06 05:26:39','2022-09-28 12:01:11','2022-11-06 05:26:39',1,1,'10:30',19),(45,'2022-09-28-image_picker_E26BF450-A145-4C5E-9B63-B05F54C68616-33065-00001AD230F152F0.jpg',191,3.00,3.00,1,NULL,NULL,'pending',NULL,'2022-10-13 16:47:55','2022-09-28 12:04:50','2022-10-13 16:47:55',1,1,'10:30',0),(46,'2022-09-28-image_picker_71B3319C-0E90-4420-A0CE-208862FA8211-33065-00001AD2ECC768E7.jpg',191,3.00,3.00,0,NULL,NULL,'active',NULL,NULL,'2022-09-28 12:06:56','2023-03-30 20:56:44',1,1,'10:30',19),(47,'2022-09-28-image_picker_E2BFE5D1-286D-4AAF-B84B-B3ECF9AF7B9C-33065-00001AD3AA60F063.jpg',191,3.00,3.00,11,NULL,NULL,'active',NULL,NULL,'2022-09-28 12:09:22','2023-07-05 17:01:03',1,1,'10:30',19),(48,'2022-09-28-image_picker_C3C1E1C1-A467-42EC-B8C0-CB45DA6062CB-33065-00001ADCCDB282EA.jpg',190,3.00,3.00,1,NULL,NULL,'pending',NULL,'2023-06-13 09:36:10','2022-09-28 12:37:45','2023-06-13 09:36:10',1,1,'10:30',0),(49,'2022-09-28-image_picker_8EA3120F-A1C0-4A7C-AEF7-E9564202D8CA-33065-00001ADDA087F6E0.jpg',190,3.00,1.00,1,NULL,NULL,'active',NULL,NULL,'2022-09-28 12:39:29','2023-05-16 04:19:02',1,1,'10:30',0),(50,'2022-10-02-image_picker_897D91E7-4958-4B8C-88C5-47D8FFE8C5F9-74486-00001E7099838539.jpg',190,3.00,3.00,0,NULL,NULL,'pending',NULL,'2023-08-27 13:32:21','2022-10-02 08:42:11','2023-08-27 13:32:21',1,1,'10:30',0),(51,'2022-10-05-image_picker_15B93D1D-A21A-4EBE-8B8A-15ACAD5FF7BC-95024-0000205505F01B53.jpg',192,3.00,3.00,9,NULL,NULL,'active',NULL,NULL,'2022-10-05 10:01:00','2023-07-05 17:01:03',1,1,'10:30',0),(52,'2022-10-05-image_picker_3E1504A3-D950-4995-A446-688AD7A9EA6C-95024-00002055AEAFE6BF.jpg',192,3.00,3.00,2,NULL,NULL,'active',NULL,NULL,'2022-10-05 10:03:00','2023-05-23 13:11:09',1,1,'10:30',0),(53,'2022-10-05-image_picker_5423AE8D-C9BF-47E4-AE19-6A11D3D3A0D9-95024-0000205809132855.jpg',192,2.00,1.00,0,NULL,NULL,'active',NULL,'2022-11-19 15:52:08','2022-10-05 10:10:06','2022-11-19 15:52:08',1,1,'10:30',0),(54,'2022-10-05-image_picker_2D93FA94-0545-4EC5-B1C5-19994BF8BEB7-98243-000020CAF0236F28.jpg',192,3.00,2.00,3,NULL,NULL,'active',NULL,'2022-10-08 09:49:13','2022-10-05 18:43:27','2022-10-08 09:49:13',1,1,'10:30',0),(55,'2022-10-05-image_picker_CC6320F6-A6C6-486E-A50C-629134D081EA-98243-000020CB72E7A24C.jpg',192,3.00,3.00,4,NULL,NULL,'active',NULL,NULL,'2022-10-05 18:44:38','2023-06-07 08:08:37',1,1,'10:30',0),(56,'2022-10-05-image_picker_3A655289-01AC-442C-9B5A-DDD6E695CD38-98243-000020CBCCAFE275.jpg',1,3.00,3.00,2,NULL,NULL,'active',NULL,NULL,'2022-10-05 18:45:48','2023-10-04 16:09:19',1,1,'10:30',0),(57,'2022-10-05-image_picker_52744177-5658-4DF2-8B35-CE230A4536D1-98243-000020CE646D7756.jpg',192,3.00,2.00,3,NULL,NULL,'pending',NULL,NULL,'2022-10-05 19:04:45','2023-03-23 10:32:44',1,1,'10:30',0),(58,'2022-10-05-image_picker_9E7F7C52-0C96-41D1-BDB2-04004107BCB4-98243-000020D66A9CC28D.jpg',192,3.00,1.00,2,NULL,NULL,'active',NULL,NULL,'2022-10-05 19:17:20','2023-04-10 14:44:25',1,1,'10:30',0),(59,'2022-10-05-image_picker_4338F181-AC15-4692-9E40-734964C78C79-98243-000020D6BE20D44D.jpg',192,3.00,3.00,7,NULL,NULL,'active',NULL,NULL,'2022-10-05 19:18:43','2022-10-08 10:04:04',1,1,'10:30',0),(60,'2022-10-05-image_picker_D1548769-D41F-4C04-A612-2A45029993E5-959-000020EF0F33A9B6.jpg',192,3.00,2.00,0,NULL,NULL,'pending',NULL,'2023-01-28 08:42:32','2022-10-05 20:33:20','2023-01-28 08:42:32',1,1,'10:30',0),(61,'2022-10-05-image_picker_53C92E28-1C79-4058-9E9E-99C2024F8D77-959-000020F03A63C6FF.jpg',192,3.00,1.00,7,NULL,NULL,'active',NULL,NULL,'2022-10-05 20:35:07','2023-08-26 22:55:52',1,1,'10:30',0),(62,'2022-10-05-image_picker_9BFD4B62-3801-4FDB-A21A-FC38C543F8BA-959-000020F11CFEF4C1.jpg',192,3.00,2.00,0,NULL,NULL,'pending',NULL,'2023-04-02 20:08:22','2022-10-05 20:37:25','2023-04-02 20:08:22',1,1,'10:30',0),(63,'2022-10-05-image_picker_4D4C912F-B85A-4055-96FD-2197E7B5F342-20410-0000002E121730EC.jpg',1,88.00,0.00,88,NULL,NULL,'pending',NULL,'2022-10-06 20:08:50','2022-10-05 21:09:49','2022-10-06 20:08:50',1,1,'10:30',16),(64,'2022-10-05-image_picker_315405E8-EF63-48A7-B43E-E23027892D38-20410-0000002E8529E388.jpg',1,88.00,81.00,77,NULL,NULL,'pending',NULL,'2022-10-06 20:08:43','2022-10-05 21:10:53','2022-10-06 20:08:43',1,1,'10:30',16),(65,'2022-10-06-image_picker_CEDC50E8-C3FF-438F-A1B4-8C038DE24E24-12982-0000004295CC5050.jpg',1,5.00,3.00,741,NULL,NULL,'pending',NULL,'2022-10-06 20:08:35','2022-10-06 17:56:18','2022-10-06 20:08:35',1,1,'10:30',0),(66,'2022-10-06-image_picker_FB603531-0F76-45FC-81F2-B64EEBA3309C-28686-00000067AC90BFEF.jpg',1,55.00,50.00,88,NULL,NULL,'pending',NULL,'2022-10-07 15:59:54','2022-10-06 20:18:53','2022-10-07 15:59:54',1,1,'10:30',0),(67,'2022-10-08-image_picker_B924913E-6DCE-4D72-A1E6-E2B400D6DE75-24557-0000236F0D03506A.jpg',1,3.00,3.00,5,NULL,NULL,'active',NULL,NULL,'2022-10-08 07:09:41','2023-10-06 15:10:47',1,1,'10:30',0),(68,'2022-10-08-image_picker_B7667984-3E31-4A82-83B5-6F8CF6D91CC7-24557-0000238EBBB5A2CC.jpg',192,3.00,2.00,0,NULL,NULL,'pending',NULL,'2022-11-28 10:19:52','2022-10-08 10:08:57','2022-11-28 10:19:52',1,1,'10:30',0),(69,'2022-10-08-image_picker_195DEDE2-F3F4-4E37-BF7B-EB4230BC22BA-24557-0000238F16FC4DE4.jpg',192,3.00,2.00,1,NULL,NULL,'pending',NULL,'2023-03-10 14:38:04','2022-10-08 10:10:10','2023-03-10 14:38:04',1,1,'10:30',0),(70,'2022-10-08-image_picker_1176F7E6-68E3-4931-9C6B-218B82F2B4CB-24557-0000238FDEA8C11E.jpg',1,3.00,2.00,0,NULL,NULL,'pending',NULL,NULL,'2022-10-08 10:12:34','2023-10-08 09:45:32',1,1,'10:30',0),(71,'2022-10-08-image_picker_84742568-35B1-4B0A-9E77-12A694729D9D-24557-00002390BB9FDEA0.jpg',1,3.00,2.00,0,NULL,NULL,'pending',NULL,NULL,'2022-10-08 10:15:02','2023-10-08 09:45:46',1,1,'10:30',0),(72,'2022-10-08-image_picker_87B024F3-1285-402B-AD29-AA5C3C6955D6-24557-00002391AD83B34B.jpg',192,2.00,1.00,0,NULL,NULL,'pending',NULL,'2023-03-10 14:38:15','2022-10-08 10:18:13','2023-03-10 14:38:15',1,1,'10:30',0),(73,'2022-10-08-image_picker_63D79C2D-78BF-4F4E-A642-429973600AD9-24557-000023932C8F77CA.jpg',192,3.00,2.00,0,NULL,NULL,'pending',NULL,'2023-02-21 16:41:28','2022-10-08 10:22:25','2023-02-21 16:41:28',1,1,'10:30',0),(74,'2022-10-08-image_picker_347254CE-BD2B-452E-B83F-A76C79C5C245-24557-00002393ADCEB3A9.jpg',192,3.00,2.00,1,NULL,NULL,'pending',NULL,NULL,'2022-10-08 10:24:04','2023-01-19 15:33:42',1,1,'10:30',0),(75,'2022-10-08-image_picker_652AE85C-EB79-42AA-B4C6-E6F49EAE7793-24557-0000239550FD37E1.jpg',192,2.00,2.00,0,NULL,NULL,'pending',NULL,'2023-01-03 11:56:39','2022-10-08 10:29:32','2023-01-03 11:56:39',1,1,'10:30',0),(76,'2022-10-08-image_picker_95828115-7051-4E71-9C06-2274429E111B-28724-000023DAD351AAC4.jpg',192,2.00,2.00,0,NULL,NULL,'active',NULL,NULL,'2022-10-08 15:15:35','2023-07-05 17:01:03',1,1,'10:30',0),(77,'2022-10-08-image_picker_C2FF491C-C8B3-4D0A-A94C-F258AE6665FD-28724-000023DBC69787A5.jpg',192,2.00,2.00,1,NULL,NULL,'active',NULL,NULL,'2022-10-08 15:17:04','2023-01-12 08:37:05',1,1,'10:30',0),(78,'2022-10-08-image_picker_8A231F66-9756-44EA-A57F-A182C817D641-28724-000023DC3E87219A.jpg',1,2.00,2.00,10,NULL,NULL,'active',NULL,NULL,'2022-10-08 15:19:10','2023-03-23 10:35:10',1,1,'10:30',0),(79,'2022-10-08-image_picker_53718C4E-B984-424D-8F0E-122759DE4F3E-28724-000023DCE0528A2F.jpg',192,2.00,2.00,2,NULL,NULL,'active',NULL,NULL,'2022-10-08 15:20:10','2022-10-08 15:39:26',1,1,'10:30',0),(80,'2022-10-08-image_picker_1E746C20-375B-4515-9794-A04DFB363A18-28724-000023DF0CBB500E.jpg',1,1.00,1.00,1,NULL,NULL,'active',NULL,NULL,'2022-10-08 15:27:39','2023-04-02 20:09:02',1,1,'10:30',0),(81,'2022-10-08-image_picker_22EFC8C3-3E8F-4E88-8F6D-443785DA3C54-28724-000023DFB2393213.jpg',1,1.00,1.00,0,NULL,NULL,'active',NULL,NULL,'2022-10-08 15:28:57','2023-11-04 06:42:14',1,1,'10:30',0),(82,'2022-10-08-image_picker_9DC2F8BE-2CB7-4FE5-B9E0-E3377E5CF509-28724-0000240148957980.jpg',190,7.00,7.00,9,NULL,NULL,'active',NULL,NULL,'2022-10-08 18:00:07','2023-08-08 08:43:58',1,1,'10:30',35),(83,'2022-10-08-image_picker_8BDDA703-9DCB-4FBE-999E-BFB89319BECF-28724-00002401ADA35D9A.jpg',190,7.00,5.00,5,NULL,NULL,'active',NULL,NULL,'2022-10-08 18:01:41','2023-09-27 19:27:40',1,1,'10:30',35),(84,'2022-10-08-image_picker_19A1E08B-C2F6-4EA3-9222-BA0492877FF7-28724-00002405673FE603.jpg',190,3.00,3.00,1,NULL,NULL,'active',NULL,NULL,'2022-10-08 18:16:27','2023-08-08 08:44:34',1,1,'10:30',35),(85,'2022-10-08-image_picker_94D54F82-9CFC-44B4-8A75-138D841AF2A1-28724-0000240637ADBD4A.jpg',190,3.00,3.00,5,NULL,NULL,'active',NULL,NULL,'2022-10-08 18:19:07','2023-08-08 08:44:52',1,1,'10:30',35),(86,'2022-10-08-image_picker_CEC65ED6-D9C7-4E3C-A616-43034DD7AEA0-28724-00002406BF6B0C27.jpg',190,3.00,3.00,3,NULL,NULL,'active',NULL,NULL,'2022-10-08 18:20:29','2023-05-01 16:05:58',1,1,'10:30',0),(87,'2022-10-08-image_picker_F4C13254-AB29-469A-B33E-B2937890BB06-28724-0000240730DF649A.jpg',190,3.00,3.00,2,NULL,NULL,'active',NULL,NULL,'2022-10-08 18:24:20','2023-08-08 08:45:07',1,1,'10:30',35),(88,'2022-10-08-image_picker_09522110-285C-42E7-98D0-5DC70FF72260-33061-000024151D3D4229.jpg',190,2.00,2.00,2,NULL,NULL,'active',NULL,NULL,'2022-10-08 19:22:11','2023-01-30 17:01:51',1,1,'10:30',0),(89,'2022-10-08-image_picker_73EB3B1E-A63E-4D0A-8F3A-B516E0C810B4-33061-00002415E5B79F24.jpg',190,2.00,2.00,5,NULL,NULL,'active',NULL,NULL,'2022-10-08 19:24:13','2022-10-08 19:30:15',1,1,'10:30',0),(90,'2022-10-08-image_picker_FC6199BF-1C5F-4CCC-B3DA-73C2F24B1F40-33061-0000241702AB76F5.jpg',190,2.00,2.00,4,NULL,NULL,'active',NULL,NULL,'2022-10-08 19:26:53','2022-10-17 06:49:59',1,1,'10:30',0),(91,'2022-10-08-image_picker_8AF3399A-AB6B-4928-90CC-8EEE2A0DFDD4-33061-00002417638B369C.jpg',190,2.00,2.00,4,NULL,NULL,'active',NULL,NULL,'2022-10-08 19:28:18','2022-10-25 17:36:11',1,1,'10:30',0),(92,'2022-10-08-image_picker_DA878255-F51B-4383-8249-9F4898DD167C-33061-00002417D95695F8.jpg',190,2.00,2.00,5,NULL,NULL,'active',NULL,NULL,'2022-10-08 19:29:37','2022-10-08 19:30:36',1,1,'10:30',0),(93,'2022-10-10-image_picker_FD73680E-5E1D-462C-AC26-C3CBEB2DFB83-40562-00002545536CFD63.jpg',190,3.00,3.00,2,NULL,NULL,'pending',NULL,NULL,'2022-10-10 15:33:56','2023-01-18 10:43:20',1,1,'10:30',0),(94,'2022-10-10-image_picker_2CB70075-5986-418A-8B75-C543C0CF4778-40562-000025463A246374.jpg',1,3.00,3.00,0,NULL,NULL,'pending',NULL,'2023-01-08 06:10:33','2022-10-10 15:36:30','2023-01-08 06:10:33',1,1,'10:30',0),(95,'2022-10-10-image_picker_25BF0884-B5FB-4410-84A2-2A1431FE66C7-40562-00002546ABD9BB22.jpg',190,3.00,1.00,3,NULL,NULL,'active',NULL,NULL,'2022-10-10 15:37:49','2023-07-05 17:01:03',1,1,'10:30',0),(96,'2022-10-10-image_picker_88589D55-9B8D-441C-B382-900B3FD06D8E-40562-000025472260EF2A.jpg',190,3.00,3.00,11,NULL,NULL,'active',NULL,NULL,'2022-10-10 15:39:27','2023-07-05 17:01:03',1,1,'10:30',0),(97,'2022-10-10-image_picker_A661D50F-BA36-4346-B667-902D5AEEF68A-40562-00002547C3630CC4.jpg',190,3.00,3.00,4,NULL,NULL,'active',NULL,NULL,'2022-10-10 15:40:58','2023-07-05 17:01:03',1,1,'10:30',0),(98,'2022-10-10-image_picker_243ED1FE-36EE-4A7A-B74A-23A19E9A017D-40562-000025490E5F0751.jpg',190,3.00,3.00,1,NULL,NULL,'pending',NULL,'2023-03-27 21:50:40','2022-10-10 15:45:07','2023-03-27 21:50:40',1,1,'10:30',0),(99,'2022-10-10-image_picker_60DF35A4-F44B-4B6F-922C-D93FD01C9151-40562-0000254989470C0B.jpg',190,3.00,3.00,2,NULL,NULL,'active',NULL,NULL,'2022-10-10 15:46:36','2022-10-10 15:52:42',1,1,'10:30',0),(100,'2022-10-10-image_picker_B2BD81B7-911C-45C3-9717-18BF84E4630D-40562-0000254A24391F88.jpg',190,3.00,3.00,2,NULL,NULL,'active',NULL,NULL,'2022-10-10 15:48:32','2023-06-11 22:57:51',1,1,'10:30',0),(101,'2022-10-10-image_picker_79A2C749-5393-40CA-8955-D91225FF58E5-40562-0000254A9A995E9A.jpg',190,3.00,3.00,0,NULL,NULL,'pending',NULL,'2023-03-27 21:50:49','2022-10-10 15:49:43','2023-03-27 21:50:49',1,1,'10:30',0),(102,'2022-10-10-image_picker_F4F13BAE-7F24-494B-800B-506C4F3A2B65-40562-0000254B2767C548.jpg',190,3.00,3.00,10,NULL,NULL,'pending',NULL,'2022-10-10 15:54:06','2022-10-10 15:51:21','2022-10-10 15:54:06',1,1,'10:30',NULL),(103,'2022-10-10-image_picker_72AA2554-B046-45F6-809E-3AF67FC8657B-40562-0000254C7968E2BC.jpg',190,3.00,3.00,10,NULL,NULL,'active',NULL,NULL,'2022-10-10 15:54:58','2023-08-08 08:45:52',1,1,'10:30',35),(104,'2022-10-10-image_picker_2B2FA895-85C4-4908-8C8D-CD9EB6D4CBBB-40562-0000254E249FCA3B.jpg',190,2.00,2.00,1,NULL,NULL,'active',NULL,NULL,'2022-10-10 16:03:32','2023-09-03 21:21:25',1,1,'10:30',0),(105,'2022-10-10-image_picker_40800868-8A61-4295-8650-EB2691F90E3A-40562-0000254ECBCE8A41.jpg',190,2.00,2.00,3,NULL,NULL,'active',NULL,NULL,'2022-10-10 16:05:34','2023-03-06 17:57:57',1,1,'10:30',0),(106,'2022-10-10-image_picker_9B1ED326-BC96-4333-ABF6-FCBCE611BEF9-40562-00002555A98BFDDB.jpg',190,2.00,2.00,0,NULL,NULL,'active',NULL,NULL,'2022-10-10 16:36:12','2023-09-03 21:21:25',1,1,'10:30',0),(107,'2022-10-10-image_picker_4FC542B4-5EAD-4B81-89E9-9FF5146F67B1-40562-0000255627824C3C.jpg',190,2.00,2.00,2,NULL,NULL,'active',NULL,NULL,'2022-10-10 16:37:45','2023-03-06 17:58:24',1,1,'10:30',0),(108,'2022-10-10-image_picker_0212D20F-5ED5-484C-AAF5-9954E1098564-40562-00002556FD761122.jpg',190,2.00,2.00,1,NULL,NULL,'active',NULL,NULL,'2022-10-10 16:40:20','2023-09-03 21:21:25',1,1,'10:30',0),(109,'2022-10-11-image_picker_1745FD55-F807-45C9-AC0F-912EDFEEDACC-46924-0000258014140B24.jpg',190,2.00,2.00,2,NULL,NULL,'active',NULL,NULL,'2022-10-11 09:38:17','2022-10-11 09:42:31',1,1,'10:30',0),(110,'2022-10-11-image_picker_6C7036EF-3CC2-4233-89C9-7981BB9BFECC-46924-00002580B647DB1D.jpg',190,2.00,2.00,2,NULL,NULL,'active',NULL,NULL,'2022-10-11 09:40:09','2022-10-11 09:42:37',1,1,'10:30',0),(111,'2022-10-11-image_picker_A093C965-505D-4418-B452-86EE2040108C-46924-0000258172EA27B6.jpg',190,2.00,2.00,0,NULL,NULL,'active',NULL,NULL,'2022-10-11 09:42:05','2022-12-20 07:11:27',1,1,'10:30',0),(112,'2022-10-12-image_picker_9A4C63D3-733A-46B0-82F8-298524D8C0D9-54686-0000262758100E60.jpg',190,5.00,5.00,2,NULL,NULL,'active',NULL,NULL,'2022-10-12 08:09:18','2023-08-08 08:46:40',1,1,'10:30',35),(113,'2022-10-12-image_picker_9624B5C8-6A74-41BD-965E-0ACA55ECE474-54686-0000262878FFDE2A.jpg',190,5.00,5.00,2,NULL,NULL,'active',NULL,NULL,'2022-10-12 08:11:20','2023-08-08 08:46:55',1,1,'10:30',35),(114,'2022-10-12-image_picker_516B4C5F-E072-4E18-9F54-97EE20B6E80C-55964-0000263B875FE817.jpg',190,2.00,2.00,0,NULL,NULL,'pending',NULL,'2023-06-09 15:50:03','2022-10-12 09:08:07','2023-06-09 15:50:03',1,1,'10:30',0),(115,'2022-10-12-image_picker_930EEB26-B7A1-45A0-9A19-7CD5FBB97162-55964-0000263BEF35E2BC.jpg',190,2.00,2.00,0,NULL,NULL,'pending',NULL,'2023-06-09 15:50:15','2022-10-12 09:09:21','2023-06-09 15:50:15',1,1,'10:30',0),(116,'2022-10-12-image_picker_7500E1ED-F444-4C24-B974-87A03F8838AA-56371-00002643B8E742F0.jpg',1,2.00,2.00,0,NULL,NULL,'pending',NULL,NULL,'2022-10-12 09:32:23','2023-04-04 01:15:14',1,1,'10:30',0),(117,'2022-10-12-image_picker_9644222D-849C-4256-A8FE-4A4465EA82EE-56371-0000264408C0DEE6.jpg',190,3.00,1.00,4,NULL,NULL,'active',NULL,NULL,'2022-10-12 09:33:07','2023-10-06 15:10:47',1,1,'10:30',0),(118,'2022-10-12-image_picker_5DBBD11D-9CE9-4EF8-A70C-000DB16A7076-56953-000026563B846D89.jpg',192,3.00,3.00,1,NULL,NULL,'active',NULL,NULL,'2022-10-12 10:28:10','2022-10-24 21:21:41',1,1,'10:30',0),(119,'2022-10-12-image_picker_AEFBE48D-B50C-468F-9709-E104C53A1BB3-56953-00002656C4412226.jpg',192,3.00,3.00,0,NULL,NULL,'pending',NULL,'2023-02-22 15:39:53','2022-10-12 10:29:02','2023-02-22 15:39:53',1,1,'10:30',0),(120,'2022-10-12-image_picker_8C1C7C6C-B206-4771-8FA8-233071D58E85-56953-00002657192D2C29.jpg',192,3.00,3.00,0,NULL,NULL,'pending',NULL,NULL,'2022-10-12 10:30:40','2023-03-23 10:39:02',1,1,'10:30',0),(121,'2022-10-12-image_picker_F9718AA5-5C1A-46F1-AAFE-19537D822998-56953-00002659949E6592.jpg',190,3.00,3.00,1,NULL,NULL,'active',NULL,NULL,'2022-10-12 10:37:24','2023-03-06 17:59:39',1,1,'10:30',0),(122,'2022-10-12-image_picker_098AEE6A-EB85-40D9-AFE8-9AD2D805D209-56953-0000265A31A0EA6E.jpg',190,3.00,3.00,0,NULL,NULL,'pending',NULL,NULL,'2022-10-12 10:39:18','2023-03-06 18:00:01',1,1,'10:30',0),(123,'2022-10-12-image_picker_F0279B0B-6842-440E-8C5B-40E59345D8EB-56953-0000265A7A03D9EB.jpg',190,2.00,2.00,0,NULL,NULL,'pending',NULL,NULL,'2022-10-12 10:40:09','2023-03-06 18:00:11',1,1,'10:30',0),(124,'2022-10-12-image_picker_4A7EBF4D-A454-40DA-918A-7F2DDE6783CE-56953-0000265D0D03AB26.jpg',192,3.00,3.00,-1,NULL,NULL,'pending',NULL,'2022-10-12 17:53:55','2022-10-12 10:47:44','2022-10-12 17:53:55',1,1,'10:30',0),(125,'2022-10-12-image_picker_BB2D1A33-449D-46F1-941F-301458F6E608-56953-0000265D4DD79C60.jpg',192,3.00,3.00,1,NULL,NULL,'active',NULL,NULL,'2022-10-12 10:48:50','2023-01-12 07:20:43',1,1,'10:30',0),(126,'2022-10-12-image_picker_474BC394-0E4C-4E13-BBA9-3E8D6A4BC1FE-57627-000026645F705C82.jpg',190,3.00,1.00,0,NULL,NULL,'pending',NULL,NULL,'2022-10-12 11:11:02','2023-10-08 09:46:49',1,1,'10:30',0),(127,'2022-10-12-image_picker_99987ABF-75C2-4B3C-811A-E2A2ACB3A223-57627-00002664B86E2511.jpg',190,2.00,2.00,0,NULL,NULL,'pending',NULL,'2022-11-24 00:17:28','2022-10-12 11:12:01','2022-11-24 00:17:28',1,1,'10:30',0),(128,'2022-10-12-image_picker_7EA83096-71BF-48F1-8A99-2CECF52AB8D9-57627-000026651C0E9511.jpg',190,3.00,2.00,4,NULL,NULL,'active',NULL,NULL,'2022-10-12 11:13:20','2023-06-20 16:17:08',1,1,'10:30',0),(129,'2022-10-13-image_picker_868164F7-80F3-46D6-AE7F-652EDE87B651-62142-00002775D2FE3356.jpg',191,3.00,3.00,0,NULL,NULL,'pending',NULL,NULL,'2022-10-13 16:56:01','2023-03-01 11:07:25',1,1,'10:30',19),(130,'2022-10-13-image_picker_96DFEC73-D84B-48C3-8E5B-FEC7846CB14B-62142-000027768B01164A.jpg',191,3.00,3.00,10,NULL,NULL,'active',NULL,NULL,'2022-10-13 16:57:36','2023-04-19 22:36:08',1,1,'10:30',19),(131,'2022-10-13-image_picker_18E70B05-B61E-4DFE-93A1-8543E8BB4105-62142-00002777180B427A.jpg',191,3.00,3.00,10,NULL,NULL,'active',NULL,NULL,'2022-10-13 16:59:25','2023-06-07 08:08:37',1,1,'10:30',19),(132,'2022-10-16-image_picker_A4E0C0E0-F553-4F3E-BAA3-73AD8C8C751A-86733-000029462E5A72DD.jpg',191,3.00,3.00,11,NULL,NULL,'active',NULL,NULL,'2022-10-16 03:54:44','2023-04-19 22:36:08',1,1,'10:30',19),(133,'2022-10-16-image_picker_A2A97082-648B-4966-B906-843A81ACB35C-86733-00002946BB122F9D.jpg',191,3.00,3.00,6,NULL,NULL,'active',NULL,NULL,'2022-10-16 03:56:38','2023-02-12 09:16:32',1,1,'10:30',19),(134,'2022-10-16-image_picker_45F11963-4CDF-4133-B2A4-8A7C7A5978C1-86733-000029B30132E089.jpg',190,7.00,7.00,0,NULL,NULL,'pending',NULL,'2023-03-27 21:51:05','2022-10-16 10:25:10','2023-03-27 21:51:05',1,1,'10:30',20),(135,'2022-10-16-image_picker_6CFDBED7-4E2C-4968-BF46-8914A1134E99-86733-000029BC516A9150.jpg',190,7.00,7.00,0,NULL,NULL,'pending',NULL,'2023-03-27 21:51:14','2022-10-16 10:57:03','2023-03-27 21:51:14',1,1,'10:30',20),(136,'2022-10-16-image_picker_87C970E2-ACA7-4F49-AC26-B76D9ACC6B81-86733-000029BD5F1BDB89.jpg',190,7.00,7.00,1,NULL,NULL,'active',NULL,NULL,'2022-10-16 10:59:37','2022-10-16 11:02:01',1,1,'10:30',20),(137,'2022-10-16-image_picker_BF082A41-C619-4FAB-B06D-60D76D7D0ED9-86733-000029BE28F5422F.jpg',190,7.00,7.00,1,NULL,NULL,'active',NULL,NULL,'2022-10-16 11:01:30','2022-10-16 11:02:06',1,1,'10:30',20),(138,'2022-10-16-image_picker_83EE7AAE-F587-4ECD-A3F4-E6F11BD03D2D-86733-000029BF8139ED2A.jpg',1,7.00,7.00,1,NULL,NULL,'active',NULL,NULL,'2022-10-16 11:07:00','2023-03-23 10:40:49',1,1,'10:30',21),(139,'2022-10-18-image_picker_C282FF44-A379-481E-994A-82FB454DAA74-2501-00002B65F551914C.jpg',190,3.00,3.00,3,NULL,NULL,'active',NULL,NULL,'2022-10-18 08:05:18','2023-03-28 12:34:08',1,1,'10:30',0),(140,'2022-10-18-image_picker_8F4F0A91-CEF6-43E0-A3A3-D0A3A8B5889D-2501-00002B67198BB31E.jpg',190,3.00,3.00,3,NULL,NULL,'active',NULL,NULL,'2022-10-18 08:08:24','2023-03-28 12:34:27',1,1,'10:30',0),(141,'2022-10-18-image_picker_481494CF-D539-4EE1-8E20-E5619373431A-2501-00002B67C8F066F2.jpg',190,3.00,3.00,3,NULL,NULL,'active',NULL,NULL,'2022-10-18 08:09:58','2023-03-28 12:34:43',1,1,'10:30',0),(142,'2022-10-18-image_picker_D6E5EB10-B566-4147-A57B-7B1167C20303-2501-00002B684B3C22CA.jpg',190,3.00,3.00,3,NULL,NULL,'active',NULL,NULL,'2022-10-18 08:11:24','2023-03-28 12:34:57',1,1,'10:30',0),(143,'2022-10-18-image_picker_B6C78DCC-AB8B-4E7D-A02D-6E075C9ABEBA-2501-00002B68DDF406C0.jpg',190,3.00,3.00,1,NULL,NULL,'active',NULL,NULL,'2022-10-18 08:12:50','2023-03-28 12:35:14',1,1,'10:30',0),(144,'2022-10-18-image_picker_6B77B5C6-5FBE-497D-926F-447C4BA7BBCB-2501-00002B694A79D418.jpg',190,3.00,3.00,1,NULL,NULL,'active',NULL,NULL,'2022-10-18 08:14:38','2023-09-03 21:21:25',1,1,'10:30',0),(145,'2022-10-18-image_picker_4C138BB5-C3B0-4CCD-BA01-2CB04F53DAAE-2501-00002B6C46EE05AF.jpg',190,3.00,3.00,2,NULL,NULL,'active',NULL,NULL,'2022-10-18 08:25:31','2023-03-28 12:35:49',1,1,'10:30',0),(146,'2022-10-18-image_picker_D957939E-792F-44B8-AAB7-8AEC2557EC78-2501-00002B6CBA841852.jpg',190,3.00,3.00,0,NULL,NULL,'pending',NULL,'2023-03-30 21:35:58','2022-10-18 08:26:45','2023-03-30 21:35:58',1,1,'10:30',0),(147,'2022-10-18-image_picker_9F9303ED-F36E-4525-B963-42F81045E492-2501-00002B6D1FE9E238.jpg',190,3.00,3.00,1,NULL,NULL,'active',NULL,NULL,'2022-10-18 08:28:02','2023-03-28 12:36:22',1,1,'10:30',0),(148,'2022-10-18-image_picker_B4D505A0-433C-427E-AE7A-CC1106FEDD64-2501-00002B6E06C162FC.jpg',190,3.00,3.00,1,NULL,NULL,'active',NULL,NULL,'2022-10-18 08:33:51','2023-03-28 12:36:38',1,1,'10:30',0),(149,'2022-10-18-image_picker_47B0830A-E4AB-455E-9CE1-ECBF23A84C3A-2501-00002B76F0EBB307.jpg',1,3.00,3.00,2,NULL,NULL,'active',NULL,NULL,'2022-10-18 09:10:03','2023-03-28 12:47:25',1,1,'10:30',0),(150,'2022-10-18-image_picker_617063D8-B39A-481A-9254-CA1AC9626F02-2501-00002B79E1347A84.jpg',1,2.00,2.00,3,NULL,NULL,'active',NULL,NULL,'2022-10-18 09:19:08','2023-03-28 12:46:24',1,1,'10:30',0),(151,'2022-10-18-image_picker_1684ED95-1D0F-47FF-83BE-80B71934610E-2501-00002B7B8258EC04.jpg',1,3.00,3.00,4,NULL,NULL,'active',NULL,NULL,'2022-10-18 09:23:59','2023-03-28 12:47:38',1,1,'10:30',0),(152,'2022-10-18-image_picker_C6E29764-6EEB-4DC7-84B0-E0091B1B87AF-2501-00002B7C4F34CADA.jpg',1,2.00,2.00,4,NULL,NULL,'active',NULL,NULL,'2022-10-18 09:25:46','2023-03-28 12:46:39',1,1,'10:30',0),(153,'2022-10-18-image_picker_8880A137-6A8D-4665-8EFB-264F97191069-2501-00002B7DF7653400.jpg',1,2.00,2.00,3,NULL,NULL,'active',NULL,NULL,'2022-10-18 09:30:03','2023-03-28 12:46:54',1,1,'10:30',0),(154,'2022-10-18-image_picker_1C8B25AF-D043-4E1B-8653-2C4380FDBF32-2501-00002B809BF6CB77.jpg',192,1.00,1.00,12,NULL,NULL,'active',NULL,NULL,'2022-10-18 09:44:39','2023-02-25 15:56:38',1,1,'10:30',0),(155,'2022-10-18-image_picker_09D23D2A-0BEF-4B38-B17B-C98C32B56A3E-2501-00002B81BE6DDB2A.jpg',1,2.00,2.00,1,NULL,NULL,'active',NULL,NULL,'2022-10-18 09:46:19','2023-03-26 21:39:10',1,1,'10:30',0),(156,'2022-10-18-image_picker_F114EEAC-1CEC-43AB-BD94-3D3378491106-2501-00002B82CFA28DDC.jpg',192,2.00,2.00,6,NULL,NULL,'active',NULL,NULL,'2022-10-18 09:49:50','2022-10-18 10:08:46',1,1,'10:30',0),(157,'2022-10-18-image_picker_C875A9FA-B9C4-465C-B977-7E608861A8D8-2501-00002B83A1E23C07.jpg',192,2.00,2.00,8,NULL,NULL,'active',NULL,NULL,'2022-10-18 09:52:03','2022-10-18 10:08:52',1,1,'10:30',0),(158,'2022-10-18-image_picker_6F0D7FC4-2C3B-4A4B-9A57-C17BD5DCB395-2501-00002B8411AC1F33.jpg',192,2.00,2.00,0,NULL,NULL,'pending',NULL,'2023-03-27 21:58:14','2022-10-18 09:53:20','2023-03-27 21:58:14',1,1,'10:30',0),(159,'2022-10-18-image_picker_7BD083BA-E160-4C03-AC94-103FD10EA6D1-2501-00002B85D2436272.jpg',192,2.00,2.00,7,NULL,NULL,'active',NULL,NULL,'2022-10-18 09:58:44','2023-10-06 15:10:47',1,1,'10:30',0),(160,'2022-10-18-image_picker_C75B4FD2-3DFB-42DB-8E96-74E632122380-2501-00002B86488C7867.jpg',192,2.00,2.00,7,NULL,NULL,'active',NULL,NULL,'2022-10-18 10:00:02','2023-01-28 17:21:54',1,1,'10:30',0),(161,'2022-10-18-image_picker_83D1FAB3-85FC-4BB2-8D41-501FD67A66BE-2501-00002B870D4DB6F8.jpg',192,3.00,1.00,0,NULL,NULL,'pending',NULL,'2023-03-27 21:58:03','2022-10-18 10:04:17','2023-03-27 21:58:03',1,1,'10:30',0),(162,'2022-10-18-image_picker_349DB7A1-0C7F-4EE0-B865-EEAF5BA5BE36-2501-00002B885BA9AA25.jpg',192,2.00,2.00,8,NULL,NULL,'active',NULL,NULL,'2022-10-18 10:07:37','2023-11-21 11:00:38',1,1,'10:30',0),(163,'2022-10-18-image_picker_9A0965D9-6803-47AF-B313-3936A3AAF2A7-12015-00002B920949A004.jpg',1,3.00,3.00,2,NULL,NULL,'active',NULL,NULL,'2022-10-18 10:39:36','2023-10-08 09:47:28',1,1,'10:30',0),(164,'2022-10-21-image_picker_CEBC738D-35A2-4D36-A79F-BE432FABEC9A-33594-00002E7AEA3C6ED9.jpg',190,3.00,3.00,2,NULL,NULL,'active',NULL,NULL,'2022-10-21 16:36:39','2022-10-21 16:40:33',1,1,'10:30',0),(165,'2022-10-21-image_picker_9E2BA4B6-2D7B-4756-801B-AB79880B9F03-33594-00002E7BAC562585.jpg',190,3.00,3.00,1,NULL,NULL,'pending',NULL,'2023-03-27 21:51:24','2022-10-21 16:38:14','2023-03-27 21:51:24',1,1,'10:30',0),(166,'2022-10-21-image_picker_15FCFD61-4B24-4DBE-B96D-6BD45B14616C-33594-00002E7C39502C2F.jpg',190,3.00,3.00,1,NULL,NULL,'active',NULL,NULL,'2022-10-21 16:39:46','2022-12-25 10:10:43',1,1,'10:30',0),(167,'2022-10-23-image_picker_410DA1FA-58C4-48E7-94B1-26FB2209A2EE-43727-000030070C0ED6C7.jpg',190,3.00,1.00,3,NULL,NULL,'active',NULL,NULL,'2022-10-23 11:22:42','2023-08-26 22:55:52',1,1,'10:30',0),(168,'2022-10-23-image_picker_7309AF00-B2E0-4972-A524-C9351FC49AB3-43727-00003007D05A81A9.jpg',190,3.00,1.00,0,NULL,NULL,'pending',NULL,NULL,'2022-10-23 11:24:10','2023-06-20 16:17:35',1,1,'10:30',0),(169,'2022-10-23-image_picker_06F7A306-2B8C-454A-9FDA-BC2A45B43055-59264-0000301CF74F3E00.jpg',190,3.00,3.00,0,NULL,NULL,'pending',NULL,'2023-04-02 20:09:20','2022-10-23 13:05:33','2023-04-02 20:09:20',1,1,'10:30',0),(170,'2022-10-23-image_picker_20935A5D-7205-4410-959B-CF79D6C2376E-59264-0000301FC4F14413.jpg',190,3.00,3.00,0,NULL,NULL,'active',NULL,NULL,'2022-10-23 13:16:57','2023-11-20 23:25:57',1,1,'10:30',0),(171,'2022-10-23-image_picker_58E2A832-CE01-477D-87F4-DE752F657BDB-59264-0000302170625729.jpg',190,3.00,3.00,1,NULL,NULL,'active',NULL,NULL,'2022-10-23 13:20:51','2023-03-06 18:02:22',1,1,'10:30',0),(172,'2022-10-23-image_picker_DC4EA6C9-39BD-48A5-A47B-8A566ECC4083-61857-00003069F4539D2A.jpg',192,2.00,2.00,1,NULL,NULL,'active',NULL,NULL,'2022-10-23 18:05:58','2022-10-25 17:36:11',1,1,'10:30',0),(173,'2022-10-23-image_picker_42203E94-E5D3-4525-9255-091C6611534F-61857-0000306CBB2FE5F2.jpg',192,2.00,2.00,3,NULL,NULL,'active',NULL,NULL,'2022-10-23 18:15:00','2023-05-23 13:11:09',1,1,'10:30',0),(174,'2022-10-23-image_picker_8906BAE9-0B05-4355-8577-B7421F7BE918-61857-0000306D88CEDF96.jpg',192,2.00,2.00,1,NULL,NULL,'active',NULL,NULL,'2022-10-23 18:17:58','2022-12-30 22:55:15',1,1,'10:30',0),(175,'2022-10-23-image_picker_FAACEDD1-B532-449F-8E91-CDDF641BD84A-61857-0000306FC3BF9347.jpg',192,2.00,2.00,0,NULL,NULL,'pending',NULL,'2022-11-28 10:19:37','2022-10-23 18:23:38','2022-11-28 10:19:37',1,1,'10:30',0),(176,'2022-10-23-image_picker_3CB6D019-010B-45AF-AD37-D5A0C7A5E8C2-61857-00003073A25E1E27.jpg',192,2.00,2.00,1,NULL,NULL,'active',NULL,NULL,'2022-10-23 18:35:00','2022-11-16 12:12:55',1,1,'10:30',0),(177,'2022-10-23-image_picker_91A1F6B3-F14D-42C1-B253-85252B4E2C73-61857-00003075EBB97E03.jpg',1,3.00,3.00,0,NULL,NULL,'active',NULL,NULL,'2022-10-23 18:43:44','2023-11-21 11:00:38',1,1,'10:30',0),(178,'2022-10-23-image_picker_5D1B9E01-E756-421E-B4E5-5DCF9618CCCF-61857-00003076E8E7745E.jpg',190,3.00,3.00,0,NULL,NULL,'pending',NULL,NULL,'2022-10-23 18:46:09','2023-03-06 18:02:35',1,1,'10:30',0),(179,'2022-10-24-image_picker_B5C0E337-AC78-48DC-A08C-7B49BEA55CA0-64240-000031A1FB8F08A4.jpg',190,3.00,1.00,0,NULL,NULL,'active',NULL,NULL,'2022-10-24 18:25:27','2023-11-25 20:10:20',1,1,'10:30',0),(180,'2022-10-25-image_picker_37336DAB-B013-42A4-9F22-B77CE438A93A-75829-000031D2753CF9AF.jpg',192,2.00,2.00,6,NULL,NULL,'active',NULL,NULL,'2022-10-25 06:56:27','2023-01-15 19:59:38',1,1,'10:30',0),(181,'2022-10-25-image_picker_D509A79F-59DA-4947-9116-288AD971C3BE-75829-000031D30DAAED51.jpg',192,2.00,2.00,5,NULL,NULL,'active',NULL,NULL,'2022-10-25 06:57:33','2022-10-25 07:02:45',1,1,'10:30',0),(182,'2022-10-25-image_picker_E9073730-93A4-4897-B366-C8101FEE533A-75829-000031D36572BDBF.jpg',192,2.00,2.00,7,NULL,NULL,'active',NULL,NULL,'2022-10-25 06:58:36','2022-10-25 07:02:50',1,1,'10:30',0),(183,'2022-10-25-image_picker_478A95FE-56E7-4115-9B94-A5EEE7C65BF1-75829-000031D49132459A.jpg',192,2.00,2.00,7,NULL,NULL,'active',NULL,NULL,'2022-10-25 07:02:18','2022-10-25 07:02:56',1,1,'10:30',0),(184,'2022-10-25-image_picker_F19F3648-2CEE-4151-A1E7-23DF7CB77F50-75829-000031D7DEC724DD.jpg',192,2.00,2.00,4,NULL,NULL,'active',NULL,NULL,'2022-10-25 07:11:46','2022-10-31 04:36:18',1,1,'10:30',0),(185,'2022-10-25-image_picker_A0442125-215F-4891-AFDE-D098100DCB60-75829-000031DA6567D0B7.jpg',192,3.00,3.00,3,NULL,NULL,'active',NULL,NULL,'2022-10-25 07:19:21','2022-10-25 07:34:17',1,1,'10:30',0),(186,'2022-10-25-image_picker_7BF92077-60D4-4AB4-B83B-0243443101D1-75829-000031DABD557887.jpg',192,3.00,3.00,4,NULL,NULL,'active',NULL,NULL,'2022-10-25 07:20:27','2022-12-19 14:00:33',1,1,'10:30',0),(187,'2022-10-25-image_picker_FF1ACD1C-2B7E-45DA-9311-3C0C05E96093-75829-000031DB1B265A15.jpg',192,2.00,2.00,5,NULL,NULL,'active',NULL,NULL,'2022-10-25 07:21:47','2022-10-25 07:34:53',1,1,'10:30',0),(188,'2022-10-25-image_picker_AA93E811-40D9-4C78-8E9F-00D2DF89457E-75829-000031DC31F6B87D.jpg',192,3.00,3.00,0,NULL,NULL,'pending',NULL,NULL,'2022-10-25 07:24:50','2023-03-23 10:45:08',1,1,'10:30',0),(189,'2022-10-25-image_picker_772F505C-C4D8-40D6-976B-4EDCEB13FBC0-83957-0000327ADDAD6543.jpg',190,3.00,3.00,2,NULL,NULL,'active',NULL,NULL,'2022-10-25 19:50:19','2023-09-03 21:21:25',1,1,'10:30',0),(190,'2022-10-25-image_picker_1E99A611-0BD6-4A20-BF46-D5F697CE6542-83957-0000327BD25AAC0B.jpg',1,3.00,3.00,0,NULL,NULL,'pending',NULL,NULL,'2022-10-25 19:52:50','2023-03-10 14:36:40',1,1,'10:30',0),(191,'2022-10-25-image_picker_D14818A7-27A8-4FB3-9BC1-9CB9807D9EB1-83957-0000327D10EE90D4.jpg',190,3.00,3.00,0,NULL,NULL,'active',NULL,NULL,'2022-10-25 19:55:46','2023-08-10 17:30:25',1,1,'10:30',0),(192,'2022-10-26-image_picker_66712C3B-EBB2-4C20-A55F-E2AD2865D892-86598-000032B2E3CF1639.jpg',190,3.00,3.00,1,NULL,NULL,'pending',NULL,NULL,'2022-10-26 09:16:25','2023-03-23 10:45:44',1,1,'10:30',0),(193,'2022-10-26-image_picker_C95E1778-65D2-45A7-BF62-025CDFCCC865-86598-000032B473D1CA05.jpg',190,3.00,3.00,8,NULL,NULL,'active',NULL,NULL,'2022-10-26 09:20:59','2023-01-12 07:19:05',1,1,'10:30',0),(194,'2022-10-26-image_picker_9C33F21C-7382-4886-9ECA-3908D1B725F6-86598-000032B7F29CFD7B.jpg',190,3.00,1.00,2,NULL,NULL,'active',NULL,NULL,'2022-10-26 09:33:33','2023-10-06 15:10:47',1,1,'10:30',0),(195,'2022-10-26-image_picker_F7F68DDD-2967-4073-B451-2D51ABBBEC39-86598-000032B90329A603.jpg',190,3.00,2.00,1,NULL,NULL,'active',NULL,NULL,'2022-10-26 09:34:35','2023-08-26 22:55:52',1,1,'10:30',0),(196,'2022-10-26-image_picker_70CCB1FE-2A15-4FDD-A320-621F54934FCC-86598-000032B95D2BCF22.jpg',190,3.00,3.00,4,NULL,NULL,'active',NULL,NULL,'2022-10-26 09:35:52','2022-10-26 09:41:13',1,1,'10:30',0),(197,'2022-10-26-image_picker_FD29BF65-614E-42F8-B032-0A8ACE7AA787-86598-000032B9C5543F49.jpg',190,3.00,3.00,10,NULL,NULL,'active',NULL,NULL,'2022-10-26 09:36:44','2022-10-26 09:50:45',1,1,'10:30',0),(198,'2022-10-26-image_picker_B3343140-62F0-4D41-8A94-85B4EA4FB0A5-86598-000032BA290F34B2.jpg',190,3.00,3.00,5,NULL,NULL,'active',NULL,NULL,'2022-10-26 09:37:45','2022-10-26 09:50:54',1,1,'10:30',0),(199,'2022-10-26-image_picker_95E88C17-D007-4565-BF4D-A41070A56A21-86598-000032BA68B19928.jpg',190,3.00,2.00,0,NULL,NULL,'pending',NULL,'2023-03-27 21:57:46','2022-10-26 09:38:38','2023-03-27 21:57:46',1,1,'10:30',0),(200,'2022-10-26-image_picker_D7500695-CC04-470E-8D95-7B0B8D4D128F-86598-000032BAB2328A98.jpg',190,3.00,3.00,3,NULL,NULL,'active',NULL,NULL,'2022-10-26 09:39:29','2022-12-30 22:55:15',1,1,'10:30',0),(201,'2022-10-26-image_picker_7CA2D0C0-CC31-4386-B580-6564B41A2A28-86598-000032BB018AF265.jpg',190,3.00,3.00,5,NULL,NULL,'active',NULL,NULL,'2022-10-26 09:40:32','2022-10-26 09:51:14',1,1,'10:30',0),(202,'2022-10-26-image_picker_9F89A91D-B086-4F60-9402-4ECEDEEA036C-86598-000032C20C11E734.jpg',190,3.00,3.00,8,NULL,NULL,'active',NULL,NULL,'2022-10-26 10:01:40','2023-01-15 19:59:38',1,1,'10:30',0),(203,'2022-10-26-image_picker_9E1EDF3D-4663-4A15-A859-D360CA0D2B46-86598-000032C4470CEB3B.jpg',190,3.00,3.00,10,NULL,NULL,'pending',NULL,'2022-10-26 10:10:20','2022-10-26 10:09:17','2022-10-26 10:10:20',1,1,'10:30',0),(204,'2022-10-26-image_picker_0BB67667-BE2A-43A0-980F-72804DEF7F17-86598-000032C5E0812756.jpg',190,3.00,3.00,8,NULL,NULL,'active',NULL,NULL,'2022-10-26 10:13:09','2023-01-12 07:19:05',1,1,'10:30',0),(205,'2022-10-26-image_picker_BCBA088F-5A91-4C8D-9AC6-0430095A79A7-86598-000032C63D9E2811.jpg',190,3.00,3.00,5,NULL,NULL,'active',NULL,NULL,'2022-10-26 10:14:46','2022-11-05 12:44:17',1,1,'10:30',0),(206,'2022-10-26-image_picker_425054BE-D44F-49B2-9F96-8475193C565D-86598-000032CA3D638C3C.jpg',190,3.00,3.00,11,NULL,NULL,'active',NULL,NULL,'2022-10-26 10:28:53','2023-08-10 17:30:25',1,1,'10:30',0),(207,'2022-10-26-image_picker_4462975B-C6FC-4EAF-9506-ABA8F7D2584E-86598-000032CA9739BF28.jpg',190,3.00,3.00,0,NULL,NULL,'active',NULL,NULL,'2022-10-26 10:30:27','2023-08-10 17:30:25',1,1,'10:30',0),(208,'2022-10-26-image_picker_ED387092-4FD5-4136-A565-C2573485420E-86598-000032CB11A4D156.jpg',190,3.00,3.00,2,NULL,NULL,'active',NULL,NULL,'2022-10-26 10:31:53','2023-02-18 04:48:14',1,1,'10:30',0),(209,'2022-10-26-image_picker_DB34CD81-0D01-4F31-9B4B-EA45A71E9445-86598-000032CC3C4C31A5.jpg',190,3.00,3.00,0,NULL,NULL,'pending',NULL,NULL,'2022-10-26 10:35:35','2023-03-06 18:04:25',1,1,'10:30',0),(210,'2022-10-26-image_picker_1C397339-4694-4E70-B582-9DED5FBB6E18-86598-000032CD8D0EA55E.jpg',190,3.00,3.00,1,NULL,NULL,'active',NULL,NULL,'2022-10-26 10:39:29','2023-03-06 18:04:38',1,1,'10:30',0),(211,'2022-10-26-image_picker_A610C6F1-5E60-4787-A714-CDE089EE4BA3-86598-000032CE00C51FB6.jpg',190,3.00,3.00,6,NULL,NULL,'active',NULL,NULL,'2022-10-26 10:40:53','2023-03-06 18:04:50',1,1,'10:30',0),(212,'2022-10-26-image_picker_C630D34D-F1F2-4EAA-A954-BA3693D41AC7-86598-000032CE95DCCB10.jpg',190,3.00,3.00,0,NULL,NULL,'pending',NULL,NULL,'2022-10-26 10:42:19','2023-03-06 18:05:02',1,1,'10:30',0),(213,'2022-11-01-image_picker_3B4084EF-FA6C-4255-8993-C9C4EBE9D366-29821-000038091932D9F4.jpg',190,3.00,3.00,2,NULL,NULL,'active',NULL,NULL,'2022-11-01 07:35:01','2023-03-26 21:29:23',1,1,'10:30',0),(214,'2022-11-01-image_picker_FA8A5EA0-B53D-4E31-811D-B236EF7E5A3D-29821-00003809A3BC7436.jpg',190,3.00,3.00,4,NULL,NULL,'active',NULL,NULL,'2022-11-01 07:37:28','2022-11-01 07:39:46',1,1,'10:30',0),(215,'2022-11-01-image_picker_354E3DF3-7826-44A5-BC6D-1BDDBDF1BE93-29821-0000380A57B247CB.jpg',190,3.00,3.00,0,NULL,NULL,'pending',NULL,'2023-03-26 21:28:57','2022-11-01 07:38:20','2023-03-26 21:28:57',1,1,'10:30',0),(216,'2022-11-01-image_picker_A4B935AA-C029-4F54-8B51-53384D7283AA-29821-0000380AA201D763.jpg',190,3.00,3.00,0,NULL,NULL,'pending',NULL,'2023-03-26 21:29:10','2022-11-01 07:39:23','2023-03-26 21:29:10',1,1,'10:30',0),(217,'2022-11-01-image_picker_CC3AEC01-82BB-4715-8E1F-7D32C9CBFCEE-29821-0000380C0C7CE696.jpg',190,3.00,1.00,0,NULL,NULL,'active',NULL,NULL,'2022-11-01 07:43:24','2023-08-26 22:55:52',1,1,'10:30',0),(218,'2022-11-01-image_picker_9BA0AA34-5653-4914-932B-133A50FD6E9C-29821-0000380DE9539812.jpg',190,3.00,3.00,0,NULL,NULL,'pending',NULL,'2023-03-26 21:28:46','2022-11-01 07:50:39','2023-03-26 21:28:46',1,1,'10:30',0),(219,'2022-11-01-image_picker_2752961B-56F0-4A4F-90B1-76A0C5FFE3A3-29821-0000380F702C5F90.jpg',190,3.00,3.00,0,NULL,NULL,'pending',NULL,'2023-03-26 21:28:32','2022-11-01 07:53:36','2023-03-26 21:28:32',1,1,'10:30',0),(220,'2022-11-01-image_picker_256DD156-99DD-4FB0-83A8-C5DD8A14DCC9-29821-0000380FB7C7D6A3.jpg',190,3.00,3.00,4,NULL,NULL,'active',NULL,NULL,'2022-11-01 07:54:27','2022-11-01 07:55:06',1,1,'10:30',0),(221,'2022-11-05-image_picker_C441576E-F8CC-4DB3-8FDA-060B9810C2B7-71966-00003B379F4978FD.jpg',190,3.00,2.00,2,NULL,NULL,'active',NULL,NULL,'2022-11-05 20:32:13','2023-06-20 16:18:39',1,1,'10:30',0),(222,'2022-11-05-image_picker_9B5A41B5-6D66-45A5-A754-5BE1778ABC47-71966-00003B38D3881965.jpg',190,3.00,3.00,2,NULL,NULL,'active',NULL,NULL,'2022-11-05 20:35:33','2022-11-06 05:26:13',1,1,'10:30',0),(223,'2022-11-06-image_picker_949D4DC3-9E46-45D2-BA21-2442F468CEB0-76770-00003BB50F1870B3.jpg',192,4.00,4.00,1,NULL,NULL,'active',NULL,NULL,'2022-11-06 12:25:19','2023-01-19 13:55:17',1,1,'10:30',0),(224,'2022-11-06-image_picker_CCE26DFA-330D-4AB3-9AB6-8D2524D60E31-76770-00003BB63D05B59E.jpg',192,3.00,3.00,3,NULL,NULL,'active',NULL,NULL,'2022-11-06 12:28:03','2022-11-06 12:31:11',1,1,'10:30',0),(225,'2022-11-06-image_picker_68738D2D-9BCA-47BE-89A1-00FD5B5F6325-76770-00003BB717F9A5CE.jpg',192,3.00,3.00,2,NULL,NULL,'active',NULL,NULL,'2022-11-06 12:30:23','2023-08-08 08:48:32',1,1,'10:30',0),(226,'2022-11-06-image_picker_22ACA483-DA88-44D1-83B5-DF8CE4CA8242-76770-00003BB8DEDB3AB4.jpg',192,3.00,3.00,3,NULL,NULL,'active',NULL,NULL,'2022-11-06 12:36:02','2022-11-06 12:38:00',1,1,'10:30',0),(227,'2022-11-06-image_picker_64EE25A1-FD94-419C-AB82-4D5B1E0B3843-76770-00003BB957883F87.jpg',192,3.00,3.00,0,NULL,NULL,'pending',NULL,'2022-11-28 10:19:28','2022-11-06 12:37:22','2022-11-28 10:19:28',1,1,'10:30',0),(228,'2022-11-06-image_picker_24CD6019-A6C4-4585-B933-EBE42090E048-76770-00003BBB0CA0BE8A.jpg',1,3.00,3.00,1,NULL,NULL,'pending',NULL,'2023-03-27 21:57:35','2022-11-06 12:43:37','2023-03-27 21:57:35',1,1,'10:30',0),(229,'2022-11-06-image_picker_3F8BC510-3767-46F5-B5C9-8B7C2C71E21C-76770-00003BC6C1A6B2D3.jpg',192,3.00,3.00,3,NULL,NULL,'active',NULL,NULL,'2022-11-06 13:20:50','2022-11-06 13:23:22',1,1,'10:30',0),(230,'2022-11-09-image_picker_1BB88E91-04A0-4D59-A678-905A16505E5E-98523-00003E23D2DA0284.jpg',192,3.00,3.00,3,NULL,NULL,'active',NULL,NULL,'2022-11-09 11:34:07','2023-05-23 13:11:09',1,1,'10:30',0),(231,'2022-11-09-image_picker_C3CFC6F4-1A95-47E2-825A-A158868DF1E1-98523-00003E24DE6FE2D1.jpg',192,3.00,3.00,2,NULL,NULL,'active',NULL,NULL,'2022-11-09 11:37:52','2023-01-19 13:55:17',1,1,'10:30',0),(232,'2022-11-09-image_picker_5367F86C-E346-4CE0-891D-F624D3BE9C44-98523-00003E287CDAF095.jpg',192,3.00,3.00,2,NULL,NULL,'active',NULL,NULL,'2022-11-09 11:53:41','2023-02-06 10:52:04',1,1,'10:30',0),(233,'2022-11-09-image_picker_800DAD30-85EA-4280-9AAE-AB0464104F31-98523-00003E2993D5A637.jpg',192,3.00,3.00,10,NULL,NULL,'active',NULL,NULL,'2022-11-09 11:56:57','2022-11-09 12:02:53',1,1,'10:30',0),(234,'2022-11-09-image_picker_54AFA106-4D1E-40DF-908D-D1A215455F97-98523-00003E2AE8C9D660.jpg',192,3.00,3.00,2,NULL,NULL,'active',NULL,NULL,'2022-11-09 12:01:14','2022-11-09 12:02:59',1,1,'10:30',0),(235,'2022-11-09-image_picker_43B99104-1E2E-4AC7-9A9B-11CBC6CFF56E-98523-00003E2B3BC9C5E1.jpg',192,3.00,3.00,3,NULL,NULL,'active',NULL,NULL,'2022-11-09 12:02:18','2022-11-20 11:27:28',1,1,'10:30',0),(236,'2022-11-09-image_picker_801423B9-0500-41E4-A93A-932D3B57E985-98523-00003E2C96CEA5FF.jpg',192,4.00,4.00,4,NULL,NULL,'active',NULL,NULL,'2022-11-09 12:08:16','2022-11-09 12:13:42',1,1,'10:30',0),(237,'2022-11-09-image_picker_A6269A50-5DCB-478E-B486-E2593988AC42-7289-00003E35C6D9EBAC.jpg',192,6.00,6.00,4,NULL,NULL,'active',NULL,NULL,'2022-11-09 12:34:53','2022-11-09 12:35:29',1,1,'10:30',0),(238,'2022-11-09-image_picker_C59E575E-B9A4-4CDF-955F-35340030D3FF-7289-00003E36CC4C00D6.jpg',192,3.00,3.00,0,NULL,NULL,'pending',NULL,'2023-03-26 21:28:21','2022-11-09 12:37:25','2023-03-26 21:28:21',1,1,'10:30',0),(239,'2022-11-09-image_picker_6752F176-9969-4D1B-B337-5BA1E5C89858-7289-00003E39205967D4.jpg',192,3.00,3.00,0,NULL,NULL,'pending',NULL,'2022-12-09 13:59:43','2022-11-09 12:47:12','2022-12-09 13:59:43',1,1,'10:30',0),(240,'2022-11-12-image_picker_F4AD1A59-8DF8-4DBD-8229-0D0F0C032A1E-15039-0000412BC3AB650C.jpg',190,3.00,1.00,3,NULL,NULL,'active',NULL,NULL,'2022-11-12 07:51:45','2023-11-21 11:00:38',1,1,'10:30',0),(241,'2022-11-12-image_picker_24CDA1B6-BBDF-4FE2-A460-DAFE2061E88C-15039-0000412C1BF50985.jpg',190,3.00,3.00,4,NULL,NULL,'active',NULL,NULL,'2022-11-12 07:52:54','2022-11-12 13:22:54',1,1,'10:30',0),(242,'2022-11-12-image_picker_5C5684F2-5A43-401B-88BD-34568DB1377B-42361-0000418DC395A006.jpg',192,2.00,2.00,3,NULL,NULL,'active',NULL,NULL,'2022-11-12 13:32:07','2022-11-26 15:20:08',1,1,'10:30',0),(243,'2022-11-12-image_picker_39D0CDF2-0EF5-46E0-9557-DABD783DC2FD-43812-00004192EE9C71B9.jpg',192,3.00,3.00,4,NULL,NULL,'active',NULL,NULL,'2022-11-12 13:47:41','2022-11-26 15:16:32',1,1,'10:30',0),(244,'2022-11-12-image_picker_B214B4BB-075A-40B2-ACCD-8DCB04BF2441-43812-00004196B2C6F3BC.jpg',190,3.00,3.00,4,NULL,NULL,'active',NULL,NULL,'2022-11-12 13:58:37','2022-11-12 13:59:18',1,1,'10:30',0),(245,'2022-11-12-image_picker_14AA6CFD-EAFB-4D75-ACAF-E588EF38DBA1-43812-0000419A5CE1E40B.jpg',190,3.00,3.00,3,NULL,NULL,'active',NULL,NULL,'2022-11-12 14:09:34','2023-01-05 15:50:03',1,1,'10:30',0),(246,'2022-11-13-image_picker_7EE6CA77-34FB-4AE7-B30D-58382C735A1D-45869-0000428CAE4AF858.jpg',190,3.00,3.00,1,NULL,NULL,'active',NULL,NULL,'2022-11-13 14:58:20','2022-11-15 10:45:16',1,1,'10:30',0),(247,'2022-11-13-image_picker_0A148993-53AB-41B7-A928-C7E69F009A52-45869-0000428D55DAB4A7.jpg',1,3.00,3.00,0,NULL,NULL,'active',NULL,NULL,'2022-11-13 14:59:49','2023-04-21 20:35:04',1,1,'10:30',0),(248,'2022-11-15-image_picker_F9E37091-A27A-4A92-9093-FDD25E6376B7-54893-000043E49599AD11.jpg',192,2.00,2.00,3,NULL,NULL,'active',NULL,NULL,'2022-11-15 06:37:26','2022-11-15 06:46:36',1,1,'10:30',0),(249,'2022-11-15-image_picker_DB3F698D-68B2-49B5-83F8-2EB936AE48D7-74988-00004449896271F8.jpg',192,3.00,3.00,3,NULL,NULL,'active',NULL,NULL,'2022-11-15 12:13:06','2022-11-15 12:17:28',1,1,'10:30',0),(250,'2022-11-15-image_picker_0D06F226-FC16-4923-8096-D0F682B05FC0-74988-0000444ACA9D559F.jpg',192,3.00,2.00,2,NULL,NULL,'active',NULL,NULL,'2022-11-15 12:17:03','2022-11-15 12:17:35',1,1,'10:30',0),(251,'2022-11-15-image_picker_1E99C313-2BEC-4ADE-9D4B-4F1C5BC9D88E-75871-00004485553F4FAF.jpg',298,4.00,4.00,10,NULL,NULL,'active',NULL,'2022-11-15 17:27:44','2022-11-15 17:15:28','2022-11-15 17:27:44',1,1,'10:30',23),(252,'2022-11-15-image_picker_0ED4D8FE-FE65-4B43-AA48-13C21415F0CA-75871-00004486143F4FC5.jpg',298,4.00,4.00,18,NULL,NULL,'active',NULL,NULL,'2022-11-15 17:27:37','2023-09-03 21:21:25',1,1,'10:30',23),(253,'2022-11-16-image_picker_ADD5855B-318F-413A-99D5-9479E62F39C0-80667-0000451E285767E9.jpg',298,4.00,4.00,20,NULL,NULL,'active',NULL,NULL,'2022-11-16 09:18:44','2022-11-16 09:22:38',1,1,'10:30',23),(254,'2022-11-16-image_picker_FD36DE1E-4870-44B5-9D1B-FD5F812016EB-80667-0000451F5AC4C12D.jpg',298,4.00,4.00,13,NULL,NULL,'active',NULL,NULL,'2022-11-16 09:19:47','2023-09-03 21:21:25',1,1,'10:30',23),(255,'2022-11-16-image_picker_A5F65910-4B42-4665-8F59-70C2BACA07AD-80667-0000451FB65BA96F.jpg',298,4.00,4.00,19,NULL,NULL,'active',NULL,NULL,'2022-11-16 09:21:00','2023-09-03 21:21:25',1,1,'10:30',23),(256,'2022-11-16-image_picker_25AA61F0-3E85-4DC9-8BC1-3BC344E3AFBD-80667-0000452037C2B6EE.jpg',298,4.00,4.00,20,NULL,NULL,'active',NULL,NULL,'2022-11-16 09:22:14','2022-11-16 09:22:59',1,1,'10:30',23),(257,'2022-11-16-image_picker_48F6A55A-58C0-44FA-A019-7528CE41CE61-80667-0000453916F5B289.jpg',298,4.00,4.00,18,NULL,NULL,'active',NULL,NULL,'2022-11-16 10:56:18','2023-09-03 21:21:25',1,1,'10:30',23),(258,'2022-11-16-image_picker_97177FE2-A383-49CA-8364-EB1FE52AF7C6-80667-0000453F3F8B10C9.jpg',298,4.00,4.00,17,NULL,NULL,'active',NULL,NULL,'2022-11-16 11:23:52','2023-09-03 21:21:25',1,1,'10:30',23),(259,'2022-11-16-image_picker_01EE8159-7662-420E-BC97-9A4205E7990C-2383-0000015527E5CC1E.jpg',295,3.00,3.00,2,NULL,NULL,'pending',NULL,NULL,'2022-11-16 11:30:12','2023-05-11 02:34:09',1,1,'10:30',22),(260,'2022-11-16-image_picker_33BC9606-1181-4DE5-9FB6-0E5ACBD59520-89252-0000458F77CFBEFC.jpg',298,4.00,4.00,18,NULL,NULL,'active',NULL,NULL,'2022-11-16 15:43:12','2023-09-21 22:18:24',1,1,'10:30',23),(261,'2022-11-16-image_picker_7A40B094-4693-407F-83C2-8016A274F081-90314-000045A5D6D10CDB.jpg',190,3.00,3.00,1,NULL,NULL,'active',NULL,NULL,'2022-11-16 16:49:28','2023-05-23 13:11:09',1,1,'10:30',0),(262,'2022-11-17-image_picker_9AD7BE17-D242-44FA-8AD4-5B409898FCBF-3546-00000211E2686B9B.jpg',295,3.00,3.00,0,NULL,NULL,'active',NULL,'2022-12-21 15:21:24','2022-11-17 08:20:05','2022-12-21 15:21:24',1,1,'10:30',22),(263,'2022-11-17-image_picker_BE1F2BBD-8539-4497-81EB-D12478796A40-3546-00000212A9FBBAF7.jpg',295,3.00,2.00,2,NULL,NULL,'pending',NULL,NULL,'2022-11-17 08:34:27','2023-05-11 02:33:55',1,1,'10:30',22),(264,'2022-11-17-image_picker_F8FE2259-867C-4CA7-80BF-964DA752766F-3546-00000216E2655E44.jpg',295,3.00,3.00,0,NULL,NULL,'pending',NULL,'2023-05-01 07:09:31','2022-11-17 08:36:24','2023-05-01 07:09:31',1,1,'10:30',22),(265,'2022-11-18-image_picker_956DCDFF-1E58-495A-89DA-0383C7351EC4-379-0000001C4EFAB555.jpg',190,3.00,3.00,4,NULL,NULL,'active',NULL,NULL,'2022-11-18 07:16:07','2022-11-18 07:16:25',1,1,'10:30',0),(266,'2022-11-19-image_picker_33BB47EB-FC87-4600-A61C-5101531614C8-5948-00000159E6C0A6E3.jpg',190,2.00,2.00,2,NULL,NULL,'active',NULL,NULL,'2022-11-19 14:43:30','2023-03-28 12:37:10',1,1,'10:30',0),(267,'2022-11-19-image_picker_38ED9DA7-EADB-43B3-A566-882707DFAD32-5948-0000015A89599CA9.jpg',190,2.00,2.00,2,NULL,NULL,'active',NULL,NULL,'2022-11-19 14:44:57','2023-03-28 12:37:25',1,1,'10:30',0),(268,'2022-11-19-image_picker_F459DDA6-12A4-4F06-9A29-C2B709AF9D9E-8802-0000016528B00CC4.jpg',190,2.00,2.00,2,NULL,NULL,'active',NULL,NULL,'2022-11-19 15:16:47','2023-03-28 12:37:39',1,1,'10:30',0),(269,'2022-11-19-image_picker_A534D760-F59F-484C-A6D1-1CCA85E81ACC-8802-00000165A69260AC.jpg',190,2.00,2.00,2,NULL,NULL,'active',NULL,NULL,'2022-11-19 15:18:23','2023-03-28 12:37:57',1,1,'10:30',0),(270,'2022-11-19-image_picker_F89CB366-CCA5-4ACA-9D5A-B8CA1AD87A2B-8802-00000166D8DE5DCB.jpg',190,3.00,3.00,2,NULL,NULL,'active',NULL,NULL,'2022-11-19 15:21:28','2023-03-06 18:06:21',1,1,'10:30',0),(271,'2022-11-19-image_picker_E62B0E17-D88D-494C-B154-4008EF4E6883-8802-000001672829E02F.jpg',190,2.00,2.00,2,NULL,NULL,'active',NULL,NULL,'2022-11-19 15:22:37','2023-03-28 12:38:11',1,1,'10:30',0),(272,'2022-11-19-image_picker_2553A554-728E-4842-BE26-2721A968D10D-8802-0000016795847371.jpg',190,2.00,2.00,2,NULL,NULL,'active',NULL,NULL,'2022-11-19 15:24:09','2023-03-28 12:38:28',1,1,'10:30',0),(273,'2022-11-19-image_picker_6B68AE3A-23F6-41BB-B4FC-1E7C29430335-8802-000001697F92D637.jpg',190,2.00,1.00,0,NULL,NULL,'active',NULL,NULL,'2022-11-19 15:30:04','2023-11-04 06:42:14',1,1,'10:30',0),(274,'2022-11-19-image_picker_4D3DB519-B251-41BC-8A8C-A29111D29947-8802-00000169D8E655D9.jpg',190,2.00,1.00,1,NULL,NULL,'active',NULL,NULL,'2022-11-19 15:31:13','2023-11-04 06:42:14',1,1,'10:30',0),(275,'2022-11-19-image_picker_1DEBA2ED-8008-44F6-96BC-2387E8ACE240-8802-0000016A445319A0.jpg',190,2.00,1.00,1,NULL,NULL,'active',NULL,NULL,'2022-11-19 15:32:12','2023-11-04 06:42:14',1,1,'10:30',0),(276,'2022-11-19-image_picker_201C3D3B-4977-4E1E-A6BA-05C816D253F1-8802-0000016A912001C4.jpg',190,2.00,1.00,2,NULL,NULL,'active',NULL,NULL,'2022-11-19 15:33:18','2023-03-28 12:39:56',1,1,'10:30',0),(277,'2022-11-19-image_picker_1F57D6FD-0C32-45D3-8275-0EE190573C7B-8802-0000016B554AAEC7.jpg',190,2.00,1.00,0,NULL,NULL,'active',NULL,NULL,'2022-11-19 15:37:36','2023-04-14 15:56:07',1,1,'10:30',0),(278,'2022-11-19-image_picker_E2B04B9D-1D16-4FEE-AC94-3CA0DF723A51-8802-0000016C6340EF4F.jpg',190,3.00,3.00,2,NULL,NULL,'active',NULL,NULL,'2022-11-19 15:39:30','2023-03-06 18:06:57',1,1,'10:30',0),(279,'2022-11-19-image_picker_945F6B4F-C4D2-40BE-AF8F-AA01B2DCC4D4-8802-0000016D39D92765.jpg',190,2.00,1.00,0,NULL,NULL,'active',NULL,NULL,'2022-11-19 15:43:51','2023-04-19 22:36:08',1,1,'10:30',0),(280,'2022-11-19-image_picker_689C7D15-007D-4D24-B975-27E37A4A55D5-8128-000003DA401D9C02.jpg',295,3.00,3.00,2,NULL,NULL,'pending',NULL,NULL,'2022-11-19 19:30:21','2023-05-11 02:33:14',1,1,'10:30',22),(281,'2022-11-19-image_picker_E2B9AB70-860A-44F4-AAF0-145B018C5FAD-8128-000003DAF2586223.jpg',295,3.00,3.00,3,NULL,NULL,'pending',NULL,NULL,'2022-11-19 19:33:06','2023-05-11 02:33:24',1,1,'10:30',22),(282,'2022-11-19-image_picker_06F2F177-C89E-4852-9B29-D6BAA269ADAF-8128-000003DCB3039628.jpg',295,3.00,3.00,1,NULL,NULL,'pending',NULL,NULL,'2022-11-19 19:37:36','2023-05-11 02:33:33',1,1,'10:30',22),(283,'2022-11-23-image_picker_1532007C-44A9-4CBC-8743-3A7020A88F8C-29751-000005021517878D.jpg',190,3.00,3.00,0,NULL,NULL,'pending',NULL,NULL,'2022-11-23 09:21:04','2023-08-27 13:30:09',1,1,'10:30',0),(284,'2022-11-24-image_picker_C4547665-8D20-425C-B5BD-D1AC328BD057-36416-000005BE6A5B8591.jpg',190,2.00,2.00,0,NULL,NULL,'pending',NULL,NULL,'2022-11-23 23:49:07','2023-03-28 12:40:23',1,1,'10:30',0),(285,'2022-11-24-image_picker_3AAD06B6-E0B8-4B80-A7AD-3E554D38E266-36416-000005BECB9E1413.jpg',190,2.00,2.00,0,NULL,NULL,'active',NULL,NULL,'2022-11-23 23:50:10','2023-11-04 06:42:14',1,1,'10:30',0),(286,'2022-11-24-image_picker_DBDBF969-CC2C-4F70-A93C-FCB69F6D4318-36416-000005BF61101C7B.jpg',190,2.00,2.00,1,NULL,NULL,'active',NULL,NULL,'2022-11-23 23:51:54','2023-03-28 12:41:21',1,1,'10:30',0),(287,'2022-11-24-image_picker_22AF0D49-4699-4BAF-AB13-7FF439E76D46-36416-000005C0DA71325A.jpg',190,2.00,2.00,1,NULL,NULL,'active',NULL,NULL,'2022-11-23 23:57:03','2023-03-28 12:41:35',1,1,'10:30',0),(288,'2022-11-24-image_picker_2A65923A-BE09-493F-B71C-35262F8987A4-36416-000005C16D19D174.jpg',190,2.00,2.00,0,NULL,NULL,'pending',NULL,NULL,'2022-11-23 23:58:33','2023-03-28 12:41:48',1,1,'10:30',0),(289,'2022-11-24-image_picker_646570E4-4720-4DBD-AD92-98859A14715C-36416-000005C26B529AE7.jpg',190,2.00,2.00,1,NULL,NULL,'pending',NULL,'2023-04-04 01:12:48','2022-11-24 00:01:20','2023-04-04 01:12:48',1,1,'10:30',0),(290,'2022-11-24-image_picker_593993B8-6376-452E-B13C-4DA26285C0FF-36416-000005C2DDFF030F.jpg',190,2.00,2.00,0,NULL,NULL,'pending',NULL,'2023-04-04 01:12:57','2022-11-24 00:02:47','2023-04-04 01:12:57',1,1,'10:30',0),(291,'2022-11-24-image_picker_B8BD91D9-0BCB-4FDA-8E57-DECF9A5C5DA4-36416-000005C351DC679C.jpg',190,2.00,2.00,1,NULL,NULL,'pending',NULL,NULL,'2022-11-24 00:04:13','2023-04-02 11:40:38',1,1,'10:30',0),(292,'2022-11-24-image_picker_1272571B-F0F6-4762-8FD5-29AE3CDAB975-36416-000005C3C34C51ED.jpg',190,2.00,2.00,1,NULL,NULL,'active',NULL,NULL,'2022-11-24 00:05:34','2023-03-28 12:42:45',1,1,'10:30',0),(293,'2022-11-24-image_picker_AC89F30C-4E99-4CAD-8196-560BA69CF028-36416-000005C43429B2A9.jpg',190,2.00,2.00,0,NULL,NULL,'pending',NULL,'2023-01-15 17:42:54','2022-11-24 00:06:51','2023-01-15 17:42:54',1,1,'10:30',0),(294,'2022-11-24-image_picker_BB154894-F6A4-48DD-805C-C457EF958AF1-36416-000005C4EDBFDA68.jpg',190,3.00,3.00,4,NULL,NULL,'active',NULL,NULL,'2022-11-24 00:09:47','2022-11-24 00:10:06',1,1,'10:30',0),(295,'2022-11-24-image_picker_084028F3-B912-4DE8-A5C2-6A9162277810-36416-000005C5ED4AC4BF.jpg',190,3.00,3.00,1,NULL,NULL,'active',NULL,NULL,'2022-11-24 00:12:59','2023-05-23 13:11:09',1,1,'10:30',0),(296,'2022-11-24-image_picker_779F382A-47D4-438E-A341-02683F91D5CD-36416-000005C6A525CAB6.jpg',190,3.00,3.00,1,NULL,NULL,'active',NULL,NULL,'2022-11-24 00:14:57','2023-05-23 13:11:09',1,1,'10:30',0),(297,'2022-11-24-image_picker_102F1AA2-C3D1-453C-B833-347724F47715-38563-000005F155AD2A4E.jpg',190,3.00,3.00,3,NULL,NULL,'active',NULL,NULL,'2022-11-24 07:13:00','2023-08-10 17:30:25',1,1,'10:30',0),(298,'2022-11-24-image_picker_5BAA244D-E259-4292-B0C3-4DD980B8A8F7-38563-000005F2BD1FD82A.jpg',190,3.00,3.00,2,NULL,NULL,'active',NULL,NULL,'2022-11-24 07:14:50','2023-08-10 17:30:25',1,1,'10:30',0),(299,'2022-11-26-image_picker_969F9D8F-49BD-4D0D-BDE5-7C382C35D37C-4272-0000018109DA4858.jpg',190,3.00,3.00,11,NULL,NULL,'active',NULL,NULL,'2022-11-26 10:16:21','2023-06-11 22:57:51',1,1,'10:30',0),(300,'2022-11-26-image_picker_A337A498-4F7B-46B4-BE35-B9F7F5195EE0-4272-0000019857CC56EA.jpg',190,3.00,2.00,5,NULL,NULL,'active',NULL,NULL,'2022-11-26 11:39:52','2023-03-28 12:43:04',1,1,'10:30',0),(301,'2022-11-26-image_picker_86FC16DA-F775-43B8-8D28-97AB21C5650F-4272-00000199FB1E8DA7.jpg',190,3.00,3.00,5,NULL,NULL,'active',NULL,NULL,'2022-11-26 12:07:23','2023-03-28 12:43:17',1,1,'10:30',0),(302,'2022-11-26-image_picker_2DC3D4CF-1C15-427E-AC3E-E08BE3AD7E97-11239-000001E66D49EE73.jpg',190,3.00,2.00,4,NULL,NULL,'active',NULL,NULL,'2022-11-26 16:37:52','2023-03-28 12:43:30',1,1,'10:30',0),(303,'2022-11-26-image_picker_34ABD145-8504-48E1-B8B4-F29C66A55864-11239-000001E804217F17.jpg',298,4.00,4.00,19,NULL,NULL,'active',NULL,NULL,'2022-11-26 16:45:09','2023-01-12 07:20:43',1,1,'10:30',23),(304,'2022-11-26-image_picker_ED46C04B-0729-4773-8A4B-6ADA3B06FCEC-11239-000001E9E4C1018B.jpg',298,4.00,4.00,18,NULL,NULL,'active',NULL,NULL,'2022-11-26 16:46:47','2023-01-12 07:46:04',1,1,'10:30',23),(305,'2022-11-26-image_picker_A35C6066-A87A-4BAA-91A6-DCFCA289344E-11239-000001FA22001BBC.jpg',190,3.00,3.00,10,NULL,NULL,'active',NULL,NULL,'2022-11-26 19:30:13','2023-06-11 22:57:51',1,1,'10:30',0),(306,'2022-11-26-image_picker_3581BE75-2037-4197-BE52-431A3873FCBA-11239-000001FBDD89067B.jpg',190,1.00,1.00,2,NULL,NULL,'active',NULL,NULL,'2022-11-26 19:36:52','2023-08-27 13:29:47',1,1,'10:30',0),(307,'2022-11-28-image_picker_64D702C0-41AC-4396-B6EF-093DE989B262-442-0000018AED548CDE.jpg',190,1.00,1.00,0,NULL,NULL,'pending',NULL,NULL,'2022-11-28 10:18:51','2023-06-20 16:19:59',1,1,'10:30',0),(308,'2022-12-04-image_picker_966769D6-44EE-439B-AFAB-BCA843381DEB-5709-000007AD20720BA8.jpg',190,3.00,3.00,7,NULL,NULL,'active',NULL,NULL,'2022-12-04 13:07:48','2023-06-11 22:57:51',1,1,'10:30',0),(309,'2022-12-05-image_picker_7C2ED0DE-9EEC-4627-A407-F4A32B2ED5D2-9674-0000083B43BA1844.jpg',190,3.00,3.00,10,NULL,NULL,'active',NULL,NULL,'2022-12-05 10:24:27','2022-12-05 10:25:01',1,1,'10:30',0),(310,'2022-12-07-image_picker_2F8993C3-BE6F-461B-B8F2-2BA7A77E64A5-10947-00000964061E91DF.jpg',190,3.00,3.00,7,NULL,NULL,'active',NULL,NULL,'2022-12-07 06:27:06','2022-12-07 06:27:25',1,1,'10:30',0),(311,'2022-12-09-image_picker_53CE991C-F595-46E5-A1AD-DAF63AECD8BD-429-000001C5F722B247.jpg',191,3.00,3.00,1,NULL,NULL,'pending',NULL,NULL,'2022-12-09 14:01:22','2023-03-12 12:30:25',1,1,'10:30',19),(312,'2023-01-08-image_picker_EDA5641C-A418-4AEE-A0F5-73CADAA8121C-5794-000005A12F653E80.jpg',190,3.00,3.00,10,NULL,NULL,'active',NULL,'2023-01-09 18:18:32','2023-01-08 06:16:24','2023-01-09 18:18:32',1,1,'10:30',NULL),(313,'2023-01-08-image_picker_5D6F9CD1-D760-40C5-94D7-D206A0FF07B9-5794-000005A1AADDF14B.jpg',190,3.00,3.00,10,NULL,NULL,'active',NULL,'2023-01-09 18:18:40','2023-01-08 06:17:35','2023-01-09 18:18:40',1,1,'10:30',NULL),(314,'2023-01-08-image_picker_77E22338-4DD8-4E80-8A8B-913622C6314A-5794-000005A537A7B5D4.jpg',190,3.00,3.00,10,NULL,NULL,'active',NULL,'2023-01-09 18:18:48','2023-01-08 06:29:16','2023-01-09 18:18:48',1,1,'10:30',0),(315,'2023-01-08-image_picker_F7D26A58-40D5-4C99-BD4C-5D198982985F-5794-000005A5F528B677.jpg',190,3.00,3.00,10,NULL,NULL,'active',NULL,'2023-01-09 18:18:55','2023-01-08 06:31:35','2023-01-09 18:18:55',1,1,'10:30',0),(316,'2023-01-08-image_picker_3E0DEE78-097C-43BC-949E-2B5070E87CAC-5794-000005B82A06729D.jpg',190,3.00,3.00,5,NULL,NULL,'active',NULL,'2023-01-09 18:19:04','2023-01-08 07:30:14','2023-01-09 18:19:04',1,1,'10:30',0),(317,'2023-01-08-image_picker_CB2E9928-FF55-4A30-9038-5038197D3D1A-5794-000005B8997ED9DD.jpg',190,3.00,3.00,5,NULL,NULL,'active',NULL,'2023-01-09 18:19:12','2023-01-08 07:31:19','2023-01-09 18:19:12',1,1,'10:30',0),(318,'2023-01-09-image_picker_9432FB05-1789-43E8-B47A-E72175753C70-691-00000067BF9B0087.jpg',190,3.00,3.00,10,NULL,NULL,'active',NULL,NULL,'2023-01-09 18:20:25','2023-01-09 18:36:06',1,1,'10:30',0),(319,'2023-01-09-image_picker_3049ED53-49FE-4FCD-BFDE-B908C804D861-691-0000006833CA8835.jpg',190,3.00,3.00,10,NULL,NULL,'active',NULL,NULL,'2023-01-09 18:21:43','2023-01-09 18:36:17',1,1,'10:30',0),(320,'2023-01-09-image_picker_BD68FDE3-BBCE-49AD-9168-5388B375495E-691-00000068895F3BD4.jpg',190,3.00,3.00,10,NULL,NULL,'active',NULL,NULL,'2023-01-09 18:22:36','2023-01-09 18:36:24',1,1,'10:30',0),(321,'2023-01-09-image_picker_A544CAA3-0409-4733-974A-150E8FA7EFA1-691-00000068CCEBAEB6.jpg',190,3.00,3.00,10,NULL,NULL,'active',NULL,NULL,'2023-01-09 18:23:32','2023-01-09 18:36:36',1,1,'10:30',0),(322,'2023-01-09-image_picker_AE2109EA-706C-48ED-A3AE-AC572FC2DDE0-691-0000006925B65570.jpg',190,4.00,4.00,1,NULL,NULL,'active',NULL,NULL,'2023-01-09 18:24:43','2023-03-06 18:08:22',1,1,'10:30',0),(323,'2023-01-09-image_picker_08D09980-1DC0-47E3-86A5-A939A5B8F114-691-00000069849D303F.jpg',190,4.00,4.00,6,NULL,NULL,'active',NULL,NULL,'2023-01-09 18:25:44','2023-03-07 19:24:35',1,1,'10:30',0),(324,'2023-01-09-image_picker_C74757E0-1060-44B7-82D2-B137B4BEDD95-691-0000006BC2CC1D71.jpg',190,4.00,4.00,5,NULL,NULL,'active',NULL,NULL,'2023-01-09 18:32:18','2023-01-09 18:37:47',1,1,'10:30',0),(325,'2023-01-09-image_picker_E2D188BC-3642-44B4-AEB3-8EC55A47E036-691-000000764A77F91B.jpg',190,7.00,7.00,1,NULL,NULL,'active',NULL,NULL,'2023-01-09 19:07:26','2023-03-27 22:17:12',1,1,'10:30',0),(326,'2023-01-11-image_picker_6E9CD6AA-B243-4DBE-A1C1-C77D1B4C9C36-1944-0000019AF0004ECE.jpg',1,7.00,5.00,0,NULL,NULL,'active',NULL,NULL,'2023-01-11 07:43:51','2023-10-03 20:21:08',1,1,'10:30',0),(327,'2023-01-11-image_picker_C01FBA86-3DEC-468D-AE12-7867E84D65C8-2357-0000019DFCEF1A20.jpg',190,7.00,7.00,1,NULL,NULL,'active',NULL,NULL,'2023-01-11 07:53:06','2023-01-11 07:53:32',1,1,'10:30',0),(328,'2023-01-11-image_picker_8D76053C-5129-4E82-A70A-2C8FABA12CB4-2368-0000019F33176A9E.jpg',190,3.00,2.00,5,NULL,NULL,'active',NULL,NULL,'2023-01-11 07:58:49','2023-06-20 16:20:26',1,1,'10:30',0),(329,'2023-01-11-image_picker_AF5CA613-A2C1-4A1F-8427-BF89CB818945-2368-000001A18EB17B30.jpg',190,3.00,3.00,3,NULL,NULL,'active',NULL,NULL,'2023-01-11 08:03:05','2023-01-14 06:34:05',1,1,'10:30',0),(330,'2023-01-16-image_picker_259E87AC-DFC6-4194-A714-4CFC1232521B-5156-00000531A33190D0.jpg',190,3.00,3.00,1,NULL,NULL,'active',NULL,NULL,'2023-01-16 08:02:06','2023-08-10 17:30:25',1,1,'10:30',0),(331,'2023-01-18-image_picker_C39A8071-C58D-4211-B8D8-D35194F03788-9724-000007CC1CF26941.jpg',190,3.00,3.00,11,NULL,NULL,'active',NULL,NULL,'2023-01-18 17:14:54','2023-01-23 09:24:40',1,1,'10:30',0),(332,'2023-01-28-image_picker_1669F289-8D2D-4268-9B95-FE78C212507F-1377-0000036BDE1EDEBB.jpg',190,4.00,4.00,5,NULL,NULL,'active',NULL,NULL,'2023-01-28 08:41:00','2023-01-28 08:42:53',1,1,'10:30',0),(333,'2023-01-28-image_picker_EE698FFE-4283-44CC-A5C5-39E76D203CFF-1377-0000036C60C000AF.jpg',190,3.00,3.00,3,NULL,NULL,'active',NULL,NULL,'2023-01-28 08:42:17','2023-02-06 10:52:04',1,1,'10:30',0),(334,'2023-01-28-image_picker_C5FB7772-971D-4AF5-83DA-BAB14CDD0968-1377-0000036D39A563ED.jpg',190,3.00,3.00,4,NULL,NULL,'active',NULL,NULL,'2023-01-28 08:44:33','2023-02-24 14:38:26',1,1,'10:30',0),(335,'2023-01-28-image_picker_58341FB4-D529-494A-9BE5-F478C3E56117-1377-0000036D9F809906.jpg',190,4.00,4.00,5,NULL,NULL,'active',NULL,NULL,'2023-01-28 08:46:00','2023-01-28 08:47:29',1,1,'10:30',0),(336,'2023-02-21-image_picker_E6BE2A62-EEB5-46C9-AF6B-237AC9BCF8D4-536-000002335CC2A305.jpg',190,3.00,3.00,5,NULL,NULL,'active',NULL,NULL,'2023-02-21 16:40:18','2023-02-21 16:40:48',1,1,'10:30',0),(337,'2023-02-22-image_picker_9A202CFC-211B-4A73-A88B-A8F57AA107B7-2622-00000385238D166B.jpg',191,3.00,3.00,3,NULL,NULL,'active',NULL,NULL,'2023-02-22 15:38:56','2023-05-20 20:40:57',1,1,'10:30',19),(338,'2023-03-01-image_picker_7EF038AB-4605-439D-83B3-75C185D2325C-519-000000BD9BBE238A.jpg',191,3.00,3.00,9,NULL,NULL,'active',NULL,NULL,'2023-03-01 12:49:11','2023-04-19 22:36:08',1,1,'10:30',19),(339,'2023-03-01-image_picker_B11B77A3-304D-4154-A82E-622FC46C818F-519-000000E10F525224.jpg',191,3.00,3.00,12,NULL,NULL,'active',NULL,NULL,'2023-03-01 14:35:14','2023-03-01 14:35:42',1,1,'10:30',19),(340,'2023-03-04-image_picker_C7DD60E2-F6E7-4026-93A9-12D661BCABC9-1563-000003BEBF941C6A.jpg',191,3.00,3.00,9,NULL,NULL,'active',NULL,NULL,'2023-03-04 18:12:49','2023-07-05 17:01:03',1,1,'10:30',19),(341,'2023-03-14-image_picker_6F9763FD-3FBC-4D49-B311-6F258CF2E1B3-8811-00000C80189552FD.jpg',191,3.00,3.00,7,NULL,NULL,'active',NULL,NULL,'2023-03-14 12:55:35','2023-08-08 08:48:32',1,1,'10:30',19),(342,'2023-03-18-image_picker_869E5FF4-77F0-4864-9CF6-EE0F18C6D193-12163-00000FDD86929560.jpg',191,3.00,3.00,4,NULL,NULL,'active',NULL,NULL,'2023-03-18 15:32:58','2023-11-21 11:00:38',1,1,'10:30',19),(343,'2023-03-18-image_picker_B4A71368-BD0D-44A2-84B1-11CCBA5FAE3D-12163-00000FDFA02A5F4B.jpg',191,3.00,3.00,12,NULL,NULL,'active',NULL,NULL,'2023-03-18 15:40:16','2023-03-30 00:09:46',1,1,'10:30',19),(344,'2023-03-22-image_picker_1CAFDAC7-E811-4E83-B1FF-694754DBA3FB-15362-0000129BED4B8CCB.jpg',191,3.00,3.00,7,NULL,NULL,'active',NULL,NULL,'2023-03-22 10:03:05','2023-10-14 13:04:50',1,1,'10:30',19),(345,'2023-03-26-image_picker_ABA0E5EF-A527-4041-8E80-8AE609A48A9F-1496-0000035173159B2C.jpg',190,1.00,1.00,3,NULL,NULL,'active',NULL,NULL,'2023-03-26 21:24:29','2023-08-27 13:31:06',1,1,'10:30',0),(346,'2023-03-26-image_picker_C3B18974-144C-408C-B152-6EEFBC3EDF1E-1496-000003524BCF2FF8.jpg',190,3.00,3.00,3,NULL,NULL,'active',NULL,NULL,'2023-03-26 21:25:59','2023-03-26 21:27:57',1,1,'10:30',0),(347,'2023-03-26-image_picker_FF69B688-BA0C-45DD-B6FE-44D406876E8A-1496-00000352A8F84F14.jpg',190,1.00,1.00,3,NULL,NULL,'active',NULL,NULL,'2023-03-26 21:27:06','2023-08-27 13:31:36',1,1,'10:30',0),(348,'2023-03-27-image_picker_841A1B6D-A87E-4D5E-A035-A71E15FA3EA0-4412-00000433D9B7DC07.jpg',190,5.00,5.00,0,NULL,NULL,'active',NULL,NULL,'2023-03-27 21:33:47','2023-03-28 10:29:06',1,1,'10:30',0),(349,'2023-03-27-image_picker_4B7D736D-DEE5-4D5C-A5E8-CBDC8BF4F6B0-4412-0000043972336475.jpg',190,3.00,3.00,3,NULL,NULL,'active',NULL,NULL,'2023-03-27 21:56:58','2023-03-27 21:57:18',1,1,'10:30',0),(350,'2023-03-29-image_picker_F524429D-2F55-484D-A542-CC93ECAEACE0-6199-0000060C8C7C3902.jpg',191,3.00,3.00,12,NULL,NULL,'active',NULL,NULL,'2023-03-29 17:55:12','2023-03-29 17:55:59',1,1,'10:30',19),(351,'2023-03-29-image_picker_79879FCB-F9D6-46A6-A29B-BF537FF497FD-6199-00000610C7634510.jpg',191,3.00,3.00,9,NULL,NULL,'active',NULL,NULL,'2023-03-29 18:11:31','2023-11-25 20:10:20',1,1,'10:30',19),(352,'2023-03-30-image_picker_F21E88C4-D194-4F24-B317-EBCE9C283788-8175-000007516B647A66.jpg',191,3.00,3.00,9,NULL,NULL,'active',NULL,NULL,'2023-03-30 21:32:42','2023-04-19 22:36:08',1,1,'10:30',19),(353,'2023-04-01-image_picker_419D9BAD-582C-40D6-8C62-EE1C02B6F025-9168-000009289CC0C9FF.jpg',191,3.00,3.00,5,NULL,NULL,'active',NULL,NULL,'2023-04-01 12:03:08','2023-10-03 12:39:47',1,1,'10:30',19),(354,'2023-04-04-image_picker_32823FBC-2388-41C0-9F6B-70B62D80BA8A-341-0000011880407DF9.jpg',191,3.00,3.00,9,NULL,NULL,'active',NULL,NULL,'2023-04-04 01:11:00','2023-08-10 17:30:25',1,1,'10:30',19),(355,'2023-05-01-image_picker_BF7231AE-B234-4E4D-8D7B-0821811738A3-2606-0000141209E74BD7.jpg',190,1.00,1.00,2,NULL,NULL,'active',NULL,NULL,'2023-05-01 07:08:33','2023-07-18 00:55:15',1,1,'10:30',0),(356,'2023-05-01-image_picker_AA3DB806-C141-4B41-9A60-F1BF50CFD453-2606-000014139CE417F7.jpg',190,1.00,1.00,5,NULL,NULL,'active',NULL,NULL,'2023-05-01 07:12:27','2023-05-01 07:12:52',1,1,'10:30',0),(357,'2023-08-12-image_picker_E812DD70-A5DE-475E-8181-05E3CCBFFB8A-16218-0000139CEE8B9027.jpg',1,4.00,4.00,1,NULL,NULL,'active',NULL,NULL,'2023-08-12 14:10:35','2023-11-24 07:16:37',1,1,'10:30',36),(358,'2023-08-12-image_picker_AE080DDD-DCD7-42A9-86EC-B3D9006EFD52-16218-0000139DF44264B1.jpg',1,4.00,4.00,1,NULL,NULL,'active',NULL,NULL,'2023-08-12 14:12:19','2023-10-06 12:24:27',1,1,'10:30',36);

--
-- Table structure for table `public_notifcations`
--

CREATE TABLE `public_notifcations` (
  `id` int unsigned NOT NULL AUTO_INCREMENT,
  `user_id` int unsigned DEFAULT NULL,
  `title` varchar(255) CHARACTER SET utf8mb4 COLLATE utf8mb4_unicode_ci NOT NULL,
  `message` text CHARACTER SET utf8mb4 COLLATE utf8mb4_unicode_ci NOT NULL,
  `data` text CHARACTER SET utf8mb4 COLLATE utf8mb4_unicode_ci NOT NULL,
  `created_at` timestamp NULL DEFAULT NULL,
  `updated_at` timestamp NULL DEFAULT NULL,
  PRIMARY KEY (`id`),
  KEY `public_notifcations_user_id_foreign` (`user_id`)
) ENGINE=InnoDB DEFAULT CHARSET=utf8mb4 COLLATE=utf8mb4_unicode_ci;

--
-- Dumping data for table `public_notifcations`
--


--
-- Table structure for table `refund_products`
--

CREATE TABLE `refund_products` (
  `id` int unsigned NOT NULL AUTO_INCREMENT,
  `user_id` int unsigned DEFAULT NULL,
  `product_order_id` int unsigned DEFAULT NULL,
  `product_id` int unsigned DEFAULT NULL,
  `type` varchar(255) CHARACTER SET utf8mb4 COLLATE utf8mb4_unicode_ci DEFAULT NULL,
  `notes` text CHARACTER SET utf8mb4 COLLATE utf8mb4_unicode_ci,
  `created_at` timestamp NULL DEFAULT NULL,
  `updated_at` timestamp NULL DEFAULT NULL,
  `restore` int DEFAULT '0',
  PRIMARY KEY (`id`),
  KEY `refund_products_user_id_foreign` (`user_id`),
  KEY `refund_products_product_id_foreign` (`product_id`),
  KEY `refund_products_product_order_id_foreign` (`product_order_id`)
) ENGINE=InnoDB DEFAULT CHARSET=utf8mb4 COLLATE=utf8mb4_unicode_ci;

--
-- Dumping data for table `refund_products`
--


--
-- Table structure for table `region_translations`
--

CREATE TABLE `region_translations` (
  `id` int unsigned NOT NULL AUTO_INCREMENT,
  `region_id` int unsigned NOT NULL,
  `name` varchar(255) CHARACTER SET utf8mb4 COLLATE utf8mb4_unicode_ci NOT NULL,
  `locale` varchar(255) CHARACTER SET utf8mb4 COLLATE utf8mb4_unicode_ci NOT NULL,
  `created_at` timestamp NULL DEFAULT NULL,
  `updated_at` timestamp NULL DEFAULT NULL,
  `arrival` varchar(191) CHARACTER SET utf8mb4 COLLATE utf8mb4_unicode_ci DEFAULT NULL,
  PRIMARY KEY (`id`),
  UNIQUE KEY `region_translations_region_id_locale_unique` (`region_id`,`locale`),
  KEY `region_translations_locale_index` (`locale`),
  CONSTRAINT `region_translations_ibfk_1` FOREIGN KEY (`region_id`) REFERENCES `regions` (`id`) ON DELETE CASCADE
) ENGINE=InnoDB AUTO_INCREMENT=303 DEFAULT CHARSET=utf8mb4 COLLATE=utf8mb4_unicode_ci;

--
-- Dumping data for table `region_translations`
--

INSERT INTO `region_translations` (`id`, `region_id`, `name`, `locale`, `created_at`, `updated_at`, `arrival`) VALUES (37,19,'مدينة الكويت','ar',NULL,NULL,NULL),(38,19,'kuwait City','en',NULL,NULL,NULL),(41,21,'دسمان','ar',NULL,NULL,NULL),(42,21,'دسمان','en',NULL,NULL,NULL),(43,22,'شرق','ar',NULL,NULL,NULL),(44,22,'شرق','en',NULL,NULL,NULL),(45,23,'الصوابر','ar',NULL,NULL,NULL),(46,23,'الصوابر','en',NULL,NULL,NULL),(47,24,'المرقاب','ar',NULL,NULL,NULL),(48,24,'المرقاب','en',NULL,NULL,NULL),(49,25,'القبلة','ar',NULL,NULL,NULL),(50,25,'القبلة','en',NULL,NULL,NULL),(51,26,'الصالحية','ar',NULL,NULL,NULL),(52,26,'الصالحية','en',NULL,NULL,NULL),(53,27,'الوطية','ar',NULL,NULL,NULL),(54,27,'الوطية','en',NULL,NULL,NULL),(55,28,'بنيد القار','ar',NULL,NULL,NULL),(56,28,'بنيد القار','en',NULL,NULL,NULL),(57,29,'كيفان','ar',NULL,NULL,NULL),(58,29,'كيفان','en',NULL,NULL,NULL),(59,30,'الدوحة','ar',NULL,NULL,NULL),(60,30,'الدوحة','en',NULL,NULL,NULL),(61,31,'الدسمة','ar',NULL,NULL,NULL),(62,31,'الدسمة','en',NULL,NULL,NULL),(63,32,'الدعية','ar',NULL,NULL,NULL),(64,32,'الدعية','en',NULL,NULL,NULL),(65,33,'المنصورية','ar',NULL,NULL,NULL),(66,33,'المنصورية','en',NULL,NULL,NULL),(67,34,'ضاحية عبد الله السالم','ar',NULL,NULL,NULL),(68,34,'ضاحية عبد الله السالم','en',NULL,NULL,NULL),(69,35,'النزهة','ar',NULL,NULL,NULL),(70,35,'النزهة','en',NULL,NULL,NULL),(71,36,'الفيحاء','ar',NULL,NULL,NULL),(72,36,'الفيحاء','en',NULL,NULL,NULL),(73,37,'الشامية','ar',NULL,NULL,NULL),(74,37,'الشامية','en',NULL,NULL,NULL),(75,38,'الروضة','ar',NULL,NULL,NULL),(76,38,'الروضة','en',NULL,NULL,NULL),(77,39,'العديلية','ar',NULL,NULL,NULL),(78,39,'العديلية','en',NULL,NULL,NULL),(79,40,'الخالدية','ar',NULL,NULL,NULL),(80,40,'الخالدية','en',NULL,NULL,NULL),(81,41,'القادسية','ar',NULL,NULL,NULL),(82,41,'القادسية','en',NULL,NULL,NULL),(83,42,'قرطبة','ar',NULL,NULL,NULL),(84,42,'قرطبة','en',NULL,NULL,NULL),(85,43,'السرة','ar',NULL,NULL,NULL),(86,43,'السرة','en',NULL,NULL,NULL),(87,44,'اليرموك','ar',NULL,NULL,NULL),(88,44,'اليرموك','en',NULL,NULL,NULL),(89,45,'الشويخ','ar',NULL,NULL,NULL),(90,45,'الشويخ','en',NULL,NULL,NULL),(91,46,'الري','ar',NULL,NULL,NULL),(92,46,'الري','en',NULL,NULL,NULL),(93,47,'غرناطة','ar',NULL,NULL,NULL),(94,47,'غرناطة','en',NULL,NULL,NULL),(95,48,'الصليبيخات','ar',NULL,NULL,NULL),(96,48,'الصليبيخات','en',NULL,NULL,NULL),(97,49,'النهضة','ar',NULL,NULL,NULL),(98,49,'النهضة','en',NULL,NULL,NULL),(99,50,'مدينة جابر الأحمد','ar',NULL,NULL,NULL),(100,50,'مدينة جابر الأحمد','en',NULL,NULL,NULL),(101,51,'القيروان','ar',NULL,NULL,NULL),(102,51,'القيروان','en',NULL,NULL,NULL),(103,52,'شمال غرب الصليبيخات','ar',NULL,NULL,NULL),(104,52,'شمال غرب الصليبيخات','en',NULL,NULL,NULL),(105,53,'الفنطاس','ar',NULL,NULL,NULL),(106,53,'الفنطاس','en',NULL,NULL,NULL),(107,54,'العقيلة','ar',NULL,NULL,NULL),(108,54,'العقيلة','en',NULL,NULL,NULL),(109,55,'الظهر','ar',NULL,NULL,NULL),(110,55,'الظهر','en',NULL,NULL,NULL),(111,56,'المقوع','ar',NULL,NULL,NULL),(112,56,'المقوع','en',NULL,NULL,NULL),(113,57,'المهبولة','ar',NULL,NULL,NULL),(114,57,'المهبولة','en',NULL,NULL,NULL),(115,58,'الرقة','ar',NULL,NULL,NULL),(116,58,'الرقة','en',NULL,NULL,NULL),(117,59,'هدية','ar',NULL,NULL,NULL),(118,59,'هدية','en',NULL,NULL,NULL),(119,60,'أبو حليفة','ar',NULL,NULL,NULL),(120,60,'أبو حليفة','en',NULL,NULL,NULL),(121,61,'الصباحية','ar',NULL,NULL,NULL),(122,61,'الصباحية','en',NULL,NULL,NULL),(123,62,'المنقف','ar',NULL,NULL,NULL),(124,62,'المنقف','en',NULL,NULL,NULL),(125,63,'الفحيحيل','ar',NULL,NULL,NULL),(126,63,'الفحيحيل','en',NULL,NULL,NULL),(127,64,'الأحمدي','ar',NULL,NULL,NULL),(128,64,'الأحمدي','en',NULL,NULL,NULL),(129,65,'الوفرة','ar',NULL,NULL,NULL),(130,65,'الوفرة','en',NULL,NULL,NULL),(131,66,'الزور','ar',NULL,NULL,NULL),(132,66,'الزور','en',NULL,NULL,NULL),(133,67,'الخيران','ar',NULL,NULL,NULL),(134,67,'الخيران','en',NULL,NULL,NULL),(135,68,'ميناء عبد الله','ar',NULL,NULL,NULL),(136,68,'ميناء عبد الله','en',NULL,NULL,NULL),(137,69,'الوفرة الزراعية','ar',NULL,NULL,NULL),(138,69,'الوفرة الزراعية','en',NULL,NULL,NULL),(139,70,'بنيدر','ar',NULL,NULL,NULL),(140,70,'بنيدر','en',NULL,NULL,NULL),(141,71,'الجليعة','ar',NULL,NULL,NULL),(142,71,'الجليعة','en',NULL,NULL,NULL),(143,72,'الضباعية','ar',NULL,NULL,NULL),(144,72,'الضباعية','en',NULL,NULL,NULL),(145,73,'ضاحية جابر العلي','ar',NULL,NULL,NULL),(146,73,'ضاحية جابر العلي','en',NULL,NULL,NULL),(147,74,'ضاحية فهد الأحمد','ar',NULL,NULL,NULL),(148,74,'ضاحية فهد الأحمد','en',NULL,NULL,NULL),(149,75,'الشعيبة','ar',NULL,NULL,NULL),(150,75,'الشعيبة','en',NULL,NULL,NULL),(151,76,'واره','ar',NULL,NULL,NULL),(152,76,'واره','en',NULL,NULL,NULL),(153,77,'مدينة صباح الأحمد','ar',NULL,NULL,NULL),(154,77,'مدينة صباح الأحمد','en',NULL,NULL,NULL),(155,78,'النويصيب','ar',NULL,NULL,NULL),(156,78,'النويصيب','en',NULL,NULL,NULL),(157,79,'مدينة الخيران','ar',NULL,NULL,NULL),(158,79,'مدينة الخيران','en',NULL,NULL,NULL),(159,80,'ضاحية علي صباح السالم أم الهيمان سابقاً','ar',NULL,NULL,NULL),(160,80,'ضاحية علي صباح السالم أم الهيمان سابقاً','en',NULL,NULL,NULL),(161,81,'مدينة صباح الأحمد البحرية','ar',NULL,NULL,NULL),(162,81,'مدينة صباح الأحمد البحرية','en',NULL,NULL,NULL),(163,82,'أبرق خيطان','ar',NULL,NULL,NULL),(164,82,'أبرق خيطان','en',NULL,NULL,NULL),(165,83,'الأندلس','ar',NULL,NULL,NULL),(166,83,'الأندلس','en',NULL,NULL,NULL),(167,84,'اشبيلية','ar',NULL,NULL,NULL),(168,84,'اشبيلية','en',NULL,NULL,NULL),(169,85,'جليب الشيوخ','ar',NULL,NULL,NULL),(170,85,'جليب الشيوخ','en',NULL,NULL,NULL),(171,86,'خيطان','ar',NULL,NULL,NULL),(172,86,'خيطان','en',NULL,NULL,NULL),(173,87,'خيطان الجديدة','ar',NULL,NULL,NULL),(174,87,'خيطان الجديدة','en',NULL,NULL,NULL),(175,88,'العمرية','ar',NULL,NULL,NULL),(176,88,'العمرية','en',NULL,NULL,NULL),(177,89,'العارضية','ar',NULL,NULL,NULL),(178,89,'العارضية','en',NULL,NULL,NULL),(179,90,'العارضية الصناعية','ar',NULL,NULL,NULL),(180,90,'العارضية الصناعية','en',NULL,NULL,NULL),(181,91,'العباسية','ar',NULL,NULL,NULL),(182,91,'العباسية','en',NULL,NULL,NULL),(183,92,'الفردوس','ar',NULL,NULL,NULL),(184,92,'الفردوس','en',NULL,NULL,NULL),(185,93,'الفروانية','ar',NULL,NULL,NULL),(186,93,'الفروانية','en',NULL,NULL,NULL),(187,94,'الحساوي','ar',NULL,NULL,NULL),(188,94,'الحساوي','en',NULL,NULL,NULL),(189,95,'الشدادية','ar',NULL,NULL,NULL),(190,95,'الشدادية','en',NULL,NULL,NULL),(191,96,'الرابية','ar',NULL,NULL,NULL),(192,96,'الرابية','en',NULL,NULL,NULL),(193,97,'الرحاب','ar',NULL,NULL,NULL),(194,97,'الرحاب','en',NULL,NULL,NULL),(195,98,'الرقعي','ar',NULL,NULL,NULL),(196,98,'الرقعي','en',NULL,NULL,NULL),(197,99,'الري الصناعية','ar',NULL,NULL,NULL),(198,99,'الري الصناعية','en',NULL,NULL,NULL),(199,100,'ضاحية صباح الناصر','ar',NULL,NULL,NULL),(200,100,'ضاحية صباح الناصر','en',NULL,NULL,NULL),(201,101,'ضاحية عبد الله المبارك','ar',NULL,NULL,NULL),(202,101,'ضاحية عبد الله المبارك','en',NULL,NULL,NULL),(203,102,'الضجيج','ar',NULL,NULL,NULL),(204,102,'الضجيج','en',NULL,NULL,NULL),(205,103,'الصليبية','ar',NULL,NULL,NULL),(206,103,'الصليبية','en',NULL,NULL,NULL),(207,104,'أمغرة','ar',NULL,NULL,NULL),(208,104,'أمغرة','en',NULL,NULL,NULL),(209,105,'النعيم','ar',NULL,NULL,NULL),(210,105,'النعيم','en',NULL,NULL,NULL),(211,106,'القصر','ar',NULL,NULL,NULL),(212,106,'القصر','en',NULL,NULL,NULL),(213,107,'الواحة','ar',NULL,NULL,NULL),(214,107,'الواحة','en',NULL,NULL,NULL),(215,108,'تيماء','ar',NULL,NULL,NULL),(216,108,'تيماء','en',NULL,NULL,NULL),(217,109,'النسيم','ar',NULL,NULL,NULL),(218,109,'النسيم','en',NULL,NULL,NULL),(219,110,'العيون','ar',NULL,NULL,NULL),(220,110,'العيون','en',NULL,NULL,NULL),(221,111,'القيصرية','ar',NULL,NULL,NULL),(222,111,'القيصرية','en',NULL,NULL,NULL),(223,112,'العبدلي','ar',NULL,NULL,NULL),(224,112,'العبدلي','en',NULL,NULL,NULL),(225,113,'الجهراء القديمة','ar',NULL,NULL,NULL),(226,113,'الجهراء القديمة','en',NULL,NULL,NULL),(227,114,'الجهراء الجديدة','ar',NULL,NULL,NULL),(228,114,'الجهراء الجديدة','en',NULL,NULL,NULL),(229,115,'كاظمة','ar',NULL,NULL,NULL),(230,115,'كاظمة','en',NULL,NULL,NULL),(231,116,'مدينة سعد العبد الله','ar',NULL,NULL,NULL),(232,116,'مدينة سعد العبد الله','en',NULL,NULL,NULL),(233,117,'السالمي','ar',NULL,NULL,NULL),(234,117,'السالمي','en',NULL,NULL,NULL),(235,118,'المطلاع','ar',NULL,NULL,NULL),(236,118,'المطلاع','en',NULL,NULL,NULL),(237,119,'مدينة الحرير','ar',NULL,NULL,NULL),(238,119,'مدينة الحرير','en',NULL,NULL,NULL),(239,120,'كبد','ar',NULL,NULL,NULL),(240,120,'كبد','en',NULL,NULL,NULL),(241,121,'الروضتين','ar',NULL,NULL,NULL),(242,121,'الروضتين','en',NULL,NULL,NULL),(243,122,'الصبية','ar',NULL,NULL,NULL),(244,122,'الصبية','en',NULL,NULL,NULL),(245,123,'حولي','ar',NULL,NULL,NULL),(246,123,'حولي','en',NULL,NULL,NULL),(247,124,'الشعب','ar',NULL,NULL,NULL),(248,124,'الشعب','en',NULL,NULL,NULL),(249,125,'السالمية','ar',NULL,NULL,NULL),(250,125,'السالمية','en',NULL,NULL,NULL),(251,126,'الرميثية','ar',NULL,NULL,NULL),(252,126,'الرميثية','en',NULL,NULL,NULL),(253,127,'الجابرية','ar',NULL,NULL,NULL),(254,127,'الجابرية','en',NULL,NULL,NULL),(255,128,'مشرف','ar',NULL,NULL,NULL),(256,128,'مشرف','en',NULL,NULL,NULL),(257,129,'بيان','ar',NULL,NULL,NULL),(258,129,'بيان','en',NULL,NULL,NULL),(259,130,'آلبدع','ar',NULL,NULL,NULL),(260,130,'آلبدع','en',NULL,NULL,NULL),(261,131,'النقرة','ar',NULL,NULL,NULL),(262,131,'النقرة','en',NULL,NULL,NULL),(263,132,'ميدان حولي','ar',NULL,NULL,NULL),(264,132,'ميدان حولي','en',NULL,NULL,NULL),(265,133,'ضاحية مبارك العبد الله الجابر','ar',NULL,NULL,NULL),(266,133,'ضاحية مبارك العبد الله الجابر','en',NULL,NULL,NULL),(267,134,'سلوى','ar',NULL,NULL,NULL),(268,134,'سلوى','en',NULL,NULL,NULL),(269,135,'جنوب السرة','ar',NULL,NULL,NULL),(270,135,'جنوب السرة','en',NULL,NULL,NULL),(271,136,'الزهراء','ar',NULL,NULL,NULL),(272,136,'الزهراء','en',NULL,NULL,NULL),(273,137,'الصديق','ar',NULL,NULL,NULL),(274,137,'الصديق','en',NULL,NULL,NULL),(275,138,'حطين','ar',NULL,NULL,NULL),(276,138,'حطين','en',NULL,NULL,NULL),(277,139,'السلام','ar',NULL,NULL,NULL),(278,139,'السلام','en',NULL,NULL,NULL),(279,140,'الشهداء','ar',NULL,NULL,NULL),(280,140,'الشهداء','en',NULL,NULL,NULL),(281,141,'العدان','ar',NULL,NULL,NULL),(282,141,'العدان','en',NULL,NULL,NULL),(283,142,'القصور','ar',NULL,NULL,NULL),(284,142,'القصور','en',NULL,NULL,NULL),(285,143,'القرين','ar',NULL,NULL,NULL),(286,143,'القرين','en',NULL,NULL,NULL),(287,144,'ضاحية صباح السالم','ar',NULL,NULL,NULL),(288,144,'ضاحية صباح السالم','en',NULL,NULL,NULL),(289,145,'المسيلة','ar',NULL,NULL,NULL),(290,145,'المسيلة','en',NULL,NULL,NULL),(291,146,'المسايل','ar',NULL,NULL,NULL),(292,146,'المسايل','en',NULL,NULL,NULL),(293,147,'أبو فطيرة','ar',NULL,NULL,NULL),(294,147,'أبو فطيرة','en',NULL,NULL,NULL),(295,148,'أبو الحصانية','ar',NULL,NULL,NULL),(296,148,'أبو الحصانية','en',NULL,NULL,NULL),(297,149,'صبحان','ar',NULL,NULL,NULL),(298,149,'صبحان','en',NULL,NULL,NULL),(299,150,'الفنيطيس','ar',NULL,NULL,NULL),(300,151,'ضاحية مبارك الكبير','ar',NULL,NULL,NULL),(301,150,'الفنيطيس','en',NULL,NULL,NULL),(302,151,'ضاحية مبارك الكبير','en',NULL,NULL,NULL);

--
-- Table structure for table `regions`
--

CREATE TABLE `regions` (
  `id` int unsigned NOT NULL AUTO_INCREMENT,
  `status` tinyint(1) NOT NULL DEFAULT '1',
  `address_address` varchar(255) CHARACTER SET utf8mb4 COLLATE utf8mb4_unicode_ci DEFAULT NULL,
  `address_latitude` double DEFAULT NULL,
  `address_longitude` double DEFAULT NULL,
  `governments_id` int unsigned NOT NULL,
  `created_at` timestamp NULL DEFAULT NULL,
  `updated_at` timestamp NULL DEFAULT NULL,
  PRIMARY KEY (`id`),
  KEY `regions_governments_id_foreign` (`governments_id`)
) ENGINE=InnoDB AUTO_INCREMENT=152 DEFAULT CHARSET=utf8mb4 COLLATE=utf8mb4_unicode_ci;

--
-- Dumping data for table `regions`
--

INSERT INTO `regions` (`id`, `status`, `address_address`, `address_latitude`, `address_longitude`, `governments_id`, `created_at`, `updated_at`) VALUES (19,1,'Kuwait City, Kuwait',29.375859,47.9774052,4,'2022-08-20 10:45:28','2022-08-20 10:45:28'),(21,1,'دسمان، Kuwait City, Kuwait',29.3878041,47.9997896,4,'2022-08-20 10:50:16','2022-08-20 10:50:16'),(22,1,'شرق، Kuwait City, Kuwait',29.3823227,47.9886442,4,'2022-08-20 10:51:24','2022-08-20 10:51:24'),(23,1,'الصوابر، Kuwait City, Kuwait',29.3763692,47.9824533,4,'2022-08-20 10:54:01','2022-08-20 10:54:01'),(24,1,'المرقاب، Kuwait City, Kuwait',29.3661375,47.98369150000001,4,'2022-08-20 10:54:29','2022-08-20 10:54:29'),(25,1,'القبلة، Kuwait City, Kuwait',29.369934,47.96883589999999,4,'2022-08-20 10:54:51','2022-08-20 10:54:51'),(26,1,'الصالحية، Kuwait City, Kuwait',29.3635088,47.9675981,4,'2022-08-20 10:55:13','2022-08-20 10:55:13'),(27,1,'الوطيه، Kuwait City, Kuwait',29.3644652,47.9640737,4,'2022-08-20 10:55:39','2022-08-20 10:55:39'),(28,1,'بنيد القار، Kuwait',29.3748727,48.0042721,4,'2022-08-20 10:56:03','2022-08-20 10:56:03'),(29,1,'كيفان، Kuwait',29.3375672,47.9589345,4,'2022-08-20 10:56:33','2022-08-20 10:56:33'),(30,1,'الدوحة، Kuwait',29.3155169,47.8155695,4,'2022-08-20 10:56:54','2022-08-20 10:56:54'),(31,1,'الدسمة، Kuwait',29.3664336,48.000698,4,'2022-08-20 10:57:27','2022-08-20 10:57:27'),(32,1,'الدعية، Kuwait',29.3604396,48.0183705,4,'2022-08-20 10:57:51','2022-08-20 10:57:51'),(33,1,'المنصورية، Kuwait',29.3573377,47.9948358,4,'2022-08-20 10:58:09','2022-08-20 10:58:09'),(34,1,'ضاحية عبدالله السالم، Kuwait',29.3518587,47.98369150000001,4,'2022-08-20 10:58:32','2022-08-20 10:58:32'),(35,1,'النزهة، Kuwait',29.3413899,47.9935975,4,'2022-08-20 10:59:10','2022-08-20 10:59:10'),(36,1,'الفيحاء، Kuwait',29.3404328,47.9787391,4,'2022-08-20 10:59:32','2022-08-20 10:59:32'),(37,1,'الشامية، Kuwait',29.35089859999999,47.96883589999999,4,'2022-08-20 10:59:52','2022-08-20 10:59:52'),(38,1,'الروضة، Kuwait',29.3290126,47.99855119999999,4,'2022-08-20 11:00:15','2022-08-20 11:00:15'),(39,1,'العديلية، Kuwait',29.328058,47.98369150000001,4,'2022-08-20 11:00:38','2022-08-20 11:00:38'),(40,1,'الخالدية، Kuwait',29.3251956,47.9638849,4,'2022-08-20 11:00:57','2022-08-20 11:00:57'),(41,1,'القادسية، Kuwait',29.3499618,48.0035053,4,'2022-08-20 11:01:21','2022-08-20 11:01:21'),(42,1,'قرطبة، Kuwait',29.3123481,47.9861678,4,'2022-08-20 11:01:57','2022-08-20 11:01:57'),(43,1,'السرة، Kuwait',29.3137752,48.0084599,4,'2022-08-20 11:02:14','2022-08-20 11:02:14'),(44,1,'اليرموك، Kuwait',29.3128217,47.96883589999999,4,'2022-08-20 11:02:37','2022-08-20 11:02:37'),(45,1,'الشويخ، Kuwait',29.354444,47.909722,4,'2022-08-20 11:03:08','2022-08-20 11:03:08'),(46,1,'الري، Kuwait',29.3080538,47.9440857,4,'2022-08-20 11:03:47','2022-08-20 11:03:47'),(47,1,'غرناطة، Kuwait',29.312521,47.8785532,4,'2022-08-20 11:04:05','2022-08-20 11:04:05'),(48,1,'الصليبيخات، Kuwait',29.3155591,47.84026009999999,4,'2022-08-20 11:04:57','2022-08-20 11:04:57'),(49,1,'النهضة، Kuwait',29.3041767,47.86002080000001,4,'2022-08-20 11:05:17','2022-08-20 11:05:17'),(50,1,'مدينة جابر الأحمد، Jaber Al Ahmad, Kuwait',29.3481663,47.7588245,4,'2022-08-20 11:05:52','2022-08-20 11:05:52'),(51,1,'القيروان، Kuwait',29.3002821,47.8007606,4,'2022-08-20 11:06:15','2022-08-20 11:06:15'),(52,1,'شمال غرب الصليبيخات، Kuwait',29.3278632,47.8106327,4,'2022-08-20 11:06:32','2022-08-20 11:06:32'),(53,1,'الفنطاس، Kuwait',29.1704692,48.1193001,5,'2022-08-20 11:06:56','2022-08-20 11:06:56'),(54,1,'العقيلة، Kuwait',29.1686861,48.10094609999999,5,'2022-08-20 11:07:17','2022-08-20 11:07:17'),(55,1,'الظهر، Kuwait',29.1650224,48.0679507,5,'2022-08-20 11:07:36','2022-08-20 11:07:36'),(56,1,'المقوع, 211, Ahmadi, Kuwait',29.1297536,48.0779894,5,'2022-08-20 11:08:50','2022-08-20 11:08:50'),(57,1,'المهبولة، Kuwait',29.1496559,48.1191986,5,'2022-08-20 11:09:10','2022-08-20 11:09:10'),(58,1,'الرقة، Kuwait',29.1504085,48.1050756,5,'2022-08-20 11:09:30','2022-08-20 11:09:30'),(59,1,'هدية، Kuwait',29.1458815,48.092758,5,'2022-08-20 11:10:30','2022-08-20 11:10:30'),(60,1,'أبو حليفة، Kuwait',29.1281522,48.1259111,5,'2022-08-20 11:10:50','2022-08-20 11:10:50'),(61,1,'الصباحية، Kuwait',29.1081627,48.1058589,5,'2022-08-20 11:11:10','2022-08-20 11:11:10'),(62,1,'المنقف، Kuwait',29.1070609,48.1239894,5,'2022-08-20 11:11:30','2022-08-20 11:11:30'),(63,1,'الفحيحيل، Kuwait',29.083128,48.1334643,5,'2022-08-20 11:11:51','2022-08-20 11:11:51'),(64,1,'الأحمدي، Kuwait',29.083461,48.07347619999999,5,'2022-08-20 11:12:14','2022-08-20 11:12:14'),(65,1,'الوفرة، Kuwait',28.5930251,48.1048515,5,'2022-08-20 11:12:35','2022-08-20 11:12:35'),(66,1,'الزور، Kuwait',28.711697,48.3289951,5,'2022-08-20 11:12:50','2022-08-20 11:12:50'),(67,1,'الخيران، Kuwait',28.6691107,48.36888339999999,5,'2022-08-20 11:13:12','2022-08-20 11:13:12'),(68,1,'ميناء عبد الله، Kuwait',29.008169,48.161171,5,'2022-08-20 11:13:32','2022-08-20 11:13:32'),(69,1,'الوفرة الزراعية، Al Wafrah, Kuwait',28.558333,48.0433289,5,'2022-08-20 11:13:55','2022-08-20 11:13:55'),(70,1,'بنيدر، Al Ad\'ami, Kuwait',28.7762968,48.2841556,5,'2022-08-20 11:14:31','2022-08-20 11:14:31'),(71,1,'الجليعة، Kuwait',28.8844085,48.2629941,5,'2022-08-20 11:14:50','2022-08-20 11:14:50'),(72,1,'الضباعية، Kuwait',28.9343154,48.2020454,5,'2022-08-20 11:15:09','2022-08-20 11:15:09'),(73,1,'ضاحية جابر العلي، Kuwait',29.1691087,48.0825523,5,'2022-08-20 11:15:28','2022-08-20 11:15:28'),(74,1,'ضاحية فهد الأحمد',29.1691087,48.0825523,5,'2022-08-20 11:15:56','2022-08-20 11:15:56'),(75,1,'الشعيبة، Kuwait',28.96126049999999,48.1172091,5,'2022-08-20 11:16:20','2022-08-20 11:16:20'),(76,1,'وارة، Kuwait',28.98333329999999,47.95,5,'2022-08-20 11:16:53','2022-08-20 11:16:53'),(77,1,'مدينة صباح الأحمد السكنية، Sabah Al Ahmad, Kuwait',28.7822609,48.0633687,5,'2022-08-20 11:17:31','2022-08-20 11:17:31'),(78,1,'النويصيب، Kuwait',28.5923698,48.36888339999999,5,'2022-08-20 11:17:47','2022-08-20 11:17:47'),(79,1,'الخيران، Kuwait',28.6691107,48.36888339999999,5,'2022-08-20 11:18:15','2022-08-20 11:18:15'),(80,1,'مركز شباب ضاحية علي صباح السالم, Ali Sabah Al Salem, Kuwait',28.9524161,48.1495658,5,'2022-08-20 11:18:42','2022-08-20 11:18:42'),(81,1,'مدينة صباح الاحمد البحرية، Kuwait',28.9201314,48.0992275,5,'2022-08-20 11:19:14','2022-08-20 11:19:14'),(82,1,'أبرق خيطان',29.2840931,47.9751042,6,'2022-08-20 11:20:10','2022-08-20 11:20:10'),(83,1,'الأندلس، Kuwait',29.3042048,47.8847321,6,'2022-08-20 11:20:32','2022-08-20 11:20:32'),(84,1,'إشبيلية، Kuwait',29.2728333,47.9391371,6,'2022-08-20 11:20:54','2022-08-20 11:20:54'),(85,1,'جليب الشيوخ، Kuwait',29.2595663,47.9330522,6,'2022-08-20 11:21:17','2022-08-20 11:21:17'),(86,1,'خيطان، Kuwait',29.2840931,47.9751042,6,'2022-08-20 11:21:36','2022-08-20 11:21:36'),(87,1,'خيطان الجديدة',29.2840931,47.9751042,6,'2022-08-20 11:21:54','2022-08-20 11:21:54'),(88,1,'العمرية، Kuwait',29.2958138,47.9556801,6,'2022-08-20 11:22:11','2022-08-20 11:22:11'),(89,1,'العارضية',29.2958138,47.9556801,6,'2022-08-20 11:22:31','2022-08-20 11:22:31'),(90,1,'العارضية الصناعية، Ardiya, Kuwait',29.2947115,47.9094547,6,'2022-08-20 11:22:51','2022-08-20 11:22:51'),(91,1,'العباسية',29.2947115,47.9094547,6,'2022-08-20 11:23:33','2022-08-20 11:23:33'),(92,1,'الفردوس',29.2947115,47.9094547,6,'2022-08-20 11:23:49','2022-08-20 11:23:49'),(93,1,'الفروانية، Kuwait',29.281596,47.96025179999999,6,'2022-08-20 11:24:20','2022-08-20 11:24:20'),(94,1,'الحساوي',29.281596,47.96025179999999,6,'2022-08-20 11:24:37','2022-08-20 11:24:37'),(95,1,'الشدادية، Kuwait',29.2590213,47.897092,6,'2022-08-20 11:24:55','2022-08-20 11:24:55'),(96,1,'الرابية، Kuwait',29.29663009999999,47.9391371,6,'2022-08-20 11:25:14','2022-08-20 11:25:14'),(97,1,'الرحاب، Kuwait',29.2852067,47.9341889,6,'2022-08-20 11:25:32','2022-08-20 11:25:32'),(98,1,'الرقعي، Kuwait',29.3061333,47.91440069999999,6,'2022-08-20 11:25:48','2022-08-20 11:25:48'),(99,1,'الري الصناعية',29.3061333,47.91440069999999,6,'2022-08-20 11:26:07','2022-08-20 11:26:07'),(100,1,'صباح الناصر، Kuwait',29.2707391,47.8831023,6,'2022-08-20 11:26:26','2022-08-20 11:26:26'),(101,1,'ضاحية مبارك العبدالله، Kuwait',29.2765981,48.0481132,6,'2022-08-20 11:26:46','2022-08-20 11:26:46'),(102,1,'الضجيج، Kuwait',29.2620388,47.9630143,6,'2022-08-20 11:27:09','2022-08-20 11:27:09'),(103,1,'الصليبية، Kuwait',29.2855773,47.81803800000001,7,'2022-08-20 11:27:33','2022-08-20 11:27:33'),(104,1,'أمغرة، Al Jahra, Kuwait',29.3,47.7333333,7,'2022-08-20 11:27:54','2022-08-20 11:27:54'),(105,1,'النعيم، Al Jahra, Kuwait',29.3334892,47.6935198,7,'2022-08-20 11:28:13','2022-08-20 11:28:13'),(106,1,'القصر، Al Jahra, Kuwait',29.3408578,47.6972141,7,'2022-08-20 11:28:47','2022-08-20 11:28:47'),(107,1,'الواحة',29.3408578,47.6972141,7,'2022-08-20 11:30:29','2022-08-20 11:30:29'),(108,1,'تيماء',29.3408578,47.6972141,7,'2022-08-20 11:30:52','2022-08-20 11:30:52'),(109,1,'النسيم',29.3408578,47.6972141,7,'2022-08-20 11:31:10','2022-08-20 11:31:10'),(110,1,'العيون',0,0,7,'2022-08-20 11:31:53','2022-08-20 11:31:53'),(111,1,'القيصرية',0,0,7,'2022-08-20 11:32:09','2022-08-20 11:32:09'),(112,1,'العبدلي',0,0,7,'2022-08-20 11:32:26','2022-08-20 11:32:26'),(113,1,'الجهراء القديمة',0,0,7,'2022-08-20 11:32:43','2022-08-20 11:32:43'),(114,1,'الجهراء الجديدة',0,0,7,'2022-08-20 11:33:00','2022-08-20 11:33:00'),(115,1,'كاظمة',0,0,7,'2022-08-20 11:33:15','2022-08-20 11:33:15'),(116,1,'مدينة سعد العبد الله',0,0,7,'2022-08-20 11:33:31','2022-08-20 11:33:31'),(117,1,'السالمي',0,0,7,'2022-08-20 11:33:46','2022-08-20 11:33:46'),(118,1,'المطلاع',0,0,7,'2022-08-20 11:33:59','2022-08-20 11:33:59'),(119,1,'مدينة الحرير',0,0,7,'2022-08-20 11:34:16','2022-08-20 11:34:16'),(120,1,'كبد',0,0,7,'2022-08-20 11:34:35','2022-08-20 11:34:35'),(121,1,'الروضتين',0,0,7,'2022-08-20 11:35:18','2022-08-20 11:35:18'),(122,1,'الصبية',0,0,7,'2022-08-20 11:35:35','2022-08-20 11:35:35'),(123,1,'حولي',0,0,8,'2022-08-20 11:36:01','2022-08-20 11:36:01'),(124,1,'الشعب',0,0,8,'2022-08-20 11:36:18','2022-08-20 11:36:18'),(125,1,'السالمية',0,0,8,'2022-08-20 11:36:38','2022-08-20 11:36:38'),(126,1,'الرميثية',0,0,8,'2022-08-20 11:37:06','2022-08-20 11:37:06'),(127,1,'الجابرية',0,0,8,'2022-08-20 11:37:35','2022-08-20 11:37:35'),(128,1,'مشرف',0,0,8,'2022-08-20 11:38:06','2022-08-20 11:38:06'),(129,1,'بيان',0,0,8,'2022-08-20 11:38:28','2022-08-20 11:38:28'),(130,1,'آلبدع',0,0,8,'2022-08-20 11:38:41','2022-08-20 11:38:41'),(131,1,'النقرة',0,0,8,'2022-08-20 11:38:56','2022-08-20 11:38:56'),(132,1,'ميدان حولي',0,0,8,'2022-08-20 11:39:11','2022-08-20 11:39:11'),(133,1,'ضاحية مبارك العبد الله الجابر',0,0,8,'2022-08-20 11:39:29','2022-08-20 11:39:29'),(134,1,'سلوى',0,0,8,'2022-08-20 11:39:49','2022-08-20 11:39:49'),(135,1,'جنوب السرة',0,0,8,'2022-08-20 11:40:11','2022-08-20 11:40:11'),(136,1,'الزهراء',0,0,8,'2022-08-20 11:40:29','2022-08-20 11:40:29'),(137,1,'الصديق',0,0,8,'2022-08-20 11:40:44','2022-08-20 11:40:44'),(138,1,'حطين',0,0,8,'2022-08-20 11:41:03','2022-08-20 11:41:03'),(139,1,'السلام',0,0,8,'2022-08-20 11:41:19','2022-08-20 11:41:19'),(140,1,'الشهداء',0,0,8,'2022-08-20 11:41:37','2022-08-20 11:41:37'),(141,1,'العدان',0,0,9,'2022-08-20 11:41:55','2022-08-20 11:41:55'),(142,1,'القصور',0,0,9,'2022-08-20 11:42:14','2022-08-20 11:42:14'),(143,1,'القرين',0,0,9,'2022-08-20 11:42:29','2022-08-20 11:42:29'),(144,1,'ضاحية صباح السالم',0,0,9,'2022-08-20 11:42:46','2022-08-20 11:42:46'),(145,1,'المسيلة',0,0,9,'2022-08-20 11:43:05','2022-08-20 11:43:05'),(146,1,'المسايل',0,0,9,'2022-08-20 11:43:23','2022-08-20 11:43:23'),(147,1,'أبو فطيرة',0,0,9,'2022-08-20 11:43:40','2022-08-20 11:43:40'),(148,1,'أبو الحصانية',0,0,9,'2022-08-20 11:43:56','2022-08-20 11:43:56'),(149,1,'صبحان',0,0,9,'2022-08-20 11:44:16','2022-08-20 11:44:16'),(150,1,'الفنيطيس',0,0,9,'2022-08-20 11:44:56','2022-08-20 11:44:56'),(151,1,'ضاحية مبارك الكبير',0,0,9,'2022-08-20 11:44:56','2022-08-20 11:45:44');

--
-- Table structure for table `role_user`
--

CREATE TABLE `role_user` (
  `role_id` bigint unsigned NOT NULL,
  `user_id` bigint unsigned NOT NULL,
  `user_type` varchar(255) CHARACTER SET utf8mb4 COLLATE utf8mb4_unicode_ci NOT NULL,
  PRIMARY KEY (`user_id`,`role_id`,`user_type`),
  KEY `role_user_role_id_foreign` (`role_id`)
) ENGINE=InnoDB DEFAULT CHARSET=utf8mb4 COLLATE=utf8mb4_unicode_ci;

--
-- Dumping data for table `role_user`
--

INSERT INTO `role_user` (`role_id`, `user_id`, `user_type`) VALUES (1,1,'App\\Models\\User'),(2,3,'App\\Models\\User'),(2,6,'App\\Models\\User'),(2,7,'App\\Models\\User'),(2,8,'App\\Models\\User'),(2,9,'App\\Models\\User'),(2,10,'App\\Models\\User'),(2,11,'App\\Models\\User'),(2,12,'App\\Models\\User'),(2,15,'App\\Models\\User'),(2,18,'App\\Models\\User'),(2,19,'App\\Models\\User'),(2,24,'App\\Models\\User'),(2,27,'App\\Models\\User'),(2,39,'App\\Models\\User'),(2,40,'App\\Models\\User'),(2,41,'App\\Models\\User'),(2,42,'App\\Models\\User'),(2,43,'App\\Models\\User'),(2,44,'App\\Models\\User'),(2,45,'App\\Models\\User'),(2,46,'App\\Models\\User'),(2,57,'App\\Models\\User'),(2,59,'App\\Models\\User'),(2,60,'App\\Models\\User'),(2,61,'App\\Models\\User'),(2,62,'App\\Models\\User'),(2,63,'App\\Models\\User'),(2,64,'App\\Models\\User'),(2,65,'App\\Models\\User'),(2,66,'App\\Models\\User'),(2,67,'App\\Models\\User'),(2,68,'App\\Models\\User'),(2,69,'App\\Models\\User'),(2,70,'App\\Models\\User'),(2,71,'App\\Models\\User'),(2,73,'App\\Models\\User'),(2,74,'App\\Models\\User'),(2,83,'App\\Models\\User'),(2,93,'App\\Models\\User'),(2,94,'App\\Models\\User'),(2,95,'App\\Models\\User'),(2,96,'App\\Models\\User'),(2,97,'App\\Models\\User'),(2,98,'App\\Models\\User'),(2,99,'App\\Models\\User'),(2,101,'App\\Models\\User'),(2,109,'App\\Models\\User'),(2,110,'App\\Models\\User'),(2,111,'App\\Models\\User'),(2,112,'App\\Models\\User'),(2,114,'App\\Models\\User'),(2,115,'App\\Models\\User'),(2,116,'App\\Models\\User'),(2,150,'App\\Models\\User'),(2,151,'App\\Models\\User'),(2,170,'App\\Models\\User'),(2,193,'App\\Models\\User'),(2,197,'App\\Models\\User'),(2,199,'App\\Models\\User'),(2,200,'App\\Models\\User'),(2,201,'App\\Models\\User'),(2,202,'App\\Models\\User'),(2,203,'App\\Models\\User'),(2,204,'App\\Models\\User'),(2,205,'App\\Models\\User'),(2,206,'App\\Models\\User'),(2,207,'App\\Models\\User'),(2,208,'App\\Models\\User'),(2,209,'App\\Models\\User'),(2,210,'App\\Models\\User'),(2,211,'App\\Models\\User'),(2,212,'App\\Models\\User'),(2,213,'App\\Models\\User'),(2,214,'App\\Models\\User'),(2,215,'App\\Models\\User'),(2,216,'App\\Models\\User'),(2,217,'App\\Models\\User'),(2,218,'App\\Models\\User'),(2,219,'App\\Models\\User'),(2,221,'App\\Models\\User'),(2,222,'App\\Models\\User'),(2,223,'App\\Models\\User'),(2,224,'App\\Models\\User'),(2,225,'App\\Models\\User'),(2,226,'App\\Models\\User'),(2,227,'App\\Models\\User'),(2,228,'App\\Models\\User'),(2,229,'App\\Models\\User'),(2,230,'App\\Models\\User'),(2,231,'App\\Models\\User'),(2,232,'App\\Models\\User'),(2,233,'App\\Models\\User'),(2,234,'App\\Models\\User'),(2,235,'App\\Models\\User'),(2,236,'App\\Models\\User'),(2,237,'App\\Models\\User'),(2,238,'App\\Models\\User'),(2,239,'App\\Models\\User'),(2,240,'App\\Models\\User'),(2,241,'App\\Models\\User'),(2,242,'App\\Models\\User'),(2,243,'App\\Models\\User'),(2,244,'App\\Models\\User'),(2,245,'App\\Models\\User'),(2,246,'App\\Models\\User'),(2,247,'App\\Models\\User'),(2,248,'App\\Models\\User'),(2,249,'App\\Models\\User'),(2,250,'App\\Models\\User'),(2,251,'App\\Models\\User'),(2,252,'App\\Models\\User'),(2,253,'App\\Models\\User'),(2,254,'App\\Models\\User'),(2,255,'App\\Models\\User'),(2,256,'App\\Models\\User'),(2,257,'App\\Models\\User'),(2,258,'App\\Models\\User'),(2,259,'App\\Models\\User'),(2,260,'App\\Models\\User'),(2,261,'App\\Models\\User'),(2,262,'App\\Models\\User'),(2,263,'App\\Models\\User'),(2,264,'App\\Models\\User'),(2,265,'App\\Models\\User'),(2,266,'App\\Models\\User'),(2,267,'App\\Models\\User'),(2,268,'App\\Models\\User'),(2,269,'App\\Models\\User'),(2,270,'App\\Models\\User'),(2,271,'App\\Models\\User'),(2,272,'App\\Models\\User'),(2,273,'App\\Models\\User'),(2,274,'App\\Models\\User'),(2,275,'App\\Models\\User'),(2,276,'App\\Models\\User'),(2,277,'App\\Models\\User'),(2,278,'App\\Models\\User'),(2,279,'App\\Models\\User'),(2,280,'App\\Models\\User'),(2,281,'App\\Models\\User'),(2,282,'App\\Models\\User'),(2,283,'App\\Models\\User'),(2,284,'App\\Models\\User'),(2,285,'App\\Models\\User'),(2,286,'App\\Models\\User'),(2,287,'App\\Models\\User'),(2,288,'App\\Models\\User'),(2,289,'App\\Models\\User'),(2,290,'App\\Models\\User'),(2,291,'App\\Models\\User'),(2,292,'App\\Models\\User'),(2,293,'App\\Models\\User'),(2,294,'App\\Models\\User'),(2,297,'App\\Models\\User'),(2,299,'App\\Models\\User'),(2,300,'App\\Models\\User'),(2,301,'App\\Models\\User'),(2,303,'App\\Models\\User'),(2,304,'App\\Models\\User'),(2,305,'App\\Models\\User'),(2,306,'App\\Models\\User'),(2,307,'App\\Models\\User'),(2,308,'App\\Models\\User'),(2,309,'App\\Models\\User'),(2,310,'App\\Models\\User'),(2,311,'App\\Models\\User'),(2,312,'App\\Models\\User'),(2,313,'App\\Models\\User'),(2,314,'App\\Models\\User'),(2,315,'App\\Models\\User'),(2,316,'App\\Models\\User'),(2,317,'App\\Models\\User'),(2,318,'App\\Models\\User'),(2,319,'App\\Models\\User'),(2,320,'App\\Models\\User'),(2,321,'App\\Models\\User'),(2,322,'App\\Models\\User'),(2,323,'App\\Models\\User'),(2,324,'App\\Models\\User'),(2,325,'App\\Models\\User'),(2,326,'App\\Models\\User'),(2,327,'App\\Models\\User'),(2,328,'App\\Models\\User'),(2,329,'App\\Models\\User'),(2,330,'App\\Models\\User'),(2,331,'App\\Models\\User'),(2,332,'App\\Models\\User'),(2,333,'App\\Models\\User'),(2,334,'App\\Models\\User'),(2,335,'App\\Models\\User'),(2,336,'App\\Models\\User'),(2,337,'App\\Models\\User'),(2,338,'App\\Models\\User'),(2,339,'App\\Models\\User'),(2,340,'App\\Models\\User'),(2,341,'App\\Models\\User'),(2,342,'App\\Models\\User'),(2,343,'App\\Models\\User'),(2,344,'App\\Models\\User'),(2,345,'App\\Models\\User'),(2,346,'App\\Models\\User'),(2,347,'App\\Models\\User'),(2,348,'App\\Models\\User'),(2,349,'App\\Models\\User'),(2,350,'App\\Models\\User'),(2,351,'App\\Models\\User'),(2,352,'App\\Models\\User'),(2,353,'App\\Models\\User'),(2,354,'App\\Models\\User'),(2,355,'App\\Models\\User'),(2,356,'App\\Models\\User'),(2,357,'App\\Models\\User'),(2,358,'App\\Models\\User'),(2,359,'App\\Models\\User'),(2,360,'App\\Models\\User'),(2,361,'App\\Models\\User'),(2,362,'App\\Models\\User'),(2,363,'App\\Models\\User'),(2,364,'App\\Models\\User'),(2,365,'App\\Models\\User'),(2,366,'App\\Models\\User'),(2,367,'App\\Models\\User'),(2,368,'App\\Models\\User'),(2,369,'App\\Models\\User'),(2,370,'App\\Models\\User'),(2,371,'App\\Models\\User'),(2,372,'App\\Models\\User'),(2,373,'App\\Models\\User'),(2,374,'App\\Models\\User'),(2,375,'App\\Models\\User'),(2,376,'App\\Models\\User'),(2,378,'App\\Models\\User'),(2,379,'App\\Models\\User'),(2,381,'App\\Models\\User'),(2,382,'App\\Models\\User'),(2,383,'App\\Models\\User'),(2,384,'App\\Models\\User'),(2,385,'App\\Models\\User'),(2,386,'App\\Models\\User'),(2,387,'App\\Models\\User'),(2,388,'App\\Models\\User'),(2,389,'App\\Models\\User'),(2,390,'App\\Models\\User'),(2,391,'App\\Models\\User'),(2,392,'App\\Models\\User'),(2,393,'App\\Models\\User'),(2,394,'App\\Models\\User'),(2,395,'App\\Models\\User'),(2,396,'App\\Models\\User'),(2,397,'App\\Models\\User'),(2,398,'App\\Models\\User'),(2,399,'App\\Models\\User'),(2,400,'App\\Models\\User'),(2,401,'App\\Models\\User'),(2,402,'App\\Models\\User'),(2,403,'App\\Models\\User'),(2,404,'App\\Models\\User'),(2,405,'App\\Models\\User'),(2,406,'App\\Models\\User'),(2,407,'App\\Models\\User'),(2,408,'App\\Models\\User'),(2,409,'App\\Models\\User'),(2,410,'App\\Models\\User'),(2,412,'App\\Models\\User'),(2,413,'App\\Models\\User'),(2,414,'App\\Models\\User'),(2,415,'App\\Models\\User'),(2,416,'App\\Models\\User'),(2,417,'App\\Models\\User'),(2,418,'App\\Models\\User'),(2,419,'App\\Models\\User'),(2,420,'App\\Models\\User'),(2,421,'App\\Models\\User'),(2,422,'App\\Models\\User'),(2,423,'App\\Models\\User'),(2,424,'App\\Models\\User'),(2,425,'App\\Models\\User'),(2,426,'App\\Models\\User'),(2,427,'App\\Models\\User'),(2,428,'App\\Models\\User'),(2,429,'App\\Models\\User'),(2,430,'App\\Models\\User'),(2,431,'App\\Models\\User'),(2,432,'App\\Models\\User'),(2,433,'App\\Models\\User'),(2,434,'App\\Models\\User'),(2,435,'App\\Models\\User'),(2,436,'App\\Models\\User'),(2,437,'App\\Models\\User'),(2,438,'App\\Models\\User'),(2,439,'App\\Models\\User'),(2,441,'App\\Models\\User'),(2,442,'App\\Models\\User'),(2,443,'App\\Models\\User'),(2,444,'App\\Models\\User'),(2,445,'App\\Models\\User'),(2,446,'App\\Models\\User'),(2,447,'App\\Models\\User'),(2,448,'App\\Models\\User'),(2,449,'App\\Models\\User'),(2,450,'App\\Models\\User'),(2,451,'App\\Models\\User'),(2,452,'App\\Models\\User'),(2,453,'App\\Models\\User'),(2,454,'App\\Models\\User'),(2,455,'App\\Models\\User'),(2,456,'App\\Models\\User'),(2,457,'App\\Models\\User'),(2,458,'App\\Models\\User'),(2,459,'App\\Models\\User'),(2,460,'App\\Models\\User'),(2,461,'App\\Models\\User'),(2,462,'App\\Models\\User'),(2,463,'App\\Models\\User'),(2,464,'App\\Models\\User'),(2,465,'App\\Models\\User'),(2,469,'App\\Models\\User'),(2,470,'App\\Models\\User'),(2,472,'App\\Models\\User'),(2,479,'App\\Models\\User'),(2,480,'App\\Models\\User'),(2,483,'App\\Models\\User'),(2,487,'App\\Models\\User'),(2,488,'App\\Models\\User'),(2,489,'App\\Models\\User'),(2,490,'App\\Models\\User'),(2,491,'App\\Models\\User'),(2,492,'App\\Models\\User'),(2,493,'App\\Models\\User'),(2,494,'App\\Models\\User'),(2,495,'App\\Models\\User'),(2,496,'App\\Models\\User'),(2,497,'App\\Models\\User'),(2,498,'App\\Models\\User'),(2,499,'App\\Models\\User'),(2,500,'App\\Models\\User'),(2,501,'App\\Models\\User'),(2,502,'App\\Models\\User'),(2,503,'App\\Models\\User'),(3,55,'App\\Models\\User'),(3,58,'App\\Models\\User'),(3,100,'App\\Models\\User'),(4,190,'App\\Models\\User'),(4,191,'App\\Models\\User'),(4,192,'App\\Models\\User'),(4,194,'App\\Models\\User'),(4,295,'App\\Models\\User'),(4,298,'App\\Models\\User'),(4,411,'App\\Models\\User'),(5,55,'App\\Models\\User'),(5,58,'App\\Models\\User'),(6,100,'App\\Models\\User');

--
-- Table structure for table `roles`
--

CREATE TABLE `roles` (
  `id` bigint unsigned NOT NULL AUTO_INCREMENT,
  `name` varchar(255) CHARACTER SET utf8mb4 COLLATE utf8mb4_unicode_ci NOT NULL,
  `display_name` varchar(255) CHARACTER SET utf8mb4 COLLATE utf8mb4_unicode_ci DEFAULT NULL,
  `description` varchar(255) CHARACTER SET utf8mb4 COLLATE utf8mb4_unicode_ci DEFAULT NULL,
  `created_at` timestamp NULL DEFAULT NULL,
  `updated_at` timestamp NULL DEFAULT NULL,
  PRIMARY KEY (`id`),
  UNIQUE KEY `roles_name_unique` (`name`)
) ENGINE=InnoDB AUTO_INCREMENT=7 DEFAULT CHARSET=utf8mb4 COLLATE=utf8mb4_unicode_ci;

--
-- Dumping data for table `roles`
--

INSERT INTO `roles` (`id`, `name`, `display_name`, `description`, `created_at`, `updated_at`) VALUES (1,'super_admin','Super Admin','Super Admin','2022-06-21 09:32:18','2022-06-21 09:32:18'),(2,'clients','Clients','Clients','2022-06-21 09:32:18','2022-06-21 09:32:18'),(3,'admin','Admin','Admin','2022-06-21 09:32:18','2022-06-21 09:32:18'),(4,'Tager','Tager','Tager','2022-06-21 09:32:18','2022-06-21 09:32:18'),(5,'Driver',NULL,NULL,'2022-06-25 08:47:45','2022-06-25 08:47:45'),(6,'admin_user',NULL,NULL,'2022-07-20 11:55:03','2022-07-20 11:55:03');

--
-- Table structure for table `shipping_type_translations`
--

CREATE TABLE `shipping_type_translations` (
  `id` int unsigned NOT NULL AUTO_INCREMENT,
  `shipping_type_id` int unsigned NOT NULL,
  `title` varchar(255) CHARACTER SET utf8mb4 COLLATE utf8mb4_unicode_ci DEFAULT NULL,
  `locale` varchar(255) CHARACTER SET utf8mb4 COLLATE utf8mb4_unicode_ci NOT NULL,
  `created_at` timestamp NULL DEFAULT NULL,
  `updated_at` timestamp NULL DEFAULT NULL,
  PRIMARY KEY (`id`),
  UNIQUE KEY `shipping_type_translations_shipping_type_id_locale_unique` (`shipping_type_id`,`locale`)
) ENGINE=InnoDB DEFAULT CHARSET=utf8mb4 COLLATE=utf8mb4_unicode_ci;

--
-- Dumping data for table `shipping_type_translations`
--


--
-- Table structure for table `shipping_types`
--

CREATE TABLE `shipping_types` (
  `id` int unsigned NOT NULL AUTO_INCREMENT,
  `image` varchar(255) CHARACTER SET utf8mb4 COLLATE utf8mb4_unicode_ci DEFAULT NULL,
  `type` int NOT NULL DEFAULT '0',
  `status` int NOT NULL DEFAULT '0',
  `created_at` timestamp NULL DEFAULT NULL,
  `updated_at` timestamp NULL DEFAULT NULL,
  PRIMARY KEY (`id`)
) ENGINE=InnoDB DEFAULT CHARSET=utf8mb4 COLLATE=utf8mb4_unicode_ci;

--
-- Dumping data for table `shipping_types`
--


--
-- Table structure for table `short_terms`
--

CREATE TABLE `short_terms` (
  `id` int unsigned NOT NULL AUTO_INCREMENT,
  `Ticket` varchar(255) CHARACTER SET utf8mb4 COLLATE utf8mb4_unicode_ci NOT NULL,
  `AccountNo` varchar(255) CHARACTER SET utf8mb4 COLLATE utf8mb4_unicode_ci NOT NULL,
  `Action` varchar(255) CHARACTER SET utf8mb4 COLLATE utf8mb4_unicode_ci NOT NULL,
  `FirstSymbol` varchar(255) CHARACTER SET utf8mb4 COLLATE utf8mb4_unicode_ci NOT NULL,
  `PriceCurrent` varchar(255) CHARACTER SET utf8mb4 COLLATE utf8mb4_unicode_ci NOT NULL,
  `PriceOpen` varchar(255) CHARACTER SET utf8mb4 COLLATE utf8mb4_unicode_ci NOT NULL,
  `PriceSL` varchar(255) CHARACTER SET utf8mb4 COLLATE utf8mb4_unicode_ci NOT NULL,
  `PriceTP` varchar(255) CHARACTER SET utf8mb4 COLLATE utf8mb4_unicode_ci NOT NULL,
  `Profit` varchar(255) CHARACTER SET utf8mb4 COLLATE utf8mb4_unicode_ci NOT NULL,
  `SecondSymbol` varchar(255) CHARACTER SET utf8mb4 COLLATE utf8mb4_unicode_ci NOT NULL,
  `Symbol` varchar(255) CHARACTER SET utf8mb4 COLLATE utf8mb4_unicode_ci DEFAULT NULL,
  `Time` varchar(255) CHARACTER SET utf8mb4 COLLATE utf8mb4_unicode_ci NOT NULL,
  `Volume` varchar(255) CHARACTER SET utf8mb4 COLLATE utf8mb4_unicode_ci NOT NULL,
  `created_at` timestamp NULL DEFAULT NULL,
  `updated_at` timestamp NULL DEFAULT NULL,
  PRIMARY KEY (`id`)
) ENGINE=InnoDB DEFAULT CHARSET=utf8mb4 COLLATE=utf8mb4_unicode_ci;

--
-- Dumping data for table `short_terms`
--


--
-- Table structure for table `slider_translations`
--

CREATE TABLE `slider_translations` (
  `id` int unsigned NOT NULL AUTO_INCREMENT,
  `slider_id` int unsigned NOT NULL,
  `name` varchar(255) CHARACTER SET utf8mb4 COLLATE utf8mb4_unicode_ci DEFAULT NULL,
  `content` varchar(255) CHARACTER SET utf8mb4 COLLATE utf8mb4_unicode_ci DEFAULT NULL,
  `locale` varchar(255) CHARACTER SET utf8mb4 COLLATE utf8mb4_unicode_ci NOT NULL,
  `created_at` timestamp NULL DEFAULT NULL,
  `updated_at` timestamp NULL DEFAULT NULL,
  PRIMARY KEY (`id`),
  UNIQUE KEY `slider_translations_slider_id_locale_unique` (`slider_id`,`locale`),
  KEY `slider_translations_locale_index` (`locale`)
) ENGINE=InnoDB DEFAULT CHARSET=utf8mb4 COLLATE=utf8mb4_unicode_ci;

--
-- Dumping data for table `slider_translations`
--


--
-- Table structure for table `sliders`
--

CREATE TABLE `sliders` (
  `id` int unsigned NOT NULL AUTO_INCREMENT,
  `image` varchar(255) CHARACTER SET utf8mb4 COLLATE utf8mb4_unicode_ci NOT NULL,
  `type` enum('none','category','product') CHARACTER SET utf8mb4 COLLATE utf8mb4_unicode_ci NOT NULL DEFAULT 'none',
  `id_number` int DEFAULT NULL,
  `status` varchar(255) CHARACTER SET utf8mb4 COLLATE utf8mb4_unicode_ci NOT NULL DEFAULT '1',
  `created_at` timestamp NULL DEFAULT NULL,
  `updated_at` timestamp NULL DEFAULT NULL,
  PRIMARY KEY (`id`)
) ENGINE=InnoDB AUTO_INCREMENT=24 DEFAULT CHARSET=utf8mb4 COLLATE=utf8mb4_unicode_ci;

--
-- Dumping data for table `sliders`
--

INSERT INTO `sliders` (`id`, `image`, `type`, `id_number`, `status`, `created_at`, `updated_at`) VALUES (5,'65023-Trending-Fashion-News.jpg','none',NULL,'0','2022-08-04 08:09:50','2022-09-28 08:15:21'),(8,'948446-1c4bf5bce99c41339a650ac80611657ear.jpg','none',NULL,'0','2022-08-04 09:11:17','2022-09-28 08:15:26'),(20,'738347-image_picker_4BD77CA8-9E20-49E8-99DA-76052870267B-33065-00001A99A0C1226F.jpg','',0,'1','2022-09-28 08:05:45','2022-09-28 08:05:45'),(22,'761415-image_picker_94BA6713-008D-42F0-9C96-A407BE1F67C5-33065-00001A9C5E1080AF.jpg','',0,'1','2022-09-28 08:14:27','2022-09-28 08:14:27'),(23,'123410-image_picker_B42612BF-61D8-4B40-807B-2576183DD709-59534-000017E9CBD82EBF.jpg','',0,'1','2022-12-05 10:36:03','2022-12-05 10:36:03');

--
-- Table structure for table `tagers`
--

CREATE TABLE `tagers` (
  `id` int unsigned NOT NULL AUTO_INCREMENT,
  `user_id` int unsigned NOT NULL,
  `instagram_link` varchar(255) CHARACTER SET utf8mb4 COLLATE utf8mb4_unicode_ci DEFAULT NULL,
  `banners` text CHARACTER SET utf8mb4 COLLATE utf8mb4_unicode_ci,
  `created_at` timestamp NULL DEFAULT NULL,
  `updated_at` timestamp NULL DEFAULT NULL,
  PRIMARY KEY (`id`),
  KEY `tagers_user_id_foreign` (`user_id`)
) ENGINE=InnoDB AUTO_INCREMENT=73 DEFAULT CHARSET=utf8mb4 COLLATE=utf8mb4_unicode_ci;

--
-- Dumping data for table `tagers`
--

INSERT INTO `tagers` (`id`, `user_id`, `instagram_link`, `banners`, `created_at`, `updated_at`) VALUES (64,188,NULL,NULL,'2022-09-18 17:35:12','2022-09-18 17:35:12'),(65,189,NULL,NULL,'2022-09-18 18:08:08','2022-09-18 18:08:08'),(66,190,NULL,NULL,'2022-09-19 10:59:49','2022-09-19 10:59:49'),(67,191,NULL,NULL,'2022-09-25 09:01:49','2022-09-25 09:01:49'),(68,192,NULL,NULL,'2022-09-25 09:03:51','2022-09-25 09:03:51'),(69,194,NULL,NULL,'2022-09-27 12:52:44','2022-09-27 12:52:44'),(70,295,NULL,NULL,'2022-11-15 10:39:21','2022-11-15 10:39:21'),(71,298,NULL,NULL,'2022-11-15 16:51:59','2022-11-15 16:51:59'),(72,411,NULL,NULL,'2023-03-15 01:35:36','2023-03-15 01:35:36');

--
-- Table structure for table `topic_subscripts`
--

CREATE TABLE `topic_subscripts` (
  `id` int unsigned NOT NULL AUTO_INCREMENT,
  `topics_id` int unsigned DEFAULT NULL,
  `status` varchar(255) CHARACTER SET utf8mb4 COLLATE utf8mb4_unicode_ci NOT NULL,
  `symobleName` varchar(255) CHARACTER SET utf8mb4 COLLATE utf8mb4_unicode_ci NOT NULL,
  `created_at` timestamp NULL DEFAULT NULL,
  `updated_at` timestamp NULL DEFAULT NULL,
  PRIMARY KEY (`id`),
  KEY `topic_subscripts_topics_id_foreign` (`topics_id`)
) ENGINE=InnoDB DEFAULT CHARSET=utf8mb4 COLLATE=utf8mb4_unicode_ci;

--
-- Dumping data for table `topic_subscripts`
--


--
-- Table structure for table `topics`
--

CREATE TABLE `topics` (
  `id` int unsigned NOT NULL AUTO_INCREMENT,
  `token` text CHARACTER SET utf8mb4 COLLATE utf8mb4_unicode_ci,
  `created_at` timestamp NULL DEFAULT NULL,
  `updated_at` timestamp NULL DEFAULT NULL,
  PRIMARY KEY (`id`)
) ENGINE=InnoDB DEFAULT CHARSET=utf8mb4 COLLATE=utf8mb4_unicode_ci;

--
-- Dumping data for table `topics`
--


--
-- Table structure for table `user_addresses`
--

CREATE TABLE `user_addresses` (
  `id` int unsigned NOT NULL AUTO_INCREMENT,
  `user_id` int unsigned NOT NULL,
  `governments_id` int unsigned NOT NULL,
  `region_id` int unsigned NOT NULL,
  `block` varchar(255) CHARACTER SET utf8mb4 COLLATE utf8mb4_unicode_ci NOT NULL,
  `Street_number` varchar(255) CHARACTER SET utf8mb4 COLLATE utf8mb4_unicode_ci NOT NULL,
  `Apartment_number` varchar(255) CHARACTER SET utf8mb4 COLLATE utf8mb4_unicode_ci NOT NULL,
  `floor_number` varchar(255) CHARACTER SET utf8mb4 COLLATE utf8mb4_unicode_ci NOT NULL,
  `house_number` varchar(255) CHARACTER SET utf8mb4 COLLATE utf8mb4_unicode_ci NOT NULL,
  `type` varchar(255) CHARACTER SET utf8mb4 COLLATE utf8mb4_unicode_ci NOT NULL,
  `user_name` varchar(255) CHARACTER SET utf8mb4 COLLATE utf8mb4_unicode_ci DEFAULT NULL,
  `phone` varchar(255) CHARACTER SET utf8mb4 COLLATE utf8mb4_unicode_ci DEFAULT NULL,
  `email` varchar(255) CHARACTER SET utf8mb4 COLLATE utf8mb4_unicode_ci DEFAULT NULL,
  `created_at` timestamp NULL DEFAULT NULL,
  `updated_at` timestamp NULL DEFAULT NULL,
  `checked` varchar(11) CHARACTER SET utf8mb4 COLLATE utf8mb4_unicode_ci DEFAULT NULL,
  `lat` varchar(191) CHARACTER SET utf8mb4 COLLATE utf8mb4_unicode_ci DEFAULT NULL,
  `long` varchar(191) CHARACTER SET utf8mb4 COLLATE utf8mb4_unicode_ci DEFAULT NULL,
  `jada` varchar(191) CHARACTER SET utf8mb4 COLLATE utf8mb4_unicode_ci DEFAULT NULL,
  `mac_address` varchar(191) CHARACTER SET utf8mb4 COLLATE utf8mb4_unicode_ci DEFAULT NULL,
  `country_id` int NOT NULL DEFAULT '1',
  `government_string` varchar(111) CHARACTER SET utf8mb4 COLLATE utf8mb4_unicode_ci DEFAULT NULL,
  `region_string` varchar(111) CHARACTER SET utf8mb4 COLLATE utf8mb4_unicode_ci DEFAULT NULL,
  PRIMARY KEY (`id`),
  KEY `user_addresses_user_id_foreign` (`user_id`),
  KEY `user_addresses_governments_id_foreign` (`governments_id`),
  KEY `user_addresses_region_id_foreign` (`region_id`)
) ENGINE=InnoDB AUTO_INCREMENT=322 DEFAULT CHARSET=utf8mb4 COLLATE=utf8mb4_unicode_ci;

--
-- Dumping data for table `user_addresses`
--

INSERT INTO `user_addresses` (`id`, `user_id`, `governments_id`, `region_id`, `block`, `Street_number`, `Apartment_number`, `floor_number`, `house_number`, `type`, `user_name`, `phone`, `email`, `created_at`, `updated_at`, `checked`, `lat`, `long`, `jada`, `mac_address`, `country_id`, `government_string`, `region_string`) VALUES (51,170,5,56,'22','35','98','67','88','منزل','anwer shehata','67782374','anwer@gmail.com','2022-09-25 10:46:25','2022-09-26 06:55:50','true','null','null',NULL,NULL,1,NULL,NULL),(53,170,4,28,'4','8','8','6','8','منزل','انور شحاتة','67782374','anwershehata@gmail.com','2022-09-26 05:57:41','2022-09-26 06:55:50','false','null','null',NULL,NULL,1,NULL,NULL),(54,170,5,61,'gh','gh','0','0','jj','منزل','fghhjjjn','685588','hjjccfi@cuig.com','2022-09-26 06:04:22','2022-09-26 06:55:50','false','null','null',NULL,NULL,1,NULL,NULL),(55,170,6,89,'6','u','0','0','8','منزل','vhhjh','5855','bbjjh@gggj.hjb','2022-09-26 06:23:27','2022-09-26 06:55:50','false','null','null',NULL,NULL,1,NULL,NULL),(58,195,5,60,'fc','chu','0','0','vhhh','منزل','vvhh','885588555','vhh@fuj.vh','2022-10-03 05:01:07','2022-10-03 05:01:38','true','null','null',NULL,NULL,1,NULL,NULL),(59,197,5,62,'rt','tyrt','rty','ty','y','منزل','answer shehata','٦7782374','anwershehata@gmail.com','2022-10-03 11:07:42','2022-10-03 12:03:50','true','null','null',NULL,NULL,1,NULL,NULL),(60,199,4,24,'a','f','h','d','t','منزل','انور شحاتة طلب تجريبي','67782374','anwer@gmail.com','2022-10-04 17:17:02','2022-10-04 17:17:21','true','null','null',NULL,NULL,1,NULL,NULL),(62,202,6,92,'7','1','0','0','40','منزل','khalid','60003537',NULL,'2022-10-08 19:06:00','2022-10-08 19:06:16','true','null','null',NULL,NULL,1,NULL,NULL),(63,203,9,147,'2','159','0','0','25 A','منزل','monera salman','97833933','m.alsabah23@hotmail.com','2022-10-09 01:04:45','2023-11-04 06:41:19','true','null','null',NULL,NULL,1,NULL,NULL),(64,205,7,103,'6','24','0','0','14','منزل','r','97952822',NULL,'2022-10-12 10:28:35','2022-10-12 10:30:44','true','null','null',NULL,NULL,1,NULL,NULL),(65,206,4,52,'1','103','0','0','22','منزل','مريم','99094863','omdart03@gmail.com','2022-10-12 10:57:53','2022-10-12 11:40:52','true','null','null',NULL,NULL,1,NULL,NULL),(66,207,4,50,'6','651','0','95539022','429','منزل','dana','95539022','danahalrshydy4@gmail.com','2022-10-12 11:27:15','2022-10-12 11:41:14','true','null','null',NULL,NULL,1,NULL,NULL),(67,208,4,50,'7','782','0','0','292','منزل','dalal','91106010','dalal_a7@outlook.com','2022-10-12 11:43:23','2022-10-12 11:43:37','true','null','null',NULL,NULL,1,NULL,NULL),(68,209,4,50,'6','636','0','0','524','منزل','Atheer Alosaimi','51604677','alotibaiatheer@gmail.com','2022-10-12 13:01:41','2022-11-21 20:59:57','true','null','null',NULL,NULL,1,NULL,NULL),(69,210,5,74,'2','214','0','0','9','منزل','joe','97101027','jorelsahli@gmail.com','2022-10-13 15:39:54','2022-10-22 08:13:22','true','null','null',NULL,NULL,1,NULL,NULL),(70,212,6,101,'6','613','0','0','49','منزل','اسماء','97444606','ahalathari@gmail.com','2022-10-14 12:22:01','2022-10-14 15:06:31','true','null','null',NULL,NULL,1,NULL,NULL),(71,198,5,60,'xxxx','vvvvvv','0','0','888','منزل','انور طلب تجريبي','8888888888','asdv@bbgff.com','2022-10-14 20:05:19','2022-10-14 20:05:22','true','null','null',NULL,NULL,1,NULL,NULL),(72,213,9,147,'5','208','0','0','236','منزل','Eman','97999373','golden.nails.99@gmail.com','2022-10-15 13:21:12','2022-10-15 13:21:25','true','null','null',NULL,NULL,1,NULL,NULL),(73,214,5,61,'3','14','0','0','1020','منزل','nora Salem  alotibii','51557119',NULL,'2022-10-16 09:34:28','2022-10-16 09:34:41','true','null','null',NULL,NULL,1,NULL,NULL),(74,215,7,106,'4b','2','0','0','18','منزل','entesar','51116160','intsar84hotmail.com','2022-10-17 06:48:55','2022-10-17 06:49:03','true','null','null',NULL,NULL,1,NULL,NULL),(76,217,6,100,'2','1','51341962','66880084','80','منزل','sanad','66880084',NULL,'2022-10-18 11:30:23','2022-10-18 11:31:16','true','null','null',NULL,NULL,1,NULL,NULL),(77,218,4,51,'2','232','0','0','91','منزل','Haya','51341962','hayaabdul965@icloud.com','2022-10-18 11:38:56','2022-10-18 11:39:07','true','null','null',NULL,NULL,1,NULL,NULL),(78,219,6,101,'5','513','1','1','23','منزل','fatma','95595414','foofaalajmi','2022-10-18 13:16:07','2022-11-05 09:48:30','true','null','null',NULL,NULL,1,NULL,NULL),(79,221,4,50,'1','114','4','2','13','منزل','زينب','٩٩٤٣٣٢٣٩',NULL,'2022-10-18 16:31:39','2022-10-18 16:32:06','true','null','null',NULL,NULL,1,NULL,NULL),(81,220,5,63,'gvjb','chh','vv','cb','ccuh','house','duhcf','5556888','cjkf@hdg.cjv','2022-10-18 18:54:20','2022-10-18 18:54:20',NULL,NULL,NULL,'vhk',NULL,1,NULL,NULL),(82,220,5,61,'ss','ww','v','f','kk','house','asd','8888888','sss','2022-10-19 08:20:34','2022-10-19 08:20:34',NULL,NULL,NULL,'aa',NULL,1,NULL,NULL),(84,222,6,101,'9','903','0','0','9','house','Jana alomran','56696678','janaal3mran@icloud.com','2022-10-19 10:15:11','2022-10-19 10:15:16','true',NULL,NULL,'-',NULL,1,NULL,NULL),(85,223,6,89,'7','2','0','0','8','house','Abdullah','98099809','monaalrashidi22@gmail.com','2022-10-19 13:18:02','2022-10-19 14:05:42','true',NULL,NULL,'0',NULL,1,NULL,NULL),(86,224,7,106,'4A','1','1','G','26','house','Hadeel','56555083','halenizy@hotmail.com','2022-10-19 21:44:44','2022-10-19 21:44:50','true',NULL,NULL,'117',NULL,1,NULL,NULL),(87,225,6,101,'7','724','0','0','94165264','house','Shahad','97923594','shahad.almutairi2009@gmail.com','2022-10-20 09:54:19','2022-10-21 17:41:00','true',NULL,NULL,'74',NULL,1,NULL,NULL),(88,226,7,109,'4','1','0','0','203','house','ريانه','50433762','rayana@hotmail.com','2022-10-20 12:15:29','2022-12-14 15:24:06','true',NULL,NULL,'لايوجد',NULL,1,NULL,NULL),(89,227,7,109,'1','33','بيت','بيت','66','house','عبير يعقوب','65021022','abamldfo@gmail.com','2022-10-20 14:50:23','2022-10-20 14:50:37','true',NULL,NULL,'لا يوجد',NULL,1,NULL,NULL),(90,228,7,103,'2','9','0','0','22','house','amwaj almutairi','90092205','wpwwp9000@gmail.com','2022-10-20 17:10:55','2022-10-20 17:10:59','true',NULL,NULL,'لايوجد',NULL,1,NULL,NULL),(91,229,7,105,'1','10','0','0','5','house','my house','99597754','ghaziq8@yahoo.com','2022-10-21 12:25:40','2022-11-04 10:19:21','true',NULL,NULL,'0',NULL,1,NULL,NULL),(92,231,4,50,'7','725','97956606','97956606','999','house','reemy','97956606','3ayedkw@gmail.com','2022-10-22 14:19:48','2022-10-22 14:19:54','true',NULL,NULL,'100',NULL,1,NULL,NULL),(93,232,5,74,'2','218','0','0','5','house','ض','98887857','refaa.mohmad.2@gmail.com','2022-10-23 09:00:16','2022-10-23 10:12:20','true',NULL,NULL,'-',NULL,1,NULL,NULL),(94,233,5,61,'2','3','0','0','94154975','house','anfal','94154974','anfool27x@gmail.com','2022-10-23 09:56:53','2022-10-23 13:03:35','true',NULL,NULL,'355',NULL,1,NULL,NULL),(97,234,7,109,'اليوم','5','0','0','140','house','نوف مشعل العنزي','55428827','noufmeshal3@gmail.com','2022-10-24 11:04:29','2022-10-24 11:11:40','true',NULL,NULL,'4',NULL,1,NULL,NULL),(98,235,9,143,'2','11','0','0','6','house','حور','66173324','hoorbader51@gmail.com','2022-10-24 15:04:18','2022-10-24 15:06:15','true',NULL,NULL,NULL,NULL,1,NULL,NULL),(99,237,9,150,'7','702','2','0','55','house','Khdejah','97688088','destiny-81@live.com','2022-10-24 21:19:48','2022-10-24 21:19:56','true',NULL,NULL,NULL,NULL,1,NULL,NULL),(100,238,7,109,'3','16','0','50414946','107','house','alanoud Aljaeib','50414946','alanoudals202@gmail.com','2022-10-25 06:43:58','2022-10-25 09:10:15','true',NULL,NULL,NULL,NULL,1,NULL,NULL),(101,239,7,109,'4','7','0','1','151','house','rawand','97629396','rawandx19@gmail.com','2022-10-25 06:44:12','2022-10-25 06:44:22','true',NULL,NULL,NULL,NULL,1,NULL,NULL),(102,240,6,84,'2','204','0','0','24','house','joud','‪+965 9983 6621‬','joudsm24@gmail.com','2022-10-25 09:58:02','2022-10-25 09:58:14','true',NULL,NULL,NULL,NULL,1,NULL,NULL),(103,241,7,106,'4ب','6','0','0','منزل 15','house','يوسف','96992720','allhaanooof@hotmail.com','2022-10-25 10:19:52','2022-10-25 10:19:56','true',NULL,NULL,'لايوجد',NULL,1,NULL,NULL),(104,242,6,84,'1','111','0','0','14','house','فجر الديحاني','٥١٦٨٥٥٨٨','Amzsd77x@gmail.com','2022-10-25 12:21:54','2022-10-25 12:22:17','true',NULL,NULL,NULL,NULL,1,NULL,NULL),(105,243,6,84,'1','103','ارضي لا يوجد','0','ارضي','house','Azyan','99990577','azyan727@mail.com','2022-10-25 14:19:01','2022-10-25 14:19:22','true',NULL,NULL,'36',NULL,1,NULL,NULL),(106,244,5,58,'1','4','0','97113628','290','house','alanood','97113628','gudkwt@gmail.com','2022-10-25 17:05:10','2022-10-25 17:05:43','true',NULL,NULL,NULL,NULL,1,NULL,NULL),(107,245,9,141,'1','48','0','0','56513624','house','sh','56513624','pioke@gmail.com','2022-10-25 17:28:09','2022-10-25 17:28:14','true',NULL,NULL,'منزل 34',NULL,1,NULL,NULL),(108,247,9,144,'6','1','0','0','48','house','Aseel','96777439','zozoo1984@icloud.com','2022-10-26 10:12:55','2022-11-16 12:10:30','true',NULL,NULL,'17',NULL,1,NULL,NULL),(109,248,9,143,'2','2','w','2','5','house','fatima','55084222','fatmhfatn294@gmail.com','2022-10-26 10:21:33','2022-10-26 10:21:40','true',NULL,NULL,'.',NULL,1,NULL,NULL),(110,249,4,50,'2','208','2','2','542','house','معالي','55334533','M3aly 89@outlook.com','2022-10-26 15:26:44','2022-10-26 15:26:50','true',NULL,NULL,'0',NULL,1,NULL,NULL),(111,250,7,103,'قطعه 2','شارع 20','قطعه ٢ شارع ٢٠ منزل ٦٥','0','منزل 65','house','Abeer','50683668','a3qp20@gmail.com','2022-10-26 18:18:17','2022-10-26 18:18:46','true',NULL,NULL,NULL,NULL,1,NULL,NULL),(112,251,8,138,'4','416','0','0','18','house','amina','55490032','aminaalk56@gmail.com','2022-10-26 20:33:28','2022-10-26 20:33:31','true',NULL,NULL,NULL,NULL,1,NULL,NULL),(113,252,7,103,'5','18','0','0','7','house','maha','98062214',NULL,'2022-10-28 13:47:03','2022-10-28 13:49:22','true',NULL,NULL,NULL,NULL,1,NULL,NULL),(114,253,5,74,'4','410','0','الشارع الرئيسي','42','house','hadeel','99103818','hadeel Mubarak Alazmi','2022-10-29 20:27:28','2022-10-29 20:27:31','true',NULL,NULL,NULL,NULL,1,NULL,NULL),(115,254,9,143,'2','4','50299428','50299428','32','house','Khaled','50299428','Kaam_2000@hotmail.com','2022-10-31 03:33:33','2022-10-31 03:33:42','true',NULL,NULL,NULL,NULL,1,NULL,NULL),(116,255,9,143,'1','5','0','0','2','house','sara','94422003','cute__sara@outlook.com','2022-10-31 13:07:05','2022-10-31 13:07:11','true',NULL,NULL,NULL,NULL,1,NULL,NULL),(117,257,8,126,'6','12','1','2','371','house','Abdullah','97878791','loool3boood@gmail.com','2022-10-31 15:32:45','2022-10-31 15:32:48','true',NULL,NULL,NULL,NULL,1,NULL,NULL),(118,258,8,132,'11','احد','12','3','1','house','محمد','66707867','h.deebrow636@gmail.com','2022-10-31 20:13:10','2022-10-31 20:13:22','true',NULL,NULL,'0',NULL,1,NULL,NULL),(119,259,4,50,'3','705','0','0','15','house','Hessa','69082010','h.alsmahan2007@gmail.com','2022-11-02 12:26:21','2022-11-09 12:53:20','true',NULL,NULL,'.',NULL,1,NULL,NULL),(120,260,5,62,'1','177','0','0','30','house','rayan','50400966','rayanalajmi.gmil.com','2022-11-02 13:28:04','2022-11-02 13:28:13','true',NULL,NULL,NULL,NULL,1,NULL,NULL),(122,261,6,89,'2','6','0','0','19','house','Almutairi','51393117','wasmyia.a2@outlook.com','2022-11-02 17:01:08','2022-11-02 17:01:08',NULL,NULL,NULL,'no jada',NULL,1,NULL,NULL),(123,263,6,101,'7','709','0','0','709','house','Ghaidaa Alkanderi','97372720','ghaidaaalkanderi@gmail.com','2022-11-03 13:39:09','2022-11-05 10:54:00','true',NULL,NULL,'-',NULL,1,NULL,NULL),(124,262,8,139,'3','303','8','2','30','house','maryam','65881050','mariamalfailkawi@gmail.com','2022-11-04 07:35:58','2022-11-04 07:36:07','true',NULL,NULL,NULL,NULL,1,NULL,NULL),(125,263,6,101,'7','709','0','0','107','house','غيداء الكندري','٩٩٤٤٩٨٠٣','ghaidaaalkanderi@gmail.com','2022-11-05 10:50:56','2022-11-05 10:54:00','false',NULL,NULL,NULL,NULL,1,NULL,NULL),(126,264,5,77,'B5','505','no','no','65','house','nora alhajri','50745892','Nx_194@outlook.com','2022-11-06 19:02:10','2022-11-06 19:02:30','true',NULL,NULL,'don’t have',NULL,1,NULL,NULL),(127,265,9,144,'6','1','0','0','23','house','Mohammad','66900609','bo_najem_1@hotmail.com','2022-11-07 10:56:52','2022-11-07 11:01:23','true',NULL,NULL,'9',NULL,1,NULL,NULL),(128,266,8,127,'1a','1','301C','3','4th ring building tower c','house','shaikha','95557974','023339s@gmail.com','2022-11-07 11:31:17','2022-11-20 11:26:54','true',NULL,NULL,'.',NULL,1,NULL,NULL),(129,267,6,97,'2','20','0','0','20','house','noura','95519197','no_1252009_uraa.@icloud.com','2022-11-07 12:11:18','2022-11-07 12:11:32','true',NULL,NULL,NULL,NULL,1,NULL,NULL),(130,268,8,127,'6','6','2','سرداب','B72','house','حسن السقاي','66405034','hassan.alsagey@gmail.com','2022-11-08 04:41:45','2022-11-08 04:46:01','true',NULL,NULL,NULL,NULL,1,NULL,NULL),(131,269,5,62,'3','5','.','.','35','house','falh','94995463','atare2005@icloud.com','2022-11-08 09:29:46','2022-11-09 11:48:17','true',NULL,NULL,'.',NULL,1,NULL,NULL),(132,270,4,52,'2','207','0','0','58','house','maha','99126744',NULL,'2022-11-08 14:37:08','2022-11-08 14:37:48','true',NULL,NULL,NULL,NULL,1,NULL,NULL),(133,271,6,101,'7','709','1','0','15','house','ganima alkanderi','98000779','ganima.2016@gmail.com','2022-11-08 15:21:27','2022-11-08 15:23:45','true',NULL,NULL,NULL,NULL,1,NULL,NULL),(134,272,4,0,'5','9','1','1','7','house','surra','66151123',NULL,'2022-11-09 06:53:37','2022-11-09 06:55:10','true',NULL,NULL,'0',NULL,1,NULL,NULL),(136,274,4,35,'1','19','5','0','23','house','maha','66611690','boodaimaha@gmail.com','2022-11-09 09:14:03','2022-11-16 11:12:57','true',NULL,NULL,'0',NULL,1,NULL,NULL),(137,275,5,63,'1','5','0','after 6 pm','193','house','Reem Almutairi','99866023','Fah77327@gmail.com','2022-11-09 10:35:48','2022-11-09 13:05:59','true',NULL,NULL,NULL,NULL,1,NULL,NULL),(138,276,7,106,'block 3','street 4','0','0','house number 1','house','reem aljaber','90025706','ryaljaber1@outlook.com','2022-11-09 10:37:06','2022-11-09 10:37:17','true',NULL,NULL,NULL,NULL,1,NULL,NULL),(139,278,5,55,'5','5','25','25','25','house','sheikha','66125867',NULL,'2022-11-09 13:21:39','2022-11-09 13:21:50','true',NULL,NULL,NULL,NULL,1,NULL,NULL),(140,279,4,51,'1','141','1','1','563','house','fatma','55573454',NULL,'2022-11-09 14:23:40','2022-11-09 14:24:48','true',NULL,NULL,NULL,NULL,1,NULL,NULL),(141,280,5,62,'3','3','0','0','25','house','wadha','50942607','wadha2almarri@icloud.com','2022-11-09 14:30:33','2022-11-09 14:30:40','true',NULL,NULL,NULL,NULL,1,NULL,NULL),(142,277,6,88,'3','5','0','0','7','house','A','66548835','hzaals326@gmail.com','2022-11-09 15:42:23','2022-11-09 15:42:23',NULL,NULL,NULL,NULL,NULL,1,NULL,NULL),(144,282,6,101,'2','215','.','.','7','house','joory','94449728','aljazy6_565@icloud.com','2022-11-09 20:46:50','2022-11-09 21:04:46','true',NULL,NULL,'.',NULL,1,NULL,NULL),(145,283,4,43,'٦','علي بن ابي طالب','0','0','١٦','house','انور اللحدان','٩٩٦٧٨٨٥٨','lahddan@gmail.com','2022-11-13 09:07:08','2023-03-12 10:55:32','true',NULL,NULL,NULL,NULL,1,NULL,NULL),(146,284,8,139,'7','26','4','g','504','house','fahad','97616169','hindkuwait@hotmail.com','2022-11-13 11:04:17','2022-11-13 11:04:33','true',NULL,NULL,'0',NULL,1,NULL,NULL),(147,285,4,48,'2','102','0','0','15','house','noor','95557900','nooralomar@live.com','2022-11-13 11:44:31','2022-11-13 11:44:38','true',NULL,NULL,'7',NULL,1,NULL,NULL),(148,286,9,150,'2','201','6','2','213','house','almukimi','68889431','almukimi67@gmail.con','2022-11-13 12:33:56','2022-11-13 12:34:29','true',NULL,NULL,'no',NULL,1,NULL,NULL),(149,287,9,141,'3','36','0','0','40','house','dana','90050032','danayousefrawan@gmail.com','2022-11-13 13:49:05','2022-11-13 13:49:18','true',NULL,NULL,NULL,NULL,1,NULL,NULL),(150,288,9,146,'5','501','ground floor','ground floor','158','house','Mona','94440453','Mona.rashes.jh2@gmail.com','2022-11-14 07:11:59','2022-11-14 16:05:31','true',NULL,NULL,'5',NULL,1,NULL,NULL),(151,289,8,0,'2','yousif bin hmoud','0','10','119','house','dLia','97392039','dalia.abuhawili@gmail.com','2022-11-14 13:38:21','2022-11-14 13:40:57','true',NULL,NULL,NULL,NULL,1,NULL,NULL),(152,290,8,125,'12','ابو دز الغفاري','١٤','٤','٣','house','Bedour','66403490','bdoormahr55@gmail.com','2022-11-14 14:26:27','2022-11-14 14:26:33','true',NULL,NULL,'٢١',NULL,1,NULL,NULL),(153,291,5,59,'3','2','0','0','74','house','Ali Mohammad','96635355','JokerLook@hotmail.com','2022-11-14 15:29:50','2022-11-14 15:30:34','true',NULL,NULL,NULL,NULL,1,NULL,NULL),(154,292,8,126,'7','77','f1','1','5','house','om ali','99480055','zalabya110@gmail.com','2022-11-14 18:34:57','2022-11-14 18:35:28','true',NULL,NULL,NULL,NULL,1,NULL,NULL),(155,293,6,82,'10','6','0','0','27','house','zainab','66441494','carinyoo@hotmail.com','2022-11-15 06:29:40','2022-11-15 06:29:46','true',NULL,NULL,NULL,NULL,1,NULL,NULL),(156,294,8,126,'1','16','7','1','27','house','خديجة','99931099','khadejaa538@gmail.com','2022-11-15 10:43:08','2022-11-15 10:43:28','true',NULL,NULL,NULL,NULL,1,NULL,NULL),(157,296,6,89,'10','5','0','0','3','house','دانه','90054954','hhhh@gmail.com','2022-11-15 15:52:31','2022-11-15 15:52:35','true',NULL,NULL,'0',NULL,1,NULL,NULL),(158,297,6,97,'2','21','0','0','23','house','mansout','50030210','s00044216@gmail.com','2022-11-15 15:56:10','2022-11-15 15:56:16','true',NULL,NULL,'no',NULL,1,NULL,NULL),(159,299,4,52,'2','215','0','0','410','house','Fatma Alfadhli','50963233','fatomaa85@hotmail.com','2022-11-16 11:58:23','2022-11-16 11:58:27','true',NULL,NULL,NULL,NULL,1,NULL,NULL),(160,300,5,62,'2','9','0','0','4','house','موضي','66809533','lhajri2007@icloud.com','2022-11-17 12:12:31','2022-11-17 12:12:41','true',NULL,NULL,NULL,NULL,1,NULL,NULL),(161,301,4,38,'1','18','0','0','10','house','Joude','9977401',NULL,'2022-11-18 16:15:25','2022-11-18 16:15:43','true',NULL,NULL,NULL,NULL,1,NULL,NULL),(162,302,4,25,'1','11','0','0','2','house','احمد','55892265','g@gmail.com','2022-11-20 12:49:07','2022-11-20 12:50:13','true',NULL,NULL,'ن',NULL,1,NULL,NULL),(163,216,5,73,'7','34','0','0','16','منزل','لطيفة','66931214',NULL,'2022-11-21 09:44:44','2022-11-23 11:37:24','true','null','null',NULL,NULL,1,NULL,NULL),(164,303,8,138,'2','212','0','0','50','house','sara','96735913','sralthawadi@gmail.com','2022-11-22 06:02:10','2022-11-22 06:02:14','true',NULL,NULL,NULL,NULL,1,NULL,NULL),(166,304,9,144,'4','4','0','0','8','house','bashayer alostayh','66677358','bashayer.alostath@outlook.com','2022-11-23 11:13:34','2022-11-23 11:13:50','true',NULL,NULL,'no',NULL,1,NULL,NULL),(167,305,9,142,'7','20','0','0','3','house','sara ALfadhly','66984956','sara.alfadhly@hotmail.com','2022-11-23 13:49:45','2022-11-23 13:51:48','true',NULL,NULL,NULL,NULL,1,NULL,NULL),(168,307,4,50,'5','467','55931674','99589901','447','house','dalal','99589901','dalalmutairi067@gmail.com','2022-11-23 14:15:41','2022-11-23 14:15:51','true',NULL,NULL,'-',NULL,1,NULL,NULL),(169,308,6,84,'1','102','0','0','9','house','fatma','66826531','fatimaalkhthia@gmail.com','2022-11-23 14:23:01','2022-11-23 14:23:07','true',NULL,NULL,'/',NULL,1,NULL,NULL),(170,309,4,51,'3','305','.','.','49','house','Mariam','55718935','mariamalh6767@gmail.com','2022-11-23 17:20:43','2022-11-23 17:20:50','true',NULL,NULL,NULL,NULL,1,NULL,NULL),(173,310,8,139,'2','211','0','0','44','house','abdullah aljandeel','90972888','gandeel88@yahoo.com','2022-11-25 09:49:07','2022-11-25 09:49:10','true',NULL,NULL,NULL,NULL,1,NULL,NULL),(174,311,8,134,'12','8','0','0','199','house','Khalid alhajji','98559577','ggfloas2019@gmail.com','2022-11-25 14:01:34','2022-11-25 14:01:42','true',NULL,NULL,'1',NULL,1,NULL,NULL),(175,312,5,59,'2','2','0','0','255','house','alzain','96780033','alzainfaisal2006@gmail.com','2022-11-26 15:13:49','2022-11-26 15:14:18','true',NULL,NULL,'no jada',NULL,1,NULL,NULL),(176,313,5,73,'6','24','0','0','17','house','fay alazmi','99069946','fayv33@gmail.com','2022-11-26 15:18:15','2022-11-26 15:18:21','true',NULL,NULL,'17',NULL,1,NULL,NULL),(177,314,4,32,'1','15','0','0','2','house','dalal','99558289','dalal.alduwairi@hotmail.com','2022-11-26 15:51:02','2022-11-27 07:37:36','true',NULL,NULL,'0',NULL,1,NULL,NULL),(178,315,8,139,'1','111','0','0','611','house','maryam','55656103','Maryamalsabt@gmail.com','2022-11-29 14:02:54','2022-11-29 14:02:58','true',NULL,NULL,'-',NULL,1,NULL,NULL),(179,316,7,116,'8','806','0','0','1281','house','almaha','51289144','al.maha2004x@gmail.com','2022-11-30 11:26:58','2022-11-30 11:29:39','false',NULL,NULL,'no',NULL,1,NULL,NULL),(180,316,7,106,'2','3','0','0','169 Blue55','house','alajmii','51289144','al.maha2004x@gmail.com','2022-11-30 11:29:34','2022-11-30 11:29:39','true',NULL,NULL,'3',NULL,1,NULL,NULL),(181,317,5,59,'1','1','0','0','22','منزل','نوال','55502826',NULL,'2022-12-02 15:20:02','2022-12-02 15:20:06','true',NULL,NULL,'لا يوجد.',NULL,1,NULL,NULL),(182,320,4,51,'القيروان','229','0','0','25','منزل','علي الشمري','99090602','aliq8999king2@gmail.com','2022-12-06 22:40:47','2022-12-06 22:40:58','true',NULL,NULL,'2',NULL,1,NULL,NULL),(183,321,8,139,'5','506','0','0','10','house','aziz bader','65759115','azizoam@hotmail.com','2022-12-07 20:42:01','2022-12-07 20:42:05','true',NULL,NULL,'no',NULL,1,NULL,NULL),(184,193,8,126,'1','alshafae','0','0','40','house','fouzeya','66777764',NULL,'2022-12-18 08:31:22','2023-10-14 13:04:42','true',NULL,NULL,'no',NULL,1,NULL,NULL),(185,324,8,129,'5','5','0','0','13','house','eman','96990933','emanalsayegh@outlook.com','2022-12-19 13:58:35','2022-12-19 13:58:40','true',NULL,NULL,'2',NULL,1,NULL,NULL),(186,325,4,0,'3','3','0','0','16','house','house','67722770','alkhamis.nora@gmail.com','2022-12-20 05:51:16','2022-12-23 14:24:11','true',NULL,NULL,'no',NULL,1,NULL,NULL),(187,326,9,142,'1','35','0','0','20','house','hessa','66445542','hessa3366@gmail.com','2022-12-20 07:10:29','2022-12-20 07:10:43','true',NULL,NULL,'no',NULL,1,NULL,NULL),(188,327,5,73,'7','14','0','0','61','house','zainab','97894651','zainab4555@icloud.com','2022-12-20 22:39:25','2022-12-20 22:39:32','true',NULL,NULL,'61',NULL,1,NULL,NULL),(189,328,5,73,'7','5','0','0','11','house','lulu','96731111','lulu.12@hotmail.com','2022-12-21 11:52:30','2022-12-21 11:52:35','true',NULL,NULL,'.',NULL,1,NULL,NULL),(190,329,5,61,'4','10','0','0','1167','house','aseel','96920042','miss.minions.2009@hotmail.com','2022-12-23 07:02:26','2022-12-23 07:02:41','true',NULL,NULL,'لايوجد',NULL,1,NULL,NULL),(191,330,4,41,'1','Mohammed habeb albader','0','0','7','house','fatma','97616789','f-mohd@hotmsil.com','2022-12-23 13:46:56','2022-12-23 13:47:03','true',NULL,NULL,'0',NULL,1,NULL,NULL),(192,331,9,144,'6','1','0','0','81','house','hamad','94083393','alhadad17q8@gmail.com','2022-12-23 14:55:03','2022-12-23 14:55:58','true',NULL,NULL,'1',NULL,1,NULL,NULL),(193,332,5,61,'3','11','0','0','894','house','awatef','99935121',NULL,'2022-12-24 16:18:00','2022-12-24 16:18:17','true',NULL,NULL,'-',NULL,1,NULL,NULL),(194,333,8,137,'4','401','6','1','D','apartment','Sara','97143311','s-84@live.com','2022-12-24 17:47:38','2022-12-25 04:22:46','true',NULL,NULL,'-',NULL,1,NULL,NULL),(195,334,9,143,'1','24','0','0','32','منزل','جاسم العبدالله','65840050','jassim.alabdullah.1997@gmail.com','2022-12-24 19:21:52','2023-05-01 16:03:31','true',NULL,NULL,'-',NULL,1,NULL,NULL),(196,335,4,52,'1','152','0','0','331','منزل','mariam','55551606','m.alshakhs@yahoo.com','2022-12-25 10:07:09','2022-12-25 10:09:32','true',NULL,NULL,'-',NULL,1,NULL,NULL),(197,336,8,127,'11','6','1','ground floor','18','apartment','steven','97249900','snoopy-crazy2010@hotmail.com','2022-12-26 18:20:56','2022-12-26 18:21:04','true',NULL,NULL,'0',NULL,1,NULL,NULL),(198,338,7,116,'11','179','0','0','19','house','Hessah','51512101','haalansari.ha@gmail.com','2022-12-27 17:01:24','2022-12-27 17:01:29','true',NULL,NULL,'-',NULL,1,NULL,NULL),(199,339,4,42,'2','5','0','0','34 b','house','zahra','91110327','zahra-karam@hotmail.con','2022-12-28 08:43:26','2022-12-28 08:44:40','true',NULL,NULL,'no',NULL,1,NULL,NULL),(200,340,4,42,'4','1','0','0','35','house','Haya','97795210','hayaalkhaldii@outlook.com','2022-12-29 10:37:43','2022-12-29 13:37:06','true',NULL,NULL,'7',NULL,1,NULL,NULL),(201,341,4,50,'1','153','0','0','315','house','sarah','95517474','alajmisarah97@gmail.com','2022-12-30 10:50:50','2022-12-30 14:41:13','true',NULL,NULL,'-',NULL,1,NULL,NULL),(202,342,7,116,'3','303','0','0','13','house','talal','66503028','t-alenzi@hotmail.com','2022-12-30 14:26:09','2023-05-20 20:40:09','true',NULL,NULL,'307',NULL,1,NULL,NULL),(204,343,7,110,'2','2','0','0','22','منزل','remas','58885053','udbhx@gmail.com','2022-12-30 20:30:24','2022-12-30 20:30:24',NULL,NULL,NULL,'625',NULL,1,NULL,NULL),(205,344,7,116,'8','858','0','0','11','house','hessah','60470001','hsbuhlaiba@gmail.com','2022-12-30 22:54:15','2022-12-30 22:54:25','true',NULL,NULL,'0',NULL,1,NULL,NULL),(207,346,9,150,'block 5','street 509','0','0','house 5','house','Ebtesam','55335228',NULL,'2023-01-02 18:22:13','2023-01-05 05:21:27','true',NULL,NULL,'-',NULL,1,NULL,NULL),(208,347,7,110,'1','15','0','0','ازرق36','منزل','mashaelalajmi','94774555','mashaelalajmi95@outlook.com','2023-01-04 06:11:57','2023-01-04 06:14:04','true',NULL,NULL,'.',NULL,1,NULL,NULL),(209,348,4,50,'5','534','0','0','784','house','saad','99620043','saadm519@hotmail.com','2023-01-04 06:48:26','2023-01-04 06:48:37','true',NULL,NULL,'-',NULL,1,NULL,NULL),(210,350,8,134,'8','9','4','1','1','apartment','mahos','55754757',NULL,'2023-01-04 20:21:27','2023-01-04 20:21:33','true',NULL,NULL,'9',NULL,1,NULL,NULL),(211,351,9,144,'13','1','0','0','18','منزل','sara','65656807',NULL,'2023-01-05 15:47:38','2023-01-05 15:48:52','true',NULL,NULL,'2',NULL,1,NULL,NULL),(212,352,8,139,'1','105','0','0','91','house','lulu','55633335','luluaisha88@hotmail.com','2023-01-05 17:04:24','2023-07-18 00:53:17','true',NULL,NULL,'0',NULL,1,NULL,NULL),(214,353,8,124,'8','80','8','13','111','شقة','mohammad','51298844','mrolz@outlook.com','2023-01-07 09:42:15','2023-01-07 09:42:15',NULL,NULL,NULL,'-',NULL,1,NULL,NULL),(215,193,0,0,'q','q','0','0','q','منزل','q','+9650000000','qq','2023-01-11 08:06:15','2023-10-14 13:04:42','false',NULL,NULL,'q',NULL,1,'q','q'),(216,355,6,83,'13','2','0','0','20','house','house','+96551444413','zaitoona.83@hotmail.com','2023-01-12 05:39:21','2023-01-12 05:55:03','true',NULL,NULL,'0',NULL,1,NULL,NULL),(217,357,6,83,'13','17','0','0','20','منزل','حصه','+96566363312','smbateekah@hotmail.com','2023-01-12 07:17:42','2023-01-12 07:18:25','true',NULL,NULL,'-',NULL,1,NULL,NULL),(218,356,9,144,'9','1','1','0','22','شقة','jumana','+96590971963','alotibi87@live.com','2023-01-12 07:19:00','2023-01-12 07:19:14','true',NULL,NULL,'12',NULL,1,NULL,NULL),(219,358,4,50,'1','102','0','0','614','منزل','AHMAD ALSAHHAF','+96599103965',NULL,'2023-01-12 07:42:33','2023-01-12 07:44:48','true',NULL,NULL,'0',NULL,1,NULL,NULL),(220,354,7,105,'1','20','0','0','15','منزل','عايض','+96599851999',NULL,'2023-01-12 08:30:13','2023-01-12 08:36:22','true',NULL,NULL,'no',NULL,1,NULL,NULL),(221,193,0,0,'g','h','0','0','g','منزل','f','+97400000000','f','2023-01-12 15:08:23','2023-10-14 13:04:42','false',NULL,NULL,'g',NULL,1,'g','g'),(228,273,0,0,'الساحل','شحاتة','33','44','55','شقة','انور','+96567782374','asd@asd.com','2023-01-14 06:24:55','2023-03-12 15:04:37','false',NULL,NULL,'88',NULL,10,'سوهاج','البلينا'),(229,273,0,0,'77','33','2322','90','56','شقة','انور تجربة','+965566782374','ggg@gggg.com','2023-01-14 06:33:28','2023-03-12 15:04:37','false',NULL,NULL,'12',NULL,2,'جدة','الرياض'),(230,273,0,0,'zxzx','hfggb','-','-','guhc','منزل','عمر','+96555858558','awa@awa.gmail.com','2023-01-14 06:38:39','2023-03-12 15:04:37','true',NULL,NULL,'hgvv',NULL,2,'asd','asd'),(231,203,9,147,'2','159','0','0','25 A','house','monera','+96597833933','m.alsabah23@hotmail.com','2023-01-15 15:54:43','2023-11-04 06:41:19','false',NULL,NULL,'no',NULL,1,NULL,NULL),(232,203,9,147,'2','159','0','0','25 A','house','monera salman','+96597833933',NULL,'2023-01-15 15:56:09','2023-11-04 06:41:19','false',NULL,NULL,'--',NULL,1,NULL,NULL),(233,193,0,0,'g','g','-','-','g','منزل','g','+97400000000','v','2023-01-15 16:25:38','2023-10-14 13:04:42','false',NULL,NULL,'hh',NULL,10,'c','g'),(234,360,6,100,'7','108','0','0','45','منزل','Metieb','+96597557885','alazmimariam98@gmail.com','2023-01-15 19:58:48','2023-01-15 19:58:54','true',NULL,NULL,'0',NULL,1,NULL,NULL),(235,361,6,89,'10','1','0','0','27','منزل','fahad','+96597676255','fahood9090@gmail.com','2023-01-16 03:40:06','2023-01-16 03:40:21','true',NULL,NULL,'15',NULL,1,NULL,NULL),(236,193,0,0,'ri','12','-','-','12','منزل','fouz','+96600000000','f@h.com','2023-01-16 08:07:42','2023-10-14 13:04:42','false',NULL,NULL,'0',NULL,2,'je','hi'),(237,362,7,110,'4','8','0','0','186/74','منزل','Amani','+96596996221','Amanialrslani@hotmail.com','2023-01-17 17:14:45','2023-01-17 17:14:51','true',NULL,NULL,'-',NULL,1,NULL,NULL),(238,193,0,0,'h','h','-','-','b','منزل','gh','+971555','hh','2023-01-17 18:16:33','2023-10-14 13:04:42','false',NULL,NULL,'b',NULL,11,'g','g'),(239,363,0,0,'الريان','742','-','-','23','منزل','haya alnuimi','+97433377463',NULL,'2023-01-18 08:42:47','2023-02-07 06:12:48','true',NULL,NULL,'منطقه54',NULL,10,'الريان','الريان'),(240,364,5,74,'4','410','0','0','دور ثاني شقه يسار 42','منزل','maha','+96594066170','mahaalanzi_1998@hotmail.com','2023-01-18 10:11:19','2023-01-18 10:11:33','true',NULL,NULL,'شارع رئيسي',NULL,1,NULL,NULL),(241,365,0,0,'zone 71','street 80','-','-','109','house','Alhanouf Alkahaifa','+97433555504','n.a.malalla@hotmail.com','2023-01-18 17:29:25','2023-01-18 17:29:36','true',NULL,NULL,'al khritiyat',NULL,10,'Doha','Doha'),(242,366,5,73,'8','22','0','0','11','منزل','wasmeya','+96555227895','wasmeyakhaled@gmail.com','2023-01-19 13:54:27','2023-01-19 13:54:37','true',NULL,NULL,'لايوجد',NULL,1,NULL,NULL),(243,367,9,142,'1','27','0','0','25','house','Fatima','+96596064846',NULL,'2023-01-20 21:10:48','2023-01-20 21:10:59','true',NULL,NULL,'no',NULL,1,NULL,NULL),(244,368,6,89,'11','4','0','0','19','منزل','حصه','+96566676785','eman_20k@icloud.com','2023-01-21 20:54:21','2023-02-22 13:55:13','true',NULL,NULL,'6',NULL,1,NULL,NULL),(245,369,8,134,'6','9','0','0','216','منزل','ام عنود','+96599488298',NULL,'2023-01-22 08:33:25','2023-01-22 08:33:33','true',NULL,NULL,'لا يوجد',NULL,1,NULL,NULL),(246,370,9,151,'3','12','0','0','64','house','fTma','+96592292094','fboabbas714@gmail.com','2023-01-22 08:49:30','2023-01-22 08:49:37','true',NULL,NULL,'12',NULL,1,NULL,NULL),(247,371,6,83,'4','20','1','ارضي','325','شقة','nouf','+96566575005','msnona0@gmail.com','2023-01-23 07:47:22','2023-01-23 09:01:59','true',NULL,NULL,'-',NULL,1,NULL,NULL),(248,372,5,73,'2','12','0','0','13','منزل','ibrahim','+96558885516','ibrahimalradhan@gmail.com','2023-01-23 09:32:44','2023-01-23 09:32:47','true',NULL,NULL,'*',NULL,1,NULL,NULL),(249,302,4,22,'1','111','0','0','92','house',NULL,NULL,NULL,'2023-01-24 14:12:07','2023-01-24 14:12:07',NULL,NULL,NULL,'18',NULL,1,NULL,NULL),(250,302,4,22,'4','44','0','0','gj','فندق','kaled','+96555892265','kaled@gmail.com','2023-01-25 20:48:23','2023-01-25 20:48:23',NULL,NULL,NULL,'7',NULL,1,NULL,NULL),(251,302,8,0,'7','j','0','0','6','منزل','fgy','+96555892265','lkjhglkj4@gmail.com','2023-01-25 20:49:05','2023-01-25 20:49:05',NULL,NULL,NULL,'j',NULL,1,NULL,NULL),(252,373,7,112,'55','33','0','0','11','house',NULL,NULL,NULL,'2023-01-26 08:57:55','2023-01-26 08:57:55',NULL,NULL,NULL,'22',NULL,1,NULL,NULL),(253,373,9,143,'tt','ju','0','0','wf','house','ujhy','551833920',NULL,'2023-01-26 13:03:47','2023-01-26 13:03:47',NULL,NULL,NULL,'jk',NULL,1,NULL,NULL),(254,374,4,37,'8','89','0','0','5','منزل','ضحى الكندري','+96599887168','alkandaridhuha@gmail.com','2023-01-26 14:41:00','2023-01-26 14:41:04','true',NULL,NULL,'لا يوجد',NULL,1,NULL,NULL),(255,375,6,101,'7','713','0','0','23','منزل','L','+96566322353','Layanah96@outlook.com','2023-01-28 17:17:22','2023-01-28 17:17:25','true',NULL,NULL,'.',NULL,1,NULL,NULL),(256,376,4,42,'2','2','0','0','11','house','lolwah','+96590973739','lulwaalharbi@hotmail.com','2023-01-30 08:57:38','2023-02-01 06:44:50','true',NULL,NULL,'6',NULL,1,NULL,NULL),(257,377,4,26,'1','12','0','0','5','house','hnade','55892265','lkjhglkj4@gmail.com','2023-01-30 11:08:48','2023-01-30 11:08:48',NULL,NULL,NULL,'1',NULL,1,NULL,NULL),(258,378,9,142,'1','29','0','0','45','منزل','nouf','+96599151522','n.s.shaddad18@gmail.com','2023-02-01 18:26:58','2023-02-01 18:27:10','true',NULL,NULL,'0',NULL,1,NULL,NULL),(259,382,9,141,'2','89','0','0','25','منزل','roqayah','+96565629900','r.almutar@@gmail.com','2023-02-03 15:39:48','2023-02-03 15:40:03','true',NULL,NULL,'لا يوجد جاده',NULL,1,NULL,NULL),(260,383,6,89,'٤','٥','0','0','٤','منزل','نوره','+96567723556','alshattinoura@gmail.com','2023-02-04 17:20:16','2023-03-30 20:55:35','true',NULL,NULL,'لايوجد',NULL,1,NULL,NULL),(261,384,8,134,'12','7','0','0','281','house','hessa','+96562228220','mm4580128@gmail.com','2023-02-06 10:50:36','2023-02-07 15:41:41','true',NULL,NULL,'no',NULL,1,NULL,NULL),(262,385,8,123,'10','موسى بن نصير','2','M','عماره يوجد بها دومينوز بيتزا على الدائري الرابع، بلوكB','شقة','نسيبه','+96550325171','nusaibamohammed1@gmail.com','2023-02-08 15:22:37','2023-02-08 15:22:44','true',NULL,NULL,'10',NULL,1,NULL,NULL),(263,386,7,103,'7','21','0','0','38','منزل','bander','+96550772438','banderalanzi80@gmail.com','2023-02-09 18:41:41','2023-02-10 06:27:41','true',NULL,NULL,'0',NULL,1,NULL,NULL),(264,387,5,62,'2','13','0','0','16','منزل','طارق','+96594017021','tareqalmnaei35@hotmail.com','2023-02-11 08:50:39','2023-02-12 13:35:38','true',NULL,NULL,'13',NULL,1,NULL,NULL),(265,389,0,0,'حدائق','حدائق','0','0','حدائق','منزل','yazan','+971551833920','yazan.zooz1997@gmail.com','2023-02-11 13:50:05','2023-02-11 13:50:05',NULL,NULL,NULL,'حدائق',NULL,1,'دبي','حدائق'),(266,391,9,144,'7','2','0','0','3','منزل','abdulrahman','+96555455459','egzozt@hotmail.com','2023-02-12 03:24:40','2023-02-12 03:33:19','true',NULL,NULL,'8',NULL,1,NULL,NULL),(267,388,0,0,'ااق','ىباا','0','0','تاع','منزل','ناتعف','+965123456789','yazan.alkahaleh1997@gmail.com','2023-02-12 16:44:41','2023-02-12 16:44:41',NULL,NULL,NULL,'ابل',NULL,1,'تت','اا'),(268,393,6,92,'4','1','0','0','53','منزل','بدور المطيري','+96555579949','bodouralmutairi12345@gmail.com','2023-02-14 07:53:29','2023-02-14 07:54:14','true',NULL,NULL,'6',NULL,1,NULL,NULL),(269,395,7,109,'1','33','0','0','13','منزل','aljoud','+96550637619','aljoodhamad@icloud.com','2023-02-17 09:23:15','2023-02-17 09:29:53','true',NULL,NULL,'لايوجد',NULL,1,NULL,NULL),(270,396,5,59,'5','27','0','0','17','منزل','رجب الفيلكاوي','+96599442622','Porsche.rwf.77@gmail.com','2023-02-18 04:44:03','2023-02-18 04:44:16','true',NULL,NULL,'0',NULL,1,NULL,NULL),(271,397,6,92,'1','1','0','0','12','منزل','sh','+96597676955','shaikha812@gmail.com','2023-02-19 13:29:29','2023-02-19 13:29:35','true',NULL,NULL,'10',NULL,1,NULL,NULL),(272,398,6,96,'3','25','0','0','42','منزل','Eman','+96555131019','eman.o89@hotmail.com','2023-02-24 14:33:55','2023-02-24 14:34:03','true',NULL,NULL,'-',NULL,1,NULL,NULL),(273,400,8,127,'10','1','0','0','22','منزل','شيخه','+96597815179','wewe86637@gmail.com','2023-02-25 15:55:01','2023-02-25 15:55:08','true',NULL,NULL,'1',NULL,1,NULL,NULL),(274,401,8,138,'3','301','0','0','46','منزل','عبدالعزيز','+96560602700','aziz.almuraif3@gmail.com','2023-02-27 13:56:33','2023-07-05 16:58:43','true',NULL,NULL,'/',NULL,1,NULL,NULL),(275,402,4,38,'3','38','0','0','b2','house','Mariam','+96599912092','malbaqer94@gmail.com','2023-03-01 17:39:05','2023-03-01 17:39:12','true',NULL,NULL,'0',NULL,1,NULL,NULL),(276,403,6,92,'7','1','0','0','37','منزل','hanof','+96566822298','hnoof93ah@gmail.com','2023-03-04 07:15:16','2023-03-04 08:12:20','true',NULL,NULL,'10',NULL,1,NULL,NULL),(277,404,7,116,'3','308','0','0','422','منزل','خالد','+96590902989','khalidaljaseme@gmail.com','2023-03-06 18:44:48','2023-03-06 18:44:56','true',NULL,NULL,'22',NULL,1,NULL,NULL),(278,405,4,44,'4','5','0','0','19','house','Shahad AlZaabi','+96550040094','overprotected_33@hotmail.com','2023-03-07 19:20:35','2023-03-07 19:20:46','true',NULL,NULL,'2',NULL,1,NULL,NULL),(279,406,5,63,'10','20','0','0','15','house','dmm','+96597289441','d.m.almedhadi@gmail.com','2023-03-08 16:05:36','2023-03-08 16:05:45','true',NULL,NULL,'Hamoud Hamadan alkhada',NULL,1,NULL,NULL),(280,407,4,34,'2','28','0','0','3','منزل','Mishari','+96599377339','mishari@gmail.com','2023-03-09 22:17:06','2023-03-09 22:17:15','true',NULL,NULL,'28',NULL,1,NULL,NULL),(281,408,7,106,'4B','3','0','0','35','منزل','Maram Almutairi','+96560709702','maramalm19@gmail.com','2023-03-10 01:47:49','2023-03-10 01:47:58','true',NULL,NULL,'none',NULL,1,NULL,NULL),(282,409,6,94,'1','1','0','0','6','منزل','moner','+96555892265','moner@gmail.com','2023-03-10 09:46:31','2023-03-30 15:51:12','true',NULL,NULL,'81',NULL,1,NULL,NULL),(283,410,4,38,'3','32','0','0','9','منزل','abdulrahman','+96560908011','halrowaished21@gmail.com','2023-03-11 22:20:33','2023-03-12 09:06:58','true',NULL,NULL,'لا يوجد',NULL,1,NULL,NULL),(284,412,0,0,'الريان','٥١','-','-','٢٧','منزل','Haya','+97466889600','hOwbishs1b@gmail.com','2023-03-24 09:28:27','2023-03-24 09:28:34','true',NULL,NULL,'٣٢',NULL,10,'الغرافه','الغرافه'),(285,413,8,133,'1','103','0','0','4','منزل','Mohammad Alaskari','+96597441774',NULL,'2023-03-25 13:03:25','2023-03-25 13:03:25',NULL,NULL,NULL,'0',NULL,1,NULL,NULL),(286,415,5,59,'5','9','0','0','27','منزل','ibrahem','+96566628522',NULL,'2023-04-01 15:40:58','2023-04-01 15:41:04','true',NULL,NULL,'9',NULL,1,NULL,NULL),(287,416,0,0,'70','1380','-','-','146','house','moza','+9746605039',NULL,'2023-04-05 08:23:29','2023-04-05 08:23:33','true',NULL,NULL,'Doha',NULL,10,'home','70'),(288,417,0,0,'Al Duhail North','Arab League','-','-','The Venue Men gym','house','jan rosco','+97430888346','khairosco01@gmail.con','2023-04-07 09:14:49','2023-04-07 09:14:56','true',NULL,NULL,'Duhail sports club compound',NULL,10,'Doha','Doha'),(289,421,9,151,'6','2','0','0','27','منزل','فهد ناصر','+96599555428',NULL,'2023-04-19 22:34:38','2023-04-19 22:34:51','true',NULL,NULL,'-',NULL,1,NULL,NULL),(290,422,5,64,'1','20','0','0','633','منزل','shahad','+96594175140','shahaddader@gmail.com','2023-04-20 22:37:33','2023-04-21 20:33:34','true',NULL,NULL,'4',NULL,1,NULL,NULL),(291,423,6,84,'4','428','0','0','56','house','amal','+96598094699','amoolahn7@gmail.com','2023-05-06 06:30:36','2023-05-06 06:30:48','true',NULL,NULL,'56',NULL,1,NULL,NULL),(292,226,7,109,'4','1','0','ارضي','203','house','ريانه','61001849',NULL,'2023-05-07 23:17:31','2023-05-07 23:17:31',NULL,NULL,NULL,'لايوجد',NULL,1,NULL,NULL),(293,425,8,139,'4','411','0','0','5','منزل','alqallaf','+96598700495','hasson_alqallaf_2008hotmail.com','2023-05-11 20:34:12','2023-06-10 16:05:32','true',NULL,NULL,'4',NULL,1,NULL,NULL),(294,426,7,103,'10','7','0','0','6','منزل','MBARAK','+96560656827','qxee22@gmail.com','2023-05-13 11:13:51','2023-05-13 12:41:46','true',NULL,NULL,'1',NULL,1,NULL,NULL),(295,427,9,144,'4','6','0','0','29','منزل','taiba','+96597251661','rain-t22@hotmail.com','2023-05-18 06:03:33','2023-08-26 13:21:02','true',NULL,NULL,'لا يوجد',NULL,1,NULL,NULL),(296,428,6,83,'12','شارع 12','0','0','منزل 1','منزل','بوفهد','+96597171612','bin3idan87@gmail.com','2023-05-23 13:03:06','2023-05-23 13:10:00','true',NULL,NULL,'-',NULL,1,NULL,NULL),(297,429,9,141,'7','18','18','2','18','شقة','aisha','+96567774585','ayshhalkhlfan0@gmail.com','2023-05-27 12:07:43','2023-05-27 12:07:55','true',NULL,NULL,'18',NULL,1,NULL,NULL),(298,430,5,77,'4','415','0','0','255','منزل','abdulaziz','+96550902753','azizhassan_10@hotmail.com','2023-06-07 08:07:18','2023-06-07 08:07:20','true',NULL,NULL,'0',NULL,1,NULL,NULL),(299,431,6,96,'1','34','0','0','9','منزل','manar','+96550133597','manaralqallaf@gmail.com','2023-06-11 22:56:49','2023-06-11 22:56:54','true',NULL,NULL,'لا يوجد',NULL,1,NULL,NULL),(300,435,9,150,'4','403','0','0','40','منزل','احمد','+96566322717','ahmedn100@outlook.com','2023-08-01 03:42:52','2023-08-01 22:50:49','true',NULL,NULL,'لايوجد',NULL,1,NULL,NULL),(301,436,6,92,'9','1','0','0','27','منزل','منى المطيري','+965٥٥٤٢٤٣٤٥','a7lahom_75@hotmail.com','2023-08-08 08:46:14','2023-08-08 08:46:33','true',NULL,NULL,'1',NULL,1,NULL,NULL),(302,437,8,136,'5','سليمان ابراهيم المسلم م 55','0','0','55','منزل','مها','+96566491767','msa.alrujaib@gmail.com','2023-08-10 17:29:26','2023-08-10 17:29:34','true',NULL,NULL,'لا يوجد',NULL,1,NULL,NULL),(303,438,6,101,'block 7','street 711','0','0','house 1','house','zain alkhars','+96598852293','zainalkhars666@gmail.com','2023-08-16 09:51:08','2023-08-16 13:39:46','true',NULL,NULL,'Abdullah Al Mubarak',NULL,1,NULL,NULL),(304,439,8,126,'4','46','0','0','13','house','aya','+96599686925','aaya2005@outlook.com','2023-08-21 08:17:57','2023-08-21 08:18:01','true',NULL,NULL,'46',NULL,1,NULL,NULL),(305,442,6,101,'4','401','0','0','39','منزل','وائل البلوشي','+96566644362','waelalbalooshi@gmail.com','2023-08-26 22:54:40','2023-08-26 22:54:51','true',NULL,NULL,'0',NULL,1,NULL,NULL),(306,443,6,84,'2','226','0','0','10','منزل','ebrahim','+96599560860','a17r@msn.com','2023-08-30 17:22:05','2023-08-30 17:22:12','true',NULL,NULL,'10',NULL,1,NULL,NULL),(307,444,4,44,'3','2','0','0','15','منزل','Bashayer','+96597969939','Eng.bashayer@hotmail.com','2023-09-03 21:07:59','2023-09-03 21:20:22','true',NULL,NULL,'16',NULL,1,NULL,NULL),(308,481,1,1,'2','5','1','4','4','company','samer','55022830','samer@gmail.com','2023-09-13 18:15:23','2023-09-13 18:15:23',NULL,NULL,NULL,NULL,NULL,1,NULL,NULL),(309,486,5,63,'2','2','0','0','3','منزل','erdgfanwer','+965675765','jkshdfjkhsda@kjlksdjf.com','2023-09-21 21:41:55','2023-09-21 21:46:36','true',NULL,NULL,'2',NULL,1,NULL,NULL),(310,487,5,64,'3','3','0','0','3','منزل','test from anwer','+96567782374','asdjhg@gmail.com','2023-09-21 22:18:13','2023-09-21 22:18:19','true',NULL,NULL,'3',NULL,1,NULL,NULL),(311,489,9,144,'6','1','0','0','34','منزل','Abdullah','+96560541592','ngroor35@gmail.com','2023-10-03 12:36:52','2023-10-03 12:36:56','true',NULL,NULL,'23',NULL,1,NULL,NULL),(312,491,8,140,'5','515','0','0','68','منزل','Karam','+96597182314','beechxtaco@hotmail.com','2023-10-06 13:10:37','2023-10-06 15:09:24','true',NULL,NULL,'-',NULL,1,NULL,NULL),(313,494,5,64,'6','8 crescent','0','0','2','house','mohammef','+96598883448','malajmi481@gmail.com','2023-10-15 11:54:39','2023-10-15 11:54:42','true',NULL,NULL,'.',NULL,1,NULL,NULL),(315,201,8,135,'4','4','0','0','4','house','k','+96599278885',NULL,'2023-10-16 15:34:40','2023-10-16 15:37:51','true',NULL,NULL,'4',NULL,1,NULL,NULL),(316,495,8,123,'6','140','11','3','6','شقة','شهد','+96555053894',NULL,'2023-10-18 16:43:42','2023-10-18 16:43:52','true',NULL,NULL,'6',NULL,1,NULL,NULL),(317,496,9,144,'9','1','ground floor','ground','152','apartment','mona','+96550110640','mmz_memoo@hotmail.com','2023-10-29 18:29:37','2023-11-21 10:58:13','true',NULL,NULL,'2',NULL,1,NULL,NULL),(318,498,6,89,'9','2','0','0','20','منزل','فاطمة المطيري','+965٩٤٩٢٤٤٠٤','fatoomaalmutiri728@gmail.com','2023-11-20 23:21:52','2023-11-20 23:25:30','true',NULL,NULL,'2',NULL,1,NULL,NULL),(319,500,4,32,'4','51','2','0','1','شقة','ابو حيدر','+96555514017','mohseni@windowslive.com','2023-11-23 12:39:54','2023-11-24 07:15:04','true',NULL,NULL,'1',NULL,1,NULL,NULL),(320,501,5,54,'2','212','0','0','139','house','laila','+96597246166','lailaaalqattan97@hotmail.com','2023-11-25 20:09:18','2023-11-25 20:09:24','true',NULL,NULL,'0',NULL,1,NULL,NULL),(321,503,6,96,'1','25','0','0','3','منزل','mona','+96555177507','monaalotibi77@icloud.com','2023-12-07 10:51:24','2023-12-07 11:07:15','true',NULL,NULL,'.',NULL,1,NULL,NULL);

--
-- Table structure for table `user_categories`
--

CREATE TABLE `user_categories` (
  `id` int unsigned NOT NULL AUTO_INCREMENT,
  `user_id` int unsigned NOT NULL,
  `category_id` int unsigned NOT NULL,
  `created_at` timestamp NULL DEFAULT NULL,
  `updated_at` timestamp NULL DEFAULT NULL,
  PRIMARY KEY (`id`),
  KEY `user_categories_user_id_foreign` (`user_id`),
  KEY `user_categories_category_id_foreign` (`category_id`)
) ENGINE=InnoDB DEFAULT CHARSET=utf8mb4 COLLATE=utf8mb4_unicode_ci;

--
-- Dumping data for table `user_categories`
--


--
-- Table structure for table `user_orders`
--

CREATE TABLE `user_orders` (
  `id` int unsigned NOT NULL AUTO_INCREMENT,
  `user_id` int unsigned DEFAULT NULL,
  `order_id` int unsigned DEFAULT NULL,
  `status` enum('wait','refused','accepted','shipped','complete') CHARACTER SET utf8mb4 COLLATE utf8mb4_unicode_ci NOT NULL,
  `created_at` timestamp NULL DEFAULT NULL,
  `updated_at` timestamp NULL DEFAULT NULL,
  PRIMARY KEY (`id`),
  KEY `user_orders_user_id_foreign` (`user_id`),
  KEY `user_orders_order_id_foreign` (`order_id`)
) ENGINE=InnoDB DEFAULT CHARSET=utf8mb4 COLLATE=utf8mb4_unicode_ci;

--
-- Dumping data for table `user_orders`
--


--
-- Table structure for table `user_products`
--

CREATE TABLE `user_products` (
  `id` int unsigned NOT NULL AUTO_INCREMENT,
  `user_id` int unsigned NOT NULL,
  `product_id` int unsigned NOT NULL,
  `created_at` timestamp NULL DEFAULT NULL,
  `updated_at` timestamp NULL DEFAULT NULL,
  PRIMARY KEY (`id`),
  KEY `user_products_user_id_foreign` (`user_id`),
  KEY `user_products_product_id_foreign` (`product_id`)
) ENGINE=InnoDB DEFAULT CHARSET=utf8mb4 COLLATE=utf8mb4_unicode_ci;

--
-- Dumping data for table `user_products`
--


--
-- Table structure for table `users`
--

CREATE TABLE `users` (
  `id` int unsigned NOT NULL AUTO_INCREMENT,
  `name` varchar(255) CHARACTER SET utf8mb4 COLLATE utf8mb4_unicode_ci NOT NULL,
  `email` varchar(255) CHARACTER SET utf8mb4 COLLATE utf8mb4_unicode_ci NOT NULL,
  `email_verified_at` timestamp NULL DEFAULT NULL,
  `password` varchar(255) CHARACTER SET utf8mb4 COLLATE utf8mb4_unicode_ci DEFAULT NULL,
  `status` int NOT NULL DEFAULT '1',
  `phone` varchar(255) CHARACTER SET utf8mb4 COLLATE utf8mb4_unicode_ci DEFAULT NULL,
  `unique_id` varchar(255) CHARACTER SET utf8mb4 COLLATE utf8mb4_unicode_ci DEFAULT NULL,
  `civil_id` varchar(255) CHARACTER SET utf8mb4 COLLATE utf8mb4_unicode_ci DEFAULT NULL,
  `activation_code` varchar(255) CHARACTER SET utf8mb4 COLLATE utf8mb4_unicode_ci DEFAULT NULL,
  `remember_token` varchar(100) CHARACTER SET utf8mb4 COLLATE utf8mb4_unicode_ci DEFAULT NULL,
  `created_at` timestamp NULL DEFAULT NULL,
  `updated_at` timestamp NULL DEFAULT NULL,
  `address` varchar(255) CHARACTER SET utf8mb4 COLLATE utf8mb4_unicode_ci DEFAULT NULL,
  `lat` varchar(255) CHARACTER SET utf8mb4 COLLATE utf8mb4_unicode_ci DEFAULT NULL,
  `long` varchar(255) CHARACTER SET utf8mb4 COLLATE utf8mb4_unicode_ci DEFAULT NULL,
  `image` varchar(255) CHARACTER SET utf8mb4 COLLATE utf8mb4_unicode_ci DEFAULT NULL,
  `device_token` text CHARACTER SET utf8mb4 COLLATE utf8mb4_unicode_ci,
  `password_showed` varchar(191) CHARACTER SET utf8mb4 COLLATE utf8mb4_unicode_ci DEFAULT NULL,
  PRIMARY KEY (`id`),
  UNIQUE KEY `users_email_unique` (`email`),
  UNIQUE KEY `users_phone_unique` (`phone`)
) ENGINE=InnoDB AUTO_INCREMENT=504 DEFAULT CHARSET=utf8mb4 COLLATE=utf8mb4_unicode_ci;

--
-- Dumping data for table `users`
--

INSERT INTO `users` (`id`, `name`, `email`, `email_verified_at`, `password`, `status`, `phone`, `unique_id`, `civil_id`, `activation_code`, `remember_token`, `created_at`, `updated_at`, `address`, `lat`, `long`, `image`, `device_token`, `password_showed`) VALUES (1,'admin','admin@admin.com',NULL,'$2y$10$g9ceBZqU5q04D9oL5lUXOuF7Nxvnnf6WQF4E6nouYEL4rGuQS6MOy',1,NULL,NULL,NULL,NULL,NULL,'2022-06-21 09:32:18','2023-10-10 13:59:25',NULL,NULL,NULL,NULL,'2222',''),(190,'Collection','info@locallygt.com',NULL,'$2y$10$Hn80Y.H6unqJRTGhfZDOmexjONhiIf9kXLQRfkZW92Y7EogcCiPYa',1,'66777764',NULL,NULL,'892817',NULL,'2022-09-19 10:59:49','2023-05-01 07:05:38',NULL,NULL,NULL,'2022-09-19-image_picker_2B700B00-1706-4FE6-8EF3-4A6706C22859-65076-0000138AFBA316AD.jpg','d1_YRuJjO00PqC8wexAJAx:APA91bEFOOVDBZs6_Tqd9eJNwR2NpGngQMny12JpHk0ypBOUn7acb6uQ9X-E516mvtfJ0OT8W8gTVy4MF2mmk5LMX1Q6YBLG_OblbVnqUo28C20gpZwe1us81ODAewGywifE2bsM8-wh','Fhfs1995'),(191,'Soxsania','amghq8@gmail.com',NULL,'$2y$10$DwdMPxqMSMyRRWSuOOG0a..Mjn3xoicDXa/uPgn2znrmXbtNRJmCq',1,'95555860',NULL,NULL,'832396',NULL,'2022-09-25 09:01:49','2023-03-31 18:43:48',NULL,NULL,NULL,'2022-09-25-image_picker_B821E06B-5E05-48B8-93C9-656A802E46CC-9453-000018BD6FFC50B4.jpg','eRg7bF3hSFeH7ZMyLatRhe:APA91bG0B3otuky9-dZs-zgZg0hGu9cO5D7FXkfYqHvJsfUiAkOZnZzgvKbKGkyfSPRL5DzsAxsU_hpqMpqsgMwbxp60_L2zli1DDPzpiZWVlej829fwfpgTXMCaP4L71GUI3sDEbBav','95555860'),(192,'Monkey Socks','h89_shop@hotmail.com',NULL,'$2y$10$axj1aeSVk2EzfJ5vecZ/IOv93ibghdrRgV0EyOyrwCGTRFRVg1uhS',1,'90000746',NULL,NULL,'256832',NULL,'2022-09-25 09:03:51','2022-10-08 09:46:09',NULL,NULL,NULL,'2022-09-25-image_picker_09C17FD1-0B0E-4E42-A7EA-803D28E3B55B-9453-000018BE11C65F8B.jpg','d1_YRuJjO00PqC8wexAJAx:APA91bEFOOVDBZs6_Tqd9eJNwR2NpGngQMny12JpHk0ypBOUn7acb6uQ9X-E516mvtfJ0OT8W8gTVy4MF2mmk5LMX1Q6YBLG_OblbVnqUo28C20gpZwe1us81ODAewGywifE2bsM8-wh','90000746'),(193,'Fawzeyah','fhs.12@hotmail.com',NULL,'$2y$10$CvM2swDDaT6ntI1jx357LuGGXPkHAOhvyx63e7FSafNbNpnOSORbq',1,'+96566777764',NULL,NULL,'17584',NULL,'2022-09-25 12:15:17','2022-09-25 12:15:17',NULL,NULL,NULL,NULL,'null',NULL),(194,'Nerds Store','fatmalansari94@gmail.com',NULL,'$2y$10$nKS9vV/voVj8GkM6VjOFV.BnAuUIQZh.xE9yB/l5/dQj375iXP1xe',1,'65032348',NULL,NULL,'730169',NULL,'2022-09-27 12:52:44','2022-09-27 12:55:38',NULL,NULL,NULL,'2022-09-27-image_picker_FE0A270E-576D-41CB-BC21-DCB1840DA131-29996-00001A1EBB5BC906.jpg','c36mlV-s0EgDtt0cmrI1o3:APA91bFVPAq5DwQoa5A2X3HVAqkuX2CTSNAXRaGi_h713xNEAdShalfAj81hjir9QoY5j2S9lMeMLEHu0z7RF_6hw131sSpYVHPB9_oc6a_8FbpBbFUvj7wUOcvghKSzNdwyWtB59GcK','65032348'),(197,'answer sn','dfsgfdsgds@dfgdsg.com',NULL,'$2y$10$9JjTG9.oFqsCAr0YI9YyYuV9TjM2bVV9Ts9gXFYbpzE4VVsk9xDJa',1,'+96567782375',NULL,NULL,'59134',NULL,'2022-10-03 11:02:51','2022-10-03 11:03:07',NULL,NULL,NULL,NULL,'null',NULL),(199,'anwer','anwer55@gmail.com',NULL,'$2y$10$JvRRJnbHPRvMFJeWpC5Z.erpxKNj3Y2ySczuEoo8w4HWSW8JbWLh.',1,'+96567782388',NULL,NULL,'68056',NULL,'2022-10-04 16:45:49','2022-10-04 16:45:49',NULL,NULL,NULL,NULL,'null',NULL),(200,'Naseema Alsabah','nhfsns@gmail.com',NULL,'$2y$10$wJuqnNWbDR5IryPLHAZXd.XJh7HdkZ2eOw3AjB9tjo9c4PWCC1ByO',1,'+96599368885',NULL,NULL,'37064',NULL,'2022-10-07 17:03:52','2022-10-07 17:03:52',NULL,NULL,NULL,NULL,'null',NULL),(201,'fahad alsabah','fahadalsabah99@outlook.com',NULL,'$2y$10$GFPL762W8I8sgIZepO3Xfu/5nx7xjO1FJWly57QFjYN8JGzEhMkB.',1,'+96599278885',NULL,NULL,'99327',NULL,'2022-10-08 12:27:46','2023-09-26 12:37:32',NULL,NULL,NULL,NULL,'null',NULL),(202,'khalid','macan.q8@gmail.com',NULL,'$2y$10$2wE5ar79TKFfIvxR9ownFuNwOkxTnv0afcPaLqNSsrIUxlJVN..42',1,'+96560003537',NULL,NULL,'69148',NULL,'2022-10-08 19:05:14','2022-10-08 19:05:14',NULL,NULL,NULL,NULL,'null',NULL),(203,'monera','m.alsabah23@hotmail.com',NULL,'$2y$10$jt/9EFqr5Jqw.3Ez9hqSiO8rZmWt/QLRXSsufrHDqimSfo/7wJVy6',1,'+96597833933',NULL,NULL,'72925',NULL,'2022-10-09 01:03:15','2022-10-09 01:03:15',NULL,NULL,NULL,NULL,'null',NULL),(204,'Mona altattan','monaaltatan20111@gmail.com',NULL,'$2y$10$0lFX78uyXh4cNGkfs8soP.AOVcoHn381TZ0zUM.bZ.Ud8Z/i2UHfu',1,'+96598863339',NULL,NULL,'85147',NULL,'2022-10-11 09:31:46','2022-10-11 09:31:46',NULL,NULL,NULL,NULL,'null',NULL),(205,'rawan','rawaneix76@gmail.com',NULL,'$2y$10$NAU6qH6uAG4gEekhjNjP2.z/pGfHX0gCGfxRnU3W2gZSZZ1bfJRMC',1,'+96597952822',NULL,NULL,'72389',NULL,'2022-10-12 10:28:00','2022-10-12 10:28:00',NULL,NULL,NULL,NULL,'null',NULL),(206,'مريم','omdart03@gmail.com',NULL,'$2y$10$8P0jJweBVibKabUjn.NKxOjS.eHQJtJMDJfc259A5.E8s/V9K2Ziu',1,'+96599094863',NULL,NULL,'68957',NULL,'2022-10-12 10:56:47','2022-10-12 10:56:47',NULL,NULL,NULL,NULL,'null',NULL),(207,'dana','danhalrshydy4@gmail.com',NULL,'$2y$10$e8.Q1jTU/pDGulQ9bA6ORumjdJDzV.ARLUgp2Qbmq2qRF7aWu3bPm',1,'+96595539022',NULL,NULL,'21370',NULL,'2022-10-12 11:23:00','2022-10-12 11:23:00',NULL,NULL,NULL,NULL,'null',NULL),(208,'dalal','dalal_a7@outlook.com',NULL,'$2y$10$ihjrbQCuEoOawQxqK2BHbOayhNBJ5ThE78hfxbLdqSkvGw1HNisvm',1,'+96591106010',NULL,NULL,'72418',NULL,'2022-10-12 11:40:27','2022-10-12 11:40:27',NULL,NULL,NULL,NULL,'null',NULL),(209,'Atheer','alotibaiatheer@gamil.com',NULL,'$2y$10$YvrL6lISxflwb/OQYEnlQer8JFq00pGo4ml05cHHv0BN8ak92rkQy',1,'+96551604677',NULL,NULL,'99740',NULL,'2022-10-12 12:54:35','2022-10-12 12:54:35',NULL,NULL,NULL,NULL,'null',NULL),(210,'Jo','jorelsahli@gmail.com',NULL,'$2y$10$9KCi69HvG/sbiqTKQ/yNiunb9DycnJRnmZLyKiDTqWtfaAuLNQE0K',1,'+96597101027',NULL,NULL,'34613',NULL,'2022-10-13 15:39:11','2022-10-13 15:39:11',NULL,NULL,NULL,NULL,'null',NULL),(211,'bashayer','kuwk339@gmail.com',NULL,'$2y$10$9fJD6qvn8oTJBUUwJrhuNuCh9jnlwqkesUroqcCWKrPmeoVtk/wA2',1,'+96599171880',NULL,NULL,'54958',NULL,'2022-10-13 19:20:14','2022-10-13 19:20:14',NULL,NULL,NULL,NULL,'null',NULL),(212,'اسماء','ahalathari@gmail.com',NULL,'$2y$10$Va0JeEZloOThGW4pjE0o0.gCBRCJfDqtOHrQWVtHNFXH1GVzcFnNy',1,'+96597444606',NULL,NULL,'25044',NULL,'2022-10-14 12:18:09','2022-10-14 12:18:09',NULL,NULL,NULL,NULL,'null',NULL),(213,'Eman','golden.nails.99@gmail.com',NULL,'$2y$10$JrSR3CKRUWqjsTxK.CIfo.Ihj8c3XYuQE70q7nE9SSDwQO00fLFP2',1,'+96597999373',NULL,NULL,'42630',NULL,'2022-10-15 13:16:39','2022-10-15 13:16:39',NULL,NULL,NULL,NULL,'null',NULL),(214,'nora salem','noraalotibi047@gmail.com',NULL,'$2y$10$WlU2dUfG7yONIFoiEUSl.e9NYI96LsWOc4sO/LSFZcDx7Zse/Gv8W',1,'+96551557119',NULL,NULL,'33440',NULL,'2022-10-16 09:33:10','2022-10-16 09:33:10',NULL,NULL,NULL,NULL,'null',NULL),(215,'entesar','intsar84@hotmail.com',NULL,'$2y$10$NgJs3AbgSky1ypZw29NjJ.hlxjt8QepkH/21J6VfPKGGgP0Ica8p.',1,'+96551116160',NULL,NULL,'58256',NULL,'2022-10-17 06:47:59','2022-10-17 06:47:59',NULL,NULL,NULL,NULL,'null',NULL),(216,'latefa','latefa33@yahoo.com',NULL,'$2y$10$ZMDMcTzES8/eqjO7Nab1IekQXlai6PyQrdnWk062FRV/s6Wo8iGkG',1,'+96566931214',NULL,NULL,'29375',NULL,'2022-10-17 13:28:59','2022-10-17 13:28:59',NULL,NULL,NULL,NULL,'null',NULL),(217,'sanad','sanadaziz@gamil.com',NULL,'$2y$10$er7FvIwnRLCanCr6.yqjkutRsVuyRqrWdVtpmzv7aLLfGsgE6KolW',1,'+96566880084',NULL,NULL,'37145',NULL,'2022-10-18 11:29:02','2022-10-18 11:29:02',NULL,NULL,NULL,NULL,'null',NULL),(218,'haya','hayaabdul965@icloud.com',NULL,'$2y$10$8NvjZgYOTVacK5QxAbLIzevzvuE1WIR0./EHJV5WswNUjvWk1ajOq',1,'+96551341962',NULL,NULL,'18865',NULL,'2022-10-18 11:35:18','2022-10-18 11:35:18',NULL,NULL,NULL,NULL,'null',NULL),(219,'fatma','foofaalajmi@gmail.com',NULL,'$2y$10$hbV1bbQsRTDa3sUbhXn5d.ifR/.OnNnnVAJWWeEg.Duz9OXHhITcC',1,'+96595595414',NULL,NULL,'99868',NULL,'2022-10-18 13:15:25','2022-10-18 13:15:25',NULL,NULL,NULL,NULL,'null',NULL),(221,'zaineb','zyoun2020@gmail.com',NULL,'$2y$10$qRbuEgGMzUrq/pGC3vk18ez5aKdxXb2vRGRYbaf.qRcX4.IZ7GlhW',1,'+96599433239',NULL,NULL,'96234',NULL,'2022-10-18 16:30:47','2022-10-18 16:30:47',NULL,NULL,NULL,NULL,'null',NULL),(222,'Jana alomran','janaal3mran@icloud.com',NULL,'$2y$10$AFq3rDmDyhHu741A8F0UheJ3FaVRw7Lsbyej3kyTS7thvV43g5C/a',1,'+96556696678',NULL,NULL,'65482',NULL,'2022-10-19 10:13:20','2022-10-19 10:13:20',NULL,NULL,NULL,NULL,'null',NULL),(223,'Abdullah','monaslrashidi226@gmail.com',NULL,'$2y$10$Atlhe2oHHoa70Pcq40Ql.u5WNF.Zk.WOkjLXUDIAgTgAYPmQZQTGa',1,'+96598099809',NULL,NULL,'25305',NULL,'2022-10-19 13:16:58','2022-10-19 13:16:58',NULL,NULL,NULL,NULL,'null',NULL),(224,'hadeel','halenizy@hotmail.com',NULL,'$2y$10$nDUL8asazJV/Fao41G23i.C.apk0auWbaxdzKcDjoDzJAqIMIcbo2',1,'+96556555083',NULL,NULL,'71101',NULL,'2022-10-19 21:43:33','2022-10-19 21:43:33',NULL,NULL,NULL,NULL,'null',NULL),(225,'Shahad','shahad.almutairi2009@gmail.com',NULL,'$2y$10$1pnpS81ndIVv1WaaOyIPV.wwtyJe8szAta7/26Umb2L.bbJuiSvB.',1,'+96597923594',NULL,NULL,'38755',NULL,'2022-10-20 09:51:49','2022-10-20 09:51:49',NULL,NULL,NULL,NULL,'null',NULL),(226,'rayana','rayana@hotmail.com',NULL,'$2y$10$zLi4of0f8j.B6A/Yezp4ueKyvX87453bCPEGbfajYPyQOzJCuJLVK',1,'+96550433762',NULL,NULL,'90119',NULL,'2022-10-20 12:14:43','2022-10-20 12:14:43',NULL,NULL,NULL,NULL,'null',NULL),(227,'عبير يعقوب','abamldfo@gmail.com',NULL,'$2y$10$pPdklW6Jl3qJA2Jldaido.seRhZS6ucEU1h..NZl3PMtgti4.9OuO',1,'+96565021022',NULL,NULL,'63714',NULL,'2022-10-20 14:48:27','2022-10-20 14:48:27',NULL,NULL,NULL,NULL,'null',NULL),(228,'amwaj almutairi','wpwwp9000@gmail.com',NULL,'$2y$10$.zptpUIcx6QfSaXp6y6Iye5ryzsUrBIMWiNZvS.CHqCAISSAevWEu',1,'+96590092205',NULL,NULL,'74136',NULL,'2022-10-20 17:07:03','2022-10-20 17:07:03',NULL,NULL,NULL,NULL,'null',NULL),(229,'ghazi','ghaziq8@yahoo.com',NULL,'$2y$10$If.zpv2RyPvwptzNlEtRsuYrS0aZYs6Or2BMaryI250Q9QQsP7dKa',1,'+96599597754',NULL,NULL,'75428',NULL,'2022-10-21 12:24:45','2022-10-21 12:24:45',NULL,NULL,NULL,NULL,'null',NULL),(230,'aljoud','aljoud226@icloud.com',NULL,'$2y$10$2pbpaXfcBH.eZSci0eiqdOmy2/c6poWeF3voei0LqWHUWe1iEKOra',1,'+96550544731',NULL,NULL,'37687',NULL,'2022-10-21 12:26:31','2022-10-21 12:26:31',NULL,NULL,NULL,NULL,'null',NULL),(231,'reemy','3ayedkw@gmail.com',NULL,'$2y$10$uEXYSXKYEqAaUix2RWV6ieNprYwwP.Dt30jCQ0lUm0oYIJz1Qsqfq',1,'+96597956606',NULL,NULL,'72058',NULL,'2022-10-22 14:17:52','2022-10-22 14:17:52',NULL,NULL,NULL,NULL,'null',NULL),(232,'refa','refaa.mohmad.2@gmail.com',NULL,'$2y$10$T9uE/eZUgSBDmxtBrNqPUuUcdxsnU1iXopqI3hTdoZUcKkEJGWi.O',1,'+96598887857',NULL,NULL,'50075',NULL,'2022-10-23 08:57:57','2022-10-23 08:57:57',NULL,NULL,NULL,NULL,'null',NULL),(233,'anfal','anfool27x@gmail.com',NULL,'$2y$10$kGymNP6ML1dP40VBSdSVfOno3FOhnCbFKwEPMUZNuNmeSw9Fphv4y',1,'+96594154974',NULL,NULL,'45100',NULL,'2022-10-23 09:54:18','2022-10-23 09:54:18',NULL,NULL,NULL,NULL,'null',NULL),(234,'نوف مشعل العنزي','noufmeshal3@gmail.com',NULL,'$2y$10$SlcvPZMV/s82JSx3aQ5hT.9lZCODc6eClY7NYgHjKbSaGsmN.orL.',1,'+96555428827',NULL,NULL,'32917',NULL,'2022-10-24 10:49:49','2022-10-24 10:49:49',NULL,NULL,NULL,NULL,'null',NULL),(235,'حور العتيبي','hoorbader51@gmail.com',NULL,'$2y$10$oGC17LSEwpVJ/vH2UKE6feZ3bcIJaH8UvtRZYyTKL/M/lb4vpTO6i',1,'+96566173324',NULL,NULL,'17029',NULL,'2022-10-24 15:03:25','2022-10-24 15:03:25',NULL,NULL,NULL,NULL,'null',NULL),(236,'almasah','almasah9404@gmail.com',NULL,'$2y$10$s/6Er1i3Rq8XOim2BrBhXu0bZ9FLaOiUDbdf.0bDTaAzAq5q.pdRu',1,'+96556555074',NULL,NULL,'44458',NULL,'2022-10-24 20:08:22','2022-10-24 20:08:22',NULL,NULL,NULL,NULL,'null',NULL),(237,'Khdejah','destiny-81@live.com',NULL,'$2y$10$p1P0aVATpQjMZEU7a/1oSeNhFNpqDBn7cO7JoPAdLcqpCI1IFZPkW',1,'+96597688088',NULL,NULL,'67273',NULL,'2022-10-24 21:14:28','2022-10-24 21:14:28',NULL,NULL,NULL,NULL,'null',NULL),(238,'alanoud','alanoudals202@gmail.com',NULL,'$2y$10$g7CixlrB6p.Mm1IW6inLkeL70NRL1b7/TUZWclL85F.44nzZ1AJVm',1,'+96550414946',NULL,NULL,'33744',NULL,'2022-10-25 06:43:01','2022-10-25 06:43:01',NULL,NULL,NULL,NULL,'null',NULL),(239,'rawand','rawandx19@gmail.com',NULL,'$2y$10$/OgHn1bD0Mo10juPoC.LR.jjH4U4WNVbY8q1WPHblH8DpI2mOZFFK',1,'+96597629396',NULL,NULL,'91205',NULL,'2022-10-25 06:43:21','2022-10-25 06:43:21',NULL,NULL,NULL,NULL,'null',NULL),(240,'joud','joudsm24@gmail.com',NULL,'$2y$10$GLOXG.V8Y2.Yf8RApm8Yv.FhuH5MQxDA1afk5Y6YWbzoMPpTtFnCq',1,'+965‪+965 9983 6621‬',NULL,NULL,'30663',NULL,'2022-10-25 09:47:39','2022-10-25 09:47:39',NULL,NULL,NULL,NULL,'null',NULL),(241,'يوسف المطيري','allhaanooof@hotmail.com',NULL,'$2y$10$f55uOD7x4Muavs0oGDhqA.oifMVg1H4e6RKhxXil1JgMIov4AK2kO',1,'+96596992720',NULL,NULL,'49687',NULL,'2022-10-25 10:18:53','2022-10-25 10:18:53',NULL,NULL,NULL,NULL,'null',NULL),(242,'فجر الديحاني','Amzsd77x@gmail.com',NULL,'$2y$10$9BhBDZSH1bYh0lagQKJYIucNEsCLQ1ebcVE.dBbitR5.052Qakq4e',1,'+965٥١٦٨٥٥٨٨',NULL,NULL,'38174',NULL,'2022-10-25 12:19:49','2022-10-25 12:19:49',NULL,NULL,NULL,NULL,'null',NULL),(243,'Azyan','azyan727@mail.com',NULL,'$2y$10$8Q53WLs4BWVqfNvcADFF3.Iln3yO33h9YK46lTPHTnr4NhgPaGAwy',1,'+96599990577',NULL,NULL,'80834',NULL,'2022-10-25 13:58:33','2022-10-25 13:58:33',NULL,NULL,NULL,NULL,'null',NULL),(244,'alanood','gudkwt@gmail.com',NULL,'$2y$10$CfuzyMaFpPQbljProfeBeuc62J1q.OfJf9pUXqNytWr95.lw.9x/a',1,'+96597113628',NULL,NULL,'76159',NULL,'2022-10-25 17:01:56','2022-10-25 17:01:56',NULL,NULL,NULL,NULL,'null',NULL),(245,'shmokh','Pioke73@gmail.com',NULL,'$2y$10$X8D.qTvhveTlUNQErxT3IOkzE7BXdJQ7GQITQ3FRR2pZuE7E82Vna',1,'+96556513624',NULL,NULL,'25338',NULL,'2022-10-25 17:18:56','2022-10-25 17:18:56',NULL,NULL,NULL,NULL,'null',NULL),(246,'HEBA','wteenalsagry90@gmail.com',NULL,'$2y$10$LSYGd31nqzU4Sn02mjM3be7vUqNCz.y3sbIWZPYtxSnkzeo0TZwsS',1,'+96560449043',NULL,NULL,'60620',NULL,'2022-10-26 09:16:12','2022-10-26 09:16:12',NULL,NULL,NULL,NULL,'null',NULL),(247,'Aseel','zozoo1984@icloud.com',NULL,'$2y$10$ugtoMrV0PDoE/u7exSrauuq3nMC0jbgqFpinm2RrJ/sLm/3vsA9r6',1,'+96596777439',NULL,NULL,'68394',NULL,'2022-10-26 10:10:51','2022-10-26 10:10:51',NULL,NULL,NULL,NULL,'null',NULL),(248,'fatima','fatmhfatn294@gmail.com',NULL,'$2y$10$tmvOzz7Pc3Q5AkqwOoQt5.eb5BhFqK2BYOh2//bIWuVGD3/sknUSe',1,'+96555084222',NULL,NULL,'31271',NULL,'2022-10-26 10:20:26','2022-10-26 10:20:26',NULL,NULL,NULL,NULL,'null',NULL),(249,'maali','m3aly89@outlook.com',NULL,'$2y$10$MxGLSFsGbGvwyfU/Vzw4yOlPDaZa0jBs0acV6ZXE.bCNSA60V7HyG',1,'+96555334533',NULL,NULL,'51040',NULL,'2022-10-26 15:25:36','2022-10-26 15:25:36',NULL,NULL,NULL,NULL,'null',NULL),(250,'Abeer','a3qp20@gmail.com',NULL,'$2y$10$qELW6hZiYpMNOtdO85sv1OAaC7GVwaed9yr6Z1BeTea.q2g7YfUNq',1,'+96550683668',NULL,NULL,'28429',NULL,'2022-10-26 18:16:20','2022-10-26 18:16:20',NULL,NULL,NULL,NULL,'null',NULL),(251,'amina','aminaalk56@gmail.com',NULL,'$2y$10$pctWTqt7gA9rZkeYlnEGj.rREPpeu9IskU12ld8.GrpCaUq/5eqn2',1,'+96555490032',NULL,NULL,'27048',NULL,'2022-10-26 20:32:39','2022-10-26 20:32:39',NULL,NULL,NULL,NULL,'null',NULL),(252,'maha','meesh_129@hotmail.com',NULL,'$2y$10$2edJB7MTE8x55ljib9S5.epIKNuVdHXCK9sc4Nv63hntpbPoM5nDG',1,'+96598062214',NULL,NULL,'31410',NULL,'2022-10-28 13:45:31','2022-10-28 13:45:31',NULL,NULL,NULL,NULL,'null',NULL),(253,'hadeel','hadeelmabarkalazmi@gmail.com',NULL,'$2y$10$pX6FSTwTNVSSEpO6D3q7huuH/0rhWSQVmo44MF0Oyh.4eITPWgac6',1,'+96599103810',NULL,NULL,'63347',NULL,'2022-10-29 20:26:28','2022-10-29 20:26:28',NULL,NULL,NULL,NULL,'null',NULL),(254,'Khaled','Kaam_2000@hotmail.com',NULL,'$2y$10$hKiOA9SfFABUKI8UASInn.VFCJROGuGI7KVmshOyLf.T7uYTFazla',1,'+96550299428',NULL,NULL,'83773',NULL,'2022-10-31 03:22:59','2022-10-31 03:22:59',NULL,NULL,NULL,NULL,'null',NULL),(255,'sara alajmi','cute__sara@outlook.com',NULL,'$2y$10$rpYLQWXHedoje.n4/7WtBuPrDudlr74OvSbW4j101H0iqMdkWDa52',1,'+96594422003',NULL,NULL,'19499',NULL,'2022-10-31 13:01:03','2022-10-31 13:01:03',NULL,NULL,NULL,NULL,'null',NULL),(256,'بدور','baderkwt31@gmail.com',NULL,'$2y$10$ratrFka52ZpweDBJjEUkWuOakPk4Y7TV.Om3rrZJQ9lASnBFLCCLm',1,'+96551139094',NULL,NULL,'95672',NULL,'2022-10-31 15:18:47','2022-10-31 15:18:47',NULL,NULL,NULL,NULL,'null',NULL),(257,'Abdullah','loool3boood@gmail.com',NULL,'$2y$10$cunXZnli4Q9m8Ll7ezGNru4LBXnkRaLzsnPg2PGNwGBCZc9d.l81e',1,'+96597878791',NULL,NULL,'74045',NULL,'2022-10-31 15:31:35','2022-10-31 15:31:35',NULL,NULL,NULL,NULL,'null',NULL),(258,'mohammad','h.deebrow636@gmail.com',NULL,'$2y$10$0DC6DmDNIgZUzb/Mw7Bq7.XIhVbqyNDmANulc6N.ckq3KdYMZofjW',1,'+96566707867',NULL,NULL,'53324',NULL,'2022-10-31 20:09:24','2022-10-31 20:09:24',NULL,NULL,NULL,NULL,'null',NULL),(259,'hessa','h.alsamhan2008@gmail.com',NULL,'$2y$10$3Fe.hijD38wLLSNpc7Apw.qvjI4h38M3FZ41E0F/wdgjNCiDE0vt6',1,'+96569082040',NULL,NULL,'84501',NULL,'2022-11-02 12:24:45','2022-11-02 12:24:45',NULL,NULL,NULL,NULL,'null',NULL),(260,'rayan','rayanalajmi57@gemil.com',NULL,'$2y$10$To75utzpaQubFIrd.nR/k.iN6j1uCOFRFSXv/ZMOclReqf4xZPI3i',1,'+96550400966',NULL,NULL,'26440',NULL,'2022-11-02 13:26:49','2022-11-02 13:26:49',NULL,NULL,NULL,NULL,'null',NULL),(261,'Almutairi','wasmiya.a2@outlook.com',NULL,'$2y$10$6jGHpEDkrVlgsxhrzR1OoOAWfs6.vlmUFyzi1/Tw3bZYx84bidz1.',1,'+96551393117',NULL,NULL,'31933',NULL,'2022-11-02 16:55:47','2022-11-02 16:55:47',NULL,NULL,NULL,NULL,'null',NULL),(262,'maryam','mariamalfailkawi66@gmail.con',NULL,'$2y$10$9l3quGSkvgCPxz0pOGsNwuOnc4m0XCobmGto3o74FSTpPYQcHXz/u',1,'+96565881050',NULL,NULL,'77835',NULL,'2022-11-03 10:27:34','2022-11-03 10:27:34',NULL,NULL,NULL,NULL,'null',NULL),(263,'Ghaidaa Alkanderi','ghaidaaalkanderi@gmail.com',NULL,'$2y$10$XK9VjFLla8QhYwnIcKOBR.KBRumq8u8ar5lSlBaMwePeepT0KJIle',1,'+96597372720',NULL,NULL,'53200',NULL,'2022-11-03 13:31:10','2022-11-03 13:31:10',NULL,NULL,NULL,NULL,'null',NULL),(264,'nora alhajri','Nx_194@outlook.com',NULL,'$2y$10$3iREYwjGd2WKQsxqgsGpr.EmUOZazlf.LR4zjL/IErrtbCEpGAodS',1,'+96550745892',NULL,NULL,'15746',NULL,'2022-11-06 18:59:39','2022-11-06 18:59:39',NULL,NULL,NULL,NULL,'null',NULL),(265,'Mohammad','bo_najem_1@hotmail.com',NULL,'$2y$10$EFyXRIrHqFFgD/N7o0s/Ue7O2DjIVhadVl/DqqkA3XUhtuTdQVQRi',1,'+96566900609',NULL,NULL,'90825',NULL,'2022-11-07 10:55:37','2022-11-07 10:55:37',NULL,NULL,NULL,NULL,'null',NULL),(266,'shaikha','023339s@gmail.com',NULL,'$2y$10$HLJ6cztXv.mQgyKHMUMBA.qE7l5gIgtEZ3cKpdukkm2rDUfrlE0nm',1,'+96595557974',NULL,NULL,'50784',NULL,'2022-11-07 11:30:11','2022-11-07 11:30:11',NULL,NULL,NULL,NULL,'null',NULL),(267,'noura','no_1252009_uraa@icloud.com',NULL,'$2y$10$wPLjMR93ndZxdCsJYocts.feDVASAGXGBmUzyMc4hXT1zfDwYpWfG',1,'+96595519197',NULL,NULL,'72476',NULL,'2022-11-07 12:09:51','2022-11-07 12:09:51',NULL,NULL,NULL,NULL,'null',NULL),(268,'hassan','hassan.alsagey@gmail.com',NULL,'$2y$10$p//ulwdXBVERAxWqHhN4bewkbzJUetdA9uCxedKpAzZEznRJDBZEO',1,'+96566405034',NULL,NULL,'31068',NULL,'2022-11-08 04:40:12','2022-11-08 04:40:12',NULL,NULL,NULL,NULL,'null',NULL),(269,'falh','atare2005@icloud.com',NULL,'$2y$10$dvwkq4De/LwcopYeuMQHPuVSE6.g2LcAZSegvaOoid9T7f1CE8MO6',1,'+96569031442',NULL,NULL,'21403',NULL,'2022-11-08 09:28:30','2022-11-08 09:28:30',NULL,NULL,NULL,NULL,'null',NULL),(270,'maha','mahaalazmi@hotmail.com',NULL,'$2y$10$qnjIHXJEolwrnTW/FgsEP.aYJ0BYa/DIIfXXwa8oF5n4FK0Q7AScO',1,'+96599126744',NULL,NULL,'67709',NULL,'2022-11-08 14:26:23','2022-11-08 14:26:23',NULL,NULL,NULL,NULL,'null',NULL),(271,'ganima','ganima.2016@gmail.com',NULL,'$2y$10$3t15hs2Z2mrtHzhrWonFb.CeFlkan6l9EN71trCGbBqbxVDNN3O7e',1,'+96598000779',NULL,NULL,'37516',NULL,'2022-11-08 15:20:18','2022-11-08 15:20:18',NULL,NULL,NULL,NULL,'null',NULL),(272,'hinf','Alhawal123@hotmail.con',NULL,'$2y$10$JKoCaZ7QTCLbUMnIfDnBouUe3pFxphmZ3H0uDtXP7MaO0R8D8kF6i',1,'+96566151123',NULL,NULL,'41277',NULL,'2022-11-09 06:52:54','2022-11-09 06:52:54',NULL,NULL,NULL,NULL,'null',NULL),(273,'asd','chhbbv@chhbb.bjb',NULL,'$2y$10$XDmKmAt7AJkMfNgTEI4koevBjdnXIbxpGF5efRgAqTAAdp2espjW2',1,'+96544444444',NULL,NULL,'91305',NULL,'2022-11-09 07:15:48','2023-01-14 14:12:54',NULL,NULL,NULL,NULL,'null',NULL),(274,'maha','boodaimaha@gmail.com',NULL,'$2y$10$XF60lj55BFIW4NW.5yWP6.cB/XK7/CXlPU.zq2mTvP/YU/qiYxCz6',1,'+96566611690',NULL,NULL,'28921',NULL,'2022-11-09 09:12:40','2022-11-09 09:12:40',NULL,NULL,NULL,NULL,'null',NULL),(275,'reem','Fah77327@gmail.com',NULL,'$2y$10$pe68S2hbjrxAFJznPzfIOeDzsWrYWZAVcmdLqbG92W2Q9.ITkhv2K',1,'+96599866023',NULL,NULL,'93001',NULL,'2022-11-09 10:31:39','2022-11-09 10:31:39',NULL,NULL,NULL,NULL,'null',NULL),(276,'reem','ryaljaber1@outlook.com',NULL,'$2y$10$DRGakbgwO6fxjD/57F.3DeKHJBpbX08T0iGBGhn/4zJRN232Na6oa',1,'+96590025706',NULL,NULL,'23576',NULL,'2022-11-09 10:35:52','2022-11-09 10:35:52',NULL,NULL,NULL,NULL,'null',NULL),(277,'h','hzaals326@gmail.com',NULL,'$2y$10$s2z7y9WXt1AmHmDvX71O6Obr8FmodpgkAZZTct52Mcvdj7uDlM7QS',1,'+96550301435',NULL,NULL,'22810',NULL,'2022-11-09 10:58:31','2022-11-09 10:58:31',NULL,NULL,NULL,NULL,'null',NULL),(278,'شيخه','sheikhakuwait2008@icloud.com',NULL,'$2y$10$GQTdxbzGm1deMOVQplSHSeYLJAzXijzNjs/zQMv.TXum4VUsi2pZu',1,'+96566128867',NULL,NULL,'95459',NULL,'2022-11-09 13:20:55','2022-11-09 13:20:55',NULL,NULL,NULL,NULL,'null',NULL),(279,'fatma','Bentdecember122@gmail.com',NULL,'$2y$10$nEm8OlhAoaaOwPTh6UfzKuYfVhr0TaeJ9g25qync8VcgTdfEE74/.',1,'+96555573454',NULL,NULL,'35833',NULL,'2022-11-09 14:22:20','2022-11-09 14:22:20',NULL,NULL,NULL,NULL,'null',NULL),(280,'wadha','wadha2almarri@icloud.com',NULL,'$2y$10$l/BnMwaBKkiNhnibaH4abuJwJaFc8zmXlDh6DeqX0OTuH2qUuZUPK',1,'+96550942607',NULL,NULL,'81494',NULL,'2022-11-09 14:29:24','2022-11-09 14:29:24',NULL,NULL,NULL,NULL,'null',NULL),(281,'Retaj','M97948633@gmail.com',NULL,'$2y$10$AiIEDf/6osaOTEYr/SeQfOmokUsFXto5E3qisRzK6oIMfx8i2kuPi',1,'+96550120014',NULL,NULL,'77421',NULL,'2022-11-09 14:31:24','2022-11-09 14:31:24',NULL,NULL,NULL,NULL,'null',NULL),(282,'aljazy','aljazy6_565@icloud.com',NULL,'$2y$10$hceaH4Z71en42xmq07TRzOCVttkzBHmcsjko3zEmfhSXIb5ktHf9C',1,'+96594449728',NULL,NULL,'84322',NULL,'2022-11-09 20:39:08','2022-11-09 20:39:08',NULL,NULL,NULL,NULL,'null',NULL),(283,'انور اللحدان','lahddan@gmail.com',NULL,'$2y$10$6AluBmXxXeOkd3.mjr4m2u9A1nMp98X3oMEasqefE2eqCZWtgK..y',1,'+96599678858',NULL,NULL,'44103',NULL,'2022-11-13 07:16:13','2023-03-12 10:54:51',NULL,NULL,NULL,NULL,'null',NULL),(284,'fahad','hindkuwait@hotmail.com',NULL,'$2y$10$6X3pZtP8Cqlpzv8.FzoWGe9QppH3mYDknmIoqINu8jLhDph.TtGk2',1,'+96597616169',NULL,NULL,'66466',NULL,'2022-11-13 11:03:10','2022-11-13 11:03:10',NULL,NULL,NULL,NULL,'null',NULL),(285,'Noor','nooralomar@live.com',NULL,'$2y$10$a.Bq3clYUUjPigXRz7GsP.J0FFh2q0y4afBl8uMtIUXZRbxovHCuG',1,'+96595557900',NULL,NULL,'99127',NULL,'2022-11-13 11:43:43','2022-11-13 11:43:43',NULL,NULL,NULL,NULL,'null',NULL),(286,'almukimi','almukimi67@gmail.com',NULL,'$2y$10$pVzj.fne70qHeSk7izXMeuLSh.zyOM5bmUrsdpZunAgQm0yD2ecz2',1,'+96568889431',NULL,NULL,'13578',NULL,'2022-11-13 12:32:55','2022-11-13 12:32:55',NULL,NULL,NULL,NULL,'null',NULL),(287,'dana','danayousefrawan@gmail.com',NULL,'$2y$10$I.OLYPvxnAKT0PhXRy58QuB.aCCIDBgQ.4R869Psn4WW5KqgnitKm',1,'+96590050032',NULL,NULL,'56502',NULL,'2022-11-13 13:48:03','2022-11-13 13:48:03',NULL,NULL,NULL,NULL,'null',NULL),(288,'Mona','Mona.rashes.jh2@gmail.com',NULL,'$2y$10$Q/27.zPh6ORORjXe4im.pup3GfLy4hb6E0v27VokEkIDXa9mcL51K',1,'+96594440453',NULL,NULL,'16534',NULL,'2022-11-14 07:08:18','2022-11-14 07:08:18',NULL,NULL,NULL,NULL,'null',NULL),(289,'dalia','dalia.abuhawili@gmail.com',NULL,'$2y$10$AtisbznK1Nvwff6FaUl0gOG4x2FEylOVEL8HHD87mEByFt0qZKAve',1,'+96597392039',NULL,NULL,'50702',NULL,'2022-11-14 13:37:23','2022-11-14 13:37:23',NULL,NULL,NULL,NULL,'null',NULL),(290,'bedoor','bdoormahr55@gmail.com',NULL,'$2y$10$b.LIMw6TYZHMQOSz3NTha.DIoaJ.qKrFI1mINwcdcEl9i5XQ5od2i',1,'+96566403490',NULL,NULL,'62600',NULL,'2022-11-14 14:25:15','2022-11-14 14:25:15',NULL,NULL,NULL,NULL,'null',NULL),(291,'Ali','JokerLook@hotmail.com',NULL,'$2y$10$wDp2tm0QTZANA1KvmViw5.fP6aEznpEAOUH77QBxMP1O9jULZbbCK',1,'+96596635355',NULL,NULL,'99449',NULL,'2022-11-14 15:11:28','2022-11-14 15:11:28',NULL,NULL,NULL,NULL,'null',NULL),(292,'om ali','zalabya110@gmail.com',NULL,'$2y$10$Br8XFBIDo0KpD5KPk9hfiOTWhMEBRdgDHwd2VREmtBqUbZSk8Wsfy',1,'+96599480055',NULL,NULL,'62793',NULL,'2022-11-14 18:32:28','2022-11-14 18:32:28',NULL,NULL,NULL,NULL,'null',NULL),(293,'zainab','carinyoo@hotmail.com',NULL,'$2y$10$4/R5.OO1vxJxA.P08MTTMe489ZlNnBo48S5cQXQjO8BPcTwBmwG6i',1,'+96566441494',NULL,NULL,'34042',NULL,'2022-11-15 06:28:49','2022-11-15 06:28:49',NULL,NULL,NULL,NULL,'null',NULL),(294,'خديجة','Khadejaa538@gmail.com',NULL,'$2y$10$I6jynVywXQC0.6Ng9zB8B.ZKqltf/BqlQZn9RF/Xn3n17UkVsf0Qy',1,'+96599931099',NULL,NULL,'23193',NULL,'2022-11-15 10:34:40','2022-11-15 10:34:40',NULL,NULL,NULL,NULL,'null',NULL),(295,'Socksi','mohammadrodan67@gmail.com',NULL,'$2y$10$1nxc.paj7808Ljhj9hKEeOhX2YYov2mfZMtHbJBA4TglPGibM0Tru',1,'50284592',NULL,NULL,'641399',NULL,'2022-11-15 10:39:21','2022-11-15 11:28:33',NULL,NULL,NULL,'2022-11-15-image_picker_7D21D4DB-B0A1-4BC9-B965-52B57CD596EC-43413-0000079C032C099E.jpg','cYQbwkN5mEbBuPFqVyQXwj:APA91bFbvOWjy4uZqkrOtFOdu77mMq43PXF4-zrVvaE6Behx0izvoGymFFPUPc0Lv-deMLW6srTLQTfKRM2ysr2RB9VlVKqOGPP0JYM7JzHOM3_wHEuAZn12B78y-XFzIdK0AmNQeb7Z','50284592'),(297,'منصوور','s00044216@gmail.com',NULL,'$2y$10$ii7sfgCiyvt97nXiqrX4BeyfRXoCEVjMPcXlbI.srXpCa4Pmpa1ZO',1,'+96550030210',NULL,NULL,'63382',NULL,'2022-11-15 15:54:49','2022-11-15 15:54:49',NULL,NULL,NULL,NULL,'null',NULL),(298,'Fonty','support@fonty.com',NULL,'$2y$10$86LuG/nyhcZteyG5OGWO/e.BRZkf3yr2kTEtD5eZd8PdZ1dgf/w4G',1,'99665332',NULL,NULL,'207248',NULL,'2022-11-15 16:51:59','2022-11-26 16:39:04',NULL,NULL,NULL,'2022-11-15-image_picker_5A9AA566-648C-496B-80D0-0EDE9916234B-46464-000007E33FFC82FC.jpg','d1_YRuJjO00PqC8wexAJAx:APA91bEFOOVDBZs6_Tqd9eJNwR2NpGngQMny12JpHk0ypBOUn7acb6uQ9X-E516mvtfJ0OT8W8gTVy4MF2mmk5LMX1Q6YBLG_OblbVnqUo28C20gpZwe1us81ODAewGywifE2bsM8-wh','99665332'),(299,'Fatma Alfadhli','fatomaa85@hotmail.com',NULL,'$2y$10$BTR6I92sx6RRSLjsRo4GauyTyV0dCBdcb1QTN.vslaGUFTvTc2G9W',1,'+96550963233',NULL,NULL,'18025',NULL,'2022-11-16 11:57:03','2022-11-16 11:57:03',NULL,NULL,NULL,NULL,'null',NULL),(300,'moudhi','lhajri2007@icloud.com',NULL,'$2y$10$PDFitD5reOpF3RFAItA6EuYvwlNWAqzFPTf/jA8UdXTcO7wpBphqC',1,'+96566809533',NULL,NULL,'92278',NULL,'2022-11-17 12:11:31','2022-11-17 12:11:31',NULL,NULL,NULL,NULL,'null',NULL),(301,'Joude','joudealhashash@gmail.com',NULL,'$2y$10$/WhfOAXjFHQLPrpf2zk9zu0cQG5vT3qj0tPWjTN.167bC4UAI.ayO',1,'+96599774017',NULL,NULL,'73619',NULL,'2022-11-18 16:14:31','2022-11-18 16:14:31',NULL,NULL,NULL,NULL,'null',NULL),(303,'sara','sralthawadi@gmail.com',NULL,'$2y$10$kZp2Ukc3segGm9RTKUE4K.EnACKBAxQT4nUVJJW9/40WZWR0az8yK',1,'+96596735913',NULL,NULL,'12780',NULL,'2022-11-22 06:00:05','2022-11-22 06:00:05',NULL,NULL,NULL,NULL,'null',NULL),(304,'bashayer','bashayer.alostath@outlook.com',NULL,'$2y$10$v0E4bdxIj/PvUl9IOSt8WuuC10XoucKhXcqVsbMEf0Avp5pd.zY4q',1,'+96566677358',NULL,NULL,'80651',NULL,'2022-11-23 11:12:24','2022-11-23 11:12:24',NULL,NULL,NULL,NULL,'null',NULL),(305,'sara ALfadhly','sara.alfadhly@hotmail.com',NULL,'$2y$10$EIG7ubZxD2xPlvwA42weiuQAMk6VdLclY9E.1.XCXiv3fksq9KGtu',1,'+96566984956',NULL,NULL,'82404',NULL,'2022-11-23 13:48:34','2022-11-23 13:48:34',NULL,NULL,NULL,NULL,'null',NULL),(306,'maha','shehana.alajmi22@gmai.com',NULL,'$2y$10$OppG13TKEaterGhMJQCDNu8zTOpiOye/OUY3Z4jgVA0EYoQ//JLwq',1,'+96566676355',NULL,NULL,'76642',NULL,'2022-11-23 13:58:44','2022-11-23 13:58:44',NULL,NULL,NULL,NULL,'null',NULL),(307,'dalal','dalalmutairi067@gmail.com',NULL,'$2y$10$kr2gt1MPz/rgXZvEGt5yb.A1kLQsF8GU.cWuLgcUoo2RNhLd0jo6q',1,'+96599589901',NULL,NULL,'22139',NULL,'2022-11-23 14:13:58','2022-11-23 14:13:58',NULL,NULL,NULL,NULL,'null',NULL),(308,'fatma','fatimaalkhthia@gmail.com',NULL,'$2y$10$hxaWmkfhiLDxrwwx.aevSeT.5nkwyMLrlCTFj6u1ajfOcc4gdNGA.',1,'+96566826531',NULL,NULL,'74967',NULL,'2022-11-23 14:22:17','2022-11-23 14:22:17',NULL,NULL,NULL,NULL,'null',NULL),(309,'Mariam salem','mariamalh6767@gmail.com',NULL,'$2y$10$ipTos6EBqj1QYnA/RKjIfOY.6pFhEZnWZbHzJccqwSbhV81172Vg2',1,'+96555718935',NULL,NULL,'65406',NULL,'2022-11-23 17:19:33','2022-11-23 17:19:33',NULL,NULL,NULL,NULL,'null',NULL),(310,'abdullah aljandeel','gandeel88@yahoo.com',NULL,'$2y$10$cPssYz2BpfQvb5t6IqmyR.lfBRgeehmPmJdg7WL8uFAuPMs/ug36u',1,'+96590972888',NULL,NULL,'30894',NULL,'2022-11-25 09:48:12','2022-11-25 09:48:12',NULL,NULL,NULL,NULL,'null',NULL),(311,'Khalid alhajji','ggfloss2019@gmail.com',NULL,'$2y$10$9x27Xs31xuwR1YOxSK1mHuuCrw3mJpeNVfPhrpMfJNb6qPKT1roba',1,'+965+965 98559577',NULL,NULL,'19407',NULL,'2022-11-25 13:58:18','2022-11-25 13:58:18',NULL,NULL,NULL,NULL,'null',NULL),(312,'alzain','alzainfaisal2006@gmail.com',NULL,'$2y$10$ZJRlMRciubVB/2E2mUCc..y6UZ3sC0vNE0OkH6LNDskMQhI3ZzLTS',1,'+96596780033',NULL,NULL,'99016',NULL,'2022-11-26 15:12:16','2022-11-26 15:12:16',NULL,NULL,NULL,NULL,'null',NULL),(313,'fay alazmi','fayv33@gmail.com',NULL,'$2y$10$MwOF6g8JkOdkxQ97HP3NgelFeZi/.IvMhzm.gPw13NBJ84RWQ3v7m',1,'+96599069946',NULL,NULL,'84103',NULL,'2022-11-26 15:16:57','2022-11-26 15:16:57',NULL,NULL,NULL,NULL,'null',NULL),(314,'dalal','dalal.alduwairi@hotmail.com',NULL,'$2y$10$h3yzuksr2ATL35gpuXqk..Cz9k8Rx28WJ2EfA5W/rSaoMeme1imeC',1,'+96599558289',NULL,NULL,'40173',NULL,'2022-11-26 15:49:06','2022-11-26 15:49:06',NULL,NULL,NULL,NULL,'null',NULL),(315,'maryam','Maryamalsabt@gmail.com',NULL,'$2y$10$9e6BbWzPB6dI/rLHc29XK.qyxuxDw3sfEG46thjtZ3IER6hARJA.6',1,'+96555656103',NULL,NULL,'58871',NULL,'2022-11-29 14:02:17','2022-11-29 14:02:17',NULL,NULL,NULL,NULL,'null',NULL),(316,'alajmii','al.maha2004x@gmail.com',NULL,'$2y$10$VwY2sSYHd7OHKuOt5uIhhub/iH03.DIARxwcz71JZ4C49JS5E0D.m',1,'+96551289144',NULL,NULL,'82521',NULL,'2022-11-30 11:25:54','2022-11-30 11:25:54',NULL,NULL,NULL,NULL,'null',NULL),(317,'نوال','alajmiamna9@gmali.com',NULL,'$2y$10$yxnGGmA5HqdB/9eYo.wb7eI1gPkGS2fA9iMYO8MNEEnv3QsfEcfju',1,'+96555502826',NULL,NULL,'41748',NULL,'2022-12-02 15:19:06','2022-12-02 15:19:06',NULL,NULL,NULL,NULL,'null',NULL),(318,'jejdjj','jejxidj82@gmail.com',NULL,'$2y$10$IOqPYPr6f08gjWLQMQH1QuoLBF2EThghYQ7oFOoB6yWdAYF9z7H/G',1,'+96535882577',NULL,NULL,'65819',NULL,'2022-12-02 20:52:05','2022-12-02 20:52:05',NULL,NULL,NULL,NULL,'null',NULL),(319,'Nouf','8nouf87@gmail.com',NULL,'$2y$10$JyEJ8twlekJJCURea4tqGeHCVJTUjj6P6jFvoIVYsJZM8X.CQkzl2',1,'+96565046044',NULL,NULL,'60544',NULL,'2022-12-04 18:42:31','2022-12-04 18:42:31',NULL,NULL,NULL,NULL,'null',NULL),(320,'علي الشمري','aliq8999king2@gmail.com',NULL,'$2y$10$vpeONv.MHIG3.6RBkZA8p.LAO8GcDykspxZafY/.3rmEsKppUhNJi',1,'+96599090602',NULL,NULL,'66403',NULL,'2022-12-06 22:27:34','2022-12-06 22:27:34',NULL,NULL,NULL,NULL,'null',NULL),(321,'aziz','azizam@hotmail.com',NULL,'$2y$10$k7mKrx9dpq4Af4dck6W6.O7z7FGZhwSRxHj5E5f258EHboxJDdR.i',1,'+96565759115',NULL,NULL,'45418',NULL,'2022-12-07 20:41:16','2022-12-07 20:41:16',NULL,NULL,NULL,NULL,'null',NULL),(322,'nabbyttv','dmedia073@gmail.com',NULL,'$2y$10$8xe/IsjPvILbKsWipIUYLO5Jw.p5dr8cfnT2yCUBAi6s5prBr0K0S',1,'+96566668469',NULL,NULL,'51483',NULL,'2022-12-17 13:59:14','2022-12-17 13:59:14',NULL,NULL,NULL,NULL,'null',NULL),(323,'Safiah','Safy.x3@live.com',NULL,'$2y$10$6cX.cYADjRHNglWxGyoZ4OwWCPTZmFM60onB80vu3cj.H6JabHrX2',1,'+96599567939',NULL,NULL,'59450',NULL,'2022-12-19 10:03:55','2022-12-19 10:03:55',NULL,NULL,NULL,NULL,'null',NULL),(324,'Eman','emanalsayegh@outlook.com',NULL,'$2y$10$5nwwbP4hpE3PWGnnWzBQl.nP1/qPKNJHnDG79ca5fP8wsGiSOmddy',1,'+96596990933',NULL,NULL,'72101',NULL,'2022-12-19 13:57:49','2022-12-19 13:57:49',NULL,NULL,NULL,NULL,'null',NULL),(325,'Noura Alkhamis','Alkhamis.nora@gmail.com',NULL,'$2y$10$US2s7qgoc5Op1.xOhfQcuunKOF9q1ISx.oHVN0C9TbbbMKJiQ.5tS',1,'+96567722770',NULL,NULL,'70549',NULL,'2022-12-20 05:49:43','2022-12-20 05:49:43',NULL,NULL,NULL,NULL,'null',NULL),(326,'hessa','hessa3366@gmail.com',NULL,'$2y$10$jdq6oYvigOXXITANGmfLC.ZPj9T.4duOcLDHjt4EhusoCiUoxfTcG',1,'+96566445542',NULL,NULL,'29203',NULL,'2022-12-20 07:09:32','2022-12-20 07:09:32',NULL,NULL,NULL,NULL,'null',NULL),(327,'zainab','zainab4555@icloud.com',NULL,'$2y$10$T9t0mf3nfgC6M5k/nJd6eOpdr.BfhT1Rl8XvGvufYjCGnRKfylyDC',1,'+96597894651',NULL,NULL,'23163',NULL,'2022-12-20 22:38:13','2022-12-20 22:38:13',NULL,NULL,NULL,NULL,'null',NULL),(328,'lulu','lulu.12@hotmail.com',NULL,'$2y$10$WIqayyXR75vNeJycbz9D0.e832iU/XJcTOICzmtV63g1629LHT9/m',1,'+96596731111',NULL,NULL,'76535',NULL,'2022-12-21 11:51:32','2022-12-21 11:51:32',NULL,NULL,NULL,NULL,'null',NULL),(329,'aseel','miss.minions.2009@hotmail.com',NULL,'$2y$10$o/9eRC7PlV49usmNvBqsW.awywtXNn/XdRwRSp6g4m4JF85w7Llc.',1,'+96596920042',NULL,NULL,'68938',NULL,'2022-12-23 07:01:17','2022-12-23 07:01:17',NULL,NULL,NULL,NULL,'null',NULL),(330,'fatma','f-mohd@hotmail.com',NULL,'$2y$10$5q2e6NnkcwgXwH2Gyl0UnesJk9D.ogvoeNjEfUBxSRCHUj/CCdEb2',1,'+96597616789',NULL,NULL,'55779',NULL,'2022-12-23 13:45:48','2022-12-23 13:45:48',NULL,NULL,NULL,NULL,'null',NULL),(331,'hamad','alhadad17q8@gmail.com',NULL,'$2y$10$FEXn0oMu8gkc0y6N0mCJHOi.yjwjJAGSxdpos.J4h3CJlfZkyfhEq',1,'+96594083393',NULL,NULL,'90772',NULL,'2022-12-23 14:50:21','2022-12-23 14:50:21',NULL,NULL,NULL,NULL,'null',NULL),(332,'awatef','aw_965@icloud.com',NULL,'$2y$10$7792kbaytjeVsTwmqwvnZuNLiSiuoYEYjg9HPUlfoPyaHsJx3t3Lm',1,'+96599935121',NULL,NULL,'75318',NULL,'2022-12-24 16:16:33','2022-12-24 16:16:33',NULL,NULL,NULL,NULL,'null',NULL),(333,'Sara','s-84@live.com',NULL,'$2y$10$m2zqCzDI1Ot9NGhyCZwR3.hzfdsrkMpWcwzLeYyh4U7sEmaoW2d8u',1,'+96597143311',NULL,NULL,'44141',NULL,'2022-12-24 17:46:32','2022-12-24 17:46:32',NULL,NULL,NULL,NULL,'null',NULL),(334,'جاسم العبدالله','jassim.alabdullah.1997@gmail.com',NULL,'$2y$10$nspXrthQaMr.vqWB/6gyAOL1Qsj9du67Mz9BKZQHgV6vHq.88w9s.',1,'+96565840050',NULL,NULL,'83456',NULL,'2022-12-24 19:21:00','2022-12-24 19:21:00',NULL,NULL,NULL,NULL,'null',NULL),(335,'mariam','m.alshakhs@yahoo.com',NULL,'$2y$10$54HQAcoj.kEQ/uTOmoo2fO75rsec7fDx1gQps.b7wHdegqqQmy2b2',1,'+96555551606',NULL,NULL,'23674',NULL,'2022-12-25 09:55:57','2022-12-25 09:55:57',NULL,NULL,NULL,NULL,'null',NULL),(336,'Steven','snoopy-crazy2010@hotmail.com',NULL,'$2y$10$b1Eo2JwcZ.U8P4FR0dCDfeqevNjudpVUifXjM8erItdZZ0RhWDGfu',1,'+96597249900',NULL,NULL,'45281',NULL,'2022-12-26 18:19:40','2022-12-26 18:19:40',NULL,NULL,NULL,NULL,'null',NULL),(337,'نوره','inorh40@gmail.com',NULL,'$2y$10$8jctAdGaHZGPuzCgoKqVPe7FFVn/Ii2XxQFMOls9hVidV6lyzqqtC',1,'+9650564780580',NULL,NULL,'50581',NULL,'2022-12-27 07:53:57','2022-12-27 07:53:57',NULL,NULL,NULL,NULL,'null',NULL),(338,'Hessah','haalansari.ha@gmail.com',NULL,'$2y$10$fGHDbW64CEmaIJslTE/.r.ikljxmkz7dL8c3QU5ApY2wgDTn/6Wdq',1,'+96551512101',NULL,NULL,'74736',NULL,'2022-12-27 17:00:24','2022-12-27 17:00:24',NULL,NULL,NULL,NULL,'null',NULL),(339,'zahra','zahra-karam@hotmail.com',NULL,'$2y$10$ZNLuybgz.hpb9wlcFx4sO.bG1.ImzP/wVqwiQ0XdC6NauRxDD0Eby',1,'+96591110327',NULL,NULL,'83908',NULL,'2022-12-28 08:42:13','2022-12-28 08:42:13',NULL,NULL,NULL,NULL,'null',NULL),(340,'Haya','hayaalkhaldii@outlok.com',NULL,'$2y$10$VEtKZgtHCPBg65b1KzgNW.aNjQFw5cFyahZUThz58gVnuJIvUz3/K',1,'+96597795210',NULL,NULL,'87282',NULL,'2022-12-29 10:29:25','2022-12-29 10:29:25',NULL,NULL,NULL,NULL,'null',NULL),(341,'sarah','alajmisarah97@gmail.com',NULL,'$2y$10$nQMvSzPI1RcQr3dhfP9WzOl5G6SvR3up0ZGPORgOj.27XSq4o5gzS',1,'+96595517474',NULL,NULL,'25201',NULL,'2022-12-30 10:50:02','2022-12-30 10:50:02',NULL,NULL,NULL,NULL,'null',NULL),(342,'talal','t-alenzi@hotmail.com',NULL,'$2y$10$r3gzkAbeLHIxvQE.6yvZMufIDJLtr6lpcCbR0hRyYZCPgi4MGu7S6',1,'+96566503028',NULL,NULL,'61150',NULL,'2022-12-30 14:25:00','2022-12-30 14:25:00',NULL,NULL,NULL,NULL,'null',NULL),(343,'remas','vjvjgigghui@gmail.com',NULL,'$2y$10$oL8/Mu6IMSqyDT4l4RAGf.YJuRt5Nm3xyLzvrn2hJxzYu8b0RJb86',1,'+96558885053',NULL,NULL,'17257',NULL,'2022-12-30 20:28:39','2022-12-30 20:28:39',NULL,NULL,NULL,NULL,'null',NULL),(344,'hessah','hsbuhlaiba@gmail.com',NULL,'$2y$10$929zFF3Ws9fdPVIijRos3ONcYnMy1smfllVL3BKNIb01.hecW35lC',1,'+96560470001',NULL,NULL,'16466',NULL,'2022-12-30 22:52:03','2022-12-30 22:52:03',NULL,NULL,NULL,NULL,'null',NULL),(345,'majd','majdsirafi1@gmail.com',NULL,'$2y$10$CBMKIks1V8sS1EpFwaGu5e.aaDPaESmts/Bs5g7pBozvdY.qtnp1u',1,'+965+971564546596',NULL,NULL,'67812',NULL,'2023-01-01 11:46:33','2023-01-01 11:46:33',NULL,NULL,NULL,NULL,'null',NULL),(346,'Ebtesam','ebtesamalhindal@gmail.com',NULL,'$2y$10$WZKjrwv9jA9Vmic3o37BeeJYKAmw9RWwtfxF2eT9/oa//vTDkgULW',1,'+96555335228',NULL,NULL,'52815',NULL,'2023-01-02 18:17:35','2023-01-02 18:17:35',NULL,NULL,NULL,NULL,'null',NULL),(347,'mashaelalajmi','mashaelalajmi95@outlook.com',NULL,'$2y$10$aPsD1IATThmruXwU4dNywu0/3.EAqxzrJqws7DkWIRhm7tB1Fba0C',1,'+96594774555',NULL,NULL,'43291',NULL,'2023-01-04 06:05:49','2023-01-04 06:05:49',NULL,NULL,NULL,NULL,'null',NULL),(348,'saad','saadm519@hotmail.com',NULL,'$2y$10$/2k15JMqfPI/EidQR6D/L.OMs/h4nkWtkgxKkGj5hKXE3DFYT9o8q',1,'+96599620043',NULL,NULL,'25343',NULL,'2023-01-04 06:47:12','2023-01-04 06:47:12',NULL,NULL,NULL,NULL,'null',NULL),(349,'أنوار الملا','anwar_almullah@yahoo.com',NULL,'$2y$10$FG1UBFxpxuuoG8MdA7mB1uRf9jlfnKwPSBYZVenOVgsU4H3ueB9Ya',1,'+96599727951',NULL,NULL,'86418',NULL,'2023-01-04 10:17:46','2023-01-04 10:17:46',NULL,NULL,NULL,NULL,'null',NULL),(350,'maha','maha.naseer@live.com',NULL,'$2y$10$pHpw3Ny1OeYAg/5bjx3kuOuwZpWo.kfVZgeGMikHuOq9P.vuTPPhW',1,'+96555754757',NULL,NULL,'92612',NULL,'2023-01-04 20:20:29','2023-01-04 20:20:29',NULL,NULL,NULL,NULL,'null',NULL),(351,'ساره','maroko55555@hotmail.com',NULL,'$2y$10$TRyiQg0n42LiZuvcEJtmTe6d4RlAdbrSKLPhL3QKSXNSs.Nhgv7PO',1,'+96565656807',NULL,NULL,'96483',NULL,'2023-01-05 15:46:58','2023-01-05 15:46:58',NULL,NULL,NULL,NULL,'null',NULL),(352,'lulu','luluaisha88@hotmail.com',NULL,'$2y$10$dllIT4fJgyjBIPBfrbz/aun23MTy977hKVShYk/hLqm6r6lqT8QuG',1,'+96555633335',NULL,NULL,'58243',NULL,'2023-01-05 16:59:03','2023-01-05 16:59:03',NULL,NULL,NULL,NULL,'null',NULL),(353,'mohammad','mrolz@outlook.com',NULL,'$2y$10$EtcTVlIHfCjjwcQA90GwEuPk9KS7bN8JPUfaplngxR17U4WdngKYu',1,'+96551298844',NULL,NULL,'83427',NULL,'2023-01-07 09:37:56','2023-01-07 09:37:56',NULL,NULL,NULL,NULL,'null',NULL),(354,'ayed','q_8q88@hotmail.com',NULL,'$2y$10$bdCCetoORktTxbBU4Es5DutfE.W4sMKdxnSCiu5zng.G0CZkhNW5C',1,'+96599851999',NULL,NULL,'42877',NULL,'2023-01-11 20:25:49','2023-01-11 20:25:49',NULL,NULL,NULL,NULL,'null',NULL),(355,'nouf','zaitoona.83@hotmail.com',NULL,'$2y$10$iiiQ3/mwIQTTa1kWahGMM.t8HyRHB6mIdBlMocRB2w5qXb3.7hjES',1,'+96551444413',NULL,NULL,'11290',NULL,'2023-01-12 05:38:26','2023-01-12 05:38:26',NULL,NULL,NULL,NULL,'null',NULL),(356,'jumana','alotibi87@live.com',NULL,'$2y$10$wrPVeLdzrt3CSAmEDUrx6eORJ9RdlaSt7TkwxPA1fGhMFIVfdzpzG',1,'+96590971963',NULL,NULL,'67245',NULL,'2023-01-12 07:13:29','2023-01-12 07:13:29',NULL,NULL,NULL,NULL,'null',NULL),(357,'حصه','smbateekah@hotmail.com',NULL,'$2y$10$W/BYyiLR8CiQwC6rble3juvojMbZgyJi1LTg.mfDf81VCA0HA9Qf2',1,'+96566363312',NULL,NULL,'86199',NULL,'2023-01-12 07:16:31','2023-01-12 07:16:31',NULL,NULL,NULL,NULL,'null',NULL),(358,'AHMAD ALSAHHAF','delit_5oshen@hotmail.com',NULL,'$2y$10$EB1iZE.Kh9QrbLBKK8SLye/pqgLqMwDJtRRMM9ilUKf6vg2Vw29z6',1,'+96599103965',NULL,NULL,'81661',NULL,'2023-01-12 07:41:29','2023-01-12 07:41:29',NULL,NULL,NULL,NULL,'null',NULL),(359,'sarah Alsubaie','Sara.s.07260@gmail.com',NULL,'$2y$10$W8MAoTBAnAyPKXlxz2UgROB0mwEFJv.uNeQgi8uIznjkJUPXh36Pm',1,'+96599656772',NULL,NULL,'97851',NULL,'2023-01-15 18:20:06','2023-01-15 18:20:06',NULL,NULL,NULL,NULL,'null',NULL),(360,'Metieb','alazmimariam98@gmail.com',NULL,'$2y$10$lNllt0hgRQY2vNfSEmnj/.CJV.OMdwQxwEJ2AMQ.lb4fXbu6og0IG',1,'+96597557885',NULL,NULL,'97790',NULL,'2023-01-15 19:57:51','2023-01-15 19:57:51',NULL,NULL,NULL,NULL,'null',NULL),(361,'فهد المطني','fahood9090@gmail.com',NULL,'$2y$10$OqmZoxfw0Y0Nzy75sLRmluPtVhHrT8lXK2X3xTL9jULNG.rZusAFu',1,'+96597676255',NULL,NULL,'95449',NULL,'2023-01-16 03:36:44','2023-01-16 03:36:44',NULL,NULL,NULL,NULL,'null',NULL),(362,'اماني','Amanialrslani@hotmail.com',NULL,'$2y$10$a6WvCPZ3UC.ifskdIFRCIOtFfTOok9jdkrDFJFzASHHK/NiLGgH9m',1,'+96596996221',NULL,NULL,'83310',NULL,'2023-01-17 17:13:26','2023-01-17 17:13:26',NULL,NULL,NULL,NULL,'null',NULL),(363,'Haya alnuimi','hma8076g@gmail.com',NULL,'$2y$10$Y.eDUGQ6kXCEqWfBJImhR.bJSFA7TuFZLBiZK1Ehw31/t9xgpDSpq',1,'+96533377463',NULL,NULL,'56504',NULL,'2023-01-18 08:40:54','2023-01-18 08:40:54',NULL,NULL,NULL,NULL,'null',NULL),(364,'maha','mahaalanzi_1998@hotmail.com',NULL,'$2y$10$d5cmbzU2q46FjVhyUffrQOmJuIJcHSJK9yqSlO.sOF4ygvvhuym2q',1,'+96594066170',NULL,NULL,'61504',NULL,'2023-01-18 10:10:18','2023-01-18 10:10:18',NULL,NULL,NULL,NULL,'null',NULL),(365,'alhanouf','n.a.malalla@hotmail.com',NULL,'$2y$10$diO5R5n3YGqNwtODHRU9KOlD6cNYjuE5y6rMwoA5taXdXjnxR3Ra2',1,'+965009470000601',NULL,NULL,'51413',NULL,'2023-01-18 17:25:38','2023-01-18 17:25:38',NULL,NULL,NULL,NULL,'null',NULL),(366,'wasmeya','wasmeyakhaled@gmail.com',NULL,'$2y$10$7mcgVwSYyO/yuB3g/U661.yIBCuHto5ShxogqNMjlr40MOWM8LfhG',1,'+96555227895',NULL,NULL,'10184',NULL,'2023-01-19 13:52:40','2023-01-19 13:52:40',NULL,NULL,NULL,NULL,'null',NULL),(367,'Fatima','fatma.boredenn@gmail.com',NULL,'$2y$10$uW.pEr2zeVi7J4KI8kBe3u3vCKxTgsg45ZfahFe7gSjWkQRcnt83a',1,'+96596064846',NULL,NULL,'62478',NULL,'2023-01-20 21:09:59','2023-01-20 21:09:59',NULL,NULL,NULL,NULL,'null',NULL),(368,'hessa','eman_20k@icloud.com',NULL,'$2y$10$WjRm90vnYHQ8SHikuosVz.N1jQ5iL0XOh9H091E0Ov3k4yqu.rC82',1,'+96566676758',NULL,NULL,'77201',NULL,'2023-01-21 20:52:30','2023-01-21 20:52:30',NULL,NULL,NULL,NULL,'null',NULL),(369,'ام عنود','kuwaitrawabi@gamil.com',NULL,'$2y$10$TvFelRr5c/w7oZQ4CGkU0eHjv8bYasdexEO9Hx10xrOVmGWvcq5Hi',1,'+96599488298',NULL,NULL,'42781',NULL,'2023-01-22 08:31:58','2023-01-22 08:31:58',NULL,NULL,NULL,NULL,'null',NULL),(370,'Fatma','fboabbas174@gmail.com',NULL,'$2y$10$pWIDNMjK0HDeq5SRywtX2etxQ3wI/1Q.LJmvX9LitnaXwh9AWUgOi',1,'+96592292094',NULL,NULL,'70075',NULL,'2023-01-22 08:48:29','2023-01-22 08:48:29',NULL,NULL,NULL,NULL,'null',NULL),(371,'نوف الظفيري','msnona0@gmail.com',NULL,'$2y$10$8cI2YTjMSMgJYF/sXwfdKOQG3UKx7DY6PSWHjggAV.dvfOUxHAq3a',1,'+96566575005',NULL,NULL,'82125',NULL,'2023-01-23 07:37:09','2023-01-23 07:37:09',NULL,NULL,NULL,NULL,'null',NULL),(372,'Ibrahim','ibrahimalradhan@gmail.com',NULL,'$2y$10$oqRi3ix1ZB0WmAshwqM6ku8ATWblXyUaFE4j3dv0xE/OrF3taSv1S',1,'+96558885516',NULL,NULL,'52534',NULL,'2023-01-23 09:31:44','2023-01-23 09:31:44',NULL,NULL,NULL,NULL,'null',NULL),(373,'zooz','yazan.alkahaleh1997@gmail.com',NULL,'$2y$10$5hzb685pE.eO1qP9LGFLcO60SHH9bWQUAjIHKqrri5gHdWTKSuB2q',1,'+96500971551833928',NULL,NULL,'56481',NULL,'2023-01-26 08:56:21','2023-01-26 08:56:21',NULL,NULL,NULL,NULL,'null',NULL),(374,'ضحى الكندري','alkandaridhuha@gmail.com',NULL,'$2y$10$XbJQ.98DmAfr.uqq4jN7TuapoWBtCkG1Cnk.5JZ1AgQx.AmO/odN6',1,'+96599887168',NULL,NULL,'88919',NULL,'2023-01-26 14:39:03','2023-01-26 14:39:03',NULL,NULL,NULL,NULL,'null',NULL),(375,'ley','Layanah96@outlook.com',NULL,'$2y$10$cdd/PWLGKlK/tEh0iWvkyu4T7ua9GBEFaCw3qwOy8/xJRdJwLje4W',1,'+96566322353',NULL,NULL,'83607',NULL,'2023-01-28 17:16:15','2023-01-28 17:16:15',NULL,NULL,NULL,NULL,'null',NULL),(376,'lolwah','lulwaalharbi@hotmail.com',NULL,'$2y$10$KlSvXQaysoQuYoaGZzdx3.nk2evQi/NyJ.LjdvmeJwZk2EAEQlhRi',1,'+96590973739',NULL,NULL,'50810',NULL,'2023-01-30 08:53:43','2023-01-30 08:53:43',NULL,NULL,NULL,NULL,'null',NULL),(378,'nouf','n.s.shaddad18@gmail.com',NULL,'$2y$10$qh/Efwg//jWQJAkPQng8D.EGScw/LkL2i7HKy0ZJ32DRVsJDb9lOG',1,'+96599151522',NULL,NULL,'93729',NULL,'2023-02-01 18:25:22','2023-02-01 18:25:22',NULL,NULL,NULL,NULL,'null',NULL),(379,'ahmed','ahmadoooo85@hotmail.com',NULL,'$2y$10$qYzh8lKjAS.vB4Sxm5N52OW6Px2hDnqvoX/ovkC4yyHcFoTg8rHbm',1,'+96566816978',NULL,NULL,'25032',NULL,'2023-02-03 05:52:46','2023-02-03 05:52:46',NULL,NULL,NULL,NULL,'null',NULL),(381,'hanan','hananbuobaid@gmail.com',NULL,'$2y$10$BdEXGRBP9Oq2TvCdz8qwo.gQX7ZwRQ3DTQaoYoDgJ/aPObPYiytNS',1,'+96597339455',NULL,NULL,'66962',NULL,'2023-02-03 09:57:38','2023-02-03 09:57:38',NULL,NULL,NULL,NULL,'null',NULL),(382,'رقيه','r.almutar@gmail.com',NULL,'$2y$10$VPF.UmgxbOVagjx89.WipOJeEQmqr2I.wk1lDObNHf38qxHJMDxwe',1,'+96565629988',NULL,NULL,'80766',NULL,'2023-02-03 15:38:35','2023-02-03 15:38:35',NULL,NULL,NULL,NULL,'null',NULL),(383,'نوره','alshattinoura@gmail.com',NULL,'$2y$10$HXawjeyTyCX3bkA4jy6cyu11qbsXVuDi.onlmfaCxOeSySu0eKhAa',1,'+96567723556',NULL,NULL,'38494',NULL,'2023-02-04 17:16:45','2023-02-04 17:16:45',NULL,NULL,NULL,NULL,'null',NULL),(384,'hessa','mm4580128@gmail.com',NULL,'$2y$10$up38PrGFIduViuwD.mgbSOOt2rHrEhm80xvf7agUS03lnI1twkckC',1,'+96562228220',NULL,NULL,'33042',NULL,'2023-02-06 10:49:15','2023-02-06 10:49:15',NULL,NULL,NULL,NULL,'null',NULL),(385,'nusaiba','nusaibamohammed1@gmail.com',NULL,'$2y$10$Hpq0jBGNFOcg8v4RWSSopOcqGbH5f1YAa.kDZYuMuN2RUpZIh3JDW',1,'+96550325171',NULL,NULL,'48202',NULL,'2023-02-08 15:21:07','2023-02-08 15:21:07',NULL,NULL,NULL,NULL,'null',NULL),(386,'bander','banderalanzi80@gmail.com',NULL,'$2y$10$WINHaNO2Asy31O6Z5A.k/e12mk4NyahQhQg3NrqTyUrqZlMon4g56',1,'+96550772438',NULL,NULL,'89341',NULL,'2023-02-09 18:40:42','2023-02-09 18:40:42',NULL,NULL,NULL,NULL,'null',NULL),(387,'طارق','tareqalmnaei35@hotmail.com',NULL,'$2y$10$eWdgP6E4esYA.HZjriu0XO9hEw5Dbug1/oLFO0SBfNoo6K9Zhq1SS',1,'+96599291440',NULL,NULL,'57269',NULL,'2023-02-11 08:48:46','2023-02-11 08:48:46',NULL,NULL,NULL,NULL,'null',NULL),(388,'yzan','yazan.zooz1997@gmail.com',NULL,'$2y$10$yim1SsG9CkMGOTj8GZ1kEuayeOD3NgyidTVObpItcZ/oSyPTw8E/S',1,'+96500971551833920',NULL,NULL,'59759',NULL,'2023-02-11 13:38:25','2023-02-11 13:38:25',NULL,NULL,NULL,NULL,'null',NULL),(389,'yazan','yazan1997@gmail.com',NULL,'$2y$10$TM0vkXX1/uxlYvDVdjLoee2/Rb4A82zZZ0c3YfAQoYOs3k01YQwCK',1,'+9650097151386845',NULL,NULL,'29131',NULL,'2023-02-11 13:43:13','2023-02-11 13:43:13',NULL,NULL,NULL,NULL,'null',NULL),(390,'ايمان','emannaliis@gmail.com',NULL,'$2y$10$coJm8NCJ4d6Svj3mEp3tae0Djf9BaDWpmybsSSs/1ecXCBjXbz8q2',1,'+96594939525',NULL,NULL,'20485',NULL,'2023-02-11 20:58:36','2023-02-11 20:58:36',NULL,NULL,NULL,NULL,'null',NULL),(391,'عبدالرحمن','egzozt@hotmail.com',NULL,'$2y$10$u8ONyBiXA/r7dBbSrWu4xuEGDqtvHh84LGqqBqv/g8cQenl08JNDG',1,'+96555455459',NULL,NULL,'20822',NULL,'2023-02-12 03:18:54','2023-02-12 03:18:54',NULL,NULL,NULL,NULL,'null',NULL),(392,'malak','mk0m@icoud.com',NULL,'$2y$10$4vNm8ZP.MGguPk06CKQhaOrTiE3MDpMdllg4lBLygWSxZqJMEN5XO',1,'+9650508893231',NULL,NULL,'88962',NULL,'2023-02-12 17:21:33','2023-02-12 17:21:33',NULL,NULL,NULL,NULL,'null',NULL),(393,'بدور المطيري','bodouralmutairi12345@gmail.com',NULL,'$2y$10$Igj148i7fmRR9EtT220UkuNLFXvNvSoE1UtrDHNajgbc5HoEPpj.i',1,'+96555579949',NULL,NULL,'26712',NULL,'2023-02-14 07:52:29','2023-02-14 07:52:29',NULL,NULL,NULL,NULL,'null',NULL),(394,'yazan','yazan@email.com',NULL,'$2y$10$EyhZC.FiuauogXgAQOlIl.qgpH5OfEuwuPE1uXxUHGk4MHk3RYvrC',1,'+9651234567890',NULL,NULL,'20627',NULL,'2023-02-14 16:10:47','2023-02-14 16:10:47',NULL,NULL,NULL,NULL,'null',NULL),(395,'aljoud','aljoodhamad@icloud.com',NULL,'$2y$10$jcbLPuTl4T5ufyyLUBKpwObHEm9nIIpzRPesMFAhGiT7zphcdD4W2',1,'+96550637619',NULL,NULL,'51857',NULL,'2023-02-17 09:22:14','2023-02-17 09:22:14',NULL,NULL,NULL,NULL,'null',NULL),(396,'Rajab ALfailakawi','Porsche.rwf.77@gmail.com',NULL,'$2y$10$aoz6beQ04ryizEQtKXqD7OulB0AjqUW7ILXDToAfNfHI8eeaGXZOK',1,'+96599442622',NULL,NULL,'61939',NULL,'2023-02-18 04:42:17','2023-02-18 04:42:17',NULL,NULL,NULL,NULL,'null',NULL),(397,'sh','rshaikha812@gmail.com',NULL,'$2y$10$VQ1pC8dz4JBIFYLlxzq7d.QHOQmmqvp0bRAwcwNJ2EOebHN/Vv7fq',1,'+96597676955',NULL,NULL,'13872',NULL,'2023-02-19 13:28:28','2023-02-19 13:28:28',NULL,NULL,NULL,NULL,'null',NULL),(398,'Eman','eman.o89@hotmail.com',NULL,'$2y$10$GNJqr2w6UtJdPv9fZeQplOQHPwK6YlwKD1kIGRlo5LqRmQ7zx6Bbu',1,'+96555131019',NULL,NULL,'58873',NULL,'2023-02-24 14:30:48','2023-02-24 14:30:48',NULL,NULL,NULL,NULL,'null',NULL),(399,'abdulrahman lari','Hamanylary@gmail.com',NULL,'$2y$10$3pMbdWh9kvyINYH/H/O8F.mxP3exu3sSOpseQePNiqTYKuPpL01Vi',1,'+96566565960',NULL,NULL,'46396',NULL,'2023-02-25 08:44:36','2023-02-25 08:44:36',NULL,NULL,NULL,NULL,'null',NULL),(400,'شيخه','wewe86637@gmail.com',NULL,'$2y$10$amPFghiMbbyPoL0ZISBWc.DWLBLiqWCzndsKEVBvhYIA0Uo1u51hi',1,'+96597815179',NULL,NULL,'15998',NULL,'2023-02-25 15:54:02','2023-02-25 15:54:02',NULL,NULL,NULL,NULL,'null',NULL),(401,'Abdulaziz','aziz.almuraif3@gmail.com',NULL,'$2y$10$ZW1VXD8YZL08X7devU4ScevEaXpGmtdbk2VEjGiHSbQuNrFz1/FWW',1,'+96560602700',NULL,NULL,'75118',NULL,'2023-02-27 13:55:09','2023-02-27 13:55:09',NULL,NULL,NULL,NULL,'null',NULL),(402,'Mariam','malbaqer94@gmail.com',NULL,'$2y$10$edV8p4yfbKqVpjhA.TQCsu.24e.sB/4K4Ql6u4kQBhCNUbpnH8sXm',1,'+96599912092',NULL,NULL,'75495',NULL,'2023-03-01 17:37:39','2023-03-01 17:37:39',NULL,NULL,NULL,NULL,'null',NULL),(403,'hanof','hnoof93ah@gmail.com',NULL,'$2y$10$1XKr6BUi7EyGoYazCs8MIutgAeYe/sE8hH2JxbezAmFAIC4.Jh6OG',1,'+96566822298',NULL,NULL,'14691',NULL,'2023-03-04 07:13:07','2023-03-04 07:13:58',NULL,NULL,NULL,NULL,'null',NULL),(404,'خالد','khalidaljaseme@gmail.com',NULL,'$2y$10$.NHZSr4ZGTzj7ZahpI10bu9zyobsOIogk5cS/XJeeAthaV.wGQNLC',1,'+96590902989',NULL,NULL,'26421',NULL,'2023-03-06 18:43:39','2023-03-06 18:43:39',NULL,NULL,NULL,NULL,'null',NULL),(405,'Amal','overprotected_33@hotmail.com',NULL,'$2y$10$Iwr8VrYSdIJAeFptttH5xetezS6luE6QogWcwL.i6e842idcBmEoq',1,'+96550040094',NULL,NULL,'16698',NULL,'2023-03-07 19:17:11','2023-03-07 19:17:11',NULL,NULL,NULL,NULL,'null',NULL),(406,'dmm','d.m.almedhadi@gmail.com',NULL,'$2y$10$9uhjoUH8/e4sOXIa64Ps/eKN0smO6BXGWCIBuDnqNSGdJcOhhFMgK',1,'+96597289441',NULL,NULL,'26701',NULL,'2023-03-08 16:04:31','2023-03-08 16:04:31',NULL,NULL,NULL,NULL,'null',NULL),(407,'Mishari','mishari@gmail.com',NULL,'$2y$10$YJIIAglX2hj9z8hhigfkG.P7dfXKS8CCX9fEDlcX5I9mly7mTneDq',1,'+96599377339',NULL,NULL,'47984',NULL,'2023-03-09 22:15:48','2023-03-09 22:15:48',NULL,NULL,NULL,NULL,'null',NULL),(408,'Maram Almutairi','maramalm19@gmail.com',NULL,'$2y$10$zYc.bBABHT4EJvl1..3IrOyMgVm0J4QsxaZvxh4TsS8vE8oGmfY6C',1,'+96560709702',NULL,NULL,'90696',NULL,'2023-03-10 01:46:47','2023-03-10 01:46:47',NULL,NULL,NULL,NULL,'null',NULL),(409,'moner','miner@gmail.com',NULL,'$2y$10$q4Lpz6hOXC0hrMxbEHvlweafSzWckEPAQzwaTy9dtReq0sZs1.Dm6',1,'+96551600960',NULL,NULL,'15327',NULL,'2023-03-10 09:43:18','2023-03-10 09:44:13',NULL,NULL,NULL,NULL,'null',NULL),(410,'abdulrahman','halrowaished21@gmail.com',NULL,'$2y$10$1p78V.6QiQgS5jg/66AsjeZyIXwvndYqmNjlF3wEWcmTlH.RaaVJO',1,'+96560908011',NULL,NULL,'85080',NULL,'2023-03-11 22:19:31','2023-03-11 22:19:31',NULL,NULL,NULL,NULL,'null',NULL),(411,'test','test@email.com',NULL,'$2y$10$dSWPC.i3DgFcy9GlX51cO.cm/U8V3EGCdHCAV/raKJtTqY6472IXC',1,'009654278138',NULL,NULL,'67855',NULL,'2023-03-15 01:35:36','2023-03-22 14:33:46',NULL,NULL,NULL,'2023-03-15-scaled_image_picker1383503920247302998.jpg','eRg7bF3hSFeH7ZMyLatRhe:APA91bG0B3otuky9-dZs-zgZg0hGu9cO5D7FXkfYqHvJsfUiAkOZnZzgvKbKGkyfSPRL5DzsAxsU_hpqMpqsgMwbxp60_L2zli1DDPzpiZWVlej829fwfpgTXMCaP4L71GUI3sDEbBav','12345678'),(412,'haya','hayahsuus97282@gmail.com',NULL,'$2y$10$25oeUYStFvsl04L.Vk2Gye1Lg.jonWdisM9s.QMrxAYNRmlYCiX3a',1,'+96566889600',NULL,NULL,'16099',NULL,'2023-03-24 09:26:54','2023-03-24 09:26:54',NULL,NULL,NULL,NULL,'null',NULL),(413,'Mohammad Alaskari','alaskari1977@gmail.com',NULL,'$2y$10$GCa0qQJsX1G5X8M3lrr67.XdX3fDq8gVCV5gctFwIebq4CXamjsty',1,'+96597441774',NULL,NULL,'90098',NULL,'2023-03-25 13:02:03','2023-06-24 19:31:20',NULL,NULL,NULL,NULL,'null',NULL),(414,'وععا','gg@tt.com',NULL,'$2y$10$hQSGWmHdbK3kZhtFc8mldOFvRNPnH1eZKlJJBUP0wsnfJz7OKhJ2C',1,'+965123456789',NULL,NULL,'47782',NULL,'2023-03-25 15:30:26','2023-03-25 15:30:26',NULL,NULL,NULL,NULL,'null',NULL),(415,'ibrahem Almutairi','ibalmutairi@gmail.com',NULL,'$2y$10$v9MfofzrXUwdL/cW8pJ.ueLTlED3hS5o05DwH7LNuOz4iZ35pj.EW',1,'+96566628522',NULL,NULL,'72890',NULL,'2023-04-01 15:39:45','2023-04-01 15:39:45',NULL,NULL,NULL,NULL,'null',NULL),(416,'Moza','mo9.exc@gmail.com',NULL,'$2y$10$jmTRM6uEHtNlYneDGO6hPOf.ThynFVOfdNvAXwcY.FsfJU5q2uPR6',1,'+96566050399',NULL,NULL,'68163',NULL,'2023-04-05 08:21:50','2023-04-05 08:21:50',NULL,NULL,NULL,NULL,'null',NULL),(417,'Jan Rosco','khairosco01@gmail.con',NULL,'$2y$10$ugp4EzVys48MDnIFhlnRzeSzDZpCqk/sf.rCD8Pt3dVx8WFzXL2BO',1,'+96530888346',NULL,NULL,'64105',NULL,'2023-04-07 09:01:03','2023-04-07 09:01:03',NULL,NULL,NULL,NULL,'null',NULL),(418,'sara','sara.sheha1@gmail.com',NULL,'$2y$10$IrGfx2EjnOg2UfNhArUlbOD7U9xSfBQyXVmE5IYefkjBAdWRylLAm',1,'+96570130452',NULL,NULL,'23782',NULL,'2023-04-08 17:45:44','2023-04-08 17:45:44',NULL,NULL,NULL,NULL,'null',NULL),(419,'هاجر','hijer22@icloud.com',NULL,'$2y$10$GK4VKDeTv2YQarbBAYMZe.koOMC1dC3LhHzjeOspsbmrHDIxkrYw.',1,'+9650599479330',NULL,NULL,'96727',NULL,'2023-04-08 23:02:20','2023-04-08 23:02:20',NULL,NULL,NULL,NULL,'null',NULL),(420,'Mohamed','mistermando3@gmail.com',NULL,'$2y$10$x60YTQymEoytm6JcnCXNmOurWrMYaK46tj8LPtwohoaBw957AmrOm',1,'+96598925076',NULL,NULL,'99369',NULL,'2023-04-13 09:19:38','2023-04-13 09:19:38',NULL,NULL,NULL,NULL,'null',NULL),(421,'فهد','F_d3e@hotmail.com',NULL,'$2y$10$o4zRibkWxYZyEpqIF5htl.bVZ7PL8mxRoLOfVpsLqlIL6IGjgyY1G',1,'+96599555428',NULL,NULL,'22977',NULL,'2023-04-19 22:07:42','2023-04-19 22:07:42',NULL,NULL,NULL,NULL,'null',NULL),(422,'shahad','shahaddader@gmail.com',NULL,'$2y$10$iX/Pcx8jmOavpcVXqbhguuvJVFPHghAUEKNR/Xm0krYAxKeBjYbZG',1,'+96594175140',NULL,NULL,'73260',NULL,'2023-04-20 22:36:23','2023-04-20 22:36:23',NULL,NULL,NULL,NULL,'null',NULL),(423,'amal','amoolahn7@gmail.com',NULL,'$2y$10$LHLqFDyruHSzvsxRwRI2NeDz2hMyZDSHuWgztTQFd2xEa7o8Y6/7S',1,'+96598094699',NULL,NULL,'91477',NULL,'2023-05-06 06:29:26','2023-05-06 06:29:26',NULL,NULL,NULL,NULL,'null',NULL),(424,'ريم','rabujassoum232@gmail.com',NULL,'$2y$10$Uqz/B8CNL2RfQLX3RSjiHe8WJHnJL2sKst0ig.sRRcDY3UYOFZV3O',1,'+96566438568',NULL,NULL,'37624',NULL,'2023-05-08 07:56:23','2023-05-08 07:56:23',NULL,NULL,NULL,NULL,'null',NULL),(425,'Alqallaf','hasson_alqallaf_2008@hotmail.com',NULL,'$2y$10$padhmRA0/oX6CSPGRHssveRy8si6daU9TuZUCPTe81eroJfq4eQRa',1,'+96598700495',NULL,NULL,'83864',NULL,'2023-05-11 20:33:09','2023-05-11 20:33:09',NULL,NULL,NULL,NULL,'null',NULL),(426,'MBARAK','qxee22@gmail.com',NULL,'$2y$10$WWQt9AZompjGOm9QqmLDnu9x7Wv2r9Rr00EDpJdvyt0Fvbz76MkOy',1,'+96560656527',NULL,NULL,'93676',NULL,'2023-05-13 11:12:15','2023-05-13 11:12:15',NULL,NULL,NULL,NULL,'null',NULL),(427,'taiba','rain-t22@hotmail.com',NULL,'$2y$10$LJGlGM2cW0ctaNU7FLvML.wwexu9u4SX4U2WbIzTL12orgd2YlrIa',1,'+96597251661',NULL,NULL,'96946',NULL,'2023-05-18 05:53:38','2023-05-18 05:53:38',NULL,NULL,NULL,NULL,'null',NULL),(428,'بوفهد','bin3idan87@gmail.com',NULL,'$2y$10$lihiSKT5AfB8cLkZgIUGnutI6W3KPojo8iX8qAv3LzzPLw8KTUg9G',1,'+96597171612',NULL,NULL,'25285',NULL,'2023-05-23 13:01:48','2023-05-23 13:01:48',NULL,NULL,NULL,NULL,'null',NULL),(429,'Aisha','ayshhalkhlfan0@gmail.com',NULL,'$2y$10$VfDwaNkcS18.gfiTwzkj1O8WUKfmTUJt/DePTHjXLP0T/uA0pGHQq',1,'+96567774585',NULL,NULL,'64165',NULL,'2023-05-27 12:05:25','2023-05-27 12:05:25',NULL,NULL,NULL,NULL,'null',NULL),(430,'abdulaziz','azizhassan_10@hotmail.com',NULL,'$2y$10$UppFSDZMBulhbO0G9vwxQOQn9c/XdQOzc/6eDWzN75wYosoZaTbwq',1,'+96550902753',NULL,NULL,'65067',NULL,'2023-06-07 08:06:18','2023-06-07 08:06:18',NULL,NULL,NULL,NULL,'null',NULL),(431,'manar alqallaf','manaralqallaf@gmail.com',NULL,'$2y$10$HeneBOV402RSzUAy3t.aQO560CxcB9pFbtxLDJxP4AFVoiZtp1KtK',1,'+96550133597',NULL,NULL,'95297',NULL,'2023-06-11 22:55:58','2023-06-11 22:55:58',NULL,NULL,NULL,NULL,'null',NULL),(432,'احمد العنزي','ahmedzaher20052@gmail.com',NULL,'$2y$10$laxE87xBnDJNCPenpYFTc.R53eaNQv68W/fgbmiyVFRgrYFDFqdxm',1,'+96599248186',NULL,NULL,'30087',NULL,'2023-06-27 04:28:45','2023-06-27 04:28:45',NULL,NULL,NULL,NULL,'null',NULL),(433,'athbi','athbealazme@gmail.com',NULL,'$2y$10$WhP4TlEZ5OHU7K5/lJmpL.UzntdCW75QejpyCL28VAjXGq4fEpeN6',1,'+96597369993',NULL,NULL,'34563',NULL,'2023-06-28 23:45:09','2023-06-28 23:45:09',NULL,NULL,NULL,NULL,'null',NULL),(434,'Zain','zainaljalali2020@gmail.com',NULL,'$2y$10$.FbuiklFnT4P7HHRpNo0dee3olROa5LLvBZEbNzZndSLYNOFe.Hay',1,'+96550128732',NULL,NULL,'57404',NULL,'2023-07-19 18:15:38','2023-07-19 18:15:38',NULL,NULL,NULL,NULL,'null',NULL),(435,'احمد','ahmedn100@outlook.com',NULL,'$2y$10$aQvGbEiwWPeaSBNQKeFHfuuyJcg8cjqgRkJ3IzO6WtMkAZACAsGfu',1,'+96566322717',NULL,NULL,'37330',NULL,'2023-08-01 03:41:48','2023-08-01 03:41:48',NULL,NULL,NULL,NULL,'null',NULL),(436,'منى المطيري','a7lahom_75@hotmail.com',NULL,'$2y$10$2.CQzW8Goa09dil9S7009.bwyrzBt98UCN48xDUIvO.bttkjx9h5C',1,'+96555424345',NULL,NULL,'48346',NULL,'2023-08-08 08:44:59','2023-08-08 08:44:59',NULL,NULL,NULL,NULL,'null',NULL),(437,'مها الرجيب','msa.alrujaib@gmail.com',NULL,'$2y$10$ZkbDFJPYbb3zrsYV9WM/cOddJA6NrCaemfrIiXOk7lmxT9XD1AeIi',1,'+96566491767',NULL,NULL,'74995',NULL,'2023-08-10 17:28:11','2023-08-10 17:28:11',NULL,NULL,NULL,NULL,'null',NULL),(438,'zain','zainalkhars666@gmail.com',NULL,'$2y$10$eWwSkWXSEMW/.y4Oac3xHu6zf02OaXVZgHxa6mK68oO8HTgb4b8Hq',1,'+96598852293',NULL,NULL,'93439',NULL,'2023-08-16 09:49:09','2023-08-16 09:49:09',NULL,NULL,NULL,NULL,'null',NULL),(439,'aya','aaya2005@outlook.com',NULL,'$2y$10$pUpa3dDnR8pWkKdXm6WaGeh.hsgllitfgRBGAYamcG.LvYHIyTAEO',1,'+96599686925',NULL,NULL,'94145',NULL,'2023-08-21 08:17:04','2023-08-21 08:17:04',NULL,NULL,NULL,NULL,'null',NULL),(441,'mido','moha228830@gmail.com',NULL,'$2y$10$L7k3qhqTXuLcr2Q/sKaX2eqXeCS6mGJ.icJilTNcb5VwoMIRjbfEa',1,'+96596550909048',NULL,NULL,'83433',NULL,'2023-08-23 18:02:00','2023-08-23 18:02:00',NULL,NULL,NULL,NULL,'null',NULL),(442,'وائل البلوشي','waelalbalooshi@gmail.com',NULL,'$2y$10$u1VDIHFBoQ8NVYkaJ5Z45.68.yD2KUJm9waOUlFLH0xGvH9SSjg3O',1,'+96566644362',NULL,NULL,'29160',NULL,'2023-08-26 22:51:04','2023-08-26 22:51:04',NULL,NULL,NULL,NULL,'null',NULL),(443,'ebrahim','a17r@msn.com',NULL,'$2y$10$qxmLPY.QRMRnbk3UhX3oM.xKKwchyDpIwz6pCb.KGBNQuTW4MInTG',1,'+96599560860',NULL,NULL,'50564',NULL,'2023-08-30 17:21:14','2023-08-30 17:21:14',NULL,NULL,NULL,NULL,'null',NULL),(444,'Bashayer','Eng.bashayer@hotmail.com',NULL,'$2y$10$pBMbNfpe5GsoWHNkCQ1DMuDsg2w5Ig.eUQNF/LJqXlAtbZ6ZU1jRm',1,'+96597969939',NULL,NULL,'98846',NULL,'2023-09-03 21:06:56','2023-09-03 21:06:56',NULL,NULL,NULL,NULL,'null',NULL),(472,'anwer','anwer@gmail.com',NULL,'$2y$10$.xyW5SSASGbSXxWw8Ubfqu1nVCvle7e6BHDQo5SlUOJAb4SruAA/K',0,'+96588888888',NULL,NULL,'87986',NULL,'2023-09-11 20:09:29','2023-09-11 20:09:29',NULL,NULL,NULL,NULL,'null',NULL),(479,'anwer','anwerqw@gmail.com',NULL,'$2y$10$Tm1.J3fxtLww.qIFeeFMt.OunybJQ6eBZvuleSgIh9fGUlKXDeblu',0,'+96567782374',NULL,NULL,'30714',NULL,'2023-09-12 14:41:24','2023-09-12 14:41:24',NULL,NULL,NULL,NULL,'null',NULL),(480,'anwer@gmail.com','asd@gmail.com',NULL,'$2y$10$hDDMhNi/NXJ6dZEfw1Ruk.A.mwhxcySFVfmcVYmj0n0AiSlnxy0/a',0,'+96567009198',NULL,NULL,'15897',NULL,'2023-09-12 14:44:25','2023-09-12 14:44:25',NULL,NULL,NULL,NULL,'null',NULL),(483,'sameras','sadadddd@gmail.com',NULL,'$2y$10$knvSMjuchUIQsyc5d1CmEedELgSPi/i8W7I9Cfdfr2UgjECQ115qO',0,'51007138',NULL,NULL,'94669',NULL,'2023-09-21 20:59:16','2023-09-21 20:59:16',NULL,NULL,NULL,NULL,NULL,NULL),(487,'51007138','uytuyt@gmail.com',NULL,'$2y$10$HXB2i5rsGm0.vd3sRpDHnOnWpKMkhTDrs9yEn..QZpQ2wpqAe19Iq',1,'+96551007138',NULL,NULL,'15475',NULL,'2023-09-21 22:05:42','2023-09-21 22:06:26',NULL,NULL,NULL,NULL,'null',NULL),(488,'sara','sara_qw90@hotmail.com',NULL,'$2y$10$g7piGJNQVM.z9mykVNzdGuQQlE66uy60gZZ7TfRRrcqKiXSFnO76G',0,'+9659998572',NULL,NULL,'13884',NULL,'2023-10-03 07:54:47','2023-10-03 07:54:47',NULL,NULL,NULL,NULL,'null',NULL),(489,'ahmed Hussain','ngroor35@gmail.com',NULL,'$2y$10$NIDiMvLqLZEsXPVNkNoxX.9Wvm9X5GIuXnx0qyIJ.oH3ZvGLBcrpO',0,'+96560451592',NULL,NULL,'28729',NULL,'2023-10-03 12:36:00','2023-10-03 12:36:00',NULL,NULL,NULL,NULL,'null',NULL),(490,'Mohammad Ramadhan','sparkle_q8@hotmail.com',NULL,'$2y$10$ugy7ou1PiiVnpNkk.SEVfOX/fcMLR235hNjI7lQ2FcTcLf6FfJxbm',0,'+96598889890',NULL,NULL,'40088',NULL,'2023-10-04 20:49:13','2023-10-04 20:49:51',NULL,NULL,NULL,NULL,'null',NULL),(491,'Karam','beechxtaco@hotmail.com',NULL,'$2y$10$FYzD.Rzt96rDrKfcAfr6gOPAzSM1c5WOb.qY/.THE2o5CgZ4vhNaG',0,'+96597182314',NULL,NULL,'86925',NULL,'2023-10-06 13:09:13','2023-10-06 13:09:13',NULL,NULL,NULL,NULL,'null',NULL),(492,'mahmoud Albastaki','mahmoud1bastaki6@gmail.com',NULL,'$2y$10$H01/ZBXaejZ0qGiynPFUQOvlP4sxcYx7iUhVIWoba9qvKSQWi0VTm',0,'+96560067695',NULL,NULL,'66027',NULL,'2023-10-13 11:54:04','2023-10-13 11:54:04',NULL,NULL,NULL,NULL,'null',NULL),(493,'Lama Alkhamees','lama.alkhamees@gmail.com',NULL,'$2y$10$Jd5K7em0lEoY7dKWEmIvyeCEmciPMfyXFbJ1bZ3sEkQ2YX7mBZmvG',0,'+96599400040',NULL,NULL,'65949',NULL,'2023-10-14 11:12:50','2023-10-14 11:12:50',NULL,NULL,NULL,NULL,'null',NULL),(494,'mohammed','malajmi481@gmail.com',NULL,'$2y$10$HJi.ScsGSE2eolhTLshsT.iyPo/kRoPnPoltN11staFElNVNHTqFS',1,'+96598883448',NULL,NULL,'98904',NULL,'2023-10-15 11:53:24','2023-10-15 11:53:32',NULL,NULL,NULL,NULL,'null',NULL),(495,'شهد','hussain7729@yahoo.com',NULL,'$2y$10$Y/iHtG4Ukq9uU73LSEZhM.chjfOL1F3DkR5RFf9t.edfsT5A9w8hO',1,'+96555053894',NULL,NULL,'18684',NULL,'2023-10-18 16:42:03','2023-10-18 16:42:12',NULL,NULL,NULL,NULL,'null',NULL),(496,'mona','mmz_memoo@hotmail.com',NULL,'$2y$10$adxEbHLBmgTWuzoCnjd.bOVG23FVskV9jItBJx4y06IM7cSB5Ab4W',1,'+96550110640',NULL,NULL,'35823',NULL,'2023-10-29 18:28:22','2023-10-29 18:28:28',NULL,NULL,NULL,NULL,'null',NULL),(497,'zainab','Zs67070527@hotmail.com',NULL,'$2y$10$G9aL449lUdLFjuyjUltvE.GNR7jZtwQdir.rsOA.MHIlw00vF0EGC',0,'+96567070527',NULL,NULL,'66479',NULL,'2023-11-03 17:01:56','2023-11-03 17:01:56',NULL,NULL,NULL,NULL,'null',NULL),(498,'فاطمة المطيري','fatoomaalmutiri728@gmail.com',NULL,'$2y$10$J7qyEOV6V9liQt.z4X4SI.F346YRQzp9XVpKauSZ9s/fa2ly3NlTG',1,'+96594924404',NULL,NULL,'79522',NULL,'2023-11-20 23:20:44','2023-11-20 23:20:54',NULL,NULL,NULL,NULL,'null',NULL),(499,'ابو حيدر','mohseni@windowslive.com',NULL,'$2y$10$K5gOk/dNa9T.r7ewuDoRr.sSVN/Wt2R3dAUOJmVemYeXkYO1rjXmu',0,'+96555514017',NULL,NULL,'27634',NULL,'2023-11-23 12:16:26','2023-11-23 12:16:26',NULL,NULL,NULL,NULL,'null',NULL),(500,'ali','shrooq-al-shams@hotmail.com',NULL,'$2y$10$xLHEkkkmw9LTGuKWkrarv.PYBNshTuoVQYKTWT6UPgX.smFXpR/bK',1,'+96599273584',NULL,NULL,'81527',NULL,'2023-11-23 12:35:08','2023-11-23 12:35:31',NULL,NULL,NULL,NULL,'null',NULL),(501,'laila alqattan','lailaaalqattan97@hotmail.com',NULL,'$2y$10$0WMN46LPRBzQa/PMPkULQuKDMxqKXNtrZgJdUulyho481eM4rarXO',1,'+96597246166',NULL,NULL,'60323',NULL,'2023-11-25 20:07:56','2023-11-25 20:08:08',NULL,NULL,NULL,NULL,'null',NULL),(502,'ahmad','a.alqallaf2006@gmail.com',NULL,'$2y$10$l6rTU7dD/Maiu9G4MEkdb.qIBDnqwG.r.KGCtziG0QZectktxBRmO',1,'+96599868232',NULL,NULL,'16886',NULL,'2023-11-25 20:26:12','2023-11-25 20:26:19',NULL,NULL,NULL,NULL,'null',NULL),(503,'Mona','monaalotibi77@icloud.com',NULL,'$2y$10$Zy6/qMq.08V4DteOcRCCCuFPbxUY5vOR7HCyG/2xtLc9p5nDUhEvy',1,'+96555177507',NULL,NULL,'11691',NULL,'2023-12-07 10:48:47','2023-12-07 10:49:01',NULL,NULL,NULL,NULL,'null',NULL);

--
-- Dumping events for database 'topappkw_clothes'
--

--
-- Dumping routines for database 'topappkw_clothes'
--


