-- Table structure for table `pages`
--

CREATE TABLE `pages` (
  `id` int unsigned NOT NULL AUTO_INCREMENT,
  `created_at` timestamp NULL DEFAULT NULL,
  `updated_at` timestamp NULL DEFAULT NULL,
  `type` int DEFAULT NULL,
  `image` varchar(191) CHARACTER SET utf8mb4 COLLATE utf8mb4_unicode_ci DEFAULT NULL,
  PRIMARY KEY (`id`)
) ENGINE=InnoDB AUTO_INCREMENT=14 DEFAULT CHARSET=utf8mb4 COLLATE=utf8mb4_unicode_ci;

--
-- Dumping data for table `pages`
--

INSERT INTO `pages` (`id`, `created_at`, `updated_at`, `type`, `image`) VALUES (1,'2022-03-21 06:34:00','2022-03-21 06:34:00',NULL,NULL),(2,'2023-05-28 07:41:09','2023-05-29 00:00:57',1,'2023-05-29-IMG_0143.jpeg'),(3,'2023-05-28 07:43:21','2023-05-28 23:55:22',1,'2023-05-29-IMG_0141.jpeg'),(4,'2023-05-28 07:43:33','2023-05-29 00:01:26',1,'2023-05-29-IMG_0142.jpeg'),(5,'2023-05-28 07:52:57','2023-05-28 20:30:39',2,'2023-05-28-IMG_0117.jpeg'),(6,'2023-05-28 07:53:02','2023-05-28 20:29:54',2,'2023-05-28-IMG_0116.jpeg'),(7,'2023-05-28 07:53:07','2023-05-28 20:29:05',2,'2023-05-28-IMG_0115.jpeg'),(8,'2023-05-28 07:55:52','2023-05-28 08:01:19',3,'2023-05-28-lock.png'),(12,'2023-05-28 08:05:33','2023-05-28 08:05:33',3,'2023-05-28-lock.png'),(13,'2023-05-28 08:15:15','2023-05-28 22:43:30',4,'2023-05-29-IMG_0125.png');

--
-- Table structure for table `password_resets`
--

CREATE TABLE `password_resets` (
  `email` varchar(191) CHARACTER SET utf8mb4 COLLATE utf8mb4_unicode_ci NOT NULL,
  `token` varchar(191) CHARACTER SET utf8mb4 COLLATE utf8mb4_unicode_ci NOT NULL,
  `created_at` timestamp NULL DEFAULT NULL,
  KEY `password_resets_email_index` (`email`)
) ENGINE=InnoDB DEFAULT CHARSET=utf8mb4 COLLATE=utf8mb4_unicode_ci;

--
-- Dumping data for table `password_resets`
--


--
-- Table structure for table `permission_role`
--

CREATE TABLE `permission_role` (
  `permission_id` int unsigned NOT NULL,
  `role_id` int unsigned NOT NULL,
  PRIMARY KEY (`permission_id`,`role_id`),
  KEY `permission_role_role_id_foreign` (`role_id`)
) ENGINE=InnoDB DEFAULT CHARSET=utf8mb4 COLLATE=utf8mb4_unicode_ci;

--
-- Dumping data for table `permission_role`
--

INSERT INTO `permission_role` (`permission_id`, `role_id`) VALUES (1,1),(2,1),(3,1),(4,1),(5,1),(6,1),(7,1),(8,1),(9,1),(10,1),(11,1),(12,1),(13,1),(14,1),(15,1),(16,1),(17,1),(18,1),(19,1),(20,1),(21,1),(22,1),(23,1),(24,1),(25,1),(26,1),(27,1),(28,1),(29,1),(30,1),(31,1),(32,1),(33,1),(34,1),(35,1),(36,1),(37,1),(38,1),(39,1),(40,1),(41,1),(42,1),(43,1),(44,1),(45,1),(46,1),(47,1),(48,1),(49,1),(50,1),(51,1),(52,1),(53,1),(54,1),(55,1),(56,1),(57,1),(58,1),(59,1),(60,1),(61,1),(62,1),(63,1),(64,1),(65,1),(66,1),(67,1),(68,1),(69,1),(70,1),(71,1),(72,1),(73,1),(74,1),(75,1),(76,1),(77,1),(78,1),(79,1),(80,1),(81,1),(82,1),(83,1),(84,1),(85,1),(86,1),(87,1),(88,1),(89,1),(90,1),(91,1),(92,1),(93,1),(94,1),(95,1),(96,1),(97,1),(98,1),(99,1),(100,1),(101,1),(102,1),(103,1),(104,1),(105,1),(106,1),(107,1),(108,1),(109,1),(110,1),(111,1),(112,1),(113,1),(114,1),(115,1),(116,1),(117,1),(21,4),(73,4),(74,4),(75,4),(76,4),(109,4),(110,4),(111,4),(112,4),(9,23),(10,23),(11,23),(12,23),(73,23),(74,23),(75,23),(76,23),(89,23),(90,23),(91,23),(92,23),(109,23),(110,23),(22,24);

--
-- Table structure for table `permission_user`
--

CREATE TABLE `permission_user` (
  `permission_id` int unsigned NOT NULL,
  `user_id` int unsigned NOT NULL,
  `user_type` varchar(191) CHARACTER SET utf8mb4 COLLATE utf8mb4_unicode_ci NOT NULL,
  PRIMARY KEY (`user_id`,`permission_id`,`user_type`),
  KEY `permission_user_permission_id_foreign` (`permission_id`)
) ENGINE=InnoDB DEFAULT CHARSET=utf8mb4 COLLATE=utf8mb4_unicode_ci;

--
-- Dumping data for table `permission_user`
--


--
-- Table structure for table `permissions`
--

CREATE TABLE `permissions` (
  `id` int unsigned NOT NULL AUTO_INCREMENT,
  `name` varchar(191) CHARACTER SET utf8mb4 COLLATE utf8mb4_unicode_ci NOT NULL,
  `display_name` varchar(191) CHARACTER SET utf8mb4 COLLATE utf8mb4_unicode_ci DEFAULT NULL,
  `description` varchar(191) CHARACTER SET utf8mb4 COLLATE utf8mb4_unicode_ci DEFAULT NULL,
  `created_at` timestamp NULL DEFAULT NULL,
  `updated_at` timestamp NULL DEFAULT NULL,
  PRIMARY KEY (`id`),
  UNIQUE KEY `permissions_name_unique` (`name`)
) ENGINE=InnoDB AUTO_INCREMENT=118 DEFAULT CHARSET=utf8mb4 COLLATE=utf8mb4_unicode_ci;

--
-- Dumping data for table `permissions`
--

INSERT INTO `permissions` (`id`, `name`, `display_name`, `description`, `created_at`, `updated_at`) VALUES (1,'create_users','Create Users','Create Users','2020-06-02 05:32:54','2020-06-02 05:32:54'),(2,'read_users','Read Users','Read Users','2020-06-02 05:32:54','2020-06-02 05:32:54'),(3,'update_users','Update Users','Update Users','2020-06-02 05:32:54','2020-06-02 05:32:54'),(4,'delete_users','Delete Users','Delete Users','2020-06-02 05:32:54','2020-06-02 05:32:54'),(5,'create_roles','Create Roles','Create Roles','2020-06-02 05:32:54','2020-06-02 05:32:54'),(6,'read_roles','Read Roles','Read Roles','2020-06-02 05:32:54','2020-06-02 05:32:54'),(7,'update_roles','Update Roles','Update Roles','2020-06-02 05:32:54','2020-06-02 05:32:54'),(8,'delete_roles','Delete Roles','Delete Roles','2020-06-02 05:32:54','2020-06-02 05:32:54'),(9,'create_categories','Create Categories','Create Categories','2020-06-02 05:32:54','2020-06-02 05:32:54'),(10,'read_categories','Read Categories','Read Categories','2020-06-02 05:32:54','2020-06-02 05:32:54'),(11,'update_categories','Update Categories','Update Categories','2020-06-02 05:32:54','2020-06-02 05:32:54'),(12,'delete_categories','Delete Categories','Delete Categories','2020-06-02 05:32:54','2020-06-02 05:32:54'),(13,'create_languages','Create Languages','Create Languages','2020-06-02 05:32:54','2020-06-02 05:32:54'),(14,'read_languages','Read Languages','Read Languages','2020-06-02 05:32:54','2020-06-02 05:32:54'),(15,'update_languages','Update Languages','Update Languages','2020-06-02 05:32:54','2020-06-02 05:32:54'),(16,'delete_languages','Delete Languages','Delete Languages','2020-06-02 05:32:54','2020-06-02 05:32:54'),(17,'create_pages','Create Pages','Create Pages','2020-06-02 05:32:54','2020-06-02 05:32:54'),(18,'read_pages','Read Pages','Read Pages','2020-06-02 05:32:54','2020-06-02 05:32:54'),(19,'update_pages','Update Pages','Update Pages','2020-06-02 05:32:54','2020-06-02 05:32:54'),(20,'delete_pages','Delete Pages','Delete Pages','2020-06-02 05:32:54','2020-06-02 05:32:54'),(21,'create_settings','Create Settings','Create Settings','2020-06-02 05:32:54','2020-06-02 05:32:54'),(22,'read_settings','Read Settings','Read Settings','2020-06-02 05:32:54','2020-06-02 05:32:54'),(23,'update_settings','Update Settings','Update Settings','2020-06-02 05:32:54','2020-06-02 05:32:54'),(24,'delete_settings','Delete Settings','Delete Settings','2020-06-02 05:32:54','2020-06-02 05:32:54'),(25,'create_countries','Create Countries','Create Countries','2020-06-02 05:32:54','2020-06-02 05:32:54'),(26,'read_countries','Read Countries','Read Countries','2020-06-02 05:32:54','2020-06-02 05:32:54'),(27,'update_countries','Update Countries','Update Countries','2020-06-02 05:32:54','2020-06-02 05:32:54'),(28,'delete_countries','Delete Countries','Delete Countries','2020-06-02 05:32:54','2020-06-02 05:32:54'),(29,'create_governments','Create Governments','Create Governments','2020-06-02 05:32:54','2020-06-02 05:32:54'),(30,'read_governments','Read Governments','Read Governments','2020-06-02 05:32:54','2020-06-02 05:32:54'),(31,'update_governments','Update Governments','Update Governments','2020-06-02 05:32:54','2020-06-02 05:32:54'),(32,'delete_governments','Delete Governments','Delete Governments','2020-06-02 05:32:54','2020-06-02 05:32:54'),(33,'create_regions','Create Regions','Create Regions','2020-06-02 05:32:54','2020-06-02 05:32:54'),(34,'read_regions','Read Regions','Read Regions','2020-06-02 05:32:54','2020-06-02 05:32:54'),(35,'update_regions','Update Regions','Update Regions','2020-06-02 05:32:54','2020-06-02 05:32:54'),(36,'delete_regions','Delete Regions','Delete Regions','2020-06-02 05:32:54','2020-06-02 05:32:54'),(37,'create_sliders','Create Sliders','Create Sliders','2020-06-02 05:32:54','2020-06-02 05:32:54'),(38,'read_sliders','Read Sliders','Read Sliders','2020-06-02 05:32:54','2020-06-02 05:32:54'),(39,'update_sliders','Update Sliders','Update Sliders','2020-06-02 05:32:54','2020-06-02 05:32:54'),(40,'delete_sliders','Delete Sliders','Delete Sliders','2020-06-02 05:32:54','2020-06-02 05:32:54'),(41,'create_notifications','Create Notifications','Create Notifications','2020-06-02 05:32:54','2020-06-02 05:32:54'),(42,'read_notifications','Read Notifications','Read Notifications','2020-06-02 05:32:54','2020-06-02 05:32:54'),(43,'update_notifications','Update Notifications','Update Notifications','2020-06-02 05:32:54','2020-06-02 05:32:54'),(44,'delete_notifications','Delete Notifications','Delete Notifications','2020-06-02 05:32:54','2020-06-02 05:32:54'),(45,'create_clients','Create Clients','Create Clients','2020-06-02 05:32:54','2020-06-02 05:32:54'),(46,'read_clients','Read Clients','Read Clients','2020-06-02 05:32:54','2020-06-02 05:32:54'),(47,'update_clients','Update Clients','Update Clients','2020-06-02 05:32:54','2020-06-02 05:32:54'),(48,'delete_clients','Delete Clients','Delete Clients','2020-06-02 05:32:54','2020-06-02 05:32:54'),(49,'create_tagers','Create Tagers','Create Tagers','2020-06-02 05:32:54','2020-06-02 05:32:54'),(50,'read_tagers','Read Tagers','Read Tagers','2020-06-02 05:32:54','2020-06-02 05:32:54'),(51,'update_tagers','Update Tagers','Update Tagers','2020-06-02 05:32:54','2020-06-02 05:32:54'),(52,'delete_tagers','Delete Tagers','Delete Tagers','2020-06-02 05:32:54','2020-06-02 05:32:54'),(53,'create_memberships','Create Memberships','Create Memberships','2020-06-02 05:32:54','2020-06-02 05:32:54'),(54,'read_memberships','Read Memberships','Read Memberships','2020-06-02 05:32:54','2020-06-02 05:32:54'),(55,'update_memberships','Update Memberships','Update Memberships','2020-06-02 05:32:54','2020-06-02 05:32:54'),(56,'delete_memberships','Delete Memberships','Delete Memberships','2020-06-02 05:32:54','2020-06-02 05:32:54'),(57,'create_tecnicalSupports','Create TecnicalSupports','Create TecnicalSupports','2020-06-02 05:32:54','2020-06-02 05:32:54'),(58,'read_tecnicalSupports','Read TecnicalSupports','Read TecnicalSupports','2020-06-02 05:32:54','2020-06-02 05:32:54'),(59,'update_tecnicalSupports','Update TecnicalSupports','Update TecnicalSupports','2020-06-02 05:32:54','2020-06-02 05:32:54'),(60,'delete_tecnicalSupports','Delete TecnicalSupports','Delete TecnicalSupports','2020-06-02 05:32:54','2020-06-02 05:32:54'),(61,'create_shippings','Create Shippings','Create Shippings','2020-06-02 05:32:54','2020-06-02 05:32:54'),(62,'read_shippings','Read Shippings','Read Shippings','2020-06-02 05:32:54','2020-06-02 05:32:54'),(63,'update_shippings','Update Shippings','Update Shippings','2020-06-02 05:32:54','2020-06-02 05:32:54'),(64,'delete_shippings','Delete Shippings','Delete Shippings','2020-06-02 05:32:54','2020-06-02 05:32:54'),(65,'create_shippingsOptions','Create ShippingsOptions','Create ShippingsOptions','2020-06-02 05:32:54','2020-06-02 05:32:54'),(66,'read_shippingsOptions','Read ShippingsOptions','Read ShippingsOptions','2020-06-02 05:32:55','2020-06-02 05:32:55'),(67,'update_shippingsOptions','Update ShippingsOptions','Update ShippingsOptions','2020-06-02 05:32:55','2020-06-02 05:32:55'),(68,'delete_shippingsOptions','Delete ShippingsOptions','Delete ShippingsOptions','2020-06-02 05:32:55','2020-06-02 05:32:55'),(69,'create_transactiontypes','Create Transactiontypes','Create Transactiontypes','2020-06-02 05:32:55','2020-06-02 05:32:55'),(70,'read_transactiontypes','Read Transactiontypes','Read Transactiontypes','2020-06-02 05:32:55','2020-06-02 05:32:55'),(71,'update_transactiontypes','Update Transactiontypes','Update Transactiontypes','2020-06-02 05:32:55','2020-06-02 05:32:55'),(72,'delete_transactiontypes','Delete Transactiontypes','Delete Transactiontypes','2020-06-02 05:32:55','2020-06-02 05:32:55'),(73,'create_arrivals','Create Arrivals','Create Arrivals','2020-06-02 05:32:55','2020-06-02 05:32:55'),(74,'read_arrivals','Read Arrivals','Read Arrivals','2020-06-02 05:32:55','2020-06-02 05:32:55'),(75,'update_arrivals','Update Arrivals','Update Arrivals','2020-06-02 05:32:55','2020-06-02 05:32:55'),(76,'delete_arrivals','Delete Arrivals','Delete Arrivals','2020-06-02 05:32:55','2020-06-02 05:32:55'),(77,'create_shippingtypes','Create Shippingtypes','Create Shippingtypes','2020-06-02 05:32:55','2020-06-02 05:32:55'),(78,'read_shippingtypes','Read Shippingtypes','Read Shippingtypes','2020-06-02 05:32:55','2020-06-02 05:32:55'),(79,'update_shippingtypes','Update Shippingtypes','Update Shippingtypes','2020-06-02 05:32:55','2020-06-02 05:32:55'),(80,'delete_shippingtypes','Delete Shippingtypes','Delete Shippingtypes','2020-06-02 05:32:55','2020-06-02 05:32:55'),(81,'create_offers','Create Offers','Create Offers','2020-06-02 05:32:55','2020-06-02 05:32:55'),(82,'read_offers','Read Offers','Read Offers','2020-06-02 05:32:55','2020-06-02 05:32:55'),(83,'update_offers','Update Offers','Update Offers','2020-06-02 05:32:55','2020-06-02 05:32:55'),(84,'delete_offers','Delete Offers','Delete Offers','2020-06-02 05:32:55','2020-06-02 05:32:55'),(85,'create_companies','Create Companies','Create Companies','2020-06-02 05:32:55','2020-06-02 05:32:55'),(86,'read_companies','Read Companies','Read Companies','2020-06-02 05:32:55','2020-06-02 05:32:55'),(87,'update_companies','Update Companies','Update Companies','2020-06-02 05:32:55','2020-06-02 05:32:55'),(88,'delete_companies','Delete Companies','Delete Companies','2020-06-02 05:32:55','2020-06-02 05:32:55'),(89,'create_products','Create Products','Create Products','2020-06-02 05:32:55','2020-06-02 05:32:55'),(90,'read_products','Read Products','Read Products','2020-06-02 05:32:55','2020-06-02 05:32:55'),(91,'update_products','Update Products','Update Products','2020-06-02 05:32:55','2020-06-02 05:32:55'),(92,'delete_products','Delete Products','Delete Products','2020-06-02 05:32:55','2020-06-02 05:32:55'),(93,'create_brands','Create Brands','Create Brands','2020-06-02 05:32:55','2020-06-02 05:32:55'),(94,'read_brands','Read Brands','Read Brands','2020-06-02 05:32:55','2020-06-02 05:32:55'),(95,'update_brands','Update Brands','Update Brands','2020-06-02 05:32:55','2020-06-02 05:32:55'),(96,'delete_brands','Delete Brands','Delete Brands','2020-06-02 05:32:55','2020-06-02 05:32:55'),(97,'create_colors','Create Colors','Create Colors','2020-06-02 05:32:55','2020-06-02 05:32:55'),(98,'read_colors','Read Colors','Read Colors','2020-06-02 05:32:55','2020-06-02 05:32:55'),(99,'update_colors','Update Colors','Update Colors','2020-06-02 05:32:55','2020-06-02 05:32:55'),(100,'delete_colors','Delete Colors','Delete Colors','2020-06-02 05:32:55','2020-06-02 05:32:55'),(101,'create_content_mangement','Create Content_mangement','Create Content_mangement','2020-06-02 05:32:55','2020-06-02 05:32:55'),(102,'read_content_mangement','Read Content_mangement','Read Content_mangement','2020-06-02 05:32:55','2020-06-02 05:32:55'),(103,'update_content_mangement','Update Content_mangement','Update Content_mangement','2020-06-02 05:32:55','2020-06-02 05:32:55'),(104,'delete_content_mangement','Delete Content_mangement','Delete Content_mangement','2020-06-02 05:32:55','2020-06-02 05:32:55'),(105,'create_discount','Create Discount','Create Discount','2020-06-02 05:32:55','2020-06-02 05:32:55'),(106,'read_discount','Read Discount','Read Discount','2020-06-02 05:32:55','2020-06-02 05:32:55'),(107,'update_discount','Update Discount','Update Discount','2020-06-02 05:32:55','2020-06-02 05:32:55'),(108,'delete_discount','Delete Discount','Delete Discount','2020-06-02 05:32:55','2020-06-02 05:32:55'),(109,'create_orders','Create Orders','Create Orders','2020-06-02 05:32:55','2020-06-02 05:32:55'),(110,'read_orders','Read Orders','Read Orders','2020-06-02 05:32:55','2020-06-02 05:32:55'),(111,'update_orders','Update Orders','Update Orders','2020-06-02 05:32:55','2020-06-02 05:32:55'),(112,'delete_orders','Delete Orders','Delete Orders','2020-06-02 05:32:55','2020-06-02 05:32:55'),(113,'read_reports','Read Reports','Read Reports','2020-06-02 05:32:55','2020-06-02 05:32:55'),(114,'read_products_report','Read Products_report','Read Products_report','2020-06-02 05:32:55','2020-06-02 05:32:55'),(115,'read_suppliers_report','Read Suppliers_report','Read Suppliers_report','2020-06-02 05:32:55','2020-06-02 05:32:55'),(116,'read_jamali_report','Read Jamali_report','Read Jamali_report','2020-06-02 05:32:55','2020-06-02 05:32:55'),(117,'read_tager_report','Read Tager_report','Read Tager_report','2020-06-02 05:32:55','2020-06-02 05:32:55');

--
-- Table structure for table `product_categories`
--

CREATE TABLE `product_categories` (
  `id` int unsigned NOT NULL AUTO_INCREMENT,
  `product_id` int unsigned DEFAULT NULL,
  `category_id` int unsigned DEFAULT NULL,
  `created_at` timestamp NULL DEFAULT NULL,
  `updated_at` timestamp NULL DEFAULT NULL,
  PRIMARY KEY (`id`),
  KEY `product_categories_product_id_foreign` (`product_id`),
  KEY `product_categories_category_id_foreign` (`category_id`)
) ENGINE=InnoDB AUTO_INCREMENT=119 DEFAULT CHARSET=utf8mb4 COLLATE=utf8mb4_unicode_ci;

--
-- Dumping data for table `product_categories`
--

INSERT INTO `product_categories` (`id`, `product_id`, `category_id`, `created_at`, `updated_at`) VALUES (17,12,14,NULL,NULL),(19,15,14,NULL,NULL),(21,15,13,NULL,NULL),(26,21,14,NULL,NULL),(27,21,13,NULL,NULL),(28,22,14,NULL,NULL),(29,22,13,NULL,NULL),(30,23,13,NULL,NULL),(31,23,14,NULL,NULL),(32,24,14,NULL,NULL),(33,24,13,NULL,NULL),(41,4,13,NULL,NULL),(42,3,13,NULL,NULL),(43,27,13,NULL,NULL),(44,27,14,NULL,NULL),(45,28,14,NULL,NULL),(46,29,13,NULL,NULL),(47,30,13,NULL,NULL),(61,25,0,NULL,NULL),(62,26,0,NULL,NULL),(73,2,14,NULL,NULL),(74,31,14,NULL,NULL),(75,31,13,NULL,NULL),(76,32,13,NULL,NULL),(77,33,13,NULL,NULL),(78,34,13,NULL,NULL),(79,35,13,NULL,NULL),(81,36,13,NULL,NULL),(82,37,13,NULL,NULL),(83,35,14,NULL,NULL),(84,35,41,NULL,NULL),(85,38,13,NULL,NULL),(86,38,14,NULL,NULL),(87,39,13,NULL,NULL),(88,39,14,NULL,NULL),(89,40,13,NULL,NULL),(90,40,14,NULL,NULL),(91,41,13,NULL,NULL),(92,41,14,NULL,NULL),(93,42,14,NULL,NULL),(94,45,8,NULL,NULL),(95,46,8,NULL,NULL),(96,47,8,NULL,NULL),(97,48,8,NULL,NULL),(98,49,8,NULL,NULL),(99,50,8,NULL,NULL),(100,51,0,NULL,NULL),(102,52,0,NULL,NULL),(103,53,0,NULL,NULL),(104,54,0,NULL,NULL),(105,55,0,NULL,NULL),(106,56,0,NULL,NULL),(107,57,0,NULL,NULL),(109,58,13,NULL,NULL),(110,59,14,NULL,NULL),(112,60,55,NULL,NULL),(113,61,13,NULL,NULL),(114,62,13,NULL,NULL),(116,63,55,NULL,NULL),(117,63,14,NULL,NULL),(118,64,13,NULL,NULL);

--
-- Table structure for table `product_colors`
--

CREATE TABLE `product_colors` (
  `id` bigint unsigned NOT NULL AUTO_INCREMENT,
  `product_id` int unsigned DEFAULT NULL,
  `color_id` int unsigned DEFAULT NULL,
  `imageColor` varchar(191) CHARACTER SET utf8mb4 COLLATE utf8mb4_unicode_ci DEFAULT NULL,
  `ColorCode` varchar(191) CHARACTER SET utf8mb4 COLLATE utf8mb4_unicode_ci DEFAULT NULL,
  `created_at` timestamp NULL DEFAULT NULL,
  `updated_at` timestamp NULL DEFAULT NULL,
  PRIMARY KEY (`id`),
  KEY `product_colors_product_id_foreign` (`product_id`),
  KEY `product_colors_color_id_foreign` (`color_id`)
) ENGINE=InnoDB DEFAULT CHARSET=utf8mb4 COLLATE=utf8mb4_unicode_ci;

--
-- Dumping data for table `product_colors`
--


--
-- Table structure for table `product_companies`
--

CREATE TABLE `product_companies` (
  `id` int unsigned NOT NULL AUTO_INCREMENT,
  `product_id` int unsigned NOT NULL,
  `company_id` int unsigned NOT NULL,
  `created_at` timestamp NULL DEFAULT NULL,
  `updated_at` timestamp NULL DEFAULT NULL,
  PRIMARY KEY (`id`),
  KEY `product_companies_product_id_foreign` (`product_id`),
  KEY `product_companies_company_id_foreign` (`company_id`)
) ENGINE=InnoDB DEFAULT CHARSET=utf8mb4 COLLATE=utf8mb4_unicode_ci;

--
-- Dumping data for table `product_companies`
--


--
-- Table structure for table `product_content_sections`
--

CREATE TABLE `product_content_sections` (
  `id` int unsigned NOT NULL AUTO_INCREMENT,
  `product_id` int unsigned DEFAULT NULL,
  `content_section_id` int unsigned DEFAULT NULL,
  `created_at` timestamp NULL DEFAULT NULL,
  `updated_at` timestamp NULL DEFAULT NULL,
  PRIMARY KEY (`id`),
  KEY `product_content_sections_product_id_foreign` (`product_id`),
  KEY `product_content_sections_content_section_id_foreign` (`content_section_id`)
) ENGINE=InnoDB DEFAULT CHARSET=utf8mb4 COLLATE=utf8mb4_unicode_ci;

--
-- Dumping data for table `product_content_sections`
--


--
-- Table structure for table `product_gifts`
--

CREATE TABLE `product_gifts` (
  `id` int unsigned NOT NULL AUTO_INCREMENT,
  `product_id` int unsigned NOT NULL,
  `gift_id` int unsigned NOT NULL,
  `created_at` timestamp NULL DEFAULT NULL,
  `updated_at` timestamp NULL DEFAULT NULL,
  PRIMARY KEY (`id`),
  KEY `product_gifts_product_id_foreign` (`product_id`),
  KEY `product_gifts_gift_id_foreign` (`gift_id`)
) ENGINE=InnoDB DEFAULT CHARSET=utf8mb4 COLLATE=utf8mb4_unicode_ci;

--
-- Dumping data for table `product_gifts`
--


--
-- Table structure for table `product_orders`
--

CREATE TABLE `product_orders` (
  `id` int unsigned NOT NULL AUTO_INCREMENT,
  `order_id` int unsigned NOT NULL,
  `product_id` int unsigned NOT NULL,
  `company_id` int unsigned NOT NULL,
  `quantity` int NOT NULL DEFAULT '1',
  `option` text CHARACTER SET utf8mb4 COLLATE utf8mb4_unicode_ci NOT NULL,
  `price` decimal(8,2) NOT NULL,
  `shipping_cost` decimal(8,2) DEFAULT NULL,
  `created_at` timestamp NULL DEFAULT NULL,
  `updated_at` timestamp NULL DEFAULT NULL,
  `status_product` int NOT NULL,
  `messages` text CHARACTER SET utf8mb4 COLLATE utf8mb4_unicode_ci,
  `font` varchar(20) CHARACTER SET utf8mb4 COLLATE utf8mb4_unicode_ci DEFAULT NULL,
  `user_id` int DEFAULT NULL,
  PRIMARY KEY (`id`),
  KEY `product_orders_order_id_foreign` (`order_id`),
  KEY `product_orders_product_id_foreign` (`product_id`),
  KEY `product_orders_company_id_foreign` (`company_id`)
) ENGINE=InnoDB AUTO_INCREMENT=85 DEFAULT CHARSET=utf8mb4 COLLATE=utf8mb4_unicode_ci;

--
-- Dumping data for table `product_orders`
--

INSERT INTO `product_orders` (`id`, `order_id`, `product_id`, `company_id`, `quantity`, `option`, `price`, `shipping_cost`, `created_at`, `updated_at`, `status_product`, `messages`, `font`, `user_id`) VALUES (1,1,21,0,1,' ',44.00,NULL,'2022-12-18 14:25:48','2022-12-18 14:25:48',0,NULL,NULL,6015),(2,2,21,0,1,' ',44.00,NULL,'2022-12-20 22:31:27','2022-12-20 22:31:27',0,NULL,NULL,6015),(3,3,25,0,1,' ',10.00,NULL,'2023-01-13 05:36:30','2023-01-13 05:36:30',0,NULL,NULL,6075),(7,4,2,0,1,' ',10.00,NULL,'2023-01-19 13:04:24','2023-01-19 13:04:24',0,NULL,NULL,6015),(8,5,2,0,1,' ',10.00,NULL,'2023-01-19 14:21:27','2023-01-19 14:21:27',0,NULL,NULL,6015),(10,6,28,0,1,' ',33.00,NULL,'2023-01-23 08:44:38','2023-01-23 08:44:38',0,NULL,NULL,6328),(11,7,29,0,1,' ',55.00,NULL,'2023-01-23 14:43:43','2023-01-23 14:43:43',0,NULL,NULL,6327),(17,9,27,0,1,' ',0.00,NULL,'2023-01-24 08:48:22','2023-01-24 08:48:22',0,NULL,NULL,6328),(27,13,27,0,1,' ',0.00,NULL,'2023-03-29 20:08:46','2023-03-29 20:08:46',0,NULL,NULL,6328),(29,8,29,0,1,' ',55.00,NULL,'2023-04-01 00:48:28','2023-04-01 00:48:28',0,NULL,NULL,6327),(32,15,32,0,5,' ',500.00,NULL,'2023-04-01 00:53:53','2023-04-01 00:54:16',0,NULL,NULL,6361),(33,16,32,0,1,' ',500.00,NULL,'2023-04-01 00:56:59','2023-04-01 00:56:59',0,NULL,NULL,6361),(34,17,32,0,3,' ',500.00,NULL,'2023-04-01 01:02:50','2023-04-01 01:07:05',0,NULL,NULL,6361),(35,18,32,0,9,' ',500.00,NULL,'2023-04-01 01:07:21','2023-04-01 01:19:50',0,NULL,NULL,6361),(36,19,32,0,3,' ',500.00,NULL,'2023-04-01 01:30:25','2023-04-01 01:32:29',0,NULL,NULL,6361),(38,10,28,0,1,' ',44.00,NULL,'2023-04-01 01:51:24','2023-04-01 01:51:24',0,NULL,NULL,6328),(42,20,33,0,1,' ',100.00,NULL,'2023-04-01 02:39:28','2023-04-01 02:39:28',0,NULL,NULL,6361),(48,21,36,0,1,' ',900.00,NULL,'2023-04-01 03:03:16','2023-04-01 03:03:16',0,NULL,NULL,6361),(49,22,35,0,1,' ',900.00,NULL,'2023-04-01 23:47:42','2023-04-01 23:47:42',0,NULL,NULL,6361),(50,23,36,0,1,' ',900.00,NULL,'2023-04-02 00:40:37','2023-04-02 00:40:37',0,NULL,NULL,6361),(51,23,35,0,5,' ',900.00,NULL,'2023-04-02 00:43:38','2023-04-02 00:58:07',0,NULL,NULL,6361),(52,23,34,0,2,' ',100.00,NULL,'2023-04-02 00:43:48','2023-04-02 00:56:27',0,NULL,NULL,6361),(54,12,35,0,2,' ',900.00,NULL,'2023-04-02 00:49:41','2023-04-02 14:49:44',0,NULL,NULL,6361),(55,12,32,0,4,' ',44.00,NULL,'2023-04-02 14:20:52','2023-04-02 14:35:19',0,NULL,NULL,6361),(56,24,37,0,2,' ',1500.00,NULL,'2023-04-02 14:39:11','2023-04-02 14:39:26',0,NULL,NULL,6361),(57,24,34,0,2,' ',100.00,NULL,'2023-04-02 14:39:20','2023-04-02 14:39:23',0,NULL,NULL,6361),(58,25,37,0,3,' ',1500.00,NULL,'2023-04-02 14:46:13','2023-04-02 14:46:21',0,NULL,NULL,6361),(59,26,35,0,2,' ',900.00,NULL,'2023-04-02 14:47:35','2023-04-02 14:47:38',0,NULL,NULL,6361),(60,27,37,0,3,' ',1500.00,NULL,'2023-04-02 14:51:26','2023-04-02 15:12:56',0,NULL,NULL,6361),(61,28,32,0,1,' ',500.00,NULL,'2023-04-02 15:15:28','2023-04-02 15:15:28',0,NULL,NULL,6361),(62,29,35,0,2,' ',900.00,NULL,'2023-04-02 15:17:20','2023-04-02 15:17:34',0,NULL,NULL,6361),(63,29,37,0,2,' ',1500.00,NULL,'2023-04-02 15:17:28','2023-04-02 15:17:32',0,NULL,NULL,6361),(64,30,32,0,1,' ',500.00,NULL,'2023-04-02 15:18:44','2023-04-02 15:18:44',0,NULL,NULL,6361),(65,31,34,0,1,' ',100.00,NULL,'2023-04-02 15:19:57','2023-04-02 15:19:57',0,NULL,NULL,6361),(66,32,37,0,3,' ',1500.00,NULL,'2023-04-02 15:22:07','2023-04-02 15:22:13',0,NULL,NULL,6361),(67,33,32,0,1,' ',500.00,NULL,'2023-04-02 15:29:34','2023-04-02 15:29:34',0,NULL,NULL,6361),(68,34,37,0,3,' ',1500.00,NULL,'2023-04-02 15:30:22','2023-04-02 15:32:05',0,NULL,NULL,6361),(69,35,37,0,3,' ',1500.00,NULL,'2023-04-02 15:43:16','2023-04-02 15:43:23',0,NULL,NULL,6361),(70,36,35,0,3,' ',900.00,NULL,'2023-04-02 15:47:21','2023-04-02 15:47:27',0,NULL,NULL,6361),(71,37,37,0,3,' ',1500.00,NULL,'2023-04-03 00:31:48','2023-04-03 00:31:57',0,NULL,NULL,6361),(72,38,37,0,3,' ',1500.00,NULL,'2023-04-03 00:43:04','2023-04-03 00:47:30',0,NULL,NULL,6361),(73,39,60,0,2,' ',55.00,NULL,'2023-04-03 01:50:13','2023-04-03 01:50:30',0,NULL,NULL,6366),(74,39,61,0,2,' ',55.00,NULL,'2023-04-03 01:50:24','2023-04-03 01:50:28',0,NULL,NULL,6366),(78,40,61,0,1,' ',55.00,NULL,'2023-04-03 06:26:13','2023-04-03 06:26:13',0,NULL,NULL,6366),(80,41,63,0,2,' ',56.00,NULL,'2023-04-03 19:19:13','2023-04-03 19:19:19',0,NULL,NULL,6367),(81,42,64,0,1,' ',1.00,NULL,'2023-11-02 05:29:15','2023-11-02 05:29:15',0,NULL,NULL,6361),(82,43,64,0,2,' ',1.00,NULL,'2023-11-12 22:30:42','2023-11-12 22:31:11',0,NULL,NULL,6361),(83,44,64,0,1,' ',1.00,NULL,'2023-11-13 13:26:11','2023-11-13 13:26:11',0,NULL,NULL,6361),(84,45,64,0,1,' ',1.00,NULL,'2023-12-04 10:43:06','2023-12-04 10:43:06',0,NULL,NULL,6361);

--
-- Table structure for table `product_otherdatas`
--

CREATE TABLE `product_otherdatas` (
  `id` bigint unsigned NOT NULL AUTO_INCREMENT,
  `product_id` int unsigned DEFAULT NULL,
  `input_key_ar` varchar(191) CHARACTER SET utf8mb4 COLLATE utf8mb4_unicode_ci NOT NULL,
  `input_value_ar` varchar(191) CHARACTER SET utf8mb4 COLLATE utf8mb4_unicode_ci NOT NULL,
  `input_key_en` varchar(191) CHARACTER SET utf8mb4 COLLATE utf8mb4_unicode_ci DEFAULT NULL,
  `input_value_en` varchar(191) CHARACTER SET utf8mb4 COLLATE utf8mb4_unicode_ci DEFAULT NULL,
  `created_at` timestamp NULL DEFAULT NULL,
  `updated_at` timestamp NULL DEFAULT NULL,
  PRIMARY KEY (`id`),
  KEY `product_otherdatas_product_id_foreign` (`product_id`)
) ENGINE=InnoDB DEFAULT CHARSET=utf8mb4 COLLATE=utf8mb4_unicode_ci;

--
-- Dumping data for table `product_otherdatas`
--


--
-- Table structure for table `product_size_colors`
--

CREATE TABLE `product_size_colors` (
  `id` bigint unsigned NOT NULL AUTO_INCREMENT,
  `size_id` bigint unsigned DEFAULT NULL,
  `color_id` bigint unsigned DEFAULT NULL,
  `product_id` int unsigned DEFAULT NULL,
  `amount` int NOT NULL,
  `price` decimal(8,2) NOT NULL,
  `created_at` timestamp NULL DEFAULT NULL,
  `updated_at` timestamp NULL DEFAULT NULL,
  PRIMARY KEY (`id`),
  KEY `product_size_colors_size_id_foreign` (`size_id`),
  KEY `product_size_colors_color_id_foreign` (`color_id`),
  KEY `product_size_colors_product_id_foreign` (`product_id`)
) ENGINE=InnoDB DEFAULT CHARSET=utf8mb4 COLLATE=utf8mb4_unicode_ci;

--
-- Dumping data for table `product_size_colors`
--


--
-- Table structure for table `product_size_translations`
--

CREATE TABLE `product_size_translations` (
  `id` int unsigned NOT NULL AUTO_INCREMENT,
  `product_size_id` bigint unsigned NOT NULL,
  `titleSize` varchar(191) CHARACTER SET utf8mb4 COLLATE utf8mb4_unicode_ci DEFAULT NULL,
  `locale` varchar(191) CHARACTER SET utf8mb4 COLLATE utf8mb4_unicode_ci NOT NULL,
  `created_at` timestamp NULL DEFAULT NULL,
  `updated_at` timestamp NULL DEFAULT NULL,
  PRIMARY KEY (`id`),
  UNIQUE KEY `product_size_translations_product_size_id_locale_unique` (`product_size_id`,`locale`)
) ENGINE=InnoDB DEFAULT CHARSET=utf8mb4 COLLATE=utf8mb4_unicode_ci;

--
-- Dumping data for table `product_size_translations`
--


--
-- Table structure for table `product_sizes`
--

CREATE TABLE `product_sizes` (
  `id` bigint unsigned NOT NULL AUTO_INCREMENT,
  `product_id` int unsigned DEFAULT NULL,
  `created_at` timestamp NULL DEFAULT NULL,
  `updated_at` timestamp NULL DEFAULT NULL,
  PRIMARY KEY (`id`),
  KEY `product_sizes_product_id_foreign` (`product_id`)
) ENGINE=InnoDB DEFAULT CHARSET=utf8mb4 COLLATE=utf8mb4_unicode_ci;

--
-- Dumping data for table `product_sizes`
--


--
-- Table structure for table `product_translations`
--

CREATE TABLE `product_translations` (
  `id` int unsigned NOT NULL AUTO_INCREMENT,
  `product_id` int unsigned NOT NULL,
  `name` varchar(191) CHARACTER SET utf8mb4 COLLATE utf8mb4_unicode_ci DEFAULT NULL,
  `content` text CHARACTER SET utf8mb4 COLLATE utf8mb4_unicode_ci,
  `meta_keywords` varchar(191) CHARACTER SET utf8mb4 COLLATE utf8mb4_unicode_ci DEFAULT NULL,
  `meta_description` text CHARACTER SET utf8mb4 COLLATE utf8mb4_unicode_ci,
  `locale` varchar(191) CHARACTER SET utf8mb4 COLLATE utf8mb4_unicode_ci NOT NULL,
  PRIMARY KEY (`id`),
  UNIQUE KEY `product_translations_product_id_locale_unique` (`product_id`,`locale`),
  KEY `product_translations_locale_index` (`locale`)
) ENGINE=InnoDB AUTO_INCREMENT=129 DEFAULT CHARSET=utf8mb4 COLLATE=utf8mb4_unicode_ci;

--
-- Dumping data for table `product_translations`
--

INSERT INTO `product_translations` (`id`, `product_id`, `name`, `content`, `meta_keywords`, `meta_description`, `locale`) VALUES (1,1,'منتج جديد','منتج جديد',NULL,NULL,'ar'),(2,1,'منتج جديد','منتج جديد',NULL,NULL,'en'),(3,2,'ahmed','test',NULL,NULL,'ar'),(4,2,'ahmed','test',NULL,NULL,'en'),(5,3,'منتج جديد 3','منتج جديد 3',NULL,NULL,'ar'),(6,3,'منتج جديد 3','منتج جديد 3',NULL,NULL,'en'),(7,4,'منتج جديد 4','منتج جديد 4',NULL,NULL,'ar'),(8,4,'منتج جديد 4','منتج جديد 4',NULL,NULL,'en'),(9,5,'new 0','des',NULL,NULL,'ar'),(10,5,'new 0','des',NULL,NULL,'en'),(11,6,'new 0','des',NULL,NULL,'ar'),(12,6,'new 0','des',NULL,NULL,'en'),(13,7,'new 0','des',NULL,NULL,'ar'),(14,7,'new 0','des',NULL,NULL,'en'),(15,8,'new 0','des',NULL,NULL,'ar'),(16,8,'new 0','des',NULL,NULL,'en'),(17,9,'test','content_ar',NULL,NULL,'ar'),(18,9,'test','content_ar',NULL,NULL,'en'),(19,10,'ggggg','xxxx',NULL,NULL,'ar'),(20,10,'ggggg','xxxx',NULL,NULL,'en'),(21,11,'tyrsytreyeryre','ertewarewrqwe',NULL,NULL,'ar'),(22,11,'tyrsytreyeryre','ertewarewrqwe',NULL,NULL,'en'),(23,12,'samer abooda','content_ar',NULL,NULL,'ar'),(24,12,'samer abooda','content_ar',NULL,NULL,'en'),(25,13,'ggghhh','hhgvv',NULL,NULL,'ar'),(26,13,'ggghhh','hhgvv',NULL,NULL,'en'),(27,14,'hvvv','gvv',NULL,NULL,'ar'),(28,14,'hvvv','gvv',NULL,NULL,'en'),(29,15,'asdasd','asdasdasd',NULL,NULL,'ar'),(30,15,'asdasd','asdasdasd',NULL,NULL,'en'),(31,16,'hhjj','jbb',NULL,NULL,'ar'),(32,16,'hhjj','jbb',NULL,NULL,'en'),(33,17,'fsgh','gd',NULL,NULL,'ar'),(34,17,'fsgh','gd',NULL,NULL,'en'),(35,18,'yghfdc','fdsgsd',NULL,NULL,'ar'),(36,18,'yghfdc','fdsgsd',NULL,NULL,'en'),(37,19,'regfds','sdfgsd',NULL,NULL,'ar'),(38,19,'regfds','sdfgsd',NULL,NULL,'en'),(39,20,'sdf','fsa',NULL,NULL,'ar'),(40,20,'sdf','fsa',NULL,NULL,'en'),(41,21,'erter','twre',NULL,NULL,'ar'),(42,21,'erter','twre',NULL,NULL,'en'),(43,22,'٦٤٣٥٦','٣٤٥٦',NULL,NULL,'ar'),(44,22,'٦٤٣٥٦','٣٤٥٦',NULL,NULL,'en'),(45,23,'vvb','bbh',NULL,NULL,'ar'),(46,23,'vvb','bbh',NULL,NULL,'en'),(47,24,'877','bhjbb',NULL,NULL,'ar'),(48,24,'877','bhjbb',NULL,NULL,'en'),(49,25,'تجريبي','تجريبي١٢٣٤',NULL,NULL,'ar'),(50,25,'تجريبي','تجريبي١٢٣٤',NULL,NULL,'en'),(51,26,'test1','testtesttest',NULL,NULL,'ar'),(52,26,'test1','testtesttest',NULL,NULL,'en'),(53,27,'٤٤','ـ',NULL,NULL,'ar'),(54,27,'٤٤','ـ',NULL,NULL,'en'),(55,28,'new products anwer','add asd',NULL,NULL,'ar'),(56,28,'new products anwer','add asd',NULL,NULL,'en'),(57,29,'vbjn','hbbbb',NULL,NULL,'ar'),(58,29,'vbjn','hbbbb',NULL,NULL,'en'),(59,30,'السلام عليكم','هذي تحيه الاسلام',NULL,NULL,'ar'),(60,30,'السلام عليكم','هذي تحيه الاسلام',NULL,NULL,'en'),(61,31,'anwer','anwer shehata',NULL,NULL,'ar'),(62,31,'anwer','anwer shehata',NULL,NULL,'en'),(63,32,'السلام','ترحيب',NULL,NULL,'ar'),(64,32,'السلام','ترحيب',NULL,NULL,'en'),(65,33,'سلام','الترحيب بالاسلام',NULL,NULL,'ar'),(66,33,'سلام','الترحيب بالاسلام',NULL,NULL,'en'),(67,34,'سلام','الترحيب بالاسلام',NULL,NULL,'ar'),(68,34,'سلام','الترحيب بالاسلام',NULL,NULL,'en'),(69,35,'السلام','السلام عليكم',NULL,NULL,'ar'),(70,35,'السلام','السلام عليكم',NULL,NULL,'en'),(71,36,'السلام','السلام عليكم',NULL,NULL,'ar'),(72,36,'السلام','السلام عليكم',NULL,NULL,'en'),(73,37,'السلام','السلام هي ترحيب الاسلام',NULL,NULL,'ar'),(74,37,'السلام','السلام هي ترحيب الاسلام',NULL,NULL,'en'),(75,38,'anwer shehata','testc product',NULL,NULL,'ar'),(76,38,'anwer shehata','testc product',NULL,NULL,'en'),(77,39,'anwer shehata','testc product',NULL,NULL,'ar'),(78,39,'anwer shehata','testc product',NULL,NULL,'en'),(79,40,'anwer shehata','testc product',NULL,NULL,'ar'),(80,40,'anwer shehata','testc product',NULL,NULL,'en'),(81,41,'anwer shehata','testc product',NULL,NULL,'ar'),(82,41,'anwer shehata','testc product',NULL,NULL,'en'),(83,42,'ans anwer zydan','test add producte',NULL,NULL,'ar'),(84,42,'ans anwer zydan','test add producte',NULL,NULL,'en'),(85,43,'test','content_ar',NULL,NULL,'ar'),(86,43,'test','content_ar',NULL,NULL,'en'),(87,44,'test','content_ar',NULL,NULL,'ar'),(88,44,'test','content_ar',NULL,NULL,'en'),(89,45,'test','content_ar',NULL,NULL,'ar'),(90,45,'test','content_ar',NULL,NULL,'en'),(91,46,'test','content_ar',NULL,NULL,'ar'),(92,46,'test','content_ar',NULL,NULL,'en'),(93,47,'test','content_ar',NULL,NULL,'ar'),(94,47,'test','content_ar',NULL,NULL,'en'),(95,48,'test','content_ar',NULL,NULL,'ar'),(96,48,'test','content_ar',NULL,NULL,'en'),(97,49,'test','content_ar',NULL,NULL,'ar'),(98,49,'test','content_ar',NULL,NULL,'en'),(99,50,'test','content_ar',NULL,NULL,'ar'),(100,50,'test','content_ar',NULL,NULL,'en'),(101,51,'8','fsdgs',NULL,NULL,'ar'),(102,51,'8','fsdgs',NULL,NULL,'en'),(103,52,'fdghfdgh','dfghfdhd',NULL,NULL,'ar'),(104,52,'fdghfdgh','dfghfdhd',NULL,NULL,'en'),(105,53,'5','rtyrte',NULL,NULL,'ar'),(106,53,'5','rtyrte',NULL,NULL,'en'),(107,54,'7','dfsgfds',NULL,NULL,'ar'),(108,54,'7','dfsgfds',NULL,NULL,'en'),(109,55,'retyrte','rety',NULL,NULL,'ar'),(110,55,'retyrte','rety',NULL,NULL,'en'),(111,56,'7','7',NULL,NULL,'ar'),(112,56,'7','7',NULL,NULL,'en'),(113,57,'bbhh','ggg',NULL,NULL,'ar'),(114,57,'bbhh','ggg',NULL,NULL,'en'),(115,58,'ggg','fffff',NULL,NULL,'ar'),(116,58,'ggg','fffff',NULL,NULL,'en'),(117,59,'hhh','ffff',NULL,NULL,'ar'),(118,59,'hhh','ffff',NULL,NULL,'en'),(119,60,'producte 1','data producte 1',NULL,NULL,'ar'),(120,60,'producte 1','data producte 1',NULL,NULL,'en'),(121,61,'ooo','hghg',NULL,NULL,'ar'),(122,61,'ooo','hghg',NULL,NULL,'en'),(123,62,'تجريبي ٢٠٢٣','لمعرفة عمل البرنامج',NULL,NULL,'ar'),(124,62,'تجريبي ٢٠٢٣','لمعرفة عمل البرنامج',NULL,NULL,'en'),(125,63,'dfsgdfsgfds','هذا النص هو مثال لنص يمكن أن يستبدل في نفس المساحة، لقد تم توليد هذا النص من مولد النص العربى، حيث يمكنك أن تولد مثل هذا النص أو العديد من النصوص الأخرى إضافة إلى زيادة عدد الحروف التى يولدها التطبيق.\nإذا كنت تحتاج إلى عدد أكبر من الفقرات يتيح لك مولد النص العربى زيادة عدد الفقرات كما تريد، النص لن يبدو مقسما ولا يحوي أخطاء لغوية، مولد النص العربى مفيد لمصممي المواقع على وجه الخصوص، حيث يحتاج العميل فى كثير من الأحيان أن يطلع على صورة حقيقية لتصميم الموقع.\nومن هنا وجب على المصمم أن يضع نصوصا مؤقتة على التصميم ليظهر للعميل الشكل كاملاً،دور مولد النص العربى أن يوفر على المصمم عناء البحث عن نص بديل لا علاقة له بالموضوع الذى يتحدث عنه التصميم فيظهر بشكل لا يليق.\nهذا النص يمكن أن يتم تركيبه على أي تصميم دون مشكلة فلن يبدو وكأنه نص منسوخ، غير منظم، غير منسق، أو حتى غير مفهوم. لأنه مازال نصاً بديلاً ومؤقتاً.',NULL,NULL,'ar'),(126,63,'dfsgdfsgfds','هذا النص هو مثال لنص يمكن أن يستبدل في نفس المساحة، لقد تم توليد هذا النص من مولد النص العربى، حيث يمكنك أن تولد مثل هذا النص أو العديد من النصوص الأخرى إضافة إلى زيادة عدد الحروف التى يولدها التطبيق.\nإذا كنت تحتاج إلى عدد أكبر من الفقرات يتيح لك مولد النص العربى زيادة عدد الفقرات كما تريد، النص لن يبدو مقسما ولا يحوي أخطاء لغوية، مولد النص العربى مفيد لمصممي المواقع على وجه الخصوص، حيث يحتاج العميل فى كثير من الأحيان أن يطلع على صورة حقيقية لتصميم الموقع.\nومن هنا وجب على المصمم أن يضع نصوصا مؤقتة على التصميم ليظهر للعميل الشكل كاملاً،دور مولد النص العربى أن يوفر على المصمم عناء البحث عن نص بديل لا علاقة له بالموضوع الذى يتحدث عنه التصميم فيظهر بشكل لا يليق.\nهذا النص يمكن أن يتم تركيبه على أي تصميم دون مشكلة فلن يبدو وكأنه نص منسوخ، غير منظم، غير منسق، أو حتى غير مفهوم. لأنه مازال نصاً بديلاً ومؤقتاً.',NULL,NULL,'en'),(127,64,'test','testtesttesttesttesttesttesttesttesttesttesttesttesttesttesttesttesttesttesttesttesttesttesttesttesttesttesttesttesttest',NULL,NULL,'ar'),(128,64,'test','testtesttesttesttesttesttesttesttesttesttesttesttesttesttesttesttesttesttesttesttesttesttesttesttesttesttesttesttesttest',NULL,NULL,'en');

--
-- Table structure for table `products`
--

CREATE TABLE `products` (
  `id` int unsigned NOT NULL AUTO_INCREMENT,
  `image` varchar(191) CHARACTER SET utf8mb4 COLLATE utf8mb4_unicode_ci DEFAULT NULL,
  `user_id` int unsigned DEFAULT NULL,
  `company_id` int unsigned DEFAULT NULL,
  `brand_id` int unsigned DEFAULT NULL,
  `color_id` int unsigned DEFAULT NULL,
  `mainprice` decimal(8,2) NOT NULL DEFAULT '0.00',
  `discount` decimal(8,2) NOT NULL DEFAULT '0.00',
  `stoke` int NOT NULL DEFAULT '0',
  `main_stock` int DEFAULT NULL,
  `option` enum('true','false') CHARACTER SET utf8mb4 COLLATE utf8mb4_unicode_ci DEFAULT NULL,
  `code` varchar(191) CHARACTER SET utf8mb4 COLLATE utf8mb4_unicode_ci DEFAULT NULL,
  `status` enum('pending','reject','active') CHARACTER SET utf8mb4 COLLATE utf8mb4_unicode_ci NOT NULL DEFAULT 'pending',
  `deleted_at` timestamp NULL DEFAULT NULL,
  `created_at` timestamp NULL DEFAULT NULL,
  `updated_at` timestamp NULL DEFAULT NULL,
  `main` int NOT NULL DEFAULT '0',
  `offer` int NOT NULL DEFAULT '0',
  `rate` int NOT NULL DEFAULT '0',
  `reason` varchar(20) CHARACTER SET utf8mb4 COLLATE utf8mb4_unicode_ci DEFAULT NULL,
  `package_id` int DEFAULT NULL,
  PRIMARY KEY (`id`),
  KEY `products_user_id_foreign` (`user_id`),
  KEY `products_company_id_foreign` (`company_id`),
  KEY `products_brand_id_foreign` (`brand_id`),
  KEY `products_color_id_foreign` (`color_id`)
) ENGINE=InnoDB AUTO_INCREMENT=65 DEFAULT CHARSET=utf8mb4 COLLATE=utf8mb4_unicode_ci;

--
-- Dumping data for table `products`
--

INSERT INTO `products` (`id`, `image`, `user_id`, `company_id`, `brand_id`, `color_id`, `mainprice`, `discount`, `stoke`, `main_stock`, `option`, `code`, `status`, `deleted_at`, `created_at`, `updated_at`, `main`, `offer`, `rate`, `reason`, `package_id`) VALUES (1,'5P6IOfpd6zsZPAiP0PDce0IqZaUHRslcq5rXNXff.webp',6015,NULL,NULL,NULL,10.00,5.00,-2,NULL,NULL,NULL,'active','2022-12-18 10:01:42','2022-12-13 14:04:46','2022-12-18 10:01:42',0,0,5,NULL,NULL),(2,'2023-03-24-scaled_AuroraPillars_Correia_4898.jpg',6015,NULL,NULL,NULL,88.00,88.00,16,NULL,NULL,NULL,'pending',NULL,'2022-12-13 14:09:18','2023-03-23 23:32:37',0,0,5,NULL,NULL),(3,'khQn1XgSPSHlGfVtj6wnDRYF4wc6KoJc1PKM3D7h.webp',NULL,NULL,NULL,NULL,0.00,0.00,0,NULL,NULL,NULL,'active','2023-04-05 11:54:23','2022-12-13 14:10:50','2023-04-05 11:54:23',0,0,0,NULL,NULL),(4,'SdJcr9iK5qrTtAQI5kuoQ3BCGolhAsuNz1Ao9IH7.webp',NULL,NULL,NULL,NULL,20.00,0.00,82,NULL,NULL,NULL,'active','2023-04-05 11:54:48','2022-12-13 14:12:07','2023-04-05 11:54:48',0,0,5,NULL,NULL),(5,'2022-12-15-download-1.jpg',6015,NULL,NULL,NULL,100.00,10.00,100,NULL,NULL,NULL,'active','2022-12-18 10:01:56','2022-12-15 12:54:17','2022-12-18 10:01:56',0,0,0,NULL,22),(6,'2022-12-15-download.jpg',6015,NULL,NULL,NULL,100.00,10.00,5,NULL,NULL,NULL,'active','2022-12-18 10:01:49','2022-12-15 13:11:43','2022-12-18 10:01:49',0,0,0,NULL,22),(7,'2022-12-15-download-1.jpg',6015,NULL,NULL,NULL,100.00,10.00,5,NULL,NULL,NULL,'active','2022-12-18 10:03:31','2022-12-15 13:12:09','2022-12-18 10:03:31',0,0,0,NULL,22),(8,'2022-12-15-download-2.jpg',6015,NULL,NULL,NULL,100.00,10.00,5,NULL,NULL,NULL,'pending','2022-12-16 22:27:12','2022-12-15 13:12:18','2022-12-16 22:27:12',0,0,0,NULL,22),(9,'2022-12-17-download-2.jpg',6015,NULL,NULL,NULL,100.00,10.00,100,NULL,NULL,NULL,'pending','2022-12-16 22:27:15','2022-12-16 22:21:51','2022-12-16 22:27:15',0,0,0,NULL,22),(10,'2022-12-17-scaled_image_picker1643911712053717133.png',6015,NULL,NULL,NULL,5555.00,5.00,88,NULL,NULL,NULL,'pending','2022-12-16 22:27:19','2022-12-16 22:26:37','2022-12-16 22:27:19',0,0,0,NULL,22),(11,'2022-12-17-scaled_image_picker5579954650525050521.jpg',6015,NULL,NULL,NULL,345.00,345.00,43,NULL,NULL,NULL,'pending','2022-12-18 10:03:39','2022-12-16 22:28:54','2022-12-18 10:03:39',0,0,0,NULL,22),(12,'2022-12-18-image_picker_EC675E76-41E5-4185-8B8D-36BB7B0FD1A1-4331-000000C547AF803A.png',6015,NULL,NULL,NULL,100.00,10.00,55,NULL,NULL,NULL,'pending','2022-12-20 22:29:19','2022-12-18 12:24:53','2022-12-20 22:29:19',0,0,0,NULL,22),(13,'2022-12-18-image_picker_F723BAB6-04B8-4F68-9450-DD06E14FAA9D-4331-000000C83ADADB0E.png',6015,NULL,NULL,NULL,55.00,55.00,888,NULL,NULL,NULL,'active','2023-01-02 19:59:37','2022-12-18 12:34:33','2023-01-02 19:59:37',0,0,0,NULL,22),(14,'2022-12-18-image_picker_10CA9591-1358-4B3E-9B5B-0526EC97CE4F-4331-000000C93ADD7B62.png',6015,NULL,NULL,NULL,55.00,80.00,852,NULL,NULL,NULL,'pending','2023-03-14 22:00:44','2022-12-18 12:36:26','2023-03-14 22:00:44',0,0,0,NULL,22),(15,'2022-12-18-image_picker_9A35AAE1-58D6-4C89-B132-92B70C62EA26-4331-000000CA3ACD3ABD.jpg',6015,NULL,NULL,NULL,2.00,0.00,32,NULL,NULL,NULL,'pending','2023-03-14 22:00:53','2022-12-18 12:39:27','2023-03-14 22:00:53',0,0,0,NULL,22),(16,'2022-12-18-image_picker_701CCD42-2851-4B30-BC84-675741BC547B-4331-000000CB40F0BED4.png',6015,NULL,NULL,NULL,55.00,88.00,80,NULL,NULL,NULL,'pending','2023-03-14 22:01:00','2022-12-18 12:42:26','2023-03-14 22:01:00',0,0,0,NULL,22),(17,'2022-12-18-image_picker_5EE1419F-803E-4237-8B3B-8D0FF9D6BDC1-33974-0000132ECB6DE7D0.jpg',6015,NULL,NULL,NULL,546.00,456.00,456,NULL,NULL,NULL,'active','2023-03-14 22:00:08','2022-12-18 13:44:06','2023-03-14 22:00:08',0,0,0,NULL,22),(18,'2022-12-18-image_picker_CFC682E2-AE49-491B-A9C3-056E5615F597-33974-000013436E49CB73.jpg',6015,NULL,NULL,NULL,55.00,34.00,67,NULL,NULL,NULL,'pending','2023-03-14 22:01:18','2022-12-18 13:45:34','2023-03-14 22:01:18',0,0,0,NULL,22),(19,'2022-12-18-image_picker_2A44FB93-D400-4BF9-97D0-88F27DAB5F1A-33974-0000135587DC4B1F.jpg',6015,NULL,NULL,NULL,44.00,23.00,23,NULL,NULL,NULL,'pending','2023-03-14 22:01:25','2022-12-18 13:47:09','2023-03-14 22:01:25',0,0,0,NULL,22),(20,'2022-12-18-image_picker_FDD1B868-120E-45BE-A5D7-7852103C7EA0-33974-00001364A4989120.jpg',6015,NULL,NULL,NULL,544.00,44.00,44,NULL,NULL,NULL,'pending','2023-03-14 22:00:39','2022-12-18 13:47:56','2023-03-14 22:00:39',0,0,0,NULL,22),(21,'2022-12-18-image_picker_543EA661-1098-4B11-8D64-50924568D082-33974-0000138BE70DE9EC.jpg',6015,NULL,NULL,NULL,44.00,55.00,52,NULL,NULL,NULL,'pending','2023-03-14 22:00:19','2022-12-18 13:50:55','2023-03-14 22:00:19',0,0,0,NULL,22),(22,'2022-12-18-image_picker_D38C9115-7033-41F7-83A4-A5DE19C605C2-33974-0000175E06F7BA9A.jpg',6015,NULL,NULL,NULL,0.00,0.00,0,NULL,NULL,NULL,'pending','2023-03-14 22:00:25','2022-12-18 15:00:47','2023-03-14 22:00:25',0,0,0,NULL,25),(23,'2022-12-19-image_picker_BA759CE6-2411-4C7D-BC83-A34DAFA8C280-9250-000001AECFF64E6C.jpg',6015,NULL,NULL,NULL,58.00,55.00,88,NULL,NULL,NULL,'pending','2023-03-14 22:01:10','2022-12-19 11:18:20','2023-03-14 22:01:10',0,0,0,NULL,25),(24,'2022-12-19-image_picker_41708779-C601-48E7-A5EB-209C124E242C-9250-000001B3288322DB.jpg',6015,NULL,NULL,NULL,55.00,44.00,23,NULL,NULL,NULL,'pending','2023-03-14 22:00:32','2022-12-19 11:31:39','2023-03-14 22:00:32',0,0,0,NULL,25),(25,'2023-03-17-scaled_etada.jpg',6075,NULL,NULL,NULL,10.00,20.00,10,NULL,NULL,NULL,'active','2023-04-05 11:54:33','2023-01-13 02:21:12','2023-04-05 11:54:33',0,0,0,NULL,25),(26,'2023-03-17-scaled_instagram.png',6075,NULL,NULL,NULL,20.00,10.00,10,NULL,NULL,NULL,'pending',NULL,'2023-01-13 02:22:42','2023-03-17 01:02:05',0,0,0,NULL,25),(27,'2023-01-19-image_picker_1A8CBA99-331C-4829-8BB7-13D83DBDF8E7-29708-000017567B208E42.jpg',6328,NULL,NULL,NULL,0.00,0.00,0,NULL,NULL,NULL,'active','2023-04-05 11:54:53','2023-01-19 15:29:23','2023-04-05 11:54:53',0,0,0,NULL,25),(28,'2023-01-19-image_picker_3DDC8B1B-BBD9-49AA-9404-B34E6F3341EB-29708-000017D478185591.jpg',6328,NULL,NULL,NULL,33.00,44.00,54,NULL,NULL,NULL,'active','2023-04-05 11:54:35','2023-01-19 15:38:56','2023-04-05 11:54:35',0,0,0,NULL,25),(29,'2023-01-23-image_picker_DDE43F50-E1AF-42E4-997E-04DBC137FF81-12589-00000218FE8196E4.jpg',6327,NULL,NULL,NULL,55.00,88.00,88,NULL,NULL,NULL,'active','2023-04-05 11:54:44','2023-01-23 08:39:07','2023-04-05 11:54:44',0,0,0,NULL,25),(30,'2023-03-14-scaled_k_net_icon.png',6075,NULL,NULL,NULL,10.00,5.00,10,NULL,NULL,NULL,'active','2023-04-05 11:54:57','2023-03-14 04:30:00','2023-04-05 11:54:57',0,0,0,NULL,25),(31,'2023-03-24-scaled_640px-Image_created_with_a_mobile_phone.png',6015,NULL,NULL,NULL,66.00,99.00,13,NULL,NULL,NULL,'pending',NULL,'2023-03-15 21:49:39','2023-03-23 23:33:51',0,0,0,NULL,25),(32,'2023-03-29-scaled_diwaniyah.jpg',6361,NULL,NULL,NULL,1500.00,1500.00,-2,NULL,NULL,NULL,'active','2023-04-05 11:54:16','2023-03-29 03:33:00','2023-04-05 11:54:16',0,0,0,NULL,25),(33,'2023-04-01-scaled_diwaniyah.jpg',6361,NULL,NULL,NULL,50.00,100.00,10,NULL,NULL,NULL,'active','2023-04-05 11:55:02','2023-04-01 01:59:30','2023-04-05 11:55:02',0,0,0,NULL,25),(34,'2023-04-01-scaled_diwaniyah.jpg',6361,NULL,NULL,NULL,50.00,100.00,5,NULL,NULL,NULL,'active','2023-04-05 11:54:08','2023-04-01 01:59:44','2023-04-05 11:54:08',0,0,0,NULL,25),(35,'2023-04-01-scaled_etada.jpg',6361,NULL,NULL,NULL,100.00,900.00,-4,NULL,NULL,NULL,'active','2023-04-05 11:53:04','2023-04-01 02:00:35','2023-04-05 11:53:04',0,0,0,NULL,25),(36,'2023-04-01-scaled_facebook.png',6361,NULL,NULL,NULL,100.00,900.00,9,NULL,NULL,NULL,'active','2023-04-05 11:53:09','2023-04-01 02:03:32','2023-04-05 11:53:09',0,0,0,NULL,25),(37,'2023-04-01-scaled_facebook.png',6361,NULL,NULL,NULL,2000.00,1500.00,-15,NULL,NULL,NULL,'active','2023-04-05 11:53:16','2023-04-01 02:36:32','2023-04-05 11:53:16',0,0,0,NULL,25),(38,'2023-04-02-scaled_AuroraPillars_Correia_4898.jpg',6364,NULL,NULL,NULL,55.00,87.00,9,NULL,NULL,NULL,'pending','2023-04-02 14:33:02','2023-04-02 01:07:56','2023-04-02 14:33:02',0,0,0,NULL,25),(39,'2023-04-02-scaled_AuroraPillars_Correia_4898.jpg',6364,NULL,NULL,NULL,55.00,87.00,9,NULL,NULL,NULL,'pending','2023-04-02 14:33:07','2023-04-02 01:08:06','2023-04-02 14:33:07',0,0,0,NULL,25),(40,'2023-04-02-scaled_AuroraPillars_Correia_4898.jpg',6364,NULL,NULL,NULL,55.00,87.00,9,NULL,NULL,NULL,'pending','2023-04-02 14:33:12','2023-04-02 01:10:07','2023-04-02 14:33:12',0,0,0,NULL,25),(41,'2023-04-02-scaled_AuroraPillars_Correia_4898.jpg',6364,NULL,NULL,NULL,55.00,87.00,9,NULL,NULL,NULL,'pending','2023-04-02 14:33:18','2023-04-02 01:11:27','2023-04-02 14:33:18',0,0,0,NULL,25),(42,'2023-04-02-scaled_Screen Shot 2023-02-11 at 4.45.30 PM.png',6364,NULL,NULL,NULL,90.00,92.00,88,NULL,NULL,NULL,'pending','2023-04-02 14:33:21','2023-04-02 01:15:00','2023-04-02 14:33:21',0,0,0,NULL,25),(43,'2023-04-02-Screen Shot 2023-04-02 at 3.19.08 AM.png',6364,NULL,NULL,NULL,100.00,10.00,100,NULL,NULL,NULL,'pending','2023-04-02 14:32:53','2023-04-02 01:20:01','2023-04-02 14:32:53',0,0,0,NULL,25),(44,'2023-04-02-Screen Shot 2023-04-02 at 3.19.08 AM.png',6364,NULL,NULL,NULL,100.00,10.00,100,NULL,NULL,NULL,'pending','2023-04-02 14:32:58','2023-04-02 01:23:25','2023-04-02 14:32:58',0,0,0,NULL,25),(45,NULL,6015,NULL,NULL,NULL,100.00,10.00,100,NULL,NULL,NULL,'pending',NULL,'2023-04-02 14:15:03','2023-04-02 14:15:03',0,0,0,NULL,25),(46,NULL,6015,NULL,NULL,NULL,100.00,10.00,100,NULL,NULL,NULL,'pending',NULL,'2023-04-02 14:15:19','2023-04-02 14:15:19',0,0,0,NULL,25),(47,NULL,6015,NULL,NULL,NULL,100.00,10.00,100,NULL,NULL,NULL,'pending',NULL,'2023-04-02 14:16:59','2023-04-02 14:16:59',0,0,0,NULL,25),(48,NULL,6015,NULL,NULL,NULL,100.00,10.00,100,NULL,NULL,NULL,'pending',NULL,'2023-04-02 14:17:45','2023-04-02 14:17:45',0,0,0,NULL,25),(49,NULL,6015,NULL,NULL,NULL,100.00,10.00,100,NULL,NULL,NULL,'pending',NULL,'2023-04-02 14:18:28','2023-04-02 14:18:28',0,0,0,NULL,25),(50,NULL,6015,NULL,NULL,NULL,100.00,10.00,100,NULL,NULL,NULL,'pending',NULL,'2023-04-02 14:32:39','2023-04-02 14:32:39',0,0,0,NULL,25),(51,'2023-04-02-image_picker_AF232896-D229-4C4D-9AA8-A168598CDA7B-5334-000005823740D527.jpg',6364,NULL,NULL,NULL,88.00,8.00,55,NULL,NULL,NULL,'pending','2023-04-02 15:59:00','2023-04-02 14:34:01','2023-04-02 15:59:00',0,0,0,NULL,25),(52,'2023-04-02-image_picker_029D566B-B467-4858-BFEF-37FABC004217-5334-0000013119E22363.jpg',6364,NULL,NULL,NULL,767.00,98.00,98,NULL,NULL,NULL,'pending','2023-04-02 15:59:07','2023-04-02 14:37:10','2023-04-02 15:59:07',0,0,0,NULL,25),(53,'2023-04-02-image_picker_12AEFB35-D941-403D-BA07-71050E5C02D9-5334-000005B7127FF7A9.jpg',6364,NULL,NULL,NULL,55.00,5.00,5,NULL,NULL,NULL,'pending','2023-04-02 16:02:41','2023-04-02 16:00:00','2023-04-02 16:02:41',0,0,0,NULL,25),(54,'2023-04-02-image_picker_69778B21-CDE9-47B6-A060-6E45152D48F8-5334-000005E85349DB5A.jpg',6364,NULL,NULL,NULL,7.00,7.00,7,NULL,NULL,NULL,'pending',NULL,'2023-04-02 16:03:33','2023-04-02 16:03:33',0,0,0,NULL,25),(55,'2023-04-02-image_picker_8CDAE6EB-338E-4BB9-A87E-44FDA141D0B0-5334-00000601883C2E6F.jpg',6364,NULL,NULL,NULL,6.00,6.00,6,NULL,NULL,NULL,'pending',NULL,'2023-04-02 16:05:19','2023-04-02 16:05:19',0,0,0,NULL,25),(56,'2023-04-02-image_picker_F5F90018-6A60-4723-A546-F2E791E8F0E2-5334-0000060AF10B4535.jpg',6364,NULL,NULL,NULL,7.00,7.00,7,NULL,NULL,NULL,'pending',NULL,'2023-04-02 16:06:04','2023-04-02 16:06:04',0,0,0,NULL,25),(57,'2023-04-03-scaled_640px-Image_created_with_a_mobile_phone.png',6364,NULL,NULL,NULL,88.00,22.00,44,NULL,NULL,NULL,'pending',NULL,'2023-04-03 00:33:59','2023-04-03 00:33:59',0,0,0,NULL,25),(58,'2023-04-03-scaled_10x-featured-social-media-image-size.png',6364,NULL,NULL,NULL,33.00,33.00,33,NULL,NULL,NULL,'pending',NULL,'2023-04-03 00:36:34','2023-04-03 00:37:18',0,0,0,NULL,25),(59,'2023-04-03-scaled_AuroraPillars_Correia_4898.jpg',6364,NULL,NULL,NULL,22.00,55.00,777,NULL,NULL,NULL,'pending',NULL,'2023-04-03 00:39:02','2023-04-03 00:39:33',0,0,0,NULL,25),(60,'2023-04-03-scaled_10x-featured-social-media-image-size.png',6366,NULL,NULL,NULL,89.00,55.00,96,NULL,NULL,NULL,'active','2023-04-05 11:53:22','2023-04-03 01:28:32','2023-04-05 11:53:22',0,0,0,NULL,25),(61,'2023-04-03-scaled_AuroraPillars_Correia_4898.jpg',6366,NULL,NULL,NULL,66.00,55.00,31,NULL,NULL,NULL,'active','2023-04-05 11:53:36','2023-04-03 01:30:14','2023-04-05 11:53:36',0,0,0,NULL,25),(62,'2023-04-03-scaled_instagram.png',6361,NULL,NULL,NULL,2000.00,1500.00,10,NULL,NULL,NULL,'pending',NULL,'2023-04-03 07:06:28','2023-04-06 04:01:10',0,0,0,NULL,25),(63,'2023-04-03-image_picker_4D230303-6C85-45AA-A000-658F0A362FE3-31672-0000106F612C501B.png',6367,NULL,NULL,NULL,55.00,56.00,52,NULL,NULL,NULL,'active','2023-04-05 11:53:44','2023-04-03 19:17:54','2023-04-05 11:53:44',0,0,0,NULL,25),(64,'2023-11-02-image_picker_FC0B2A31-BB79-427E-AA39-F788DAE5B57A-2505-00000186E920CAEB.jpg',6361,NULL,NULL,NULL,10.00,1.00,9,NULL,NULL,NULL,'active',NULL,'2023-11-02 05:28:17','2023-11-09 05:31:03',0,0,0,NULL,25);

--
-- Table structure for table `public_notifcations`
--

CREATE TABLE `public_notifcations` (
  `id` int unsigned NOT NULL AUTO_INCREMENT,
  `user_id` int unsigned DEFAULT NULL,
  `title` varchar(191) CHARACTER SET utf8mb4 COLLATE utf8mb4_unicode_ci NOT NULL,
  `message` text CHARACTER SET utf8mb4 COLLATE utf8mb4_unicode_ci NOT NULL,
  `data` text CHARACTER SET utf8mb4 COLLATE utf8mb4_unicode_ci NOT NULL,
  `created_at` timestamp NULL DEFAULT NULL,
  `updated_at` timestamp NULL DEFAULT NULL,
  `link` varchar(191) CHARACTER SET utf8mb4 COLLATE utf8mb4_unicode_ci DEFAULT NULL,
  `send_date` datetime DEFAULT NULL,
  `sended` int NOT NULL DEFAULT '0',
  PRIMARY KEY (`id`),
  KEY `public_notifcations_user_id_foreign` (`user_id`)
) ENGINE=InnoDB AUTO_INCREMENT=134 DEFAULT CHARSET=utf8mb4 COLLATE=utf8mb4_unicode_ci;

--
-- Dumping data for table `public_notifcations`
--

INSERT INTO `public_notifcations` (`id`, `user_id`, `title`, `message`, `data`, `created_at`, `updated_at`, `link`, `send_date`, `sended`) VALUES (129,1,'تطبيق عطا  ( مجاني )','الاعلان في تطبيق عطا بقسم المناسبات \r\n( مجاني ) \r\nملاحظه : الباقه يتم تعديلها من قبل الأداره الى يوم المناسبه \r\nللتواصل واتساب : 41008687','null','2023-12-04 09:26:31','2023-12-04 16:00:06','https://wa.me/message/3EVAKP4KSAS5G1','2023-12-04 16:00:00',1),(130,1,'تطبيق عطا - باقه ( مجانيه )','تطبيق عطا في بداية نشاطه التجاري\r\nالاعلان في تطبيق عطا بقسم الاعلانات التجاريه \r\nتوجد باقات ( مجانيه ) \r\nملاحظه : في التسوق قسم الاعلانات التجاريه \r\nللتواصل واتساب : 41008687','null','2023-12-04 09:29:33','2023-12-04 17:00:05','https://wa.me/message/3EVAKP4KSAS5G1','2023-12-04 17:00:00',1),(131,1,'لتغطية الماسبات','لتغطية الماسبات \r\n( سناب العوازم - سناب صيهد العوازم - سناب تطبيق عطا ) تواصل واتساب : 56641420 \r\nاو اضغط على التنبيه','null','2023-12-04 09:30:47','2023-12-04 18:00:05','https://wa.me/message/TWJQQWPDBMYUC1','2023-12-04 18:00:00',1),(132,1,'تطبيق عطا التجاري','تطبيق عطا التجاري\r\n\r\nيوجد في قسم التسوق \r\n\r\nاهو يعتبر في بداية نشاطه التجاري\r\nويوجد به قسمان ( متاجر خاصه - أعلانات تجاريه )\r\nتستطيع رفع اعلان تجاري لاي منتجع واي نشاط تجاري\r\nوالاتصال المباشر مع العميل ( اتصال - واتساب ) هذا بالنسبه الى الاعلانات التجاريه\r\nاما بالنسبه للمتاجر تستطيع فتح متجر تجاري \r\nوالبيع المباشر مع العميل \r\nومشاركة الاعلان بمواقع التواصل الاجتماعي\r\n\r\nملاحظه : مجاني \r\n\r\nللاستفسار والشكاوي والاقتراحات : 41008687','null','2023-12-04 09:32:14','2023-12-04 19:00:05','https://wa.me/message/3EVAKP4KSAS5G1','2023-12-04 19:00:00',1),(133,1,'🚨 قناة واتس عطا 📝','قناة واتس عطا لمتابعة كل حدث او مناسبه لقبيلة العوازم اضغط على التنبيه لتحويلك الى القناه','null','2023-12-04 09:35:06','2023-12-04 20:00:05','‏https://whatsapp.com/channel/0029Va7qmW8EKyZIihcR4n00','2023-12-04 20:00:00',1);

--
-- Table structure for table `rates`
--

CREATE TABLE `rates` (
  `id` bigint unsigned NOT NULL AUTO_INCREMENT,
  `user_id` int unsigned NOT NULL,
  `product_id` int unsigned DEFAULT NULL,
  `rate` int NOT NULL,
  `comment` varchar(191) CHARACTER SET utf8mb4 COLLATE utf8mb4_unicode_ci NOT NULL,
  `created_at` timestamp NULL DEFAULT NULL,
  `updated_at` timestamp NULL DEFAULT NULL,
  PRIMARY KEY (`id`),
  KEY `rates_user_id_foreign` (`user_id`),
  KEY `order_id` (`product_id`)
) ENGINE=InnoDB AUTO_INCREMENT=17 DEFAULT CHARSET=utf8mb4 COLLATE=utf8mb4_unicode_ci;

--
-- Dumping data for table `rates`
--

INSERT INTO `rates` (`id`, `user_id`, `product_id`, `rate`, `comment`, `created_at`, `updated_at`) VALUES (12,6006,9,4,'new rate','2022-03-07 00:05:00','2022-03-07 00:05:00'),(13,6006,9,3,'new rate','2022-03-07 00:08:26','2022-03-07 00:08:26'),(14,6006,9,5,'new rate','2022-03-07 00:08:52','2022-03-07 00:08:52'),(15,6006,9,5,'new rate','2022-03-07 00:09:12','2022-03-07 00:09:12'),(16,6006,9,5,'new rate','2022-03-12 22:26:57','2022-03-12 22:26:57');

--
-- Table structure for table `refund_police`
--

CREATE TABLE `refund_police` (
  `id` int unsigned NOT NULL AUTO_INCREMENT,
  `order_id` int unsigned NOT NULL,
  `product_id` int unsigned NOT NULL,
  `qyt` int DEFAULT NULL,
  `inventory_id` int unsigned DEFAULT NULL,
  `created_at` timestamp NULL DEFAULT NULL,
  `updated_at` timestamp NULL DEFAULT NULL,
  PRIMARY KEY (`id`),
  KEY `refund_police_order_id_foreign` (`order_id`),
  KEY `refund_police_product_id_foreign` (`product_id`),
  KEY `refund_police_inventory_id_foreign` (`inventory_id`)
) ENGINE=InnoDB DEFAULT CHARSET=utf8mb4 COLLATE=utf8mb4_unicode_ci;

--
-- Dumping data for table `refund_police`
--


--
-- Table structure for table `region_translations`
--

CREATE TABLE `region_translations` (
  `id` int unsigned NOT NULL AUTO_INCREMENT,
  `region_id` int unsigned NOT NULL,
  `name` varchar(191) CHARACTER SET utf8mb4 COLLATE utf8mb4_unicode_ci NOT NULL,
  `locale` varchar(191) CHARACTER SET utf8mb4 COLLATE utf8mb4_unicode_ci NOT NULL,
  `created_at` timestamp NULL DEFAULT NULL,
  `updated_at` timestamp NULL DEFAULT NULL,
  PRIMARY KEY (`id`),
  UNIQUE KEY `region_translations_region_id_locale_unique` (`region_id`,`locale`),
  KEY `region_translations_locale_index` (`locale`)
) ENGINE=InnoDB AUTO_INCREMENT=243 DEFAULT CHARSET=utf8mb4 COLLATE=utf8mb4_unicode_ci;

--
-- Dumping data for table `region_translations`
--

INSERT INTO `region_translations` (`id`, `region_id`, `name`, `locale`, `created_at`, `updated_at`) VALUES (1,1,'معسكرات المباركية','ar',NULL,NULL),(2,1,'Mubarekiya Camps','en',NULL,NULL),(3,2,'مدينة الكويت','ar',NULL,NULL),(4,2,'Kuwait City','en',NULL,NULL),(5,3,'كيفان','ar',NULL,NULL),(6,3,'Kaifan','en',NULL,NULL),(7,4,'قرطبة','ar',NULL,NULL),(8,4,'Qortuba','en',NULL,NULL),(9,5,'غرناطة','ar',NULL,NULL),(10,5,'Granada','en',NULL,NULL),(11,6,'عبدالله السالم','ar',NULL,NULL),(12,6,'Abdullah Al-Salim','en',NULL,NULL),(13,7,'الشويخ الصناعية 3','ar',NULL,NULL),(14,7,'Shuwaikh Industrial 3','en',NULL,NULL),(15,8,'الشويخ الصناعية 2','ar',NULL,NULL),(16,8,'Shuwaikh Industrial 2','en',NULL,NULL),(17,9,'الشويخ الصناعية 1','ar',NULL,NULL),(18,9,'Shuwaikh Industrial 1','en',NULL,NULL),(19,10,'الشويخ الصحية','ar',NULL,NULL),(20,10,'Shuwaikh Medical','en',NULL,NULL),(21,11,'الشويخ السكنية','ar',NULL,NULL),(22,11,'Shuwaikh Residential','en',NULL,NULL),(23,12,'الشويخ التعليمية','ar',NULL,NULL),(24,12,'Shuwaikh Educational','en',NULL,NULL),(25,13,'الشويخ الادارية','ar',NULL,NULL),(26,13,'Shuwaikh Administrative','en',NULL,NULL),(27,14,'شمال غرب الصليبخات','ar',NULL,NULL),(28,14,'North West Al-Sulaibikhat','en',NULL,NULL),(29,15,'دسمان','ar',NULL,NULL),(30,15,'Dasman','en',NULL,NULL),(31,16,'جابر الأحمد','ar',NULL,NULL),(32,16,'Jaber Al Ahmad','en',NULL,NULL),(33,17,'بنيد القار','ar',NULL,NULL),(34,17,'Bnied Al-Gar','en',NULL,NULL),(35,18,'اليرموك','ar',NULL,NULL),(36,18,'Yarmouk','en',NULL,NULL),(37,19,'النهضة','ar',NULL,NULL),(38,19,'Al Nahda','en',NULL,NULL),(39,20,'النزهة','ar',NULL,NULL),(40,20,'Nuzha','en',NULL,NULL),(41,21,'المنصورية','ar',NULL,NULL),(42,21,'Mansouriya','en',NULL,NULL),(43,22,'المرقاب','ar',NULL,NULL),(44,22,'Mirqab','en',NULL,NULL),(45,23,'القبلة','ar',NULL,NULL),(46,23,'Qibla','en',NULL,NULL),(47,24,'القادسية','ar',NULL,NULL),(48,24,'Qadsia','en',NULL,NULL),(49,25,'الفيحاء','ar',NULL,NULL),(50,25,'Faiha','en',NULL,NULL),(51,26,'العديلية','ar',NULL,NULL),(52,26,'Adailiya','en',NULL,NULL),(53,27,'الصليبخات','ar',NULL,NULL),(54,27,'Sulaibikhat','en',NULL,NULL),(55,28,'الصالحية','ar',NULL,NULL),(56,28,'Salhiya','en',NULL,NULL),(57,29,'الشرق','ar',NULL,NULL),(58,29,'Sharq','en',NULL,NULL),(59,30,'الشامية','ar',NULL,NULL),(60,30,'Shamiya','en',NULL,NULL),(61,31,'السرة','ar',NULL,NULL),(62,31,'Surra','en',NULL,NULL),(63,32,'الروضة','ar',NULL,NULL),(64,32,'Rawda','en',NULL,NULL),(65,33,'الدوحة','ar',NULL,NULL),(66,33,'Doha','en',NULL,NULL),(67,34,'الدعية','ar',NULL,NULL),(68,34,'Daiya','en',NULL,NULL),(69,35,'الدسمة','ar',NULL,NULL),(70,35,'Dasma','en',NULL,NULL),(71,36,'الخالدية','ar',NULL,NULL),(72,36,'Khaldiya','en',NULL,NULL),(73,37,'ميدان حولي','ar',NULL,NULL),(74,37,'Maidan Hawally','en',NULL,NULL),(75,38,'منطقة الوزارات','ar',NULL,NULL),(76,38,'Ministries','en',NULL,NULL),(77,39,'مشرف','ar',NULL,NULL),(78,39,'Mishref','en',NULL,NULL),(79,40,'مبارك العبدالله غرب مشرف','ar',NULL,NULL),(80,40,'Mubarak Al-Abdullah West Mishref','en',NULL,NULL),(81,41,'سلوى','ar',NULL,NULL),(82,41,'Salwa','en',NULL,NULL),(83,42,'حولي','ar',NULL,NULL),(84,42,'Hawalli','en',NULL,NULL),(85,43,'حطين','ar',NULL,NULL),(86,43,'Hutteen','en',NULL,NULL),(87,44,'بيان','ar',NULL,NULL),(88,44,'Bayan','en',NULL,NULL),(89,45,'الصديق','ar',NULL,NULL),(90,45,'Al-Siddeeq','en',NULL,NULL),(91,46,'الشهداء','ar',NULL,NULL),(92,46,'Shuhada','en',NULL,NULL),(93,47,'الشعب','ar',NULL,NULL),(94,47,'Shaab','en',NULL,NULL),(95,48,'السلام','ar',NULL,NULL),(96,48,'Salam','en',NULL,NULL),(97,49,'السالمية','ar',NULL,NULL),(98,49,'Salmiya','en',NULL,NULL),(99,50,'الزهراء','ar',NULL,NULL),(100,50,'Zahra','en',NULL,NULL),(101,51,'الرميثية','ar',NULL,NULL),(102,51,'Rumaithiya','en',NULL,NULL),(103,52,'الجابرية','ar',NULL,NULL),(104,52,'Jabriya','en',NULL,NULL),(105,53,'البدع','ar',NULL,NULL),(106,53,'Al-Bidea','en',NULL,NULL),(107,54,'مطار الشيخ سعد العبدالله','ar',NULL,NULL),(108,54,'Sheikh Saad Al Abdallah ِAirport','en',NULL,NULL),(109,55,'عبدالله المبارك','ar',NULL,NULL),(110,55,'Al-Abdullah Mubarak','en',NULL,NULL),(111,56,'مخازن العارضية','ar',NULL,NULL),(112,56,'Stores Ardiya','en',NULL,NULL),(113,57,'العارضية الصناعية','ar',NULL,NULL),(114,57,'Herafi Ardiya','en',NULL,NULL),(115,58,'الضجيج','ar',NULL,NULL),(116,58,'Al-Dajeej','en',NULL,NULL),(117,59,'صباح الناصر','ar',NULL,NULL),(118,59,'Sabah Al Nasser','en',NULL,NULL),(119,60,'خيطان','ar',NULL,NULL),(120,60,'Khaitan','en',NULL,NULL),(121,61,'جليب الشيوخ','ar',NULL,NULL),(122,61,'Jeleeb Al-Shuyoukh','en',NULL,NULL),(123,62,'مطار الكويت','ar',NULL,NULL),(124,62,'Airport','en',NULL,NULL),(125,63,'الفروانية','ar',NULL,NULL),(126,63,'Al- Farwaniyah','en',NULL,NULL),(127,64,'الفردوس','ar',NULL,NULL),(128,64,'Firdous','en',NULL,NULL),(129,65,'العمرية','ar',NULL,NULL),(130,65,'Omariya','en',NULL,NULL),(131,66,'العارضية','ar',NULL,NULL),(132,66,'Ardiya','en',NULL,NULL),(133,67,'الري','ar',NULL,NULL),(134,67,'Rai','en',NULL,NULL),(135,68,'الرقعي','ar',NULL,NULL),(136,68,'Rigai','en',NULL,NULL),(137,69,'الرحاب','ar',NULL,NULL),(138,69,'Rehab','en',NULL,NULL),(139,70,'الرابية','ar',NULL,NULL),(140,70,'Rabia','en',NULL,NULL),(141,71,'الأندلس','ar',NULL,NULL),(142,71,'Andalous','en',NULL,NULL),(143,72,'أشبيلية','ar',NULL,NULL),(144,72,'Ishbiliya','en',NULL,NULL),(145,73,'هدية','ar',NULL,NULL),(146,73,'Hadiya','en',NULL,NULL),(147,74,'فهد الأحمد','ar',NULL,NULL),(148,74,'Fahad Al Ahmad','en',NULL,NULL),(149,75,'جنوب الصباحية','ar',NULL,NULL),(150,75,'South Sabahiya','en',NULL,NULL),(151,76,'جابر العلي','ar',NULL,NULL),(152,76,'Jaber Al Ali','en',NULL,NULL),(153,77,'بنيدر','ar',NULL,NULL),(154,77,'Bnaider','en',NULL,NULL),(155,78,'المهبولة','ar',NULL,NULL),(156,78,'Mahboula','en',NULL,NULL),(157,79,'المنقف','ar',NULL,NULL),(158,79,'Mangaf','en',NULL,NULL),(159,80,'الفنطاس','ar',NULL,NULL),(160,80,'Fintas','en',NULL,NULL),(161,81,'الفحيحيل','ar',NULL,NULL),(162,81,'Fahaheel','en',NULL,NULL),(163,82,'العقيلة','ar',NULL,NULL),(164,82,'Eqaila','en',NULL,NULL),(165,83,'الظهر','ar',NULL,NULL),(166,83,'Dahar','en',NULL,NULL),(167,84,'الصباحية','ar',NULL,NULL),(168,84,'Al-Subahiya','en',NULL,NULL),(169,85,'الرقة','ar',NULL,NULL),(170,85,'Al-Riqqah','en',NULL,NULL),(171,86,'الأحمدي','ar',NULL,NULL),(172,86,'Ahmadi','en',NULL,NULL),(173,87,'أبو حليفة','ar',NULL,NULL),(174,87,'Abu Halifa','en',NULL,NULL),(175,88,'علي صباح السالم ام الهيمان','ar',NULL,NULL),(176,88,'Ali Sabah Al Salem Umm al hayman','en',NULL,NULL),(177,89,'وسطي','ar',NULL,NULL),(178,89,'Wista','en',NULL,NULL),(179,90,'مبارك الكبير','ar',NULL,NULL),(180,90,'Mubarak Al-Kabeer','en',NULL,NULL),(181,91,'فنيطيس','ar',NULL,NULL),(182,91,'Fnaitees','en',NULL,NULL),(183,92,'غرب أبو فطيرة الحرفية','ar',NULL,NULL),(184,92,'West of Abu Fatira Al-Herafia','en',NULL,NULL),(185,93,'صبحان الصناعية','ar',NULL,NULL),(186,93,'Sabhan Industrial','en',NULL,NULL),(187,94,'صباح السالم','ar',NULL,NULL),(188,94,'Sabah Al Salem','en',NULL,NULL),(189,95,'جنوب وسطي','ar',NULL,NULL),(190,95,'South Wista','en',NULL,NULL),(191,96,'المسيلة','ar',NULL,NULL),(192,96,'Messila','en',NULL,NULL),(193,97,'المسايل','ar',NULL,NULL),(194,97,'Al-Masayel','en',NULL,NULL),(195,98,'القصور','ar',NULL,NULL),(196,98,'Qusour','en',NULL,NULL),(197,99,'القرين','ar',NULL,NULL),(198,99,'Qurain','en',NULL,NULL),(199,100,'العدان','ar',NULL,NULL),(200,100,'Adan','en',NULL,NULL),(201,101,'أبو فطيرة','ar',NULL,NULL),(202,101,'Abu \'Fteira','en',NULL,NULL),(203,102,'أبو الحصاني','ar',NULL,NULL),(204,102,'Abu Al Hasaniya','en',NULL,NULL),(205,103,'الجهراء','ar',NULL,NULL),(206,103,'Jahra','en',NULL,NULL),(207,104,'القيروان','ar',NULL,NULL),(208,104,'Qairawan','en',NULL,NULL),(209,105,'القصر','ar',NULL,NULL),(210,105,'Qasr','en',NULL,NULL),(211,106,'الصليبية','ar',NULL,NULL),(212,106,'Sulaibiy','en',NULL,NULL),(213,107,'سعد العبدالله','ar',NULL,NULL),(214,107,'Saad Al Abdullah','en',NULL,NULL),(215,108,'تيماء','ar',NULL,NULL),(216,108,'Taima\'','en',NULL,NULL),(217,109,'منطقة أمغرة الصناعية','ar',NULL,NULL),(218,109,'Amgarah Industrial Area','en',NULL,NULL),(219,110,'الواحة','ar',NULL,NULL),(220,110,'Waha','en',NULL,NULL),(221,111,'النعيم','ar',NULL,NULL),(222,111,'Naeem','en',NULL,NULL),(223,112,'النسيم','ar',NULL,NULL),(224,112,'Naseem','en',NULL,NULL),(225,113,'العيون','ar',NULL,NULL),(226,113,'Oyoun','en',NULL,NULL),(227,114,'الوفرة','ar',NULL,NULL),(228,114,'alwafra','en',NULL,NULL),(229,115,'عتيق','ar',NULL,NULL),(230,115,'Eatiq','en',NULL,NULL),(231,116,'النعيريه','ar',NULL,NULL),(232,116,'Al-Nairyah','en',NULL,NULL),(233,117,'الخفجي','ar',NULL,NULL),(234,117,'Khafji','en',NULL,NULL),(235,118,'السفانيه','ar',NULL,NULL),(236,118,'Svania','en',NULL,NULL),(237,119,'ابرق الكبريت','ar',NULL,NULL),(238,119,'Abraq alkbrit','en',NULL,NULL),(239,120,'غرب عبدالله المبارك','ar',NULL,NULL),(240,120,'غرب عبدالله المبارك','en',NULL,NULL),(241,121,'مدينة صباح الأحمد','ar',NULL,NULL),(242,121,'Sabah Al-Ahmad City','en',NULL,NULL);

--
-- Table structure for table `regions`
--

CREATE TABLE `regions` (
  `id` int unsigned NOT NULL AUTO_INCREMENT,
  `status` tinyint(1) NOT NULL DEFAULT '1',
  `address_address` varchar(191) CHARACTER SET utf8mb4 COLLATE utf8mb4_unicode_ci NOT NULL,
  `address_latitude` double NOT NULL,
  `address_longitude` double NOT NULL,
  `governments_id` int unsigned NOT NULL,
  `created_at` timestamp NULL DEFAULT NULL,
  `updated_at` timestamp NULL DEFAULT NULL,
  `country_id` int unsigned NOT NULL,
  PRIMARY KEY (`id`),
  KEY `regions_governments_id_foreign` (`governments_id`),
  KEY `regions_country_id_foreign` (`country_id`)
) ENGINE=InnoDB AUTO_INCREMENT=122 DEFAULT CHARSET=utf8mb4 COLLATE=utf8mb4_unicode_ci;

--
-- Dumping data for table `regions`
--

INSERT INTO `regions` (`id`, `status`, `address_address`, `address_latitude`, `address_longitude`, `governments_id`, `created_at`, `updated_at`, `country_id`) VALUES (1,1,'معسكرات المباركية، الكويت‎',29.3137412,47.9094547,1,'2020-07-29 17:07:36','2020-07-29 22:28:25',1),(2,1,'مدينة الكويت، العاصمة، Kuwait',29.375859,47.9774052,1,'2020-08-06 20:22:47','2020-08-06 20:22:47',1),(3,1,'كيفان، Kuwait',29.3375672,47.9589345,1,'2020-08-06 20:24:57','2020-08-06 20:24:57',1),(4,1,'قرطبة، Kuwait',29.3123481,47.9861678,1,'2020-08-06 20:25:28','2020-08-06 20:25:28',1),(5,1,'غرناطة، Kuwait',29.312521,47.8785532,1,'2020-08-06 20:26:03','2020-08-06 20:26:03',1),(6,1,'عبدالله السالم، Kuwait',29.3518587,47.98369150000001,1,'2020-08-06 20:26:32','2020-08-06 20:26:32',1),(7,1,'37design, الشويخ الصناعية، Kuwait',29.329692,47.94376099999999,1,'2020-08-06 20:27:30','2020-08-06 20:27:30',1),(8,1,'شويخ الصناعية 2، Shuwaikh Industrial, Kuwait',29.3242366,47.9490349,1,'2020-08-06 20:28:05','2020-08-06 20:28:05',1),(9,1,'101 Caffe, الشويخ الصناعية، Kuwait',29.3044679,47.9412732,1,'2020-08-06 20:28:40','2020-08-06 20:28:40',1),(10,1,'الشويخ الصحية',0,0,1,'2020-08-06 20:30:30','2020-08-06 20:30:30',1),(11,1,'شويخ السكنية، Kuwait',29.3546948,47.9539844,1,'2020-08-06 20:32:28','2020-08-06 20:32:28',1),(12,1,'الشويخ التعليمية',29.3546948,47.9539844,1,'2020-08-06 20:35:52','2020-08-06 20:35:52',1),(13,1,'كلية التربية - جامعة الكويت، Al-Suwais Street, Kuwait',29.3385947,47.9514183,1,'2020-08-06 20:36:46','2020-08-06 20:36:46',1),(14,1,'شمال غرب الصليبيخات، Kuwait',29.3278632,47.8106327,1,'2020-08-06 20:37:14','2020-08-06 20:37:14',1),(15,1,'دسمان، Kuwait City, Kuwait',29.3878041,47.9997896,1,'2020-08-06 20:37:55','2020-08-06 20:37:55',1),(16,1,'جابر الاحمد، Kuwait',29.3481663,47.7588245,1,'2020-08-06 20:38:26','2020-08-06 20:38:26',1),(17,1,'بنيد القار، Kuwait',29.3748727,48.0042721,1,'2020-08-06 20:39:01','2020-08-06 20:39:01',1),(18,1,'اليرموك، Kuwait',29.3128217,47.96883589999999,1,'2020-08-06 20:39:32','2020-08-06 20:39:32',1),(19,1,'النهضة، Kuwait',29.3041767,47.86002080000001,1,'2020-08-06 20:40:00','2020-08-06 20:40:00',1),(20,1,'النزهة، الكويت‎',29.3413899,47.9935975,1,'2020-08-06 20:40:37','2020-08-06 20:40:37',1),(21,1,'المنصورية، Kuwait',29.3573377,47.9948358,1,'2020-08-06 20:41:51','2020-08-06 20:41:51',1),(22,1,'المرقاب، Kuwait City, Kuwait',29.3661375,47.98369150000001,1,'2020-08-06 20:42:22','2020-08-06 20:42:22',1),(23,1,'قبلة، Kuwait City, Kuwait',29.369934,47.96883589999999,1,'2020-08-06 20:43:07','2020-08-06 20:43:07',1),(24,1,'القادسية، Kuwait',29.3499618,48.0035053,1,'2020-08-06 20:43:35','2020-08-06 20:43:35',1),(25,1,'الفيحاء، Kuwait',29.3404328,47.9787391,1,'2020-08-06 20:44:03','2020-08-06 20:44:03',1),(26,1,'العديلية، Kuwait',29.328058,47.98369150000001,1,'2020-08-06 20:44:38','2020-08-06 20:44:38',1),(27,1,'الصليبيخات، Kuwait',29.3155591,47.84026009999999,1,'2020-08-06 20:45:06','2020-08-06 20:45:06',1),(28,1,'الصالحية، Kuwait City, Kuwait',29.3635088,47.9675981,1,'2020-08-06 20:45:29','2020-08-06 20:45:29',1),(29,1,'شرق، Kuwait City, Kuwait',29.3823227,47.9886442,1,'2020-08-06 20:48:55','2020-08-06 20:48:55',1),(30,1,'الشامية، Kuwait',29.35089859999999,47.96883589999999,1,'2020-08-06 20:49:25','2020-08-06 20:49:25',1),(31,1,'السرة، Kuwait',29.3137752,48.0084599,1,'2020-08-06 20:49:47','2020-08-06 20:49:47',1),(32,1,'الروضة، Kuwait',29.3290126,47.99855119999999,1,'2020-08-06 20:50:18','2020-08-06 20:50:18',1),(33,1,'الدوحة، Kuwait',29.3155169,47.8155695,1,'2020-08-06 20:50:41','2020-08-06 20:50:41',1),(34,1,'الدعية، Kuwait',29.3604396,48.0183705,1,'2020-08-06 20:51:12','2020-08-06 20:51:12',1),(35,1,'الدسمة، Kuwait',29.3664336,48.000698,1,'2020-08-06 20:51:37','2020-08-06 20:51:37',1),(36,1,'الخالدية، Kuwait',29.3251956,47.9638849,1,'2020-08-06 20:52:10','2020-08-06 20:52:10',1),(37,1,'ميدان حولي',29.3251956,47.9638849,2,'2020-08-06 20:53:09','2020-08-06 20:53:09',1),(38,1,'منطقة الوزارات، Kuwait',29.2699529,48.0183705,2,'2020-08-06 20:53:46','2020-08-06 20:53:46',1),(39,1,'مشرف، Kuwait',29.2765468,48.06732479999999,2,'2020-08-06 20:54:18','2020-08-06 20:54:18',1),(40,1,'جوازات غرب مشرف، Mubarak Al-Abdullah, Kuwait',29.2693758,48.0543005,2,'2020-08-06 20:54:59','2020-08-06 20:54:59',1),(41,1,'سلوى، Kuwait',29.2964866,48.079379,2,'2020-08-06 20:55:24','2020-08-06 20:55:24',1),(42,1,'حولي، Kuwait',29.33778819999999,48.0234708,2,'2020-08-06 20:55:46','2020-08-06 20:55:46',1),(43,1,'حطين، Kuwait',29.2842433,48.0183705,2,'2020-08-06 20:56:12','2020-10-11 17:12:10',1),(44,1,'بيان، Kuwait',29.2979895,48.0510871,2,'2020-08-06 20:56:33','2020-08-06 20:56:33',1),(45,1,'الصديق، Kuwait',29.2937781,47.9935975,2,'2020-08-06 20:57:04','2020-08-06 20:57:04',1),(46,1,'الشهداء، Kuwait',29.270894,48.0332398,2,'2020-08-06 20:57:35','2020-08-06 20:57:35',1),(47,1,'الشعب، Kuwait',29.34996499999999,48.0282829,2,'2020-08-06 20:58:12','2020-08-06 20:58:12',1),(48,1,'السلام، Kuwait',29.2966294,48.01341499999999,2,'2020-08-06 20:58:40','2020-08-06 20:58:40',1),(49,1,'السالمية، Kuwait',29.3352938,48.0715612,2,'2020-08-06 20:59:09','2020-08-06 20:59:09',1),(50,1,'الزهراء، Kuwait',29.2746424,47.99978,2,'2020-08-06 20:59:39','2020-08-06 20:59:39',1),(51,1,'الرميثية، Kuwait',29.3161237,48.0719508,2,'2020-08-06 21:00:03','2020-08-06 21:00:03',1),(52,1,'الجابرية، Kuwait',29.3199043,48.0255416,2,'2020-08-06 21:00:25','2020-08-06 21:00:25',1),(53,1,'البدع، Kuwait',29.3149201,48.0890362,2,'2020-08-06 21:01:07','2020-08-06 21:01:07',1),(54,1,'مطار الشيخ سعد العبدالله، Kuwait',29.2259527,47.984963,4,'2020-08-06 23:17:07','2020-08-06 23:17:07',1),(55,1,'غرب عبدالله مبارك، Abdullah Al Mubarak Al Sabah, Kuwait',29.2403299,47.90460040000001,4,'2020-08-06 23:17:56','2020-08-06 23:17:56',1),(56,1,'مخازن العارضية، العارضية، Kuwait',29.2956718,47.9242939,4,'2020-08-06 23:18:42','2020-08-06 23:18:42',1),(57,1,'العارضية الصناعية، Ardiya, Kuwait',29.2947115,47.9094547,4,'2020-08-06 23:19:20','2020-08-06 23:19:20',1),(58,1,'الضجيج، Kuwait',29.2620388,47.9630143,4,'2020-08-06 23:19:48','2020-08-06 23:19:48',1),(59,1,'صباح الناصر، Kuwait',29.2707391,47.8831023,4,'2020-08-06 23:20:35','2020-08-06 23:20:35',1),(60,1,'خيطان، Kuwait',29.2840931,47.9751042,4,'2020-08-06 23:21:03','2020-08-06 23:21:03',1),(61,1,'جليب الشيوخ، Kuwait',29.2595663,47.9330522,4,'2020-08-06 23:21:55','2020-08-06 23:21:55',1),(62,1,'مطار الكويت الدولي، Ghazali Road, Kuwait',29.2404414,47.9710458,4,'2020-08-06 23:22:25','2020-08-06 23:22:25',1),(63,1,'الفروانية، Kuwait',29.281596,47.96025179999999,4,'2020-08-06 23:23:02','2020-08-06 23:23:02',1),(64,1,'الفردوس، Kuwait',29.2834971,47.8744558,4,'2020-08-06 23:23:34','2020-08-06 23:23:34',1),(65,1,'العمرية، Kuwait',29.2958138,47.9556801,4,'2020-08-06 23:24:02','2020-08-06 23:24:02',1),(66,1,'العارضية، Kuwait',29.2886069,47.9061441,4,'2020-08-06 23:24:34','2020-08-06 23:24:34',1),(67,1,'الري، الفروانية، Kuwait',29.3080538,47.9440857,4,'2020-08-06 23:25:50','2020-08-06 23:25:50',1),(68,1,'الرقعي، Kuwait',29.3061333,47.91440069999999,4,'2020-08-06 23:27:01','2020-08-06 23:27:01',1),(69,1,'الرحاب، Kuwait',29.2852067,47.9341889,4,'2020-08-06 23:27:40','2020-08-06 23:27:40',1),(70,1,'الرابية، Kuwait',29.29663009999999,47.9391371,4,'2020-08-06 23:28:14','2020-08-06 23:28:14',1),(71,1,'الأندلس، Kuwait',29.3042048,47.8847321,4,'2020-08-06 23:29:01','2020-08-06 23:29:01',1),(72,1,'إشبيلية، Kuwait',29.2728333,47.9391371,4,'2020-08-06 23:29:38','2020-08-06 23:29:38',1),(73,1,'هدية، Kuwait',29.1458815,48.092758,6,'2020-08-06 23:44:39','2020-08-06 23:44:39',1),(74,1,'فهد الأحمد، Kuwait',29.1277082,48.1076478,6,'2020-08-06 23:45:12','2020-08-06 23:45:12',1),(75,1,'جنوب الصباحية، Kuwait',29.081427,48.1051659,6,'2020-08-06 23:45:43','2020-08-06 23:45:43',1),(76,1,'جابر العلي، Kuwait',29.1691087,48.0825523,6,'2020-08-06 23:46:08','2020-08-06 23:46:08',1),(77,1,'بنيدر، Al Ad\'ami, Kuwait',28.7762968,48.2841556,6,'2020-08-06 23:46:37','2020-08-06 23:46:37',1),(78,1,'المهبولة، Kuwait',29.1496559,48.1191986,6,'2020-08-06 23:47:03','2020-08-06 23:47:03',1),(79,1,'المنقف، Kuwait',29.1070609,48.1239894,6,'2020-08-06 23:47:32','2020-08-06 23:47:32',1),(80,1,'الفنطاس، Kuwait',29.1704692,48.1193001,6,'2020-08-06 23:47:58','2020-08-06 23:47:58',1),(81,1,'الفحيحيل، Kuwait',29.083128,48.1334643,6,'2020-08-06 23:48:29','2020-08-06 23:48:29',1),(82,1,'العقيلة، Kuwait',29.1686861,48.10094609999999,6,'2020-08-06 23:48:56','2020-08-06 23:48:56',1),(83,1,'الظهر، Kuwait',29.1650224,48.0679507,6,'2020-08-06 23:49:18','2020-08-06 23:49:18',1),(84,1,'الصباحية، Kuwait',29.1081627,48.1058589,6,'2020-08-06 23:49:44','2020-08-06 23:49:44',1),(85,1,'الرقة',29.1081627,48.1058589,6,'2020-08-06 23:50:07','2020-08-06 23:50:07',1),(86,1,'الأحمدي، Kuwait',29.083461,48.07347619999999,6,'2020-08-06 23:50:37','2020-08-06 23:50:37',1),(87,1,'أبو حليفة، Kuwait',29.1281522,48.1259111,6,'2020-08-06 23:51:17','2020-08-06 23:51:17',1),(88,1,'علي صباح السالم، Kuwait',28.9570473,48.154826,6,'2020-08-06 23:53:05','2020-08-06 23:53:05',1),(89,1,'وسطي، Kuwait',29.2303763,48.045634,6,'2020-08-06 23:53:59','2020-08-06 23:53:59',1),(90,1,'مبارك الكبير، Kuwait',29.1886698,48.0806909,3,'2020-08-06 23:54:37','2020-08-06 23:54:37',1),(91,1,'فنيطيس، Kuwait',29.2207571,48.0952394,3,'2020-08-06 23:55:11','2020-08-06 23:55:11',1),(92,1,'غرب ابو فطيرة الحرفية، Kuwait',29.1922447,48.045634,3,'2020-08-06 23:56:15','2020-08-06 23:56:15',1),(93,1,'صبحان الصناعية، Kuwait',29.2309026,48.0035053,3,'2020-08-06 23:56:48','2020-08-06 23:56:48',1),(94,1,'صباح السالم، Kuwait',29.2565637,48.062605,3,'2020-08-06 23:57:09','2020-08-06 23:57:09',1),(95,1,'جنوب وسطي',29.2565637,48.062605,3,'2020-08-06 23:57:41','2020-08-06 23:57:41',1),(96,1,'المسيله، Kuwait',29.2495718,48.0940508,3,'2020-08-06 23:58:13','2020-08-06 23:58:13',1),(97,1,'المسايل، Kuwait',29.2393671,48.0877956,3,'2020-08-06 23:59:26','2020-08-06 23:59:26',1),(98,1,'القصور، Kuwait',29.2160974,48.0732097,3,'2020-08-06 23:59:50','2020-08-06 23:59:50',1),(99,1,'القرين، Kuwait',29.201281,48.0786033,3,'2020-08-07 00:00:13','2020-08-07 00:00:13',1),(100,1,'العدان، Kuwait',29.23358,48.0679104,3,'2020-08-07 00:03:31','2020-08-07 00:03:31',1),(101,1,'أبو فطيرة، Kuwait',29.1976045,48.1034175,3,'2020-08-07 00:04:02','2020-08-07 00:04:02',1),(102,1,'أبو الحصانية، Kuwait',29.1909059,48.1138531,3,'2020-08-07 00:04:35','2020-08-07 00:04:35',1),(103,1,'الجهراء، Kuwait',29.3365728,47.6755291,5,'2020-08-07 00:06:49','2020-08-07 00:06:49',1),(104,1,'القيروان، Kuwait',29.3002821,47.8007606,5,'2020-08-07 00:07:17','2020-08-07 00:07:17',1),(105,1,'القصر، الجهراء، Kuwait',29.3408578,47.6972141,5,'2020-08-07 00:07:40','2020-09-07 17:16:56',1),(106,1,'الصليبية، Kuwait',29.2855773,47.81803800000001,5,'2020-08-07 00:08:13','2020-08-07 00:08:13',1),(107,1,'سعد العبدالله، Al Jahra, Kuwait',29.3138682,47.7193856,5,'2020-08-07 00:08:38','2020-08-07 00:08:38',1),(108,1,'تيماء، Al Jahra, Kuwait',29.3303676,47.6824383,5,'2020-08-07 00:09:05','2020-08-07 00:09:05',1),(109,1,'منطقة أمغرة الصناعية',29.3303676,47.6824383,5,'2020-08-07 00:09:39','2020-08-07 00:09:39',1),(110,1,'الواحة، الجهراء، Kuwait',29.3445143,47.6578212,5,'2020-08-07 00:10:09','2020-08-07 00:10:09',1),(111,1,'النعيم، الجهراء، Kuwait',29.3334892,47.6935198,5,'2020-08-07 00:10:43','2020-08-07 00:10:43',1),(112,1,'النسيم، الجهراء، Kuwait',29.3189617,47.677514,5,'2020-08-07 00:11:04','2020-08-07 00:11:04',1),(113,1,'العيون، الجهراء، Kuwait',29.3189617,47.677514,5,'2020-08-07 00:11:27','2020-08-07 00:11:27',1),(114,1,'الوفرة، الأحمدي، الكويت‎',28.5930251,48.1048515,6,'2022-10-27 19:05:14','2022-10-27 19:08:34',1),(115,1,'عتيق السعودية',27.1606858,48.6038129,7,'2022-10-30 21:10:07','2022-10-30 21:10:07',2),(116,1,'النعيرية السعودية',27.4703685,48.48551670000001,7,'2022-10-30 21:14:27','2022-10-30 21:14:27',2),(117,1,'الخفجي السعودية',28.4256618,48.4887224,7,'2022-10-30 21:15:29','2022-10-30 21:15:29',2),(118,1,'السفانية السعودية',27.9378084,48.6608648,7,'2022-10-30 21:17:02','2022-10-30 21:17:02',2),(119,1,'هجرة ابرق الكبريت السعودية',28.106208,47.8736106,7,'2022-11-01 08:57:11','2022-11-01 08:57:11',2),(120,1,'غرب عبدالله المبارك، الكويت‎',29.2452906,47.845859,4,'2022-12-11 20:58:33','2022-12-11 20:58:33',1),(121,1,'صباح الأحمد، الكويت‎',28.7864783,48.070431,6,'2023-04-19 18:04:08','2023-04-19 18:07:27',1);

--
-- Table structure for table `related_products`
--

CREATE TABLE `related_products` (
  `id` bigint unsigned NOT NULL AUTO_INCREMENT,
  `product_id` int unsigned DEFAULT NULL,
  `related_id` int unsigned DEFAULT NULL,
  `created_at` timestamp NULL DEFAULT NULL,
  `updated_at` timestamp NULL DEFAULT NULL,
  PRIMARY KEY (`id`),
  KEY `related_products_product_id_foreign` (`product_id`),
  KEY `related_products_related_id_foreign` (`related_id`)
) ENGINE=InnoDB DEFAULT CHARSET=utf8mb4 COLLATE=utf8mb4_unicode_ci;

--
-- Dumping data for table `related_products`
--


--
-- Table structure for table `role_user`
--

CREATE TABLE `role_user` (
  `role_id` int unsigned NOT NULL,
  `user_id` int unsigned NOT NULL,
  `user_type` varchar(191) CHARACTER SET utf8mb4 COLLATE utf8mb4_unicode_ci NOT NULL,
  PRIMARY KEY (`user_id`,`role_id`,`user_type`),
  KEY `role_user_role_id_foreign` (`role_id`)
) ENGINE=InnoDB DEFAULT CHARSET=utf8mb4 COLLATE=utf8mb4_unicode_ci;

--
-- Dumping data for table `role_user`
--

INSERT INTO `role_user` (`role_id`, `user_id`, `user_type`) VALUES (1,1,'App\\User'),(3,6011,'App\\User'),(3,6012,'App\\User'),(3,6014,'App\\User'),(3,6016,'App\\User'),(3,6017,'App\\User'),(3,6018,'App\\User'),(3,6019,'App\\User'),(3,6020,'App\\User'),(3,6021,'App\\User'),(3,6022,'App\\User'),(3,6023,'App\\User'),(3,6024,'App\\User'),(3,6025,'App\\User'),(3,6026,'App\\User'),(3,6027,'App\\User'),(3,6028,'App\\User'),(3,6029,'App\\User'),(3,6030,'App\\User'),(3,6031,'App\\User'),(3,6032,'App\\User'),(3,6033,'App\\User'),(3,6034,'App\\User'),(3,6035,'App\\User'),(3,6036,'App\\User'),(3,6037,'App\\User'),(3,6038,'App\\User'),(3,6039,'App\\User'),(3,6040,'App\\User'),(3,6041,'App\\User'),(3,6042,'App\\User'),(3,6044,'App\\User'),(3,6045,'App\\User'),(3,6046,'App\\User'),(3,6047,'App\\User'),(3,6048,'App\\User'),(3,6050,'App\\User'),(3,6051,'App\\User'),(3,6052,'App\\User'),(3,6053,'App\\User'),(3,6054,'App\\User'),(3,6055,'App\\User'),(3,6056,'App\\User'),(3,6057,'App\\User'),(3,6058,'App\\User'),(3,6059,'App\\User'),(3,6060,'App\\User'),(3,6061,'App\\User'),(3,6063,'App\\User'),(3,6066,'App\\User'),(3,6067,'App\\User'),(3,6068,'App\\User'),(3,6069,'App\\User'),(3,6070,'App\\User'),(3,6071,'App\\User'),(3,6072,'App\\User'),(3,6073,'App\\User'),(3,6074,'App\\User'),(3,6076,'App\\User'),(3,6077,'App\\User'),(3,6078,'App\\User'),(3,6079,'App\\User'),(3,6080,'App\\User'),(3,6081,'App\\User'),(3,6082,'App\\User'),(3,6083,'App\\User'),(3,6084,'App\\User'),(3,6085,'App\\User'),(3,6086,'App\\User'),(3,6087,'App\\User'),(3,6088,'App\\User'),(3,6089,'App\\User'),(3,6090,'App\\User'),(3,6091,'App\\User'),(3,6092,'App\\User'),(3,6093,'App\\User'),(3,6094,'App\\User'),(3,6095,'App\\User'),(3,6096,'App\\User'),(3,6097,'App\\User'),(3,6098,'App\\User'),(3,6099,'App\\User'),(3,6100,'App\\User'),(3,6101,'App\\User'),(3,6103,'App\\User'),(3,6104,'App\\User'),(3,6105,'App\\User'),(3,6106,'App\\User'),(3,6107,'App\\User'),(3,6108,'App\\User'),(3,6109,'App\\User'),(3,6110,'App\\User'),(3,6111,'App\\User'),(3,6112,'App\\User'),(3,6114,'App\\User'),(3,6115,'App\\User'),(3,6116,'App\\User'),(3,6117,'App\\User'),(3,6118,'App\\User'),(3,6119,'App\\User'),(3,6120,'App\\User'),(3,6121,'App\\User'),(3,6122,'App\\User'),(3,6123,'App\\User'),(3,6124,'App\\User'),(3,6125,'App\\User'),(3,6126,'App\\User'),(3,6127,'App\\User'),(3,6128,'App\\User'),(3,6129,'App\\User'),(3,6130,'App\\User'),(3,6131,'App\\User'),(3,6132,'App\\User'),(3,6133,'App\\User'),(3,6134,'App\\User'),(3,6135,'App\\User'),(3,6136,'App\\User'),(3,6137,'App\\User'),(3,6138,'App\\User'),(3,6139,'App\\User'),(3,6140,'App\\User'),(3,6141,'App\\User'),(3,6142,'App\\User'),(3,6143,'App\\User'),(3,6144,'App\\User'),(3,6145,'App\\User'),(3,6146,'App\\User'),(3,6147,'App\\User'),(3,6148,'App\\User'),(3,6149,'App\\User'),(3,6150,'App\\User'),(3,6151,'App\\User'),(3,6152,'App\\User'),(3,6153,'App\\User'),(3,6154,'App\\User'),(3,6155,'App\\User'),(3,6156,'App\\User'),(3,6157,'App\\User'),(3,6158,'App\\User'),(3,6159,'App\\User'),(3,6160,'App\\User'),(3,6161,'App\\User'),(3,6162,'App\\User'),(3,6163,'App\\User'),(3,6164,'App\\User'),(3,6165,'App\\User'),(3,6167,'App\\User'),(3,6168,'App\\User'),(3,6169,'App\\User'),(3,6170,'App\\User'),(3,6171,'App\\User'),(3,6172,'App\\User'),(3,6173,'App\\User'),(3,6174,'App\\User'),(3,6175,'App\\User'),(3,6176,'App\\User'),(3,6177,'App\\User'),(3,6178,'App\\User'),(3,6179,'App\\User'),(3,6180,'App\\User'),(3,6181,'App\\User'),(3,6182,'App\\User'),(3,6183,'App\\User'),(3,6184,'App\\User'),(3,6185,'App\\User'),(3,6187,'App\\User'),(3,6188,'App\\User'),(3,6189,'App\\User'),(3,6190,'App\\User'),(3,6192,'App\\User'),(3,6193,'App\\User'),(3,6194,'App\\User'),(3,6195,'App\\User'),(3,6196,'App\\User'),(3,6197,'App\\User'),(3,6198,'App\\User'),(3,6199,'App\\User'),(3,6200,'App\\User'),(3,6201,'App\\User'),(3,6202,'App\\User'),(3,6203,'App\\User'),(3,6204,'App\\User'),(3,6205,'App\\User'),(3,6206,'App\\User'),(3,6207,'App\\User'),(3,6208,'App\\User'),(3,6209,'App\\User'),(3,6210,'App\\User'),(3,6211,'App\\User'),(3,6212,'App\\User'),(3,6213,'App\\User'),(3,6214,'App\\User'),(3,6215,'App\\User'),(3,6216,'App\\User'),(3,6217,'App\\User'),(3,6218,'App\\User'),(3,6219,'App\\User'),(3,6220,'App\\User'),(3,6221,'App\\User'),(3,6222,'App\\User'),(3,6223,'App\\User'),(3,6224,'App\\User'),(3,6225,'App\\User'),(3,6228,'App\\User'),(3,6230,'App\\User'),(3,6232,'App\\User'),(3,6233,'App\\User'),(3,6234,'App\\User'),(3,6235,'App\\User'),(3,6236,'App\\User'),(3,6237,'App\\User'),(3,6238,'App\\User'),(3,6249,'App\\User'),(3,6250,'App\\User'),(3,6251,'App\\User'),(3,6252,'App\\User'),(3,6253,'App\\User'),(3,6254,'App\\User'),(3,6255,'App\\User'),(3,6256,'App\\User'),(3,6257,'App\\User'),(3,6258,'App\\User'),(3,6259,'App\\User'),(3,6260,'App\\User'),(3,6261,'App\\User'),(3,6262,'App\\User'),(3,6263,'App\\User'),(3,6264,'App\\User'),(3,6265,'App\\User'),(3,6266,'App\\User'),(3,6267,'App\\User'),(3,6268,'App\\User'),(3,6270,'App\\User'),(3,6271,'App\\User'),(3,6272,'App\\User'),(3,6273,'App\\User'),(3,6274,'App\\User'),(3,6275,'App\\User'),(3,6276,'App\\User'),(3,6277,'App\\User'),(3,6278,'App\\User'),(3,6279,'App\\User'),(3,6280,'App\\User'),(3,6281,'App\\User'),(3,6282,'App\\User'),(3,6283,'App\\User'),(3,6284,'App\\User'),(3,6285,'App\\User'),(3,6286,'App\\User'),(3,6287,'App\\User'),(3,6288,'App\\User'),(3,6289,'App\\User'),(3,6290,'App\\User'),(3,6291,'App\\User'),(3,6292,'App\\User'),(3,6293,'App\\User'),(3,6294,'App\\User'),(3,6295,'App\\User'),(3,6297,'App\\User'),(3,6298,'App\\User'),(3,6300,'App\\User'),(3,6302,'App\\User'),(3,6303,'App\\User'),(3,6304,'App\\User'),(3,6305,'App\\User'),(3,6306,'App\\User'),(3,6307,'App\\User'),(3,6308,'App\\User'),(3,6309,'App\\User'),(3,6310,'App\\User'),(3,6311,'App\\User'),(3,6312,'App\\User'),(3,6313,'App\\User'),(3,6314,'App\\User'),(3,6315,'App\\User'),(3,6316,'App\\User'),(3,6317,'App\\User'),(3,6326,'App\\User'),(3,6329,'App\\User'),(3,6330,'App\\User'),(3,6331,'App\\User'),(3,6332,'App\\User'),(3,6333,'App\\User'),(3,6335,'App\\User'),(3,6336,'App\\User'),(3,6337,'App\\User'),(3,6338,'App\\User'),(3,6340,'App\\User'),(3,6341,'App\\User'),(3,6342,'App\\User'),(3,6343,'App\\User'),(3,6344,'App\\User'),(3,6345,'App\\User'),(3,6346,'App\\User'),(3,6347,'App\\User'),(3,6348,'App\\User'),(3,6362,'App\\User'),(3,6365,'App\\User'),(3,6372,'App\\User'),(3,6373,'App\\User'),(3,6374,'App\\User'),(3,6375,'App\\User'),(3,6376,'App\\User'),(3,6377,'App\\User'),(3,6378,'App\\User'),(3,6379,'App\\User'),(3,6380,'App\\User'),(3,6382,'App\\User'),(3,6383,'App\\User'),(3,6384,'App\\User'),(3,6385,'App\\User'),(3,6386,'App\\User'),(3,6387,'App\\User'),(3,6388,'App\\User'),(3,6389,'App\\User'),(3,6390,'App\\User'),(3,6391,'App\\User'),(3,6392,'App\\User'),(3,6393,'App\\User'),(3,6394,'App\\User'),(3,6395,'App\\User'),(3,6396,'App\\User'),(3,6397,'App\\User'),(3,6398,'App\\User'),(3,6399,'App\\User'),(3,6400,'App\\User'),(3,6401,'App\\User'),(3,6402,'App\\User'),(3,6403,'App\\User'),(3,6404,'App\\User'),(3,6405,'App\\User'),(3,6406,'App\\User'),(3,6407,'App\\User'),(3,6408,'App\\User'),(3,6409,'App\\User'),(3,6410,'App\\User'),(3,6411,'App\\User'),(3,6412,'App\\User'),(3,6413,'App\\User'),(3,6414,'App\\User'),(3,6415,'App\\User'),(3,6416,'App\\User'),(3,6417,'App\\User'),(3,6418,'App\\User'),(3,6419,'App\\User'),(3,6420,'App\\User'),(3,6422,'App\\User'),(3,6423,'App\\User'),(3,6424,'App\\User'),(3,6425,'App\\User'),(3,6426,'App\\User'),(3,6427,'App\\User'),(3,6428,'App\\User'),(3,6429,'App\\User'),(3,6430,'App\\User'),(3,6431,'App\\User'),(3,6432,'App\\User'),(3,6433,'App\\User'),(3,6434,'App\\User'),(3,6435,'App\\User'),(3,6437,'App\\User'),(3,6438,'App\\User'),(3,6439,'App\\User'),(3,6440,'App\\User'),(3,6441,'App\\User'),(3,6442,'App\\User'),(3,6443,'App\\User'),(3,6444,'App\\User'),(3,6445,'App\\User'),(3,6446,'App\\User'),(3,6447,'App\\User'),(3,6448,'App\\User'),(3,6449,'App\\User'),(3,6450,'App\\User'),(3,6451,'App\\User'),(3,6452,'App\\User'),(3,6453,'App\\User'),(3,6454,'App\\User'),(3,6455,'App\\User'),(3,6456,'App\\User'),(3,6457,'App\\User'),(3,6458,'App\\User'),(3,6459,'App\\User'),(3,6460,'App\\User'),(3,6462,'App\\User'),(3,6463,'App\\User'),(3,6464,'App\\User'),(3,6465,'App\\User'),(3,6466,'App\\User'),(3,6467,'App\\User'),(3,6468,'App\\User'),(3,6469,'App\\User'),(3,6470,'App\\User'),(3,6471,'App\\User'),(3,6472,'App\\User'),(3,6473,'App\\User'),(3,6474,'App\\User'),(3,6475,'App\\User'),(3,6476,'App\\User'),(3,6477,'App\\User'),(3,6478,'App\\User'),(3,6479,'App\\User'),(3,6480,'App\\User'),(3,6481,'App\\User'),(3,6482,'App\\User'),(3,6483,'App\\User'),(3,6484,'App\\User'),(3,6485,'App\\User'),(3,6486,'App\\User'),(3,6487,'App\\User'),(3,6488,'App\\User'),(3,6489,'App\\User'),(3,6490,'App\\User'),(3,6491,'App\\User'),(3,6492,'App\\User'),(3,6494,'App\\User'),(3,6495,'App\\User'),(3,6496,'App\\User'),(3,6497,'App\\User'),(3,6498,'App\\User'),(3,6499,'App\\User'),(3,6500,'App\\User'),(3,6501,'App\\User'),(3,6502,'App\\User'),(3,6503,'App\\User'),(3,6504,'App\\User'),(3,6505,'App\\User'),(3,6506,'App\\User'),(3,6507,'App\\User'),(3,6508,'App\\User'),(3,6509,'App\\User'),(3,6510,'App\\User'),(3,6511,'App\\User'),(3,6512,'App\\User'),(3,6513,'App\\User'),(3,6514,'App\\User'),(3,6515,'App\\User'),(3,6516,'App\\User'),(3,6517,'App\\User'),(3,6518,'App\\User'),(3,6519,'App\\User'),(3,6520,'App\\User'),(3,6521,'App\\User'),(3,6522,'App\\User'),(3,6523,'App\\User'),(4,6324,'App\\User'),(4,6361,'App\\User'),(4,6371,'App\\User'),(4,6493,'App\\User');

--
-- Table structure for table `roles`
--

CREATE TABLE `roles` (
  `id` int unsigned NOT NULL AUTO_INCREMENT,
  `name` varchar(191) CHARACTER SET utf8mb4 COLLATE utf8mb4_unicode_ci NOT NULL,
  `display_name` varchar(191) CHARACTER SET utf8mb4 COLLATE utf8mb4_unicode_ci DEFAULT NULL,
  `description` varchar(191) CHARACTER SET utf8mb4 COLLATE utf8mb4_unicode_ci DEFAULT NULL,
  `created_at` timestamp NULL DEFAULT NULL,
  `updated_at` timestamp NULL DEFAULT NULL,
  PRIMARY KEY (`id`),
  UNIQUE KEY `roles_name_unique` (`name`)
) ENGINE=InnoDB AUTO_INCREMENT=5 DEFAULT CHARSET=utf8mb4 COLLATE=utf8mb4_unicode_ci;

--
-- Dumping data for table `roles`
--

INSERT INTO `roles` (`id`, `name`, `display_name`, `description`, `created_at`, `updated_at`) VALUES (1,'super_admin','Super Admin','Super Admin','2020-06-02 05:32:54','2020-06-02 05:32:54'),(2,'admin','Admin','Admin','2020-06-02 05:32:55','2020-06-02 05:32:55'),(3,'clients','Clients','Clients','2020-06-02 05:32:55','2020-06-02 05:32:55'),(4,'Tager',NULL,NULL,'2022-12-11 20:28:42','2022-12-11 20:28:42');

--
-- Table structure for table `search_keywords`
--

CREATE TABLE `search_keywords` (
  `id` bigint unsigned NOT NULL AUTO_INCREMENT,
  `keywords` varchar(191) CHARACTER SET utf8mb4 COLLATE utf8mb4_unicode_ci DEFAULT NULL,
  `count` int NOT NULL DEFAULT '0',
  `created_at` timestamp NULL DEFAULT NULL,
  `updated_at` timestamp NULL DEFAULT NULL,
  PRIMARY KEY (`id`)
) ENGINE=InnoDB DEFAULT CHARSET=utf8mb4 COLLATE=utf8mb4_unicode_ci;

--
-- Dumping data for table `search_keywords`
--


--
-- Table structure for table `session_days`
--

CREATE TABLE `session_days` (
  `id` int unsigned NOT NULL AUTO_INCREMENT,
  `session_id` int unsigned NOT NULL,
  `day` int NOT NULL DEFAULT '1',
  `created_at` timestamp NOT NULL DEFAULT CURRENT_TIMESTAMP,
  `updated_at` timestamp NOT NULL DEFAULT '0000-00-00 00:00:00',
  PRIMARY KEY (`id`),
  KEY `session_id` (`session_id`),
  CONSTRAINT `session_days_ibfk_1` FOREIGN KEY (`session_id`) REFERENCES `sessions` (`id`) ON DELETE CASCADE ON UPDATE CASCADE
) ENGINE=InnoDB AUTO_INCREMENT=923 DEFAULT CHARSET=utf8mb3;

--
-- Dumping data for table `session_days`
--

INSERT INTO `session_days` (`id`, `session_id`, `day`, `created_at`, `updated_at`) VALUES (86,9,1,'2022-09-14 17:49:35','2022-09-14 17:49:35'),(87,9,2,'2022-09-14 17:49:35','2022-09-14 17:49:35'),(88,9,3,'2022-09-14 17:49:35','2022-09-14 17:49:35'),(89,9,4,'2022-09-14 17:49:35','2022-09-14 17:49:35'),(90,9,5,'2022-09-14 17:49:35','2022-09-14 17:49:35'),(91,10,1,'2022-09-14 17:50:25','2022-09-14 17:50:25'),(92,10,2,'2022-09-14 17:50:25','2022-09-14 17:50:25'),(93,10,3,'2022-09-14 17:50:25','2022-09-14 17:50:25'),(94,10,4,'2022-09-14 17:50:25','2022-09-14 17:50:25'),(95,10,5,'2022-09-14 17:50:25','2022-09-14 17:50:25'),(96,10,6,'2022-09-14 17:50:25','2022-09-14 17:50:25'),(97,11,1,'2022-09-14 17:50:41','2022-09-14 17:50:41'),(98,11,2,'2022-09-14 17:50:41','2022-09-14 17:50:41'),(99,11,3,'2022-09-14 17:50:41','2022-09-14 17:50:41'),(100,11,4,'2022-09-14 17:50:41','2022-09-14 17:50:41'),(101,11,5,'2022-09-14 17:50:41','2022-09-14 17:50:41'),(102,11,6,'2022-09-14 17:50:41','2022-09-14 17:50:41'),(103,11,7,'2022-09-14 17:50:41','2022-09-14 17:50:41'),(104,12,1,'2022-09-14 17:52:00','2022-09-14 17:52:00'),(105,13,1,'2022-09-14 17:52:19','2022-09-14 17:52:19'),(106,13,2,'2022-09-14 17:52:19','2022-09-14 17:52:19'),(107,13,3,'2022-09-14 17:52:19','2022-09-14 17:52:19'),(108,13,4,'2022-09-14 17:52:19','2022-09-14 17:52:19'),(109,13,5,'2022-09-14 17:52:19','2022-09-14 17:52:19'),(110,13,6,'2022-09-14 17:52:19','2022-09-14 17:52:19'),(111,13,7,'2022-09-14 17:52:19','2022-09-14 17:52:19'),(250,20,1,'2022-09-14 21:57:54','2022-09-14 21:57:54'),(251,20,2,'2022-09-14 21:57:54','2022-09-14 21:57:54'),(252,20,3,'2022-09-14 21:57:54','2022-09-14 21:57:54'),(253,20,4,'2022-09-14 21:57:54','2022-09-14 21:57:54'),(254,20,5,'2022-09-14 21:57:54','2022-09-14 21:57:54'),(255,20,6,'2022-09-14 21:57:54','2022-09-14 21:57:54'),(256,20,7,'2022-09-14 21:57:54','2022-09-14 21:57:54'),(333,26,1,'2022-09-15 01:00:56','2022-09-15 01:00:56'),(334,26,2,'2022-09-15 01:00:56','2022-09-15 01:00:56'),(335,26,3,'2022-09-15 01:00:56','2022-09-15 01:00:56'),(336,26,4,'2022-09-15 01:00:56','2022-09-15 01:00:56'),(337,26,5,'2022-09-15 01:00:56','2022-09-15 01:00:56'),(338,26,6,'2022-09-15 01:00:56','2022-09-15 01:00:56'),(339,26,7,'2022-09-15 01:00:56','2022-09-15 01:00:56'),(347,31,1,'2022-09-15 01:02:32','2022-09-15 01:02:32'),(348,31,2,'2022-09-15 01:02:32','2022-09-15 01:02:32'),(349,31,3,'2022-09-15 01:02:32','2022-09-15 01:02:32'),(350,31,4,'2022-09-15 01:02:32','2022-09-15 01:02:32'),(351,31,5,'2022-09-15 01:02:32','2022-09-15 01:02:32'),(352,31,6,'2022-09-15 01:02:32','2022-09-15 01:02:32'),(353,31,7,'2022-09-15 01:02:32','2022-09-15 01:02:32'),(361,33,1,'2022-09-15 01:05:31','2022-09-15 01:05:31'),(362,33,2,'2022-09-15 01:05:31','2022-09-15 01:05:31'),(363,33,3,'2022-09-15 01:05:31','2022-09-15 01:05:31'),(364,33,4,'2022-09-15 01:05:31','2022-09-15 01:05:31'),(365,33,5,'2022-09-15 01:05:31','2022-09-15 01:05:31'),(366,33,6,'2022-09-15 01:05:31','2022-09-15 01:05:31'),(367,33,7,'2022-09-15 01:05:31','2022-09-15 01:05:31'),(414,38,1,'2022-09-15 10:17:02','2022-09-15 10:17:02'),(415,38,2,'2022-09-15 10:17:02','2022-09-15 10:17:02'),(416,38,3,'2022-09-15 10:17:02','2022-09-15 10:17:02'),(417,38,4,'2022-09-15 10:17:02','2022-09-15 10:17:02'),(418,38,5,'2022-09-15 10:17:02','2022-09-15 10:17:02'),(419,38,6,'2022-09-15 10:17:02','2022-09-15 10:17:02'),(420,38,7,'2022-09-15 10:17:02','2022-09-15 10:17:02'),(445,46,1,'2022-09-15 15:51:03','2022-09-15 15:51:03'),(446,46,2,'2022-09-15 15:51:03','2022-09-15 15:51:03'),(447,46,3,'2022-09-15 15:51:03','2022-09-15 15:51:03'),(448,46,4,'2022-09-15 15:51:03','2022-09-15 15:51:03'),(449,46,5,'2022-09-15 15:51:03','2022-09-15 15:51:03'),(450,46,6,'2022-09-15 15:51:03','2022-09-15 15:51:03'),(489,51,1,'2022-09-17 16:08:26','2022-09-17 16:08:26'),(490,51,2,'2022-09-17 16:08:26','2022-09-17 16:08:26'),(491,51,3,'2022-09-17 16:08:26','2022-09-17 16:08:26'),(492,51,4,'2022-09-17 16:08:26','2022-09-17 16:08:26'),(493,51,5,'2022-09-17 16:08:26','2022-09-17 16:08:26'),(508,53,1,'2022-09-18 22:28:57','2022-09-18 22:28:57'),(509,53,2,'2022-09-18 22:28:57','2022-09-18 22:28:57'),(510,53,3,'2022-09-18 22:28:57','2022-09-18 22:28:57'),(511,53,4,'2022-09-18 22:28:57','2022-09-18 22:28:57'),(512,53,5,'2022-09-18 22:28:57','2022-09-18 22:28:57'),(513,53,6,'2022-09-18 22:28:57','2022-09-18 22:28:57'),(514,53,7,'2022-09-18 22:28:57','2022-09-18 22:28:57'),(516,55,1,'2022-09-19 01:19:09','2022-09-19 01:19:09'),(517,55,2,'2022-09-19 01:19:09','2022-09-19 01:19:09'),(518,55,3,'2022-09-19 01:19:09','2022-09-19 01:19:09'),(519,55,4,'2022-09-19 01:19:09','2022-09-19 01:19:09'),(520,55,5,'2022-09-19 01:19:09','2022-09-19 01:19:09'),(521,55,6,'2022-09-19 01:19:09','2022-09-19 01:19:09'),(522,55,7,'2022-09-19 01:19:09','2022-09-19 01:19:09'),(529,4,4,'2022-09-20 11:06:25','2022-09-20 11:06:25'),(551,60,1,'2022-09-23 06:12:29','2022-09-23 06:12:29'),(552,60,2,'2022-09-23 06:12:29','2022-09-23 06:12:29'),(553,60,3,'2022-09-23 06:12:29','2022-09-23 06:12:29'),(554,60,4,'2022-09-23 06:12:29','2022-09-23 06:12:29'),(555,60,5,'2022-09-23 06:12:29','2022-09-23 06:12:29'),(556,60,6,'2022-09-23 06:12:29','2022-09-23 06:12:29'),(620,61,1,'2022-09-23 19:50:17','2022-09-23 19:50:17'),(621,61,2,'2022-09-23 19:50:17','2022-09-23 19:50:17'),(622,61,3,'2022-09-23 19:50:17','2022-09-23 19:50:17'),(623,61,4,'2022-09-23 19:50:17','2022-09-23 19:50:17'),(624,61,5,'2022-09-23 19:50:17','2022-09-23 19:50:17'),(625,61,6,'2022-09-23 19:50:17','2022-09-23 19:50:17'),(626,61,7,'2022-09-23 19:50:17','2022-09-23 19:50:17'),(634,63,1,'2022-10-10 20:46:31','2022-10-10 20:46:31'),(635,63,2,'2022-10-10 20:46:31','2022-10-10 20:46:31'),(636,63,3,'2022-10-10 20:46:31','2022-10-10 20:46:31'),(637,63,4,'2022-10-10 20:46:31','2022-10-10 20:46:31'),(638,63,5,'2022-10-10 20:46:31','2022-10-10 20:46:31'),(660,66,1,'2022-10-30 17:46:59','2022-10-30 17:46:59'),(661,66,2,'2022-10-30 17:46:59','2022-10-30 17:46:59'),(662,66,3,'2022-10-30 17:46:59','2022-10-30 17:46:59'),(663,66,4,'2022-10-30 17:46:59','2022-10-30 17:46:59'),(664,66,5,'2022-10-30 17:46:59','2022-10-30 17:46:59'),(665,66,6,'2022-10-30 17:46:59','2022-10-30 17:46:59'),(666,66,7,'2022-10-30 17:46:59','2022-10-30 17:46:59'),(671,67,5,'2022-11-09 12:05:25','2022-11-09 12:05:25'),(714,68,1,'2022-11-16 20:46:57','2022-11-16 20:46:57'),(715,68,2,'2022-11-16 20:46:57','2022-11-16 20:46:57'),(716,68,3,'2022-11-16 20:46:57','2022-11-16 20:46:57'),(717,68,4,'2022-11-16 20:46:57','2022-11-16 20:46:57'),(718,68,5,'2022-11-16 20:46:57','2022-11-16 20:46:57'),(719,68,6,'2022-11-16 20:46:57','2022-11-16 20:46:57'),(720,68,7,'2022-11-16 20:46:57','2022-11-16 20:46:57'),(729,69,2,'2022-11-26 03:28:36','2022-11-26 03:28:36'),(730,69,3,'2022-11-26 03:28:36','2022-11-26 03:28:36'),(731,69,4,'2022-11-26 03:28:36','2022-11-26 03:28:36'),(732,69,5,'2022-11-26 03:28:36','2022-11-26 03:28:36'),(747,71,1,'2022-12-19 07:27:19','2022-12-19 07:27:19'),(748,71,2,'2022-12-19 07:27:19','2022-12-19 07:27:19'),(749,71,3,'2022-12-19 07:27:19','2022-12-19 07:27:19'),(750,71,4,'2022-12-19 07:27:19','2022-12-19 07:27:19'),(751,71,5,'2022-12-19 07:27:19','2022-12-19 07:27:19'),(752,71,6,'2022-12-19 07:27:19','2022-12-19 07:27:19'),(753,71,7,'2022-12-19 07:27:19','2022-12-19 07:27:19'),(782,72,1,'2023-04-20 14:30:26','2023-04-20 14:30:26'),(783,72,2,'2023-04-20 14:30:26','2023-04-20 14:30:26'),(784,72,3,'2023-04-20 14:30:26','2023-04-20 14:30:26'),(785,72,4,'2023-04-20 14:30:26','2023-04-20 14:30:26'),(786,72,5,'2023-04-20 14:30:26','2023-04-20 14:30:26'),(787,72,6,'2023-04-20 14:30:26','2023-04-20 14:30:26'),(788,72,7,'2023-04-20 14:30:26','2023-04-20 14:30:26'),(793,73,2,'2023-04-26 21:43:22','2023-04-26 21:43:22'),(794,73,3,'2023-04-26 21:43:22','2023-04-26 21:43:22'),(795,73,4,'2023-04-26 21:43:22','2023-04-26 21:43:22'),(796,74,4,'2023-04-26 21:44:16','2023-04-26 21:44:16'),(798,75,4,'2023-08-08 01:51:20','2023-08-08 01:51:20'),(800,76,4,'2023-08-27 21:45:22','2023-08-27 21:45:22'),(818,78,1,'2023-11-03 19:59:33','2023-11-03 19:59:33'),(819,78,2,'2023-11-03 19:59:33','2023-11-03 19:59:33'),(820,78,3,'2023-11-03 19:59:33','2023-11-03 19:59:33'),(821,78,4,'2023-11-03 19:59:33','2023-11-03 19:59:33'),(822,78,5,'2023-11-03 19:59:33','2023-11-03 19:59:33'),(823,78,6,'2023-11-03 19:59:33','2023-11-03 19:59:33'),(824,78,7,'2023-11-03 19:59:33','2023-11-03 19:59:33'),(874,77,1,'2023-11-09 05:28:40','2023-11-09 05:28:40'),(875,77,2,'2023-11-09 05:28:40','2023-11-09 05:28:40'),(876,77,3,'2023-11-09 05:28:40','2023-11-09 05:28:40'),(877,77,4,'2023-11-09 05:28:40','2023-11-09 05:28:40'),(878,77,5,'2023-11-09 05:28:40','2023-11-09 05:28:40'),(904,86,1,'2023-11-26 09:49:08','2023-11-26 09:49:08'),(905,86,2,'2023-11-26 09:49:08','2023-11-26 09:49:08'),(906,86,3,'2023-11-26 09:49:08','2023-11-26 09:49:08'),(907,86,4,'2023-11-26 09:49:08','2023-11-26 09:49:08'),(908,86,5,'2023-11-26 09:49:08','2023-11-26 09:49:08'),(916,88,1,'2023-12-04 19:41:22','2023-12-04 19:41:22'),(917,88,2,'2023-12-04 19:41:22','2023-12-04 19:41:22'),(918,88,3,'2023-12-04 19:41:22','2023-12-04 19:41:22'),(919,88,4,'2023-12-04 19:41:22','2023-12-04 19:41:22'),(920,88,5,'2023-12-04 19:41:22','2023-12-04 19:41:22'),(921,88,6,'2023-12-04 19:41:22','2023-12-04 19:41:22'),(922,88,7,'2023-12-04 19:41:22','2023-12-04 19:41:22');

--
-- Table structure for table `session_translations`
--

CREATE TABLE `session_translations` (
  `id` int unsigned NOT NULL AUTO_INCREMENT,
  `session_id` int unsigned DEFAULT NULL,
  `locale` varchar(20) DEFAULT NULL,
  `name` varchar(50) DEFAULT NULL,
  `description` text,
  PRIMARY KEY (`id`),
  KEY `session_id` (`session_id`),
  CONSTRAINT `session_translations_ibfk_1` FOREIGN KEY (`session_id`) REFERENCES `sessions` (`id`) ON DELETE CASCADE ON UPDATE CASCADE
) ENGINE=InnoDB AUTO_INCREMENT=177 DEFAULT CHARSET=utf8mb3 ROW_FORMAT=COMPACT;

--
-- Dumping data for table `session_translations`
--

INSERT INTO `session_translations` (`id`, `session_id`, `locale`, `name`, `description`) VALUES (7,4,'en','مطلق خميس الدعيج','حياكم الله في ديواننا الاسبوعي'),(8,4,'ar','مطلق خميس الدعيج','حياكم الله في ديواننا الاسبوعي'),(17,9,'en','عبدالله بن هذال القعمر','مرحبا بلجميع'),(18,9,'ar','عبدالله بن هذال القعمر','مرحبا بلجميع'),(19,10,'en','هادي الحجاج ابو بدر','يومي بعد صلاة العصر'),(20,10,'ar','هادي الحجاج ابو بدر','يومي بعد صلاة العصر'),(21,11,'en','راشد مهدي الشميلان','مرحبا ومسهلا'),(22,11,'ar','راشد مهدي الشميلان','مرحبا ومسهلا'),(23,12,'en','ديوان سعد عايض السحيب','ديوان سعد عايض السحيب'),(24,12,'ar','ديوان سعد عايض السحيب','ديوان سعد عايض السحيب'),(25,13,'en','ديوان بن هواش','ديوان بن هواش'),(26,13,'ar','ديوان بن هواش','ديوان بن هواش'),(39,20,'en','ديوانيه محمد سعود البصيرات','مرحبا بالجميع'),(40,20,'ar','ديوانيه محمد سعود البصيرات','مرحبا بالجميع'),(51,26,'en','ديوان الريحان','.'),(52,26,'ar','ديوان الريحان','.'),(61,31,'en','ديوان  الريحان','.'),(62,31,'ar','ديوان  الريحان','.'),(65,33,'en','ديوان الريحان','.'),(66,33,'ar','ديوان الريحان','.'),(75,38,'en','ديوان مرزوق الحضيري','حياكم الله مرحبا ومسهلا بااجميع بديوان ( مرزوق الحضيري)'),(76,38,'ar','ديوان مرزوق الحضيري','حياكم الله مرحبا ومسهلا بااجميع بديوان ( مرزوق الحضيري)'),(91,46,'en','ديوان ابناء عزام برغش بن عزام','مرحبا والله يحيكم كل يوم بعد صلاه العصر'),(92,46,'ar','ديوان ابناء عزام برغش بن عزام','مرحبا والله يحيكم كل يوم بعد صلاه العصر'),(101,51,'en','ديوان راعي الدليما','مرحبآ بالجميع بديوانكم'),(102,51,'ar','ديوان راعي الدليما','مرحبآ بالجميع بديوانكم'),(105,53,'en','ديوان الطويل','مرحبا ومسهلا'),(106,53,'ar','ديوان الطويل','مرحبا ومسهلا'),(109,55,'en','ديوان/ راشد الشميلان','الديوان كل يوم من 8 صباحًا الى 10 مساءً'),(110,55,'ar','ديوان/ راشد الشميلان','الديوان كل يوم من 8 صباحًا الى 10 مساءً'),(119,60,'en','راشد الشحومي','يا مرحبا ومسهلا'),(120,60,'ar','راشد الشحومي','يا مرحبا ومسهلا'),(121,61,'en','ديوان الغربه','ديوان الغربه'),(122,61,'ar','ديوان الغربه','ديوان الغربه'),(125,63,'en','ديوان الغشام','ويوم الثلاثاء من كل اسبوع يعتبر يوم رسمي  من بعد صلاة المغرب يامرحبا  بالجميع'),(126,63,'ar','ديوان الغشام','ويوم الثلاثاء من كل اسبوع يعتبر يوم رسمي  من بعد صلاة المغرب يامرحبا  بالجميع'),(131,66,'en','ديوان مبارك عبدالله الدعيات','غرب عبدالله المبارك'),(132,66,'ar','ديوان مبارك عبدالله الدعيات','غرب عبدالله المبارك'),(133,67,'en','ديوانية الرشود','ديوانية الرشود مرحبا ومسهلا'),(134,67,'ar','ديوانية الرشود','ديوانية الرشود مرحبا ومسهلا'),(135,68,'en','دوانية سالم الهيلع','دوانية سالم الهيلع مرحبا ومسهلا'),(136,68,'ar','دوانية سالم الهيلع','دوانية سالم الهيلع مرحبا ومسهلا'),(137,69,'en','بدر مجبل ابوعدوه بن ديلان','ديوانية : بـدر مـجبـل ابوعبدوه بن ديـلان'),(138,69,'ar','بدر مجبل ابوعدوه بن ديلان','ديوانية : بـدر مـجبـل ابوعبدوه بن ديـلان'),(141,71,'en','مزرعه طلال بن جويبر','مرحبااااا في كل طيب وغالي'),(142,71,'ar','مزرعه طلال بن جويبر','مرحبااااا في كل طيب وغالي'),(143,72,'en','فارس خليفه الصفينان','الديوان علي جانب ايتجاه الشارع'),(144,72,'ar','فارس خليفه الصفينان','الديوان علي جانب ايتجاه الشارع'),(145,73,'en','ديوان السمران','الصباحية ق ٢ش٣م٣٥٦مقابل روضة لاستقلال'),(146,73,'ar','ديوان السمران','الصباحية ق ٢ش٣م٣٥٦مقابل روضة لاستقلال'),(147,74,'en','ديوان مطلق السمران','الصباحية ق ٤ش٦م٥٧٠ قريب من مسجد عايضه مناحي الحباج'),(148,74,'ar','ديوان مطلق السمران','الصباحية ق ٤ش٦م٥٧٠ قريب من مسجد عايضه مناحي الحباج'),(149,75,'en','ديوان الغشام','منطقة الرميثيه - قطعه 8 - جاده 84 - منزل 18'),(150,75,'ar','ديوان الغشام','<p style=\"text-align: center;\">منطقة الرميثيه - قطعه 8 - جاده 84 - منزل 18</p>'),(151,76,'en','ديوان عبدالله الونيان','حياكم الله'),(152,76,'ar','ديوان عبدالله الونيان','حياكم الله'),(153,77,'en','ديوان أبناء فلاح خلف بن بريوج','<p style=\"text-align: center;\">ديوان أبناء فلاح خلف بن بريوج</p>'),(154,77,'ar','ديوان أبناء فلاح خلف بن بريوج','<p style=\"text-align: center;\">ديوان أبناء فلاح خلف بن بريوج</p>'),(155,78,'en','ديوان منيف الدريويش','ديوان منيف الدريويش'),(156,78,'ar','ديوان منيف الدريويش','ديوان منيف الدريويش'),(171,86,'en','ديوان أحمد راشد الغريّـب','بعد صلاة المغرب مرحبا بالجميع'),(172,86,'ar','ديوان أحمد راشد الغريّـب','بعد صلاة المغرب مرحبا بالجميع'),(175,88,'en','ديوان احمد فلاح بن خميس','مرحبا ومسهلا'),(176,88,'ar','ديوان احمد فلاح بن خميس','مرحبا ومسهلا');

--
-- Table structure for table `sessions`
--

CREATE TABLE `sessions` (
  `id` int unsigned NOT NULL AUTO_INCREMENT,
  `time` date DEFAULT NULL,
  `status` int NOT NULL DEFAULT '1',
  `image` varchar(50) DEFAULT NULL,
  `region_id` int unsigned DEFAULT NULL,
  `address` varchar(50) DEFAULT NULL,
  `view` int NOT NULL DEFAULT '0',
  `created_at` timestamp NOT NULL DEFAULT CURRENT_TIMESTAMP,
  `updated_at` timestamp NOT NULL DEFAULT CURRENT_TIMESTAMP,
  `user_id` int unsigned DEFAULT NULL,
  `lat` varchar(191) DEFAULT NULL,
  `long` varchar(191) DEFAULT NULL,
  `countDays` int DEFAULT NULL,
  `address_address` varchar(191) DEFAULT NULL,
  `phone` varchar(191) DEFAULT NULL,
  `Secondphone` varchar(191) DEFAULT NULL,
  `thirdPhone` varchar(191) DEFAULT NULL,
  PRIMARY KEY (`id`),
  KEY `region_id` (`region_id`),
  KEY `user_id` (`user_id`),
  CONSTRAINT `sessions_ibfk_1` FOREIGN KEY (`region_id`) REFERENCES `regions` (`id`) ON DELETE CASCADE ON UPDATE CASCADE,
  CONSTRAINT `sessions_ibfk_2` FOREIGN KEY (`user_id`) REFERENCES `users` (`id`) ON DELETE CASCADE ON UPDATE CASCADE
) ENGINE=InnoDB AUTO_INCREMENT=89 DEFAULT CHARSET=utf8mb3;

--
-- Dumping data for table `sessions`
--

INSERT INTO `sessions` (`id`, `time`, `status`, `image`, `region_id`, `address`, `view`, `created_at`, `updated_at`, `user_id`, `lat`, `long`, `countDays`, `address_address`, `phone`, `Secondphone`, `thirdPhone`) VALUES (4,NULL,1,'qCw63DOYgFbsPBGuHtxrOjEM4nGMNebMICYR491N.jpg',84,'2022-09-14',0,'2022-09-14 14:21:46','2022-10-21 17:56:30',6091,'29.125735914602593','48.114433251321316',NULL,NULL,NULL,NULL,NULL),(9,NULL,1,'sAI93edNPcRcf9fJjaC8UqKkz0wJTeJXEFTcW3Jd.jpg',84,'2022-09-14',0,'2022-09-14 15:12:44','2022-10-21 17:56:30',6081,'37.42796133580664','-122.08574965596199',NULL,NULL,NULL,NULL,NULL),(10,NULL,1,'95903FZrVnp5WHn7aNhKS4aMrqY6Bi6CKCCs8ezb.jpg',94,'2022-05-25',2,'2022-09-14 15:28:40','2022-10-21 17:56:30',6108,'29.25276062476283','48.059920705854886',NULL,NULL,NULL,NULL,NULL),(11,NULL,1,'GCC5GixMXH0FKcnRO8mv2BX5ENhCAMAjLLE3UTOU.jpg',84,'2022-05-25',0,'2022-09-14 15:41:55','2022-10-21 17:56:30',6109,'29.114262512862055','48.10726907104253',NULL,NULL,NULL,NULL,NULL),(12,NULL,1,'zNGEieN4J6YqsTuyRcrKy4wYT3FzJ8B0OFQQXcIV.jpg',76,'2022-05-25',0,'2022-09-14 15:55:43','2022-10-21 17:56:30',6111,'29.167534811078735','48.0918775498867',NULL,NULL,NULL,NULL,NULL),(13,NULL,1,'eh7ek6L15fCMjcRiIoflDwjoYF9rl2j3FVQle7ye.jpg',90,'2022-05-25',0,'2022-09-14 15:59:06','2022-10-21 17:56:30',6088,'29.19684816005024','48.077547177672386',NULL,NULL,NULL,NULL,NULL),(20,NULL,1,'K7JxURXxRa7seedYLPVQlMmuxBESR9l4DEIeupk5.jpg',89,'2022-05-14',2,'2022-09-14 21:06:28','2022-10-21 17:56:30',6082,'28.79892640541588','48.053179644048214',NULL,NULL,NULL,NULL,NULL),(26,NULL,1,'oUzi7y9JSMJxT605g9dVoNvVzkj2nTrBoAYDOAOl.jpg',41,'2022-09-15',0,'2022-09-14 23:41:26','2022-10-21 17:56:30',6128,'29.286545104304803','48.07555764913558',NULL,NULL,NULL,NULL,NULL),(31,NULL,1,'DQkDha8uu39S18QIPYzYPSDSPTiamn1Qt745kmj4.jpg',41,'2022-09-15',0,'2022-09-14 23:44:08','2022-10-21 17:56:30',6128,'29.29538553210342','48.07089027017355',NULL,NULL,NULL,NULL,NULL),(33,NULL,1,'E0oamripWhibxX9Jz49UPpcqIvISoqHMSMHKo7ve.jpg',41,'2022-09-15',0,'2022-09-14 23:46:56','2022-10-21 17:56:30',6128,'29.30278876136715','48.07662717998028',NULL,NULL,NULL,NULL,NULL),(38,NULL,1,'PcgfVqrHtFE33MpEIb7RKKncDm15lFjzKGWAW2ZW.jpg',84,'2022-09-15',0,'2022-09-15 05:56:19','2022-10-21 17:56:30',6139,'29.100263768860003','48.10265801846981',NULL,NULL,NULL,NULL,NULL),(46,NULL,1,'ybK2qsWie90tK59Q0fyVHc0XM4AhvOT12iMG2q02.jpg',99,'2022-05-25',3,'2022-09-15 15:46:06','2022-10-21 17:56:30',6073,'29.20706126794239','48.07433322072029',NULL,NULL,NULL,NULL,NULL),(51,NULL,1,'SQBbDKmDsh6OJAgL4RhMq5nWgt0kAIIU33jsGUwJ.jpg',83,'2022-09-17',1,'2022-09-17 15:49:27','2022-10-21 17:56:30',6172,'29.161455709145933','48.06679185479879',NULL,NULL,NULL,NULL,NULL),(53,NULL,1,'CVY5DwmAG5fxayIfu0HTH41NBRlfWHbQVRQZXUiF.jpg',41,'2022-09-19',0,'2022-09-18 21:52:57','2022-10-21 17:56:30',6184,'29.302805134423046','48.0804318934679',NULL,NULL,NULL,NULL,NULL),(55,NULL,1,'rPAqdTrxzbq6qXUeBrD9hgX66hOHO0Nx5jeOr0NO.jpg',84,'2022-09-19',0,'2022-09-18 23:29:35','2022-10-21 17:56:30',6185,'29.114307035836408','48.10760200023651',NULL,NULL,NULL,NULL,NULL),(60,NULL,1,'RcKYnNJyuXnYbBTxCU9jjgnTaQZ9LUaVRUPTCjCC.jpg',84,'2022-09-23',0,'2022-09-23 06:04:41','2022-10-21 17:56:30',6145,'29.09318018517696','48.10051694512367',NULL,NULL,NULL,NULL,NULL),(61,NULL,1,'ojt1SvajZkRbAVNYOMoSvA94w4TqKO6GhnV4U9KT.jpg',35,'2022-09-23',0,'2022-09-23 19:44:30','2022-10-21 17:56:30',6201,'29.36136058849988','48.00406437367201',NULL,NULL,NULL,NULL,NULL),(63,NULL,1,'pXLZVHzNHFn2qTt2Pga4AVfXzWP3ixWH8uIP18WT.jpg',51,'2022-10-10',0,'2022-10-10 19:37:37','2022-10-21 17:56:30',6176,'29.32409665557203','48.073422610759735',NULL,NULL,NULL,NULL,NULL),(66,NULL,1,'fqXWOZhu9y9IXJdEVpFfCDVJ7YsrzdV3Dvpo2qUW.jpg',55,'2022-10-30',0,'2022-10-30 17:24:51','2022-10-30 17:46:59',6276,'29.2292730264118','47.85121936351061',NULL,NULL,NULL,NULL,NULL),(67,NULL,1,'F9yLiJCGJwP1k6P4Pz4ajl4GPWBj0HiHkonzGQ5e.jpg',39,'2022-11-09',0,'2022-11-09 10:07:33','2022-11-09 12:01:01',6284,'29.27695553465242','48.066103868186474',NULL,'ديوانية الرشود 9999 8399 https://maps.app.goo.gl/zxviU9JYW5XHWCJGA?g_st=ic',NULL,NULL,NULL),(68,NULL,1,'kNqf5pT1M8gSyiOzGguz8tlt4cCXWwVU8DOZJSPK.png',41,'2022-11-16',0,'2022-11-16 19:50:18','2022-11-16 20:24:24',6297,'29.2967656','48.0724902',NULL,NULL,NULL,NULL,NULL),(69,NULL,1,'d2vzRUGJLAtiJUYur1o5kE0vHnmwDMjBpNXPW5Am.jpg',NULL,'2022-11-21',0,'2022-11-21 20:08:50','2022-11-26 03:28:36',6287,'29.160993115857277','48.07269070297479',NULL,NULL,NULL,NULL,NULL),(71,NULL,1,'BSoQ1u8kpGN7xnLW0KdpYWwOxgPRzhOby083MiUQ.jpg',114,'2022-12-19',0,'2022-12-18 22:35:22','2022-12-19 07:27:19',6326,'28.566887138372305','48.07711433619261',NULL,NULL,NULL,NULL,NULL),(72,NULL,1,'O1T7glodtcNUTdQ44nrRhsWaS0Gyu9RO15HrKA2s.jpg',100,'2023-04-17',0,'2023-04-16 18:30:56','2023-04-20 14:29:28',6374,'29.240236341491123','48.06467559682005',NULL,NULL,'66642212',NULL,NULL),(73,NULL,1,'o9IHMUEXgW7Gj5556ms6SEnYWnWaXZSaPoy28Kw6.jpg',84,'2023-04-26',0,'2023-04-26 19:21:42','2023-04-26 21:43:22',6389,'29.10106646028233','48.09901289641857',NULL,NULL,'55278444',NULL,NULL),(74,NULL,1,'B8VIXTNr6s2heRu9TTIPFGsGcXoJjJrXbK6QPqGf.jpg',84,'2023-04-26',0,'2023-04-26 19:39:39','2023-04-26 21:44:16',6389,'29.113928882855625','48.113256096839905',NULL,NULL,'55278444',NULL,NULL),(75,NULL,1,'xELycrAFme1UMn5dmPbnBLlOsSmXVYS7vRRbR3Pp.jpg',51,'2023-08-08',0,'2023-08-08 01:48:14','2023-08-08 01:51:20',6361,'29.32391337391714','48.073360584676266',NULL,NULL,'+96560441111',NULL,NULL),(76,NULL,1,'ckqC4yvqPtUoUV8lKm67Au0LNg94gOw18J7kr1Lh.jpg',101,'2023-08-27',0,'2023-08-27 19:35:12','2023-08-27 21:45:22',6084,'29.18479229895202','48.10689356178046',NULL,NULL,'+96599777758',NULL,NULL),(77,NULL,1,'7QFhfHH10ttN3n3rtKFAeoHtz3U5Kgr6fYfFkgrD.jpg',84,'2023-10-01',0,'2023-10-01 18:21:42','2023-11-09 05:28:40',6475,'29.108514786585264','48.09901826083661',NULL,NULL,'+96599069669','+96596610002',NULL),(78,NULL,1,'Za66s6iF4nJGg9B8nPwBdMM4F6nJzaGmynBL5yoy.jpg',83,'2023-11-03',0,'2023-11-03 19:55:17','2023-11-03 19:59:33',6489,'29.159806466708172','48.07120274752378',NULL,NULL,'+96566632667','+96599102345',NULL),(86,NULL,1,'I6UffMFJQmf4CnBucTD9INg4R8utNJvkRIB6cSSq.jpg',79,'2023-11-26',0,'2023-11-26 07:33:42','2023-11-26 09:49:08',6512,'29.11148154626487','48.128100112080574',NULL,NULL,'+96599535565',NULL,NULL),(88,NULL,1,'TZUb0JzSGShFDy4cW7VrQJHhSypBqRdg82VVgoQ4.jpg',121,'2023-12-04',0,'2023-12-04 19:37:53','2023-12-04 19:41:22',6361,'28.778036345450893','48.07575546205044',NULL,NULL,'+96550998822',NULL,NULL);

--
-- Table structure for table `settings`
--

CREATE TABLE `settings` (
  `id` int unsigned NOT NULL AUTO_INCREMENT,
  `key` varchar(191) CHARACTER SET utf8mb4 COLLATE utf8mb4_unicode_ci NOT NULL,
  `value` text CHARACTER SET utf8mb4 COLLATE utf8mb4_unicode_ci NOT NULL,
  PRIMARY KEY (`id`),
  KEY `settings_key_index` (`key`)
) ENGINE=InnoDB AUTO_INCREMENT=3 DEFAULT CHARSET=utf8mb4 COLLATE=utf8mb4_unicode_ci;

--
-- Dumping data for table `settings`
--

INSERT INTO `settings` (`id`, `key`, `value`) VALUES (1,'email','chapter@gmail.com'),(2,'phone','01159413327');

--
-- Table structure for table `shipping_type_translations`
--

CREATE TABLE `shipping_type_translations` (
  `id` int unsigned NOT NULL AUTO_INCREMENT,
  `shippingtype_id` int unsigned DEFAULT NULL,
  `name` varchar(191) CHARACTER SET utf8mb4 COLLATE utf8mb4_unicode_ci NOT NULL,
  `descrption` text CHARACTER SET utf8mb4 COLLATE utf8mb4_unicode_ci,
  `locale` varchar(191) CHARACTER SET utf8mb4 COLLATE utf8mb4_unicode_ci NOT NULL,
  `created_at` timestamp NULL DEFAULT NULL,
  `updated_at` timestamp NULL DEFAULT NULL,
  PRIMARY KEY (`id`),
  UNIQUE KEY `shipping_type_translations_shippingtype_id_locale_unique` (`shippingtype_id`,`locale`),
  KEY `shipping_type_translations_locale_index` (`locale`)
) ENGINE=InnoDB AUTO_INCREMENT=7 DEFAULT CHARSET=utf8mb4 COLLATE=utf8mb4_unicode_ci;

--
-- Dumping data for table `shipping_type_translations`
--

INSERT INTO `shipping_type_translations` (`id`, `shippingtype_id`, `name`, `descrption`, `locale`, `created_at`, `updated_at`) VALUES (1,3,'مباشر','مباشر','ar',NULL,NULL),(2,3,'Direct','مباشر','en',NULL,NULL),(3,4,'جمعلي','جميع طلباتك تصل في سلة واحدة','ar',NULL,NULL),(4,4,'Collect To Me','All orders on one cart','en',NULL,NULL),(5,5,'توصيل وتركيب','توصيل وتركيب','ar',NULL,NULL),(6,5,'توصيل وتركيب','توصيل وتركيب','en',NULL,NULL);

--
-- Table structure for table `shippingcompanies`
--

CREATE TABLE `shippingcompanies` (
  `id` int unsigned NOT NULL AUTO_INCREMENT,
  `image` varchar(191) CHARACTER SET utf8mb4 COLLATE utf8mb4_unicode_ci NOT NULL,
  `status` tinyint(1) NOT NULL DEFAULT '0',
  `created_at` timestamp NULL DEFAULT NULL,
  `updated_at` timestamp NULL DEFAULT NULL,
  PRIMARY KEY (`id`)
) ENGINE=InnoDB DEFAULT CHARSET=utf8mb4 COLLATE=utf8mb4_unicode_ci;

--
-- Dumping data for table `shippingcompanies`
--


--
-- Table structure for table `shippingcompany_translations`
--

CREATE TABLE `shippingcompany_translations` (
  `id` int unsigned NOT NULL AUTO_INCREMENT,
  `shippingCompany_id` int unsigned NOT NULL,
  `name` varchar(191) CHARACTER SET utf8mb4 COLLATE utf8mb4_unicode_ci NOT NULL,
  `descrption` text CHARACTER SET utf8mb4 COLLATE utf8mb4_unicode_ci NOT NULL,
  `locale` varchar(191) CHARACTER SET utf8mb4 COLLATE utf8mb4_unicode_ci NOT NULL,
  `created_at` timestamp NULL DEFAULT NULL,
  `updated_at` timestamp NULL DEFAULT NULL,
  PRIMARY KEY (`id`),
  UNIQUE KEY `shippingcompany_translations_shippingcompany_id_locale_unique` (`shippingCompany_id`,`locale`),
  KEY `shippingcompany_translations_locale_index` (`locale`)
) ENGINE=InnoDB DEFAULT CHARSET=utf8mb4 COLLATE=utf8mb4_unicode_ci;

--
-- Dumping data for table `shippingcompany_translations`
--


--
-- Table structure for table `shippingoptions`
--

CREATE TABLE `shippingoptions` (
  `id` int unsigned NOT NULL AUTO_INCREMENT,
  `price` double(8,2) NOT NULL,
  `delay` varchar(191) CHARACTER SET utf8mb4 COLLATE utf8mb4_unicode_ci NOT NULL,
  `cash_delivery_commission` double(8,2) NOT NULL DEFAULT '0.00',
  `address_address` varchar(191) CHARACTER SET utf8mb4 COLLATE utf8mb4_unicode_ci NOT NULL,
  `address_latitude` double NOT NULL,
  `address_longitude` double NOT NULL,
  `shipping_id` int unsigned NOT NULL,
  `country_id` int unsigned NOT NULL,
  `government_id` int unsigned NOT NULL,
  `region_id` int unsigned DEFAULT NULL,
  `user_id` int unsigned NOT NULL,
  `created_at` timestamp NULL DEFAULT NULL,
  `updated_at` timestamp NULL DEFAULT NULL,
  PRIMARY KEY (`id`),
  KEY `shippingoptions_user_id_foreign` (`user_id`),
  KEY `shippingoptions_shipping_id_foreign` (`shipping_id`),
  KEY `shippingoptions_country_id_foreign` (`country_id`),
  KEY `shippingoptions_government_id_foreign` (`government_id`),
  KEY `shippingoptions_region_id_foreign` (`region_id`)
) ENGINE=InnoDB DEFAULT CHARSET=utf8mb4 COLLATE=utf8mb4_unicode_ci;

--
-- Dumping data for table `shippingoptions`
--


--
-- Table structure for table `shippingtypes`
--

CREATE TABLE `shippingtypes` (
  `id` int unsigned NOT NULL AUTO_INCREMENT,
  `status` tinyint(1) NOT NULL DEFAULT '1',
  `shipping_id` int unsigned DEFAULT NULL,
  `user_id` int unsigned NOT NULL,
  `created_at` timestamp NULL DEFAULT NULL,
  `updated_at` timestamp NULL DEFAULT NULL,
  `type` int NOT NULL DEFAULT '0',
  PRIMARY KEY (`id`),
  KEY `shippingtypes_shipping_id_foreign` (`shipping_id`),
  KEY `shippingtypes_user_id_foreign` (`user_id`)
) ENGINE=InnoDB AUTO_INCREMENT=6 DEFAULT CHARSET=utf8mb4 COLLATE=utf8mb4_unicode_ci;

--
-- Dumping data for table `shippingtypes`
--

INSERT INTO `shippingtypes` (`id`, `status`, `shipping_id`, `user_id`, `created_at`, `updated_at`, `type`) VALUES (3,1,NULL,1,'2020-07-30 21:25:09','2020-07-30 21:25:09',0),(4,1,NULL,1,'2020-07-30 21:26:32','2020-07-30 21:26:32',1),(5,1,NULL,1,'2020-07-30 21:35:06','2020-07-30 21:35:06',2);

--
-- Table structure for table `size_translations`
--

CREATE TABLE `size_translations` (
  `id` int unsigned NOT NULL AUTO_INCREMENT,
  `size_id` int unsigned NOT NULL,
  `name` varchar(191) CHARACTER SET utf8mb4 COLLATE utf8mb4_unicode_ci NOT NULL,
  `locale` varchar(191) CHARACTER SET utf8mb4 COLLATE utf8mb4_unicode_ci NOT NULL,
  `created_at` timestamp NULL DEFAULT NULL,
  `updated_at` timestamp NULL DEFAULT NULL,
  PRIMARY KEY (`id`),
  UNIQUE KEY `size_translations_size_id_locale_unique` (`size_id`,`locale`),
  KEY `size_translations_locale_index` (`locale`)
) ENGINE=InnoDB DEFAULT CHARSET=utf8mb4 COLLATE=utf8mb4_unicode_ci;

--
-- Dumping data for table `size_translations`
--


--
-- Table structure for table `sizes`
--

CREATE TABLE `sizes` (
  `id` int unsigned NOT NULL AUTO_INCREMENT,
  `is_public` enum('yes','no') CHARACTER SET utf8mb4 COLLATE utf8mb4_unicode_ci NOT NULL,
  `type_size` enum('lenses','normal') CHARACTER SET utf8mb4 COLLATE utf8mb4_unicode_ci NOT NULL,
  `category_id` int unsigned NOT NULL,
  `sub_category_id` int unsigned DEFAULT NULL,
  `user_id` int unsigned NOT NULL,
  `created_at` timestamp NULL DEFAULT NULL,
  `updated_at` timestamp NULL DEFAULT NULL,
  PRIMARY KEY (`id`),
  KEY `sizes_category_id_foreign` (`category_id`),
  KEY `sizes_sub_category_id_foreign` (`sub_category_id`),
  KEY `sizes_user_id_foreign` (`user_id`)
) ENGINE=InnoDB DEFAULT CHARSET=utf8mb4 COLLATE=utf8mb4_unicode_ci;

--
-- Dumping data for table `sizes`
--


--
-- Table structure for table `slider_translations`
--

CREATE TABLE `slider_translations` (
  `id` int unsigned NOT NULL AUTO_INCREMENT,
  `slider_id` int unsigned NOT NULL,
  `name` varchar(191) CHARACTER SET utf8mb4 COLLATE utf8mb4_unicode_ci DEFAULT NULL,
  `locale` varchar(191) CHARACTER SET utf8mb4 COLLATE utf8mb4_unicode_ci NOT NULL,
  PRIMARY KEY (`id`),
  UNIQUE KEY `slider_translations_slider_id_locale_unique` (`slider_id`,`locale`),
  KEY `slider_translations_locale_index` (`locale`)
) ENGINE=InnoDB AUTO_INCREMENT=154 DEFAULT CHARSET=utf8mb4 COLLATE=utf8mb4_unicode_ci;

--
-- Dumping data for table `slider_translations`
--

INSERT INTO `slider_translations` (`id`, `slider_id`, `name`, `locale`) VALUES (7,1,'slider','ar'),(8,1,'slider','en'),(150,2,'slider','ar'),(151,2,'slider','en'),(152,3,'slider','ar'),(153,3,'slider','en');

--
-- Table structure for table `sliders`
--

CREATE TABLE `sliders` (
  `id` int unsigned NOT NULL AUTO_INCREMENT,
  `image` varchar(191) CHARACTER SET utf8mb4 COLLATE utf8mb4_unicode_ci DEFAULT NULL,
  `created_at` timestamp NULL DEFAULT NULL,
  `updated_at` timestamp NULL DEFAULT NULL,
  `type` int NOT NULL DEFAULT '0',
  `link` varchar(191) CHARACTER SET utf8mb4 COLLATE utf8mb4_unicode_ci DEFAULT NULL,
  `lat` varchar(191) CHARACTER SET utf8mb4 COLLATE utf8mb4_unicode_ci DEFAULT NULL,
  `long` varchar(191) CHARACTER SET utf8mb4 COLLATE utf8mb4_unicode_ci DEFAULT NULL,
  `user_id` int DEFAULT NULL,
  `countDay` int DEFAULT NULL,
  `package_id` int DEFAULT NULL,
  `end_offers` varchar(191) CHARACTER SET utf8mb4 COLLATE utf8mb4_unicode_ci DEFAULT NULL,
  `archevied` varchar(191) CHARACTER SET utf8mb4 COLLATE utf8mb4_unicode_ci NOT NULL DEFAULT '0',
  `link_id` varchar(191) CHARACTER SET utf8mb4 COLLATE utf8mb4_unicode_ci DEFAULT NULL,
  `show` varchar(191) CHARACTER SET utf8mb4 COLLATE utf8mb4_unicode_ci DEFAULT NULL,
  `address_address` varchar(191) CHARACTER SET utf8mb4 COLLATE utf8mb4_unicode_ci DEFAULT NULL,
  PRIMARY KEY (`id`)
) ENGINE=InnoDB AUTO_INCREMENT=98 DEFAULT CHARSET=utf8mb4 COLLATE=utf8mb4_unicode_ci;

--
-- Dumping data for table `sliders`
--

INSERT INTO `sliders` (`id`, `image`, `created_at`, `updated_at`, `type`, `link`, `lat`, `long`, `user_id`, `countDay`, `package_id`, `end_offers`, `archevied`, `link_id`, `show`, `address_address`) VALUES (48,'b74HwYVt9pbllyBCCCP3jE0WWcVcNdCExyIbzT7v.jpg','2022-09-04 21:30:10','2023-12-08 07:18:24',0,'العبدالسلام https://maps.app.goo.gl/VEDqv9GDnfST7LWx8?g_st=ic','29.1025515','48.1342102',NULL,NULL,NULL,'2025-01-31','0','العبدالسلام https://maps.app.goo.gl/VEDqv9GDnfST7LWx8?g_st=ic','location',NULL),(53,'GJUoEVSF06yYFPMoajiWdjNNTQT3oxncjhDoq6P1.jpg','2022-09-07 19:25:19','2023-12-08 07:18:48',0,'http://albairaq-kw.com/home/ar','29.31166','47.481766',NULL,NULL,NULL,'2024-12-31','0','http://albairaq-kw.com/home/ar','link',NULL),(54,'130154-B7CC2A7B-5666-4A19-9D95-77772692E887.jpeg','2022-09-14 12:08:42','2023-12-08 07:19:08',0,'https://reach.link/snaab_alawzem','29.0816128','48.1352865',NULL,NULL,NULL,'2024-12-31','0','https://reach.link/snaab_alawzem','link',NULL),(57,'Gnycr4EbazicHvd269U9LDf1QjJ2zn5YpvoROVBC.jpg','2022-09-14 14:59:48','2023-12-08 07:19:24',0,'https://instagram.com/alawazm_kw?igshid=YmMyMTA2M2Y','29.31166','47.481766',NULL,NULL,NULL,'2024-12-31','0','https://instagram.com/alawazm_kw?igshid=YmMyMTA2M2Y','link',NULL),(61,'IyaRBVJtRwlCpNQwB45KlOc5Bon8c263zLA79BXw.jpg','2022-09-14 21:06:53','2023-12-08 07:19:54',0,'https://www.instagram.com/one_hour_q8/?igshid=YmMyMTA2M2Y%3D','29.1922447','48.045634',NULL,NULL,NULL,'2024-12-31','0','https://www.instagram.com/one_hour_q8/?igshid=YmMyMTA2M2Y%3D','link',NULL),(66,'AiuaK1tZjsrJt1z2H2PbsiiSGskwLn3OUOjiLua7.jpg','2022-09-16 19:36:19','2023-12-08 07:20:14',0,'https://instagram.com/lothanbeachresort?igshid=YmMyMTA2M2Y=','28.6531266','48.330113',NULL,NULL,NULL,'2024-12-31','0','https://instagram.com/lothanbeachresort?igshid=YmMyMTA2M2Y','link',NULL),(72,'FA56uDiplbXdiK8AKarianjfVIWZMxWtwTgSbA23.jpg','2022-09-24 09:47:08','2023-03-31 23:36:43',0,'https://wa.me/message/WSUZA4BXG2EYN1','29.31166','47.481766',NULL,NULL,NULL,'2022-12-31','1','https://wa.me/message/WSUZA4BXG2EYN1','link',NULL),(75,'zFovLkgQ5iDSqS1snIWIPrZ7AFJsO4T6Y58oTJ6j.jpg','2022-10-10 22:09:44','2023-12-08 07:20:38',0,'https://instagram.com/ets_land?igshid=YmMyMTA2M2Y=','29.1018977','48.1263839',NULL,NULL,NULL,'2024-12-31','0','https://instagram.com/ets_land?igshid=YmMyMTA2M2Y=','link',NULL),(77,'887182-IMG_5651.png','2022-12-08 23:44:42','2023-12-08 07:20:59',1,'https://reach.link/attaq8','29.0816128','48.1352865',NULL,NULL,NULL,'2024-12-31','0','https://reach.link/attaq8','link',NULL),(80,'390053-97D87489-6E89-4710-AA01-BAD06139D0F0.jpeg','2023-01-01 19:39:11','2023-04-30 21:00:05',0,'https://attakw.page.link/x9HN','29.1691087','48.0825523',NULL,NULL,NULL,'2023-04-30','1','https://attakw.page.link/x9HN','link',NULL),(81,'112237-AD194F44-DFF4-43C2-BC13-4D247F0B1A88.jpeg','2023-01-01 19:39:27','2023-03-31 22:00:04',0,'https://wsend.co/96597634641','29.1691087','48.0825523',NULL,NULL,NULL,'2023-03-31','1','https://wsend.co/96597634641','link',NULL),(82,'749145-IMG_5652.png','2023-01-05 09:13:51','2023-12-08 07:21:34',1,'https://reach.link/attaq8','29.0816128','48.1352865',NULL,NULL,NULL,'2024-12-31','0','https://reach.link/attaq8','link',NULL),(83,'83578-IMG_5651.png','2023-01-05 09:14:41','2023-12-08 07:21:49',3,'https://reach.link/attaq8','29.0816128','48.1352865',NULL,NULL,NULL,'2024-12-31','0','https://reach.link/attaq8','link',NULL),(84,'560737-IMG_5652.png','2023-01-05 09:15:41','2023-12-08 07:22:04',3,'https://reach.link/attaq8','29.0816128','48.1352865',NULL,NULL,NULL,'2024-12-31','0','https://reach.link/attaq8','link',NULL),(85,'910065-B91CAAC4-11C8-4469-9D53-F629ADB4E50D.jpeg','2023-02-21 10:13:46','2023-06-30 21:00:04',0,'https://linktr.ee/alfhmaakw','29.31166','47.481766',NULL,NULL,NULL,'2023-06-30','1','https://linktr.ee/alfhmaakw','link',NULL),(86,'547444-42fd6b03-0740-4a46-802b-8138b91921d2.jpeg','2023-04-01 00:26:03','2023-12-08 07:22:28',0,'https://instagram.com/syntheseperfume.kw?igshid=Mzc1MmZhNjY','29.083461','48.07347619999999',NULL,NULL,NULL,'2024-12-31','0','https://instagram.com/syntheseperfume.kw?igshid=Mzc1MmZhNjY','link',NULL),(89,'329210-IMG_5569.jpeg','2023-04-02 03:47:41','2023-12-08 07:22:47',0,'https://wsend.co/96590010518','29.31166','47.481766',NULL,NULL,NULL,'2024-12-31','0','https://wsend.co/96590010518','link',NULL),(90,'506454-IMG_5653.png','2023-04-06 00:00:22','2023-12-08 07:23:08',1,'https://attakw.page.link/x9HN','29.31166','47.481766',NULL,NULL,NULL,'2024-12-31','0','https://attakw.page.link/x9HN','link',NULL),(91,'598855-IMG_5653.png','2023-04-06 00:03:18','2023-12-08 07:23:33',3,'https://attakw.page.link/x9HN','29.31166','47.481766',NULL,NULL,NULL,'2024-12-31','0','https://attakw.page.link/x9HN','link',NULL),(92,'47997-39ebe79e-2b14-4a01-9fd5-91490f843989.jpeg','2023-05-03 17:51:36','2023-06-06 21:00:04',0,'https://wa.me/96599765958','29.31166','47.481766',NULL,NULL,NULL,'2023-06-06','1','https://wa.me/96599765958','link','الكويت‎'),(93,'714422-IMG_8328.jpeg','2023-07-11 07:59:26','2023-10-01 00:00:04',0,'https://wa.me/96551169439','28.5939707','47.9240088',NULL,NULL,NULL,'2023-09-30','1','https://wa.me/96551169439','link','مزارع الوفرة, الكويت‎'),(94,'982016-IMG_8328.jpeg','2023-07-11 07:59:47','2023-10-01 00:00:04',1,'https://wa.me/96551169439','28.5939707','47.9240088',NULL,NULL,NULL,'2023-09-30','1','https://wa.me/96551169439','link','مزارع الوفرة, الكويت‎'),(96,'85645-IMG_8328.jpeg','2023-07-11 08:03:40','2023-10-01 00:00:04',3,'https://wa.me/96594964000','28.5939707','47.9240088',NULL,NULL,NULL,'2023-09-30','1','https://wa.me/96594964000','link','مزارع الوفرة, الكويت‎'),(97,'958118-IMG_0600.jpeg','2023-11-17 02:06:49','2023-12-08 07:23:57',0,'https://wa.me/message/WSUZA4BXG2EYN1','29.31166','47.481766',NULL,NULL,NULL,'2024-12-31','0','https://wa.me/message/WSUZA4BXG2EYN1','link',NULL);

--
-- Table structure for table `stories`
--

CREATE TABLE `stories` (
  `id` int unsigned NOT NULL AUTO_INCREMENT,
  `user_id` int unsigned NOT NULL,
  `ids` int unsigned NOT NULL,
  `showed` int NOT NULL DEFAULT '0',
  `type` varchar(191) CHARACTER SET utf8mb4 COLLATE utf8mb4_unicode_ci DEFAULT NULL,
  `end_stories` datetime DEFAULT NULL,
  `file` varchar(191) CHARACTER SET utf8mb4 COLLATE utf8mb4_unicode_ci NOT NULL,
  `created_at` timestamp NULL DEFAULT NULL,
  `updated_at` timestamp NULL DEFAULT NULL,
  PRIMARY KEY (`id`),
  KEY `stories_user_id_foreign` (`user_id`)
) ENGINE=InnoDB AUTO_INCREMENT=11 DEFAULT CHARSET=utf8mb4 COLLATE=utf8mb4_unicode_ci;

--
-- Dumping data for table `stories`
--

INSERT INTO `stories` (`id`, `user_id`, `ids`, `showed`, `type`, `end_stories`, `file`, `created_at`, `updated_at`) VALUES (1,5934,32,0,'product','2021-06-24 02:00:41','8dkg74tLw7gt2EthaPEwgaTI7ePaGuZVunLHjl1S.jpg','2021-06-22 00:00:41','2021-06-22 00:00:41'),(2,5934,32,0,'product','2021-06-24 02:00:48','rpF3ee8V0g4OhhIaGqCmAVYYJ12uJYpaanqwUvz9.jpg','2021-06-22 00:00:48','2021-06-22 00:00:48'),(4,5935,43,0,'product','2021-06-24 02:04:58','Ygh6TRosTwPCRqxucwxvOC6KsbfSA3tPMWF3vqo4.jpg','2021-06-22 00:04:58','2021-06-22 00:04:58'),(5,5935,88,0,NULL,'2021-06-24 17:19:59','rYJxgF9GQpKIjoJ983lqcvMHtfijzDpEtCh57g93.webp','2021-06-22 15:19:59','2021-06-22 15:19:59'),(6,5936,44,0,'product','2021-06-24 17:20:22','C6hAtkeKQpDbZFMzIJ2Vd4hADEQUjmrT9lscCvHf.jpg','2021-06-22 15:20:22','2021-06-22 15:20:22'),(7,5936,3,0,'product','2021-06-24 17:20:39','HgaXh0G08fGewTm8ycwh2Wn6IWnpE3eo2SZJw9sR.jpg','2021-06-22 15:20:39','2021-06-22 15:20:39'),(8,5936,44,0,'product','2021-06-24 17:20:53','ypYyzhlKEAS3wAr2YD2YyKchn1T1vP8BmysRoJbL.webp','2021-06-22 15:20:53','2021-06-22 15:20:53'),(9,5938,34,0,NULL,'2021-06-24 17:21:22','v9XQekTqC2k962gj335mEH9uqovgQU7PVPdmcqX4.webp','2021-06-22 15:21:22','2021-06-22 15:21:22'),(10,5938,34,0,'product','2021-06-24 17:21:40','9a5rA6aMDD2qsiZbkmKs4QMByk9UnbslacX3dwQE.jpg','2021-06-22 15:21:40','2021-06-22 15:21:40');

--
-- Table structure for table `tagers`
--

CREATE TABLE `tagers` (
  `id` int unsigned NOT NULL AUTO_INCREMENT,
  `Installed` tinyint(1) DEFAULT NULL,
  `instagram_link` varchar(191) CHARACTER SET utf8mb4 COLLATE utf8mb4_unicode_ci DEFAULT NULL,
  `user_id` int unsigned NOT NULL,
  `banners` text CHARACTER SET utf8mb4 COLLATE utf8mb4_unicode_ci,
  `freeShipp` tinyint DEFAULT '0',
  `created_at` timestamp NULL DEFAULT NULL,
  `updated_at` timestamp NULL DEFAULT NULL,
  `work_from` time DEFAULT NULL,
  `work_to` time DEFAULT NULL,
  `arrivaltime` varchar(191) CHARACTER SET utf8mb4 COLLATE utf8mb4_unicode_ci DEFAULT NULL,
  `arrivaltime_branches` text CHARACTER SET utf8mb4 COLLATE utf8mb4_unicode_ci,
  PRIMARY KEY (`id`),
  KEY `tagers_user_id_foreign` (`user_id`)
) ENGINE=InnoDB DEFAULT CHARSET=utf8mb4 COLLATE=utf8mb4_unicode_ci;

--
-- Dumping data for table `tagers`
--


--
-- Table structure for table `times`
--

CREATE TABLE `times` (
  `id` int unsigned NOT NULL AUTO_INCREMENT,
  `user_id` int unsigned NOT NULL,
  `day` varchar(191) CHARACTER SET utf8mb4 COLLATE utf8mb4_unicode_ci DEFAULT NULL,
  `from` time DEFAULT NULL,
  `to` time DEFAULT NULL,
  `created_at` timestamp NULL DEFAULT NULL,
  `updated_at` timestamp NULL DEFAULT NULL,
  PRIMARY KEY (`id`),
  KEY `times_user_id_foreign` (`user_id`)
) ENGINE=InnoDB AUTO_INCREMENT=11 DEFAULT CHARSET=utf8mb4 COLLATE=utf8mb4_unicode_ci;

--
-- Dumping data for table `times`
--

INSERT INTO `times` (`id`, `user_id`, `day`, `from`, `to`, `created_at`, `updated_at`) VALUES (1,5948,'when','05:01:00','07:01:00','2021-09-30 22:05:56','2021-09-30 23:16:14'),(4,5949,'thu','03:07:00','02:11:00','2021-09-30 23:07:57','2021-09-30 23:16:01'),(5,5948,'sat','03:16:00','07:16:00','2021-09-30 23:16:27','2021-09-30 23:16:27'),(6,5950,NULL,'03:16:00','02:19:00','2021-09-30 23:16:33','2021-09-30 23:16:33'),(7,5948,NULL,'15:26:00','17:26:00','2021-10-15 12:26:50','2021-10-15 12:26:50'),(9,5955,'sat','22:45:00','14:45:00','2021-11-12 19:41:17','2021-11-12 19:45:03'),(10,5955,NULL,'23:21:00','09:20:00','2021-11-24 19:20:30','2021-11-24 19:20:30');

--
-- Table structure for table `transaction_type_translations`
--

CREATE TABLE `transaction_type_translations` (
  `id` int unsigned NOT NULL AUTO_INCREMENT,
  `transaction_type_id` int unsigned NOT NULL,
  `name` varchar(191) CHARACTER SET utf8mb4 COLLATE utf8mb4_unicode_ci NOT NULL,
  `locale` varchar(191) CHARACTER SET utf8mb4 COLLATE utf8mb4_unicode_ci NOT NULL,
  `created_at` timestamp NULL DEFAULT NULL,
  `updated_at` timestamp NULL DEFAULT NULL,
  PRIMARY KEY (`id`),
  UNIQUE KEY `transaction_type_translations_transaction_type_id_locale_unique` (`transaction_type_id`,`locale`),
  KEY `transaction_type_translations_locale_index` (`locale`)
) ENGINE=InnoDB AUTO_INCREMENT=9 DEFAULT CHARSET=utf8mb4 COLLATE=utf8mb4_unicode_ci;

--
-- Dumping data for table `transaction_type_translations`
--

INSERT INTO `transaction_type_translations` (`id`, `transaction_type_id`, `name`, `locale`, `created_at`, `updated_at`) VALUES (1,1,'الدفع عند الاستلام','ar',NULL,NULL),(2,1,'pay for done','en',NULL,NULL),(3,2,'كي نت','ar',NULL,NULL),(4,2,'كي نت','en',NULL,NULL),(5,3,'الدفع عند الاستلام','ar',NULL,NULL),(6,3,'Paiement when recieving','en',NULL,NULL),(7,4,'كي نت','ar',NULL,NULL),(8,4,'كي نت','en',NULL,NULL);

--
-- Table structure for table `transaction_types`
--

CREATE TABLE `transaction_types` (
  `id` int unsigned NOT NULL AUTO_INCREMENT,
  `code` varchar(191) CHARACTER SET utf8mb4 COLLATE utf8mb4_unicode_ci NOT NULL,
  `status` tinyint(1) NOT NULL DEFAULT '1',
  `image` varchar(191) CHARACTER SET utf8mb4 COLLATE utf8mb4_unicode_ci NOT NULL,
  `user_id` int unsigned NOT NULL,
  `created_at` timestamp NULL DEFAULT NULL,
  `updated_at` timestamp NULL DEFAULT NULL,
  PRIMARY KEY (`id`),
  KEY `transaction_types_user_id_foreign` (`user_id`)
) ENGINE=InnoDB AUTO_INCREMENT=5 DEFAULT CHARSET=utf8mb4 COLLATE=utf8mb4_unicode_ci;

--
-- Dumping data for table `transaction_types`
--

INSERT INTO `transaction_types` (`id`, `code`, `status`, `image`, `user_id`, `created_at`, `updated_at`) VALUES (3,'0',1,'rjPAjGsIr8MfWJJdbos2nBZWJOXdMbQj6phvjs6z.webp',1,'2022-07-07 09:06:58','2022-07-07 09:06:58'),(4,'1',1,'4Qk0PCbTnMXrH6caTwGsMOwiNrh3n92OVWjsxox5.jpg',1,'2022-07-07 09:07:37','2022-12-13 14:37:56');

--
-- Table structure for table `user_addresses`
--

CREATE TABLE `user_addresses` (
  `id` int unsigned NOT NULL AUTO_INCREMENT,
  `user_id` int unsigned DEFAULT NULL,
  `governments_id` int unsigned DEFAULT NULL,
  `region_id` int unsigned DEFAULT NULL,
  `piece_number` varchar(191) CHARACTER SET utf8mb4 COLLATE utf8mb4_unicode_ci DEFAULT NULL,
  `Street_number` varchar(191) CHARACTER SET utf8mb4 COLLATE utf8mb4_unicode_ci DEFAULT NULL,
  `type` varchar(191) CHARACTER SET utf8mb3 COLLATE utf8mb3_general_ci DEFAULT NULL,
  `house_number` varchar(191) CHARACTER SET utf8mb4 COLLATE utf8mb4_unicode_ci DEFAULT NULL,
  `floor_number` int NOT NULL,
  `The_role` varchar(191) CHARACTER SET utf8mb4 COLLATE utf8mb4_unicode_ci DEFAULT NULL,
  `Apartment_number` int DEFAULT NULL,
  `created_at` timestamp NULL DEFAULT NULL,
  `updated_at` timestamp NULL DEFAULT NULL,
  `order_id` int unsigned DEFAULT NULL,
  `checked` enum('true','false') CHARACTER SET utf8mb4 COLLATE utf8mb4_unicode_ci NOT NULL DEFAULT 'false',
  PRIMARY KEY (`id`),
  KEY `user_addresses_region_id_foreign` (`region_id`),
  KEY `user_addresses_governments_id_foreign` (`governments_id`),
  KEY `user_addresses_user_id_foreign` (`user_id`),
  KEY `user_addresses_order_id_foreign` (`order_id`)
) ENGINE=InnoDB AUTO_INCREMENT=678 DEFAULT CHARSET=utf8mb4 COLLATE=utf8mb4_unicode_ci;

--
-- Dumping data for table `user_addresses`
--

INSERT INTO `user_addresses` (`id`, `user_id`, `governments_id`, `region_id`, `piece_number`, `Street_number`, `type`, `house_number`, `floor_number`, `The_role`, `Apartment_number`, `created_at`, `updated_at`, `order_id`, `checked`) VALUES (677,6011,1,2,NULL,'5','house','4',4,'coffice egtyptain',1,'2022-03-07 07:33:22','2022-03-07 07:33:22',NULL,'true');

--
-- Table structure for table `user_categories`
--

CREATE TABLE `user_categories` (
  `id` int NOT NULL AUTO_INCREMENT,
  `user_id` int NOT NULL,
  `category_id` int NOT NULL,
  `created_at` timestamp NULL DEFAULT NULL,
  `updated_at` timestamp NULL DEFAULT NULL,
  PRIMARY KEY (`id`)
) ENGINE=InnoDB AUTO_INCREMENT=32 DEFAULT CHARSET=latin1;

--
-- Dumping data for table `user_categories`
--

INSERT INTO `user_categories` (`id`, `user_id`, `category_id`, `created_at`, `updated_at`) VALUES (10,6015,13,NULL,NULL),(11,6075,14,NULL,NULL),(12,6015,14,NULL,NULL),(13,6166,13,NULL,NULL),(14,6328,13,NULL,NULL),(15,6328,14,NULL,NULL),(16,6328,41,NULL,NULL),(18,6166,14,NULL,NULL),(19,6166,41,NULL,NULL),(20,6075,55,NULL,NULL),(21,6248,13,NULL,NULL),(22,6361,13,NULL,NULL),(23,6361,14,NULL,NULL),(24,6361,55,NULL,NULL),(27,6366,55,NULL,NULL),(28,6366,13,NULL,NULL),(29,6367,13,NULL,NULL),(30,6367,14,NULL,NULL),(31,6367,55,NULL,NULL);

--
-- Table structure for table `user_credits`
--

CREATE TABLE `user_credits` (
  `id` int unsigned NOT NULL AUTO_INCREMENT,
  `user_id` int unsigned NOT NULL,
  `amount` decimal(8,2) NOT NULL DEFAULT '0.00',
  `invoice_id` int NOT NULL,
  `payment_id` int DEFAULT NULL,
  `status` enum('paid','unpaid','error') CHARACTER SET utf8mb4 COLLATE utf8mb4_unicode_ci NOT NULL,
  `created_at` timestamp NULL DEFAULT NULL,
  `updated_at` timestamp NULL DEFAULT NULL,
  PRIMARY KEY (`id`),
  KEY `user_credits_user_id_foreign` (`user_id`)
) ENGINE=InnoDB DEFAULT CHARSET=utf8mb4 COLLATE=utf8mb4_unicode_ci;

--
-- Dumping data for table `user_credits`
--


--
-- Table structure for table `user_notifications`
--

CREATE TABLE `user_notifications` (
  `id` bigint unsigned NOT NULL AUTO_INCREMENT,
  `user_id` bigint unsigned NOT NULL,
  `order_id` bigint DEFAULT NULL,
  `title` varchar(255) CHARACTER SET utf8mb4 COLLATE utf8mb4_unicode_ci DEFAULT NULL,
  `body` varchar(255) CHARACTER SET utf8mb4 COLLATE utf8mb4_unicode_ci DEFAULT NULL,
  `type` varchar(255) CHARACTER SET utf8mb4 COLLATE utf8mb4_unicode_ci DEFAULT NULL,
  `status` varchar(255) CHARACTER SET utf8mb4 COLLATE utf8mb4_unicode_ci DEFAULT NULL,
  `color` varchar(255) CHARACTER SET utf8mb4 COLLATE utf8mb4_unicode_ci DEFAULT NULL,
  `read` varchar(255) CHARACTER SET utf8mb4 COLLATE utf8mb4_unicode_ci DEFAULT NULL,
  `created_at` timestamp NULL DEFAULT NULL,
  `updated_at` timestamp NULL DEFAULT NULL,
  PRIMARY KEY (`id`),
  KEY `user_notifications_user_id_foreign` (`user_id`)
) ENGINE=InnoDB AUTO_INCREMENT=3 DEFAULT CHARSET=utf8mb4 COLLATE=utf8mb4_unicode_ci;

--
-- Dumping data for table `user_notifications`
--

INSERT INTO `user_notifications` (`id`, `user_id`, `order_id`, `title`, `body`, `type`, `status`, `color`, `read`, `created_at`, `updated_at`) VALUES (1,6006,NULL,'notify title','notify body',NULL,'general',NULL,'1','2022-03-06 23:19:56','2022-03-06 23:35:35'),(2,6006,NULL,'notify title','notify body',NULL,'general',NULL,'1','2022-03-06 23:33:53','2022-03-06 23:35:35');

--
-- Table structure for table `user_packages`
--

CREATE TABLE `user_packages` (
  `id` int unsigned NOT NULL AUTO_INCREMENT,
  `user_id` int unsigned NOT NULL,
  `package_id` int unsigned NOT NULL,
  `count` int DEFAULT '1',
  `end_date` date DEFAULT NULL,
  `created_at` timestamp NULL DEFAULT NULL,
  `updated_at` timestamp NULL DEFAULT NULL,
  PRIMARY KEY (`id`),
  KEY `package_id` (`package_id`)
) ENGINE=InnoDB AUTO_INCREMENT=44 DEFAULT CHARSET=utf8mb3 ROW_FORMAT=COMPACT;

--
-- Dumping data for table `user_packages`
--

INSERT INTO `user_packages` (`id`, `user_id`, `package_id`, `count`, `end_date`, `created_at`, `updated_at`) VALUES (27,6015,25,1,NULL,'2022-12-20 11:35:03','2022-12-20 11:35:03'),(28,6327,25,1,NULL,'2022-12-23 13:18:05','2022-12-23 13:18:05'),(29,6075,25,1,NULL,'2022-12-23 14:35:19','2022-12-23 14:35:19'),(30,6166,25,1,NULL,'2023-01-16 18:59:57','2023-01-16 18:59:57'),(31,6328,25,1,NULL,'2023-01-19 15:28:47','2023-01-19 15:28:47'),(32,6350,25,1,NULL,'2023-03-29 01:27:19','2023-03-29 01:27:19'),(33,6352,25,1,NULL,'2023-03-29 01:54:14','2023-03-29 01:54:14'),(34,6353,25,1,NULL,'2023-03-29 01:59:35','2023-03-29 01:59:35'),(35,6354,25,1,NULL,'2023-03-29 02:08:48','2023-03-29 02:08:48'),(36,6359,25,1,NULL,'2023-03-29 03:00:18','2023-03-29 03:00:18'),(37,6360,25,1,NULL,'2023-03-29 03:02:23','2023-03-29 03:02:23'),(38,6361,25,2,'2023-06-06','2023-03-29 03:25:47','2023-04-01 02:02:35'),(39,6364,25,1,NULL,'2023-04-02 01:06:12','2023-04-02 01:06:12'),(40,6366,25,1,NULL,'2023-04-03 01:02:19','2023-04-03 01:02:19'),(41,6367,25,1,NULL,'2023-04-03 19:15:19','2023-04-03 19:15:19'),(42,6370,25,1,NULL,'2023-04-04 18:38:32','2023-04-04 18:38:32'),(43,6371,25,1,NULL,'2023-04-06 11:53:58','2023-04-06 11:53:58');

--
-- Table structure for table `user_products`
--

CREATE TABLE `user_products` (
  `id` int unsigned NOT NULL AUTO_INCREMENT,
  `product_id` int unsigned NOT NULL,
  `user_id` int unsigned NOT NULL,
  `created_at` timestamp NULL DEFAULT NULL,
  `updated_at` timestamp NULL DEFAULT NULL,
  PRIMARY KEY (`id`),
  KEY `user_products_user_id_foreign` (`user_id`),
  KEY `user_products_product_id_foreign` (`product_id`)
) ENGINE=InnoDB DEFAULT CHARSET=utf8mb4 COLLATE=utf8mb4_unicode_ci;

--
-- Dumping data for table `user_products`
--


--
-- Table structure for table `user_wallet_histories`
--

CREATE TABLE `user_wallet_histories` (
  `id` int unsigned NOT NULL AUTO_INCREMENT,
  `user_id` int unsigned DEFAULT NULL,
  `price` double(8,2) NOT NULL DEFAULT '0.00',
  `type` enum('increase','decrease') CHARACTER SET utf8mb4 COLLATE utf8mb4_unicode_ci DEFAULT NULL,
  `created_at` timestamp NULL DEFAULT NULL,
  `updated_at` timestamp NULL DEFAULT NULL,
  PRIMARY KEY (`id`),
  KEY `user_wallet_histories_user_id_foreign` (`user_id`)
) ENGINE=InnoDB AUTO_INCREMENT=46 DEFAULT CHARSET=utf8mb4 COLLATE=utf8mb4_unicode_ci;

--
-- Dumping data for table `user_wallet_histories`
--

INSERT INTO `user_wallet_histories` (`id`, `user_id`, `price`, `type`, `created_at`, `updated_at`) VALUES (1,1,1.80,'increase','2021-03-31 15:28:36','2021-03-31 15:28:36'),(2,1,1.80,'decrease','2021-03-31 15:31:09','2021-03-31 15:31:09'),(3,5479,0.04,'increase','2021-04-16 16:06:12','2021-04-16 16:06:12'),(4,5479,0.04,'increase','2021-04-16 16:26:43','2021-04-16 16:26:43'),(5,5479,0.04,'increase','2021-04-16 16:29:45','2021-04-16 16:29:45'),(6,5479,0.04,'increase','2021-04-16 16:30:19','2021-04-16 16:30:19'),(7,5479,0.13,'increase','2021-04-16 16:52:10','2021-04-16 16:52:10'),(8,5753,2.30,'increase','2021-04-18 02:22:57','2021-04-18 02:22:57'),(9,5452,5.40,'increase','2021-04-27 19:58:07','2021-04-27 19:58:07'),(10,1,3.28,'increase','2021-04-27 21:27:08','2021-04-27 21:27:08'),(11,5479,0.29,'decrease','2021-04-30 14:32:43','2021-04-30 14:32:43'),(12,5321,3.28,'decrease','2021-05-03 11:32:50','2021-05-03 11:32:50'),(13,5321,5.00,'decrease','2021-05-03 13:58:04','2021-05-03 13:58:04'),(14,5321,4.50,'decrease','2021-05-03 14:07:06','2021-05-03 14:07:06'),(15,5321,4.50,'decrease','2021-05-03 14:08:38','2021-05-03 14:08:38'),(16,5321,1.00,'decrease','2021-05-03 14:18:05','2021-05-03 14:18:05'),(17,5321,4.50,'decrease','2021-05-03 14:21:45','2021-05-03 14:21:45'),(18,5479,4.00,'decrease','2021-05-03 14:31:00','2021-05-03 14:31:00'),(19,5321,5.50,'decrease','2021-05-03 14:32:48','2021-05-03 14:32:48'),(20,5479,4.00,'decrease','2021-05-03 14:32:52','2021-05-03 14:32:52'),(21,5479,2.00,'decrease','2021-05-03 15:07:44','2021-05-03 15:07:44'),(22,5479,4.00,'decrease','2021-05-03 15:20:18','2021-05-03 15:20:18'),(23,5479,4.00,'decrease','2021-05-03 15:22:38','2021-05-03 15:22:38'),(24,5479,4.00,'decrease','2021-05-03 15:24:01','2021-05-03 15:24:01'),(25,5479,4.00,'decrease','2021-05-03 15:25:45','2021-05-03 15:25:45'),(26,5321,12.75,'decrease','2021-05-03 15:49:58','2021-05-03 15:49:58'),(27,5321,7.25,'decrease','2021-05-03 15:50:09','2021-05-03 15:50:09'),(28,5321,12.75,'decrease','2021-05-03 15:51:32','2021-05-03 15:51:32'),(29,5321,7.25,'decrease','2021-05-03 15:51:54','2021-05-03 15:51:54'),(30,5321,20.00,'decrease','2021-05-03 15:52:48','2021-05-03 15:52:48'),(31,5321,7.00,'decrease','2021-05-03 15:53:27','2021-05-03 15:53:27'),(32,5321,12.75,'decrease','2021-05-03 15:59:24','2021-05-03 15:59:24'),(33,5321,2.25,'decrease','2021-05-03 15:59:38','2021-05-03 15:59:38'),(34,5321,12.75,'decrease','2021-05-03 16:00:49','2021-05-03 16:00:49'),(35,5479,3.00,'decrease','2021-05-03 16:28:46','2021-05-03 16:28:46'),(36,5321,12.75,'decrease','2021-05-03 16:30:18','2021-05-03 16:30:18'),(37,5321,2.25,'decrease','2021-05-03 16:30:52','2021-05-03 16:30:52'),(38,5321,1.65,'decrease','2021-05-03 16:34:28','2021-05-03 16:34:28'),(39,5321,8.25,'decrease','2021-05-03 16:35:42','2021-05-03 16:35:42'),(40,5321,3.30,'decrease','2021-05-03 16:35:57','2021-05-03 16:35:57'),(41,5002,5.40,'decrease','2021-05-03 23:31:28','2021-05-03 23:31:28'),(42,5002,6.00,'decrease','2021-05-03 23:41:44','2021-05-03 23:41:44'),(43,5321,6.80,'decrease','2021-05-06 20:39:33','2021-05-06 20:39:33'),(44,3804,31.30,'increase','2021-05-09 13:56:39','2021-05-09 13:56:39'),(45,3804,25.00,'decrease','2021-05-11 12:31:36','2021-05-11 12:31:36');

--
-- Table structure for table `users`
--

CREATE TABLE `users` (
  `id` int unsigned NOT NULL AUTO_INCREMENT,
  `name` varchar(191) CHARACTER SET utf8mb4 COLLATE utf8mb4_unicode_ci NOT NULL,
  `email` varchar(191) CHARACTER SET utf8mb4 COLLATE utf8mb4_unicode_ci DEFAULT NULL,
  `email_verified_at` timestamp NULL DEFAULT NULL,
  `phone_verified_at` timestamp NULL DEFAULT NULL,
  `password` varchar(191) CHARACTER SET utf8mb4 COLLATE utf8mb4_unicode_ci NOT NULL,
  `image` varchar(191) CHARACTER SET utf8mb4 COLLATE utf8mb4_unicode_ci DEFAULT NULL,
  `status` tinyint(1) NOT NULL DEFAULT '1',
  `phone` varchar(191) CHARACTER SET utf8mb4 COLLATE utf8mb4_unicode_ci DEFAULT NULL,
  `address` varchar(191) CHARACTER SET utf8mb4 COLLATE utf8mb4_unicode_ci DEFAULT NULL,
  `long` varchar(191) CHARACTER SET utf8mb4 COLLATE utf8mb4_unicode_ci DEFAULT NULL,
  `lat` varchar(191) CHARACTER SET utf8mb4 COLLATE utf8mb4_unicode_ci DEFAULT NULL,
  `activation_code` varchar(191) CHARACTER SET utf8mb4 COLLATE utf8mb4_unicode_ci DEFAULT NULL,
  `role_id` int unsigned DEFAULT NULL,
  `governments_id` int unsigned DEFAULT NULL,
  `region_id` int unsigned DEFAULT NULL,
  `membership_id` int unsigned DEFAULT NULL,
  `device_token` varchar(191) CHARACTER SET utf8mb4 COLLATE utf8mb4_unicode_ci DEFAULT NULL,
  `remember_token` varchar(100) CHARACTER SET utf8mb4 COLLATE utf8mb4_unicode_ci DEFAULT NULL,
  `last_login_at` timestamp NULL DEFAULT NULL,
  `last_login_ip` varchar(191) CHARACTER SET utf8mb4 COLLATE utf8mb4_unicode_ci DEFAULT NULL,
  `created_at` timestamp NULL DEFAULT NULL,
  `updated_at` timestamp NULL DEFAULT NULL,
  `country_id` int unsigned DEFAULT NULL,
  `privit_notfy` enum('true','false') CHARACTER SET utf8mb4 COLLATE utf8mb4_unicode_ci NOT NULL DEFAULT 'true',
  `public_notfy` enum('true','false') CHARACTER SET utf8mb4 COLLATE utf8mb4_unicode_ci NOT NULL DEFAULT 'true',
  `main` int NOT NULL DEFAULT '0',
  `best` int NOT NULL DEFAULT '0',
  `rate` int DEFAULT NULL,
  `civil_id` int DEFAULT NULL,
  `instagram_link` varchar(191) CHARACTER SET utf8mb4 COLLATE utf8mb4_unicode_ci DEFAULT NULL,
  `store_name` varchar(191) CHARACTER SET utf8mb4 COLLATE utf8mb4_unicode_ci DEFAULT NULL,
  `acrivate_shop` varchar(191) CHARACTER SET utf8mb4 COLLATE utf8mb4_unicode_ci DEFAULT NULL,
  `installed` int NOT NULL DEFAULT '0',
  `order` int NOT NULL DEFAULT '1',
  PRIMARY KEY (`id`),
  UNIQUE KEY `users_email_unique` (`email`),
  UNIQUE KEY `activation_code` (`activation_code`),
  KEY `users_region_id_foreign` (`region_id`),
  KEY `users_governments_id_foreign` (`governments_id`),
  KEY `users_membership_id_foreign` (`membership_id`),
  KEY `users_country_id_foreign` (`country_id`)
) ENGINE=InnoDB AUTO_INCREMENT=6524 DEFAULT CHARSET=utf8mb4 COLLATE=utf8mb4_unicode_ci;

--
-- Dumping data for table `users`
--

INSERT INTO `users` (`id`, `name`, `email`, `email_verified_at`, `phone_verified_at`, `password`, `image`, `status`, `phone`, `address`, `long`, `lat`, `activation_code`, `role_id`, `governments_id`, `region_id`, `membership_id`, `device_token`, `remember_token`, `last_login_at`, `last_login_ip`, `created_at`, `updated_at`, `country_id`, `privit_notfy`, `public_notfy`, `main`, `best`, `rate`, `civil_id`, `instagram_link`, `store_name`, `acrivate_shop`, `installed`, `order`) VALUES (1,'admin','SuperAdmin@insta.co',NULL,NULL,'$2y$10$3MyaDJj.5XxUWYxZuC0YZeBMua3TSdB3e75cPS3dSA5sVa4NDJngW',NULL,1,NULL,NULL,NULL,NULL,'2789',NULL,NULL,NULL,NULL,'eVirX0nXF0YW5ME3hSy8kj:APA91bHo3zAhq3goC_NKAk-Qo5VehS9thhi-naSpvevDgkQN3xTLl1qsEf4IRGN9FhcLGdYYnz2zTiJI8zGKdEvd97L4rDqCh3MvhLjQ1cYjZnUh1rOLuyw-C1iKBpXov1o-FbH3u_fI','b1pDekswNjgjhXR7u7Dan22wDNMM36p5v1TnAhg3Auf5aQEw4C1WluB3SEXJ','2023-12-24 07:30:33','37.71.52.206','2020-07-29 16:55:53','2023-12-24 07:30:33',NULL,'true','true',0,0,NULL,123654,NULL,NULL,'0',0,1),(6011,'abdelaziz elkholy','abdelaziz@gmail.com',NULL,'2022-03-18 10:22:17','$2y$10$H6UD2KgY2D7rQJUAC1ToHOzlwvU8TJERq4T/daYkciKt3MB.OHt26',NULL,1,'0501234568',NULL,NULL,NULL,'$2y$10$.dem7VtFCua9lm/kI06v5eJeICm7Hlv79UMhUTJfTUDTcE81zvQdq',NULL,NULL,NULL,NULL,NULL,NULL,'2022-03-18 12:18:44','127.0.0.1','2022-03-18 10:21:04','2022-03-29 08:45:21',NULL,'true','true',0,0,NULL,NULL,NULL,NULL,'0',0,1),(6012,'abdelaziz elkholy','adbelaziz@admin.com',NULL,NULL,'$2y$10$8qUCGLv55JPJhUd7X8uP7ei02qUBEDdNMl8.g0FdnFoNPZ07luFkW','Wdx8C1aaKN6qZdS9FBYp71VaeztZoacpB5wkeskH.png',1,'+965050','[\"tanata\"]',NULL,NULL,'5281',3,0,0,NULL,NULL,NULL,NULL,NULL,'2022-03-29 08:45:05','2022-03-29 08:45:18',NULL,'true','true',0,0,NULL,NULL,NULL,NULL,'0',0,1),(6014,'anwer1','anwer2@gmail.com',NULL,NULL,'$2y$10$IPoWhPUVDhYG0/IGju.Xye6JmlTRyRQJV7dHdo4Ds9GET1cQAyZu2',NULL,0,'0096567782373',NULL,NULL,NULL,'$2y$10$gqFUsnfuIEUW3t4XPl8iOeJqxu0wcX1zCw6/7j9HM4hJVajQWpEKe',NULL,NULL,NULL,NULL,NULL,NULL,'2022-04-02 19:06:12','188.71.192.151','2022-04-02 18:57:00','2022-04-02 19:06:12',NULL,'true','true',0,0,NULL,NULL,NULL,NULL,'0',0,1),(6017,'an','an@gmail.com',NULL,NULL,'$2y$10$7TC3YghGz/kPGM.WFKBSqOmcLcS3ExaEVigNwRMr6NGuMV3AR9Fz6',NULL,1,'05012345682',NULL,NULL,NULL,'$2y$10$d4P6RcjN2JCTZkARma/rg.ZzoTmAxgkqGkgDycieE3/o955X9P1eW',NULL,NULL,NULL,NULL,NULL,NULL,'2022-04-22 17:43:20','188.70.55.114','2022-04-22 17:42:54','2022-04-22 17:43:20',NULL,'true','true',0,0,NULL,NULL,NULL,NULL,'0',0,1),(6018,'anw','anw@gmail.com',NULL,NULL,'$2y$10$iNLhQmpQ.CZyeXbdjDYd5Oww7E93HdXSi4mAX7e13/oYdpr09B8QW',NULL,1,'1234567',NULL,NULL,NULL,'$2y$10$DUIMTzE6MT/Vu4GJ/dvs3OwFyrEhLfPJL3gS1YbApWFT9Xrm5vTOq',NULL,NULL,NULL,NULL,NULL,NULL,'2022-07-07 09:16:03','54.86.50.139','2022-04-22 17:47:57','2022-07-07 09:16:03',NULL,'true','true',0,0,NULL,NULL,NULL,NULL,'0',0,1),(6019,'anwq','anwq@gmail.com',NULL,NULL,'$2y$10$n1UnAcIyIxxW8/8qLxFzCOaGDnCB1j35wjYcEqCzYDLMt6oZUD9ba',NULL,1,'1234567w',NULL,NULL,NULL,'$2y$10$Is.SzhWXzXDIU6l7aF61o.YyrJ23cN7Z8c5mY/m7Y3qZKqfOQPAme',NULL,NULL,NULL,NULL,NULL,NULL,NULL,NULL,'2022-04-22 17:50:43','2022-04-22 17:50:43',NULL,'true','true',0,0,NULL,NULL,NULL,NULL,'0',0,1),(6020,'a1','a1@gmail.com',NULL,NULL,'$2y$10$dO4pKE.WZrN9g1V/SXQBOeq7UFaVYsacCsI34H83EOdoqgtsoRQS2',NULL,1,'12345678',NULL,NULL,NULL,'$2y$10$xnrEdsMnvKw/eEIYQUF.k.Saaio3H6uJsnv1pVh8PdvaHLw54Mpkq',NULL,NULL,NULL,NULL,NULL,NULL,'2022-04-22 21:09:43','188.70.51.56','2022-04-22 21:07:03','2022-04-22 21:09:43',NULL,'true','true',0,0,NULL,NULL,NULL,NULL,'0',0,1),(6021,'w','anwer@gmaol.com',NULL,NULL,'$2y$10$XfObFU1zrywe3JHdZN7MVOyZ7KBj8T1Y8KquxSEhkaLgSfcVovC4S',NULL,1,'1',NULL,NULL,NULL,'$2y$10$5PnAoJai0MduChKW37OmeO8kiCHkY7gh.t3F9bUcQkf.Mt2uycTvq',NULL,NULL,NULL,NULL,NULL,NULL,NULL,NULL,'2022-04-23 00:13:23','2022-04-23 00:13:23',NULL,'true','true',0,0,NULL,NULL,NULL,NULL,'0',0,1),(6022,'w','anwer3@gmaol.com',NULL,NULL,'$2y$10$g6wv9r5DQLTRMyWjVhCjJukOKNtovegVBE8hksasPdK7ayFfk0xfG',NULL,1,'2',NULL,NULL,NULL,'$2y$10$yWElmrJZKWQaysKEJXVAzuy1/9IFEsPbPf6DGDrz1XlORghneAaxa',NULL,NULL,NULL,NULL,NULL,NULL,NULL,NULL,'2022-04-23 00:15:26','2022-04-23 00:15:26',NULL,'true','true',0,0,NULL,NULL,NULL,NULL,'0',0,1),(6023,'w','anwer33@gmaol.com',NULL,NULL,'$2y$10$NenGc4hGx4UHVsSHGNR1NOVEQu7WzxfjhDjxteoPwBEZd522tPcm6',NULL,1,'23',NULL,NULL,NULL,'$2y$10$I3184sHO..OSYutDX8gs/.zkVIquubiRbI2pYXrk2u84Yz3FBE7MG',NULL,NULL,NULL,NULL,NULL,NULL,NULL,NULL,'2022-04-23 00:16:49','2022-04-23 00:16:49',NULL,'true','true',0,0,NULL,NULL,NULL,NULL,'0',0,1),(6024,'dddddd','hh@hh.com',NULL,NULL,'$2y$10$.EAXB.itNs.Fe1bSg0tY2e00w.6YCAF77KOKHK2y127/apa6BKEHG',NULL,1,'85858585',NULL,NULL,NULL,'$2y$10$bwEZuYRWIGGZR8aKzBGLHOpOdr3HqlUWcnml7qtL6H3G/HduuAzYq',NULL,NULL,NULL,NULL,NULL,NULL,NULL,NULL,'2022-04-23 00:27:51','2022-04-23 00:27:51',NULL,'true','true',0,0,NULL,NULL,NULL,NULL,'0',0,1),(6025,'uu','h@g.com',NULL,NULL,'$2y$10$hFD4TmEa.YSA8UT2xI7XpeQN.nREhew9CRv811ajQdUkYsk58lZ2y',NULL,1,'22222222222',NULL,NULL,NULL,'$2y$10$wcIC9wt3oeBsVcfrk9vLcOjpkpSzjGPe5vBUZrM13SeQABOxaDQbm',NULL,NULL,NULL,NULL,NULL,NULL,NULL,NULL,'2022-04-23 00:29:07','2022-04-23 00:29:07',NULL,'true','true',0,0,NULL,NULL,NULL,NULL,'0',0,1),(6026,'test','test@gmail.com',NULL,NULL,'$2y$10$ebRv1GFBAwW.fFVoboRI8epcJKf3Qk1LWb9kv8nGLzxkdFtiEzejG',NULL,1,'677823755',NULL,NULL,NULL,'$2y$10$fdHzj1ijISfKR9LvgjHo3OW9LVduq8oNoR4lmVgAcRHP5UCmht/C2',NULL,NULL,NULL,NULL,NULL,NULL,NULL,NULL,'2022-04-23 09:11:37','2022-04-23 09:11:37',NULL,'true','true',0,0,NULL,NULL,NULL,NULL,'0',0,1),(6027,'we','we@we.com',NULL,NULL,'$2y$10$i6x4tDTwmvyv8jiowg61Ru4SYwlToAVnCWNW25ZgCkvmFcrB/2RPa',NULL,1,'123456785',NULL,NULL,NULL,'$2y$10$vB5WfS3zVan7Z3.998.7du0sXGJNCxl9q9ny.t/kNtRXUQ5jMBSbC',NULL,NULL,NULL,NULL,NULL,NULL,NULL,NULL,'2022-04-23 11:11:55','2022-04-23 11:11:55',NULL,'true','true',0,0,NULL,NULL,NULL,NULL,'0',0,1),(6028,'asdfghjk','uu@uu.com',NULL,NULL,'$2y$10$ZNTDRGEwa6wXkx1/mLAfc.UcFW4Iy5UHEVr6xgeTJiayG4T5RKYJa',NULL,1,'+96555555555',NULL,NULL,NULL,'$2y$10$hf0fUUTotd.2JDtkh8XjauRii7dEa6wXSIYqaDOaBDfEpQeBgs8X.',NULL,NULL,NULL,NULL,NULL,NULL,'2022-10-09 20:15:16','94.129.73.206','2022-04-23 11:41:29','2022-10-09 20:15:38',NULL,'true','true',0,0,NULL,NULL,NULL,NULL,'0',0,1),(6029,'rr','gg@gg.com',NULL,NULL,'$2y$10$allQ3nsFL2rTtGZD8Ubef.JtYU4ViAsFP8okGwiTPi00Pf3YWZn8a',NULL,1,'585858588',NULL,NULL,NULL,'$2y$10$90/ypSEZA/MtCNKDMeENDO7iLmyM74kmRh6otM3pzzOkz2TCzGvNa',NULL,NULL,NULL,NULL,NULL,NULL,NULL,NULL,'2022-04-26 02:40:29','2022-04-26 02:40:29',NULL,'true','true',0,0,NULL,NULL,NULL,NULL,'0',0,1),(6030,'test','df@df.com',NULL,NULL,'$2y$10$88OGFfaLeQy8dvCyab8c2eZe4zXb7ec80a0UDrr8A2oAXO.ABhGhG',NULL,1,'5858585850',NULL,NULL,NULL,'$2y$10$XBsK1mmJecMrXbHtspkC3OU.9qXTVhLzb1h5bKLE0yNmaW4MXTy/2',NULL,NULL,NULL,NULL,NULL,NULL,NULL,NULL,'2022-04-26 12:21:01','2022-04-26 12:21:01',NULL,'true','true',0,0,NULL,NULL,NULL,NULL,'0',0,1),(6031,'ww','ww@w.com',NULL,NULL,'$2y$10$LR038ME1an2HbrKh9Tfzb.z6qFe4f0fHSmMl3L3.Ik3ORO0kGoz2m',NULL,1,'123456789',NULL,NULL,NULL,'$2y$10$oY/9LeBC4I21CTmOYA1cle5yyqk4aPtUkq110ohCn9TZ/NXiJvK/.',NULL,NULL,NULL,NULL,NULL,NULL,NULL,NULL,'2022-04-27 12:45:11','2022-04-27 12:45:11',NULL,'true','true',0,0,NULL,NULL,NULL,NULL,'0',0,1),(6032,'www','www@w.com',NULL,NULL,'$2y$10$5BFAvvM6PQTYjZ0whplKruKkSGeFogb9jtN.n.DDwqsYW/lozZ9Se',NULL,1,'1234567896',NULL,NULL,NULL,'$2y$10$U7MLFFYFOtyPC8aKDGhXWuebmlBuMdu7K80lbXNxyAQ6KPgpa8qwa',NULL,NULL,NULL,NULL,NULL,NULL,NULL,NULL,'2022-04-27 12:46:50','2022-04-27 12:46:50',NULL,'true','true',0,0,NULL,NULL,NULL,NULL,'0',0,1),(6034,'e','e@e.com',NULL,NULL,'$2y$10$2IjyEMbF2X1POmAcp4QDGOWIDh4akdF.fNiY7rjyhL2wzUVnMxp.C',NULL,1,'1234567866',NULL,NULL,NULL,'$2y$10$EYF0owWOy99eEiDhHzeTXuSvfQJxHlcQJUEIlK.ev89Z3gcwBqwqS',NULL,NULL,NULL,NULL,NULL,NULL,NULL,NULL,'2022-04-27 13:15:12','2022-04-27 13:15:12',NULL,'true','true',0,0,NULL,NULL,NULL,NULL,'0',0,1),(6035,'BASEL AL3AZMI','trust.q8@gmail.com',NULL,NULL,'$2y$10$VkiM35Cao8jwZo.6fdUv3eC8WUB.itv8BDUmJwc6zYUKrgy9N6jjy',NULL,1,'98921888',NULL,NULL,NULL,'644020',NULL,NULL,NULL,NULL,NULL,NULL,'2023-04-13 20:19:20','188.70.31.162','2022-04-27 18:16:55','2023-04-13 20:19:20',NULL,'true','true',0,0,NULL,NULL,NULL,NULL,'0',0,1),(6036,'خالد','trust.khaled.q8@gmail.com',NULL,NULL,'$2y$10$YG/dpZNx3qomAYb/dKWEEOwO9Qa.DrgHk.kxvOEGdSk4qBfwUGsWe',NULL,1,'60608006',NULL,NULL,NULL,'$2y$10$RzVlw03I2Nixs/fMB5OqGeKZsf2SdtPWU08VmMBS4l/roTaDcxFQG',NULL,NULL,NULL,NULL,NULL,NULL,NULL,NULL,'2022-04-29 16:44:09','2022-04-29 16:44:09',NULL,'true','true',0,0,NULL,NULL,NULL,NULL,'0',0,1),(6037,'mhmd','mhmd.kambos1993@hotmail.com',NULL,NULL,'$2y$10$PltUWeT1OibKmjGgOJ2MHuGrjXN1nAarGnYQK1swDGTuCjobR04sO',NULL,1,'500432951',NULL,NULL,NULL,'$2y$10$p22pjd48JLoSaZ3B2FbNfedFBvBZw3W.rP8M1Q.OiL9dkfSZjD2QG',NULL,NULL,NULL,NULL,NULL,NULL,NULL,NULL,'2022-04-30 12:25:14','2022-04-30 12:25:14',NULL,'true','true',0,0,NULL,NULL,NULL,NULL,'0',0,1),(6038,'anwer','adadad@gmail.com',NULL,NULL,'$2y$10$1BMFqtXr0y/5/OI5Dl/ljeRy237ZFmtNfxvgBgfsCQEE.8wKogqhm',NULL,1,'67678687678',NULL,NULL,NULL,'$2y$10$EJpvV.TVoBVGACF3ypH.qehv7GPnEABTS/Zo.4u0HeOhBrsMfIQYW',NULL,NULL,NULL,NULL,NULL,NULL,NULL,NULL,'2022-07-07 09:11:00','2022-07-07 09:11:00',NULL,'true','true',0,0,NULL,NULL,NULL,NULL,'0',0,1),(6039,'asgbhhj','asdhhhj@dfg.fgg',NULL,NULL,'$2y$10$Nn714u.8oZawaArmjf2NmuNc/xZLjvQ9ITxVrm4xXdgc.9aDjRuay',NULL,1,'808855888',NULL,NULL,NULL,'$2y$10$KcjpZPUp1Cf7LvO4.wE4KepkmOpWyC7n5vgwUM9VrAj9jt7Anh3YC',NULL,NULL,NULL,NULL,NULL,NULL,NULL,NULL,'2022-07-07 12:37:34','2022-07-07 12:37:34',NULL,'true','true',0,0,NULL,NULL,NULL,NULL,'0',0,1),(6040,'بتنا','Kuwait@chh.com',NULL,NULL,'$2y$10$j6VdgBghYkp6tPRMm4eWYOE9jjNhQVjo6kRuZi0f6.61shkyjpBM6',NULL,1,'4555888',NULL,NULL,NULL,'$2y$10$E5m2.WZxU.HJyeCqBprpReTyg.y.obfrS5vFAw5Ba0z9dF4AAAb5a',NULL,NULL,NULL,NULL,NULL,NULL,NULL,NULL,'2022-07-07 13:32:26','2022-07-07 13:32:26',NULL,'true','true',0,0,NULL,NULL,NULL,NULL,'0',0,1),(6041,'abdelaziz','abdelaziz1@gmail.com',NULL,NULL,'$2y$10$LAsI7I18tRhfbEC802Q5he04JNJps5h49X4o9UaZDOm4y24ypt6He',NULL,1,'0501234567',NULL,NULL,NULL,'$2y$10$ynO/E5VSMXINQxnbzkrqvuUupQqJ1c3hQr7tGhvdUoWWoH6W5GPbK',NULL,NULL,NULL,NULL,NULL,NULL,NULL,NULL,'2022-07-07 13:42:02','2022-07-07 13:42:02',NULL,'true','true',0,0,NULL,NULL,NULL,NULL,'0',0,1),(6042,'اووزز','ghkkkk@hggg.vjjj',NULL,NULL,'$2y$10$0YQEdY3nRycUm2B.XyP5eOc12DZNa5fZOhNnKqKVyYc75IPNJYnyO',NULL,1,'555555',NULL,NULL,NULL,'$2y$10$ugXJlyJxzYs7uJDrsaWfIeHuGwamVMlgsas5HN8HcbhlND6FS13ce',NULL,NULL,NULL,NULL,NULL,NULL,NULL,NULL,'2022-07-07 13:48:04','2022-07-07 13:48:04',NULL,'true','true',0,0,NULL,NULL,NULL,NULL,'0',0,1),(6044,'abdelaziz','abdelaziz331@gmail.com',NULL,NULL,'$2y$10$p/UhKBu3IPBw.81uPGkyWuULZxvv9lPo1auIV1Ybfg9TlXd4yqCVq',NULL,1,'05012345673',NULL,NULL,NULL,'$2y$10$YdNNfFzwdREOVqOlZGWuEOnIMQgc5NwNgGTHFvt/pw2OZJ72Q8CXa',NULL,NULL,NULL,NULL,NULL,NULL,NULL,NULL,'2022-07-23 11:01:05','2022-07-23 11:01:05',NULL,'true','true',0,0,NULL,NULL,NULL,NULL,'0',0,1),(6045,'anwer','anwrthg@gmail.com',NULL,NULL,'$2y$10$Z39zO41/E.rfdqH/xvgKa.DItgIgyUqApCD5elbVlqkgi4hCMCKQO',NULL,1,'555555556',NULL,NULL,NULL,'$2y$10$8NYMAHJh72J/ObxVA.kea.crIgF.vs650/jNUTsAYLeFNZC.iNSRy',NULL,NULL,NULL,NULL,NULL,NULL,NULL,NULL,'2022-07-23 11:06:16','2022-07-23 11:06:16',NULL,'true','true',0,0,NULL,NULL,NULL,NULL,'0',0,1),(6046,'fdsgf','dsaffa@sdfsa.com',NULL,NULL,'$2y$10$u5wqvHTimZQhdUrVbf1Ac.pRkgJUvNRRqiexOh8YwM07W3zreFqr2',NULL,1,'45643543',NULL,NULL,NULL,'$2y$10$HO3zrKJ3GKBVx4PIxNqJ5uTdjpJ.zzQoFASvlg747WCdMIKp5KRQy',NULL,NULL,NULL,NULL,NULL,NULL,NULL,NULL,'2022-07-23 13:22:29','2022-07-23 13:22:29',NULL,'true','true',0,0,NULL,NULL,NULL,NULL,'0',0,1),(6047,'dfsg','dfdsfsa@sdfjklsf.com',NULL,NULL,'$2y$10$y34DCHy.JFgWnhxW4HFwgOBGB1CyzTS0YYYYDuhY.vCmD/o2Vyci2',NULL,1,'88888888',NULL,NULL,NULL,'$2y$10$bylrNlKHLRQYWf9xqr13QeusY7AMuLjlhQ7D4RnXed/6vDQQZnh82',NULL,NULL,NULL,NULL,NULL,NULL,NULL,NULL,'2022-07-23 13:26:52','2022-07-23 13:26:52',NULL,'true','true',0,0,NULL,NULL,NULL,NULL,'0',0,1),(6048,'888888','aaa@fsdfs.com',NULL,NULL,'$2y$10$hOr4MBDJDgpQ9pAfgTwSx.W7pkaP/Nn.szqvkDgKgnNbNTJrFe6ym',NULL,1,'99999999',NULL,NULL,NULL,'$2y$10$V7ydHrmpa.5v5HueK2DO9uFulFzauPLAg99vOFR.nEqU0OJMs8vB2',NULL,NULL,NULL,NULL,NULL,NULL,NULL,NULL,'2022-07-24 11:10:34','2022-07-24 11:10:34',NULL,'true','true',0,0,NULL,NULL,NULL,NULL,'0',0,1),(6050,'فيصل','fq8123@gmail.com',NULL,NULL,'$2y$10$X2zAyzfQzZKIET/70Pg.kO07cfugkNCyYCnsuevoAySKOOLka2aCK',NULL,1,'66210070',NULL,NULL,NULL,'$2y$10$7wBj6l0MUHQ9dR66FILw/ekDPP1iExMfVfMxJ4Tz7s5bXoLwt3Vv.',NULL,NULL,NULL,NULL,NULL,NULL,NULL,NULL,'2022-07-25 13:10:16','2022-07-25 13:10:16',NULL,'true','true',0,0,NULL,NULL,NULL,NULL,'0',0,1),(6051,'anwer','aaa@aaa.com',NULL,NULL,'$2y$10$qt0WFbjbeyPdyBKZy1m7TOCU/sgeHRfIyleW5s9ev22QvREXIMJGu',NULL,1,'67782378',NULL,NULL,NULL,'$2y$10$RqFydq6dEyFMvyNUQoh.MejaIBlK5og/n7X8cR1BiRhpUlUWXII2e',NULL,NULL,NULL,NULL,NULL,NULL,'2022-08-03 10:11:24','91.140.237.154','2022-08-03 10:10:40','2022-08-03 10:11:24',NULL,'true','true',0,0,NULL,NULL,NULL,NULL,'0',0,1),(6052,'ddd','ddd@ddd.com',NULL,NULL,'$2y$10$c8w9gIgG8Q/L6HNf0sGpWeq0aO3wNsoTElB4xP/djLubTKymNbx3e',NULL,1,'123456788',NULL,NULL,NULL,'$2y$10$P1j6nAFhxuNZfPLJEEPKN...zZtTZLe5O1NziMmmB/b6X8Ocw/vM6',NULL,NULL,NULL,NULL,NULL,NULL,NULL,NULL,'2022-08-08 17:21:29','2022-08-08 17:21:29',NULL,'true','true',0,0,NULL,NULL,NULL,NULL,'0',0,1),(6053,'admihhh','adsssd@sfhgc.com',NULL,NULL,'$2y$10$.P9kdxVV1qA4gvw8WeqeS.qcZ1eDjZDEmf7RjwgVyrQIRVEL2ZTF2',NULL,1,'8989898989',NULL,NULL,NULL,'$2y$10$2tXFdk70igmd58riZVQrLuSVN8KJ/IEacbx2pMcTKDWFx/pZcLBEe',NULL,NULL,NULL,NULL,NULL,NULL,NULL,NULL,'2022-08-08 17:33:22','2022-08-08 17:33:22',NULL,'true','true',0,0,NULL,NULL,NULL,NULL,'0',0,1),(6054,'anwer','asssd@asd',NULL,NULL,'$2y$10$9Bhs5W9zWrixtZOEiqX.guwiithw259ZoV85yrf3VNw8XEjM1jK4.',NULL,1,'66666666',NULL,NULL,NULL,'$2y$10$BKLbvhdBdZxz.mkt1ucY7.iIgdsoyXTQS6y0y9LnJgbZD5IewuLoW',NULL,NULL,NULL,NULL,NULL,NULL,NULL,NULL,'2022-08-12 22:07:27','2022-08-12 22:07:27',NULL,'true','true',0,0,NULL,NULL,NULL,NULL,'0',0,1),(6061,'awwr',NULL,NULL,NULL,'$2y$10$onCvWFtoMpvnDd9OSxai0O2hjRoDY2nG3qPndpu7vdWnRQE5R.YBS',NULL,1,'888888888',NULL,NULL,NULL,'644022',NULL,NULL,NULL,NULL,NULL,NULL,NULL,NULL,'2022-08-14 19:34:52','2022-08-14 19:34:52',NULL,'true','true',0,0,NULL,NULL,NULL,NULL,'0',0,1),(6063,'anwer',NULL,NULL,NULL,'$2y$10$aGaeEBRh4SzAXuMrYT5Lc.XKRwJPzLyLEP.FFV8.5k2he9wUuwIA.',NULL,1,'+96567676545',NULL,NULL,NULL,'214381',NULL,NULL,NULL,NULL,NULL,NULL,'2022-10-09 19:52:41','54.86.50.139','2022-08-15 14:09:26','2022-10-09 19:55:30',NULL,'true','true',0,0,NULL,NULL,NULL,NULL,'0',0,1),(6066,'dfgdfg',NULL,NULL,NULL,'$2y$10$dSbgjipmxt8alOqG55WAr.z7CoYebit8skY1oxGFqNgxsOWnzDSzq',NULL,1,'444444445',NULL,NULL,NULL,'813821',NULL,NULL,NULL,NULL,NULL,NULL,'2022-08-15 14:35:55','54.86.50.139','2022-08-15 14:29:48','2022-08-15 14:35:55',NULL,'true','true',0,0,NULL,NULL,NULL,NULL,'0',0,1),(6067,'The phone has already been taken.',NULL,NULL,NULL,'$2y$10$XBu0w6JAtXLZBR.exyzdZe6/g/0QsQ0yRsXaz4roSmo/DyouxPB6.',NULL,1,'sdfdsa',NULL,NULL,NULL,'975822',NULL,NULL,NULL,NULL,NULL,NULL,NULL,NULL,'2022-08-15 14:31:11','2022-08-15 14:31:11',NULL,'true','true',0,0,NULL,NULL,NULL,NULL,'0',0,1),(6068,'dfgdfg',NULL,NULL,NULL,'$2y$10$MaTwtY1HuHSuGHAJeeYPS.juGUIUGhdwKQCnjIMpICmTk6.tzm1zi',NULL,1,'444444446',NULL,NULL,NULL,'537352',NULL,NULL,NULL,NULL,NULL,NULL,NULL,NULL,'2022-08-15 14:36:26','2022-08-15 14:36:26',NULL,'true','true',0,0,NULL,NULL,NULL,NULL,'0',0,1),(6069,'fsdfdsa',NULL,NULL,NULL,'$2y$10$hsn23JfQoYNCdGt4RcHWOuiOvDCRHd2JvPrQzJ4muH6.C81mmYXt2',NULL,1,'444444448',NULL,NULL,NULL,'185291',NULL,NULL,NULL,NULL,NULL,NULL,NULL,NULL,'2022-08-15 15:04:51','2022-08-15 15:04:51',NULL,'true','true',0,0,NULL,NULL,NULL,NULL,'0',0,1),(6070,'العازمي',NULL,NULL,NULL,'$2y$10$nVSrxr6/ICCWaUL65AOhLeA2V5VnZniyP3rz/etsUAUlwRzr3Fumq',NULL,1,'66648686',NULL,NULL,NULL,'158264',NULL,NULL,NULL,NULL,NULL,NULL,'2023-04-29 05:48:47','188.236.91.115','2022-08-17 13:45:42','2023-04-29 05:48:47',NULL,'true','true',0,0,NULL,NULL,NULL,NULL,'0',0,1),(6071,'فيصل',NULL,NULL,NULL,'$2y$10$bRPISwcoEqYCn84cy8hNo.wHPJ2d90UsoAMWC/j800gQJckqsInmu',NULL,1,'56641420',NULL,NULL,NULL,'622514',NULL,NULL,NULL,NULL,NULL,NULL,'2022-09-14 12:22:44','188.70.38.178','2022-08-30 02:29:40','2022-09-14 12:22:44',NULL,'true','true',0,0,NULL,NULL,NULL,NULL,'0',0,1),(6072,'محمد',NULL,NULL,NULL,'$2y$10$7AZEkMSmg9M80TqtbdxaM.jPyYOq02IVCPux9zjIYWUyRj26hK9ES',NULL,1,'99869354',NULL,NULL,NULL,'209826',NULL,NULL,NULL,NULL,NULL,NULL,'2022-09-05 02:42:09','37.231.21.197','2022-09-05 02:41:35','2022-09-05 02:42:09',NULL,'true','true',0,0,NULL,NULL,NULL,NULL,'0',0,1),(6073,'محمد عزام العزام',NULL,NULL,NULL,'$2y$10$qihxkR59W2HXB/eu9dTyQuYsUIRpzq92AoSe3P4g57IcFhf1XYe7e',NULL,1,'55579322',NULL,NULL,NULL,'751432',NULL,NULL,NULL,NULL,NULL,NULL,NULL,NULL,'2022-09-05 19:52:12','2022-09-05 19:52:12',NULL,'true','true',0,0,NULL,NULL,NULL,NULL,'0',0,1),(6074,'مزيد الداهوم',NULL,NULL,NULL,'$2y$10$dXagJmZOS6dH2rGIuT/RK.YR8Z2Wvbaz6btJrkonAtW7hDPEl1bjy',NULL,1,'55200090',NULL,NULL,NULL,'595046',NULL,NULL,NULL,NULL,NULL,NULL,NULL,NULL,'2022-09-05 19:54:18','2022-09-05 19:54:18',NULL,'true','true',0,0,NULL,NULL,NULL,NULL,'0',0,1),(6076,'بوفهد',NULL,NULL,NULL,'$2y$10$LF0vp0gbQcjyBMOZY9SUeerN/JOkHJRV7GO8mWtBrkrig0FlRthnW',NULL,1,'66040004',NULL,NULL,NULL,'824326',NULL,NULL,NULL,NULL,NULL,NULL,NULL,NULL,'2022-09-14 13:12:55','2022-09-14 13:12:55',NULL,'true','true',0,0,NULL,NULL,NULL,NULL,'0',0,1),(6077,'حسين راشد حمدان العازمي',NULL,NULL,NULL,'$2y$10$.o4Ipg.laWYmQZ2MbJlvjOw0Dq6zIiwQt4WkoNeUhZEpB.5.prFAS',NULL,1,'66414248',NULL,NULL,NULL,'259865',NULL,NULL,NULL,NULL,NULL,NULL,'2023-10-05 20:28:34','188.70.11.126','2022-09-14 13:22:35','2023-10-05 20:28:34',NULL,'true','true',0,0,NULL,NULL,NULL,NULL,'0',0,1),(6078,'عبدالله العازمي',NULL,NULL,NULL,'$2y$10$Pkfc3Aiu3LGW89Js6nGy7OehCPYJU7F83Vha.ZRcybv7W0pbBrjwK',NULL,1,'65589855',NULL,NULL,NULL,'234674',NULL,NULL,NULL,NULL,NULL,NULL,NULL,NULL,'2022-09-14 13:26:47','2022-09-14 13:26:47',NULL,'true','true',0,0,NULL,NULL,NULL,NULL,'0',0,1),(6079,'rashed',NULL,NULL,NULL,'$2y$10$WjShJfLjXZJSoidKi0F/Qugaftb/XcCM8FQYCR3tWdu5A8nsS2tgG',NULL,1,'90950578',NULL,NULL,NULL,'133671',NULL,NULL,NULL,NULL,NULL,NULL,NULL,NULL,'2022-09-14 13:27:30','2022-09-14 13:27:30',NULL,'true','true',0,0,NULL,NULL,NULL,NULL,'0',0,1),(6080,'Mutab alazemi',NULL,NULL,NULL,'$2y$10$Ui2kuWpjOX5Spad0CSezU.goo4a1R/HjBIIo3VOdQ0W0sAQ2unAgu',NULL,1,'55501333',NULL,NULL,NULL,'647039',NULL,NULL,NULL,NULL,NULL,NULL,NULL,NULL,'2022-09-14 13:36:40','2022-09-14 13:36:40',NULL,'true','true',0,0,NULL,NULL,NULL,NULL,'0',0,1),(6081,'محمد عبدالله هذال القعمر',NULL,NULL,NULL,'$2y$10$b0WXiopJZfuFaPzzYv.iHusePDrRl.V5gJLa7mgPoxcuLEBVVmBC6',NULL,1,'99439443',NULL,NULL,NULL,'754317',NULL,NULL,NULL,NULL,NULL,NULL,NULL,NULL,'2022-09-14 13:45:43','2022-09-14 13:45:43',NULL,'true','true',0,0,NULL,NULL,NULL,NULL,'0',0,1),(6082,'ديوانية',NULL,NULL,NULL,'$2y$10$ZrVeItdGUvB/.9Ee3sNXcuLIM3dUwUB2M47Q0a3.Vz8JI2GJY.J0u',NULL,1,'99122722',NULL,NULL,NULL,'610290',NULL,NULL,NULL,NULL,NULL,NULL,NULL,NULL,'2022-09-14 13:46:08','2022-09-14 13:46:08',NULL,'true','true',0,0,NULL,NULL,NULL,NULL,'0',0,1),(6083,'ahmad',NULL,NULL,NULL,'$2y$10$S5jTfHP.xpQzgfq.1EOC/.JIFIDxmFgrIjoIiAwFBWVYlOksdXMFK',NULL,1,'50633622',NULL,NULL,NULL,'906880',NULL,NULL,NULL,NULL,NULL,NULL,NULL,NULL,'2022-09-14 13:46:26','2022-09-14 13:46:26',NULL,'true','true',0,0,NULL,NULL,NULL,NULL,'0',0,1),(6084,'عبدالله الونيان',NULL,NULL,NULL,'$2y$10$Ez2AjHmJCQxyiI9V2KR7ye1DJGeP84.3L69J2zH94be99Guy3WxiG',NULL,1,'٩٩٧٧٧٧٥٨',NULL,NULL,NULL,'772031',NULL,NULL,NULL,NULL,NULL,NULL,NULL,NULL,'2022-09-14 13:47:07','2022-09-14 13:47:07',NULL,'true','true',0,0,NULL,NULL,NULL,NULL,'0',0,1),(6085,'فايز الرميح',NULL,NULL,NULL,'$2y$10$M/h3/FQ8N82N7Yn8pcHd9eUieHXhL9GYIVKiDTpYuGNPxiweZIIUq',NULL,1,'50155115',NULL,NULL,NULL,'500315',NULL,NULL,NULL,NULL,NULL,NULL,NULL,NULL,'2022-09-14 13:48:18','2022-09-14 13:48:18',NULL,'true','true',0,0,NULL,NULL,NULL,NULL,'0',0,1),(6086,'سعود الشباك',NULL,NULL,NULL,'$2y$10$xorVDUBLjPQT33pcR96HD.Aoz.trei8LFbWf9qQH1/RD0NwfVQHuK',NULL,1,'99582080',NULL,NULL,NULL,'976226',NULL,NULL,NULL,NULL,NULL,NULL,NULL,NULL,'2022-09-14 13:52:40','2022-09-14 13:52:40',NULL,'true','true',0,0,NULL,NULL,NULL,NULL,'0',0,1),(6087,'الجلاوي',NULL,NULL,NULL,'$2y$10$vDEC7M0HfvSn42VdXftBl.9aWl1mX1MELL09wvOf5o1hlnMTU5nQW',NULL,1,'50706666',NULL,NULL,NULL,'791663',NULL,NULL,NULL,NULL,NULL,NULL,NULL,NULL,'2022-09-14 13:52:58','2022-09-14 13:52:58',NULL,'true','true',0,0,NULL,NULL,NULL,NULL,'0',0,1),(6088,'MUBARAK',NULL,NULL,NULL,'$2y$10$VdCbTZ1ZErva402NqUuk6e9w/VR0KN7UZbYOIK4cHldfRlTz1crUq',NULL,1,'55369090',NULL,NULL,NULL,'742560',NULL,NULL,NULL,NULL,NULL,NULL,NULL,NULL,'2022-09-14 13:54:27','2022-09-14 13:54:27',NULL,'true','true',0,0,NULL,NULL,NULL,NULL,'0',0,1),(6089,'عبدالله مزيد بن مقصوص',NULL,NULL,NULL,'$2y$10$ytC4sHAUj7HLVUQgY/UyRue2raYyBrx/eCTH2wmMKxsqDw4LPvPie',NULL,1,'99369095',NULL,NULL,NULL,'787285',NULL,NULL,NULL,NULL,NULL,NULL,NULL,NULL,'2022-09-14 14:08:30','2022-09-14 14:08:30',NULL,'true','true',0,0,NULL,NULL,NULL,NULL,'0',0,1),(6090,'ناصر العقاب',NULL,NULL,NULL,'$2y$10$6kMgcVY17no6eaS4DPbKBeCkD65PdDRDCEEFEOGIjnh2X8NzXNyw.',NULL,1,'99886333',NULL,NULL,NULL,'175521',NULL,NULL,NULL,NULL,NULL,NULL,NULL,NULL,'2022-09-14 14:10:35','2022-09-14 14:10:35',NULL,'true','true',0,0,NULL,NULL,NULL,NULL,'0',0,1),(6091,'مطلق الدعيج',NULL,NULL,NULL,'$2y$10$ZwRL4gjeVJebqWAHuQHamuD6E5LoeYb8Qx1w08uKa7.Ty05dIbeQC',NULL,1,'99717435',NULL,NULL,NULL,'549743',NULL,NULL,NULL,NULL,NULL,NULL,NULL,NULL,'2022-09-14 14:14:04','2022-09-14 14:14:04',NULL,'true','true',0,0,NULL,NULL,NULL,NULL,'0',0,1),(6092,'حمود العليوي',NULL,NULL,NULL,'$2y$10$VOyZP.I5WxJVIH3mByjdw.EKv.HtuaDKrH97GaNXDLWLCmspyBe5u',NULL,1,'55779664',NULL,NULL,NULL,'726407',NULL,NULL,NULL,NULL,NULL,NULL,NULL,NULL,'2022-09-14 14:16:35','2022-09-14 14:16:35',NULL,'true','true',0,0,NULL,NULL,NULL,NULL,'0',0,1),(6093,'يوسف',NULL,NULL,NULL,'$2y$10$vAbSZ7xAyB8flCt96sMU1.6WOfgvEUubZN6Myl1v.SGbeJMyOby6q',NULL,1,'50559567',NULL,NULL,NULL,'889075',NULL,NULL,NULL,NULL,NULL,NULL,NULL,NULL,'2022-09-14 14:17:42','2022-09-14 14:17:42',NULL,'true','true',0,0,NULL,NULL,NULL,NULL,'0',0,1),(6094,'aa66847@gmail.com',NULL,NULL,NULL,'$2y$10$IVbwCJoqn2muDuEC4P3HmubKBJfCNwVdmmG..ERObwTbEKKNkZswy',NULL,1,'66200612',NULL,NULL,NULL,'285855',NULL,NULL,NULL,NULL,NULL,NULL,NULL,NULL,'2022-09-14 14:18:04','2022-09-14 14:18:04',NULL,'true','true',0,0,NULL,NULL,NULL,NULL,'0',0,1),(6095,'Saeed82',NULL,NULL,NULL,'$2y$10$RoHS35ifaltg03KjIrm4oOlW3f9IjJrC5S54UzHCOAk4Uab7pDmFG',NULL,1,'90003099',NULL,NULL,NULL,'293540',NULL,NULL,NULL,NULL,NULL,NULL,NULL,NULL,'2022-09-14 14:20:52','2022-09-14 14:20:52',NULL,'true','true',0,0,NULL,NULL,NULL,NULL,'0',0,1),(6096,'صلاح فلاح العازمي',NULL,NULL,NULL,'$2y$10$jioe7jCdt3im/r8z8TQKJeGORC6JcyxVnxZBp7djXffP5ucZs.BkC',NULL,1,'99099135',NULL,NULL,NULL,'716203',NULL,NULL,NULL,NULL,NULL,NULL,NULL,NULL,'2022-09-14 14:21:00','2022-09-14 14:21:00',NULL,'true','true',0,0,NULL,NULL,NULL,NULL,'0',0,1),(6097,'ابراهيم الفلاح',NULL,NULL,NULL,'$2y$10$/9sokfcE1L88x2VkJByREOl4/YYiPWtJuvQIPdZBi9VZlvVQNi6jW',NULL,1,'55005573',NULL,NULL,NULL,'617927',NULL,NULL,NULL,NULL,NULL,NULL,NULL,NULL,'2022-09-14 14:23:38','2022-09-14 14:23:38',NULL,'true','true',0,0,NULL,NULL,NULL,NULL,'0',0,1),(6098,'يوسف العبودي',NULL,NULL,NULL,'$2y$10$Ur.3ncinWUblldlkFuOHyuud4ZBA2yvFP21aonwQMrPgrotQICN6e',NULL,1,'60010017',NULL,NULL,NULL,'352132',NULL,NULL,NULL,NULL,NULL,NULL,NULL,NULL,'2022-09-14 14:30:56','2022-09-14 14:30:56',NULL,'true','true',0,0,NULL,NULL,NULL,NULL,'0',0,1),(6099,'ahmd alazmi',NULL,NULL,NULL,'$2y$10$aAE3cMKS9lAH9BwZPGTVuOTebVgiPFWk23QveRoHGL0tybwmyLwDu',NULL,1,'99862828',NULL,NULL,NULL,'593486',NULL,NULL,NULL,NULL,NULL,NULL,'2022-11-19 21:09:33','37.36.197.62','2022-09-14 14:34:05','2022-11-19 21:09:33',NULL,'true','true',0,0,NULL,NULL,NULL,NULL,'0',0,1),(6100,'عبدالله',NULL,NULL,NULL,'$2y$10$DppI7fOJ5EH3CzKJq4xSR.W5LvfdKk5T/KqjFYXB4SkQEoZgqDniK',NULL,1,'51010018',NULL,NULL,NULL,'420573',NULL,NULL,NULL,NULL,NULL,NULL,NULL,NULL,'2022-09-14 14:36:06','2022-09-14 14:36:06',NULL,'true','true',0,0,NULL,NULL,NULL,NULL,'0',0,1),(6101,'محمد سعود راعي الهيدا',NULL,NULL,NULL,'$2y$10$hxHVH949FUgH2R5mKXIkWewl2m4oAdn1ZN4edTmUP0dbnePApR3iC',NULL,1,'55588566',NULL,NULL,NULL,'899304',NULL,NULL,NULL,NULL,NULL,NULL,NULL,NULL,'2022-09-14 14:39:51','2022-09-14 14:39:51',NULL,'true','true',0,0,NULL,NULL,NULL,NULL,'0',0,1),(6103,'بدر منصور',NULL,NULL,NULL,'$2y$10$XARbvCZSZ9jFoCAx7CUqDe2f3NbyEgjY7I8.O8ko7sVvPB8WDPqua',NULL,1,'99830994',NULL,NULL,NULL,'563196',NULL,NULL,NULL,NULL,NULL,NULL,NULL,NULL,'2022-09-14 14:53:49','2022-09-14 14:53:49',NULL,'true','true',0,0,NULL,NULL,NULL,NULL,'0',0,1),(6104,'حسن محسن بن زويد',NULL,NULL,NULL,'$2y$10$MVhEoIcbqQd/Aqn0ZcVzDujYOBJT9OqXuqTFq8NIgHOizDYdPiib2',NULL,1,'98082820',NULL,NULL,NULL,'475122',NULL,NULL,NULL,NULL,NULL,NULL,NULL,NULL,'2022-09-14 15:11:59','2022-09-14 15:11:59',NULL,'true','true',0,0,NULL,NULL,NULL,NULL,'0',0,1),(6105,'alnuweem',NULL,NULL,NULL,'$2y$10$q9Q0930Fevz3eLPFbpUEa.C7Btyj29ylsFeQEMV1aI4fILwu4OKN2',NULL,1,'97522666',NULL,NULL,NULL,'945758',NULL,NULL,NULL,NULL,NULL,NULL,NULL,NULL,'2022-09-14 15:14:30','2022-09-14 15:14:30',NULL,'true','true',0,0,NULL,NULL,NULL,NULL,'0',0,1),(6106,'محمسعدبن خفره',NULL,NULL,NULL,'$2y$10$uZA0xRM/Q3ea.PvQyVgCAePlYci9TP5rl.Wb8YWSazwK6U2ormYWC',NULL,1,'66660590',NULL,NULL,NULL,'870588',NULL,NULL,NULL,NULL,NULL,NULL,NULL,NULL,'2022-09-14 15:19:11','2022-09-14 15:19:11',NULL,'true','true',0,0,NULL,NULL,NULL,NULL,'0',0,1),(6107,'خالد سعد الزامل',NULL,NULL,NULL,'$2y$10$.bcctgNOS9WG80dhaSWrg.5.9nnoq5lR9nW1SRYpslEFT0KfEoZZ6',NULL,1,'55375544',NULL,NULL,NULL,'349015',NULL,NULL,NULL,NULL,NULL,NULL,NULL,NULL,'2022-09-14 15:24:49','2022-09-14 15:24:49',NULL,'true','true',0,0,NULL,NULL,NULL,NULL,'0',0,1),(6108,'alazemi',NULL,NULL,NULL,'$2y$10$nH6HoJAcIOlDxt3xTpamCuVW/vC7NkVb0JeuUSe6qHmcSbkAe7Ao6',NULL,1,'50410010',NULL,NULL,NULL,'219239',NULL,NULL,NULL,NULL,NULL,NULL,NULL,NULL,'2022-09-14 15:24:57','2022-09-14 15:24:57',NULL,'true','true',0,0,NULL,NULL,NULL,NULL,'0',0,1),(6109,'عبدالله',NULL,NULL,NULL,'$2y$10$ZHYHENtzdnTdYJi0nUSps.ProcaFU0pfNsrF/Plt7F6XPemCGRSVm',NULL,1,'66106646',NULL,NULL,NULL,'172556',NULL,NULL,NULL,NULL,NULL,NULL,NULL,NULL,'2022-09-14 15:39:24','2022-09-14 15:39:24',NULL,'true','true',0,0,NULL,NULL,NULL,NULL,'0',0,1),(6110,'معجب سعود العازمي',NULL,NULL,NULL,'$2y$10$Z9KkcTW77qhWr4ySHI937.fhhc4MJbDPckMS5u9ptpJFrhqhoi7h6',NULL,1,'97455597',NULL,NULL,NULL,'294673',NULL,NULL,NULL,NULL,NULL,NULL,NULL,NULL,'2022-09-14 15:49:55','2022-09-14 15:49:55',NULL,'true','true',0,0,NULL,NULL,NULL,NULL,'0',0,1),(6111,'سعد السحيب',NULL,NULL,NULL,'$2y$10$M5wKYXvBzTPu61IR5iLXWu2s7LkZJJy52ku.NU8HR7E97kp35CLVK',NULL,1,'99040730',NULL,NULL,NULL,'651720',NULL,NULL,NULL,NULL,NULL,NULL,NULL,NULL,'2022-09-14 15:51:39','2022-09-14 15:51:39',NULL,'true','true',0,0,NULL,NULL,NULL,NULL,'0',0,1),(6112,'فالح بن ماضي',NULL,NULL,NULL,'$2y$10$IQ6Qa17nE0qZYDWTN02.i.x6XqSzUGzkqKN/mLn8zaohwjqbtokem',NULL,1,'٦٥٥٩٠٦٥٥',NULL,NULL,NULL,'925588',NULL,NULL,NULL,NULL,NULL,NULL,NULL,NULL,'2022-09-14 15:53:52','2022-09-14 15:53:52',NULL,'true','true',0,0,NULL,NULL,NULL,NULL,'0',0,1),(6114,'أسامه احمد بن مقصوص',NULL,NULL,NULL,'$2y$10$F7sLYaT.JULBweiBEX6qEefHtcWn25DBBysTHyZo1S0tsXCr4VgHC',NULL,1,'97440705',NULL,NULL,NULL,'646826',NULL,NULL,NULL,NULL,NULL,NULL,NULL,NULL,'2022-09-14 16:05:27','2022-09-14 16:05:27',NULL,'true','true',0,0,NULL,NULL,NULL,NULL,'0',0,1),(6115,'سلطان فهد الجحلان',NULL,NULL,NULL,'$2y$10$NffRYtPAMpMGK0naUR.9a.8km4Y5uSgekA2t/6rW2ac3PiI9KVpxa',NULL,1,'97366616',NULL,NULL,NULL,'282774',NULL,NULL,NULL,NULL,NULL,NULL,NULL,NULL,'2022-09-14 16:21:37','2022-09-14 16:21:37',NULL,'true','true',0,0,NULL,NULL,NULL,NULL,'0',0,1),(6116,'ahmadk88',NULL,NULL,NULL,'$2y$10$oogtr/9ZnBfJy5PbyiQmie7e4lBW3YFGHv6hJaIjRwY/Mv/1JSvzK',NULL,1,'66686089',NULL,NULL,NULL,'315239',NULL,NULL,NULL,NULL,NULL,NULL,NULL,NULL,'2022-09-14 16:23:46','2022-09-14 16:23:46',NULL,'true','true',0,0,NULL,NULL,NULL,NULL,'0',0,1),(6117,'محمد عبيد الغبيشان',NULL,NULL,NULL,'$2y$10$xFyalxP6mVgP0Kw/7hwzoOUNgJ6c4BdNb7201rIL8BexTNoYq3sXa',NULL,1,'60010800',NULL,NULL,NULL,'548733',NULL,NULL,NULL,NULL,NULL,NULL,NULL,NULL,'2022-09-14 17:20:55','2022-09-14 17:20:55',NULL,'true','true',0,0,NULL,NULL,NULL,NULL,'0',0,1),(6118,'مجلاد حمدان بن سرور القراشي',NULL,NULL,NULL,'$2y$10$122gxVgBUmNeCjbQ8b7.MexOph.kz8l5Bt3V/Si5bkJ09veF9kC3C',NULL,1,'66566122',NULL,NULL,NULL,'940037',NULL,NULL,NULL,NULL,NULL,NULL,NULL,NULL,'2022-09-14 17:38:04','2022-09-14 17:38:04',NULL,'true','true',0,0,NULL,NULL,NULL,NULL,'0',0,1),(6119,'يوسف الصويلح',NULL,NULL,NULL,'$2y$10$jJJgrMjS7hsGLzwzJIIaCOpibz2VU1LObIGHT.wYq8LBR/5EsL/iy',NULL,1,'99544355',NULL,NULL,NULL,'670760',NULL,NULL,NULL,NULL,NULL,NULL,NULL,NULL,'2022-09-14 18:10:36','2022-09-14 18:10:36',NULL,'true','true',0,0,NULL,NULL,NULL,NULL,'0',0,1),(6120,'محمد البرك',NULL,NULL,NULL,'$2y$10$4GdhOactWlLgM8zdi6srxeVQtYdvQujJvbtsXbnEmSD8JObS/xVXO',NULL,1,'60006073',NULL,NULL,NULL,'692851',NULL,NULL,NULL,NULL,NULL,NULL,NULL,NULL,'2022-09-14 18:13:01','2022-09-14 18:13:01',NULL,'true','true',0,0,NULL,NULL,NULL,NULL,'0',0,1),(6121,'ناصر فالح التويمي',NULL,NULL,NULL,'$2y$10$JMmLr7xk8S/Z9H7AG.UfQOL/IOBlGl5Z20RPMg0zAUZNZDAiPymQC',NULL,1,'55885951',NULL,NULL,NULL,'852771',NULL,NULL,NULL,NULL,NULL,NULL,NULL,NULL,'2022-09-14 18:52:36','2022-09-14 18:52:36',NULL,'true','true',0,0,NULL,NULL,NULL,NULL,'0',0,1),(6122,'sultanq812',NULL,NULL,NULL,'$2y$10$z69QyDrSFrpGqeFEBdv3AOIjW0n1BCd7LLBHgB8/j4CBC7WKRt81C',NULL,1,'60040900',NULL,NULL,NULL,'788424',NULL,NULL,NULL,NULL,NULL,NULL,NULL,NULL,'2022-09-14 19:47:10','2022-09-14 19:47:10',NULL,'true','true',0,0,NULL,NULL,NULL,NULL,'0',0,1),(6123,'سعود ظاوي العازمي',NULL,NULL,NULL,'$2y$10$vXC1hV2xcAyqM7kf7bhui.7PdUIIhQE0SPMEAAS7U.riQmP4LbJ7G',NULL,1,'66620022',NULL,NULL,NULL,'161793',NULL,NULL,NULL,NULL,NULL,NULL,NULL,NULL,'2022-09-14 19:50:16','2022-09-14 19:50:16',NULL,'true','true',0,0,NULL,NULL,NULL,NULL,'0',0,1),(6124,'مشعل الميع',NULL,NULL,NULL,'$2y$10$1oBr42EhCwIpUx0WmrQQ3OoNTD.vUCU4Ir14FYhlgN2l2cFu2a/Fu',NULL,1,'99914915',NULL,NULL,NULL,'692174',NULL,NULL,NULL,NULL,NULL,NULL,NULL,NULL,'2022-09-14 20:43:41','2022-09-14 20:43:41',NULL,'true','true',0,0,NULL,NULL,NULL,NULL,'0',0,1),(6125,'احمد',NULL,NULL,NULL,'$2y$10$5RvPWyF0aI4yFzCoHpvBhe4pA7L0Vf6nwzuL79NGG7ldNc9lQId8.',NULL,1,'55669896',NULL,NULL,NULL,'673304',NULL,NULL,NULL,NULL,NULL,NULL,NULL,NULL,'2022-09-14 21:06:42','2022-09-14 21:06:42',NULL,'true','true',0,0,NULL,NULL,NULL,NULL,'0',0,1),(6126,'عذبي عبدالله الفهيدي',NULL,NULL,NULL,'$2y$10$UII4cL4iiNRoP62/zdFX2OsAXUsY.gvzO/JewS2Fxgtk5rsqbP5s6',NULL,1,'٥١٢٢٢٠٧٥',NULL,NULL,NULL,'388552',NULL,NULL,NULL,NULL,NULL,NULL,NULL,NULL,'2022-09-14 22:33:38','2022-09-14 22:33:38',NULL,'true','true',0,0,NULL,NULL,NULL,NULL,'0',0,1),(6127,'راشد المجلاد',NULL,NULL,NULL,'$2y$10$Jqu6QzIr0NYGtdYfPuuzy.fWYM84.rwnm4Hn8wOKPjW1G50DxR5lu',NULL,1,'51661000',NULL,NULL,NULL,'955529',NULL,NULL,NULL,NULL,NULL,NULL,NULL,NULL,'2022-09-14 23:28:29','2022-09-14 23:28:29',NULL,'true','true',0,0,NULL,NULL,NULL,NULL,'0',0,1),(6128,'alri7an',NULL,NULL,NULL,'$2y$10$GQfvMRqDBTjfrGGIBTWOhu6/BMqGAbnImPvHz6nCwWgGHNNv.bWxW',NULL,1,'95599753',NULL,NULL,NULL,'630384',NULL,NULL,NULL,NULL,NULL,NULL,NULL,NULL,'2022-09-14 23:37:36','2022-09-14 23:37:36',NULL,'true','true',0,0,NULL,NULL,NULL,NULL,'0',0,1),(6129,'حسين العازمي',NULL,NULL,NULL,'$2y$10$j/iq8MvEVyZwbFGD3E0SA.OOB5/Sk7OYJFQeOfDzqKIsmG32Kb8kG',NULL,1,'51734448',NULL,NULL,NULL,'893177',NULL,NULL,NULL,NULL,NULL,NULL,NULL,NULL,'2022-09-14 23:57:46','2022-09-14 23:57:46',NULL,'true','true',0,0,NULL,NULL,NULL,NULL,'0',0,1),(6130,'مشاري فراج الجويسري',NULL,NULL,NULL,'$2y$10$DMX0G0a5/zziG14rU13zAuNhW6A1UAPeI9/2GX7/zE1s2VdsulFxK',NULL,1,'99828666',NULL,NULL,NULL,'783982',NULL,NULL,NULL,NULL,NULL,NULL,NULL,NULL,'2022-09-15 00:04:23','2022-09-15 00:04:23',NULL,'true','true',0,0,NULL,NULL,NULL,NULL,'0',0,1),(6131,'abayamentiom',NULL,NULL,NULL,'$2y$10$pZnI7fHNJX9cOaV81vh1jeWida5Phj54T8cHKQMrI35HJj1JOEpRW',NULL,1,'51418004',NULL,NULL,NULL,'480454',NULL,NULL,NULL,NULL,NULL,NULL,NULL,NULL,'2022-09-15 00:37:16','2022-09-15 00:37:16',NULL,'true','true',0,0,NULL,NULL,NULL,NULL,'0',0,1),(6132,'Ahmad',NULL,NULL,NULL,'$2y$10$u6zQnOunCr1hD6xgBuMaj.c7lqcIDR8viptQa73NlmiGREnCKi59a',NULL,1,'65757585',NULL,NULL,NULL,'229316',NULL,NULL,NULL,NULL,NULL,NULL,NULL,NULL,'2022-09-15 00:52:32','2022-09-15 00:52:32',NULL,'true','true',0,0,NULL,NULL,NULL,NULL,'0',0,1),(6133,'falehalmiea',NULL,NULL,NULL,'$2y$10$motDFhhY/VJnyXay4DCU6eyavZkS6tjDvqlBPvpV.Ik.xRpR/IDWC',NULL,1,'50823333',NULL,NULL,NULL,'925478',NULL,NULL,NULL,NULL,NULL,NULL,NULL,NULL,'2022-09-15 01:48:38','2022-09-15 01:48:38',NULL,'true','true',0,0,NULL,NULL,NULL,NULL,'0',0,1),(6134,'خالد الشتلي',NULL,NULL,NULL,'$2y$10$nGsUMKgkj5gj1SVHSAruSenmXQ6pSrrpvdV2Xm3fTJ/SwWnUjm.Xu',NULL,1,'51100852',NULL,NULL,NULL,'336492',NULL,NULL,NULL,NULL,NULL,NULL,NULL,NULL,'2022-09-15 02:29:22','2022-09-15 02:29:22',NULL,'true','true',0,0,NULL,NULL,NULL,NULL,'0',0,1),(6135,'عبدالله',NULL,NULL,NULL,'$2y$10$Uzp2/Nat0iK6maTSTz3SY.3PZqGhDKhhXI3Zpnj131n7KoXr7lnD.',NULL,1,'50673799',NULL,NULL,NULL,'255255',NULL,NULL,NULL,NULL,NULL,NULL,NULL,NULL,'2022-09-15 03:41:46','2022-09-15 03:41:46',NULL,'true','true',0,0,NULL,NULL,NULL,NULL,'0',0,1),(6136,'عبدالرحمن فلاح',NULL,NULL,NULL,'$2y$10$cwaJWRUj25jVTSS4bvNPq.6TVWNCWLfchv2I9kMPdEwSpQOeSwinO',NULL,1,'95558984',NULL,NULL,NULL,'660265',NULL,NULL,NULL,NULL,NULL,NULL,NULL,NULL,'2022-09-15 03:42:14','2022-09-15 03:42:14',NULL,'true','true',0,0,NULL,NULL,NULL,NULL,'0',0,1),(6137,'hameed',NULL,NULL,NULL,'$2y$10$6huzjwyykIJpuGPDzaBMaeVB9O0Mcu/AB64xdQl7Kj0cKMxNms5Mu',NULL,1,'94014416',NULL,NULL,NULL,'246687',NULL,NULL,NULL,NULL,NULL,NULL,NULL,NULL,'2022-09-15 04:22:14','2022-09-15 04:22:14',NULL,'true','true',0,0,NULL,NULL,NULL,NULL,'0',0,1),(6138,'فلاح وليد المنوخ',NULL,NULL,NULL,'$2y$10$pR9oyTG2mIxgFLShLrgyeuRcC2PSWOuP9hp8uUcY4Z0TnUdrNENaK',NULL,1,'51666979',NULL,NULL,NULL,'389491',NULL,NULL,NULL,NULL,NULL,NULL,NULL,NULL,'2022-09-15 05:32:02','2022-09-15 05:32:02',NULL,'true','true',0,0,NULL,NULL,NULL,NULL,'0',0,1),(6139,'بوسالم',NULL,NULL,NULL,'$2y$10$8dmT4Ers..q91LDhl5VUvO2CJEyvXxotki8ozIbml4spdv8udfKGe',NULL,1,'55744555',NULL,NULL,NULL,'575288',NULL,NULL,NULL,NULL,NULL,NULL,NULL,NULL,'2022-09-15 05:50:34','2022-09-15 05:50:34',NULL,'true','true',0,0,NULL,NULL,NULL,NULL,'0',0,1),(6140,'محمد رجعان',NULL,NULL,NULL,'$2y$10$BDi3Aw3RuXclFCtheA5V2udU1dXVQdIOc4mHdHiYFsqx7AAiZAx2m',NULL,1,'55121313',NULL,NULL,NULL,'837857',NULL,NULL,NULL,NULL,NULL,NULL,NULL,NULL,'2022-09-15 08:32:01','2022-09-15 08:32:01',NULL,'true','true',0,0,NULL,NULL,NULL,NULL,'0',0,1),(6141,'عبدالله',NULL,NULL,NULL,'$2y$10$JeWkWI/sofQaBfuewPr.muJkqc1SBmn/jYAfPLqVxOtnm7.xOyBLS',NULL,1,'90000072',NULL,NULL,NULL,'692211',NULL,NULL,NULL,NULL,NULL,NULL,NULL,NULL,'2022-09-15 10:12:39','2022-09-15 10:12:39',NULL,'true','true',0,0,NULL,NULL,NULL,NULL,'0',0,1),(6142,'محمد فايز الصعفاك',NULL,NULL,NULL,'$2y$10$1.AaJGxYxwKfwv2duSjNuOioWsROIIRcsmrWrFzSDZqLTzL7qJiTe',NULL,1,'97792556',NULL,NULL,NULL,'950996',NULL,NULL,NULL,NULL,NULL,NULL,NULL,NULL,'2022-09-15 12:05:40','2022-09-15 12:05:40',NULL,'true','true',0,0,NULL,NULL,NULL,NULL,'0',0,1),(6143,'علي العازمي',NULL,NULL,NULL,'$2y$10$INRBS8aZ1D0DOVnpH3o/lOpV29nqKnRFtfLGoGEGo8JHr8iIs6YDK',NULL,1,'64442433',NULL,NULL,NULL,'284674',NULL,NULL,NULL,NULL,NULL,NULL,NULL,NULL,'2022-09-15 14:35:25','2022-09-15 14:35:25',NULL,'true','true',0,0,NULL,NULL,NULL,NULL,'0',0,1),(6144,'fahad_mfj',NULL,NULL,NULL,'$2y$10$bKkSy3WptvWCHcAnytawu.7pZJDzrJcZtyD.2ELG.EZ0jsJl48d6i',NULL,1,'55111238',NULL,NULL,NULL,'454248',NULL,NULL,NULL,NULL,NULL,NULL,NULL,NULL,'2022-09-15 15:27:15','2022-09-15 15:27:15',NULL,'true','true',0,0,NULL,NULL,NULL,NULL,'0',0,1),(6145,'راشد رشدان الشحومي',NULL,NULL,NULL,'$2y$10$bn9QvonLEQcd9EXOs8n3QOk59rSAcooDAj4mAJ1laXBQu9DZxOg.a',NULL,1,'99045553',NULL,NULL,NULL,'774044',NULL,NULL,NULL,NULL,NULL,NULL,'2023-10-01 14:26:08','188.236.193.84','2022-09-15 16:17:09','2023-10-01 14:26:08',NULL,'true','true',0,0,NULL,NULL,NULL,NULL,'0',0,1),(6146,'فهد النويعم',NULL,NULL,NULL,'$2y$10$b1CZzMQnzoucf0SHlC.5VeiS5XiIFQqjy0LjJuO22fkCYAmT33RXq',NULL,1,'60705566',NULL,NULL,NULL,'489078',NULL,NULL,NULL,NULL,NULL,NULL,NULL,NULL,'2022-09-15 16:21:50','2022-09-15 16:21:50',NULL,'true','true',0,0,NULL,NULL,NULL,NULL,'0',0,1),(6147,'مشعل الرزين',NULL,NULL,NULL,'$2y$10$SMjTGH3YWMz/fGn9xG3ASOr2.ODZkSSP2PfM1V1jObUysDSd6hoKy',NULL,1,'65500080',NULL,NULL,NULL,'630782',NULL,NULL,NULL,NULL,NULL,NULL,NULL,NULL,'2022-09-15 16:24:05','2022-09-15 16:24:05',NULL,'true','true',0,0,NULL,NULL,NULL,NULL,'0',0,1),(6148,'عبدالله علي الشلواني',NULL,NULL,NULL,'$2y$10$JxXhjJZANPXUEYGCkae6AOP/H.ODVs03xeEgLQTCMwU867KmVBSwa',NULL,1,'50263656',NULL,NULL,NULL,'627642',NULL,NULL,NULL,NULL,NULL,NULL,NULL,NULL,'2022-09-15 18:26:15','2022-09-15 18:26:15',NULL,'true','true',0,0,NULL,NULL,NULL,NULL,'0',0,1),(6149,'قايد علي وثير العازمي',NULL,NULL,NULL,'$2y$10$VlWbdU9llZw2i3WLLJLS2OHvJSwYnar7GbPrjvVpd1H9R5I74AGUa',NULL,1,'92222790',NULL,NULL,NULL,'981569',NULL,NULL,NULL,NULL,NULL,NULL,NULL,NULL,'2022-09-15 20:53:15','2022-09-15 20:53:15',NULL,'true','true',0,0,NULL,NULL,NULL,NULL,'0',0,1),(6150,'فهد النويعم',NULL,NULL,NULL,'$2y$10$M9g7oIoRKACJb4B7iGEWWuVO9OLaTZnL8m7EbDE.eSl8UlFvNJy4a',NULL,1,'51592227',NULL,NULL,NULL,'817106',NULL,NULL,NULL,NULL,NULL,NULL,NULL,NULL,'2022-09-15 20:53:29','2022-09-15 20:53:29',NULL,'true','true',0,0,NULL,NULL,NULL,NULL,'0',0,1),(6151,'خالد محمد الحجرف',NULL,NULL,NULL,'$2y$10$ggKUT9OMVWHRuDfbBUBw5.7rlIH3FddE5ovq5U.YQkrD6kHmHoLjC',NULL,1,'٩٩٨٦٦٦٤٣',NULL,NULL,NULL,'472487',NULL,NULL,NULL,NULL,NULL,NULL,NULL,NULL,'2022-09-15 20:54:01','2022-09-15 20:54:01',NULL,'true','true',0,0,NULL,NULL,NULL,NULL,'0',0,1),(6152,'fasial',NULL,NULL,NULL,'$2y$10$aizHVdwW4AZeiI.jwTw7IOu8wC4dCHvCDNRolv/b/nqOeOvjVorOO',NULL,1,'55565149',NULL,NULL,NULL,'407921',NULL,NULL,NULL,NULL,NULL,NULL,NULL,NULL,'2022-09-15 21:57:14','2022-09-15 21:57:14',NULL,'true','true',0,0,NULL,NULL,NULL,NULL,'0',0,1),(6153,'عبدالهادي',NULL,NULL,NULL,'$2y$10$g3G90EK8.h8fP47JYMH8LeQKVsPfiyby/ce3SOsSmHWTPaP4CtZcG',NULL,1,'0096599990711',NULL,NULL,NULL,'298627',NULL,NULL,NULL,NULL,NULL,NULL,NULL,NULL,'2022-09-16 01:08:32','2022-09-16 01:08:32',NULL,'true','true',0,0,NULL,NULL,NULL,NULL,'0',0,1),(6154,'m-alqarashi',NULL,NULL,NULL,'$2y$10$LXeHcQPTat5YgcgVaSy4uua2jByY/LGJELQdTdOeCn48NIv0Ow3Zm',NULL,1,'97343744',NULL,NULL,NULL,'826967',NULL,NULL,NULL,NULL,NULL,NULL,NULL,NULL,'2022-09-16 08:57:05','2022-09-16 08:57:05',NULL,'true','true',0,0,NULL,NULL,NULL,NULL,'0',0,1),(6155,'ahmad almuhailpi',NULL,NULL,NULL,'$2y$10$hJ6SRXEOiAyLB6twHPWd3.H4NmWc7jGetzjcX7w0tM9GLieRpwg2u',NULL,1,'66158865',NULL,NULL,NULL,'187153',NULL,NULL,NULL,NULL,NULL,NULL,NULL,NULL,'2022-09-16 12:05:08','2022-09-16 12:05:08',NULL,'true','true',0,0,NULL,NULL,NULL,NULL,'0',0,1),(6156,'حسين الريحان',NULL,NULL,NULL,'$2y$10$FPtTgijc.F85Z5HNxiqaqeHyeqfSXpEgSVSXK.nWcGXjxquBpCYm.',NULL,1,'66542555',NULL,NULL,NULL,'555413',NULL,NULL,NULL,NULL,NULL,NULL,NULL,NULL,'2022-09-16 12:13:10','2022-09-16 12:13:10',NULL,'true','true',0,0,NULL,NULL,NULL,NULL,'0',0,1),(6157,'مبارك',NULL,NULL,NULL,'$2y$10$/TXD9.TTgv8mNR4.05YRHukN8OhKVYPOsFARZCfOD1vqEIdgSIGw.',NULL,1,'66422275',NULL,NULL,NULL,'508558',NULL,NULL,NULL,NULL,NULL,NULL,NULL,NULL,'2022-09-16 12:18:19','2022-09-16 12:18:19',NULL,'true','true',0,0,NULL,NULL,NULL,NULL,'0',0,1),(6158,'askalazmi',NULL,NULL,NULL,'$2y$10$XxI4eqN0j4MjHTH.YE2pnef5FlbPTMhK66J.3eFfdxa9mV6XG35sG',NULL,1,'55367272',NULL,NULL,NULL,'321226',NULL,NULL,NULL,NULL,NULL,NULL,NULL,NULL,'2022-09-16 13:09:49','2022-09-16 13:09:49',NULL,'true','true',0,0,NULL,NULL,NULL,NULL,'0',0,1),(6159,'فهد الشريع',NULL,NULL,NULL,'$2y$10$3ZR/twFhvFpHKYoQB3Jz/OWT5EsKuOUiIAvWcSrhTCFGlDzSOUuBG',NULL,1,'66422752',NULL,NULL,NULL,'918695',NULL,NULL,NULL,NULL,NULL,NULL,NULL,NULL,'2022-09-16 13:31:38','2022-09-16 13:31:38',NULL,'true','true',0,0,NULL,NULL,NULL,NULL,'0',0,1),(6160,'حمد الهولي',NULL,NULL,NULL,'$2y$10$o./4.sQk56uTwbcdilNtDevwq3bhDU5Qe2HKnblSvbH3vMKWJQxs6',NULL,1,'97640585',NULL,NULL,NULL,'910225',NULL,NULL,NULL,NULL,NULL,NULL,NULL,NULL,'2022-09-16 14:19:45','2022-09-16 14:19:45',NULL,'true','true',0,0,NULL,NULL,NULL,NULL,'0',0,1),(6161,'غنيم بن دغام',NULL,NULL,NULL,'$2y$10$PCPcJWaG/I/dGtYLusKCjeiD1zAEHJGWDvbFKmMxqRMVDNlilyS/K',NULL,1,'51049900',NULL,NULL,NULL,'677819',NULL,NULL,NULL,NULL,NULL,NULL,'2022-10-30 00:54:58','37.39.184.89','2022-09-16 14:39:29','2022-12-18 08:02:07',NULL,'true','true',0,0,NULL,NULL,NULL,NULL,'0',0,1),(6162,'متعب عيد سعد المحيلبي',NULL,NULL,NULL,'$2y$10$dYW/ToUUEymK53DdJ8r2eOqy2dezLuuBlhf36WTZrHb6tKp3IDAYW',NULL,1,'55203000',NULL,NULL,NULL,'662953',NULL,NULL,NULL,NULL,NULL,NULL,NULL,NULL,'2022-09-16 18:07:46','2022-09-16 18:07:46',NULL,'true','true',0,0,NULL,NULL,NULL,NULL,'0',0,1),(6163,'بسام البطحاني',NULL,NULL,NULL,'$2y$10$ErN4hALMbJsRzfmxgS2EW.Bh/5MB0wrElkxtlYV.mKINE7CnQN1ZW',NULL,1,'99795111',NULL,NULL,NULL,'954736',NULL,NULL,NULL,NULL,NULL,NULL,NULL,NULL,'2022-09-16 19:14:15','2022-09-16 19:14:15',NULL,'true','true',0,0,NULL,NULL,NULL,NULL,'0',0,1),(6164,'mohammad aldahom',NULL,NULL,NULL,'$2y$10$q7r/YKtT4OdKRQhu0L8vTOafeg1QtVCqspjL0OiO2Dpg4/XgPJhjO',NULL,1,'55300020',NULL,NULL,NULL,'460160',NULL,NULL,NULL,NULL,NULL,NULL,NULL,NULL,'2022-09-16 19:14:40','2022-09-16 19:14:40',NULL,'true','true',0,0,NULL,NULL,NULL,NULL,'0',0,1),(6165,'سالم',NULL,NULL,NULL,'$2y$10$7erWEFu5AP3oTyh3qs7AXuianWr1iYPisFno9dBPVX71MVkpd/xjK',NULL,1,'50742245',NULL,NULL,NULL,'401859',NULL,NULL,NULL,NULL,NULL,NULL,NULL,NULL,'2022-09-16 19:15:24','2022-09-16 19:15:24',NULL,'true','true',0,0,NULL,NULL,NULL,NULL,'0',0,1),(6167,'thm477',NULL,NULL,NULL,'$2y$10$p8MM7q8sF0MUua6FkjSf2.1n/g4NKf/Y4HJNt0JPLDec2tYTb.W7q',NULL,1,'55588011',NULL,NULL,NULL,'990363',NULL,NULL,NULL,NULL,NULL,NULL,NULL,NULL,'2022-09-16 21:15:45','2022-09-16 21:15:45',NULL,'true','true',0,0,NULL,NULL,NULL,NULL,'0',0,1),(6168,'عبدالرحمن العازمي',NULL,NULL,NULL,'$2y$10$HxnAQqjwuITQXCFwwNVHYefKKBVrefkku8YUm.B4/.MsK5s.6sLpG',NULL,1,'50147474',NULL,NULL,NULL,'889322',NULL,NULL,NULL,NULL,NULL,NULL,NULL,NULL,'2022-09-16 22:07:41','2022-09-16 22:07:41',NULL,'true','true',0,0,NULL,NULL,NULL,NULL,'0',0,1),(6169,'مرزوق الخباط',NULL,NULL,NULL,'$2y$10$BsAkhK0BhUFI3bv4.MYCxOhZUMwNbGxBt8fceKJdB5zfXCyBMjdkq',NULL,1,'55771707',NULL,NULL,NULL,'804926',NULL,NULL,NULL,NULL,NULL,NULL,'2022-09-17 15:42:19','37.231.206.5','2022-09-17 13:58:30','2022-09-17 15:42:19',NULL,'true','true',0,0,NULL,NULL,NULL,NULL,'0',0,1),(6170,'بدر محمد الشمالي',NULL,NULL,NULL,'$2y$10$PVsvRTN1YQBJnkn8vw0/0eSY.HVcLb.A58feHOBVvUbW.NZJONsFK',NULL,1,'٥٠٩٥٨٢٢٥',NULL,NULL,NULL,'428189',NULL,NULL,NULL,NULL,NULL,NULL,NULL,NULL,'2022-09-17 14:08:23','2022-09-17 14:08:23',NULL,'true','true',0,0,NULL,NULL,NULL,NULL,'0',0,1),(6171,'abdalruhman',NULL,NULL,NULL,'$2y$10$eq6qBEjzxtcgrTYFxhE.WefrQhVxv0FFrI5ohiZNWvRm/gTnIGQqW',NULL,1,'98000921',NULL,NULL,NULL,'286587',NULL,NULL,NULL,NULL,NULL,NULL,NULL,NULL,'2022-09-17 15:07:57','2022-09-17 15:07:57',NULL,'true','true',0,0,NULL,NULL,NULL,NULL,'0',0,1),(6172,'احمد',NULL,NULL,NULL,'$2y$10$v727YX7xPUJhHp7rEk6xBuXEM5TYld3yEdFC05NW4XzZCzJFzp6j.',NULL,1,'67006603',NULL,NULL,NULL,'650465',NULL,NULL,NULL,NULL,NULL,NULL,NULL,NULL,'2022-09-17 15:43:44','2022-09-17 15:43:44',NULL,'true','true',0,0,NULL,NULL,NULL,NULL,'0',0,1),(6173,'SALEM ALDAHOUM',NULL,NULL,NULL,'$2y$10$dU80TcycBRXj6ZOMGYKMG.Fbvpp/YtxZiC.XR4MobOvo2De26VIcS',NULL,1,'51451555',NULL,NULL,NULL,'818969',NULL,NULL,NULL,NULL,NULL,NULL,NULL,NULL,'2022-09-17 16:20:14','2022-09-17 16:20:14',NULL,'true','true',0,0,NULL,NULL,NULL,NULL,'0',0,1),(6174,'يوسف الحبيني',NULL,NULL,NULL,'$2y$10$/MtrQBzqP/R1GsKgExlWNO85hcpToWqJkDn7CXaB3B7TOLju/xTNm',NULL,1,'50335557',NULL,NULL,NULL,'440045',NULL,NULL,NULL,NULL,NULL,NULL,NULL,NULL,'2022-09-17 20:45:39','2022-09-17 20:45:39',NULL,'true','true',0,0,NULL,NULL,NULL,NULL,'0',0,1),(6175,'فالح ناصر البريكي',NULL,NULL,NULL,'$2y$10$52pKqWWcSeAIfB/XfOcUIOiN6CdUC0c.63FKNnv1fY9N.xpt493oa',NULL,1,'0506826136',NULL,NULL,NULL,'702884',NULL,NULL,NULL,NULL,NULL,NULL,NULL,NULL,'2022-09-17 20:59:05','2022-09-17 20:59:05',NULL,'true','true',0,0,NULL,NULL,NULL,NULL,'0',0,1),(6176,'يوسف خالد الغشام',NULL,NULL,NULL,'$2y$10$3/2.qJDthu/H0FaHj4f9zevwOGOC6RkuY8L0gmvxA6NDx5BORdwKm',NULL,1,'٦٠٤٤١١١١',NULL,NULL,NULL,'339490',NULL,NULL,NULL,NULL,NULL,NULL,NULL,NULL,'2022-09-18 05:45:23','2022-09-18 05:45:23',NULL,'true','true',0,0,NULL,NULL,NULL,NULL,'0',0,1),(6177,'mubarak',NULL,NULL,NULL,'$2y$10$2XB21nYdyOIAS0lgOhBiEuCE1wrFkdZsMYXhXRUMak9eBGLjsiib6',NULL,1,'51110879',NULL,NULL,NULL,'216126',NULL,NULL,NULL,NULL,NULL,NULL,NULL,NULL,'2022-09-18 07:39:30','2022-09-18 07:39:30',NULL,'true','true',0,0,NULL,NULL,NULL,NULL,'0',0,1),(6178,'طلال سعد البطحاني',NULL,NULL,NULL,'$2y$10$1HukYV8sJ3FdWWUchEELNuoAaT6UVYMzm/gWclmSF9qMUkreWFUF2',NULL,1,'66000627',NULL,NULL,NULL,'520689',NULL,NULL,NULL,NULL,NULL,NULL,NULL,NULL,'2022-09-18 12:39:12','2022-09-18 12:39:12',NULL,'true','true',0,0,NULL,NULL,NULL,NULL,'0',0,1),(6179,'مناور بن حقيقان',NULL,NULL,NULL,'$2y$10$.RninIfWEA09AJEXLncHFe4.OHjl1KtoyTOpAnxzJ3eQnW21e9LJu',NULL,1,'0501005221',NULL,NULL,NULL,'512738',NULL,NULL,NULL,NULL,NULL,NULL,NULL,NULL,'2022-09-18 13:30:45','2022-09-18 13:30:45',NULL,'true','true',0,0,NULL,NULL,NULL,NULL,'0',0,1),(6180,'علي',NULL,NULL,NULL,'$2y$10$Vr0Lp/8cl22Q8OGzlIvanOZ81l/6iPtja0rfYYEc5qhvBp0/CFxji',NULL,1,'65522270',NULL,NULL,NULL,'153182',NULL,NULL,NULL,NULL,NULL,NULL,NULL,NULL,'2022-09-18 13:48:59','2022-09-18 13:48:59',NULL,'true','true',0,0,NULL,NULL,NULL,NULL,'0',0,1),(6181,'falah',NULL,NULL,NULL,'$2y$10$MlSevhAxH4SjuUi1ZuhDGOvqBoGe7dcpikwQOjAbUlwG2B2aQBKoK',NULL,1,'0532604645',NULL,NULL,NULL,'603387',NULL,NULL,NULL,NULL,NULL,NULL,NULL,NULL,'2022-09-18 15:09:57','2022-09-18 15:09:57',NULL,'true','true',0,0,NULL,NULL,NULL,NULL,'0',0,1),(6182,'حمود فلاح الخالدي',NULL,NULL,NULL,'$2y$10$4pHbs286zZEXqg1JL9H/veZ.CW4EAeahTzV85uXPqMnErPJSTMYQi',NULL,1,'0554734746',NULL,NULL,NULL,'409172',NULL,NULL,NULL,NULL,NULL,NULL,NULL,NULL,'2022-09-18 15:49:45','2022-09-18 15:49:45',NULL,'true','true',0,0,NULL,NULL,NULL,NULL,'0',0,1),(6183,'سعود العازمي',NULL,NULL,NULL,'$2y$10$kT.hxxTwFvh6BIgjNbcxjOsmZ38FJEtlJrPyYPBynE/1xbhLODwTu',NULL,1,'0501475582',NULL,NULL,NULL,'471583',NULL,NULL,NULL,NULL,NULL,NULL,NULL,NULL,'2022-09-18 15:56:06','2022-09-18 15:56:06',NULL,'true','true',0,0,NULL,NULL,NULL,NULL,'0',0,1),(6184,'khalidaltweel',NULL,NULL,NULL,'$2y$10$0NvaG94Z/F4DhMcY0AhzhugkLn8dE2CNtC4Es4RtJbaLgueXolyeG',NULL,1,'66613600',NULL,NULL,NULL,'827496',NULL,NULL,NULL,NULL,NULL,NULL,NULL,NULL,'2022-09-18 21:48:59','2022-09-18 21:48:59',NULL,'true','true',0,0,NULL,NULL,NULL,NULL,'0',0,1),(6185,'راشدمهدي الشميلان',NULL,NULL,NULL,'$2y$10$1F3bzT64A6l5prNZWIC.4ec8P1ktcbMOtXuwCbrG0lmHVcrCDVOn2',NULL,1,'99050708',NULL,NULL,NULL,'566530',NULL,NULL,NULL,NULL,NULL,NULL,NULL,NULL,'2022-09-18 23:18:29','2022-09-18 23:18:29',NULL,'true','true',0,0,NULL,NULL,NULL,NULL,'0',0,1),(6187,'محمد عبدالله الجحلان',NULL,NULL,NULL,'$2y$10$ZFwcR1P.eVkSOLyuD7eZBOesKK.vJ0gBxfdewPANlOKgQNWXeP/FK',NULL,1,'97377033',NULL,NULL,NULL,'178577',NULL,NULL,NULL,NULL,NULL,NULL,NULL,NULL,'2022-09-19 04:48:50','2022-09-19 04:48:50',NULL,'true','true',0,0,NULL,NULL,NULL,NULL,'0',0,1),(6188,'محمد الأسود',NULL,NULL,NULL,'$2y$10$o3lHYsluXDw8u1nYsP0UFuMjlJbLu8svWFoCPwZlzEYlZRsCIEEv6',NULL,1,'66634777',NULL,NULL,NULL,'568716',NULL,NULL,NULL,NULL,NULL,NULL,NULL,NULL,'2022-09-19 18:40:51','2022-09-19 18:40:51',NULL,'true','true',0,0,NULL,NULL,NULL,NULL,'0',0,1),(6189,'عبدالله هضيب العازمي',NULL,NULL,NULL,'$2y$10$LMZqo9YRY4pmmzwNOOQKJ.Pb8HlWHz7xAu5PMR1s0oVaQEJGbxy2q',NULL,1,'0507403437',NULL,NULL,NULL,'341405',NULL,NULL,NULL,NULL,NULL,NULL,NULL,NULL,'2022-09-19 22:41:21','2022-09-19 22:41:21',NULL,'true','true',0,0,NULL,NULL,NULL,NULL,'0',0,1),(6190,'مشاري',NULL,NULL,NULL,'$2y$10$GKGbiq4WlSUohJOA5bEdm.nHJlT4i25Xw4Eexfd9w70QelTvDrlN2',NULL,1,'99827497',NULL,NULL,NULL,'893181',NULL,NULL,NULL,NULL,NULL,NULL,NULL,NULL,'2022-09-20 00:26:29','2022-09-20 00:26:29',NULL,'true','true',0,0,NULL,NULL,NULL,NULL,'0',0,1),(6192,'حمد الداهوم',NULL,NULL,NULL,'$2y$10$GMwUZGoUcTMOqQqBx3lF8uT1ahHX7jC2jvVlRyC0.u56PYG1ny3pG',NULL,1,'55300060',NULL,NULL,NULL,'334458',NULL,NULL,NULL,NULL,NULL,NULL,NULL,NULL,'2022-09-20 10:41:07','2022-09-20 10:41:07',NULL,'true','true',0,0,NULL,NULL,NULL,NULL,'0',0,1),(6193,'وليد',NULL,NULL,NULL,'$2y$10$evSGy6IHCCb4v1TXFSdJiet5FsTbKz594ZWcTHw4xNzjfzynW77ci',NULL,1,'50577474',NULL,NULL,NULL,'548290',NULL,NULL,NULL,NULL,NULL,NULL,NULL,NULL,'2022-09-20 20:33:24','2022-09-20 20:33:24',NULL,'true','true',0,0,NULL,NULL,NULL,NULL,'0',0,1),(6194,'ديوان الجويعد',NULL,NULL,NULL,'$2y$10$cR5V1P7OfT/QjgaJ0LhSPuF8i7Ry/5T1ErDgYM6fS0QW8HjGJj1AW',NULL,1,'55228622',NULL,NULL,NULL,'880373',NULL,NULL,NULL,NULL,NULL,NULL,NULL,NULL,'2022-09-21 00:20:52','2022-09-21 00:20:52',NULL,'true','true',0,0,NULL,NULL,NULL,NULL,'0',0,1),(6195,'محمد الصويلح',NULL,NULL,NULL,'$2y$10$liIYCjv/GLeec0wDvzaC1uO5HeKsLBUb/z1vX7JXCUgj7I2vW3mAe',NULL,1,'65770777',NULL,NULL,NULL,'837485',NULL,NULL,NULL,NULL,NULL,NULL,NULL,NULL,'2022-09-21 04:28:37','2022-09-21 04:28:37',NULL,'true','true',0,0,NULL,NULL,NULL,NULL,'0',0,1),(6196,'سعود النفيخ',NULL,NULL,NULL,'$2y$10$MAQqtd6T5BWJhCeAnbvMs.UnCgN/te3HapVyznsjxd4bX.m7gAOA.',NULL,1,'55211150',NULL,NULL,NULL,'617852',NULL,NULL,NULL,NULL,NULL,NULL,NULL,NULL,'2022-09-21 10:11:15','2022-09-21 10:11:15',NULL,'true','true',0,0,NULL,NULL,NULL,NULL,'0',0,1),(6197,'بدر عايد ثامر العازمي',NULL,NULL,NULL,'$2y$10$VkMyT6kaw2jPHtjNACdcp.FSC3HO/aAlklPAqTvWx1EnXHgr1GuMy',NULL,1,'55081777',NULL,NULL,NULL,'981687',NULL,NULL,NULL,NULL,NULL,NULL,NULL,NULL,'2022-09-23 04:24:36','2022-09-23 04:24:36',NULL,'true','true',0,0,NULL,NULL,NULL,NULL,'0',0,1),(6198,'فهد بن جامع',NULL,NULL,NULL,'$2y$10$3yajAKDjMQn9W9ynDawxOeSG2EsFTgpWZS37J4cny9FPZME62KPoa',NULL,1,'66000725',NULL,NULL,NULL,'826732',NULL,NULL,NULL,NULL,NULL,NULL,NULL,NULL,'2022-09-23 10:16:51','2022-09-23 10:16:51',NULL,'true','true',0,0,NULL,NULL,NULL,NULL,'0',0,1),(6199,'ابوخالد',NULL,NULL,NULL,'$2y$10$OovnJuJSqMs3sBDLT04k0eI9jxL9xPbqlegIiUQ7Hw.vw1ANAbkkW',NULL,1,'99662326',NULL,NULL,NULL,'711294',NULL,NULL,NULL,NULL,NULL,NULL,NULL,NULL,'2022-09-23 10:53:07','2022-09-23 10:53:07',NULL,'true','true',0,0,NULL,NULL,NULL,NULL,'0',0,1),(6200,'مجبل بن مرضي',NULL,NULL,NULL,'$2y$10$gzFHYJFzGpwDcLEC9FBtp.tXimLubECXd8YsB12XBJ1yUf4RyF8XW',NULL,1,'90909879',NULL,NULL,NULL,'169021',NULL,NULL,NULL,NULL,NULL,NULL,NULL,NULL,'2022-09-23 16:38:21','2022-09-23 16:38:21',NULL,'true','true',0,0,NULL,NULL,NULL,NULL,'0',0,1),(6201,'عبدالرحمن',NULL,NULL,NULL,'$2y$10$7hnXuddcaSzDzs1zoGPrc.SHd7/LlS/2rcHgJ.eERJ2lVToIOEpkK',NULL,1,'65022989',NULL,NULL,NULL,'481817',NULL,NULL,NULL,NULL,NULL,NULL,NULL,NULL,'2022-09-23 19:35:48','2022-09-23 19:35:48',NULL,'true','true',0,0,NULL,NULL,NULL,NULL,'0',0,1),(6202,'حسين',NULL,NULL,NULL,'$2y$10$2AMUbvWWlhUiFS4b1R0SxuDTi6TKvv5OK2GKuPJG4X4GOpew5GuCC',NULL,1,'90053660',NULL,NULL,NULL,'353080',NULL,NULL,NULL,NULL,NULL,NULL,NULL,NULL,'2022-09-23 19:43:18','2022-09-23 19:43:18',NULL,'true','true',0,0,NULL,NULL,NULL,NULL,'0',0,1),(6203,'Mohammad30',NULL,NULL,NULL,'$2y$10$6F.kiX/D5PnLHFVq866EK.M3bwANiTzss4HKiO.iRpqwYjBfl9IVi',NULL,1,'50657171',NULL,NULL,NULL,'186314',NULL,NULL,NULL,NULL,NULL,NULL,NULL,NULL,'2022-09-24 13:52:32','2022-09-24 13:52:32',NULL,'true','true',0,0,NULL,NULL,NULL,NULL,'0',0,1),(6204,'مطلق بن الرشيديه',NULL,NULL,NULL,'$2y$10$/BsolbYApoQgUGq02gvlpOSYsHj/Uxj6MrI1CBdW8xwJ4oUS0lpwa',NULL,1,'٩٧١٥٥٣٥٢',NULL,NULL,NULL,'725646',NULL,NULL,NULL,NULL,NULL,NULL,NULL,NULL,'2022-09-24 13:56:50','2022-09-24 13:56:50',NULL,'true','true',0,0,NULL,NULL,NULL,NULL,'0',0,1),(6205,'جزا عياد العجيري',NULL,NULL,NULL,'$2y$10$KhMz5dglKHiXlSIZftu3TOjhdQF/LvV6Bh6/9dBZwIX0i8ec0y.km',NULL,1,'60040056',NULL,NULL,NULL,'749492',NULL,NULL,NULL,NULL,NULL,NULL,NULL,NULL,'2022-09-24 14:10:44','2022-09-24 14:10:44',NULL,'true','true',0,0,NULL,NULL,NULL,NULL,'0',0,1),(6206,'فهد الطليحه',NULL,NULL,NULL,'$2y$10$hGIXkIHtRRgb0IyVLhCFfOjm3GZSnD.bjTMsdtQ6Hh2D9fXbDzBaS',NULL,1,'90069582',NULL,NULL,NULL,'731094',NULL,NULL,NULL,NULL,NULL,NULL,NULL,NULL,'2022-09-24 14:13:19','2022-09-24 14:13:19',NULL,'true','true',0,0,NULL,NULL,NULL,NULL,'0',0,1),(6207,'llhflat',NULL,NULL,NULL,'$2y$10$97fABPL6IdK8.RCJ2Jz3OO76XSz1b7REUeUhcJSoIFbTcXDkolQGy',NULL,1,'0531122045',NULL,NULL,NULL,'576474',NULL,NULL,NULL,NULL,NULL,NULL,NULL,NULL,'2022-09-26 05:16:33','2022-09-26 05:16:33',NULL,'true','true',0,0,NULL,NULL,NULL,NULL,'0',0,1),(6228,'مرضي الاذينة',NULL,NULL,NULL,'$2y$10$MQWibf95jJIIQkTV5uOT6.BT2eYQVfd1OB2OR4PBtcCH4833sb4ja',NULL,0,'97811500',NULL,NULL,NULL,'279900',NULL,NULL,NULL,NULL,NULL,NULL,NULL,NULL,'2022-10-03 14:38:04','2022-10-03 14:38:04',NULL,'true','true',0,0,NULL,NULL,NULL,NULL,'0',0,1),(6249,'samer',NULL,NULL,NULL,'$2y$10$/mRsqdQzV9Lc.lmEESrYpe0oMU7t5rN/cdg.x1h3tJkOQKLfss6VW',NULL,1,'51007138',NULL,NULL,NULL,'783065',NULL,NULL,NULL,NULL,NULL,NULL,'2022-10-08 10:52:48','94.129.75.28','2022-10-04 13:50:34','2022-10-08 10:52:48',NULL,'true','true',0,0,NULL,NULL,NULL,NULL,'0',0,1),(6250,'Mohammed',NULL,NULL,NULL,'$2y$10$SPZ2c7P5tIsKIGru3k/jPuD//8pNk8Actwp.NKSmZ8nF7OpFCgfBa',NULL,0,'55826284',NULL,NULL,NULL,'527434',NULL,NULL,NULL,NULL,NULL,NULL,NULL,NULL,'2022-10-06 15:28:25','2022-10-06 15:28:25',NULL,'true','true',0,0,NULL,NULL,NULL,NULL,'0',0,1),(6251,'Salem',NULL,NULL,NULL,'$2y$10$oZ8eMVNJs92vsijgyT0oyeUzd7IV9FVo5q7eyzYa4UJQUI9dWr9iu',NULL,0,'0569602580',NULL,NULL,NULL,'294016',NULL,NULL,NULL,NULL,NULL,NULL,NULL,NULL,'2022-10-08 16:20:35','2022-10-08 16:20:35',NULL,'true','true',0,0,NULL,NULL,NULL,NULL,'0',0,1),(6252,'samer',NULL,NULL,NULL,'$2y$10$Jfbd/72WsVV6IJC5p80x4ugzLX07k6XfC7SwedDmaZoN7/QB.5cke',NULL,0,'54444444',NULL,NULL,NULL,'775811',NULL,NULL,NULL,NULL,NULL,NULL,NULL,NULL,'2022-10-09 21:29:05','2022-10-09 21:29:05',NULL,'true','true',0,0,NULL,NULL,NULL,NULL,'0',0,1),(6253,'علي حمود الطواري',NULL,NULL,NULL,'$2y$10$mKZAjy3bvZofsgEZpKi4W.YecLJ7CEAxqo32R2nl67v4FaJPCCnFy',NULL,0,'99457093',NULL,NULL,NULL,'836981',NULL,NULL,NULL,NULL,NULL,NULL,NULL,NULL,'2022-10-10 18:24:43','2022-10-10 18:24:43',NULL,'true','true',0,0,NULL,NULL,NULL,NULL,'0',0,1),(6254,'مبارك خالد مبارك الجلاوي',NULL,NULL,NULL,'$2y$10$7tke/hIkMHuThgz7GTmSROFKfKUi2hZu1xqbZ63hGaw5If3CiNjpm',NULL,0,'٩٦٦٤٥٠٨٦',NULL,NULL,NULL,'817457',NULL,NULL,NULL,NULL,NULL,NULL,NULL,NULL,'2022-10-10 18:33:29','2022-10-10 18:33:29',NULL,'true','true',0,0,NULL,NULL,NULL,NULL,'0',0,1),(6255,'محمد اللميع',NULL,NULL,NULL,'$2y$10$gW7Ph3./jSguW6dGJILyzuDJJQ3ClfkzXaepr4GHQCoC/bPCdxWxq',NULL,0,'51015555',NULL,NULL,NULL,'924940',NULL,NULL,NULL,NULL,NULL,NULL,NULL,NULL,'2022-10-10 19:13:23','2022-10-10 19:13:23',NULL,'true','true',0,0,NULL,NULL,NULL,NULL,'0',0,1),(6256,'humoud1962',NULL,NULL,NULL,'$2y$10$/iEjDx518oDoG1Vhe/TJLOqk.q48V5UksL3lzIZYxwjkV1wcmPJYa',NULL,0,'55442000',NULL,NULL,NULL,'704600',NULL,NULL,NULL,NULL,NULL,NULL,NULL,NULL,'2022-10-10 20:52:59','2022-10-10 20:52:59',NULL,'true','true',0,0,NULL,NULL,NULL,NULL,'0',0,1),(6257,'ثامر الصواغ',NULL,NULL,NULL,'$2y$10$ZsBIa.dyWDZL7C8NJ59ihucf.3pfWxHKsjSGGRuxtsjLw6smt8K/S',NULL,0,'60470000',NULL,NULL,NULL,'940983',NULL,NULL,NULL,NULL,NULL,NULL,NULL,NULL,'2022-10-10 21:26:58','2022-10-10 21:26:58',NULL,'true','true',0,0,NULL,NULL,NULL,NULL,'0',0,1),(6258,'محمد فهد القريني',NULL,NULL,NULL,'$2y$10$67CfUP7mFtj.w2S8fbVKZuB.TtiJIYsJzmUbGeqfHs.w/U8Yxt0.i',NULL,0,'55060503',NULL,NULL,NULL,'573601',NULL,NULL,NULL,NULL,NULL,NULL,NULL,NULL,'2022-10-10 23:57:16','2022-10-10 23:57:16',NULL,'true','true',0,0,NULL,NULL,NULL,NULL,'0',0,1),(6259,'حمود الدريويش',NULL,NULL,NULL,'$2y$10$RrweFe53oelp8TBqeAygYuwPhB8GTIvVDoTsq7O24XDRDN/ARllGm',NULL,0,'66022866',NULL,NULL,NULL,'292121',NULL,NULL,NULL,NULL,NULL,NULL,NULL,NULL,'2022-10-11 05:02:59','2022-10-11 05:02:59',NULL,'true','true',0,0,NULL,NULL,NULL,NULL,'0',0,1),(6260,'Husain aldrewish',NULL,NULL,NULL,'$2y$10$WleN6SdmvHtLsoWJy8Ho..j0LNrzxXutKyrNxu0Aew0Rqtw8lonu2',NULL,0,'94423999',NULL,NULL,NULL,'482425',NULL,NULL,NULL,NULL,NULL,NULL,NULL,NULL,'2022-10-11 06:12:32','2022-10-11 06:12:32',NULL,'true','true',0,0,NULL,NULL,NULL,NULL,'0',0,1),(6261,'محمد الكريباني',NULL,NULL,NULL,'$2y$10$3rnUHcq0F.CUA5qQAW55yulobQkMd4yJ7DTdamWTbbzFP5GYpAx/i',NULL,0,'0590786888',NULL,NULL,NULL,'330440',NULL,NULL,NULL,NULL,NULL,NULL,NULL,NULL,'2022-10-11 13:22:41','2022-10-11 13:22:41',NULL,'true','true',0,0,NULL,NULL,NULL,NULL,'0',0,1),(6262,'الهولي',NULL,NULL,NULL,'$2y$10$ik.Gxh.pvGrveoQiQ2FQruf.ymyj2bXJQBYhs6uuofzWGpc2z.Gy.',NULL,0,'99946590',NULL,NULL,NULL,'803509',NULL,NULL,NULL,NULL,NULL,NULL,NULL,NULL,'2022-10-11 13:30:35','2022-10-11 13:30:35',NULL,'true','true',0,0,NULL,NULL,NULL,NULL,'0',0,1),(6263,'علي',NULL,NULL,NULL,'$2y$10$bNX.6CTd.UTO1J5MLLEbV.leekFFaN2MITS7kwxOtXFJ7yvgMWgKG',NULL,0,'65111855',NULL,NULL,NULL,'826137',NULL,NULL,NULL,NULL,NULL,NULL,NULL,NULL,'2022-10-11 14:08:03','2022-10-11 14:08:03',NULL,'true','true',0,0,NULL,NULL,NULL,NULL,'0',0,1),(6264,'AAleleewy',NULL,NULL,NULL,'$2y$10$dB51uHa7tABL/PVrVCidsOXnZMd6LtGqdPCbYsKoO3WiLchekiry2',NULL,0,'99445855',NULL,NULL,NULL,'642901',NULL,NULL,NULL,NULL,NULL,NULL,NULL,NULL,'2022-10-12 12:59:03','2022-10-12 12:59:03',NULL,'true','true',0,0,NULL,NULL,NULL,NULL,'0',0,1),(6265,'khalid',NULL,NULL,NULL,'$2y$10$BFeqqoAFUqWW/8iIvCh4huYVxE4mDQ71.q42ImlEwOxWwPlMupzzu',NULL,1,'99721300',NULL,NULL,NULL,'610088',NULL,NULL,NULL,NULL,NULL,NULL,NULL,NULL,'2022-10-19 07:25:22','2022-10-19 07:25:34',NULL,'true','true',0,0,NULL,NULL,NULL,NULL,'0',0,1),(6266,'سعد صالح بن عزام',NULL,NULL,NULL,'$2y$10$V9ugOsq8VNrdwiJpP7yo2esD/XDAHcZxD5CaUvEw5WraFp4uMet7W',NULL,0,'99454505',NULL,NULL,NULL,'978494',NULL,NULL,NULL,NULL,NULL,NULL,NULL,NULL,'2022-10-23 15:37:35','2022-10-23 15:37:35',NULL,'true','true',0,0,NULL,NULL,NULL,NULL,'0',0,1),(6267,'ناصر بن يحيى',NULL,NULL,NULL,'$2y$10$GnId/gmMsfg2sIw/cYZ5su9hZS/VYwmpui9LZHIRiP6XMrACkyYoi',NULL,1,'60601399',NULL,NULL,NULL,'904572',NULL,NULL,NULL,NULL,NULL,NULL,NULL,NULL,'2022-10-24 21:12:38','2022-10-24 22:42:02',NULL,'true','true',0,0,NULL,NULL,NULL,NULL,'0',0,1),(6268,'بن عبدي',NULL,NULL,NULL,'$2y$10$Arfz.9HCrATz9rZ28G3qqOQpo7REQp5V5BxEzskj58hp/mj4Y9idS',NULL,0,'60010033',NULL,NULL,NULL,'428518',NULL,NULL,NULL,NULL,NULL,NULL,NULL,NULL,'2022-10-26 01:05:04','2022-10-26 01:05:04',NULL,'true','true',0,0,NULL,NULL,NULL,NULL,'0',0,1),(6270,'حمد',NULL,NULL,NULL,'$2y$10$la5ZD065zD1hoI0dZuZI/eW9066U/OYCdypIv2xZ92kEB26Tok53e',NULL,0,'٥٥٢٦٤٤٤٢',NULL,NULL,NULL,'207966',NULL,NULL,NULL,NULL,NULL,NULL,NULL,NULL,'2022-10-26 20:07:17','2022-10-26 20:07:17',NULL,'true','true',0,0,NULL,NULL,NULL,NULL,'0',0,1),(6271,'yousefalmehjan',NULL,NULL,NULL,'$2y$10$fGsb40YGizozf1LF7tfiBO9/WWSFgDStWeyQIZxyVSJF1o644p0pK',NULL,1,'55600769',NULL,NULL,NULL,'255079',NULL,NULL,NULL,NULL,NULL,NULL,NULL,NULL,'2022-10-26 22:47:08','2022-10-26 22:47:16',NULL,'true','true',0,0,NULL,NULL,NULL,NULL,'0',0,1),(6272,'العازمي',NULL,NULL,NULL,'$2y$10$kAjvs5b0O7g.JcOq8A8zBumAfxIlqo5BZErGWQYZrSm55TFmCZQKu',NULL,1,'99008523',NULL,NULL,NULL,'181080',NULL,NULL,NULL,NULL,NULL,NULL,NULL,NULL,'2022-10-29 17:15:22','2022-10-30 21:49:31',NULL,'true','true',0,0,NULL,NULL,NULL,NULL,'0',0,1),(6273,'سالم الهولي',NULL,NULL,NULL,'$2y$10$i1xwsa7WE6j3EdpsQe7aPukMWWu01ZCLWxV5j1ZMK2AhkAMqDk/2e',NULL,1,'66400565',NULL,NULL,NULL,'539811',NULL,NULL,NULL,NULL,NULL,NULL,NULL,NULL,'2022-10-29 17:17:19','2022-10-29 17:17:31',NULL,'true','true',0,0,NULL,NULL,NULL,NULL,'0',0,1),(6274,'عادل العازمي',NULL,NULL,NULL,'$2y$10$91xXveMsCDMFtc9EcxUjA.eWVBAU.sKDecTdtxp0NENYRzXyOV3Dq',NULL,1,'60613333',NULL,NULL,NULL,'142608',NULL,NULL,NULL,NULL,NULL,NULL,NULL,NULL,'2022-10-30 08:48:45','2022-10-30 08:49:14',NULL,'true','true',0,0,NULL,NULL,NULL,NULL,'0',0,1),(6275,'مشعل العازمي',NULL,NULL,NULL,'$2y$10$HAvMHtyyG1P6qpiDq/Dab.UH/7k7vd7uxkvMjVOUhIlZ7HPcurvrq',NULL,1,'90959055',NULL,NULL,NULL,'243414',NULL,NULL,NULL,NULL,NULL,NULL,NULL,NULL,'2022-10-30 17:08:19','2022-10-30 17:09:03',NULL,'true','true',0,0,NULL,NULL,NULL,NULL,'0',0,1),(6276,'aaldaiyt',NULL,NULL,NULL,'$2y$10$D35We1J0bvYjOYmpyvMgD.cY5HklnG3JepysVHm9AD2l2c9gZ2U3K',NULL,1,'55728000',NULL,NULL,NULL,'280501',NULL,NULL,NULL,NULL,NULL,NULL,NULL,NULL,'2022-10-30 17:18:32','2022-10-30 17:18:45',NULL,'true','true',0,0,NULL,NULL,NULL,NULL,'0',0,1),(6277,'حمود',NULL,NULL,NULL,'$2y$10$o8A3vVuqRohGVRp4Z4A2ceQ25A.Pv4PToXko.rlncY3uLApmFkilq',NULL,1,'50504931',NULL,NULL,NULL,'316928',NULL,NULL,NULL,NULL,NULL,NULL,NULL,NULL,'2022-10-30 17:24:05','2022-10-30 17:24:19',NULL,'true','true',0,0,NULL,NULL,NULL,NULL,'0',0,1),(6278,'.جابر الصعفاك',NULL,NULL,NULL,'$2y$10$KPWhNE98IGeMPOZw26XtteIsrXpES6EDh5h53KW8Wg3cW5mA6F.7C',NULL,1,'90946666',NULL,NULL,NULL,'345397',NULL,NULL,NULL,NULL,NULL,NULL,NULL,NULL,'2022-10-30 17:42:32','2022-10-30 17:43:03',NULL,'true','true',0,0,NULL,NULL,NULL,NULL,'0',0,1),(6279,'عمر عيد الدعيات',NULL,NULL,NULL,'$2y$10$12AQafZ86FwZwXCwpk/Ga.I0faBgNbX7JsnDQEE38EArZ31Izyzpe',NULL,1,'99181863',NULL,NULL,NULL,'748040',NULL,NULL,NULL,NULL,NULL,NULL,NULL,NULL,'2022-10-30 17:59:40','2022-10-30 17:59:53',NULL,'true','true',0,0,NULL,NULL,NULL,NULL,'0',0,1),(6280,'ارشيد محمد البريوج',NULL,NULL,NULL,'$2y$10$EPsXiLt7yXmxmmKIMk/3C.HljsdemiV5TnZYiNtK.e91IVOrF5X5C',NULL,1,'99422387',NULL,NULL,NULL,'940844',NULL,NULL,NULL,NULL,NULL,NULL,NULL,NULL,'2022-10-30 18:28:35','2022-10-30 18:28:49',NULL,'true','true',0,0,NULL,NULL,NULL,NULL,'0',0,1),(6281,'omar','omar@gmail.com',NULL,NULL,'$2y$10$Xne4q37DUMz55JVOL8JEIO2hkNngYBsqhjVQgIRLvDPc6BoS9y/ka','u1WfrUoxiYyoznHw6Hbvjp3jTAafk91j191CJ3XZ.jpg',1,'99181863','[\"szda\"]',NULL,NULL,'5118',3,1,2,NULL,NULL,NULL,NULL,NULL,'2022-10-30 21:49:20','2022-10-30 21:49:20',NULL,'true','true',0,0,NULL,NULL,NULL,NULL,'0',0,1),(6282,'طلال',NULL,NULL,NULL,'$2y$10$HsT1bC5shadKh.0L3JZ8xuTgEeOi/mLItnQNtDea5YEVn4cqkkL62',NULL,1,'65544151',NULL,NULL,NULL,'226648',NULL,NULL,NULL,NULL,NULL,NULL,NULL,NULL,'2022-10-31 14:28:24','2022-10-31 14:28:55',NULL,'true','true',0,0,NULL,NULL,NULL,NULL,'0',0,1),(6283,'Ahmed',NULL,NULL,NULL,'$2y$10$tclFcy3J3QMtgYlizbjHp.noL2U48bs1w8eaxs3I6CiZlPY7DhStS',NULL,1,'55242245',NULL,NULL,NULL,'590373',NULL,NULL,NULL,NULL,NULL,NULL,NULL,NULL,'2022-11-01 18:48:42','2022-11-01 18:48:58',NULL,'true','true',0,0,NULL,NULL,NULL,NULL,'0',0,1),(6284,'صقر الرشود',NULL,NULL,NULL,'$2y$10$hDQSrbmqi4mi8HeANIkIJuCrGbo4C7PEj0QV.vVvpR8N.E9q4s/jG',NULL,1,'99998399',NULL,NULL,NULL,'343682',NULL,NULL,NULL,NULL,NULL,NULL,NULL,NULL,'2022-11-09 10:01:25','2022-11-09 10:01:43',NULL,'true','true',0,0,NULL,NULL,NULL,NULL,'0',0,1),(6285,'عادل العازمي',NULL,NULL,NULL,'$2y$10$GEU0MwRaEbYTVaqkv6VxH.YCiyF5b.syOHIagWkKR3SNgtLpBO.0y',NULL,1,'90035000',NULL,NULL,NULL,'740727',NULL,NULL,NULL,NULL,NULL,NULL,'2022-11-13 06:04:41','94.128.224.146','2022-11-13 06:03:16','2022-11-13 06:04:41',NULL,'true','true',0,0,NULL,NULL,NULL,NULL,'0',0,1),(6286,'سعد محمد المحيلبي',NULL,NULL,NULL,'$2y$10$M6TaI/v.w.vKy0iHxDUTTOVyaMOwCsBBIvH9ZUh3gGl3k7oqFVm.S',NULL,1,'50611032',NULL,NULL,NULL,'558474',NULL,NULL,NULL,NULL,NULL,NULL,NULL,NULL,'2022-11-13 10:20:28','2022-11-13 10:20:59',NULL,'true','true',0,0,NULL,NULL,NULL,NULL,'0',0,1),(6287,'بدر مجبل',NULL,NULL,NULL,'$2y$10$Sg1abWCoOpp7gOn8PTwlNeejXY1Bt05P6NzKZv4y/5yQgnMkxcoCK',NULL,1,'55055111',NULL,NULL,NULL,'691163',NULL,NULL,NULL,NULL,NULL,NULL,NULL,NULL,'2022-11-13 19:00:00','2022-11-13 19:00:18',NULL,'true','true',0,0,NULL,NULL,NULL,NULL,'0',0,1),(6288,'عبدالله الشدقا',NULL,NULL,NULL,'$2y$10$Y0S.IaCQHF1Fu77Kyhw6cujHZBK/uhGgSpI.HfvJkNjbz8jK68rgW',NULL,1,'50514368',NULL,NULL,NULL,'956406',NULL,NULL,NULL,NULL,NULL,NULL,NULL,NULL,'2022-11-14 12:11:17','2022-11-14 12:11:28',NULL,'true','true',0,0,NULL,NULL,NULL,NULL,'0',0,1),(6289,'مشعل',NULL,NULL,NULL,'$2y$10$Jmz3nVuCp7E6mZAAqW.4C.Etbbxqi7I/aUP7MrUM2rgI8p4Oh0TVa',NULL,1,'55591121',NULL,NULL,NULL,'946879',NULL,NULL,NULL,NULL,NULL,NULL,NULL,NULL,'2022-11-14 14:35:57','2022-11-14 14:36:10',NULL,'true','true',0,0,NULL,NULL,NULL,NULL,'0',0,1),(6290,'سعود الفهيدي',NULL,NULL,NULL,'$2y$10$3McuoVqS1YNK4MmjyUcyb.FBR3j5FQ8ukmvrRXbD1.7pf1WU7F.Dy',NULL,1,'94976717',NULL,NULL,NULL,'117408',NULL,NULL,NULL,NULL,NULL,NULL,NULL,NULL,'2022-11-14 15:27:33','2022-11-14 15:27:48',NULL,'true','true',0,0,NULL,NULL,NULL,NULL,'0',0,1),(6291,'احمد بن خويتم',NULL,NULL,NULL,'$2y$10$9oCEzG0zLRDP8pkUUFLUdeIZxt36Ao5hx0HSJa/IOOkDnHp11j1tS',NULL,0,'9745009',NULL,NULL,NULL,'158668',NULL,NULL,NULL,NULL,NULL,NULL,NULL,NULL,'2022-11-14 17:02:13','2022-11-14 17:02:13',NULL,'true','true',0,0,NULL,NULL,NULL,NULL,'0',0,1),(6292,'احمد',NULL,NULL,NULL,'$2y$10$3FplFVKph2UYnOZ1raeFb.3d/7OIkAjDgx7vKMT6mRyJQpdB1tFyi',NULL,1,'97450009',NULL,NULL,NULL,'611124',NULL,NULL,NULL,NULL,NULL,NULL,NULL,NULL,'2022-11-14 17:02:53','2022-11-14 17:03:14',NULL,'true','true',0,0,NULL,NULL,NULL,NULL,'0',0,1),(6293,'مشاري حمد بن جويبر',NULL,NULL,NULL,'$2y$10$VBusz9JPaPw8mYS.Ro61tOo3.45vklTC0qRb/FEEMeDFDIG8.GHHu',NULL,1,'55552228',NULL,NULL,NULL,'104569',NULL,NULL,NULL,NULL,NULL,NULL,NULL,NULL,'2022-11-14 19:18:36','2022-11-14 19:18:54',NULL,'true','true',0,0,NULL,NULL,NULL,NULL,'0',0,1),(6294,'خالد',NULL,NULL,NULL,'$2y$10$zexh9bllGJ0.Ca3vfD2I9.kZylLnutitn2861o2Fa6NO4TqOlzKEG',NULL,0,'90063762',NULL,NULL,NULL,'420433',NULL,NULL,NULL,NULL,NULL,NULL,NULL,NULL,'2022-11-15 11:56:23','2022-11-15 11:56:23',NULL,'true','true',0,0,NULL,NULL,NULL,NULL,'0',0,1),(6295,'waleed_alheem',NULL,NULL,NULL,'$2y$10$Ozit.MilKZUqzoZWWnK44eIXMLthdG8NRwktVSIda3J9VR9O0MHzC',NULL,0,'99155252',NULL,NULL,NULL,'925634',NULL,NULL,NULL,NULL,NULL,NULL,'2022-11-16 19:41:14','37.39.193.73','2022-11-16 19:26:29','2022-11-16 19:41:14',NULL,'true','true',0,0,NULL,NULL,NULL,NULL,'0',0,1),(6297,'mubarak906',NULL,NULL,NULL,'$2y$10$Hli6xAOPaJdGKssfjkFNv.2jTb.GBkGr4piZPj4JJvE016obhsIzu',NULL,1,'97778843',NULL,NULL,NULL,'589693',NULL,NULL,NULL,NULL,NULL,NULL,NULL,NULL,'2022-11-16 19:42:52','2022-11-16 19:43:14',NULL,'true','true',0,0,NULL,NULL,NULL,NULL,'0',0,1),(6298,'معيض الفهيدي',NULL,NULL,NULL,'$2y$10$p52r8APXgR9Do/j5Cwnmw.HbeASEUSBpxRAazP/K4RBCGUUrMF2c2',NULL,1,'99042725',NULL,NULL,NULL,'210065',NULL,NULL,NULL,NULL,NULL,NULL,NULL,NULL,'2022-11-17 19:56:34','2022-11-17 19:57:54',NULL,'true','true',0,0,NULL,NULL,NULL,NULL,'0',0,1),(6300,'محمد حميدي هويدي الحبيني',NULL,NULL,NULL,'$2y$10$7Ky211pBMT8D/j5qDeCBe.L43g62MS4r7c7gODm7Qb9vot1nc6MGy',NULL,1,'60606566',NULL,NULL,NULL,'209284',NULL,NULL,NULL,NULL,NULL,NULL,NULL,NULL,'2022-11-18 19:31:56','2022-12-19 10:01:11',NULL,'true','true',0,0,NULL,NULL,NULL,NULL,'0',0,1),(6302,'عبدالله فهيد الطويله',NULL,NULL,NULL,'$2y$10$3DXhfYeL68Aga20SDEBVleNrkSBZ0VjpYT8974X6Fb4NiPFt1ftS.',NULL,1,'55008642',NULL,NULL,NULL,'374736',NULL,NULL,NULL,NULL,NULL,NULL,NULL,NULL,'2022-11-19 20:29:58','2022-11-19 20:30:07',NULL,'true','true',0,0,NULL,NULL,NULL,NULL,'0',0,1),(6303,'عبدالله الداهوم',NULL,NULL,NULL,'$2y$10$leqXzADINo2EwMf87suwM.H5s7O0allubVUb2bCzysZvUWSti5hQa',NULL,1,'50332845',NULL,NULL,NULL,'627538',NULL,NULL,NULL,NULL,NULL,NULL,NULL,NULL,'2022-11-19 21:46:33','2022-11-19 21:46:46',NULL,'true','true',0,0,NULL,NULL,NULL,NULL,'0',0,1),(6304,'هادي الرميح',NULL,NULL,NULL,'$2y$10$RFEG64gSZc0gy2jH/ys6XegpRv3dXMqxOKE6oDUmMx4GpGjI4sPxm',NULL,0,'٩٦٠١٦١٥٨',NULL,NULL,NULL,'773310',NULL,NULL,NULL,NULL,NULL,NULL,NULL,NULL,'2022-11-20 01:57:40','2022-11-20 01:57:40',NULL,'true','true',0,0,NULL,NULL,NULL,NULL,'0',0,1),(6305,'khaled',NULL,NULL,NULL,'$2y$10$6vt./VbWexM9.LpWMw7x0.kwfXZRcUAhfVWS0FOnaXLfsoiVpGFU6',NULL,1,'94965757',NULL,NULL,NULL,'983066',NULL,NULL,NULL,NULL,NULL,NULL,NULL,NULL,'2022-11-20 11:04:53','2022-11-20 11:05:12',NULL,'true','true',0,0,NULL,NULL,NULL,NULL,'0',0,1),(6306,'غانم',NULL,NULL,NULL,'$2y$10$7BAFzQHJjVF7SrZ.7JkhQ.Q0nY5PX3PFmvMWpWW/3xJniAhPKYoBC',NULL,0,'٥٥١١٣٣٣٤',NULL,NULL,NULL,'209812',NULL,NULL,NULL,NULL,NULL,NULL,NULL,NULL,'2022-11-21 09:31:23','2022-11-21 09:31:23',NULL,'true','true',0,0,NULL,NULL,NULL,NULL,'0',0,1),(6307,'فيصل',NULL,NULL,NULL,'$2y$10$GsujF0JyOo0MGgidqtPl9O8uEaJbJl82QBmj4cRnxCA4znYujOefK',NULL,0,'0532972319',NULL,NULL,NULL,'870669',NULL,NULL,NULL,NULL,NULL,NULL,NULL,NULL,'2022-11-24 10:10:31','2022-11-24 10:10:31',NULL,'true','true',0,0,NULL,NULL,NULL,NULL,'0',0,1),(6308,'محمد',NULL,NULL,NULL,'$2y$10$Ws3DfaBJAT2lSATTUXaOVe3r7Jq8cbo8r3lYLp6thsRs.Az5hqbFe',NULL,1,'50929369',NULL,NULL,NULL,'630300',NULL,NULL,NULL,NULL,NULL,NULL,NULL,NULL,'2022-11-27 16:02:00','2022-11-27 16:02:47',NULL,'true','true',0,0,NULL,NULL,NULL,NULL,'0',0,1),(6309,'علي',NULL,NULL,NULL,'$2y$10$H/UtTicuI7QJDqHNqI5WZuLH420BezAF.N1USWzIxGEs6BN/97sMi',NULL,1,'99454745',NULL,NULL,NULL,'771778',NULL,NULL,NULL,NULL,NULL,NULL,NULL,NULL,'2022-11-27 17:56:50','2022-11-27 17:57:03',NULL,'true','true',0,0,NULL,NULL,NULL,NULL,'0',0,1),(6310,'mohamed',NULL,NULL,NULL,'$2y$10$PKGbsd/jNg6R1Wmmn4gGeOET39D1NhYj81Y3tdF3NL0YmTgoBj9sS',NULL,1,'97800146',NULL,NULL,NULL,'695882',NULL,NULL,NULL,NULL,NULL,NULL,NULL,NULL,'2022-11-27 22:27:54','2022-11-27 22:28:04',NULL,'true','true',0,0,NULL,NULL,NULL,NULL,'0',0,1),(6311,'يوسف',NULL,NULL,NULL,'$2y$10$AuFJ0oMAeq6Bsbc12xqge.E01jUCfXoOmtH8IByAgEdHaxi.FP07W',NULL,1,'51732233',NULL,NULL,NULL,'190971',NULL,NULL,NULL,NULL,NULL,NULL,NULL,NULL,'2022-12-01 11:11:28','2022-12-01 11:11:39',NULL,'true','true',0,0,NULL,NULL,NULL,NULL,'0',0,1),(6312,'الملحم',NULL,NULL,NULL,'$2y$10$n7hQH9RvprXmOgwO4MB2F.sK79SlKhklv1KcZOM825jDMLSjgvUrS',NULL,1,'96020506',NULL,NULL,NULL,'146737',NULL,NULL,NULL,NULL,NULL,NULL,NULL,NULL,'2022-12-06 16:23:04','2022-12-06 16:23:20',NULL,'true','true',0,0,NULL,NULL,NULL,NULL,'0',0,1),(6313,'احمد الزاروط',NULL,NULL,NULL,'$2y$10$td/NlirXJEnxt/WTwymMdeUjb0fXZk.8tsgR3ZN9In5ZM8q81UB.K',NULL,0,'51515447',NULL,NULL,NULL,'146410',NULL,NULL,NULL,NULL,NULL,NULL,NULL,NULL,'2022-12-08 14:47:55','2022-12-08 14:47:55',NULL,'true','true',0,0,NULL,NULL,NULL,NULL,'0',0,1),(6314,'احمد الزاروط',NULL,NULL,NULL,'$2y$10$hYR2TPS3QwhrKdnYANeAlOH2zq0EQV2uxMllIm9gVSp7kvRO0rhBq',NULL,0,'69003080',NULL,NULL,NULL,'198502',NULL,NULL,NULL,NULL,NULL,NULL,NULL,NULL,'2022-12-08 15:13:10','2022-12-08 15:13:10',NULL,'true','true',0,0,NULL,NULL,NULL,NULL,'0',0,1),(6315,'alfuhaydi',NULL,NULL,NULL,'$2y$10$ZoAHzIszfV8kMNLzXdXBfeelx19Hkd97mP9yoLRmT1aX.kF7Ham72',NULL,0,'0551993704',NULL,NULL,NULL,'799832',NULL,NULL,NULL,NULL,NULL,NULL,NULL,NULL,'2022-12-09 00:17:02','2022-12-09 00:17:02',NULL,'true','true',0,0,NULL,NULL,NULL,NULL,'0',0,1),(6316,'عبدالله الضرباح',NULL,NULL,NULL,'$2y$10$BvTgaDoDVOD.0DsD77yi9uLLpkmrUqoy5adhi2DIBfOgC128Ly5/i',NULL,1,'55043432',NULL,NULL,NULL,'359092',NULL,NULL,NULL,NULL,NULL,NULL,NULL,NULL,'2022-12-11 00:50:37','2022-12-11 00:50:57',NULL,'true','true',0,0,NULL,NULL,NULL,NULL,'0',0,1),(6317,'صقر الخشم',NULL,NULL,NULL,'$2y$10$8FTGFWDWYIhqlt3qVjm1y..hoKV6gTbewpLERPJA6yVq5JZRhmo3K',NULL,1,'55751171',NULL,NULL,NULL,'561045',NULL,NULL,NULL,NULL,NULL,NULL,NULL,NULL,'2022-12-11 04:04:09','2022-12-11 04:04:19',NULL,'true','true',0,0,NULL,NULL,NULL,NULL,'0',0,1),(6326,'محمد بن جويبر',NULL,NULL,NULL,'$2y$10$Rd03WeqKigE3Xal8S4GjGeyv3MNoiq241Zj0zj6X30UbabnlrRu7.',NULL,1,'60727878',NULL,NULL,NULL,'595855',NULL,NULL,NULL,NULL,NULL,NULL,NULL,NULL,'2022-12-18 22:27:52','2022-12-18 22:28:05',NULL,'true','true',0,0,NULL,NULL,NULL,NULL,NULL,0,1),(6329,'55555555',NULL,NULL,NULL,'$2y$10$2wqskvoxkSsVmrSKX/TGMu0B/vCM3v04dhapopV1AtWsIM.nG/jam',NULL,0,'55555555',NULL,NULL,NULL,'632908',NULL,NULL,NULL,NULL,NULL,NULL,NULL,NULL,'2022-12-20 12:44:06','2022-12-20 12:44:06',NULL,'true','true',0,0,NULL,NULL,NULL,NULL,NULL,0,1),(6330,'نصار خالد بن فجري',NULL,NULL,NULL,'$2y$10$HV9BOeSyNX7sasc8BK7iCOJA9Cin08V6jzpbBeKE5YPYAZDxltD2a',NULL,0,'٦٦٩٦٦٥١٧',NULL,NULL,NULL,'717310',NULL,NULL,NULL,NULL,NULL,NULL,NULL,NULL,'2022-12-21 14:35:23','2022-12-21 14:35:23',NULL,'true','true',0,0,NULL,NULL,NULL,NULL,NULL,0,1),(6331,'خالد المنوخ',NULL,NULL,NULL,'$2y$10$.yF4R.Ez58ZRj/gHdVVE5ejbVuyE1y8xO2.R1qT38YcXt4KdF3t3m',NULL,1,'97708284',NULL,NULL,NULL,'897299',NULL,NULL,NULL,NULL,NULL,NULL,NULL,NULL,'2022-12-25 16:40:07','2022-12-25 16:40:20',NULL,'true','true',0,0,NULL,NULL,NULL,NULL,NULL,0,1),(6332,'فايز',NULL,NULL,NULL,'$2y$10$Sn1jH20k26TDG9Os6m6.CufTlpIOHSQHbIq8GIAEfZXXdMF4ycdxO',NULL,1,'65665955',NULL,NULL,NULL,'216053',NULL,NULL,NULL,NULL,NULL,NULL,NULL,NULL,'2023-01-04 09:58:26','2023-01-04 09:58:36',NULL,'true','true',0,0,NULL,NULL,NULL,NULL,NULL,0,1),(6333,'ييي',NULL,NULL,NULL,'$2y$10$XuYI6VR.8oxDNZCkgLCSGOw1/LULfNVwXQ1hoBzaNmptzwAZKe0yy',NULL,0,'22554466',NULL,NULL,NULL,'902269',NULL,NULL,NULL,NULL,NULL,NULL,NULL,NULL,'2023-01-15 23:28:23','2023-01-15 23:28:23',NULL,'true','true',0,0,NULL,NULL,NULL,NULL,NULL,0,1),(6335,'nasser',NULL,NULL,NULL,'$2y$10$o4fVZ1Wz0Dr0StD3ijMr8uKMXzN8HMNkVBoZ7Azr6D.K9oPEUi0mS',NULL,1,'99369046',NULL,NULL,NULL,'549759',NULL,NULL,NULL,NULL,NULL,NULL,NULL,NULL,'2023-02-01 11:10:05','2023-02-01 11:10:34',NULL,'true','true',0,0,NULL,NULL,NULL,NULL,NULL,0,1),(6336,'saad99982',NULL,NULL,NULL,'$2y$10$WcLoJSANuNminiKCbJgCBuHeJx5qlszCKBed38imrKzN9Ej7x.t5.',NULL,1,'90015607',NULL,NULL,NULL,'781978',NULL,NULL,NULL,NULL,NULL,NULL,NULL,NULL,'2023-02-01 19:09:22','2023-02-01 19:09:32',NULL,'true','true',0,0,NULL,NULL,NULL,NULL,NULL,0,1),(6337,'مبارك علي العواجي',NULL,NULL,NULL,'$2y$10$iyMpOjbKqtX2Fz8UdYOIsO9hio8xHCi3.sOFLuyjX7FUyTSgdOtOm',NULL,0,'٩٠٠٣١٨٥٣',NULL,NULL,NULL,'543246',NULL,NULL,NULL,NULL,NULL,NULL,NULL,NULL,'2023-02-05 13:50:51','2023-02-05 13:50:51',NULL,'true','true',0,0,NULL,NULL,NULL,NULL,NULL,0,1),(6338,'مساعد البحيري',NULL,NULL,NULL,'$2y$10$s7wsUXLtVN2lXrp9mDywNOBS9qOCIvOjr.AcgTLhFnd2XK5eOfW3S',NULL,0,'55307330',NULL,NULL,NULL,'582080',NULL,NULL,NULL,NULL,NULL,NULL,NULL,NULL,'2023-02-06 11:23:59','2023-02-06 11:23:59',NULL,'true','true',0,0,NULL,NULL,NULL,NULL,NULL,0,1),(6340,'nasser',NULL,NULL,NULL,'$2y$10$GLOndTXiS8/umm3WN5.IceF.ewvAfZnTzjTBY9Mm9X0VVYVhsWlSC',NULL,0,'96746888',NULL,NULL,NULL,'256122',NULL,NULL,NULL,NULL,NULL,NULL,NULL,NULL,'2023-02-15 21:19:52','2023-02-15 21:19:52',NULL,'true','true',0,0,NULL,NULL,NULL,NULL,NULL,0,1),(6341,'Ali',NULL,NULL,NULL,'$2y$10$jEyP6p7pgOX3mGdpG.uIkOsY.Ox5Y0Rls9g547jb8L9y2U7EK3NCq',NULL,0,'99858085',NULL,NULL,NULL,'488547',NULL,NULL,NULL,NULL,NULL,NULL,'2023-03-27 00:38:44','78.154.246.30','2023-02-18 14:51:52','2023-03-27 00:38:44',NULL,'true','true',0,0,NULL,NULL,NULL,NULL,NULL,0,1),(6342,'عبدالله',NULL,NULL,NULL,'$2y$10$L4beVqEQKLgAq1NqNiiFK.j6woGe6NouiJUZr6zo4fVlrRCOHWt5.',NULL,0,'94001923',NULL,NULL,NULL,'917220',NULL,NULL,NULL,NULL,NULL,NULL,NULL,NULL,'2023-02-22 18:28:29','2023-02-22 18:28:29',NULL,'true','true',0,0,NULL,NULL,NULL,NULL,NULL,0,1),(6343,'abid',NULL,NULL,NULL,'$2y$10$DNG89EyAW4wZqn.6YiLlf.b2M4bczl9.5KIDTEcicuH8nqrhVNA7.',NULL,0,'55265756',NULL,NULL,NULL,'631973',NULL,NULL,NULL,NULL,NULL,NULL,NULL,NULL,'2023-02-24 17:56:46','2023-02-24 17:56:46',NULL,'true','true',0,0,NULL,NULL,NULL,NULL,NULL,0,1),(6344,'خالد عايض العازمي',NULL,NULL,NULL,'$2y$10$Dhj3AZBoOUnBurE.c2fuf.8Z74/Hepv9MVRfQ9o24EWEOxeayT3Sy',NULL,0,'95559471',NULL,NULL,NULL,'453230',NULL,NULL,NULL,NULL,NULL,NULL,NULL,NULL,'2023-03-04 11:50:20','2023-03-04 11:50:20',NULL,'true','true',0,0,NULL,NULL,NULL,NULL,NULL,0,1),(6345,'حمد العازمي',NULL,NULL,NULL,'$2y$10$nLWA.WXphb6blHqXS1nCiOXdr.pPTl603adv.JvS1GoUKR0N3EZsi',NULL,0,'50000704',NULL,NULL,NULL,'770424',NULL,NULL,NULL,NULL,NULL,NULL,NULL,NULL,'2023-03-06 17:54:26','2023-03-06 17:54:26',NULL,'true','true',0,0,NULL,NULL,NULL,NULL,NULL,0,1),(6346,'حمد العازمي',NULL,NULL,NULL,'$2y$10$gK1r1YdVdRyDopYd2L3DFuy6qfCKPmd6wOMcAV0V/ZRIJcfxkn/2e',NULL,0,'0096550000704',NULL,NULL,NULL,'832966',NULL,NULL,NULL,NULL,NULL,NULL,'2023-03-06 18:14:05','37.39.213.96','2023-03-06 17:59:21','2023-03-06 18:14:05',NULL,'true','true',0,0,NULL,NULL,NULL,NULL,NULL,0,1),(6347,'مبارك حمود',NULL,NULL,NULL,'$2y$10$BoG0jxx1dAUdirNqaoberOcRpKHMD/F3o1MirU3nwn4UkWJCIYJcy',NULL,0,'50233312',NULL,NULL,NULL,'951355',NULL,NULL,NULL,NULL,NULL,NULL,NULL,NULL,'2023-03-06 18:14:32','2023-03-06 18:14:32',NULL,'true','true',0,0,NULL,NULL,NULL,NULL,NULL,0,1),(6348,'فهد مصبح بن مهيني',NULL,NULL,NULL,'$2y$10$WLUlFdlPiruv9hy9jgQHj.BftDgFlAxqz8jvaVW1EGXKnUTa1.M22',NULL,0,'94400027',NULL,NULL,NULL,'218290',NULL,NULL,NULL,NULL,NULL,NULL,NULL,NULL,'2023-03-06 18:42:55','2023-03-06 18:42:55',NULL,'true','true',0,0,NULL,NULL,NULL,NULL,NULL,0,1),(6361,'تطبيق عطا','trust.36a@gmail.com',NULL,NULL,'$2y$10$V9BW5p7ADNYlbvkQxakLdukBwVPlXlw/R1ZVmOuUNzfKEsltHlPKK','lSzQGGG4z6KVOXW38gcwnaiCVENjg7DvedtfoWpT.jpg',1,'41008687',NULL,NULL,NULL,'675324',NULL,NULL,NULL,NULL,NULL,NULL,'2023-11-05 09:01:37','37.231.35.111','2023-03-29 03:21:04','2023-11-05 09:01:37',NULL,'true','true',0,0,NULL,NULL,'https://www.instagram.com/attaaq8/','تطبيق عطا','متنوع',1,1),(6362,'فهد العازمي',NULL,NULL,NULL,'$2y$10$4qv0dnTe6TayRaTkyYX.G.RfhZjnCtTBJWEqsWPnGA8AVaZYqlzva',NULL,1,'50509940',NULL,NULL,NULL,'619755',NULL,NULL,NULL,NULL,NULL,NULL,NULL,NULL,'2023-03-30 22:45:19','2023-03-30 22:45:28',NULL,'true','true',0,0,NULL,NULL,NULL,NULL,NULL,0,1),(6365,'علي الاذينة بوعبدالله',NULL,NULL,NULL,'$2y$10$RCeOIgXxHzTngvFFGhl8Tu0OCLULubfbOjB8M9bh7HN7e.CBb7itS',NULL,0,'99525133',NULL,NULL,NULL,'546767',NULL,NULL,NULL,NULL,NULL,NULL,'2023-04-01 02:30:20','188.236.135.52','2023-04-01 02:23:54','2023-04-01 02:30:20',NULL,'true','true',0,0,NULL,NULL,NULL,NULL,NULL,0,1),(6372,'and Anwar',NULL,NULL,NULL,'$2y$10$MksJ8IZKWH5xMI4Cm1MUaOKIMEmJ2vutcErrTsAcVPx.xFT3BClN2',NULL,1,'67782374',NULL,NULL,NULL,'565500',NULL,NULL,NULL,NULL,NULL,NULL,'2023-11-08 12:34:36','188.70.35.55','2023-04-08 08:53:03','2023-11-08 12:34:36',NULL,'true','true',0,0,NULL,NULL,NULL,NULL,NULL,0,1),(6373,'عبدالعالي الميع',NULL,NULL,NULL,'$2y$10$uTaocN5LrbBXSyLH75/1pOQ7x3ceAH/gNOY0G.MSn5o4WN6fbEkDW',NULL,1,'66277541',NULL,NULL,NULL,'364713',NULL,NULL,NULL,NULL,NULL,NULL,NULL,NULL,'2023-04-15 23:20:11','2023-04-15 23:20:22',NULL,'true','true',0,0,NULL,NULL,NULL,NULL,NULL,0,1),(6374,'فارس خليفه الصفينان',NULL,NULL,NULL,'$2y$10$q0xmfcpHCpGvMHmxrhjaTuz0nmOOsUfUD1R88BWdBLJcrHHiE2tfS',NULL,1,'66642212',NULL,NULL,NULL,'275053',NULL,NULL,NULL,NULL,NULL,NULL,NULL,NULL,'2023-04-16 00:47:28','2023-04-16 00:47:37',NULL,'true','true',0,0,NULL,NULL,NULL,NULL,NULL,0,1),(6375,'u',NULL,NULL,NULL,'$2y$10$filhhAKVMdsZpWEzgojlBuaNUpg0E8uTvbpcuNHoJHOeH9I/8rebS',NULL,0,'22332233',NULL,NULL,NULL,'808983',NULL,NULL,NULL,NULL,NULL,NULL,NULL,NULL,'2023-04-21 02:27:30','2023-04-21 02:27:30',NULL,'true','true',0,0,NULL,NULL,NULL,NULL,NULL,0,1),(6376,'نواف',NULL,NULL,NULL,'$2y$10$xdFFiomFW3MZUPm1lZncwukjzhJezJ4WeNzAaug1EzcrL2R5nU2x.',NULL,1,'50966880',NULL,NULL,NULL,'964611',NULL,NULL,NULL,NULL,NULL,NULL,NULL,NULL,'2023-04-23 18:55:04','2023-04-23 18:55:59',NULL,'true','true',0,0,NULL,NULL,NULL,NULL,NULL,0,1),(6377,'naser',NULL,NULL,NULL,'$2y$10$YnyvHsMPd0EqGQfv5txaNeUdWJbN0.vgb0OQiLnZzo2FgHvMnrhva',NULL,1,'50888188',NULL,NULL,NULL,'197886',NULL,NULL,NULL,NULL,NULL,NULL,NULL,NULL,'2023-04-23 19:57:55','2023-04-23 19:58:04',NULL,'true','true',0,0,NULL,NULL,NULL,NULL,NULL,0,1),(6378,'مشعاب السحلول',NULL,NULL,NULL,'$2y$10$K7ps7RwvjwldTpjWlUJDQeN2PoymJmP7HgYJvxcVZwuK9Kw7nOkuC',NULL,0,'55011179',NULL,NULL,NULL,'561530',NULL,NULL,NULL,NULL,NULL,NULL,'2023-04-23 23:00:52','37.231.124.61','2023-04-23 22:59:00','2023-04-23 23:00:52',NULL,'true','true',0,0,NULL,NULL,NULL,NULL,NULL,0,1),(6379,'فهد بن شعيل',NULL,NULL,NULL,'$2y$10$r6UHF9kqDnaA1bX833FlAOR.yt46sXrY5RQ5HQDzk77Wf9LCDXAJi',NULL,1,'99189117',NULL,NULL,NULL,'813083',NULL,NULL,NULL,NULL,NULL,NULL,NULL,NULL,'2023-04-24 04:57:34','2023-04-24 04:57:52',NULL,'true','true',0,0,NULL,NULL,NULL,NULL,NULL,0,1),(6380,'محمد العازمي',NULL,NULL,NULL,'$2y$10$nmCU3twi.tD1X4JS.dUbMO9byuLt1RwiufNWLg3wuRJWhWhi/dvtG',NULL,0,'٦٥٩٧٤٥١٣',NULL,NULL,NULL,'765485',NULL,NULL,NULL,NULL,NULL,NULL,NULL,NULL,'2023-04-24 15:05:35','2023-04-24 15:05:35',NULL,'true','true',0,0,NULL,NULL,NULL,NULL,NULL,0,1),(6382,'علي منير الموايجي',NULL,NULL,NULL,'$2y$10$buvj6duf.yXXQCtTDvyzauKm8rZrj5jvgnE90F4YemweG.VyUZMsW',NULL,1,'98783999',NULL,NULL,NULL,'632250',NULL,NULL,NULL,NULL,NULL,NULL,NULL,NULL,'2023-04-24 16:43:47','2023-04-24 16:43:55',NULL,'true','true',0,0,NULL,NULL,NULL,NULL,NULL,0,1),(6383,'مطلق بن الرشيديه',NULL,NULL,NULL,'$2y$10$IgtVjU9BWryXFEUccoR6l.3Ygxdhvf8M26ClRefPyk.2AcsZO.DIG',NULL,1,'66012139',NULL,NULL,NULL,'385718',NULL,NULL,NULL,NULL,NULL,NULL,NULL,NULL,'2023-04-24 20:10:10','2023-04-24 20:10:21',NULL,'true','true',0,0,NULL,NULL,NULL,NULL,NULL,0,1),(6384,'يوسف العازمي',NULL,NULL,NULL,'$2y$10$5gH58VyHbwSuDTu4eDzBSuS0MPnnavTMOJWhRcCm1kLsGM1LsNt/C',NULL,1,'55583399',NULL,NULL,NULL,'670922',NULL,NULL,NULL,NULL,NULL,NULL,NULL,NULL,'2023-04-25 01:05:28','2023-04-25 01:05:44',NULL,'true','true',0,0,NULL,NULL,NULL,NULL,NULL,0,1),(6385,'محمد العازمي',NULL,NULL,NULL,'$2y$10$5rRAvR/GLAeRd2L.e8QvdOuXqOANw4YuYl41xNIBslbyt8sLWEeda',NULL,1,'65974813',NULL,NULL,NULL,'315032',NULL,NULL,NULL,NULL,NULL,NULL,NULL,NULL,'2023-04-25 20:09:26','2023-04-25 20:09:50',NULL,'true','true',0,0,NULL,NULL,NULL,NULL,NULL,0,1),(6386,'مشاري عادل العازمي',NULL,NULL,NULL,'$2y$10$mgvj2tXFeLVY0Uyn/oDc0u3oK08v39U7gIspPWgzo6pu56ZO..pDy',NULL,1,'97281070',NULL,NULL,NULL,'943973',NULL,NULL,NULL,NULL,NULL,NULL,NULL,NULL,'2023-04-26 02:05:54','2023-04-26 02:06:14',NULL,'true','true',0,0,NULL,NULL,NULL,NULL,NULL,0,1),(6387,'فارس مرضي الهيم',NULL,NULL,NULL,'$2y$10$QRoBorDTAHWshTMt1Dzw2O6LkNZWfq2ojtVl6dcobT/oyepIjjfhS',NULL,1,'50240116',NULL,NULL,NULL,'176317',NULL,NULL,NULL,NULL,NULL,NULL,NULL,NULL,'2023-04-26 12:04:57','2023-04-26 12:05:12',NULL,'true','true',0,0,NULL,NULL,NULL,NULL,NULL,0,1),(6388,'عايدماطر بن ملعب',NULL,NULL,NULL,'$2y$10$NGv9edTUrsj51a3bDGu99u6CIyMcnkI//hwsG7AxDcAh3S7CAtzZS',NULL,1,'66255654',NULL,NULL,NULL,'622462',NULL,NULL,NULL,NULL,NULL,NULL,NULL,NULL,'2023-04-26 18:13:46','2023-04-26 18:14:09',NULL,'true','true',0,0,NULL,NULL,NULL,NULL,NULL,0,1),(6389,'binsamran  q8',NULL,NULL,NULL,'$2y$10$P4ARQ4vTb2raHdNDQYQ7dOrR5v0bDHWEsL./hBowGKLPqDZx9lzY.',NULL,1,'55278444',NULL,NULL,NULL,'496082',NULL,NULL,NULL,NULL,NULL,NULL,NULL,NULL,'2023-04-26 19:06:24','2023-04-26 19:06:55',NULL,'true','true',0,0,NULL,NULL,NULL,NULL,NULL,0,1),(6390,'محمد وسمي الشنيتير',NULL,NULL,NULL,'$2y$10$yYLYLJTiOLNzjsaZCdReEOVHmU1sz.9etg64VUyi9VS3NHuaeW2fa',NULL,1,'55502012',NULL,NULL,NULL,'641947',NULL,NULL,NULL,NULL,NULL,NULL,'2023-04-26 21:33:03','37.39.187.12','2023-04-26 21:24:06','2023-04-26 21:33:03',NULL,'true','true',0,0,NULL,NULL,NULL,NULL,NULL,0,1),(6391,'بندر',NULL,NULL,NULL,'$2y$10$w674SKTLjG1vosm8fr/hPOWdG6iPRtnd8hy7.VQzoB84VNxHcZ31C',NULL,1,'50255262',NULL,NULL,NULL,'121537',NULL,NULL,NULL,NULL,NULL,NULL,NULL,NULL,'2023-04-27 04:56:57','2023-04-27 04:57:06',NULL,'true','true',0,0,NULL,NULL,NULL,NULL,NULL,0,1),(6392,'خالد العازمي',NULL,NULL,NULL,'$2y$10$gk1oH4Pg1K83xychTlIZKe8MUBVkUHxNLrjb4MH2GROqKOAI.f7.y',NULL,1,'50125225',NULL,NULL,NULL,'733865',NULL,NULL,NULL,NULL,NULL,NULL,NULL,NULL,'2023-04-27 08:15:15','2023-04-27 08:16:32',NULL,'true','true',0,0,NULL,NULL,NULL,NULL,NULL,0,1),(6393,'عبدالله',NULL,NULL,NULL,'$2y$10$a2/sozxUPcQbCBXGQe2sPuBvpPTy5szej4chZuUOMztcwYi.QVA9S',NULL,1,'50293977',NULL,NULL,NULL,'770537',NULL,NULL,NULL,NULL,NULL,NULL,'2023-06-14 18:21:02','188.70.48.239','2023-04-27 08:25:20','2023-06-14 18:21:02',NULL,'true','true',0,0,NULL,NULL,NULL,NULL,NULL,0,1),(6394,'ali',NULL,NULL,NULL,'$2y$10$2ovHzsi5GtEeMaHx3CUt2eW6UL.nf74HGU3jEZ/z40QZ.EV..C6Sy',NULL,1,'96630308',NULL,NULL,NULL,'886742',NULL,NULL,NULL,NULL,NULL,NULL,NULL,NULL,'2023-04-27 13:14:21','2023-04-27 13:14:33',NULL,'true','true',0,0,NULL,NULL,NULL,NULL,NULL,0,1),(6395,'عادل',NULL,NULL,NULL,'$2y$10$8pZILLtvbKIJpablueHtH.sSncOZDwnp49qTRWpWrmz.68t6Qch4q',NULL,1,'97820560',NULL,NULL,NULL,'582175',NULL,NULL,NULL,NULL,NULL,NULL,NULL,NULL,'2023-04-29 08:43:59','2023-04-29 08:44:17',NULL,'true','true',0,0,NULL,NULL,NULL,NULL,NULL,0,1),(6396,'hamad',NULL,NULL,NULL,'$2y$10$kHqmy2obU/Lups5Z0XLxG.ImSOV0MaS5XIiWa2X68DVefrmO1cBOy',NULL,1,'56555547',NULL,NULL,NULL,'676847',NULL,NULL,NULL,NULL,NULL,NULL,NULL,NULL,'2023-04-29 09:18:31','2023-04-29 09:18:55',NULL,'true','true',0,0,NULL,NULL,NULL,NULL,NULL,0,1),(6397,'مشعل الرميضي',NULL,NULL,NULL,'$2y$10$sLFa137nyS20OtdToiXiEukZTEU.RYblRVR.5EiNrU1yr1ucrEfX.',NULL,0,'99883779',NULL,NULL,NULL,'532662',NULL,NULL,NULL,NULL,NULL,NULL,'2023-04-29 10:30:44','188.70.17.172','2023-04-29 10:05:19','2023-04-29 10:30:44',NULL,'true','true',0,0,NULL,NULL,NULL,NULL,NULL,0,1),(6398,'Hamad',NULL,NULL,NULL,'$2y$10$in15577G4KzWImD6RXPs1ety4Wc/PMCuadUpBQvcmFdJYapvTyj2y',NULL,1,'41110290',NULL,NULL,NULL,'671701',NULL,NULL,NULL,NULL,NULL,NULL,NULL,NULL,'2023-04-29 14:46:01','2023-04-29 14:46:46',NULL,'true','true',0,0,NULL,NULL,NULL,NULL,NULL,0,1),(6399,'سعد الحليله',NULL,NULL,NULL,'$2y$10$Izaz/owSAij6hKN6BRA7C.DmIrP/bDLyLZRKkrJdLWjgVLdv0A50K',NULL,1,'51100723',NULL,NULL,NULL,'484455',NULL,NULL,NULL,NULL,NULL,NULL,NULL,NULL,'2023-04-29 16:46:21','2023-04-29 16:46:48',NULL,'true','true',0,0,NULL,NULL,NULL,NULL,NULL,0,1),(6400,'علي مبارك علي سريع العازمي',NULL,NULL,NULL,'$2y$10$2xOwBQRUD08.2DGF.EgTveflTiCv5w.ovlfZzq/Jr.wzcEY/Bs/GO',NULL,1,'65535775',NULL,NULL,NULL,'258213',NULL,NULL,NULL,NULL,NULL,NULL,'2023-04-30 00:53:58','188.236.139.173','2023-04-30 00:24:51','2023-04-30 01:05:40',NULL,'true','true',0,0,NULL,NULL,NULL,NULL,NULL,0,1),(6401,'فلاح الفقيعي',NULL,NULL,NULL,'$2y$10$VgSsz2EH3vLM5ZEt7RMXtOVbhH4.6Y/HVpIefw6w8o0tH7MvNL/Wi',NULL,1,'99333718',NULL,NULL,NULL,'488705',NULL,NULL,NULL,NULL,NULL,NULL,NULL,NULL,'2023-04-30 01:05:15','2023-04-30 01:05:24',NULL,'true','true',0,0,NULL,NULL,NULL,NULL,NULL,0,1),(6402,'nawaf',NULL,NULL,NULL,'$2y$10$EerVY9sF8eAaChXJWpBLWOg.MSlHSRMRA8Co0TsEjx2mIF.U2eIOq',NULL,1,'66636627',NULL,NULL,NULL,'192593',NULL,NULL,NULL,NULL,NULL,NULL,NULL,NULL,'2023-04-30 02:09:35','2023-04-30 02:09:56',NULL,'true','true',0,0,NULL,NULL,NULL,NULL,NULL,0,1),(6403,'فهد_البليحي',NULL,NULL,NULL,'$2y$10$61tvIO20.gJ6HDJfNVzdK.gFofcBC0iRH4Uaf9Et0Ld9wWL7kANwu',NULL,1,'55115585',NULL,NULL,NULL,'140605',NULL,NULL,NULL,NULL,NULL,NULL,NULL,NULL,'2023-04-30 01:56:44','2023-04-30 01:56:53',NULL,'true','true',0,0,NULL,NULL,NULL,NULL,NULL,0,1),(6404,'salehalazmi',NULL,NULL,NULL,'$2y$10$5Wpxf9jKP/3dIh/M6h4ZKeutZrUEJKAGJ8pY/17.K5gwpr/ZgCxK.',NULL,0,'99856646',NULL,NULL,NULL,'262240',NULL,NULL,NULL,NULL,NULL,NULL,NULL,NULL,'2023-04-30 08:41:09','2023-04-30 08:41:09',NULL,'true','true',0,0,NULL,NULL,NULL,NULL,NULL,0,1),(6405,'نايف العازمي',NULL,NULL,NULL,'$2y$10$NtqpCy//s21b4QBSo/fO4OFipRoPFWQI.eAAsNcd7zvlj.DycBUS6',NULL,1,'55797110',NULL,NULL,NULL,'455565',NULL,NULL,NULL,NULL,NULL,NULL,NULL,NULL,'2023-04-30 13:11:22','2023-04-30 13:11:34',NULL,'true','true',0,0,NULL,NULL,NULL,NULL,NULL,0,1),(6406,'علي',NULL,NULL,NULL,'$2y$10$Ye226j/RbDJQRfqsBkJD5.3KA.UuHJb7nDIkFX.a5aB27PyiA4Kl.',NULL,1,'97920605',NULL,NULL,NULL,'111916',NULL,NULL,NULL,NULL,NULL,NULL,NULL,NULL,'2023-05-01 10:32:44','2023-05-01 10:33:04',NULL,'true','true',0,0,NULL,NULL,NULL,NULL,NULL,0,1),(6407,'فيصل العازمي',NULL,NULL,NULL,'$2y$10$a1imD3bXsHDO/4R1KMywUeYFi9EYDRHoCJWjaTO2k6R396YZs8.ey',NULL,0,'0557246482',NULL,NULL,NULL,'553531',NULL,NULL,NULL,NULL,NULL,NULL,NULL,NULL,'2023-05-01 10:37:12','2023-05-01 10:37:12',NULL,'true','true',0,0,NULL,NULL,NULL,NULL,NULL,0,1),(6408,'بدر',NULL,NULL,NULL,'$2y$10$cI8eg6P7GKDYAJe8XlTpZeMUV3UZYfzk.XyiFmuiDWoSMzJeV6XQq',NULL,1,'69668331',NULL,NULL,NULL,'539904',NULL,NULL,NULL,NULL,NULL,NULL,NULL,NULL,'2023-05-01 14:51:22','2023-05-01 14:51:33',NULL,'true','true',0,0,NULL,NULL,NULL,NULL,NULL,0,1),(6409,'أبو منصور',NULL,NULL,NULL,'$2y$10$kGWb.gocpaCZybmW89v5tewHdXvwTLlyAQyQADfcdCYqg2EANTyTO',NULL,0,'0509941140',NULL,NULL,NULL,'224382',NULL,NULL,NULL,NULL,NULL,NULL,NULL,NULL,'2023-05-01 16:28:19','2023-05-01 16:28:19',NULL,'true','true',0,0,NULL,NULL,NULL,NULL,NULL,0,1),(6410,'أبو منصور',NULL,NULL,NULL,'$2y$10$saq9gunfq8o8dTDxnJQmQ.tv2faljZ.KnRBAeor8Ii.OpNUAG6rMy',NULL,0,'0535552256',NULL,NULL,NULL,'980441',NULL,NULL,NULL,NULL,NULL,NULL,NULL,NULL,'2023-05-01 16:32:39','2023-05-01 16:32:39',NULL,'true','true',0,0,NULL,NULL,NULL,NULL,NULL,0,1),(6411,'يوسف',NULL,NULL,NULL,'$2y$10$579rzqPLshvf2naagwb7xOu64jOeGpSCD156Gwxmy37YLdqe5LdmG',NULL,1,'50047514',NULL,NULL,NULL,'215769',NULL,NULL,NULL,NULL,NULL,NULL,NULL,NULL,'2023-05-02 19:48:14','2023-05-02 19:48:22',NULL,'true','true',0,0,NULL,NULL,NULL,NULL,NULL,0,1),(6412,'احمد مبارك الفرد',NULL,NULL,NULL,'$2y$10$t44jFe.jO3DURFecdazkPebOSid7E4k8l/KDfMuIG4OJ1GL.VunAu',NULL,1,'65919791',NULL,NULL,NULL,'454650',NULL,NULL,NULL,NULL,NULL,NULL,NULL,NULL,'2023-05-02 20:20:14','2023-05-02 20:20:24',NULL,'true','true',0,0,NULL,NULL,NULL,NULL,NULL,0,1),(6413,'راشد فلاح الغريب',NULL,NULL,NULL,'$2y$10$YzoUlTS73SDe2PaMKtcPXuVs3MgOxX6soMUrqMyEo/.O9cCkgLg62',NULL,1,'99470974',NULL,NULL,NULL,'253825',NULL,NULL,NULL,NULL,NULL,NULL,NULL,NULL,'2023-05-03 08:14:40','2023-05-03 08:15:10',NULL,'true','true',0,0,NULL,NULL,NULL,NULL,NULL,0,1),(6414,'عيسى سعد العكيلي',NULL,NULL,NULL,'$2y$10$2OK0sgSdk1Omv1Jbbz8meuW2FKfUKUYCNMwyi7iIVn5A32M0BvIqq',NULL,1,'50017701',NULL,NULL,NULL,'630468',NULL,NULL,NULL,NULL,NULL,NULL,NULL,NULL,'2023-05-03 13:45:19','2023-05-03 13:45:43',NULL,'true','true',0,0,NULL,NULL,NULL,NULL,NULL,0,1),(6415,'bader',NULL,NULL,NULL,'$2y$10$J.1AaxkBR97vvE2fUs38A.wN35.IeS7SI57rHz6UE7RVfZEoKAfrO',NULL,1,'67099992',NULL,NULL,NULL,'134681',NULL,NULL,NULL,NULL,NULL,NULL,NULL,NULL,'2023-05-03 17:15:03','2023-05-03 17:15:14',NULL,'true','true',0,0,NULL,NULL,NULL,NULL,NULL,0,1),(6416,'عويد عبدالله العازمي',NULL,NULL,NULL,'$2y$10$ln8mLHHo5IG55x.UCrqYr.VDEV8.9n2mDg5lIRgXMD3k4Eta7ehGG',NULL,1,'50112260',NULL,NULL,NULL,'505239',NULL,NULL,NULL,NULL,NULL,NULL,NULL,NULL,'2023-05-03 23:28:28','2023-05-03 23:28:43',NULL,'true','true',0,0,NULL,NULL,NULL,NULL,NULL,0,1),(6417,'حمد مرزوق الحليله',NULL,NULL,NULL,'$2y$10$FVyaIAP8aMdccP4J.Pm3gO.0Pj.k5KcwStUnDWE4KJa6rwgV6.o6O',NULL,1,'55088336',NULL,NULL,NULL,'599153',NULL,NULL,NULL,NULL,NULL,NULL,NULL,NULL,'2023-05-04 05:33:00','2023-05-04 05:33:12',NULL,'true','true',0,0,NULL,NULL,NULL,NULL,NULL,0,1),(6418,'حمودمحمدبن عكشان النويعم',NULL,NULL,NULL,'$2y$10$mHN2GUuoWTO6j0BS5l8d/OuWbXIp4YxQUfLqHi0f4bwldwkbXLgnW',NULL,1,'96669580',NULL,NULL,NULL,'454210',NULL,NULL,NULL,NULL,NULL,NULL,NULL,NULL,'2023-05-05 11:09:21','2023-05-05 11:09:34',NULL,'true','true',0,0,NULL,NULL,NULL,NULL,NULL,0,1),(6419,'فالح العازمي',NULL,NULL,NULL,'$2y$10$TFoRmWcS/DZubIo1AJkgzO9jh6NRwGohAJ2wz4yq7Zp6RE3BWyDuy',NULL,1,'50333675',NULL,NULL,NULL,'928890',NULL,NULL,NULL,NULL,NULL,NULL,NULL,NULL,'2023-05-05 12:13:59','2023-05-05 12:14:11',NULL,'true','true',0,0,NULL,NULL,NULL,NULL,NULL,0,1),(6420,'mady',NULL,NULL,NULL,'$2y$10$F0dDvNxt74qHTVVURI4FiOtLjfMLGRUW4IKA4CmRKMDKWnweXaw02',NULL,1,'67617266',NULL,NULL,NULL,'145548',NULL,NULL,NULL,NULL,NULL,NULL,NULL,NULL,'2023-05-05 14:09:29','2023-05-05 14:09:41',NULL,'true','true',0,0,NULL,NULL,NULL,NULL,NULL,0,1),(6422,'سعد العازمي',NULL,NULL,NULL,'$2y$10$dyicPOsLnOvfUiIXrjBmeO8h7fQa2qi0Jm8ctzvkx95w1r95gDPe6',NULL,0,'0558402497',NULL,NULL,NULL,'651281',NULL,NULL,NULL,NULL,NULL,NULL,NULL,NULL,'2023-05-06 20:13:25','2023-05-06 20:13:25',NULL,'true','true',0,0,NULL,NULL,NULL,NULL,NULL,0,1),(6423,'سعد العازمي',NULL,NULL,NULL,'$2y$10$w42/eWgXvhonWO9OUPnp5OvpL.DJyJji2OZJXPqgR32emmVoPl9V6',NULL,0,'0540707832',NULL,NULL,NULL,'136554',NULL,NULL,NULL,NULL,NULL,NULL,NULL,NULL,'2023-05-06 20:14:45','2023-05-06 20:14:45',NULL,'true','true',0,0,NULL,NULL,NULL,NULL,NULL,0,1),(6424,'ABDULHADI ALSAWAGH',NULL,NULL,NULL,'$2y$10$5/1xBSWSavt57fLMv7gKheFtf9nmTVoTw1nINKOOzF/EZ4E74ZF5y',NULL,1,'55495050',NULL,NULL,NULL,'522532',NULL,NULL,NULL,NULL,NULL,NULL,NULL,NULL,'2023-05-06 21:36:43','2023-05-06 21:36:51',NULL,'true','true',0,0,NULL,NULL,NULL,NULL,NULL,0,1),(6425,'عبدالله يوسف الجبعه',NULL,NULL,NULL,'$2y$10$OE5.f/uOFEr8ahGkyOzkE.30HOZiAUXahCEdmiA7GsPPzO9OvdLhW',NULL,1,'66700445',NULL,NULL,NULL,'507502',NULL,NULL,NULL,NULL,NULL,NULL,NULL,NULL,'2023-05-07 02:28:53','2023-05-07 02:29:02',NULL,'true','true',0,0,NULL,NULL,NULL,NULL,NULL,0,1),(6426,'gharbain',NULL,NULL,NULL,'$2y$10$yIP1cGuzJN2mPHuFbnPkkuncerpyOihnkU.Qw.2jP0Tr9wDNQF876',NULL,1,'95572663',NULL,NULL,NULL,'732036',NULL,NULL,NULL,NULL,NULL,NULL,NULL,NULL,'2023-05-08 20:03:51','2023-05-08 20:04:07',NULL,'true','true',0,0,NULL,NULL,NULL,NULL,NULL,0,1),(6427,'طلال العازمي',NULL,NULL,NULL,'$2y$10$mcuNgvq5QsLb4Vv9vE2SIeNmxXubBZczPUzP9r6z9TEeS.is1aV7.',NULL,1,'98068555',NULL,NULL,NULL,'304931',NULL,NULL,NULL,NULL,NULL,NULL,NULL,NULL,'2023-05-08 20:04:40','2023-05-08 20:04:48',NULL,'true','true',0,0,NULL,NULL,NULL,NULL,NULL,0,1),(6428,'عبدالعزيز المجرن',NULL,NULL,NULL,'$2y$10$IKDUlVZWO/c0S.wUOX0xWusHYFsaD8IhmCaQzSuYZcsdGagfF8iyu',NULL,1,'94031735',NULL,NULL,NULL,'678760',NULL,NULL,NULL,NULL,NULL,NULL,NULL,NULL,'2023-05-08 22:48:14','2023-05-08 22:48:26',NULL,'true','true',0,0,NULL,NULL,NULL,NULL,NULL,0,1),(6429,'faleh',NULL,NULL,NULL,'$2y$10$5RY/Bdrb5xn2EvvCxYyDn.7O1ynxiVE9kTrzsQbCSc7PZi1LYWJO.',NULL,1,'51669957',NULL,NULL,NULL,'976770',NULL,NULL,NULL,NULL,NULL,NULL,NULL,NULL,'2023-05-09 02:29:49','2023-05-09 02:30:06',NULL,'true','true',0,0,NULL,NULL,NULL,NULL,NULL,0,1),(6430,'مبارك',NULL,NULL,NULL,'$2y$10$ZsfGAoTlu6YsjwIquNu.DeMa6d1yH0PX5SFGiJ6d8y89bzwgPhMe.',NULL,0,'٩٧٦٢٨٤٣١',NULL,NULL,NULL,'930007',NULL,NULL,NULL,NULL,NULL,NULL,NULL,NULL,'2023-05-10 15:48:14','2023-05-10 15:48:14',NULL,'true','true',0,0,NULL,NULL,NULL,NULL,NULL,0,1),(6431,'تركي اسامه',NULL,NULL,NULL,'$2y$10$dB3fT2AfcOigZVaRa8bfeuh5lpATw1PCEhEmBfMbfhMnit6o7.IMe',NULL,1,'55955148',NULL,NULL,NULL,'296479',NULL,NULL,NULL,NULL,NULL,NULL,NULL,NULL,'2023-05-12 14:13:44','2023-05-12 14:13:54',NULL,'true','true',0,0,NULL,NULL,NULL,NULL,NULL,0,1),(6432,'24lk',NULL,NULL,NULL,'$2y$10$w6KYlG/vVs3D0raS.RZA/.L/o70/JsolLPedLOQerHKRqtj.s/HL.',NULL,1,'57550633',NULL,NULL,NULL,'211310',NULL,NULL,NULL,NULL,NULL,NULL,NULL,NULL,'2023-05-15 07:03:02','2023-05-15 07:03:10',NULL,'true','true',0,0,NULL,NULL,NULL,NULL,NULL,0,1),(6433,'مجموعه المهندس',NULL,NULL,NULL,'$2y$10$LoYYcNkQNnLnjAlpWmPbgeRwkNLnG5QfUs3fQyRvXPfMrUIye11cK',NULL,1,'99997841',NULL,NULL,NULL,'981980',NULL,NULL,NULL,NULL,NULL,NULL,NULL,NULL,'2023-05-17 05:31:08','2023-05-17 05:31:22',NULL,'true','true',0,0,NULL,NULL,NULL,NULL,NULL,0,1),(6434,'Khaledalghareeb',NULL,NULL,NULL,'$2y$10$Zk6edcKikv9KWSjJjRnLp.w6kLnPGrxZhyQA4vV9arqNBuK29bVYu',NULL,1,'94044042',NULL,NULL,NULL,'794732',NULL,NULL,NULL,NULL,NULL,NULL,NULL,NULL,'2023-05-17 10:10:16','2023-05-17 10:10:43',NULL,'true','true',0,0,NULL,NULL,NULL,NULL,NULL,0,1),(6435,'مبارك العازمي',NULL,NULL,NULL,'$2y$10$J1NmQ3R2DgNrhBqluYLKw.NX6NHZeI5w5YEwWEVf.MoJLcYcMYb3q',NULL,1,'97976535',NULL,NULL,NULL,'180166',NULL,NULL,NULL,NULL,NULL,NULL,NULL,NULL,'2023-05-19 16:54:10','2023-05-19 16:54:21',NULL,'true','true',0,0,NULL,NULL,NULL,NULL,NULL,0,1),(6437,'محمد ناصر بن جريس',NULL,NULL,NULL,'$2y$10$W83bYcczj8dF2ZPrTnIhTeeVGNBdQ305.dLYcyt.MGMOe1InVfKIa',NULL,1,'95580700',NULL,NULL,NULL,'424231',NULL,NULL,NULL,NULL,NULL,NULL,NULL,NULL,'2023-05-25 00:14:19','2023-05-25 00:14:30',NULL,'true','true',0,0,NULL,NULL,NULL,NULL,NULL,0,1),(6438,'n83',NULL,NULL,NULL,'$2y$10$7r.JWAfSEG5xdXgZJxnzLe25ReoQpTYa7S/HlAPZyUqJpM7leun9K',NULL,0,'98048161',NULL,NULL,NULL,'460589',NULL,NULL,NULL,NULL,NULL,NULL,NULL,NULL,'2023-05-28 00:04:28','2023-05-28 00:04:28',NULL,'true','true',0,0,NULL,NULL,NULL,NULL,NULL,0,1),(6439,'بدر الشحيتاوي',NULL,NULL,NULL,'$2y$10$uv1zH/.hqI/x.W3Sd1G0KOpjxsPAjalQiKnrD/ywldNDVUGcJWgL2',NULL,1,'66797935',NULL,NULL,NULL,'852054',NULL,NULL,NULL,NULL,NULL,NULL,NULL,NULL,'2023-05-31 15:55:39','2023-05-31 15:55:52',NULL,'true','true',0,0,NULL,NULL,NULL,NULL,NULL,0,1),(6440,'إبراهيم',NULL,NULL,NULL,'$2y$10$9tbKtF32.IZftiTNe24tc.rb4oQHQ8hXBnE77e.j.0YHrsXli8kKO',NULL,1,'97624009',NULL,NULL,NULL,'106248',NULL,NULL,NULL,NULL,NULL,NULL,NULL,NULL,'2023-06-05 13:55:03','2023-06-05 13:55:39',NULL,'true','true',0,0,NULL,NULL,NULL,NULL,NULL,0,1),(6441,'شركة الاماني لمكافحة الحشرات والقوارض',NULL,NULL,NULL,'$2y$10$BasnZ62KXTAYriWaKu3TRu4hKVkJlRuC.Njb/EUmaMnkVztP9rzKW',NULL,1,'60367150',NULL,NULL,NULL,'133270',NULL,NULL,NULL,NULL,NULL,NULL,NULL,NULL,'2023-06-07 16:39:27','2023-06-07 16:39:40',NULL,'true','true',0,0,NULL,NULL,NULL,NULL,NULL,0,1),(6442,'صقر العازمي',NULL,NULL,NULL,'$2y$10$j3Ood8IeSz8iZo6s8SoggOBTqwol4DrLau6P95oVlPhhvgVs0h6ji',NULL,1,'60008714',NULL,NULL,NULL,'368441',NULL,NULL,NULL,NULL,NULL,NULL,'2023-12-16 03:02:59','37.39.23.73','2023-06-10 02:37:13','2023-12-16 03:02:59',NULL,'true','true',0,0,NULL,NULL,NULL,NULL,NULL,0,1),(6443,'عبدالله فهد الاسود',NULL,NULL,NULL,'$2y$10$jGWW.xwqgFtfj9A2jYPn1.BKcZcXn/Xkf1qvd5ZtlqNb9qMpRqmMS',NULL,1,'99855277',NULL,NULL,NULL,'385692',NULL,NULL,NULL,NULL,NULL,NULL,NULL,NULL,'2023-06-13 09:14:34','2023-06-13 09:15:09',NULL,'true','true',0,0,NULL,NULL,NULL,NULL,NULL,0,1),(6444,'علي العازمي',NULL,NULL,NULL,'$2y$10$1jkkL8O2vZrxmYW.yvixq.4T9VEFOG1kFpcg7OI0r8fk/PvEPi5nO',NULL,1,'50786006',NULL,NULL,NULL,'766226',NULL,NULL,NULL,NULL,NULL,NULL,NULL,NULL,'2023-06-15 18:57:57','2023-06-15 18:58:45',NULL,'true','true',0,0,NULL,NULL,NULL,NULL,NULL,0,1),(6445,'فهد ابو مبارك',NULL,NULL,NULL,'$2y$10$WrxLBn9UbV79ts1kV1ZEXem5Iqcgral.2Uc7BgHat0.2LI8V.wE3K',NULL,0,'97807787',NULL,NULL,NULL,'609388',NULL,NULL,NULL,NULL,NULL,NULL,NULL,NULL,'2023-06-15 19:00:42','2023-06-15 19:00:42',NULL,'true','true',0,0,NULL,NULL,NULL,NULL,NULL,0,1),(6446,'Ideal Wedding',NULL,NULL,NULL,'$2y$10$WczUh0czrZgECzE/BVPNN.fjVY.KsKYCmw5jdFyUYzCZ4uXtAkciG',NULL,1,'60747779',NULL,NULL,NULL,'659450',NULL,NULL,NULL,NULL,NULL,NULL,NULL,NULL,'2023-06-18 11:51:04','2023-06-18 11:51:16',NULL,'true','true',0,0,NULL,NULL,NULL,NULL,NULL,0,1),(6447,'محمد ناصر الجويسري',NULL,NULL,NULL,'$2y$10$ATQw8eTAOHdw3md8f1kJwuxEwu5efZQa1xgJQyruuSZIxbBg8D6m2',NULL,1,'66644667',NULL,NULL,NULL,'978874',NULL,NULL,NULL,NULL,NULL,NULL,NULL,NULL,'2023-06-23 22:31:58','2023-06-23 22:32:09',NULL,'true','true',0,0,NULL,NULL,NULL,NULL,NULL,0,1),(6448,'استغفرالله العظيم واتوب اليه',NULL,NULL,NULL,'$2y$10$ZFTjFPqIvafgC6VYrDWyruiDVdQjNtPm93Dat9ZZmGG320t6MfRV2',NULL,1,'60637111',NULL,NULL,NULL,'535768',NULL,NULL,NULL,NULL,NULL,NULL,NULL,NULL,'2023-07-11 02:46:45','2023-07-11 02:47:00',NULL,'true','true',0,0,NULL,NULL,NULL,NULL,NULL,0,1),(6449,'عبدالعزيز طرجم بن طرجم',NULL,NULL,NULL,'$2y$10$GmgtTNsy2kbAajzmSVAUuurE2d4M.ZdJjnVoixpW/Yn0DF6C6lJD2',NULL,1,'97744035',NULL,NULL,NULL,'785167',NULL,NULL,NULL,NULL,NULL,NULL,NULL,NULL,'2023-07-20 14:05:26','2023-07-20 14:05:36',NULL,'true','true',0,0,NULL,NULL,NULL,NULL,NULL,0,1),(6450,'عبدالعزيز احمد الريحان',NULL,NULL,NULL,'$2y$10$J5oLSIWjHzV8i06gbCBhg.ZLyb9HBfGo3ykIlG0MRRjTYh04tZSDm',NULL,1,'55598342',NULL,NULL,NULL,'775222',NULL,NULL,NULL,NULL,NULL,NULL,NULL,NULL,'2023-07-26 16:20:08','2023-07-26 16:20:20',NULL,'true','true',0,0,NULL,NULL,NULL,NULL,NULL,0,1),(6451,'عبدالله العازمي',NULL,NULL,NULL,'$2y$10$z9VBM5KdO2jnVQSURArtbeZ12FwMWV1cSSenmXCEQ3HGuA9K33V/e',NULL,0,'65570655',NULL,NULL,NULL,'242734',NULL,NULL,NULL,NULL,NULL,NULL,NULL,NULL,'2023-07-26 23:16:28','2023-07-26 23:16:28',NULL,'true','true',0,0,NULL,NULL,NULL,NULL,NULL,0,1),(6452,'فهد',NULL,NULL,NULL,'$2y$10$8NzsQt9GIG4jnUyp1A14r.PtUR.ssejkG3w4cxOTxLhsxma9kC3em',NULL,1,'55564205',NULL,NULL,NULL,'248452',NULL,NULL,NULL,NULL,NULL,NULL,NULL,NULL,'2023-08-01 22:35:12','2023-08-01 22:35:22',NULL,'true','true',0,0,NULL,NULL,NULL,NULL,NULL,0,1),(6453,'ناصر رفاعي العازمي',NULL,NULL,NULL,'$2y$10$pPhiyVXlC1.FT0wMxcuQSOqyUVN.832Mk8r.n3Jo0eA2VxN3JZU3e',NULL,1,'90006472',NULL,NULL,NULL,'907996',NULL,NULL,NULL,NULL,NULL,NULL,NULL,NULL,'2023-08-04 12:31:06','2023-08-04 12:31:16',NULL,'true','true',0,0,NULL,NULL,NULL,NULL,NULL,0,1),(6454,'مبارك العليوي',NULL,NULL,NULL,'$2y$10$YMifMK3PJAZob.xCPBm5suIVq.BiPH9.6d5R1dYqB0Qnze5VZRJX.',NULL,1,'94433987',NULL,NULL,NULL,'301833',NULL,NULL,NULL,NULL,NULL,NULL,NULL,NULL,'2023-08-12 17:59:53','2023-08-12 18:00:14',NULL,'true','true',0,0,NULL,NULL,NULL,NULL,NULL,0,1),(6455,'ساير',NULL,NULL,NULL,'$2y$10$FVNMMBX6FJEKi7Mqg9laW.VAZ674mD8G.IOwpQmrdP72R/yy4Oggy',NULL,0,'٥٠١٩٥٥٥٤',NULL,NULL,NULL,'292022',NULL,NULL,NULL,NULL,NULL,NULL,NULL,NULL,'2023-08-21 11:21:57','2023-08-21 11:21:57',NULL,'true','true',0,0,NULL,NULL,NULL,NULL,NULL,0,1),(6456,'almhine',NULL,NULL,NULL,'$2y$10$h27ABbXkkxhXxPGx5GbE/uyzQUZBmeYcPxQIt1nofGE5nqBI7vbkq',NULL,1,'55006663',NULL,NULL,NULL,'660283',NULL,NULL,NULL,NULL,NULL,NULL,NULL,NULL,'2023-08-21 18:11:54','2023-08-21 18:12:04',NULL,'true','true',0,0,NULL,NULL,NULL,NULL,NULL,0,1),(6457,'faisal',NULL,NULL,NULL,'$2y$10$gRPTeu2pkmBqM7bwTxOcwuI4kIWucCNF8RAOBYD7pthtUD1cTjCVm',NULL,1,'50044588',NULL,NULL,NULL,'376734',NULL,NULL,NULL,NULL,NULL,NULL,NULL,NULL,'2023-08-22 13:01:55','2023-08-22 13:02:03',NULL,'true','true',0,0,NULL,NULL,NULL,NULL,NULL,0,1),(6458,'خالد جابر العازمي',NULL,NULL,NULL,'$2y$10$FgamZ1jJsLJSsrDWeH4bn.EvMhcAWhXVuOBU4V4.AsvM1VHG3Qgta',NULL,1,'98096552',NULL,NULL,NULL,'627389',NULL,NULL,NULL,NULL,NULL,NULL,NULL,NULL,'2023-08-25 12:24:42','2023-08-25 12:24:53',NULL,'true','true',0,0,NULL,NULL,NULL,NULL,NULL,0,1),(6459,'فيصل',NULL,NULL,NULL,'$2y$10$M3b/nBmZxSyWb7N/2txBsuXqzVKWBwkoQGQa1S0i/dqT2AQpKNBMe',NULL,1,'94088477',NULL,NULL,NULL,'677504',NULL,NULL,NULL,NULL,NULL,NULL,NULL,NULL,'2023-08-25 15:58:33','2023-08-25 15:58:50',NULL,'true','true',0,0,NULL,NULL,NULL,NULL,NULL,0,1),(6460,'ن العازمي',NULL,NULL,NULL,'$2y$10$0CLKCaZ6cH4BIXmwovorROX7UvmYXBkmEvbj43SaFYw1nOZXnTAx2',NULL,1,'98984084',NULL,NULL,NULL,'787156',NULL,NULL,NULL,NULL,NULL,NULL,NULL,NULL,'2023-08-26 01:11:10','2023-08-26 01:11:29',NULL,'true','true',0,0,NULL,NULL,NULL,NULL,NULL,0,1),(6462,'خالد العازمي',NULL,NULL,NULL,'$2y$10$L3.9Pbu48QBVOzBQd8NQ2eJhKxfjDmNGpMC1SUCUSe/EKyB5LOWNe',NULL,1,'99768889',NULL,NULL,NULL,'418552',NULL,NULL,NULL,NULL,NULL,NULL,NULL,NULL,'2023-08-26 21:35:13','2023-08-26 21:35:31',NULL,'true','true',0,0,NULL,NULL,NULL,NULL,NULL,0,1),(6463,'مبارك علي العواجي',NULL,NULL,NULL,'$2y$10$Ajrg9M72AI8OqfYIKZozlOC9w9lt.PVO2ECt7433WFAHCsEcvIIQO',NULL,1,'66099987',NULL,NULL,NULL,'194531',NULL,NULL,NULL,NULL,NULL,NULL,NULL,NULL,'2023-08-29 12:17:53','2023-08-29 12:18:04',NULL,'true','true',0,0,NULL,NULL,NULL,NULL,NULL,0,1),(6464,'aaa',NULL,NULL,NULL,'$2y$10$l34MgjHsYnfVONgI6URBG.AVOAJU9.maW0MEL9pavZZ5y5NLAx1CK',NULL,0,'0550097882',NULL,NULL,NULL,'753211',NULL,NULL,NULL,NULL,NULL,NULL,NULL,NULL,'2023-09-01 02:32:01','2023-09-01 02:32:01',NULL,'true','true',0,0,NULL,NULL,NULL,NULL,NULL,0,1),(6465,'مشاري فهيد العازمي',NULL,NULL,NULL,'$2y$10$ls0/7c02oT2CzRXF.K7xlOs9WUbs83pAxU.FXpnbm4pVEw4mR9EOm',NULL,1,'55333737',NULL,NULL,NULL,'575606',NULL,NULL,NULL,NULL,NULL,NULL,NULL,NULL,'2023-09-03 00:13:39','2023-09-03 00:13:48',NULL,'true','true',0,0,NULL,NULL,NULL,NULL,NULL,0,1),(6466,'خالد الكريباني',NULL,NULL,NULL,'$2y$10$R43MbmcFwt4WC5AuXgQx.eLSPo8WuUuFYnIW0Fp1A25Aq/37gae/y',NULL,1,'90018819',NULL,NULL,NULL,'837361',NULL,NULL,NULL,NULL,NULL,NULL,NULL,NULL,'2023-09-07 18:39:18','2023-09-07 18:39:26',NULL,'true','true',0,0,NULL,NULL,NULL,NULL,NULL,0,1),(6467,'فهد العازمي',NULL,NULL,NULL,'$2y$10$Ax7GeD7TSlqdTcm3IKlDIucFxuqx4brRAspDEIIa2xy8A.MpXuRNi',NULL,1,'99030736',NULL,NULL,NULL,'848770',NULL,NULL,NULL,NULL,NULL,NULL,NULL,NULL,'2023-09-09 14:54:40','2023-09-09 14:55:21',NULL,'true','true',0,0,NULL,NULL,NULL,NULL,NULL,0,1),(6468,'mohamed',NULL,NULL,NULL,'$2y$10$VrTZnSM3gfJA6rl77WzLkeu3ck6buxMrkUAx113v8IJsgvT1baQbS',NULL,1,'97333415',NULL,NULL,NULL,'199384',NULL,NULL,NULL,NULL,NULL,NULL,NULL,NULL,'2023-09-09 21:40:35','2023-09-09 21:40:50',NULL,'true','true',0,0,NULL,NULL,NULL,NULL,NULL,0,1),(6469,'abdullah alazmi',NULL,NULL,NULL,'$2y$10$4JeyYCQ9BBCBwT9MDP2lsumxl0MHLok0sBe8CQqb0ACr1/705Gfmq',NULL,1,'99304744',NULL,NULL,NULL,'725468',NULL,NULL,NULL,NULL,NULL,NULL,NULL,NULL,'2023-09-10 10:09:59','2023-09-10 10:10:10',NULL,'true','true',0,0,NULL,NULL,NULL,NULL,NULL,0,1),(6470,'عبدالرحمن',NULL,NULL,NULL,'$2y$10$bljnFdkUipnm2BSFsXII7uGRNj74Va9L4CQFtB4VN8v0WDaXc0t/a',NULL,1,'99306636',NULL,NULL,NULL,'143302',NULL,NULL,NULL,NULL,NULL,NULL,NULL,NULL,'2023-09-11 20:22:03','2023-09-11 20:22:14',NULL,'true','true',0,0,NULL,NULL,NULL,NULL,NULL,0,1),(6471,'azizalbreke',NULL,NULL,NULL,'$2y$10$uQF0YjhzicY6P2TW41BewO5iIGBx89hp3QK1NGuD9TR0iJH9Aci0q',NULL,0,'55027171',NULL,NULL,NULL,'160529',NULL,NULL,NULL,NULL,NULL,NULL,'2023-09-16 06:12:24','188.71.242.42','2023-09-15 10:37:22','2023-09-16 06:12:24',NULL,'true','true',0,0,NULL,NULL,NULL,NULL,NULL,0,1),(6472,'salms7my',NULL,NULL,NULL,'$2y$10$..RKVcD9cdvmXtHsX/aVGeKQNG6oxghQk/BKvJjovOG9VolTrS7EK',NULL,1,'50005020',NULL,NULL,NULL,'792853',NULL,NULL,NULL,NULL,NULL,NULL,NULL,NULL,'2023-09-15 20:16:39','2023-09-15 20:16:49',NULL,'true','true',0,0,NULL,NULL,NULL,NULL,NULL,0,1),(6473,'سلمان الحساوي',NULL,NULL,NULL,'$2y$10$dC0TFGdmGJ4blxChsJeOTuiC2di0mqA8GV25FjiEhMcHxk2ZDCZqW',NULL,1,'94456891',NULL,NULL,NULL,'821155',NULL,NULL,NULL,NULL,NULL,NULL,NULL,NULL,'2023-09-16 15:44:43','2023-09-16 15:44:53',NULL,'true','true',0,0,NULL,NULL,NULL,NULL,NULL,0,1),(6474,'أحمد الطواري',NULL,NULL,NULL,'$2y$10$GFuYkUDHXExha67TFgqm/.N0I3fjBlteRdYy7W0jH4CAHxjukUgSm',NULL,1,'99455055',NULL,NULL,NULL,'503087',NULL,NULL,NULL,NULL,NULL,NULL,NULL,NULL,'2023-09-17 16:38:19','2023-09-17 16:38:36',NULL,'true','true',0,0,NULL,NULL,NULL,NULL,NULL,0,1),(6475,'خليفه فلاح بن بريوج',NULL,NULL,NULL,'$2y$10$tVgM7OD1aQomtwOeg4Exc.21gQXCCTcQvSzqk6pXoDVsXxr2MPwwe',NULL,1,'99069669',NULL,NULL,NULL,'793087',NULL,NULL,NULL,NULL,NULL,NULL,NULL,NULL,'2023-10-01 18:14:15','2023-10-01 18:14:38',NULL,'true','true',0,0,NULL,NULL,NULL,NULL,NULL,0,1),(6476,'محمد سعد النويعم',NULL,NULL,NULL,'$2y$10$tQ5.L.nTJtbNqNmc0gOrxeoHlhPFO4/5.i3d7hP83nQ0wYtLI7wlO',NULL,1,'51132252',NULL,NULL,NULL,'760197',NULL,NULL,NULL,NULL,NULL,NULL,NULL,NULL,'2023-10-02 19:54:30','2023-10-02 19:54:38',NULL,'true','true',0,0,NULL,NULL,NULL,NULL,NULL,0,1),(6477,'rshdan66',NULL,NULL,NULL,'$2y$10$0C4rIfBuhshiDoRXV.FDI.yKu3EBQMGJAT4Zi6L.iOgQGHANpWnWu',NULL,1,'99522455',NULL,NULL,NULL,'108542',NULL,NULL,NULL,NULL,NULL,NULL,NULL,NULL,'2023-10-10 04:45:44','2023-10-10 04:45:54',NULL,'true','true',0,0,NULL,NULL,NULL,NULL,NULL,0,1),(6478,'سلطان العازمي',NULL,NULL,NULL,'$2y$10$wn3M0zX/g/02fI59SYu3B.Z3BmBJZLRX.Bj4cw.iuCemzcKO3Foeq',NULL,1,'67055106',NULL,NULL,NULL,'492327',NULL,NULL,NULL,NULL,NULL,NULL,NULL,NULL,'2023-10-13 15:02:08','2023-10-13 15:02:22',NULL,'true','true',0,0,NULL,NULL,NULL,NULL,NULL,0,1),(6479,'salemaldawas',NULL,NULL,NULL,'$2y$10$MaaNAARc6dyvVggSEKMebe3dcpLvcOUcpBLpk4wMHEbCde/RtO.L.',NULL,1,'94424337',NULL,NULL,NULL,'463569',NULL,NULL,NULL,NULL,NULL,NULL,NULL,NULL,'2023-10-13 19:17:22','2023-10-13 19:17:35',NULL,'true','true',0,0,NULL,NULL,NULL,NULL,NULL,0,1),(6480,'عبدالله المبارك',NULL,NULL,NULL,'$2y$10$SvQ4k/GafO6LE9rIom1G9OpAU0lYTkNNF06FCyXWD60NgjplfRgxK',NULL,1,'98000046',NULL,NULL,NULL,'719885',NULL,NULL,NULL,NULL,NULL,NULL,NULL,NULL,'2023-10-16 07:47:30','2023-10-16 07:47:39',NULL,'true','true',0,0,NULL,NULL,NULL,NULL,NULL,0,1),(6481,'سعد',NULL,NULL,NULL,'$2y$10$g0Dcjkx89dkoRZTPteTumOyUs1c4oY/x2JyyoCgfF1BgDhbp.L4ZW',NULL,1,'52222742',NULL,NULL,NULL,'853880',NULL,NULL,NULL,NULL,NULL,NULL,NULL,NULL,'2023-10-16 22:36:09','2023-10-16 22:36:19',NULL,'true','true',0,0,NULL,NULL,NULL,NULL,NULL,0,1),(6482,'مشعل الصواغ',NULL,NULL,NULL,'$2y$10$a77kjHEVIWyR2B9prijnfOJhraHzYbUjw8kYM6NIq56jgkWHsY5IC',NULL,1,'66655225',NULL,NULL,NULL,'836831',NULL,NULL,NULL,NULL,NULL,NULL,NULL,NULL,'2023-10-20 12:32:05','2023-10-20 12:32:15',NULL,'true','true',0,0,NULL,NULL,NULL,NULL,NULL,0,1),(6483,'راشد المنيظره',NULL,NULL,NULL,'$2y$10$4uzLrb77sSV8VuJFhJvik.qdGtRPEgo1rmJIO9/rUruS6GQzT6TGu',NULL,1,'66653777',NULL,NULL,NULL,'404158',NULL,NULL,NULL,NULL,NULL,NULL,NULL,NULL,'2023-10-22 17:40:24','2023-10-22 17:40:37',NULL,'true','true',0,0,NULL,NULL,NULL,NULL,NULL,0,1),(6484,'فهد حمود الطويله',NULL,NULL,NULL,'$2y$10$ljNa/dz/A7630fX6Qr5AwupoFBnF/9Edpq9lAmVBe6c0S/r.GO2x.',NULL,1,'90931311',NULL,NULL,NULL,'701775',NULL,NULL,NULL,NULL,NULL,NULL,NULL,NULL,'2023-10-23 23:55:22','2023-10-23 23:56:13',NULL,'true','true',0,0,NULL,NULL,NULL,NULL,NULL,0,1),(6485,'سالم مشعل الاصفر',NULL,NULL,NULL,'$2y$10$QKRiPt09WhFV0R2wCFyh5Owu/KYz0p5PNF5RofGvrnMUkdqXWjPhy',NULL,1,'97636210',NULL,NULL,NULL,'123013',NULL,NULL,NULL,NULL,NULL,NULL,NULL,NULL,'2023-10-30 00:06:21','2023-10-30 00:06:35',NULL,'true','true',0,0,NULL,NULL,NULL,NULL,NULL,0,1),(6486,'خالد',NULL,NULL,NULL,'$2y$10$2FTH03E72OiwvYmKj3J7HOrJ1OMpzZHzPKAN7eXT1J9N8ECfC9VcG',NULL,1,'55317997',NULL,NULL,NULL,'745316',NULL,NULL,NULL,NULL,NULL,NULL,NULL,NULL,'2023-10-31 20:22:06','2023-10-31 20:22:16',NULL,'true','true',0,0,NULL,NULL,NULL,NULL,NULL,0,1),(6487,'Khalid',NULL,NULL,NULL,'$2y$10$GS4XqniI/.9TOLmUFhn5s.Jz6SWGjGJ/WuL578W6locwb34qsBQ8.',NULL,1,'65765787',NULL,NULL,NULL,'460879',NULL,NULL,NULL,NULL,NULL,NULL,NULL,NULL,'2023-11-02 17:01:09','2023-11-02 17:01:18',NULL,'true','true',0,0,NULL,NULL,NULL,NULL,NULL,0,1),(6488,'ملفي',NULL,NULL,NULL,'$2y$10$cz1QZ3Rl7Y8/fCflfiVo/uJ4SHODSC9kPch3LjchxVGNHovzXzWBO',NULL,1,'97237197',NULL,NULL,NULL,'168098',NULL,NULL,NULL,NULL,NULL,NULL,NULL,NULL,'2023-11-03 19:37:07','2023-11-03 19:37:16',NULL,'true','true',0,0,NULL,NULL,NULL,NULL,NULL,0,1),(6489,'saleh',NULL,NULL,NULL,'$2y$10$5bGtsw0GLkzSgRZL5JRiQe3UGto83fmAEEF2ucAe03TOl8sYVbc2C',NULL,1,'99102345',NULL,NULL,NULL,'190406',NULL,NULL,NULL,NULL,NULL,NULL,NULL,NULL,'2023-11-03 19:48:32','2023-11-03 19:48:41',NULL,'true','true',0,0,NULL,NULL,NULL,NULL,NULL,0,1),(6490,'فهد قبلان بن فهيد',NULL,NULL,NULL,'$2y$10$mvFLjyeA.dX68RBqWOF/SuSEkBdOhz.o/qQc6T0PMtSUGUIkj5hBO',NULL,1,'98781113',NULL,NULL,NULL,'593023',NULL,NULL,NULL,NULL,NULL,NULL,NULL,NULL,'2023-11-03 19:50:40','2023-11-03 19:50:52',NULL,'true','true',0,0,NULL,NULL,NULL,NULL,NULL,0,1),(6491,'خالد العازمي',NULL,NULL,NULL,'$2y$10$NTf9Qygxw6qUk0TYQayFX.Mo7zVYNRqU3ec7wcbDmfQtVXIDpdSv.',NULL,1,'98999875',NULL,NULL,NULL,'483578',NULL,NULL,NULL,NULL,NULL,NULL,NULL,NULL,'2023-11-03 19:58:33','2023-11-03 19:58:43',NULL,'true','true',0,0,NULL,NULL,NULL,NULL,NULL,0,1),(6492,'abdalluh alazmi',NULL,NULL,NULL,'$2y$10$NH.U9aVkfhVqjajd0MWdQuZOZ4bpIqghDSmxYhuh0eeUBJZh9V4Hm',NULL,1,'50600655',NULL,NULL,NULL,'761817',NULL,NULL,NULL,NULL,NULL,NULL,NULL,NULL,'2023-11-03 20:10:19','2023-11-03 20:10:29',NULL,'true','true',0,0,NULL,NULL,NULL,NULL,NULL,0,1),(6493,'ابوسلمان',NULL,NULL,NULL,'$2y$10$fGbWB6Dpfkplz/WGwEsqDOwcqqWnP9HxjT10eL7.cgv1g43H6haHa','rIDBYe5KdF5dB4I702zto3gRTfiKaQ1lMJ8EsGim.jpg',1,'55505538',NULL,NULL,NULL,'732156',NULL,NULL,NULL,NULL,NULL,NULL,NULL,NULL,'2023-11-04 00:15:44','2023-11-04 00:26:06',NULL,'true','true',0,0,NULL,NULL,'https://instagram.com/nwa.kw?igshid=OGQ5ZDc2ODk2ZA==','معهد نيو وورلد للتدريب الأهلي','دورات ودروس تقوية',0,1),(6494,'فهد العازمي',NULL,NULL,NULL,'$2y$10$Rj6QxiOqeo1Ao3uH1MZCnO1JRwuNiwnAomkr7IxqBmYPsE2V31ANC',NULL,0,'٦٦٦٢١٩٦٠',NULL,NULL,NULL,'393885',NULL,NULL,NULL,NULL,NULL,NULL,NULL,NULL,'2023-11-05 09:27:14','2023-11-05 09:27:14',NULL,'true','true',0,0,NULL,NULL,NULL,NULL,NULL,0,1),(6495,'خالد السبيعي',NULL,NULL,NULL,'$2y$10$p.hNB4NHZDL2GaPdN2h.iOrcIQO714CnRhThO4QSnZ/GUuQUa84vS',NULL,1,'51011600',NULL,NULL,NULL,'202866',NULL,NULL,NULL,NULL,NULL,NULL,NULL,NULL,'2023-11-05 11:40:28','2023-11-05 11:40:48',NULL,'true','true',0,0,NULL,NULL,NULL,NULL,NULL,0,1),(6496,'mostafa mahmoud',NULL,NULL,NULL,'$2y$10$hu8OCSRGZc1VFPHIEKidTOVW2bB3du6owztSthche.UNoqyyBiuSS',NULL,1,'67614043',NULL,NULL,NULL,'811094',NULL,NULL,NULL,NULL,NULL,NULL,NULL,NULL,'2023-11-06 11:23:31','2023-11-06 11:23:57',NULL,'true','true',0,0,NULL,NULL,NULL,NULL,NULL,0,1),(6497,'حمد الدريويض',NULL,NULL,NULL,'$2y$10$6V2pO2Vedv2FjikGgeJ5AusJDxeqTpvkaa8FZnvFSvB9qTUeDs/ka',NULL,0,'96783377',NULL,NULL,NULL,'721297',NULL,NULL,NULL,NULL,NULL,NULL,NULL,NULL,'2023-11-07 01:44:25','2023-11-07 01:44:25',NULL,'true','true',0,0,NULL,NULL,NULL,NULL,NULL,0,1),(6498,'abdullah al azmi',NULL,NULL,NULL,'$2y$10$V7NrqP8A5oeXYLPkWSSrx.tBVWHKst7JCRAomn.aUTx87pQR9aw4K',NULL,1,'67772202',NULL,NULL,NULL,'971721',NULL,NULL,NULL,NULL,NULL,NULL,NULL,NULL,'2023-11-08 12:08:59','2023-11-08 12:09:30',NULL,'true','true',0,0,NULL,NULL,NULL,NULL,NULL,0,1),(6499,'عمر مشعل',NULL,NULL,NULL,'$2y$10$Jj49xupyJUTxC1F5PlmwdusY2hIw9g7oIbeX6PQ2vPULoAAnlemUG',NULL,0,'٩٠٩٠٧٢٨٣',NULL,NULL,NULL,'100466',NULL,NULL,NULL,NULL,NULL,NULL,NULL,NULL,'2023-11-08 17:53:16','2023-11-08 17:53:16',NULL,'true','true',0,0,NULL,NULL,NULL,NULL,NULL,0,1),(6500,'ناصر الشريع',NULL,NULL,NULL,'$2y$10$3.5Pev.AjeCAC/gfWa8ORellU1cAjc5kELKxk7nqpBFlkXH4LCSPG',NULL,1,'55010809',NULL,NULL,NULL,'337750',NULL,NULL,NULL,NULL,NULL,NULL,NULL,NULL,'2023-11-11 01:35:43','2023-11-11 01:36:04',NULL,'true','true',0,0,NULL,NULL,NULL,NULL,NULL,0,1),(6501,'عوض',NULL,NULL,NULL,'$2y$10$aPBoovAySMRcyXXTlJ8iuePAbwTNdTHlshNzmWbp/ybGB7XJCatGy',NULL,1,'99455523',NULL,NULL,NULL,'827125',NULL,NULL,NULL,NULL,NULL,NULL,NULL,NULL,'2023-11-13 17:28:58','2023-11-13 17:29:22',NULL,'true','true',0,0,NULL,NULL,NULL,NULL,NULL,0,1),(6502,'يوسف الغنيمي',NULL,NULL,NULL,'$2y$10$IkImm6d/Rj1d5fzlDxuSq.ZNTQHSOp67wj4FFuapwm03NnEwB8bTe',NULL,1,'99135635',NULL,NULL,NULL,'130826',NULL,NULL,NULL,NULL,NULL,NULL,NULL,NULL,'2023-11-14 00:10:08','2023-11-14 00:10:18',NULL,'true','true',0,0,NULL,NULL,NULL,NULL,NULL,0,1),(6503,'ali',NULL,NULL,NULL,'$2y$10$AngFuxmfuclRJKeE5bJb0OoSfQmOHGhOiluXWYfiqStn8uukbUkU.',NULL,0,'65010010',NULL,NULL,NULL,'349648',NULL,NULL,NULL,NULL,NULL,NULL,NULL,NULL,'2023-11-14 07:20:10','2023-11-14 07:20:10',NULL,'true','true',0,0,NULL,NULL,NULL,NULL,NULL,0,1),(6504,'يوسف فالح الملعبي',NULL,NULL,NULL,'$2y$10$XXYgtfEXtXAEEAMZAU87D.Pjr0jjTfzMuYULp0LmzX6TZWEO1cPv.',NULL,1,'55567131',NULL,NULL,NULL,'227182',NULL,NULL,NULL,NULL,NULL,NULL,NULL,NULL,'2023-11-14 18:25:31','2023-11-14 18:25:43',NULL,'true','true',0,0,NULL,NULL,NULL,NULL,NULL,0,1),(6505,'Eissa',NULL,NULL,NULL,'$2y$10$oQcB4BjERZamrUVH3ZND6elHTvC9VIWh1vlJ.jCQMaDgjnaHeQBSq',NULL,1,'65550660',NULL,NULL,NULL,'590708',NULL,NULL,NULL,NULL,NULL,NULL,NULL,NULL,'2023-11-17 23:36:25','2023-11-17 23:36:49',NULL,'true','true',0,0,NULL,NULL,NULL,NULL,NULL,0,1),(6506,'ناصربداح',NULL,NULL,NULL,'$2y$10$3nxmgQdxOi8r2prEyMnbE.wLZ2Fn1vrkBR98VXmHPh8LrTjn08GlW',NULL,1,'50706005',NULL,NULL,NULL,'491532',NULL,NULL,NULL,NULL,NULL,NULL,NULL,NULL,'2023-11-19 13:26:00','2023-11-19 13:26:32',NULL,'true','true',0,0,NULL,NULL,NULL,NULL,NULL,0,1),(6507,'نواف الصواغ',NULL,NULL,NULL,'$2y$10$cKQDeEzbOLM6nMx0L6O35uf.ECAzt7R9BCJGo152s3f.0X5epMO5u',NULL,1,'66121909',NULL,NULL,NULL,'771943',NULL,NULL,NULL,NULL,NULL,NULL,NULL,NULL,'2023-11-19 21:29:59','2023-11-19 21:30:13',NULL,'true','true',0,0,NULL,NULL,NULL,NULL,NULL,0,1),(6508,'عمر مشعل',NULL,NULL,NULL,'$2y$10$p1VGcltPzD2rr3.XATF3GOnLyvY5fUvRTGJwpdWmg.nbEgOfnF/bq',NULL,0,'٩٠٩٠١٥٥٢٨',NULL,NULL,NULL,'491824',NULL,NULL,NULL,NULL,NULL,NULL,NULL,NULL,'2023-11-20 22:10:58','2023-11-20 22:10:58',NULL,'true','true',0,0,NULL,NULL,NULL,NULL,NULL,0,1),(6509,'yousif',NULL,NULL,NULL,'$2y$10$KRANru6N8jae48obkFb/fOUs8vwSxyc6VfLbYaCLyLu6ZjeAIp.0C',NULL,0,'67760699',NULL,NULL,NULL,'747604',NULL,NULL,NULL,NULL,NULL,NULL,NULL,NULL,'2023-11-21 11:12:58','2023-11-21 11:12:58',NULL,'true','true',0,0,NULL,NULL,NULL,NULL,NULL,0,1),(6510,'مرزوق الدماك',NULL,NULL,NULL,'$2y$10$cZA88MrcccpelXtvWFJJUu3/VrT41mXNXYNy6mH4FAgw076KtLNye',NULL,0,'97589333',NULL,NULL,NULL,'313870',NULL,NULL,NULL,NULL,NULL,NULL,'2023-11-23 14:31:57','37.231.132.46','2023-11-23 14:30:08','2023-11-23 14:31:57',NULL,'true','true',0,0,NULL,NULL,NULL,NULL,NULL,0,1),(6511,'a.ALAZMI',NULL,NULL,NULL,'$2y$10$2kRWEHMubCHSHqi3XgysuerJbsKB5RGWVPpuvb0FZL..hBkF71w9a',NULL,1,'96693980',NULL,NULL,NULL,'771358',NULL,NULL,NULL,NULL,NULL,NULL,NULL,NULL,'2023-11-26 00:51:00','2023-11-26 00:51:08',NULL,'true','true',0,0,NULL,NULL,NULL,NULL,NULL,0,1),(6512,'راشد',NULL,NULL,NULL,'$2y$10$SLSonRIsUv7DeQ889jVSD.eozs9d/yYdU4C/2RyKdAbPU7d53Q8.a',NULL,1,'99535565',NULL,NULL,NULL,'690822',NULL,NULL,NULL,NULL,NULL,NULL,NULL,NULL,'2023-11-26 07:27:40','2023-11-26 07:27:52',NULL,'true','true',0,0,NULL,NULL,NULL,NULL,NULL,0,1),(6513,'ساير بن ساير',NULL,NULL,NULL,'$2y$10$zTwcMDD7zj/JG0T1Fnydl.s9pBm2boPTYEzjYDWfR1h9CEtuGGOAW',NULL,1,'55549888',NULL,NULL,NULL,'101872',NULL,NULL,NULL,NULL,NULL,NULL,NULL,NULL,'2023-11-27 23:02:11','2023-11-27 23:02:51',NULL,'true','true',0,0,NULL,NULL,NULL,NULL,NULL,0,1),(6514,'فهد العازمي',NULL,NULL,NULL,'$2y$10$YFD9DC0siE9DJg4oQtYeOeY4b8kW14KoJiX08oeBXRleqOj0ortx.',NULL,1,'50960004',NULL,NULL,NULL,'524386',NULL,NULL,NULL,NULL,NULL,NULL,NULL,NULL,'2023-11-28 15:05:13','2023-11-28 15:05:28',NULL,'true','true',0,0,NULL,NULL,NULL,NULL,NULL,0,1),(6515,'عيسى الكريباني',NULL,NULL,NULL,'$2y$10$sCUt2YaFA13pVHSQV5evIeIjU4SdiUcXxdiM8xYYocTw1XLwz6lie',NULL,1,'66644428',NULL,NULL,NULL,'722159',NULL,NULL,NULL,NULL,NULL,NULL,NULL,NULL,'2023-12-02 21:20:12','2023-12-02 21:32:20',NULL,'true','true',0,0,NULL,NULL,NULL,NULL,NULL,0,1),(6516,'خالد الجالي',NULL,NULL,NULL,'$2y$10$93G9K2X3WT5aNxeX6yj3jeCbI/B.b85bAzzkTFbopYzgLMNmBiYHK',NULL,1,'55777059',NULL,NULL,NULL,'283586',NULL,NULL,NULL,NULL,NULL,NULL,NULL,NULL,'2023-12-03 08:07:51','2023-12-03 08:08:22',NULL,'true','true',0,0,NULL,NULL,NULL,NULL,NULL,0,1),(6517,'فـهد المحيلبي',NULL,NULL,NULL,'$2y$10$gt91cZtQUZSvaGJuooaobOPQw/3pi/YseISxeuz6.pM65V.gbye9.',NULL,1,'65130442',NULL,NULL,NULL,'504076',NULL,NULL,NULL,NULL,NULL,NULL,NULL,NULL,'2023-12-04 10:23:54','2023-12-04 10:24:51',NULL,'true','true',0,0,NULL,NULL,NULL,NULL,NULL,0,1),(6518,'ahmaadd',NULL,NULL,NULL,'$2y$10$hTVvpN3D5jyUYGyzS9CG7exTUxQXmYcwmjuilM.jo6LsU81gEkH0W',NULL,1,'50998822',NULL,NULL,NULL,'130605',NULL,NULL,NULL,NULL,NULL,NULL,NULL,NULL,'2023-12-04 19:09:01','2023-12-04 19:09:11',NULL,'true','true',0,0,NULL,NULL,NULL,NULL,NULL,0,1),(6519,'محمد العازمي',NULL,NULL,NULL,'$2y$10$Dyxo19jKnJ3um8utUFOSS.zziY9krgkhlPZWmeHOS4DUqQ9O3eCEW',NULL,1,'55889916',NULL,NULL,NULL,'654068',NULL,NULL,NULL,NULL,NULL,NULL,NULL,NULL,'2023-12-06 04:41:52','2023-12-06 04:42:02',NULL,'true','true',0,0,NULL,NULL,NULL,NULL,NULL,0,1),(6520,'ابو محمد',NULL,NULL,NULL,'$2y$10$o2d7kSdS3M33TaPljEmqFeVpwIMTChpgqxxI/Zt7Uuq2TJGeR/XxW',NULL,1,'60655525',NULL,NULL,NULL,'651764',NULL,NULL,NULL,NULL,NULL,NULL,NULL,NULL,'2023-12-06 14:25:51','2023-12-06 14:29:04',NULL,'true','true',0,0,NULL,NULL,NULL,NULL,NULL,0,1),(6521,'عبدالله ابو عليان',NULL,NULL,NULL,'$2y$10$ICar.KFLF7c9H98N3L1.l.d4KGZ4eDdXQPUe9Oy4LcwtTbtEOGbaq',NULL,0,'0593846316',NULL,NULL,NULL,'575560',NULL,NULL,NULL,NULL,NULL,NULL,NULL,NULL,'2023-12-07 18:50:39','2023-12-07 18:50:39',NULL,'true','true',0,0,NULL,NULL,NULL,NULL,NULL,0,1),(6522,'kaled',NULL,NULL,NULL,'$2y$10$7CGfL4/dfUnSPUObRDqNnulG9/0KdyabjPcwNnwdmcNZoT9oInlJq',NULL,1,'55660008',NULL,NULL,NULL,'553989',NULL,NULL,NULL,NULL,NULL,NULL,NULL,NULL,'2023-12-12 13:36:20','2023-12-12 13:36:36',NULL,'true','true',0,0,NULL,NULL,NULL,NULL,NULL,0,1),(6523,'ahmadalazmi12',NULL,NULL,NULL,'$2y$10$FoM8GnXmHAYHwQ41gqBgfescm.ZEVdKNFB8ixFa/iSIlkf56Lf47e',NULL,1,'50266368',NULL,NULL,NULL,'231998',NULL,NULL,NULL,NULL,NULL,NULL,NULL,NULL,'2023-12-16 03:18:39','2023-12-16 03:18:54',NULL,'true','true',0,0,NULL,NULL,NULL,NULL,NULL,0,1);

--
-- Table structure for table `wallet_uses`
--

CREATE TABLE `wallet_uses` (
  `id` int unsigned NOT NULL AUTO_INCREMENT,
  `user_id` int unsigned DEFAULT NULL,
  `order_id` int unsigned DEFAULT NULL,
  `price` double(8,2) NOT NULL DEFAULT '0.00',
  `refund` double(8,2) NOT NULL DEFAULT '0.00',
  `created_at` timestamp NULL DEFAULT NULL,
  `updated_at` timestamp NULL DEFAULT NULL,
  PRIMARY KEY (`id`),
  KEY `wallet_uses_user_id_foreign` (`user_id`),
  KEY `wallet_uses_order_id_foreign` (`order_id`)
) ENGINE=InnoDB AUTO_INCREMENT=28 DEFAULT CHARSET=utf8mb4 COLLATE=utf8mb4_unicode_ci;

--
-- Dumping data for table `wallet_uses`
--

INSERT INTO `wallet_uses` (`id`, `user_id`, `order_id`, `price`, `refund`, `created_at`, `updated_at`) VALUES (1,1,3487,1.80,0.00,'2021-03-31 15:31:09','2021-03-31 15:31:09'),(7,5321,4847,5.50,0.00,'2021-05-03 14:32:48','2021-05-03 14:32:48'),(8,5479,4350,10.00,6.00,'2021-05-03 14:32:52','2021-05-03 14:32:52'),(12,5479,4851,7.00,3.00,'2021-05-03 15:25:45','2021-05-03 15:25:45'),(15,5321,4856,7.00,0.00,'2021-05-03 15:52:48','2021-05-03 15:53:27'),(16,5321,4859,2.25,0.00,'2021-05-03 15:59:24','2021-05-03 15:59:38'),(17,5321,4860,15.00,2.25,'2021-05-03 16:00:49','2021-05-03 16:00:49'),(18,5479,4851,3.00,0.00,'2021-05-03 16:28:46','2021-05-03 16:28:46'),(19,5321,4864,15.00,2.25,'2021-05-03 16:30:18','2021-05-03 16:30:18'),(20,5321,4864,2.25,0.00,'2021-05-03 16:30:52','2021-05-03 16:30:52'),(21,5321,4866,20.00,18.35,'2021-05-03 16:34:28','2021-05-03 16:34:28'),(22,5321,4866,18.35,10.10,'2021-05-03 16:35:42','2021-05-03 16:35:42'),(23,5321,4866,10.10,6.80,'2021-05-03 16:35:57','2021-05-03 16:35:57'),(24,5002,1208,5.40,0.00,'2021-05-03 23:31:28','2021-05-03 23:31:28'),(25,5002,1208,6.00,0.00,'2021-05-03 23:41:44','2021-05-03 23:41:44'),(26,5321,5112,6.80,0.00,'2021-05-06 20:39:33','2021-05-06 20:39:33'),(27,3804,5458,31.30,6.30,'2021-05-11 12:31:36','2021-05-11 12:31:36');

--
-- Table structure for table `wallets`
--

CREATE TABLE `wallets` (
  `id` int unsigned NOT NULL AUTO_INCREMENT,
  `user_id` int unsigned DEFAULT NULL,
  `price` double(8,2) NOT NULL DEFAULT '0.00',
  `created_at` timestamp NULL DEFAULT NULL,
  `updated_at` timestamp NULL DEFAULT NULL,
  PRIMARY KEY (`id`),
  KEY `wallets_user_id_foreign` (`user_id`)
) ENGINE=InnoDB AUTO_INCREMENT=6 DEFAULT CHARSET=utf8mb4 COLLATE=utf8mb4_unicode_ci;

--
-- Dumping data for table `wallets`
--

INSERT INTO `wallets` (`id`, `user_id`, `price`, `created_at`, `updated_at`) VALUES (1,5321,0.00,'2021-03-31 15:28:36','2021-05-06 20:39:33'),(2,5479,0.00,'2021-04-16 16:06:12','2021-05-03 16:28:46'),(3,5753,2.30,'2021-04-18 02:22:57','2021-04-18 02:22:57'),(4,5002,0.00,'2021-04-27 19:58:07','2021-05-03 23:41:44'),(5,3804,6.30,'2021-05-09 13:56:39','2021-05-11 12:31:36');

--
-- Table structure for table `weight_translations`
--

CREATE TABLE `weight_translations` (
  `id` int unsigned NOT NULL AUTO_INCREMENT,
  `weight_id` int unsigned NOT NULL,
  `name` varchar(191) CHARACTER SET utf8mb4 COLLATE utf8mb4_unicode_ci NOT NULL,
  `locale` varchar(191) CHARACTER SET utf8mb4 COLLATE utf8mb4_unicode_ci NOT NULL,
  `created_at` timestamp NULL DEFAULT NULL,
  `updated_at` timestamp NULL DEFAULT NULL,
  PRIMARY KEY (`id`),
  UNIQUE KEY `weight_translations_weight_id_locale_unique` (`weight_id`,`locale`),
  KEY `weight_translations_locale_index` (`locale`)
) ENGINE=InnoDB DEFAULT CHARSET=utf8mb4 COLLATE=utf8mb4_unicode_ci;

--
-- Dumping data for table `weight_translations`
--


--
-- Table structure for table `weights`
--

CREATE TABLE `weights` (
  `id` int unsigned NOT NULL AUTO_INCREMENT,
  `user_id` int unsigned NOT NULL,
  `created_at` timestamp NULL DEFAULT NULL,
  `updated_at` timestamp NULL DEFAULT NULL,
  PRIMARY KEY (`id`),
  KEY `weights_user_id_foreign` (`user_id`)
) ENGINE=InnoDB DEFAULT CHARSET=utf8mb4 COLLATE=utf8mb4_unicode_ci;

--
-- Dumping data for table `weights`
--


--
-- Dumping events for database 'topappkw_core_backend'
--

--
-- Dumping routines for database 'topappkw_core_backend'
--


