--
-- Host: localhost    Database: topappkw_core_backend
-- ------------------------------------------------------


--
-- Current Database: `topappkw_core_backend`
--


--
-- Table structure for table `activity_log`
--

CREATE TABLE `activity_log` (
  `id` bigint unsigned NOT NULL AUTO_INCREMENT,
  `log_name` varchar(191) CHARACTER SET utf8mb4 COLLATE utf8mb4_unicode_ci DEFAULT NULL,
  `description` text CHARACTER SET utf8mb4 COLLATE utf8mb4_unicode_ci NOT NULL,
  `subject_type` varchar(191) CHARACTER SET utf8mb4 COLLATE utf8mb4_unicode_ci DEFAULT NULL,
  `subject_id` bigint unsigned DEFAULT NULL,
  `causer_type` varchar(191) CHARACTER SET utf8mb4 COLLATE utf8mb4_unicode_ci DEFAULT NULL,
  `causer_id` bigint unsigned DEFAULT NULL,
  `properties` longtext CHARACTER SET utf8mb4 COLLATE utf8mb4_bin,
  `created_at` timestamp NULL DEFAULT NULL,
  `updated_at` timestamp NULL DEFAULT NULL,
  PRIMARY KEY (`id`),
  KEY `subject` (`subject_type`,`subject_id`),
  KEY `causer` (`causer_type`,`causer_id`),
  KEY `activity_log_log_name_index` (`log_name`)
) ENGINE=InnoDB AUTO_INCREMENT=2 DEFAULT CHARSET=utf8mb4 COLLATE=utf8mb4_unicode_ci;

--
-- Dumping data for table `activity_log`
--

INSERT INTO `activity_log` (`id`, `log_name`, `description`, `subject_type`, `subject_id`, `causer_type`, `causer_id`, `properties`, `created_at`, `updated_at`) VALUES (1,'default','Look, I logged something',NULL,NULL,'App\\User',1,'[]','2021-05-02 17:22:58','2021-05-02 17:22:58');

--
-- Table structure for table `ads`
--

CREATE TABLE `ads` (
  `id` int unsigned NOT NULL AUTO_INCREMENT,
  `user_id` int DEFAULT NULL,
  `image` varchar(191) CHARACTER SET utf8mb4 COLLATE utf8mb4_unicode_ci DEFAULT NULL,
  `category_id` int unsigned DEFAULT NULL,
  `region_id` int unsigned DEFAULT NULL,
  `package_id` int unsigned DEFAULT NULL,
  `status` varchar(191) CHARACTER SET utf8mb4 COLLATE utf8mb4_unicode_ci NOT NULL DEFAULT 'new',
  `statusAds` int NOT NULL DEFAULT '1',
  `constt` int NOT NULL DEFAULT '0',
  `end_offers` varchar(191) CHARACTER SET utf8mb4 COLLATE utf8mb4_unicode_ci DEFAULT NULL,
  `archevied` int NOT NULL DEFAULT '0',
  `created_at` timestamp NULL DEFAULT NULL,
  `updated_at` timestamp NULL DEFAULT NULL,
  `price` varchar(191) CHARACTER SET utf8mb4 COLLATE utf8mb4_unicode_ci DEFAULT NULL,
  `views` int DEFAULT '0',
  `phone` varchar(191) CHARACTER SET utf8mb4 COLLATE utf8mb4_unicode_ci DEFAULT NULL,
  PRIMARY KEY (`id`),
  KEY `ads_category_id_foreign` (`category_id`),
  KEY `ads_region_id_foreign` (`region_id`),
  KEY `ads_package_id_foreign` (`package_id`),
  CONSTRAINT `ads_category_id_foreign` FOREIGN KEY (`category_id`) REFERENCES `categories` (`id`) ON DELETE CASCADE,
  CONSTRAINT `ads_package_id_foreign` FOREIGN KEY (`package_id`) REFERENCES `packages` (`id`) ON DELETE CASCADE,
  CONSTRAINT `ads_region_id_foreign` FOREIGN KEY (`region_id`) REFERENCES `regions` (`id`) ON DELETE CASCADE
) ENGINE=InnoDB AUTO_INCREMENT=41 DEFAULT CHARSET=utf8mb4 COLLATE=utf8mb4_unicode_ci;

--
-- Dumping data for table `ads`
--

INSERT INTO `ads` (`id`, `user_id`, `image`, `category_id`, `region_id`, `package_id`, `status`, `statusAds`, `constt`, `end_offers`, `archevied`, `created_at`, `updated_at`, `price`, `views`, `phone`) VALUES (5,6371,'2023-04-07-scaled_10x-featured-social-media-image-size.png',16,2,26,'new',1,0,'2023-04-08 02:17:22',1,'2023-04-07 00:17:22','2023-04-08 22:00:04','55',2,'33333333'),(6,6371,'2023-04-07-scaled_AuroraPillars_Correia_4898.jpg',16,7,26,'new',1,0,'2023-04-08 02:20:18',1,'2023-04-07 00:20:18','2023-04-08 22:00:04','88',3,'67782374'),(7,6372,'2023-04-08-image_picker_2150651B-63EB-41F4-AADB-150EF8BFB008-1787-0000003D1242AF9E.jpg',16,63,26,'new',1,0,'2023-04-15 10:54:33',1,'2023-04-08 08:54:33','2023-04-12 18:29:38','88',3,'67782374'),(8,6361,'2023-04-08-image_picker_02411001-5462-41ED-8051-C9F44CD93B8B-13865-000008F938892B11.jpg',16,1,26,'new',1,0,'2023-04-15 12:42:42',1,'2023-04-08 10:42:42','2023-04-12 23:30:50','44',4,'41008687'),(9,6372,'2023-04-12-scaled_c12d7449-2185-4ad8-bf48-bf1410f0e8a23246407277686485255.jpg',45,1,26,'old',1,0,'2023-04-19 18:57:17',1,'2023-04-12 16:57:17','2023-04-12 18:31:13','Closure: () => String',0,'ghgh'),(10,6372,'2023-04-12-scaled_d8a957df-762c-4f43-b349-10b0d7dcebea8943740654898324702.jpg',45,3,26,'old',1,0,'2023-04-19 20:43:46',1,'2023-04-12 18:43:46','2023-04-13 14:37:32','Closure: () => String',0,'cv'),(11,6372,'2023-04-12-scaled_541d5833-485f-4d1b-ba39-3fb99badfe457049768804848521468.jpg',26,1,26,'new',1,0,'2023-04-19 20:49:53',1,'2023-04-12 18:49:53','2023-04-13 14:37:26','Closure: () => String',0,'gh'),(12,6372,'2023-04-12-scaled_bf7bbb9c-c5e2-43dd-918a-d1d98f72bc074940109038319405873.jpg',51,3,26,'old',1,0,'2023-04-19 20:58:06',1,'2023-04-12 18:58:06','2023-04-13 14:37:20','Closure: () => String',0,'mn'),(13,6372,'2023-04-12-image_picker_31E7294D-81FC-45D6-93A0-664303014FBB-9344-000003486AA04193.jpg',45,5,26,'new',1,0,'2023-04-19 21:36:10',1,'2023-04-12 19:36:10','2023-04-12 19:40:13','33',0,'fgfds'),(14,6372,'2023-04-12-image_picker_0A531C7D-3377-4C49-9926-F17A933DB091-9344-000003D21D040356.jpg',45,5,26,'new',1,0,'2023-04-19 21:43:45',1,'2023-04-12 19:43:45','2023-04-12 19:44:03','33',0,'ff'),(15,6372,'2023-04-12-image_picker_74AD34D4-C0CF-4C9E-81A5-842749038A99-9344-000003EA1F332CED.jpg',45,1,26,'new',1,0,'2023-04-19 21:45:27',1,'2023-04-12 19:45:27','2023-04-12 19:45:45','33',0,'dsfgsdg'),(16,6372,'2023-04-12-image_picker_931018C1-BF62-4DE8-84AB-0186A866EEF0-9344-0000045D948F74DE.jpg',45,4,26,'old',1,0,'2023-04-19 21:53:35',1,'2023-04-12 19:53:35','2023-04-12 19:53:54','55',0,'fffff'),(17,6372,'2023-04-12-image_picker_DE85DC8B-2742-4D03-9C58-56FF83151187-9344-0000048037F952D5.jpg',45,5,26,'new',1,0,'2023-04-19 21:56:31',1,'2023-04-12 19:56:31','2023-04-12 19:58:06','55',4,'67782374'),(18,6372,'2023-04-12-image_picker_EDA361DC-6007-4915-96D1-40BA5C5C137E-9344-000004A7B7201AD3.jpg',45,3,26,'old',1,0,'2023-04-19 21:58:56',1,'2023-04-12 19:58:56','2023-04-13 14:37:13','66',2,'43252'),(19,6361,'2023-04-13-image_picker_49D91F24-45A9-410B-A932-FA022199B783-3060-000001C85AB70953.jpg',45,1,21,'new',1,0,'2023-06-04 18:47:52',1,'2023-04-12 23:32:43','2023-06-04 21:00:05','100',15,'41008687'),(20,6361,'2023-04-13-image_picker_6F5F4543-89D0-4BF9-B80D-80B0E7F3DB61-3087-000001CB5E41E0B4.jpg',45,2,21,'old',1,0,'2023-06-04 18:47:12',1,'2023-04-12 23:41:34','2023-06-04 21:00:05','60',19,'41008687'),(21,6071,'2023-04-13-image_picker_F3E945FD-8F95-4D34-9E1D-5E911D050B30-2053-0000022314221D7D.jpg',56,76,26,'new',1,0,'2023-04-20 22:41:03',1,'2023-04-13 20:41:03','2023-04-20 22:00:03','100',15,'56641420'),(22,6372,'2023-04-13-f82ba0de-06d3-4144-903b-1a4887d9eb8b.jpeg',6,92,21,'new',1,0,'2023-05-13 23:13:32',1,'2023-04-13 21:13:32','2023-05-13 21:00:05','2',7,NULL),(23,6035,'2023-04-13-image_picker_7DA581A7-1460-467E-9926-EBA333479E96-656-0000000E1CCCD0C8.jpg',56,76,26,'old',1,0,'2023-04-20 23:21:32',1,'2023-04-13 21:21:32','2023-04-14 18:27:51','50',7,'98921888'),(24,6372,'2023-04-16-image_picker_EF777B14-6633-4F63-B176-C9EBECD231EE-20205-00000452B215C92F.jpg',45,4,26,'old',1,0,'2023-04-23 02:59:08',1,'2023-04-16 00:59:08','2023-04-23 22:00:04','67',8,'67782374'),(25,6361,'2023-04-27-image_picker_EA71FF4A-E40F-48C6-88D6-9AD7A6F81F0F-7168-00000543A3E127AB.jpg',45,2,21,'new',1,1,'2023-06-04 18:45:54',1,'2023-04-27 06:34:13','2023-06-04 21:00:05','10',183,'41008687'),(26,6421,'2023-05-06-IMG_6112.jpeg',60,2,21,'new',1,0,'2023-06-05 21:16:33',1,'2023-05-06 17:53:18','2023-06-05 21:00:04','35',25,'94133308'),(27,6421,'2023-05-24-IMG_6798.jpeg',26,2,26,'old',1,0,'2023-05-31 12:13:59',1,'2023-05-24 08:51:57','2023-05-31 21:00:04','0',12,'94133308'),(28,6436,'2023-05-25-image_picker_19BA9375-71FC-4709-A3B8-3DC656BC4429-2749-0000008C403AF235.png',56,76,26,'new',1,0,'2023-06-01 11:12:18',1,'2023-05-25 08:12:18','2023-06-01 21:00:04','???',3,'69991872'),(29,1,NULL,NULL,NULL,NULL,'new',1,0,NULL,1,'2023-06-05 14:23:04','2023-06-05 14:23:04',NULL,0,NULL),(30,1,'2023-06-06-IMG_7383.jpeg',65,90,21,'old',1,0,'2023-07-06 04:52:41',1,'2023-06-06 01:45:53','2023-11-15 15:26:30','10',12,'60095614'),(31,6441,'2023-06-07-scaled_1000012571.jpg',65,2,21,'new',1,0,'2023-07-07 20:05:31',1,'2023-06-07 16:51:17','2023-07-28 14:02:34','10',12,'60367150'),(32,1,'2023-06-07-IMG_7495.jpeg',59,76,21,'old',1,0,'2023-07-07 19:58:50',1,'2023-06-07 16:55:42','2023-07-07 21:00:04','000',6,'94133308'),(33,1,NULL,NULL,NULL,NULL,'new',1,0,NULL,1,'2023-10-07 19:47:21','2023-10-07 19:48:02',NULL,0,NULL),(34,1,NULL,NULL,NULL,NULL,'new',1,0,NULL,1,'2023-10-07 19:48:20','2023-10-07 19:49:03',NULL,0,NULL),(35,6361,'2023-10-07-image_picker_4B2CA135-02A9-46FD-B229-B0651B7607CF-728-00000334F36FB3BE.png',54,120,26,'new',1,0,'2023-10-14 19:50:26',1,'2023-10-07 19:50:26','2023-10-15 00:00:03','1',7,'66414248'),(36,1,NULL,NULL,NULL,NULL,'new',1,0,NULL,1,'2023-11-07 00:27:17','2023-11-07 00:28:04',NULL,0,NULL),(37,6361,'2023-11-07-image_picker_3C8EDC65-F505-4AFC-9545-ADF4FF1AB2DA-12208-0000076D4FCF2702.jpg',68,2,26,'new',1,0,'2023-11-14 00:31:00',1,'2023-11-07 00:31:00','2023-11-15 00:00:07','أسال المعلن',79,'67614043'),(38,6440,'2023-11-15-scaled_21471.jpg',63,76,26,'old',1,0,'2023-11-22 11:38:15',1,'2023-11-15 11:38:15','2023-11-23 00:00:04','10',4,'60095614'),(39,6517,'2023-12-04-image_picker_62880E03-8706-42D2-BFD7-54E7B63CA421-60277-00001D0824E298CB.jpg',16,74,26,'old',1,0,'2023-12-11 10:37:00',1,'2023-12-04 10:37:00','2023-12-12 00:00:06','15',72,'55129529'),(40,6517,'2023-12-17-image_picker_16256C68-F08B-4588-9D21-3AE7BD9DF8B7-31895-00002A11357C9D4D.jpg',16,74,26,'new',1,0,'2023-12-24 18:59:54',0,'2023-12-17 18:59:54','2023-12-18 11:41:07','1',9,'55129529');

--
-- Table structure for table `ads_translations`
--

CREATE TABLE `ads_translations` (
  `id` int unsigned NOT NULL AUTO_INCREMENT,
  `ads_id` int unsigned NOT NULL,
  `name` varchar(191) CHARACTER SET utf8mb4 COLLATE utf8mb4_unicode_ci DEFAULT NULL,
  `content` text CHARACTER SET utf8mb4 COLLATE utf8mb4_unicode_ci,
  `locale` varchar(191) CHARACTER SET utf8mb4 COLLATE utf8mb4_unicode_ci NOT NULL,
  `created_at` timestamp NULL DEFAULT NULL,
  `updated_at` timestamp NULL DEFAULT NULL,
  PRIMARY KEY (`id`),
  UNIQUE KEY `ads_translations_ads_id_locale_unique` (`ads_id`,`locale`),
  CONSTRAINT `ads_translations_ads_id_foreign` FOREIGN KEY (`ads_id`) REFERENCES `ads` (`id`) ON DELETE CASCADE
) ENGINE=InnoDB AUTO_INCREMENT=73 DEFAULT CHARSET=utf8mb4 COLLATE=utf8mb4_unicode_ci;

--
-- Dumping data for table `ads_translations`
--

INSERT INTO `ads_translations` (`id`, `ads_id`, `name`, `content`, `locale`, `created_at`, `updated_at`) VALUES (9,5,'bbb','jjjj','ar',NULL,NULL),(10,5,'bbb','jjjj','en',NULL,NULL),(11,6,'ghjjhg','ghjhgfjf','ar',NULL,NULL),(12,6,'ghjjhg','ghjhgfjf','en',NULL,NULL),(13,7,'تجريبي','تتتتترر','ar',NULL,NULL),(14,7,'تجريبي','تتتتترر','en',NULL,NULL),(15,8,'تجريبي 123','تجريبي 123','ar',NULL,NULL),(16,8,'تجريبي 123','تجريبي 123','en',NULL,NULL),(17,9,'fdfdf','ghgh','ar',NULL,NULL),(18,9,'fdfdf','ghgh','en',NULL,NULL),(19,10,'hh','xc','ar',NULL,NULL),(20,10,'hh','xc','en',NULL,NULL),(21,11,'gh','bv','ar',NULL,NULL),(22,11,'gh','bv','en',NULL,NULL),(23,12,'nn','c','ar',NULL,NULL),(24,12,'nn','c','en',NULL,NULL),(25,13,'dfgdf','dfgsds','ar',NULL,NULL),(26,13,'dfgdf','dfgsds','en',NULL,NULL),(27,14,'ff','ff','ar',NULL,NULL),(28,14,'ff','ff','en',NULL,NULL),(29,15,'fdsg','sfg','ar',NULL,NULL),(30,15,'fdsg','sfg','en',NULL,NULL),(31,16,'fffff','fdgsdg','ar',NULL,NULL),(32,16,'fffff','fdgsdg','en',NULL,NULL),(33,17,'sdfgfsdgs','sfdgsg','ar',NULL,NULL),(34,17,'sdfgfsdgs','sfdgsg','en',NULL,NULL),(35,18,'dsfsddfs','لايوجد وصف للاعلان','ar',NULL,NULL),(36,18,'dsfsddfs','لايوجد وصف للاعلان','en',NULL,NULL),(37,19,'تجريبي 1:32','تجريبي 1:32','ar',NULL,NULL),(38,19,'تجريبي 1:32','تجريبي 1:32','en',NULL,NULL),(39,20,'تجريبي 1:41','تجريبي 1:41','ar',NULL,NULL),(40,20,'تجريبي 1:41','تجريبي 1:41','en',NULL,NULL),(41,21,'تجريبي 10:40','تجريبي 10:40','ar',NULL,NULL),(42,21,'تجريبي 10:40','تجريبي 10:40','en',NULL,NULL),(43,22,'asd','asd','ar',NULL,NULL),(44,22,'d','dasd','en',NULL,NULL),(45,23,'تجريبي 11:21','تجريبي 11:21','ar',NULL,NULL),(46,23,'تجريبي 11:21','تجريبي 11:21','en',NULL,NULL),(47,24,'tftftfg','hghghgggg','ar',NULL,NULL),(48,24,'tftftfg','hghghgggg','en',NULL,NULL),(49,25,'تجريبي 8:33','بكل سرور، أرجو أن تزوّدني بمزيد من التفاصيل حول المنتج الذي تريد وصفه، بما في ذلك اسم المنتج وما يتضمنه من ميزات وفوائد وأي تفاصيل أخرى تود مشاركتها. سأقوم بإعداد وصف موجز وشامل للمنتج بأفضل طريقة ممكنة.','ar',NULL,NULL),(50,25,'تجريبي 8:33','بكل سرور، أرجو أن تزوّدني بمزيد من التفاصيل حول المنتج الذي تريد وصفه، بما في ذلك اسم المنتج وما يتضمنه من ميزات وفوائد وأي تفاصيل أخرى تود مشاركتها. سأقوم بإعداد وصف موجز وشامل للمنتج بأفضل طريقة ممكنة.','en',NULL,NULL),(51,26,'نطاطيات فن تايم','نطاطيات فن تايم من فضلك حدد مكان التوصيل و يوم الحجز وسيتم الرد عليك بأسرع وقت . للايجار او للاستفسار عن نطاطيات 📞94133308','ar',NULL,NULL),(52,26,'نطاطيات فن تايم','نطاطيات فن تايم من فضلك حدد مكان التوصيل و يوم الحجز وسيتم الرد عليك بأسرع وقت . للايجار او للاستفسار عن نطاطيات 📞94133308','en',NULL,NULL),(53,27,'ايفون 7 بلس','<p style=\"text-align: center;\">ايفون 7 بلس أحمر</p>','ar',NULL,NULL),(54,27,'ايفون 7 بلس','<p style=\"text-align: center;\">ايفون 7 بلس أحمر</p>','en',NULL,NULL),(55,28,'شركة الاغا للافراح','تجهيزات جميع الحفلات والصالات الافراح باحدث التجهيزات الفنية والتقنية الحديثة من الي','ar',NULL,NULL),(56,28,'شركة الاغا للافراح','تجهيزات جميع الحفلات والصالات الافراح باحدث التجهيزات الفنية والتقنية الحديثة من الي','en',NULL,NULL),(57,30,'مكافحة الحشرات','<p dir=\"rtl\" style=\"text-align: center;\">شركة&nbsp;طيبة&nbsp;لمكافحة&nbsp;الحشرات&nbsp;والقوارض&nbsp;أقوى&nbsp;المبيدات&nbsp;الألمانية&nbsp;والإنجليزية&nbsp;مرخصه&nbsp;صحيا&nbsp;للقضاء&nbsp;على&nbsp;زهيوي&nbsp;المطبخ&nbsp;والصراصير&nbsp;الكبيرهبجميع&nbsp;مناطق&nbsp;الكويت&nbsp;??. 60095614...97624009 - 97257405</p>','ar',NULL,NULL),(58,30,'مكافحة الحشرات','<p dir=\"rtl\" style=\"text-align: center;\">شركة&nbsp;طيبة&nbsp;لمكافحة&nbsp;الحشرات&nbsp;والقوارض&nbsp;أقوى&nbsp;المبيدات&nbsp;الألمانية&nbsp;والإنجليزية&nbsp;مرخصه&nbsp;صحيا&nbsp;للقضاء&nbsp;على&nbsp;زهيوي&nbsp;المطبخ&nbsp;والصراصير&nbsp;الكبيرهبجميع&nbsp;مناطق&nbsp;الكويت&nbsp;??. 60095614...97624009 - 97257405</p>','en',NULL,NULL),(59,31,'شركة مكافحة حشرات','<p style=\"text-align: center;\">افضل شركة مكافحة حشرات بالكويت ارخص الأسعار وأفضل أداء وكفاله عام مع كادر متخصص ومميز في مكافحة الحشرات والقوارض بالكويت مع مواد أمانا وغير ضارةومصرح بها من وزاره الصحه في دولة الكويت بدون رائحه وبدون مغادرة المنزل 60367150</p>','ar',NULL,NULL),(60,31,'شركة مكافحة حشرات','<p style=\"text-align: center;\">افضل شركة مكافحة حشرات بالكويت ارخص الأسعار وأفضل أداء وكفاله عام مع كادر متخصص ومميز في مكافحة الحشرات والقوارض بالكويت مع مواد أمانا وغير ضارةومصرح بها من وزاره الصحه في دولة الكويت بدون رائحه وبدون مغادرة المنزل 60367150</p>','en',NULL,NULL),(61,32,'ملعب صابون','<p dir=\"rtl\">للبيع&nbsp;ملعب&nbsp;صابون&nbsp;الصغير</p>','ar',NULL,NULL),(62,32,'ملعب صابون','<p dir=\"rtl\">للبيع&nbsp;ملعب&nbsp;صابون&nbsp;الصغير</p>','en',NULL,NULL),(63,35,'بقاله','بقاله توصيل طلبات','ar',NULL,NULL),(64,35,'بقاله','بقاله توصيل طلبات','en',NULL,NULL),(65,37,'نقل عفش','نقل عفش الكويت ارخص الاسعار جميع مناطق الكويت يوجد نقل وتخزين الاثاث بعنايه','ar',NULL,NULL),(66,37,'نقل عفش','نقل عفش الكويت ارخص الاسعار جميع مناطق الكويت يوجد نقل وتخزين الاثاث بعنايه','en',NULL,NULL),(67,38,'مكافحة الحشرات والقوارض','طيبة لمكافحة الحشرات والقوارض أقوى المبيدات الألمانية والإنجليزية مرخصه صحيا للقضاء على زهيوي المطبخ والصراصير الكبيره بجميع مناطق الكويت 🇰🇼','ar',NULL,NULL),(68,38,'مكافحة الحشرات والقوارض','طيبة لمكافحة الحشرات والقوارض أقوى المبيدات الألمانية والإنجليزية مرخصه صحيا للقضاء على زهيوي المطبخ والصراصير الكبيره بجميع مناطق الكويت 🇰🇼','en',NULL,NULL),(69,39,'deer chocolate 🦌','نتميز في الشوكلت السويسري 🇨🇭  واجود انواع الموالح','ar',NULL,NULL),(70,39,'deer chocolate 🦌','نتميز في الشوكلت السويسري 🇨🇭  واجود انواع الموالح','en',NULL,NULL),(71,40,'دير شوكلت 🇨🇭','نتميز في أفضل أنواع الشوكلت 🇨🇭 والفطائر الطازجة التي صنعت خصيصًا لكم','ar',NULL,NULL),(72,40,'دير شوكلت 🇨🇭','نتميز في أفضل أنواع الشوكلت 🇨🇭 والفطائر الطازجة التي صنعت خصيصًا لكم','en',NULL,NULL);

--
-- Table structure for table `arrival_prices`
--

CREATE TABLE `arrival_prices` (
  `id` bigint unsigned NOT NULL AUTO_INCREMENT,
  `region_id` int DEFAULT NULL,
  `price` double DEFAULT NULL,
  `created_at` timestamp NULL DEFAULT NULL,
  `updated_at` timestamp NULL DEFAULT NULL,
  `user_id` int unsigned NOT NULL,
  PRIMARY KEY (`id`),
  KEY `user_id` (`user_id`)
) ENGINE=InnoDB AUTO_INCREMENT=351 DEFAULT CHARSET=utf8mb4 COLLATE=utf8mb4_unicode_ci;

--
-- Dumping data for table `arrival_prices`
--

INSERT INTO `arrival_prices` (`id`, `region_id`, `price`, `created_at`, `updated_at`, `user_id`) VALUES (5,1,11,'2021-08-28 23:09:51','2021-09-29 21:01:35',1),(6,2,11,'2021-08-28 23:09:51','2021-09-29 21:01:35',1),(7,3,11,'2021-08-28 23:09:51','2021-09-29 21:01:35',1),(8,4,11,'2021-08-28 23:09:51','2021-09-29 21:01:35',1),(9,5,11,'2021-08-28 23:09:51','2021-09-29 21:01:35',1),(10,6,11,'2021-08-28 23:09:51','2021-09-29 21:01:35',1),(11,7,11,'2021-08-28 23:09:51','2021-09-29 21:01:35',1),(12,8,11,'2021-08-28 23:09:51','2021-09-29 21:01:35',1),(13,9,11,'2021-08-28 23:09:51','2021-09-29 21:01:35',1),(14,10,11,'2021-08-28 23:09:51','2021-09-29 21:01:35',1),(15,11,11,'2021-08-28 23:09:51','2021-09-29 21:01:35',1),(16,12,11,'2021-08-28 23:09:51','2021-09-29 21:01:35',1),(17,13,11,'2021-08-28 23:09:51','2021-09-29 21:01:35',1),(18,14,11,'2021-08-28 23:09:51','2021-09-29 21:01:35',1),(19,15,11,'2021-08-28 23:09:51','2021-09-29 21:01:35',1),(20,16,11,'2021-08-28 23:09:51','2021-09-29 21:01:35',1),(21,17,11,'2021-08-28 23:09:51','2021-09-29 21:01:35',1),(22,18,11,'2021-08-28 23:09:51','2021-09-29 21:01:35',1),(23,19,11,'2021-08-28 23:09:51','2021-09-29 21:01:35',1),(24,20,11,'2021-08-28 23:09:51','2021-09-29 21:01:35',1),(25,21,11,'2021-08-28 23:09:51','2021-09-29 21:01:35',1),(26,22,11,'2021-08-28 23:09:51','2021-09-29 21:01:35',1),(27,23,11,'2021-08-28 23:09:51','2021-09-29 21:01:35',1),(28,24,11,'2021-08-28 23:09:51','2021-09-29 21:01:35',1),(29,25,11,'2021-08-28 23:09:51','2021-09-29 21:01:35',1),(30,26,11,'2021-08-28 23:09:51','2021-09-29 21:01:35',1),(31,27,11,'2021-08-28 23:09:51','2021-09-29 21:01:35',1),(32,28,11,'2021-08-28 23:09:51','2021-09-29 21:01:35',1),(33,29,11,'2021-08-28 23:09:51','2021-09-29 21:01:35',1),(34,30,11,'2021-08-28 23:09:51','2021-09-29 21:01:35',1),(35,31,11,'2021-08-28 23:09:51','2021-09-29 21:01:35',1),(36,32,11,'2021-08-28 23:09:51','2021-09-29 21:01:35',1),(37,33,11,'2021-08-28 23:09:51','2021-09-29 21:01:35',1),(38,34,11,'2021-08-28 23:09:51','2021-09-29 21:01:35',1),(39,35,11,'2021-08-28 23:09:51','2021-09-29 21:01:35',1),(40,36,11,'2021-08-28 23:09:51','2021-09-29 21:01:35',1),(41,37,3,'2021-08-28 23:09:51','2021-09-29 21:01:35',1),(42,38,3,'2021-08-28 23:09:51','2021-09-29 21:01:35',1),(43,39,3,'2021-08-28 23:09:51','2021-09-29 21:01:35',1),(44,40,3,'2021-08-28 23:09:51','2021-09-29 21:01:35',1),(45,41,3,'2021-08-28 23:09:51','2021-09-29 21:01:35',1),(46,42,3,'2021-08-28 23:09:51','2021-09-29 21:01:35',1),(47,43,3,'2021-08-28 23:09:51','2021-09-29 21:01:35',1),(48,44,3,'2021-08-28 23:09:51','2021-09-29 21:01:35',1),(49,45,3,'2021-08-28 23:09:51','2021-09-29 21:01:35',1),(50,46,3,'2021-08-28 23:09:51','2021-09-29 21:01:35',1),(51,47,3,'2021-08-28 23:09:51','2021-09-29 21:01:35',1),(52,48,3,'2021-08-28 23:09:51','2021-09-29 21:01:35',1),(53,49,3,'2021-08-28 23:09:51','2021-09-29 21:01:35',1),(54,50,3,'2021-08-28 23:09:51','2021-09-29 21:01:35',1),(55,51,3,'2021-08-28 23:09:51','2021-09-29 21:01:35',1),(56,52,3,'2021-08-28 23:09:51','2021-09-29 21:01:35',1),(57,53,3,'2021-08-28 23:09:51','2021-09-29 21:01:35',1),(58,90,0,'2021-08-28 23:09:51','2021-09-29 21:01:35',1),(59,91,0,'2021-08-28 23:09:51','2021-09-29 21:01:35',1),(60,92,0,'2021-08-28 23:09:51','2021-09-29 21:01:35',1),(61,93,0,'2021-08-28 23:09:51','2021-09-29 21:01:35',1),(62,94,0,'2021-08-28 23:09:51','2021-09-29 21:01:35',1),(63,95,0,'2021-08-28 23:09:51','2021-09-29 21:01:35',1),(64,96,0,'2021-08-28 23:09:51','2021-09-29 21:01:35',1),(65,97,0,'2021-08-28 23:09:51','2021-09-29 21:01:35',1),(66,98,0,'2021-08-28 23:09:51','2021-09-29 21:01:35',1),(67,99,0,'2021-08-28 23:09:51','2021-09-29 21:01:35',1),(68,100,0,'2021-08-28 23:09:51','2021-09-29 21:01:35',1),(69,101,0,'2021-08-28 23:09:51','2021-09-29 21:01:35',1),(70,102,0,'2021-08-28 23:09:51','2021-09-29 21:01:35',1),(71,54,0,'2021-08-28 23:09:51','2021-09-29 21:01:35',1),(72,55,0,'2021-08-28 23:09:51','2021-09-29 21:01:35',1),(73,56,0,'2021-08-28 23:09:51','2021-09-29 21:01:35',1),(74,57,0,'2021-08-28 23:09:51','2021-09-29 21:01:35',1),(75,58,0,'2021-08-28 23:09:51','2021-09-29 21:01:35',1),(76,59,0,'2021-08-28 23:09:51','2021-09-29 21:01:35',1),(77,60,0,'2021-08-28 23:09:51','2021-09-29 21:01:35',1),(78,61,0,'2021-08-28 23:09:51','2021-09-29 21:01:35',1),(79,62,0,'2021-08-28 23:09:51','2021-09-29 21:01:35',1),(80,63,0,'2021-08-28 23:09:51','2021-09-29 21:01:35',1),(81,64,0,'2021-08-28 23:09:51','2021-09-29 21:01:35',1),(82,65,0,'2021-08-28 23:09:51','2021-09-29 21:01:35',1),(83,66,0,'2021-08-28 23:09:51','2021-09-29 21:01:35',1),(84,67,0,'2021-08-28 23:09:51','2021-09-29 21:01:35',1),(85,68,0,'2021-08-28 23:09:51','2021-09-29 21:01:35',1),(86,69,0,'2021-08-28 23:09:51','2021-09-29 21:01:35',1),(87,70,0,'2021-08-28 23:09:51','2021-09-29 21:01:35',1),(88,71,0,'2021-08-28 23:09:51','2021-09-29 21:01:35',1),(89,72,0,'2021-08-28 23:09:51','2021-09-29 21:01:35',1),(90,103,0,'2021-08-28 23:09:51','2021-09-29 21:01:35',1),(91,104,0,'2021-08-28 23:09:51','2021-09-29 21:01:35',1),(92,105,0,'2021-08-28 23:09:51','2021-09-29 21:01:35',1),(93,106,0,'2021-08-28 23:09:51','2021-09-29 21:01:35',1),(94,107,0,'2021-08-28 23:09:51','2021-09-29 21:01:35',1),(95,108,0,'2021-08-28 23:09:51','2021-09-29 21:01:35',1),(96,109,0,'2021-08-28 23:09:51','2021-09-29 21:01:35',1),(97,110,0,'2021-08-28 23:09:51','2021-09-29 21:01:35',1),(98,111,0,'2021-08-28 23:09:51','2021-09-29 21:01:35',1),(99,112,0,'2021-08-28 23:09:51','2021-09-29 21:01:35',1),(100,113,0,'2021-08-28 23:09:51','2021-09-29 21:01:35',1),(101,73,0,'2021-08-28 23:09:51','2021-09-29 21:01:35',1),(102,74,0,'2021-08-28 23:09:51','2021-09-29 21:01:35',1),(103,75,0,'2021-08-28 23:09:51','2021-09-29 21:01:35',1),(104,76,0,'2021-08-28 23:09:51','2021-09-29 21:01:35',1),(105,77,0,'2021-08-28 23:09:51','2021-09-29 21:01:35',1),(106,78,0,'2021-08-28 23:09:51','2021-09-29 21:01:35',1),(107,79,0,'2021-08-28 23:09:51','2021-09-29 21:01:35',1),(108,80,0,'2021-08-28 23:09:51','2021-09-29 21:01:35',1),(109,81,0,'2021-08-28 23:09:51','2021-09-29 21:01:35',1),(110,82,0,'2021-08-28 23:09:51','2021-09-29 21:01:35',1),(111,83,0,'2021-08-28 23:09:51','2021-09-29 21:01:35',1),(112,84,0,'2021-08-28 23:09:51','2021-09-29 21:01:35',1),(113,85,0,'2021-08-28 23:09:51','2021-09-29 21:01:35',1),(114,86,0,'2021-08-28 23:09:51','2021-09-29 21:01:35',1),(115,87,0,'2021-08-28 23:09:51','2021-09-29 21:01:35',1),(116,88,0,'2021-08-28 23:09:51','2021-09-29 21:01:35',1),(118,1,3,'2021-09-29 21:01:14','2021-09-29 21:01:23',5948),(119,2,3,'2021-09-29 21:01:14','2021-09-29 21:01:23',5948),(120,3,3,'2021-09-29 21:01:14','2021-09-29 21:01:23',5948),(121,4,3,'2021-09-29 21:01:14','2021-09-29 21:01:23',5948),(122,5,3,'2021-09-29 21:01:14','2021-09-29 21:01:23',5948),(123,6,3,'2021-09-29 21:01:14','2021-09-29 21:01:23',5948),(124,7,3,'2021-09-29 21:01:14','2021-09-29 21:01:23',5948),(125,8,3,'2021-09-29 21:01:14','2021-09-29 21:01:23',5948),(126,9,3,'2021-09-29 21:01:14','2021-09-29 21:01:23',5948),(127,10,3,'2021-09-29 21:01:14','2021-09-29 21:01:23',5948),(128,11,3,'2021-09-29 21:01:14','2021-09-29 21:01:23',5948),(129,12,3,'2021-09-29 21:01:14','2021-09-29 21:01:23',5948),(130,13,3,'2021-09-29 21:01:14','2021-09-29 21:01:23',5948),(131,14,3,'2021-09-29 21:01:14','2021-09-29 21:01:23',5948),(132,15,3,'2021-09-29 21:01:14','2021-09-29 21:01:23',5948),(133,16,3,'2021-09-29 21:01:14','2021-09-29 21:01:23',5948),(134,17,3,'2021-09-29 21:01:14','2021-09-29 21:01:23',5948),(135,18,3,'2021-09-29 21:01:14','2021-09-29 21:01:23',5948),(136,19,3,'2021-09-29 21:01:14','2021-09-29 21:01:23',5948),(137,20,3,'2021-09-29 21:01:14','2021-09-29 21:01:23',5948),(138,21,3,'2021-09-29 21:01:14','2021-09-29 21:01:23',5948),(139,22,3,'2021-09-29 21:01:14','2021-09-29 21:01:23',5948),(140,23,3,'2021-09-29 21:01:14','2021-09-29 21:01:23',5948),(141,24,3,'2021-09-29 21:01:14','2021-09-29 21:01:23',5948),(142,25,3,'2021-09-29 21:01:14','2021-09-29 21:01:23',5948),(143,26,3,'2021-09-29 21:01:14','2021-09-29 21:01:23',5948),(144,27,3,'2021-09-29 21:01:14','2021-09-29 21:01:23',5948),(145,28,3,'2021-09-29 21:01:14','2021-09-29 21:01:23',5948),(146,29,3,'2021-09-29 21:01:14','2021-09-29 21:01:23',5948),(147,30,3,'2021-09-29 21:01:14','2021-09-29 21:01:23',5948),(148,31,3,'2021-09-29 21:01:14','2021-09-29 21:01:23',5948),(149,32,3,'2021-09-29 21:01:14','2021-09-29 21:01:23',5948),(150,33,3,'2021-09-29 21:01:14','2021-09-29 21:01:23',5948),(151,34,3,'2021-09-29 21:01:14','2021-09-29 21:01:23',5948),(152,35,3,'2021-09-29 21:01:14','2021-09-29 21:01:23',5948),(153,36,3,'2021-09-29 21:01:14','2021-09-29 21:01:23',5948),(154,37,1,'2021-09-29 21:01:14','2021-09-29 21:01:23',5948),(155,38,1,'2021-09-29 21:01:14','2021-09-29 21:01:23',5948),(156,39,1,'2021-09-29 21:01:14','2021-09-29 21:01:23',5948),(157,40,1,'2021-09-29 21:01:14','2021-09-29 21:01:23',5948),(158,41,1,'2021-09-29 21:01:14','2021-09-29 21:01:23',5948),(159,42,1,'2021-09-29 21:01:14','2021-09-29 21:01:23',5948),(160,43,1,'2021-09-29 21:01:14','2021-09-29 21:01:23',5948),(161,44,1,'2021-09-29 21:01:14','2021-09-29 21:01:23',5948),(162,45,1,'2021-09-29 21:01:14','2021-09-29 21:01:23',5948),(163,46,1,'2021-09-29 21:01:14','2021-09-29 21:01:23',5948),(164,47,1,'2021-09-29 21:01:14','2021-09-29 21:01:23',5948),(165,48,1,'2021-09-29 21:01:14','2021-09-29 21:01:23',5948),(166,49,1,'2021-09-29 21:01:14','2021-09-29 21:01:23',5948),(167,50,1,'2021-09-29 21:01:14','2021-09-29 21:01:23',5948),(168,51,1,'2021-09-29 21:01:14','2021-09-29 21:01:23',5948),(169,52,1,'2021-09-29 21:01:14','2021-09-29 21:01:23',5948),(170,53,1,'2021-09-29 21:01:14','2021-09-29 21:01:23',5948),(171,90,0,'2021-09-29 21:01:14','2021-09-29 21:01:23',5948),(172,91,0,'2021-09-29 21:01:14','2021-09-29 21:01:23',5948),(173,92,0,'2021-09-29 21:01:14','2021-09-29 21:01:23',5948),(174,93,0,'2021-09-29 21:01:14','2021-09-29 21:01:23',5948),(175,94,0,'2021-09-29 21:01:14','2021-09-29 21:01:23',5948),(176,95,0,'2021-09-29 21:01:14','2021-09-29 21:01:23',5948),(177,96,0,'2021-09-29 21:01:14','2021-09-29 21:01:23',5948),(178,97,0,'2021-09-29 21:01:14','2021-09-29 21:01:23',5948),(179,98,0,'2021-09-29 21:01:14','2021-09-29 21:01:23',5948),(180,99,0,'2021-09-29 21:01:14','2021-09-29 21:01:23',5948),(181,100,0,'2021-09-29 21:01:14','2021-09-29 21:01:23',5948),(182,101,0,'2021-09-29 21:01:14','2021-09-29 21:01:23',5948),(183,102,0,'2021-09-29 21:01:14','2021-09-29 21:01:23',5948),(184,54,0,'2021-09-29 21:01:14','2021-09-29 21:01:23',5948),(185,55,0,'2021-09-29 21:01:14','2021-09-29 21:01:23',5948),(186,56,0,'2021-09-29 21:01:14','2021-09-29 21:01:23',5948),(187,57,0,'2021-09-29 21:01:14','2021-09-29 21:01:23',5948),(188,58,0,'2021-09-29 21:01:14','2021-09-29 21:01:23',5948),(189,59,0,'2021-09-29 21:01:14','2021-09-29 21:01:23',5948),(190,60,0,'2021-09-29 21:01:14','2021-09-29 21:01:23',5948),(191,61,0,'2021-09-29 21:01:14','2021-09-29 21:01:23',5948),(192,62,0,'2021-09-29 21:01:14','2021-09-29 21:01:23',5948),(193,63,0,'2021-09-29 21:01:14','2021-09-29 21:01:23',5948),(194,64,0,'2021-09-29 21:01:14','2021-09-29 21:01:23',5948),(195,65,0,'2021-09-29 21:01:14','2021-09-29 21:01:23',5948),(196,66,0,'2021-09-29 21:01:14','2021-09-29 21:01:23',5948),(197,67,0,'2021-09-29 21:01:14','2021-09-29 21:01:23',5948),(198,68,0,'2021-09-29 21:01:14','2021-09-29 21:01:23',5948),(199,69,0,'2021-09-29 21:01:14','2021-09-29 21:01:23',5948),(200,70,0,'2021-09-29 21:01:14','2021-09-29 21:01:23',5948),(201,71,0,'2021-09-29 21:01:14','2021-09-29 21:01:23',5948),(202,72,0,'2021-09-29 21:01:14','2021-09-29 21:01:23',5948),(203,103,0,'2021-09-29 21:01:14','2021-09-29 21:01:23',5948),(204,104,0,'2021-09-29 21:01:14','2021-09-29 21:01:23',5948),(205,105,0,'2021-09-29 21:01:14','2021-09-29 21:01:23',5948),(206,106,0,'2021-09-29 21:01:14','2021-09-29 21:01:23',5948),(207,107,0,'2021-09-29 21:01:14','2021-09-29 21:01:23',5948),(208,108,0,'2021-09-29 21:01:14','2021-09-29 21:01:23',5948),(209,109,0,'2021-09-29 21:01:14','2021-09-29 21:01:23',5948),(210,110,0,'2021-09-29 21:01:14','2021-09-29 21:01:23',5948),(211,111,0,'2021-09-29 21:01:14','2021-09-29 21:01:23',5948),(212,112,0,'2021-09-29 21:01:14','2021-09-29 21:01:23',5948),(213,113,0,'2021-09-29 21:01:14','2021-09-29 21:01:23',5948),(214,73,0,'2021-09-29 21:01:14','2021-09-29 21:01:23',5948),(215,74,0,'2021-09-29 21:01:14','2021-09-29 21:01:23',5948),(216,75,0,'2021-09-29 21:01:14','2021-09-29 21:01:23',5948),(217,76,0,'2021-09-29 21:01:14','2021-09-29 21:01:23',5948),(218,77,0,'2021-09-29 21:01:14','2021-09-29 21:01:23',5948),(219,78,0,'2021-09-29 21:01:14','2021-09-29 21:01:23',5948),(220,79,0,'2021-09-29 21:01:14','2021-09-29 21:01:23',5948),(221,80,0,'2021-09-29 21:01:14','2021-09-29 21:01:23',5948),(222,81,0,'2021-09-29 21:01:14','2021-09-29 21:01:23',5948),(223,82,0,'2021-09-29 21:01:14','2021-09-29 21:01:23',5948),(224,83,0,'2021-09-29 21:01:14','2021-09-29 21:01:23',5948),(225,84,0,'2021-09-29 21:01:14','2021-09-29 21:01:23',5948),(226,85,0,'2021-09-29 21:01:14','2021-09-29 21:01:23',5948),(227,86,0,'2021-09-29 21:01:14','2021-09-29 21:01:23',5948),(228,87,0,'2021-09-29 21:01:14','2021-09-29 21:01:23',5948),(230,89,5,'2021-09-29 21:01:14','2021-09-29 21:01:23',6011),(231,1,1,'2023-01-19 13:23:54','2023-01-19 13:23:54',6015),(232,2,1,'2023-01-19 13:23:54','2023-01-19 13:23:54',6015),(233,3,1,'2023-01-19 13:23:54','2023-01-19 13:23:54',6015),(234,4,1,'2023-01-19 13:23:54','2023-01-19 13:23:54',6015),(235,5,1,'2023-01-19 13:23:54','2023-01-19 13:23:54',6015),(236,6,1,'2023-01-19 13:23:54','2023-01-19 13:23:54',6015),(237,7,1,'2023-01-19 13:23:54','2023-01-19 13:23:54',6015),(238,8,1,'2023-01-19 13:23:54','2023-01-19 13:23:54',6015),(239,9,1,'2023-01-19 13:23:54','2023-01-19 13:23:54',6015),(240,10,1,'2023-01-19 13:23:54','2023-01-19 13:23:54',6015),(241,11,1,'2023-01-19 13:23:54','2023-01-19 13:23:54',6015),(242,12,1,'2023-01-19 13:23:54','2023-01-19 13:23:54',6015),(243,13,1,'2023-01-19 13:23:54','2023-01-19 13:23:54',6015),(244,14,1,'2023-01-19 13:23:54','2023-01-19 13:23:54',6015),(245,15,1,'2023-01-19 13:23:54','2023-01-19 13:23:54',6015),(246,16,1,'2023-01-19 13:23:54','2023-01-19 13:23:54',6015),(247,17,1,'2023-01-19 13:23:54','2023-01-19 13:23:54',6015),(248,18,1,'2023-01-19 13:23:54','2023-01-19 13:23:54',6015),(249,19,1,'2023-01-19 13:23:54','2023-01-19 13:23:54',6015),(250,20,1,'2023-01-19 13:23:54','2023-01-19 13:23:54',6015),(251,21,1,'2023-01-19 13:23:54','2023-01-19 13:23:54',6015),(252,22,1,'2023-01-19 13:23:54','2023-01-19 13:23:54',6015),(253,23,1,'2023-01-19 13:23:54','2023-01-19 13:23:54',6015),(254,24,1,'2023-01-19 13:23:54','2023-01-19 13:23:54',6015),(255,25,1,'2023-01-19 13:23:54','2023-01-19 13:23:54',6015),(256,26,1,'2023-01-19 13:23:54','2023-01-19 13:23:54',6015),(257,27,1,'2023-01-19 13:23:54','2023-01-19 13:23:54',6015),(258,28,1,'2023-01-19 13:23:54','2023-01-19 13:23:54',6015),(259,29,1,'2023-01-19 13:23:54','2023-01-19 13:23:54',6015),(260,30,1,'2023-01-19 13:23:54','2023-01-19 13:23:54',6015),(261,31,1,'2023-01-19 13:23:54','2023-01-19 13:23:54',6015),(262,32,1,'2023-01-19 13:23:54','2023-01-19 13:23:54',6015),(263,33,1,'2023-01-19 13:23:54','2023-01-19 13:23:54',6015),(264,34,1,'2023-01-19 13:23:54','2023-01-19 13:23:54',6015),(265,35,1,'2023-01-19 13:23:54','2023-01-19 13:23:54',6015),(266,36,1,'2023-01-19 13:23:54','2023-01-19 13:23:54',6015),(267,37,1,'2023-01-19 13:23:54','2023-01-19 13:23:54',6015),(268,38,1,'2023-01-19 13:23:54','2023-01-19 13:23:54',6015),(269,39,1,'2023-01-19 13:23:54','2023-01-19 13:23:54',6015),(270,40,1,'2023-01-19 13:23:54','2023-01-19 13:23:54',6015),(271,41,1,'2023-01-19 13:23:54','2023-01-19 13:23:54',6015),(272,42,1,'2023-01-19 13:23:54','2023-01-19 13:23:54',6015),(273,43,1,'2023-01-19 13:23:54','2023-01-19 13:23:54',6015),(274,44,1,'2023-01-19 13:23:54','2023-01-19 13:23:54',6015),(275,45,1,'2023-01-19 13:23:54','2023-01-19 13:23:54',6015),(276,46,1,'2023-01-19 13:23:54','2023-01-19 13:23:54',6015),(277,47,1,'2023-01-19 13:23:54','2023-01-19 13:23:54',6015),(278,48,1,'2023-01-19 13:23:54','2023-01-19 13:23:54',6015),(279,49,1,'2023-01-19 13:23:54','2023-01-19 13:23:54',6015),(280,50,1,'2023-01-19 13:23:54','2023-01-19 13:23:54',6015),(281,51,1,'2023-01-19 13:23:54','2023-01-19 13:23:54',6015),(282,52,1,'2023-01-19 13:23:54','2023-01-19 13:23:54',6015),(283,53,1,'2023-01-19 13:23:54','2023-01-19 13:23:54',6015),(284,90,1,'2023-01-19 13:23:54','2023-01-19 13:23:54',6015),(285,91,1,'2023-01-19 13:23:54','2023-01-19 13:23:54',6015),(286,92,1,'2023-01-19 13:23:54','2023-01-19 13:23:54',6015),(287,93,1,'2023-01-19 13:23:54','2023-01-19 13:23:54',6015),(288,94,1,'2023-01-19 13:23:54','2023-01-19 13:23:54',6015),(289,95,1,'2023-01-19 13:23:54','2023-01-19 13:23:54',6015),(290,96,1,'2023-01-19 13:23:54','2023-01-19 13:23:54',6015),(291,97,1,'2023-01-19 13:23:54','2023-01-19 13:23:54',6015),(292,98,1,'2023-01-19 13:23:54','2023-01-19 13:23:54',6015),(293,99,1,'2023-01-19 13:23:54','2023-01-19 13:23:54',6015),(294,100,1,'2023-01-19 13:23:54','2023-01-19 13:23:54',6015),(295,101,1,'2023-01-19 13:23:54','2023-01-19 13:23:54',6015),(296,102,1,'2023-01-19 13:23:54','2023-01-19 13:23:54',6015),(297,54,1,'2023-01-19 13:23:54','2023-01-19 13:23:54',6015),(298,55,1,'2023-01-19 13:23:54','2023-01-19 13:23:54',6015),(299,56,1,'2023-01-19 13:23:54','2023-01-19 13:23:54',6015),(300,57,1,'2023-01-19 13:23:54','2023-01-19 13:23:54',6015),(301,58,1,'2023-01-19 13:23:54','2023-01-19 13:23:54',6015),(302,59,1,'2023-01-19 13:23:54','2023-01-19 13:23:54',6015),(303,60,1,'2023-01-19 13:23:54','2023-01-19 13:23:54',6015),(304,61,1,'2023-01-19 13:23:54','2023-01-19 13:23:54',6015),(305,62,1,'2023-01-19 13:23:54','2023-01-19 13:23:54',6015),(306,63,1,'2023-01-19 13:23:54','2023-01-19 13:23:54',6015),(307,64,1,'2023-01-19 13:23:54','2023-01-19 13:23:54',6015),(308,65,1,'2023-01-19 13:23:54','2023-01-19 13:23:54',6015),(309,66,1,'2023-01-19 13:23:54','2023-01-19 13:23:54',6015),(310,67,1,'2023-01-19 13:23:54','2023-01-19 13:23:54',6015),(311,68,1,'2023-01-19 13:23:54','2023-01-19 13:23:54',6015),(312,69,1,'2023-01-19 13:23:54','2023-01-19 13:23:54',6015),(313,70,1,'2023-01-19 13:23:54','2023-01-19 13:23:54',6015),(314,71,1,'2023-01-19 13:23:54','2023-01-19 13:23:54',6015),(315,72,1,'2023-01-19 13:23:54','2023-01-19 13:23:54',6015),(316,120,1,'2023-01-19 13:23:54','2023-01-19 13:23:54',6015),(317,103,1,'2023-01-19 13:23:54','2023-01-19 13:23:54',6015),(318,104,1,'2023-01-19 13:23:54','2023-01-19 13:23:54',6015),(319,105,1,'2023-01-19 13:23:54','2023-01-19 13:23:54',6015),(320,106,1,'2023-01-19 13:23:54','2023-01-19 13:23:54',6015),(321,107,1,'2023-01-19 13:23:54','2023-01-19 13:23:54',6015),(322,108,1,'2023-01-19 13:23:54','2023-01-19 13:23:54',6015),(323,109,1,'2023-01-19 13:23:54','2023-01-19 13:23:54',6015),(324,110,1,'2023-01-19 13:23:54','2023-01-19 13:23:54',6015),(325,111,1,'2023-01-19 13:23:54','2023-01-19 13:23:54',6015),(326,112,1,'2023-01-19 13:23:54','2023-01-19 13:23:54',6015),(327,113,1,'2023-01-19 13:23:54','2023-01-19 13:23:54',6015),(328,73,1,'2023-01-19 13:23:54','2023-01-19 13:23:54',6015),(329,74,1,'2023-01-19 13:23:54','2023-01-19 13:23:54',6015),(330,75,1,'2023-01-19 13:23:54','2023-01-19 13:23:54',6015),(331,76,1,'2023-01-19 13:23:54','2023-01-19 13:23:54',6015),(332,77,1,'2023-01-19 13:23:54','2023-01-19 13:23:54',6015),(333,78,1,'2023-01-19 13:23:54','2023-01-19 13:23:54',6015),(334,79,1,'2023-01-19 13:23:54','2023-01-19 13:23:54',6015),(335,80,1,'2023-01-19 13:23:54','2023-01-19 13:23:54',6015),(336,81,1,'2023-01-19 13:23:54','2023-01-19 13:23:54',6015),(337,82,1,'2023-01-19 13:23:54','2023-01-19 13:23:54',6015),(338,83,1,'2023-01-19 13:23:54','2023-01-19 13:23:54',6015),(339,84,1,'2023-01-19 13:23:54','2023-01-19 13:23:54',6015),(340,85,1,'2023-01-19 13:23:54','2023-01-19 13:23:54',6015),(341,86,1,'2023-01-19 13:23:54','2023-01-19 13:23:54',6015),(342,87,1,'2023-01-19 13:23:54','2023-01-19 13:23:54',6015),(343,88,1,'2023-01-19 13:23:54','2023-01-19 13:23:54',6015),(344,89,1,'2023-01-19 13:23:54','2023-01-19 13:23:54',6015),(345,114,1,'2023-01-19 13:23:54','2023-01-19 13:23:54',6015),(346,115,1,'2023-01-19 13:23:54','2023-01-19 13:23:54',6015),(347,116,1,'2023-01-19 13:23:54','2023-01-19 13:23:54',6015),(348,117,1,'2023-01-19 13:23:54','2023-01-19 13:23:54',6015),(349,118,1,'2023-01-19 13:23:54','2023-01-19 13:23:54',6015),(350,119,1,'2023-01-19 13:23:54','2023-01-19 13:23:54',6015);

--
-- Table structure for table `arrival_times`
--

CREATE TABLE `arrival_times` (
  `id` int unsigned NOT NULL AUTO_INCREMENT,
  `arrival_id` int unsigned DEFAULT NULL,
  `from` varchar(191) CHARACTER SET utf8mb4 COLLATE utf8mb4_unicode_ci NOT NULL,
  `to` varchar(191) CHARACTER SET utf8mb4 COLLATE utf8mb4_unicode_ci NOT NULL,
  `created_at` timestamp NULL DEFAULT NULL,
  `updated_at` timestamp NULL DEFAULT NULL,
  PRIMARY KEY (`id`),
  KEY `arrival_times_arrival_id_foreign` (`arrival_id`),
  CONSTRAINT `arrival_times_arrival_id_foreign` FOREIGN KEY (`arrival_id`) REFERENCES `arrivals` (`id`) ON DELETE CASCADE
) ENGINE=InnoDB AUTO_INCREMENT=246 DEFAULT CHARSET=utf8mb4 COLLATE=utf8mb4_unicode_ci;

--
-- Dumping data for table `arrival_times`
--

INSERT INTO `arrival_times` (`id`, `arrival_id`, `from`, `to`, `created_at`, `updated_at`) VALUES (244,102,'22:43','22:43','2021-11-17 12:54:40','2021-11-17 12:54:40'),(245,102,'22:46','13:46','2021-11-17 12:54:40','2021-11-17 12:54:40');

--
-- Table structure for table `arrivals`
--

CREATE TABLE `arrivals` (
  `id` int unsigned NOT NULL AUTO_INCREMENT,
  `day` varchar(131) CHARACTER SET utf8mb4 COLLATE utf8mb4_unicode_ci DEFAULT NULL,
  `avalibale` tinyint(1) NOT NULL DEFAULT '1',
  `created_at` timestamp NULL DEFAULT NULL,
  `updated_at` timestamp NULL DEFAULT NULL,
  PRIMARY KEY (`id`)
) ENGINE=InnoDB AUTO_INCREMENT=103 DEFAULT CHARSET=utf8mb4 COLLATE=utf8mb4_unicode_ci;

--
-- Dumping data for table `arrivals`
--

INSERT INTO `arrivals` (`id`, `day`, `avalibale`, `created_at`, `updated_at`) VALUES (102,'Wednesday',1,'2021-10-30 18:43:49','2021-11-16 14:51:28');

--
-- Table structure for table `branch_translations`
--

CREATE TABLE `branch_translations` (
  `id` int unsigned NOT NULL AUTO_INCREMENT,
  `branch_id` int unsigned NOT NULL,
  `address` varchar(191) CHARACTER SET utf8mb4 COLLATE utf8mb4_unicode_ci DEFAULT NULL,
  `locale` varchar(191) CHARACTER SET utf8mb4 COLLATE utf8mb4_unicode_ci NOT NULL,
  `created_at` timestamp NULL DEFAULT NULL,
  `updated_at` timestamp NULL DEFAULT NULL,
  PRIMARY KEY (`id`),
  UNIQUE KEY `branch_translations_branch_id_locale_unique` (`branch_id`,`locale`)
) ENGINE=InnoDB AUTO_INCREMENT=9 DEFAULT CHARSET=utf8mb4 COLLATE=utf8mb4_unicode_ci;

--
-- Dumping data for table `branch_translations`
--

INSERT INTO `branch_translations` (`id`, `branch_id`, `address`, `locale`, `created_at`, `updated_at`) VALUES (1,1,'الكويتشس','ar',NULL,NULL),(2,1,'صصsdfdsfdsfds','en',NULL,NULL),(5,3,'يسشيسشيس','ar',NULL,NULL),(6,3,'سيشيسش','en',NULL,NULL),(7,4,'الكويت حولي','ar',NULL,NULL),(8,4,'تاننا','en',NULL,NULL);

--
-- Table structure for table `branches`
--

CREATE TABLE `branches` (
  `id` int unsigned NOT NULL AUTO_INCREMENT,
  `user_id` int unsigned NOT NULL,
  `address_location` text CHARACTER SET utf8mb4 COLLATE utf8mb4_unicode_ci,
  `lat` varchar(191) CHARACTER SET utf8mb4 COLLATE utf8mb4_unicode_ci DEFAULT NULL,
  `lang` varchar(191) CHARACTER SET utf8mb4 COLLATE utf8mb4_unicode_ci DEFAULT NULL,
  `created_at` timestamp NULL DEFAULT NULL,
  `updated_at` timestamp NULL DEFAULT NULL,
  PRIMARY KEY (`id`),
  KEY `branches_user_id_foreign` (`user_id`)
) ENGINE=InnoDB AUTO_INCREMENT=5 DEFAULT CHARSET=utf8mb4 COLLATE=utf8mb4_unicode_ci;

--
-- Dumping data for table `branches`
--

INSERT INTO `branches` (`id`, `user_id`, `address_location`, `lat`, `lang`, `created_at`, `updated_at`) VALUES (1,5948,'Souk Al-Kuwait . Gr. Floor - Shop No. 211، Al Kuwayt, Kuwait','29.358200951552533','47.989368691650405','2021-09-29 23:07:31','2021-10-15 12:14:37'),(3,5955,'سيشيشسسيشيشس',NULL,NULL,'2021-11-13 20:38:26','2021-11-13 20:38:26'),(4,5955,'ااااا',NULL,NULL,'2021-11-24 19:22:25','2021-11-24 19:22:25');

--
-- Table structure for table `brand_translations`
--

CREATE TABLE `brand_translations` (
  `id` int unsigned NOT NULL AUTO_INCREMENT,
  `brand_id` int unsigned NOT NULL,
  `name` varchar(191) CHARACTER SET utf8mb4 COLLATE utf8mb4_unicode_ci NOT NULL,
  `meta_keywords` varchar(191) CHARACTER SET utf8mb4 COLLATE utf8mb4_unicode_ci DEFAULT NULL,
  `meta_description` text CHARACTER SET utf8mb4 COLLATE utf8mb4_unicode_ci,
  `locale` varchar(191) CHARACTER SET utf8mb4 COLLATE utf8mb4_unicode_ci NOT NULL,
  `created_at` timestamp NULL DEFAULT NULL,
  `updated_at` timestamp NULL DEFAULT NULL,
  PRIMARY KEY (`id`),
  UNIQUE KEY `brand_translations_brand_id_locale_unique` (`brand_id`,`locale`),
  KEY `brand_translations_locale_index` (`locale`)
) ENGINE=InnoDB DEFAULT CHARSET=utf8mb4 COLLATE=utf8mb4_unicode_ci;

--
-- Dumping data for table `brand_translations`
--


--
-- Table structure for table `brands`
--

CREATE TABLE `brands` (
  `id` int unsigned NOT NULL AUTO_INCREMENT,
  `image` varchar(191) CHARACTER SET utf8mb4 COLLATE utf8mb4_unicode_ci NOT NULL,
  `user_id` int unsigned DEFAULT NULL,
  `created_at` timestamp NULL DEFAULT NULL,
  `updated_at` timestamp NULL DEFAULT NULL,
  `const` tinyint(1) NOT NULL DEFAULT '0',
  `company_id` int unsigned DEFAULT NULL,
  `categoryShow` int unsigned DEFAULT NULL,
  `place` enum('up','down') CHARACTER SET utf8mb4 COLLATE utf8mb4_unicode_ci NOT NULL DEFAULT 'up',
  `order` int DEFAULT NULL,
  `inside` tinyint(1) DEFAULT '0',
  `searchable` int NOT NULL DEFAULT '0',
  PRIMARY KEY (`id`),
  KEY `brands_user_id_foreign` (`user_id`),
  KEY `brands_company_id_foreign` (`company_id`),
  KEY `brands_categoryshow_foreign` (`categoryShow`)
) ENGINE=InnoDB DEFAULT CHARSET=utf8mb4 COLLATE=utf8mb4_unicode_ci;

--
-- Dumping data for table `brands`
--


--
-- Table structure for table `categories`
--

CREATE TABLE `categories` (
  `id` int unsigned NOT NULL AUTO_INCREMENT,
  `image` varchar(191) CHARACTER SET utf8mb4 COLLATE utf8mb4_unicode_ci NOT NULL,
  `type` tinyint(1) NOT NULL DEFAULT '1',
  `parent_id` int NOT NULL,
  `created_at` timestamp NULL DEFAULT NULL,
  `updated_at` timestamp NULL DEFAULT NULL,
  `deleted_at` timestamp NULL DEFAULT NULL,
  `image_en` varchar(191) CHARACTER SET utf8mb4 COLLATE utf8mb4_unicode_ci DEFAULT NULL,
  `searchable` int NOT NULL DEFAULT '0',
  `user_id` int DEFAULT NULL,
  `status` int NOT NULL DEFAULT '0',
  `order` int DEFAULT NULL,
  PRIMARY KEY (`id`)
) ENGINE=InnoDB AUTO_INCREMENT=69 DEFAULT CHARSET=utf8mb4 COLLATE=utf8mb4_unicode_ci;

--
-- Dumping data for table `categories`
--

INSERT INTO `categories` (`id`, `image`, `type`, `parent_id`, `created_at`, `updated_at`, `deleted_at`, `image_en`, `searchable`, `user_id`, `status`, `order`) VALUES (1,'2kirnLNsgmVNt6VDnxldIHDFY0AAOOZPV8glrBSL.png',1,0,'2022-12-08 22:54:35','2022-12-09 00:04:25','2022-12-09 00:04:25',NULL,0,1,1,NULL),(2,'Gxq3yvnlHHhek4661dn3YhDYhdklSLzgpyrkmP7z.png',0,0,'2022-12-08 23:09:50','2022-12-09 00:04:01','2022-12-09 00:04:01',NULL,0,1,1,NULL),(3,'oScoo9pqaKxKMYZMNbGgpLQPi9FxoVZQydF3cr4c.png',0,2,'2022-12-08 23:46:42','2022-12-08 23:54:45',NULL,NULL,0,1,1,NULL),(4,'UFsxrzdG2uJmYlTDfyktiL2XIlvyvBLxVMEsTy7R.png',0,0,'2022-12-08 23:59:27','2022-12-09 00:04:05','2022-12-09 00:04:05',NULL,0,1,1,NULL),(5,'F7ySaaYTSJhLD5gkw61opCXUkbW4JpLEKsf6AUvm.png',0,0,'2022-12-09 00:04:54','2023-04-05 12:45:56','2023-04-05 12:45:56',NULL,0,1,0,NULL),(6,'bg4tcDmnFwvL3LH2G5if8pCsJos0IMhlVzjkiKrV.png',0,5,'2022-12-09 00:23:58','2022-12-09 00:25:04',NULL,NULL,0,1,1,NULL),(7,'',1,5,'2022-12-09 12:25:01','2022-12-09 12:25:25','2022-12-09 12:25:25',NULL,0,1,1,NULL),(8,'',1,0,'2022-12-09 12:25:55','2022-12-13 13:51:42','2022-12-13 13:51:42',NULL,0,1,0,NULL),(9,'2022-12-09-dfsfgdsaf.png',0,0,'2022-12-09 20:49:23','2023-04-05 12:45:49','2023-04-05 12:45:49',NULL,0,1,0,NULL),(10,'',0,5,'2022-12-11 13:49:41','2022-12-11 13:50:27',NULL,NULL,0,1,1,NULL),(11,'tI2djoETngij1OgsdVFYCX6v1p2S4jHgWxTsbKQQ.jpg',0,0,'2022-12-11 13:53:17','2023-04-05 12:46:00','2023-04-05 12:46:00',NULL,0,1,0,NULL),(12,'',0,9,'2022-12-11 13:53:51','2022-12-11 13:53:57',NULL,NULL,0,1,1,NULL),(13,'2022-12-13-7236216-1966947647.jpg',1,0,'2022-12-13 13:57:45','2023-01-08 09:17:30',NULL,NULL,0,1,1,NULL),(14,'2022-12-13-XCM_Manual_1323197_1661000_Egypt_SR_EG_CP_NT_SL_MenMainPage_MenSportsWatches_3868154_440x440_en_AE.jpg',1,0,'2022-12-13 14:00:32','2023-01-08 09:17:32',NULL,NULL,0,1,1,NULL),(15,'2023-01-01-E6B0BE76-BC6E-4561-ADBC-B375BB18FCD1.jpeg',0,0,'2023-01-01 21:51:12','2023-01-01 21:55:51','2023-01-01 21:55:51',NULL,0,1,1,NULL),(16,'apDVXHqW0hcDp7lysFAJIpDEHVnjbjmyoHjb9VsO.jpg',0,0,'2023-01-01 21:58:31','2023-04-12 15:06:58',NULL,NULL,0,1,1,1),(17,'3kneC09Wev77JJJO39fDJDNsVrZ52t88fJcNa4aq.jpg',0,0,'2023-01-01 22:04:52','2023-04-06 11:36:42',NULL,NULL,0,1,1,NULL),(18,'lLl0BUJUAJzZsfvzSvroxlfvvnMdC8ABTOofNknG.jpg',0,0,'2023-01-01 22:09:59','2023-01-07 00:21:45',NULL,NULL,0,1,1,NULL),(19,'2023-01-02-69F8F702-B4B8-47E2-B7D1-326A8E9F3F8C.png',0,16,'2023-01-01 22:11:51','2023-01-06 23:33:46','2023-01-06 23:33:46',NULL,0,1,1,NULL),(20,'2023-01-02-FE9CA1AD-8451-4C04-9F3C-5374851DC75B.png',0,16,'2023-01-01 22:14:11','2023-01-06 23:33:51','2023-01-06 23:33:51',NULL,0,1,1,NULL),(21,'lrKTfJOQe4LODwejpGces3dOhxShYclcCznEZL4F.jpg',0,0,'2023-01-01 22:17:58','2023-04-05 12:47:36',NULL,NULL,0,1,1,NULL),(22,'cXlyRpYtKQGdnVmH7ZOBn8EfzW4V6Lo79IfnF4vR.jpg',0,21,'2023-01-01 22:20:10','2023-04-06 12:32:05',NULL,NULL,0,1,1,NULL),(23,'4uGVxWdbHiixD2AwtHIGi3DaMqMz3Sc1qSP8MVDL.jpg',0,21,'2023-01-01 22:21:55','2023-04-06 12:31:46',NULL,NULL,0,1,1,NULL),(24,'fWoMBA4jxLzqOupmFFyfe1AjE3joKWN2dUdmS4cC.jpg',0,21,'2023-01-01 22:30:39','2023-04-06 12:31:04',NULL,NULL,0,1,1,NULL),(25,'G9m2uq8v3yKNbnVwlDWuEOJZkCPPTTjtscpnZEB6.jpg',0,21,'2023-01-01 22:32:23','2023-04-06 12:31:26',NULL,NULL,0,1,1,NULL),(26,'cD0hrh993S8lCil30yPl7RMV0uDEKU099S6i8GgT.png',0,18,'2023-01-01 22:48:50','2023-04-06 12:21:31',NULL,NULL,0,1,1,NULL),(27,'e4RReIwq0RhU8aQXqk8UvTu3r0DBUNRKB9mkU4ht.png',0,18,'2023-01-01 22:50:28','2023-04-06 12:21:52',NULL,NULL,0,1,1,NULL),(28,'eaLaMeWfLTW4OlA1AVnQjyapwKuLwFQQx50UkdEH.png',0,18,'2023-01-01 22:53:34','2023-04-06 12:23:04',NULL,NULL,0,1,1,NULL),(29,'jSl2tvfF5O4bwVJDvNgFl9qXiX9mPuWcK9gLlHkH.png',0,18,'2023-01-01 22:56:09','2023-04-06 12:23:32',NULL,NULL,0,1,1,NULL),(30,'YP70eVpczhnnwy5OcoVc1SWnNF3qw8k6Qf5cXcbv.png',0,18,'2023-01-01 23:09:36','2023-04-06 12:23:52',NULL,NULL,0,1,1,NULL),(31,'R8X1ky0KBQcdWTv3cdmgnC9OwGZ5OkMQjeEQe9Db.png',0,18,'2023-01-01 23:12:52','2023-04-06 12:24:30',NULL,NULL,0,1,1,NULL),(32,'g7I51ysRra1MzU07LLwiGLwnfZcVa8eTJ7UsAnz2.png',0,18,'2023-01-01 23:15:16','2023-04-06 12:25:01',NULL,NULL,0,1,1,NULL),(33,'oghlAehIGmFGFLnLwuIvPdth7n07pD65YRCcSsPH.png',0,18,'2023-01-01 23:17:23','2023-04-06 12:25:26',NULL,NULL,0,1,1,NULL),(34,'HmS3tCO9v6krzbsCjZcpp9so4zEe5CK4d60uS4Mo.png',0,18,'2023-01-01 23:19:21','2023-04-06 12:25:55',NULL,NULL,0,1,1,NULL),(35,'BWyAeUB3CBkNY56WTr5vefGGwlu3D4WNCM4wlOnB.png',0,18,'2023-01-01 23:22:07','2023-04-06 12:26:13',NULL,NULL,0,1,1,NULL),(36,'ZLxoSe1YCPS9TtSdfBqqEocN46Tkk5JmnTdpU912.png',0,18,'2023-01-01 23:24:05','2023-04-06 12:26:48',NULL,NULL,0,1,1,NULL),(37,'HSh7j4IWCRuycvt7ojCvRek3DwBQwgdbBPzYvYMy.jpg',0,0,'2023-01-06 23:21:36','2023-01-07 00:20:54',NULL,NULL,0,1,1,NULL),(38,'LVDqu1Jz3mgI0vJH5JqyKWn8XkCZIfgzFavnnSlG.jpg',0,0,'2023-01-07 00:16:16','2023-04-05 23:01:10',NULL,NULL,0,1,1,NULL),(39,'2023-01-07-80940DBA-F591-479A-94B1-CC8BF4AF9A65.png',0,37,'2023-01-07 00:23:16','2023-01-07 00:41:23','2023-01-07 00:41:23',NULL,0,1,0,NULL),(40,'4DFKJL5W2h4iPLX5ZPydeSWTRE8y0FmrTKvqYOWL.png',0,0,'2023-01-08 09:06:58','2023-01-08 09:12:45','2023-01-08 09:12:45',NULL,0,1,1,NULL),(41,'S0gAikykY0nYRsbBTh8GtA1tKhUlh2AHNlwNxIyh.jpg',1,0,'2023-01-08 09:13:33','2023-01-08 09:35:08',NULL,NULL,0,1,1,NULL),(42,'ERrRvguwoip5jiiiPglNg1n0btKktsvpnSB7RIYk.png',0,37,'2023-01-08 23:15:39','2023-04-06 12:33:26',NULL,NULL,0,1,1,NULL),(43,'2023-01-09-AD43B9B2-4A20-4E7B-A286-7D7F09EE4923.png',0,0,'2023-01-08 23:16:43','2023-01-08 23:17:34','2023-01-08 23:17:34',NULL,0,1,0,NULL),(44,'JRHLHxbXWCPmdW0dNY8pamkd0F4g2eBPpMewtFBr.png',0,37,'2023-01-08 23:18:01','2023-04-06 12:33:42',NULL,NULL,0,1,1,NULL),(45,'8xBVSsMxn0wtQ9Wzf3PyO9yZkoAg6XOreEI0GwNO.jpg',0,17,'2023-01-08 23:22:22','2023-04-06 12:17:59',NULL,NULL,0,1,1,NULL),(46,'oUTbCtZJzXoVZ4uYKJTJjzoS9X8GHXrnSX6o1NyR.jpg',0,17,'2023-01-08 23:23:49','2023-04-06 12:18:50',NULL,NULL,0,1,1,NULL),(47,'dPPxD5dHxbOjfq3irGBUQJXjjMCV7ZZhyip9LtOn.jpg',0,17,'2023-01-08 23:25:46','2023-04-06 12:19:28',NULL,NULL,0,1,1,NULL),(48,'RqLSXph15nFYkzvmxq4IKCUrptNFU88AE9ommfCo.jpg',0,17,'2023-01-08 23:26:38','2023-04-06 12:19:54',NULL,NULL,0,1,1,NULL),(49,'OgKWQVMqnmDBVJbMRy1GbkY09RooXqrBWYdmH2Bt.jpg',0,17,'2023-01-08 23:28:38','2023-04-06 12:20:32',NULL,NULL,0,1,1,NULL),(50,'QW2taFR7eRIEyTgEwBtir39qzd1bXqgxuhYDPUbd.png',0,37,'2023-01-08 23:33:24','2023-04-06 12:34:00',NULL,NULL,0,1,1,NULL),(51,'EoxZ0wOYrPFHHJE9pTW2UMfttqfR77tbtBn2mYm4.jpg',0,38,'2023-01-08 23:36:03','2023-04-06 12:34:28',NULL,NULL,0,1,1,NULL),(52,'W4HqQ35f4L6LKmj7HLIUphynihhYUYq1yNs7sMfm.jpg',0,38,'2023-01-08 23:37:17','2023-04-06 12:34:45',NULL,NULL,0,1,1,NULL),(53,'9Yekdghzh82v19CQl3EwBPXmTJP03E41MTm6DibF.jpg',0,38,'2023-01-08 23:37:52','2023-04-06 12:35:00',NULL,NULL,0,1,1,NULL),(54,'s9YGq2wxe2ky606kRuiZAYqmhC8a2wJ2ppgtCvW6.jpg',0,0,'2023-01-08 23:40:10','2023-04-11 16:56:09',NULL,NULL,0,1,1,10),(55,'2023-01-23-Screen Shot 2023-01-23 at 10.50.59 PM.png',1,0,'2023-01-23 20:51:10','2023-01-23 20:51:10',NULL,NULL,0,1,0,NULL),(56,'2023-04-06-IMG_3211.jpeg',0,0,'2023-04-06 18:46:33','2023-04-06 18:46:48',NULL,NULL,0,1,1,NULL),(57,'2023-04-06-IMG_3226.jpeg',0,0,'2023-04-06 18:48:09','2023-04-06 18:49:50',NULL,NULL,0,1,1,NULL),(58,'2023-04-06-IMG_3264.jpeg',0,0,'2023-04-06 18:52:55','2023-04-06 18:53:13',NULL,NULL,0,1,1,NULL),(59,'2023-05-06-IMG_3264.jpeg',0,58,'2023-05-06 18:11:54','2023-05-06 18:12:13',NULL,NULL,0,1,1,1),(60,'2023-05-06-IMG_3264.jpeg',0,58,'2023-05-06 18:13:51','2023-05-06 18:15:19',NULL,NULL,0,1,1,1),(61,'2023-05-06-IMG_3264.jpeg',0,58,'2023-05-06 18:15:02','2023-05-06 18:15:21',NULL,NULL,0,1,1,1),(62,'2023-06-05-IMG_7295.jpeg',0,0,'2023-06-05 14:16:38','2023-06-05 14:17:34',NULL,NULL,0,1,1,10),(63,'2023-06-05-IMG_7295.jpeg',0,62,'2023-06-05 14:18:47','2023-06-05 14:22:32',NULL,NULL,0,1,1,1),(64,'',0,0,'2023-06-05 14:19:24','2023-06-05 14:19:36','2023-06-05 14:19:36',NULL,0,1,0,10),(65,'2023-06-05-IMG_7295.jpeg',0,62,'2023-06-05 14:20:30','2023-06-05 14:22:35',NULL,NULL,0,1,1,1),(66,'',0,0,'2023-06-05 14:20:48','2023-06-05 14:20:58','2023-06-05 14:20:58',NULL,0,1,0,10),(67,'2023-06-05-IMG_7295.jpeg',0,62,'2023-06-05 14:22:03','2023-06-05 14:22:37',NULL,NULL,0,1,1,1),(68,'2023-11-07-IMG_0167.jpeg',0,0,'2023-11-07 00:25:08','2023-11-07 00:25:35',NULL,NULL,0,1,1,8);

--
-- Table structure for table `category_translations`
--

CREATE TABLE `category_translations` (
  `id` int unsigned NOT NULL AUTO_INCREMENT,
  `category_id` int unsigned NOT NULL,
  `name` varchar(191) CHARACTER SET utf8mb4 COLLATE utf8mb4_unicode_ci NOT NULL,
  `meta_keywords` varchar(191) CHARACTER SET utf8mb4 COLLATE utf8mb4_unicode_ci DEFAULT NULL,
  `meta_description` text CHARACTER SET utf8mb4 COLLATE utf8mb4_unicode_ci,
  `locale` varchar(191) CHARACTER SET utf8mb4 COLLATE utf8mb4_unicode_ci NOT NULL,
  `created_at` timestamp NULL DEFAULT NULL,
  `updated_at` timestamp NULL DEFAULT NULL,
  PRIMARY KEY (`id`),
  UNIQUE KEY `category_translations_category_id_locale_unique` (`category_id`,`locale`),
  KEY `category_translations_locale_index` (`locale`)
) ENGINE=InnoDB AUTO_INCREMENT=137 DEFAULT CHARSET=utf8mb4 COLLATE=utf8mb4_unicode_ci;

--
-- Dumping data for table `category_translations`
--

INSERT INTO `category_translations` (`id`, `category_id`, `name`, `meta_keywords`, `meta_description`, `locale`, `created_at`, `updated_at`) VALUES (1,1,'asd',NULL,NULL,'ar',NULL,NULL),(2,1,'asdasd',NULL,NULL,'en',NULL,NULL),(3,2,'سيارات',NULL,NULL,'ar',NULL,NULL),(4,2,'سيارات',NULL,NULL,'en',NULL,NULL),(5,3,'asdasdasd',NULL,NULL,'ar',NULL,NULL),(6,3,'asdasdasd',NULL,NULL,'en',NULL,NULL),(7,4,'sad',NULL,NULL,'ar',NULL,NULL),(8,4,'awww',NULL,NULL,'en',NULL,NULL),(9,5,'شسي',NULL,NULL,'ar',NULL,NULL),(10,5,'asdqwdqشسي',NULL,NULL,'en',NULL,NULL),(11,6,'asdsad',NULL,NULL,'ar',NULL,NULL),(12,6,'asdad',NULL,NULL,'en',NULL,NULL),(13,7,'sdfsdf',NULL,NULL,'ar',NULL,NULL),(14,7,'sdfsdf',NULL,NULL,'en',NULL,NULL),(15,8,'assdasasd',NULL,NULL,'ar',NULL,NULL),(16,8,'asdasdasdas',NULL,NULL,'en',NULL,NULL),(17,9,'سيبيسشبيسش',NULL,NULL,'ar',NULL,NULL),(18,9,'ذشثسيشبسشيبق',NULL,NULL,'en',NULL,NULL),(19,10,'ثفثقصف',NULL,NULL,'ar',NULL,NULL),(20,10,'ثقصفثقصف',NULL,NULL,'en',NULL,NULL),(21,11,'رديتر مكيف',NULL,NULL,'ar',NULL,NULL),(22,11,'رديتر مكيف',NULL,NULL,'en',NULL,NULL),(23,12,'5ty6453',NULL,NULL,'ar',NULL,NULL),(24,12,'5436543',NULL,NULL,'en',NULL,NULL),(25,13,'نظارات',NULL,NULL,'ar',NULL,NULL),(26,13,'glasses',NULL,NULL,'en',NULL,NULL),(27,14,'ساعات',NULL,NULL,'ar',NULL,NULL),(28,14,'ساعات',NULL,NULL,'en',NULL,NULL),(29,15,'عطا',NULL,NULL,'ar',NULL,NULL),(30,15,'Atta',NULL,NULL,'en',NULL,NULL),(31,16,'الأسر المنتجة',NULL,NULL,'ar',NULL,NULL),(32,16,'Productive families',NULL,NULL,'en',NULL,NULL),(33,17,'سيارات',NULL,NULL,'ar',NULL,NULL),(34,17,'Cars',NULL,NULL,'en',NULL,NULL),(35,18,'الإلكترونيات',NULL,NULL,'ar',NULL,NULL),(36,18,'Electronics',NULL,NULL,'en',NULL,NULL),(37,19,'الأبل',NULL,NULL,'ar',NULL,NULL),(38,19,'The Camels',NULL,NULL,'en',NULL,NULL),(39,20,'الغنم',NULL,NULL,'ar',NULL,NULL),(40,20,'Sheep',NULL,NULL,'en',NULL,NULL),(41,21,'عقارات',NULL,NULL,'ar',NULL,NULL),(42,21,'Real Estate',NULL,NULL,'en',NULL,NULL),(43,22,'للبيع',NULL,NULL,'ar',NULL,NULL),(44,22,'For Sale',NULL,NULL,'en',NULL,NULL),(45,23,'للإيجار',NULL,NULL,'ar',NULL,NULL),(46,23,'For Rent',NULL,NULL,'en',NULL,NULL),(47,24,'للبدل',NULL,NULL,'ar',NULL,NULL),(48,24,'For Allowance',NULL,NULL,'en',NULL,NULL),(49,25,'دولي',NULL,NULL,'ar',NULL,NULL),(50,25,'International',NULL,NULL,'en',NULL,NULL),(51,26,'موبايلات وتابلت',NULL,NULL,'ar',NULL,NULL),(52,26,'Mobiles and Tablets',NULL,NULL,'en',NULL,NULL),(53,27,'سماعات',NULL,NULL,'ar',NULL,NULL),(54,27,'Headsets',NULL,NULL,'en',NULL,NULL),(55,28,'ساعات ذكية',NULL,NULL,'ar',NULL,NULL),(56,28,'Smart Watches',NULL,NULL,'en',NULL,NULL),(57,29,'أجهزة منزلية -  مكتبية',NULL,NULL,'ar',NULL,NULL),(58,29,'Home - Office Appliances',NULL,NULL,'en',NULL,NULL),(59,30,'نشتري الأجهزة الكهربائية',NULL,NULL,'ar',NULL,NULL),(60,30,'We Buy Electrical Appliances',NULL,NULL,'en',NULL,NULL),(61,31,'أجهزة كهربائية أخرى',NULL,NULL,'ar',NULL,NULL),(62,31,'Other Electrical Devices',NULL,NULL,'en',NULL,NULL),(63,32,'كمبيوتر وشبكات',NULL,NULL,'ar',NULL,NULL),(64,32,'Computer and Networks',NULL,NULL,'en',NULL,NULL),(65,33,'تلفزيونات ذكية',NULL,NULL,'ar',NULL,NULL),(66,33,'Smart TVs',NULL,NULL,'en',NULL,NULL),(67,34,'الكاميرات',NULL,NULL,'ar',NULL,NULL),(68,34,'Cameras',NULL,NULL,'en',NULL,NULL),(69,35,'رسيفرات',NULL,NULL,'ar',NULL,NULL),(70,35,'Receivers',NULL,NULL,'en',NULL,NULL),(71,36,'ألعاب الكترونية',NULL,NULL,'ar',NULL,NULL),(72,36,'Videa Games',NULL,NULL,'en',NULL,NULL),(73,37,'حيوانات',NULL,NULL,'ar',NULL,NULL),(74,37,'Animals',NULL,NULL,'en',NULL,NULL),(75,38,'زراعيه',NULL,NULL,'ar',NULL,NULL),(76,38,'Agricultural',NULL,NULL,'en',NULL,NULL),(77,39,'سمك',NULL,NULL,'ar',NULL,NULL),(78,39,'سمك',NULL,NULL,'en',NULL,NULL),(79,40,'قسم مميز',NULL,NULL,'ar',NULL,NULL),(80,40,'shehata',NULL,NULL,'en',NULL,NULL),(81,41,'قسم جديد',NULL,NULL,'ar',NULL,NULL),(82,41,'قسم جديد',NULL,NULL,'en',NULL,NULL),(83,42,'الأبل',NULL,NULL,'ar',NULL,NULL),(84,42,'The camels',NULL,NULL,'en',NULL,NULL),(85,43,'الغنم',NULL,NULL,'ar',NULL,NULL),(86,43,'Sheep',NULL,NULL,'en',NULL,NULL),(87,44,'الغنم',NULL,NULL,'ar',NULL,NULL),(88,44,'Sheep',NULL,NULL,'en',NULL,NULL),(89,45,'أمريكي',NULL,NULL,'ar',NULL,NULL),(90,45,'American',NULL,NULL,'en',NULL,NULL),(91,46,'ياباني',NULL,NULL,'ar',NULL,NULL),(92,46,'Japanese',NULL,NULL,'en',NULL,NULL),(93,47,'ألماني',NULL,NULL,'ar',NULL,NULL),(94,47,'German',NULL,NULL,'en',NULL,NULL),(95,48,'صيني',NULL,NULL,'ar',NULL,NULL),(96,48,'Chinese',NULL,NULL,'en',NULL,NULL),(97,49,'أخرى',NULL,NULL,'ar',NULL,NULL),(98,49,'Other',NULL,NULL,'en',NULL,NULL),(99,50,'أخرى',NULL,NULL,'ar',NULL,NULL),(100,50,'Other',NULL,NULL,'en',NULL,NULL),(101,51,'بيع',NULL,NULL,'ar',NULL,NULL),(102,51,'Sale',NULL,NULL,'en',NULL,NULL),(103,52,'شراء',NULL,NULL,'ar',NULL,NULL),(104,52,'Pay',NULL,NULL,'en',NULL,NULL),(105,53,'أخرى',NULL,NULL,'ar',NULL,NULL),(106,53,'Other',NULL,NULL,'en',NULL,NULL),(107,54,'منتجات متنوعه',NULL,NULL,'ar',NULL,NULL),(108,54,'Miscellaneous products',NULL,NULL,'en',NULL,NULL),(109,55,'ملابس',NULL,NULL,'ar',NULL,NULL),(110,55,'ملابس',NULL,NULL,'en',NULL,NULL),(111,56,'نسائي',NULL,NULL,'ar',NULL,NULL),(112,56,'female',NULL,NULL,'en',NULL,NULL),(113,57,'رجالي',NULL,NULL,'ar',NULL,NULL),(114,57,'Mans',NULL,NULL,'en',NULL,NULL),(115,58,'أطفال',NULL,NULL,'ar',NULL,NULL),(116,58,'Kids',NULL,NULL,'en',NULL,NULL),(117,59,'للبيع',NULL,NULL,'ar',NULL,NULL),(118,59,'Sale',NULL,NULL,'en',NULL,NULL),(119,60,'للإيجار',NULL,NULL,'ar',NULL,NULL),(120,60,'Rent',NULL,NULL,'en',NULL,NULL),(121,61,'أخرى',NULL,NULL,'ar',NULL,NULL),(122,61,'Other',NULL,NULL,'en',NULL,NULL),(123,62,'خدمات المنازل',NULL,NULL,'ar',NULL,NULL),(124,62,'Home services',NULL,NULL,'en',NULL,NULL),(125,63,'غسيل',NULL,NULL,'ar',NULL,NULL),(126,63,'laundry',NULL,NULL,'en',NULL,NULL),(127,64,'حماية',NULL,NULL,'ar',NULL,NULL),(128,64,'protection',NULL,NULL,'en',NULL,NULL),(129,65,'حماية',NULL,NULL,'ar',NULL,NULL),(130,65,'protection',NULL,NULL,'en',NULL,NULL),(131,66,'اخرى',NULL,NULL,'ar',NULL,NULL),(132,66,'Onther',NULL,NULL,'en',NULL,NULL),(133,67,'اخرى',NULL,NULL,'ar',NULL,NULL),(134,67,'Onther',NULL,NULL,'en',NULL,NULL),(135,68,'الوسيط أعلانات متنوعه',NULL,NULL,'ar',NULL,NULL),(136,68,'The broker has various advertisements',NULL,NULL,'en',NULL,NULL);

--
-- Table structure for table `category_user`
--

CREATE TABLE `category_user` (
  `id` int NOT NULL AUTO_INCREMENT,
  `user_id` int unsigned DEFAULT NULL,
  `category_id` int unsigned DEFAULT NULL,
  `created_at` timestamp NOT NULL DEFAULT CURRENT_TIMESTAMP,
  `updated_at` timestamp NOT NULL DEFAULT CURRENT_TIMESTAMP,
  PRIMARY KEY (`id`),
  KEY `category_id` (`category_id`),
  KEY `user_id` (`user_id`),
  CONSTRAINT `category_user_ibfk_1` FOREIGN KEY (`category_id`) REFERENCES `categories` (`id`) ON DELETE CASCADE,
  CONSTRAINT `category_user_ibfk_2` FOREIGN KEY (`user_id`) REFERENCES `users` (`id`) ON DELETE CASCADE
) ENGINE=InnoDB DEFAULT CHARSET=utf8mb3 ROW_FORMAT=COMPACT;

--
-- Dumping data for table `category_user`
--


--
-- Table structure for table `color_translations`
--

CREATE TABLE `color_translations` (
  `id` int unsigned NOT NULL AUTO_INCREMENT,
  `color_id` int unsigned NOT NULL,
  `name` varchar(191) CHARACTER SET utf8mb4 COLLATE utf8mb4_unicode_ci NOT NULL,
  `locale` varchar(191) CHARACTER SET utf8mb4 COLLATE utf8mb4_unicode_ci NOT NULL,
  `created_at` timestamp NULL DEFAULT NULL,
  `updated_at` timestamp NULL DEFAULT NULL,
  PRIMARY KEY (`id`),
  UNIQUE KEY `color_translations_color_id_locale_unique` (`color_id`,`locale`),
  KEY `color_translations_locale_index` (`locale`)
) ENGINE=InnoDB AUTO_INCREMENT=5 DEFAULT CHARSET=utf8mb4 COLLATE=utf8mb4_unicode_ci;

--
-- Dumping data for table `color_translations`
--

INSERT INTO `color_translations` (`id`, `color_id`, `name`, `locale`, `created_at`, `updated_at`) VALUES (1,1,'red','en',NULL,NULL),(2,1,'احمر','ar',NULL,NULL),(3,2,'grren','en',NULL,NULL),(4,2,'اخضر','ar',NULL,NULL);

--
-- Table structure for table `colors`
--

CREATE TABLE `colors` (
  `id` int unsigned NOT NULL AUTO_INCREMENT,
  `color` varchar(191) CHARACTER SET utf8mb4 COLLATE utf8mb4_unicode_ci NOT NULL,
  `user_id` int unsigned NOT NULL,
  `created_at` timestamp NULL DEFAULT NULL,
  `updated_at` timestamp NULL DEFAULT NULL,
  PRIMARY KEY (`id`),
  KEY `colors_user_id_foreign` (`user_id`)
) ENGINE=InnoDB AUTO_INCREMENT=3 DEFAULT CHARSET=utf8mb4 COLLATE=utf8mb4_unicode_ci;

--
-- Dumping data for table `colors`
--

INSERT INTO `colors` (`id`, `color`, `user_id`, `created_at`, `updated_at`) VALUES (1,'1',1,NULL,NULL),(2,'2',1,NULL,NULL);

--
-- Table structure for table `companies`
--

CREATE TABLE `companies` (
  `id` int unsigned NOT NULL AUTO_INCREMENT,
  `image` varchar(191) CHARACTER SET utf8mb4 COLLATE utf8mb4_unicode_ci NOT NULL,
  `status` tinyint(1) NOT NULL DEFAULT '1',
  `user_id` int unsigned NOT NULL,
  `created_at` timestamp NULL DEFAULT NULL,
  `updated_at` timestamp NULL DEFAULT NULL,
  `const` tinyint(1) NOT NULL DEFAULT '1',
  `shipping_type_id` int unsigned DEFAULT NULL,
  `slug` enum('lenses','toys') CHARACTER SET utf8mb4 COLLATE utf8mb4_unicode_ci DEFAULT NULL,
  PRIMARY KEY (`id`),
  KEY `companies_user_id_foreign` (`user_id`),
  KEY `companies_shipping_type_id_foreign` (`shipping_type_id`)
) ENGINE=InnoDB DEFAULT CHARSET=utf8mb4 COLLATE=utf8mb4_unicode_ci;

--
-- Dumping data for table `companies`
--


--
-- Table structure for table `company_brands`
--

CREATE TABLE `company_brands` (
  `id` int NOT NULL AUTO_INCREMENT,
  `brand_id` int NOT NULL,
  `company_id` int NOT NULL,
  `created_at` timestamp NULL DEFAULT NULL,
  `updated_at` timestamp NULL DEFAULT NULL,
  PRIMARY KEY (`id`)
) ENGINE=MyISAM DEFAULT CHARSET=latin1;

--
-- Dumping data for table `company_brands`
--


--
-- Table structure for table `company_categories`
--

CREATE TABLE `company_categories` (
  `id` int unsigned NOT NULL AUTO_INCREMENT,
  `company_id` int unsigned NOT NULL,
  `category_id` int unsigned NOT NULL,
  `created_at` timestamp NULL DEFAULT NULL,
  `updated_at` timestamp NULL DEFAULT NULL,
  PRIMARY KEY (`id`),
  KEY `company_categories_company_id_foreign` (`company_id`),
  KEY `company_categories_category_id_foreign` (`category_id`)
) ENGINE=InnoDB DEFAULT CHARSET=utf8mb4 COLLATE=utf8mb4_unicode_ci;

--
-- Dumping data for table `company_categories`
--


--
-- Table structure for table `company_translations`
--

CREATE TABLE `company_translations` (
  `id` int unsigned NOT NULL AUTO_INCREMENT,
  `company_id` int unsigned NOT NULL,
  `name` varchar(191) CHARACTER SET utf8mb4 COLLATE utf8mb4_unicode_ci NOT NULL,
  `descrption` text CHARACTER SET utf8mb4 COLLATE utf8mb4_unicode_ci,
  `meta_keywords` varchar(191) CHARACTER SET utf8mb4 COLLATE utf8mb4_unicode_ci DEFAULT NULL,
  `meta_description` text CHARACTER SET utf8mb4 COLLATE utf8mb4_unicode_ci,
  `locale` varchar(191) CHARACTER SET utf8mb4 COLLATE utf8mb4_unicode_ci NOT NULL,
  `created_at` timestamp NULL DEFAULT NULL,
  `updated_at` timestamp NULL DEFAULT NULL,
  PRIMARY KEY (`id`),
  UNIQUE KEY `company_translations_company_id_locale_unique` (`company_id`,`locale`),
  KEY `company_translations_locale_index` (`locale`)
) ENGINE=InnoDB DEFAULT CHARSET=utf8mb4 COLLATE=utf8mb4_unicode_ci;

--
-- Dumping data for table `company_translations`
--


--
-- Table structure for table `content_section_translations`
--

CREATE TABLE `content_section_translations` (
  `id` int unsigned NOT NULL AUTO_INCREMENT,
  `content_section_id` int unsigned NOT NULL,
  `title` varchar(191) CHARACTER SET utf8mb4 COLLATE utf8mb4_unicode_ci DEFAULT NULL,
  `locale` varchar(191) CHARACTER SET utf8mb4 COLLATE utf8mb4_unicode_ci NOT NULL,
  `created_at` timestamp NULL DEFAULT NULL,
  `updated_at` timestamp NULL DEFAULT NULL,
  PRIMARY KEY (`id`),
  UNIQUE KEY `content_section_translations_content_section_id_locale_unique` (`content_section_id`,`locale`)
) ENGINE=InnoDB AUTO_INCREMENT=5 DEFAULT CHARSET=utf8mb4 COLLATE=utf8mb4_unicode_ci;

--
-- Dumping data for table `content_section_translations`
--

INSERT INTO `content_section_translations` (`id`, `content_section_id`, `title`, `locale`, `created_at`, `updated_at`) VALUES (1,1,'منتجات قد تعجبك','ar',NULL,NULL),(2,1,'Products you may like','en',NULL,NULL),(3,2,'الاكثر مبيعاً','ar',NULL,NULL),(4,2,'best seller','en',NULL,NULL);

--
-- Table structure for table `content_sections`
--

CREATE TABLE `content_sections` (
  `id` int unsigned NOT NULL AUTO_INCREMENT,
  `order` int NOT NULL,
  `status` int NOT NULL DEFAULT '1',
  `created_at` timestamp NULL DEFAULT NULL,
  `updated_at` timestamp NULL DEFAULT NULL,
  `start_offer` datetime DEFAULT NULL,
  `end_offer` datetime DEFAULT NULL,
  `categoryShow` int unsigned DEFAULT NULL,
  `web` tinyint DEFAULT NULL,
  `typeOfWeb` int DEFAULT NULL,
  PRIMARY KEY (`id`),
  KEY `content_sections_categoryshow_foreign` (`categoryShow`)
) ENGINE=InnoDB AUTO_INCREMENT=3 DEFAULT CHARSET=utf8mb4 COLLATE=utf8mb4_unicode_ci;

--
-- Dumping data for table `content_sections`
--

INSERT INTO `content_sections` (`id`, `order`, `status`, `created_at`, `updated_at`, `start_offer`, `end_offer`, `categoryShow`, `web`, `typeOfWeb`) VALUES (1,2,1,'2021-06-11 01:59:27','2021-06-11 22:16:01',NULL,NULL,NULL,NULL,1),(2,1,1,'2021-06-11 02:00:20','2021-06-11 22:16:40',NULL,NULL,NULL,NULL,1);

--
-- Table structure for table `countries`
--

CREATE TABLE `countries` (
  `id` int unsigned NOT NULL AUTO_INCREMENT,
  `status` tinyint(1) NOT NULL DEFAULT '1',
  `image` varchar(191) CHARACTER SET utf8mb4 COLLATE utf8mb4_unicode_ci DEFAULT NULL,
  `code` varchar(191) CHARACTER SET utf8mb4 COLLATE utf8mb4_unicode_ci DEFAULT NULL,
  `currency` varchar(191) CHARACTER SET utf8mb4 COLLATE utf8mb4_unicode_ci DEFAULT NULL,
  `address_address` varchar(191) CHARACTER SET utf8mb4 COLLATE utf8mb4_unicode_ci NOT NULL,
  `address_latitude` double NOT NULL,
  `address_longitude` double NOT NULL,
  `created_at` timestamp NULL DEFAULT NULL,
  `updated_at` timestamp NULL DEFAULT NULL,
  PRIMARY KEY (`id`)
) ENGINE=InnoDB AUTO_INCREMENT=3 DEFAULT CHARSET=utf8mb4 COLLATE=utf8mb4_unicode_ci;

--
-- Dumping data for table `countries`
--

INSERT INTO `countries` (`id`, `status`, `image`, `code`, `currency`, `address_address`, `address_latitude`, `address_longitude`, `created_at`, `updated_at`) VALUES (1,1,'HciPVy9Zi2Yc0s4N5mBt3FwMTdAN9yIVN1W92Ezx.jpg','KWT','kwt','مدينة الكويت، Kuwait',29.375859,47.9774052,'2020-07-29 17:06:29','2022-10-30 20:51:32'),(2,1,'qsoyEsp91J8QPBe7WNYMK2B0GHrxBx5rxBlKoltq.jpg','Ksa','SAR','السعودية',23.885942,45.079162,'2022-10-30 20:50:11','2022-10-30 20:50:11');

--
-- Table structure for table `country_translations`
--

CREATE TABLE `country_translations` (
  `id` int unsigned NOT NULL AUTO_INCREMENT,
  `country_id` int unsigned NOT NULL,
  `name` varchar(191) CHARACTER SET utf8mb4 COLLATE utf8mb4_unicode_ci NOT NULL,
  `locale` varchar(191) CHARACTER SET utf8mb4 COLLATE utf8mb4_unicode_ci NOT NULL,
  `created_at` timestamp NULL DEFAULT NULL,
  `updated_at` timestamp NULL DEFAULT NULL,
  PRIMARY KEY (`id`),
  UNIQUE KEY `country_translations_country_id_locale_unique` (`country_id`,`locale`),
  KEY `country_translations_locale_index` (`locale`)
) ENGINE=InnoDB AUTO_INCREMENT=5 DEFAULT CHARSET=utf8mb4 COLLATE=utf8mb4_unicode_ci;

--
-- Dumping data for table `country_translations`
--

INSERT INTO `country_translations` (`id`, `country_id`, `name`, `locale`, `created_at`, `updated_at`) VALUES (1,1,'الكويت','ar',NULL,NULL),(2,1,'kuwait','en',NULL,NULL),(3,2,'اللملكه العربيه السعوديه','ar',NULL,NULL),(4,2,'Saudi Arabia','en',NULL,NULL);

--
-- Table structure for table `coupone__related`
--

CREATE TABLE `coupone__related` (
  `id` int unsigned NOT NULL AUTO_INCREMENT,
  `coupons_id` int unsigned NOT NULL,
  `related_id` int NOT NULL,
  `created_at` timestamp NULL DEFAULT NULL,
  `updated_at` timestamp NULL DEFAULT NULL,
  PRIMARY KEY (`id`),
  KEY `coupone__related_coupons_id_foreign` (`coupons_id`)
) ENGINE=InnoDB DEFAULT CHARSET=utf8mb4 COLLATE=utf8mb4_unicode_ci;

--
-- Dumping data for table `coupone__related`
--


--
-- Table structure for table `coupons`
--

CREATE TABLE `coupons` (
  `id` int unsigned NOT NULL AUTO_INCREMENT,
  `name` varchar(191) CHARACTER SET utf8mb4 COLLATE utf8mb4_unicode_ci NOT NULL,
  `value` int DEFAULT NULL,
  `type` varchar(20) CHARACTER SET utf8mb4 COLLATE utf8mb4_unicode_ci DEFAULT NULL,
  `code` varchar(191) CHARACTER SET utf8mb4 COLLATE utf8mb4_unicode_ci NOT NULL,
  `image` varchar(191) CHARACTER SET utf8mb4 COLLATE utf8mb4_unicode_ci NOT NULL,
  `description` longtext CHARACTER SET utf8mb4 COLLATE utf8mb4_unicode_ci NOT NULL,
  `created_at` timestamp NULL DEFAULT NULL,
  `updated_at` timestamp NULL DEFAULT NULL,
  `status` tinyint DEFAULT NULL,
  `count` int DEFAULT NULL,
  `personal_discount` double(8,2) NOT NULL DEFAULT '0.00',
  PRIMARY KEY (`id`)
) ENGINE=InnoDB DEFAULT CHARSET=utf8mb4 COLLATE=utf8mb4_unicode_ci;

--
-- Dumping data for table `coupons`
--


--
-- Table structure for table `device_tokens`
--

CREATE TABLE `device_tokens` (
  `id` bigint unsigned NOT NULL AUTO_INCREMENT,
  `user_id` bigint unsigned DEFAULT NULL,
  `token` varchar(191) CHARACTER SET utf8mb4 COLLATE utf8mb4_unicode_ci DEFAULT NULL,
  `device_id` varchar(191) CHARACTER SET utf8mb4 COLLATE utf8mb4_unicode_ci DEFAULT NULL,
  `device` enum('0','1','2') CHARACTER SET utf8mb4 COLLATE utf8mb4_unicode_ci NOT NULL DEFAULT '0',
  `created_at` timestamp NULL DEFAULT NULL,
  `updated_at` timestamp NULL DEFAULT NULL,
  PRIMARY KEY (`id`),
  KEY `device_tokens_user_id_foreign` (`user_id`)
) ENGINE=InnoDB AUTO_INCREMENT=4 DEFAULT CHARSET=utf8mb4 COLLATE=utf8mb4_unicode_ci;

--
-- Dumping data for table `device_tokens`
--

INSERT INTO `device_tokens` (`id`, `user_id`, `token`, `device_id`, `device`, `created_at`, `updated_at`) VALUES (3,6006,'dfsbDrYY3EGiqXjhaTfUk1:APA91bHZz0RY20UYXE4QzYmu2OCPCH-gwMXf4QRUNkSJjhmQro5KkcU4Ibo0rE8fYqJ8E2pEghs6PckFoaNqQd-t43-4Gi0bv9SwfhZR2AqFa6_6Qxl4M2nUsPh93VYPQYiU6x6c3tX0Y','58D4E10F-067D-4717-94F6-351991747802','0','2022-03-06 22:45:55','2022-03-06 22:47:52');

--
-- Table structure for table `failed_jobs`
--

CREATE TABLE `failed_jobs` (
  `id` bigint unsigned NOT NULL AUTO_INCREMENT,
  `connection` text CHARACTER SET utf8mb4 COLLATE utf8mb4_unicode_ci NOT NULL,
  `queue` text CHARACTER SET utf8mb4 COLLATE utf8mb4_unicode_ci NOT NULL,
  `payload` longtext CHARACTER SET utf8mb4 COLLATE utf8mb4_unicode_ci NOT NULL,
  `exception` longtext CHARACTER SET utf8mb4 COLLATE utf8mb4_unicode_ci NOT NULL,
  `failed_at` timestamp NOT NULL DEFAULT CURRENT_TIMESTAMP,
  PRIMARY KEY (`id`)
) ENGINE=InnoDB DEFAULT CHARSET=utf8mb4 COLLATE=utf8mb4_unicode_ci;

--
-- Dumping data for table `failed_jobs`
--


--
-- Table structure for table `famouse_discounts`
--

CREATE TABLE `famouse_discounts` (
  `id` int unsigned NOT NULL AUTO_INCREMENT,
  `order_id` int unsigned NOT NULL,
  `price` float NOT NULL,
  `discountprice` float NOT NULL,
  `code` varchar(191) CHARACTER SET utf8mb4 COLLATE utf8mb4_unicode_ci NOT NULL,
  `value` varchar(191) CHARACTER SET utf8mb4 COLLATE utf8mb4_unicode_ci NOT NULL,
  `created_at` timestamp NULL DEFAULT NULL,
  `updated_at` timestamp NULL DEFAULT NULL,
  PRIMARY KEY (`id`),
  KEY `famouse_discounts_order_id_foreign` (`order_id`)
) ENGINE=InnoDB DEFAULT CHARSET=utf8mb4 COLLATE=utf8mb4_unicode_ci;

--
-- Dumping data for table `famouse_discounts`
--


--
-- Table structure for table `favourites`
--

CREATE TABLE `favourites` (
  `id` int NOT NULL AUTO_INCREMENT,
  `user_id` int unsigned DEFAULT NULL,
  `product_id` int unsigned DEFAULT NULL,
  `created_at` timestamp NOT NULL DEFAULT CURRENT_TIMESTAMP,
  `updated_at` timestamp NOT NULL DEFAULT CURRENT_TIMESTAMP,
  PRIMARY KEY (`id`),
  KEY `user_id` (`user_id`),
  KEY `product_id` (`product_id`),
  CONSTRAINT `favourites_ibfk_1` FOREIGN KEY (`user_id`) REFERENCES `users` (`id`) ON DELETE CASCADE,
  CONSTRAINT `favourites_ibfk_2` FOREIGN KEY (`product_id`) REFERENCES `products` (`id`) ON DELETE CASCADE
) ENGINE=InnoDB AUTO_INCREMENT=11 DEFAULT CHARSET=utf8mb3 ROW_FORMAT=COMPACT;

--
-- Dumping data for table `favourites`
--

INSERT INTO `favourites` (`id`, `user_id`, `product_id`, `created_at`, `updated_at`) VALUES (8,6011,2,'2022-03-21 21:41:19','2022-03-21 21:41:19'),(10,6011,1,'2022-03-21 21:41:19','2022-03-21 21:41:19');

--
-- Table structure for table `feature_inventories`
--

CREATE TABLE `feature_inventories` (
  `id` int unsigned NOT NULL AUTO_INCREMENT,
  `product_id` int unsigned DEFAULT NULL,
  `inventory_id` int unsigned NOT NULL,
  `feature_id` int unsigned NOT NULL,
  `option_id` int unsigned NOT NULL,
  `price` double(8,2) NOT NULL DEFAULT '0.00',
  `qyt` int NOT NULL DEFAULT '0',
  `created_at` timestamp NULL DEFAULT NULL,
  `updated_at` timestamp NULL DEFAULT NULL,
  PRIMARY KEY (`id`),
  KEY `feature_inventories_product_id_foreign` (`product_id`),
  KEY `feature_inventories_inventory_id_foreign` (`inventory_id`),
  KEY `feature_inventories_feature_id_foreign` (`feature_id`),
  KEY `feature_inventories_option_id_foreign` (`option_id`)
) ENGINE=InnoDB DEFAULT CHARSET=utf8mb4 COLLATE=utf8mb4_unicode_ci;

--
-- Dumping data for table `feature_inventories`
--


--
-- Table structure for table `feature_option_translations`
--

CREATE TABLE `feature_option_translations` (
  `id` int unsigned NOT NULL AUTO_INCREMENT,
  `feature_option_id` int unsigned NOT NULL,
  `title` varchar(191) CHARACTER SET utf8mb4 COLLATE utf8mb4_unicode_ci DEFAULT NULL,
  `locale` varchar(191) CHARACTER SET utf8mb4 COLLATE utf8mb4_unicode_ci NOT NULL,
  `created_at` timestamp NULL DEFAULT NULL,
  `updated_at` timestamp NULL DEFAULT NULL,
  PRIMARY KEY (`id`),
  UNIQUE KEY `feature_option_translations_feature_option_id_locale_unique` (`feature_option_id`,`locale`)
) ENGINE=InnoDB DEFAULT CHARSET=utf8mb4 COLLATE=utf8mb4_unicode_ci;

--
-- Dumping data for table `feature_option_translations`
--


--
-- Table structure for table `feature_options`
--

CREATE TABLE `feature_options` (
  `id` int unsigned NOT NULL AUTO_INCREMENT,
  `price` decimal(8,2) NOT NULL,
  `count` int DEFAULT NULL,
  `feature_id` int unsigned DEFAULT NULL,
  `created_at` timestamp NULL DEFAULT NULL,
  `updated_at` timestamp NULL DEFAULT NULL,
  PRIMARY KEY (`id`),
  KEY `feature_options_feature_id_foreign` (`feature_id`)
) ENGINE=InnoDB DEFAULT CHARSET=utf8mb4 COLLATE=utf8mb4_unicode_ci;

--
-- Dumping data for table `feature_options`
--


--
-- Table structure for table `feature_translations`
--

CREATE TABLE `feature_translations` (
  `id` int unsigned NOT NULL AUTO_INCREMENT,
  `feature_id` int unsigned NOT NULL,
  `title` varchar(191) CHARACTER SET utf8mb4 COLLATE utf8mb4_unicode_ci DEFAULT NULL,
  `locale` varchar(191) CHARACTER SET utf8mb4 COLLATE utf8mb4_unicode_ci NOT NULL,
  `created_at` timestamp NULL DEFAULT NULL,
  `updated_at` timestamp NULL DEFAULT NULL,
  PRIMARY KEY (`id`),
  UNIQUE KEY `feature_translations_feature_id_locale_unique` (`feature_id`,`locale`)
) ENGINE=InnoDB DEFAULT CHARSET=utf8mb4 COLLATE=utf8mb4_unicode_ci;

--
-- Dumping data for table `feature_translations`
--


--
-- Table structure for table `features`
--

CREATE TABLE `features` (
  `id` int unsigned NOT NULL AUTO_INCREMENT,
  `product_id` int unsigned DEFAULT NULL,
  `created_at` timestamp NULL DEFAULT NULL,
  `updated_at` timestamp NULL DEFAULT NULL,
  PRIMARY KEY (`id`),
  KEY `features_product_id_foreign` (`product_id`)
) ENGINE=InnoDB DEFAULT CHARSET=utf8mb4 COLLATE=utf8mb4_unicode_ci;

--
-- Dumping data for table `features`
--


--
-- Table structure for table `files`
--

CREATE TABLE `files` (
  `id` int unsigned NOT NULL AUTO_INCREMENT,
  `image` varchar(191) CHARACTER SET utf8mb4 COLLATE utf8mb4_unicode_ci DEFAULT NULL,
  `main` tinyint NOT NULL DEFAULT '0',
  `tag` varchar(191) CHARACTER SET utf8mb4 COLLATE utf8mb4_unicode_ci DEFAULT NULL,
  `fileable_id` bigint unsigned DEFAULT NULL,
  `fileable_type` varchar(191) CHARACTER SET utf8mb4 COLLATE utf8mb4_unicode_ci DEFAULT NULL,
  `created_at` timestamp NULL DEFAULT NULL,
  `updated_at` timestamp NULL DEFAULT NULL,
  PRIMARY KEY (`id`)
) ENGINE=InnoDB AUTO_INCREMENT=579 DEFAULT CHARSET=utf8mb4 COLLATE=utf8mb4_unicode_ci;

--
-- Dumping data for table `files`
--

INSERT INTO `files` (`id`, `image`, `main`, `tag`, `fileable_id`, `fileable_type`, `created_at`, `updated_at`) VALUES (9,'/uploads/ads/17/1670666732اعلان-على-قوقل.jpg',9,'1670666732اعلان-على-قوقل.jpg',17,'App\\models\\Ads','2022-12-10 11:05:32','2022-12-10 11:05:32'),(10,'/uploads/ads/17/1670666733iy80FuT2_400x400.jpg',9,'1670666733iy80FuT2_400x400.jpg',17,'App\\models\\Ads','2022-12-10 11:05:33','2022-12-10 11:05:33'),(11,'/uploads/ads/16/1670666740اعلان-على-قوقل.jpg',9,'1670666740اعلان-على-قوقل.jpg',16,'App\\models\\Ads','2022-12-10 11:05:40','2022-12-10 11:05:40'),(12,'/uploads/ads/16/1670666740iy80FuT2_400x400.jpg',9,'1670666740iy80FuT2_400x400.jpg',16,'App\\models\\Ads','2022-12-10 11:05:40','2022-12-10 11:05:40'),(13,'/uploads/ads/15/1670666745اعلان-على-قوقل.jpg',9,'1670666745اعلان-على-قوقل.jpg',15,'App\\models\\Ads','2022-12-10 11:05:45','2022-12-10 11:05:45'),(14,'/uploads/ads/15/1670666746iy80FuT2_400x400.jpg',9,'1670666746iy80FuT2_400x400.jpg',15,'App\\models\\Ads','2022-12-10 11:05:46','2022-12-10 11:05:46'),(17,'/uploads/ads/13/1670666761اعلان-على-قوقل.jpg',9,'1670666761اعلان-على-قوقل.jpg',13,'App\\models\\Ads','2022-12-10 11:06:01','2022-12-10 11:06:01'),(18,'/uploads/ads/13/1670666762iy80FuT2_400x400.jpg',9,'1670666762iy80FuT2_400x400.jpg',13,'App\\models\\Ads','2022-12-10 11:06:02','2022-12-10 11:06:02'),(19,'/uploads/ads/12/1670666770اعلان-على-قوقل.jpg',9,'1670666770اعلان-على-قوقل.jpg',12,'App\\models\\Ads','2022-12-10 11:06:10','2022-12-10 11:06:10'),(20,'/uploads/ads/12/1670666770iy80FuT2_400x400.jpg',9,'1670666770iy80FuT2_400x400.jpg',12,'App\\models\\Ads','2022-12-10 11:06:10','2022-12-10 11:06:10'),(21,'/uploads/ads/8/1670666786اعلان-على-قوقل.jpg',9,'1670666786اعلان-على-قوقل.jpg',8,'App\\models\\Ads','2022-12-10 11:06:26','2022-12-10 11:06:26'),(22,'/uploads/ads/8/1670666787iy80FuT2_400x400.jpg',9,'1670666787iy80FuT2_400x400.jpg',8,'App\\models\\Ads','2022-12-10 11:06:27','2022-12-10 11:06:27'),(23,'/uploads/ads/14/1670666828اعلان-على-قوقل.jpg',9,'1670666828اعلان-على-قوقل.jpg',14,'App\\models\\Ads','2022-12-10 11:07:08','2022-12-10 11:07:08'),(24,'/uploads/ads/14/1670666828iy80FuT2_400x400.jpg',9,'1670666828iy80FuT2_400x400.jpg',14,'App\\models\\Ads','2022-12-10 11:07:08','2022-12-10 11:07:08'),(25,'/uploads/ads/21/1670835805image_picker_ED3C0EBA-4E88-4496-8CDF-700AE6028E68-5964-00000112EF8D3AC9.jpg',9,'1670835805image_picker_ED3C0EBA-4E88-4496-8CDF-700AE6028E68-5964-00000112EF8D3AC9.jpg',21,'App\\models\\Product','2022-12-12 10:03:25','2022-12-12 10:03:25'),(26,'/uploads/ads/21/1670835805image_picker_A6EC9617-8949-4B28-B3BA-445F4B86D73B-5964-00000112F0B4D64A.jpg',9,'1670835805image_picker_A6EC9617-8949-4B28-B3BA-445F4B86D73B-5964-00000112F0B4D64A.jpg',21,'App\\models\\Product','2022-12-12 10:03:25','2022-12-12 10:03:25'),(27,'/uploads/ads/22/1670835956image_picker_0E951203-6854-4622-90B2-09DA1A0CF0C1-6392-0000011439143F29.jpg',9,'1670835956image_picker_0E951203-6854-4622-90B2-09DA1A0CF0C1-6392-0000011439143F29.jpg',22,'App\\models\\Product','2022-12-12 10:05:56','2022-12-12 10:05:56'),(28,'/uploads/ads/23/1670836581image_picker_273A6F66-E46A-4DF3-BC67-491FF2590FF6-6392-000001175CF8FE2C.jpg',9,'1670836581image_picker_273A6F66-E46A-4DF3-BC67-491FF2590FF6-6392-000001175CF8FE2C.jpg',23,'App\\models\\Product','2022-12-12 10:16:21','2022-12-12 10:16:21'),(29,'/uploads/ads/25/1670837926image_picker_133D6269-13DD-49F2-841A-C7E5E8EEC1FE-6392-0000011F11CFEC6C.jpg',9,'1670837926image_picker_133D6269-13DD-49F2-841A-C7E5E8EEC1FE-6392-0000011F11CFEC6C.jpg',25,'App\\models\\Product','2022-12-12 10:38:46','2022-12-12 10:38:46'),(30,'/uploads/ads/26/1670844084image_picker_E9F7C27F-5556-43EB-80ED-632F182AF9ED-6962-00000137E64C12D3.jpg',9,'1670844084image_picker_E9F7C27F-5556-43EB-80ED-632F182AF9ED-6962-00000137E64C12D3.jpg',26,'App\\models\\Product','2022-12-12 12:21:24','2022-12-12 12:21:24'),(31,'/uploads/ads/27/1670844218image_picker_1538B0C8-165A-4430-BCEE-D4B5990272C1-6962-000001389F7111BA.jpg',9,'1670844218image_picker_1538B0C8-165A-4430-BCEE-D4B5990272C1-6962-000001389F7111BA.jpg',27,'App\\models\\Product','2022-12-12 12:23:38','2022-12-12 12:23:38'),(32,'/uploads/ads/28/1670844317image_picker_128BD070-810E-4627-B478-80313ACB889D-6962-00000139379D6E96.jpg',9,'1670844317image_picker_128BD070-810E-4627-B478-80313ACB889D-6962-00000139379D6E96.jpg',28,'App\\models\\Product','2022-12-12 12:25:17','2022-12-12 12:25:17'),(33,'/uploads/ads/30/1670849006image_picker_118B4FEC-8682-4EEF-A75B-B49226F3BB00-40494-000014CEAE858DCD.jpg',9,'1670849006image_picker_118B4FEC-8682-4EEF-A75B-B49226F3BB00-40494-000014CEAE858DCD.jpg',30,'App\\models\\Product','2022-12-12 13:43:26','2022-12-12 13:43:26'),(34,'/uploads/ads/30/1670849006image_picker_9BA1626E-2180-47E2-9EB5-21D5E08EDC3E-40494-000014CEC0FE0323.jpg',9,'1670849006image_picker_9BA1626E-2180-47E2-9EB5-21D5E08EDC3E-40494-000014CEC0FE0323.jpg',30,'App\\models\\Product','2022-12-12 13:43:26','2022-12-12 13:43:26'),(35,'/uploads/ads/30/1670849006image_picker_FC1D6337-46C3-4201-820C-32FD45E5EE0C-40494-000014CEA2DE8CFE.jpg',9,'1670849006image_picker_FC1D6337-46C3-4201-820C-32FD45E5EE0C-40494-000014CEA2DE8CFE.jpg',30,'App\\models\\Product','2022-12-12 13:43:26','2022-12-12 13:43:26'),(36,'/uploads/product/37/1670932680a3.jpg',1,'1670932680a3.jpg',37,'App\\models\\Product','2022-12-13 12:58:00','2022-12-13 12:58:00'),(37,'/uploads/product/37/1670932680a4.jpg',1,'1670932680a4.jpg',37,'App\\models\\Product','2022-12-13 12:58:00','2022-12-13 12:58:00'),(38,'/uploads/product/1/16709367601-zoom-desktop.webp',0,'16709367601-zoom-desktop.webp',1,'App\\models\\Product','2022-12-13 14:06:00','2022-12-13 14:06:00'),(39,'/uploads/product/1/16709367612-zoom-desktop.webp',0,'16709367612-zoom-desktop.webp',1,'App\\models\\Product','2022-12-13 14:06:01','2022-12-13 14:06:01'),(40,'/uploads/product/1/16709367613-zoom-desktop.webp',0,'16709367613-zoom-desktop.webp',1,'App\\models\\Product','2022-12-13 14:06:01','2022-12-13 14:06:01'),(45,'/uploads/product/3/16709370854-zoom-desktop.webp',0,'16709370854-zoom-desktop.webp',3,'App\\models\\Product','2022-12-13 14:11:25','2022-12-13 14:11:25'),(46,'/uploads/product/3/16709370865-zoom-desktop.webp',0,'16709370865-zoom-desktop.webp',3,'App\\models\\Product','2022-12-13 14:11:26','2022-12-13 14:11:26'),(47,'/uploads/product/4/16709371802-zoom-desktop.webp',0,'16709371802-zoom-desktop.webp',4,'App\\models\\Product','2022-12-13 14:13:00','2022-12-13 14:13:00'),(48,'/uploads/product/4/16709371813-zoom-desktop.webp',0,'16709371813-zoom-desktop.webp',4,'App\\models\\Product','2022-12-13 14:13:01','2022-12-13 14:13:01'),(49,'/uploads/product/4/16709371814-zoom-desktop.webp',0,'16709371814-zoom-desktop.webp',4,'App\\models\\Product','2022-12-13 14:13:01','2022-12-13 14:13:01'),(50,'/uploads/product/4/16709371825-zoom-desktop.webp',0,'16709371825-zoom-desktop.webp',4,'App\\models\\Product','2022-12-13 14:13:02','2022-12-13 14:13:02'),(51,'/uploads/product/5/1671105257download-1.jpg',1,'1671105257download-1.jpg',5,'App\\models\\Product','2022-12-15 12:54:17','2022-12-15 12:54:17'),(52,'/uploads/product/5/1671105257download-2.jpg',1,'1671105257download-2.jpg',5,'App\\models\\Product','2022-12-15 12:54:17','2022-12-15 12:54:17'),(53,'/uploads/product/5/1671105257download.jpg',1,'1671105257download.jpg',5,'App\\models\\Product','2022-12-15 12:54:17','2022-12-15 12:54:17'),(54,'/uploads/product/6/1671106303download-2.jpg',1,'1671106303download-2.jpg',6,'App\\models\\Product','2022-12-15 13:11:43','2022-12-15 13:11:43'),(55,'/uploads/product/6/1671106303download.jpg',1,'1671106303download.jpg',6,'App\\models\\Product','2022-12-15 13:11:43','2022-12-15 13:11:43'),(56,'/uploads/product/7/1671106329download-2.jpg',1,'1671106329download-2.jpg',7,'App\\models\\Product','2022-12-15 13:12:09','2022-12-15 13:12:09'),(57,'/uploads/product/7/1671106329download.jpg',1,'1671106329download.jpg',7,'App\\models\\Product','2022-12-15 13:12:09','2022-12-15 13:12:09'),(58,'/uploads/product/8/1671106338download-2.jpg',1,'1671106338download-2.jpg',8,'App\\models\\Product','2022-12-15 13:12:18','2022-12-15 13:12:18'),(59,'/uploads/product/8/1671106338download.jpg',1,'1671106338download.jpg',8,'App\\models\\Product','2022-12-15 13:12:18','2022-12-15 13:12:18'),(60,'/uploads/product/9/1671225711download-1.jpg',1,'1671225711download-1.jpg',9,'App\\models\\Product','2022-12-16 22:21:51','2022-12-16 22:21:51'),(61,'/uploads/product/9/1671225711download-2.jpg',1,'1671225711download-2.jpg',9,'App\\models\\Product','2022-12-16 22:21:51','2022-12-16 22:21:51'),(62,'/uploads/product/9/1671225711download.jpg',1,'1671225711download.jpg',9,'App\\models\\Product','2022-12-16 22:21:51','2022-12-16 22:21:51'),(63,'/uploads/product/9/1671225711images.jpg',1,'1671225711images.jpg',9,'App\\models\\Product','2022-12-16 22:21:51','2022-12-16 22:21:51'),(64,'/uploads/product/10/1671225997image_picker1520342210626802412.jpg',1,'1671225997image_picker1520342210626802412.jpg',10,'App\\models\\Product','2022-12-16 22:26:37','2022-12-16 22:26:37'),(65,'/uploads/product/10/1671225997image_picker7010069750842053372.png',1,'1671225997image_picker7010069750842053372.png',10,'App\\models\\Product','2022-12-16 22:26:37','2022-12-16 22:26:37'),(66,'/uploads/product/11/1671226134image_picker1566367311789966792.jpg',1,'1671226134image_picker1566367311789966792.jpg',11,'App\\models\\Product','2022-12-16 22:28:54','2022-12-16 22:28:54'),(67,'/uploads/product/11/1671226134image_picker4075955964714004467.png',1,'1671226134image_picker4075955964714004467.png',11,'App\\models\\Product','2022-12-16 22:28:54','2022-12-16 22:28:54'),(68,'/uploads/ads/41/1671359989spritemap.png',9,'1671359989spritemap.png',41,'App\\models\\Ads','2022-12-18 11:39:49','2022-12-18 11:39:49'),(69,'/uploads/ads/41/1671359989spritemap@2x.png',9,'1671359989spritemap@2x.png',41,'App\\models\\Ads','2022-12-18 11:39:49','2022-12-18 11:39:49'),(70,'/uploads/ads/42/1671360107Screenshot 2022-12-18 at 1.32.06 PM.png',9,'1671360107Screenshot 2022-12-18 at 1.32.06 PM.png',42,'App\\models\\Ads','2022-12-18 11:41:47','2022-12-18 11:41:47'),(71,'/uploads/ads/42/1671360107Screenshot 2022-12-18 at 1.32.09 PM.png',9,'1671360107Screenshot 2022-12-18 at 1.32.09 PM.png',42,'App\\models\\Ads','2022-12-18 11:41:47','2022-12-18 11:41:47'),(72,'/uploads/ads/44/1671361963image_picker_C1B3FEAE-354D-442B-A944-D5C6862BB25A-4331-000000C14893DDC4.png',9,'1671361963image_picker_C1B3FEAE-354D-442B-A944-D5C6862BB25A-4331-000000C14893DDC4.png',44,'App\\models\\Ads','2022-12-18 12:12:43','2022-12-18 12:12:43'),(73,'/uploads/ads/44/1671361963image_picker_1579C911-E317-4C16-A9F6-96E3700B0623-4331-000000C14793EB79.png',9,'1671361963image_picker_1579C911-E317-4C16-A9F6-96E3700B0623-4331-000000C14793EB79.png',44,'App\\models\\Ads','2022-12-18 12:12:43','2022-12-18 12:12:43'),(74,'/uploads/ads/44/1671361963image_picker_8043DEDF-8B10-429B-A4F1-039D3A75BF86-4331-000000C1483F6BB0.png',9,'1671361963image_picker_8043DEDF-8B10-429B-A4F1-039D3A75BF86-4331-000000C1483F6BB0.png',44,'App\\models\\Ads','2022-12-18 12:12:43','2022-12-18 12:12:43'),(75,'/uploads/product/12/1671362693image_picker_30B04B6A-1E2A-4CA9-9FAB-8C381464ED31-4331-000000C54CCA65AE.png',1,'1671362693image_picker_30B04B6A-1E2A-4CA9-9FAB-8C381464ED31-4331-000000C54CCA65AE.png',12,'App\\models\\Product','2022-12-18 12:24:53','2022-12-18 12:24:53'),(76,'/uploads/product/12/1671362693image_picker_D19AA8F5-F84E-4580-8AA1-130B48465BB5-4331-000000C54C209C0F.png',1,'1671362693image_picker_D19AA8F5-F84E-4580-8AA1-130B48465BB5-4331-000000C54C209C0F.png',12,'App\\models\\Product','2022-12-18 12:24:53','2022-12-18 12:24:53'),(77,'/uploads/product/13/1671363273image_picker_3301FE5F-B6AE-4E69-8D29-A2D8587AED1B-4331-000000C8452899F6.jpg',1,'1671363273image_picker_3301FE5F-B6AE-4E69-8D29-A2D8587AED1B-4331-000000C8452899F6.jpg',13,'App\\models\\Product','2022-12-18 12:34:33','2022-12-18 12:34:33'),(78,'/uploads/product/14/1671363386image_picker_E33B16FB-719A-4BEB-B456-BBAC60FE52FA-4331-000000C9439A7D44.jpg',1,'1671363386image_picker_E33B16FB-719A-4BEB-B456-BBAC60FE52FA-4331-000000C9439A7D44.jpg',14,'App\\models\\Product','2022-12-18 12:36:26','2022-12-18 12:36:26'),(79,'/uploads/product/15/1671363567image_picker_54F41145-BBD8-46BD-AD18-39233BEA469B-4331-000000CA426A59F0.jpg',1,'1671363567image_picker_54F41145-BBD8-46BD-AD18-39233BEA469B-4331-000000CA426A59F0.jpg',15,'App\\models\\Product','2022-12-18 12:39:27','2022-12-18 12:39:27'),(80,'/uploads/product/16/1671363746image_picker_E2CD7007-5D9C-4050-85CA-236AA59DB55C-4331-000000CB47258357.jpg',1,'1671363746image_picker_E2CD7007-5D9C-4050-85CA-236AA59DB55C-4331-000000CB47258357.jpg',16,'App\\models\\Product','2022-12-18 12:42:26','2022-12-18 12:42:26'),(81,'/uploads/product/17/1671367446image_picker_9D249A21-EC2E-49DD-8A1B-EB7D0CA8ECD7-33974-0000132F936FFD5C.jpg',1,'1671367446image_picker_9D249A21-EC2E-49DD-8A1B-EB7D0CA8ECD7-33974-0000132F936FFD5C.jpg',17,'App\\models\\Product','2022-12-18 13:44:06','2022-12-18 13:44:06'),(82,'/uploads/product/17/1671367446image_picker_4C1FB9C8-0EAF-41C2-A77E-425CD4DE4BF6-33974-0000132FA65DED9F.jpg',1,'1671367446image_picker_4C1FB9C8-0EAF-41C2-A77E-425CD4DE4BF6-33974-0000132FA65DED9F.jpg',17,'App\\models\\Product','2022-12-18 13:44:06','2022-12-18 13:44:06'),(83,'/uploads/product/18/1671367534image_picker_800A6CC3-9CA7-4280-9309-91A5F22622F2-33974-0000134417A7ABC3.jpg',1,'1671367534image_picker_800A6CC3-9CA7-4280-9309-91A5F22622F2-33974-0000134417A7ABC3.jpg',18,'App\\models\\Product','2022-12-18 13:45:34','2022-12-18 13:45:34'),(84,'/uploads/product/18/1671367534image_picker_DFDFB2A2-9F3E-4ED4-B337-26D47C28B097-33974-000013442A0BBA75.jpg',1,'1671367534image_picker_DFDFB2A2-9F3E-4ED4-B337-26D47C28B097-33974-000013442A0BBA75.jpg',18,'App\\models\\Product','2022-12-18 13:45:34','2022-12-18 13:45:34'),(85,'/uploads/product/19/1671367629image_picker_8D4CDC96-F253-47BC-A9B5-CE0FC0969086-33974-000013562E8C8F1C.jpg',1,'1671367629image_picker_8D4CDC96-F253-47BC-A9B5-CE0FC0969086-33974-000013562E8C8F1C.jpg',19,'App\\models\\Product','2022-12-18 13:47:09','2022-12-18 13:47:09'),(86,'/uploads/product/19/1671367629image_picker_5F82175D-BA9A-4E91-A16C-CD259F541E70-33974-0000135640E4DF7D.jpg',1,'1671367629image_picker_5F82175D-BA9A-4E91-A16C-CD259F541E70-33974-0000135640E4DF7D.jpg',19,'App\\models\\Product','2022-12-18 13:47:09','2022-12-18 13:47:09'),(87,'/uploads/product/20/1671367676image_picker_AD05111C-CFC7-40D5-BEAC-55895E9464BA-33974-000013655790347F.jpg',1,'1671367676image_picker_AD05111C-CFC7-40D5-BEAC-55895E9464BA-33974-000013655790347F.jpg',20,'App\\models\\Product','2022-12-18 13:47:56','2022-12-18 13:47:56'),(88,'/uploads/product/20/1671367676image_picker_7023E2F8-BF76-486D-AF57-D28084CFE261-33974-0000136569F4FAC9.jpg',1,'1671367676image_picker_7023E2F8-BF76-486D-AF57-D28084CFE261-33974-0000136569F4FAC9.jpg',20,'App\\models\\Product','2022-12-18 13:47:56','2022-12-18 13:47:56'),(89,'/uploads/product/21/1671367855image_picker_D4305F44-2035-4FA2-B15D-39BF9D341231-33974-0000138CB8D9D07A.jpg',1,'1671367855image_picker_D4305F44-2035-4FA2-B15D-39BF9D341231-33974-0000138CB8D9D07A.jpg',21,'App\\models\\Product','2022-12-18 13:50:55','2022-12-18 13:50:55'),(90,'/uploads/product/21/1671367855image_picker_AF7C7A33-01ED-4D57-8705-0B6E56972D1A-33974-0000138CCB2A1064.jpg',1,'1671367855image_picker_AF7C7A33-01ED-4D57-8705-0B6E56972D1A-33974-0000138CCB2A1064.jpg',21,'App\\models\\Product','2022-12-18 13:50:55','2022-12-18 13:50:55'),(91,'/uploads/product/22/1671372047image_picker_67652A7E-A0A3-481F-8D8C-A57EA01E04F0-33974-0000175EA8E51CA8.jpg',1,'1671372047image_picker_67652A7E-A0A3-481F-8D8C-A57EA01E04F0-33974-0000175EA8E51CA8.jpg',22,'App\\models\\Product','2022-12-18 15:00:47','2022-12-18 15:00:47'),(92,'/uploads/product/22/1671372047image_picker_7FA3E0D4-F152-4A32-954A-14BFFCA2FE74-33974-0000175EBBD2E704.jpg',1,'1671372047image_picker_7FA3E0D4-F152-4A32-954A-14BFFCA2FE74-33974-0000175EBBD2E704.jpg',22,'App\\models\\Product','2022-12-18 15:00:47','2022-12-18 15:00:47'),(93,'/uploads/product/24/1671445899image_picker_AB9A524E-0DCF-4675-BBB5-70D3B3BF8DDB-9250-000001B3358F0C24.jpg',1,'1671445899image_picker_AB9A524E-0DCF-4675-BBB5-70D3B3BF8DDB-9250-000001B3358F0C24.jpg',24,'App\\models\\Product','2022-12-19 11:31:39','2022-12-19 11:31:39'),(94,'/uploads/ads/47/1671802742image_picker4426992893352991415.jpg',9,'1671802742image_picker4426992893352991415.jpg',47,'App\\models\\Ads','2022-12-23 14:39:02','2022-12-23 14:39:02'),(95,'/uploads/ads/48/1672608292image_picker7242984484803373557.png',9,'1672608292image_picker7242984484803373557.png',48,'App\\models\\Ads','2023-01-01 22:24:52','2023-01-01 22:24:52'),(96,'/uploads/ads/48/1672608292image_picker4384719282267391990.png',9,'1672608292image_picker4384719282267391990.png',48,'App\\models\\Ads','2023-01-01 22:24:52','2023-01-01 22:24:52'),(97,'/uploads/ads/48/1672608293image_picker2662230562534519196.png',9,'1672608293image_picker2662230562534519196.png',48,'App\\models\\Ads','2023-01-01 22:24:53','2023-01-01 22:24:53'),(98,'/uploads/ads/49/1672610403image_picker7029408296368054628.png',9,'1672610403image_picker7029408296368054628.png',49,'App\\models\\Ads','2023-01-01 23:00:03','2023-01-01 23:00:03'),(99,'/uploads/ads/49/1672610403image_picker634159865367245436.png',9,'1672610403image_picker634159865367245436.png',49,'App\\models\\Ads','2023-01-01 23:00:03','2023-01-01 23:00:03'),(100,'/uploads/ads/49/1672610403image_picker8070499566717990428.png',9,'1672610403image_picker8070499566717990428.png',49,'App\\models\\Ads','2023-01-01 23:00:03','2023-01-01 23:00:03'),(101,'/uploads/ads/49/1672610403image_picker1639029546775984870.png',9,'1672610403image_picker1639029546775984870.png',49,'App\\models\\Ads','2023-01-01 23:00:03','2023-01-01 23:00:03'),(102,'/uploads/ads/50/1672908684image_picker_B068D993-F75C-4A4D-8173-DC69B23C38BB-1055-0000002C42D2A7CE.jpg',9,'1672908684image_picker_B068D993-F75C-4A4D-8173-DC69B23C38BB-1055-0000002C42D2A7CE.jpg',50,'App\\models\\Ads','2023-01-05 09:51:24','2023-01-05 09:51:24'),(103,'/uploads/ads/50/1672908684image_picker_009BF2F8-A2F0-4181-8F97-07145CC1C6D2-1055-0000002C42D63794.jpg',9,'1672908684image_picker_009BF2F8-A2F0-4181-8F97-07145CC1C6D2-1055-0000002C42D63794.jpg',50,'App\\models\\Ads','2023-01-05 09:51:24','2023-01-05 09:51:24'),(104,'/uploads/ads/51/1672908845image_picker_2C5035BD-A89D-47DE-B736-9D709938DDD9-1055-0000002D1E12700A.jpg',9,'1672908845image_picker_2C5035BD-A89D-47DE-B736-9D709938DDD9-1055-0000002D1E12700A.jpg',51,'App\\models\\Ads','2023-01-05 09:54:05','2023-01-05 09:54:05'),(105,'/uploads/ads/51/1672908845image_picker_3B353DA6-456A-47AD-8A72-AC8C375DCCBA-1055-0000002D1DF5029F.png',9,'1672908845image_picker_3B353DA6-456A-47AD-8A72-AC8C375DCCBA-1055-0000002D1DF5029F.png',51,'App\\models\\Ads','2023-01-05 09:54:05','2023-01-05 09:54:05'),(115,'/uploads/ads/52/1673184246lantern-6843880.jpg',9,'1673184246lantern-6843880.jpg',52,'App\\models\\Ads','2023-01-08 14:24:06','2023-01-08 14:24:06'),(116,'/uploads/ads/53/1673185141image_picker_C0CCB198-9F40-496E-A64F-908B38043725-63386-000017AA65643BB9.jpg',9,'1673185141image_picker_C0CCB198-9F40-496E-A64F-908B38043725-63386-000017AA65643BB9.jpg',53,'App\\models\\Ads','2023-01-08 14:39:01','2023-01-08 14:39:01'),(117,'/uploads/ads/53/1673185141image_picker_B99A3CEE-E355-4DBE-9D24-CCFCDE1DEA7F-63386-000017AA711D1201.jpg',9,'1673185141image_picker_B99A3CEE-E355-4DBE-9D24-CCFCDE1DEA7F-63386-000017AA711D1201.jpg',53,'App\\models\\Ads','2023-01-08 14:39:01','2023-01-08 14:39:01'),(118,'/uploads/ads/54/1673185221image_picker_0B386571-E4C9-4E49-9D3D-4A1C7D3950F6-63386-000017BF7A3A32E0.jpg',9,'1673185221image_picker_0B386571-E4C9-4E49-9D3D-4A1C7D3950F6-63386-000017BF7A3A32E0.jpg',54,'App\\models\\Ads','2023-01-08 14:40:21','2023-01-08 14:40:21'),(119,'/uploads/ads/61/1673220263image_picker7401001256671966505.png',9,'1673220263image_picker7401001256671966505.png',61,'App\\models\\Ads','2023-01-09 00:24:23','2023-01-09 00:24:23'),(120,'/uploads/ads/61/1673220263image_picker6993246898579376558.png',9,'1673220263image_picker6993246898579376558.png',61,'App\\models\\Ads','2023-01-09 00:24:23','2023-01-09 00:24:23'),(121,'/uploads/ads/61/1673220263image_picker2001242071963733503.png',9,'1673220263image_picker2001242071963733503.png',61,'App\\models\\Ads','2023-01-09 00:24:23','2023-01-09 00:24:23'),(122,'/uploads/ads/62/1673220437image_picker409258472384086230.png',9,'1673220437image_picker409258472384086230.png',62,'App\\models\\Ads','2023-01-09 00:27:17','2023-01-09 00:27:17'),(123,'/uploads/ads/62/1673220437image_picker4990293732638755973.png',9,'1673220437image_picker4990293732638755973.png',62,'App\\models\\Ads','2023-01-09 00:27:17','2023-01-09 00:27:17'),(124,'/uploads/ads/63/1673220686image_picker8898374095191546263.png',9,'1673220686image_picker8898374095191546263.png',63,'App\\models\\Ads','2023-01-09 00:31:26','2023-01-09 00:31:26'),(125,'/uploads/ads/63/1673220686image_picker5017433035130619485.png',9,'1673220686image_picker5017433035130619485.png',63,'App\\models\\Ads','2023-01-09 00:31:26','2023-01-09 00:31:26'),(126,'/uploads/ads/64/1673558749image_picker3004255826311052689.png',9,'1673558749image_picker3004255826311052689.png',64,'App\\models\\Ads','2023-01-12 22:25:49','2023-01-12 22:25:49'),(127,'/uploads/ads/64/1673558749image_picker6294722273648971852.jpg',9,'1673558749image_picker6294722273648971852.jpg',64,'App\\models\\Ads','2023-01-12 22:25:49','2023-01-12 22:25:49'),(128,'/uploads/ads/64/1673558749image_picker1559239863130581304.png',9,'1673558749image_picker1559239863130581304.png',64,'App\\models\\Ads','2023-01-12 22:25:49','2023-01-12 22:25:49'),(129,'/uploads/offers/38/1673558759a334dad4-2486-4875-9f67-42ea5291813d.jpeg',1,'1673558759a334dad4-2486-4875-9f67-42ea5291813d.jpeg',38,'App\\models\\Offer','2023-01-12 22:25:59','2023-01-12 22:25:59'),(130,'/uploads/offers/38/1673558759block.png',1,'1673558759block.png',38,'App\\models\\Offer','2023-01-12 22:25:59','2023-01-12 22:25:59'),(131,'/uploads/offers/39/1673558787high-mountain-morning-time-beautiful-260nw-1384588922.webp',1,'1673558787high-mountain-morning-time-beautiful-260nw-1384588922.webp',39,'App\\models\\Offer','2023-01-12 22:26:27','2023-01-12 22:26:27'),(132,'/uploads/offers/39/1673558787mountains-under-mist-morning-amazing-260nw-1725825019.webp',1,'1673558787mountains-under-mist-morning-amazing-260nw-1725825019.webp',39,'App\\models\\Offer','2023-01-12 22:26:27','2023-01-12 22:26:27'),(133,'/uploads/offers/39/1673558787Image-copyright-556x556.png',1,'1673558787Image-copyright-556x556.png',39,'App\\models\\Offer','2023-01-12 22:26:27','2023-01-12 22:26:27'),(134,'/uploads/ads/65/1673559040image_picker4991487427518222112.png',9,'1673559040image_picker4991487427518222112.png',65,'App\\models\\Ads','2023-01-12 22:30:40','2023-01-12 22:30:40'),(135,'/uploads/ads/65/1673559040image_picker7939534329700453061.jpg',9,'1673559040image_picker7939534329700453061.jpg',65,'App\\models\\Ads','2023-01-12 22:30:40','2023-01-12 22:30:40'),(136,'/uploads/ads/65/1673559040image_picker7995964066834440523.png',9,'1673559040image_picker7995964066834440523.png',65,'App\\models\\Ads','2023-01-12 22:30:40','2023-01-12 22:30:40'),(137,'/uploads/ads/66/1673559885image_picker9178335262923106307.png',9,'1673559885image_picker9178335262923106307.png',66,'App\\models\\Ads','2023-01-12 22:44:45','2023-01-12 22:44:45'),(138,'/uploads/offers/40/1673560008image_picker7462981959497991326.png',1,'1673560008image_picker7462981959497991326.png',40,'App\\models\\Offer','2023-01-12 22:46:48','2023-01-12 22:46:48'),(139,'/uploads/offers/40/1673560008image_picker3725661235507354969.jpg',1,'1673560008image_picker3725661235507354969.jpg',40,'App\\models\\Offer','2023-01-12 22:46:48','2023-01-12 22:46:48'),(140,'/uploads/offers/40/1673560008image_picker6135621851034212510.png',1,'1673560008image_picker6135621851034212510.png',40,'App\\models\\Offer','2023-01-12 22:46:48','2023-01-12 22:46:48'),(142,'/uploads/offers/41/1673560218image_picker9076667973885161021.png',1,'1673560218image_picker9076667973885161021.png',41,'App\\models\\Offer','2023-01-12 22:50:18','2023-01-12 22:50:18'),(143,'/uploads/offers/41/1673560218image_picker2085056913393191550.jpg',1,'1673560218image_picker2085056913393191550.jpg',41,'App\\models\\Offer','2023-01-12 22:50:18','2023-01-12 22:50:18'),(144,'/uploads/offers/41/1673560218image_picker1179245373024737426.png',1,'1673560218image_picker1179245373024737426.png',41,'App\\models\\Offer','2023-01-12 22:50:18','2023-01-12 22:50:18'),(145,'/uploads/offers/42/1673560343image_picker7771280157928888132.png',1,'1673560343image_picker7771280157928888132.png',42,'App\\models\\Offer','2023-01-12 22:52:23','2023-01-12 22:52:23'),(146,'/uploads/ads/67/1673563641image_picker1037899383459440382.jpg',9,'1673563641image_picker1037899383459440382.jpg',67,'App\\models\\Ads','2023-01-12 23:47:21','2023-01-12 23:47:21'),(147,'/uploads/ads/67/1673563641image_picker2098706504992461930.png',9,'1673563641image_picker2098706504992461930.png',67,'App\\models\\Ads','2023-01-12 23:47:21','2023-01-12 23:47:21'),(148,'/uploads/offers/37/167357222768E26016-77F4-4046-8BC6-B72867449962.jpeg',0,'167357222768E26016-77F4-4046-8BC6-B72867449962.jpeg',37,'App\\models\\Offer','2023-01-13 02:10:27','2023-01-13 02:10:27'),(149,'/uploads/offers/37/167357222873CE4107-4108-4A5B-BA65-DBF00A65DE31.jpeg',0,'167357222873CE4107-4108-4A5B-BA65-DBF00A65DE31.jpeg',37,'App\\models\\Offer','2023-01-13 02:10:28','2023-01-13 02:10:28'),(150,'/uploads/offers/37/167357222800968518-C268-43A4-985D-6178B85A0E37.jpeg',0,'167357222800968518-C268-43A4-985D-6178B85A0E37.jpeg',37,'App\\models\\Offer','2023-01-13 02:10:28','2023-01-13 02:10:28'),(151,'/uploads/offers/37/1673572229F0C11007-7C57-4470-9F1C-D518D8C38D80.jpeg',0,'1673572229F0C11007-7C57-4470-9F1C-D518D8C38D80.jpeg',37,'App\\models\\Offer','2023-01-13 02:10:29','2023-01-13 02:10:29'),(152,'/uploads/offers/37/1673572230CB87046E-8757-4CEC-A882-338BF97DCCF8.jpeg',0,'1673572230CB87046E-8757-4CEC-A882-338BF97DCCF8.jpeg',37,'App\\models\\Offer','2023-01-13 02:10:30','2023-01-13 02:10:30'),(153,'/uploads/ads/68/1673572738image_picker5510022864829949612.png',9,'1673572738image_picker5510022864829949612.png',68,'App\\models\\Ads','2023-01-13 02:18:58','2023-01-13 02:18:58'),(154,'/uploads/ads/68/1673572738image_picker7546749957402079574.png',9,'1673572738image_picker7546749957402079574.png',68,'App\\models\\Ads','2023-01-13 02:18:58','2023-01-13 02:18:58'),(155,'/uploads/ads/68/1673572738image_picker6736813810552131957.png',9,'1673572738image_picker6736813810552131957.png',68,'App\\models\\Ads','2023-01-13 02:18:58','2023-01-13 02:18:58'),(156,'/uploads/ads/68/1673572738image_picker1871230682706337960.png',9,'1673572738image_picker1871230682706337960.png',68,'App\\models\\Ads','2023-01-13 02:18:58','2023-01-13 02:18:58'),(157,'/uploads/ads/68/1673572738image_picker7202096841984757796.png',9,'1673572738image_picker7202096841984757796.png',68,'App\\models\\Ads','2023-01-13 02:18:58','2023-01-13 02:18:58'),(158,'/uploads/ads/68/1673572738image_picker5559737241412029484.png',9,'1673572738image_picker5559737241412029484.png',68,'App\\models\\Ads','2023-01-13 02:18:58','2023-01-13 02:18:58'),(159,'/uploads/ads/68/1673572738image_picker3425197826420582848.png',9,'1673572738image_picker3425197826420582848.png',68,'App\\models\\Ads','2023-01-13 02:18:58','2023-01-13 02:18:58'),(160,'/uploads/ads/68/1673572738image_picker1329153751820630652.gif',9,'1673572738image_picker1329153751820630652.gif',68,'App\\models\\Ads','2023-01-13 02:18:58','2023-01-13 02:18:58'),(161,'/uploads/ads/68/1673572738image_picker3820462646182077265.png',9,'1673572738image_picker3820462646182077265.png',68,'App\\models\\Ads','2023-01-13 02:18:58','2023-01-13 02:18:58'),(162,'/uploads/ads/68/1673572738image_picker7956859006634802090.png',9,'1673572738image_picker7956859006634802090.png',68,'App\\models\\Ads','2023-01-13 02:18:58','2023-01-13 02:18:58'),(163,'/uploads/ads/68/1673572738image_picker2339288310453202723.png',9,'1673572738image_picker2339288310453202723.png',68,'App\\models\\Ads','2023-01-13 02:18:58','2023-01-13 02:18:58'),(164,'/uploads/ads/68/1673572738image_picker687206064341861096.png',9,'1673572738image_picker687206064341861096.png',68,'App\\models\\Ads','2023-01-13 02:18:58','2023-01-13 02:18:58'),(165,'/uploads/product/25/1673572872image_picker4684248693494148807.png',1,'1673572872image_picker4684248693494148807.png',25,'App\\models\\Product','2023-01-13 02:21:12','2023-01-13 02:21:12'),(166,'/uploads/product/25/1673572872image_picker614628462287226008.png',1,'1673572872image_picker614628462287226008.png',25,'App\\models\\Product','2023-01-13 02:21:12','2023-01-13 02:21:12'),(167,'/uploads/product/25/1673572872image_picker45593716696090846.png',1,'1673572872image_picker45593716696090846.png',25,'App\\models\\Product','2023-01-13 02:21:12','2023-01-13 02:21:12'),(168,'/uploads/product/25/1673572872image_picker6284406018097094765.gif',1,'1673572872image_picker6284406018097094765.gif',25,'App\\models\\Product','2023-01-13 02:21:12','2023-01-13 02:21:12'),(169,'/uploads/offers/43/16736709293F52D65F-4942-48B5-BD12-C1FB4AC074F0.jpeg',0,'16736709293F52D65F-4942-48B5-BD12-C1FB4AC074F0.jpeg',43,'App\\models\\Offer','2023-01-14 05:35:29','2023-01-14 05:35:29'),(170,'/uploads/offers/43/167367093053032754-D03B-4C2D-880D-1428148F1A3D.jpeg',0,'167367093053032754-D03B-4C2D-880D-1428148F1A3D.jpeg',43,'App\\models\\Offer','2023-01-14 05:35:30','2023-01-14 05:35:30'),(171,'/uploads/offers/43/1673670930EDEB0067-C298-409D-8B63-BF1586A07CE6.jpeg',0,'1673670930EDEB0067-C298-409D-8B63-BF1586A07CE6.jpeg',43,'App\\models\\Offer','2023-01-14 05:35:30','2023-01-14 05:35:30'),(172,'/uploads/offers/43/167367093109BC3A03-3AD8-40EE-B10E-413ADAD41AFB.jpeg',0,'167367093109BC3A03-3AD8-40EE-B10E-413ADAD41AFB.jpeg',43,'App\\models\\Offer','2023-01-14 05:35:31','2023-01-14 05:35:31'),(173,'/uploads/offers/43/1673670932F6ACB44F-5268-4A30-9270-9628F93C8E6C.jpeg',0,'1673670932F6ACB44F-5268-4A30-9270-9628F93C8E6C.jpeg',43,'App\\models\\Offer','2023-01-14 05:35:32','2023-01-14 05:35:32'),(174,'/uploads/product/27/1674138563image_picker_83AF902D-3E27-4A53-803A-CC63B7A75F5D-29708-0000175752AAFF02.jpg',1,'1674138563image_picker_83AF902D-3E27-4A53-803A-CC63B7A75F5D-29708-0000175752AAFF02.jpg',27,'App\\models\\Product','2023-01-19 15:29:23','2023-01-19 15:29:23'),(175,'/uploads/product/27/1674138563image_picker_F92AF597-AC07-4CA9-B5C7-616CB959C304-29708-00001757656C2BF0.jpg',1,'1674138563image_picker_F92AF597-AC07-4CA9-B5C7-616CB959C304-29708-00001757656C2BF0.jpg',27,'App\\models\\Product','2023-01-19 15:29:23','2023-01-19 15:29:23'),(176,'/uploads/product/28/1674139136image_picker_35424970-8ED7-4FA9-BDE8-E9583641E950-29708-000017D5DF76E39F.jpg',1,'1674139136image_picker_35424970-8ED7-4FA9-BDE8-E9583641E950-29708-000017D5DF76E39F.jpg',28,'App\\models\\Product','2023-01-19 15:38:56','2023-01-19 15:38:56'),(177,'/uploads/product/28/1674139136image_picker_6D5B3094-6EE3-45B5-9C9E-6FA3D2FEDE2E-29708-000017D5FDB12E81.jpg',1,'1674139136image_picker_6D5B3094-6EE3-45B5-9C9E-6FA3D2FEDE2E-29708-000017D5FDB12E81.jpg',28,'App\\models\\Product','2023-01-19 15:38:56','2023-01-19 15:38:56'),(178,'/uploads/product/28/1674139136image_picker_1327303C-969D-4802-BF71-26C4E5091ACE-29708-000017D5EB3D23E2.jpg',1,'1674139136image_picker_1327303C-969D-4802-BF71-26C4E5091ACE-29708-000017D5EB3D23E2.jpg',28,'App\\models\\Product','2023-01-19 15:38:56','2023-01-19 15:38:56'),(179,'/uploads/product/27/16741407512337.jpg_860.jpg',0,'16741407512337.jpg_860.jpg',27,'App\\models\\Product','2023-01-19 16:05:51','2023-01-19 16:05:51'),(180,'/uploads/product/29/1674459547image_picker_05D4A6E2-18F8-4D1F-B7C3-2A78E1CDB8A3-12589-0000021907D41775.jpg',0,'1674459547image_picker_05D4A6E2-18F8-4D1F-B7C3-2A78E1CDB8A3-12589-0000021907D41775.jpg',29,'App\\models\\Product','2023-01-23 08:39:07','2023-01-23 08:39:07'),(181,'/uploads/product/29/1674459547image_picker_28BEDCF6-B9CA-4A88-BE8E-534253663DE4-12589-0000021907CA8C4F.jpg',0,'1674459547image_picker_28BEDCF6-B9CA-4A88-BE8E-534253663DE4-12589-0000021907CA8C4F.jpg',29,'App\\models\\Product','2023-01-23 08:39:07','2023-01-23 08:39:07'),(182,'/uploads/product/29/1674459547image_picker_5B44D3D1-8B84-4CA3-AAAB-33684E40C333-12589-0000021907DD3AE9.jpg',0,'1674459547image_picker_5B44D3D1-8B84-4CA3-AAAB-33684E40C333-12589-0000021907DD3AE9.jpg',29,'App\\models\\Product','2023-01-23 08:39:07','2023-01-23 08:39:07'),(183,'/uploads/ads/69/1675190359image_picker7010976608539732176.png',9,'1675190359image_picker7010976608539732176.png',69,'App\\models\\Ads','2023-01-31 19:39:19','2023-01-31 19:39:19'),(184,'/uploads/ads/69/1675190359image_picker1058404245258162570.png',9,'1675190359image_picker1058404245258162570.png',69,'App\\models\\Ads','2023-01-31 19:39:19','2023-01-31 19:39:19'),(185,'/uploads/ads/69/1675190359image_picker6263486829265038122.png',9,'1675190359image_picker6263486829265038122.png',69,'App\\models\\Ads','2023-01-31 19:39:19','2023-01-31 19:39:19'),(186,'/uploads/ads/70/1675190998image_picker2883277110593027481.png',9,'1675190998image_picker2883277110593027481.png',70,'App\\models\\Ads','2023-01-31 19:49:58','2023-01-31 19:49:58'),(187,'/uploads/ads/70/1675190998image_picker3468864803906062834.png',9,'1675190998image_picker3468864803906062834.png',70,'App\\models\\Ads','2023-01-31 19:49:58','2023-01-31 19:49:58'),(188,'/uploads/ads/70/1675190998image_picker2915008682665165990.png',9,'1675190998image_picker2915008682665165990.png',70,'App\\models\\Ads','2023-01-31 19:49:58','2023-01-31 19:49:58'),(189,'/uploads/ads/71/1675431024image_picker848073205093895124.png',9,'1675431024image_picker848073205093895124.png',71,'App\\models\\Ads','2023-02-03 14:30:24','2023-02-03 14:30:24'),(190,'/uploads/ads/71/1675431024image_picker1738309220833148993.png',9,'1675431024image_picker1738309220833148993.png',71,'App\\models\\Ads','2023-02-03 14:30:24','2023-02-03 14:30:24'),(191,'/uploads/ads/71/1675431024image_picker7256886990943965549.png',9,'1675431024image_picker7256886990943965549.png',71,'App\\models\\Ads','2023-02-03 14:30:24','2023-02-03 14:30:24'),(192,'/uploads/ads/72/1677849902AuroraPillars_Correia_4898.jpg',9,'1677849902AuroraPillars_Correia_4898.jpg',72,'App\\models\\Ads','2023-03-03 14:25:02','2023-03-03 14:25:02'),(193,'/uploads/ads/73/1678047011etada.jpg',9,'1678047011etada.jpg',73,'App\\models\\Ads','2023-03-05 21:10:11','2023-03-05 21:10:11'),(194,'/uploads/ads/73/1678047011facebook.png',9,'1678047011facebook.png',73,'App\\models\\Ads','2023-03-05 21:10:11','2023-03-05 21:10:11'),(195,'/uploads/ads/73/1678047011instagram.png',9,'1678047011instagram.png',73,'App\\models\\Ads','2023-03-05 21:10:11','2023-03-05 21:10:11'),(196,'/uploads/ads/74/1678047130telephone.png',9,'1678047130telephone.png',74,'App\\models\\Ads','2023-03-05 21:12:10','2023-03-05 21:12:10'),(197,'/uploads/ads/74/1678047130telegram.png',9,'1678047130telegram.png',74,'App\\models\\Ads','2023-03-05 21:12:10','2023-03-05 21:12:10'),(198,'/uploads/ads/74/1678047130twitter.png',9,'1678047130twitter.png',74,'App\\models\\Ads','2023-03-05 21:12:10','2023-03-05 21:12:10'),(199,'/uploads/ads/74/1678047130snapchat.png',9,'1678047130snapchat.png',74,'App\\models\\Ads','2023-03-05 21:12:10','2023-03-05 21:12:10'),(200,'/uploads/ads/74/1678047130logo.png',9,'1678047130logo.png',74,'App\\models\\Ads','2023-03-05 21:12:10','2023-03-05 21:12:10'),(201,'/uploads/ads/74/1678047130offericon.png',9,'1678047130offericon.png',74,'App\\models\\Ads','2023-03-05 21:12:10','2023-03-05 21:12:10'),(202,'/uploads/ads/74/1678047130instagram.png',9,'1678047130instagram.png',74,'App\\models\\Ads','2023-03-05 21:12:10','2023-03-05 21:12:10'),(203,'/uploads/ads/74/1678047130facebook.png',9,'1678047130facebook.png',74,'App\\models\\Ads','2023-03-05 21:12:10','2023-03-05 21:12:10'),(204,'/uploads/ads/75/1678226948640px-Image_created_with_a_mobile_phone.png',9,'1678226948640px-Image_created_with_a_mobile_phone.png',75,'App\\models\\Ads','2023-03-07 23:09:08','2023-03-07 23:09:08'),(205,'/uploads/ads/75/1678226948AuroraPillars_Correia_4898.jpg',9,'1678226948AuroraPillars_Correia_4898.jpg',75,'App\\models\\Ads','2023-03-07 23:09:08','2023-03-07 23:09:08'),(206,'/uploads/ads/75/167822694810x-featured-social-media-image-size.png',9,'167822694810x-featured-social-media-image-size.png',75,'App\\models\\Ads','2023-03-07 23:09:08','2023-03-07 23:09:08'),(207,'/uploads/ads/76/1678227259AuroraPillars_Correia_4898.jpg',9,'1678227259AuroraPillars_Correia_4898.jpg',76,'App\\models\\Ads','2023-03-07 23:14:19','2023-03-07 23:14:19'),(208,'/uploads/ads/77/1678230681640px-Image_created_with_a_mobile_phone.png',9,'1678230681640px-Image_created_with_a_mobile_phone.png',77,'App\\models\\Ads','2023-03-08 00:11:21','2023-03-08 00:11:21'),(209,'/uploads/ads/77/1678230681AuroraPillars_Correia_4898.jpg',9,'1678230681AuroraPillars_Correia_4898.jpg',77,'App\\models\\Ads','2023-03-08 00:11:21','2023-03-08 00:11:21'),(210,'/uploads/ads/77/167823068110x-featured-social-media-image-size.png',9,'167823068110x-featured-social-media-image-size.png',77,'App\\models\\Ads','2023-03-08 00:11:21','2023-03-08 00:11:21'),(211,'/uploads/ads/78/1678287587logo.png',9,'1678287587logo.png',78,'App\\models\\Ads','2023-03-08 15:59:47','2023-03-08 15:59:47'),(212,'/uploads/ads/78/1678287587logo.png',9,'1678287587logo.png',78,'App\\models\\Ads','2023-03-08 15:59:47','2023-03-08 15:59:47'),(213,'/uploads/ads/78/1678287587offericon.png',9,'1678287587offericon.png',78,'App\\models\\Ads','2023-03-08 15:59:47','2023-03-08 15:59:47'),(214,'/uploads/ads/78/1678287587snapchat.png',9,'1678287587snapchat.png',78,'App\\models\\Ads','2023-03-08 15:59:47','2023-03-08 15:59:47'),(215,'/uploads/ads/78/1678287587twitter.png',9,'1678287587twitter.png',78,'App\\models\\Ads','2023-03-08 15:59:47','2023-03-08 15:59:47'),(216,'/uploads/ads/78/1678287587telephone.png',9,'1678287587telephone.png',78,'App\\models\\Ads','2023-03-08 15:59:47','2023-03-08 15:59:47'),(217,'/uploads/ads/78/1678287587telegram.png',9,'1678287587telegram.png',78,'App\\models\\Ads','2023-03-08 15:59:47','2023-03-08 15:59:47'),(218,'/uploads/product/30/1678764600diwaniyah.jpg',0,'1678764600diwaniyah.jpg',30,'App\\models\\Product','2023-03-14 04:30:00','2023-03-14 04:30:00'),(219,'/uploads/product/30/1678764600etada.jpg',0,'1678764600etada.jpg',30,'App\\models\\Product','2023-03-14 04:30:00','2023-03-14 04:30:00'),(220,'/uploads/product/30/1678764600giftlineal.gif',0,'1678764600giftlineal.gif',30,'App\\models\\Product','2023-03-14 04:30:00','2023-03-14 04:30:00'),(221,'/uploads/product/30/1678764600facebook.png',0,'1678764600facebook.png',30,'App\\models\\Product','2023-03-14 04:30:00','2023-03-14 04:30:00'),(222,'/uploads/product/30/1678764600instagram.png',0,'1678764600instagram.png',30,'App\\models\\Product','2023-03-14 04:30:00','2023-03-14 04:30:00'),(223,'/uploads/ads/79/1678764831k_net_icon.png',9,'1678764831k_net_icon.png',79,'App\\models\\Ads','2023-03-14 04:33:51','2023-03-14 04:33:51'),(224,'/uploads/ads/79/1678764831instagram.png',9,'1678764831instagram.png',79,'App\\models\\Ads','2023-03-14 04:33:51','2023-03-14 04:33:51'),(225,'/uploads/ads/79/1678764831facebook.png',9,'1678764831facebook.png',79,'App\\models\\Ads','2023-03-14 04:33:51','2023-03-14 04:33:51'),(226,'/uploads/ads/79/1678764831logo.png',9,'1678764831logo.png',79,'App\\models\\Ads','2023-03-14 04:33:51','2023-03-14 04:33:51'),(227,'/uploads/ads/79/1678764831offericon.png',9,'1678764831offericon.png',79,'App\\models\\Ads','2023-03-14 04:33:51','2023-03-14 04:33:51'),(228,'/uploads/ads/79/1678764831snapchat.png',9,'1678764831snapchat.png',79,'App\\models\\Ads','2023-03-14 04:33:51','2023-03-14 04:33:51'),(229,'/uploads/ads/79/1678764831telegram.png',9,'1678764831telegram.png',79,'App\\models\\Ads','2023-03-14 04:33:51','2023-03-14 04:33:51'),(230,'/uploads/ads/79/1678764831twitter.png',9,'1678764831twitter.png',79,'App\\models\\Ads','2023-03-14 04:33:51','2023-03-14 04:33:51'),(231,'/uploads/ads/79/1678764831whatsapp.png',9,'1678764831whatsapp.png',79,'App\\models\\Ads','2023-03-14 04:33:51','2023-03-14 04:33:51'),(232,'/uploads/ads/80/1678827174AuroraPillars_Correia_4898.jpg',9,'1678827174AuroraPillars_Correia_4898.jpg',80,'App\\models\\Ads','2023-03-14 21:52:54','2023-03-14 21:52:54'),(233,'/uploads/ads/80/1678827174Screen Shot 2023-02-11 at 4.45.28 PM.png',9,'1678827174Screen Shot 2023-02-11 at 4.45.28 PM.png',80,'App\\models\\Ads','2023-03-14 21:52:54','2023-03-14 21:52:54'),(234,'/uploads/ads/80/167882717410x-featured-social-media-image-size.png',9,'167882717410x-featured-social-media-image-size.png',80,'App\\models\\Ads','2023-03-14 21:52:54','2023-03-14 21:52:54'),(244,'/uploads/product/31/1679008403AuroraPillars_Correia_4898.jpg',0,'1679008403AuroraPillars_Correia_4898.jpg',31,'App\\models\\Product','2023-03-17 00:13:23','2023-03-17 00:13:23'),(245,'/uploads/product/31/167900840310x-featured-social-media-image-size.png',0,'167900840310x-featured-social-media-image-size.png',31,'App\\models\\Product','2023-03-17 00:13:23','2023-03-17 00:13:23'),(246,'/uploads/product/25/1679011204telephone.png',0,'1679011204telephone.png',25,'App\\models\\Product','2023-03-17 01:00:04','2023-03-17 01:00:04'),(247,'/uploads/product/25/1679011204telegram.png',0,'1679011204telegram.png',25,'App\\models\\Product','2023-03-17 01:00:04','2023-03-17 01:00:04'),(248,'/uploads/product/25/1679011204twitter.png',0,'1679011204twitter.png',25,'App\\models\\Product','2023-03-17 01:00:04','2023-03-17 01:00:04'),(249,'/uploads/product/25/1679011204whatsapp.png',0,'1679011204whatsapp.png',25,'App\\models\\Product','2023-03-17 01:00:04','2023-03-17 01:00:04'),(250,'/uploads/product/25/1679011204youtube.png',0,'1679011204youtube.png',25,'App\\models\\Product','2023-03-17 01:00:04','2023-03-17 01:00:04'),(251,'/uploads/product/26/1679011325logo.png',0,'1679011325logo.png',26,'App\\models\\Product','2023-03-17 01:02:05','2023-03-17 01:02:05'),(252,'/uploads/product/26/1679011325logo.png',0,'1679011325logo.png',26,'App\\models\\Product','2023-03-17 01:02:05','2023-03-17 01:02:05'),(253,'/uploads/product/26/1679011325offericon.png',0,'1679011325offericon.png',26,'App\\models\\Product','2023-03-17 01:02:05','2023-03-17 01:02:05'),(254,'/uploads/product/26/1679011325snapchat.png',0,'1679011325snapchat.png',26,'App\\models\\Product','2023-03-17 01:02:05','2023-03-17 01:02:05'),(255,'/uploads/product/26/1679011325telegram.png',0,'1679011325telegram.png',26,'App\\models\\Product','2023-03-17 01:02:05','2023-03-17 01:02:05'),(256,'/uploads/product/26/1679011325telephone.png',0,'1679011325telephone.png',26,'App\\models\\Product','2023-03-17 01:02:05','2023-03-17 01:02:05'),(257,'/uploads/product/26/1679011325twitter.png',0,'1679011325twitter.png',26,'App\\models\\Product','2023-03-17 01:02:05','2023-03-17 01:02:05'),(258,'/uploads/product/26/1679011325whatsapp.png',0,'1679011325whatsapp.png',26,'App\\models\\Product','2023-03-17 01:02:05','2023-03-17 01:02:05'),(259,'/uploads/product/26/1679011325youtube.png',0,'1679011325youtube.png',26,'App\\models\\Product','2023-03-17 01:02:05','2023-03-17 01:02:05'),(268,'/uploads/product/2/1679353933Screen Shot 2023-02-11 at 4.45.30 PM.png',0,'1679353933Screen Shot 2023-02-11 at 4.45.30 PM.png',2,'App\\models\\Product','2023-03-21 00:12:13','2023-03-21 00:12:13'),(269,'/uploads/product/2/1679353933Screen Shot 2023-02-11 at 4.45.28 PM.png',0,'1679353933Screen Shot 2023-02-11 at 4.45.28 PM.png',2,'App\\models\\Product','2023-03-21 00:12:13','2023-03-21 00:12:13'),(270,'/uploads/ads/81/1679358847etada.jpg',9,'1679358847etada.jpg',81,'App\\models\\Ads','2023-03-21 01:34:07','2023-03-21 01:34:07'),(271,'/uploads/ads/81/1679358847facebook.png',9,'1679358847facebook.png',81,'App\\models\\Ads','2023-03-21 01:34:07','2023-03-21 01:34:07'),(272,'/uploads/ads/81/1679358847instagram.png',9,'1679358847instagram.png',81,'App\\models\\Ads','2023-03-21 01:34:07','2023-03-21 01:34:07'),(273,'/uploads/ads/81/1679358847k_net_icon.png',9,'1679358847k_net_icon.png',81,'App\\models\\Ads','2023-03-21 01:34:07','2023-03-21 01:34:07'),(274,'/uploads/ads/81/1679358847logo.png',9,'1679358847logo.png',81,'App\\models\\Ads','2023-03-21 01:34:07','2023-03-21 01:34:07'),(275,'/uploads/ads/81/1679358847offericon.png',9,'1679358847offericon.png',81,'App\\models\\Ads','2023-03-21 01:34:07','2023-03-21 01:34:07'),(276,'/uploads/ads/81/1679358847snapchat.png',9,'1679358847snapchat.png',81,'App\\models\\Ads','2023-03-21 01:34:07','2023-03-21 01:34:07'),(277,'/uploads/ads/82/1679611465IMG-20230323-WA0010.jpeg',9,'1679611465IMG-20230323-WA0010.jpeg',82,'App\\models\\Ads','2023-03-23 23:44:26','2023-03-23 23:44:26'),(278,'/uploads/ads/83/1679615278k_net_icon.png',9,'1679615278k_net_icon.png',83,'App\\models\\Ads','2023-03-24 00:47:58','2023-03-24 00:47:58'),(279,'/uploads/ads/83/1679615279instagram.png',9,'1679615279instagram.png',83,'App\\models\\Ads','2023-03-24 00:47:59','2023-03-24 00:47:59'),(280,'/uploads/ads/83/1679615279logo.png',9,'1679615279logo.png',83,'App\\models\\Ads','2023-03-24 00:47:59','2023-03-24 00:47:59'),(281,'/uploads/ads/83/1679615279offericon.png',9,'1679615279offericon.png',83,'App\\models\\Ads','2023-03-24 00:47:59','2023-03-24 00:47:59'),(282,'/uploads/ads/83/1679615279snapchat.png',9,'1679615279snapchat.png',83,'App\\models\\Ads','2023-03-24 00:47:59','2023-03-24 00:47:59'),(283,'/uploads/ads/83/1679615279telegram.png',9,'1679615279telegram.png',83,'App\\models\\Ads','2023-03-24 00:47:59','2023-03-24 00:47:59'),(284,'/uploads/ads/83/1679615279telephone.png',9,'1679615279telephone.png',83,'App\\models\\Ads','2023-03-24 00:47:59','2023-03-24 00:47:59'),(285,'/uploads/ads/84/1679702787facebook.png',9,'1679702787facebook.png',84,'App\\models\\Ads','2023-03-25 01:06:27','2023-03-25 01:06:27'),(286,'/uploads/ads/84/1679702787instagram.png',9,'1679702787instagram.png',84,'App\\models\\Ads','2023-03-25 01:06:27','2023-03-25 01:06:27'),(287,'/uploads/ads/84/1679702787k_net_icon.png',9,'1679702787k_net_icon.png',84,'App\\models\\Ads','2023-03-25 01:06:27','2023-03-25 01:06:27'),(288,'/uploads/ads/84/1679702787giftlineal.gif',9,'1679702787giftlineal.gif',84,'App\\models\\Ads','2023-03-25 01:06:27','2023-03-25 01:06:27'),(289,'/uploads/ads/84/1679702787twitter.png',9,'1679702787twitter.png',84,'App\\models\\Ads','2023-03-25 01:06:27','2023-03-25 01:06:27'),(290,'/uploads/ads/84/1679702787snapchat.png',9,'1679702787snapchat.png',84,'App\\models\\Ads','2023-03-25 01:06:27','2023-03-25 01:06:27'),(291,'/uploads/ads/84/1679702787telephone.png',9,'1679702787telephone.png',84,'App\\models\\Ads','2023-03-25 01:06:27','2023-03-25 01:06:27'),(292,'/uploads/ads/84/1679702787telegram.png',9,'1679702787telegram.png',84,'App\\models\\Ads','2023-03-25 01:06:27','2023-03-25 01:06:27'),(293,'/uploads/ads/84/1679702787whatsapp.png',9,'1679702787whatsapp.png',84,'App\\models\\Ads','2023-03-25 01:06:27','2023-03-25 01:06:27'),(294,'/uploads/ads/84/1679702787youtube.png',9,'1679702787youtube.png',84,'App\\models\\Ads','2023-03-25 01:06:27','2023-03-25 01:06:27'),(295,'/uploads/ads/85/1679703761etada.jpg',9,'1679703761etada.jpg',85,'App\\models\\Ads','2023-03-25 01:22:41','2023-03-25 01:22:41'),(296,'/uploads/ads/85/1679703761diwaniyah.jpg',9,'1679703761diwaniyah.jpg',85,'App\\models\\Ads','2023-03-25 01:22:41','2023-03-25 01:22:41'),(297,'/uploads/ads/85/1679703761giftlineal.gif',9,'1679703761giftlineal.gif',85,'App\\models\\Ads','2023-03-25 01:22:41','2023-03-25 01:22:41'),(298,'/uploads/ads/85/1679703761k_net_icon.png',9,'1679703761k_net_icon.png',85,'App\\models\\Ads','2023-03-25 01:22:41','2023-03-25 01:22:41'),(299,'/uploads/ads/85/1679703761instagram.png',9,'1679703761instagram.png',85,'App\\models\\Ads','2023-03-25 01:22:41','2023-03-25 01:22:41'),(300,'/uploads/ads/85/1679703761offericon.png',9,'1679703761offericon.png',85,'App\\models\\Ads','2023-03-25 01:22:41','2023-03-25 01:22:41'),(301,'/uploads/ads/85/1679703761logo.png',9,'1679703761logo.png',85,'App\\models\\Ads','2023-03-25 01:22:41','2023-03-25 01:22:41'),(302,'/uploads/ads/85/1679703761snapchat.png',9,'1679703761snapchat.png',85,'App\\models\\Ads','2023-03-25 01:22:41','2023-03-25 01:22:41'),(303,'/uploads/ads/85/1679703761twitter.png',9,'1679703761twitter.png',85,'App\\models\\Ads','2023-03-25 01:22:41','2023-03-25 01:22:41'),(304,'/uploads/ads/85/1679703761telephone.png',9,'1679703761telephone.png',85,'App\\models\\Ads','2023-03-25 01:22:41','2023-03-25 01:22:41'),(305,'/uploads/ads/85/1679703761telegram.png',9,'1679703761telegram.png',85,'App\\models\\Ads','2023-03-25 01:22:41','2023-03-25 01:22:41'),(306,'/uploads/ads/86/1680057058giftlineal.gif',9,'1680057058giftlineal.gif',86,'App\\models\\Ads','2023-03-29 03:30:58','2023-03-29 03:30:58'),(307,'/uploads/ads/86/1680057058facebook.png',9,'1680057058facebook.png',86,'App\\models\\Ads','2023-03-29 03:30:58','2023-03-29 03:30:58'),(308,'/uploads/ads/86/1680057058k_net_icon.png',9,'1680057058k_net_icon.png',86,'App\\models\\Ads','2023-03-29 03:30:58','2023-03-29 03:30:58'),(309,'/uploads/ads/86/1680057058instagram.png',9,'1680057058instagram.png',86,'App\\models\\Ads','2023-03-29 03:30:58','2023-03-29 03:30:58'),(310,'/uploads/ads/86/1680057058snapchat.png',9,'1680057058snapchat.png',86,'App\\models\\Ads','2023-03-29 03:30:58','2023-03-29 03:30:58'),(311,'/uploads/ads/86/1680057058twitter.png',9,'1680057058twitter.png',86,'App\\models\\Ads','2023-03-29 03:30:58','2023-03-29 03:30:58'),(312,'/uploads/ads/86/1680057058telephone.png',9,'1680057058telephone.png',86,'App\\models\\Ads','2023-03-29 03:30:58','2023-03-29 03:30:58'),(313,'/uploads/ads/86/1680057058telegram.png',9,'1680057058telegram.png',86,'App\\models\\Ads','2023-03-29 03:30:58','2023-03-29 03:30:58'),(314,'/uploads/product/32/1680057180k_net_icon.png',0,'1680057180k_net_icon.png',32,'App\\models\\Product','2023-03-29 03:33:00','2023-03-29 03:33:00'),(315,'/uploads/product/32/1680057180instagram.png',0,'1680057180instagram.png',32,'App\\models\\Product','2023-03-29 03:33:00','2023-03-29 03:33:00'),(316,'/uploads/product/32/1680057180giftlineal.gif',0,'1680057180giftlineal.gif',32,'App\\models\\Product','2023-03-29 03:33:00','2023-03-29 03:33:00'),(317,'/uploads/product/32/1680057180facebook.png',0,'1680057180facebook.png',32,'App\\models\\Product','2023-03-29 03:33:00','2023-03-29 03:33:00'),(318,'/uploads/product/32/1680057180offericon.png',0,'1680057180offericon.png',32,'App\\models\\Product','2023-03-29 03:33:00','2023-03-29 03:33:00'),(319,'/uploads/product/32/1680057180logo.png',0,'1680057180logo.png',32,'App\\models\\Product','2023-03-29 03:33:00','2023-03-29 03:33:00'),(320,'/uploads/product/32/1680057180snapchat.png',0,'1680057180snapchat.png',32,'App\\models\\Product','2023-03-29 03:33:00','2023-03-29 03:33:00'),(321,'/uploads/product/32/1680057180twitter.png',0,'1680057180twitter.png',32,'App\\models\\Product','2023-03-29 03:33:00','2023-03-29 03:33:00'),(322,'/uploads/product/32/1680057180telephone.png',0,'1680057180telephone.png',32,'App\\models\\Product','2023-03-29 03:33:00','2023-03-29 03:33:00'),(323,'/uploads/product/32/1680057180telegram.png',0,'1680057180telegram.png',32,'App\\models\\Product','2023-03-29 03:33:00','2023-03-29 03:33:00'),(324,'/uploads/product/32/1680057180whatsapp.png',0,'1680057180whatsapp.png',32,'App\\models\\Product','2023-03-29 03:33:00','2023-03-29 03:33:00'),(325,'/uploads/product/32/1680057180youtube.png',0,'1680057180youtube.png',32,'App\\models\\Product','2023-03-29 03:33:00','2023-03-29 03:33:00'),(326,'/uploads/ads/88/1680103449snapchat.png',9,'1680103449snapchat.png',88,'App\\models\\Ads','2023-03-29 16:24:09','2023-03-29 16:24:09'),(327,'/uploads/ads/88/1680103449k_net_icon.png',9,'1680103449k_net_icon.png',88,'App\\models\\Ads','2023-03-29 16:24:09','2023-03-29 16:24:09'),(328,'/uploads/ads/88/1680103449facebook.png',9,'1680103449facebook.png',88,'App\\models\\Ads','2023-03-29 16:24:09','2023-03-29 16:24:09'),(329,'/uploads/ads/88/1680103449giftlineal.gif',9,'1680103449giftlineal.gif',88,'App\\models\\Ads','2023-03-29 16:24:09','2023-03-29 16:24:09'),(330,'/uploads/ads/88/1680103449offericon.png',9,'1680103449offericon.png',88,'App\\models\\Ads','2023-03-29 16:24:09','2023-03-29 16:24:09'),(331,'/uploads/ads/89/1680104639etada.jpg',9,'1680104639etada.jpg',89,'App\\models\\Ads','2023-03-29 16:43:59','2023-03-29 16:43:59'),(332,'/uploads/ads/89/1680104639facebook.png',9,'1680104639facebook.png',89,'App\\models\\Ads','2023-03-29 16:43:59','2023-03-29 16:43:59'),(333,'/uploads/ads/89/1680104639instagram.png',9,'1680104639instagram.png',89,'App\\models\\Ads','2023-03-29 16:43:59','2023-03-29 16:43:59'),(334,'/uploads/ads/89/1680104639giftlineal.gif',9,'1680104639giftlineal.gif',89,'App\\models\\Ads','2023-03-29 16:43:59','2023-03-29 16:43:59'),(335,'/uploads/ads/89/1680104639k_net_icon.png',9,'1680104639k_net_icon.png',89,'App\\models\\Ads','2023-03-29 16:43:59','2023-03-29 16:43:59'),(336,'/uploads/ads/90/168030492810x-featured-social-media-image-size.png',9,'168030492810x-featured-social-media-image-size.png',90,'App\\models\\Ads','2023-04-01 00:22:08','2023-04-01 00:22:08'),(337,'/uploads/ads/91/1680305767Screen Shot 2023-02-11 at 4.45.28 PM.png',9,'1680305767Screen Shot 2023-02-11 at 4.45.28 PM.png',91,'App\\models\\Ads','2023-04-01 00:36:07','2023-04-01 00:36:07'),(338,'/uploads/ads/92/1680310662etada.jpg',9,'1680310662etada.jpg',92,'App\\models\\Ads','2023-04-01 01:57:42','2023-04-01 01:57:42'),(339,'/uploads/ads/92/1680310662giftlineal.gif',9,'1680310662giftlineal.gif',92,'App\\models\\Ads','2023-04-01 01:57:42','2023-04-01 01:57:42'),(340,'/uploads/ads/92/1680310662facebook.png',9,'1680310662facebook.png',92,'App\\models\\Ads','2023-04-01 01:57:42','2023-04-01 01:57:42'),(341,'/uploads/ads/92/1680310662k_net_icon.png',9,'1680310662k_net_icon.png',92,'App\\models\\Ads','2023-04-01 01:57:42','2023-04-01 01:57:42'),(342,'/uploads/ads/92/1680310662instagram.png',9,'1680310662instagram.png',92,'App\\models\\Ads','2023-04-01 01:57:42','2023-04-01 01:57:42'),(343,'/uploads/ads/92/1680310662offericon.png',9,'1680310662offericon.png',92,'App\\models\\Ads','2023-04-01 01:57:42','2023-04-01 01:57:42'),(344,'/uploads/ads/92/1680310662logo.png',9,'1680310662logo.png',92,'App\\models\\Ads','2023-04-01 01:57:42','2023-04-01 01:57:42'),(345,'/uploads/product/33/1680310770etada.jpg',0,'1680310770etada.jpg',33,'App\\models\\Product','2023-04-01 01:59:30','2023-04-01 01:59:30'),(346,'/uploads/product/33/1680310770facebook.png',0,'1680310770facebook.png',33,'App\\models\\Product','2023-04-01 01:59:30','2023-04-01 01:59:30'),(347,'/uploads/product/33/1680310770giftlineal.gif',0,'1680310770giftlineal.gif',33,'App\\models\\Product','2023-04-01 01:59:30','2023-04-01 01:59:30'),(348,'/uploads/product/33/1680310770instagram.png',0,'1680310770instagram.png',33,'App\\models\\Product','2023-04-01 01:59:30','2023-04-01 01:59:30'),(349,'/uploads/product/33/1680310770k_net_icon.png',0,'1680310770k_net_icon.png',33,'App\\models\\Product','2023-04-01 01:59:30','2023-04-01 01:59:30'),(350,'/uploads/product/34/1680310784etada.jpg',0,'1680310784etada.jpg',34,'App\\models\\Product','2023-04-01 01:59:44','2023-04-01 01:59:44'),(351,'/uploads/product/34/1680310784facebook.png',0,'1680310784facebook.png',34,'App\\models\\Product','2023-04-01 01:59:44','2023-04-01 01:59:44'),(352,'/uploads/product/34/1680310784giftlineal.gif',0,'1680310784giftlineal.gif',34,'App\\models\\Product','2023-04-01 01:59:44','2023-04-01 01:59:44'),(353,'/uploads/product/34/1680310784instagram.png',0,'1680310784instagram.png',34,'App\\models\\Product','2023-04-01 01:59:44','2023-04-01 01:59:44'),(354,'/uploads/product/34/1680310784k_net_icon.png',0,'1680310784k_net_icon.png',34,'App\\models\\Product','2023-04-01 01:59:44','2023-04-01 01:59:44'),(355,'/uploads/product/35/1680310835facebook.png',0,'1680310835facebook.png',35,'App\\models\\Product','2023-04-01 02:00:35','2023-04-01 02:00:35'),(356,'/uploads/product/35/1680310835giftlineal.gif',0,'1680310835giftlineal.gif',35,'App\\models\\Product','2023-04-01 02:00:35','2023-04-01 02:00:35'),(357,'/uploads/product/35/1680310835instagram.png',0,'1680310835instagram.png',35,'App\\models\\Product','2023-04-01 02:00:35','2023-04-01 02:00:35'),(358,'/uploads/product/35/1680310835k_net_icon.png',0,'1680310835k_net_icon.png',35,'App\\models\\Product','2023-04-01 02:00:35','2023-04-01 02:00:35'),(359,'/uploads/product/35/1680310836telegram.png',0,'1680310836telegram.png',35,'App\\models\\Product','2023-04-01 02:00:36','2023-04-01 02:00:36'),(360,'/uploads/product/35/1680310836telephone.png',0,'1680310836telephone.png',35,'App\\models\\Product','2023-04-01 02:00:36','2023-04-01 02:00:36'),(361,'/uploads/product/35/1680310836twitter.png',0,'1680310836twitter.png',35,'App\\models\\Product','2023-04-01 02:00:36','2023-04-01 02:00:36'),(362,'/uploads/product/35/1680310836snapchat.png',0,'1680310836snapchat.png',35,'App\\models\\Product','2023-04-01 02:00:36','2023-04-01 02:00:36'),(363,'/uploads/product/36/1680311012diwaniyah.jpg',0,'1680311012diwaniyah.jpg',36,'App\\models\\Product','2023-04-01 02:03:32','2023-04-01 02:03:32'),(364,'/uploads/product/36/1680311012etada.jpg',0,'1680311012etada.jpg',36,'App\\models\\Product','2023-04-01 02:03:32','2023-04-01 02:03:32'),(365,'/uploads/product/36/1680311012giftlineal.gif',0,'1680311012giftlineal.gif',36,'App\\models\\Product','2023-04-01 02:03:32','2023-04-01 02:03:32'),(366,'/uploads/product/36/1680311012facebook.png',0,'1680311012facebook.png',36,'App\\models\\Product','2023-04-01 02:03:32','2023-04-01 02:03:32'),(367,'/uploads/product/36/1680311012instagram.png',0,'1680311012instagram.png',36,'App\\models\\Product','2023-04-01 02:03:32','2023-04-01 02:03:32'),(368,'/uploads/product/36/1680311012k_net_icon.png',0,'1680311012k_net_icon.png',36,'App\\models\\Product','2023-04-01 02:03:32','2023-04-01 02:03:32'),(369,'/uploads/product/36/1680311012offericon.png',0,'1680311012offericon.png',36,'App\\models\\Product','2023-04-01 02:03:32','2023-04-01 02:03:32'),(370,'/uploads/product/36/1680311012logo.png',0,'1680311012logo.png',36,'App\\models\\Product','2023-04-01 02:03:32','2023-04-01 02:03:32'),(371,'/uploads/product/36/1680311012snapchat.png',0,'1680311012snapchat.png',36,'App\\models\\Product','2023-04-01 02:03:32','2023-04-01 02:03:32'),(372,'/uploads/product/36/1680311012twitter.png',0,'1680311012twitter.png',36,'App\\models\\Product','2023-04-01 02:03:32','2023-04-01 02:03:32'),(373,'/uploads/product/37/1680312992giftlineal.gif',0,'1680312992giftlineal.gif',37,'App\\models\\Product','2023-04-01 02:36:32','2023-04-01 02:36:32'),(374,'/uploads/product/37/1680312992etada.jpg',0,'1680312992etada.jpg',37,'App\\models\\Product','2023-04-01 02:36:32','2023-04-01 02:36:32'),(375,'/uploads/product/37/1680312992k_net_icon.png',0,'1680312992k_net_icon.png',37,'App\\models\\Product','2023-04-01 02:36:32','2023-04-01 02:36:32'),(376,'/uploads/product/37/1680312992instagram.png',0,'1680312992instagram.png',37,'App\\models\\Product','2023-04-01 02:36:32','2023-04-01 02:36:32'),(377,'/uploads/product/37/1680312992offericon.png',0,'1680312992offericon.png',37,'App\\models\\Product','2023-04-01 02:36:32','2023-04-01 02:36:32'),(378,'/uploads/product/37/1680312992logo.png',0,'1680312992logo.png',37,'App\\models\\Product','2023-04-01 02:36:32','2023-04-01 02:36:32'),(379,'/uploads/product/37/1680312992snapchat.png',0,'1680312992snapchat.png',37,'App\\models\\Product','2023-04-01 02:36:32','2023-04-01 02:36:32'),(380,'/uploads/product/38/1680394076640px-Image_created_with_a_mobile_phone.png',0,'1680394076640px-Image_created_with_a_mobile_phone.png',38,'App\\models\\Product','2023-04-02 01:07:56','2023-04-02 01:07:56'),(381,'/uploads/product/38/1680394076AuroraPillars_Correia_4898.jpg',0,'1680394076AuroraPillars_Correia_4898.jpg',38,'App\\models\\Product','2023-04-02 01:07:56','2023-04-02 01:07:56'),(382,'/uploads/product/39/1680394086640px-Image_created_with_a_mobile_phone.png',0,'1680394086640px-Image_created_with_a_mobile_phone.png',39,'App\\models\\Product','2023-04-02 01:08:06','2023-04-02 01:08:06'),(383,'/uploads/product/39/1680394086AuroraPillars_Correia_4898.jpg',0,'1680394086AuroraPillars_Correia_4898.jpg',39,'App\\models\\Product','2023-04-02 01:08:06','2023-04-02 01:08:06'),(384,'/uploads/product/40/1680394207640px-Image_created_with_a_mobile_phone.png',0,'1680394207640px-Image_created_with_a_mobile_phone.png',40,'App\\models\\Product','2023-04-02 01:10:07','2023-04-02 01:10:07'),(385,'/uploads/product/40/1680394207AuroraPillars_Correia_4898.jpg',0,'1680394207AuroraPillars_Correia_4898.jpg',40,'App\\models\\Product','2023-04-02 01:10:07','2023-04-02 01:10:07'),(386,'/uploads/product/41/1680394287640px-Image_created_with_a_mobile_phone.png',0,'1680394287640px-Image_created_with_a_mobile_phone.png',41,'App\\models\\Product','2023-04-02 01:11:27','2023-04-02 01:11:27'),(387,'/uploads/product/41/1680394287AuroraPillars_Correia_4898.jpg',0,'1680394287AuroraPillars_Correia_4898.jpg',41,'App\\models\\Product','2023-04-02 01:11:27','2023-04-02 01:11:27'),(388,'/uploads/product/42/1680394500Screen Shot 2023-02-11 at 4.45.28 PM.png',0,'1680394500Screen Shot 2023-02-11 at 4.45.28 PM.png',42,'App\\models\\Product','2023-04-02 01:15:00','2023-04-02 01:15:00'),(389,'/uploads/product/42/168039450010x-featured-social-media-image-size.png',0,'168039450010x-featured-social-media-image-size.png',42,'App\\models\\Product','2023-04-02 01:15:00','2023-04-02 01:15:00'),(393,'/uploads/product/52/1680442630image_picker_EF15EDF5-1C31-4155-92B6-2DCA83A4C561-5334-00000131DBC8584D.jpg',0,'1680442630image_picker_EF15EDF5-1C31-4155-92B6-2DCA83A4C561-5334-00000131DBC8584D.jpg',52,'App\\models\\Product','2023-04-02 14:37:10','2023-04-02 14:37:10'),(394,'/uploads/product/51/1680447370image_picker_D0E83D23-E51E-458B-A23D-CDD837F0A36F-5334-0000058367023C98.jpg',0,'1680447370image_picker_D0E83D23-E51E-458B-A23D-CDD837F0A36F-5334-0000058367023C98.jpg',51,'App\\models\\Product','2023-04-02 15:56:10','2023-04-02 15:56:10'),(395,'/uploads/product/51/1680447370image_picker_11C45A69-3FAA-4775-9A35-C5328F15C4F3-5334-0000058353CF780E.jpg',0,'1680447370image_picker_11C45A69-3FAA-4775-9A35-C5328F15C4F3-5334-0000058353CF780E.jpg',51,'App\\models\\Product','2023-04-02 15:56:10','2023-04-02 15:56:10'),(396,'/uploads/product/53/1680447600image_picker_DBF460FC-C52B-4090-B380-BC737131889B-5334-000005B7CB677E18.jpg',0,'1680447600image_picker_DBF460FC-C52B-4090-B380-BC737131889B-5334-000005B7CB677E18.jpg',53,'App\\models\\Product','2023-04-02 16:00:00','2023-04-02 16:00:00'),(397,'/uploads/product/54/1680447813image_picker_695DD2E5-5838-459F-B4E3-81F34E799E15-5334-000005E8EC71D5C9.jpg',0,'1680447813image_picker_695DD2E5-5838-459F-B4E3-81F34E799E15-5334-000005E8EC71D5C9.jpg',54,'App\\models\\Product','2023-04-02 16:03:33','2023-04-02 16:03:33'),(398,'/uploads/product/55/1680447919image_picker_DB19F6FA-403A-4517-9EC8-1D0195361904-5334-000006021A9CA2FC.jpg',0,'1680447919image_picker_DB19F6FA-403A-4517-9EC8-1D0195361904-5334-000006021A9CA2FC.jpg',55,'App\\models\\Product','2023-04-02 16:05:19','2023-04-02 16:05:19'),(399,'/uploads/product/56/1680447964image_picker_12A71EE3-81AE-45B8-8A7F-FA91B760279D-5334-0000060B8C2C7D0C.jpg',0,'1680447964image_picker_12A71EE3-81AE-45B8-8A7F-FA91B760279D-5334-0000060B8C2C7D0C.jpg',56,'App\\models\\Product','2023-04-02 16:06:04','2023-04-02 16:06:04'),(400,'/uploads/product/57/1680478439640px-Image_created_with_a_mobile_phone.png',0,'1680478439640px-Image_created_with_a_mobile_phone.png',57,'App\\models\\Product','2023-04-03 00:33:59','2023-04-03 00:33:59'),(401,'/uploads/product/57/1680478439AuroraPillars_Correia_4898.jpg',0,'1680478439AuroraPillars_Correia_4898.jpg',57,'App\\models\\Product','2023-04-03 00:33:59','2023-04-03 00:33:59'),(402,'/uploads/product/57/168047843910x-featured-social-media-image-size.png',0,'168047843910x-featured-social-media-image-size.png',57,'App\\models\\Product','2023-04-03 00:33:59','2023-04-03 00:33:59'),(403,'/uploads/product/58/1680478594AuroraPillars_Correia_4898.jpg',0,'1680478594AuroraPillars_Correia_4898.jpg',58,'App\\models\\Product','2023-04-03 00:36:34','2023-04-03 00:36:34'),(404,'/uploads/product/58/1680478594Screen Shot 2023-02-11 at 4.45.28 PM.png',0,'1680478594Screen Shot 2023-02-11 at 4.45.28 PM.png',58,'App\\models\\Product','2023-04-03 00:36:34','2023-04-03 00:36:34'),(405,'/uploads/product/59/1680478742Screen Shot 2023-02-11 at 4.45.28 PM.png',0,'1680478742Screen Shot 2023-02-11 at 4.45.28 PM.png',59,'App\\models\\Product','2023-04-03 00:39:02','2023-04-03 00:39:02'),(406,'/uploads/ads/93/168047951110x-featured-social-media-image-size.png',9,'168047951110x-featured-social-media-image-size.png',93,'App\\models\\Ads','2023-04-03 00:51:51','2023-04-03 00:51:51'),(407,'/uploads/product/60/168048171210x-featured-social-media-image-size.png',0,'168048171210x-featured-social-media-image-size.png',60,'App\\models\\Product','2023-04-03 01:28:32','2023-04-03 01:28:32'),(408,'/uploads/ads/94/168048430410x-featured-social-media-image-size.png',9,'168048430410x-featured-social-media-image-size.png',94,'App\\models\\Ads','2023-04-03 02:11:44','2023-04-03 02:11:44'),(409,'/uploads/ads/95/1680484377640px-Image_created_with_a_mobile_phone.png',9,'1680484377640px-Image_created_with_a_mobile_phone.png',95,'App\\models\\Ads','2023-04-03 02:12:57','2023-04-03 02:12:57'),(410,'/uploads/ads/96/1680501395etada.jpg',9,'1680501395etada.jpg',96,'App\\models\\Ads','2023-04-03 06:56:35','2023-04-03 06:56:35'),(411,'/uploads/ads/96/1680501395k_net_icon.png',9,'1680501395k_net_icon.png',96,'App\\models\\Ads','2023-04-03 06:56:35','2023-04-03 06:56:35'),(412,'/uploads/ads/96/1680501395instagram.png',9,'1680501395instagram.png',96,'App\\models\\Ads','2023-04-03 06:56:35','2023-04-03 06:56:35'),(413,'/uploads/ads/96/1680501395giftlineal.gif',9,'1680501395giftlineal.gif',96,'App\\models\\Ads','2023-04-03 06:56:35','2023-04-03 06:56:35'),(414,'/uploads/ads/96/1680501395facebook.png',9,'1680501395facebook.png',96,'App\\models\\Ads','2023-04-03 06:56:35','2023-04-03 06:56:35'),(415,'/uploads/ads/96/1680501395offericon.png',9,'1680501395offericon.png',96,'App\\models\\Ads','2023-04-03 06:56:35','2023-04-03 06:56:35'),(416,'/uploads/ads/96/1680501395logo.png',9,'1680501395logo.png',96,'App\\models\\Ads','2023-04-03 06:56:35','2023-04-03 06:56:35'),(417,'/uploads/ads/96/1680501395telegram.png',9,'1680501395telegram.png',96,'App\\models\\Ads','2023-04-03 06:56:35','2023-04-03 06:56:35'),(418,'/uploads/ads/96/1680501395telephone.png',9,'1680501395telephone.png',96,'App\\models\\Ads','2023-04-03 06:56:35','2023-04-03 06:56:35'),(419,'/uploads/ads/96/1680501395whatsapp.png',9,'1680501395whatsapp.png',96,'App\\models\\Ads','2023-04-03 06:56:35','2023-04-03 06:56:35'),(420,'/uploads/ads/96/1680501395snapchat.png',9,'1680501395snapchat.png',96,'App\\models\\Ads','2023-04-03 06:56:35','2023-04-03 06:56:35'),(421,'/uploads/ads/96/1680501395youtube.png',9,'1680501395youtube.png',96,'App\\models\\Ads','2023-04-03 06:56:35','2023-04-03 06:56:35'),(422,'/uploads/product/62/1680501988giftlineal.gif',0,'1680501988giftlineal.gif',62,'App\\models\\Product','2023-04-03 07:06:28','2023-04-03 07:06:28'),(423,'/uploads/product/62/1680501988giftlineal.gif',0,'1680501988giftlineal.gif',62,'App\\models\\Product','2023-04-03 07:06:28','2023-04-03 07:06:28'),(424,'/uploads/product/62/1680501988k_net_icon.png',0,'1680501988k_net_icon.png',62,'App\\models\\Product','2023-04-03 07:06:28','2023-04-03 07:06:28'),(425,'/uploads/product/62/1680501988instagram.png',0,'1680501988instagram.png',62,'App\\models\\Product','2023-04-03 07:06:28','2023-04-03 07:06:28'),(426,'/uploads/product/62/1680501988logo.png',0,'1680501988logo.png',62,'App\\models\\Product','2023-04-03 07:06:28','2023-04-03 07:06:28'),(427,'/uploads/product/62/1680501988snapchat.png',0,'1680501988snapchat.png',62,'App\\models\\Product','2023-04-03 07:06:28','2023-04-03 07:06:28'),(428,'/uploads/product/62/1680501988twitter.png',0,'1680501988twitter.png',62,'App\\models\\Product','2023-04-03 07:06:28','2023-04-03 07:06:28'),(429,'/uploads/product/62/1680501988telegram.png',0,'1680501988telegram.png',62,'App\\models\\Product','2023-04-03 07:06:28','2023-04-03 07:06:28'),(430,'/uploads/product/62/1680501988telephone.png',0,'1680501988telephone.png',62,'App\\models\\Product','2023-04-03 07:06:28','2023-04-03 07:06:28'),(431,'/uploads/product/62/1680501988whatsapp.png',0,'1680501988whatsapp.png',62,'App\\models\\Product','2023-04-03 07:06:28','2023-04-03 07:06:28'),(432,'/uploads/product/62/1680501988youtube.png',0,'1680501988youtube.png',62,'App\\models\\Product','2023-04-03 07:06:28','2023-04-03 07:06:28'),(433,'/uploads/ads/97/168051958610x-featured-social-media-image-size.png',9,'168051958610x-featured-social-media-image-size.png',97,'App\\models\\Ads','2023-04-03 11:59:46','2023-04-03 11:59:46'),(434,'/uploads/ads/99/1680525303giftlineal.gif',9,'1680525303giftlineal.gif',99,'App\\models\\Ads','2023-04-03 13:35:03','2023-04-03 13:35:03'),(435,'/uploads/ads/99/1680525303k_net_icon.png',9,'1680525303k_net_icon.png',99,'App\\models\\Ads','2023-04-03 13:35:03','2023-04-03 13:35:03'),(436,'/uploads/ads/99/1680525303instagram.png',9,'1680525303instagram.png',99,'App\\models\\Ads','2023-04-03 13:35:03','2023-04-03 13:35:03'),(437,'/uploads/ads/99/1680525303offericon.png',9,'1680525303offericon.png',99,'App\\models\\Ads','2023-04-03 13:35:03','2023-04-03 13:35:03'),(438,'/uploads/ads/99/1680525303logo.png',9,'1680525303logo.png',99,'App\\models\\Ads','2023-04-03 13:35:03','2023-04-03 13:35:03'),(439,'/uploads/ads/99/1680525303snapchat.png',9,'1680525303snapchat.png',99,'App\\models\\Ads','2023-04-03 13:35:03','2023-04-03 13:35:03'),(440,'/uploads/ads/100/1680525438giftlineal.gif',9,'1680525438giftlineal.gif',100,'App\\models\\Ads','2023-04-03 13:37:18','2023-04-03 13:37:18'),(441,'/uploads/ads/100/1680525438etada.jpg',9,'1680525438etada.jpg',100,'App\\models\\Ads','2023-04-03 13:37:18','2023-04-03 13:37:18'),(442,'/uploads/ads/100/1680525438facebook.png',9,'1680525438facebook.png',100,'App\\models\\Ads','2023-04-03 13:37:18','2023-04-03 13:37:18'),(443,'/uploads/ads/100/1680525438k_net_icon.png',9,'1680525438k_net_icon.png',100,'App\\models\\Ads','2023-04-03 13:37:18','2023-04-03 13:37:18'),(444,'/uploads/ads/100/1680525438instagram.png',9,'1680525438instagram.png',100,'App\\models\\Ads','2023-04-03 13:37:18','2023-04-03 13:37:18'),(445,'/uploads/ads/100/1680525438offericon.png',9,'1680525438offericon.png',100,'App\\models\\Ads','2023-04-03 13:37:18','2023-04-03 13:37:18'),(446,'/uploads/ads/100/1680525438logo.png',9,'1680525438logo.png',100,'App\\models\\Ads','2023-04-03 13:37:18','2023-04-03 13:37:18'),(447,'/uploads/ads/101/1680532744etada.jpg',9,'1680532744etada.jpg',101,'App\\models\\Ads','2023-04-03 15:39:04','2023-04-03 15:39:04'),(448,'/uploads/ads/101/1680532744facebook.png',9,'1680532744facebook.png',101,'App\\models\\Ads','2023-04-03 15:39:04','2023-04-03 15:39:04'),(449,'/uploads/ads/101/1680532744instagram.png',9,'1680532744instagram.png',101,'App\\models\\Ads','2023-04-03 15:39:04','2023-04-03 15:39:04'),(450,'/uploads/ads/101/1680532744giftlineal.gif',9,'1680532744giftlineal.gif',101,'App\\models\\Ads','2023-04-03 15:39:04','2023-04-03 15:39:04'),(451,'/uploads/ads/101/1680532744k_net_icon.png',9,'1680532744k_net_icon.png',101,'App\\models\\Ads','2023-04-03 15:39:04','2023-04-03 15:39:04'),(452,'/uploads/ads/101/1680532744logo.png',9,'1680532744logo.png',101,'App\\models\\Ads','2023-04-03 15:39:04','2023-04-03 15:39:04'),(453,'/uploads/ads/101/1680532744offericon.png',9,'1680532744offericon.png',101,'App\\models\\Ads','2023-04-03 15:39:04','2023-04-03 15:39:04'),(454,'/uploads/ads/101/1680532744snapchat.png',9,'1680532744snapchat.png',101,'App\\models\\Ads','2023-04-03 15:39:04','2023-04-03 15:39:04'),(455,'/uploads/ads/101/1680532744twitter.png',9,'1680532744twitter.png',101,'App\\models\\Ads','2023-04-03 15:39:04','2023-04-03 15:39:04'),(456,'/uploads/ads/101/1680532744telephone.png',9,'1680532744telephone.png',101,'App\\models\\Ads','2023-04-03 15:39:04','2023-04-03 15:39:04'),(457,'/uploads/ads/101/1680532744telegram.png',9,'1680532744telegram.png',101,'App\\models\\Ads','2023-04-03 15:39:04','2023-04-03 15:39:04'),(458,'/uploads/ads/101/1680532744whatsapp.png',9,'1680532744whatsapp.png',101,'App\\models\\Ads','2023-04-03 15:39:04','2023-04-03 15:39:04'),(459,'/uploads/ads/101/1680532744youtube.png',9,'1680532744youtube.png',101,'App\\models\\Ads','2023-04-03 15:39:04','2023-04-03 15:39:04'),(460,'/uploads/product/63/1680545874image_picker_D9CA3A47-CB64-4C15-9647-112210AA226C-31672-00001070993E2110.jpg',0,'1680545874image_picker_D9CA3A47-CB64-4C15-9647-112210AA226C-31672-00001070993E2110.jpg',63,'App\\models\\Product','2023-04-03 19:17:54','2023-04-03 19:17:54'),(461,'/uploads/product/63/1680545874image_picker_E537403A-1144-4B4D-A599-D29FE87AC6CE-31672-0000107098AF7E8B.jpg',0,'1680545874image_picker_E537403A-1144-4B4D-A599-D29FE87AC6CE-31672-0000107098AF7E8B.jpg',63,'App\\models\\Product','2023-04-03 19:17:54','2023-04-03 19:17:54'),(462,'/uploads/product/63/1680545874image_picker_088C2AA0-DF3C-4892-B321-F3E0A2B287C9-31672-0000107099EA7AAC.jpg',0,'1680545874image_picker_088C2AA0-DF3C-4892-B321-F3E0A2B287C9-31672-0000107099EA7AAC.jpg',63,'App\\models\\Product','2023-04-03 19:17:54','2023-04-03 19:17:54'),(463,'/uploads/product/63/1680545874image_picker_522E53A6-B26E-4C55-A536-37460363FF50-31672-0000107099AE96EC.png',0,'1680545874image_picker_522E53A6-B26E-4C55-A536-37460363FF50-31672-0000107099AE96EC.png',63,'App\\models\\Product','2023-04-03 19:17:54','2023-04-03 19:17:54'),(464,'/uploads/ads/1/1680797724telegram.png',9,'1680797724telegram.png',1,'App\\models\\Ads','2023-04-06 17:15:24','2023-04-06 17:15:24'),(465,'/uploads/ads/1/1680797724telephone.png',9,'1680797724telephone.png',1,'App\\models\\Ads','2023-04-06 17:15:24','2023-04-06 17:15:24'),(466,'/uploads/ads/1/1680797724twitter.png',9,'1680797724twitter.png',1,'App\\models\\Ads','2023-04-06 17:15:24','2023-04-06 17:15:24'),(467,'/uploads/ads/1/1680797724youtube.png',9,'1680797724youtube.png',1,'App\\models\\Ads','2023-04-06 17:15:24','2023-04-06 17:15:24'),(468,'/uploads/ads/1/1680797724whatsapp.png',9,'1680797724whatsapp.png',1,'App\\models\\Ads','2023-04-06 17:15:24','2023-04-06 17:15:24'),(469,'/uploads/ads/2/1680814867AuroraPillars_Correia_4898.jpg',9,'1680814867AuroraPillars_Correia_4898.jpg',2,'App\\models\\Ads','2023-04-06 22:01:07','2023-04-06 22:01:07'),(470,'/uploads/ads/3/1680814867AuroraPillars_Correia_4898.jpg',9,'1680814867AuroraPillars_Correia_4898.jpg',3,'App\\models\\Ads','2023-04-06 22:01:07','2023-04-06 22:01:07'),(471,'/uploads/ads/4/1680815184Screen Shot 2023-02-11 at 4.45.28 PM.png',9,'1680815184Screen Shot 2023-02-11 at 4.45.28 PM.png',4,'App\\models\\Ads','2023-04-06 22:06:24','2023-04-06 22:06:24'),(472,'/uploads/ads/5/1680823042AuroraPillars_Correia_4898.jpg',9,'1680823042AuroraPillars_Correia_4898.jpg',5,'App\\models\\Ads','2023-04-07 00:17:22','2023-04-07 00:17:22'),(473,'/uploads/ads/6/168082321810x-featured-social-media-image-size.png',9,'168082321810x-featured-social-media-image-size.png',6,'App\\models\\Ads','2023-04-07 00:20:18','2023-04-07 00:20:18'),(474,'/uploads/ads/7/1680940473image_picker_E7CD15A1-4443-4FE5-981F-01EA5887E903-1787-0000003D1835134A.jpg',9,'1680940473image_picker_E7CD15A1-4443-4FE5-981F-01EA5887E903-1787-0000003D1835134A.jpg',7,'App\\models\\Ads','2023-04-08 08:54:33','2023-04-08 08:54:33'),(475,'/uploads/ads/8/1680946962image_picker_C12FFBF0-E0A0-40E4-9CFF-F2597AFA73CD-13865-000008F94564FE4D.png',9,'1680946962image_picker_C12FFBF0-E0A0-40E4-9CFF-F2597AFA73CD-13865-000008F94564FE4D.png',8,'App\\models\\Ads','2023-04-08 10:42:42','2023-04-08 10:42:42'),(476,'/uploads/ads/8/1680946962image_picker_1FD7AE01-1978-47A5-A504-975A26D255EF-13865-000008F946BD5EF1.png',9,'1680946962image_picker_1FD7AE01-1978-47A5-A504-975A26D255EF-13865-000008F946BD5EF1.png',8,'App\\models\\Ads','2023-04-08 10:42:42','2023-04-08 10:42:42'),(477,'/uploads/ads/8/1680946962image_picker_91490D3A-B4AF-49B8-8C3B-D813FDF1BD7C-13865-000008F946C283B7.jpg',9,'1680946962image_picker_91490D3A-B4AF-49B8-8C3B-D813FDF1BD7C-13865-000008F946C283B7.jpg',8,'App\\models\\Ads','2023-04-08 10:42:42','2023-04-08 10:42:42'),(478,'/uploads/ads/8/1680946962image_picker_B00DF98D-1376-4604-9B6A-3A9F8E4509D6-13865-000008F9441678BF.png',9,'1680946962image_picker_B00DF98D-1376-4604-9B6A-3A9F8E4509D6-13865-000008F9441678BF.png',8,'App\\models\\Ads','2023-04-08 10:42:42','2023-04-08 10:42:42'),(479,'/uploads/ads/8/1680946962image_picker_39EEC731-0156-4CF4-A3E6-A020E7091EC5-13865-000008F94774DF96.jpg',9,'1680946962image_picker_39EEC731-0156-4CF4-A3E6-A020E7091EC5-13865-000008F94774DF96.jpg',8,'App\\models\\Ads','2023-04-08 10:42:42','2023-04-08 10:42:42'),(480,'/uploads/ads/8/1680946962image_picker_F47EA8B5-F5A2-4CAB-A2C2-E156E1CAA3AD-13865-000008F9477C990E.jpg',9,'1680946962image_picker_F47EA8B5-F5A2-4CAB-A2C2-E156E1CAA3AD-13865-000008F9477C990E.jpg',8,'App\\models\\Ads','2023-04-08 10:42:42','2023-04-08 10:42:42'),(481,'/uploads/ads/8/1680946962image_picker_75412D0D-F77F-4FA3-BD96-90387E1C8F97-13865-000008F948211AF7.jpg',9,'1680946962image_picker_75412D0D-F77F-4FA3-BD96-90387E1C8F97-13865-000008F948211AF7.jpg',8,'App\\models\\Ads','2023-04-08 10:42:42','2023-04-08 10:42:42'),(482,'/uploads/ads/8/1680946962image_picker_420FE9AD-BED0-4103-B49A-EBB26F36B2BC-13865-000008F948E527D7.jpg',9,'1680946962image_picker_420FE9AD-BED0-4103-B49A-EBB26F36B2BC-13865-000008F948E527D7.jpg',8,'App\\models\\Ads','2023-04-08 10:42:42','2023-04-08 10:42:42'),(483,'/uploads/offers/44/1681061494image_picker_18B3F5CC-967A-40FD-9BED-26F8CF8BAD23-2947-00000140EADAD506.jpg',1,'1681061494image_picker_18B3F5CC-967A-40FD-9BED-26F8CF8BAD23-2947-00000140EADAD506.jpg',44,'App\\models\\Offer','2023-04-09 18:31:34','2023-04-09 18:31:34'),(484,'/uploads/offers/44/1681061494image_picker_2A25764D-67C1-44A7-8D0D-3D7BD7667674-2947-00000140E7E022CE.png',1,'1681061494image_picker_2A25764D-67C1-44A7-8D0D-3D7BD7667674-2947-00000140E7E022CE.png',44,'App\\models\\Offer','2023-04-09 18:31:34','2023-04-09 18:31:34'),(485,'/uploads/offers/44/1681061494image_picker_ED498F79-107F-48E2-B200-E23E40B62613-2947-00000140EBFE6BFF.jpg',1,'1681061494image_picker_ED498F79-107F-48E2-B200-E23E40B62613-2947-00000140EBFE6BFF.jpg',44,'App\\models\\Offer','2023-04-09 18:31:34','2023-04-09 18:31:34'),(486,'/uploads/offers/44/1681061494image_picker_C7DEBB21-F871-4227-A7F7-04C8BC02EBF6-2947-00000140EA181749.jpg',1,'1681061494image_picker_C7DEBB21-F871-4227-A7F7-04C8BC02EBF6-2947-00000140EA181749.jpg',44,'App\\models\\Offer','2023-04-09 18:31:34','2023-04-09 18:31:34'),(487,'/uploads/offers/44/1681061494image_picker_1960964D-70E6-42AC-97F9-C20A63D6895E-2947-00000140E8C4C30A.jpg',1,'1681061494image_picker_1960964D-70E6-42AC-97F9-C20A63D6895E-2947-00000140E8C4C30A.jpg',44,'App\\models\\Offer','2023-04-09 18:31:34','2023-04-09 18:31:34'),(488,'/uploads/ads/13/1681324570image_picker_F3B8D34D-0275-41E1-B700-4F1CF5ADC74E-9344-00000349594D5275.jpg',9,'1681324570image_picker_F3B8D34D-0275-41E1-B700-4F1CF5ADC74E-9344-00000349594D5275.jpg',13,'App\\models\\Ads','2023-04-12 19:36:10','2023-04-12 19:36:10'),(489,'/uploads/ads/14/1681325025image_picker_C3988231-B9C2-4463-8399-B5E201922436-9344-000003D347ABAB49.jpg',9,'1681325025image_picker_C3988231-B9C2-4463-8399-B5E201922436-9344-000003D347ABAB49.jpg',14,'App\\models\\Ads','2023-04-12 19:43:45','2023-04-12 19:43:45'),(490,'/uploads/ads/15/1681325127image_picker_96C139DF-8BD8-473E-88FD-A9E651DBD935-9344-000003EB249D8340.jpg',9,'1681325127image_picker_96C139DF-8BD8-473E-88FD-A9E651DBD935-9344-000003EB249D8340.jpg',15,'App\\models\\Ads','2023-04-12 19:45:27','2023-04-12 19:45:27'),(491,'/uploads/ads/16/1681325615image_picker_40FCE5CF-6DB7-4EDE-90DC-A8B44144647E-9344-0000045ECA850B56.jpg',9,'1681325615image_picker_40FCE5CF-6DB7-4EDE-90DC-A8B44144647E-9344-0000045ECA850B56.jpg',16,'App\\models\\Ads','2023-04-12 19:53:35','2023-04-12 19:53:35'),(492,'/uploads/ads/17/1681325791image_picker_871D6425-F7C7-4A88-9761-F50EE6410942-9344-00000481C4B3F81B.jpg',9,'1681325791image_picker_871D6425-F7C7-4A88-9761-F50EE6410942-9344-00000481C4B3F81B.jpg',17,'App\\models\\Ads','2023-04-12 19:56:31','2023-04-12 19:56:31'),(493,'/uploads/ads/18/1681325936image_picker_CBCED005-48DA-44B2-8B68-726FE3A16482-9344-000004A89DC82EEE.jpg',9,'1681325936image_picker_CBCED005-48DA-44B2-8B68-726FE3A16482-9344-000004A89DC82EEE.jpg',18,'App\\models\\Ads','2023-04-12 19:58:56','2023-04-12 19:58:56'),(494,'/uploads/ads/19/1681338763image_picker_79EF052C-0D3C-4DAB-A53C-54F80828AFF3-3060-000001C86366DF42.png',9,'1681338763image_picker_79EF052C-0D3C-4DAB-A53C-54F80828AFF3-3060-000001C86366DF42.png',19,'App\\models\\Ads','2023-04-12 23:32:43','2023-04-12 23:32:43'),(495,'/uploads/ads/19/1681338763image_picker_1B1D4456-FB5A-4C66-B6B8-42255989BC62-3060-000001C8665E807A.jpg',9,'1681338763image_picker_1B1D4456-FB5A-4C66-B6B8-42255989BC62-3060-000001C8665E807A.jpg',19,'App\\models\\Ads','2023-04-12 23:32:43','2023-04-12 23:32:43'),(496,'/uploads/ads/19/1681338763image_picker_4DEE9047-023E-4CE9-B8ED-673FF48D67FB-3060-000001C8659B7FC6.jpg',9,'1681338763image_picker_4DEE9047-023E-4CE9-B8ED-673FF48D67FB-3060-000001C8659B7FC6.jpg',19,'App\\models\\Ads','2023-04-12 23:32:43','2023-04-12 23:32:43'),(497,'/uploads/ads/19/1681338763image_picker_3F3C75DA-C018-4CA9-BA77-1BDE342977C5-3060-000001C8678AA0B8.jpg',9,'1681338763image_picker_3F3C75DA-C018-4CA9-BA77-1BDE342977C5-3060-000001C8678AA0B8.jpg',19,'App\\models\\Ads','2023-04-12 23:32:43','2023-04-12 23:32:43'),(498,'/uploads/ads/19/1681338763image_picker_1C80095A-9C03-42AF-B32F-F9B0BED0173B-3060-000001C864504B86.jpg',9,'1681338763image_picker_1C80095A-9C03-42AF-B32F-F9B0BED0173B-3060-000001C864504B86.jpg',19,'App\\models\\Ads','2023-04-12 23:32:43','2023-04-12 23:32:43'),(499,'/uploads/ads/20/1681339294image_picker_79C5CB0F-BA68-4F30-AA04-CAF16ABC99DD-3087-000001CB67A1B78A.png',9,'1681339294image_picker_79C5CB0F-BA68-4F30-AA04-CAF16ABC99DD-3087-000001CB67A1B78A.png',20,'App\\models\\Ads','2023-04-12 23:41:34','2023-04-12 23:41:34'),(500,'/uploads/ads/20/1681339294image_picker_A776E383-9397-4877-A1B6-76F7BBB42E02-3087-000001CB69F1B2C2.jpg',9,'1681339294image_picker_A776E383-9397-4877-A1B6-76F7BBB42E02-3087-000001CB69F1B2C2.jpg',20,'App\\models\\Ads','2023-04-12 23:41:34','2023-04-12 23:41:34'),(501,'/uploads/ads/20/1681339294image_picker_854F24E3-705F-40E1-BBCB-109419464EF7-3087-000001CB692CB70B.jpg',9,'1681339294image_picker_854F24E3-705F-40E1-BBCB-109419464EF7-3087-000001CB692CB70B.jpg',20,'App\\models\\Ads','2023-04-12 23:41:34','2023-04-12 23:41:34'),(502,'/uploads/ads/20/1681339294image_picker_47FAC4C1-8027-4EF3-8F85-55457A3C00DF-3087-000001CB68863799.jpg',9,'1681339294image_picker_47FAC4C1-8027-4EF3-8F85-55457A3C00DF-3087-000001CB68863799.jpg',20,'App\\models\\Ads','2023-04-12 23:41:34','2023-04-12 23:41:34'),(503,'/uploads/ads/20/1681339294image_picker_37D97FC6-0843-4D67-A87B-73CC27CBF1CD-3087-000001CB6B0E6D95.jpg',9,'1681339294image_picker_37D97FC6-0843-4D67-A87B-73CC27CBF1CD-3087-000001CB6B0E6D95.jpg',20,'App\\models\\Ads','2023-04-12 23:41:34','2023-04-12 23:41:34'),(504,'/uploads/ads/21/1681414863image_picker_8299A762-5DE2-4183-9D6C-0DD15073567B-2053-000002233D07248C.jpg',9,'1681414863image_picker_8299A762-5DE2-4183-9D6C-0DD15073567B-2053-000002233D07248C.jpg',21,'App\\models\\Ads','2023-04-13 20:41:03','2023-04-13 20:41:03'),(505,'/uploads/ads/21/1681414863image_picker_84F76BF2-2E22-47C5-B004-9CDD08CCAAE2-2053-000002233CCC42B5.jpg',9,'1681414863image_picker_84F76BF2-2E22-47C5-B004-9CDD08CCAAE2-2053-000002233CCC42B5.jpg',21,'App\\models\\Ads','2023-04-13 20:41:03','2023-04-13 20:41:03'),(506,'/uploads/ads/22/1681416812f82ba0de-06d3-4144-903b-1a4887d9eb8b.jpeg',9,'1681416812f82ba0de-06d3-4144-903b-1a4887d9eb8b.jpeg',22,'App\\models\\Ads','2023-04-13 21:13:32','2023-04-13 21:13:32'),(507,'/uploads/ads/22/1681416812eMP9SUmP6R6t2ueqIVFpwlA928IzWV1pWIhM3B9b.jpg',9,'1681416812eMP9SUmP6R6t2ueqIVFpwlA928IzWV1pWIhM3B9b.jpg',22,'App\\models\\Ads','2023-04-13 21:13:32','2023-04-13 21:13:32'),(508,'/uploads/ads/23/1681417292image_picker_76B9F2C0-F465-42BB-8400-DDEEB6DDAE60-656-0000000E3A291CE4.jpg',9,'1681417292image_picker_76B9F2C0-F465-42BB-8400-DDEEB6DDAE60-656-0000000E3A291CE4.jpg',23,'App\\models\\Ads','2023-04-13 21:21:32','2023-04-13 21:21:32'),(509,'/uploads/ads/23/1681417292image_picker_0DB54EF1-A294-4639-9A02-F6A7E313FCCB-656-0000000E38E5C143.jpg',9,'1681417292image_picker_0DB54EF1-A294-4639-9A02-F6A7E313FCCB-656-0000000E38E5C143.jpg',23,'App\\models\\Ads','2023-04-13 21:21:32','2023-04-13 21:21:32'),(510,'/uploads/ads/23/1681417292image_picker_EA625C4D-F237-4AEE-806F-651F5BE242BB-656-0000000E38F555DD.jpg',9,'1681417292image_picker_EA625C4D-F237-4AEE-806F-651F5BE242BB-656-0000000E38F555DD.jpg',23,'App\\models\\Ads','2023-04-13 21:21:32','2023-04-13 21:21:32'),(511,'/uploads/ads/24/1681603148image_picker_60DAB00C-E7D8-49B1-81A4-F324E7A96150-20205-00000453A899D775.jpg',9,'1681603148image_picker_60DAB00C-E7D8-49B1-81A4-F324E7A96150-20205-00000453A899D775.jpg',24,'App\\models\\Ads','2023-04-16 00:59:08','2023-04-16 00:59:08'),(512,'/uploads/ads/25/1682573653image_picker_9158105E-3D4F-427A-AD29-E2B28A4FC11A-7168-00000543C074453E.jpg',9,'1682573653image_picker_9158105E-3D4F-427A-AD29-E2B28A4FC11A-7168-00000543C074453E.jpg',25,'App\\models\\Ads','2023-04-27 06:34:13','2023-04-27 06:34:13'),(513,'/uploads/ads/25/1682573653image_picker_D11502D9-089C-40CC-8019-60ED2EFE4CDF-7168-00000543BEED9E3B.png',9,'1682573653image_picker_D11502D9-089C-40CC-8019-60ED2EFE4CDF-7168-00000543BEED9E3B.png',25,'App\\models\\Ads','2023-04-27 06:34:13','2023-04-27 06:34:13'),(514,'/uploads/ads/25/1682573653image_picker_0C7504AF-9C72-4249-8A46-1600907F2FAB-7168-00000543C19172A5.jpg',9,'1682573653image_picker_0C7504AF-9C72-4249-8A46-1600907F2FAB-7168-00000543C19172A5.jpg',25,'App\\models\\Ads','2023-04-27 06:34:13','2023-04-27 06:34:13'),(515,'/uploads/ads/25/1682573653image_picker_B844372E-2F70-405A-B66E-8BA1DF0D6BBA-7168-00000543C2B77254.jpg',9,'1682573653image_picker_B844372E-2F70-405A-B66E-8BA1DF0D6BBA-7168-00000543C2B77254.jpg',25,'App\\models\\Ads','2023-04-27 06:34:14','2023-04-27 06:34:14'),(516,'/uploads/ads/25/1682573654image_picker_27441CAE-2EE8-4800-800D-ED1E4CA32724-7168-00000543BFB1BC28.jpg',9,'1682573654image_picker_27441CAE-2EE8-4800-800D-ED1E4CA32724-7168-00000543BFB1BC28.jpg',25,'App\\models\\Ads','2023-04-27 06:34:14','2023-04-27 06:34:14'),(517,'/uploads/ads/25/1682573654image_picker_6B9E026C-804F-4A67-88B6-336750589926-7168-00000543BF035E9A.png',9,'1682573654image_picker_6B9E026C-804F-4A67-88B6-336750589926-7168-00000543BF035E9A.png',25,'App\\models\\Ads','2023-04-27 06:34:14','2023-04-27 06:34:14'),(518,'/uploads/ads/26/1683395598image_picker_A93B3BA0-EFBF-4243-B1D0-0A68A4BADAEC-37230-0000092752B9863F.png',9,'1683395598image_picker_A93B3BA0-EFBF-4243-B1D0-0A68A4BADAEC-37230-0000092752B9863F.png',26,'App\\models\\Ads','2023-05-06 17:53:18','2023-05-06 17:53:18'),(519,'/uploads/ads/26/1683395598image_picker_1E3BD5DD-D4FD-4D1A-9B61-FE41C20210D7-37230-0000092754EF0A37.png',9,'1683395598image_picker_1E3BD5DD-D4FD-4D1A-9B61-FE41C20210D7-37230-0000092754EF0A37.png',26,'App\\models\\Ads','2023-05-06 17:53:18','2023-05-06 17:53:18'),(520,'/uploads/ads/26/1683395598image_picker_B589604B-894D-43AC-9321-3F83CA403294-37230-0000092753F46D31.png',9,'1683395598image_picker_B589604B-894D-43AC-9321-3F83CA403294-37230-0000092753F46D31.png',26,'App\\models\\Ads','2023-05-06 17:53:18','2023-05-06 17:53:18'),(521,'/uploads/ads/26/1683395598image_picker_E08A2108-F9B0-4A68-B9B2-3D188C9C6FD6-37230-0000092752108505.png',9,'1683395598image_picker_E08A2108-F9B0-4A68-B9B2-3D188C9C6FD6-37230-0000092752108505.png',26,'App\\models\\Ads','2023-05-06 17:53:18','2023-05-06 17:53:18'),(522,'/uploads/ads/26/1683395598image_picker_88925015-1FE7-4614-955C-DEF16DEECB16-37230-0000092753472766.png',9,'1683395598image_picker_88925015-1FE7-4614-955C-DEF16DEECB16-37230-0000092753472766.png',26,'App\\models\\Ads','2023-05-06 17:53:18','2023-05-06 17:53:18'),(523,'/uploads/ads/26/1683395598image_picker_CD7E7E23-65B5-4C72-BD82-EB5E5381B64B-37230-00000927546461D1.png',9,'1683395598image_picker_CD7E7E23-65B5-4C72-BD82-EB5E5381B64B-37230-00000927546461D1.png',26,'App\\models\\Ads','2023-05-06 17:53:18','2023-05-06 17:53:18'),(524,'/uploads/ads/26/1683395598image_picker_6843BDBC-1935-4E1A-A1F0-24A7034261BB-37230-000009275508A521.jpg',9,'1683395598image_picker_6843BDBC-1935-4E1A-A1F0-24A7034261BB-37230-000009275508A521.jpg',26,'App\\models\\Ads','2023-05-06 17:53:18','2023-05-06 17:53:18'),(525,'/uploads/offers/44/1684793242image_picker_91EDD6A0-5229-4543-8F52-9D5A19CDDBF8-28029-000029744C821AB5.jpg',1,'1684793242image_picker_91EDD6A0-5229-4543-8F52-9D5A19CDDBF8-28029-000029744C821AB5.jpg',44,'App\\models\\Offer','2023-05-22 22:07:22','2023-05-22 22:07:22'),(526,'/uploads/ads/27/1684918317image_picker_7D91E529-8966-46B0-8FA6-757A846B4AA7-74775-00000FD38365AF25.jpg',9,'1684918317image_picker_7D91E529-8966-46B0-8FA6-757A846B4AA7-74775-00000FD38365AF25.jpg',27,'App\\models\\Ads','2023-05-24 08:51:57','2023-05-24 08:51:57'),(527,'/uploads/ads/27/1684918317image_picker_C627EF19-9CFD-4261-9E9D-FC73DBCDC4E6-74775-00000FD382A5F4C9.jpg',9,'1684918317image_picker_C627EF19-9CFD-4261-9E9D-FC73DBCDC4E6-74775-00000FD382A5F4C9.jpg',27,'App\\models\\Ads','2023-05-24 08:51:57','2023-05-24 08:51:57'),(528,'/uploads/ads/28/1685002338image_picker_0F482E05-9994-4730-A7F9-1103A5FCBFC6-2749-0000008BE7B21341.jpg',9,'1685002338image_picker_0F482E05-9994-4730-A7F9-1103A5FCBFC6-2749-0000008BE7B21341.jpg',28,'App\\models\\Ads','2023-05-25 08:12:18','2023-05-25 08:12:18'),(529,'/uploads/offers/44/1685034703IMG_6815.png',0,'1685034703IMG_6815.png',44,'App\\models\\Offer','2023-05-25 17:11:43','2023-05-25 17:11:43'),(530,'/uploads/offers/44/1685042579IMG_6822.jpeg',0,'1685042579IMG_6822.jpeg',44,'App\\models\\Offer','2023-05-25 19:22:59','2023-05-25 19:22:59'),(531,'/uploads/offers/45/1685307539image_picker_90DB3A32-8C74-4AAE-9287-F202BDB46438-22430-0000043DDD79BEA0.jpg',1,'1685307539image_picker_90DB3A32-8C74-4AAE-9287-F202BDB46438-22430-0000043DDD79BEA0.jpg',45,'App\\models\\Offer','2023-05-28 20:58:59','2023-05-28 20:58:59'),(532,'/uploads/offers/44/1685315887IMG_0126.jpeg',0,'1685315887IMG_0126.jpeg',44,'App\\models\\Offer','2023-05-28 23:18:07','2023-05-28 23:18:07'),(533,'/uploads/offers/45/1685316252IMG_0126.jpeg',0,'1685316252IMG_0126.jpeg',45,'App\\models\\Offer','2023-05-28 23:24:12','2023-05-28 23:24:12'),(534,'/uploads/offers/45/1685316253IMG_0128.jpeg',0,'1685316253IMG_0128.jpeg',45,'App\\models\\Offer','2023-05-28 23:24:13','2023-05-28 23:24:13'),(535,'/uploads/offers/45/1685316253IMG_0129.jpeg',0,'1685316253IMG_0129.jpeg',45,'App\\models\\Offer','2023-05-28 23:24:13','2023-05-28 23:24:13'),(536,'/uploads/offers/46/1685983697image_picker_75F7E822-E895-4D9A-A58F-8515D9E90766-9716-0000036525A2068E.png',1,'1685983697image_picker_75F7E822-E895-4D9A-A58F-8515D9E90766-9716-0000036525A2068E.png',46,'App\\models\\Offer','2023-06-05 16:48:17','2023-06-05 16:48:17'),(537,'/uploads/offers/47/1685983716image_picker_75F7E822-E895-4D9A-A58F-8515D9E90766-9716-0000036525A2068E.png',1,'1685983716image_picker_75F7E822-E895-4D9A-A58F-8515D9E90766-9716-0000036525A2068E.png',47,'App\\models\\Offer','2023-06-05 16:48:36','2023-06-05 16:48:36'),(538,'/uploads/offers/48/1685983721image_picker_75F7E822-E895-4D9A-A58F-8515D9E90766-9716-0000036525A2068E.png',1,'1685983721image_picker_75F7E822-E895-4D9A-A58F-8515D9E90766-9716-0000036525A2068E.png',48,'App\\models\\Offer','2023-06-05 16:48:41','2023-06-05 16:48:41'),(539,'/uploads/offers/49/1685983726image_picker_75F7E822-E895-4D9A-A58F-8515D9E90766-9716-0000036525A2068E.png',1,'1685983726image_picker_75F7E822-E895-4D9A-A58F-8515D9E90766-9716-0000036525A2068E.png',49,'App\\models\\Offer','2023-06-05 16:48:46','2023-06-05 16:48:46'),(540,'/uploads/offers/50/1685983726image_picker_75F7E822-E895-4D9A-A58F-8515D9E90766-9716-0000036525A2068E.png',1,'1685983726image_picker_75F7E822-E895-4D9A-A58F-8515D9E90766-9716-0000036525A2068E.png',50,'App\\models\\Offer','2023-06-05 16:48:46','2023-06-05 16:48:46'),(541,'/uploads/offers/51/1685983727image_picker_75F7E822-E895-4D9A-A58F-8515D9E90766-9716-0000036525A2068E.png',1,'1685983727image_picker_75F7E822-E895-4D9A-A58F-8515D9E90766-9716-0000036525A2068E.png',51,'App\\models\\Offer','2023-06-05 16:48:47','2023-06-05 16:48:47'),(542,'/uploads/offers/52/1685983727image_picker_75F7E822-E895-4D9A-A58F-8515D9E90766-9716-0000036525A2068E.png',1,'1685983727image_picker_75F7E822-E895-4D9A-A58F-8515D9E90766-9716-0000036525A2068E.png',52,'App\\models\\Offer','2023-06-05 16:48:47','2023-06-05 16:48:47'),(543,'/uploads/offers/53/1685983727image_picker_75F7E822-E895-4D9A-A58F-8515D9E90766-9716-0000036525A2068E.png',1,'1685983727image_picker_75F7E822-E895-4D9A-A58F-8515D9E90766-9716-0000036525A2068E.png',53,'App\\models\\Offer','2023-06-05 16:48:47','2023-06-05 16:48:47'),(544,'/uploads/offers/54/1685983728image_picker_75F7E822-E895-4D9A-A58F-8515D9E90766-9716-0000036525A2068E.png',1,'1685983728image_picker_75F7E822-E895-4D9A-A58F-8515D9E90766-9716-0000036525A2068E.png',54,'App\\models\\Offer','2023-06-05 16:48:48','2023-06-05 16:48:48'),(545,'/uploads/offers/55/1685983728image_picker_75F7E822-E895-4D9A-A58F-8515D9E90766-9716-0000036525A2068E.png',1,'1685983728image_picker_75F7E822-E895-4D9A-A58F-8515D9E90766-9716-0000036525A2068E.png',55,'App\\models\\Offer','2023-06-05 16:48:48','2023-06-05 16:48:48'),(546,'/uploads/offers/56/1685983729image_picker_75F7E822-E895-4D9A-A58F-8515D9E90766-9716-0000036525A2068E.png',1,'1685983729image_picker_75F7E822-E895-4D9A-A58F-8515D9E90766-9716-0000036525A2068E.png',56,'App\\models\\Offer','2023-06-05 16:48:49','2023-06-05 16:48:49'),(547,'/uploads/offers/57/1685983731image_picker_75F7E822-E895-4D9A-A58F-8515D9E90766-9716-0000036525A2068E.png',1,'1685983731image_picker_75F7E822-E895-4D9A-A58F-8515D9E90766-9716-0000036525A2068E.png',57,'App\\models\\Offer','2023-06-05 16:48:51','2023-06-05 16:48:51'),(548,'/uploads/offers/58/1685983731image_picker_75F7E822-E895-4D9A-A58F-8515D9E90766-9716-0000036525A2068E.png',1,'1685983731image_picker_75F7E822-E895-4D9A-A58F-8515D9E90766-9716-0000036525A2068E.png',58,'App\\models\\Offer','2023-06-05 16:48:51','2023-06-05 16:48:51'),(549,'/uploads/offers/59/1685983731image_picker_75F7E822-E895-4D9A-A58F-8515D9E90766-9716-0000036525A2068E.png',1,'1685983731image_picker_75F7E822-E895-4D9A-A58F-8515D9E90766-9716-0000036525A2068E.png',59,'App\\models\\Offer','2023-06-05 16:48:51','2023-06-05 16:48:51'),(550,'/uploads/offers/60/1685983731image_picker_75F7E822-E895-4D9A-A58F-8515D9E90766-9716-0000036525A2068E.png',1,'1685983731image_picker_75F7E822-E895-4D9A-A58F-8515D9E90766-9716-0000036525A2068E.png',60,'App\\models\\Offer','2023-06-05 16:48:51','2023-06-05 16:48:51'),(551,'/uploads/ads/30/1686015969IMG_7382.png',9,'1686015969IMG_7382.png',30,'App\\models\\Ads','2023-06-06 01:46:09','2023-06-06 01:46:09'),(552,'/uploads/ads/31/16861566771000012571.jpg',9,'16861566771000012571.jpg',31,'App\\models\\Ads','2023-06-07 16:51:17','2023-06-07 16:51:17'),(553,'/uploads/ads/32/1686157069IMG_7495.jpeg',9,'1686157069IMG_7495.jpeg',32,'App\\models\\Ads','2023-06-07 16:57:49','2023-06-07 16:57:49'),(554,'/uploads/offers/61/1686266718image_picker_65C8FF79-6867-40B1-A751-856720B957BB-34422-0000068B78AED52C.png',1,'1686266718image_picker_65C8FF79-6867-40B1-A751-856720B957BB-34422-0000068B78AED52C.png',61,'App\\models\\Offer','2023-06-08 23:25:18','2023-06-08 23:25:18'),(555,'/uploads/offers/61/1686334075IMG_7603.png',0,'1686334075IMG_7603.png',61,'App\\models\\Offer','2023-06-09 18:07:55','2023-06-09 18:07:55'),(556,'/uploads/offers/62/169105768014151.jpg',1,'169105768014151.jpg',62,'App\\models\\Offer','2023-08-03 10:14:40','2023-08-03 10:14:40'),(557,'/uploads/offers/63/169105768314151.jpg',1,'169105768314151.jpg',63,'App\\models\\Offer','2023-08-03 10:14:43','2023-08-03 10:14:43'),(558,'/uploads/offers/62/1691148929IMG_8514.png',0,'1691148929IMG_8514.png',62,'App\\models\\Offer','2023-08-04 11:35:29','2023-08-04 11:35:29'),(559,'/uploads/ads/35/1696697426image_picker_9369FCF5-E2FF-4C23-9411-A79E9B43FA26-728-00000334ECAA49F1.png',9,'1696697426image_picker_9369FCF5-E2FF-4C23-9411-A79E9B43FA26-728-00000334ECAA49F1.png',35,'App\\models\\Ads','2023-10-07 19:50:26','2023-10-07 19:50:26'),(560,'/uploads/product/64/1698892097image_picker_EAE56BC2-03FE-42FD-A8AA-3F9C83210C1A-2505-000001871529672E.png',0,'1698892097image_picker_EAE56BC2-03FE-42FD-A8AA-3F9C83210C1A-2505-000001871529672E.png',64,'App\\models\\Product','2023-11-02 05:28:17','2023-11-02 05:28:17'),(561,'/uploads/product/64/1698892097image_picker_179D7E95-9277-4EAA-A48A-672DFFE48F5F-2505-000001871A5F464A.png',0,'1698892097image_picker_179D7E95-9277-4EAA-A48A-672DFFE48F5F-2505-000001871A5F464A.png',64,'App\\models\\Product','2023-11-02 05:28:17','2023-11-02 05:28:17'),(562,'/uploads/product/64/1698892097image_picker_7C1825A2-1E73-4AFE-8382-E0C481E06B23-2505-000001871772E49B.png',0,'1698892097image_picker_7C1825A2-1E73-4AFE-8382-E0C481E06B23-2505-000001871772E49B.png',64,'App\\models\\Product','2023-11-02 05:28:17','2023-11-02 05:28:17'),(563,'/uploads/ads/37/1699306260image_picker_217E0B35-272C-4460-BFD8-000A052EACA5-12208-0000076D54081CA9.jpg',9,'1699306260image_picker_217E0B35-272C-4460-BFD8-000A052EACA5-12208-0000076D54081CA9.jpg',37,'App\\models\\Ads','2023-11-07 00:31:00','2023-11-07 00:31:00'),(564,'/uploads/ads/38/170003749519105.jpg',9,'170003749519105.jpg',38,'App\\models\\Ads','2023-11-15 11:38:15','2023-11-15 11:38:15'),(565,'/uploads/ads/38/170003749519103.jpg',9,'170003749519103.jpg',38,'App\\models\\Ads','2023-11-15 11:38:15','2023-11-15 11:38:15'),(566,'/uploads/ads/39/1701675420image_picker_70AB0DFE-BE48-431E-94E9-8C37BBADCA8F-60277-00001D07D3B4E3AF.jpg',9,'1701675420image_picker_70AB0DFE-BE48-431E-94E9-8C37BBADCA8F-60277-00001D07D3B4E3AF.jpg',39,'App\\models\\Ads','2023-12-04 10:37:00','2023-12-04 10:37:00'),(567,'/uploads/ads/39/1701675420image_picker_C3CCEE9A-D307-4E5E-B4FA-794D71408C27-60277-00001D07D3C95E2E.jpg',9,'1701675420image_picker_C3CCEE9A-D307-4E5E-B4FA-794D71408C27-60277-00001D07D3C95E2E.jpg',39,'App\\models\\Ads','2023-12-04 10:37:00','2023-12-04 10:37:00'),(568,'/uploads/ads/39/1701675420image_picker_880AD8AA-04E4-4D13-8175-EF09C5F6A427-60277-00001D07D3B042B4.jpg',9,'1701675420image_picker_880AD8AA-04E4-4D13-8175-EF09C5F6A427-60277-00001D07D3B042B4.jpg',39,'App\\models\\Ads','2023-12-04 10:37:00','2023-12-04 10:37:00'),(569,'/uploads/ads/39/1701675420image_picker_7628B252-A465-4A8D-99E1-8EEFBC121E0E-60277-00001D07D397EB5B.jpg',9,'1701675420image_picker_7628B252-A465-4A8D-99E1-8EEFBC121E0E-60277-00001D07D397EB5B.jpg',39,'App\\models\\Ads','2023-12-04 10:37:00','2023-12-04 10:37:00'),(570,'/uploads/ads/39/1701675420image_picker_E41E0001-E31D-4A61-BFD4-BFD88256702B-60277-00001D07D3D292AC.jpg',9,'1701675420image_picker_E41E0001-E31D-4A61-BFD4-BFD88256702B-60277-00001D07D3D292AC.jpg',39,'App\\models\\Ads','2023-12-04 10:37:00','2023-12-04 10:37:00'),(571,'/uploads/ads/40/1702828794image_picker_289EACFE-6BFF-4DC3-88A1-D4392775A004-31895-00002A10F4ADC075.jpg',9,'1702828794image_picker_289EACFE-6BFF-4DC3-88A1-D4392775A004-31895-00002A10F4ADC075.jpg',40,'App\\models\\Ads','2023-12-17 18:59:54','2023-12-17 18:59:54'),(572,'/uploads/ads/40/1702828794image_picker_23F4ACA0-4181-400A-8B6E-49D389DAA1B6-31895-00002A10F4B1D8A8.jpg',9,'1702828794image_picker_23F4ACA0-4181-400A-8B6E-49D389DAA1B6-31895-00002A10F4B1D8A8.jpg',40,'App\\models\\Ads','2023-12-17 18:59:54','2023-12-17 18:59:54'),(573,'/uploads/ads/40/1702828794image_picker_891BEA4E-EAC7-42CA-A52A-11C8CD69C3D2-31895-00002A10F4BA6C6D.jpg',9,'1702828794image_picker_891BEA4E-EAC7-42CA-A52A-11C8CD69C3D2-31895-00002A10F4BA6C6D.jpg',40,'App\\models\\Ads','2023-12-17 18:59:54','2023-12-17 18:59:54'),(574,'/uploads/ads/40/1702828794image_picker_E31D575A-CBC9-417B-9334-93856C50FC4A-31895-00002A10F48A82FD.jpg',9,'1702828794image_picker_E31D575A-CBC9-417B-9334-93856C50FC4A-31895-00002A10F48A82FD.jpg',40,'App\\models\\Ads','2023-12-17 18:59:54','2023-12-17 18:59:54'),(575,'/uploads/ads/40/1702828794image_picker_B76C1332-C3D0-4B65-AF13-88FA4AAD393A-31895-00002A10F4B67AD4.jpg',9,'1702828794image_picker_B76C1332-C3D0-4B65-AF13-88FA4AAD393A-31895-00002A10F4B67AD4.jpg',40,'App\\models\\Ads','2023-12-17 18:59:54','2023-12-17 18:59:54'),(576,'/uploads/ads/40/1702828794image_picker_D1854E6A-C93B-4698-BE11-2FCA105BB578-31895-00002A10F48326DD.jpg',9,'1702828794image_picker_D1854E6A-C93B-4698-BE11-2FCA105BB578-31895-00002A10F48326DD.jpg',40,'App\\models\\Ads','2023-12-17 18:59:54','2023-12-17 18:59:54'),(577,'/uploads/ads/40/1702828794image_picker_D9DEE4BC-2D1B-4537-9902-15331CEBDE6F-31895-00002A10F47F30F4.jpg',9,'1702828794image_picker_D9DEE4BC-2D1B-4537-9902-15331CEBDE6F-31895-00002A10F47F30F4.jpg',40,'App\\models\\Ads','2023-12-17 18:59:54','2023-12-17 18:59:54'),(578,'/uploads/ads/40/1702828794image_picker_1A484E49-0362-46C7-A69E-C7C0B4899FAD-31895-00002A10F4958316.jpg',9,'1702828794image_picker_1A484E49-0362-46C7-A69E-C7C0B4899FAD-31895-00002A10F4958316.jpg',40,'App\\models\\Ads','2023-12-17 18:59:54','2023-12-17 18:59:54');

--
-- Table structure for table `free_lancer_products`
--

CREATE TABLE `free_lancer_products` (
  `id` int unsigned NOT NULL AUTO_INCREMENT,
  `product_id` int unsigned DEFAULT NULL,
  `user_id` int unsigned DEFAULT NULL,
  `status` int NOT NULL DEFAULT '0',
  `image` varchar(191) CHARACTER SET utf8mb4 COLLATE utf8mb4_unicode_ci DEFAULT NULL,
  `created_at` timestamp NULL DEFAULT NULL,
  `updated_at` timestamp NULL DEFAULT NULL,
  `note` text CHARACTER SET utf8mb4 COLLATE utf8mb4_unicode_ci,
  `user_created` int DEFAULT NULL,
  PRIMARY KEY (`id`),
  KEY `free_lancer_products_product_id_foreign` (`product_id`),
  KEY `free_lancer_products_user_id_foreign` (`user_id`)
) ENGINE=InnoDB DEFAULT CHARSET=utf8mb4 COLLATE=utf8mb4_unicode_ci;

--
-- Dumping data for table `free_lancer_products`
--


--
-- Table structure for table `freelancer_messages`
--

CREATE TABLE `freelancer_messages` (
  `id` int unsigned NOT NULL AUTO_INCREMENT,
  `product_id` int unsigned DEFAULT NULL,
  `from` int unsigned DEFAULT NULL,
  `to` int unsigned DEFAULT NULL,
  `message` text CHARACTER SET utf8mb4 COLLATE utf8mb4_unicode_ci,
  `created_at` timestamp NULL DEFAULT NULL,
  `updated_at` timestamp NULL DEFAULT NULL,
  `userChat` int DEFAULT NULL,
  PRIMARY KEY (`id`),
  KEY `freelancer_messages_product_id_foreign` (`product_id`),
  KEY `freelancer_messages_from_foreign` (`from`),
  KEY `freelancer_messages_to_foreign` (`to`)
) ENGINE=InnoDB DEFAULT CHARSET=utf8mb4 COLLATE=utf8mb4_unicode_ci;

--
-- Dumping data for table `freelancer_messages`
--


--
-- Table structure for table `government_translations`
--

CREATE TABLE `government_translations` (
  `id` int unsigned NOT NULL AUTO_INCREMENT,
  `government_id` int unsigned NOT NULL,
  `name` varchar(191) CHARACTER SET utf8mb4 COLLATE utf8mb4_unicode_ci NOT NULL,
  `locale` varchar(191) CHARACTER SET utf8mb4 COLLATE utf8mb4_unicode_ci NOT NULL,
  `created_at` timestamp NULL DEFAULT NULL,
  `updated_at` timestamp NULL DEFAULT NULL,
  PRIMARY KEY (`id`),
  UNIQUE KEY `government_translations_government_id_locale_unique` (`government_id`,`locale`),
  KEY `government_translations_locale_index` (`locale`)
) ENGINE=InnoDB AUTO_INCREMENT=15 DEFAULT CHARSET=utf8mb4 COLLATE=utf8mb4_unicode_ci;

--
-- Dumping data for table `government_translations`
--

INSERT INTO `government_translations` (`id`, `government_id`, `name`, `locale`, `created_at`, `updated_at`) VALUES (1,1,'العاصمة','ar',NULL,NULL),(2,1,'asema','en',NULL,NULL),(3,2,'حولي','ar',NULL,NULL),(4,2,'Hawally','en',NULL,NULL),(5,3,'مبارك الكبير','ar',NULL,NULL),(6,3,'Mubark El kbeer','en',NULL,NULL),(7,4,'الفروانية','ar',NULL,NULL),(8,4,'Al- farwaniyah','en',NULL,NULL),(9,5,'الجهراء','ar',NULL,NULL),(10,5,'Al-jahra\'a','en',NULL,NULL),(11,6,'الأحمدي','ar',NULL,NULL),(12,6,'Al-ahmady','en',NULL,NULL),(13,7,'الشرقيه السعوديه','ar',NULL,NULL),(14,7,'Eastern Province','en',NULL,NULL);

--
-- Table structure for table `governments`
--

CREATE TABLE `governments` (
  `id` int unsigned NOT NULL AUTO_INCREMENT,
  `address_address` varchar(191) CHARACTER SET utf8mb4 COLLATE utf8mb4_unicode_ci NOT NULL,
  `address_latitude` double NOT NULL,
  `address_longitude` double NOT NULL,
  `created_at` timestamp NULL DEFAULT NULL,
  `updated_at` timestamp NULL DEFAULT NULL,
  `country_id` int unsigned DEFAULT NULL,
  PRIMARY KEY (`id`),
  KEY `country_id` (`country_id`)
) ENGINE=InnoDB AUTO_INCREMENT=8 DEFAULT CHARSET=utf8mb4 COLLATE=utf8mb4_unicode_ci;

--
-- Dumping data for table `governments`
--

INSERT INTO `governments` (`id`, `address_address`, `address_latitude`, `address_longitude`, `created_at`, `updated_at`, `country_id`) VALUES (1,'مدينة الكويت، العاصمة، Kuwait',29.375859,47.9774052,'2020-07-29 17:06:54','2020-07-29 17:06:54',1),(2,'حولي، Kuwait',29.33778819999999,48.0234708,'2020-07-29 17:07:15','2020-07-29 17:07:15',1),(3,'1',0,0,'2020-07-29 22:23:45','2020-07-29 22:23:45',1),(4,'2',0,0,'2020-07-29 22:25:17','2020-07-29 22:25:17',1),(5,'4',0,0,'2020-07-29 22:25:45','2020-07-29 22:25:45',1),(6,'5',0,0,'2020-07-29 22:26:13','2020-07-29 22:26:13',1),(7,'الشرقية السعودية',23.5681347,50.6793759,'2022-10-30 21:01:07','2022-10-30 21:09:06',2);

--
-- Table structure for table `inventories`
--

CREATE TABLE `inventories` (
  `id` int unsigned NOT NULL AUTO_INCREMENT,
  `product_id` int unsigned NOT NULL,
  `inventroy` int NOT NULL DEFAULT '1',
  `section` varchar(191) CHARACTER SET utf8mb4 COLLATE utf8mb4_unicode_ci NOT NULL,
  `raf` int NOT NULL,
  `product_sale` double(8,2) NOT NULL,
  `quantity` int NOT NULL,
  `created_at` timestamp NULL DEFAULT NULL,
  `updated_at` timestamp NULL DEFAULT NULL,
  PRIMARY KEY (`id`),
  KEY `inventories_product_id_foreign` (`product_id`)
) ENGINE=InnoDB DEFAULT CHARSET=utf8mb4 COLLATE=utf8mb4_unicode_ci;

--
-- Dumping data for table `inventories`
--


--
-- Table structure for table `jobs`
--

CREATE TABLE `jobs` (
  `id` bigint unsigned NOT NULL AUTO_INCREMENT,
  `queue` varchar(191) CHARACTER SET utf8mb4 COLLATE utf8mb4_unicode_ci NOT NULL,
  `payload` longtext CHARACTER SET utf8mb4 COLLATE utf8mb4_unicode_ci NOT NULL,
  `attempts` tinyint unsigned NOT NULL,
  `reserved_at` int unsigned DEFAULT NULL,
  `available_at` int unsigned NOT NULL,
  `created_at` int unsigned NOT NULL,
  PRIMARY KEY (`id`),
  KEY `jobs_queue_index` (`queue`)
) ENGINE=InnoDB DEFAULT CHARSET=utf8mb4 COLLATE=utf8mb4_unicode_ci;

--
-- Dumping data for table `jobs`
--


--
-- Table structure for table `languages`
--

CREATE TABLE `languages` (
  `id` int unsigned NOT NULL AUTO_INCREMENT,
  `name` varchar(191) CHARACTER SET utf8mb4 COLLATE utf8mb4_unicode_ci DEFAULT NULL,
  `lang_name` varchar(191) CHARACTER SET utf8mb4 COLLATE utf8mb4_unicode_ci DEFAULT NULL,
  `code` varchar(191) CHARACTER SET utf8mb4 COLLATE utf8mb4_unicode_ci NOT NULL,
  `created_at` timestamp NULL DEFAULT NULL,
  `updated_at` timestamp NULL DEFAULT NULL,
  PRIMARY KEY (`id`)
) ENGINE=InnoDB DEFAULT CHARSET=utf8mb4 COLLATE=utf8mb4_unicode_ci;

--
-- Dumping data for table `languages`
--


--
-- Table structure for table `membership_translations`
--

CREATE TABLE `membership_translations` (
  `id` int unsigned NOT NULL AUTO_INCREMENT,
  `membership_id` int unsigned NOT NULL,
  `name` varchar(191) CHARACTER SET utf8mb4 COLLATE utf8mb4_unicode_ci NOT NULL,
  `descrption` text CHARACTER SET utf8mb4 COLLATE utf8mb4_unicode_ci NOT NULL,
  `locale` varchar(191) CHARACTER SET utf8mb4 COLLATE utf8mb4_unicode_ci NOT NULL,
  `created_at` timestamp NULL DEFAULT NULL,
  `updated_at` timestamp NULL DEFAULT NULL,
  PRIMARY KEY (`id`),
  UNIQUE KEY `membership_translations_membership_id_locale_unique` (`membership_id`,`locale`),
  KEY `membership_translations_locale_index` (`locale`)
) ENGINE=InnoDB AUTO_INCREMENT=3 DEFAULT CHARSET=utf8mb4 COLLATE=utf8mb4_unicode_ci;

--
-- Dumping data for table `membership_translations`
--

INSERT INTO `membership_translations` (`id`, `membership_id`, `name`, `descrption`, `locale`, `created_at`, `updated_at`) VALUES (1,1,'العضوية الفضية','العضوية الفضية','ar',NULL,NULL),(2,1,'العضوية الفضية','العضوية الفضية','en',NULL,NULL);

--
-- Table structure for table `memberships`
--

CREATE TABLE `memberships` (
  `id` int unsigned NOT NULL AUTO_INCREMENT,
  `price` double NOT NULL,
  `status` tinyint(1) NOT NULL,
  `image` varchar(191) CHARACTER SET utf8mb4 COLLATE utf8mb4_unicode_ci NOT NULL,
  `created_at` timestamp NULL DEFAULT NULL,
  `updated_at` timestamp NULL DEFAULT NULL,
  PRIMARY KEY (`id`)
) ENGINE=InnoDB AUTO_INCREMENT=4 DEFAULT CHARSET=utf8mb4 COLLATE=utf8mb4_unicode_ci;

--
-- Dumping data for table `memberships`
--

INSERT INTO `memberships` (`id`, `price`, `status`, `image`, `created_at`, `updated_at`) VALUES (1,10,1,'Oc7o3mYgbDt0zBYMnjxFBcLkCfSZ9OiMDaYQ4guA.png','2020-07-29 17:20:56','2020-07-30 08:58:27'),(2,1,1,'6Fml9Gsu4N7m1mOAiDAdsHZHEzYfzCCzWwFlDpwR.jpeg','2020-08-03 12:34:05','2020-08-03 12:34:05'),(3,1,1,'WXDhawYWgQDyuuxSkp1Y9ua3wPyYrrBAZ8MeGcRX.jpeg','2020-08-03 12:34:17','2020-08-03 12:34:17');

--
-- Table structure for table `migrations`
--

CREATE TABLE `migrations` (
  `id` int unsigned NOT NULL AUTO_INCREMENT,
  `migration` varchar(191) CHARACTER SET utf8mb4 COLLATE utf8mb4_unicode_ci NOT NULL,
  `batch` int NOT NULL,
  PRIMARY KEY (`id`)
) ENGINE=InnoDB AUTO_INCREMENT=165 DEFAULT CHARSET=utf8mb4 COLLATE=utf8mb4_unicode_ci;

--
-- Dumping data for table `migrations`
--

INSERT INTO `migrations` (`id`, `migration`, `batch`) VALUES (1,'2014_10_12_000000_create_users_table',1),(2,'2014_10_12_100000_create_password_resets_table',1),(3,'2016_06_01_000001_create_oauth_auth_codes_table',1),(4,'2016_06_01_000002_create_oauth_access_tokens_table',1),(5,'2016_06_01_000003_create_oauth_refresh_tokens_table',1),(6,'2016_06_01_000004_create_oauth_clients_table',1),(7,'2016_06_01_000005_create_oauth_personal_access_clients_table',1),(8,'2019_08_19_000000_create_failed_jobs_table',1),(9,'2020_03_08_111938_laratrust_setup_tables',1),(10,'2020_03_10_102732_create_languages_table',1),(11,'2020_03_10_103127_create_categories_table',1),(12,'2020_03_10_125606_create_category_translations_table',1),(13,'2020_03_11_065638_create_pages_table',1),(14,'2020_03_11_072449_create_page_translations_table',1),(15,'2020_03_11_094425_create_settings_table',1),(16,'2020_03_11_103923_create_governments_table',1),(17,'2020_03_11_103936_create_government_translations_table',1),(18,'2020_03_13_121052_create_regions_table',1),(19,'2020_03_13_125303_create_region_translations_table',1),(20,'2020_03_14_092231_create_sliders_table',1),(21,'2020_03_14_092302_create_slider_translations_table',1),(22,'2020_03_15_085411_create_governmentandegion_table',1),(23,'2020_03_15_130615_create_memberships_table',1),(24,'2020_03_15_130625_create_membership_translations_table',1),(25,'2020_03_17_070632_create_memberships_forgintable',1),(26,'2020_03_22_140415_create_countries_table',1),(27,'2020_03_22_140430_create_country_translations_table',1),(28,'2020_03_23_072439_create_county_id_to__government_table',1),(29,'2020_03_23_111230_create_shippingcompanies_table',1),(30,'2020_03_23_111723_create_shippingcompany_translations_table',1),(31,'2020_03_23_112535_create_shippingoptions_table',1),(32,'2020_03_25_095206_create_transaction_types_table',1),(33,'2020_03_25_095215_create_transaction_type_translations_table',1),(34,'2020_03_25_122853_create_arrivals_table',1),(35,'2020_03_29_044042_create_shippingtypes_table',1),(36,'2020_03_29_044648_create_shipping_type_translations_table',1),(37,'2020_03_29_084457_create_offers_table',1),(38,'2020_03_29_084518_create_offer_translations_table',1),(39,'2020_03_30_084000_create_tagers_table',1),(40,'2020_03_31_122222_create_companies_table',1),(41,'2020_03_31_122237_create_company_translations_table',1),(42,'2020_03_31_123025_create_company_categories_table',1),(43,'2020_04_01_073624_create_brands_table',1),(44,'2020_04_01_073643_create_brand_translations_table',1),(45,'2020_04_01_095412_create_colors_table',1),(46,'2020_04_01_095518_create_color_translations_table',1),(47,'2020_04_01_113617_create_sizes_table',1),(48,'2020_04_01_113632_create_size_translations_table',1),(49,'2020_04_02_093113_create_weights_table',1),(50,'2020_04_02_093133_create_weight_translations_table',1),(51,'2020_04_02_094102_create_products_table',1),(52,'2020_04_02_094117_create_product_translations_table',1),(53,'2020_04_04_075046_create_files_table',1),(54,'2020_04_05_064335_create_product_otherdatas_table',1),(55,'2020_04_05_071632_create_product_categories_table',1),(56,'2020_04_05_115443_create_related_products_table',1),(57,'2020_04_05_132318_create_product_colors_table',1),(58,'2020_04_07_064351_create_features_table',1),(59,'2020_04_07_064418_create_feature_translations_table',1),(60,'2020_04_07_064456_create_feature_options_table',1),(61,'2020_04_07_064513_create_feature_option_translations_table',1),(62,'2020_04_09_075814_create_product_sizes_table',1),(63,'2020_04_09_075832_create_product_size_translations_table',1),(64,'2020_04_09_113137_create_product_size_colors_table',1),(65,'2020_04_13_115655_create_content_sections_table',1),(66,'2020_04_13_115733_create_content_section_translations_table',1),(67,'2020_04_13_134431_create_product_content_sections_table',1),(68,'2020_04_16_054642_added_price_to_arrivel',1),(69,'2020_04_16_065637_create_notifications_table',1),(70,'2020_04_18_055131_added_offer_to_content_sections',1),(71,'2020_04_19_095235_create_coupons_table',1),(72,'2020_04_22_110432_create_orders_table',1),(73,'2020_04_22_111135_added_company_id_to_arrivals',1),(74,'2020_04_22_125809_create_product_orders_table',1),(75,'2020_04_22_131128_create_order_statuses_table',1),(76,'2020_04_22_131147_create_order_status_translations_table',1),(77,'2020_04_22_165510_create_order_shipping_table',1),(78,'2020_04_27_114029_added_record_to_orders_table',1),(79,'2020_05_05_093704_adde_status_product_to_product_orders_table',1),(80,'2020_05_13_124042_added_lat_lang_to_order_shipping',1),(81,'2020_05_20_131626_create_user_credits_table',1),(82,'2020_05_28_101055_create_user_products_table',1),(83,'2020_06_09_105502_added_brands_compaany_table',1),(84,'2020_06_09_113018_added_page__type_table',1),(85,'2020_06_09_143203_added_page__type_content_section_table',1),(86,'2020_06_10_105921_added_company_id_coupons_table',1),(87,'2020_06_11_092509_added_comapny_id_brands',1),(88,'2020_06_11_140441_added_type_to_shipping_type_brands',1),(89,'2020_06_12_003742_create_order_product_features_table',1),(90,'2020_06_12_015116_added_product_table',1),(91,'2020_06_12_020507_added_product_feature_table',1),(92,'2020_06_14_194335_add_main_stock_to_products_table',1),(93,'2020_06_18_003351_create_order_coupons_table',1),(94,'2020_06_23_102201_added_other_supplier_product_orders_table',1),(95,'2020_06_24_140426_added_option_catregories_table',1),(96,'2020_06_25_115844_create_user_addresses_table',1),(97,'2020_06_25_151317_added_order_id_user_addresses_table',1),(98,'2020_06_27_100350_create_arrival_times_table',1),(99,'2020_06_27_170210_added__shipping_type_companies_table',1),(100,'2020_06_28_144644_added_shipping_type_id_to_arrival_table',1),(101,'2020_06_29_102803_added_arrival_data_time_to_order_table',1),(102,'2020_07_04_113549_added_checked_to_user_address_table',1),(103,'2020_07_05_134643_added_checked_to_users_table',1),(104,'2020_07_06_103616_create_ordercomments_table',1),(105,'2020_07_10_095913_create_company_brands_table',1),(106,'2020_07_18_091742_add_showimage_products_table',1),(107,'2020_07_19_121506_add_const_category_table',1),(108,'2020_07_27_162853_create_public_notifcations_table',1),(109,'2020_08_03_122032_added_category_table',1),(110,'2020_08_04_120546_added_place_in_banner',1),(111,'2020_08_07_142759_added_products_other_data_table',1),(113,'2020_08_10_102951_add_last_login_at_to_users_table',2),(114,'2020_08_11_150716_create_jobs_table',3),(115,'2020_08_31_115609_create_arrival_prices_table',4),(116,'2020_09_01_150844_create_models_tokens_table',5),(117,'2020_09_05_145142_create_search_keywords_table',6),(118,'2020_09_16_095457_added_slug_companies_table',7),(119,'2020_09_16_140725_create_order_free_products_table',7),(120,'2020_10_13_135331_create_famouse_discounts_table',8),(121,'2020_11_07_095749_create_product_companies_table',9),(122,'2020_11_16_174625_added_free_delivery_to_products',10),(123,'2020_11_30_115657_add_personal_percentage_coupons_table',11),(124,'2020_12_13_193134_added_web_to_categories',12),(125,'2020_12_29_173220_create_inventories_table',13),(126,'2020_12_31_170828_create_feature_inventories_table',14),(127,'2021_01_03_094634_added_deleted_at_order_table',15),(128,'2021_01_23_125506_create_coupone__related_table',16),(129,'2021_01_23_171243_added_coupons_table',16),(133,'2021_01_25_150619_added_web_content_section',17),(134,'2021_02_20_124619_create_order_activations_table',18),(135,'2021_03_07_212635_create_free_lancer_products_table',19),(136,'2021_03_14_104928_create_freelancer_messages_table',20),(137,'2021_03_23_145311_create_wallets_table',21),(138,'2021_03_25_130100_create_wallet_uses_table',21),(139,'2021_03_26_195537_create_user_wallet_histories_table',21),(140,'2021_04_02_183103_create_product_gifts_table',22),(141,'2021_04_02_225803_create_order_product_gifts_table',22),(142,'2021_04_25_132109_added_product_table_lences',23),(143,'2021_04_25_174032_create_refund_police_table',24),(144,'2021_05_02_171751_create_activity_log_table',25),(145,'2021_05_04_232600_added_civil_id_to_users_table',26),(146,'2021_05_05_012207_create_order_drivers_table',26),(147,'2021_06_22_000705_create_stories_table',27),(149,'2021_08_27_175242_added_data_t0_tagers_table',28),(150,'2021_08_27_180228_added_data_t0_users_table',28),(151,'2021_08_29_020620_added_user_id_to_arrival_prices_table',29),(158,'2021_09_30_012900_create_branches_table',30),(159,'2021_09_30_012942_create_branch_translations_table',30),(160,'2021_10_01_010329_create_times_table',31),(161,'2022_09_30_164325_create_packages_table',32),(162,'2022_09_30_164414_create_package_translations_table',32),(163,'2022_12_09_152706_create_ads_table',33),(164,'2022_12_09_152738_create_ads_translations_table',33);

--
-- Table structure for table `new_translations`
--

CREATE TABLE `new_translations` (
  `id` int unsigned NOT NULL AUTO_INCREMENT,
  `locale` varchar(20) NOT NULL,
  `news_id` int unsigned NOT NULL,
  `name` varchar(50) DEFAULT NULL,
  `content` text,
  PRIMARY KEY (`id`),
  KEY `new_id` (`news_id`),
  CONSTRAINT `new_translations_ibfk_1` FOREIGN KEY (`news_id`) REFERENCES `news` (`id`) ON DELETE CASCADE ON UPDATE CASCADE
) ENGINE=InnoDB AUTO_INCREMENT=441 DEFAULT CHARSET=utf8mb3;

--
-- Dumping data for table `new_translations`
--

INSERT INTO `new_translations` (`id`, `locale`, `news_id`, `name`, `content`) VALUES (129,'en',65,'الدكتور :راشد حمدان العازمي','الاصلاح هو الانجاز'),(130,'ar',65,'الدكتور :راشد حمدان العازمي','الاصلاح هو الانجاز'),(133,'en',67,'ندوة د . راشد حمدان العازمي','بعنوان : متطلبات المرحله المقبله'),(134,'ar',67,'ندوة د . راشد حمدان العازمي','بعنوان : متطلبات المرحله المقبله'),(135,'en',68,'المرشح بدر حمدان الهبيده','ياهلا ويامرحبا فيكم في مقركم الأنتخابي بقاعة شموع الوطن بالعارضيه الصناعيه مقابل التربية الأساسيه اخوكم بدر حمدان الهبيده العازمي'),(136,'ar',68,'المرشح بدر حمدان الهبيده','ياهلا ويامرحبا فيكم في مقركم الأنتخابي بقاعة شموع الوطن بالعارضيه الصناعيه مقابل التربية الأساسيه اخوكم بدر حمدان الهبيده العازمي'),(137,'en',69,'ندوة','ندوة المرشح الدكتور : مطر سالم بن حميد'),(138,'ar',69,'ندوة','ندوة المرشح الدكتور : مطر سالم بن حميد'),(139,'en',70,'افتتاح مقر','المرشح خالد مرزوق الطمار العميره'),(140,'ar',70,'افتتاح مقر','المرشح خالد مرزوق الطمار العميره'),(141,'en',71,'مرحبا ومسهلا بالجميع','ندوة بعنوان: (الإصلاح ليس قرارً مؤقتاً). مرشح الدائرة الخامسة النائب السابق: مرزوق فالح الحبيني.'),(142,'ar',71,'مرحبا ومسهلا بالجميع','ندوة بعنوان: (الإصلاح ليس قرارً مؤقتاً). مرشح الدائرة الخامسة النائب السابق: مرزوق فالح الحبيني.'),(143,'en',72,'حالة وفاة','( يَا أَيَّتُهَا النَّفْسُ الْمُطْمَئِنَّةُ ارْجِعِي إِلَى رَبِّكِ رَاضِيَةً مَرْضِيَّةً فَادْخُلِي فِي عِبَادِي وَادْخُلِي جَنَّتِي )) &rlm; انتقل الى رحمة الله تعالى والدي ( عايد ثامر حمد بن مشبن التويمي ) الدفن غدًا الجمعة بعد صلاة العصر في مقبرة صبحان العزاء القرين قطعه ٥ شارع ٧ منزل ١٤ بدر عايد/ ‭55081777'),(144,'ar',72,'حالة وفاة','( يَا أَيَّتُهَا النَّفْسُ الْمُطْمَئِنَّةُ ارْجِعِي إِلَى رَبِّكِ رَاضِيَةً مَرْضِيَّةً فَادْخُلِي فِي عِبَادِي وَادْخُلِي جَنَّتِي )) &rlm; انتقل الى رحمة الله تعالى والدي ( عايد ثامر حمد بن مشبن التويمي ) الدفن غدًا الجمعة بعد صلاة العصر في مقبرة صبحان العزاء القرين قطعه ٥ شارع ٧ منزل ١٤ بدر عايد/ ‭55081777'),(145,'ar',73,'مرشحكم : خالد عبدالهادي الحجيلان','لتواصل : 66507999'),(146,'en',73,'مرشحكم : خالد عبدالهادي الحجيلان','لتواصل : 66507999'),(147,'ar',74,'مرشحكم : بدر ناصر بن فجري العازمي','لتواصل : 55955572'),(148,'en',74,'مرشحكم : بدر ناصر بن فجري العازمي','لتواصل : 55955572'),(165,'ar',83,'أخوكم : فيصل سعود الطواري',NULL),(166,'en',83,'أخوكم : فيصل سعود الطواري',NULL),(167,'ar',84,'يعلن مركز القلعة للفروسية','لمعرفة باقي التفاصيل تواصل مع : 56660136'),(168,'en',84,'يعلن مركز القلعة للفروسية','لمعرفة باقي التفاصيل تواصل مع : 56660136'),(169,'ar',85,'مرشحكم : هادي فنيطل بن خفره','لتواصل : 50131377'),(170,'en',85,'مرشحكم : هادي فنيطل بن خفره','لتواصل : 50131377'),(171,'ar',86,'مرشحكم : مشعل رجعان بن مرمح','لتواصل : 55811180'),(172,'en',86,'مرشحكم : مشعل رجعان بن مرمح','لتواصل : 55811180'),(189,'en',95,'اخوكم : مسعود مرزوق الطرقي',NULL),(190,'ar',95,'اخوكم : مسعود مرزوق الطرقي',NULL),(193,'ar',97,'تشكيل اللجنه التنسيقية لقبيلة العوازم',NULL),(194,'en',97,'تشكيل اللجنه التنسيقية لقبيلة العوازم',NULL),(195,'ar',98,'قائمة الإصلاح والتطوير','لمجلس إدارة جمعية جابر العلي التعاونية'),(196,'en',98,'قائمة الإصلاح والتطوير','لمجلس إدارة جمعية جابر العلي التعاونية'),(197,'ar',99,'أخوكم : محمد غصاب بن فجري العازمي','لتواصل : 99996436'),(198,'en',99,'أخوكم : محمد غصاب بن فجري العازمي','لتواصل : 99996436'),(199,'ar',100,'أخوكم : ثامر سعيد بن بليشه','لعضوية جمعية جابر العلي التعاونية'),(200,'en',100,'أخوكم : ثامر سعيد بن بليشه','لعضوية جمعية جابر العلي التعاونية'),(201,'ar',101,'أخوكم : عيد فالح عبيد الغبيشان العازمي','لتواصل : 97760606'),(202,'en',101,'أخوكم : عيد فالح عبيد الغبيشان العازمي','لتواصل : 97760606'),(211,'en',106,'أخوكم : عيد محمد بداح بن حمد','لتواصل : 97578794'),(212,'ar',106,'أخوكم : عيد محمد بداح بن حمد','لتواصل : 97578794'),(213,'en',107,'أخوكم : جابر فهيد الطهبيل','لعضوية جمعية جابر العلي التعاونية'),(214,'ar',107,'أخوكم : جابر فهيد الطهبيل','لعضوية جمعية جابر العلي التعاونية'),(215,'en',108,'شبيب مبارك بن خدعان العازمي','لتواصل : 66040454‏ / 99744616'),(216,'ar',108,'شبيب مبارك بن خدعان العازمي','لتواصل : 66040454‏ / 99744616'),(217,'en',109,'أخوكم : فهد راشد مناحي الدماك','جمعية الأحمدي التعاونيه'),(218,'ar',109,'أخوكم : فهد راشد مناحي الدماك','جمعية الأحمدي التعاونيه'),(219,'en',110,'مرشحكم : عيد مناحي ظاهر الدماك العازمي','لتواصل : 50918484'),(220,'ar',110,'مرشحكم : عيد مناحي ظاهر الدماك العازمي','لتواصل : 50918484'),(221,'en',111,'بتله مناحي الهديه','لتواصل :66165161 - 99726636'),(222,'ar',111,'بتله مناحي الهديه','لتواصل :66165161 - 99726636'),(223,'en',112,'المهندس : يحيى فالح بن يحيى','لأنتخابات جمعية الوفرة الزارعية التعاونية'),(224,'ar',112,'المهندس : يحيى فالح بن يحيى','لأنتخابات جمعية الوفرة الزارعية التعاونية'),(225,'en',113,'المحامي : محمد سعد الحليله','لعضوية جمعية جابر العلي التعاونية'),(226,'ar',113,'المحامي : محمد سعد الحليله','لعضوية جمعية جابر العلي التعاونية'),(227,'en',114,'محمد عبدالله القويضي - أبو جاسم','مقبرة الصلبيخات'),(228,'ar',114,'محمد عبدالله القويضي - أبو جاسم','مقبرة الصلبيخات'),(229,'en',115,'أخوكم : إبراهيم فالح بن ماضي العازمي','أعلن ترشحي للإنتخابات القادمه لمجلس إدارة جمعية الفحيحيل التعاونية'),(230,'ar',115,'أخوكم : إبراهيم فالح بن ماضي العازمي','أعلن ترشحي للإنتخابات القادمه لمجلس إدارة جمعية الفحيحيل التعاونية'),(231,'en',116,'دعوة عامة','مهرجان قبيلة العوازم الثاني لفنون الشعر و المحاورة'),(232,'ar',116,'دعوة عامة','مهرجان قبيلة العوازم الثاني لفنون الشعر و المحاورة'),(233,'en',117,'عامر علي مبرك الصواغ','العزاء  : جابر العلي قطعه 4 شارع 33 منزل 14\n\nلتواصل : 50009001 / 99926631'),(234,'ar',117,'عامر علي مبرك الصواغ','العزاء  : جابر العلي قطعه 4 شارع 33 منزل 14\n\nلتواصل : 50009001 / 99926631'),(235,'en',118,'أخوكم : أحمد منشي بن فانوس العازمي','لتواصل : 50885055'),(236,'ar',118,'أخوكم : أحمد منشي بن فانوس العازمي','لتواصل : 50885055'),(237,'en',119,'حامد فهد هاضل الجلاوي','لتواصل : 0096599498925 / 0096566020136'),(238,'ar',119,'حامد فهد هاضل الجلاوي','لتواصل : 0096599498925 / 0096566020136'),(239,'en',120,'مرشحكم : مفلح سعود بطيان السحلول العازمي','لتواصل : 97955652'),(240,'ar',120,'مرشحكم : مفلح سعود بطيان السحلول العازمي','لتواصل : 97955652'),(241,'en',121,'محمد وديان متلع القعمري','إنّا لله وإنّا إليهِ رَاجعُون'),(242,'ar',121,'محمد وديان متلع القعمري','إنّا لله وإنّا إليهِ رَاجعُون'),(243,'en',122,'فاطمه علي راشد البريوج','إنّا لله وإنّا إليهِ رَاجعُون'),(244,'ar',122,'فاطمه علي راشد البريوج','إنّا لله وإنّا إليهِ رَاجعُون'),(245,'en',123,'سالم ساري مرزوق بن جعيثنه - أبو ساري','اللهم أغفر له وأرحمه يا رب العالمين'),(246,'ar',123,'سالم ساري مرزوق بن جعيثنه - أبو ساري','اللهم أغفر له وأرحمه يا رب العالمين'),(247,'en',124,'عبدالله جاسر الهيلع','وسيوارى جثمانه الثرى يوم الجمعة تاريخ 2/12/2022 بعد صلاة العصر بمقبرة صبحان \n\nعزاء الرجال : بالمقبره فقط'),(248,'ar',124,'عبدالله جاسر الهيلع','وسيوارى جثمانه الثرى يوم الجمعة تاريخ 2/12/2022 بعد صلاة العصر بمقبرة صبحان \n\nعزاء الرجال : بالمقبره فقط'),(251,'en',126,'أخوكم : المهندس عبدالله كميخ الفحيط العازمي','لعضوية جمعية صباح السالم التعاونيه'),(252,'ar',126,'أخوكم : المهندس عبدالله كميخ الفحيط العازمي','لعضوية جمعية صباح السالم التعاونيه'),(253,'en',127,'أخوكم : فايز مطلق المساحلي العازمي','لعضويه جمعية صباح السالم التعاونيه'),(254,'ar',127,'أخوكم : فايز مطلق المساحلي العازمي','لعضويه جمعية صباح السالم التعاونيه'),(255,'en',128,'مرشحكم : فواز سلمان عواد العازمي','لعضوية جمعية فهد الأحمد التعاونية'),(256,'ar',128,'مرشحكم : فواز سلمان عواد العازمي','لعضوية جمعية فهد الأحمد التعاونية'),(257,'en',129,'أخوكم : عبدالعزيز بدر الأصفر','لعضوية جمعية فهد الأحمد التعاونية'),(258,'ar',129,'أخوكم : عبدالعزيز بدر الأصفر','لعضوية جمعية فهد الأحمد التعاونية'),(259,'en',130,'نفله فضيل الهبيدة','إنا لله وإنا إليه راجعون'),(260,'ar',130,'نفله فضيل الهبيدة','إنا لله وإنا إليه راجعون'),(261,'en',131,'أخوكم : حمد خالد النويعم','لعضوية جمعية جابر العلي التعاونية'),(262,'ar',131,'أخوكم : حمد خالد النويعم','لعضوية جمعية جابر العلي التعاونية'),(263,'en',132,'أخوكم : عبدالله مبارك بن فندان','لعضوية جمعية جابر العلي التعاونية'),(264,'ar',132,'أخوكم : عبدالله مبارك بن فندان','لعضوية جمعية جابر العلي التعاونية'),(265,'en',133,'أخوكم : سعود محمد العازمي','لعضوية جمعية جابر العلي التعاونية'),(266,'ar',133,'أخوكم : سعود محمد العازمي','لعضوية جمعية جابر العلي التعاونية'),(267,'en',134,'أخوكم : خالد فلاح بن دهيم العازمي','لعضوية جمعية جابر العلي التعاونية'),(268,'ar',134,'أخوكم : خالد فلاح بن دهيم العازمي','لعضوية جمعية جابر العلي التعاونية'),(269,'en',135,'فهد حمود عيد الهيلع','إنا لله وإنا إليه راجعون'),(270,'ar',135,'فهد حمود عيد الهيلع','إنا لله وإنا إليه راجعون'),(273,'ar',137,'شكر وعرفان','بيض الله وجيهكم'),(274,'en',137,'شكر وعرفان','بيض الله وجيهكم'),(275,'en',138,'أخوكم المهندس : خالد حمد بن بريك','لعضوية جمعية مبارك الكبير والقرين التعاونية'),(276,'ar',138,'أخوكم المهندس : خالد حمد بن بريك','لعضوية جمعية مبارك الكبير والقرين التعاونية'),(277,'en',139,'أخوكم : عبدالعزيز حمود الملحم','لعضوية جمعية مبارك الكبير والقرين التعاونية'),(278,'ar',139,'أخوكم : عبدالعزيز حمود الملحم','لعضوية جمعية مبارك الكبير والقرين التعاونية'),(279,'en',140,'مرشحكم : علي حمود العازمي','لعضوية جمعية الرميثيه التعاونية'),(280,'ar',140,'مرشحكم : علي حمود العازمي','لعضوية جمعية الرميثيه التعاونية'),(281,'en',141,'أخوكم المهندس / محمد حمود الحجيلان','لعضوية جمعية مبارك الكبير والقرين التعاونية'),(282,'ar',141,'أخوكم المهندس / محمد حمود الحجيلان','لعضوية جمعية مبارك الكبير والقرين التعاونية'),(283,'en',142,'أخوكم : فهد سفيح الداهوم','لعضوية جمعية جابر العلي التعاونية'),(284,'ar',142,'أخوكم : فهد سفيح الداهوم','لعضوية جمعية جابر العلي التعاونية'),(285,'en',143,'مرزوقه عويد الصردان العازمي','إنّا لله وإنّا إليهِ رَاجعُون'),(286,'ar',143,'مرزوقه عويد الصردان العازمي','إنّا لله وإنّا إليهِ رَاجعُون'),(287,'en',144,'أخوك : فلاح سعد بن عجيج','حاصل على درجة الماجستير في التاريخ'),(288,'ar',144,'أخوك : فلاح سعد بن عجيج','حاصل على درجة الماجستير في التاريخ'),(305,'en',153,'erterwt','وقال تقرير اقتصادي متخصص صادر عن شركة (دار السبائك) الكويتية اليوم الأحد، إن المخاوف من ركود اقتصادي عالمي وتخفيف حدة ارتفاع الفائدة الأميركية كان لهما الأثر المباشر في ارتفاع سعر المعدن الأصفر الذي يعد ملاذاً امناً عند التوترات الاقتصادية.\n\nوتوقع التقرير رفع مجلس الاحتياطي الفيدرالي الامريكي (البنك المركزي) أسعار الفائدة 25 نقطة أساس في اجتماعه المقبل المزمع عقده مطلع شهر فبراير المقبل مقارنة مع 50 نقطة في ديسمبر الماضي. \n\n https://www.alqabas.com/article/5904476 :إقرأ المزيد'),(306,'ar',153,'erterwt','وقال تقرير اقتصادي متخصص صادر عن شركة (دار السبائك) الكويتية اليوم الأحد، إن المخاوف من ركود اقتصادي عالمي وتخفيف حدة ارتفاع الفائدة الأميركية كان لهما الأثر المباشر في ارتفاع سعر المعدن الأصفر الذي يعد ملاذاً امناً عند التوترات الاقتصادية.\n\nوتوقع التقرير رفع مجلس الاحتياطي الفيدرالي الامريكي (البنك المركزي) أسعار الفائدة 25 نقطة أساس في اجتماعه المقبل المزمع عقده مطلع شهر فبراير المقبل مقارنة مع 50 نقطة في ديسمبر الماضي. \n\n https://www.alqabas.com/article/5904476 :إقرأ المزيد'),(307,'en',154,'rtgfdgsd','وقال تقرير اقتصادي متخصص صادر عن شركة (دار السبائك) الكويتية اليوم الأحد، إن المخاوف من ركود اقتصادي عالمي وتخفيف حدة ارتفاع الفائدة الأميركية كان لهما الأثر المباشر في ارتفاع سعر المعدن الأصفر الذي يعد ملاذاً امناً عند التوترات الاقتصادية.\n\nوتوقع التقرير رفع مجلس الاحتياطي الفيدرالي الامريكي (البنك المركزي) أسعار الفائدة 25 نقطة أساس في اجتماعه المقبل المزمع عقده مطلع شهر فبراير المقبل مقارنة مع 50 نقطة في ديسمبر الماضي. \n\n https://www.alqabas.com/article/5904476 :إقرأ المزيد'),(308,'ar',154,'rtgfdgsd','وقال تقرير اقتصادي متخصص صادر عن شركة (دار السبائك) الكويتية اليوم الأحد، إن المخاوف من ركود اقتصادي عالمي وتخفيف حدة ارتفاع الفائدة الأميركية كان لهما الأثر المباشر في ارتفاع سعر المعدن الأصفر الذي يعد ملاذاً امناً عند التوترات الاقتصادية.\n\nوتوقع التقرير رفع مجلس الاحتياطي الفيدرالي الامريكي (البنك المركزي) أسعار الفائدة 25 نقطة أساس في اجتماعه المقبل المزمع عقده مطلع شهر فبراير المقبل مقارنة مع 50 نقطة في ديسمبر الماضي. \n\n https://www.alqabas.com/article/5904476 :إقرأ المزيد'),(309,'en',155,'اخوكم المهندس : فواز سعد البريوج','إنتخابات جمعية المنقف'),(310,'ar',155,'اخوكم المهندس : فواز سعد البريوج','إنتخابات جمعية المنقف'),(311,'en',156,'المهندس : يوسف جابر البريكي','إنتخابات مجلس إدارة جمعية سلوى التعاونية'),(312,'ar',156,'المهندس : يوسف جابر البريكي','إنتخابات مجلس إدارة جمعية سلوى التعاونية'),(315,'en',158,'عواد حمود هديب النويعم العازمي','﴿ يَا أَيَّتُهَا النَّفْسُ الْمُطْمَئِنَّةُ ارْجِعِي إِلَى رَبِّكِ رَاضِيَةً مَرْضِيَّةً فَادْخُلِي فِي عِبَادِي وَادْخُلِي جَنَّتِي ﴾'),(316,'ar',158,'عواد حمود هديب النويعم العازمي','﴿ يَا أَيَّتُهَا النَّفْسُ الْمُطْمَئِنَّةُ ارْجِعِي إِلَى رَبِّكِ رَاضِيَةً مَرْضِيَّةً فَادْخُلِي فِي عِبَادِي وَادْخُلِي جَنَّتِي ﴾'),(317,'en',159,'سعد زنيفر سعد العازمي','إنا لله وإنا إليه راجعون'),(318,'ar',159,'سعد زنيفر سعد العازمي','إنا لله وإنا إليه راجعون'),(319,'en',160,'فيحان مشعل ميزر العازمي','إنا لله وإنا إليه راجعون'),(320,'ar',160,'فيحان مشعل ميزر العازمي','إنا لله وإنا إليه راجعون'),(323,'ar',162,'مرشحكم : صالح فالح المنوخ','مرشح الدائره 5 لمجلس الأمه'),(324,'en',162,'مرشحكم : صالح فالح المنوخ','مرشح الدائره 5 لمجلس الأمه'),(329,'en',165,'مرشحكم : فواز الجويعد العازمي','مرشح الدائره 4 لمجلس الأمه'),(330,'ar',165,'مرشحكم : فواز الجويعد العازمي','مرشح الدائره 4 لمجلس الأمه'),(331,'en',166,'أخوكم : فيصل عقيل جهاد العازمي','لعضوية جمعية عبدالله المبارك التعاونية'),(332,'ar',166,'أخوكم : فيصل عقيل جهاد العازمي','لعضوية جمعية عبدالله المبارك التعاونية'),(333,'en',167,'مرشحكم : خالد أحمد فالح الشمالي','مرشح جمعية سلوى التعاونيه'),(334,'ar',167,'مرشحكم : خالد أحمد فالح الشمالي','مرشح جمعية سلوى التعاونيه'),(335,'en',168,'مرشحكم : عبدالله خالد شرار الختلان','مرشح جمعية سلوى التعاونية'),(336,'ar',168,'مرشحكم : عبدالله خالد شرار الختلان','مرشح جمعية سلوى التعاونية'),(337,'en',169,'أخوكم : حامد حسين الشبو','مرشح لجمعية سلوى التعاونيه'),(338,'ar',169,'أخوكم : حامد حسين الشبو','مرشح لجمعية سلوى التعاونيه'),(339,'en',170,'مرشحكم : فهد سلمان فهد الجافور العازمي','مرشح لجمعية سلوى التعاونيه'),(340,'ar',170,'مرشحكم : فهد سلمان فهد الجافور العازمي','مرشح لجمعية سلوى التعاونيه'),(341,'en',171,'أخوكم : فيصل طلق بن حجر','مرشح الدائره 5 لمجلس الأمه'),(342,'ar',171,'أخوكم : فيصل طلق بن حجر','مرشح الدائره 5 لمجلس الأمه'),(343,'en',172,'أخوكم : عبدالهادي هادي بن عوين','مرشح الدائره 5 لمجلس الأمه'),(344,'ar',172,'أخوكم : عبدالهادي هادي بن عوين','مرشح الدائره 5 لمجلس الأمه'),(345,'en',173,'أخوكم / المهندس : يوسف مجبل صالح العازمي','مرشح لجمعية ضاحية صباح السالم التعاونية'),(346,'ar',173,'أخوكم / المهندس : يوسف مجبل صالح العازمي','مرشح لجمعية ضاحية صباح السالم التعاونية'),(347,'en',174,'أخوكم : مجبل سعود الشتلي العازمي','مرشح لجمعية ضاحية صباح السالم التعاونية'),(348,'ar',174,'أخوكم : مجبل سعود الشتلي العازمي','مرشح لجمعية ضاحية صباح السالم التعاونية'),(349,'en',175,'أخوكم / المهندس : محمد ناصر المحجان','مرشح الدائره 5 لمجلس الأمه'),(350,'ar',175,'أخوكم / المهندس : محمد ناصر المحجان','مرشح الدائره 5 لمجلس الأمه'),(351,'en',176,'أخوكم : خالد الطمار العميرة','مرشح الدائره 1 لمجلس الأمه'),(352,'ar',176,'أخوكم : خالد الطمار العميرة','مرشح الدائره 1 لمجلس الأمه'),(353,'en',177,'أخوكم : عيد فلاح بن عايش','مرشح الدائره 5 لمجلس الأمه'),(354,'ar',177,'أخوكم : عيد فلاح بن عايش','مرشح الدائره 5 لمجلس الأمه'),(355,'en',178,'أخوكم : وسمي محمد الشنيتير','مرشح الدائره 5 لمجلس الأمه'),(356,'ar',178,'أخوكم : وسمي محمد الشنيتير','مرشح الدائره 5 لمجلس الأمه'),(357,'en',179,'أخوكم : فهد فلاح بن جامع','مرشح الدائره 5 لمجلس الأمه'),(358,'ar',179,'أخوكم : فهد فلاح بن جامع','مرشح الدائره 5 لمجلس الأمه'),(361,'en',181,'الدكتور : أحمد مطيع العازمي','مرشح الدائره 5 لمجلس الأمه'),(362,'ar',181,'الدكتور : أحمد مطيع العازمي','مرشح الدائره 5 لمجلس الأمه'),(363,'en',182,'المحامي : علي فلاح الصابري','مرشح الدائره 1 لمجلس الأمه'),(364,'ar',182,'المحامي : علي فلاح الصابري','مرشح الدائره 1 لمجلس الأمه'),(365,'en',183,'أخوكم : نواف بهيش الهواش العازمي','<p style=\"text-align: center;\">نواف بهيش الهواش العازمي يتقدم ب اوراق ترشيحه في الدائره الثانيه</p>'),(366,'ar',183,'أخوكم : نواف بهيش الهواش العازمي','<p style=\"text-align: center;\">نواف بهيش الهواش العازمي يتقدم ب اوراق ترشيحه في الدائره الثانيه</p>'),(371,'en',186,'المحامي : محمد لافي الهرير','مرشح الدائره 2 لمجلس الأمه'),(372,'ar',186,'المحامي : محمد لافي الهرير','مرشح الدائره 2 لمجلس الأمه'),(373,'en',187,'الدكتور : محمد مبارك الداهوم','مرشح الدائره 1 لمجلس الأمه'),(374,'ar',187,'الدكتور : محمد مبارك الداهوم','مرشح الدائره 1 لمجلس الأمه'),(375,'en',188,'أسماء مرشحين قبيلة العوازم','<p style=\"text-align: center;\">الأنتخابات بأذن الله تعالى الثلاثاء الموافق 6-6-2023</p>\r\n\r\n<p style=\"text-align: center;\">---------------------------------------</p>\r\n\r\n<p style=\"text-align: center;\">تحديث 12:30</p>\r\n\r\n<p style=\"text-align: center;\">8-5-2023</p>'),(376,'ar',188,'أسماء مرشحين قبيلة العوازم','<p style=\"text-align: center;\">الأنتخابات بأذن الله تعالى الثلاثاء الموافق 6-6-2023</p>\r\n\r\n<p style=\"text-align: center;\">---------------------------------------</p>\r\n\r\n<p style=\"text-align: center;\">تحديث 12:30</p>\r\n\r\n<p style=\"text-align: center;\">8-5-2023</p>'),(377,'en',189,'أخوكم : مرزوق فالح الحبيني','مرشح الدائره 5 لمجلس الأمه'),(378,'ar',189,'أخوكم : مرزوق فالح الحبيني','مرشح الدائره 5 لمجلس الأمه'),(379,'en',190,'أخوكم : خالد خليفة العازمي','مرشح الدائره 5 لمجلس الأمه'),(380,'ar',190,'أخوكم : خالد خليفة العازمي','مرشح الدائره 5 لمجلس الأمه'),(381,'en',191,'أخوكم : حسين الحريتي','مرشح الدائره 1 لمجلس الأمه'),(382,'ar',191,'أخوكم : حسين الحريتي','مرشح الدائره 1 لمجلس الأمه'),(383,'en',192,'المحامي : حمدان سالم العازمي','مرشح الدائره 5 لمجلس الأمه'),(384,'ar',192,'المحامي : حمدان سالم العازمي','مرشح الدائره 5 لمجلس الأمه'),(385,'en',193,'أخوكم : مخلد العازمي','مرشح الدائرة 1 لمجلس الأمه'),(386,'ar',193,'أخوكم : مخلد العازمي','مرشح الدائرة 1 لمجلس الأمه'),(387,'en',194,'أخوكم : جابر سعد المحيلبي','مرشح الدائره 5 لمجلس الأمه'),(388,'ar',194,'أخوكم : جابر سعد المحيلبي','مرشح الدائره 5 لمجلس الأمه'),(389,'en',195,'أخوكم : محمد مروي الهديه','مرشح الدائره 1 لمجلس الأمه'),(390,'ar',195,'أخوكم : محمد مروي الهديه','مرشح الدائره 1 لمجلس الأمه'),(391,'en',196,'ناصر فالح الدويك العازمي','إنا لله وإنا إليه راجعون'),(392,'ar',196,'ناصر فالح الدويك العازمي','إنا لله وإنا إليه راجعون'),(393,'en',197,'أخوكم : فهد سعود حمود العازمي','مرشح لعضوية جمعية العدان والقصور التعاونية'),(394,'ar',197,'أخوكم : فهد سعود حمود العازمي','مرشح لعضوية جمعية العدان والقصور التعاونية'),(395,'en',198,'تم تزكية : فهد خالد الملهوف العازمي','<p style=\"text-align: center;\">رئيسا للقائمه المستقله</p>\r\n\r\n<p style=\"text-align: center;\">كلية التربيه - جامعة الكويت</p>'),(396,'ar',198,'تم تزكية : فهد خالد الملهوف العازمي','<p style=\"text-align: center;\">رئيسا للقائمه المستقله</p>\r\n\r\n<p style=\"text-align: center;\">كلية التربيه - جامعة الكويت</p>'),(397,'en',199,'test news','bbbbbb'),(398,'ar',199,'test news','bbbbbb'),(399,'en',200,'دليل درعان مفرح الفحيط','إنا لله وإنا إليه راجعون'),(400,'ar',200,'دليل درعان مفرح الفحيط','إنا لله وإنا إليه راجعون'),(401,'en',201,'صقر مناحي مبارك الشريم','إنا لله وإنا إليه راجعون'),(402,'ar',201,'صقر مناحي مبارك الشريم','إنا لله وإنا إليه راجعون'),(403,'en',202,'مهندس : أحمد فهد الحريتي','<p style=\"text-align: center;\">تخصص الهندسه الكهربائيه و الالكترونيه</p>'),(404,'ar',202,'مهندس : أحمد فهد الحريتي','<p style=\"text-align: center;\">تخصص الهندسه الكهربائيه و الالكترونيه</p>'),(405,'en',203,'مهندس : حمد حامد العميره','تخصص هندسه الكهربائيه والالكترونيه'),(406,'ar',203,'مهندس : حمد حامد العميره','تخصص هندسه الكهربائيه والالكترونيه'),(407,'en',204,'مهندس : عبدالله يوسف المطيران','تخصص هندسه مدنيه'),(408,'ar',204,'مهندس : عبدالله يوسف المطيران','تخصص هندسه مدنيه'),(409,'en',205,'دكتور : صالح نواف صالح الجويسري','دكتور في طب الأسنان وجراحة الفم'),(410,'ar',205,'دكتور : صالح نواف صالح الجويسري','دكتور في طب الأسنان وجراحة الفم'),(411,'en',206,'مهندس : محمد ناصر الجويسري','{وَآخِرُ دَعْوَاهُمْ أَنِ الْحَمْدُ لِلَّهِ رَبِّ الْعَالَمِينَ}'),(412,'ar',206,'مهندس : محمد ناصر الجويسري','{وَآخِرُ دَعْوَاهُمْ أَنِ الْحَمْدُ لِلَّهِ رَبِّ الْعَالَمِينَ}'),(413,'en',207,'جمعية جابر الأحمد التعاونية - أعلان توظيف','<p style=\"text-align: center;\">تعلن جمعية جابر الأحمد التعاونيه عن بدء قبول طلبات توظيف الطلبه</p>'),(414,'ar',207,'جمعية جابر الأحمد التعاونية - أعلان توظيف','<p style=\"text-align: center;\">تعلن جمعية جابر الأحمد التعاونيه عن بدء قبول طلبات توظيف الطلبه</p>'),(415,'en',208,'أخوكم المهندس : مهدي هادي الحجاج','<p style=\"text-align: center;\">مرشح لجمعية مدينة&nbsp;صباح الأحمد التعاونية</p>'),(416,'ar',208,'أخوكم المهندس : مهدي هادي الحجاج','<p style=\"text-align: center;\">مرشح لجمعية مدينة&nbsp;صباح الأحمد التعاونية</p>'),(417,'en',209,'شده دغمان عمران - ارملة / فهد بن نما','إنّا لله وإنّا إليهِ رَاجعُون'),(418,'ar',209,'شده دغمان عمران - ارملة / فهد بن نما','إنّا لله وإنّا إليهِ رَاجعُون'),(421,'en',211,'مرشحكم : نايف سعد الزنقاحي العازمي','<p style=\"text-align: center;\">مرشحكم لإنتخابات</p>\r\n\r\n<p style=\"text-align: center;\">جمعية الوفرة الزراعية التعاونية</p>'),(422,'ar',211,'مرشحكم : نايف سعد الزنقاحي العازمي','<p style=\"text-align: center;\">مرشحكم لإنتخابات</p>\r\n\r\n<p style=\"text-align: center;\">جمعية الوفرة الزراعية التعاونية</p>'),(423,'en',212,'أعلان الأتحاد الكويتي للمزارعين','<p style=\"text-align: center;\">المعرض التسويقي الموسمي</p>\r\n\r\n<p style=\"text-align: center;\">الثاني للمنتجات الزراعية</p>'),(424,'ar',212,'أعلان الأتحاد الكويتي للمزارعين','<p style=\"text-align: center;\">المعرض التسويقي الموسمي</p>\r\n\r\n<p style=\"text-align: center;\">الثاني للمنتجات الزراعية</p>'),(425,'en',213,'مرشحكم : علي سعود أبو ضريس العازمي','<p style=\"text-align: center;\">مرشحكم لانتخابات</p>\r\n\r\n<p style=\"text-align: center;\">جمعية الوفرة الزراعية التعاونية</p>'),(426,'ar',213,'مرشحكم : علي سعود أبو ضريس العازمي','<p style=\"text-align: center;\">مرشحكم لانتخابات</p>\r\n\r\n<p style=\"text-align: center;\">جمعية الوفرة الزراعية التعاونية</p>'),(429,'en',215,'مرشحكم - خالد عيد ساري العازمي','<p style=\"text-align: center;\">مرشحكم لأنتخابات</p>\r\n\r\n<p style=\"text-align: center;\">جمعية الوفره الزراعية التعاونية</p>'),(430,'ar',215,'مرشحكم - خالد عيد ساري العازمي','<p style=\"text-align: center;\">مرشحكم لأنتخابات</p>\r\n\r\n<p style=\"text-align: center;\">جمعية الوفره الزراعية التعاونية</p>'),(431,'en',216,'مرشحكم - الدكتور : أحمد زيد بن مقصوص العازمي','<p style=\"text-align: center;\">مرشحكم لأنتخابات</p>\r\n\r\n<p style=\"text-align: center;\">جمعية الوفرة الزارعية التعاونية</p>'),(432,'ar',216,'مرشحكم - الدكتور : أحمد زيد بن مقصوص العازمي','<p style=\"text-align: center;\">مرشحكم لأنتخابات</p>\r\n\r\n<p style=\"text-align: center;\">جمعية الوفرة الزارعية التعاونية</p>'),(433,'en',217,'مرشحكم - المهندس : نايف عايض علوش العازمي','<p style=\"text-align: center;\">مرشحكم لأنتخابات</p>\r\n\r\n<p style=\"text-align: center;\">جمعية الوفرة الزارعية التعاونية</p>'),(434,'ar',217,'مرشحكم - المهندس : نايف عايض علوش العازمي','<p style=\"text-align: center;\">مرشحكم لأنتخابات</p>\r\n\r\n<p style=\"text-align: center;\">جمعية الوفرة الزارعية التعاونية</p>'),(439,'en',220,'الاعلان في تطبيق عطا','<p style=\"text-align: center;\">الاعلان في تطبيق عطا</p>\r\n\r\n<p style=\"text-align: center;\">بقسم المناسبات</p>\r\n\r\n<p style=\"text-align: center;\">( مجاني )</p>\r\n\r\n<p style=\"text-align: center;\">ملاحظه : الباقه يتم تعديلها من قبل</p>\r\n\r\n<p style=\"text-align: center;\">الأداره الى يوم المناسبه</p>\r\n\r\n<p style=\"text-align: center;\">للتواصل واتساب : 41008687</p>'),(440,'ar',220,'الاعلان في تطبيق عطا','<p style=\"text-align: center;\">الاعلان في تطبيق عطا</p>\r\n\r\n<p style=\"text-align: center;\">بقسم المناسبات</p>\r\n\r\n<p style=\"text-align: center;\">( مجاني )</p>\r\n\r\n<p style=\"text-align: center;\">ملاحظه : الباقه يتم تعديلها من قبل</p>\r\n\r\n<p style=\"text-align: center;\">الأداره الى يوم المناسبه</p>\r\n\r\n<p style=\"text-align: center;\">للتواصل واتساب : 41008687</p>');

--
-- Table structure for table `news`
--

CREATE TABLE `news` (
  `id` int unsigned NOT NULL AUTO_INCREMENT,
  `type` int NOT NULL,
  `region_id` int DEFAULT NULL,
  `image` varchar(191) DEFAULT NULL,
  `phone` varchar(50) DEFAULT NULL,
  `created_at` timestamp NOT NULL DEFAULT CURRENT_TIMESTAMP,
  `updated_at` timestamp NOT NULL DEFAULT CURRENT_TIMESTAMP,
  `user_id` int unsigned DEFAULT NULL,
  `time` date DEFAULT NULL,
  `status` int NOT NULL DEFAULT '1',
  `lat` varchar(191) DEFAULT NULL,
  `long` varchar(191) DEFAULT NULL,
  `address` varchar(191) DEFAULT NULL,
  `address_address` varchar(191) DEFAULT NULL,
  `packege_id` int DEFAULT NULL,
  `countDays` int DEFAULT NULL,
  `archevied` int NOT NULL DEFAULT '0',
  `end_offers` date DEFAULT NULL,
  `Secondphone` varchar(191) DEFAULT NULL,
  `thirdPhone` varchar(191) DEFAULT NULL,
  PRIMARY KEY (`id`)
) ENGINE=InnoDB AUTO_INCREMENT=221 DEFAULT CHARSET=utf8mb3;

--
-- Dumping data for table `news`
--

INSERT INTO `news` (`id`, `type`, `region_id`, `image`, `phone`, `created_at`, `updated_at`, `user_id`, `time`, `status`, `lat`, `long`, `address`, `address_address`, `packege_id`, `countDays`, `archevied`, `end_offers`, `Secondphone`, `thirdPhone`) VALUES (65,1,NULL,'he1QFrPq4AH0HTy9jkcAK6ZUMCVZ30qW7AepplYi.jpg','50895196','2022-09-14 13:36:56','2022-10-23 19:57:55',6248,'2022-09-26',1,'29.383374045041982','47.990790121257305',NULL,NULL,NULL,NULL,1,'2022-09-29',NULL,NULL),(67,1,16,'2HzZp7QnstXUZxM7SHJTcSIlowLAI4odnKLuJQzy.jpg','50895196','2022-09-15 14:58:56','2022-10-23 23:35:03',6248,'2022-09-19',1,'29.338557','47.7644854',NULL,NULL,NULL,NULL,1,'2022-09-29',NULL,NULL),(68,1,57,'zyOdPJZDapqLfWxDuANCVs103FxddnFUHJbKmoik.jpg','55565149','2022-09-15 22:01:27','2022-10-23 20:07:02',6252,'2022-09-24',1,'null','null',NULL,NULL,0,NULL,1,'2022-09-29',NULL,NULL),(69,1,83,'vUluveWQ0iqHgfY9CtIiselBNpjcMbTHzB5SNexR.jpg','97343744','2022-09-16 08:59:43','2022-10-23 23:47:02',6154,'2022-09-16',1,'null','null',NULL,NULL,0,NULL,1,'2022-09-29',NULL,NULL),(70,1,51,'hZbI2TAWZkknANTLUiElycBXq3yitH2bEEggvpAo.jpg','41008687','2022-09-17 14:13:49','2022-10-23 20:17:06',6075,'2022-09-17',1,'28.959645725142064','48.160849548876286',NULL,NULL,0,NULL,1,'2022-09-29',NULL,NULL),(71,2,NULL,'3NQnN74WpmubvIHJoh9Z3jV2afqUw3wUOSp32A2w.jpg','50895196','2022-09-17 20:52:22','2022-10-23 20:17:23',6248,'2022-09-19',1,'null','null',NULL,NULL,NULL,NULL,1,'2022-09-29',NULL,NULL),(72,3,99,'AFYTJVCddUWbWhYuXvJ0cD1xlL8idOpn3Xo5hVUD.jpg','55081777','2022-09-23 04:28:08','2023-03-23 23:17:03',6248,'2022-09-23',1,'29.19921092983124','48.085091896355145',NULL,NULL,0,NULL,1,'2022-09-30',NULL,NULL),(73,1,81,'UW4lRsSFto61lp96XjkSG55jw87jnqdexhHyD6Ep.jpg',NULL,'2022-10-26 11:44:05','2022-11-03 22:00:05',1,'2022-11-02',1,'29.3117','47.4818',NULL,NULL,NULL,NULL,1,'2022-11-03',NULL,NULL),(74,1,83,'ZbI0UKJ51Npyo3wVAuycIm6NMu88iTlHuyeDwLz7.jpg',NULL,'2022-10-26 11:52:40','2022-10-31 22:00:03',1,'2022-10-30',1,'29.1588818','48.0682608',NULL,'مدرسة عبدالمحسن ابراهيم البابطين المتوسطة بنين، الظهر، الكويت‎',NULL,NULL,1,'2022-10-31',NULL,NULL),(83,1,83,'Jrckt5D7yh90m7vQRKNJ4RZKFyXjHyDmr9q8Nw60.jpg',NULL,'2022-10-27 02:33:39','2022-10-31 22:00:03',1,'2022-10-30',1,'29.1588818','48.0682608',NULL,'مدرسة عبدالمحسن ابراهيم البابطين المتوسطة بنين، الظهر، الكويت‎',NULL,NULL,1,'2022-10-31',NULL,NULL),(84,1,NULL,'4ggJqISRAu4D7JK4U6Qu7XZ0cqbdhO6vT3VbrSt8.jpg',NULL,'2022-10-27 06:42:50','2022-11-30 22:00:03',1,'2022-10-26',1,'29.3117','47.4818',NULL,NULL,NULL,NULL,1,'2022-11-30',NULL,NULL),(85,1,83,'89RBqrndsIhJQ5YjQdKsFTVwohrd17er6XE6h5xW.jpg',NULL,'2022-10-27 19:22:53','2022-10-31 22:00:03',1,'2022-10-30',1,'29.1588818','48.0682608',NULL,'مدرسة عبدالمحسن ابراهيم البابطين المتوسطة بنين، الظهر، الكويت‎',NULL,NULL,1,'2022-10-31',NULL,NULL),(86,1,83,'NouayVpVPT9CmJn8h9BdrIMK4EvhHW6g87IbWqo6.jpg',NULL,'2022-10-27 21:13:50','2022-10-31 22:00:03',1,'2022-10-30',1,'29.1588818','48.0682608',NULL,'مدرسة عبدالمحسن ابراهيم البابطين المتوسطة بنين، الظهر، الكويت‎',NULL,NULL,1,'2022-10-31',NULL,NULL),(95,1,83,'gXOkquPEf1yDL3g184Gs1cBfJywj4kv4ghNvUIIT.jpg','41008687','2022-10-28 17:30:54','2022-10-31 22:00:03',6075,'2022-10-30',1,'29.231312917960075','48.080081194639206',NULL,NULL,0,0,1,'2022-10-31',NULL,NULL),(97,1,2,'UBXIUvDs1h0nmTMZaXC4kMG3OsV8TvOCsz2hQSBp.jpg',NULL,'2022-10-28 23:46:01','2022-11-04 22:00:05',1,'2022-10-29',1,'31.2000924','29.9187387',NULL,'الإسكندرية، مصر',NULL,NULL,1,'2022-11-04',NULL,NULL),(98,1,76,'RUuRm6JkhhUS1LRskuXk3iPrqSPjZCQL1M0qDS3x.jpg',NULL,'2022-11-05 16:37:40','2023-01-10 22:00:04',1,'2022-11-05',1,'29.1718987','48.079888',NULL,NULL,NULL,NULL,1,'2023-01-10',NULL,NULL),(99,1,76,'Qo34147aLqmPTk9CtwcqnL0D3SqAsu87DhCXoSA6.jpg',NULL,'2022-11-06 14:08:53','2023-01-10 22:00:04',1,'2022-11-06',1,'29.1718987','48.079888',NULL,NULL,NULL,NULL,1,'2023-01-10',NULL,NULL),(100,1,76,'ualBp4D2N68zPn3GWtly4fEAPBMzN3qpX5llkoTW.jpg',NULL,'2022-11-07 01:58:16','2023-01-10 22:00:04',1,'2022-11-07',1,'29.1718987','48.079888',NULL,NULL,NULL,NULL,1,'2023-01-10',NULL,NULL),(101,1,100,'JAd0uW95v90xLcSQRGCGPdQqdLn5TTmvPrQKqSbV.jpg',NULL,'2022-11-07 14:19:47','2022-11-30 22:00:03',1,'2022-11-07',1,'29.2153318','48.0747426',NULL,NULL,NULL,NULL,1,'2022-11-30',NULL,NULL),(106,1,100,'PPYcwT8nPkc9iTgV5e8DNAqReuyYh9eE4VM68eIC.jpg','41008687','2022-11-10 20:56:04','2022-11-30 22:00:03',6075,'2022-11-10',1,'29.15404957444107','48.07270243763924',NULL,NULL,0,0,1,'2022-11-30',NULL,NULL),(107,1,76,'B6fW51EOdXu299isnY0qODyOj7pYqzIDBkI0Lmhz.jpg','41008687','2022-11-11 17:34:29','2023-01-10 22:00:04',6075,'2022-11-11',1,'29.1718987','48.079888',NULL,NULL,0,0,1,'2023-01-10',NULL,NULL),(108,3,83,'yuqYzihXE6omZAX9lKO0akQDZE9Vyz3yjWrUjfxE.jpg','41008687','2022-11-12 22:59:44','2022-11-16 22:00:03',6075,'2022-11-13',1,'29.176725680388426','48.054724261164665',NULL,NULL,0,0,1,'2022-11-16',NULL,NULL),(109,1,86,'LrS4sdH31xIdXrDHBW5fCHFxF0CWRSnHoDCkMuND.jpg','41008687','2022-11-13 18:03:59','2022-11-18 22:00:04',6075,'2022-11-13',1,'29.15393186836437','48.07273428887129',NULL,NULL,0,0,1,'2022-11-18',NULL,NULL),(110,1,88,'N5YcWbKwqvhkBEKRwmBNw48FHDpYptcg9n4rKC7j.jpg','41008687','2022-11-13 18:04:59','2022-11-21 22:00:04',6075,'2022-11-13',1,'29.15393186836437','48.07273428887129',NULL,NULL,0,0,1,'2022-11-21',NULL,NULL),(111,3,83,'4R330NQT20tgsuAKDmxZc94VkP80X76s0YLBO6bL.jpg','41008687','2022-11-13 18:54:18','2022-11-17 22:00:04',6075,'2022-11-13',1,'29.17511210492828','48.054960295557976',NULL,NULL,0,0,1,'2022-11-17',NULL,NULL),(112,1,114,'e9GMPKOUQC5SE1xKUwxmoU7NxShsLuba22TKs1L5.jpg','41008687','2022-11-14 16:29:25','2022-12-07 22:00:04',6075,'2022-11-14',1,'28.5630613','48.0629132',NULL,'جمعية الوفرة الزراعية التعاونية، الوفرة، الكويت‎',0,0,1,'2022-12-07',NULL,NULL),(113,1,76,'ciRpZgIFEBTBLNNdW9pPUCHDRXt9uUy9iQ3Tx38w.jpg','41008687','2022-11-14 16:52:26','2023-01-10 22:00:04',6075,'2022-11-14',1,'29.1718987','48.079888',NULL,NULL,0,0,1,'2023-01-10',NULL,NULL),(114,3,27,'NXtZ1W6iFj9rlgrlMHYkJBY0y8AVhSe2gX90u30e.jpg','41008687','2022-11-15 12:08:36','2022-11-18 22:00:04',6075,'2022-11-15',1,'29.30633755983035','47.83516064286231',NULL,NULL,0,0,1,'2022-11-18',NULL,NULL),(115,1,81,'cTbyZjW15ZzCYtBDDeYZdg3rLQhKA6y2wm6OKSPS.jpg','41008687','2022-11-15 12:27:58','2022-11-30 22:00:03',6075,'2022-11-15',1,'29.0861152','48.1212732',NULL,'جمعية الفحيحيل التعاونية، الكويت‎',0,0,1,'2022-11-30',NULL,NULL),(116,1,NULL,'eREumf9Wz1ZyIlqAKFyRkYacgtdYFLeUL0vKT3wZ.jpg','41008687','2022-11-15 19:30:11','2022-11-30 22:00:03',6075,'2022-11-15',1,'29.31166','47.481766',NULL,'الكويت‎',NULL,NULL,1,'2022-11-30',NULL,NULL),(117,3,NULL,'Ca6iTrnPaiVM91KMxFAUcd66jOO8jrLmFqXtrGB4.jpg','41008687','2022-11-16 09:47:55','2022-11-19 22:00:04',6075,'2022-11-16',1,'29.160781727597456','48.08003928512335',NULL,NULL,NULL,NULL,1,'2022-11-19',NULL,NULL),(118,1,88,'hIbsFwSSV1rIsVFYhYDFCRhlA9nzjeqNyBH9UznT.jpg','41008687','2022-11-16 18:17:07','2022-11-21 22:00:04',6075,'2022-11-16',1,'28.9624132','48.1596516',NULL,'جمعية علي صباح السالم, شارع 1، علي صباح السالم، الكويت‎',0,0,1,'2022-11-21',NULL,NULL),(119,1,1,'1BAp9gbsFMnsMfWyUe8S08BUHRwNvognmvaOVQW3.jpg','41008687','2022-11-16 19:34:48','2022-11-16 22:00:03',6075,'2022-11-16',1,'29.160781727597456','48.08003928512335',NULL,NULL,0,0,1,'2022-11-16',NULL,NULL),(120,1,88,'V0UDHdVY5UaUtREZ1S4sv5x8yDiT2S54ymNZavRt.jpg','41008687','2022-11-16 19:40:33','2022-11-21 22:00:04',6075,'2022-11-16',1,'28.9624132','48.1596516',NULL,'جمعية علي صباح السالم, شارع 1، علي صباح السالم، الكويت‎',0,0,1,'2022-11-21',NULL,NULL),(121,3,83,'98tfFcKWdjNOLoXsEaUaecMemr8D88lvQ8J602RE.jpg','41008687','2022-11-17 13:17:03','2022-11-20 22:00:04',6075,'2022-11-17',1,'29.1762091','48.05491',NULL,'مقبرة صبحان، الدائري السابع السريع، الكويت‎',0,0,1,'2022-11-20',NULL,NULL),(122,3,83,'l7d9yERdzNr806gWLdL5iZLJ75kSYjjAWwqK0aBM.jpg','41008687','2022-11-17 15:16:48','2022-11-20 22:00:04',6075,'2022-11-17',1,'29.176336047563726','48.0548121035099',NULL,NULL,0,0,1,'2022-11-20',NULL,NULL),(123,3,NULL,'Ym6QCE8nsJA3i8kMjI6XHzAQIvpLKHsoipizfZbF.jpg','41008687','2022-11-24 23:55:06','2022-11-28 22:00:04',6075,'2022-11-25',1,'29.17643177266976','48.054946549236774',NULL,NULL,NULL,NULL,1,'2022-11-28',NULL,NULL),(124,3,NULL,'zoLgnhS35FswB2K3qEMfhWeqFn8ITPi8PIAZKBtO.jpg','41008687','2022-12-01 13:24:51','2022-12-04 22:00:04',6075,'2022-12-01',1,'29.176481537980134','48.05458914488554',NULL,NULL,NULL,NULL,1,'2022-12-04',NULL,NULL),(126,1,94,'v5G7aMWqOFZCL2XIkgW4naXioeAm8AT7FGbIuJsD.jpg','41008687','2022-12-11 21:10:48','2022-12-30 22:00:03',6075,'2022-12-11',1,'29.2498619','48.0655604',NULL,NULL,0,0,1,'2022-12-30',NULL,NULL),(127,1,94,'BJ27WIa483AQmhvFaKQWH3HajzYsjeGkshRsEt6i.jpg','41008687','2022-12-11 21:11:39','2022-12-30 22:00:03',6075,'2022-12-11',1,'29.2498619','48.0655604',NULL,NULL,0,0,1,'2022-12-30',NULL,NULL),(128,1,74,'C5JMlOjAb8flcui0xFWuzkHZ7sSX1domVI4bZ9Mu.jpg','41008687','2022-12-14 22:44:16','2023-01-04 22:00:03',6075,'2022-12-15',1,'29.1348187','48.10726',NULL,NULL,0,0,1,'2023-01-04',NULL,NULL),(129,1,74,'BBdTnlY7dCHqUfyvTztANuJwgTIKPWHilyZjlSwu.jpg','41008687','2022-12-15 03:52:58','2023-01-04 22:00:03',6075,'2022-12-15',1,'29.153864231229434','48.0727631226182',NULL,NULL,0,0,1,'2023-01-04',NULL,NULL),(130,3,27,'ez3o3yAEKaVBrJrPoaqSf8Tr4QGyFnjzbJxKp83N.jpg','41008687','2022-12-17 08:02:51','2022-12-20 22:00:04',6075,'2022-12-17',1,'29.304978926649643','47.83589120954275',NULL,NULL,0,0,1,'2022-12-20',NULL,NULL),(131,1,76,'2EbwBHT9AbGseV6Se1SlcMnEqSI9LxRtcxX9qPf1.jpg','41008687','2022-12-17 14:09:53','2023-01-10 22:00:04',6075,'2022-12-17',1,'29.1718987','48.079888',NULL,'جمعية جابر العلي، 53CH+PWV،، ،، الكويت‎',0,0,1,'2023-01-10',NULL,NULL),(132,1,76,'m4wPVx2wKFqn0YGKSb5knIdUSDkNpjhFiaesoL65.jpg','41008687','2022-12-17 14:10:44','2023-01-10 22:00:04',6075,'2022-12-17',1,'29.1718987','48.079888',NULL,'جمعية جابر العلي، 53CH+PWV،، ،، الكويت‎',0,0,1,'2023-01-10',NULL,NULL),(133,1,76,'wrdlMzg8FOatV1c0FWrwMDidCGMzu5SyQwQ5IuLB.jpg','41008687','2022-12-17 14:11:33','2023-01-10 22:00:04',6075,'2022-12-17',1,'29.1718987','48.079888',NULL,'جمعية جابر العلي، 53CH+PWV،، ،، الكويت‎',0,0,1,'2023-01-10',NULL,NULL),(134,1,76,'HVwBa0f0bwK2aOdrl7Bk7H4SkiWKR83RCSQH1Yog.jpg','41008687','2022-12-17 18:21:34','2023-01-10 22:00:04',6075,'2022-12-17',1,'29.1718987','48.079888',NULL,'جمعية جابر العلي، 53CH+PWV،، ،، الكويت‎',0,0,1,'2023-01-10',NULL,NULL),(135,3,83,'QQvvxIl7t2CcRHLidf3r6lxksZAgvwLudI4Dw7X7.jpg','41008687','2022-12-18 04:08:37','2022-12-21 22:00:03',6075,'2022-12-18',1,'29.17636327214425','48.054770193994045',NULL,NULL,0,0,1,'2022-12-21',NULL,NULL),(137,2,76,'4a6duK3XwavRCDnAQQBi4K2XfTBuCYNK2ntJSMFy.jpg',NULL,'2022-12-21 04:02:57','2022-12-22 22:00:04',1,'2022-12-21',1,'29.3117','47.4818',NULL,NULL,NULL,NULL,1,'2022-12-22',NULL,NULL),(138,1,90,'ZsMW1Baacs0TwLhHDtbbGwUeYodCM0VgO1nOxNE4.jpg','41008687','2022-12-21 18:39:40','2023-01-19 22:00:03',6075,'2022-12-21',1,'29.1879583','48.0789053',NULL,'جمعية مبارك الكبير والقرين سوق رقم 4، الكويت‎',0,0,1,'2023-01-19',NULL,NULL),(139,1,90,'mp0zqWwE1caqmpuDvkxYg2rSB5ntomLD5n4v5MEw.jpg','41008687','2022-12-22 19:13:43','2023-01-19 22:00:03',6075,'2022-12-22',1,'29.1879583','48.0789053',NULL,'جمعية مبارك الكبير والقرين سوق رقم 4، الكويت‎',0,0,1,'2023-01-19',NULL,NULL),(140,1,51,'ous4Uh4FG1pupv9e0BBLCEOZanIvF5kI4k8WYy9d.jpg','41008687','2022-12-22 19:16:30','2022-12-25 22:00:03',6075,'2022-12-22',1,'29.3159159','48.0644925',NULL,'جمعية الرميثية التعاونية، الرميثية، الكويت‎',0,0,1,'2022-12-25',NULL,NULL),(141,1,90,'4MzhwdIBL8pvQIumjde5oB2O9OIxn8LrbMhgrqYS.jpg','41008687','2022-12-22 20:23:18','2023-01-19 22:00:03',6075,'2022-12-22',1,'29.1879583','48.0789053',NULL,'جمعية مبارك الكبير والقرين سوق رقم 4، الكويت‎',0,0,1,'2023-01-19',NULL,NULL),(142,1,76,'60o89EAqbkK6qzwLPBTDJwibnSPe6DqM7bXXsreV.jpg','41008687','2022-12-24 06:02:27','2023-01-10 22:00:04',6075,'2022-12-24',1,'29.1718987','48.079888',NULL,'جمعية جابر العلي، 53CH+PWV،، ،، الكويت‎',0,0,1,'2023-01-10',NULL,NULL),(143,3,1,'uf9eVmLkqSCnW4EAUQYT0h0tGL6ri7JeU7lMqpNp.jpg','41008687','2022-12-28 11:57:57','2022-12-31 22:00:03',6075,'2022-12-28',1,'29.17662644271699','48.054687045514584',NULL,NULL,0,0,1,'2022-12-31',NULL,NULL),(144,1,1,'jo0rTqqXqkDN8jrcxFib9UjM9BlDY5Ms9zWEmzD0.jpg','41008687','2022-12-29 12:24:26','2022-12-31 22:00:03',6075,'2022-12-29',1,'29.17662644271699','48.054687045514584',NULL,NULL,0,0,1,'2022-12-31',NULL,NULL),(153,1,1,'J3d6OzZKrfWrdApgQQ0sLXJOM9oqbWny0SZe3Z0h.jpg','556','2023-01-22 14:00:48','2023-01-22 22:00:03',6327,'2023-01-22',1,'37.78583393502708','-122.40641713142396',NULL,NULL,0,0,1,'2023-01-22','555','55'),(154,3,92,'5JGuTxULIpiJomdRq9DqHJKRjZzvsOtzZEdfB5sK.jpg','99','2023-01-22 14:01:29','2023-01-25 22:00:04',6327,'2023-01-22',1,'37.78583393502708','-122.40641713142396',NULL,NULL,10,30,1,'2023-01-25','886758','5678567'),(155,1,79,'AcUgIUFMi23mkCOSHaADDotq6dQzkQzD7mhSi5rz.jpg','55009914','2023-03-14 04:02:50','2023-06-08 21:00:05',6075,'2023-03-14',1,'29.156621506381114','48.088813796639435',NULL,NULL,0,0,1,'2023-06-08',NULL,NULL),(156,1,41,'WoEUvZGr3k6u2ip3gnKf5xFDPazttxMx4O2tTKWC.jpg','97780828','2023-03-14 04:04:36','2023-05-11 21:00:04',6075,'2023-03-14',1,'29.156621506381114','48.088813796639435',NULL,NULL,0,0,1,'2023-05-11',NULL,NULL),(158,3,NULL,'DzZwr7mxT1hYn810Mwq2RRqaGhMMfLV6BYE6Z6VE.jpg','50509940','2023-03-30 23:17:30','2023-04-03 22:00:03',6361,'2023-03-31',1,'29.304685679370458','47.83582180738449',NULL,NULL,NULL,NULL,1,'2023-04-03','null','null'),(159,3,76,'daG6A8FSaRQQ0NivfYTMhHhs4TJYSVzOegGRFy0l.jpg','99222514','2023-04-06 19:34:25','2023-04-09 22:00:04',6361,'2023-04-06',1,'29.164747673601084','48.09122107923031',NULL,NULL,0,0,1,'2023-04-09',NULL,NULL),(160,3,83,'Fnrey3JHWuJc90Rimkd1xS7TJQz0J3CsapepJmsU.jpg','50900733','2023-04-09 16:56:14','2023-04-12 22:00:04',6361,'2023-04-09',1,'29.17660038915314','48.054631724953644',NULL,NULL,0,0,1,'2023-04-12',NULL,NULL),(162,1,86,'YWPljUBDnADbvmNjrc2omhpMOisUtt6jbZFS6jjo.jpg','41008687','2023-04-18 19:33:07','2023-06-07 21:00:04',1,'2023-04-18',1,'29.3117','47.4818',NULL,NULL,NULL,NULL,1,'2023-06-07',NULL,NULL),(165,1,27,'3q6zVINO6PwOOs1UsdbEwNtHDdXBZPKpPEZCv0Zo.jpg','41008687','2023-04-19 17:55:32','2023-06-07 21:00:04',6361,'2023-04-19',1,'29.3155591','47.84026009999999',NULL,'الصليبيخات، الكويت‎',0,0,1,'2023-06-07',NULL,NULL),(166,1,55,'PQaeS1zEnih4unoQacBNCC5IOjzOcVBuWfj5I9g1.jpg','94444082','2023-04-24 22:35:05','2023-05-04 21:00:04',6361,'2023-04-25',1,'29.2437267','47.89473719999999',NULL,'جمعية عبدالله المبارك الصباح التعاونية، عبدالله المبارك الصباح، الكويت‎',0,0,1,'2023-05-04','55526556',NULL),(167,1,41,'pp5afVVkXMRnx0AEhKMvk4WW42OavzOhIdcT1E6M.jpg','41008687','2023-04-25 19:13:27','2023-05-11 21:00:04',6361,'2023-04-25',1,'29.2980237','48.0801025',NULL,NULL,0,0,1,'2023-05-11',NULL,NULL),(168,1,41,'64ahvErq5IsaLcftbxkiucTlxAuoOZDFibQYM2FB.jpg','41008687','2023-04-25 20:03:34','2023-05-11 21:00:04',6361,'2023-04-25',1,'29.2980237','48.0801025',NULL,'مدرسة المغيرة بن نوفل المتوسطة للبنين، شارع سالم غانم الحريص، حريص، الكويت‎',0,0,1,'2023-05-11',NULL,NULL),(169,1,41,'uvRgiGD1zD30MXb96MpmtgO9YRtj8meNSd8y0vs1.jpg','41008687','2023-04-25 22:09:27','2023-05-11 21:00:04',6361,'2023-04-26',1,'29.2980237','48.0801025',NULL,'مدرسة المغيرة بن نوفل المتوسطة للبنين، شارع سالم غانم الحريص، حريص، الكويت‎',0,0,1,'2023-05-11',NULL,NULL),(170,1,41,'N2PUSRxM1HPIRnoGW9fxzDEUXabzXCIhgUIX9p4l.jpg','41008687','2023-04-29 02:52:43','2023-05-11 21:00:04',6361,'2023-04-29',1,'29.2980237','48.0801025',NULL,'مدرسة المغيرة بن نوفل المتوسطة للبنين، شارع سالم غانم الحريص، حريص، الكويت‎',0,0,1,'2023-05-11',NULL,NULL),(171,1,76,'TnfhuPU8gA2YfpPNKyrgsOVfitfBxjVNT8Qpd91V.jpg','41008687','2023-05-01 16:45:18','2023-06-07 21:00:04',6361,'2023-05-01',1,'29.1691087','48.0825523',NULL,NULL,0,0,1,'2023-06-07',NULL,NULL),(172,1,76,'xQbup5PHzs8SDUQI2iDPf2MuRiuFc6MLRvQ0msy5.jpg','41008687','2023-05-01 16:46:55','2023-06-07 21:00:04',6361,'2023-05-01',1,'29.1691087','48.0825523',NULL,NULL,0,0,1,'2023-06-07',NULL,NULL),(173,1,94,'o5McKWA9K06k6UGsqdRMe8Oqg59lDUf8umVfX6QI.jpg','50888682','2023-05-01 17:18:58','2023-06-23 21:00:05',6361,'2023-05-01',1,'29.256005488652374','48.06313030421733',NULL,NULL,0,0,1,'2023-06-23',NULL,NULL),(174,1,94,'itbmtcB4AsClDxhCE102Z8MFvHqEfweLb9HvHoKJ.jpg','لا يوجد','2023-05-01 17:21:55','2023-06-23 21:00:05',6361,'2023-06-08',1,'29.256005488652374','48.06313030421733',NULL,NULL,0,0,1,'2023-06-23',NULL,NULL),(175,1,84,'CwbyRCMrqEeczzyn1nzkAlEPEDG55FM7WnNi0FjH.jpg','41008687','2023-05-01 19:05:00','2023-06-07 21:00:04',6361,'2023-05-01',1,'29.256005488652374','48.06313030421733',NULL,NULL,0,0,1,'2023-06-07',NULL,NULL),(176,1,NULL,'XfQb1aUTDK9Ixw2yjJ20F3oj8fY4tOID3xtFtvYl.jpg','66919291','2023-05-02 15:50:34','2023-06-07 21:00:04',6361,'2023-05-12',1,'28.79915645661937','48.05343244224787',NULL,NULL,NULL,NULL,1,'2023-06-07','null','null'),(177,1,NULL,'gLJS7lEk0Jrj4ujKXbHzCRTPkxSLWaaoqGhSRnEG.jpg','66101000','2023-05-02 17:03:49','2023-06-07 21:00:04',6361,'2023-05-13',1,'29.1024093431772','48.12211509793997',NULL,NULL,NULL,NULL,1,'2023-06-07','50000177','null'),(178,1,NULL,'OW2MbxNmORcVIqG6SXFN3KxfgHeGi3rpxi25gFky.jpg','66999778','2023-05-02 17:18:24','2023-06-07 21:00:04',6361,'2023-05-12',1,'28.79915645661937','48.05343244224787',NULL,NULL,NULL,NULL,1,'2023-06-07','99435556','null'),(179,1,NULL,'GT20Tx6iNB4dpCoHeW4su5kaz73rY63B83PRVn4F.jpg','41008687','2023-05-03 16:40:49','2023-06-07 21:00:04',6361,'2023-05-13',1,'29.1024093431772','48.12211509793997',NULL,NULL,NULL,NULL,1,'2023-06-07','null','null'),(181,1,76,'Jl4c4iDtIG3PBO3dYZa5tI9U2HFfrgJQKOZzQXMN.jpg','41008687','2023-05-04 07:29:03','2023-06-07 21:00:04',6361,'2023-05-04',1,'29.31166','47.481766',NULL,'الكويت‎',0,0,1,'2023-06-07',NULL,NULL),(182,1,NULL,'rsD1ppH8y2kcX5J6AcRMSCemj5WrgsZ845VEUCL4.jpg','99358709','2023-05-04 13:58:11','2023-06-07 21:00:04',6361,'2023-05-12',1,'28.79915645661937','48.05343244224787',NULL,'الكويت‎',NULL,NULL,1,'2023-06-07','97417051','null'),(183,1,16,'bfss8sNultrZT9k0jJclqFdtdb6ObPXqGVctsNKE.jpg','67617266','2023-05-05 14:14:00','2023-06-07 21:00:04',6420,'2023-05-05',1,'29.3481663','47.7588245',NULL,NULL,0,0,1,'2023-06-07',NULL,NULL),(186,1,NULL,'3dHSwUXO1Qi5m2pIy9wB1d84D7OZOBbmeFaOorZC.jpg','99603345','2023-05-05 14:28:05','2023-06-07 21:00:04',6361,'2023-05-12',1,'28.79915645661937','48.05343244224787',NULL,NULL,NULL,NULL,1,'2023-06-07','null','null'),(187,1,NULL,'IJzBxbawmAPTyHKpaM9hQqIu6woCcRD3LIJNiddN.jpg','99122483','2023-05-05 14:35:44','2023-06-07 21:00:04',6361,'2023-05-13',1,'29.1024093431772','48.12211509793997',NULL,'حولي، الكويت‎',NULL,NULL,1,'2023-06-07','null','null'),(188,1,76,'0rpFzqoM6ZhJIr3Y4F3JphJ77qoq0spPIXbkKxNq.jpg','99765958','2023-05-05 14:42:42','2023-06-07 21:00:04',6361,'2023-05-08',1,'29.298373495594912','48.07980526238679',NULL,NULL,NULL,NULL,1,'2023-06-07','56641420','41008687'),(189,1,NULL,'DoOnRMezIxYPnetW6DqFRGJt4vjzL8vWcyjeOhmr.jpg','94106464','2023-05-05 17:53:01','2023-06-07 21:00:04',6361,'2023-05-12',1,'28.79915645661937','48.05343244224787',NULL,'الكويت‎',NULL,NULL,1,'2023-06-07','null','null'),(190,1,76,'MNe1T9pKJqv2BmIBD9S5OUs2MIDaFPCbyzcMQsl7.jpg','41008687','2023-05-05 19:50:14','2023-06-07 21:00:04',6361,'2023-05-05',1,'29.31166','47.481766',NULL,'الكويت‎',0,0,1,'2023-06-07',NULL,NULL),(191,1,NULL,'rBxwkciFtTLyIYKyWDWk80dMcQ0xa5Xt7Pz77mfw.jpg','58888870','2023-05-05 21:14:06','2023-06-07 21:00:04',6361,'2023-05-11',1,'29.153686207734964','48.0727631226182',NULL,'حولي، الكويت‎',NULL,NULL,1,'2023-06-07','null','null'),(192,1,NULL,'GS5moQjOvhL2O3OLenkeqrN1MljZziJZvxSoJUg2.jpg','41008687','2023-05-07 11:38:58','2023-06-07 21:00:04',6361,'2023-05-08',1,'29.298373495594912','48.07980526238679',NULL,NULL,NULL,NULL,1,'2023-06-07','null','null'),(193,1,NULL,'RDv0mOYYnOj5xRJtEyCd7X35OnrWuWn29csc9JWB.jpg','55955551','2023-05-08 12:41:06','2023-06-07 21:00:04',6361,'2023-05-12',1,'28.79915645661937','48.05343244224787',NULL,NULL,NULL,NULL,1,'2023-06-07','55955553','null'),(194,1,1,'1xwWCUNqLN0l1YT9juRnY7ueG1oJxuZg6m7X82Ok.jpg','41008687','2023-05-12 10:07:22','2023-05-12 21:00:05',6361,'2023-05-12',1,'28.79915645661937','48.05343244224787',NULL,NULL,0,0,1,'2023-05-12',NULL,NULL),(195,1,1,'PiAwuAibI2PjM3gZJacafL9aj1RgVieOgWrSnU1S.jpg','41008687','2023-05-12 10:14:55','2023-05-12 21:00:05',6361,'2023-05-12',1,'28.79915645661937','48.05343244224787',NULL,NULL,0,0,1,'2023-05-12',NULL,NULL),(196,3,83,'mVMleu3hxAccSnzQbkqWCTY9gW6KTsmcwxqcDeUY.jpg','لا يوجد','2023-06-07 22:27:30','2023-06-11 21:00:04',6361,'2023-06-08',1,'29.175326098343525','48.0546810105443',NULL,NULL,0,0,1,'2023-06-11',NULL,NULL),(197,1,98,'N350yiZJ3IsvRN6UQye8BGNQJ86CZbkz7FwLV5C9.jpg','لا يوجد','2023-06-09 17:54:43','2023-06-22 21:00:04',6361,'2023-06-09',1,'29.2107575','48.0642574',NULL,NULL,0,0,1,'2023-06-22',NULL,NULL),(198,1,2,'IRsCXr2rQYgixbmRtNz4s4ACPrspPb4HMjTzvLLs.jpg','لا يوجد','2023-06-10 18:39:49','2023-06-17 21:00:04',6361,'2023-06-10',1,'29.25600724371181','48.063136003911495',NULL,NULL,0,0,1,'2023-06-17',NULL,NULL),(199,1,NULL,'9ggisSRBJvpFra1h9dDCOAF6sWg604mjEcklFT5d.jpg','+96567782374','2023-06-19 08:26:30','2023-06-19 21:00:04',6372,'2023-06-19',1,'null','null',NULL,NULL,NULL,NULL,1,'2023-06-19','+99467782374','+35867782374'),(200,3,83,'OOUKvChTy8F16Hybafcn4vuukFo6xsr25xI55gW1.jpg','+965','2023-06-19 09:12:12','2023-06-22 21:00:04',6361,'2023-06-19',1,'29.175916553920544','48.05475980043411',NULL,NULL,0,0,1,'2023-06-22','+965','+965'),(201,3,83,'r0DqymA5YjUeVb6sU4WmTATH4MXZOJ7N8IWi1sX9.jpg','+96550008020','2023-06-20 23:32:33','2023-06-24 21:00:05',6361,'2023-06-21',1,'29.175942022180863','48.05477153509855',NULL,NULL,0,0,1,'2023-06-24','+96599903430','+965'),(202,1,41,'vigfuELd5tp9gYjb1Ogevk5ztEHxanmXNmUELWVO.jpg','+965','2023-06-21 23:02:14','2023-06-29 21:00:04',6361,'2023-06-22',1,'28.789727173093627','48.04863765835761',NULL,NULL,0,0,1,'2023-06-29','+965','+965'),(203,1,41,'TwgfsbsrYYHInRq0ag3iVc7JqjSobpmjYPNIvvZL.jpg','+965','2023-06-21 23:43:05','2023-06-29 21:00:04',6361,'2023-06-22',1,'28.789727173093627','48.04863765835761',NULL,NULL,0,0,1,'2023-06-29','+965','+965'),(204,1,1,'iJxY9Qyg20ZeMt0FSW1nEQuEyr5TvD2aBIVE4u4m.jpg','+965','2023-06-22 04:30:09','2023-06-29 21:00:04',6361,'2023-06-22',1,'null','null',NULL,NULL,0,0,1,'2023-06-29','+965','+965'),(205,1,41,'CSGd0Xs8ztwtZsEK4vHhBLL8t7hY25ExXEnn0y8S.jpg','+965','2023-06-23 18:05:37','2023-06-30 21:00:04',6361,'2023-06-23',1,'null','null',NULL,NULL,0,0,1,'2023-06-30','+965','+965'),(206,1,41,'Daha2UuE2MrJgnYPbLioJQ5h918dB1BDup0qE9Hv.jpg','+965','2023-06-23 22:34:53','2023-06-30 21:00:04',6447,'2023-06-24',1,'null','null',NULL,NULL,0,0,1,'2023-06-30','+965','+965'),(207,1,16,'9gIZPZgIepdy1wnHIDoP02qvHjBGX1FO4D1jLwEq.jpg','+965','2023-06-24 02:38:34','2023-06-26 21:00:05',6361,'2023-06-24',1,'29.3524858','47.75512519999999',NULL,'جمعية مدينة جابر الاحمد الرئيسية - قطعة 6، جابر الاحمد، الكويت‎',0,0,1,'2023-06-26','+965','+965'),(208,1,121,'gZLQSW5SjEeGIH7XQoiPWpYgQ2n7IrdHMRgQJwRh.jpg','+96555522313','2023-07-14 19:18:45','2023-08-21 21:00:04',6361,'2023-07-14',1,'28.7864783','48.070431',NULL,NULL,0,0,1,'2023-08-21',NULL,NULL),(209,3,83,'aS5fvw65tnvcSbzXi25fCLQ4BBp5NPFoctp9jVSz.jpg','+96599471845','2023-07-18 21:55:36','2023-07-22 21:00:04',6361,'2023-07-19',1,'29.1761706','48.0548734',NULL,'مسجد مقبرة صبحان، الظهر، الكويت‎',0,0,1,'2023-07-22',NULL,NULL),(211,1,26,'ccPxAhCHCNSI0YeTMLqJ0cb6iSSSyukPjzmZfMw9.jpg','+96555477077','2023-11-15 17:35:40','2023-11-24 00:00:04',6361,'2023-11-15',1,'29.3250586','47.9830913',NULL,'مدرسة سعد بن عبادة الابتدائية بنين، العديلية، الشويخ الصناعية، الكويت‎',0,0,1,'2023-11-23',NULL,NULL),(212,1,114,'YdDT3l3h8GlI1DTAumAUTbBav8s37sqpMcSIEe5d.jpg','لا يوجد','2023-11-15 17:38:30','2023-11-19 00:00:04',6361,'2023-11-15',1,'29.3264726','47.93622389999999',NULL,'إتحاد الجمعيات التعاونية جمعية الوفرة، الشويخ الصناعية، الكويت‎',0,0,1,'2023-11-18',NULL,NULL),(213,1,26,'kWz9oC5kbY0uQd07eygRfpcNcQTZ1KJuO10jK7H5.jpg','+96551144407','2023-11-16 16:49:57','2023-11-24 00:00:04',6361,'2023-11-20',1,'29.328058','47.98369150000001',NULL,'العديلية، الكويت‎',NULL,NULL,1,'2023-11-23','null','null'),(215,1,26,'k1JdW6CO2QVqWVIlDZiMlgsrvEqNtxLqo7EWGxTl.jpg','لا يوجد','2023-11-20 05:58:38','2023-11-24 00:00:04',6361,'2023-11-20',1,'29.328058','47.98369150000001',NULL,'العديلية، الكويت‎',0,0,1,'2023-11-23',NULL,NULL),(216,1,26,'RLJh4TW9IGOonlliqYPE3t3xifLKU85d1tqnbmzb.jpg','+96597340060','2023-11-20 06:00:15','2023-11-24 00:00:04',6361,'2023-11-20',1,'29.328058','47.98369150000001',NULL,'العديلية، الكويت‎',NULL,NULL,1,'2023-11-23','null','null'),(217,1,26,'o1RXkFPMyVWlhwXJqGEhRA5MxBC54dvSUS61AjvX.jpg','+96566665455','2023-11-20 06:03:22','2023-11-24 00:00:04',6361,'2023-11-20',1,'29.328058','47.98369150000001',NULL,'العديلية، الكويت‎',NULL,NULL,1,'2023-11-23','+96567765455','+96565155455'),(220,2,76,'snDea1loGDRklkp1b45zdm2SFyrCV9HSUK6DoxVb.jpg','+96541008687','2023-12-19 17:32:30','2023-12-23 00:00:04',6361,'2023-12-19',1,'29.31166','47.481766',NULL,'الكويت‎',16,3,1,'2023-12-22',NULL,NULL);

--
