--
-- Host: localhost    Database: topappkw_deal
-- ------------------------------------------------------


--
-- Current Database: `topappkw_deal`
--


--
-- Table structure for table `activity_log`
--

CREATE TABLE `activity_log` (
  `id` bigint unsigned NOT NULL AUTO_INCREMENT,
  `log_name` varchar(191) CHARACTER SET utf8mb4 COLLATE utf8mb4_unicode_ci DEFAULT NULL,
  `description` text CHARACTER SET utf8mb4 COLLATE utf8mb4_unicode_ci NOT NULL,
  `subject_type` varchar(191) CHARACTER SET utf8mb4 COLLATE utf8mb4_unicode_ci DEFAULT NULL,
  `subject_id` bigint unsigned DEFAULT NULL,
  `causer_type` varchar(191) CHARACTER SET utf8mb4 COLLATE utf8mb4_unicode_ci DEFAULT NULL,
  `causer_id` bigint unsigned DEFAULT NULL,
  `properties` json DEFAULT NULL,
  `created_at` timestamp NULL DEFAULT NULL,
  `updated_at` timestamp NULL DEFAULT NULL,
  PRIMARY KEY (`id`),
  KEY `subject` (`subject_type`,`subject_id`),
  KEY `causer` (`causer_type`,`causer_id`),
  KEY `activity_log_log_name_index` (`log_name`)
) ENGINE=InnoDB AUTO_INCREMENT=2 DEFAULT CHARSET=utf8mb4 COLLATE=utf8mb4_unicode_ci;

--
-- Dumping data for table `activity_log`
--

INSERT INTO `activity_log` (`id`, `log_name`, `description`, `subject_type`, `subject_id`, `causer_type`, `causer_id`, `properties`, `created_at`, `updated_at`) VALUES (1,'default','Look, I logged something',NULL,NULL,'App\\User',1,'[]','2021-05-02 17:22:58','2021-05-02 17:22:58');

--
-- Table structure for table `arrival_prices`
--

CREATE TABLE `arrival_prices` (
  `id` bigint unsigned NOT NULL AUTO_INCREMENT,
  `region_id` int DEFAULT NULL,
  `price` double DEFAULT NULL,
  `created_at` timestamp NULL DEFAULT NULL,
  `updated_at` timestamp NULL DEFAULT NULL,
  PRIMARY KEY (`id`)
) ENGINE=InnoDB AUTO_INCREMENT=116 DEFAULT CHARSET=utf8mb4 COLLATE=utf8mb4_unicode_ci;

--
-- Dumping data for table `arrival_prices`
--

INSERT INTO `arrival_prices` (`id`, `region_id`, `price`, `created_at`, `updated_at`) VALUES (1,1,1.25,'2020-08-31 14:01:01','2022-12-31 20:28:09'),(2,2,1.25,'2020-08-31 14:01:01','2022-12-31 20:28:09'),(3,3,0,'2020-08-31 14:01:01','2022-12-31 20:28:09'),(4,4,1.25,'2020-08-31 14:01:01','2022-12-31 20:28:09'),(5,5,1.25,'2020-08-31 14:01:01','2022-12-31 20:28:09'),(6,6,1.25,'2020-08-31 14:01:01','2022-12-31 20:28:09'),(7,7,1.25,'2020-08-31 14:01:01','2022-12-31 20:28:09'),(8,8,1.25,'2020-08-31 14:01:01','2022-12-31 20:28:09'),(9,9,1.25,'2020-08-31 14:01:01','2022-12-31 20:28:09'),(10,10,1.25,'2020-08-31 14:01:01','2022-12-31 20:28:09'),(11,11,1.25,'2020-08-31 14:01:01','2022-12-31 20:28:09'),(12,12,1.25,'2020-08-31 14:01:01','2022-12-31 20:28:09'),(13,13,1.25,'2020-08-31 14:01:01','2022-12-31 20:28:09'),(14,14,1.25,'2020-08-31 14:01:01','2022-12-31 20:28:09'),(15,15,1.25,'2020-08-31 14:01:01','2022-12-31 20:28:09'),(16,16,1.25,'2020-08-31 14:01:01','2022-12-31 20:28:09'),(17,17,1.25,'2020-08-31 14:01:01','2022-12-31 20:28:09'),(18,18,1.25,'2020-08-31 14:01:01','2022-12-31 20:28:09'),(19,19,1.25,'2020-08-31 14:01:01','2022-12-31 20:28:09'),(20,20,1.25,'2020-08-31 14:01:01','2022-12-31 20:28:09'),(21,21,1.25,'2020-08-31 14:01:01','2022-12-31 20:28:09'),(22,22,1.25,'2020-08-31 14:01:01','2022-12-31 20:28:09'),(23,23,1.25,'2020-08-31 14:01:01','2022-12-31 20:28:09'),(24,24,1.25,'2020-08-31 14:01:01','2022-12-31 20:28:09'),(25,25,1.25,'2020-08-31 14:01:01','2022-12-31 20:28:09'),(26,26,1.25,'2020-08-31 14:01:01','2022-12-31 20:28:09'),(27,27,1.25,'2020-08-31 14:01:01','2022-12-31 20:28:09'),(28,28,1.25,'2020-08-31 14:01:01','2022-12-31 20:28:09'),(29,29,1.25,'2020-08-31 14:01:01','2022-12-31 20:28:09'),(30,30,1.25,'2020-08-31 14:01:01','2022-12-31 20:28:09'),(31,31,1.25,'2020-08-31 14:01:01','2022-12-31 20:28:09'),(32,32,1.25,'2020-08-31 14:01:01','2022-12-31 20:28:09'),(33,33,1.25,'2020-08-31 14:01:01','2022-12-31 20:28:09'),(34,34,1.25,'2020-08-31 14:01:01','2022-12-31 20:28:09'),(35,35,1.25,'2020-08-31 14:01:01','2022-12-31 20:28:09'),(36,36,1.25,'2020-08-31 14:01:01','2022-12-31 20:28:09'),(37,43,1.25,'2020-08-31 14:01:01','2022-12-31 20:28:09'),(38,105,1.25,'2020-08-31 14:01:01','2022-12-31 20:28:09'),(39,37,1.25,'2020-08-31 14:01:01','2022-12-31 20:28:09'),(40,38,1.25,'2020-08-31 14:01:01','2022-12-31 20:28:09'),(41,39,1.25,'2020-08-31 14:01:01','2022-12-31 20:28:09'),(42,40,1.25,'2020-08-31 14:01:01','2022-12-31 20:28:09'),(43,41,1.25,'2020-08-31 14:01:01','2022-12-31 20:28:09'),(44,42,1.25,'2020-08-31 14:01:01','2022-12-31 20:28:09'),(45,44,1.25,'2020-08-31 14:01:01','2022-12-31 20:28:09'),(46,45,1.25,'2020-08-31 14:01:01','2022-12-31 20:28:09'),(47,46,1.25,'2020-08-31 14:01:01','2022-12-31 20:28:09'),(48,47,1.25,'2020-08-31 14:01:01','2022-12-31 20:28:09'),(49,48,1.25,'2020-08-31 14:01:01','2022-12-31 20:28:09'),(50,49,1.25,'2020-08-31 14:01:01','2022-12-31 20:28:09'),(51,50,1.25,'2020-08-31 14:01:01','2022-12-31 20:28:09'),(52,51,1.25,'2020-08-31 14:01:01','2022-12-31 20:28:09'),(53,52,1.25,'2020-08-31 14:01:01','2022-12-31 20:28:09'),(54,53,1.25,'2020-08-31 14:01:01','2022-12-31 20:28:09'),(55,90,1.25,'2020-08-31 14:01:01','2022-12-31 20:28:09'),(56,91,1.25,'2020-08-31 14:01:01','2022-12-31 20:28:09'),(57,92,1.25,'2020-08-31 14:01:01','2022-12-31 20:28:09'),(58,93,1.25,'2020-08-31 14:01:01','2022-12-31 20:28:09'),(59,94,1.25,'2020-08-31 14:01:01','2022-12-31 20:28:09'),(60,95,1.25,'2020-08-31 14:01:01','2022-12-31 20:28:09'),(61,96,1.25,'2020-08-31 14:01:01','2022-12-31 20:28:09'),(62,97,1.25,'2020-08-31 14:01:01','2022-12-31 20:28:09'),(63,98,1.25,'2020-08-31 14:01:01','2022-12-31 20:28:09'),(64,99,1.25,'2020-08-31 14:01:01','2022-12-31 20:28:09'),(65,100,1.25,'2020-08-31 14:01:01','2022-12-31 20:28:09'),(66,101,1.25,'2020-08-31 14:01:01','2022-12-31 20:28:09'),(67,102,1.25,'2020-08-31 14:01:01','2022-12-31 20:28:09'),(68,54,1.25,'2020-08-31 14:01:01','2022-12-31 20:28:09'),(69,55,1.25,'2020-08-31 14:01:01','2022-12-31 20:28:09'),(70,56,1.25,'2020-08-31 14:01:01','2022-12-31 20:28:09'),(71,57,1.25,'2020-08-31 14:01:01','2022-12-31 20:28:09'),(72,58,1.25,'2020-08-31 14:01:01','2022-12-31 20:28:09'),(73,59,1.25,'2020-08-31 14:01:01','2022-12-31 20:28:09'),(74,60,1.25,'2020-08-31 14:01:01','2022-12-31 20:28:09'),(75,61,1.25,'2020-08-31 14:01:01','2022-12-31 20:28:09'),(76,62,1.25,'2020-08-31 14:01:01','2022-12-31 20:28:09'),(77,63,1.25,'2020-08-31 14:01:01','2022-12-31 20:28:09'),(78,64,1.25,'2020-08-31 14:01:01','2022-12-31 20:28:09'),(79,65,1.25,'2020-08-31 14:01:01','2022-12-31 20:28:09'),(80,66,1.25,'2020-08-31 14:01:01','2022-12-31 20:28:09'),(81,67,1.25,'2020-08-31 14:01:01','2022-12-31 20:28:09'),(82,68,1.25,'2020-08-31 14:01:01','2022-12-31 20:28:09'),(83,69,1.25,'2020-08-31 14:01:01','2022-12-31 20:28:09'),(84,70,1.25,'2020-08-31 14:01:01','2022-12-31 20:28:09'),(85,71,1.25,'2020-08-31 14:01:01','2022-12-31 20:28:09'),(86,72,1.25,'2020-08-31 14:01:01','2022-12-31 20:28:09'),(87,103,1.25,'2020-08-31 14:01:01','2022-12-31 20:28:09'),(88,104,1.25,'2020-08-31 14:01:01','2022-12-31 20:28:09'),(89,106,1.25,'2020-08-31 14:01:01','2022-12-31 20:28:09'),(90,107,1.25,'2020-08-31 14:01:01','2022-12-31 20:28:09'),(91,108,1.25,'2020-08-31 14:01:01','2022-12-31 20:28:09'),(92,109,1.25,'2020-08-31 14:01:01','2022-12-31 20:28:09'),(93,110,1.25,'2020-08-31 14:01:01','2022-12-31 20:28:09'),(94,111,1.25,'2020-08-31 14:01:01','2022-12-31 20:28:09'),(95,112,1.25,'2020-08-31 14:01:01','2022-12-31 20:28:09'),(96,113,1.25,'2020-08-31 14:01:01','2022-12-31 20:28:09'),(97,73,1.25,'2020-08-31 14:01:01','2022-12-31 20:28:09'),(98,74,1.25,'2020-08-31 14:01:01','2022-12-31 20:28:09'),(99,75,1.25,'2020-08-31 14:01:01','2022-12-31 20:28:09'),(100,76,1.25,'2020-08-31 14:01:01','2022-12-31 20:28:09'),(101,77,1.25,'2020-08-31 14:01:01','2022-12-31 20:28:09'),(102,78,1.25,'2020-08-31 14:01:01','2022-12-31 20:28:09'),(103,79,1.25,'2020-08-31 14:01:01','2022-12-31 20:28:09'),(104,80,1.25,'2020-08-31 14:01:01','2022-12-31 20:28:09'),(105,81,1.25,'2020-08-31 14:01:01','2022-12-31 20:28:09'),(106,82,1.25,'2020-08-31 14:01:01','2022-12-31 20:28:09'),(107,83,1.25,'2020-08-31 14:01:01','2022-12-31 20:28:09'),(108,84,1.25,'2020-08-31 14:01:01','2022-12-31 20:28:09'),(109,85,1.25,'2020-08-31 14:01:01','2022-12-31 20:28:09'),(110,86,1.5,'2020-08-31 14:01:01','2022-12-31 20:28:09'),(111,87,1.25,'2020-08-31 14:01:01','2022-12-31 20:28:09'),(112,88,1.5,'2020-08-31 14:01:01','2022-12-31 20:28:09'),(113,89,1.5,'2020-08-31 14:01:01','2022-12-31 20:28:09'),(114,114,3,'2021-12-15 10:53:28','2022-12-31 20:28:09'),(115,115,1.25,'2022-01-22 11:20:42','2022-12-31 20:28:09');

--
-- Table structure for table `arrival_times`
--

CREATE TABLE `arrival_times` (
  `id` int unsigned NOT NULL AUTO_INCREMENT,
  `arrival_id` int unsigned DEFAULT NULL,
  `from` varchar(191) CHARACTER SET utf8mb4 COLLATE utf8mb4_unicode_ci NOT NULL,
  `to` varchar(191) CHARACTER SET utf8mb4 COLLATE utf8mb4_unicode_ci NOT NULL,
  `created_at` timestamp NULL DEFAULT NULL,
  `updated_at` timestamp NULL DEFAULT NULL,
  PRIMARY KEY (`id`),
  KEY `arrival_times_arrival_id_foreign` (`arrival_id`),
  CONSTRAINT `arrival_times_arrival_id_foreign` FOREIGN KEY (`arrival_id`) REFERENCES `arrivals` (`id`) ON DELETE CASCADE
) ENGINE=InnoDB AUTO_INCREMENT=29 DEFAULT CHARSET=utf8mb4 COLLATE=utf8mb4_unicode_ci;

--
-- Dumping data for table `arrival_times`
--

INSERT INTO `arrival_times` (`id`, `arrival_id`, `from`, `to`, `created_at`, `updated_at`) VALUES (4,3,'12:00','15:00','2022-11-17 05:33:55','2022-11-24 17:40:59'),(5,3,'15:00','19:00','2022-11-17 05:33:55','2022-11-24 17:40:59'),(6,4,'12:00','15:00','2022-11-17 05:41:23','2022-11-24 17:41:31'),(7,5,'12:00','15:00','2022-11-17 05:41:31','2022-11-24 17:41:51'),(9,7,'12:00','15:00','2022-11-17 05:41:45','2022-11-24 17:42:36'),(10,2,'12:00','15:00','2022-11-17 05:49:33','2022-11-24 17:40:10'),(11,2,'15:00','19:00','2022-11-17 05:49:33','2022-11-24 17:40:32'),(24,6,'12:00','15:00','2022-11-20 20:55:50','2022-11-24 17:42:10'),(25,4,'15:00','19:00','2022-11-24 17:41:28','2022-11-24 17:41:32'),(26,5,'15:00','19:00','2022-11-24 17:41:50','2022-11-24 17:41:51'),(27,6,'15:00','19:00','2022-11-24 17:42:07','2022-11-24 17:42:10'),(28,7,'15:00','19:00','2022-11-24 17:42:35','2022-11-24 17:42:36');

--
-- Table structure for table `arrivals`
--

CREATE TABLE `arrivals` (
  `id` int unsigned NOT NULL AUTO_INCREMENT,
  `day` varchar(191) CHARACTER SET utf8mb4 COLLATE utf8mb4_unicode_ci DEFAULT NULL,
  `avalibale` tinyint(1) NOT NULL DEFAULT '1',
  `user_id` int unsigned DEFAULT NULL,
  `shippingCompanyId` int unsigned DEFAULT NULL,
  `country_id` int unsigned DEFAULT NULL,
  `government_id` int unsigned DEFAULT NULL,
  `region_id` int unsigned DEFAULT NULL,
  `created_at` timestamp NULL DEFAULT NULL,
  `updated_at` timestamp NULL DEFAULT NULL,
  `price` double(8,2) DEFAULT NULL,
  `cash_delivery_commission` double(8,2) DEFAULT '0.00',
  `company_id` int unsigned DEFAULT NULL,
  `shipping_type_id` int unsigned DEFAULT NULL,
  PRIMARY KEY (`id`),
  KEY `arrivals_user_id_foreign` (`user_id`),
  KEY `arrivals_shippingcompanyid_foreign` (`shippingCompanyId`),
  KEY `arrivals_country_id_foreign` (`country_id`),
  KEY `arrivals_government_id_foreign` (`government_id`),
  KEY `arrivals_region_id_foreign` (`region_id`),
  KEY `arrivals_company_id_foreign` (`company_id`),
  KEY `arrivals_shipping_type_id_foreign` (`shipping_type_id`),
  CONSTRAINT `arrivals_company_id_foreign` FOREIGN KEY (`company_id`) REFERENCES `companies` (`id`) ON DELETE CASCADE,
  CONSTRAINT `arrivals_country_id_foreign` FOREIGN KEY (`country_id`) REFERENCES `countries` (`id`) ON DELETE CASCADE,
  CONSTRAINT `arrivals_government_id_foreign` FOREIGN KEY (`government_id`) REFERENCES `governments` (`id`) ON DELETE CASCADE,
  CONSTRAINT `arrivals_region_id_foreign` FOREIGN KEY (`region_id`) REFERENCES `regions` (`id`) ON DELETE CASCADE,
  CONSTRAINT `arrivals_shipping_type_id_foreign` FOREIGN KEY (`shipping_type_id`) REFERENCES `shippingtypes` (`id`) ON DELETE CASCADE,
  CONSTRAINT `arrivals_shippingcompanyid_foreign` FOREIGN KEY (`shippingCompanyId`) REFERENCES `shippingcompanies` (`id`) ON DELETE CASCADE,
  CONSTRAINT `arrivals_user_id_foreign` FOREIGN KEY (`user_id`) REFERENCES `users` (`id`) ON DELETE CASCADE
) ENGINE=InnoDB AUTO_INCREMENT=8 DEFAULT CHARSET=utf8mb4 COLLATE=utf8mb4_unicode_ci;

--
-- Dumping data for table `arrivals`
--

INSERT INTO `arrivals` (`id`, `day`, `avalibale`, `user_id`, `shippingCompanyId`, `country_id`, `government_id`, `region_id`, `created_at`, `updated_at`, `price`, `cash_delivery_commission`, `company_id`, `shipping_type_id`) VALUES (2,'Saturday',1,NULL,NULL,NULL,NULL,NULL,'2022-11-17 05:33:03','2022-11-17 05:39:10',NULL,0.00,NULL,NULL),(3,'Sunday',1,NULL,NULL,NULL,NULL,NULL,'2022-11-17 05:33:55','2022-11-17 05:33:55',NULL,0.00,NULL,NULL),(4,'Monday',1,NULL,NULL,NULL,NULL,NULL,'2022-11-17 05:41:23','2022-11-17 05:41:23',NULL,0.00,NULL,NULL),(5,'Tuesday',1,NULL,NULL,NULL,NULL,NULL,'2022-11-17 05:41:31','2022-11-17 05:41:31',NULL,0.00,NULL,NULL),(6,'Wednesday',1,NULL,NULL,NULL,NULL,NULL,'2022-11-17 05:41:37','2022-11-17 05:41:37',NULL,0.00,NULL,NULL),(7,'Thursday',1,NULL,NULL,NULL,NULL,NULL,'2022-11-17 05:41:45','2022-11-17 05:41:45',NULL,0.00,NULL,NULL);

--
-- Table structure for table `brand_translations`
--

CREATE TABLE `brand_translations` (
  `id` int unsigned NOT NULL AUTO_INCREMENT,
  `brand_id` int unsigned NOT NULL,
  `name` varchar(191) CHARACTER SET utf8mb4 COLLATE utf8mb4_unicode_ci NOT NULL,
  `meta_keywords` varchar(191) CHARACTER SET utf8mb4 COLLATE utf8mb4_unicode_ci DEFAULT NULL,
  `meta_description` text CHARACTER SET utf8mb4 COLLATE utf8mb4_unicode_ci,
  `locale` varchar(191) CHARACTER SET utf8mb4 COLLATE utf8mb4_unicode_ci NOT NULL,
  `created_at` timestamp NULL DEFAULT NULL,
  `updated_at` timestamp NULL DEFAULT NULL,
  PRIMARY KEY (`id`),
  UNIQUE KEY `brand_translations_brand_id_locale_unique` (`brand_id`,`locale`),
  KEY `brand_translations_locale_index` (`locale`),
  CONSTRAINT `brand_translations_brand_id_foreign` FOREIGN KEY (`brand_id`) REFERENCES `brands` (`id`) ON DELETE CASCADE
) ENGINE=InnoDB AUTO_INCREMENT=153 DEFAULT CHARSET=utf8mb4 COLLATE=utf8mb4_unicode_ci;

--
-- Dumping data for table `brand_translations`
--

INSERT INTO `brand_translations` (`id`, `brand_id`, `name`, `meta_keywords`, `meta_description`, `locale`, `created_at`, `updated_at`) VALUES (1,1,'براند','براند','براند','ar',NULL,NULL),(2,1,'براند','براند','براند','en',NULL,NULL),(3,2,'فلكس ايز',NULL,NULL,'ar',NULL,NULL),(4,2,'Flex Eyes',NULL,NULL,'en',NULL,NULL),(5,3,'ذهب',NULL,NULL,'ar',NULL,NULL),(6,3,'Dahab',NULL,NULL,'en',NULL,NULL),(7,4,'ديور',NULL,NULL,'ar',NULL,NULL),(8,4,'Dior',NULL,NULL,'en',NULL,NULL),(9,5,'شانيل',NULL,NULL,'ar',NULL,NULL),(10,5,'Chanel',NULL,NULL,'en',NULL,NULL),(11,6,'دولتشي اند غابانا',NULL,NULL,'ar',NULL,NULL),(12,6,'Dolce&Gabanna',NULL,NULL,'en',NULL,NULL),(13,7,'كارتير',NULL,NULL,'ar',NULL,NULL),(14,7,'Cartier',NULL,NULL,'en',NULL,NULL),(15,8,'ارماني',NULL,NULL,'ar',NULL,NULL),(16,8,'Armani',NULL,NULL,'en',NULL,NULL),(17,9,'بوس',NULL,NULL,'ar',NULL,NULL),(18,9,'Boss',NULL,NULL,'en',NULL,NULL),(19,10,'قوتشي',NULL,NULL,'ar',NULL,NULL),(20,10,'Gucci',NULL,NULL,'en',NULL,NULL),(21,11,'لانكوم',NULL,NULL,'ar',NULL,NULL),(22,11,'Lancome',NULL,NULL,'en',NULL,NULL),(23,12,'مانسيرا',NULL,NULL,'ar',NULL,NULL),(24,12,'MANCERA',NULL,NULL,'en',NULL,NULL),(25,13,'روبرتو كفالي',NULL,NULL,'ar',NULL,NULL),(26,13,'Roberto Cavalli',NULL,NULL,'en',NULL,NULL),(27,14,'باكو رابان',NULL,NULL,'ar',NULL,NULL),(28,14,'Paca Robanne',NULL,NULL,'en',NULL,NULL),(29,15,'فرزاتشي',NULL,NULL,'ar',NULL,NULL),(30,15,'VERSACE',NULL,NULL,'en',NULL,NULL),(31,16,'هرمز',NULL,NULL,'ar',NULL,NULL),(32,16,'HERMES',NULL,NULL,'en',NULL,NULL),(33,17,'جيرلان',NULL,NULL,'ar',NULL,NULL),(34,17,'GUERLAIN',NULL,NULL,'en',NULL,NULL),(35,18,'غوتييه',NULL,NULL,'ar',NULL,NULL),(36,18,'Gaultier',NULL,NULL,'en',NULL,NULL),(37,19,'جيفنشي',NULL,NULL,'ar',NULL,NULL),(38,19,'Givenshy',NULL,NULL,'en',NULL,NULL),(39,20,'ذا فيس شوب',NULL,NULL,'ar',NULL,NULL),(40,20,'The Face Shop',NULL,NULL,'en',NULL,NULL),(41,21,'أنكر','أنكر',NULL,'ar',NULL,NULL),(42,21,'Anker',NULL,NULL,'en',NULL,NULL),(43,22,'برجوا',NULL,NULL,'ar',NULL,NULL),(44,22,'Bourjois',NULL,NULL,'en',NULL,NULL),(45,23,'جلامز',NULL,NULL,'ar',NULL,NULL),(46,23,'Glam\'s',NULL,NULL,'en',NULL,NULL),(47,24,'ايزادورا',NULL,NULL,'ar',NULL,NULL),(48,24,'IsaDora',NULL,NULL,'en',NULL,NULL),(49,25,'بوبا',NULL,NULL,'ar',NULL,NULL),(50,25,'Pupa',NULL,NULL,'en',NULL,NULL),(51,26,'ريميل لندن',NULL,NULL,'ar',NULL,NULL),(52,26,'Rimmel London',NULL,NULL,'en',NULL,NULL),(53,27,'راي بان',NULL,NULL,'ar',NULL,NULL),(54,27,'Ray-Ban',NULL,NULL,'en',NULL,NULL),(55,28,'شوبارد',NULL,NULL,'ar',NULL,NULL),(56,28,'Chopard',NULL,NULL,'en',NULL,NULL),(57,29,'فيندي',NULL,NULL,'ar',NULL,NULL),(58,29,'Fendi',NULL,NULL,'en',NULL,NULL),(59,30,'دي اند جي',NULL,NULL,'ar',NULL,NULL),(60,30,'Dolce & Gabbana',NULL,NULL,'en',NULL,NULL),(61,31,'اسكبال',NULL,NULL,'ar',NULL,NULL),(62,31,'Scabal',NULL,NULL,'en',NULL,NULL),(63,32,'بنتلي',NULL,NULL,'ar',NULL,NULL),(64,32,'Bentley',NULL,NULL,'en',NULL,NULL),(65,33,'جروفنر',NULL,NULL,'ar',NULL,NULL),(66,33,'Grovesnor',NULL,NULL,'en',NULL,NULL),(67,34,'زينيا',NULL,NULL,'ar',NULL,NULL),(68,34,'Zegna',NULL,NULL,'en',NULL,NULL),(69,35,'دنهل',NULL,NULL,'ar',NULL,NULL),(70,35,'Dunhill',NULL,NULL,'en',NULL,NULL),(71,36,'دروش',NULL,NULL,'ar',NULL,NULL),(72,36,'Drosh',NULL,NULL,'en',NULL,NULL),(73,37,'بايونير',NULL,NULL,'ar',NULL,NULL),(74,37,'Pioneer',NULL,NULL,'en',NULL,NULL),(75,38,'السامي',NULL,NULL,'ar',NULL,NULL),(76,38,'Alsamy',NULL,NULL,'en',NULL,NULL),(77,39,'مورسكي',NULL,NULL,'ar',NULL,NULL),(78,39,'Moresky',NULL,NULL,'en',NULL,NULL),(79,40,'قوي',NULL,NULL,'ar',NULL,NULL),(80,40,'Goui',NULL,NULL,'en',NULL,NULL),(81,41,'سول',NULL,NULL,'ar',NULL,NULL),(82,41,'Soul',NULL,NULL,'en',NULL,NULL),(83,42,'زندور',NULL,NULL,'ar',NULL,NULL),(84,42,'ZENDOURE',NULL,NULL,'en',NULL,NULL),(85,43,'فينيتسي',NULL,NULL,'ar',NULL,NULL),(86,43,'Fenitssi',NULL,NULL,'en',NULL,NULL),(87,44,'تراي',NULL,NULL,'ar',NULL,NULL),(88,44,'try',NULL,NULL,'en',NULL,NULL),(89,45,'الصفاة',NULL,NULL,'ar',NULL,NULL),(90,45,'Alsafat',NULL,NULL,'en',NULL,NULL),(91,46,'انستازيا',NULL,NULL,'ar',NULL,NULL),(92,46,'menstesia',NULL,NULL,'en',NULL,NULL),(93,47,'بيلا',NULL,NULL,'ar',NULL,NULL),(94,47,'Bella',NULL,NULL,'en',NULL,NULL),(95,48,'كالورينا هريرا',NULL,NULL,'ar',NULL,NULL),(96,48,'Calorina helera',NULL,NULL,'en',NULL,NULL),(97,49,'كالفن كلاين',NULL,NULL,'ar',NULL,NULL),(98,49,'Calvin Klein',NULL,NULL,'en',NULL,NULL),(99,50,'جيرلان',NULL,NULL,'ar',NULL,NULL),(100,50,'Gerlan',NULL,NULL,'en',NULL,NULL),(101,51,'مونت بلانك',NULL,NULL,'ar',NULL,NULL),(102,51,'MONTBLANC',NULL,NULL,'en',NULL,NULL),(103,52,'شاريول',NULL,NULL,'ar',NULL,NULL),(104,52,'Charriol',NULL,NULL,'en',NULL,NULL),(105,53,'جاكور',NULL,NULL,'ar',NULL,NULL),(106,53,'Jaguar',NULL,NULL,'en',NULL,NULL),(107,54,'لوريال',NULL,NULL,'ar',NULL,NULL),(108,54,'LOROYALLENSES',NULL,NULL,'en',NULL,NULL),(109,55,'أمارا',NULL,NULL,'ar',NULL,NULL),(110,55,'Amara Lenses',NULL,NULL,'en',NULL,NULL),(111,56,'لامور',NULL,NULL,'ar',NULL,NULL),(112,56,'Lamour',NULL,NULL,'en',NULL,NULL),(113,57,'عدسات ادور',NULL,NULL,'ar',NULL,NULL),(114,57,'Adore Lenses',NULL,NULL,'en',NULL,NULL),(115,58,'Desio',NULL,NULL,'ar',NULL,NULL),(116,58,'Desio',NULL,NULL,'en',NULL,NULL),(117,59,'Diego Dalla Palma',NULL,NULL,'ar',NULL,NULL),(118,59,'Diego Dalla Palma',NULL,NULL,'en',NULL,NULL),(119,60,'diegodallapalma','diegodallapalma',NULL,'ar',NULL,NULL),(120,60,'diegodallapalma','diegodallapalma',NULL,'en',NULL,NULL),(121,61,'براون',NULL,NULL,'ar',NULL,NULL),(122,61,'BRAUN',NULL,NULL,'en',NULL,NULL),(123,62,'بيبيليس',NULL,NULL,'ar',NULL,NULL),(124,62,'BABYLISS',NULL,NULL,'en',NULL,NULL),(125,63,'كنوود',NULL,NULL,'ar',NULL,NULL),(126,63,'KENWOOD',NULL,NULL,'en',NULL,NULL),(127,64,'WAHL',NULL,NULL,'ar',NULL,NULL),(128,64,'WAHL',NULL,NULL,'en',NULL,NULL),(129,65,'هوكو',NULL,NULL,'ar',NULL,NULL),(130,65,'hoco',NULL,NULL,'en',NULL,NULL),(131,66,'جوي رووم',NULL,NULL,'ar',NULL,NULL),(132,66,'Joyroom',NULL,NULL,'en',NULL,NULL),(133,67,'ايفلين',NULL,NULL,'ar',NULL,NULL),(134,67,'Eveline',NULL,NULL,'en',NULL,NULL),(135,68,'PURAX',NULL,NULL,'ar',NULL,NULL),(136,68,'PURAX',NULL,NULL,'en',NULL,NULL),(137,69,'Rejuvi',NULL,NULL,'ar',NULL,NULL),(138,69,'Rejuvi',NULL,NULL,'en',NULL,NULL),(139,70,'فارماسيريس',NULL,NULL,'ar',NULL,NULL),(140,70,'pharmaceris','pharmaceris',NULL,'en',NULL,NULL),(141,71,'كوذليت',NULL,NULL,'ar',NULL,NULL),(142,71,'Kozilite',NULL,NULL,'en',NULL,NULL),(143,72,'سوبر جنرال',NULL,NULL,'ar',NULL,NULL),(144,72,'superGeneral',NULL,NULL,'en',NULL,NULL),(145,73,'كراون',NULL,NULL,'ar',NULL,NULL),(146,73,'crown',NULL,NULL,'en',NULL,NULL),(147,74,'اكسترا',NULL,NULL,'ar',NULL,NULL),(148,74,'Extra',NULL,NULL,'en',NULL,NULL),(149,75,'كريستيان لورانت',NULL,NULL,'ar',NULL,NULL),(150,75,'Christian Laurent',NULL,NULL,'en',NULL,NULL),(151,76,'فارمونا',NULL,NULL,'ar',NULL,NULL),(152,76,'Farmona',NULL,NULL,'en',NULL,NULL);

--
-- Table structure for table `brands`
--

CREATE TABLE `brands` (
  `id` int unsigned NOT NULL AUTO_INCREMENT,
  `image` varchar(191) CHARACTER SET utf8mb4 COLLATE utf8mb4_unicode_ci NOT NULL,
  `user_id` int unsigned DEFAULT NULL,
  `created_at` timestamp NULL DEFAULT NULL,
  `updated_at` timestamp NULL DEFAULT NULL,
  `const` tinyint(1) NOT NULL DEFAULT '0',
  `company_id` int unsigned DEFAULT NULL,
  `categoryShow` int unsigned DEFAULT NULL,
  `place` enum('up','down') CHARACTER SET utf8mb4 COLLATE utf8mb4_unicode_ci NOT NULL DEFAULT 'up',
  `order` int DEFAULT NULL,
  `inside` tinyint(1) DEFAULT '0',
  `searchable` int NOT NULL DEFAULT '0',
  PRIMARY KEY (`id`),
  KEY `brands_user_id_foreign` (`user_id`),
  KEY `brands_company_id_foreign` (`company_id`),
  KEY `brands_categoryshow_foreign` (`categoryShow`),
  CONSTRAINT `brands_categoryshow_foreign` FOREIGN KEY (`categoryShow`) REFERENCES `categories` (`id`) ON DELETE CASCADE,
  CONSTRAINT `brands_company_id_foreign` FOREIGN KEY (`company_id`) REFERENCES `companies` (`id`) ON DELETE CASCADE,
  CONSTRAINT `brands_user_id_foreign` FOREIGN KEY (`user_id`) REFERENCES `users` (`id`) ON DELETE CASCADE
) ENGINE=InnoDB AUTO_INCREMENT=77 DEFAULT CHARSET=utf8mb4 COLLATE=utf8mb4_unicode_ci;

--
-- Dumping data for table `brands`
--

INSERT INTO `brands` (`id`, `image`, `user_id`, `created_at`, `updated_at`, `const`, `company_id`, `categoryShow`, `place`, `order`, `inside`, `searchable`) VALUES (1,'6IP336j049OuLw7Mu19LjeX6a3mTXvQzDshagXfI.jpeg',NULL,'2020-07-30 22:24:37','2020-09-03 11:45:14',1,NULL,NULL,'up',1,0,0),(2,'J59TvpL1dRNvAFHIOzgB1yjnNeca3JqOi7B12mJr.jpg',NULL,'2020-07-30 23:26:01','2023-01-27 22:44:48',0,NULL,NULL,'down',0,0,113),(3,'6Lr6SALAr7L129ExmDuS3bwhOBpOCFskJYRSMUGq.jpg',NULL,'2020-07-31 23:09:51','2023-01-27 22:49:17',0,NULL,NULL,'down',7,0,305),(4,'96zw1EpVUMeyzLZTI3M4dtoaaxFUlmNw0pUpxSTB.jpeg',NULL,'2020-08-03 21:47:48','2023-04-23 18:04:54',0,NULL,NULL,'up',3,1,5204),(5,'wZ4VmRmtNe5emjYO4eyUxZ71p7ptmccRJ8DVRcoz.jpeg',NULL,'2020-08-03 21:49:47','2023-04-23 09:01:40',0,NULL,NULL,'up',2,1,928),(6,'oo2fwa811UZKZeXrQMaLEdgx6jnLMlBoz7lCXKfd.jpeg',NULL,'2020-08-03 21:50:30','2023-04-20 08:36:32',0,NULL,NULL,'up',1,0,486),(7,'wDlSsrmyzempBhzhomltC54bTptZGohyvfiY6Xnp.jpg',NULL,'2020-08-03 21:51:07','2023-04-15 05:32:15',0,NULL,NULL,'down',0,1,1207),(8,'BcZAI6eUX2EOR1guGeRJuRD6y5e0Q75gXJDzvcSZ.jpeg',NULL,'2020-08-03 21:51:40','2023-04-23 18:03:58',0,NULL,NULL,'up',4,1,1132),(9,'eWknLm9tthNqUljayY1Qo1X1jNNGoVPYoWEHdZ7I.jpg',NULL,'2020-08-03 21:52:07','2021-01-17 14:54:09',1,NULL,NULL,'down',0,0,0),(10,'u8fdUP6aHanAAiNIt3KfXtQzglPjVuwtY70tiR7A.jpeg',NULL,'2020-08-03 21:53:52','2023-04-23 09:07:02',0,NULL,NULL,'up',0,0,1706),(11,'Ogt5d59bT2TBxu9xi688pgnQz0spe7JKCGX9wY94.jpeg',NULL,'2020-08-03 21:54:29','2023-01-29 15:48:00',0,NULL,NULL,'up',7,0,265),(12,'iNepk7b7SKWQoOUmIEO6HXRkj0OHdNFyU85YCmbf.jpeg',NULL,'2020-08-03 21:57:43','2023-04-10 04:07:44',0,NULL,NULL,'up',6,0,134),(13,'7ZPXUg444Vs2DSMc768bJOFxyvn5dpMvncYNAquj.jpeg',NULL,'2020-08-03 21:58:47','2023-04-16 09:37:36',0,NULL,NULL,'up',6,0,267),(14,'hTTQezTEK6tp6qzXr8nlRF6m8ShA2Ve2qn9fTV8j.png',NULL,'2020-08-03 21:59:33','2020-08-18 17:50:21',0,NULL,NULL,'down',NULL,0,0),(15,'AhvQNnDWaXqftGoXWlhHgFkT7eSGatDeFiJJHuIk.png',14,'2020-08-03 22:00:09','2020-08-04 14:10:42',0,NULL,NULL,'up',NULL,0,0),(16,'69tQZ5aJzjSnnZFIfjLem1eYU5uTvkZyizj7yIGn.png',14,'2020-08-03 22:00:52','2020-08-04 14:10:59',0,NULL,NULL,'up',NULL,0,0),(17,'bwOI3uK6B13Argez8YALle0TL1K5AvUkByYuLGxm.png',14,'2020-08-03 22:04:24','2020-08-04 14:11:08',0,NULL,NULL,'up',NULL,0,0),(18,'DI3ane52YNhDqK4rSBln5Vyo2NV3DjZTrW7PutVk.png',14,'2020-08-03 22:06:25','2020-08-04 14:11:16',0,NULL,NULL,'up',NULL,0,0),(19,'sO6qGDlSALXWAdE3L0TfzhhC7hTYvLvqye6wVsd4.png',NULL,'2020-08-03 22:07:30','2020-08-17 17:45:36',0,NULL,NULL,'up',NULL,0,0),(20,'URcmjgUFeBNzqjAysOXwOeUofANQbItamVrFCGAe.jpg',NULL,'2020-08-06 12:33:01','2023-04-15 05:32:33',1,NULL,102,'down',1,1,979),(21,'tEHJTSbv4aNikKizOXBKorHAmdwOhCwTF8OMDEeN.jpeg',NULL,'2020-08-06 16:10:55','2020-08-31 18:41:50',1,NULL,NULL,'down',5,0,0),(22,'K31LYUfmAxUX8798IXbMFr6klq1Hb27wc5ZcBYyZ.jpeg',NULL,'2020-08-11 12:01:52','2023-04-15 05:33:02',0,NULL,NULL,'down',0,1,5254),(23,'qwsKjz6d3yatOx9Y4euG6z9o3G3rIa1dObadxvKu.png',15,'2020-08-11 13:31:03','2020-08-11 13:31:03',0,NULL,NULL,'up',NULL,0,0),(24,'U0gcWLrx9NzStMcYVgSwWrdsvoCKQYtQmJyWOWez.png',15,'2020-08-11 13:34:49','2020-08-11 13:34:49',0,NULL,NULL,'up',NULL,0,0),(25,'I473vlIYEvnBSKEKC0gyA4bO7tFWsIMRNM2BXg2G.jpeg',NULL,'2020-08-11 13:36:25','2023-04-23 09:02:14',0,NULL,NULL,'down',0,1,4038),(26,'Zgm8To2g4hDlEdHOFl2F9USspOXVUCNAHdS2zsVF.jpeg',NULL,'2020-08-11 13:37:20','2023-04-16 09:38:08',1,NULL,NULL,'down',0,1,2356),(27,'0sVc2yfMGCQ0JKLIVthUB8ok8cBDr6HmTXQsxGY5.jpeg',NULL,'2020-08-13 13:22:19','2020-08-18 17:50:08',1,NULL,NULL,'down',NULL,0,0),(28,'mgwM4ApZTfyDu28BHVByiEOOXeiQEKMnh9E1Qc8i.jpeg',NULL,'2020-08-13 13:26:26','2020-08-31 18:46:37',1,NULL,NULL,'down',5,0,0),(29,'eQLzOEQP5vzAYu46KlxCeIv3DgJA9uLQTR2svXCo.jpeg',NULL,'2020-08-13 13:27:13','2020-08-31 18:14:28',1,NULL,NULL,'down',3,0,0),(30,'AnBYrsbTDwCOqzyvGv4lDG2MXjXiqQKwvsX7vlVQ.jpeg',NULL,'2020-08-13 13:35:01','2020-08-31 18:46:47',1,NULL,NULL,'down',2,0,0),(31,'x8DTgAI9u2NeTd7Rm7L9OhLHRItfjtgsfjgeldmv.jpeg',NULL,'2020-08-17 17:30:32','2020-08-20 16:30:54',1,NULL,NULL,'up',NULL,0,0),(32,'qLjx3R19vFMHccRSo4bBg14IeON9UdssOJuEZXaU.jpeg',NULL,'2020-08-17 17:34:09','2020-08-20 16:30:55',1,NULL,NULL,'up',NULL,0,0),(33,'NK6kaxsFxtB5kyS1gaSVcOABcK6p5JwO1QTYDvpT.jpeg',NULL,'2020-08-17 17:35:37','2020-08-20 16:30:55',1,NULL,NULL,'up',NULL,0,0),(34,'6qQXRRF4uwH9PzC0k1ZSp399QiIyghQhQQgHh03s.jpeg',NULL,'2020-08-17 17:42:20','2020-08-20 16:30:56',1,NULL,NULL,'up',NULL,0,0),(35,'gYS22Y4GONO58GS94eWFWArOTKXDcco9UkZMryvG.jpeg',NULL,'2020-08-17 17:44:00','2021-02-07 12:10:31',1,NULL,NULL,'up',NULL,0,0),(36,'nSP3MutzQXKJkKWfbWoLokhPLsHZ59jucVJbr6Oz.jpeg',NULL,'2020-08-18 10:00:15','2020-08-20 16:31:00',1,NULL,NULL,'up',NULL,0,0),(37,'ZNxyqy78bD0fpWnnWJH3WS4yH03UDCTU1Va70rNX.jpeg',NULL,'2020-08-18 10:03:53','2020-08-18 10:03:53',0,NULL,NULL,'up',NULL,0,0),(38,'zUSXp8Qhfmc2UAXgJJuhHuGdOeyjcWp11U0IiOhZ.jpeg',NULL,'2020-08-18 10:24:19','2020-08-20 16:31:02',1,NULL,NULL,'up',NULL,0,0),(39,'GZAhlM6C8fl0nwZ4kr4rWYKLgpLlNGreiKzAt5O8.jpeg',NULL,'2020-08-18 10:43:05','2020-08-20 22:19:31',0,NULL,73,'up',0,0,0),(40,'WXPHCIegcVKNtzrIbaUpPyd0Ua9n2qrpwErMMTFZ.jpeg',NULL,'2020-08-18 17:30:39','2020-08-18 17:49:22',0,NULL,NULL,'down',NULL,0,0),(41,'R1F1Z3rEBmsxhr8etxpjm7CXI1KqiDzyvWIQoqrR.jpeg',NULL,'2020-08-18 17:31:12','2020-09-01 09:54:59',1,NULL,NULL,'down',7,0,0),(42,'NwNKM5UR395SsXRa9x5q1QjdsjPpM7RxKH4Zc8xK.jpeg',NULL,'2020-08-18 17:32:10','2020-08-31 18:43:55',1,NULL,NULL,'down',6,0,0),(43,'k0xyhdPEwC5YAl6nrFqJ306oi4PE6RLPo9Zfahaa.jpeg',NULL,'2020-08-19 15:05:08','2020-08-20 16:31:13',1,NULL,NULL,'up',1,0,0),(44,'l0UZvCyI31B9xfWD4WigYjLKQYfloqXtP5ZSHYhg.jpeg',NULL,'2020-08-19 16:38:07','2020-08-20 16:31:14',1,NULL,NULL,'up',1,0,0),(45,'i6zgISio4fG0cKbMrI6Tpmwli1yJa96Q4CtEeZoH.jpeg',NULL,'2020-08-19 16:40:56','2020-08-20 16:31:14',1,NULL,NULL,'up',1,0,0),(46,'LQQx5J1Vss6NBblyJps2JjzB0AOJvHimxWjiDvTn.jpeg',NULL,'2020-08-31 18:40:02','2023-01-26 16:57:30',0,NULL,NULL,'down',1,0,234),(47,'S6EWtdKVc8smTpNe7gwcg6Vub7IsXcMPZb4sTqFJ.jpeg',NULL,'2020-08-31 18:40:37','2023-04-23 09:01:01',0,NULL,NULL,'down',1,0,143),(48,'CCvXp4NF0WEFoxkF4cFzi1IryZwrV3Mxcw5v6nih.jpeg',NULL,'2020-09-01 13:48:31','2020-09-01 13:48:31',0,NULL,NULL,'up',NULL,0,0),(49,'Z8T14jH4Z2AvEVtg76KQwBuxhPGMDe6jDX3skBb6.jpeg',NULL,'2020-09-05 15:02:25','2020-09-05 15:02:25',0,NULL,NULL,'down',NULL,0,0),(50,'pIVrTMu1UrD0dPvVyeAQpPjk2jpT1uVqnb5XBBHh.jpeg',NULL,'2020-09-05 17:24:14','2020-09-05 17:24:14',0,NULL,NULL,'down',NULL,0,0),(51,'gHUDCu4mNhq0Wg4ouWX1Ym1pMcAjpB4afmgf7TT4.png',NULL,'2020-09-09 10:54:01','2023-02-11 09:28:09',0,NULL,NULL,'up',NULL,1,116),(52,'pnQyD40x2a7sh88AsdYgX4MrlNEylDvlatDmburu.png',NULL,'2020-09-09 10:59:48','2020-09-09 10:59:48',0,NULL,NULL,'up',NULL,0,0),(53,'4G81f6TbLIVoifETMXXLvXXkm1jFewzaObLsGsgd.png',NULL,'2020-09-09 11:02:59','2020-09-09 11:02:59',0,NULL,NULL,'up',NULL,0,0),(54,'DfkfoQ8urIvaRvaAbCLoNU06vxV54TLauNzfl32e.png',NULL,'2020-10-11 16:49:29','2021-02-07 12:08:28',1,NULL,NULL,'down',7,0,0),(55,'r9i60QMomDWNctUKHiYsdKtw8bWLlR2Sk1cIpue8.jpeg',NULL,'2020-10-11 17:12:02','2021-02-07 12:09:35',1,NULL,NULL,'down',7,0,0),(56,'bKwdgjWNbptnr1vm4B9F63Ti47bYJrChnuVOlWOW.png',NULL,'2020-10-12 13:51:27','2021-02-07 12:10:07',1,NULL,NULL,'down',7,0,0),(57,'w7ieyOCo6Z8XspgqohKHxX8zXxNXggkErzAbzkg4.jpeg',NULL,'2020-10-12 15:33:14','2021-02-07 12:10:24',1,NULL,NULL,'down',7,0,0),(58,'rKCIzfjEmZJaoksBRtvLLJGxFBQhiEKnK6hRB45b.png',NULL,'2020-10-14 13:13:00','2020-10-14 13:13:00',0,NULL,12,'down',7,0,0),(59,'K1PdlA5jJXAiU5CudIWRuiDu6tmPaWqCNEdXKggr.jpeg',NULL,'2020-10-26 13:18:04','2020-10-27 13:09:39',0,NULL,11,'down',5,0,0),(60,'6oHhJoKYzf84lr9jVdwLmIhrTmrQ1Ekh2otOXGVS.jpeg',NULL,'2020-10-27 13:01:27','2020-10-27 13:06:01',0,NULL,11,'down',0,0,0),(61,'N5kHagwQT96SscJywuYBvy77Hg6BdA3iXlWDeE86.webp',NULL,'2020-11-26 14:28:17','2020-12-22 16:57:55',1,NULL,NULL,'up',1,0,7),(62,'ehBoKPjNrQyzZMPKpS2OkacEtoEFUUPQnuWAmycU.webp',NULL,'2021-01-05 13:43:47','2021-01-07 18:14:21',1,NULL,NULL,'up',0,0,0),(63,'RmHzkl3Yb4LKwKJnot6ADIfmyjqzwCc3iM8fMaAf.png',NULL,'2021-01-05 13:45:17','2021-01-07 18:14:37',1,NULL,NULL,'up',0,0,0),(64,'KXeG3vJPb6g9025B0sjnpMNdyB0OYadzpKQcj6mN.png',NULL,'2021-01-05 13:45:56','2021-01-07 18:14:38',1,NULL,NULL,'up',0,0,3),(65,'doNlU4R5qwwsz6LjsPKVmhZDI1o0aPMVSjCUKx7l.jpg',NULL,'2021-01-14 14:14:49','2021-01-16 11:09:24',0,NULL,10,'up',1,0,0),(66,'2HE1E7jO8CCzIuOjuHoJgWEFRNUVD34Fj1HVugya.png',NULL,'2021-01-14 14:16:07','2021-01-16 11:09:58',0,NULL,10,'up',1,0,0),(67,'MGmqUody1sQO08N04mVbMG07s4IBT94RJJpFCUfX.png',NULL,'2021-02-06 23:58:24','2023-04-15 05:30:29',0,NULL,NULL,'down',6,0,12556),(68,'UFfYDp3qoddgGSch6csSwGylUAABZqpsY0pqGzcZ.jpeg',NULL,'2021-02-27 06:25:54','2021-02-27 06:25:54',0,NULL,NULL,'down',NULL,0,0),(69,'NV77Fv3FYVESf0Hf6E2x3DDrAeOwNlz8mfgN9VmF.png',NULL,'2021-02-27 07:40:41','2021-02-27 07:40:41',0,NULL,NULL,'down',NULL,0,0),(70,'wdgkehqKH9CG3wJbgpJImllo1JNs26OYEwDjf0rm.png',NULL,'2021-03-22 19:43:25','2021-03-22 19:43:25',0,NULL,11,'up',NULL,0,0),(71,'w8C9oKGOxu1t2aawcP1aDMOCGGrWnii7LnuE1gAJ.jpg',NULL,'2021-04-15 20:38:17','2021-04-15 20:39:31',1,NULL,NULL,'up',1,0,0),(72,'PSAGvY9XBYCXd2taAg9av5Rc1LUnvl7lGtlh5CE7.jpg',NULL,'2021-05-26 14:59:25','2021-05-28 12:47:47',1,NULL,NULL,'down',1,0,0),(73,'gI0KiAnShjL4uHuFmdUZoImBjaE5Yq5w0vojK97P.png',NULL,'2021-05-27 13:18:56','2021-05-28 12:48:01',1,NULL,NULL,'up',2,0,0),(74,'WzUTCYawCBpvGo1LHRYNDUFaftLGjBDdrgmWsVz0.png',NULL,'2021-05-27 13:19:50','2021-05-28 12:48:02',1,NULL,NULL,'up',5,0,0),(75,'blotiWoI1enYbc7FQDjNw1A2ynugknnJwd5RLl9j.jpg',NULL,'2022-05-19 11:50:37','2022-05-19 12:32:39',1,NULL,11,'up',2,0,1),(76,'TXFSbDY67l04ramjxATOUIsYyrzpqxZiigVthLIn.png',NULL,'2022-05-19 11:51:51','2022-05-19 12:32:45',1,NULL,11,'up',2,0,0);

--
-- Table structure for table `categories`
--

CREATE TABLE `categories` (
  `id` int unsigned NOT NULL AUTO_INCREMENT,
  `image` varchar(191) CHARACTER SET utf8mb4 COLLATE utf8mb4_unicode_ci NOT NULL,
  `type` tinyint(1) NOT NULL DEFAULT '0',
  `parent_id` int NOT NULL,
  `orderBy` int DEFAULT NULL,
  `orderDown` int DEFAULT NULL,
  `created_at` timestamp NULL DEFAULT NULL,
  `updated_at` timestamp NULL DEFAULT NULL,
  `deleted_at` timestamp NULL DEFAULT NULL,
  `imagecat` varchar(191) CHARACTER SET utf8mb4 COLLATE utf8mb4_unicode_ci DEFAULT NULL,
  `options` enum('normal','brand') CHARACTER SET utf8mb4 COLLATE utf8mb4_unicode_ci NOT NULL DEFAULT 'normal',
  `const` tinyint(1) DEFAULT '0',
  `constType` enum('main','cat') CHARACTER SET utf8mb4 COLLATE utf8mb4_unicode_ci DEFAULT 'main',
  `image_en` varchar(191) CHARACTER SET utf8mb4 COLLATE utf8mb4_unicode_ci DEFAULT NULL,
  `imagecat_en` varchar(191) CHARACTER SET utf8mb4 COLLATE utf8mb4_unicode_ci DEFAULT NULL,
  `searchable` int NOT NULL DEFAULT '0',
  `web` tinyint(1) NOT NULL DEFAULT '0',
  `web_order` int DEFAULT NULL,
  `color` varchar(191) CHARACTER SET utf8mb4 COLLATE utf8mb4_unicode_ci DEFAULT NULL,
  `show_type` enum('hourzintal','vertical') CHARACTER SET utf8mb4 COLLATE utf8mb4_unicode_ci DEFAULT NULL,
  PRIMARY KEY (`id`)
) ENGINE=InnoDB AUTO_INCREMENT=218 DEFAULT CHARSET=utf8mb4 COLLATE=utf8mb4_unicode_ci;

--
-- Dumping data for table `categories`
--

INSERT INTO `categories` (`id`, `image`, `type`, `parent_id`, `orderBy`, `orderDown`, `created_at`, `updated_at`, `deleted_at`, `imagecat`, `options`, `const`, `constType`, `image_en`, `imagecat_en`, `searchable`, `web`, `web_order`, `color`, `show_type`) VALUES (8,'FTCrSyOfrbRijo8ky4Ig3opx6ZDa7mJRASxtYns2.jpeg',1,0,1,8,'2020-07-29 20:27:22','2022-11-17 21:13:09',NULL,'PBHN4ht7XbXruPQDZuUclw0B9UlZehV49qz6iGBl.jpeg','normal',0,'main','cL89WhtE28gDF098aQBloa3ZsFYW6KzTVWZXtyX6.jpeg','qsm1qM7SfOJG8ck8sx0t9WE9ot85ow7fL8f6yXoW.jpeg',0,1,NULL,'#000000',NULL),(9,'aNNHR1Vr0sebU0NIzE8hVUNzerxoNKhP5ILhD6kF.png',1,0,1,7,'2020-07-29 20:29:47','2022-12-08 07:23:58',NULL,'xmDBTVedCa9WdoedT8PoVgD44ZmxMxpYdPWwN6bS.png','normal',0,'main','lJDhyxBs02nsqDx5wVS0i9fDY4GxdU24rWeTP6ac.png','qfbM1dQWnGAxv12VfjPnEebQk2c3tW5Gr8J0M5z1.png',7819,0,NULL,'#000000',NULL),(10,'btJdTehpBU5UkAkCtEVYxStOtJA7bnILTu0P3rAe.jpg',1,0,4,3,'2020-07-29 20:32:16','2023-04-22 17:48:02',NULL,'0yLG1EXQ3s2eMTrJTM4wmHFvWv2vPBRsh80xFEQK.png','normal',0,'main','UCAsQVthMxk9EYyZJeIVkr1ifs9M6KF8AaqfV8hx.jpg','z5RG460rHY3UkR1czak2TI1KzDr1LKspJR1dlL6L.png',5371,1,2,'#fbf9f9',NULL),(11,'soKtXIn7cUaRq5mXYfOyrqNGXGNF35wKcIbvfJc7.jpg',1,0,3,2,'2020-07-29 20:33:55','2023-04-25 14:10:51',NULL,'gyVKQyh3l7YburYXJroChchOHdItXYp0L6FtC8J0.png','normal',1,'main','hUNWwlG0dR7lZAzWcesfiUI9Mb1ZmXTMPtDyQrvm.jpg','JEPBmmE7zE58hRRufvTDPda3Ny3ciOgdQCbk8NpZ.png',10317,1,NULL,'#f7eae9',NULL),(12,'i36gNa4P9p1poftL0Jtd642cQj3EqdAwTOlF6zAe.png',1,0,6,5,'2020-07-29 20:35:43','2022-11-20 00:36:34',NULL,'WPSuWSxiTk1DCI4yGGqyOwx2cTQIyMpv9oGqshiw.jpeg','normal',0,'main','Os9CPF2KzkFrwnhzz82h2qLKxebG56SFAW7McBgJ.png','GDz4xavDH9yLzudrbl6zDwnsjHypjX9SWIFXbd8a.jpeg',1724,1,NULL,'#000000',NULL),(13,'w2aInCCepu1MookXvQ7RId6qusnjjuzYLmqMHJSd.jpeg',1,0,7,7,'2020-07-29 20:38:48','2022-11-17 21:13:09',NULL,'ubJoWtDCEBbxGd7FAHJuLYCHepiYC9Az3YDFZRC4.jpeg','normal',0,'main','SJTAvxNUUAJy85uJBZXRPvYrvEpS3iPM1JSvsY4U.jpeg','gnOkVrrAB7SBfJWwr2FZFO27sGo96dbe3gdgQ8rK.jpeg',0,0,NULL,NULL,NULL),(14,'91Sw1mH6CsuIYbPPt00sxAflo2I3ZoZfQf18gmOe.png',0,12,1,NULL,'2020-07-29 20:42:49','2020-08-16 13:11:25','2020-08-16 13:11:25','PZifbDjFpwWus4pJBtp88QB001pcTC23yxfcogFK.jpeg','brand',0,'cat','wVMCvypD0pHpBgWtQjV3IwGp4dvsYQa8WYZrnGec.png',NULL,0,0,NULL,NULL,NULL),(15,'lsOUblHDm4EsC97BQS26gE5ntESHm1rHNl6C1Hbq.png',0,12,1,NULL,'2020-07-29 20:47:53','2020-08-16 13:11:20','2020-08-16 13:11:20','KGCEiriyHlz29ODPDlUNcDXYnAl5uLNh7M6ikFQ3.png','brand',0,'cat',NULL,NULL,0,0,NULL,NULL,NULL),(16,'jRFv6qPcvKgduoo1kgGgxZM5xYCZl8maO7WJMfz3.png',0,12,1,NULL,'2020-07-29 20:48:38','2020-08-16 13:11:16','2020-08-16 13:11:16','bK2oCmZeGpETpGSLod8g4lOzoc9BR4jPqhmlTNIP.jpeg','brand',0,'cat','IL9XEBWn9mvxayQ4gRHN4AiBRxPnMz5qB0i0LWK4.png',NULL,0,0,NULL,NULL,NULL),(17,'ZuZ7Y3Gmxzgpi2sRZB8lcUXcylY1Wfp8s6iW9pUe.png',1,12,1,NULL,'2020-07-29 20:52:55','2020-08-16 13:10:59','2020-08-16 13:10:59','kz2HDJFEpUiyzgEDivLnrozKH1Yu7LUmf9JOaUjN.png','brand',0,'cat',NULL,NULL,0,0,NULL,NULL,NULL),(18,'ISWZXAisv3ZkOHxuWgLfsNabhfb85NQMkzFAYdEf.jpeg',0,12,5,NULL,'2020-07-29 20:56:41','2022-11-17 21:13:09',NULL,'1pbbPkG76SdUhAhFt6qx8IkMQiSpJcCL00aEUcrF.jpeg','normal',1,'cat','xvcZfCGCQupdD95wpk54vlaOkS7NNrpf9OhCSsPt.jpeg','Q5nVPzVeGW18VAHiv0XdFKr8q7lUrNBMJUupFPkX.jpeg',193,0,NULL,NULL,NULL),(19,'B6rtAQRsT74kFQXlDK3A8AVPH8gHabX0k3yH3BRe.jpeg',0,12,5,NULL,'2020-07-29 20:58:44','2022-11-17 21:13:09',NULL,'of3QO2RcyvZLdx8h7z2I2XtovZu1ku3rh0U0GjRV.jpeg','normal',1,'cat','telWWNBHPDe6UQ073KtuuQpJr4YK8DiVtCRBjur8.jpeg','Mk1drAkLaj38d5kaStVtRJYGmNtV8rkGB7zkPQgy.jpeg',391,0,NULL,NULL,NULL),(20,'vE0JcHIiZGSYLQYWld51LuezaQttomeRWWEiX1AI.jpeg',0,12,5,NULL,'2020-07-29 21:02:04','2022-11-17 21:13:09',NULL,'bFbReeacwl0urwxAjL2zZCIoykhg5EflLDGiyrRs.jpeg','normal',1,'cat','ifQK5Qpk8uCPtrs7Tli5JvO5cIJadIiirwICp1Pf.jpeg','fL6OuSDlyZNy5OuV2kWn4T1vSZ5ahhv4WeUc9eKP.jpeg',635,0,NULL,NULL,NULL),(21,'tZTlAiOB8jLGVkiZu17F0nCnVg4N6Dc69srrjX1Q.jpeg',1,11,4,NULL,'2020-07-29 21:11:06','2023-04-16 17:31:57',NULL,'GezReYq3DZeyKeVfI848tyD7huWhaon1jAAqVZ4a.png','normal',1,'cat','XVLr9zsmHwqbBOIUQnfRD7jrEBCZRDf01ciSaCOe.jpeg','RmJQPOfFXxdAnVVy5wSeTaIzXL2JFk26lGPvwkaP.png',2363,0,NULL,NULL,NULL),(22,'CHyQtD2dTTqmWGkyLZHdL9kwuNQ4rTMyWpv3jJbZ.jpeg',1,11,4,1,'2020-07-29 21:12:27','2023-04-24 11:36:56',NULL,'bN5osPgzHSSquu2oChko9nEpioEXAv6dCt37sVDu.png','normal',1,'cat','1M1HpBhnC6wsE3kpSqC7L4YPDxMicCGk6vGkUdV2.jpeg','G00FTnidKZOJIEE9o7b0L7MCYdU3Vn4mO0BlsCYl.png',4954,0,NULL,'#ffffff','hourzintal'),(23,'PVqbCpQykDqlNRiKpdXTtl4N7mtAOP00xQzueWIE.jpeg',1,11,4,NULL,'2020-07-29 21:14:42','2023-04-20 12:37:25',NULL,'mvN5o9b5amsdf9XyAOCVLzN2i0ieJdojp8QIOC5w.png','normal',1,'cat','AHKTisGgJYokZ8yZbYXyIxaPO0D2rCNHH5IQ25TU.jpeg','B97DV6h6VKodIOqdxMyCFns1vGz4C0AsMmIy7yBy.png',5388,0,NULL,NULL,NULL),(24,'3XLyxlDyAMiwJGAk8P3D6ca4t19tuq1OQzKKsMKq.jpeg',1,102,NULL,NULL,'2020-07-29 21:15:59','2022-11-17 21:13:09',NULL,'x0Wq0qAn1qtPx1fm2ehC760OrpstwoAk8I2H47hc.jpeg','normal',0,'cat',NULL,NULL,0,0,NULL,NULL,NULL),(25,'7dG1qIYPhzbV2rkTXkPssA1NpGv58XHl7rIcGxLx.jpg',1,11,2,NULL,'2020-07-29 21:17:22','2023-01-29 15:47:27',NULL,'jPSh6Ad6Qou3tw6Ek9XzJuGAWbp4Mkz7kuXhOuZM.jpg','brand',1,'cat','ku0ZoEAnxyuUwAMedAGy4n38kopes4xKWbLlTSib.jpg','yKsL1q1ZnadrKfMD9Bzeq6XdawnHA2avrGXCaEk4.jpg',77,0,NULL,NULL,NULL),(26,'ZySSyKKSJqO9iAWWAZroMI823nYfjnkFQnjTaVFg.jpg',1,11,2,NULL,'2020-07-29 21:17:54','2023-04-20 06:29:41',NULL,'sknugmAkshZluIMSd4kpvTHAz90UcAMUoI6cQHbn.jpg','brand',0,'cat','ZlLB5UbSjuUEZWk3MUTndBw2EzV2OocvIGJBmRUs.jpg','EYybrqXtaaAIsPDFX9twFOleqP3M5TTBZdpsXSYN.jpg',285,0,NULL,NULL,NULL),(27,'bYTZjy2QRHMLRhTHn8tSbponXyrOnYHWDJ4zAJmo.jpg',1,11,2,NULL,'2020-07-29 21:18:26','2023-01-29 15:47:08',NULL,'sYAhZq2XQXEyeFvtGPwSyta7y8L8pG9UgMNdp2aH.jpg','brand',1,'cat','q2Nebt2blbgp5Uh0gc487M9MP9jbTbCDraONzWwy.jpg','QpylFAQvPYw3hhC0ZYuApWbprQ7xdIMfja8EES3N.jpg',100,0,NULL,NULL,NULL),(28,'bt1EjAPD0FMYT4FGklYhhDaoZtnYNeKyGcYQp3m5.jpeg',1,23,4,NULL,'2020-08-01 10:24:18','2022-11-17 21:13:09',NULL,'k51ASLvIqoEgKBSLGpoDRjMWDCF1aN7AqRbaHH8L.jpeg','normal',0,'main',NULL,NULL,222,0,NULL,NULL,NULL),(29,'SxGkEO3DeYVsloWqNDzjPDezLO5e5HpNxdmf51zI.jpg',1,9,5,7,'2020-08-03 11:48:30','2023-04-27 02:40:18',NULL,'XaakUjDA555bvbV0M52IG1axWXUhJwDIpX9mJ6iS.png','normal',1,'main','l4ixsoKdmtEzNZtfd3ZTHymlEMv2I5Eu3zZ1GJIW.jpg','eqHF6tnIToYeGhq8xk9QZXOguDbvrUj873B7rgzz.png',5047,0,NULL,'#ffffff','hourzintal'),(30,'KCDNBwEqnl37sHy1BoQeG0Zi9J3J0PsbN1xCtWPQ.jpg',1,9,5,2,'2020-08-03 11:55:24','2022-11-25 23:53:05',NULL,'wi5kPCGMsVqOTliLIrfI2vbzEyAbBBQMgkn0brYe.png','normal',1,'cat','PPRmqIjKD3yezxGYKNPvV9OKnCPStXohNkUxzo4S.jpg','cBu69HBBwQMEA6Xg15nFaR8yk8xpP3LC4y8B85ju.png',1514,0,NULL,NULL,NULL),(31,'0G3lulQdUgsy7xX58bwI2pgvImM2yUvSDPQiH6pi.jpg',1,9,5,3,'2020-08-03 12:02:50','2022-12-02 02:49:53',NULL,'TdetQTZtWGI8nLEsZ2WvIAcGv3VHBh6iY6m2lBXs.png','normal',1,'cat','BCSZUOQsFyqNM8cAwXc5PfFNS6ysZU1YkWdKRG36.jpg','e5Vjwj0EyoW8aFh31Ws09gGgA9znWEdfGAtbJOJt.png',2142,0,NULL,NULL,NULL),(32,'xFNOdAsLJEhU0NDXP6q3MWcWFUpcHsy3zta0I3MN.jpeg',0,31,1,NULL,'2020-08-03 12:04:16','2022-11-17 21:13:09',NULL,'wQOOE5VXr3ZXbwnQ6fDVIi93ELRQ0LopSlIZurVT.jpeg','normal',1,'cat','uQsyoAHItt0B6a40a4NLfvKJCrOHWbHCBdQlbvgK.jpeg','FyM5jlmmTHHSXdP6Iy2vgXuu88qj8WOPDtwS2eLK.jpeg',2,0,NULL,NULL,NULL),(33,'CMXV8cADcHSzVWYzDN3ixGVcmwDND5w9HOxRTRVm.jpg',1,9,1,1,'2020-08-03 18:59:10','2022-11-17 21:13:09',NULL,'jaVkybp79vVCIBFRFlpZTU4XyZKyPYoxEXVAy5ep.png','brand',1,'cat','siy4vtL6Em1ahhfgjtESlnVpPqQ91vfjizVzAzMM.jpg','dNkFYYPzY2zhLnlwHiqUBGfOiE3iS9j0phFMHc9l.png',57,0,NULL,NULL,NULL),(34,'ZDd4GO0IQYEZkJYbAuddOGwL09dn4nwdNeAbqFYj.jpg',1,9,1,2,'2020-08-03 19:00:35','2022-11-17 21:13:09',NULL,'xZVtjnaVeSQJlJHPTGQqdyRj046mqgBqVdfUFhOG.png','brand',1,'cat','cRVKz8sC5B4hOYm2OQ3eea0Bkt8S0t8Ry2GGfdsx.jpg','OHusx707egRbGiiLFADeBFW0jFxtKWwWBS34jr1L.png',74,0,NULL,NULL,NULL),(35,'KyhSzXcAPzXiDt7WASbwA8ByIhg6s3eDWhiHPYH3.jpg',1,9,1,3,'2020-08-03 19:03:18','2022-11-17 21:13:09',NULL,'kFwtI2A7gbRBV0fHiq1nTELCHuh5VmsLCuwLMytz.jpeg','brand',1,'cat','qEhctS56FOVEvXrFtyFRIaBeReHJGjIvq9kpY9do.jpg','cPfesNMUIuvIRrKO2YKeKg7HCoMaRBSGT5we8LvF.jpeg',31,0,NULL,NULL,NULL),(36,'gEB6QgdBU5BLNC5XeshbS924MQCLASWgbKYkomwU.jpg',1,9,1,4,'2020-08-03 19:04:42','2022-11-17 21:13:09',NULL,'RCCGNeNBH3CawYCM5wk6P5rzFedxuiLlmIuboAnF.png','brand',1,'cat','Brw1YbIVWPsN2d0maiVZIuU3tpJ6fEPvYZdtvYLk.jpg','KpZjlFKQwfe3ezfA5aQrZCja89ulEDwAYhvmNoIw.png',22,0,NULL,NULL,NULL),(37,'8xUD7cNWgXy8FCeRmLiXtOnKFZOiNK0Yp53V8VcW.jpg',1,9,1,5,'2020-08-03 19:06:42','2022-11-17 21:13:09',NULL,'XcmgFPXujU6PRnj7Fim9oykYILdrpGxA1gQtKOYc.jpeg','brand',1,'cat','vfyAeBcttsR0DLwTjeRXO1aXkrd7wS0AgCmhUE9C.jpg','XR0ymKV8d2FLK6TRiWHqNEFUSzK56ilYY5fAWz1G.jpeg',22,0,NULL,NULL,NULL),(38,'lsUb8zmHXNaYYhWyKTZlS1VLY2cJb7H7o95Hk0vc.jpg',1,9,1,5,'2020-08-03 19:12:40','2022-11-17 21:13:09',NULL,'E2Ze7W28CFehRaSRb1nrHUVICmcZb888zUgikNC9.jpeg','brand',1,'cat','tvTuPkDnXtR8KaCHSBtySvbCuTrfpJFsdbSiRcvO.jpg','WKDmfJ2eNmtoJhjXdtsLb0jlsG3ydqYeFYbdiDKD.jpeg',16,0,NULL,NULL,NULL),(39,'FzT7dcNGAbShurPgi7n0k8XU1Uw0yfuGBkQ9Qe4l.jpg',1,9,1,6,'2020-08-03 19:14:38','2022-11-17 21:13:09',NULL,'QflVT7cOUKUN2VvRxB6IhMJRIKCkTuMZrPlMYMDL.png','brand',1,'cat','ceWdV8IRMClTfgU0hFvYJM3sxuerlXRMGoWUgg45.jpg','TJ7OdMswf2GTAf3sUgUmTzEprERwhKSPyik2cmng.png',22,0,NULL,NULL,NULL),(40,'xjDeFldzUxl7THbcYFfKiczgXKgi9xbXwAkBeoRa.png',0,9,4,NULL,'2020-08-03 19:15:49','2022-11-17 21:13:09',NULL,'I12feB2NtuGj68iBFqEuCzVOifHlow5kPHcnZSf4.png','brand',0,'cat','QjnmY1D1JJvjST45WLB8OsLG4nvBCePwdbzNxijT.png','FDtEIth816d8yToRBtoGrnj0sfYQIJZt38ha6wHM.png',8,0,NULL,NULL,NULL),(41,'fMD1vAWAMeMTalWm9JGEvUrhAPg9WLT1fbIHGQgV.jpg',1,9,1,8,'2020-08-03 19:17:27','2022-11-17 21:13:09',NULL,'coJl2CE7AD9LirqH4fJlkG8xWAL3QpnnL5aANRyl.jpeg','brand',1,'cat','1RzByqjigY2LQtSfNCYJeDHjW2MwJGzwrxRn7A8T.jpg','0tMblqe4JsAF8axQcEHwCargRHDyzQdMmZXQ6vqV.jpeg',34,0,NULL,NULL,NULL),(42,'xItgQQY79hdlzzgfhpsJKzGSuSD6NRIIpFfXr2kc.jpg',1,9,1,2,'2020-08-03 19:18:44','2022-11-17 21:13:09',NULL,'lUJaQUVsC1PFckHK4LtE0Q7AbxBwbcLf0umCk4lg.png','brand',1,'cat','uHTnG6aSBmh1ebCCORkl2ClKV1Be4SusTEGiEyPe.jpg','dlo28elc9tEpIgkVwuoyZnf0DhjTVCtirtUCDbIv.png',31,0,NULL,NULL,NULL),(43,'UUh4p9OG2u8Wpa5J30ZBTs2Au9jX1wyBMlbBXEvA.jpg',1,9,1,6,'2020-08-03 19:20:36','2022-11-17 21:13:09',NULL,'m9q7o3mIwVLYS8T37Kw5zvttlOwGVbMoqbqhloDk.jpeg','brand',1,'cat','AYmcodWwVkCLTRlkE37M1cAnYNTYrTZxbDt4oSVW.jpg','6EE5bcFjjWIXX3Hg0UgSEM0kb2KB7yWmQUhh2UsZ.jpeg',23,0,NULL,NULL,NULL),(44,'bgVgF3msRNNck3zK6BfwPmMbhRarVe2TluapEBex.jpg',1,9,1,8,'2020-08-03 19:22:30','2022-11-17 21:13:09',NULL,'KGm1EL4dqoTAJzqM58WMJQJtLzjy80ttxHD7qgeZ.png','brand',1,'cat','fYn7JENLnKdfLWYQrKpGH1nS8xicsZZB07ctRllK.jpg','x7F5XDxrpr1d7WaFYZzY2mrJdLHhlJOGhBAJMvhc.png',20,0,NULL,NULL,NULL),(45,'VoA7r0ilBYFhQHrrJPwFNWUEhbEa0YhR8jhrhwjI.jpg',1,9,1,6,'2020-08-03 21:23:02','2022-11-17 21:13:09',NULL,'cyiA6RuWlmgPeUdVRKMzcdwzUJD6AKYnBLg0HFdH.jpeg','brand',1,'cat','MblJZDHiCiitpzhXCAPN9mJlAHIjikTei80GGKR4.jpg','sXjs7X5qWfW7gGr98FTwreSAQvbUd9JHZLbJ3lTc.jpeg',18,0,NULL,NULL,NULL),(46,'g5X534w5jQmIxrFqTBipIwoqVIqEteMbkOAEQr73.jpg',1,9,1,8,'2020-08-03 21:24:43','2023-02-22 07:55:48',NULL,'xSD6Ucfshvr3XsxTkROzVCDnTdrnOkMYAZT7J57p.png','brand',1,'cat','aICoIne7e7AmbQCuEEszaOAS3D6Q6bl7FaZjNuZR.jpg','SF832FhBtLr2xQixGu38KjuVkr1Z92QtS4Xl6hhF.png',71,0,NULL,NULL,NULL),(47,'BCEioZGjCsexlqJ2zjwH1SFuMq0REqgCN9ogfG1P.jpg',1,9,1,6,'2020-08-03 21:26:34','2022-11-17 21:13:09',NULL,'KkYTQqOLQz1ey10vf1TtJsqgcLgS31AsfIo8cGII.jpeg','brand',1,'cat','t9gIn36r4fxXFZQj5MREM0grssGn3S0tPKNWOmaG.jpg','sh5x4lQiSdlYmFUdEZFE3PbAfiHnzxx1evuabfKP.jpeg',32,0,NULL,NULL,NULL),(48,'Kl4mzVBY5rSYlIQTA2G0lCpxS7YEhCWNemFmjGfc.jpg',1,9,1,7,'2020-08-03 21:29:21','2022-11-17 21:13:09',NULL,'839MZeqeJqT8OtrzmcadxS4r6BP3H2xw8a1MuOpr.png','brand',1,'cat','VsvNpkAyFwGAzyHCoPFWWgNmn9mYJYbghhv9Pvsr.png','ez6sZIy3EI3xfZuMpD9slGoGp5JRb2IiRjhqR28s.png',25,0,NULL,NULL,NULL),(49,'JVkHqExWst0kOi5KHMJ7Z8Zwk1FCoKOw75NpjB7L.jpg',1,9,1,8,'2020-08-03 21:31:07','2022-11-17 21:13:09',NULL,'kHNlIvGkCGmIUpjlVpFFL7BWRoS68VBBJIhnMviV.png','brand',1,'cat','W8LXVEWFMcO4NaoRBrw4M6SlUKqfcbSnDiBBzDnP.jpg','srsyuvuIGyhAjXqKuBY6cK5rtYpkIvrhhFlwEXJ3.png',69,0,NULL,NULL,NULL),(50,'PrUS1tyIttGG4LrU1AXVbrOSjXvMbK2OCGs2BUSx.jpg',1,9,1,6,'2020-08-03 21:32:38','2022-11-17 21:13:09',NULL,'MphjCGhbWILyNJjkYpuBpKwxehKWklPFdFGOwlcf.png','brand',1,'cat','1KGwlpsW8ar6jwxVkBy98m5gIVi9bezanyR1dp4m.jpg','b6e2X4FvadBZoOI0q3JTtVoSD3LdjMW4iSTfVLF6.png',85,0,NULL,NULL,NULL),(51,'NYVELCzcuqe18dV246Oj7Zo1KpzBCMOlhzf1dGoJ.jpeg',0,29,8,NULL,'2020-08-03 23:57:14','2022-11-17 21:13:09',NULL,'nV3m1IpSa2lQbAYj8L8qOgRIbjpmcEUq0yaep3Bp.jpeg','normal',0,'main','LRxH1ZQZCaq5VzUwKR2r1XY8RX0o9oHcnJzlfklP.jpeg','5AKd3yFAf4N5AjqK4obfusaHtTbDAjyUk1WjpOEB.jpeg',0,0,NULL,NULL,NULL),(52,'kvQWsKeZvle9uH2G5LdWCW2hrbL5ZxgsU5dwHA1v.jpeg',0,29,8,NULL,'2020-08-03 23:58:01','2022-11-17 21:13:09',NULL,'K0RsigewAsu5l9mM1fYo7TJsZvTl7YvIjESeDUg5.jpeg','normal',0,'main','Vmax74X8SVZwPJ6JnBBH3XMcFKJhR2gAStlu6T3N.jpeg','jDHbrMS8ows5UAkv7rraewS7Mp4YEv1HIkYpP5r5.jpeg',3,0,NULL,NULL,NULL),(53,'0IYXrUsZU1ckXf5TPVdUYm3TFq04cw1NzYKXwvSx.jpeg',1,10,2,1,'2020-08-04 23:33:46','2023-04-15 05:35:29',NULL,'mQEuaKnU4BfmXx5wzjGynjtYPH9fs7ieLYFrKvj3.png','normal',1,'cat','ZNzh73urBQV0Ms3Dd5DWrqlb9Ouzl8eXEVaXAUcj.jpeg','qzG8qorPOryQA9yRV9avARTozEpM5P6ddVpsMAYN.png',1449,0,NULL,'#000000',NULL),(54,'vashzJa8JHgnbuOQ5yp7IhDPoanho984xHn2icNM.jpeg',1,10,2,1,'2020-08-04 23:36:43','2023-04-15 05:35:07',NULL,'HuQZnCn3sOXgN30Bdke1rxh3d5CMhQnpZ3dVwsMe.png','normal',1,'cat','oDxuocxuHcjhVN4Z0fQrDeIdnYWN1LcQIxztq6dk.jpeg','AzVai9OZVJjrro0H8QG2dOJ7zROGjDXSYPYmxqpi.png',826,0,NULL,'#f3f2f2',NULL),(55,'IbJ5Wbop1yq3oe4OCMSLuhQhIIiDaOyQt5LNxPtN.jpeg',1,10,4,NULL,'2020-08-05 10:20:42','2022-11-17 21:13:09',NULL,'gdq5MyvolgaPcVAwBgL9PFetgxxJp8d1oiPLPDWP.jpeg','normal',0,'cat','8vazFJl23Y6cklkjR3Jnu2N2sayho5Tccgf140Sb.jpeg','8SxtLFQ1m6cBvAvxqIon1zXnIYqpxwLKUmzhLhU7.jpeg',37,0,NULL,NULL,NULL),(56,'ZMH3KnKDbCokzVlyEe1vI3uhYF1vEFa8mFDRDKtW.jpeg',1,55,3,NULL,'2020-08-05 10:24:54','2020-09-13 10:44:48','2020-09-13 10:44:48','Evs2f8poYddcCWzkxrJR6yGWFHLYkxJYyL6T5WOV.jpeg','normal',0,'main','fUNyYSy1ipVl69yWAKQTGfGOWeUU8NOTkEawtVmH.jpeg','2WB92rzK0srWq36e49zy3yTt0v7efwgQcDa4XRVn.jpeg',0,0,NULL,NULL,NULL),(57,'SWHb3ZA6otd4hzdjZtIHdaEqOXxVtjTpc6SjsM29.jpeg',1,55,3,NULL,'2020-08-05 10:33:47','2020-09-13 11:00:29','2020-09-13 11:00:29','3nLPWj9AOAl1B4taznkY0HSlSsdNNwHyaMEytbzD.jpeg','normal',0,'main','PEidOR2TrUrtLkVVm9xAcGpo93blE2sUt2RsmzP0.jpeg','vVIeAJghsKpiLtuTc5tYjugwTVBOgYKF8k8omiS8.jpeg',0,0,NULL,NULL,NULL),(58,'pxFyX8388y2SWVoWyDIs4tsUdnKGasDiTwdfU41Y.jpeg',1,55,3,NULL,'2020-08-05 10:39:01','2020-09-13 11:00:32','2020-09-13 11:00:32','Lsz7iI2MWEwMcm9lSd7HyfQ5c47h1pNwGv02Yzxe.jpeg','normal',0,'main','ZV4WwDQL7LS4L7rBzgu0yJxEEO05XQClOY19gvyV.jpeg','yxJxe97XQVYllOhAtK9DcWy2AjMT1IGJOgthRuaK.jpeg',0,0,NULL,NULL,NULL),(59,'NuRO8LzQDIbpXkmKeVddbvCnLYfOSE28kO4nWQuZ.jpeg',1,55,3,NULL,'2020-08-05 10:43:10','2020-09-13 10:44:57','2020-09-13 10:44:57','spFdEyxpAyVweh2ON8K0a6hkw1QsonE6n35B9YtZ.jpeg','normal',0,'main','BdcKRmDMPrhRomEwiHvEkJJMlBGMCgvUlFFxmX75.jpeg','Iis71L6GSHv8UewoVz6qeHxMgKuafbaQCRvGsAv5.jpeg',0,0,NULL,NULL,NULL),(60,'fSfLuk19H6MAGkIKZd7SZwtCSqNHSxXD5yR0Sn03.jpeg',1,55,3,NULL,'2020-08-05 10:46:14','2020-09-13 10:45:08','2020-09-13 10:45:08','p8Yor0kM7760Id5S4e99yTAYXz14AAvizLCOkKti.jpeg','normal',0,'main','vcocNSO3Afa4fUO9aKuYHlcCWiKpfGakrhe7Doxv.jpeg','Ud5hY95gFKCFFnGHAhgYpLOqgNowZmuJLu0XK30M.jpeg',0,0,NULL,NULL,NULL),(61,'jI90N7CgOGrqPI9H5n9mKr5vM85f7SZ6hYhWFxLA.jpeg',1,10,2,1,'2020-08-05 11:57:47','2023-04-25 04:20:20',NULL,'ksGr2NEJ4CE3jKTpXu9RKCvsksXC7mgEavDhJAmj.png','normal',1,'cat','WmpoOqJt95SgXH7Ah6FXoDK0Qw9vg7g9gSfcYUE9.jpeg','mb3zR3ZsCycAZjC4UiSgiyD4xLu64FTpgVR9Ga4u.png',2425,0,NULL,'#ffffff','hourzintal'),(62,'96F9BVXqXxxNRM3JUUVMXarZtchZwJAMgAXZoeK9.jpeg',1,10,4,NULL,'2020-08-05 12:00:17','2022-11-17 21:13:09',NULL,'7NlZ82sAc6At1vBm0J3rUcIpYushaxRcxPEUkVpr.jpeg','normal',0,'cat','RiQ7mUdFWpnkJZiDW8QqS1ygxQrsMZ5ENGurHXmN.jpeg','z0RL3m7aidNP2OTJKaU4kR2VVD5CGUJmPSTRH2Fz.jpeg',35,0,NULL,NULL,NULL),(63,'mkDhStS8OiOulurJZrS7UtXOwexqr46MaV9peVRQ.jpeg',0,23,4,NULL,'2020-08-06 11:00:11','2022-11-17 21:13:09',NULL,'2aDEAnSLb55S6DzEdlW4k7BoeN94XEXozM41FyHx.jpeg','normal',0,'main','Ylk9fk4oELBtStQj1fc1TmHXbbWb8BdsEU01xZaz.jpeg','xqwcVkq5e79VVRlUaq3zbAdMzL8kL2qcrtgthjid.jpeg',0,0,NULL,NULL,NULL),(64,'u9VEzBBUIXwvl5DUxhpnIxtkFKvhIQDWmeHNC6EJ.jpeg',0,23,4,NULL,'2020-08-06 11:01:36','2022-11-17 21:13:09',NULL,'EULFd7PmzKzcXdbfigwdAJqmEhvgnF1E7oD9BnL8.jpeg','normal',0,'main','0DtRfKUmmEpxbNPZ7Eku9zTrRgfPyJahA4rOu5DO.jpeg','HkHKTJgkPgOzaB01KGV9EVjdbvb8O9NjHNpbnQia.jpeg',16,0,NULL,NULL,NULL),(65,'kxv5jQZLkB6b0fXvi0DOIxVJxnRjNpcC1nVWS37v.jpeg',0,23,4,NULL,'2020-08-06 11:02:34','2022-11-20 03:58:05',NULL,'lLIIeipMAfJ43CKULL3X4EAr4isfeVgkCEKbE4J4.jpeg','normal',0,'main','4erEAbLa0dIAeI62z3CmZ8ze35ahskplt1UF5b2f.jpeg','BZL80bSjdge2O9dWCYQxuiZ5nryBLJPzVOJGfEEt.jpeg',107,0,NULL,NULL,NULL),(66,'',1,21,4,NULL,'2020-08-06 14:14:21','2022-11-17 21:13:09',NULL,NULL,'normal',1,'cat',NULL,NULL,1,0,NULL,NULL,NULL),(67,'',1,22,4,NULL,'2020-08-10 11:12:44','2022-11-17 21:13:09',NULL,NULL,'normal',0,'main',NULL,NULL,108,0,NULL,NULL,NULL),(68,'E4eLTV7f7GJSoR06dvOTGPm6woeltsedaJFTF52i.jpg',1,73,1,1,'2020-08-10 12:10:57','2023-04-18 09:10:51',NULL,'bciE1u88SS4Fcd3tcvJ9bkB2CqJ7v4ZPg3555oAE.png','brand',1,'cat','UuV1jEG2J2y1vlEkkgQPHXW7Zt1wvxZioxDe0wS8.jpg','TFGfAncnNNHAESX404QxZ2Tmk2Pl9WFBG516qNRu.png',939,0,NULL,'#f4f0f0',NULL),(69,'GCGn6sIYX8qqg8ltpx0YGxpZMhmOg7U1RUWCQdhl.jpeg',1,8,8,NULL,'2020-08-10 12:11:32','2022-11-17 21:13:09',NULL,NULL,'normal',1,'cat','xNy2UAevA6DSoITA9wedFn1tG9tVwA8SBEBzDT3a.jpeg',NULL,3,0,NULL,NULL,NULL),(70,'oJxC3L7y104iOw8hm6MMa0KAS5n40D5yXEKtTdpE.jpg',1,11,2,NULL,'2020-08-11 13:03:21','2023-01-29 15:46:52',NULL,'JAe7snDndVvTowR1ELxbxdvM0b3b9WaDZ1HtgsWY.jpg','brand',1,'cat','NnVKOxFNrUihgsONM7bOV6xPJpDL7f9m0Bu4pn8q.jpg','5Z510wZ7JtDiXVCOyIycaKCJjOppEbxBMdYxpzEF.jpg',56,0,NULL,NULL,NULL),(71,'7EIhjAiGD0s00Ty4tY8JUtx1DUeDgWSXC7zQH7l9.jpg',1,11,2,NULL,'2020-08-11 13:08:01','2023-02-20 04:47:26',NULL,'AY1WtIdgWRYYiAPOFYSeBrBmUnVC4gXceAEjpVBh.jpg','brand',1,'cat','nHvIa4UMjryqF1YJNboFkEnasGlOIgLS0hFEuX9U.jpg','ooW6xBy8zkcjkGjrVtXr6NrNFjIYO6uTGi3gEwLG.jpg',114,0,NULL,NULL,NULL),(72,'leaR0pVI2WWPqFaSXBoASE72oJ3iLGh7UqxTpqwv.jpg',1,73,1,2,'2020-08-11 13:53:55','2023-04-18 09:10:37',NULL,'8tIILHcPVrgTmPQWDlSqsEyZfh0zRaqRJvy7kaY5.png','brand',1,'cat','umrtvznpHYyVWHsmaiaVKu7qQlGTYXCEt0ax68kC.jpg','uWhLObJwIK9wTXlFxg0zG5KZXQJnpijS4xMsAXHe.png',1375,0,NULL,'#e1dfdf',NULL),(73,'N89bcEt8WaUtqS0ImzlxMgxdSutb9TNkMZZJn3Hn.jpg',1,0,1,1,'2020-08-11 13:56:12','2023-04-27 02:01:43',NULL,'xKiHEP3UpYOig9X5l3uA3NBY4MiJdkozTMNE5YtE.png','normal',1,'main','iVOQJKHWGZ0cV06DgUyci285bdCOHk9RMrTVc24p.jpg','YEx2WiqbEZUeTalKdxSSbxJ34l7Dt4fDkRVnBnm9.png',9210,1,1,'#f8f3ec',NULL),(74,'ZFRAkhbr4TjynO40O91MYdeprWlp8zyN3D3Bzivg.jpeg',1,61,4,NULL,'2020-08-13 16:53:44','2020-09-13 11:52:57','2020-09-13 11:52:57','ZtZOHAmr5q4P1YlqT4L1zGk0mRNGizMeHqtFyAeW.jpeg','normal',0,'main','rhFCRvMkOJtVSGgrXA2q5VlIVLScjnkOok7tXL8a.jpeg','qYByaXvpkpoZ6p8A7rgAmopSEvqWXTW5aobH2w1k.jpeg',0,0,NULL,NULL,NULL),(75,'zzkadgzKsCbkvOAuxAzR2YP3v9rlmJXHuqouUDpK.jpeg',1,61,4,NULL,'2020-08-13 17:03:11','2022-11-17 21:13:09',NULL,'RsCeujyjfljXpnTLOcQ7wjbVUYIN3Y6VhQYG0xNN.jpeg','normal',0,'main','N0qGSSwWyeGLX3H2EnkGQqDdGaZ0PRXLO2eb5roA.jpeg','GJOCHCLcdPvyQbryrZvtSDYRbPyxLsRxDYvH39QZ.jpeg',0,0,NULL,NULL,NULL),(76,'zWRKW58PAwo3lv03g35qEkxtaLJU7HNtykEtyVV1.jpeg',1,61,3,NULL,'2020-08-13 17:06:47','2020-09-13 10:33:19','2020-09-13 10:33:19','SsdiathApNddqX59s0T7vwgX4ovtQPJ0i73xBiIw.jpeg','normal',0,'main','88jA9MQddxlJQBdqVBAXhz2fAqcPSXrSBo2yYAEq.jpeg','HTaBvwPLlG6rUIjlO7ZV9hYEa4RoFnDnZuELSdNq.jpeg',0,0,NULL,NULL,NULL),(77,'rtrl4HoDtomYZife2iMayCKi7yQXGz5Tgw1h1BdM.jpeg',1,61,3,NULL,'2020-08-13 17:09:25','2020-09-13 10:33:24','2020-09-13 10:33:24','UAwwtTllmZOHFSykQOuoXL673uBAWqg89i863GYn.jpeg','normal',0,'main','noPk7qB7pVWqDIWilkfUoO8MJ9ngoy4ulckJQFmA.jpeg','ELjZIUixLdMIMlL8Dejkts0wl47GoVjl7y171qQs.jpeg',0,0,NULL,NULL,NULL),(78,'6nanAm072liQyW8zsTVNpQr92UnKLzSbZNkRf9HA.jpeg',1,61,4,NULL,'2020-08-13 17:15:19','2020-09-13 10:33:30','2020-09-13 10:33:30','mJXhsSqTgqrhvwrC4anrYOuS5FWYEeMlbIyIVvoH.jpeg','normal',0,'main','iDIqGlpmXOaLuoIUNtLfcVLIIiHPOvSz0nQvHkYe.jpeg','sPKceYXqG4ZJJFfPGAZdsGxjvc5LdilMLchZKoNZ.jpeg',0,0,NULL,NULL,NULL),(79,'ceW8zSAIuqPdBPHt6Do6DmXefCWLDKdNTI2nMIxB.jpeg',1,61,3,NULL,'2020-08-13 17:17:28','2020-09-13 10:33:38','2020-09-13 10:33:38','3JaX9vzSRdaRkj5ZioGDzqwF1HYVhlEoyYMQC57L.jpeg','normal',0,'main','1wGvWEc4I0ZhYwAZZK65rPdswN4JLeqUxykBKmhw.jpeg','sVVH51JQ3QjfqliK6T2L0dcvTo1fJwKgVxnO5lKa.jpeg',0,0,NULL,NULL,NULL),(80,'V7ajflzUw5nP6549JCOP3TsFbumB2o6dOTbotqha.jpeg',1,54,3,NULL,'2020-08-13 17:25:45','2020-09-12 17:15:36','2020-09-12 17:15:36','AKRqyGgn90FIjLvgCTrvGt9hGSuCAogOpAzD1neI.jpeg','normal',0,'main','p3epUOEci9RKpFDfUq0d1uWY0WkDCVFUcRLhLfbX.jpeg','DGdRNCBaYeFbAlbN0dQO7BfjBDzf8grzEvsk88e7.jpeg',0,0,NULL,NULL,NULL),(81,'OpevfoW0m3wy1IthpxE1e7SyGTssaYmNezhkYH5F.jpeg',1,54,3,NULL,'2020-08-13 17:27:56','2020-09-12 17:15:43','2020-09-12 17:15:43','KN8tdNamrlbeOhFdSVDDZQqubSeTEg4Pn5erjjrs.jpeg','normal',0,'main','pjG7KYJeFpYU0URgKuyQwWHxGuTxPPGGWqohHKWD.jpeg','BWtq2WfSf5N69nggp8n1GPXiHkBqlMKk9zZqpy5q.jpeg',0,0,NULL,NULL,NULL),(82,'9VKHeSX6BNMNyGo9RXdhIVsRMOXWf0k8Wxa3FPyB.jpeg',1,53,3,NULL,'2020-08-13 17:51:11','2020-09-12 17:04:25','2020-09-12 17:04:25','vpP64kXVU7QXwxMBvzyEdGcEH76XmwiF7L6NRgiZ.jpeg','normal',0,'main','974ZTD9ybXuwBwARMCAoswyzb6JNFlaiEXZlGGvq.jpeg','sQG7rZMxgZmOkBSHkz2KdVxtdzxZqZAqh6MRMYue.jpeg',0,0,NULL,NULL,NULL),(83,'dov0zxj9x1lEE8Q8QoXYEBxZCnJwnTyPOh3EDGhz.jpeg',1,53,3,NULL,'2020-08-13 17:51:15','2020-09-12 17:13:57','2020-09-12 17:13:57','KWzuk2c05oeNpgG2hBQ6QkTfGTurSimYSnzsqfpE.jpeg','normal',0,'main','xJWfrzji2a8C1zbcHrsaDrmoE7ioeBHv7LjyDtJc.jpeg','gSnO98O3VD9qgeR5uCzHdf75VWAmEcquURU9Fi2J.jpeg',0,0,NULL,NULL,NULL),(84,'xDfB68jaJWlV9eLOi89j0MsDG3YtGaF95sy4G4Pb.jpeg',1,53,3,NULL,'2020-08-13 17:51:17','2020-09-12 17:14:00','2020-09-12 17:14:00','gxe1mOgiH19cxwzFBt38aMjtWIp5MtWodaWpUKru.jpeg','normal',0,'main','1k0DojVYaSg1pCChHTGcMugYKbRaRMI366fvTuEl.jpeg','B6FaDMnD6D46WsqQvh7ADHveladIdvx8JHPozsQy.jpeg',0,0,NULL,NULL,NULL),(85,'OvcHBEVv8ARLn1UFmYFe30JRvpGtORGnhHk6yZai.jpeg',1,61,4,NULL,'2020-08-13 17:51:19','2022-11-17 21:13:09',NULL,'zCQUxAfLQFvJXy4ftWVB3QaKgWcxQ9andUudUTMr.jpeg','normal',0,'main','J9ZVVViLvxCvblHoVys3uF8uDM7b7nT1WaMi6Xfd.jpeg','THoQmJBdo9WA2aIOw6wpKV9Dc5Y3h3BmFIlWXe2w.jpeg',0,0,NULL,NULL,NULL),(86,'3fo6HMysENcWj6Z48RRxYxm0zPpK0masQLQIg8Xu.jpeg',1,85,3,NULL,'2020-08-13 17:58:00','2020-09-13 11:14:49','2020-09-13 11:14:49','32U8d7LO0S3ee5gayYMXC3qJtuKWTcwEtNwx3arT.jpeg','normal',0,'main','RyJPtC1mAiHD7xw1G0hlnvOTWiLoAes8RbmmOQfY.jpeg','WRvnqlY9Mm9RiWZFiXjp89OSIjWIgXkDdBSLe4n9.jpeg',0,0,NULL,NULL,NULL),(87,'A1RIPMCOy9dJSxUibEzbU7LqwtBLlMDz9P7qlcnS.jpeg',1,85,3,NULL,'2020-08-13 17:58:01','2020-09-13 11:14:52','2020-09-13 11:14:52','zxoTreGK2dGddg6zZzilJjUW0eGIHBsm50zDjpqX.jpeg','normal',0,'main','D99MPrQ8OuAfMl82np0m157lOWuLNzLqCitdR59n.jpeg','9jbMhfZJDH0ANYyYMabSUiDi2bekfS9E8qeUEmVM.jpeg',0,0,NULL,NULL,NULL),(88,'MBcCVFjy2c42b3mJTjIfu9vAJnqsR18N9H5vNBp7.jpeg',1,85,3,NULL,'2020-08-13 17:58:05','2020-09-13 11:14:55','2020-09-13 11:14:55','I3hMy03Xl0gDUyEuHlxoLVGP6XHHNYZs2Ak26Tmf.jpeg','normal',0,'main','5KxtmghvgtmttRInVhny4lGz92arhV5o5SEQ0AcF.jpeg','hMcfFZx1cDnQiLEzZf5i1LtcFtUaNukLQg6J49LJ.jpeg',0,0,NULL,NULL,NULL),(89,'93QqNHxjA0tU4stLcjBcW1uYr1pm23sua9F9NANh.jpeg',1,85,3,NULL,'2020-08-13 17:58:10','2020-09-13 11:14:58','2020-09-13 11:14:58','0X1jGp0RJiHHl881NYLi5V7sbKpyBbxBVsfRsf0o.jpeg','normal',0,'main','YAR8sMBLQ6mMR1hzsF8CQVYo5X2uSUMNxxcx8KqD.jpeg','AUBMu5JUafSN31Mjsg794foXH1ZxSX5JTbwSnqck.jpeg',0,0,NULL,NULL,NULL),(90,'yyokgkDNfisVqTZclqEeA54QFUtD8onZ6b6Joet7.jpeg',0,8,8,NULL,'2020-08-16 13:13:59','2022-11-17 21:13:09',NULL,NULL,'normal',1,'cat','qsrg55yJQhsyr14isjbPSYYeltS4AfAgnBNN9jmh.jpeg',NULL,0,0,NULL,NULL,NULL),(91,'Tmmf9uSWd72hzZ4RkFR9bwqs5Wp8NZlFEugkduYQ.jpeg',0,8,8,NULL,'2020-08-16 13:15:19','2023-04-24 11:38:39',NULL,NULL,'normal',1,'cat','s6r21qNHT9XLHNS0Daoxl3tbhClRwGt5EAyiJb18.jpeg',NULL,1729,0,NULL,NULL,NULL),(92,'9GreuBks03phnwKV2trZSviU86yiWheDjw8EufiD.jpg',1,73,1,1,'2020-08-16 15:40:33','2023-04-24 14:15:02',NULL,'24p2PIyORk3Xan9OlRsh2huM6WHK0Hn8qUcd874N.png','normal',1,'cat','MQz0jRdiPUAvDbh7jlkLEqUKH53qNAFLCeb29zXN.jpg','LXOxyyA6JwxLfHGTGsvMXyMugomD5mEHNxs6BhJH.png',4587,0,NULL,'#e9e7e7',NULL),(93,'RySzCHIYkw0i4zQxh9dAra8csgT833SQuViYuupv.jpg',1,73,1,1,'2020-08-16 21:29:06','2023-04-27 02:01:18',NULL,'jcLlm8V0hFTpZThMCV1811nAHaVqk6tClL4OvvyU.png','normal',1,'cat','jT4NRLF2Ya5e33aSZZXCMuspEscF09l9mdAgOAqT.jpg','Y73196VF9dqXCIV0lw8YNrKnoJsT143zgMfnjNMt.png',2108,0,NULL,'#f5f0f0',NULL),(94,'',0,92,1,NULL,'2020-08-16 21:30:32','2021-09-08 16:48:44','2021-09-08 16:48:44',NULL,'normal',0,'cat',NULL,NULL,0,0,NULL,NULL,NULL),(95,'',0,92,3,5,'2020-08-16 21:31:49','2022-11-17 21:13:09',NULL,NULL,'normal',0,'main',NULL,NULL,3,0,NULL,NULL,NULL),(96,'',1,8,8,NULL,'2020-08-18 09:54:53','2022-11-17 21:13:09',NULL,NULL,'normal',0,'main',NULL,NULL,0,0,NULL,NULL,NULL),(97,'',1,92,3,4,'2020-08-18 09:56:48','2022-11-17 21:13:09',NULL,NULL,'normal',0,'cat',NULL,NULL,1,0,NULL,NULL,NULL),(98,'aObgLXTNWsObCBEXmp1OgoxOVcWVgg0DSCSB0vzG.jpg',1,10,4,NULL,'2020-08-18 16:21:11','2023-02-21 12:27:29',NULL,'08nnMTtFCjWXnUNV92H0qkLWFMnUlQubuo43azrH.jpg','brand',1,'cat','1Ey7Y6uLFOB3HT2D2TAGvSBHVStuQBwK46I2r8Sq.jpg','sDg5bs7tFp8Usa89CG2CYNPcjcolHQyxaEmHfLGP.jpg',89,0,NULL,NULL,NULL),(99,'j2uwQQ41PqQX5j82zpUTkAOJwpgy00RE6bnUec57.jpg',0,10,4,NULL,'2020-08-18 16:21:52','2023-02-08 02:58:28',NULL,'Swdn8uPmA9vUAMeKv7Fguv6BdJZCCOe4QpLk4Ctw.jpg','brand',1,'cat','uQhqHC5Doviyl5jLx2NS98OB2e4YsrV2Pw5yRCMF.jpg','9CYaGNYyK9PoRAP5nMapQ39sUwOKjfRi6RvyYDuV.jpg',42,0,NULL,NULL,NULL),(100,'iwMjyibPVE8stvy5eWMFomZvPNzi1ws0Bqlu1yTm.jpg',0,10,4,NULL,'2020-08-18 16:22:56','2023-02-21 12:30:29',NULL,'EDueWZlCBSRGpTehlZ5wkTTyryQAOpD6KK4pF7it.jpg','brand',1,'cat','Vcidb4CyrcPqMh81w6vOk8H9l1EjQtAwsozQ69Tq.jpg','MyRnt45NBdPipA8SortrPMAHHiCE15Ys1pPJiGSZ.jpg',28,0,NULL,NULL,NULL),(101,'kFdRq3rXdLu7whyJ9oK7Fyq2VDVRrwQi7EjOUsef.jpg',0,10,4,NULL,'2020-08-18 16:24:00','2023-02-21 12:31:02',NULL,'7xdZOqG58593uVgmRQlpNdg7ErNKSMZKqEIvJueF.jpg','brand',1,'cat','NfTnSxdILVeqmp63TY0VBhyvLO8sqSJ12lNaYvkr.jpg','ELMvIHhBYSvaFmeP5zopRTBLYd3GUbJ6oZ778hnf.jpg',33,0,NULL,NULL,NULL),(102,'',0,102,6,7,'2020-08-19 11:04:50','2023-04-14 22:46:02',NULL,NULL,'normal',0,'main',NULL,NULL,2,0,NULL,'#edf6fd','hourzintal'),(103,'xWW7AWnY9EL9woBkdbASg9t9nzwOTg3qlKdyStDE.jpeg',1,12,8,NULL,'2020-08-25 15:56:13','2020-09-01 21:50:11','2020-09-01 21:50:11','tnUZXCgXIpuA0MCQhuRGDa7aGSmPGrTHSwGNelcQ.jpeg','brand',0,'main','qMX9l1HX9EadzWdMaEzXR7gEc3BxQJAsOSL9NTDl.jpeg','aUF6Q58MrHYXa2nkVXtiI3FvqBkGahGJGJymXr3u.jpeg',0,0,NULL,NULL,NULL),(104,'',0,102,NULL,NULL,'2020-08-26 16:38:58','2022-11-19 04:12:52',NULL,NULL,'normal',0,'main',NULL,NULL,1304,0,NULL,NULL,NULL),(105,'5xaCs6yRnIMgcWwKmmnDDoDM3qtbk78eIrBzrBNF.png',1,73,1,1,'2020-09-01 13:09:14','2022-11-20 03:59:31',NULL,'gtr2sha9W6iyoQ3sGIMGJTEnNrc62L6T0FMqlFw8.png','normal',0,'main','0iF5Bii47PMy889VhLoPRQsTJoEdixxYjw7qaOhI.png','a0yxpycoUDms9YUsY8wHItp1UCbK0FeEhnT0SzmU.png',2155,0,NULL,'#ffffff',NULL),(106,'aad7rwJOlKI97DI97bOgjYKI9BT5PuYxWvIwj13V.jpeg',1,12,5,NULL,'2020-09-01 21:49:26','2022-11-17 21:13:09',NULL,'BgLUsLrxjeS7HnUsAGMjxPifUeFgGnfXwTpDjdgN.jpeg','brand',1,'cat','WzeuDFX4nmt81YTD4AsfqMRwIcMxEj1ILVMeKixg.jpeg','zY92JEQchDhW3P7oppD3h7o5f7mbvHeOIPHZSECT.jpeg',35,0,NULL,NULL,NULL),(107,'P5T9IN4xoy5YgEXg2abS3RIcmtBKERoa6VzsBGPw.jpeg',1,12,5,NULL,'2020-09-01 21:52:12','2022-11-17 21:13:09',NULL,'5RSV35xy7UwuZkBQE1xQ2FejVdBVYgUNKuNFpfGR.jpeg','brand',1,'cat','o63Nzis0eek5zcgg5U5oD7Jr0SpkdgPahxOyMziB.jpeg','kP8NLFLrj1tKoVUMWz6TwurnW9KGcarm9iyDDD6E.jpeg',82,0,NULL,NULL,NULL),(108,'eC8p1QFNg7Pugc61h9kPlwSVS4IsMq1PraHFY9Ea.jpeg',1,12,5,NULL,'2020-09-01 21:52:57','2022-11-17 21:13:09',NULL,'VnvoDQshTTsQppQat50ue5Du74cWnkOyTpUttBT5.jpeg','brand',1,'cat','ukxTDiO9432ph5wYugOneMLXHnx2ZK5Js5jzOKvA.jpeg','SRmuzlFSh3PR71iH2RCQcXxpZ4DSkb7dIR75NQAb.jpeg',37,0,NULL,NULL,NULL),(109,'Vp6qVmVH91ovwbuLBcmr1dOxKPcVmzbN5pRTUlMo.jpeg',1,61,4,NULL,'2020-09-13 10:48:34','2023-04-26 14:03:40',NULL,'amXPwpNzLjlcWGcRGmA19awxYOwaIiotnMkulZMh.jpeg','normal',0,'main','oZjgKHQm8UPdxvVttlAdr40B79eCMzlfPoL5V22W.jpeg','wEiut0DAumTjIQ44lDCbyyrBfUC2xhYyTU95nrN7.jpeg',176,0,NULL,NULL,NULL),(110,'',1,0,NULL,NULL,'2020-09-13 10:49:19','2020-09-13 10:51:04','2020-09-13 10:51:04',NULL,'normal',0,'main',NULL,NULL,0,0,NULL,NULL,NULL),(111,'G4UoxQf2i9MM7EraXyEM41PjJvjSc9brVP4qt5Z2.jpeg',1,61,4,NULL,'2020-09-15 14:18:47','2022-11-17 21:13:09',NULL,'a5DMpnbd4p7iVSxbojXfX4BXXC1Jg4xadsRAsMop.jpeg','normal',0,'main','ZOxSqTbqN6ij7LwX7CMw8tiNcqSZu6ZLOGqNqfrL.jpeg','8unOsrrp82qFYCFxaxGPRgZEFKaseFzxPpVX7czG.jpeg',1,0,NULL,NULL,NULL),(112,'02BlDr1U7AsdLVPwVNThdqMurhuRBkoIAmKLIadQ.jpeg',1,61,4,NULL,'2020-09-15 14:44:03','2022-11-17 21:13:09',NULL,'nAobxaPdyGb6QK5sxsC6bOVr2QM89OHj2wd5Gn42.jpeg','normal',0,'main','t7QU0maYT44iQUg2gY6hiTqNtWLJDHSyTKn4sfdK.jpeg','YmHEoFSLPzCskxgG66hFpRi0PZGWUXmfKZB37SKa.jpeg',0,0,NULL,NULL,NULL),(113,'x10VtEkyWXtEmb1MwRXZqhOlnDZg3gxONUfEJonA.jpeg',1,12,5,NULL,'2020-10-11 16:52:27','2022-11-17 21:13:09',NULL,'5tsfWvEApO2Cb8hfKniaYq0ruQhKfLMIqhl9FGxW.jpeg','normal',0,'cat','A78ZoRO6Ju2isidacmJsJS6euMvc3yzkIwZH1Its.jpeg','PWiDIaHivOYlSDMNg4Pw8J6I2monr6Qg6DUXCidR.jpeg',0,0,NULL,NULL,NULL),(114,'HMRSNV3FmvBgeWmuPJDlvwKPKTa7HAgN5TkC6usb.jpeg',1,12,5,NULL,'2020-10-11 17:11:18','2022-11-17 21:13:09',NULL,'bk3W1tgXBkJJbUslASZaaDbxtlqSfnlSMoADzXUf.jpeg','normal',0,'cat','BjDm8e7WeWfpmM26Eaj0cWgNbv9Xkt6I0SHXfyyz.jpeg','iSCBTqgb9i3YfHRTKebFFPKAgKkK4443THcZlJrb.jpeg',9,0,NULL,NULL,NULL),(115,'RqY68c4H7ryon5Tj1FE17T21bZ4AnQRVi72vTg26.jpeg',1,12,5,NULL,'2020-10-12 13:53:50','2022-11-17 21:13:09',NULL,'Dmx69kv3WijB7esSsoYgMrrnboIcKr1FA4JYHCIe.jpeg','brand',0,'cat','910XCW0UDPh3IHbBR6GE3KdJp7rsThODfLMYLxWe.jpeg','VB5Uz1j56yhMO4qI8inlX3qEq2fZVftilnd0fnI0.jpeg',0,0,NULL,NULL,NULL),(116,'fosG7mfVjZ9eG4ZXICkLxDAKtNhj02XUMOLZgLcf.jpeg',1,12,5,NULL,'2020-10-12 15:35:23','2022-11-17 21:13:09',NULL,'wWXC3ein45iShWSVTcw042jV0TSluT3Yy2LrkOFT.jpeg','brand',0,'cat','HYDglv91DdEJOUmdPbjWHVW6MSw1MUiAXCye5Ne8.jpeg','iVvs0bfSw4vuX4uQlbTvnnee1D8gzJgQFVGF89S0.jpeg',0,0,NULL,NULL,NULL),(117,'x8PxNbiFYe8irBe9g6KiuCFifZdVC6HZtjj6ZiCZ.jpeg',1,12,5,NULL,'2020-10-14 13:11:41','2022-11-17 21:13:09',NULL,'e3JxurWUaQzq8cKUzpSaUH4OPd2AikMrfPkaKG5M.jpeg','brand',0,'main','MW3OvXmVp12QaCjVuuiA06N5apJpjkTVh6uFYvvo.jpeg','l48adhrdHUDL1yyUScmPGxIJujYtLMrY957rW0qY.jpeg',0,0,NULL,NULL,NULL),(118,'W0FrNXFMv5yczZrVGPpOoXYCJ7OWJHB6o951ag5z.jpg',1,11,2,NULL,'2020-10-26 13:21:42','2023-01-29 15:44:18',NULL,'8yMKEqEjBOXu1VH1Ouc79aLX1roSUQK8y8nw0UxG.jpg','brand',1,'cat','gl5ECnvAf90fXswRB1feeW2N4qRKmPchUOILcwEH.jpg','1GcYEbYeZmDjb9rmxNUQIMPfkOiIvg9jZiha2BJA.jpg',1241,0,NULL,NULL,NULL),(119,'5c9Mu9x3A5hjPWOFDv2XCzYqSmarHF7dxUsKLaQ7.jpeg',1,11,4,NULL,'2020-11-26 14:11:15','2023-04-27 03:21:15',NULL,'PwvjgCk2kNkYHmVo8RloPOhz8QpRSPOtU01iIpdv.png','normal',1,'cat','qGItmGgTIjedgIdj71ljqlaAicg5Ng140Zoty3LZ.jpeg','hKjpCloQcl0g3iKQmjv61Piy0oIPIg68HAtTh0nn.png',1629,0,NULL,NULL,NULL),(120,'dD1ALzFmrGhAaOR6HBLrfiPH5MPC5IIvAVM9mlGw.jpg',1,73,1,3,'2020-11-26 14:14:53','2023-04-18 09:09:51',NULL,'m1RBYdefgDr8VlKSUZwvlnANpL8BQnn0XxvZeLrp.png','brand',1,'cat','rGaNSlzr2yQZRzQK1OSuglo3OqO6QqbTfbklK3j0.jpg','McBghI1qsXt1hbiB5nUbFIsBNmf9VHRFNflodjjI.png',817,0,NULL,'#fafafa',NULL),(121,'knzMWlJnQcYnIryR1Gg5nytHFRh7bvay6s67NY3H.jpg',1,0,7,4,'2020-12-13 15:15:10','2023-04-16 10:57:38',NULL,'JysFxfcRUG1KF5f45XfQNLxW2Y1KIzVLsjBoL3vk.png','normal',0,'main','g6WO3zDN2YsyVDC6y3EyyLmUyonkOtX5XzALsXbu.jpg','UIkX94UXdSLrD8NnGTtCsizZDz3l2KFNKnFXiKQn.png',2244,0,NULL,'#eceffd',NULL),(122,'ytURTZCetxR6rXliDfSA7bM8JYBj6AIIpNrQWI0N.jpg',1,121,6,1,'2020-12-20 16:49:00','2023-01-29 15:51:35',NULL,'jDCvwZsSMVb7VXiM0patbDr2INFBnPqqcfAAfT5N.jpeg','brand',1,'cat','SR2BBlLvkjF6OdMdIYisKOk8viKsP6ZQ1SGKrUsz.jpg','CgfLRLN3GhXcoahUTuRTzGlGP2npFewq13J5Yjus.jpeg',16,0,NULL,NULL,NULL),(123,'JSjidJdKdnjHsekajqeH63zqVXDTLHtk0saiNSU3.jpg',1,130,6,1,'2020-12-20 16:51:14','2022-11-22 03:38:40',NULL,'KY6lFrSPMOQhlmJVhrImQ2wikI72oNCMyumjH5rt.jpeg','normal',1,'cat','eiKkFPfoeklNAyQcvu0v63xl3MkRJYQUwnImCbD7.jpg','jY44F7emeEgh7A2oUqS8NC7cQXE8Y0RV2O1m9iBX.jpeg',136,0,NULL,'#000000',NULL),(124,'WuZRJYqTdxyeLBEruB3GTjBDCnXFOh7hOCb4Agmg.jpg',1,130,6,1,'2020-12-20 16:56:08','2022-11-22 03:38:44',NULL,'6eybaGsVOjnrM5dNZvf6IMeBUUU8h73E9ZeXCwqa.jpeg','normal',1,'cat','K5hbd84vAVmCINmqjvuX6kT09ALl9lzuxR1NaWn4.jpg','nUtvbqRg7B8MbkvSFkw6HgVhbnkRmClnRRu3d1OF.jpeg',132,0,NULL,'#000000',NULL),(125,'a0IlJUUmzD8l4a08YrLfV8KS9HQXQQFR6pU7xAbK.jpg',1,130,6,1,'2020-12-20 16:56:33','2022-11-22 03:38:47',NULL,'sER0iRC1JF1xX9FgncYnWc2yBJr6gesstdbnjDoG.jpeg','brand',1,'cat','D2cDDAmFFPqJas5osqtBa9aNMxHCjCEFQD6GjtB1.jpg','04pSfBvbxUeCbdtQ1pkEcNwVLQox2ySvgLQpMfkO.jpeg',98,0,NULL,'#000000',NULL),(126,'CXV1PAC8TOZoQfmUvXdb2PXqkn1okrluvrV4blJd.jpg',1,137,6,1,'2020-12-20 16:57:47','2022-11-22 03:49:05',NULL,'wDCkK9UPFX3FPb4oEv0gP2og0bT8Yo0m5vPYx6x0.png','normal',1,'cat','s9nGFphW5yx2Obg0jgVmmOzVWgRKNQQDiNMRdnsF.jpg','qmzY2aIXN4o7Zy6Vmkg03jPctE3Xc6qZC5bUVtdX.jpeg',119,0,NULL,'#000000',NULL),(127,'hockR66j6OTivujS5Q1jPYoCG0ZUsWhM7QOjdc8t.jpg',1,121,6,1,'2020-12-20 18:29:29','2023-04-12 09:44:32',NULL,'ZF8LfSD0qM0K1f2C25jqqf6eR5eYRr4EdypY6PhT.png','normal',1,'cat','sCqgqPyFDMR0dXj6cgSR8DJ7dxj1ypLk3pHQvyOO.jpg','5YtSowPXxZ9zifA7ea8oRhwffH2esDyKE4YAsOQp.jpeg',357,0,NULL,'#ffffff',NULL),(128,'',0,121,5,NULL,'2020-12-20 18:30:12','2020-12-26 16:32:19','2020-12-26 16:32:19',NULL,'normal',0,'main',NULL,NULL,0,0,NULL,NULL,NULL),(129,'kVW5eScBXU2cb51q3DTHPxO3gWoMpasUKd5dTLSU.jpg',1,0,6,6,'2020-12-24 12:38:46','2023-04-16 11:03:14',NULL,'ONtRTmBC0ffcNhikyRwEvXdW4oVHqkQrrEkpxieZ.jpg','normal',0,'main','vYlAd11DDeMrIyPhcSu4R8cFxfAd2B0uIOEyZClc.jpg','ejT1SC905IvIyfzVekWIdjKS1ZuYGGD45aENQyp9.jpg',475,0,NULL,'#ffffff',NULL),(130,'wFP5YTStXSOl7Ksy1nthZh73Cs7LXhET8MYcChWk.jpg',1,121,6,1,'2021-01-05 14:16:48','2023-04-15 05:33:35',NULL,'ViGFVhjx42bYhaiKlO752GPmhPec2ZTDPERQUKbr.png','normal',1,'cat','1LmsnbzRP3eL2FwI0FfLP4hQMOVDiChlD8SAiTcZ.jpg','rWhr50T09qRULN1VTNhMjt2xrBwqcMpz6BNznzHa.jpeg',322,0,NULL,'#000000',NULL),(131,'1MqZbharKQH4zssIE3s6A8AO5XpySaKiChP0uG6T.jpeg',0,53,4,NULL,'2021-01-07 18:59:40','2022-11-17 21:13:09',NULL,'Sk0W59ipX37XFZBmheDkyJQXqrnwQ6pG7rzLuHVu.jpeg','normal',0,'main','hNvlb5sDkW5Ux5CoGkwiI7EGGVNhMyRERjhreJ7u.jpeg','pG8nqKi0ATbW7ilsqfWXqesLgwPOEAmJCiEJ53hy.jpeg',0,0,NULL,NULL,NULL),(132,'mV4R95Ku0XDb7YnuELpRX0jds4MDy9jlkahr20wE.png',0,53,4,NULL,'2021-01-07 19:12:09','2022-11-17 21:13:09',NULL,'ZxzBhCqjC5BxyjuOJdzzkfB0kiUz3Czu1Mqc7W5B.png','normal',0,'main','7gnIIDXYgHulsWWfyKveNHOYAb5S75i9FVizEw2s.png','z4JoL9wqyTfrhPb7N9AAtXA7Fbk4CfO6rQ1OQFBV.png',0,0,NULL,NULL,NULL),(133,'oAO1m4ZWYv3gsF1tPjuUd5mJMvpLvz0h2VwkcJwz.png',0,123,6,NULL,'2021-01-09 12:18:18','2021-01-09 14:25:17','2021-01-09 14:25:17','Fj6v6onLOSTIbaAGAjqdTSnoqFWE4xIpG4GEGDRE.png','normal',0,'main','sBvjoKF4yDgrAnnCmQIXogfifxumtWbWk8AtNxP2.png','Ey6txr48JWQyX3o3cGYEqxXvfC8ufm6Kw3oUtQmN.png',0,0,NULL,NULL,NULL),(134,'yP8Unm9aPx7IN2btbsyUklOllLkOiQbSdVuDPAaU.jpg',1,121,6,1,'2021-01-09 15:49:46','2023-01-29 15:50:49',NULL,'8wa0CyOulf8oXb9bXuylBrnAE8Msb70Gsl0KGbXV.jpeg','brand',1,'cat','SJURlqBQGTpq6x7kcWA2DGckG8ODc70oD7rVGRtW.jpg','pNTXo2BYrrmq7sRSMdm1lQ5ABag3jRsIDuDyN6TO.jpeg',12,0,NULL,NULL,NULL),(135,'ETnfQQ95bZzSY6WhXxs2Lh8aJcubujKS9aFpZA3f.jpg',1,121,6,1,'2021-01-10 14:12:25','2023-01-29 15:50:19',NULL,'jsu56ANEyOPxfSYbs1Twv9Syk0sGKS2MxuZk440j.jpeg','brand',1,'cat','WoB4ZGVJYPSvcXxUNApj4aC0hNhCNgwAXKc5Dq88.jpg','DJ90hTAi67Q3qBJOECDOlHHqIOkTl2FlLusdJEOn.jpeg',15,0,NULL,NULL,NULL),(136,'mjnB15efg1TmaAQOp6c4NUFcestfaPlglSBtaeNz.jpg',1,121,6,1,'2021-01-10 14:31:47','2023-01-29 15:50:01',NULL,'E0C19JaOyon7N4gP4xJD2Y7v9xu4v7sd4I4xTN3d.jpeg','brand',1,'cat','8IZcrGTjPeLtY3tDq91Za2YY692Lo8mwy2l5gvKw.jpg','Jh9Djx6wlOsUwZQkfg9tfULApgmJU0fGEve2HrQ1.jpeg',9,0,NULL,NULL,NULL),(137,'lPOlBNK1sxnIErw1xmVYxdlYeb79rXVekq0uJ9ze.jpg',1,121,6,1,'2021-01-11 11:49:47','2023-04-13 08:14:54',NULL,'41BPGCz4Y0LnkTaDwz39e4878VrB1hLNmOCUSWoI.png','normal',1,'cat','kVOoQJrkW4YnpT4O8SDgOiNxTiZsKb9Iig1zujfs.jpg','elU9bG5So62m3xZoQkRI2M7te0hEZzUn9wpvApCw.png',321,0,NULL,'#ffffff',NULL),(138,'5S6zYHabbl3XFnTY2pQoe4Q2HIA1hzuHRoiVcVmG.jpg',1,121,6,1,'2021-01-11 13:06:03','2023-01-29 15:49:48',NULL,'sDhiA9BptzT4igombgJStOOW47By1TPdh8pkjlat.jpeg','brand',1,'cat','vqJXIYJC9Kcjt5B0rAZpabylLQRRS0LrzLI2Up4z.jpg','u6k0T3mqkqCcnD62t6RiKfVSKPl8i5VbsJgoBhRA.jpeg',5,0,NULL,NULL,NULL),(139,'UhZ67eQiUgjbqHQKoABHBW7pn4C6nKdEeIrdWJZD.jpg',1,10,4,NULL,'2021-01-14 14:20:41','2022-11-17 21:13:09',NULL,'oVwpOjUOLXBkYiEbJh8TqqYXGqDGZQQSY2pjYKs3.jpg','brand',0,'main','8aBx3AeDZm5mzjMFpUWyEUSp1nLZ9xYMaZp0zxZU.jpg','s5gyb71Ruh6LfHNtQcXvZ4aEhmSSfjX5qqVJm4DC.jpg',0,0,NULL,NULL,NULL),(140,'ziVEfLeyBgxs1VJb8ieg3lI69nN5irQLM9PaSytP.jpg',1,10,4,NULL,'2021-01-14 14:25:59','2022-11-17 21:13:09',NULL,'cIE1RiBF5ADPZ0L6lrWwvPeO3UfpqIS5iOEfDglj.jpg','brand',0,'main','AypR0Tm5ZebzJCYBMLqwbzj333ijmcZsA0YYsA1h.jpg','m5GNcVqW94tG2JoFl2KKEWjCDc51qJ0xIkrRo1B4.jpg',0,0,NULL,NULL,NULL),(141,'',1,129,7,NULL,'2021-01-21 13:26:57','2022-11-17 21:13:09',NULL,NULL,'normal',0,'main',NULL,NULL,0,0,NULL,NULL,NULL),(142,'',1,129,7,NULL,'2021-01-21 13:32:09','2022-11-17 21:13:09',NULL,NULL,'normal',0,'main',NULL,NULL,0,0,NULL,NULL,NULL),(143,'',1,61,4,NULL,'2021-02-01 14:10:48','2022-11-17 21:13:09',NULL,NULL,'normal',0,'main',NULL,NULL,0,0,NULL,NULL,NULL),(144,'pNQLm1bZwMnIkTLr5Tih26R52E8cX6xFqqffvJ45.png',1,11,2,NULL,'2021-02-06 23:59:49','2021-02-07 13:42:09','2021-02-07 13:42:09','EBgk88zojl7qJcwuf2IVofIcX6XyfcGmixFAWssj.png','brand',0,'main','k0F56rr7AdLji3jBYr7QkY2tTqfMingpbNl4dJzB.png','1hTH1XVtXLBHlz1U2gQyq30L3RSlNlJoFcMY3pgR.png',0,0,NULL,NULL,NULL),(145,'YpE5houXvaVkzgr9lEg5fSJYX8SHonqfiloQdQjs.jpg',1,11,2,NULL,'2021-02-07 13:41:45','2023-04-27 02:38:34',NULL,'LNyQ3jp5q93FWl7oKfIH7Ts0KXX2CWE0ZOT4emSr.jpg','brand',1,'cat','xYLn6iZbfKBwCdjA2JCB1CU6wMnMsSrm7h6i5Tvj.jpg','5ogib7hSy68K2GLBQppXIJ2GkxFfSfJaXqgcpGNW.jpg',1026,0,NULL,NULL,NULL),(146,'gO7PFdIcNWag6jFLtHrZWHoVCakdIyIlaPM0G8Qo.jpg',1,11,2,NULL,'2021-02-07 14:54:04','2023-01-29 15:38:46',NULL,'LkPQljVq91o0X6isvZHFGbvLsyWnQxc8XEJXismR.jpg','brand',1,'cat','m2tJdaNrHAjRNR6LiLcVTreOamEV7TQzAI6I54rz.jpg','Hmy4ytuw9lYQsjvNGw5LydrEBG4051ggjwZLofqN.jpg',52,0,NULL,NULL,NULL),(147,'1qNJgii5mWtCNfBPGJMDAHjsoIGPMzrieZSyi6x9.jpg',0,9,1,NULL,'2021-02-11 08:46:25','2022-11-17 21:13:09',NULL,'2c6cC2dDal2TdIqccZ7aZS6hzQHXXKkqB1lJDxLa.jpg','normal',0,'main','PqGvfnOrUUHsqnT46G5s2oaJkHl07y9vh7EmSmry.jpg','2xAWIpNnMql1BMrTuxmKC2OsFQiGZa9ZnrD90VRJ.jpg',0,0,NULL,NULL,NULL),(148,'J9RnFALQF6NydIRGd1EABCdHAQm3ZNK3p4jkpaDn.jpg',1,9,1,3,'2021-02-14 18:48:51','2022-11-17 21:13:09',NULL,'6Axd3TNv980woq5y5Y3dz7gsOGVY4wYNgLwL4iYm.jpg','brand',0,'cat','4Z8jQwIMDxsTGKqRc3P81T3sYwQWJK39AQY08G4U.jpg','H5wIqmZp1LgvwMJ4Q3SP7JY52GWE05E3m9ZgMkAO.jpg',0,0,NULL,NULL,NULL),(149,'896dQ6ZtmVFF7N7ko8noiLEulR6gT58GyCyO3Zj5.jpg',1,9,1,1,'2021-02-17 15:11:49','2022-11-17 21:13:09',NULL,'7BOpnGvoRvMR9AuB7s5s3Q7rqzO60Ry1rEECz5bK.jpg','brand',0,'cat','No64VAv0DZeKxZ5CLRlBLC5BZGWExgf6hC61ocm6.jpg','rfgtVmysda6UdrJgrFgNuZvUZiinGEnZnthSa6db.jpg',0,0,NULL,NULL,NULL),(150,'2zArncl4vc1PQFcNwwTfDcx7ZOtvRUfmLocrSN1h.jpg',1,9,1,1,'2021-02-17 15:12:40','2022-11-17 21:13:09',NULL,'ezzMOSgFsvt6oezrHJoOfc0onB0viUxFgBeg1Lhz.jpg','brand',0,'cat','I0IBttOGWqR49pqaLuGOHfQDpUTQZKBqZ1naMS2k.jpg','q13ifUIRQyGSBeT9GV7Y2wn5HjVG6dxG9zk67H4C.jpg',0,0,NULL,NULL,NULL),(151,'RYOtnfOaZZfXgwJdIydPon7J59jsEnWXf71qkuP4.jpg',1,9,1,4,'2021-02-17 15:13:38','2022-11-17 21:13:09',NULL,'eFsOaRJ2XaqFOFTRnNqXsDtntuMx1gPFdh1raVNJ.jpg','brand',0,'cat','NiqrBoUgMHNktSH8Dyav2bDmHOynU6yq3H3X7cE2.jpg','rQBWOvyVYDN0ZTSR3ihOvpRW3abnqUHR2o7rAw8i.jpg',0,0,NULL,NULL,NULL),(152,'NtIcRoyZUcPBdgG4kkgcJrHFzdOlJI20xTxXGMJs.jpg',1,9,1,6,'2021-02-17 15:15:26','2022-11-17 21:13:09',NULL,'27Cw1oXEAjiNZyivyadh9XaVCKiP7wFVABZk9YxY.jpg','brand',0,'cat','OtNSsSLJ66oiIqkmA0IZrgJR2MdLXgz7A7fJ9xYB.jpg','g0lfGPGkFCCaaybBVRHk9oC8FXb5zLwfA1ehb3qu.jpg',0,0,NULL,NULL,NULL),(153,'MMGolR3G7rHgiPU6bVm1CqsXjKOA25L1KJ4O56RZ.jpg',1,9,1,3,'2021-02-17 15:29:19','2022-11-17 21:13:09',NULL,'R98KVVVzUT7awPs3u0OWJmTEgiKncM3ZQ1d0jLWa.jpg','brand',0,'cat','tlVBts0FgyApLZropXXAxnP5mIsePuAcBFRmzD1G.jpg','j7IdSitM6T8tNC7bE4RaM0n1UAHGM9xGLPUfisjk.jpg',0,0,NULL,NULL,NULL),(154,'ATqTBiHaj0lWmZ5prjNaMdOV7VbcPLdFrF1UYhhp.jpg',1,9,1,3,'2021-02-17 15:31:09','2022-11-17 21:13:09',NULL,'wfYPz84JfJZSZB8WQP4KX7wBaQQP045C3EOCQLnp.jpg','brand',0,'cat','KzbLgEzBQoZQ5TxkdpNt4eNScedKMiHJfiFiso43.jpg','iiRW4VmOT4ATvXNXLVdjBPE22xKeGkPWTPmapasX.jpg',0,0,NULL,NULL,NULL),(155,'QApIKh6x5FXjygD5GSjcSep6S4QIIqrtI2reYpUW.jpg',1,9,1,2,'2021-02-17 15:32:17','2022-11-17 21:13:09',NULL,'J4oPAtHVqPFGJDXVZq7eda9sUzpDbjT8g2oD1bZY.jpg','brand',0,'cat','U7bNxD99zRdeGsby7fSL9aOWDwAt4ybw2RLTiYMz.jpg','hgzLS1pDnn2v1aokPBjLNcgcNNoy7AcC8moVXR4l.jpg',0,0,NULL,NULL,NULL),(156,'uY2RGa2NzSPfeqBLQrbVKJfbJCEMh1RpRsF4yTwA.jpg',1,9,1,4,'2021-02-17 15:33:21','2022-11-17 21:13:09',NULL,'n6Ap4s36HqD0EAf9IUFu7wGt5lYpCsqs2wlH7vDG.jpg','brand',0,'cat','tqkDo6MmFqmmB8IwXbz37h8W2XZ38Dxba3cZdHl7.jpg','mUUERl81ZMyaJdDBWb78A6sCHhd7OrFfLk5rUrLb.jpg',0,0,NULL,NULL,NULL),(157,'7tbU7FBcM6OR81knZlaZic1G69w6LwY1FK2a8krd.jpg',1,9,1,5,'2021-02-17 15:35:05','2022-11-17 21:13:09',NULL,'ER9WIfxHl3uExYBkbFOhYWbtj9yfFUw5lNrqeRBh.jpg','brand',0,'cat','b8wnrJSNNhC1YSLPiuo2RoRvrTHrNM3hmLMt47jG.jpg','GeDTjzD00DGx0o44ZFLFDLwGOLAZ1Mk41fb9WY3B.jpg',0,0,NULL,NULL,NULL),(158,'',1,93,3,1,'2021-03-01 18:29:37','2022-11-17 21:13:09',NULL,NULL,'normal',1,'cat',NULL,NULL,0,0,NULL,NULL,NULL),(159,'',1,93,3,1,'2021-03-01 18:31:58','2022-11-17 21:13:09',NULL,NULL,'normal',1,'cat',NULL,NULL,0,0,NULL,NULL,NULL),(160,'',1,93,3,2,'2021-03-01 18:33:37','2022-11-17 21:13:09',NULL,NULL,'normal',1,'cat',NULL,NULL,0,0,NULL,NULL,NULL),(161,'p9o7VE6AMs0Jdpg7ycUGFIGlfsyfJHoAkOW11Edk.png',1,11,2,3,'2021-03-04 11:00:37','2023-01-29 15:38:24',NULL,'P3gW3SxkaEOp7Klh7fmELH1mZBkSAZfEGAizSwLC.png','brand',1,'cat','7R1PYLcnLCFUF9pWcXy9XkCrgvR0xyYUuYqpS75T.png','VW0ql9rxBYz96R8EmEgDFHhqLI8aaoz9FsBMIz7i.png',41,0,NULL,NULL,NULL),(162,'',0,21,2,4,'2021-03-08 21:18:09','2022-11-17 21:13:09',NULL,NULL,'normal',0,'main',NULL,NULL,0,0,NULL,NULL,NULL),(163,'sbP7VY6QdeRZ9F5FaqL4dBl6AVxBvbxWZGtGDfud.jpg',1,9,1,1,'2021-03-18 13:13:01','2022-11-17 21:13:09',NULL,'vmb1uc2v19JqMKI7SC46dT5Lc1GTwPMHxsKsjX75.jpg','brand',0,'cat','pz6GLlBNqyTnYl9aBcebBJgfcIL6aC2QrbeCij4E.jpg','jbimkrZ3swyweoQOVdx0NWUraVHJT331nnYXihG9.jpg',0,0,NULL,NULL,NULL),(164,'cq5GSAZE51npgu6d3BzPS69FSNveQqFGCj3B6UmF.png',1,11,2,8,'2021-03-21 21:55:29','2023-02-20 04:46:52',NULL,'rk1yEyiBtLdRi4h8wvVFSAg36bEQKw1VKFkGssf4.png','brand',1,'cat','IDz2fqnKqEI9vyKjB9nPFlKxNxWWBJvgUi2iG53G.png','c69aV8AL0W4AlzuV4ZBS2eg0MZpy0HzHB0KsDcLR.png',69,0,NULL,NULL,NULL),(165,'ZxXIJvWlvb8aCY6LGafGeM4HF70VzoDdKzT3pYKA.png',1,11,2,7,'2021-03-22 19:42:25','2023-01-29 15:37:25',NULL,'mrhUJgEUyQD3xJOaZLALdD6zaxDQLGbv5COZ4nmt.png','brand',1,'cat','y1SLTzB4rxqnEHgsBSY8YbjZmLALhCO9hQSF6a6f.png','KEGUzL2XIwXTVMbn82jr0exb3uxLkSPpSsJxLDLd.png',41,0,NULL,NULL,NULL),(166,'cCvyDHsVc92zZGrjwMR1iJU4HjGg1UhMfJ4GLsmG.png',1,73,1,1,'2021-04-07 12:46:37','2022-11-22 03:13:05',NULL,'jIWzWhUsENt76u8zHHJCXnZxllz5mkyfxxwnz6IE.png','normal',0,'cat','uwMULmFkQ1cZ4rd7xxinnPlg6yMncc57AjYmU2V9.png','HwLvdkmyAi2nsA3C6OOKHy0aCZ2FhCzXpkb3irOH.png',11,0,NULL,'#f3eded',NULL),(167,'',1,8,8,1,'2021-04-07 12:47:55','2022-11-17 21:13:09',NULL,NULL,'normal',0,'main',NULL,NULL,0,0,NULL,NULL,NULL),(168,'lDBmjqPqEPEaZMWL0HDVYSQU5tlGzuD9AZb8sFBh.jpg',1,11,2,NULL,'2021-04-12 14:21:06','2022-11-17 21:13:09',NULL,'BIkz7wCWZVF5rsaaDBIygcrbAHN8CZ1uqHp9m2Vn.jpg','brand',0,'main','EtHdmRc6T0vEi0I11Qj4aE1zeTQ7HRPlcw8JenA8.jpg','swuBvfgHkdOnhZD9lGsZ0xt0DoY3ssHbv08loQQH.jpg',0,0,NULL,NULL,NULL),(169,'i0i4WzdxnsgDbcJYGnJtgnuFBPEmV9H008hUGJn8.jpg',1,11,2,1,'2021-04-15 20:36:25','2022-11-17 21:13:09',NULL,'gy2C18jQ5aDRfzGT2PMug7gzR1IBmTAC7mAW2AmW.jpg','brand',0,'main','usZPKfb9ae2jfMteJM5B6FWRXBhXUTHNwDg8P1Wu.jpg','aRW89O8iEo0mP2IvOSFvwkHue6QVcTec0XFrPBPm.jpg',0,0,NULL,NULL,NULL),(170,'',0,21,2,1,'2021-04-17 21:24:30','2022-11-17 21:13:09',NULL,NULL,'normal',0,'main',NULL,NULL,0,0,NULL,NULL,NULL),(171,'',1,121,6,NULL,'2021-05-26 14:38:37','2022-11-17 21:13:09',NULL,NULL,'normal',0,'main',NULL,NULL,0,0,NULL,NULL,NULL),(172,'',1,121,6,NULL,'2021-05-26 14:39:07','2022-11-17 21:13:09',NULL,NULL,'normal',0,'main',NULL,NULL,0,0,NULL,NULL,NULL),(173,'',1,121,6,NULL,'2021-05-26 14:39:40','2022-11-17 21:13:09',NULL,NULL,'normal',0,'main',NULL,NULL,0,0,NULL,NULL,NULL),(174,'',1,121,6,NULL,'2021-05-26 14:41:27','2022-11-17 21:13:09',NULL,NULL,'normal',0,'main',NULL,NULL,0,0,NULL,NULL,NULL),(175,'',1,121,6,1,'2021-05-27 13:20:55','2022-11-17 21:13:09',NULL,NULL,'normal',0,'main',NULL,NULL,0,0,NULL,NULL,NULL),(176,'yTQSusqAZpDHirjgXSOb0NLHVY2MV1W5x0PssVBQ.jpg',1,121,3,NULL,'2021-08-22 14:52:55','2022-11-17 21:13:09',NULL,'ByWql536AysqjXnQrpxcwGXZY4VxGvA0TSA8BLqa.jpg','brand',0,'main','k5jOELt5mKOJuoqhgtz9e9A5cZhEKv3Q9hkVzATD.jpg','cjeDuMV0AnDqzeifwmHtFor9irBSvwlSLDEuc7JD.jpg',0,0,NULL,NULL,NULL),(177,'9TOjndFJX59mgd8FLHUVZf6PQ8Ldd1COoPwt0W0A.jpg',1,11,4,1,'2021-08-31 16:31:11','2023-03-02 22:49:57',NULL,'9nVBoK9rqef3yEmOw5QVab4Ft7cMLTs9dVFC2icE.jpg','brand',1,'cat','g0QNBQRfzihPJNo4aNRmxygIRTSa4dYO3uIp070e.jpg','fTqknu7fiOHK0kEWGw8GGF0VHzeCI9wdq2tKhbga.jpg',45,0,NULL,NULL,NULL),(178,'7RXk8rBG1P77mBDwJP9SS3JMF9v2epQo4Gf2Vz7S.jpg',1,73,1,1,'2021-09-01 20:43:23','2023-04-24 11:58:41',NULL,'az1HCajJikNfPW8Xd2pxG0EcsxTHNxjtWkTpVzIR.png','normal',1,'cat','NXlSGHQGeQiY1jLNmZHBeNsQCI5mSXNhEgYy4b2N.jpg','2Wrc78dGN1nL8rF5OUqDupiKm79HwDjgGR8w21p7.png',509,0,NULL,'#f5f5f5','hourzintal'),(179,'',1,92,3,2,'2021-09-08 15:50:02','2022-11-17 21:13:09',NULL,NULL,'normal',0,'main',NULL,NULL,0,0,NULL,NULL,NULL),(180,'',1,92,3,1,'2021-09-08 15:52:21','2022-11-17 21:13:09',NULL,NULL,'normal',0,'main',NULL,NULL,0,0,NULL,NULL,NULL),(181,'',1,92,3,3,'2021-09-08 15:52:45','2022-11-17 21:13:09',NULL,NULL,'normal',0,'main',NULL,NULL,0,0,NULL,NULL,NULL),(182,'',1,93,3,NULL,'2021-09-08 15:54:17','2022-11-17 21:13:09',NULL,NULL,'normal',0,'main',NULL,NULL,0,0,NULL,NULL,NULL),(183,'J78V0Ie1E5hKk6VPC5AEboczCOA3DrOhO6BtQsrE.jpg',0,121,3,1,'2021-09-30 13:37:42','2022-11-17 21:13:09',NULL,'6edgM0iooW7HUSHoj9WE3WvK0F0sKctt6E2uEBII.jpg','normal',0,'main','u3cMSO3zmMtaM9x4FgGvqTJUMBBs9H5PYUW8xXrY.jpg','Lejbnnk4TRPMp3XOfXalSofLhVp52X76CwPzAVVJ.jpg',0,0,NULL,NULL,NULL),(184,'',0,104,NULL,NULL,'2022-01-21 17:33:53','2022-11-17 21:13:09',NULL,NULL,'normal',0,'cat',NULL,NULL,0,0,NULL,NULL,NULL),(185,'',0,104,NULL,NULL,'2022-01-21 17:37:54','2022-11-17 21:13:09',NULL,NULL,'normal',0,'main',NULL,NULL,0,0,NULL,NULL,NULL),(186,'',0,104,NULL,NULL,'2022-01-21 17:38:45','2022-11-17 21:13:09',NULL,NULL,'normal',0,'main',NULL,NULL,0,0,NULL,NULL,NULL),(187,'',0,104,NULL,NULL,'2022-01-21 17:40:10','2022-11-17 21:13:09',NULL,NULL,'normal',0,'main',NULL,NULL,0,0,NULL,NULL,NULL),(188,'4B1ZorUbfYUhFA9twzgcyz9Xrj9sY1lDDXBJPTPG.png',1,73,1,1,'2022-04-17 15:24:29','2022-11-17 21:13:09',NULL,'pSVFIZnANTDdGF56Bi7SfnsLVDIo7rNy3wWQf3BI.png','brand',0,'cat','B4f6mVYrUEqd4R70b7HfcBLJFF2G1nkAqrnItxsB.png','f4tbsAc7NKIQGhcG02JbKaZt64UtWg9XSm5Emlf6.png',13,0,NULL,NULL,NULL),(189,'JeUTO53mMuDBZm5ys3SFuuaePqEuV9H6yHhah3ra.png',1,73,1,2,'2022-04-17 15:40:49','2022-11-17 21:13:09',NULL,'qkRGfolancUqzPRHMtfDZwZfQ2HZTCOUg200PowX.png','brand',0,'cat','YOYuhIaGNHI3GBnMP2SGzDiS899ScLDA5METqiqd.png','j0X6CY0rZvfAB76F5cMJVlrkhqoUZj5sTT0sditS.png',3,0,NULL,NULL,NULL),(190,'XqrAcqm6jhBrvVS4U8Q4eCX61f3Z9Ebh9ygjp4Sn.webp',1,73,1,3,'2022-04-17 15:47:42','2022-11-17 21:13:09',NULL,'pzU1pCJhNxm8WDKs3Ix3YFqrF1nWJ6bXJlxOMdSJ.webp','brand',0,'cat','zT0WthW0jlEuWy4Sr7NxcNYpsE2RzDsCggjYQxsf.webp','NxZeDwbFobG3pYLnwYES3Fu58XZICnwn7srvZWzx.webp',6,0,NULL,NULL,NULL),(191,'R2SNkKSnT6LMscyaRSXJEW01BRU1Xm1HPiN9Q3uE.jpg',1,102,2,8,'2022-11-07 22:48:30','2023-04-20 11:19:50',NULL,'dvCT1WvoKtza8GlFjYsouMxjK4KZC7eBsg6be2Ur.jpg','normal',1,'main','7DI1symOKVl86CveEKaq5Bm0lWWpCVXZdO8kV11Q.jpg','qQuvPMEDx7afiLwDg13USL6vORPAIKQIBjOnBKUN.jpg',505,0,NULL,'#ffffff','vertical'),(192,'fg8ZlIu84GaHY3KwpcuX1smZuHfXkPXQleRgckSw.png',0,191,8,8,'2022-11-07 22:51:57','2022-11-17 21:13:09',NULL,'JytnQzxgVtQ8xR7RlieNIBZUqBfeu0rwLSIeuZlZ.png','normal',0,'main','K1CFboMa570uQ3Hbk5ArjzQlIWCimeDS8GyfJrKz.png','17NLa1kJAVj6GW9xowZlmLcdpSUciirX10tIWB93.png',0,0,NULL,NULL,NULL),(193,'AaPeb9uQD2ROfsf6qWDmQrb33meZc249beuIozaw.jpg',0,191,8,8,'2022-11-07 23:10:01','2022-11-17 21:13:09',NULL,'5HHFqkErUDPPQy2LTd3tw0zBdFa5zB8yjxXPRTBV.jpg','normal',0,'main','UsJ3SGDOXfO9K96vViOGjDPA2sb2wsw3mRniBhBX.jpg','eJLHD0TVqonjlBkNjwkVnPu6X1Y8X4FneZNksfhx.jpg',0,0,NULL,NULL,NULL),(194,'HgWZ7owKe0znwi3aopGhGlBnicLuo7l6qAlOr2W1.jpg',0,191,8,8,'2022-11-07 23:23:20','2022-11-17 21:13:09',NULL,'NOY8utzom5Qf6Kn12RnyBETHmrcLKlNeSDohtBGE.jpg','normal',0,'main','KoHbjTcel04QpmxkaSpdQxxCQgVRmJ6Tfs9JNNv4.jpg','pj7IIglNqRjf2dRKUxEpxoPsHtU17pU5bAJ2nwyA.jpg',0,0,NULL,NULL,NULL),(195,'ChlpvIEJTYaxykMLBoUN0LNuCTmP5Nzefyw2Kivp.jpg',0,192,8,7,'2022-11-07 23:32:29','2022-11-17 21:13:09',NULL,'aphfUjodISaIxsGOJ7g8rW6kh0XbAiGL2iOrLlEn.jpg','normal',0,'main','vcbmd3vrtlcMiQmuKrJcdaKljCZg0YEhPIQXTaaf.jpg','46Kl9QnXXOz2B7yImO3Ju39UdJmeZaMHv4WsFKA1.jpg',0,0,NULL,NULL,NULL),(196,'r6rwlDXjntoUaPZpDP7ClPlY8HXYmzj2p5x9T6zW.jpg',0,192,8,7,'2022-11-07 23:33:39','2022-11-17 21:13:09',NULL,'TT08iFjgZbV7AFaWkFDsOMSmgh30SNF9Kd0WtsBV.jpg','normal',0,'main','Fh16sTy4zxrYOQ6KbBscCE2sMLCADZx9WiqXMlbl.jpg','kCg6BfeRZOeRwP1boqnnZAEYwMI1c0axPvEvdRJc.jpg',0,0,NULL,NULL,NULL),(197,'2VNbfch6ueNCyhUxEn4DXHYastxd10x8lBg9anji.jpg',0,192,8,7,'2022-11-07 23:34:50','2022-11-17 21:13:09',NULL,'Cm4CyorAtf2R7KTda5tSVri95VnZLHyF1N3ioICL.jpg','normal',0,'main','BpkYJwq0We26f8vvRyIADgWHw863m9Tu6mpihFFf.jpg','BbjV3KRDAKMEpv6bBd4uhkujwl3Oqq6fXKPOreRa.jpg',0,0,NULL,NULL,NULL),(198,'jHAL7uED6EhthZG2aXwVzsZIIGiljVOkRcfrOOJZ.jpg',0,192,8,7,'2022-11-07 23:35:56','2022-11-17 21:13:09',NULL,'4KS0xIjng7UHInKF4mbXKP971iJo2lzeJSQiAV8R.jpg','normal',0,'main','nXLPk3ldYN5c7KMTV5dj9Urd7auBOORcGvxP0IqX.jpg','ijp5ffXQoTq72OFgD7hmFjukiSBTrpS2ugL90Kyu.jpg',0,0,NULL,NULL,NULL),(199,'JpeWdyQRStWdCW5jCGku0A24QbnYqbFeDZtCzThX.jpg',0,192,8,8,'2022-11-07 23:36:47','2022-11-17 21:13:09',NULL,'9RhW6crpka6d02LozgyUSSBwnhtIALyEo678S7eW.jpg','normal',0,'main','Ms3uoM7iTlBVwGWB7bsJq3m76x3bsxLKGQSRbaXq.jpg','vOX4grn7cNKFRLMFjDIE1VGkQQZYQvuKYimIzMlH.jpg',0,0,NULL,NULL,NULL),(200,'3HkRWrWDtnPHCNK9ZdVU9DTtOBwn7OWPQGcYKtOB.jpg',0,192,8,7,'2022-11-07 23:37:52','2022-11-17 21:13:09',NULL,'eM9P0XVMaKhoI7Q6W1okhxwB09cZ6ytehrK1Fq7C.jpg','normal',0,'main','yKNXlfXz3YMUk9lKSKItqFVkRYxikbFeMMApdpJM.jpg','Zz12fGjXNpMTiy6GcjU3GjX0ndFKN9vPmDq0ePTu.jpg',0,0,NULL,NULL,NULL),(201,'qzSzXrSIDpMJl7FoMJPWvyzAsGjsO3fZFTy9lvKL.png',1,191,8,1,'2022-11-14 22:11:54','2022-11-17 21:13:09',NULL,'biHg3g4m1GONbJbc0Mx3LYdpsKbV56V4DMJz9eAM.png','brand',0,'main','rTW0w0SIUkp3dMF4DfWaUjl5O7Mc2tB6B7Fh06Yx.png','nYf2A3aifCEzdXAKrGKysIAwxxunp73mFz6KNKbM.png',0,0,NULL,'#000000',NULL),(202,'EkWZBwDC33BSCcGZHZlco5iptvUBun1VFOgmdFQK.jpg',1,191,8,2,'2022-11-14 22:12:38','2022-11-17 21:13:09',NULL,'lhoTuNpP78jZVIzJ5R3aBtvMNp1KWVA4MjfnFOoJ.jpg','brand',0,'main','ymRBvYAc6pAmKAqyrGlltaLx9g96J6Mdd55rIWsZ.jpg','h6PRaRuWsbb2EibPMHILhQiX8wxgzXukJA0KQOyX.jpg',0,0,NULL,'#000000',NULL),(203,'Qtov9SThmlVy10cPiSnPn0UwYGYSwxrarbvWGQMt.png',1,191,8,3,'2022-11-14 22:13:00','2022-11-17 21:13:09',NULL,'tR0wfXZjkYvX8qfr6nllVwGDHOy5MkdHgvSgevls.png','brand',0,'main','fdZ05stukOTf4I7Q0eWLSYwdFIsb4UqU7bmvJtAs.png','H4kPuOJrJpOaerAssi7IX6tGW15cVPMXcy9loTHc.png',0,0,NULL,'#000000',NULL),(204,'',0,191,8,NULL,'2022-11-14 22:13:00','2022-11-17 19:10:22','2022-11-17 19:10:22',NULL,'normal',0,'main',NULL,NULL,0,0,NULL,NULL,NULL),(205,'',0,192,8,NULL,'2022-11-15 19:21:43','2022-11-17 21:13:09',NULL,NULL,'normal',0,'main',NULL,NULL,0,0,NULL,NULL,NULL),(206,'',0,192,8,NULL,'2022-11-15 19:59:59','2022-11-17 21:13:09',NULL,NULL,'normal',0,'main',NULL,NULL,0,0,NULL,NULL,NULL),(207,'',0,195,8,NULL,'2022-11-15 20:44:24','2022-11-17 21:13:09',NULL,NULL,'normal',0,'main',NULL,NULL,0,0,NULL,NULL,NULL),(208,'',0,191,8,8,'2022-11-17 19:17:48','2022-11-17 21:13:09',NULL,NULL,'normal',0,'main',NULL,NULL,0,0,NULL,'#000000',NULL),(209,'',0,191,8,8,'2022-11-17 19:18:14','2022-11-17 21:13:09',NULL,NULL,'normal',0,'main',NULL,NULL,0,0,NULL,'#000000',NULL),(210,'',0,191,8,8,'2022-11-17 19:18:35','2022-11-17 21:13:09',NULL,NULL,'normal',0,'main',NULL,NULL,0,0,NULL,'#000000',NULL),(211,'',0,191,8,8,'2022-11-17 19:18:57','2022-11-17 21:13:09',NULL,NULL,'normal',0,'main',NULL,NULL,0,0,NULL,'#000000',NULL),(212,'',0,191,2,NULL,'2022-11-22 20:57:35','2022-11-22 20:57:35',NULL,NULL,'normal',0,'main',NULL,NULL,0,0,NULL,'#000000',NULL),(213,'',0,0,NULL,NULL,'2023-04-14 22:50:27','2023-04-14 22:50:27',NULL,NULL,'normal',0,'main',NULL,NULL,0,0,NULL,'#000000',NULL),(214,'',0,213,1,1,'2023-04-14 22:51:06','2023-04-14 22:53:08',NULL,NULL,'normal',0,'main',NULL,NULL,0,0,NULL,'#ffffff',NULL),(215,'',0,214,1,NULL,'2023-04-14 22:54:11','2023-04-14 22:54:11',NULL,NULL,'normal',0,'main',NULL,NULL,0,0,NULL,'#000000',NULL),(216,'',0,214,1,NULL,'2023-04-14 22:54:34','2023-04-14 22:54:34',NULL,NULL,'normal',0,'main',NULL,NULL,0,0,NULL,'#000000',NULL),(217,'',0,214,1,NULL,'2023-04-14 22:54:51','2023-04-14 22:54:51',NULL,NULL,'normal',0,'main',NULL,NULL,0,0,NULL,'#000000',NULL);

--
-- Table structure for table `category_translations`
--

CREATE TABLE `category_translations` (
  `id` int unsigned NOT NULL AUTO_INCREMENT,
  `category_id` int unsigned NOT NULL,
  `name` varchar(191) CHARACTER SET utf8mb4 COLLATE utf8mb4_unicode_ci NOT NULL,
  `meta_keywords` varchar(191) CHARACTER SET utf8mb4 COLLATE utf8mb4_unicode_ci DEFAULT NULL,
  `meta_description` text CHARACTER SET utf8mb4 COLLATE utf8mb4_unicode_ci,
  `locale` varchar(191) CHARACTER SET utf8mb4 COLLATE utf8mb4_unicode_ci NOT NULL,
  `created_at` timestamp NULL DEFAULT NULL,
  `updated_at` timestamp NULL DEFAULT NULL,
  PRIMARY KEY (`id`),
  UNIQUE KEY `category_translations_category_id_locale_unique` (`category_id`,`locale`),
  KEY `category_translations_locale_index` (`locale`),
  CONSTRAINT `category_translations_category_id_foreign` FOREIGN KEY (`category_id`) REFERENCES `categories` (`id`) ON DELETE CASCADE
) ENGINE=InnoDB AUTO_INCREMENT=435 DEFAULT CHARSET=utf8mb4 COLLATE=utf8mb4_unicode_ci;

--
-- Dumping data for table `category_translations`
--

INSERT INTO `category_translations` (`id`, `category_id`, `name`, `meta_keywords`, `meta_description`, `locale`, `created_at`, `updated_at`) VALUES (15,8,'للمرأة','Fashionsqc,ty','Fashion','ar',NULL,NULL),(16,8,'For Women','Fashionq','Fashion','en',NULL,NULL),(17,9,'عطور','عطور فرنسية,عطور فرنسيه,عطور جديدة',NULL,'ar',NULL,NULL),(18,9,'Fragrances',NULL,NULL,'en',NULL,NULL),(19,10,'الكترونيات',NULL,NULL,'ar',NULL,NULL),(20,10,'Electronics',NULL,NULL,'en',NULL,NULL),(21,11,'مستحضرات تجميل','sas',NULL,'ar',NULL,NULL),(22,11,'Cosmetics',NULL,NULL,'en',NULL,NULL),(23,12,'عدسات',NULL,NULL,'ar',NULL,NULL),(24,12,'Lenses',NULL,NULL,'en',NULL,NULL),(25,13,'العاب',NULL,NULL,'ar',NULL,NULL),(26,13,'Games',NULL,NULL,'en',NULL,NULL),(27,14,'ذهب',NULL,NULL,'ar',NULL,NULL),(28,14,'Dahab',NULL,NULL,'en',NULL,NULL),(29,15,'بيلا',NULL,NULL,'ar',NULL,NULL),(30,15,'Bella',NULL,NULL,'en',NULL,NULL),(31,16,'فلكس ايز',NULL,NULL,'ar',NULL,NULL),(32,16,'Flex eyes',NULL,NULL,'en',NULL,NULL),(33,17,'انستازيا',NULL,NULL,'ar',NULL,NULL),(34,17,'Mestizya',NULL,NULL,'en',NULL,NULL),(35,18,'رموش',NULL,NULL,'ar',NULL,NULL),(36,18,'Lashes',NULL,NULL,'en',NULL,NULL),(37,19,'عدسات يومية',NULL,NULL,'ar',NULL,NULL),(38,19,'Daily Lenses',NULL,NULL,'en',NULL,NULL),(39,20,'عدسات شـهرية',NULL,NULL,'ar',NULL,NULL),(40,20,'.Lenses',NULL,NULL,'en',NULL,NULL),(41,21,'العناية الشخصية',NULL,NULL,'ar',NULL,NULL),(42,21,'Bath And Body',NULL,NULL,'en',NULL,NULL),(43,22,'العناية بالبشرة',NULL,NULL,'ar',NULL,NULL),(44,22,'SkinCare',NULL,NULL,'en',NULL,NULL),(45,23,'مكياج',NULL,NULL,'ar',NULL,NULL),(46,23,'.Makeup',NULL,NULL,'en',NULL,NULL),(47,24,'مسلتزمات المكياج',NULL,NULL,'ar',NULL,NULL),(48,24,'مسلتزمات المكياج',NULL,NULL,'en',NULL,NULL),(49,25,'برجوا',NULL,NULL,'ar',NULL,NULL),(50,25,'Bourjois',NULL,NULL,'en',NULL,NULL),(51,26,'إيزادورا',NULL,NULL,'ar',NULL,NULL),(52,26,'ISEDORA',NULL,NULL,'en',NULL,NULL),(53,27,'بوبا',NULL,NULL,'ar',NULL,NULL),(54,27,'Pupa',NULL,NULL,'en',NULL,NULL),(55,28,'الوجة',NULL,NULL,'ar',NULL,NULL),(56,28,'MakeUp',NULL,NULL,'en',NULL,NULL),(57,29,'عطورات فرنسية',NULL,NULL,'ar',NULL,NULL),(58,29,'French Perfumes',NULL,NULL,'en',NULL,NULL),(59,30,'عطورات شرقية',NULL,NULL,'ar',NULL,NULL),(60,30,'Arabic Perfumes',NULL,NULL,'en',NULL,NULL),(61,31,'عود وبخور',NULL,NULL,'ar',NULL,NULL),(62,31,'Bukhour',NULL,NULL,'en',NULL,NULL),(63,32,'مرشات',NULL,NULL,'ar',NULL,NULL),(64,32,'Marshaat',NULL,NULL,'en',NULL,NULL),(65,33,'ديور',NULL,NULL,'ar',NULL,NULL),(66,33,'Dior',NULL,NULL,'en',NULL,NULL),(67,34,'شانيل',NULL,NULL,'ar',NULL,NULL),(68,34,'Chanel',NULL,NULL,'en',NULL,NULL),(69,35,'جيفينشي',NULL,NULL,'ar',NULL,NULL),(70,35,'Gevenchy',NULL,NULL,'en',NULL,NULL),(71,36,'دولتشي اند غابانا',NULL,NULL,'ar',NULL,NULL),(72,36,'Dolce Gabbana',NULL,NULL,'en',NULL,NULL),(73,37,'فرزاتشي',NULL,NULL,'ar',NULL,NULL),(74,37,'VERSACE',NULL,NULL,'en',NULL,NULL),(75,38,'ارماني',NULL,NULL,'ar',NULL,NULL),(76,38,'Armani',NULL,NULL,'en',NULL,NULL),(77,39,'مانسيرا',NULL,NULL,'ar',NULL,NULL),(78,39,'MANCERA',NULL,NULL,'en',NULL,NULL),(79,40,'بوس','بوس',NULL,'ar',NULL,NULL),(80,40,'Boss',NULL,NULL,'en',NULL,NULL),(81,41,'قوتشي',NULL,NULL,'ar',NULL,NULL),(82,41,'GUCCI',NULL,NULL,'en',NULL,NULL),(83,42,'كارتير',NULL,NULL,'ar',NULL,NULL),(84,42,'Cartier',NULL,NULL,'en',NULL,NULL),(85,43,'كارولينا هيريرا',NULL,NULL,'ar',NULL,NULL),(86,43,'Carolina Herrera',NULL,NULL,'en',NULL,NULL),(87,44,'كلفن كلاين',NULL,NULL,'ar',NULL,NULL),(88,44,'Calvin Klein',NULL,NULL,'en',NULL,NULL),(89,45,'باكو رابان',NULL,NULL,'ar',NULL,NULL),(90,45,'Paco Rabanne',NULL,NULL,'en',NULL,NULL),(91,46,'لانكوم',NULL,NULL,'ar',NULL,NULL),(92,46,'Lancome',NULL,NULL,'en',NULL,NULL),(93,47,'روبرتو كفالي',NULL,NULL,'ar',NULL,NULL),(94,47,'Roberto Cavalli',NULL,NULL,'en',NULL,NULL),(95,48,'جان بول غوتييه',NULL,NULL,'ar',NULL,NULL),(96,48,'Jean Paul Gaultter',NULL,NULL,'en',NULL,NULL),(97,49,'جيرلان',NULL,NULL,'ar',NULL,NULL),(98,49,'Guerlain',NULL,NULL,'en',NULL,NULL),(99,50,'تيري هيرمس',NULL,NULL,'ar',NULL,NULL),(100,50,'Terre Hermes',NULL,NULL,'en',NULL,NULL),(101,51,'رجالي',NULL,NULL,'ar',NULL,NULL),(102,51,'Men',NULL,NULL,'en',NULL,NULL),(103,52,'نسائي',NULL,NULL,'ar',NULL,NULL),(104,52,'WOMEN',NULL,NULL,'en',NULL,NULL),(105,53,'هواتــف',NULL,NULL,'ar',NULL,NULL),(106,53,'Smartphones',NULL,NULL,'en',NULL,NULL),(107,54,'تابلـــت',NULL,NULL,'ar',NULL,NULL),(108,54,'Tablets',NULL,NULL,'en',NULL,NULL),(109,55,'لاب توبات',NULL,NULL,'ar',NULL,NULL),(110,55,'Laptops',NULL,NULL,'en',NULL,NULL),(111,56,'6700',NULL,NULL,'ar',NULL,NULL),(112,56,'6700',NULL,NULL,'en',NULL,NULL),(113,57,'5200',NULL,NULL,'ar',NULL,NULL),(114,57,'5200',NULL,NULL,'en',NULL,NULL),(115,58,'10000',NULL,NULL,'ar',NULL,NULL),(116,58,'10000',NULL,NULL,'en',NULL,NULL),(117,59,'13400',NULL,NULL,'ar',NULL,NULL),(118,59,'13400',NULL,NULL,'en',NULL,NULL),(119,60,'30000',NULL,NULL,'ar',NULL,NULL),(120,60,'30000',NULL,NULL,'en',NULL,NULL),(121,61,'إكسسوارات',NULL,NULL,'ar',NULL,NULL),(122,61,'Mobile Accessory',NULL,NULL,'en',NULL,NULL),(123,62,'ألعاب فيديو',NULL,NULL,'ar',NULL,NULL),(124,62,'Video Gaming',NULL,NULL,'en',NULL,NULL),(125,63,'العيون',NULL,NULL,'ar',NULL,NULL),(126,63,'Eyes',NULL,NULL,'en',NULL,NULL),(127,64,'الشفاة',NULL,NULL,'ar',NULL,NULL),(128,64,'Lip\'s sticks',NULL,NULL,'en',NULL,NULL),(129,65,'الأظافر',NULL,NULL,'ar',NULL,NULL),(130,65,'Nails',NULL,NULL,'en',NULL,NULL),(131,66,'العناية بالجسم',NULL,NULL,'ar',NULL,NULL),(132,66,'Body Care',NULL,NULL,'en',NULL,NULL),(133,67,'قناع وحزمة',NULL,NULL,'ar',NULL,NULL),(134,67,'Mask and package',NULL,NULL,'en',NULL,NULL),(135,68,'نظارات رجالية',NULL,NULL,'ar',NULL,NULL),(136,68,'Men\'s glasses',NULL,NULL,'en',NULL,NULL),(137,69,'نظارات نسائية',NULL,NULL,'ar',NULL,NULL),(138,69,'Women\'s glasses',NULL,NULL,'en',NULL,NULL),(139,70,'جلامز',NULL,NULL,'ar',NULL,NULL),(140,70,'Glam\'s',NULL,NULL,'en',NULL,NULL),(141,71,'ريميل لندن',NULL,NULL,'ar',NULL,NULL),(142,71,'Rimmel London',NULL,NULL,'en',NULL,NULL),(143,72,'أحذية رجالية',NULL,NULL,'ar',NULL,NULL),(144,72,'Men\' Shoes',NULL,NULL,'en',NULL,NULL),(145,73,'للرجل',NULL,NULL,'ar',NULL,NULL),(146,73,'For Man',NULL,NULL,'en',NULL,NULL),(147,74,'اكسســوارات',NULL,NULL,'ar',NULL,NULL),(148,74,'Smart Accessories',NULL,NULL,'en',NULL,NULL),(149,75,'شواحــن',NULL,NULL,'ar',NULL,NULL),(150,75,'Chargers & Cables',NULL,NULL,'en',NULL,NULL),(151,76,'مايكرو يو إس بي',NULL,NULL,'ar',NULL,NULL),(152,76,'Micro USB',NULL,NULL,'en',NULL,NULL),(153,77,'يو إس بي - سي',NULL,NULL,'ar',NULL,NULL),(154,77,'Usb - C',NULL,NULL,'en',NULL,NULL),(155,78,'يو اس بي سي-لايتينج',NULL,NULL,'ar',NULL,NULL),(156,78,'UBS-C to Lightning',NULL,NULL,'en',NULL,NULL),(157,79,'شواحن حائط',NULL,NULL,'ar',NULL,NULL),(158,79,'Wall Charger',NULL,NULL,'en',NULL,NULL),(159,80,'حماية الشاشة',NULL,NULL,'ar',NULL,NULL),(160,80,'Screen Protector',NULL,NULL,'en',NULL,NULL),(161,81,'كفر بوك',NULL,NULL,'ar',NULL,NULL),(162,81,'Cover Case',NULL,NULL,'en',NULL,NULL),(163,82,'هواتف',NULL,NULL,'ar',NULL,NULL),(164,82,'Phones',NULL,NULL,'en',NULL,NULL),(165,83,'كفرات وحماية شاشة',NULL,NULL,'ar',NULL,NULL),(166,83,'Screen Protector & Covers',NULL,NULL,'en',NULL,NULL),(167,84,'ساعات ذكية',NULL,NULL,'ar',NULL,NULL),(168,84,'Smart Watches',NULL,NULL,'en',NULL,NULL),(169,85,'السماعـات',NULL,NULL,'ar',NULL,NULL),(170,85,'Bluetooth speaker',NULL,NULL,'en',NULL,NULL),(171,86,'سماعات وايرلس',NULL,NULL,'ar',NULL,NULL),(172,86,'Wireless Earphones',NULL,NULL,'en',NULL,NULL),(173,87,'سماعات واير',NULL,NULL,'ar',NULL,NULL),(174,87,'Wired Earphones',NULL,NULL,'en',NULL,NULL),(175,88,'سماعات',NULL,NULL,'ar',NULL,NULL),(176,88,'Headphones',NULL,NULL,'en',NULL,NULL),(177,89,'سماعات محمولة',NULL,NULL,'ar',NULL,NULL),(178,89,'Portable Speaker',NULL,NULL,'en',NULL,NULL),(179,90,'ساعات واكسسوارات',NULL,NULL,'ar',NULL,NULL),(180,90,'Watch&Accessories',NULL,NULL,'en',NULL,NULL),(181,91,'أحذية نسائية',NULL,NULL,'ar',NULL,NULL),(182,91,'Women\'s Shoes',NULL,NULL,'en',NULL,NULL),(183,92,'ملابس شعبية',NULL,NULL,'ar',NULL,NULL),(184,92,'ملابس شعبية',NULL,NULL,'en',NULL,NULL),(185,93,'شمغ',NULL,NULL,'ar',NULL,NULL),(186,93,'Shemagh',NULL,NULL,'en',NULL,NULL),(187,94,'ملابس داخلية',NULL,NULL,'ar',NULL,NULL),(188,94,'Underware',NULL,NULL,'en',NULL,NULL),(189,95,'جوارب',NULL,NULL,'ar',NULL,NULL),(190,95,'Socks',NULL,NULL,'en',NULL,NULL),(191,96,'بناتي',NULL,NULL,'ar',NULL,NULL),(192,96,'Girls',NULL,NULL,'en',NULL,NULL),(193,97,'ولادي',NULL,NULL,'ar',NULL,NULL),(194,97,'Boys',NULL,NULL,'en',NULL,NULL),(195,98,'أنكر',NULL,NULL,'ar',NULL,NULL),(196,98,'Anker',NULL,NULL,'en',NULL,NULL),(197,99,'قوي',NULL,NULL,'ar',NULL,NULL),(198,99,'Coui',NULL,NULL,'en',NULL,NULL),(199,100,'زاندور',NULL,NULL,'ar',NULL,NULL),(200,100,'ZENDURE',NULL,NULL,'en',NULL,NULL),(201,101,'سول',NULL,NULL,'ar',NULL,NULL),(202,101,'Soul',NULL,NULL,'en',NULL,NULL),(203,102,'ملابس داخلية',NULL,NULL,'ar',NULL,NULL),(204,102,'UNDERWEAR',NULL,NULL,'en',NULL,NULL),(205,103,'ذهب1',NULL,NULL,'ar',NULL,NULL),(206,103,'Dahab1',NULL,NULL,'en',NULL,NULL),(207,104,'عليها خصم %',NULL,NULL,'ar',NULL,NULL),(208,104,'Discount %',NULL,NULL,'en',NULL,NULL),(209,105,'ساعات',NULL,NULL,'ar',NULL,NULL),(210,105,'Watches',NULL,NULL,'en',NULL,NULL),(211,106,'عدسات ذهب',NULL,NULL,'ar',NULL,NULL),(212,106,'Dahab lenses',NULL,NULL,'en',NULL,NULL),(213,107,'عدسات بيلا',NULL,NULL,'ar',NULL,NULL),(214,107,'Bella Lenses',NULL,NULL,'en',NULL,NULL),(215,108,'عدسات فلكس ايز',NULL,NULL,'ar',NULL,NULL),(216,108,'Flex Eyes Lenses',NULL,NULL,'en',NULL,NULL),(217,109,'باور بانك',NULL,NULL,'ar',NULL,NULL),(218,109,'Powerbank',NULL,NULL,'en',NULL,NULL),(219,110,'بـاور بانك',NULL,NULL,'ar',NULL,NULL),(220,110,'Powerbanks',NULL,NULL,'en',NULL,NULL),(221,111,'حمايـة الشاشـة',NULL,NULL,'ar',NULL,NULL),(222,111,'Screen Protection',NULL,NULL,'en',NULL,NULL),(223,112,'كفـرات',NULL,NULL,'ar',NULL,NULL),(224,112,'Cases & Covers',NULL,NULL,'en',NULL,NULL),(225,113,'عدسات لوريال',NULL,NULL,'ar',NULL,NULL),(226,113,'LOROYAL LENSES',NULL,NULL,'en',NULL,NULL),(227,114,'عدسات أمارا',NULL,NULL,'ar',NULL,NULL),(228,114,'Amara Lenses',NULL,NULL,'en',NULL,NULL),(229,115,'عدسات لامور',NULL,NULL,'ar',NULL,NULL),(230,115,'Lamour',NULL,NULL,'en',NULL,NULL),(231,116,'عدسات ادور',NULL,NULL,'ar',NULL,NULL),(232,116,'Adore Lenses',NULL,NULL,'en',NULL,NULL),(233,117,'Desio',NULL,NULL,'ar',NULL,NULL),(234,117,'Desio',NULL,NULL,'en',NULL,NULL),(235,118,'Diego Dalla Palma',NULL,NULL,'ar',NULL,NULL),(236,118,'Diego Dalla Palma',NULL,NULL,'en',NULL,NULL),(237,119,'اجهزة العناية الشخصية',NULL,NULL,'ar',NULL,NULL),(238,119,'Personal care devices',NULL,NULL,'en',NULL,NULL),(239,120,'العناية الشخصية للرجل',NULL,NULL,'ar',NULL,NULL),(240,120,'Personal care',NULL,NULL,'en',NULL,NULL),(241,121,'أجهزة',NULL,NULL,'ar',NULL,NULL),(242,121,'Appliances',NULL,NULL,'en',NULL,NULL),(243,122,'براند براون',NULL,NULL,'ar',NULL,NULL),(244,122,'Braun Brand',NULL,NULL,'en',NULL,NULL),(245,123,'خلاطات',NULL,NULL,'ar',NULL,NULL),(246,123,'Mixer',NULL,NULL,'en',NULL,NULL),(247,124,'غلايات',NULL,NULL,'ar',NULL,NULL),(248,124,'Kettles',NULL,NULL,'en',NULL,NULL),(249,125,'عصارات',NULL,NULL,'ar',NULL,NULL),(250,125,'Juicers',NULL,NULL,'en',NULL,NULL),(251,126,'كوايات',NULL,NULL,'ar',NULL,NULL),(252,126,'Irons',NULL,NULL,'en',NULL,NULL),(253,127,'صانعة قهوة',NULL,NULL,'ar',NULL,NULL),(254,127,'Coffee Maker',NULL,NULL,'en',NULL,NULL),(255,128,'خلاط',NULL,NULL,'ar',NULL,NULL),(256,128,'ss',NULL,NULL,'en',NULL,NULL),(257,129,'حقائب',NULL,NULL,'ar',NULL,NULL),(258,129,'Bags',NULL,NULL,'en',NULL,NULL),(259,130,'أجهزة الطبخ',NULL,NULL,'ar',NULL,NULL),(260,130,'Kitchen Machine',NULL,NULL,'en',NULL,NULL),(261,131,'أبل','Apple',NULL,'ar',NULL,NULL),(262,131,'Apple',NULL,NULL,'en',NULL,NULL),(263,132,'سامسونج',NULL,NULL,'ar',NULL,NULL),(264,132,'SAMSUNG',NULL,NULL,'en',NULL,NULL),(265,133,'براون',NULL,NULL,'ar',NULL,NULL),(266,133,'Braun',NULL,NULL,'en',NULL,NULL),(267,134,'كينوود',NULL,NULL,'ar',NULL,NULL),(268,134,'KENWOOD',NULL,NULL,'en',NULL,NULL),(269,135,'بيبيليس',NULL,NULL,'ar',NULL,NULL),(270,135,'BaByliss',NULL,NULL,'en',NULL,NULL),(271,136,'وال',NULL,NULL,'ar',NULL,NULL),(272,136,'WAHL',NULL,NULL,'en',NULL,NULL),(273,137,'العناية بالمنزل',NULL,NULL,'ar',NULL,NULL),(274,137,'Home care',NULL,NULL,'en',NULL,NULL),(275,138,'هوفر',NULL,NULL,'ar',NULL,NULL),(276,138,'HOOVER',NULL,NULL,'en',NULL,NULL),(277,139,'هوكو',NULL,NULL,'ar',NULL,NULL),(278,139,'hoco',NULL,NULL,'en',NULL,NULL),(279,140,'جوي رووم',NULL,NULL,'ar',NULL,NULL),(280,140,'Joy Room',NULL,NULL,'en',NULL,NULL),(281,141,'حقائب سفر',NULL,NULL,'ar',NULL,NULL),(282,141,'luggage',NULL,NULL,'en',NULL,NULL),(283,142,'حقائب شخصية',NULL,NULL,'ar',NULL,NULL),(284,142,'personal bag',NULL,NULL,'en',NULL,NULL),(285,143,'ستاندات',NULL,NULL,'ar',NULL,NULL),(286,143,'Stands',NULL,NULL,'en',NULL,NULL),(287,144,'ايفلين',NULL,NULL,'ar',NULL,NULL),(288,144,'Eveline',NULL,NULL,'en',NULL,NULL),(289,145,'ايفيلين',NULL,NULL,'ar',NULL,NULL),(290,145,'Evelin',NULL,NULL,'en',NULL,NULL),(291,146,'فير اند وايت',NULL,NULL,'ar',NULL,NULL),(292,146,'Fair&White',NULL,NULL,'en',NULL,NULL),(293,147,'دهن ومعمول بخور',NULL,NULL,'ar',NULL,NULL),(294,147,'Mamoul&Dehn',NULL,NULL,'en',NULL,NULL),(295,148,'دي مارلي',NULL,NULL,'ar',NULL,NULL),(296,148,'de Marly',NULL,NULL,'en',NULL,NULL),(297,149,'كومباني',NULL,NULL,'ar',NULL,NULL),(298,149,'Companie',NULL,NULL,'en',NULL,NULL),(299,150,'فالكون',NULL,NULL,'ar',NULL,NULL),(300,150,'Falcone',NULL,NULL,'en',NULL,NULL),(301,151,'روس اند روس',NULL,NULL,'ar',NULL,NULL),(302,151,'Rose and Rose',NULL,NULL,'en',NULL,NULL),(303,152,'روبير',NULL,NULL,'ar',NULL,NULL),(304,152,'Rober',NULL,NULL,'en',NULL,NULL),(305,153,'ليك',NULL,NULL,'ar',NULL,NULL),(306,153,'LALique',NULL,NULL,'en',NULL,NULL),(307,154,'توم داكسون',NULL,NULL,'ar',NULL,NULL),(308,154,'tom daxon',NULL,NULL,'en',NULL,NULL),(309,155,'سانتو',NULL,NULL,'ar',NULL,NULL),(310,155,'Canto',NULL,NULL,'en',NULL,NULL),(311,156,'مونت بلاك',NULL,NULL,'ar',NULL,NULL),(312,156,'Mont Black',NULL,NULL,'en',NULL,NULL),(313,157,'دنهل',NULL,NULL,'ar',NULL,NULL),(314,157,'Dunhiil',NULL,NULL,'en',NULL,NULL),(315,158,'شماغ أحمر',NULL,NULL,'ar',NULL,NULL),(316,158,'Red Shemage',NULL,NULL,'en',NULL,NULL),(317,159,'شماغ أبيض',NULL,NULL,'ar',NULL,NULL),(318,159,'White Shemage',NULL,NULL,'en',NULL,NULL),(319,160,'غترة',NULL,NULL,'ar',NULL,NULL),(320,160,'Getra',NULL,NULL,'en',NULL,NULL),(321,161,'ريجوفي',NULL,NULL,'ar',NULL,NULL),(322,161,'Rejuvi',NULL,NULL,'en',NULL,NULL),(323,162,'أطقم الحمام',NULL,NULL,'ar',NULL,NULL),(324,162,'Bath Sets',NULL,NULL,'en',NULL,NULL),(325,163,'كاتشاريل',NULL,NULL,'ar',NULL,NULL),(326,163,'Cacharel',NULL,NULL,'en',NULL,NULL),(327,164,'أزهار الصابون','أزهار الصابون, منتجات طبيعية,',NULL,'ar',NULL,NULL),(328,164,'Azharalsabon',NULL,NULL,'en',NULL,NULL),(329,165,'فارماسيرز',NULL,NULL,'ar',NULL,NULL),(330,165,'cerispharma',NULL,NULL,'en',NULL,NULL),(331,166,'ساعات رجالي',NULL,NULL,'ar',NULL,NULL),(332,166,'Man watch',NULL,NULL,'en',NULL,NULL),(333,167,'ساعات نسائيه',NULL,NULL,'ar',NULL,NULL),(334,167,'Women watch',NULL,NULL,'en',NULL,NULL),(335,168,'بوراكس',NULL,NULL,'ar',NULL,NULL),(336,168,'Borax',NULL,NULL,'en',NULL,NULL),(337,169,'كوزيليت',NULL,NULL,'ar',NULL,NULL),(338,169,' Kozilite',NULL,NULL,'en',NULL,NULL),(339,170,'شامبو',NULL,NULL,'ar',NULL,NULL),(340,170,'Shampoo',NULL,NULL,'en',NULL,NULL),(341,171,'غسالات',NULL,NULL,'ar',NULL,NULL),(342,171,'Washing Machine',NULL,NULL,'en',NULL,NULL),(343,172,'مكيفات',NULL,NULL,'ar',NULL,NULL),(344,172,'Conditioners',NULL,NULL,'en',NULL,NULL),(345,173,'تلاجات',NULL,NULL,'ar',NULL,NULL),(346,173,'Refrigerators',NULL,NULL,'en',NULL,NULL),(347,174,'طباخات',NULL,NULL,'ar',NULL,NULL),(348,174,'Cookers',NULL,NULL,'en',NULL,NULL),(349,175,'تلفيزيونات',NULL,NULL,'ar',NULL,NULL),(350,175,'televisions',NULL,NULL,'en',NULL,NULL),(351,176,'سينكور',NULL,NULL,'ar',NULL,NULL),(352,176,'Sencor',NULL,NULL,'en',NULL,NULL),(353,177,'BABARIA',NULL,NULL,'ar',NULL,NULL),(354,177,'BABARIA',NULL,NULL,'en',NULL,NULL),(355,178,'مسابيح',NULL,NULL,'ar',NULL,NULL),(356,178,'Misabeh',NULL,NULL,'en',NULL,NULL),(357,179,'مكسر','مكسر',NULL,'ar',NULL,NULL),(358,179,'sirwal','sirwal',NULL,'en',NULL,NULL),(359,180,'فنايل','فنايل',NULL,'ar',NULL,NULL),(360,180,'shirts','shirts',NULL,'en',NULL,NULL),(361,181,'شورتات','شورتات',NULL,'ar',NULL,NULL),(362,181,'shorts','shorts',NULL,'en',NULL,NULL),(363,182,'عقال وقحفية','عقال وقحفية',NULL,'ar',NULL,NULL),(364,182,'headband and cranial','headband and cranial',NULL,'en',NULL,NULL),(365,183,'أجهزة العناية الطبية',NULL,NULL,'ar',NULL,NULL),(366,183,'Medical Care Devices',NULL,NULL,'en',NULL,NULL),(367,184,'الكترونيات %',NULL,NULL,'ar',NULL,NULL),(368,184,'Electronics %',NULL,NULL,'en',NULL,NULL),(369,185,'عطور %',NULL,NULL,'ar',NULL,NULL),(370,185,'Perfume %',NULL,NULL,'en',NULL,NULL),(371,186,'أجهزة كهربائية %',NULL,NULL,'ar',NULL,NULL),(372,186,'Electrical Device %',NULL,NULL,'en',NULL,NULL),(373,187,'مكياج %',NULL,NULL,'ar',NULL,NULL),(374,187,'MakeUp %',NULL,NULL,'en',NULL,NULL),(375,188,'دروش','دروش',NULL,'ar',NULL,NULL),(376,188,'DROSH','DROSH',NULL,'en',NULL,NULL),(377,189,'فينيستي',NULL,NULL,'ar',NULL,NULL),(378,189,'FENITSSI',NULL,NULL,'en',NULL,NULL),(379,190,'تراي',NULL,NULL,'ar',NULL,NULL),(380,190,'Try',NULL,NULL,'en',NULL,NULL),(381,191,'أطفال',NULL,NULL,'ar',NULL,NULL),(382,191,'Kids',NULL,NULL,'en',NULL,NULL),(383,192,'Yrs 0- 2',NULL,NULL,'ar',NULL,NULL),(384,192,'0-2 Yrs',NULL,NULL,'en',NULL,NULL),(385,193,'ولادي','ولادي','ولادي','ar',NULL,NULL),(386,193,'Toddler Boy','Toddler Boy','Toddler Boy','en',NULL,NULL),(387,194,'بناتي','بناتي','بناتي','ar',NULL,NULL),(388,194,'Toddler Girl','Toddler Girl','Toddler Girl','en',NULL,NULL),(389,195,'حديث الولادة','حديث الولادة','حديث الولادة','ar',NULL,NULL),(390,195,'New born','New born','New born','en',NULL,NULL),(391,196,'0-3 شهور','0-3 شهور','0-3 شهور','ar',NULL,NULL),(392,196,'0-3 months','0-3 months','0-3 months','en',NULL,NULL),(393,197,'6-3 شهور','6-3 شهور','6-3 شهور','ar',NULL,NULL),(394,197,'3-6 months','3-6 months','3-6 months','en',NULL,NULL),(395,198,'6-9 شهور','6-9 شهور','6-9 شهور','ar',NULL,NULL),(396,198,'6-9 months','6-9 months','6-9 months','en',NULL,NULL),(397,199,'9-12 شهرا','9-12 شهرا','9-12 شهرا','ar',NULL,NULL),(398,199,'9-12 months','9-12 months','9-12 months','en',NULL,NULL),(399,200,'12-18 شهرا','12-18 شهرا','12-18 شهرا','ar',NULL,NULL),(400,200,'12-18 months','12-18 months','12-18 months','en',NULL,NULL),(401,201,'Caramell',NULL,NULL,'ar',NULL,NULL),(402,201,'Caramell',NULL,NULL,'en',NULL,NULL),(403,202,'Biorganic',NULL,NULL,'ar',NULL,NULL),(404,202,'Biorganic',NULL,NULL,'en',NULL,NULL),(405,203,'Bontino',NULL,NULL,'ar',NULL,NULL),(406,203,'Bontino',NULL,NULL,'en',NULL,NULL),(407,204,'Bontino',NULL,NULL,'ar',NULL,NULL),(408,204,'Bontino',NULL,NULL,'en',NULL,NULL),(409,205,'18-24 شهرا','18-24 شهرا',NULL,'ar',NULL,NULL),(410,205,'18-24 شهرا','18-24 شهرا',NULL,'en',NULL,NULL),(411,206,'1-3 شهور',NULL,NULL,'ar',NULL,NULL),(412,206,'1M-3M',NULL,NULL,'en',NULL,NULL),(413,207,'0-1 شهر',NULL,NULL,'ar',NULL,NULL),(414,207,'0-1M',NULL,NULL,'en',NULL,NULL),(415,208,'2-3Y',NULL,NULL,'ar',NULL,NULL),(416,208,'2-3Y',NULL,NULL,'en',NULL,NULL),(417,209,'3-4Y',NULL,NULL,'ar',NULL,NULL),(418,209,'3-4Y',NULL,NULL,'en',NULL,NULL),(419,210,'4-5Y',NULL,NULL,'ar',NULL,NULL),(420,210,'4-5Y',NULL,NULL,'en',NULL,NULL),(421,211,'5-6Y',NULL,NULL,'ar',NULL,NULL),(422,211,'5-6Y',NULL,NULL,'en',NULL,NULL),(423,212,'جوارب أطفال',NULL,NULL,'ar',NULL,NULL),(424,212,'Baby Socks',NULL,NULL,'en',NULL,NULL),(425,213,'ملابس داخلية','دروش',NULL,'ar',NULL,NULL),(426,213,'UNDERWEAR',NULL,NULL,'en',NULL,NULL),(427,214,'ملابس شعبية',NULL,NULL,'ar',NULL,NULL),(428,214,'popular clothes',NULL,NULL,'en',NULL,NULL),(429,215,'ولادي',NULL,NULL,'ar',NULL,NULL),(430,215,'boys',NULL,NULL,'en',NULL,NULL),(431,216,'بناتي',NULL,NULL,'ar',NULL,NULL),(432,216,'Girls',NULL,NULL,'en',NULL,NULL),(433,217,'رجالي',NULL,NULL,'ar',NULL,NULL),(434,217,'Men',NULL,NULL,'en',NULL,NULL);

--
-- Table structure for table `cats_clients`
--

CREATE TABLE `cats_clients` (
  `id` int unsigned NOT NULL AUTO_INCREMENT,
  `created_at` timestamp NULL DEFAULT NULL,
  `updated_at` timestamp NULL DEFAULT NULL,
  PRIMARY KEY (`id`)
) ENGINE=InnoDB AUTO_INCREMENT=13 DEFAULT CHARSET=utf8mb4 COLLATE=utf8mb4_unicode_ci;

--
-- Dumping data for table `cats_clients`
--

INSERT INTO `cats_clients` (`id`, `created_at`, `updated_at`) VALUES (2,'2022-10-18 04:41:05','2022-10-18 04:41:05'),(3,'2022-10-18 04:45:27','2022-10-18 04:45:27'),(4,'2022-10-18 04:45:34','2022-10-18 04:45:34'),(5,'2022-10-18 04:45:40','2022-10-18 04:45:40'),(6,'2022-10-18 04:45:48','2022-10-18 04:45:48'),(7,'2022-10-19 23:13:40','2022-10-19 23:13:40'),(8,'2022-10-19 23:14:06','2022-10-19 23:14:06'),(9,'2022-10-20 20:45:11','2022-10-20 20:45:11'),(10,'2022-10-20 20:47:46','2022-10-20 20:47:46'),(11,'2022-10-20 20:52:43','2022-10-20 20:52:43'),(12,'2022-12-17 23:50:09','2022-12-17 23:50:09');

--
-- Table structure for table `cats_clients_translations`
--

CREATE TABLE `cats_clients_translations` (
  `id` int unsigned NOT NULL AUTO_INCREMENT,
  `cats_clients_id` int unsigned NOT NULL,
  `name` varchar(191) CHARACTER SET utf8mb4 COLLATE utf8mb4_unicode_ci NOT NULL,
  `locale` varchar(191) CHARACTER SET utf8mb4 COLLATE utf8mb4_unicode_ci NOT NULL,
  PRIMARY KEY (`id`),
  UNIQUE KEY `cats_clients_translations_cats_clients_id_locale_unique` (`cats_clients_id`,`locale`),
  KEY `cats_clients_translations_locale_index` (`locale`),
  CONSTRAINT `cats_clients_translations_cats_clients_id_foreign` FOREIGN KEY (`cats_clients_id`) REFERENCES `cats_clients` (`id`) ON DELETE CASCADE
) ENGINE=InnoDB AUTO_INCREMENT=25 DEFAULT CHARSET=utf8mb4 COLLATE=utf8mb4_unicode_ci;

--
-- Dumping data for table `cats_clients_translations`
--

INSERT INTO `cats_clients_translations` (`id`, `cats_clients_id`, `name`, `locale`) VALUES (3,2,'رجال','ar'),(4,2,'رجال','en'),(5,3,'نساء','ar'),(6,3,'نساء','en'),(7,4,'مهتم بالعطور','ar'),(8,4,'مهتم بالعطور','en'),(9,5,'مهتم بالمكياج','ar'),(10,5,'مهتم بالمكياج','en'),(11,6,'مهتم بالالكترونيات','ar'),(12,6,'مهتم بالالكترونيات','en'),(13,7,'عميل موقع','ar'),(14,7,'Website Customer','en'),(15,8,'ايفون','ar'),(16,8,'Iphone','en'),(17,9,'ملابس شعبيه رجالية','ar'),(18,9,'ملابس شعبيه رجالية','en'),(19,10,'شماغ','ar'),(20,10,'Shemagh.','en'),(21,11,'شماغ أبيض1','ar'),(22,11,'White shemgh1','en'),(23,12,'ملابس اطفال','ar'),(24,12,'ملابس اطفال','en');

--
-- Table structure for table `color_translations`
--

CREATE TABLE `color_translations` (
  `id` int unsigned NOT NULL AUTO_INCREMENT,
  `color_id` int unsigned NOT NULL,
  `name` varchar(191) CHARACTER SET utf8mb4 COLLATE utf8mb4_unicode_ci NOT NULL,
  `locale` varchar(191) CHARACTER SET utf8mb4 COLLATE utf8mb4_unicode_ci NOT NULL,
  `created_at` timestamp NULL DEFAULT NULL,
  `updated_at` timestamp NULL DEFAULT NULL,
  PRIMARY KEY (`id`),
  UNIQUE KEY `color_translations_color_id_locale_unique` (`color_id`,`locale`),
  KEY `color_translations_locale_index` (`locale`),
  CONSTRAINT `color_translations_color_id_foreign` FOREIGN KEY (`color_id`) REFERENCES `colors` (`id`) ON DELETE CASCADE
) ENGINE=InnoDB AUTO_INCREMENT=553 DEFAULT CHARSET=utf8mb4 COLLATE=utf8mb4_unicode_ci;

--
-- Dumping data for table `color_translations`
--

INSERT INTO `color_translations` (`id`, `color_id`, `name`, `locale`, `created_at`, `updated_at`) VALUES (1,1,'الاحمر','ar',NULL,NULL),(2,1,'red','en',NULL,NULL),(3,2,'بندقي','ar',NULL,NULL),(4,2,'Hazel','en',NULL,NULL),(5,3,'رمادي','ar',NULL,NULL),(6,3,'Gray','en',NULL,NULL),(7,4,'بني','ar',NULL,NULL),(8,4,'Brown','en',NULL,NULL),(9,5,'أزرق','ar',NULL,NULL),(10,5,'Blue','en',NULL,NULL),(11,6,'بندقي صافي','ar',NULL,NULL),(12,6,'Pure Hazel','en',NULL,NULL),(13,7,'رمادي صافي','ar',NULL,NULL),(14,7,'Pure Gray','en',NULL,NULL),(15,8,'بني صافي','ar',NULL,NULL),(16,8,'Pure Brown','en',NULL,NULL),(17,9,'رصاصي','ar',NULL,NULL),(18,9,'Grayish','en',NULL,NULL),(19,10,'رصاصي صافي','ar',NULL,NULL),(20,10,'Pure Grayish','en',NULL,NULL),(21,11,'أزرق صافي','ar',NULL,NULL),(22,11,'Pure Blue','en',NULL,NULL),(23,12,'أكوا ذهب','ar',NULL,NULL),(24,12,'AQUA Dahab','en',NULL,NULL),(25,13,'شوارفسكي','ar',NULL,NULL),(26,13,'SWAROVSKI','en',NULL,NULL),(27,14,'226','ar',NULL,NULL),(28,14,'226','en',NULL,NULL),(29,15,'227','ar',NULL,NULL),(30,15,'227','en',NULL,NULL),(31,16,'228','ar',NULL,NULL),(32,16,'228','en',NULL,NULL),(33,17,'224','ar',NULL,NULL),(34,17,'224','en',NULL,NULL),(35,18,'225','ar',NULL,NULL),(36,18,'225','en',NULL,NULL),(37,19,'229','ar',NULL,NULL),(38,19,'229','en',NULL,NULL),(39,20,'230','ar',NULL,NULL),(40,20,'230','en',NULL,NULL),(41,21,'255','ar',NULL,NULL),(42,21,'255','en',NULL,NULL),(43,22,'256','ar',NULL,NULL),(44,22,'256','en',NULL,NULL),(45,23,'257','ar',NULL,NULL),(46,23,'257','en',NULL,NULL),(47,24,'258','ar',NULL,NULL),(48,24,'258','en',NULL,NULL),(49,25,'259','ar',NULL,NULL),(50,25,'259','en',NULL,NULL),(51,26,'200','ar',NULL,NULL),(52,26,'200','en',NULL,NULL),(53,27,'201','ar',NULL,NULL),(54,27,'201','en',NULL,NULL),(55,28,'202','ar',NULL,NULL),(56,28,'202','en',NULL,NULL),(57,29,'203','ar',NULL,NULL),(58,29,'203','en',NULL,NULL),(59,30,'204','ar',NULL,NULL),(60,30,'204','en',NULL,NULL),(61,31,'205','ar',NULL,NULL),(62,31,'205','en',NULL,NULL),(63,32,'206','ar',NULL,NULL),(64,32,'206','en',NULL,NULL),(65,33,'207','ar',NULL,NULL),(66,33,'207','en',NULL,NULL),(67,34,'207','ar',NULL,NULL),(68,34,'207','en',NULL,NULL),(69,35,'208','ar',NULL,NULL),(70,35,'208','en',NULL,NULL),(71,36,'209','ar',NULL,NULL),(72,36,'209','en',NULL,NULL),(73,37,'210','ar',NULL,NULL),(74,37,'210','en',NULL,NULL),(75,38,'211','ar',NULL,NULL),(76,38,'211','en',NULL,NULL),(77,39,'212','ar',NULL,NULL),(78,39,'212','en',NULL,NULL),(79,40,'213','ar',NULL,NULL),(80,40,'213','en',NULL,NULL),(81,41,'214','ar',NULL,NULL),(82,41,'214','en',NULL,NULL),(83,42,'222','ar',NULL,NULL),(84,42,'222','en',NULL,NULL),(85,43,'220','ar',NULL,NULL),(86,43,'220','en',NULL,NULL),(87,44,'221','ar',NULL,NULL),(88,44,'221','en',NULL,NULL),(89,45,'227a','ar',NULL,NULL),(90,45,'227a','en',NULL,NULL),(91,46,'223','ar',NULL,NULL),(92,46,'223','en',NULL,NULL),(93,47,'220A','ar',NULL,NULL),(94,47,'220A','en',NULL,NULL),(95,48,'248','ar',NULL,NULL),(96,48,'248','en',NULL,NULL),(97,49,'247A','ar',NULL,NULL),(98,49,'247A','en',NULL,NULL),(99,50,'246','ar',NULL,NULL),(100,50,'246','en',NULL,NULL),(101,51,'01 Venilla','ar',NULL,NULL),(102,51,'01 Venilla','en',NULL,NULL),(103,52,'02 بيج فاتح','ar',NULL,NULL),(104,52,'02 Light Beige','en',NULL,NULL),(105,53,'Shade 01','ar',NULL,NULL),(106,53,'Shade 01','en',NULL,NULL),(107,54,'Shade 02','ar',NULL,NULL),(108,54,'Shade 02','en',NULL,NULL),(109,55,'Blond 01','ar',NULL,NULL),(110,55,'Blond 01','en',NULL,NULL),(111,56,'Chatain 02','ar',NULL,NULL),(112,56,'Chatain 02','en',NULL,NULL),(113,57,'Brow 03','ar',NULL,NULL),(114,57,'Brow 03','en',NULL,NULL),(115,58,'T12','ar',NULL,NULL),(116,58,'T12','en',NULL,NULL),(117,59,'T13','ar',NULL,NULL),(118,59,'T13','en',NULL,NULL),(119,60,'T14','ar',NULL,NULL),(120,60,'T14','en',NULL,NULL),(121,61,'T17','ar',NULL,NULL),(122,61,'T17','en',NULL,NULL),(123,62,'T19','ar',NULL,NULL),(124,62,'T19','en',NULL,NULL),(125,63,'023','ar',NULL,NULL),(126,63,'023','en',NULL,NULL),(127,64,'024','ar',NULL,NULL),(128,64,'024','en',NULL,NULL),(129,65,'025','ar',NULL,NULL),(130,65,'025','en',NULL,NULL),(131,66,'027','ar',NULL,NULL),(132,66,'027','en',NULL,NULL),(133,67,'028','ar',NULL,NULL),(134,67,'028','en',NULL,NULL),(135,68,'029','ar',NULL,NULL),(136,68,'029','en',NULL,NULL),(137,69,'31','ar',NULL,NULL),(138,69,'31','en',NULL,NULL),(139,70,'32','ar',NULL,NULL),(140,70,'32','en',NULL,NULL),(141,71,'36','ar',NULL,NULL),(142,71,'36','en',NULL,NULL),(143,72,'37','ar',NULL,NULL),(144,72,'37','en',NULL,NULL),(145,73,'01','ar',NULL,NULL),(146,73,'01','en',NULL,NULL),(147,74,'02','ar',NULL,NULL),(148,74,'02','en',NULL,NULL),(149,75,'03 بيج داكن','ar',NULL,NULL),(150,75,'03 Dark Beige','en',NULL,NULL),(151,76,'04 برونزي فاتح','ar',NULL,NULL),(152,76,'04 Light Bronze','en',NULL,NULL),(153,77,'05','ar',NULL,NULL),(154,77,'05','en',NULL,NULL),(155,78,'06','ar',NULL,NULL),(156,78,'06','en',NULL,NULL),(157,79,'07','ar',NULL,NULL),(158,79,'07','en',NULL,NULL),(159,80,'08','ar',NULL,NULL),(160,80,'08','en',NULL,NULL),(161,81,'09','ar',NULL,NULL),(162,81,'09','en',NULL,NULL),(163,82,'11','ar',NULL,NULL),(164,82,'11','en',NULL,NULL),(165,83,'12','ar',NULL,NULL),(166,83,'12','en',NULL,NULL),(167,84,'13','ar',NULL,NULL),(168,84,'13','en',NULL,NULL),(169,85,'14','ar',NULL,NULL),(170,85,'14','en',NULL,NULL),(171,86,'15','ar',NULL,NULL),(172,86,'15','en',NULL,NULL),(173,87,'16','ar',NULL,NULL),(174,87,'16','en',NULL,NULL),(175,88,'525','ar',NULL,NULL),(176,88,'525','en',NULL,NULL),(177,89,'555','ar',NULL,NULL),(178,89,'555','en',NULL,NULL),(179,90,'565','ar',NULL,NULL),(180,90,'565','en',NULL,NULL),(181,91,'50','ar',NULL,NULL),(182,91,'50','en',NULL,NULL),(183,92,'51','ar',NULL,NULL),(184,92,'51','en',NULL,NULL),(185,93,'52','ar',NULL,NULL),(186,93,'52','en',NULL,NULL),(187,94,'53','ar',NULL,NULL),(188,94,'53','en',NULL,NULL),(189,95,'54','ar',NULL,NULL),(190,95,'54','en',NULL,NULL),(191,96,'55','ar',NULL,NULL),(192,96,'55','en',NULL,NULL),(193,97,'56','ar',NULL,NULL),(194,97,'56','en',NULL,NULL),(195,98,'17','ar',NULL,NULL),(196,98,'17','en',NULL,NULL),(197,99,'18','ar',NULL,NULL),(198,99,'18','en',NULL,NULL),(199,100,'21','ar',NULL,NULL),(200,100,'21','en',NULL,NULL),(201,101,'74','ar',NULL,NULL),(202,101,'74','en',NULL,NULL),(203,102,'85','ar',NULL,NULL),(204,102,'85','en',NULL,NULL),(205,103,'Cramel 08','ar',NULL,NULL),(206,103,'Cramel 08','en',NULL,NULL),(207,104,'02 Beige','ar',NULL,NULL),(208,104,'02 Beige','en',NULL,NULL),(209,105,'03 Golden Beige','ar',NULL,NULL),(210,105,'03 Golden Beige','en',NULL,NULL),(211,106,'410','ar',NULL,NULL),(212,106,'410','en',NULL,NULL),(213,107,'420','ar',NULL,NULL),(214,107,'420','en',NULL,NULL),(215,108,'600','ar',NULL,NULL),(216,108,'600','en',NULL,NULL),(217,109,'100','ar',NULL,NULL),(218,109,'100','en',NULL,NULL),(219,110,'110','ar',NULL,NULL),(220,110,'110','en',NULL,NULL),(221,111,'200','ar',NULL,NULL),(222,111,'200','en',NULL,NULL),(223,112,'210','ar',NULL,NULL),(224,112,'210','en',NULL,NULL),(225,113,'310','ar',NULL,NULL),(226,113,'310','en',NULL,NULL),(227,114,'400','ar',NULL,NULL),(228,114,'400','en',NULL,NULL),(229,115,'415','ar',NULL,NULL),(230,115,'415','en',NULL,NULL),(231,116,'Light 01','ar',NULL,NULL),(232,116,'Light 01','en',NULL,NULL),(233,117,'Medium 02','ar',NULL,NULL),(234,117,'Medium 02','en',NULL,NULL),(235,118,'Dark 03','ar',NULL,NULL),(236,118,'Dark 03','en',NULL,NULL),(237,119,'بيج','ar',NULL,NULL),(238,119,'Gray','en',NULL,NULL),(239,120,'210A','ar',NULL,NULL),(240,120,'210A','en',NULL,NULL),(241,121,'242','ar',NULL,NULL),(242,121,'242','en',NULL,NULL),(243,122,'246','ar',NULL,NULL),(244,122,'246','en',NULL,NULL),(245,123,'أسود','ar',NULL,NULL),(246,123,'Black','en',NULL,NULL),(247,124,'أبيض','ar',NULL,NULL),(248,124,'White','en',NULL,NULL),(249,125,'White Bronze','ar',NULL,NULL),(250,125,'White Bronze','en',NULL,NULL),(251,126,'Violet','ar',NULL,NULL),(252,126,'Violet','en',NULL,NULL),(253,127,'روز','ar',NULL,NULL),(254,127,'ROSE','en',NULL,NULL),(255,128,'أسود 2','ar',NULL,NULL),(256,128,'BLACK 2','en',NULL,NULL),(257,129,'READ','ar',NULL,NULL),(258,129,'READ','en',NULL,NULL),(259,130,'TIGER','ar',NULL,NULL),(260,130,'TIGER','en',NULL,NULL),(261,131,'BEGE','ar',NULL,NULL),(262,131,'BEGE','en',NULL,NULL),(263,132,'TEFNY / WHITE','ar',NULL,NULL),(264,132,'TEFNY / WHITE','en',NULL,NULL),(265,133,'BEGE/ WHITE','ar',NULL,NULL),(266,133,'BEGE/ WHITE','en',NULL,NULL),(267,134,'ROSE / WHITE','ar',NULL,NULL),(268,134,'ROSE / WHITE','en',NULL,NULL),(269,135,'TEFNY / BLACK','ar',NULL,NULL),(270,135,'TEFNY / BLACK','en',NULL,NULL),(271,136,'READ / BLACK','ar',NULL,NULL),(272,136,'READ / BLACK','en',NULL,NULL),(273,137,'ROSE / BEGE','ar',NULL,NULL),(274,137,'ROSE / BEGE','en',NULL,NULL),(275,138,'163','ar',NULL,NULL),(276,138,'163','en',NULL,NULL),(277,139,'165','ar',NULL,NULL),(278,139,'165','en',NULL,NULL),(279,140,'166','ar',NULL,NULL),(280,140,'166','en',NULL,NULL),(281,141,'167','ar',NULL,NULL),(282,141,'167','en',NULL,NULL),(283,142,'168','ar',NULL,NULL),(284,142,'168','en',NULL,NULL),(285,143,'169','ar',NULL,NULL),(286,143,'169','en',NULL,NULL),(287,144,'170','ar',NULL,NULL),(288,144,'170','en',NULL,NULL),(289,145,'171','ar',NULL,NULL),(290,145,'171','en',NULL,NULL),(291,146,'163','ar',NULL,NULL),(292,146,'163','en',NULL,NULL),(293,147,'162','ar',NULL,NULL),(294,147,'162','en',NULL,NULL),(295,148,'34','ar',NULL,NULL),(296,148,'34','en',NULL,NULL),(297,149,'هازل','ar',NULL,NULL),(298,149,'Hazel','en',NULL,NULL),(299,150,'غريش','ar',NULL,NULL),(300,150,'Grayish','en',NULL,NULL),(301,151,'161','ar',NULL,NULL),(302,151,'161','en',NULL,NULL),(303,152,'406','ar',NULL,NULL),(304,152,'406','en',NULL,NULL),(305,153,'500','ar',NULL,NULL),(306,153,'500','en',NULL,NULL),(307,154,'600','ar',NULL,NULL),(308,154,'600','en',NULL,NULL),(309,155,'304','ar',NULL,NULL),(310,155,'304','en',NULL,NULL),(311,156,'400','ar',NULL,NULL),(312,156,'400','en',NULL,NULL),(313,157,'100','ar',NULL,NULL),(314,157,'100','en',NULL,NULL),(315,158,'101','ar',NULL,NULL),(316,158,'101','en',NULL,NULL),(317,159,'102','ar',NULL,NULL),(318,159,'102','en',NULL,NULL),(319,160,'104','ar',NULL,NULL),(320,160,'104','en',NULL,NULL),(321,161,'305','ar',NULL,NULL),(322,161,'305','en',NULL,NULL),(323,162,'105','ar',NULL,NULL),(324,162,'105','en',NULL,NULL),(325,163,'300','ar',NULL,NULL),(326,163,'300','en',NULL,NULL),(327,164,'301','ar',NULL,NULL),(328,164,'301','en',NULL,NULL),(329,165,'5.4','ar',NULL,NULL),(330,165,'5.4','en',NULL,NULL),(331,166,'6.1','ar',NULL,NULL),(332,166,'6.1','en',NULL,NULL),(333,167,'6.7','ar',NULL,NULL),(334,167,'6.7','en',NULL,NULL),(335,168,'5.8','ar',NULL,NULL),(336,168,'5.8','en',NULL,NULL),(337,169,'001','ar',NULL,NULL),(338,169,'001','en',NULL,NULL),(339,170,'006','ar',NULL,NULL),(340,170,'006','en',NULL,NULL),(341,171,'008','ar',NULL,NULL),(342,171,'008','en',NULL,NULL),(343,172,'007','ar',NULL,NULL),(344,172,'007','en',NULL,NULL),(345,173,'002','ar',NULL,NULL),(346,173,'002','en',NULL,NULL),(347,174,'003','ar',NULL,NULL),(348,174,'003','en',NULL,NULL),(349,175,'004','ar',NULL,NULL),(350,175,'004','en',NULL,NULL),(351,176,'005','ar',NULL,NULL),(352,176,'005','en',NULL,NULL),(353,177,'009','ar',NULL,NULL),(354,177,'009','en',NULL,NULL),(355,178,'010','ar',NULL,NULL),(356,178,'010','en',NULL,NULL),(357,179,'011','ar',NULL,NULL),(358,179,'011','en',NULL,NULL),(359,180,'012','ar',NULL,NULL),(360,180,'012','en',NULL,NULL),(361,181,'دارسي','ar',NULL,NULL),(362,181,'Darcy','en',NULL,NULL),(363,182,'ميليورا','ar',NULL,NULL),(364,182,'Meliora','en',NULL,NULL),(365,183,'ديلينا اكسكلوسيف','ar',NULL,NULL),(366,183,'Delina Exclusif','en',NULL,NULL),(367,184,'ديلينا','ar',NULL,NULL),(368,184,'Delina','en',NULL,NULL),(369,185,'كاسيلي','ar',NULL,NULL),(370,185,'Cassili','en',NULL,NULL),(371,186,'سفند','ar',NULL,NULL),(372,186,'Safanad','en',NULL,NULL),(373,187,'سيدبري','ar',NULL,NULL),(374,187,'Sedbury','en',NULL,NULL),(375,188,'020','ar',NULL,NULL),(376,188,'020','en',NULL,NULL),(377,189,'030','ar',NULL,NULL),(378,189,'030','en',NULL,NULL),(379,190,'040','ar',NULL,NULL),(380,190,'040','en',NULL,NULL),(381,191,'050','ar',NULL,NULL),(382,191,'050','en',NULL,NULL),(383,192,'060','ar',NULL,NULL),(384,192,'060','en',NULL,NULL),(385,193,'120','ar',NULL,NULL),(386,193,'120','en',NULL,NULL),(387,194,'130','ar',NULL,NULL),(388,194,'130','en',NULL,NULL),(389,195,'140','ar',NULL,NULL),(390,195,'140','en',NULL,NULL),(391,196,'242n','ar',NULL,NULL),(392,196,'242n','en',NULL,NULL),(393,197,'بيجاسوس','ar',NULL,NULL),(394,197,'Pegasus','en',NULL,NULL),(395,198,'إكسكلوسيف','ar',NULL,NULL),(396,198,'Exclusif','en',NULL,NULL),(397,199,'إكسكلوسيف','ar',NULL,NULL),(398,199,'Exclusif','en',NULL,NULL),(399,200,'جودلفين','ar',NULL,NULL),(400,200,'Godolphin','en',NULL,NULL),(401,201,'إكسكلوسيف','ar',NULL,NULL),(402,201,'Exclusif','en',NULL,NULL),(403,202,'لايتون','ar',NULL,NULL),(404,202,'Layton','en',NULL,NULL),(405,203,'لايتون','ar',NULL,NULL),(406,203,'Layton','en',NULL,NULL),(407,204,'إكسكلوسيف','ar',NULL,NULL),(408,204,'Exclusif','en',NULL,NULL),(409,205,'سيدلي','ar',NULL,NULL),(410,205,'SEDLEY','en',NULL,NULL),(411,206,'كالان','ar',NULL,NULL),(412,206,'Kalan','en',NULL,NULL),(413,207,'هيرود','ar',NULL,NULL),(414,207,'Herod','en',NULL,NULL),(415,208,'كارلايل','ar',NULL,NULL),(416,208,'Carlisle','en',NULL,NULL),(417,209,'اكستر','ar',NULL,NULL),(418,209,'Akaster','en',NULL,NULL),(419,210,'جالواي','ar',NULL,NULL),(420,210,'Galloway','en',NULL,NULL),(421,211,'بيرسيفال','ar',NULL,NULL),(422,211,'Percival','en',NULL,NULL),(423,212,'يلو دايمند','ar',NULL,NULL),(424,212,'Yellow Diamond','en',NULL,NULL),(425,213,'برايت كريستال','ar',NULL,NULL),(426,213,'Bright Crystal','en',NULL,NULL),(427,214,'كريستال نوار','ar',NULL,NULL),(428,214,'Crystal Noir','en',NULL,NULL),(429,215,'ديلان بلو','ar',NULL,NULL),(430,215,'Dylan Blue','en',NULL,NULL),(431,216,'ديلان بلو','ar',NULL,NULL),(432,216,'Dylan Blue','en',NULL,NULL),(433,217,'مان','ar',NULL,NULL),(434,217,'Man','en',NULL,NULL),(435,218,'ايروس','ar',NULL,NULL),(436,218,'Eros','en',NULL,NULL),(437,219,'إيروس','ar',NULL,NULL),(438,219,'Eros','en',NULL,NULL),(439,220,'إيروس','ar',NULL,NULL),(440,220,'Eros','en',NULL,NULL),(441,221,'بور هوم','ar',NULL,NULL),(442,221,'Pour Homme','en',NULL,NULL),(443,222,'1982','ar',NULL,NULL),(444,222,'1982','en',NULL,NULL),(445,223,'أمبريت الحلو','ar',NULL,NULL),(446,223,'SWEET AMBRETTE','en',NULL,NULL),(447,224,'جور 8','ar',NULL,NULL),(448,224,'JOUR 8','en',NULL,NULL),(449,225,'جور 5','ar',NULL,NULL),(450,225,'JOUR 5','en',NULL,NULL),(451,226,'مجنون في الحب','ar',NULL,NULL),(452,226,'CRAZY IN LOVE','en',NULL,NULL),(453,227,'نوار ذهبي','ar',NULL,NULL),(454,227,'GOLD NOIR','en',NULL,NULL),(455,228,'جور 9','ar',NULL,NULL),(456,228,'JOUR 9','en',NULL,NULL),(457,229,'جور 9','ar',NULL,NULL),(458,229,'JOUR 9','en',NULL,NULL),(459,230,'حب خاص','ar',NULL,NULL),(460,230,'SECRET LOVE','en',NULL,NULL),(461,231,'جور 11','ar',NULL,NULL),(462,231,'JOUR 11','en',NULL,NULL),(463,232,'الصحراء الزرقاء','ar',NULL,NULL),(464,232,'BLUE DESERT','en',NULL,NULL),(465,233,'خشب الصندل الحريري','ar',NULL,NULL),(466,233,'SILKY SANDALWOOD','en',NULL,NULL),(467,234,'وردة بيضاء','ar',NULL,NULL),(468,234,'WHITE ROSE','en',NULL,NULL),(469,235,'مسك الروم','ar',NULL,NULL),(470,235,'CHARMING TUBEROSE','en',NULL,NULL),(471,236,'الواحد والوحيد','ar',NULL,NULL),(472,236,'THE ONE AND ONLY','en',NULL,NULL),(473,237,'Ip12 pro','ar',NULL,NULL),(474,237,'Ip12 pro','en',NULL,NULL),(475,238,'Ip12 pro max','ar',NULL,NULL),(476,238,'Ip12 pro max','en',NULL,NULL),(477,239,'Ip12 pro mini','ar',NULL,NULL),(478,239,'Ip12 pro mini','en',NULL,NULL),(479,240,'Ip12 pro mini','ar',NULL,NULL),(480,240,'Ip12 pro mini','en',NULL,NULL),(481,241,'Ip11 pro','ar',NULL,NULL),(482,241,'Ip11 pro','en',NULL,NULL),(483,242,'Ip11 pro max','ar',NULL,NULL),(484,242,'Ip11 pro max','en',NULL,NULL),(485,243,'مكثفة','ar',NULL,NULL),(486,243,'Intense','en',NULL,NULL),(487,244,'ديليس','ar',NULL,NULL),(488,244,'DELICE','en',NULL,NULL),(489,245,'ديفين','ar',NULL,NULL),(490,245,'DIVIN','en',NULL,NULL),(491,246,'فيزا','ar',NULL,NULL),(492,246,'VISA','en',NULL,NULL),(493,247,'عود','ar',NULL,NULL),(494,247,'Oud','en',NULL,NULL),(495,248,'نوتس','ar',NULL,NULL),(496,248,'NOTES','en',NULL,NULL),(497,249,'فيزا','ar',NULL,NULL),(498,249,'VISA','en',NULL,NULL),(499,250,'كاسباه','ar',NULL,NULL),(500,250,'CASBAH','en',NULL,NULL),(501,251,'الدهنية','ar',NULL,NULL),(502,251,'Fatty','en',NULL,NULL),(503,252,'الحساسة','ar',NULL,NULL),(504,252,'Sensitive','en',NULL,NULL),(505,253,'مقوي','ar',NULL,NULL),(506,253,'reinforced','en',NULL,NULL),(507,254,'ملطف','ar',NULL,NULL),(508,254,'soothing','en',NULL,NULL),(509,255,'مجدد','ar',NULL,NULL),(510,255,'renovated','en',NULL,NULL),(511,256,'الجاف','ar',NULL,NULL),(512,256,'Dry','en',NULL,NULL),(513,257,'ضد القشرة','ar',NULL,NULL),(514,257,'Anti-dandruff','en',NULL,NULL),(515,258,'التساقط','ar',NULL,NULL),(516,258,'Shedding','en',NULL,NULL),(517,259,'محفز','ar',NULL,NULL),(518,259,'Catalyst','en',NULL,NULL),(519,260,'منشط','ar',NULL,NULL),(520,260,'tonic','en',NULL,NULL),(521,261,'نمو','ar',NULL,NULL),(522,261,'growth','en',NULL,NULL),(523,262,'asd','ar',NULL,NULL),(524,262,'asdasd','en',NULL,NULL),(525,263,'new','ar',NULL,NULL),(526,263,'new','en',NULL,NULL),(527,264,'asd','ar',NULL,NULL),(528,264,'asdasd','en',NULL,NULL),(529,265,'samer','ar',NULL,NULL),(530,265,'samer','en',NULL,NULL),(531,266,'6.1','ar',NULL,NULL),(532,266,'6.1','en',NULL,NULL),(533,267,'10','ar',NULL,NULL),(534,267,'10','en',NULL,NULL),(535,268,'نصف كم حلق','ar',NULL,NULL),(536,268,'نصف كم حلق','en',NULL,NULL),(537,269,'نصف كم سبعة','ar',NULL,NULL),(538,269,'نصف كم سبعة','en',NULL,NULL),(539,270,'سبعة','ar',NULL,NULL),(540,270,'سبعة','en',NULL,NULL),(541,271,'حلق','ar',NULL,NULL),(542,271,'حلق','en',NULL,NULL),(543,272,'علاق','ar',NULL,NULL),(544,272,'علاق','en',NULL,NULL),(545,273,'هاف قطن','ar',NULL,NULL),(546,273,'هاف قطن','en',NULL,NULL),(547,274,'مكسر K','ar',NULL,NULL),(548,274,'مكسر K','en',NULL,NULL),(549,275,'مكسر R','ar',NULL,NULL),(550,275,'مكسر R','en',NULL,NULL),(551,276,'دائري','ar',NULL,NULL),(552,276,'دائري','en',NULL,NULL);

--
-- Table structure for table `colors`
--

CREATE TABLE `colors` (
  `id` int unsigned NOT NULL AUTO_INCREMENT,
  `color` varchar(191) CHARACTER SET utf8mb4 COLLATE utf8mb4_unicode_ci NOT NULL,
  `user_id` int unsigned NOT NULL,
  `created_at` timestamp NULL DEFAULT NULL,
  `updated_at` timestamp NULL DEFAULT NULL,
  PRIMARY KEY (`id`),
  KEY `colors_user_id_foreign` (`user_id`),
  CONSTRAINT `colors_user_id_foreign` FOREIGN KEY (`user_id`) REFERENCES `users` (`id`) ON DELETE CASCADE
) ENGINE=InnoDB AUTO_INCREMENT=277 DEFAULT CHARSET=utf8mb4 COLLATE=utf8mb4_unicode_ci;

--
-- Dumping data for table `colors`
--

INSERT INTO `colors` (`id`, `color`, `user_id`, `created_at`, `updated_at`) VALUES (1,'#ff0000',1,'2020-07-30 08:58:49','2020-07-30 08:58:49'),(2,'#000000',1,'2020-07-30 23:34:28','2020-07-30 23:34:28'),(3,'#000000',1,'2020-07-30 23:34:57','2020-07-30 23:34:57'),(4,'#000000',1,'2020-07-30 23:35:33','2020-07-30 23:35:33'),(5,'#000000',1,'2020-07-30 23:35:49','2020-07-30 23:35:49'),(6,'#000000',1,'2020-07-30 23:36:18','2020-07-30 23:36:18'),(7,'#000000',1,'2020-07-30 23:37:58','2020-07-30 23:37:58'),(8,'#000000',1,'2020-07-30 23:38:24','2020-07-30 23:38:24'),(9,'#000000',1,'2020-07-30 23:40:36','2020-07-30 23:40:36'),(10,'#000000',1,'2020-07-30 23:41:00','2020-07-30 23:41:00'),(11,'#000000',1,'2020-07-30 23:41:36','2020-07-30 23:41:36'),(12,'#000000',1,'2020-07-31 23:12:25','2020-07-31 23:12:25'),(13,'#000000',1,'2020-08-01 00:00:59','2020-08-01 00:00:59'),(14,'#000000',1,'2020-08-01 23:03:43','2020-08-01 23:03:43'),(15,'#000000',1,'2020-08-01 23:03:51','2020-08-01 23:03:51'),(16,'#000000',1,'2020-08-01 23:03:58','2020-08-01 23:03:58'),(17,'#000000',1,'2020-08-01 23:04:10','2020-08-01 23:04:10'),(18,'#000000',1,'2020-08-01 23:04:24','2020-08-01 23:04:24'),(19,'#000000',1,'2020-08-01 23:04:34','2020-08-01 23:04:34'),(20,'#000000',1,'2020-08-01 23:04:44','2020-08-01 23:04:44'),(21,'#000000',1,'2020-08-01 23:05:19','2020-08-01 23:05:19'),(22,'#000000',1,'2020-08-01 23:05:27','2020-08-01 23:05:27'),(23,'#000000',1,'2020-08-01 23:05:36','2020-08-01 23:05:36'),(24,'#000000',1,'2020-08-01 23:05:44','2020-08-01 23:05:44'),(25,'#000000',1,'2020-08-01 23:05:50','2020-08-01 23:05:50'),(26,'#000000',1,'2020-08-01 23:07:11','2020-08-01 23:07:11'),(27,'#000000',1,'2020-08-01 23:07:17','2020-08-01 23:07:17'),(28,'#000000',1,'2020-08-01 23:07:22','2020-08-01 23:07:22'),(29,'#000000',1,'2020-08-01 23:07:30','2020-08-01 23:07:30'),(30,'#000000',1,'2020-08-01 23:07:40','2020-08-01 23:07:40'),(31,'#000000',1,'2020-08-01 23:07:48','2020-08-01 23:07:48'),(32,'#000000',1,'2020-08-01 23:07:54','2020-08-01 23:07:54'),(33,'#000000',1,'2020-08-01 23:08:00','2020-08-01 23:08:00'),(34,'#000000',1,'2020-08-01 23:08:06','2020-08-01 23:08:06'),(35,'#000000',1,'2020-08-01 23:08:12','2020-08-01 23:08:12'),(36,'#000000',1,'2020-08-01 23:08:18','2020-08-01 23:08:18'),(37,'#000000',1,'2020-08-01 23:08:25','2020-08-01 23:08:25'),(38,'#000000',1,'2020-08-01 23:08:33','2020-08-01 23:08:33'),(39,'#000000',1,'2020-08-01 23:08:38','2020-08-01 23:08:38'),(40,'#000000',1,'2020-08-01 23:08:43','2020-08-01 23:08:43'),(41,'#000000',1,'2020-08-01 23:08:49','2020-08-01 23:08:49'),(42,'#000000',1,'2020-08-02 13:05:33','2020-08-02 13:05:33'),(43,'#000000',1,'2020-08-02 13:05:47','2020-08-02 13:05:47'),(44,'#000000',1,'2020-08-02 13:06:01','2020-08-02 13:06:01'),(45,'#000000',1,'2020-08-02 13:09:17','2020-08-02 13:09:17'),(46,'#000000',1,'2020-08-02 13:10:46','2020-08-02 13:10:46'),(47,'#000000',1,'2020-08-02 13:11:24','2020-08-02 13:11:24'),(48,'#000000',1,'2020-08-02 13:11:53','2020-08-02 13:11:53'),(49,'#000000',1,'2020-08-02 13:12:29','2020-08-02 13:12:29'),(50,'#000000',1,'2020-08-02 13:13:02','2020-08-02 13:13:02'),(51,'#000000',1,'2020-08-08 12:01:03','2020-08-08 12:01:03'),(52,'#000000',1,'2020-08-08 12:01:26','2020-08-08 12:01:26'),(53,'#000000',23,'2020-08-08 13:10:52','2020-08-08 13:10:52'),(54,'#000000',23,'2020-08-08 13:11:00','2020-08-08 13:11:00'),(55,'#000000',23,'2020-08-08 13:11:18','2020-08-08 13:11:18'),(56,'#000000',23,'2020-08-08 13:11:31','2020-08-08 13:11:31'),(57,'#000000',23,'2020-08-08 13:11:43','2020-08-08 13:11:43'),(58,'#000000',23,'2020-08-08 13:12:01','2020-08-08 13:12:01'),(59,'#000000',23,'2020-08-08 13:12:10','2020-08-08 13:12:10'),(60,'#000000',23,'2020-08-08 13:12:20','2020-08-08 13:12:20'),(61,'#000000',23,'2020-08-08 13:12:28','2020-08-08 13:12:28'),(62,'#000000',23,'2020-08-08 13:12:38','2020-08-08 13:12:38'),(63,'#000000',23,'2020-08-08 13:12:55','2020-08-08 13:12:55'),(64,'#000000',23,'2020-08-08 13:13:06','2020-08-08 13:13:06'),(65,'#000000',23,'2020-08-08 13:13:11','2020-08-08 13:13:11'),(66,'#000000',23,'2020-08-08 13:13:17','2020-08-08 13:13:17'),(67,'#000000',23,'2020-08-08 13:13:24','2020-08-08 13:13:24'),(68,'#000000',23,'2020-08-08 13:13:30','2020-08-08 13:13:30'),(69,'#000000',23,'2020-08-08 13:13:37','2020-08-08 13:13:37'),(70,'#000000',23,'2020-08-08 13:13:50','2020-08-08 13:13:50'),(71,'#000000',23,'2020-08-08 13:14:11','2020-08-08 13:14:11'),(72,'#000000',23,'2020-08-08 13:14:16','2020-08-08 13:14:16'),(73,'#000000',23,'2020-08-08 13:17:00','2020-08-08 13:17:00'),(74,'#000000',23,'2020-08-08 13:17:09','2020-08-08 13:17:09'),(75,'#000000',1,'2020-08-08 13:17:18','2020-08-16 19:40:26'),(76,'#000000',1,'2020-08-08 13:17:26','2020-08-16 19:45:10'),(77,'#000000',23,'2020-08-08 13:17:33','2020-08-08 13:17:33'),(78,'#000000',23,'2020-08-08 13:17:40','2020-08-08 13:17:40'),(79,'#000000',23,'2020-08-08 13:17:49','2020-08-08 13:17:49'),(80,'#000000',23,'2020-08-08 13:17:56','2020-08-08 13:17:56'),(81,'#000000',23,'2020-08-08 13:18:03','2020-08-08 13:18:03'),(82,'#000000',23,'2020-08-08 13:18:10','2020-08-08 13:18:10'),(83,'#000000',23,'2020-08-08 13:18:19','2020-08-08 13:18:19'),(84,'#000000',23,'2020-08-08 13:18:25','2020-08-08 13:18:25'),(85,'#000000',23,'2020-08-08 13:18:31','2020-08-08 13:18:31'),(86,'#000000',23,'2020-08-08 13:18:37','2020-08-08 13:18:37'),(87,'#000000',23,'2020-08-08 13:18:43','2020-08-08 13:18:43'),(88,'#000000',23,'2020-08-08 13:19:16','2020-08-08 13:19:16'),(89,'#000000',23,'2020-08-08 13:19:22','2020-08-08 13:19:22'),(90,'#000000',23,'2020-08-08 13:19:28','2020-08-08 13:19:28'),(91,'#000000',23,'2020-08-08 13:19:40','2020-08-08 13:19:40'),(92,'#000000',23,'2020-08-08 13:19:46','2020-08-08 13:19:46'),(93,'#000000',23,'2020-08-08 13:20:09','2020-08-08 13:20:09'),(94,'#000000',23,'2020-08-08 13:20:14','2020-08-08 13:20:14'),(95,'#000000',23,'2020-08-08 13:20:20','2020-08-08 13:20:20'),(96,'#000000',23,'2020-08-08 13:20:24','2020-08-08 13:20:24'),(97,'#000000',23,'2020-08-08 13:20:36','2020-08-08 13:20:36'),(98,'#000000',23,'2020-08-08 13:27:12','2020-08-08 13:27:12'),(99,'#000000',23,'2020-08-08 13:27:18','2020-08-08 13:27:18'),(100,'#000000',23,'2020-08-08 13:27:24','2020-08-08 13:27:24'),(101,'#000000',23,'2020-08-08 13:46:21','2020-08-08 13:46:21'),(102,'#000000',23,'2020-08-08 13:46:36','2020-08-08 13:46:36'),(103,'#000000',23,'2020-08-08 13:54:26','2020-08-08 13:54:26'),(104,'#000000',23,'2020-08-08 13:54:41','2020-08-08 13:54:41'),(105,'#000000',23,'2020-08-08 13:54:55','2020-08-08 13:54:55'),(106,'#000000',23,'2020-08-08 13:55:18','2020-08-08 13:55:18'),(107,'#000000',23,'2020-08-08 13:55:24','2020-08-08 13:55:24'),(108,'#000000',23,'2020-08-08 13:55:29','2020-08-08 13:55:29'),(109,'#000000',23,'2020-08-08 13:55:35','2020-08-08 13:55:35'),(110,'#000000',23,'2020-08-08 13:55:41','2020-08-08 13:55:41'),(111,'#000000',23,'2020-08-08 13:55:47','2020-08-08 13:55:47'),(112,'#000000',23,'2020-08-08 13:55:51','2020-08-08 13:55:51'),(113,'#000000',23,'2020-08-08 13:55:58','2020-08-08 13:55:58'),(114,'#000000',23,'2020-08-08 13:56:04','2020-08-08 13:56:04'),(115,'#000000',23,'2020-08-08 13:56:09','2020-08-08 13:56:09'),(116,'#000000',23,'2020-08-08 13:56:27','2020-08-08 13:56:27'),(117,'#000000',23,'2020-08-08 13:56:54','2020-08-08 13:56:54'),(118,'#000000',23,'2020-08-08 13:57:04','2020-08-08 13:57:04'),(119,'#000000',1,'2020-09-01 17:54:00','2020-09-01 17:54:00'),(120,'#000000',1,'2020-09-03 13:02:24','2020-09-03 13:02:24'),(121,'#000000',1,'2020-09-03 13:02:48','2020-09-03 13:02:48'),(122,'#000000',1,'2020-09-04 15:32:12','2020-09-04 15:32:12'),(123,'#000000',23,'2020-09-21 11:17:52','2020-09-21 11:17:52'),(124,'#ffffff',23,'2020-09-21 11:18:03','2020-09-21 11:18:48'),(125,'#f2e9b3',23,'2020-09-21 11:23:16','2020-09-21 11:24:05'),(126,'#df15b7',23,'2020-09-21 11:24:40','2020-09-21 11:24:40'),(127,'#000000',23,'2020-09-26 14:01:45','2020-09-26 14:01:45'),(128,'#000000',23,'2020-09-26 14:01:58','2020-09-26 14:01:58'),(129,'#000000',23,'2020-09-26 14:02:07','2020-09-26 14:02:07'),(130,'#000000',23,'2020-09-26 14:02:18','2020-09-26 14:02:18'),(131,'#000000',23,'2020-09-26 14:02:25','2020-09-26 14:02:25'),(132,'#000000',23,'2020-09-26 14:02:33','2020-09-26 14:02:33'),(133,'#000000',23,'2020-09-26 14:02:39','2020-09-26 14:02:39'),(134,'#000000',23,'2020-09-26 14:02:46','2020-09-26 14:02:46'),(135,'#000000',23,'2020-09-26 14:02:54','2020-09-26 14:02:54'),(136,'#000000',23,'2020-09-26 14:03:03','2020-09-26 14:03:03'),(137,'#000000',23,'2020-09-26 14:03:11','2020-09-26 14:03:11'),(138,'#000000',1,'2020-11-07 18:38:23','2020-11-07 18:38:23'),(139,'#000000',1,'2020-11-07 18:38:38','2020-11-07 18:38:38'),(140,'#000000',1,'2020-11-07 18:38:46','2020-11-07 18:38:46'),(141,'#000000',1,'2020-11-07 18:38:53','2020-11-07 18:38:53'),(142,'#000000',1,'2020-11-07 18:39:11','2020-11-07 18:39:11'),(143,'#000000',1,'2020-11-07 18:39:19','2020-11-07 18:39:19'),(144,'#000000',1,'2020-11-07 18:39:26','2020-11-07 18:39:26'),(145,'#000000',1,'2020-11-07 18:39:30','2020-11-07 18:39:30'),(146,'#000000',1,'2020-11-07 18:41:51','2020-11-07 18:41:51'),(147,'#000000',1,'2020-11-07 18:42:35','2020-11-07 18:42:35'),(148,'#000000',1,'2020-11-08 14:39:24','2020-11-08 14:39:24'),(149,'#000000',23,'2020-11-08 16:21:53','2020-11-08 16:21:53'),(150,'#000000',23,'2020-11-08 16:31:16','2020-11-08 16:31:16'),(151,'#000000',1,'2020-11-15 13:11:27','2020-11-15 13:11:27'),(152,'#000000',1,'2021-01-07 15:44:22','2021-01-07 15:44:22'),(153,'#000000',1,'2021-01-07 15:44:27','2021-01-07 15:44:27'),(154,'#000000',1,'2021-01-07 15:44:32','2021-01-07 15:44:32'),(155,'#000000',1,'2021-01-07 15:44:38','2021-01-07 15:44:38'),(156,'#000000',1,'2021-01-07 15:44:43','2021-01-07 15:44:43'),(157,'#000000',1,'2021-01-07 15:44:47','2021-01-07 15:44:47'),(158,'#000000',1,'2021-01-07 15:44:51','2021-01-07 15:44:51'),(159,'#000000',1,'2021-01-07 15:44:55','2021-01-07 15:44:55'),(160,'#000000',1,'2021-01-07 15:44:59','2021-01-07 15:44:59'),(161,'#000000',1,'2021-01-07 15:45:38','2021-01-07 15:45:38'),(162,'#000000',1,'2021-01-07 16:03:03','2021-01-07 16:03:03'),(163,'#000000',1,'2021-01-07 16:03:49','2021-01-07 16:03:49'),(164,'#000000',1,'2021-01-07 16:03:58','2021-01-07 16:03:58'),(165,'#000000',1,'2021-01-09 16:02:56','2021-01-09 16:02:56'),(166,'#000000',1,'2021-01-09 16:03:06','2021-01-09 16:03:06'),(167,'#000000',1,'2021-01-09 16:03:15','2021-01-09 16:03:15'),(168,'#000000',1,'2021-01-09 16:26:45','2021-01-09 16:26:45'),(169,'#000000',5237,'2021-01-17 18:02:17','2021-01-17 18:02:17'),(170,'#000000',5237,'2021-01-17 18:02:44','2021-01-17 18:02:44'),(171,'#000000',5237,'2021-01-17 18:33:04','2021-01-17 18:33:04'),(172,'#000000',5237,'2021-01-17 18:33:33','2021-01-17 18:33:33'),(173,'#000000',5237,'2021-01-17 18:52:12','2021-01-17 18:52:12'),(174,'#000000',5237,'2021-01-17 18:52:22','2021-01-17 18:52:22'),(175,'#000000',5237,'2021-01-17 18:52:33','2021-01-17 18:52:33'),(176,'#000000',5237,'2021-01-17 18:53:05','2021-01-17 18:53:05'),(177,'#000000',5237,'2021-01-17 18:53:20','2021-01-17 18:53:20'),(178,'#000000',5237,'2021-01-17 18:53:29','2021-01-17 18:53:29'),(179,'#000000',5237,'2021-01-17 18:53:38','2021-01-17 18:53:38'),(180,'#000000',5237,'2021-01-17 18:53:46','2021-01-17 18:53:46'),(181,'#000000',1,'2021-01-17 20:15:51','2021-01-17 20:15:51'),(182,'#000000',1,'2021-01-17 20:16:19','2021-01-17 20:16:19'),(183,'#000000',1,'2021-01-17 20:16:49','2021-01-17 20:16:49'),(184,'#000000',1,'2021-01-17 20:17:08','2021-01-17 20:17:08'),(185,'#000000',1,'2021-01-17 20:17:21','2021-01-17 20:17:21'),(186,'#000000',1,'2021-01-17 20:17:39','2021-01-17 20:17:39'),(187,'#000000',1,'2021-01-17 20:22:10','2021-01-17 20:22:10'),(188,'#000000',5237,'2021-01-30 13:10:56','2021-01-30 13:10:56'),(189,'#000000',5237,'2021-01-30 13:12:07','2021-01-30 13:12:07'),(190,'#000000',5237,'2021-01-30 13:12:56','2021-01-30 13:12:56'),(191,'#000000',5237,'2021-01-30 13:14:48','2021-01-30 13:14:48'),(192,'#000000',5237,'2021-01-30 13:15:20','2021-01-30 13:15:20'),(193,'#000000',5237,'2021-01-30 13:38:03','2021-01-30 13:38:03'),(194,'#000000',5237,'2021-01-30 13:38:40','2021-01-30 13:38:40'),(195,'#000000',5237,'2021-01-30 13:39:13','2021-01-30 13:39:13'),(196,'#000000',5237,'2021-02-06 20:09:25','2021-02-06 20:09:25'),(197,'#000000',21,'2021-02-09 10:46:02','2021-02-09 10:46:02'),(198,'#000000',21,'2021-02-09 10:46:45','2021-02-09 10:46:45'),(199,'#000000',21,'2021-02-09 10:47:28','2021-02-09 10:47:28'),(200,'#000000',21,'2021-02-09 10:48:37','2021-02-09 10:48:37'),(201,'#000000',21,'2021-02-09 10:49:07','2021-02-09 10:49:07'),(202,'#000000',21,'2021-02-09 10:49:39','2021-02-09 10:49:39'),(203,'#000000',21,'2021-02-09 11:07:09','2021-02-09 11:07:09'),(204,'#000000',21,'2021-02-09 11:09:39','2021-02-09 11:09:39'),(205,'#000000',21,'2021-02-09 11:12:12','2021-02-09 11:12:12'),(206,'#000000',21,'2021-02-09 11:14:31','2021-02-09 11:14:31'),(207,'#000000',21,'2021-02-09 11:15:13','2021-02-09 11:15:13'),(208,'#000000',21,'2021-02-09 11:15:53','2021-02-09 11:15:53'),(209,'#000000',21,'2021-02-09 11:16:47','2021-02-09 11:16:47'),(210,'#000000',21,'2021-02-09 11:21:10','2021-02-09 11:21:10'),(211,'#000000',21,'2021-02-09 11:37:32','2021-02-09 11:37:32'),(212,'#000000',21,'2021-02-10 14:07:23','2021-02-10 14:07:23'),(213,'#000000',21,'2021-02-10 14:08:14','2021-02-10 14:08:14'),(214,'#000000',21,'2021-02-10 14:08:46','2021-02-10 14:08:46'),(215,'#000000',21,'2021-02-10 14:09:19','2021-02-10 14:09:19'),(216,'#000000',21,'2021-02-10 14:09:51','2021-02-10 14:09:51'),(217,'#000000',21,'2021-02-10 14:10:24','2021-02-10 14:10:24'),(218,'#000000',21,'2021-02-10 14:11:02','2021-02-10 14:11:02'),(219,'#000000',21,'2021-02-10 14:11:31','2021-02-10 14:11:31'),(220,'#000000',21,'2021-02-10 14:12:02','2021-02-10 14:12:02'),(221,'#000000',21,'2021-02-10 14:12:34','2021-02-10 14:12:34'),(222,'#000000',21,'2021-02-24 09:52:35','2021-02-24 09:52:35'),(223,'#000000',21,'2021-02-24 09:54:45','2021-02-24 09:54:45'),(224,'#000000',21,'2021-02-24 09:56:09','2021-02-24 09:56:09'),(225,'#000000',21,'2021-02-24 09:57:42','2021-02-24 09:57:42'),(226,'#000000',21,'2021-02-24 09:59:16','2021-02-24 09:59:16'),(227,'#000000',21,'2021-02-24 10:02:11','2021-02-24 10:02:11'),(228,'#000000',21,'2021-02-24 10:03:27','2021-02-24 10:03:27'),(229,'#000000',21,'2021-02-24 10:04:12','2021-02-24 10:04:12'),(230,'#000000',21,'2021-02-24 10:05:19','2021-02-24 10:05:19'),(231,'#000000',21,'2021-02-24 10:16:24','2021-02-24 10:16:24'),(232,'#000000',21,'2021-02-24 10:27:32','2021-02-24 10:27:32'),(233,'#000000',21,'2021-02-24 10:30:07','2021-02-24 10:30:07'),(234,'#000000',21,'2021-02-24 10:31:20','2021-02-24 10:31:20'),(235,'#000000',21,'2021-02-24 10:31:59','2021-02-24 10:31:59'),(236,'#000000',21,'2021-02-24 10:33:03','2021-02-24 10:33:03'),(237,'#000000',1,'2021-02-25 15:21:26','2021-02-25 15:21:26'),(238,'#000000',1,'2021-02-25 15:21:39','2021-02-25 15:21:39'),(239,'#000000',1,'2021-02-25 15:21:57','2021-02-25 15:21:57'),(240,'#000000',1,'2021-02-25 15:21:58','2021-02-25 15:21:58'),(241,'#000000',1,'2021-02-25 15:22:23','2021-02-25 15:22:23'),(242,'#000000',1,'2021-02-25 15:22:41','2021-02-25 15:22:41'),(243,'#000000',21,'2021-03-08 13:21:33','2021-03-08 13:21:33'),(244,'#000000',21,'2021-03-08 13:22:16','2021-03-08 13:22:16'),(245,'#000000',21,'2021-03-08 13:22:52','2021-03-08 13:22:52'),(246,'#000000',21,'2021-03-08 13:23:18','2021-03-08 13:23:18'),(247,'#000000',21,'2021-03-08 13:23:51','2021-03-08 13:23:51'),(248,'#000000',21,'2021-03-08 13:24:39','2021-03-08 13:24:39'),(249,'#000000',21,'2021-03-08 13:25:15','2021-03-08 13:25:15'),(250,'#000000',21,'2021-03-08 13:25:41','2021-03-08 13:25:41'),(251,'#000000',21,'2021-04-07 10:49:41','2021-04-07 10:49:41'),(252,'#000000',21,'2021-04-07 10:50:10','2021-04-07 10:50:10'),(253,'#000000',21,'2021-04-07 10:50:35','2021-04-07 10:50:35'),(254,'#000000',21,'2021-04-07 10:51:18','2021-04-07 10:51:18'),(255,'#000000',21,'2021-04-07 10:53:14','2021-04-07 10:53:14'),(256,'#000000',21,'2021-04-07 10:54:02','2021-04-07 10:54:02'),(257,'#000000',21,'2021-04-07 10:54:45','2021-04-07 10:54:45'),(258,'#000000',21,'2021-04-07 10:58:23','2021-04-07 10:58:23'),(259,'#000000',21,'2021-04-07 10:59:35','2021-04-07 10:59:35'),(260,'#000000',21,'2021-04-07 11:00:17','2021-04-07 11:00:17'),(261,'#000000',21,'2021-04-07 11:00:52','2021-04-07 11:00:52'),(262,'#000000',1,'2021-10-14 22:03:57','2021-10-14 22:03:57'),(263,'#000000',1,'2021-10-14 22:04:27','2021-10-14 22:04:27'),(264,'#000000',1,'2021-10-14 22:04:45','2021-10-14 22:04:45'),(265,'#000000',1,'2021-10-14 22:05:00','2021-10-14 22:05:00'),(266,'#000000',1,'2021-10-14 22:44:07','2021-10-14 22:44:07'),(267,'#000000',1,'2021-10-20 22:20:13','2021-10-20 22:20:13'),(268,'#000000',1,'2023-04-16 23:00:54','2023-04-16 23:00:54'),(269,'#000000',1,'2023-04-16 23:01:31','2023-04-16 23:01:31'),(270,'#000000',1,'2023-04-16 23:02:21','2023-04-16 23:02:21'),(271,'#000000',1,'2023-04-16 23:02:54','2023-04-16 23:02:54'),(272,'#000000',1,'2023-04-16 23:03:28','2023-04-16 23:03:28'),(273,'#000000',1,'2023-04-16 23:04:10','2023-04-16 23:04:10'),(274,'#000000',1,'2023-04-16 23:04:41','2023-04-16 23:04:41'),(275,'#000000',1,'2023-04-16 23:05:03','2023-04-16 23:05:03'),(276,'#000000',1,'2023-04-16 23:19:24','2023-04-16 23:19:24');

--
-- Table structure for table `comments`
--

CREATE TABLE `comments` (
  `id` int NOT NULL AUTO_INCREMENT,
  `product_id` int DEFAULT NULL,
  `comment` text CHARACTER SET utf8mb3 COLLATE utf8mb3_general_ci,
  `mac_address` varchar(191) DEFAULT NULL,
  `status` int DEFAULT '0',
  `created_at` timestamp NULL DEFAULT NULL,
  `updated_at` timestamp NULL DEFAULT NULL,
  PRIMARY KEY (`id`)
) ENGINE=InnoDB AUTO_INCREMENT=11 DEFAULT CHARSET=latin1;

--
-- Dumping data for table `comments`
--

INSERT INTO `comments` (`id`, `product_id`, `comment`, `mac_address`, `status`, `created_at`, `updated_at`) VALUES (1,4,'samer abooda','123123',0,'2022-11-19 01:11:54','2022-11-19 01:14:31'),(2,4,'samer aboodasa','1231236',0,'2022-11-19 01:14:39','2022-11-19 01:40:02'),(3,5563,'غىىغغةاغ','6793861ba04596e0',0,'2022-11-19 01:22:27','2022-11-19 02:07:06'),(4,5560,'ىاىتةع','6793861ba04596e0',0,'2022-11-19 02:12:53','2022-11-19 02:12:53'),(5,5560,'ىاىتةع','6793861ba04596e0',0,'2022-11-19 02:12:56','2022-11-19 02:12:56'),(6,5558,'ىغىغغى','6793861ba04596e0',0,'2022-11-19 02:13:18','2022-11-19 02:13:18'),(7,5570,'هاي','6793861ba04596e0',0,'2022-11-19 02:15:06','2022-11-19 02:15:06'),(8,5570,'لهبلهلرهاهرمرا','6793861ba04596e0',0,'2022-11-19 02:15:21','2022-11-19 02:15:21'),(9,1745,'نينن','846f064a3885483e',0,'2022-11-19 02:16:07','2022-11-19 02:16:07'),(10,2077,'oh','9defeed4213e900a',0,'2022-12-07 09:38:07','2022-12-07 09:38:07');

--
-- Table structure for table `companies`
--

CREATE TABLE `companies` (
  `id` int unsigned NOT NULL AUTO_INCREMENT,
  `image` varchar(191) CHARACTER SET utf8mb4 COLLATE utf8mb4_unicode_ci NOT NULL,
  `status` tinyint(1) NOT NULL DEFAULT '1',
  `user_id` int unsigned NOT NULL,
  `created_at` timestamp NULL DEFAULT NULL,
  `updated_at` timestamp NULL DEFAULT NULL,
  `const` tinyint(1) NOT NULL DEFAULT '1',
  `shipping_type_id` int unsigned DEFAULT NULL,
  `slug` enum('lenses','toys') CHARACTER SET utf8mb4 COLLATE utf8mb4_unicode_ci DEFAULT NULL,
  PRIMARY KEY (`id`),
  KEY `companies_user_id_foreign` (`user_id`),
  KEY `companies_shipping_type_id_foreign` (`shipping_type_id`),
  CONSTRAINT `companies_shipping_type_id_foreign` FOREIGN KEY (`shipping_type_id`) REFERENCES `shippingtypes` (`id`) ON DELETE CASCADE,
  CONSTRAINT `companies_user_id_foreign` FOREIGN KEY (`user_id`) REFERENCES `users` (`id`) ON DELETE CASCADE
) ENGINE=InnoDB AUTO_INCREMENT=43 DEFAULT CHARSET=utf8mb4 COLLATE=utf8mb4_unicode_ci;

--
-- Dumping data for table `companies`
--

INSERT INTO `companies` (`id`, `image`, `status`, `user_id`, `created_at`, `updated_at`, `const`, `shipping_type_id`, `slug`) VALUES (1,'uMcXLKL111ZCWLc2Kg8leTtuyNmet36fIrbiN74h.jpeg',1,16,'2020-07-30 21:29:38','2020-09-22 17:39:08',0,3,NULL),(2,'qlVagtJhr1mrTWkkZOLSjV2cusS3O8V9YDzkOMD2.png',1,18,'2020-07-30 21:41:47','2020-09-22 17:39:25',0,3,NULL),(3,'OUpW6gvh0rHoALaZnvqInrXQVto9m7Tcfyj8t2MU.png',1,19,'2020-07-30 21:46:49','2020-09-22 17:32:09',0,3,'lenses'),(4,'H7z8K3gayBWgqSu2nQipcdXPdDhNNx1x3Wc4tyxt.png',1,14,'2020-07-30 22:23:10','2020-11-08 11:53:41',0,4,NULL),(5,'5jbLDBUQ4c2LT8PhVSqoQyc1Jh0smsoI8jWZn1mD.jpeg',1,15,'2020-08-01 10:16:58','2020-08-19 10:50:16',0,3,NULL),(6,'vuteQbIyKE9EcY6AjdBBF62BTeRuGSSZy0hsw7kq.jpeg',1,26,'2020-08-06 10:51:58','2020-08-06 10:51:58',1,4,NULL),(7,'etORoxMmix8FwOc28EB5sG7b9Ozcti4ttIj2kTJ7.jpeg',1,17,'2020-08-06 10:55:14','2020-08-06 10:55:14',1,3,NULL),(8,'yAJ6kzaK9MNNi2YPy0pHKmJP0j3w0WPxWPgIXKyP.png',1,14,'2020-08-06 11:18:55','2022-11-20 07:25:12',1,3,NULL),(9,'LkjcX2pnsWpL9T5l0MKlNlYeO1rHXFQAYFTs1Vy5.jpeg',1,27,'2020-08-06 14:21:24','2020-08-06 14:21:24',1,3,NULL),(10,'nQuXqDdZkxNjoS7j34J3G7J1267vv1vMlGdYv6L4.png',1,14,'2020-08-06 16:11:16','2020-08-06 16:11:16',1,3,NULL),(11,'bqWRNdY7wJGuocE4aITwsN2E5epSntCqcHAR00gV.jpeg',1,29,'2020-08-10 12:18:39','2020-08-10 12:18:39',1,4,NULL),(12,'sAhyC2DSjVqKlRxXbBuSacRQcvlHkkzP4VmmJuP5.jpeg',1,30,'2020-08-10 12:37:46','2020-08-31 17:35:57',1,4,NULL),(13,'TAQM4cEN8gvt4w1u3AWRQh9WJA3F5LUZqLDEIHKq.jpeg',1,16,'2020-08-13 13:08:14','2020-08-13 13:08:14',1,4,NULL),(14,'d7m4EpQsjfKr7LO1dE7JdLfco47CbqyBmnt6DL9L.png',1,14,'2020-08-16 19:00:42','2020-08-16 19:00:42',1,3,NULL),(15,'7QGoszmMZMkfjCTP5GHYOkfemrzmr8WikBHWzxNq.jpeg',1,4982,'2020-08-17 15:30:52','2020-10-08 13:44:58',1,4,NULL),(16,'XNFHAFKvEPugRmJw381OUIlC5VvarXJQMpLgCh4Z.jpeg',1,4983,'2020-08-18 09:50:13','2020-08-18 09:50:13',1,4,NULL),(17,'AKHxNIquE7BRhtBPpYWJG2dn7Ot4WT9MrWLOz3s9.jpeg',0,4982,'2020-08-18 10:42:07','2021-03-02 13:16:52',1,4,NULL),(18,'j2o3WtqSkhwZDVpMpNdXvksqFdtaBvC8BfVDNH2H.jpeg',1,14,'2020-08-18 16:42:44','2020-08-18 16:42:44',1,4,NULL),(19,'wCMydiKIGpk7gcDjQmXeL6Y9AHI6sRz6GIXqkKLL.jpeg',1,4984,'2020-08-31 13:16:53','2020-08-31 13:16:53',1,4,NULL),(20,'DMMv0MX59Qpts4PDHRgGt1B9Bstr2mhnj1C55Tpe.jpeg',1,4985,'2020-08-31 13:17:39','2020-08-31 13:17:39',1,4,NULL),(21,'QTmun64RA1LCqcMapYsTj7MCYQSQydFygsDxMX6n.jpeg',1,4986,'2020-08-31 13:18:14','2020-08-31 13:18:14',1,3,NULL),(22,'Lrn14xZmxwS304AwPQW51Ocpb1CcK43Ldo0jYYw9.jpeg',1,14,'2020-09-02 15:43:10','2021-03-22 12:09:47',1,4,NULL),(23,'ZFNzYkvCcvl5uJhZYvihFbKIc79ajYMbHHTXeJT0.jpeg',1,4988,'2020-09-03 00:51:21','2020-09-03 00:51:21',1,3,NULL),(24,'9D6U4wFVMsnu1HCykExhjLaJwVvw1gKoaB0AUzIg.jpeg',1,14,'2020-09-03 09:20:52','2020-09-03 09:20:52',1,3,NULL),(25,'UZDY0ezReKXfzJkaitEnpghlpkQk3I4v1yFZ5Pmf.jpeg',1,4989,'2020-09-06 10:01:49','2020-09-06 10:01:49',1,3,NULL),(26,'xxfuXesYr6sgrbFkozlhYYdoIJiUmFNOPfNHptFi.jpeg',1,5004,'2020-09-09 14:21:34','2020-09-09 14:21:34',1,4,NULL),(27,'Dp9Mo1H4UmON0vFPLEWzEYWMQYgiutxC27Icq5M3.jpeg',1,5009,'2020-09-17 10:33:57','2020-09-17 10:33:57',1,4,NULL),(28,'F5S2aS1oE9aktXWAf7hpbkM4sryn0LjTGeidC6tL.jpeg',1,5010,'2020-09-17 10:35:20','2020-09-17 10:35:20',1,3,NULL),(29,'sY8AcuyBjE4bdJ21qZMlkBiYet1QAZyozc24VQnF.jpeg',1,5012,'2020-09-26 13:42:57','2020-09-26 13:42:57',1,3,NULL),(30,'EPceBzgSFxXi7ihD5VOmnh3ZkDVcwcL9dIgsUh9h.jpeg',1,5014,'2020-10-04 13:13:20','2020-10-04 13:13:20',1,3,NULL),(31,'JLKqM6gTNiL1nqJVXabnQMp2fzlSI3UHRUMEPDJD.png',1,14,'2020-10-06 18:45:22','2020-10-06 18:45:22',1,3,NULL),(32,'I7TOmb27z1j8jZrtOVgEsuLt745TgsX602McMDqv.jpeg',1,5052,'2020-10-22 12:33:25','2020-10-22 12:33:25',1,4,NULL),(33,'ZuXDW7YVf2nC7aCoKlkibBV1kTaOz4Dv9Lg8U9jD.jpeg',1,5053,'2020-10-22 12:49:42','2020-10-22 12:49:42',1,4,NULL),(34,'JAOK4MxVdLB7cBTklKGhcEhwElqWB5geaox4F3HY.png',1,14,'2020-11-15 11:08:39','2020-11-15 11:08:39',1,3,NULL),(35,'ITGx01bPRFLWUGTUsb2RUdzxcR6i2pul0lzpM1x5.webp',1,14,'2020-11-26 14:18:41','2020-11-26 14:18:41',1,4,NULL),(36,'FhOSoo0ZqGlz8N9DbXACmAiuCraDETHdxlePpxvk.png',1,5275,'2021-01-02 15:15:59','2021-01-02 15:15:59',1,4,NULL),(37,'3KxxiUTop1uYxuaHnOukplgpNLiNj77AwAzOc7Rq.jpg',0,14,'2021-02-20 11:42:40','2021-02-20 11:47:27',1,4,NULL),(38,'Q0s4p5W3i2ZGEP4lbNo3ZzODPsIIusnLPbo67bQN.jpg',1,5584,'2021-03-09 12:33:22','2021-03-09 12:33:22',1,4,NULL),(39,'iZigEa1v3YS09TpgCp0rea8R1mXzUKm9LDlITiCd.png',1,5685,'2021-04-03 14:43:11','2021-04-03 14:43:11',1,3,NULL),(40,'V0mS6BF0jeYlGH80RiY61P6oMSWdW4TZSGcDRUw1.jpg',1,5732,'2021-04-11 11:45:12','2021-04-11 11:45:12',1,4,NULL),(41,'KaV8dCLBRMGXhiVz1KFXIbV0BThHdxcJ8oEk6eRy.jpg',1,5743,'2021-04-14 13:30:45','2021-04-14 13:30:45',1,4,NULL),(42,'mQRqLTao5eZSvOMqa8o8I8q22tRBGtZMbQq2G3yD.jpg',1,5958,'2021-05-25 14:59:23','2021-05-25 14:59:23',1,4,NULL);

--
-- Table structure for table `company_brands`
--

CREATE TABLE `company_brands` (
  `id` int NOT NULL AUTO_INCREMENT,
  `brand_id` int NOT NULL,
  `company_id` int NOT NULL,
  `created_at` timestamp NULL DEFAULT NULL,
  `updated_at` timestamp NULL DEFAULT NULL,
  PRIMARY KEY (`id`)
) ENGINE=MyISAM AUTO_INCREMENT=88 DEFAULT CHARSET=latin1;

--
-- Dumping data for table `company_brands`
--

INSERT INTO `company_brands` (`id`, `brand_id`, `company_id`, `created_at`, `updated_at`) VALUES (1,1,4,NULL,NULL),(2,2,3,NULL,NULL),(3,3,1,NULL,NULL),(23,4,13,NULL,NULL),(5,5,4,NULL,NULL),(6,6,4,NULL,NULL),(7,7,4,NULL,NULL),(8,8,4,NULL,NULL),(9,9,4,NULL,NULL),(10,12,4,NULL,NULL),(11,14,4,NULL,NULL),(12,18,4,NULL,NULL),(13,19,4,NULL,NULL),(14,15,4,NULL,NULL),(15,20,7,NULL,NULL),(17,21,10,NULL,NULL),(18,22,5,NULL,NULL),(19,24,5,NULL,NULL),(20,23,5,NULL,NULL),(21,25,6,NULL,NULL),(22,26,5,NULL,NULL),(24,4,4,NULL,NULL),(25,6,13,NULL,NULL),(26,10,13,NULL,NULL),(27,27,13,NULL,NULL),(28,28,13,NULL,NULL),(29,29,13,NULL,NULL),(30,30,13,NULL,NULL),(31,13,4,NULL,NULL),(32,11,4,NULL,NULL),(34,31,15,NULL,NULL),(35,32,15,NULL,NULL),(36,33,15,NULL,NULL),(37,34,15,NULL,NULL),(38,35,15,NULL,NULL),(39,19,15,NULL,NULL),(40,36,16,NULL,NULL),(41,37,16,NULL,NULL),(42,38,16,NULL,NULL),(43,39,17,NULL,NULL),(44,40,18,NULL,NULL),(45,41,18,NULL,NULL),(46,42,18,NULL,NULL),(47,43,16,NULL,NULL),(48,44,16,NULL,NULL),(49,45,16,NULL,NULL),(50,46,16,NULL,NULL),(51,46,3,NULL,NULL),(52,47,2,NULL,NULL),(53,47,4,NULL,NULL),(54,48,4,NULL,NULL),(56,10,4,NULL,NULL),(57,49,4,NULL,NULL),(58,50,4,NULL,NULL),(59,51,4,NULL,NULL),(60,52,4,NULL,NULL),(61,53,4,NULL,NULL),(62,54,2,NULL,NULL),(63,55,2,NULL,NULL),(64,56,2,NULL,NULL),(65,57,2,NULL,NULL),(66,58,2,NULL,NULL),(67,59,4,NULL,NULL),(68,61,4,NULL,NULL),(69,61,35,NULL,NULL),(70,25,4,NULL,NULL),(71,62,36,NULL,NULL),(72,63,36,NULL,NULL),(73,64,36,NULL,NULL),(74,65,4,NULL,NULL),(77,67,8,NULL,NULL),(78,68,4,NULL,NULL),(79,68,8,NULL,NULL),(80,69,4,NULL,NULL),(81,69,8,NULL,NULL),(82,71,41,NULL,NULL),(83,72,42,NULL,NULL),(84,73,42,NULL,NULL),(85,74,42,NULL,NULL),(86,75,8,NULL,NULL),(87,76,8,NULL,NULL);

--
-- Table structure for table `company_categories`
--

CREATE TABLE `company_categories` (
  `id` int unsigned NOT NULL AUTO_INCREMENT,
  `company_id` int unsigned NOT NULL,
  `category_id` int unsigned NOT NULL,
  `created_at` timestamp NULL DEFAULT NULL,
  `updated_at` timestamp NULL DEFAULT NULL,
  PRIMARY KEY (`id`),
  KEY `company_categories_company_id_foreign` (`company_id`),
  KEY `company_categories_category_id_foreign` (`category_id`),
  CONSTRAINT `company_categories_category_id_foreign` FOREIGN KEY (`category_id`) REFERENCES `categories` (`id`) ON DELETE CASCADE,
  CONSTRAINT `company_categories_company_id_foreign` FOREIGN KEY (`company_id`) REFERENCES `companies` (`id`) ON DELETE CASCADE
) ENGINE=InnoDB AUTO_INCREMENT=359 DEFAULT CHARSET=utf8mb4 COLLATE=utf8mb4_unicode_ci;

--
-- Dumping data for table `company_categories`
--

INSERT INTO `company_categories` (`id`, `company_id`, `category_id`, `created_at`, `updated_at`) VALUES (2,1,19,NULL,NULL),(3,1,20,NULL,NULL),(5,2,19,NULL,NULL),(6,2,20,NULL,NULL),(9,3,19,NULL,NULL),(10,3,20,NULL,NULL),(13,5,21,NULL,NULL),(14,5,22,NULL,NULL),(15,5,23,NULL,NULL),(16,5,25,NULL,NULL),(17,5,26,NULL,NULL),(18,5,27,NULL,NULL),(19,5,28,NULL,NULL),(20,4,29,NULL,NULL),(21,4,33,NULL,NULL),(27,4,39,NULL,NULL),(42,4,51,NULL,NULL),(43,4,52,NULL,NULL),(44,4,34,NULL,NULL),(45,4,35,NULL,NULL),(46,4,36,NULL,NULL),(47,4,37,NULL,NULL),(48,4,38,NULL,NULL),(49,4,40,NULL,NULL),(50,4,41,NULL,NULL),(51,4,42,NULL,NULL),(52,4,43,NULL,NULL),(53,4,44,NULL,NULL),(54,4,45,NULL,NULL),(55,4,46,NULL,NULL),(56,4,47,NULL,NULL),(57,4,48,NULL,NULL),(58,4,49,NULL,NULL),(59,4,50,NULL,NULL),(60,6,11,NULL,NULL),(61,6,21,NULL,NULL),(62,6,22,NULL,NULL),(63,6,23,NULL,NULL),(64,6,28,NULL,NULL),(65,6,24,NULL,NULL),(66,7,29,NULL,NULL),(67,7,51,NULL,NULL),(68,7,21,NULL,NULL),(69,7,22,NULL,NULL),(70,7,23,NULL,NULL),(71,7,28,NULL,NULL),(72,7,63,NULL,NULL),(73,7,64,NULL,NULL),(74,7,65,NULL,NULL),(75,8,21,NULL,NULL),(76,8,22,NULL,NULL),(77,8,23,NULL,NULL),(78,8,28,NULL,NULL),(79,8,63,NULL,NULL),(80,8,64,NULL,NULL),(81,8,65,NULL,NULL),(82,6,63,NULL,NULL),(83,6,64,NULL,NULL),(84,6,65,NULL,NULL),(85,6,27,NULL,NULL),(86,8,66,NULL,NULL),(87,9,21,NULL,NULL),(88,9,22,NULL,NULL),(89,9,23,NULL,NULL),(90,9,28,NULL,NULL),(91,9,63,NULL,NULL),(92,9,64,NULL,NULL),(93,9,65,NULL,NULL),(94,9,66,NULL,NULL),(95,10,53,NULL,NULL),(96,10,54,NULL,NULL),(105,7,67,NULL,NULL),(106,11,68,NULL,NULL),(107,11,69,NULL,NULL),(108,12,51,NULL,NULL),(109,12,52,NULL,NULL),(110,12,31,NULL,NULL),(111,12,32,NULL,NULL),(112,12,22,NULL,NULL),(113,12,66,NULL,NULL),(114,11,19,NULL,NULL),(115,11,20,NULL,NULL),(116,13,68,NULL,NULL),(117,13,69,NULL,NULL),(124,10,75,NULL,NULL),(134,14,92,NULL,NULL),(135,15,93,NULL,NULL),(137,16,93,NULL,NULL),(138,16,96,NULL,NULL),(139,16,97,NULL,NULL),(140,17,72,NULL,NULL),(141,10,98,NULL,NULL),(142,10,99,NULL,NULL),(143,10,100,NULL,NULL),(144,10,101,NULL,NULL),(145,18,61,NULL,NULL),(147,16,94,NULL,NULL),(148,18,55,NULL,NULL),(149,18,99,NULL,NULL),(150,4,102,NULL,NULL),(151,18,100,NULL,NULL),(152,18,101,NULL,NULL),(154,16,95,NULL,NULL),(155,15,104,NULL,NULL),(156,19,90,NULL,NULL),(157,20,91,NULL,NULL),(158,21,91,NULL,NULL),(159,12,30,NULL,NULL),(160,3,108,NULL,NULL),(161,1,106,NULL,NULL),(162,2,107,NULL,NULL),(163,22,105,NULL,NULL),(164,23,65,NULL,NULL),(165,23,18,NULL,NULL),(170,24,61,NULL,NULL),(172,24,75,NULL,NULL),(174,25,11,NULL,NULL),(175,25,21,NULL,NULL),(176,25,66,NULL,NULL),(177,25,22,NULL,NULL),(178,25,28,NULL,NULL),(179,25,63,NULL,NULL),(180,25,64,NULL,NULL),(181,25,65,NULL,NULL),(183,20,72,NULL,NULL),(184,26,31,NULL,NULL),(185,26,32,NULL,NULL),(186,26,30,NULL,NULL),(188,10,62,NULL,NULL),(189,10,109,NULL,NULL),(190,10,85,NULL,NULL),(191,24,85,NULL,NULL),(192,18,85,NULL,NULL),(193,10,61,NULL,NULL),(194,4,53,NULL,NULL),(195,4,111,NULL,NULL),(196,4,61,NULL,NULL),(197,4,112,NULL,NULL),(198,18,109,NULL,NULL),(199,24,109,NULL,NULL),(200,27,91,NULL,NULL),(201,28,90,NULL,NULL),(202,28,105,NULL,NULL),(203,4,54,NULL,NULL),(204,4,85,NULL,NULL),(205,29,91,NULL,NULL),(206,30,29,NULL,NULL),(207,30,51,NULL,NULL),(208,30,52,NULL,NULL),(209,30,30,NULL,NULL),(210,30,31,NULL,NULL),(211,31,12,NULL,NULL),(212,31,19,NULL,NULL),(213,31,20,NULL,NULL),(214,2,108,NULL,NULL),(215,2,113,NULL,NULL),(216,2,114,NULL,NULL),(217,2,115,NULL,NULL),(218,2,116,NULL,NULL),(219,2,117,NULL,NULL),(220,4,31,NULL,NULL),(221,32,30,NULL,NULL),(222,32,31,NULL,NULL),(223,33,31,NULL,NULL),(224,33,32,NULL,NULL),(225,5,70,NULL,NULL),(226,4,11,NULL,NULL),(227,4,21,NULL,NULL),(228,4,66,NULL,NULL),(229,4,22,NULL,NULL),(230,4,28,NULL,NULL),(231,4,63,NULL,NULL),(232,4,64,NULL,NULL),(233,4,65,NULL,NULL),(234,4,118,NULL,NULL),(235,34,8,NULL,NULL),(236,4,104,NULL,NULL),(237,35,119,NULL,NULL),(238,35,21,NULL,NULL),(239,4,119,NULL,NULL),(240,4,120,NULL,NULL),(241,4,121,NULL,NULL),(242,4,122,NULL,NULL),(243,4,123,NULL,NULL),(244,4,124,NULL,NULL),(245,4,125,NULL,NULL),(246,4,126,NULL,NULL),(247,4,127,NULL,NULL),(249,4,129,NULL,NULL),(250,4,97,NULL,NULL),(251,7,66,NULL,NULL),(252,36,129,NULL,NULL),(253,36,21,NULL,NULL),(254,36,119,NULL,NULL),(255,36,120,NULL,NULL),(256,36,121,NULL,NULL),(257,36,123,NULL,NULL),(258,36,124,NULL,NULL),(259,36,125,NULL,NULL),(260,36,126,NULL,NULL),(261,36,127,NULL,NULL),(262,4,131,NULL,NULL),(263,4,132,NULL,NULL),(264,36,130,NULL,NULL),(265,36,134,NULL,NULL),(266,4,130,NULL,NULL),(267,36,135,NULL,NULL),(268,36,136,NULL,NULL),(269,36,137,NULL,NULL),(270,36,138,NULL,NULL),(272,4,27,NULL,NULL),(273,36,141,NULL,NULL),(274,36,142,NULL,NULL),(275,21,72,NULL,NULL),(276,4,75,NULL,NULL),(277,4,143,NULL,NULL),(278,10,143,NULL,NULL),(279,4,139,NULL,NULL),(280,24,143,NULL,NULL),(282,4,145,NULL,NULL),(283,8,145,NULL,NULL),(284,9,146,NULL,NULL),(285,33,30,NULL,NULL),(286,33,147,NULL,NULL),(287,34,29,NULL,NULL),(288,4,148,NULL,NULL),(289,4,149,NULL,NULL),(290,4,150,NULL,NULL),(291,4,151,NULL,NULL),(292,4,152,NULL,NULL),(293,4,153,NULL,NULL),(294,4,154,NULL,NULL),(295,4,155,NULL,NULL),(296,4,156,NULL,NULL),(297,4,157,NULL,NULL),(298,37,51,NULL,NULL),(299,37,93,NULL,NULL),(300,15,158,NULL,NULL),(301,15,159,NULL,NULL),(302,15,160,NULL,NULL),(303,4,93,NULL,NULL),(304,4,158,NULL,NULL),(305,4,159,NULL,NULL),(306,4,161,NULL,NULL),(307,8,161,NULL,NULL),(308,5,162,NULL,NULL),(309,38,66,NULL,NULL),(310,38,22,NULL,NULL),(311,4,163,NULL,NULL),(312,38,67,NULL,NULL),(313,38,164,NULL,NULL),(314,4,165,NULL,NULL),(315,39,90,NULL,NULL),(316,39,105,NULL,NULL),(317,39,166,NULL,NULL),(318,39,167,NULL,NULL),(319,40,66,NULL,NULL),(320,4,168,NULL,NULL),(321,8,168,NULL,NULL),(322,41,66,NULL,NULL),(323,4,10,NULL,NULL),(324,4,109,NULL,NULL),(325,4,98,NULL,NULL),(326,4,99,NULL,NULL),(327,41,169,NULL,NULL),(328,41,170,NULL,NULL),(329,4,170,NULL,NULL),(330,4,162,NULL,NULL),(331,4,92,NULL,NULL),(334,42,121,NULL,NULL),(335,42,171,NULL,NULL),(336,42,172,NULL,NULL),(337,42,173,NULL,NULL),(338,42,174,NULL,NULL),(339,42,123,NULL,NULL),(340,42,124,NULL,NULL),(341,42,125,NULL,NULL),(342,42,126,NULL,NULL),(343,42,127,NULL,NULL),(344,42,130,NULL,NULL),(345,42,175,NULL,NULL),(346,4,176,NULL,NULL),(347,4,177,NULL,NULL),(348,4,178,NULL,NULL),(349,4,137,NULL,NULL),(350,16,179,NULL,NULL),(351,16,180,NULL,NULL),(352,16,181,NULL,NULL),(353,16,182,NULL,NULL),(354,4,179,NULL,NULL),(355,4,180,NULL,NULL),(356,4,181,NULL,NULL),(357,4,182,NULL,NULL),(358,4,183,NULL,NULL);

--
-- Table structure for table `company_translations`
--

CREATE TABLE `company_translations` (
  `id` int unsigned NOT NULL AUTO_INCREMENT,
  `company_id` int unsigned NOT NULL,
  `name` varchar(191) CHARACTER SET utf8mb4 COLLATE utf8mb4_unicode_ci NOT NULL,
  `descrption` text CHARACTER SET utf8mb4 COLLATE utf8mb4_unicode_ci,
  `meta_keywords` varchar(191) CHARACTER SET utf8mb4 COLLATE utf8mb4_unicode_ci DEFAULT NULL,
  `meta_description` text CHARACTER SET utf8mb4 COLLATE utf8mb4_unicode_ci,
  `locale` varchar(191) CHARACTER SET utf8mb4 COLLATE utf8mb4_unicode_ci NOT NULL,
  `created_at` timestamp NULL DEFAULT NULL,
  `updated_at` timestamp NULL DEFAULT NULL,
  PRIMARY KEY (`id`),
  UNIQUE KEY `company_translations_company_id_locale_unique` (`company_id`,`locale`),
  KEY `company_translations_locale_index` (`locale`),
  CONSTRAINT `company_translations_company_id_foreign` FOREIGN KEY (`company_id`) REFERENCES `companies` (`id`) ON DELETE CASCADE
) ENGINE=InnoDB AUTO_INCREMENT=85 DEFAULT CHARSET=utf8mb4 COLLATE=utf8mb4_unicode_ci;

--
-- Dumping data for table `company_translations`
--

INSERT INTO `company_translations` (`id`, `company_id`, `name`, `descrption`, `meta_keywords`, `meta_description`, `locale`, `created_at`, `updated_at`) VALUES (1,1,'عدسات ذهب','عدسات ذهب','عدسات ذهب','عدسات ذهب','ar',NULL,NULL),(2,1,'Dahab Lenses','Dahab Lenses','Dahab Lenses','Dahab Lenses','en',NULL,NULL),(3,2,'فجن اكس','VisonXoptics','عدسات بيلا','عدسات بيلا','ar',NULL,NULL),(4,2,'VisonXoptics','VisonXoptics','Bella Lenses','Bella Lenses','en',NULL,NULL),(5,3,'فلكس ايز','عدسات فلكس ايز','عدسات فلكس ايز','عدسات فلكس ايز حصة اللوغاني','ar',NULL,NULL),(6,3,'Flex Eyes','Flex Eyes','Flex Eyes','Flex Eyes','en',NULL,NULL),(7,4,'InstaDeal','شركة جديدة &nbsp;','شركة جديدة','شركة جديدة','ar',NULL,NULL),(8,4,'InstaDeal','شركة جديدة','شركة جديدة','شركة جديدة','en',NULL,NULL),(9,5,'ModaBodyShop','MakeUp','MakeUp','MakeUp','ar',NULL,NULL),(10,5,'ModaBodyShop','MakeUp','MakeUp','MakeUp','en',NULL,NULL),(11,6,'فيفنزا','شركة فيفنزا &nbsp;',NULL,NULL,'ar',NULL,NULL),(12,6,'Vivanza Company','Vivanza Company',NULL,NULL,'en',NULL,NULL),(13,7,'TheFaceShop','The Face shop',NULL,NULL,'ar',NULL,NULL),(14,7,'The Face shop','The Face shop',NULL,NULL,'en',NULL,NULL),(15,8,'ايفلين','Eveline',NULL,NULL,'ar',NULL,NULL),(16,8,'Eveline','Eveline',NULL,NULL,'en',NULL,NULL),(17,9,'FAIR&WHITE','ArabLimitedGroup',NULL,NULL,'ar',NULL,NULL),(18,9,'FAIR&WHITE','ArabLimitedGroup',NULL,NULL,'en',NULL,NULL),(19,10,'أنكر',NULL,NULL,NULL,'ar',NULL,NULL),(20,10,'Anker',NULL,NULL,NULL,'en',NULL,NULL),(21,11,'فيجن إكس',NULL,'Vision X',NULL,'ar',NULL,NULL),(22,11,'Vision X',NULL,NULL,NULL,'en',NULL,NULL),(23,12,'برستيج',NULL,NULL,NULL,'ar',NULL,NULL),(24,12,'brstyj',NULL,NULL,NULL,'en',NULL,NULL),(25,13,'نظارات الوليد',NULL,NULL,NULL,'ar',NULL,NULL),(26,13,'Alwaleed Glasses',NULL,NULL,NULL,'en',NULL,NULL),(27,14,'Instadeal',NULL,NULL,NULL,'ar',NULL,NULL),(28,14,'Instadeal',NULL,NULL,NULL,'en',NULL,NULL),(29,15,'الامراء',NULL,NULL,NULL,'ar',NULL,NULL),(30,15,'Al Omara',NULL,NULL,NULL,'en',NULL,NULL),(31,16,'عجلان واخوانه',NULL,NULL,NULL,'ar',NULL,NULL),(32,16,'عجلان واخوانه',NULL,NULL,NULL,'en',NULL,NULL),(33,17,'موريسكي',NULL,NULL,NULL,'ar',NULL,NULL),(34,17,'Moreschi',NULL,NULL,NULL,'en',NULL,NULL),(35,18,'قوي',NULL,NULL,NULL,'ar',NULL,NULL),(36,18,'Goui',NULL,NULL,NULL,'en',NULL,NULL),(37,19,'كويت واتشز','كويت واتشز&nbsp;كويت واتشز',NULL,NULL,'ar',NULL,NULL),(38,19,'Q8-Watches',NULL,NULL,NULL,'en',NULL,NULL),(39,20,'ستراتوسفير','ستراتوسفير&nbsp;ستراتوسفير &nbsp;',NULL,NULL,'ar',NULL,NULL),(40,20,'ستراتوسفير',NULL,NULL,NULL,'en',NULL,NULL),(41,21,'aoksjyn yonaytd','اوكسجين يونايتد &nbsp;',NULL,NULL,'ar',NULL,NULL),(42,21,'aoksjyn yonaytd','اوكسجين يونايتد',NULL,NULL,'en',NULL,NULL),(43,22,'جي - شوك',NULL,NULL,NULL,'ar',NULL,NULL),(44,22,'G-Shock',NULL,NULL,NULL,'en',NULL,NULL),(45,23,'Eylure Londen',NULL,NULL,NULL,'ar',NULL,NULL),(46,23,'Eylure Londen',NULL,NULL,NULL,'en',NULL,NULL),(47,24,'Al-Ostora',NULL,NULL,NULL,'ar',NULL,NULL),(48,24,'AL-Ostora',NULL,NULL,NULL,'en',NULL,NULL),(49,25,'لومينانس',NULL,NULL,NULL,'ar',NULL,NULL),(50,25,'Lumiance Company',NULL,NULL,NULL,'en',NULL,NULL),(51,26,'امفال',NULL,NULL,NULL,'ar',NULL,NULL),(52,26,'Amfal',NULL,NULL,NULL,'en',NULL,NULL),(53,27,'اوزافليكس',NULL,NULL,NULL,'ar',NULL,NULL),(54,27,'aozaflyks',NULL,NULL,NULL,'en',NULL,NULL),(55,28,'زايروس',NULL,NULL,NULL,'ar',NULL,NULL),(56,28,'Zyros',NULL,NULL,NULL,'en',NULL,NULL),(57,29,'بيكادلى',NULL,NULL,NULL,'ar',NULL,NULL),(58,29,'Piccadilly',NULL,NULL,NULL,'en',NULL,NULL),(59,30,'ابولو للعطور','.',NULL,NULL,'ar',NULL,NULL),(60,30,'Appollo Perfumes','.',NULL,NULL,'en',NULL,NULL),(61,31,'عدسات-انستاديل',NULL,NULL,NULL,'ar',NULL,NULL),(62,31,'InstaDeal-Lenses',NULL,NULL,NULL,'en',NULL,NULL),(63,32,'بيت المسك للعطور','Musk House Perfume',NULL,NULL,'ar',NULL,NULL),(64,32,'Musk House Perfume','Musk House Perfume',NULL,NULL,'en',NULL,NULL),(65,33,'اطياب دار جابر',NULL,NULL,NULL,'ar',NULL,NULL),(66,33,'atyabdarjaber',NULL,NULL,NULL,'en',NULL,NULL),(67,34,'رويال بيوتي',NULL,NULL,NULL,'ar',NULL,NULL),(68,34,'Royal Beauty',NULL,NULL,NULL,'en',NULL,NULL),(69,35,'شركة الاتحاد',NULL,NULL,NULL,'ar',NULL,NULL),(70,35,'Union Company',NULL,NULL,NULL,'en',NULL,NULL),(71,36,'جاشنمال','جاشنمال','جاشنمال',NULL,'ar',NULL,NULL),(72,36,'jashanmal','jashanmal &nbsp;',NULL,NULL,'en',NULL,NULL),(73,37,'هيلد',NULL,'هيلد',NULL,'ar',NULL,NULL),(74,37,'hield',NULL,'hield',NULL,'en',NULL,NULL),(75,38,'ازهار الصابون','ازهار الصابون',NULL,NULL,'ar',NULL,NULL),(76,38,' Soap blossoms','Soap blossoms','Soap blossoms',NULL,'en',NULL,NULL),(77,39,'زايروس',NULL,NULL,NULL,'ar',NULL,NULL),(78,39,'ZYROS',NULL,NULL,NULL,'en',NULL,NULL),(79,40,'فارماسيرز','فارماسيرس',NULL,NULL,'ar',NULL,NULL),(80,40,'Pharmaceries','Pharmaceries',NULL,NULL,'en',NULL,NULL),(81,41,'امواج الذهبية للادويه','امواج الذهبية للادويه',NULL,NULL,'ar',NULL,NULL),(82,41,'Golden Waves Pharmaceuticals','Golden Waves Pharmaceuticals',NULL,NULL,'en',NULL,NULL),(83,42,'الرثعان للالكترونيات','الرثعان للالكترونيات',NULL,NULL,'ar',NULL,NULL),(84,42,'الرثعان للالكترونيات','الرثعان للالكترونيات',NULL,NULL,'en',NULL,NULL);

--
-- Table structure for table `content_section_translations`
--

CREATE TABLE `content_section_translations` (
  `id` int unsigned NOT NULL AUTO_INCREMENT,
  `content_section_id` int unsigned NOT NULL,
  `title` varchar(191) CHARACTER SET utf8mb4 COLLATE utf8mb4_unicode_ci DEFAULT NULL,
  `locale` varchar(191) CHARACTER SET utf8mb4 COLLATE utf8mb4_unicode_ci NOT NULL,
  `created_at` timestamp NULL DEFAULT NULL,
  `updated_at` timestamp NULL DEFAULT NULL,
  PRIMARY KEY (`id`),
  UNIQUE KEY `content_section_translations_content_section_id_locale_unique` (`content_section_id`,`locale`),
  CONSTRAINT `content_section_translations_content_section_id_foreign` FOREIGN KEY (`content_section_id`) REFERENCES `content_sections` (`id`) ON DELETE CASCADE
) ENGINE=InnoDB AUTO_INCREMENT=157 DEFAULT CHARSET=utf8mb4 COLLATE=utf8mb4_unicode_ci;

--
-- Dumping data for table `content_section_translations`
--

INSERT INTO `content_section_translations` (`id`, `content_section_id`, `title`, `locale`, `created_at`, `updated_at`) VALUES (5,3,'عدسات ذهب','ar',NULL,NULL),(6,3,'Dahab Lenses','en',NULL,NULL),(7,4,'ملابس شعبية اصلية','ar',NULL,NULL),(8,4,'Original folk clothing','en',NULL,NULL),(9,5,'مكياج يومي','ar',NULL,NULL),(10,5,'Daily Make Up','en',NULL,NULL),(11,6,'مكياج','ar',NULL,NULL),(12,6,'Makeup','en',NULL,NULL),(13,7,'أحدث المنتجات','ar',NULL,NULL),(14,7,'New Collection','en',NULL,NULL),(15,8,'عطور','ar',NULL,NULL),(16,8,'Perfume','en',NULL,NULL),(17,9,'اخترنالكم','ar',NULL,NULL),(18,9,'Recommendation','en',NULL,NULL),(19,10,'خصومات','ar',NULL,NULL),(20,10,'Discount','en',NULL,NULL),(21,11,'خصومات وتوصيل مجاني','ar',NULL,NULL),(22,11,'Discount and Free delivery','en',NULL,NULL),(23,12,'منتجات خاصة بانستاديل','ar',NULL,NULL),(24,12,'Specail In InstaDeal','en',NULL,NULL),(25,13,'منتجات خاصة بانستاديل','ar',NULL,NULL),(26,13,'Specail In InstaDeal','en',NULL,NULL),(27,14,'عطور مخصصة','ar',NULL,NULL),(28,14,'Niche Perfumes','en',NULL,NULL),(29,15,'الأكثر طلبا','ar',NULL,NULL),(30,15,'Top Sales','en',NULL,NULL),(35,18,'عروض','ar',NULL,NULL),(36,18,'Offiers','en',NULL,NULL),(37,19,'منتجات مختارة','ar',NULL,NULL),(38,19,'Recommended','en',NULL,NULL),(41,21,'إلكترونيات','ar',NULL,NULL),(42,21,'Electronics','en',NULL,NULL),(43,22,'فير آند وايت','ar',NULL,NULL),(44,22,'FairAndWhite','en',NULL,NULL),(45,23,'EVELINE','ar',NULL,NULL),(46,23,'EVELINE','en',NULL,NULL),(47,24,'منتجات','ar',NULL,NULL),(48,24,'Products','en',NULL,NULL),(49,25,'الأكثر طلب','ar',NULL,NULL),(50,25,'Most orders','en',NULL,NULL),(51,26,'اخترنالكم','ar',NULL,NULL),(52,26,'Recommendation','en',NULL,NULL),(53,27,'عليها طلب','ar',NULL,NULL),(54,27,'Recommended','en',NULL,NULL),(55,28,'ماركة','ar',NULL,NULL),(56,28,'Brand','en',NULL,NULL),(57,29,'عروض خاصة','ar',NULL,NULL),(58,29,'Special Offers','en',NULL,NULL),(59,30,'خاصة لك','ar',NULL,NULL),(60,30,'Special For You','en',NULL,NULL),(61,31,'هدايا مميزة','ar',NULL,NULL),(62,31,'Gifts','en',NULL,NULL),(85,43,'الأكثر مبيعا','ar',NULL,NULL),(86,43,'Most Orders','en',NULL,NULL),(87,44,'اخترنا لكم','ar',NULL,NULL),(88,44,'Recommended','en',NULL,NULL),(89,45,'عدسات ذهب','ar',NULL,NULL),(90,45,'Dahab','en',NULL,NULL),(93,47,'مكياج','ar',NULL,NULL),(94,47,'Makeup','en',NULL,NULL),(95,48,'منتجات جميله','ar',NULL,NULL),(96,48,'منتجات جميله','en',NULL,NULL),(97,49,'افضل العدسات','ar',NULL,NULL),(98,49,'best lences','en',NULL,NULL),(101,51,'عدسات فريش لوك','ar',NULL,NULL),(102,51,'Fresh Look Lenses','en',NULL,NULL),(105,53,'عطور فاخرة','ar',NULL,NULL),(106,53,'perfumes','en',NULL,NULL),(127,64,'فلكس ايز','ar',NULL,NULL),(128,64,'Flex Eyes','en',NULL,NULL),(129,65,'عروض','ar',NULL,NULL),(130,65,'Offers','en',NULL,NULL),(131,66,'الأجهزة','ar',NULL,NULL),(132,66,'Devices','en',NULL,NULL),(135,68,'براون','ar',NULL,NULL),(136,68,'Braun','en',NULL,NULL),(139,70,'أجهزة','ar',NULL,NULL),(140,70,'Devices','en',NULL,NULL),(141,71,'اخترنالكم','ar',NULL,NULL),(142,71,'Recommended','en',NULL,NULL),(143,72,'عروض','ar',NULL,NULL),(144,72,'Offers','en',NULL,NULL),(145,73,'عروض','ar',NULL,NULL),(146,73,'Offers','en',NULL,NULL),(153,77,'منتجاتنا المميزة','ar',NULL,NULL),(154,77,'speical products','en',NULL,NULL),(155,78,'العروض','ar',NULL,NULL),(156,78,'Offers','en',NULL,NULL);

--
-- Table structure for table `content_sections`
--

CREATE TABLE `content_sections` (
  `id` int unsigned NOT NULL AUTO_INCREMENT,
  `order` int NOT NULL,
  `status` int NOT NULL DEFAULT '1',
  `created_at` timestamp NULL DEFAULT NULL,
  `updated_at` timestamp NULL DEFAULT NULL,
  `start_offer` datetime DEFAULT NULL,
  `end_offer` datetime DEFAULT NULL,
  `categoryShow` int unsigned DEFAULT NULL,
  `web` tinyint DEFAULT NULL,
  `typeOfWeb` int DEFAULT NULL,
  PRIMARY KEY (`id`),
  KEY `content_sections_categoryshow_foreign` (`categoryShow`),
  CONSTRAINT `content_sections_categoryshow_foreign` FOREIGN KEY (`categoryShow`) REFERENCES `categories` (`id`) ON DELETE CASCADE
) ENGINE=InnoDB AUTO_INCREMENT=79 DEFAULT CHARSET=utf8mb4 COLLATE=utf8mb4_unicode_ci;

--
-- Dumping data for table `content_sections`
--

INSERT INTO `content_sections` (`id`, `order`, `status`, `created_at`, `updated_at`, `start_offer`, `end_offer`, `categoryShow`, `web`, `typeOfWeb`) VALUES (3,1,1,'2020-08-01 00:28:44','2020-08-30 12:05:25',NULL,NULL,8,NULL,NULL),(4,7,1,'2020-08-01 00:36:07','2021-11-17 22:18:38',NULL,NULL,NULL,NULL,NULL),(5,5,1,'2020-08-01 23:42:12','2021-11-17 21:40:02',NULL,NULL,NULL,NULL,NULL),(6,6,1,'2020-08-01 23:43:13','2021-12-12 23:04:26',NULL,NULL,NULL,NULL,NULL),(7,3,1,'2020-08-01 23:44:44','2023-04-16 06:31:41',NULL,NULL,NULL,NULL,NULL),(8,4,1,'2020-08-01 23:53:45','2022-12-31 21:11:22',NULL,NULL,NULL,NULL,NULL),(9,3,1,'2020-08-02 00:18:29','2021-04-13 13:36:43',NULL,NULL,11,NULL,NULL),(10,4,1,'2020-08-02 00:19:22','2021-10-04 15:15:51',NULL,NULL,11,NULL,NULL),(11,1,1,'2020-08-02 00:20:20','2022-11-20 20:11:04',NULL,NULL,NULL,NULL,1),(12,6,0,'2020-08-02 13:25:38','2020-08-03 17:24:31',NULL,NULL,NULL,NULL,NULL),(13,5,1,'2020-08-02 13:25:48','2020-08-03 17:14:25',NULL,NULL,10,NULL,NULL),(14,1,1,'2020-08-04 22:18:22','2021-06-07 14:08:25',NULL,NULL,9,NULL,NULL),(15,2,1,'2020-08-04 22:26:50','2021-06-07 14:15:13',NULL,NULL,9,NULL,NULL),(18,3,1,'2020-08-04 23:03:15','2021-04-18 14:21:45',NULL,NULL,9,NULL,NULL),(19,4,1,'2020-08-04 23:19:38','2021-04-18 14:36:14',NULL,NULL,9,NULL,NULL),(21,8,1,'2020-08-13 18:23:30','2021-11-21 23:58:13',NULL,NULL,NULL,NULL,NULL),(22,1,1,'2020-08-18 14:13:23','2021-02-12 16:45:31',NULL,NULL,11,NULL,NULL),(23,2,1,'2020-08-18 14:29:37','2021-02-03 15:23:16',NULL,NULL,11,NULL,NULL),(24,1,1,'2020-08-18 14:51:38','2021-02-07 13:33:38',NULL,NULL,10,NULL,NULL),(25,2,1,'2020-08-18 15:16:08','2020-09-02 19:29:43',NULL,NULL,10,NULL,NULL),(26,3,1,'2020-08-18 15:19:14','2021-08-23 17:52:00',NULL,NULL,10,NULL,NULL),(27,4,1,'2020-08-18 15:22:51','2021-08-23 17:48:53',NULL,NULL,10,NULL,NULL),(28,1,0,'2020-08-18 21:07:44','2020-11-08 16:53:15',NULL,NULL,73,NULL,NULL),(29,3,1,'2020-08-19 10:59:14','2021-04-18 15:16:00',NULL,NULL,73,NULL,NULL),(30,4,1,'2020-08-19 11:01:20','2021-09-08 15:11:48',NULL,NULL,73,NULL,NULL),(31,2,1,'2020-08-19 11:10:14','2020-12-12 18:30:49',NULL,NULL,73,NULL,NULL),(43,2,1,'2020-09-01 15:54:17','2023-04-27 07:00:02',NULL,'2023-04-27 05:00:02',NULL,NULL,NULL),(44,4,1,'2020-09-01 21:40:25','2021-04-18 15:05:07',NULL,NULL,12,NULL,NULL),(45,1,1,'2020-09-01 21:44:08','2020-09-01 21:44:33',NULL,NULL,12,NULL,NULL),(47,2,1,'2020-09-02 17:08:20','2020-09-02 17:12:35',NULL,NULL,8,NULL,NULL),(48,4,1,'2020-09-02 17:20:31','2020-09-02 17:21:38',NULL,NULL,8,NULL,NULL),(49,3,1,'2020-09-02 17:23:17','2020-09-02 17:23:17',NULL,NULL,8,NULL,NULL),(51,3,1,'2020-09-03 00:39:21','2021-04-18 15:10:33',NULL,NULL,12,NULL,NULL),(53,1,1,'2020-11-08 15:18:26','2020-12-12 18:00:54',NULL,NULL,73,NULL,NULL),(64,2,1,'2020-11-08 18:14:11','2020-11-17 11:52:31',NULL,NULL,12,NULL,NULL),(65,3,1,'2020-12-27 14:18:31','2021-06-10 15:36:42',NULL,NULL,121,NULL,NULL),(66,4,1,'2020-12-27 14:21:37','2021-01-10 12:07:56',NULL,NULL,121,NULL,NULL),(68,1,1,'2020-12-27 16:11:01','2021-06-10 15:27:17',NULL,NULL,121,NULL,NULL),(70,0,1,'2020-12-29 13:46:43','2021-01-09 13:24:52',NULL,NULL,NULL,NULL,NULL),(71,2,1,'2020-12-29 13:50:15','2021-06-10 15:20:03',NULL,NULL,121,NULL,NULL),(72,0,1,'2020-12-29 13:56:20','2020-12-29 13:56:20',NULL,NULL,NULL,NULL,NULL),(73,0,1,'2020-12-29 13:57:22','2020-12-29 13:57:22',NULL,NULL,NULL,NULL,NULL),(77,1,1,'2021-01-25 15:59:48','2023-04-16 23:47:48',NULL,NULL,NULL,1,1),(78,2,1,'2021-01-25 16:11:26','2021-04-08 16:07:11',NULL,NULL,NULL,1,1);

--
-- Table structure for table `countries`
--

CREATE TABLE `countries` (
  `id` int unsigned NOT NULL AUTO_INCREMENT,
  `status` tinyint(1) NOT NULL DEFAULT '1',
  `image` varchar(191) CHARACTER SET utf8mb4 COLLATE utf8mb4_unicode_ci DEFAULT NULL,
  `code` varchar(191) CHARACTER SET utf8mb4 COLLATE utf8mb4_unicode_ci DEFAULT NULL,
  `currency` varchar(191) CHARACTER SET utf8mb4 COLLATE utf8mb4_unicode_ci DEFAULT NULL,
  `address_address` varchar(191) CHARACTER SET utf8mb4 COLLATE utf8mb4_unicode_ci NOT NULL,
  `address_latitude` double NOT NULL,
  `address_longitude` double NOT NULL,
  `created_at` timestamp NULL DEFAULT NULL,
  `updated_at` timestamp NULL DEFAULT NULL,
  PRIMARY KEY (`id`)
) ENGINE=InnoDB AUTO_INCREMENT=2 DEFAULT CHARSET=utf8mb4 COLLATE=utf8mb4_unicode_ci;

--
-- Dumping data for table `countries`
--

INSERT INTO `countries` (`id`, `status`, `image`, `code`, `currency`, `address_address`, `address_latitude`, `address_longitude`, `created_at`, `updated_at`) VALUES (1,1,'A1Yy2Qt5vVlPOl33Nc01Gny2DNAt8zDvxpENqPhs.jpeg','KWT','kwt','مدينة الكويت، Kuwait',29.375859,47.9774052,'2020-07-29 17:06:29','2020-07-29 20:33:09');

--
-- Table structure for table `country_translations`
--

CREATE TABLE `country_translations` (
  `id` int unsigned NOT NULL AUTO_INCREMENT,
  `country_id` int unsigned NOT NULL,
  `name` varchar(191) CHARACTER SET utf8mb4 COLLATE utf8mb4_unicode_ci NOT NULL,
  `locale` varchar(191) CHARACTER SET utf8mb4 COLLATE utf8mb4_unicode_ci NOT NULL,
  `created_at` timestamp NULL DEFAULT NULL,
  `updated_at` timestamp NULL DEFAULT NULL,
  PRIMARY KEY (`id`),
  UNIQUE KEY `country_translations_country_id_locale_unique` (`country_id`,`locale`),
  KEY `country_translations_locale_index` (`locale`),
  CONSTRAINT `country_translations_country_id_foreign` FOREIGN KEY (`country_id`) REFERENCES `countries` (`id`) ON DELETE CASCADE
) ENGINE=InnoDB AUTO_INCREMENT=3 DEFAULT CHARSET=utf8mb4 COLLATE=utf8mb4_unicode_ci;

--
-- Dumping data for table `country_translations`
--

INSERT INTO `country_translations` (`id`, `country_id`, `name`, `locale`, `created_at`, `updated_at`) VALUES (1,1,'الكويت','ar',NULL,NULL),(2,1,'kuwait','en',NULL,NULL);

--
-- Table structure for table `coupone__related`
--

CREATE TABLE `coupone__related` (
  `id` int unsigned NOT NULL AUTO_INCREMENT,
  `coupons_id` int unsigned NOT NULL,
  `related_id` int NOT NULL,
  `created_at` timestamp NULL DEFAULT NULL,
  `updated_at` timestamp NULL DEFAULT NULL,
  PRIMARY KEY (`id`),
  KEY `coupone__related_coupons_id_foreign` (`coupons_id`),
  CONSTRAINT `coupone__related_coupons_id_foreign` FOREIGN KEY (`coupons_id`) REFERENCES `coupons` (`id`) ON DELETE CASCADE
) ENGINE=InnoDB AUTO_INCREMENT=25 DEFAULT CHARSET=utf8mb4 COLLATE=utf8mb4_unicode_ci;

--
-- Dumping data for table `coupone__related`
--

INSERT INTO `coupone__related` (`id`, `coupons_id`, `related_id`, `created_at`, `updated_at`) VALUES (5,18,2241,NULL,NULL),(6,18,475,NULL,NULL),(7,19,4,NULL,NULL),(8,17,1,NULL,NULL),(9,17,4,NULL,NULL),(10,18,2072,NULL,NULL),(14,22,8,NULL,NULL),(15,23,98,NULL,NULL),(17,25,5328,NULL,NULL),(18,24,4475,NULL,NULL),(19,24,4300,NULL,NULL),(20,24,4341,NULL,NULL),(21,24,4363,NULL,NULL),(22,24,4510,NULL,NULL),(23,24,4354,NULL,NULL),(24,26,191,NULL,NULL);

--
-- Table structure for table `coupons`
--

CREATE TABLE `coupons` (
  `id` int unsigned NOT NULL AUTO_INCREMENT,
  `user_id` int unsigned DEFAULT NULL,
  `name` varchar(191) CHARACTER SET utf8mb4 COLLATE utf8mb4_unicode_ci NOT NULL,
  `code` varchar(191) CHARACTER SET utf8mb4 COLLATE utf8mb4_unicode_ci NOT NULL,
  `type` varchar(191) CHARACTER SET utf8mb4 COLLATE utf8mb4_unicode_ci NOT NULL,
  `value` varchar(191) CHARACTER SET utf8mb4 COLLATE utf8mb4_unicode_ci NOT NULL,
  `created_at` timestamp NULL DEFAULT NULL,
  `updated_at` timestamp NULL DEFAULT NULL,
  `company_id` int unsigned DEFAULT NULL,
  `status` tinyint DEFAULT NULL,
  `count` int DEFAULT NULL,
  `personal_discount` double(8,2) NOT NULL DEFAULT '0.00',
  PRIMARY KEY (`id`),
  KEY `coupons_user_id_foreign` (`user_id`),
  KEY `coupons_company_id_foreign` (`company_id`),
  CONSTRAINT `coupons_company_id_foreign` FOREIGN KEY (`company_id`) REFERENCES `companies` (`id`) ON DELETE CASCADE,
  CONSTRAINT `coupons_user_id_foreign` FOREIGN KEY (`user_id`) REFERENCES `users` (`id`) ON DELETE CASCADE
) ENGINE=InnoDB AUTO_INCREMENT=27 DEFAULT CHARSET=utf8mb4 COLLATE=utf8mb4_unicode_ci;

--
-- Dumping data for table `coupons`
--

INSERT INTO `coupons` (`id`, `user_id`, `name`, `code`, `type`, `value`, `created_at`, `updated_at`, `company_id`, `status`, `count`, `personal_discount`) VALUES (12,5022,'كود خصم 10 %','Nov10','famous','10','2020-10-13 17:45:45','2020-11-16 16:23:53',NULL,0,2,0.00),(13,5022,'كود خصم 15%','Nov15','famous','15','2020-10-26 16:32:50','2020-11-16 16:23:52',NULL,0,1,0.00),(14,5079,'كود خضم مشاهير 10%','SARA10','famous','10','2020-11-08 15:31:26','2020-11-30 16:45:27',NULL,0,62,10.00),(15,5022,'Sarooonaa29','Sarooonaa29','famous','10','2020-11-18 09:32:37','2021-08-26 15:49:25',NULL,0,1,0.00),(16,5022,'Before','Before10','famous','10','2020-11-19 11:59:07','2021-02-07 13:22:58',NULL,0,142,0.00),(17,NULL,'شواحن وباور بانك','D30','company','30','2021-01-23 18:58:39','2021-05-17 17:04:33',NULL,0,299,0.00),(18,NULL,'منتج','kw','product','10','2021-01-24 12:50:40','2021-09-04 16:56:15',NULL,0,3,0.00),(19,NULL,'منك','kkk','company','20','2021-01-24 14:23:34','2021-01-24 14:28:43',NULL,0,0,0.00),(20,NULL,'التوصيل مجاني','free','freeDelivery','0','2021-01-26 15:43:16','2022-12-31 20:23:43',NULL,0,92,0.00),(21,NULL,'special code','FD0','freeDelivery','0','2021-04-21 16:43:10','2022-12-31 20:23:45',NULL,1,0,0.00),(22,NULL,'Evline 1','k30','company','30','2022-10-17 23:29:20','2023-01-23 04:49:55',NULL,1,491,0.00),(23,NULL,'كود خصم 20% على جميع منتجات Anker مدته 24 hours','Ank20','category','20','2022-12-09 06:01:21','2022-12-24 21:15:33',NULL,1,99,0.00),(24,NULL,'كود خصم 30%-Pupa Product','Pupa30','product','30','2022-12-26 19:29:23','2023-01-18 22:23:08',NULL,1,12,0.00),(25,NULL,'Test apply pay','Test90','product','95','2022-12-31 20:28:15','2022-12-31 20:28:43',NULL,0,0,0.00),(26,NULL,'كود خصم 30% - Kids','K30','category','30','2023-01-18 22:22:01','2023-01-18 22:22:45',NULL,1,100,0.00);

--
-- Table structure for table `failed_jobs`
--

CREATE TABLE `failed_jobs` (
  `id` bigint unsigned NOT NULL AUTO_INCREMENT,
  `connection` text CHARACTER SET utf8mb4 COLLATE utf8mb4_unicode_ci NOT NULL,
  `queue` text CHARACTER SET utf8mb4 COLLATE utf8mb4_unicode_ci NOT NULL,
  `payload` longtext CHARACTER SET utf8mb4 COLLATE utf8mb4_unicode_ci NOT NULL,
  `exception` longtext CHARACTER SET utf8mb4 COLLATE utf8mb4_unicode_ci NOT NULL,
  `failed_at` timestamp NOT NULL DEFAULT CURRENT_TIMESTAMP,
  PRIMARY KEY (`id`)
) ENGINE=InnoDB DEFAULT CHARSET=utf8mb4 COLLATE=utf8mb4_unicode_ci;

--
-- Dumping data for table `failed_jobs`
--


--
-- Table structure for table `famouse_discounts`
--

CREATE TABLE `famouse_discounts` (
  `id` int unsigned NOT NULL AUTO_INCREMENT,
  `order_id` int unsigned NOT NULL,
  `price` float NOT NULL,
  `discountprice` float NOT NULL,
  `code` varchar(191) CHARACTER SET utf8mb4 COLLATE utf8mb4_unicode_ci NOT NULL,
  `value` varchar(191) CHARACTER SET utf8mb4 COLLATE utf8mb4_unicode_ci NOT NULL,
  `created_at` timestamp NULL DEFAULT NULL,
  `updated_at` timestamp NULL DEFAULT NULL,
  PRIMARY KEY (`id`),
  KEY `famouse_discounts_order_id_foreign` (`order_id`),
  CONSTRAINT `famouse_discounts_order_id_foreign` FOREIGN KEY (`order_id`) REFERENCES `orders` (`id`) ON DELETE CASCADE
) ENGINE=InnoDB AUTO_INCREMENT=200 DEFAULT CHARSET=utf8mb4 COLLATE=utf8mb4_unicode_ci;

--
-- Dumping data for table `famouse_discounts`
--

INSERT INTO `famouse_discounts` (`id`, `order_id`, `price`, `discountprice`, `code`, `value`, `created_at`, `updated_at`) VALUES (4,422,27,21,'sara','20','2020-10-14 12:07:01','2020-10-14 12:07:01'),(5,471,6,5,'sara','20','2020-10-21 11:53:52','2020-10-21 11:53:52'),(10,682,3,3,'Sara10','10','2020-11-09 18:18:45','2020-11-09 18:18:45'),(11,686,21,19,'sara10','10','2020-11-09 18:18:59','2020-11-09 18:18:59'),(12,695,6,5,'sara10','10','2020-11-09 18:41:29','2020-11-09 18:41:29'),(13,696,4,3,'sara10','10','2020-11-09 18:43:20','2020-11-09 18:43:20'),(14,698,9,8,'SARA10','10','2020-11-09 18:44:31','2020-11-09 18:44:31'),(15,700,3,3,'sara10','10','2020-11-09 18:45:41','2020-11-09 18:45:41'),(16,702,7,6,'SARA10','10','2020-11-09 18:52:10','2020-11-09 18:52:10'),(17,691,16,14,'Sara10','10','2020-11-09 18:53:11','2020-11-09 18:53:11'),(18,691,16,14,'sara10','10','2020-11-09 18:53:37','2020-11-09 18:53:37'),(19,705,2,2,'Sara10','10','2020-11-09 18:53:39','2020-11-09 18:53:39'),(20,691,16,14,'sara10','10','2020-11-09 18:56:10','2020-11-09 18:56:10'),(21,707,7,6,'sara10','10','2020-11-09 18:58:11','2020-11-09 18:58:11'),(22,707,7,6,'sara10','10','2020-11-09 19:00:03','2020-11-09 19:00:03'),(23,548,18,16,'sara10','10','2020-11-09 19:00:04','2020-11-09 19:00:04'),(24,709,17,15,'sara10','10','2020-11-09 19:03:19','2020-11-09 19:03:19'),(25,690,28,26,'sara10','10','2020-11-09 19:06:58','2020-11-09 19:06:58'),(27,711,63,56,'sara10','10','2020-11-09 19:22:58','2020-11-09 19:22:58'),(28,711,37,33,'sara10','10','2020-11-09 19:23:22','2020-11-09 19:23:22'),(29,711,40,36,'sara10','10','2020-11-09 19:24:20','2020-11-09 19:24:20'),(30,711,40,36,'sara10','10','2020-11-09 19:24:29','2020-11-09 19:24:29'),(31,711,77,69,'sara10','10','2020-11-09 19:28:22','2020-11-09 19:28:22'),(32,711,77,69,'sara10','10','2020-11-09 19:29:28','2020-11-09 19:29:28'),(36,718,10.75,9.675,'sara10','10','2020-11-09 20:18:51','2020-11-09 20:18:51'),(37,730,6,5.4,'sara10','10','2020-11-09 20:46:06','2020-11-09 20:46:06'),(38,731,9.5,8.55,'sara10','10','2020-11-09 20:57:09','2020-11-09 20:57:09'),(39,731,3.5,3.15,'sara10','10','2020-11-09 21:02:20','2020-11-09 21:02:20'),(40,731,3.5,3.15,'sara10','10','2020-11-09 21:08:59','2020-11-09 21:08:59'),(41,731,3.5,3.15,'sara10','10','2020-11-09 21:09:41','2020-11-09 21:09:41'),(42,738,22,19.8,'sara10','10','2020-11-09 21:15:11','2020-11-09 21:15:11'),(43,738,16,14.4,'sara10','10','2020-11-09 21:15:47','2020-11-09 21:15:47'),(44,739,38,34.2,'sara10','10','2020-11-09 21:22:44','2020-11-09 21:22:44'),(45,739,14,12.6,'sara10','10','2020-11-09 21:25:43','2020-11-09 21:25:43'),(46,748,3.5,3.15,'sara10','10','2020-11-09 21:52:14','2020-11-09 21:52:14'),(47,748,7,6.3,'sara10','10','2020-11-09 21:52:51','2020-11-09 21:52:51'),(48,746,47.98,43.182,'Sara10','10','2020-11-09 21:55:59','2020-11-09 21:55:59'),(53,752,24,21.6,'sara10','10','2020-11-09 22:17:54','2020-11-09 22:17:54'),(54,749,13.7,12.33,'sara10','10','2020-11-09 22:25:21','2020-11-09 22:25:21'),(64,761,11.5,10.35,'sara10','10','2020-11-09 22:49:35','2020-11-09 22:49:35'),(65,768,39.75,35.775,'sara10','10','2020-11-09 22:59:30','2020-11-09 22:59:30'),(67,771,7,6.3,'sara10','10','2020-11-09 23:29:29','2020-11-09 23:29:29'),(68,771,7,6.3,'sara10','10','2020-11-09 23:29:54','2020-11-09 23:29:54'),(69,774,7,6.3,'Sara10','10','2020-11-09 23:30:05','2020-11-09 23:30:05'),(70,775,24,21.6,'sara10','10','2020-11-09 23:44:00','2020-11-09 23:44:00'),(71,782,13.8,12.42,'Sara10','10','2020-11-10 00:02:29','2020-11-10 00:02:29'),(72,783,20,18,'sara10','10','2020-11-10 00:11:43','2020-11-10 00:11:43'),(73,788,17.5,15.75,'sara10','10','2020-11-10 00:20:09','2020-11-10 00:20:09'),(74,788,17.5,15.75,'sara10','10','2020-11-10 00:20:25','2020-11-10 00:20:25'),(75,787,11,9.9,'sara10','10','2020-11-10 00:24:20','2020-11-10 00:24:20'),(76,790,10.6,9.54,'sara10','10','2020-11-10 00:35:29','2020-11-10 00:35:29'),(77,789,30,27,'sara10','10','2020-11-10 00:47:35','2020-11-10 00:47:35'),(78,800,9.5,8.55,'sara10','10','2020-11-10 01:24:08','2020-11-10 01:24:08'),(79,800,9.5,8.55,'sara10','10','2020-11-10 01:25:05','2020-11-10 01:25:05'),(80,800,9.5,8.55,'sara10','10','2020-11-10 01:25:45','2020-11-10 01:25:45'),(81,801,20.19,18.171,'SARA10','10','2020-11-10 01:36:43','2020-11-10 01:36:43'),(84,811,24.5,22.05,'sara10','10','2020-11-10 02:15:35','2020-11-10 02:15:35'),(85,819,7,6.3,'sara10','10','2020-11-10 03:12:12','2020-11-10 03:12:12'),(86,823,10.5,9.45,'sara10','10','2020-11-10 03:17:02','2020-11-10 03:17:02'),(88,831,9.45,8.505,'sara10','10','2020-11-10 05:08:50','2020-11-10 05:08:50'),(89,833,26.9,24.21,'Sara10','10','2020-11-10 06:09:55','2020-11-10 06:09:55'),(90,833,18.5,16.65,'Sara10','10','2020-11-10 06:11:20','2020-11-10 06:11:20'),(91,833,18.5,16.65,'Sara10','10','2020-11-10 06:13:06','2020-11-10 06:13:06'),(92,835,10,9,'sara10','10','2020-11-10 06:40:37','2020-11-10 06:40:37'),(93,841,23.8,21.42,'sara10','10','2020-11-10 07:29:00','2020-11-10 07:29:00'),(94,841,23.8,21.42,'sara10','10','2020-11-10 07:29:41','2020-11-10 07:29:41'),(95,841,23.8,21.42,'sara10','10','2020-11-10 07:31:35','2020-11-10 07:31:35'),(96,841,23.8,21.42,'sara10','10','2020-11-10 07:32:24','2020-11-10 07:32:24'),(97,841,23.8,21.42,'sara10','10','2020-11-10 07:33:10','2020-11-10 07:33:10'),(98,841,23.8,21.42,'sara10','10','2020-11-10 07:35:03','2020-11-10 07:35:03'),(99,844,7,6.3,'sara10','10','2020-11-10 08:13:24','2020-11-10 08:13:24'),(100,844,3.5,3.15,'sara10','10','2020-11-10 08:13:46','2020-11-10 08:13:46'),(101,852,8,7.2,'sara10','10','2020-11-10 09:31:14','2020-11-10 09:31:14'),(102,861,21.5,19.35,'sara10','10','2020-11-10 09:47:39','2020-11-10 09:47:39'),(103,861,21.5,19.35,'sara10','10','2020-11-10 09:48:52','2020-11-10 09:48:52'),(104,868,1.5,1.35,'sara10','10','2020-11-10 10:39:37','2020-11-10 10:39:37'),(105,865,15,13.5,'sara10','10','2020-11-10 10:42:13','2020-11-10 10:42:13'),(107,874,54.71,49.239,'sara10','10','2020-11-10 14:57:23','2020-11-10 14:57:23'),(108,874,42.81,38.529,'sara10','10','2020-11-10 14:58:05','2020-11-10 14:58:05'),(109,874,42.81,38.529,'sara10','10','2020-11-10 14:59:08','2020-11-10 14:59:08'),(110,841,23.8,21.42,'sara10','10','2020-11-10 15:17:12','2020-11-10 15:17:12'),(111,881,14,12.6,'sara10','10','2020-11-10 16:37:40','2020-11-10 16:37:40'),(113,841,23.8,21.42,'sara10','10','2020-11-10 16:46:24','2020-11-10 16:46:24'),(114,882,7,6.3,'sara10','10','2020-11-10 16:50:15','2020-11-10 16:50:15'),(115,883,46,41.4,'SARA10','10','2020-11-10 17:03:33','2020-11-10 17:03:33'),(116,883,46,41.4,'SARA10','10','2020-11-10 17:05:49','2020-11-10 17:05:49'),(117,885,39.75,35.775,'sara10','10','2020-11-10 17:17:38','2020-11-10 17:17:38'),(118,887,4.9,4.41,'sara10','10','2020-11-10 17:33:53','2020-11-10 17:33:53'),(119,841,14.5,13.05,'sara10','10','2020-11-10 17:59:37','2020-11-10 17:59:37'),(120,897,9.5,8.55,'sara10','10','2020-11-10 18:36:23','2020-11-10 18:36:23'),(121,898,4.9,4.41,'sara10','10','2020-11-10 18:36:45','2020-11-10 18:36:45'),(122,900,4.9,4.41,'sara10','10','2020-11-10 18:41:17','2020-11-10 18:41:17'),(123,900,4.9,4.41,'sara10','10','2020-11-10 18:41:32','2020-11-10 18:41:32'),(124,900,4.9,4.41,'sara10','10','2020-11-10 18:42:02','2020-11-10 18:42:02'),(125,896,33.4,30.06,'sara10','10','2020-11-10 18:44:51','2020-11-10 18:44:51'),(126,896,29.55,26.595,'sara10','10','2020-11-10 18:45:56','2020-11-10 18:45:56'),(127,901,7,6.3,'sara10','10','2020-11-10 18:59:13','2020-11-10 18:59:13'),(128,905,9.8,8.82,'sara10','10','2020-11-10 19:34:05','2020-11-10 19:34:05'),(129,905,14.7,13.23,'sara10','10','2020-11-10 19:36:56','2020-11-10 19:36:56'),(130,905,9.8,8.82,'sara10','10','2020-11-10 19:38:23','2020-11-10 19:38:23'),(131,909,11.35,10.215,'sara10','10','2020-11-10 20:17:20','2020-11-10 20:17:20'),(132,909,11.35,10.215,'sara10','10','2020-11-10 20:17:40','2020-11-10 20:17:40'),(133,911,4.9,4.41,'sara10','10','2020-11-10 20:41:57','2020-11-10 20:41:57'),(134,911,4.9,4.41,'sara10','10','2020-11-10 20:43:10','2020-11-10 20:43:10'),(135,911,4.9,4.41,'sara10','10','2020-11-10 20:43:35','2020-11-10 20:43:35'),(136,917,11,9.9,'sara10','10','2020-11-10 21:00:28','2020-11-10 21:00:28'),(137,885,39,35.1,'sara10','10','2020-11-10 22:51:01','2020-11-10 22:51:01'),(140,940,5,4.5,'sara10','10','2020-11-11 01:48:36','2020-11-11 01:48:36'),(141,942,61.72,55.548,'Sara10','10','2020-11-11 02:09:22','2020-11-11 02:09:22'),(142,942,45.62,41.058,'SARA10','10','2020-11-11 02:11:07','2020-11-11 02:11:07'),(143,942,45.62,41.058,'sara10','10','2020-11-11 02:58:16','2020-11-11 02:58:16'),(144,945,4.9,4.41,'sara10','10','2020-11-11 03:24:03','2020-11-11 03:24:03'),(147,942,41.59,37.431,'sara10','10','2020-11-11 05:36:49','2020-11-11 05:36:49'),(148,942,41.59,37.431,'sara10','10','2020-11-11 05:37:07','2020-11-11 05:37:07'),(149,942,41.59,37.431,'sara10','10','2020-11-11 05:38:22','2020-11-11 05:38:22'),(150,950,9.8,8.82,'sara10','10','2020-11-11 07:01:35','2020-11-11 07:01:35'),(151,950,9.8,8.82,'sara10','10','2020-11-11 07:12:01','2020-11-11 07:12:01'),(152,950,9.8,8.82,'sara10','10','2020-11-11 07:15:19','2020-11-11 07:15:19'),(153,942,41.59,37.431,'Sara10','10','2020-11-11 07:39:45','2020-11-11 07:39:45'),(154,951,9.46,8.514,'sara10','10','2020-11-11 07:49:42','2020-11-11 07:49:42'),(155,847,10,9,'sara10','10','2020-11-11 16:36:35','2020-11-11 16:36:35'),(156,869,3.5,3.15,'sara10','10','2020-11-11 17:24:16','2020-11-11 17:24:16'),(157,959,5.6,5.04,'sara10','10','2020-11-11 20:17:33','2020-11-11 20:17:33'),(158,761,15.25,13.725,'sara10','10','2020-11-11 22:45:14','2020-11-11 22:45:14'),(159,950,9.8,8.82,'sara10','10','2020-11-12 00:11:26','2020-11-12 00:11:26'),(160,909,11.35,10.215,'sara10','10','2020-11-12 00:39:47','2020-11-12 00:39:47'),(161,964,11,9.9,'sara10','10','2020-11-12 01:27:21','2020-11-12 01:27:21'),(162,964,6,5.4,'sara10','10','2020-11-12 01:28:25','2020-11-12 01:28:25'),(163,964,6,5.4,'sara10','10','2020-11-12 01:28:33','2020-11-12 01:28:33'),(164,976,27.18,24.462,'Sara10','10','2020-11-12 17:39:03','2020-11-12 17:39:03'),(165,979,164,147.6,'sara10','10','2020-11-12 20:45:12','2020-11-12 20:45:12'),(166,979,164,147.6,'sara10','10','2020-11-12 20:49:17','2020-11-12 20:49:17'),(167,979,164,147.6,'sara10','10','2020-11-12 20:52:30','2020-11-12 20:52:30'),(168,979,164,147.6,'sara10','10','2020-11-12 20:54:36','2020-11-12 20:54:36'),(169,718,10.75,9.675,'sara10','10','2020-11-13 03:10:39','2020-11-13 03:10:39'),(170,718,10.75,9.675,'sara10','10','2020-11-13 03:11:44','2020-11-13 03:11:44'),(171,982,16.8,15.12,'sara10','10','2020-11-13 14:11:23','2020-11-13 14:11:23'),(172,985,3.5,3.15,'sara10','10','2020-11-13 20:59:46','2020-11-13 20:59:46'),(173,985,3.5,3.15,'sara10','10','2020-11-13 21:01:52','2020-11-13 21:01:52'),(174,990,11.2,10.08,'sara10','10','2020-11-14 19:11:07','2020-11-14 19:11:07'),(176,1054,21,18.9,'Sarooonaa29','10','2020-11-18 15:11:18','2020-11-18 15:11:18'),(177,1053,21,18.9,'Sarooonaa29','10','2020-11-18 15:12:19','2020-11-18 15:12:19'),(180,1067,7.3,6.57,'before10','10','2020-11-19 12:31:26','2020-11-19 12:31:26'),(190,1066,30,27,'Before10','10','2020-11-19 12:40:14','2020-11-19 12:40:14'),(193,1090,11.2,10.08,'before10','10','2020-11-22 06:40:16','2020-11-22 06:40:16'),(194,950,9.8,8.82,'before10','10','2020-11-22 19:13:13','2020-11-22 19:13:13'),(196,1112,11.2,10.08,'before10','10','2020-11-23 23:32:27','2020-11-23 23:32:27'),(197,1126,11.2,10.08,'before10','10','2020-11-25 12:34:24','2020-11-25 12:34:24'),(199,1377,12.05,10,'Before10	','10',NULL,NULL);

--
-- Table structure for table `feature_inventories`
--

CREATE TABLE `feature_inventories` (
  `id` int unsigned NOT NULL AUTO_INCREMENT,
  `product_id` int unsigned DEFAULT NULL,
  `inventory_id` int unsigned NOT NULL,
  `feature_id` int unsigned NOT NULL,
  `option_id` int unsigned NOT NULL,
  `price` double(8,2) NOT NULL DEFAULT '0.00',
  `qyt` int NOT NULL DEFAULT '0',
  `created_at` timestamp NULL DEFAULT NULL,
  `updated_at` timestamp NULL DEFAULT NULL,
  PRIMARY KEY (`id`),
  KEY `feature_inventories_product_id_foreign` (`product_id`),
  KEY `feature_inventories_inventory_id_foreign` (`inventory_id`),
  KEY `feature_inventories_feature_id_foreign` (`feature_id`),
  KEY `feature_inventories_option_id_foreign` (`option_id`),
  CONSTRAINT `feature_inventories_feature_id_foreign` FOREIGN KEY (`feature_id`) REFERENCES `features` (`id`) ON DELETE CASCADE,
  CONSTRAINT `feature_inventories_inventory_id_foreign` FOREIGN KEY (`inventory_id`) REFERENCES `inventories` (`id`) ON DELETE CASCADE,
  CONSTRAINT `feature_inventories_option_id_foreign` FOREIGN KEY (`option_id`) REFERENCES `feature_options` (`id`) ON DELETE CASCADE,
  CONSTRAINT `feature_inventories_product_id_foreign` FOREIGN KEY (`product_id`) REFERENCES `products` (`id`) ON DELETE CASCADE
) ENGINE=InnoDB AUTO_INCREMENT=81 DEFAULT CHARSET=utf8mb4 COLLATE=utf8mb4_unicode_ci;

--
-- Dumping data for table `feature_inventories`
--

INSERT INTO `feature_inventories` (`id`, `product_id`, `inventory_id`, `feature_id`, `option_id`, `price`, `qyt`, `created_at`, `updated_at`) VALUES (15,4,1,4,75,0.00,0,'2020-12-31 18:51:51','2021-10-14 20:05:11'),(16,4,1,4,76,0.00,0,'2020-12-31 18:52:47','2021-10-14 20:05:10'),(17,4,1,4,6572,0.00,0,'2020-12-31 18:53:31','2021-10-14 20:05:08'),(18,4,1,4,6573,0.00,0,'2020-12-31 18:55:26','2021-10-14 20:05:06'),(19,4,1,4,6577,0.00,0,'2020-12-31 18:55:32','2021-10-14 20:05:00'),(20,4,1,4,6575,0.00,0,'2020-12-31 18:56:28','2021-10-14 20:05:04'),(21,4,1,4,6576,0.00,0,'2020-12-31 19:14:32','2021-10-14 20:05:02'),(22,5,32,5,77,85.00,75,'2020-12-31 20:04:58','2020-12-31 21:58:19'),(23,5,32,5,6579,2.00,9,'2020-12-31 21:58:24','2020-12-31 21:58:31'),(24,1669,33,43,286,0.00,19,'2021-01-02 12:53:22','2021-01-02 12:53:22'),(25,1674,35,48,305,0.00,51,'2021-01-02 13:23:11','2021-01-02 13:23:11'),(26,1674,35,48,310,0.00,24,'2021-01-02 13:23:26','2021-01-02 13:23:26'),(27,1674,35,48,309,0.00,24,'2021-01-02 13:23:45','2021-01-02 13:23:45'),(28,1674,35,48,306,0.00,49,'2021-01-02 13:23:53','2021-01-02 13:23:53'),(29,1674,35,48,307,0.00,11,'2021-01-02 13:23:55','2021-01-02 13:23:55'),(30,1674,35,48,308,0.00,40,'2021-01-02 13:23:57','2021-01-02 13:23:57'),(31,1677,36,52,325,0.00,1,'2021-01-02 14:57:41','2021-01-02 14:57:41'),(32,1677,36,52,326,0.00,1,'2021-01-02 14:57:44','2021-01-02 14:57:44'),(33,4147,87,558,6607,0.00,2,'2021-01-03 16:09:37','2021-01-03 16:09:37'),(34,4147,87,558,6608,0.00,2,'2021-01-03 16:09:43','2021-01-03 16:09:43'),(35,4147,87,558,6609,0.00,2,'2021-01-03 16:09:46','2021-01-03 16:09:46'),(36,4147,87,558,6610,0.00,2,'2021-01-03 16:09:49','2021-01-03 16:09:49'),(37,4147,87,558,6611,0.00,2,'2021-01-03 16:09:51','2021-01-03 16:09:51'),(38,4147,87,558,6612,0.00,2,'2021-01-03 16:09:54','2021-01-03 16:09:54'),(39,4147,87,558,6613,0.00,2,'2021-01-03 16:09:57','2021-01-03 16:09:57'),(40,4147,87,558,6614,0.00,2,'2021-01-03 16:09:59','2021-01-03 16:09:59'),(41,4147,87,558,6615,0.00,2,'2021-01-03 16:10:01','2021-01-03 16:10:01'),(42,4148,88,559,6617,0.00,2,'2021-01-03 16:10:35','2021-01-03 16:10:35'),(43,4148,88,559,6617,0.00,2,'2021-01-03 16:10:36','2021-01-03 16:10:36'),(44,4148,88,559,6618,0.00,2,'2021-01-03 16:10:37','2021-01-03 16:10:37'),(45,4148,88,559,6619,0.00,2,'2021-01-03 16:10:39','2021-01-03 16:10:39'),(46,4148,88,559,6620,0.00,2,'2021-01-03 16:10:42','2021-01-03 16:10:42'),(47,4148,88,559,6621,0.00,2,'2021-01-03 16:10:44','2021-01-03 16:10:44'),(48,4148,88,559,6622,0.00,2,'2021-01-03 16:10:45','2021-01-03 16:10:45'),(49,4148,88,559,6623,0.00,2,'2021-01-03 16:10:47','2021-01-03 16:10:47'),(50,4148,88,559,6624,0.00,2,'2021-01-03 16:10:50','2021-01-03 16:10:50'),(51,4148,88,559,6625,0.00,2,'2021-01-03 16:10:51','2021-01-03 16:10:51'),(52,4146,89,557,6597,0.00,2,'2021-01-03 16:11:13','2021-01-03 16:11:13'),(53,4146,89,557,6598,0.00,2,'2021-01-03 16:11:15','2021-01-03 16:11:15'),(54,4146,89,557,6599,0.00,2,'2021-01-03 16:11:16','2021-01-03 16:11:16'),(55,4146,89,557,6600,0.00,2,'2021-01-03 16:11:17','2021-01-03 16:11:17'),(56,4146,89,557,6601,0.00,2,'2021-01-03 16:11:19','2021-01-03 16:11:19'),(57,4146,89,557,6602,0.00,2,'2021-01-03 16:11:21','2021-01-03 16:11:21'),(58,4146,89,557,6603,0.00,2,'2021-01-03 16:11:22','2021-01-03 16:11:22'),(59,4146,89,557,6604,0.00,2,'2021-01-03 16:11:23','2021-01-03 16:11:23'),(60,4146,89,557,6605,0.00,2,'2021-01-03 16:11:24','2021-01-03 16:11:24'),(61,4149,90,560,6627,0.00,2,'2021-01-03 16:11:50','2021-01-03 16:11:50'),(62,4149,90,560,6628,0.00,2,'2021-01-03 16:11:52','2021-01-03 16:11:52'),(63,4149,90,560,6629,0.00,2,'2021-01-03 16:11:53','2021-01-03 16:11:53'),(64,4149,90,560,6630,0.00,2,'2021-01-03 16:11:54','2021-01-03 16:11:54'),(65,4149,90,560,6631,0.00,2,'2021-01-03 16:11:55','2021-01-03 16:11:55'),(66,4149,90,560,6632,0.00,2,'2021-01-03 16:11:56','2021-01-03 16:11:56'),(67,4149,90,560,6633,0.00,2,'2021-01-03 16:11:57','2021-01-03 16:11:57'),(68,4149,90,560,6634,0.00,2,'2021-01-03 16:11:58','2021-01-03 16:11:58'),(69,4149,90,560,6635,0.00,2,'2021-01-03 16:11:59','2021-01-03 16:11:59'),(70,1826,115,98,599,0.00,24,'2021-01-03 16:55:40','2021-01-03 16:55:40'),(71,1826,115,98,598,0.00,24,'2021-01-03 16:55:56','2021-01-03 16:56:04'),(72,1826,115,98,600,0.00,12,'2021-01-03 16:56:14','2021-01-03 16:56:14'),(73,1826,115,98,601,0.00,12,'2021-01-03 16:56:25','2021-01-03 16:56:25'),(74,1826,115,98,602,0.00,12,'2021-01-03 16:56:27','2021-01-03 16:56:27'),(75,1660,200,35,239,0.00,0,'2021-03-21 10:30:14','2021-03-29 09:39:02'),(76,4921,208,565,6671,0.00,4,'2021-03-22 10:16:26','2021-03-22 10:16:26'),(77,4921,208,565,6672,0.00,4,'2021-03-22 10:16:28','2021-03-22 10:16:28'),(78,5009,218,577,6709,0.00,1,'2021-04-04 15:19:19','2021-04-04 15:19:23'),(79,1665,321,40,273,0.00,1,'2021-07-18 16:47:47','2021-07-18 16:47:47'),(80,4,1,4,6574,0.00,0,'2022-05-28 13:28:37','2022-05-28 13:28:37');

--
-- Table structure for table `feature_option_translations`
--

CREATE TABLE `feature_option_translations` (
  `id` int unsigned NOT NULL AUTO_INCREMENT,
  `feature_option_id` int unsigned NOT NULL,
  `title` varchar(191) CHARACTER SET utf8mb4 COLLATE utf8mb4_unicode_ci DEFAULT NULL,
  `locale` varchar(191) CHARACTER SET utf8mb4 COLLATE utf8mb4_unicode_ci NOT NULL,
  `created_at` timestamp NULL DEFAULT NULL,
  `updated_at` timestamp NULL DEFAULT NULL,
  PRIMARY KEY (`id`),
  UNIQUE KEY `feature_option_translations_feature_option_id_locale_unique` (`feature_option_id`,`locale`),
  CONSTRAINT `feature_option_translations_feature_option_id_foreign` FOREIGN KEY (`feature_option_id`) REFERENCES `feature_options` (`id`) ON DELETE CASCADE
) ENGINE=InnoDB AUTO_INCREMENT=13577 DEFAULT CHARSET=utf8mb4 COLLATE=utf8mb4_unicode_ci;

--
-- Dumping data for table `feature_option_translations`
--

INSERT INTO `feature_option_translations` (`id`, `feature_option_id`, `title`, `locale`, `created_at`, `updated_at`) VALUES (35,65,'0:00','ar',NULL,NULL),(36,65,'0:00','en',NULL,NULL),(37,66,'-0:25','ar',NULL,NULL),(38,66,'-0:25','en',NULL,NULL),(39,67,'-0:50','ar',NULL,NULL),(40,67,'-0:50','en',NULL,NULL),(41,68,'-0:75','ar',NULL,NULL),(42,68,'-0:75','en',NULL,NULL),(43,69,'-1:00','ar',NULL,NULL),(44,69,'-1:00','en',NULL,NULL),(45,70,'-1:25','ar',NULL,NULL),(46,70,'-1:25','en',NULL,NULL),(47,71,'-1:50','ar',NULL,NULL),(48,71,'-1:50','en',NULL,NULL),(49,72,'-1:75','ar',NULL,NULL),(50,72,'-1:75','en',NULL,NULL),(51,73,'-2:00','ar',NULL,NULL),(52,73,'-2:00','en',NULL,NULL),(53,74,'-2:25','ar',NULL,NULL),(54,74,'-2:25','en',NULL,NULL),(55,75,'0:00','ar',NULL,NULL),(56,75,'0:00','en',NULL,NULL),(57,76,'-0:50','ar',NULL,NULL),(58,76,'-0:50','en',NULL,NULL),(59,77,'0:00','ar',NULL,NULL),(60,77,'0:00','en',NULL,NULL),(61,78,'-0:25','ar',NULL,NULL),(62,78,'0:25','en',NULL,NULL),(63,79,'-0:50','ar',NULL,NULL),(64,79,'0:50','en',NULL,NULL),(65,80,'0:00','ar',NULL,NULL),(66,80,'0:00','en',NULL,NULL),(67,81,'-0:25','ar',NULL,NULL),(68,81,'-0:25','en',NULL,NULL),(69,82,'-0:50','ar',NULL,NULL),(70,82,'-0:50','en',NULL,NULL),(71,83,'-0:75','ar',NULL,NULL),(72,83,'-0:75','en',NULL,NULL),(77,94,'0:00','ar',NULL,NULL),(78,94,'0:00','en',NULL,NULL),(79,95,'0:50','ar',NULL,NULL),(80,95,'0:50','en',NULL,NULL),(81,96,'0:00','ar',NULL,NULL),(82,96,'0:00','en',NULL,NULL),(83,97,'0:50','ar',NULL,NULL),(84,97,'0:50','en',NULL,NULL),(85,98,'0:00','ar',NULL,NULL),(86,98,'0:00','en',NULL,NULL),(87,99,'0:50','ar',NULL,NULL),(88,99,'0:50','en',NULL,NULL),(89,100,'0:00','ar',NULL,NULL),(90,100,'0:00','en',NULL,NULL),(91,101,'0:50','ar',NULL,NULL),(92,101,'0:50','en',NULL,NULL),(93,106,'0:00','ar',NULL,NULL),(94,106,'0:00','en',NULL,NULL),(95,107,'0:25','ar',NULL,NULL),(96,107,'0:25','en',NULL,NULL),(97,108,'0:50','ar',NULL,NULL),(98,108,'0:50','en',NULL,NULL),(99,109,'0:75','ar',NULL,NULL),(100,109,'0:75','en',NULL,NULL),(101,110,'1:00','ar',NULL,NULL),(102,110,'1:00','en',NULL,NULL),(103,111,'1:25','ar',NULL,NULL),(104,111,'1:25','en',NULL,NULL),(105,112,'1:50','ar',NULL,NULL),(106,112,'1:50','en',NULL,NULL),(107,113,'2:00','ar',NULL,NULL),(108,113,'2:50','en',NULL,NULL),(109,114,'2:50','ar',NULL,NULL),(110,114,'2:50','en',NULL,NULL),(111,115,'3:00','ar',NULL,NULL),(112,115,'3:00','en',NULL,NULL),(113,116,'3:50','ar',NULL,NULL),(114,116,'3:50','en',NULL,NULL),(115,117,'4:00','ar',NULL,NULL),(116,117,'4:00','en',NULL,NULL),(117,118,'4:50','ar',NULL,NULL),(118,118,'4:50','en',NULL,NULL),(119,119,'5:50','ar',NULL,NULL),(120,119,'5:50','en',NULL,NULL),(121,120,'6:00','ar',NULL,NULL),(122,120,'6:00','en',NULL,NULL),(129,124,'1:00-','ar',NULL,NULL),(130,124,'1:00-','en',NULL,NULL),(131,125,'1:50-','ar',NULL,NULL),(132,125,'1:50-','en',NULL,NULL),(133,126,'1:75-','ar',NULL,NULL),(134,126,'1:75-','en',NULL,NULL),(135,127,'2:00-','ar',NULL,NULL),(136,127,'2:00-','en',NULL,NULL),(137,128,'2:50-','ar',NULL,NULL),(138,128,'2:50-','en',NULL,NULL),(139,129,'3:00-','ar',NULL,NULL),(140,129,'3:00-','en',NULL,NULL),(141,130,'3:50-','ar',NULL,NULL),(142,130,'3:50-','en',NULL,NULL),(143,131,'4:00-','ar',NULL,NULL),(144,131,'4:00-','en',NULL,NULL),(145,132,'4:50-','ar',NULL,NULL),(146,132,'4:50-','en',NULL,NULL),(147,133,'5:00-','ar',NULL,NULL),(148,133,'5:00-','en',NULL,NULL),(149,134,'5:50-','ar',NULL,NULL),(150,134,'5:50-','en',NULL,NULL),(151,135,'6:00-','ar',NULL,NULL),(152,135,'6:00-','en',NULL,NULL),(153,136,'0:00','ar',NULL,NULL),(154,136,'0:00','en',NULL,NULL),(155,137,'0:25','ar',NULL,NULL),(156,137,'0:25','en',NULL,NULL),(157,138,'0:50','ar',NULL,NULL),(158,138,'0:50','en',NULL,NULL),(159,139,'0:75','ar',NULL,NULL),(160,139,'0:75','en',NULL,NULL),(161,140,'1:00','ar',NULL,NULL),(162,140,'1:00','en',NULL,NULL),(163,141,'1:50','ar',NULL,NULL),(164,141,'1:50','en',NULL,NULL),(165,142,'2:00','ar',NULL,NULL),(166,142,'v','en',NULL,NULL),(167,143,'2:50','ar',NULL,NULL),(168,143,'2:00','en',NULL,NULL),(169,144,'3:00','ar',NULL,NULL),(170,144,'3:00','en',NULL,NULL),(171,145,'3:50','ar',NULL,NULL),(172,145,'3:50','en',NULL,NULL),(173,146,'4:00','ar',NULL,NULL),(174,146,'4:00','en',NULL,NULL),(175,147,'4:50','ar',NULL,NULL),(176,147,'4:50','en',NULL,NULL),(177,148,'5:00','ar',NULL,NULL),(178,148,'5:00','en',NULL,NULL),(179,149,'5:50','ar',NULL,NULL),(180,149,'5:50','en',NULL,NULL),(181,150,'6:00','ar',NULL,NULL),(182,150,'6:00','en',NULL,NULL),(183,151,'1:00','ar',NULL,NULL),(184,151,'1:00','en',NULL,NULL),(185,152,'1:50','ar',NULL,NULL),(186,152,'1:50','en',NULL,NULL),(187,153,'2:00','ar',NULL,NULL),(188,153,'2:00','en',NULL,NULL),(189,154,'2:50','ar',NULL,NULL),(190,154,'2:50','en',NULL,NULL),(191,155,'3:50','ar',NULL,NULL),(192,155,'3:50','en',NULL,NULL),(193,156,'4:00','ar',NULL,NULL),(194,156,'4:00','en',NULL,NULL),(195,157,'4:50','ar',NULL,NULL),(196,157,'4:50','en',NULL,NULL),(197,158,'5:00','ar',NULL,NULL),(198,158,'5:00','en',NULL,NULL),(199,159,'5:50','ar',NULL,NULL),(200,159,'5:50','en',NULL,NULL),(201,160,'6:00','ar',NULL,NULL),(202,160,'6:00','en',NULL,NULL),(205,162,'0:00','ar',NULL,NULL),(206,162,'0:00','en',NULL,NULL),(207,163,'0:25-','ar',NULL,NULL),(208,163,'0:25-','en',NULL,NULL),(209,164,'0:50-','ar',NULL,NULL),(210,164,'0:50-','en',NULL,NULL),(211,165,'0:75-','ar',NULL,NULL),(212,165,'0:75-','en',NULL,NULL),(213,166,'1:00-','ar',NULL,NULL),(214,166,'1:00-','en',NULL,NULL),(215,167,'1:25-','ar',NULL,NULL),(216,167,'1:25-','en',NULL,NULL),(217,168,'1:50-','ar',NULL,NULL),(218,168,'1:50-','en',NULL,NULL),(219,169,'1:75-','ar',NULL,NULL),(220,169,'1:75-','en',NULL,NULL),(221,170,'2:00-','ar',NULL,NULL),(222,170,'2:00-','en',NULL,NULL),(223,171,'2:25-','ar',NULL,NULL),(224,171,'2:00-','en',NULL,NULL),(225,172,'2:50-','ar',NULL,NULL),(226,172,'2:50-','en',NULL,NULL),(227,173,'2:75-','ar',NULL,NULL),(228,173,'2:75-','en',NULL,NULL),(229,174,'3:00-','ar',NULL,NULL),(230,174,'3:00-','en',NULL,NULL),(231,175,'3:25-','ar',NULL,NULL),(232,175,'3:25-','en',NULL,NULL),(233,176,'3:50-','ar',NULL,NULL),(234,176,'3:50-','en',NULL,NULL),(235,177,'3:75-','ar',NULL,NULL),(236,177,'3:75-','en',NULL,NULL),(237,178,'4:00-','ar',NULL,NULL),(238,178,'4:00-','en',NULL,NULL),(239,179,'4:25-','ar',NULL,NULL),(240,179,'4:25-','en',NULL,NULL),(241,180,'4:50-','ar',NULL,NULL),(242,180,'4:50-','en',NULL,NULL),(243,181,'5:00-','ar',NULL,NULL),(244,181,'5:00-','en',NULL,NULL),(245,182,'5:50-','ar',NULL,NULL),(246,182,'5:50-','en',NULL,NULL),(247,183,'6:00-','ar',NULL,NULL),(248,183,'6:00-','en',NULL,NULL),(249,184,'1:00','ar',NULL,NULL),(250,184,'1:00','en',NULL,NULL),(251,185,'1:50','ar',NULL,NULL),(252,185,'1:50','en',NULL,NULL),(253,186,'2:00','ar',NULL,NULL),(254,186,'2:00','en',NULL,NULL),(255,187,'2:50','ar',NULL,NULL),(256,187,'2:50','en',NULL,NULL),(257,188,'3:00','ar',NULL,NULL),(258,188,'3:00','en',NULL,NULL),(259,189,'3:50','ar',NULL,NULL),(260,189,'3:50','en',NULL,NULL),(261,190,'4:00','ar',NULL,NULL),(262,190,'4:00','en',NULL,NULL),(263,191,'4:50','ar',NULL,NULL),(264,191,'4:50','en',NULL,NULL),(265,192,'5:00','ar',NULL,NULL),(266,192,'5:00','en',NULL,NULL),(267,193,'5:50','ar',NULL,NULL),(268,193,'5:50','en',NULL,NULL),(269,194,'6:00','ar',NULL,NULL),(270,194,'6:00','en',NULL,NULL),(271,195,'0:00','ar',NULL,NULL),(272,195,'0:00','en',NULL,NULL),(273,196,'0:25-','ar',NULL,NULL),(274,196,'0:25-','en',NULL,NULL),(275,197,'0:50-','ar',NULL,NULL),(276,197,'0:50-','en',NULL,NULL),(277,198,'0:75-','ar',NULL,NULL),(278,198,'0:75-','en',NULL,NULL),(279,199,'1:00-','ar',NULL,NULL),(280,199,'1:00-','en',NULL,NULL),(281,200,'1:00-','ar',NULL,NULL),(282,200,'1:00-','en',NULL,NULL),(283,201,'1:25-','ar',NULL,NULL),(284,201,'1:25-','en',NULL,NULL),(285,202,'1:25-','ar',NULL,NULL),(286,202,'1:25-','en',NULL,NULL),(287,203,'1:50-','ar',NULL,NULL),(288,203,'1:50-','en',NULL,NULL),(297,215,'1/4','ar',NULL,NULL),(298,215,'1/4','en',NULL,NULL),(299,216,'dss','ar',NULL,NULL),(300,216,'sd','en',NULL,NULL),(301,217,'tut','ar',NULL,NULL),(302,217,'ttu','en',NULL,NULL),(305,219,'1/4','ar',NULL,NULL),(306,219,'1/4','en',NULL,NULL),(307,220,'1/2','ar',NULL,NULL),(308,220,'1/2','en',NULL,NULL),(309,221,'1','ar',NULL,NULL),(310,221,'1','en',NULL,NULL),(311,222,'1/4','ar',NULL,NULL),(312,222,'1/4','en',NULL,NULL),(313,223,'1/2','ar',NULL,NULL),(314,223,'1/2','en',NULL,NULL),(315,224,'1','ar',NULL,NULL),(316,224,'1','en',NULL,NULL),(317,225,'1/2','ar',NULL,NULL),(318,225,'1/2','en',NULL,NULL),(319,226,'55','ar',NULL,NULL),(320,226,'55','en',NULL,NULL),(321,227,'60','ar',NULL,NULL),(322,227,'60','en',NULL,NULL),(323,228,'55','ar',NULL,NULL),(324,228,'55','en',NULL,NULL),(325,229,'58','ar',NULL,NULL),(326,229,'58','en',NULL,NULL),(327,230,'55','ar',NULL,NULL),(328,230,'55','en',NULL,NULL),(329,231,'58','ar',NULL,NULL),(330,231,'58','en',NULL,NULL),(331,232,'55','ar',NULL,NULL),(332,232,'55','en',NULL,NULL),(333,233,'58','ar',NULL,NULL),(334,233,'58','en',NULL,NULL),(335,234,'52','ar',NULL,NULL),(336,234,'52','en',NULL,NULL),(337,235,'55','ar',NULL,NULL),(338,235,'55','en',NULL,NULL),(339,236,'58','ar',NULL,NULL),(340,236,'58','en',NULL,NULL),(341,237,'60','ar',NULL,NULL),(342,237,'60','en',NULL,NULL),(343,238,'52','ar',NULL,NULL),(344,238,'52','en',NULL,NULL),(345,239,'55','ar',NULL,NULL),(346,239,'55','en',NULL,NULL),(347,240,'58','ar',NULL,NULL),(348,240,'58','en',NULL,NULL),(349,241,'60','ar',NULL,NULL),(350,241,'60','en',NULL,NULL),(351,242,'52','ar',NULL,NULL),(352,242,'52','en',NULL,NULL),(353,243,'55','ar',NULL,NULL),(354,243,'55','en',NULL,NULL),(355,244,'58','ar',NULL,NULL),(356,244,'58','en',NULL,NULL),(357,245,'52','ar',NULL,NULL),(358,245,'52','en',NULL,NULL),(359,246,'52','ar',NULL,NULL),(360,246,'52','en',NULL,NULL),(361,247,'55','ar',NULL,NULL),(362,247,'55','en',NULL,NULL),(363,248,'58','ar',NULL,NULL),(364,248,'58','en',NULL,NULL),(365,249,'60','ar',NULL,NULL),(366,249,'60','en',NULL,NULL),(367,250,'52','ar',NULL,NULL),(368,250,'52','en',NULL,NULL),(369,251,'55','ar',NULL,NULL),(370,251,'55','en',NULL,NULL),(371,252,'58','ar',NULL,NULL),(372,252,'58','en',NULL,NULL),(373,253,'60','ar',NULL,NULL),(374,253,'60','en',NULL,NULL),(375,255,'55','ar',NULL,NULL),(376,255,'55','en',NULL,NULL),(377,256,'58','ar',NULL,NULL),(378,256,'58','en',NULL,NULL),(379,271,'52','ar',NULL,NULL),(380,271,'52','en',NULL,NULL),(381,272,'52','ar',NULL,NULL),(382,272,'52','en',NULL,NULL),(383,273,'55','ar',NULL,NULL),(384,273,'55','en',NULL,NULL),(385,274,'58','ar',NULL,NULL),(386,274,'58','en',NULL,NULL),(387,275,'52','ar',NULL,NULL),(388,275,'52','en',NULL,NULL),(389,276,'55','ar',NULL,NULL),(390,276,'55','en',NULL,NULL),(391,277,'58','ar',NULL,NULL),(392,277,'58','en',NULL,NULL),(393,278,'52','ar',NULL,NULL),(394,278,'52','en',NULL,NULL),(395,279,'55','ar',NULL,NULL),(396,279,'55','en',NULL,NULL),(399,281,'52','ar',NULL,NULL),(400,281,'52','en',NULL,NULL),(401,282,'55','ar',NULL,NULL),(402,282,'55','en',NULL,NULL),(409,286,'9-10 سنة','ar',NULL,NULL),(410,286,'9-10 سنة','en',NULL,NULL),(411,287,'11-12 سنة','ar',NULL,NULL),(412,287,'11-12 سنة','en',NULL,NULL),(423,293,'52','ar',NULL,NULL),(424,293,'52','en',NULL,NULL),(425,294,'55','ar',NULL,NULL),(426,294,'55','en',NULL,NULL),(427,295,'60','ar',NULL,NULL),(428,295,'60','en',NULL,NULL),(429,296,'52','ar',NULL,NULL),(430,296,'52','en',NULL,NULL),(437,300,'55','ar',NULL,NULL),(438,300,'55','en',NULL,NULL),(441,302,'9-10 سنة','ar',NULL,NULL),(442,302,'9-10 سنة','en',NULL,NULL),(443,303,'58','ar',NULL,NULL),(444,303,'58','en',NULL,NULL),(445,304,'11-12 سنة','ar',NULL,NULL),(446,304,'11-12 سنة','en',NULL,NULL),(447,305,'1-2 سنة','ar',NULL,NULL),(448,305,'1-2 سنة','en',NULL,NULL),(449,306,'3-4 سنة','ar',NULL,NULL),(450,306,'3-4 سنة','en',NULL,NULL),(451,307,'5-6 سنة','ar',NULL,NULL),(452,307,'5-6 سنة','en',NULL,NULL),(453,308,'7-8 سنة','ar',NULL,NULL),(454,308,'7-8 سنة','en',NULL,NULL),(455,309,'9-10 سنة','ar',NULL,NULL),(456,309,'9-10 سنة','en',NULL,NULL),(457,310,'11-12 سنة','ar',NULL,NULL),(458,310,'11-12 سنة','en',NULL,NULL),(469,316,'52','ar',NULL,NULL),(470,316,'52','en',NULL,NULL),(473,318,'58','ar',NULL,NULL),(474,318,'58','en',NULL,NULL),(477,320,'52','ar',NULL,NULL),(478,320,'52','en',NULL,NULL),(479,321,'55','ar',NULL,NULL),(480,321,'55','en',NULL,NULL),(481,322,'58','ar',NULL,NULL),(482,322,'58','en',NULL,NULL),(483,323,'52','ar',NULL,NULL),(484,323,'52','en',NULL,NULL),(485,324,'55','ar',NULL,NULL),(486,324,'55','en',NULL,NULL),(487,325,'52','ar',NULL,NULL),(488,325,'52','en',NULL,NULL),(489,326,'55','ar',NULL,NULL),(490,326,'55','en',NULL,NULL),(493,328,'S','ar',NULL,NULL),(494,328,'S','en',NULL,NULL),(495,329,'M','ar',NULL,NULL),(496,329,'M','en',NULL,NULL),(497,330,'L','ar',NULL,NULL),(498,330,'L','en',NULL,NULL),(501,332,'R22','ar',NULL,NULL),(502,332,'R22','en',NULL,NULL),(503,333,'R24','ar',NULL,NULL),(504,333,'R24','en',NULL,NULL),(505,334,'R26','ar',NULL,NULL),(506,334,'R26','en',NULL,NULL),(507,335,'R28','ar',NULL,NULL),(508,335,'R28','en',NULL,NULL),(509,336,'1-2 سنة','ar',NULL,NULL),(510,336,'1-2 سنة','en',NULL,NULL),(511,337,'3-4 سنة','ar',NULL,NULL),(512,337,'3-4 سنة','en',NULL,NULL),(513,338,'5-6 سنة','ar',NULL,NULL),(514,338,'5-6 سنة','en',NULL,NULL),(515,339,'7-8 سنة','ar',NULL,NULL),(516,339,'7-8 سنة','en',NULL,NULL),(517,340,'9-10 سنة','ar',NULL,NULL),(518,340,'9-10 سنة','en',NULL,NULL),(519,341,'R20','ar',NULL,NULL),(520,341,'R20','en',NULL,NULL),(521,342,'R26','ar',NULL,NULL),(522,342,'R26','en',NULL,NULL),(523,343,'R28','ar',NULL,NULL),(524,343,'R28','en',NULL,NULL),(525,344,'R24','ar',NULL,NULL),(526,344,'R24','en',NULL,NULL),(527,345,'K22','ar',NULL,NULL),(528,345,'K22','en',NULL,NULL),(529,346,'K26','ar',NULL,NULL),(530,346,'K26','en',NULL,NULL),(531,347,'K28','ar',NULL,NULL),(532,347,'K28','en',NULL,NULL),(533,348,'R20','ar',NULL,NULL),(534,348,'R20','en',NULL,NULL),(535,350,'K22','ar',NULL,NULL),(536,350,'K22','en',NULL,NULL),(537,351,'K24','ar',NULL,NULL),(538,351,'K24','en',NULL,NULL),(539,352,'K26','ar',NULL,NULL),(540,352,'K26','en',NULL,NULL),(541,353,'K28','ar',NULL,NULL),(542,353,'K28','en',NULL,NULL),(543,354,'K30','ar',NULL,NULL),(544,354,'K30','en',NULL,NULL),(545,355,'S','ar',NULL,NULL),(546,355,'S','en',NULL,NULL),(547,356,'6','ar',NULL,NULL),(548,356,'6','en',NULL,NULL),(549,357,'8','ar',NULL,NULL),(550,357,'8','en',NULL,NULL),(551,358,'8.5','ar',NULL,NULL),(552,358,'8.5','en',NULL,NULL),(553,359,'10','ar',NULL,NULL),(554,359,'10','en',NULL,NULL),(555,360,'M','ar',NULL,NULL),(556,360,'M','en',NULL,NULL),(557,361,'L','ar',NULL,NULL),(558,361,'L','en',NULL,NULL),(559,362,'XL','ar',NULL,NULL),(560,362,'XL','en',NULL,NULL),(561,363,'2XL','ar',NULL,NULL),(562,363,'2XL','en',NULL,NULL),(563,364,'S','ar',NULL,NULL),(564,364,'S','en',NULL,NULL),(565,365,'M','ar',NULL,NULL),(566,365,'M','en',NULL,NULL),(567,366,'XL','ar',NULL,NULL),(568,366,'XL','en',NULL,NULL),(569,367,'L','ar',NULL,NULL),(570,367,'L','en',NULL,NULL),(571,368,'S','ar',NULL,NULL),(572,368,'S','en',NULL,NULL),(573,369,'M','ar',NULL,NULL),(574,369,'M','en',NULL,NULL),(575,370,'XL','ar',NULL,NULL),(576,370,'XL','en',NULL,NULL),(577,371,'S','ar',NULL,NULL),(578,371,'S','en',NULL,NULL),(579,372,'M','ar',NULL,NULL),(580,372,'M','en',NULL,NULL),(581,373,'L','ar',NULL,NULL),(582,373,'L','en',NULL,NULL),(583,374,'XL','ar',NULL,NULL),(584,374,'XL','en',NULL,NULL),(585,375,'6','ar',NULL,NULL),(586,375,'6','en',NULL,NULL),(587,376,'6.5','ar',NULL,NULL),(588,376,'6.5','en',NULL,NULL),(589,377,'7','ar',NULL,NULL),(590,377,'7','en',NULL,NULL),(591,378,'7.5','ar',NULL,NULL),(592,378,'7.5','en',NULL,NULL),(593,379,'8','ar',NULL,NULL),(594,379,'8','en',NULL,NULL),(595,380,'8.5','ar',NULL,NULL),(596,380,'8.5','en',NULL,NULL),(597,381,'9','ar',NULL,NULL),(598,381,'9','en',NULL,NULL),(599,382,'9.5','ar',NULL,NULL),(600,382,'9.5','en',NULL,NULL),(601,383,'10','ar',NULL,NULL),(602,383,'10','en',NULL,NULL),(603,384,'10.5','ar',NULL,NULL),(604,384,'10.5','en',NULL,NULL),(605,385,'11','ar',NULL,NULL),(606,385,'11','en',NULL,NULL),(607,386,'11.5','ar',NULL,NULL),(608,386,'11.5','en',NULL,NULL),(609,387,'12','ar',NULL,NULL),(610,387,'12','en',NULL,NULL),(611,388,'12.5','ar',NULL,NULL),(612,388,'12.5','en',NULL,NULL),(613,389,'6','ar',NULL,NULL),(614,389,'6','en',NULL,NULL),(615,390,'6.5','ar',NULL,NULL),(616,390,'6.5','en',NULL,NULL),(617,391,'7.5','ar',NULL,NULL),(618,391,'7.5','en',NULL,NULL),(619,392,'8','ar',NULL,NULL),(620,392,'8','en',NULL,NULL),(621,393,'8.5','ar',NULL,NULL),(622,393,'8.5','en',NULL,NULL),(623,394,'9','ar',NULL,NULL),(624,394,'9','en',NULL,NULL),(625,395,'9.5','ar',NULL,NULL),(626,395,'9.5','en',NULL,NULL),(627,396,'10','ar',NULL,NULL),(628,396,'10','en',NULL,NULL),(629,397,'10.5','ar',NULL,NULL),(630,397,'10.5','en',NULL,NULL),(631,398,'11','ar',NULL,NULL),(632,398,'11','en',NULL,NULL),(633,399,'11.5','ar',NULL,NULL),(634,399,'11.5','en',NULL,NULL),(635,400,'12','ar',NULL,NULL),(636,400,'12','en',NULL,NULL),(637,403,'9','ar',NULL,NULL),(638,403,'9','en',NULL,NULL),(639,427,'8','ar',NULL,NULL),(640,427,'8','en',NULL,NULL),(641,428,'S','ar',NULL,NULL),(642,428,'S','en',NULL,NULL),(643,429,'M','ar',NULL,NULL),(644,429,'M','en',NULL,NULL),(645,430,'L','ar',NULL,NULL),(646,430,'L','en',NULL,NULL),(647,431,'XL','ar',NULL,NULL),(648,431,'XL','en',NULL,NULL),(649,432,'1-2 سنة','ar',NULL,NULL),(650,432,'1-2 سنة','en',NULL,NULL),(651,433,'3-4 سنة','ar',NULL,NULL),(652,433,'3-4 سنة','en',NULL,NULL),(653,434,'7-8 سنة','ar',NULL,NULL),(654,434,'7-8 سنة','en',NULL,NULL),(655,435,'6','ar',NULL,NULL),(656,435,'6','en',NULL,NULL),(657,436,'6.5','ar',NULL,NULL),(658,436,'6.5','en',NULL,NULL),(659,437,'7','ar',NULL,NULL),(660,437,'7','en',NULL,NULL),(661,438,'7.5','ar',NULL,NULL),(662,438,'7.5','en',NULL,NULL),(663,439,'8','ar',NULL,NULL),(664,439,'8','en',NULL,NULL),(665,440,'8.5','ar',NULL,NULL),(666,440,'8.5','en',NULL,NULL),(667,441,'9','ar',NULL,NULL),(668,441,'9','en',NULL,NULL),(669,442,'9.5','ar',NULL,NULL),(670,442,'9.5','en',NULL,NULL),(671,443,'10','ar',NULL,NULL),(672,443,'10','en',NULL,NULL),(673,444,'11','ar',NULL,NULL),(674,444,'11','en',NULL,NULL),(675,445,'6','ar',NULL,NULL),(676,445,'6','en',NULL,NULL),(677,446,'7','ar',NULL,NULL),(678,446,'7','en',NULL,NULL),(679,447,'7.5','ar',NULL,NULL),(680,447,'7.5','en',NULL,NULL),(681,448,'8','ar',NULL,NULL),(682,448,'8','en',NULL,NULL),(683,449,'8.5','ar',NULL,NULL),(684,449,'8.5','en',NULL,NULL),(685,450,'9','ar',NULL,NULL),(686,450,'9','en',NULL,NULL),(687,451,'10','ar',NULL,NULL),(688,451,'10','en',NULL,NULL),(689,452,'10.5','ar',NULL,NULL),(690,452,'10.5','en',NULL,NULL),(691,453,'11','ar',NULL,NULL),(692,453,'11','en',NULL,NULL),(693,454,'7','ar',NULL,NULL),(694,454,'7','en',NULL,NULL),(695,455,'7.5','ar',NULL,NULL),(696,455,'7.5','en',NULL,NULL),(697,456,'9','ar',NULL,NULL),(698,456,'9','en',NULL,NULL),(699,457,'10','ar',NULL,NULL),(700,457,'10','en',NULL,NULL),(701,458,'1-2 سنة','ar',NULL,NULL),(702,458,'1-2 سنة','en',NULL,NULL),(703,459,'3-4 سنة','ar',NULL,NULL),(704,459,'3-4 سنة','en',NULL,NULL),(705,460,'5-6 سنة','ar',NULL,NULL),(706,460,'5-6 سنة','en',NULL,NULL),(707,461,'7-8 سنة','ar',NULL,NULL),(708,461,'7-8 سنة','en',NULL,NULL),(709,464,'K32 (11-12سنة)','ar',NULL,NULL),(710,464,'K32 (11-12سنة)','en',NULL,NULL),(711,466,'K30 (10-11 سنة) :','ar',NULL,NULL),(712,466,'K30 (10-11 سنة) :','en',NULL,NULL),(713,467,'K20 (2-3 سنة)','ar',NULL,NULL),(714,467,'K20 (2-3 سنة)','en',NULL,NULL),(715,468,'K30 (10-11 سنة)','ar',NULL,NULL),(716,468,'K30 (10-11 سنة)','en',NULL,NULL),(717,469,'R24','ar',NULL,NULL),(718,469,'R24','en',NULL,NULL),(719,470,'R26','ar',NULL,NULL),(720,470,'R26','en',NULL,NULL),(721,471,'K22','ar',NULL,NULL),(722,471,'K22','en',NULL,NULL),(723,472,'K24','ar',NULL,NULL),(724,472,'K24','en',NULL,NULL),(725,473,'S','ar',NULL,NULL),(726,473,'S','en',NULL,NULL),(727,474,'M','ar',NULL,NULL),(728,474,'M','en',NULL,NULL),(729,475,'L','ar',NULL,NULL),(730,475,'L','en',NULL,NULL),(731,476,'6','ar',NULL,NULL),(732,476,'6','en',NULL,NULL),(733,477,'6.5','ar',NULL,NULL),(734,477,'6.5','en',NULL,NULL),(735,478,'7','ar',NULL,NULL),(736,478,'7','en',NULL,NULL),(737,479,'7.5','ar',NULL,NULL),(738,479,'7.5','en',NULL,NULL),(739,480,'8','ar',NULL,NULL),(740,480,'8','en',NULL,NULL),(741,481,'8.5','ar',NULL,NULL),(742,481,'8.5','en',NULL,NULL),(743,482,'9','ar',NULL,NULL),(744,482,'9','en',NULL,NULL),(745,483,'9.5','ar',NULL,NULL),(746,483,'9.5','en',NULL,NULL),(747,484,'10','ar',NULL,NULL),(748,484,'10','en',NULL,NULL),(749,485,'10.5','ar',NULL,NULL),(750,485,'10.5','en',NULL,NULL),(751,486,'6','ar',NULL,NULL),(752,486,NULL,'en',NULL,NULL),(753,487,'7','ar',NULL,NULL),(754,487,NULL,'en',NULL,NULL),(755,488,'7.5','ar',NULL,NULL),(756,488,NULL,'en',NULL,NULL),(757,489,'8.5','ar',NULL,NULL),(758,489,NULL,'en',NULL,NULL),(759,490,'9','ar',NULL,NULL),(760,490,NULL,'en',NULL,NULL),(761,491,'9.5','ar',NULL,NULL),(762,491,NULL,'en',NULL,NULL),(763,492,'10','ar',NULL,NULL),(764,492,NULL,'en',NULL,NULL),(765,493,'10.5','ar',NULL,NULL),(766,493,NULL,'en',NULL,NULL),(767,494,'11','ar',NULL,NULL),(768,494,NULL,'en',NULL,NULL),(769,495,'11.5','ar',NULL,NULL),(770,495,NULL,'en',NULL,NULL),(771,496,'12','ar',NULL,NULL),(772,496,NULL,'en',NULL,NULL),(773,497,'6.5','ar',NULL,NULL),(774,497,'6.5','en',NULL,NULL),(775,498,'7','ar',NULL,NULL),(776,498,'7','en',NULL,NULL),(777,499,'7.5','ar',NULL,NULL),(778,499,'7.5','en',NULL,NULL),(779,500,'8','ar',NULL,NULL),(780,500,'8','en',NULL,NULL),(781,501,'8.5','ar',NULL,NULL),(782,501,'8.5','en',NULL,NULL),(783,502,'9','ar',NULL,NULL),(784,502,'9','en',NULL,NULL),(785,503,'9.5','ar',NULL,NULL),(786,503,'9.5','en',NULL,NULL),(787,504,'10','ar',NULL,NULL),(788,504,'10','en',NULL,NULL),(789,505,'10.5','ar',NULL,NULL),(790,505,'10.5','en',NULL,NULL),(791,506,'6','ar',NULL,NULL),(792,506,'6','en',NULL,NULL),(793,507,'6.5','ar',NULL,NULL),(794,507,'6.5','en',NULL,NULL),(795,508,'7','ar',NULL,NULL),(796,508,'7','en',NULL,NULL),(797,509,'7.5','ar',NULL,NULL),(798,509,'7.5','en',NULL,NULL),(799,510,'8.5','ar',NULL,NULL),(800,510,'8.5','en',NULL,NULL),(801,511,'9','ar',NULL,NULL),(802,511,'9','en',NULL,NULL),(803,512,'7.5','ar',NULL,NULL),(804,512,'7.5','en',NULL,NULL),(805,513,'8','ar',NULL,NULL),(806,513,'8','en',NULL,NULL),(807,514,'8.5','ar',NULL,NULL),(808,514,'8.5','en',NULL,NULL),(809,515,'9','ar',NULL,NULL),(810,515,'9','en',NULL,NULL),(811,516,'6','ar',NULL,NULL),(812,516,'6','en',NULL,NULL),(813,517,'6.5','ar',NULL,NULL),(814,517,'6.5','en',NULL,NULL),(815,518,'7','ar',NULL,NULL),(816,518,'7','en',NULL,NULL),(817,519,'7.5','ar',NULL,NULL),(818,519,'7.5','en',NULL,NULL),(819,520,'8.5','ar',NULL,NULL),(820,520,'8.5','en',NULL,NULL),(821,521,'9','ar',NULL,NULL),(822,521,'9','en',NULL,NULL),(823,522,'9.5','ar',NULL,NULL),(824,522,'9.5','en',NULL,NULL),(825,523,'10','ar',NULL,NULL),(826,523,'10','en',NULL,NULL),(827,524,'10.5','ar',NULL,NULL),(828,524,'10.5','en',NULL,NULL),(829,525,'11.5','ar',NULL,NULL),(830,525,'11.5','en',NULL,NULL),(831,526,'6','ar',NULL,NULL),(832,526,'6','en',NULL,NULL),(833,527,'7.5','ar',NULL,NULL),(834,527,'7.5','en',NULL,NULL),(835,528,'8','ar',NULL,NULL),(836,528,'8','en',NULL,NULL),(837,529,'8.5','ar',NULL,NULL),(838,529,'8.5','en',NULL,NULL),(839,530,'9','ar',NULL,NULL),(840,530,'9','en',NULL,NULL),(841,531,'9.5','ar',NULL,NULL),(842,531,'9.5','en',NULL,NULL),(843,532,'10','ar',NULL,NULL),(844,532,'10','en',NULL,NULL),(845,533,'10.5','ar',NULL,NULL),(846,533,'10.5','en',NULL,NULL),(847,534,'11.5','ar',NULL,NULL),(848,534,'11.5','en',NULL,NULL),(849,535,'6','ar',NULL,NULL),(850,535,'6','en',NULL,NULL),(851,536,'7','ar',NULL,NULL),(852,536,'7','en',NULL,NULL),(853,537,'7.5','ar',NULL,NULL),(854,537,'7.5','en',NULL,NULL),(855,538,'8','ar',NULL,NULL),(856,538,'8','en',NULL,NULL),(857,539,'8.5','ar',NULL,NULL),(858,539,'8.5','en',NULL,NULL),(859,540,'9','ar',NULL,NULL),(860,540,'9','en',NULL,NULL),(861,541,'9.5','ar',NULL,NULL),(862,541,'9.5','en',NULL,NULL),(863,542,'10','ar',NULL,NULL),(864,542,'10','en',NULL,NULL),(865,543,'10.5','ar',NULL,NULL),(866,543,'10.5','en',NULL,NULL),(867,544,'11','ar',NULL,NULL),(868,544,'11','en',NULL,NULL),(869,545,'6','ar',NULL,NULL),(870,545,'6','en',NULL,NULL),(871,546,'6.5','ar',NULL,NULL),(872,546,'6.5','en',NULL,NULL),(873,547,'7','ar',NULL,NULL),(874,547,'7','en',NULL,NULL),(875,548,'8','ar',NULL,NULL),(876,548,'8','en',NULL,NULL),(877,549,'9','ar',NULL,NULL),(878,549,'9','en',NULL,NULL),(879,550,'9.5','ar',NULL,NULL),(880,550,'9.5','en',NULL,NULL),(881,551,'10','ar',NULL,NULL),(882,551,'10','en',NULL,NULL),(883,552,'10.5','ar',NULL,NULL),(884,552,'10.5','en',NULL,NULL),(885,553,'11','ar',NULL,NULL),(886,553,'11','en',NULL,NULL),(887,554,'6','ar',NULL,NULL),(888,554,'6','en',NULL,NULL),(889,555,'6.5','ar',NULL,NULL),(890,555,'6.5','en',NULL,NULL),(891,556,'7','ar',NULL,NULL),(892,556,'7','en',NULL,NULL),(893,557,'7.5','ar',NULL,NULL),(894,557,'7.5','en',NULL,NULL),(895,558,'11','ar',NULL,NULL),(896,558,'11','en',NULL,NULL),(897,559,'6','ar',NULL,NULL),(898,559,'6','en',NULL,NULL),(899,560,'6.5','ar',NULL,NULL),(900,560,'6.5','en',NULL,NULL),(901,561,'7','ar',NULL,NULL),(902,561,'7','en',NULL,NULL),(903,562,'7.5','ar',NULL,NULL),(904,562,'7.5','en',NULL,NULL),(905,563,'8','ar',NULL,NULL),(906,563,'8','en',NULL,NULL),(907,564,'8.5','ar',NULL,NULL),(908,564,'8.5','en',NULL,NULL),(909,565,'9','ar',NULL,NULL),(910,565,'9','en',NULL,NULL),(911,566,'9.5','ar',NULL,NULL),(912,566,'9.5','en',NULL,NULL),(913,567,'10','ar',NULL,NULL),(914,567,'10','en',NULL,NULL),(915,568,'10.5','ar',NULL,NULL),(916,568,'10.5','en',NULL,NULL),(917,569,'11','ar',NULL,NULL),(918,569,'11','en',NULL,NULL),(919,570,'6','ar',NULL,NULL),(920,570,'6','en',NULL,NULL),(921,571,'8','ar',NULL,NULL),(922,571,'8','en',NULL,NULL),(923,572,'9','ar',NULL,NULL),(924,572,'9','en',NULL,NULL),(925,573,'6','ar',NULL,NULL),(926,573,'6','en',NULL,NULL),(927,574,'7','ar',NULL,NULL),(928,574,'7','en',NULL,NULL),(929,575,'8.5','ar',NULL,NULL),(930,575,'8.5','en',NULL,NULL),(931,576,'9','ar',NULL,NULL),(932,576,'9','en',NULL,NULL),(933,577,'6','ar',NULL,NULL),(934,577,'6','en',NULL,NULL),(935,578,'7','ar',NULL,NULL),(936,578,'7','en',NULL,NULL),(937,579,'8','ar',NULL,NULL),(938,579,'8','en',NULL,NULL),(939,580,'9','ar',NULL,NULL),(940,580,'9','en',NULL,NULL),(941,581,'10','ar',NULL,NULL),(942,581,'10','en',NULL,NULL),(943,582,'L','ar',NULL,NULL),(944,582,'L','en',NULL,NULL),(945,583,'XL','ar',NULL,NULL),(946,583,'XL','en',NULL,NULL),(947,584,'XXL','ar',NULL,NULL),(948,584,'XXL','en',NULL,NULL),(949,585,'M','ar',NULL,NULL),(950,585,'M','en',NULL,NULL),(951,586,'L','ar',NULL,NULL),(952,586,'L','en',NULL,NULL),(953,587,'XL','ar',NULL,NULL),(954,587,'XL','en',NULL,NULL),(955,588,'XXL','ar',NULL,NULL),(956,588,'XXL','en',NULL,NULL),(957,591,'L','ar',NULL,NULL),(958,591,'L','en',NULL,NULL),(959,592,'XL','ar',NULL,NULL),(960,592,'XL','en',NULL,NULL),(961,594,'M','ar',NULL,NULL),(962,594,'M','en',NULL,NULL),(963,595,'L','ar',NULL,NULL),(964,595,'L','en',NULL,NULL),(965,596,'XL','ar',NULL,NULL),(966,596,'XL','en',NULL,NULL),(967,597,'XXL','ar',NULL,NULL),(968,597,'XXL','en',NULL,NULL),(969,598,'21.5','ar',NULL,NULL),(970,598,'21.5','en',NULL,NULL),(971,599,'22','ar',NULL,NULL),(972,599,'22','en',NULL,NULL),(973,600,'22.5','ar',NULL,NULL),(974,600,'22.5','en',NULL,NULL),(975,601,'23','ar',NULL,NULL),(976,601,'23','en',NULL,NULL),(977,602,'23.5','ar',NULL,NULL),(978,602,'23.5','en',NULL,NULL),(979,603,'R24','ar',NULL,NULL),(980,603,'R24','en',NULL,NULL),(981,604,'R26','ar',NULL,NULL),(982,604,'R26','en',NULL,NULL),(983,605,'R28','ar',NULL,NULL),(984,605,'R28','en',NULL,NULL),(985,606,'1-2','ar',NULL,NULL),(986,606,'1-2','en',NULL,NULL),(987,607,'3-4','ar',NULL,NULL),(988,607,'3-4','en',NULL,NULL),(989,608,'5-6','ar',NULL,NULL),(990,608,'5-6','en',NULL,NULL),(993,610,'7-8','ar',NULL,NULL),(994,610,'7-8','en',NULL,NULL),(995,611,'M','ar',NULL,NULL),(996,611,'M','en',NULL,NULL),(997,612,'L','ar',NULL,NULL),(998,612,'L','en',NULL,NULL),(999,613,'XL','ar',NULL,NULL),(1000,613,'XL','en',NULL,NULL),(1019,623,'36','ar',NULL,NULL),(1020,623,'36','en',NULL,NULL),(1021,624,'37','ar',NULL,NULL),(1022,624,'37','en',NULL,NULL),(1023,625,'38','ar',NULL,NULL),(1024,625,'38','en',NULL,NULL),(1025,626,'39','ar',NULL,NULL),(1026,626,'39','en',NULL,NULL),(1027,627,'40','ar',NULL,NULL),(1028,627,'40','en',NULL,NULL),(1029,628,'41','ar',NULL,NULL),(1030,628,'41','en',NULL,NULL),(1031,629,'42','ar',NULL,NULL),(1032,629,'42','en',NULL,NULL),(1033,630,'36','ar',NULL,NULL),(1034,630,'36','en',NULL,NULL),(1035,631,'37','ar',NULL,NULL),(1036,631,'37','en',NULL,NULL),(1037,632,'38','ar',NULL,NULL),(1038,632,'38','en',NULL,NULL),(1039,633,'39','ar',NULL,NULL),(1040,633,'39','en',NULL,NULL),(1041,634,'40','ar',NULL,NULL),(1042,634,'40','en',NULL,NULL),(1043,635,'41','ar',NULL,NULL),(1044,635,'41','en',NULL,NULL),(1045,636,'42','ar',NULL,NULL),(1046,636,'42','en',NULL,NULL),(1047,637,'36','ar',NULL,NULL),(1048,637,'36','en',NULL,NULL),(1049,638,'37','ar',NULL,NULL),(1050,638,'37','en',NULL,NULL),(1051,639,'38','ar',NULL,NULL),(1052,639,'38','en',NULL,NULL),(1053,640,'39','ar',NULL,NULL),(1054,640,'39','en',NULL,NULL),(1055,641,'40','ar',NULL,NULL),(1056,641,'40','en',NULL,NULL),(1057,642,'41','ar',NULL,NULL),(1058,642,'41','en',NULL,NULL),(1059,643,'42','ar',NULL,NULL),(1060,643,'42','en',NULL,NULL),(1061,644,'36','ar',NULL,NULL),(1062,644,'36','en',NULL,NULL),(1063,645,'37','ar',NULL,NULL),(1064,645,'37','en',NULL,NULL),(1065,646,'38','ar',NULL,NULL),(1066,646,'38','en',NULL,NULL),(1067,647,'39','ar',NULL,NULL),(1068,647,'39','en',NULL,NULL),(1069,648,'40','ar',NULL,NULL),(1070,648,'40','en',NULL,NULL),(1071,649,'41','ar',NULL,NULL),(1072,649,'41','en',NULL,NULL),(1073,650,'42','ar',NULL,NULL),(1074,650,'42','en',NULL,NULL),(1083,662,'36','ar',NULL,NULL),(1084,662,'36','en',NULL,NULL),(1085,663,'37','ar',NULL,NULL),(1086,663,'37','en',NULL,NULL),(1087,664,'38','ar',NULL,NULL),(1088,664,'38','en',NULL,NULL),(1089,665,'39','ar',NULL,NULL),(1090,665,'39','en',NULL,NULL),(1091,666,'40','ar',NULL,NULL),(1092,666,'40','en',NULL,NULL),(1093,667,'41','ar',NULL,NULL),(1094,667,'41','en',NULL,NULL),(1095,668,'42','ar',NULL,NULL),(1096,668,'42','en',NULL,NULL),(1097,669,'36','ar',NULL,NULL),(1098,669,'36','en',NULL,NULL),(1099,670,'37','ar',NULL,NULL),(1100,670,'37','en',NULL,NULL),(1101,671,'38','ar',NULL,NULL),(1102,671,'38','en',NULL,NULL),(1103,672,'39','ar',NULL,NULL),(1104,672,'39','en',NULL,NULL),(1105,673,'40','ar',NULL,NULL),(1106,673,'40','en',NULL,NULL),(1107,674,'41','ar',NULL,NULL),(1108,674,'41','en',NULL,NULL),(1109,675,'42','ar',NULL,NULL),(1110,675,'42','en',NULL,NULL),(1111,676,'36','ar',NULL,NULL),(1112,676,'36','en',NULL,NULL),(1113,677,'37','ar',NULL,NULL),(1114,677,'37','en',NULL,NULL),(1115,678,'38','ar',NULL,NULL),(1116,678,'38','en',NULL,NULL),(1117,679,'39','ar',NULL,NULL),(1118,679,'39','en',NULL,NULL),(1119,680,'40','ar',NULL,NULL),(1120,680,'40','en',NULL,NULL),(1121,681,'41','ar',NULL,NULL),(1122,681,'41','en',NULL,NULL),(1123,682,'42','ar',NULL,NULL),(1124,682,'42','en',NULL,NULL),(1125,683,'36','ar',NULL,NULL),(1126,683,'36','en',NULL,NULL),(1127,684,'37','ar',NULL,NULL),(1128,684,'37','en',NULL,NULL),(1129,685,'38','ar',NULL,NULL),(1130,685,'38','en',NULL,NULL),(1131,686,'39','ar',NULL,NULL),(1132,686,'39','en',NULL,NULL),(1133,687,'40','ar',NULL,NULL),(1134,687,'40','en',NULL,NULL),(1135,688,'41','ar',NULL,NULL),(1136,688,'41','en',NULL,NULL),(1137,689,'42','ar',NULL,NULL),(1138,689,'42','en',NULL,NULL),(1139,690,'36','ar',NULL,NULL),(1140,690,'36','en',NULL,NULL),(1141,691,'37','ar',NULL,NULL),(1142,691,'37','en',NULL,NULL),(1143,692,'38','ar',NULL,NULL),(1144,692,'38','en',NULL,NULL),(1145,693,'39','ar',NULL,NULL),(1146,693,'39','en',NULL,NULL),(1147,694,'40','ar',NULL,NULL),(1148,694,'40','en',NULL,NULL),(1149,695,'41','ar',NULL,NULL),(1150,695,'41','en',NULL,NULL),(1151,696,'42','ar',NULL,NULL),(1152,696,'42','en',NULL,NULL),(1153,697,'36','ar',NULL,NULL),(1154,697,'36','en',NULL,NULL),(1155,698,'37','ar',NULL,NULL),(1156,698,'37','en',NULL,NULL),(1157,699,'38','ar',NULL,NULL),(1158,699,'38','en',NULL,NULL),(1159,700,'39','ar',NULL,NULL),(1160,700,'39','en',NULL,NULL),(1161,701,'40','ar',NULL,NULL),(1162,701,'40','en',NULL,NULL),(1163,702,'41','ar',NULL,NULL),(1164,702,'41','en',NULL,NULL),(1165,703,'42','ar',NULL,NULL),(1166,703,'42','en',NULL,NULL),(1167,704,'36','ar',NULL,NULL),(1168,704,'36','en',NULL,NULL),(1169,705,'37','ar',NULL,NULL),(1170,705,'37','en',NULL,NULL),(1171,706,'38','ar',NULL,NULL),(1172,706,'38','en',NULL,NULL),(1173,707,'39','ar',NULL,NULL),(1174,707,'39','en',NULL,NULL),(1175,708,'40','ar',NULL,NULL),(1176,708,'40','en',NULL,NULL),(1177,709,'41','ar',NULL,NULL),(1178,709,'41','en',NULL,NULL),(1179,710,'42','ar',NULL,NULL),(1180,710,'42','en',NULL,NULL),(1181,711,'36','ar',NULL,NULL),(1182,711,'36','en',NULL,NULL),(1183,712,'37','ar',NULL,NULL),(1184,712,'37','en',NULL,NULL),(1185,713,'38','ar',NULL,NULL),(1186,713,'38','en',NULL,NULL),(1187,714,'39','ar',NULL,NULL),(1188,714,'39','en',NULL,NULL),(1189,715,'40','ar',NULL,NULL),(1190,715,'40','en',NULL,NULL),(1191,716,'41','ar',NULL,NULL),(1192,716,'41','en',NULL,NULL),(1193,717,'42','ar',NULL,NULL),(1194,717,'42','en',NULL,NULL),(1195,718,'36','ar',NULL,NULL),(1196,718,'36','en',NULL,NULL),(1197,719,'37','ar',NULL,NULL),(1198,719,'37','en',NULL,NULL),(1199,720,'38','ar',NULL,NULL),(1200,720,'38','en',NULL,NULL),(1201,721,'39','ar',NULL,NULL),(1202,721,'39','en',NULL,NULL),(1203,722,'40','ar',NULL,NULL),(1204,722,'40','en',NULL,NULL),(1205,723,'41','ar',NULL,NULL),(1206,723,'41','en',NULL,NULL),(1207,724,'42','ar',NULL,NULL),(1208,724,'42','en',NULL,NULL),(1209,725,'36','ar',NULL,NULL),(1210,725,'36','en',NULL,NULL),(1211,726,'37','ar',NULL,NULL),(1212,726,'37','en',NULL,NULL),(1213,727,'38','ar',NULL,NULL),(1214,727,'38','en',NULL,NULL),(1215,728,'39','ar',NULL,NULL),(1216,728,'39','en',NULL,NULL),(1217,729,'40','ar',NULL,NULL),(1218,729,'40','en',NULL,NULL),(1219,730,'41','ar',NULL,NULL),(1220,730,'41','en',NULL,NULL),(1221,731,'42','ar',NULL,NULL),(1222,731,'42','en',NULL,NULL),(1223,737,'36','ar',NULL,NULL),(1224,737,'36','en',NULL,NULL),(1225,738,'37','ar',NULL,NULL),(1226,738,'37','en',NULL,NULL),(1227,739,'38','ar',NULL,NULL),(1228,739,'38','en',NULL,NULL),(1229,740,'39','ar',NULL,NULL),(1230,740,'39','en',NULL,NULL),(1231,741,'40','ar',NULL,NULL),(1232,741,'40','en',NULL,NULL),(1233,742,'41','ar',NULL,NULL),(1234,742,'41','en',NULL,NULL),(1235,743,'42','ar',NULL,NULL),(1236,743,'42','en',NULL,NULL),(1237,744,'36','ar',NULL,NULL),(1238,744,'36','en',NULL,NULL),(1239,745,'37','ar',NULL,NULL),(1240,745,'37','en',NULL,NULL),(1241,746,'38','ar',NULL,NULL),(1242,746,'38','en',NULL,NULL),(1243,747,'39','ar',NULL,NULL),(1244,747,'39','en',NULL,NULL),(1245,748,'40','ar',NULL,NULL),(1246,748,'40','en',NULL,NULL),(1247,749,'41','ar',NULL,NULL),(1248,749,'41','en',NULL,NULL),(1249,750,'42','ar',NULL,NULL),(1250,750,'42','en',NULL,NULL),(1251,751,'36','ar',NULL,NULL),(1252,751,'36','en',NULL,NULL),(1253,752,'37','ar',NULL,NULL),(1254,752,'37','en',NULL,NULL),(1255,753,'38','ar',NULL,NULL),(1256,753,'38','en',NULL,NULL),(1257,754,'39','ar',NULL,NULL),(1258,754,'39','en',NULL,NULL),(1259,755,'40','ar',NULL,NULL),(1260,755,'40','en',NULL,NULL),(1261,756,'41','ar',NULL,NULL),(1262,756,'41','en',NULL,NULL),(1263,757,'42','ar',NULL,NULL),(1264,757,'42','en',NULL,NULL),(1265,758,'36','ar',NULL,NULL),(1266,758,'36','en',NULL,NULL),(1267,759,'37','ar',NULL,NULL),(1268,759,'37','en',NULL,NULL),(1269,760,'38','ar',NULL,NULL),(1270,760,'38','en',NULL,NULL),(1271,761,'39','ar',NULL,NULL),(1272,761,'39','en',NULL,NULL),(1273,762,'40','ar',NULL,NULL),(1274,762,'40','en',NULL,NULL),(1275,763,'41','ar',NULL,NULL),(1276,763,'41','en',NULL,NULL),(1277,764,'42','ar',NULL,NULL),(1278,764,'42','en',NULL,NULL),(1279,765,'36','ar',NULL,NULL),(1280,765,'36','en',NULL,NULL),(1281,766,'37','ar',NULL,NULL),(1282,766,'37','en',NULL,NULL),(1283,767,'38','ar',NULL,NULL),(1284,767,'38','en',NULL,NULL),(1285,768,'39','ar',NULL,NULL),(1286,768,'39','en',NULL,NULL),(1287,769,'40','ar',NULL,NULL),(1288,769,'40','en',NULL,NULL),(1289,770,'41','ar',NULL,NULL),(1290,770,'41','en',NULL,NULL),(1291,771,'42','ar',NULL,NULL),(1292,771,'42','en',NULL,NULL),(1295,785,'36','ar',NULL,NULL),(1296,785,'36','en',NULL,NULL),(1297,786,'37','ar',NULL,NULL),(1298,786,'37','en',NULL,NULL),(1299,787,'38','ar',NULL,NULL),(1300,787,'38','en',NULL,NULL),(1301,788,'39','ar',NULL,NULL),(1302,788,'39','en',NULL,NULL),(1303,789,'40','ar',NULL,NULL),(1304,789,'40','en',NULL,NULL),(1305,790,'41','ar',NULL,NULL),(1306,790,'41','en',NULL,NULL),(1307,791,'42','ar',NULL,NULL),(1308,791,'42','en',NULL,NULL),(1309,793,'36','ar',NULL,NULL),(1310,793,'36','en',NULL,NULL),(1311,794,'37','ar',NULL,NULL),(1312,794,'37','en',NULL,NULL),(1313,795,'38','ar',NULL,NULL),(1314,795,'38','en',NULL,NULL),(1315,796,'39','ar',NULL,NULL),(1316,796,'39','en',NULL,NULL),(1317,797,'40','ar',NULL,NULL),(1318,797,'40','en',NULL,NULL),(1319,798,'41','ar',NULL,NULL),(1320,798,'41','en',NULL,NULL),(1321,799,'42','ar',NULL,NULL),(1322,799,'42','en',NULL,NULL),(1323,800,'36','ar',NULL,NULL),(1324,800,'36','en',NULL,NULL),(1325,801,'37','ar',NULL,NULL),(1326,801,'37','en',NULL,NULL),(1327,802,'38','ar',NULL,NULL),(1328,802,'38','en',NULL,NULL),(1329,803,'39','ar',NULL,NULL),(1330,803,'39','en',NULL,NULL),(1331,804,'40','ar',NULL,NULL),(1332,804,'40','en',NULL,NULL),(1333,805,'41','ar',NULL,NULL),(1334,805,'41','en',NULL,NULL),(1335,806,'42','ar',NULL,NULL),(1336,806,'42','en',NULL,NULL),(1337,807,'36','ar',NULL,NULL),(1338,807,'36','en',NULL,NULL),(1339,808,'37','ar',NULL,NULL),(1340,808,'37','en',NULL,NULL),(1341,809,'38','ar',NULL,NULL),(1342,809,'38','en',NULL,NULL),(1343,810,'39','ar',NULL,NULL),(1344,810,'39','en',NULL,NULL),(1345,811,'40','ar',NULL,NULL),(1346,811,'40','en',NULL,NULL),(1347,812,'41','ar',NULL,NULL),(1348,812,'41','en',NULL,NULL),(1349,813,'42','ar',NULL,NULL),(1350,813,'42','en',NULL,NULL),(1351,814,'36','ar',NULL,NULL),(1352,814,'36','en',NULL,NULL),(1353,815,'37','ar',NULL,NULL),(1354,815,'37','en',NULL,NULL),(1355,816,'38','ar',NULL,NULL),(1356,816,'38','en',NULL,NULL),(1357,817,'39','ar',NULL,NULL),(1358,817,'39','en',NULL,NULL),(1359,818,'40','ar',NULL,NULL),(1360,818,'40','en',NULL,NULL),(1361,819,'41','ar',NULL,NULL),(1362,819,'41','en',NULL,NULL),(1363,820,'42','ar',NULL,NULL),(1364,820,'42','en',NULL,NULL),(1365,824,'36','ar',NULL,NULL),(1366,824,'36','en',NULL,NULL),(1367,825,'37','ar',NULL,NULL),(1368,825,'37','en',NULL,NULL),(1369,826,'38','ar',NULL,NULL),(1370,826,'38','en',NULL,NULL),(1371,827,'39','ar',NULL,NULL),(1372,827,'39','en',NULL,NULL),(1373,828,'40','ar',NULL,NULL),(1374,828,'40','en',NULL,NULL),(1375,829,'41','ar',NULL,NULL),(1376,829,'41','en',NULL,NULL),(1377,830,'42','ar',NULL,NULL),(1378,830,'42','en',NULL,NULL),(1379,834,'36','ar',NULL,NULL),(1380,834,'36','en',NULL,NULL),(1381,835,'37','ar',NULL,NULL),(1382,835,'37','en',NULL,NULL),(1383,836,'38','ar',NULL,NULL),(1384,836,'38','en',NULL,NULL),(1385,837,'39','ar',NULL,NULL),(1386,837,'39','en',NULL,NULL),(1387,838,'40','ar',NULL,NULL),(1388,838,'40','en',NULL,NULL),(1389,839,'41','ar',NULL,NULL),(1390,839,'41','en',NULL,NULL),(1391,840,'42','ar',NULL,NULL),(1392,840,'42','en',NULL,NULL),(1393,852,'36','ar',NULL,NULL),(1394,852,'36','en',NULL,NULL),(1395,853,'36','ar',NULL,NULL),(1396,853,'36','en',NULL,NULL),(1397,854,'36','ar',NULL,NULL),(1398,854,'36','en',NULL,NULL),(1399,855,'36','ar',NULL,NULL),(1400,855,'36','en',NULL,NULL),(1401,856,'36','ar',NULL,NULL),(1402,856,'36','en',NULL,NULL),(1403,857,'36','ar',NULL,NULL),(1404,857,'36','en',NULL,NULL),(1405,858,'36','ar',NULL,NULL),(1406,858,'36','en',NULL,NULL),(1407,859,'36','ar',NULL,NULL),(1408,859,'36','en',NULL,NULL),(1409,860,'37','ar',NULL,NULL),(1410,860,'37','en',NULL,NULL),(1411,861,'38','ar',NULL,NULL),(1412,861,'38','en',NULL,NULL),(1413,862,'39','ar',NULL,NULL),(1414,862,'39','en',NULL,NULL),(1415,863,'40','ar',NULL,NULL),(1416,863,'40','en',NULL,NULL),(1417,864,'41','ar',NULL,NULL),(1418,864,'41','en',NULL,NULL),(1419,865,'42','ar',NULL,NULL),(1420,865,'42','en',NULL,NULL),(1421,871,'36','ar',NULL,NULL),(1422,871,'36','en',NULL,NULL),(1423,872,'37','ar',NULL,NULL),(1424,872,'37','en',NULL,NULL),(1425,873,'38','ar',NULL,NULL),(1426,873,'38','en',NULL,NULL),(1427,874,'39','ar',NULL,NULL),(1428,874,'39','en',NULL,NULL),(1429,875,'40','ar',NULL,NULL),(1430,875,'40','en',NULL,NULL),(1431,876,'41','ar',NULL,NULL),(1432,876,'41','en',NULL,NULL),(1433,877,'42','ar',NULL,NULL),(1434,877,'42','en',NULL,NULL),(1435,878,'36','ar',NULL,NULL),(1436,878,'36','en',NULL,NULL),(1437,879,'37','ar',NULL,NULL),(1438,879,'37','en',NULL,NULL),(1439,880,'38','ar',NULL,NULL),(1440,880,'38','en',NULL,NULL),(1441,881,'39','ar',NULL,NULL),(1442,881,'39','en',NULL,NULL),(1443,882,'40','ar',NULL,NULL),(1444,882,'40','en',NULL,NULL),(1445,883,'41','ar',NULL,NULL),(1446,883,'41','en',NULL,NULL),(1447,884,'42','ar',NULL,NULL),(1448,884,'42','en',NULL,NULL),(1449,885,'36','ar',NULL,NULL),(1450,885,'36','en',NULL,NULL),(1451,886,'37','ar',NULL,NULL),(1452,886,'37','en',NULL,NULL),(1453,887,'38','ar',NULL,NULL),(1454,887,'38','en',NULL,NULL),(1455,888,'39','ar',NULL,NULL),(1456,888,'39','en',NULL,NULL),(1457,889,'40','ar',NULL,NULL),(1458,889,'40','en',NULL,NULL),(1459,890,'41','ar',NULL,NULL),(1460,890,'41','en',NULL,NULL),(1461,891,'42','ar',NULL,NULL),(1462,891,'42','en',NULL,NULL),(1471,902,'36','ar',NULL,NULL),(1472,902,'36','en',NULL,NULL),(1473,903,'37','ar',NULL,NULL),(1474,903,'37','en',NULL,NULL),(1475,904,'38','ar',NULL,NULL),(1476,904,'38','en',NULL,NULL),(1477,905,'39','ar',NULL,NULL),(1478,905,'39','en',NULL,NULL),(1479,906,'40','ar',NULL,NULL),(1480,906,'40','en',NULL,NULL),(1481,907,'41','ar',NULL,NULL),(1482,907,'41','en',NULL,NULL),(1483,908,'42','ar',NULL,NULL),(1484,908,'42','en',NULL,NULL),(1485,911,'36','ar',NULL,NULL),(1486,911,'36','en',NULL,NULL),(1487,912,'36','ar',NULL,NULL),(1488,912,'36','en',NULL,NULL),(1489,913,'37','ar',NULL,NULL),(1490,913,'37','en',NULL,NULL),(1491,914,'38','ar',NULL,NULL),(1492,914,'38','en',NULL,NULL),(1493,915,'39','ar',NULL,NULL),(1494,915,'39','en',NULL,NULL),(1495,916,'40','ar',NULL,NULL),(1496,916,'40','en',NULL,NULL),(1497,917,'41','ar',NULL,NULL),(1498,917,'41','en',NULL,NULL),(1499,918,'42','ar',NULL,NULL),(1500,918,'42','en',NULL,NULL),(1501,919,'36','ar',NULL,NULL),(1502,919,'36','en',NULL,NULL),(1503,920,'37','ar',NULL,NULL),(1504,920,'37','en',NULL,NULL),(1505,921,'38','ar',NULL,NULL),(1506,921,'38','en',NULL,NULL),(1507,922,'38','ar',NULL,NULL),(1508,922,'38','en',NULL,NULL),(1509,923,'39','ar',NULL,NULL),(1510,923,'39','en',NULL,NULL),(1511,924,'40','ar',NULL,NULL),(1512,924,'40','en',NULL,NULL),(1513,925,'41','ar',NULL,NULL),(1514,925,'41','en',NULL,NULL),(1515,926,'42','ar',NULL,NULL),(1516,926,'42','en',NULL,NULL),(1517,936,'36','ar',NULL,NULL),(1518,936,'36','en',NULL,NULL),(1519,937,'37','ar',NULL,NULL),(1520,937,'37','en',NULL,NULL),(1521,938,'38','ar',NULL,NULL),(1522,938,'38','en',NULL,NULL),(1523,939,'39','ar',NULL,NULL),(1524,939,'39','en',NULL,NULL),(1525,940,'40','ar',NULL,NULL),(1526,940,'40','en',NULL,NULL),(1527,941,'41','ar',NULL,NULL),(1528,941,'41','en',NULL,NULL),(1529,942,'42','ar',NULL,NULL),(1530,942,'42','en',NULL,NULL),(1531,943,'36','ar',NULL,NULL),(1532,943,'36','en',NULL,NULL),(1533,944,'37','ar',NULL,NULL),(1534,944,'37','en',NULL,NULL),(1535,945,'38','ar',NULL,NULL),(1536,945,'38','en',NULL,NULL),(1537,946,'39','ar',NULL,NULL),(1538,946,'39','en',NULL,NULL),(1539,947,'40','ar',NULL,NULL),(1540,947,'40','en',NULL,NULL),(1541,948,'41','ar',NULL,NULL),(1542,948,'41','en',NULL,NULL),(1545,950,'36','ar',NULL,NULL),(1546,950,'36','en',NULL,NULL),(1547,951,'37','ar',NULL,NULL),(1548,951,'37','en',NULL,NULL),(1549,952,'38','ar',NULL,NULL),(1550,952,'38','en',NULL,NULL),(1551,953,'39','ar',NULL,NULL),(1552,953,'39','en',NULL,NULL),(1553,954,'40','ar',NULL,NULL),(1554,954,'40','en',NULL,NULL),(1555,955,'41','ar',NULL,NULL),(1556,955,'41','en',NULL,NULL),(1557,956,'42','ar',NULL,NULL),(1558,956,'42','en',NULL,NULL),(1559,957,'36','ar',NULL,NULL),(1560,957,'36','en',NULL,NULL),(1561,958,'37','ar',NULL,NULL),(1562,958,'37','en',NULL,NULL),(1563,959,'38','ar',NULL,NULL),(1564,959,'38','en',NULL,NULL),(1565,960,'39','ar',NULL,NULL),(1566,960,'39','en',NULL,NULL),(1567,961,'40','ar',NULL,NULL),(1568,961,'40','en',NULL,NULL),(1569,962,'41','ar',NULL,NULL),(1570,962,'41','en',NULL,NULL),(1571,963,'42','ar',NULL,NULL),(1572,963,'42','en',NULL,NULL),(1573,978,'36','ar',NULL,NULL),(1574,978,'36','en',NULL,NULL),(1575,979,'37','ar',NULL,NULL),(1576,979,'37','en',NULL,NULL),(1577,980,'38','ar',NULL,NULL),(1578,980,'38','en',NULL,NULL),(1579,981,'39','ar',NULL,NULL),(1580,981,'39','en',NULL,NULL),(1581,982,'40','ar',NULL,NULL),(1582,982,'40','en',NULL,NULL),(1583,983,'41','ar',NULL,NULL),(1584,983,'41','en',NULL,NULL),(1585,984,'42','ar',NULL,NULL),(1586,984,'42','en',NULL,NULL),(1587,985,'36','ar',NULL,NULL),(1588,985,'36','en',NULL,NULL),(1589,986,'37','ar',NULL,NULL),(1590,986,'37','en',NULL,NULL),(1591,987,'38','ar',NULL,NULL),(1592,987,'38','en',NULL,NULL),(1593,988,'39','ar',NULL,NULL),(1594,988,'39','en',NULL,NULL),(1595,989,'40','ar',NULL,NULL),(1596,989,'40','en',NULL,NULL),(1597,990,'41','ar',NULL,NULL),(1598,990,'41','en',NULL,NULL),(1599,991,'42','ar',NULL,NULL),(1600,991,'42','en',NULL,NULL),(1601,992,'36','ar',NULL,NULL),(1602,992,'36','en',NULL,NULL),(1603,993,'37','ar',NULL,NULL),(1604,993,'37','en',NULL,NULL),(1605,994,'38','ar',NULL,NULL),(1606,994,'38','en',NULL,NULL),(1607,995,'39','ar',NULL,NULL),(1608,995,'39','en',NULL,NULL),(1609,996,'40','ar',NULL,NULL),(1610,996,'40','en',NULL,NULL),(1611,997,'41','ar',NULL,NULL),(1612,997,'41','en',NULL,NULL),(1613,998,'42','ar',NULL,NULL),(1614,998,'42','en',NULL,NULL),(1615,999,'36','ar',NULL,NULL),(1616,999,'36','en',NULL,NULL),(1617,1000,'37','ar',NULL,NULL),(1618,1000,'37','en',NULL,NULL),(1619,1001,'38','ar',NULL,NULL),(1620,1001,'38','en',NULL,NULL),(1621,1002,'39','ar',NULL,NULL),(1622,1002,'39','en',NULL,NULL),(1625,1004,'39','ar',NULL,NULL),(1626,1004,'39','en',NULL,NULL),(1627,1005,'39','ar',NULL,NULL),(1628,1005,'39','en',NULL,NULL),(1629,1006,'40','ar',NULL,NULL),(1630,1006,'40','en',NULL,NULL),(1631,1007,'40','ar',NULL,NULL),(1632,1007,'40','en',NULL,NULL),(1633,1008,'41','ar',NULL,NULL),(1634,1008,'41','en',NULL,NULL),(1635,1009,'42','ar',NULL,NULL),(1636,1009,'42','en',NULL,NULL),(1637,1010,'36','ar',NULL,NULL),(1638,1010,'36','en',NULL,NULL),(1639,1011,'37','ar',NULL,NULL),(1640,1011,'37','en',NULL,NULL),(1641,1012,'38','ar',NULL,NULL),(1642,1012,'38','en',NULL,NULL),(1643,1013,'39','ar',NULL,NULL),(1644,1013,'39','en',NULL,NULL),(1645,1014,'40','ar',NULL,NULL),(1646,1014,'40','en',NULL,NULL),(1647,1015,'41','ar',NULL,NULL),(1648,1015,'41','en',NULL,NULL),(1649,1016,'42','ar',NULL,NULL),(1650,1016,'42','en',NULL,NULL),(1651,1017,'36','ar',NULL,NULL),(1652,1017,'36','en',NULL,NULL),(1653,1018,'37','ar',NULL,NULL),(1654,1018,'37','en',NULL,NULL),(1655,1019,'38','ar',NULL,NULL),(1656,1019,'38','en',NULL,NULL),(1657,1020,'39','ar',NULL,NULL),(1658,1020,'39','en',NULL,NULL),(1659,1021,'40','ar',NULL,NULL),(1660,1021,'40','en',NULL,NULL),(1661,1022,'41','ar',NULL,NULL),(1662,1022,'41','en',NULL,NULL),(1663,1023,'42','ar',NULL,NULL),(1664,1023,'42','en',NULL,NULL),(1665,1024,'36','ar',NULL,NULL),(1666,1024,'36','en',NULL,NULL),(1667,1025,'37','ar',NULL,NULL),(1668,1025,'37','en',NULL,NULL),(1669,1026,'38','ar',NULL,NULL),(1670,1026,'38','en',NULL,NULL),(1671,1027,'39','ar',NULL,NULL),(1672,1027,'39','en',NULL,NULL),(1673,1028,'40','ar',NULL,NULL),(1674,1028,'40','en',NULL,NULL),(1675,1029,'41','ar',NULL,NULL),(1676,1029,'41','en',NULL,NULL),(1677,1030,'42','ar',NULL,NULL),(1678,1030,'42','en',NULL,NULL),(1679,1031,'36','ar',NULL,NULL),(1680,1031,'36','en',NULL,NULL),(1681,1032,'37','ar',NULL,NULL),(1682,1032,'37','en',NULL,NULL),(1683,1033,'38','ar',NULL,NULL),(1684,1033,'38','en',NULL,NULL),(1685,1034,'39','ar',NULL,NULL),(1686,1034,'39','en',NULL,NULL),(1687,1035,'40','ar',NULL,NULL),(1688,1035,'40','en',NULL,NULL),(1689,1036,'41','ar',NULL,NULL),(1690,1036,'41','en',NULL,NULL),(1691,1037,'42','ar',NULL,NULL),(1692,1037,'42','en',NULL,NULL),(1693,1040,'36','ar',NULL,NULL),(1694,1040,'36','en',NULL,NULL),(1695,1041,'37','ar',NULL,NULL),(1696,1041,'37','en',NULL,NULL),(1697,1042,'38','ar',NULL,NULL),(1698,1042,'38','en',NULL,NULL),(1699,1043,'39','ar',NULL,NULL),(1700,1043,'39','en',NULL,NULL),(1701,1044,'40','ar',NULL,NULL),(1702,1044,'40','en',NULL,NULL),(1703,1045,'41','ar',NULL,NULL),(1704,1045,'41','en',NULL,NULL),(1705,1046,'42','ar',NULL,NULL),(1706,1046,'42','en',NULL,NULL),(1707,1047,'36','ar',NULL,NULL),(1708,1047,'36','en',NULL,NULL),(1709,1048,'37','ar',NULL,NULL),(1710,1048,'37','en',NULL,NULL),(1711,1049,'38','ar',NULL,NULL),(1712,1049,'38','en',NULL,NULL),(1713,1050,'39','ar',NULL,NULL),(1714,1050,'39','en',NULL,NULL),(1715,1051,'40','ar',NULL,NULL),(1716,1051,'40','en',NULL,NULL),(1717,1052,'41','ar',NULL,NULL),(1718,1052,'41','en',NULL,NULL),(1719,1053,'42','ar',NULL,NULL),(1720,1053,'42','en',NULL,NULL),(1721,1054,'36','ar',NULL,NULL),(1722,1054,'36','en',NULL,NULL),(1723,1055,'37','ar',NULL,NULL),(1724,1055,'37','en',NULL,NULL),(1725,1056,'38','ar',NULL,NULL),(1726,1056,'38','en',NULL,NULL),(1727,1057,'39','ar',NULL,NULL),(1728,1057,'39','en',NULL,NULL),(1729,1058,'40','ar',NULL,NULL),(1730,1058,'40','en',NULL,NULL),(1731,1059,'41','ar',NULL,NULL),(1732,1059,'41','en',NULL,NULL),(1733,1060,'42','ar',NULL,NULL),(1734,1060,'42','en',NULL,NULL),(1735,1061,'36','ar',NULL,NULL),(1736,1061,'36','en',NULL,NULL),(1737,1062,'37','ar',NULL,NULL),(1738,1062,'37','en',NULL,NULL),(1739,1063,'38','ar',NULL,NULL),(1740,1063,'38','en',NULL,NULL),(1741,1064,'39','ar',NULL,NULL),(1742,1064,'39','en',NULL,NULL),(1743,1065,'40','ar',NULL,NULL),(1744,1065,'40','en',NULL,NULL),(1745,1066,'41','ar',NULL,NULL),(1746,1066,'41','en',NULL,NULL),(1747,1067,'42','ar',NULL,NULL),(1748,1067,'42','en',NULL,NULL),(1749,1089,'36','ar',NULL,NULL),(1750,1089,'36','en',NULL,NULL),(1751,1090,'37','ar',NULL,NULL),(1752,1090,'37','en',NULL,NULL),(1753,1091,'38','ar',NULL,NULL),(1754,1091,'38','en',NULL,NULL),(1755,1092,'39','ar',NULL,NULL),(1756,1092,'39','en',NULL,NULL),(1757,1093,'40','ar',NULL,NULL),(1758,1093,'40','en',NULL,NULL),(1759,1094,'41','ar',NULL,NULL),(1760,1094,'41','en',NULL,NULL),(1761,1095,'42','ar',NULL,NULL),(1762,1095,'42','en',NULL,NULL),(1763,1096,'36','ar',NULL,NULL),(1764,1096,'36','en',NULL,NULL),(1765,1097,'37','ar',NULL,NULL),(1766,1097,'37','en',NULL,NULL),(1767,1098,'38','ar',NULL,NULL),(1768,1098,'38','en',NULL,NULL),(1769,1099,'39','ar',NULL,NULL),(1770,1099,'39','en',NULL,NULL),(1771,1100,'40','ar',NULL,NULL),(1772,1100,'40','en',NULL,NULL),(1773,1101,'41','ar',NULL,NULL),(1774,1101,'41','en',NULL,NULL),(1775,1102,'42','ar',NULL,NULL),(1776,1102,'42','en',NULL,NULL),(1777,1103,'36','ar',NULL,NULL),(1778,1103,'36','en',NULL,NULL),(1779,1104,'37','ar',NULL,NULL),(1780,1104,'37','en',NULL,NULL),(1781,1105,'38','ar',NULL,NULL),(1782,1105,'38','en',NULL,NULL),(1783,1106,'39','ar',NULL,NULL),(1784,1106,'39','en',NULL,NULL),(1785,1107,'40','ar',NULL,NULL),(1786,1107,'40','en',NULL,NULL),(1787,1108,'41','ar',NULL,NULL),(1788,1108,'41','en',NULL,NULL),(1789,1109,'42','ar',NULL,NULL),(1790,1109,'42','en',NULL,NULL),(1791,1110,'36','ar',NULL,NULL),(1792,1110,'36','en',NULL,NULL),(1793,1111,'37','ar',NULL,NULL),(1794,1111,'37','en',NULL,NULL),(1795,1112,'38','ar',NULL,NULL),(1796,1112,'38','en',NULL,NULL),(1797,1113,'39','ar',NULL,NULL),(1798,1113,'39','en',NULL,NULL),(1799,1114,'40','ar',NULL,NULL),(1800,1114,'40','en',NULL,NULL),(1801,1115,'41','ar',NULL,NULL),(1802,1115,'41','en',NULL,NULL),(1803,1116,'42','ar',NULL,NULL),(1804,1116,'42','en',NULL,NULL),(1805,1117,'40','ar',NULL,NULL),(1806,1117,'40','en',NULL,NULL),(1807,1118,'41','ar',NULL,NULL),(1808,1118,'41','en',NULL,NULL),(1809,1119,'42','ar',NULL,NULL),(1810,1119,'42','en',NULL,NULL),(1811,1120,'43','ar',NULL,NULL),(1812,1120,'43','en',NULL,NULL),(1813,1121,'44','ar',NULL,NULL),(1814,1121,'44','en',NULL,NULL),(1815,1122,'45','ar',NULL,NULL),(1816,1122,'45','en',NULL,NULL),(1817,1123,'40','ar',NULL,NULL),(1818,1123,'40','en',NULL,NULL),(1819,1124,'41','ar',NULL,NULL),(1820,1124,'41','en',NULL,NULL),(1821,1125,'42','ar',NULL,NULL),(1822,1125,'42','en',NULL,NULL),(1823,1126,'43','ar',NULL,NULL),(1824,1126,'43','en',NULL,NULL),(1825,1127,'44','ar',NULL,NULL),(1826,1127,'44','en',NULL,NULL),(1827,1128,'45','ar',NULL,NULL),(1828,1128,'45','en',NULL,NULL),(1829,1129,'40','ar',NULL,NULL),(1830,1129,'40','en',NULL,NULL),(1831,1130,'41','ar',NULL,NULL),(1832,1130,'41','en',NULL,NULL),(1833,1131,'42','ar',NULL,NULL),(1834,1131,'42','en',NULL,NULL),(1835,1132,'43','ar',NULL,NULL),(1836,1132,'43','en',NULL,NULL),(1837,1133,'44','ar',NULL,NULL),(1838,1133,'44','en',NULL,NULL),(1839,1134,'45','ar',NULL,NULL),(1840,1134,'45','en',NULL,NULL),(1841,1135,'40','ar',NULL,NULL),(1842,1135,'40','en',NULL,NULL),(1843,1136,'41','ar',NULL,NULL),(1844,1136,'41','en',NULL,NULL),(1845,1137,'42','ar',NULL,NULL),(1846,1137,'42','en',NULL,NULL),(1847,1138,'43','ar',NULL,NULL),(1848,1138,'43','en',NULL,NULL),(1849,1139,'44','ar',NULL,NULL),(1850,1139,'44','en',NULL,NULL),(1851,1140,'45','ar',NULL,NULL),(1852,1140,'45','en',NULL,NULL),(1853,1141,'40','ar',NULL,NULL),(1854,1141,'40','en',NULL,NULL),(1855,1142,'41','ar',NULL,NULL),(1856,1142,'41','en',NULL,NULL),(1857,1143,'42','ar',NULL,NULL),(1858,1143,'42','en',NULL,NULL),(1859,1144,'43','ar',NULL,NULL),(1860,1144,'43','en',NULL,NULL),(1861,1145,'44','ar',NULL,NULL),(1862,1145,'44','en',NULL,NULL),(1865,1147,'45','ar',NULL,NULL),(1866,1147,'45','en',NULL,NULL),(1867,1154,'40','ar',NULL,NULL),(1868,1154,'40','en',NULL,NULL),(1869,1155,'41','ar',NULL,NULL),(1870,1155,'41','en',NULL,NULL),(1871,1156,'42','ar',NULL,NULL),(1872,1156,'42','en',NULL,NULL),(1873,1157,'43','ar',NULL,NULL),(1874,1157,'43','en',NULL,NULL),(1875,1158,'44','ar',NULL,NULL),(1876,1158,'44','en',NULL,NULL),(1877,1159,'45','ar',NULL,NULL),(1878,1159,'45','en',NULL,NULL),(1879,1160,'40','ar',NULL,NULL),(1880,1160,'40','en',NULL,NULL),(1881,1161,'41','ar',NULL,NULL),(1882,1161,'41','en',NULL,NULL),(1883,1162,'42','ar',NULL,NULL),(1884,1162,'42','en',NULL,NULL),(1885,1163,'43','ar',NULL,NULL),(1886,1163,'43','en',NULL,NULL),(1887,1164,'44','ar',NULL,NULL),(1888,1164,'44','en',NULL,NULL),(1889,1165,'45','ar',NULL,NULL),(1890,1165,'45','en',NULL,NULL),(1891,1166,'40','ar',NULL,NULL),(1892,1166,'40','en',NULL,NULL),(1893,1167,'41','ar',NULL,NULL),(1894,1167,'41','en',NULL,NULL),(1895,1168,'42','ar',NULL,NULL),(1896,1168,'42','en',NULL,NULL),(1897,1169,'43','ar',NULL,NULL),(1898,1169,'43','en',NULL,NULL),(1899,1170,'44','ar',NULL,NULL),(1900,1170,'44','en',NULL,NULL),(1901,1171,'45','ar',NULL,NULL),(1902,1171,'45','en',NULL,NULL),(1903,1172,'40','ar',NULL,NULL),(1904,1172,'40','en',NULL,NULL),(1905,1173,'41','ar',NULL,NULL),(1906,1173,'41','en',NULL,NULL),(1907,1174,'42','ar',NULL,NULL),(1908,1174,'42','en',NULL,NULL),(1909,1175,'43','ar',NULL,NULL),(1910,1175,'43','en',NULL,NULL),(1911,1176,'44','ar',NULL,NULL),(1912,1176,'44','en',NULL,NULL),(1913,1177,'45','ar',NULL,NULL),(1914,1177,'45','en',NULL,NULL),(1915,1180,'40','ar',NULL,NULL),(1916,1180,'40','en',NULL,NULL),(1917,1193,'41','ar',NULL,NULL),(1918,1193,'41','en',NULL,NULL),(1919,1194,'42','ar',NULL,NULL),(1920,1194,'42','en',NULL,NULL),(1921,1195,'43','ar',NULL,NULL),(1922,1195,'43','en',NULL,NULL),(1923,1196,'44','ar',NULL,NULL),(1924,1196,'44','en',NULL,NULL),(1925,1197,'45','ar',NULL,NULL),(1926,1197,'45','en',NULL,NULL),(1927,1198,'40','ar',NULL,NULL),(1928,1198,'40','en',NULL,NULL),(1929,1199,'41','ar',NULL,NULL),(1930,1199,'41','en',NULL,NULL),(1931,1200,'42','ar',NULL,NULL),(1932,1200,'42','en',NULL,NULL),(1933,1201,'43','ar',NULL,NULL),(1934,1201,'43','en',NULL,NULL),(1935,1202,'44','ar',NULL,NULL),(1936,1202,'44','en',NULL,NULL),(1937,1203,'45','ar',NULL,NULL),(1938,1203,'45','en',NULL,NULL),(1939,1204,'40','ar',NULL,NULL),(1940,1204,'40','en',NULL,NULL),(1941,1205,'41','ar',NULL,NULL),(1942,1205,'41','en',NULL,NULL),(1943,1206,'42','ar',NULL,NULL),(1944,1206,'42','en',NULL,NULL),(1945,1207,'43','ar',NULL,NULL),(1946,1207,'43','en',NULL,NULL),(1947,1208,'44','ar',NULL,NULL),(1948,1208,'44','en',NULL,NULL),(1949,1209,'45','ar',NULL,NULL),(1950,1209,'45','en',NULL,NULL),(1951,1210,'40','ar',NULL,NULL),(1952,1210,'40','en',NULL,NULL),(1953,1211,'41','ar',NULL,NULL),(1954,1211,'41','en',NULL,NULL),(1955,1212,'42','ar',NULL,NULL),(1956,1212,'42','en',NULL,NULL),(1957,1213,'43','ar',NULL,NULL),(1958,1213,'43','en',NULL,NULL),(1959,1214,'44','ar',NULL,NULL),(1960,1214,'44','en',NULL,NULL),(1961,1215,'45','ar',NULL,NULL),(1962,1215,'45','en',NULL,NULL),(1963,1216,'40','ar',NULL,NULL),(1964,1216,'40','en',NULL,NULL),(1965,1217,'41','ar',NULL,NULL),(1966,1217,'41','en',NULL,NULL),(1967,1218,'42','ar',NULL,NULL),(1968,1218,'42','en',NULL,NULL),(1969,1219,'43','ar',NULL,NULL),(1970,1219,'43','en',NULL,NULL),(1971,1220,'44','ar',NULL,NULL),(1972,1220,'44','en',NULL,NULL),(1973,1221,'45','ar',NULL,NULL),(1974,1221,'45','en',NULL,NULL),(1975,1222,'40','ar',NULL,NULL),(1976,1222,'40','en',NULL,NULL),(1977,1223,'41','ar',NULL,NULL),(1978,1223,'41','en',NULL,NULL),(1979,1224,'42','ar',NULL,NULL),(1980,1224,'42','en',NULL,NULL),(1981,1225,'43','ar',NULL,NULL),(1982,1225,'43','en',NULL,NULL),(1983,1226,'44','ar',NULL,NULL),(1984,1226,'44','en',NULL,NULL),(1985,1229,'40','ar',NULL,NULL),(1986,1229,'40','en',NULL,NULL),(1987,1230,'41','ar',NULL,NULL),(1988,1230,'41','en',NULL,NULL),(1989,1231,'42','ar',NULL,NULL),(1990,1231,'42','en',NULL,NULL),(1991,1232,'43','ar',NULL,NULL),(1992,1232,'43','en',NULL,NULL),(1993,1233,'44','ar',NULL,NULL),(1994,1233,'44','en',NULL,NULL),(1995,1234,'45','ar',NULL,NULL),(1996,1234,'45','en',NULL,NULL),(1997,1235,'40','ar',NULL,NULL),(1998,1235,'40','en',NULL,NULL),(1999,1236,'41','ar',NULL,NULL),(2000,1236,'41','en',NULL,NULL),(2001,1237,'42','ar',NULL,NULL),(2002,1237,'42','en',NULL,NULL),(2003,1238,'43','ar',NULL,NULL),(2004,1238,'43','en',NULL,NULL),(2005,1239,'44','ar',NULL,NULL),(2006,1239,'44','en',NULL,NULL),(2007,1240,'45','ar',NULL,NULL),(2008,1240,'45','en',NULL,NULL),(2009,1241,'40','ar',NULL,NULL),(2010,1241,'40','en',NULL,NULL),(2011,1242,'41','ar',NULL,NULL),(2012,1242,'41','en',NULL,NULL),(2013,1243,'42','ar',NULL,NULL),(2014,1243,'42','en',NULL,NULL),(2015,1244,'43','ar',NULL,NULL),(2016,1244,'43','en',NULL,NULL),(2017,1245,'44','ar',NULL,NULL),(2018,1245,'44','en',NULL,NULL),(2019,1252,'40','ar',NULL,NULL),(2020,1252,'40','en',NULL,NULL),(2021,1253,'41','ar',NULL,NULL),(2022,1253,'41','en',NULL,NULL),(2023,1254,'42','ar',NULL,NULL),(2024,1254,'42','en',NULL,NULL),(2025,1255,'43','ar',NULL,NULL),(2026,1255,'43','en',NULL,NULL),(2027,1256,'44','ar',NULL,NULL),(2028,1256,'44','en',NULL,NULL),(2029,1257,'45','ar',NULL,NULL),(2030,1257,'45','en',NULL,NULL),(2031,1259,'40','ar',NULL,NULL),(2032,1259,'40','en',NULL,NULL),(2033,1260,'41','ar',NULL,NULL),(2034,1260,'41','en',NULL,NULL),(2035,1261,'42','ar',NULL,NULL),(2036,1261,'42','en',NULL,NULL),(2037,1262,'43','ar',NULL,NULL),(2038,1262,'43','en',NULL,NULL),(2039,1263,'44','ar',NULL,NULL),(2040,1263,'44','en',NULL,NULL),(2041,1264,'45','ar',NULL,NULL),(2042,1264,'45','en',NULL,NULL),(2043,1267,'40','ar',NULL,NULL),(2044,1267,'40','en',NULL,NULL),(2045,1268,'41','ar',NULL,NULL),(2046,1268,'41','en',NULL,NULL),(2047,1269,'42','ar',NULL,NULL),(2048,1269,'42','en',NULL,NULL),(2049,1270,'43','ar',NULL,NULL),(2050,1270,'43','en',NULL,NULL),(2051,1271,'44','ar',NULL,NULL),(2052,1271,'44','en',NULL,NULL),(2053,1272,'40','ar',NULL,NULL),(2054,1272,'41','en',NULL,NULL),(2055,1273,'41','ar',NULL,NULL),(2056,1273,'41','en',NULL,NULL),(2057,1274,'42','ar',NULL,NULL),(2058,1274,'42','en',NULL,NULL),(2059,1275,'43','ar',NULL,NULL),(2060,1275,'43','en',NULL,NULL),(2061,1276,'44','ar',NULL,NULL),(2062,1276,'44','en',NULL,NULL),(2063,1277,'36','ar',NULL,NULL),(2064,1277,'36','en',NULL,NULL),(2065,1278,'37','ar',NULL,NULL),(2066,1278,'37','en',NULL,NULL),(2067,1279,'38','ar',NULL,NULL),(2068,1279,'38','en',NULL,NULL),(2069,1280,'39','ar',NULL,NULL),(2070,1280,'39','en',NULL,NULL),(2071,1281,'40','ar',NULL,NULL),(2072,1281,'40','en',NULL,NULL),(2073,1282,'41','ar',NULL,NULL),(2074,1282,'41','en',NULL,NULL),(2075,1283,'42','ar',NULL,NULL),(2076,1283,'42','en',NULL,NULL),(2077,1284,'36','ar',NULL,NULL),(2078,1284,'36','en',NULL,NULL),(2079,1285,'37','ar',NULL,NULL),(2080,1285,'37','en',NULL,NULL),(2081,1286,'38','ar',NULL,NULL),(2082,1286,'38','en',NULL,NULL),(2083,1287,'39','ar',NULL,NULL),(2084,1287,'39','en',NULL,NULL),(2085,1288,'40','ar',NULL,NULL),(2086,1288,'40','en',NULL,NULL),(2087,1289,'41','ar',NULL,NULL),(2088,1289,'41','en',NULL,NULL),(2089,1290,'42','ar',NULL,NULL),(2090,1290,'42','en',NULL,NULL),(2091,1291,'36','ar',NULL,NULL),(2092,1291,'36','en',NULL,NULL),(2093,1292,'37','ar',NULL,NULL),(2094,1292,'37','en',NULL,NULL),(2095,1293,'38','ar',NULL,NULL),(2096,1293,'38','en',NULL,NULL),(2097,1294,'39','ar',NULL,NULL),(2098,1294,'39','en',NULL,NULL),(2099,1295,'40','ar',NULL,NULL),(2100,1295,'40','en',NULL,NULL),(2101,1296,'41','ar',NULL,NULL),(2102,1296,'41','en',NULL,NULL),(2103,1297,'42','ar',NULL,NULL),(2104,1297,'42','en',NULL,NULL),(2105,1298,'36','ar',NULL,NULL),(2106,1298,'36','en',NULL,NULL),(2107,1299,'37','ar',NULL,NULL),(2108,1299,'37','en',NULL,NULL),(2109,1300,'38','ar',NULL,NULL),(2110,1300,'38','en',NULL,NULL),(2111,1301,'39','ar',NULL,NULL),(2112,1301,'39','en',NULL,NULL),(2113,1302,'40','ar',NULL,NULL),(2114,1302,'40','en',NULL,NULL),(2115,1303,'41','ar',NULL,NULL),(2116,1303,'41','en',NULL,NULL),(2117,1304,'42','ar',NULL,NULL),(2118,1304,'42','en',NULL,NULL),(2119,1305,'36','ar',NULL,NULL),(2120,1305,'36','en',NULL,NULL),(2121,1306,'37','ar',NULL,NULL),(2122,1306,'37','en',NULL,NULL),(2123,1307,'38','ar',NULL,NULL),(2124,1307,'38','en',NULL,NULL),(2125,1308,'39','ar',NULL,NULL),(2126,1308,'39','en',NULL,NULL),(2127,1309,'40','ar',NULL,NULL),(2128,1309,'40','en',NULL,NULL),(2129,1310,'41','ar',NULL,NULL),(2130,1310,'41','en',NULL,NULL),(2131,1311,'42','ar',NULL,NULL),(2132,1311,'42','en',NULL,NULL),(2133,1312,'36','ar',NULL,NULL),(2134,1312,'36','en',NULL,NULL),(2135,1313,'37','ar',NULL,NULL),(2136,1313,'37','en',NULL,NULL),(2137,1314,'38','ar',NULL,NULL),(2138,1314,'38','en',NULL,NULL),(2139,1315,'39','ar',NULL,NULL),(2140,1315,'39','en',NULL,NULL),(2141,1316,'40','ar',NULL,NULL),(2142,1316,'40','en',NULL,NULL),(2143,1317,'41','ar',NULL,NULL),(2144,1317,'41','en',NULL,NULL),(2145,1318,'42','ar',NULL,NULL),(2146,1318,'42','en',NULL,NULL),(2147,1319,'36','ar',NULL,NULL),(2148,1319,'36','en',NULL,NULL),(2149,1320,'37','ar',NULL,NULL),(2150,1320,'37','en',NULL,NULL),(2151,1321,'38','ar',NULL,NULL),(2152,1321,'38','en',NULL,NULL),(2153,1322,'39','ar',NULL,NULL),(2154,1322,'39','en',NULL,NULL),(2155,1323,'40','ar',NULL,NULL),(2156,1323,'40','en',NULL,NULL),(2157,1324,'41','ar',NULL,NULL),(2158,1324,'41','en',NULL,NULL),(2159,1325,'42','ar',NULL,NULL),(2160,1325,'42','en',NULL,NULL),(2161,1326,'36','ar',NULL,NULL),(2162,1326,'36','en',NULL,NULL),(2163,1327,'37','ar',NULL,NULL),(2164,1327,'37','en',NULL,NULL),(2165,1328,'38','ar',NULL,NULL),(2166,1328,'38','en',NULL,NULL),(2167,1329,'39','ar',NULL,NULL),(2168,1329,'39','en',NULL,NULL),(2169,1330,'40','ar',NULL,NULL),(2170,1330,'40','en',NULL,NULL),(2171,1331,'41','ar',NULL,NULL),(2172,1331,'41','en',NULL,NULL),(2173,1332,'42','ar',NULL,NULL),(2174,1332,'42','en',NULL,NULL),(2175,1333,'36','ar',NULL,NULL),(2176,1333,'36','en',NULL,NULL),(2177,1334,'37','ar',NULL,NULL),(2178,1334,'37','en',NULL,NULL),(2179,1335,'38','ar',NULL,NULL),(2180,1335,'38','en',NULL,NULL),(2181,1336,'39','ar',NULL,NULL),(2182,1336,'39','en',NULL,NULL),(2183,1337,'40','ar',NULL,NULL),(2184,1337,'40','en',NULL,NULL),(2185,1338,'41','ar',NULL,NULL),(2186,1338,'41','en',NULL,NULL),(2187,1339,'42','ar',NULL,NULL),(2188,1339,'42','en',NULL,NULL),(2189,1340,'36','ar',NULL,NULL),(2190,1340,'36','en',NULL,NULL),(2191,1341,'37','ar',NULL,NULL),(2192,1341,'37','en',NULL,NULL),(2193,1342,'38','ar',NULL,NULL),(2194,1342,'38','en',NULL,NULL),(2195,1343,'39','ar',NULL,NULL),(2196,1343,'39','en',NULL,NULL),(2197,1344,'40','ar',NULL,NULL),(2198,1344,'40','en',NULL,NULL),(2199,1345,'41','ar',NULL,NULL),(2200,1345,'41','en',NULL,NULL),(2201,1346,'42','ar',NULL,NULL),(2202,1346,'42','en',NULL,NULL),(2203,1347,'36','ar',NULL,NULL),(2204,1347,'36','en',NULL,NULL),(2205,1348,'37','ar',NULL,NULL),(2206,1348,'37','en',NULL,NULL),(2207,1349,'38','ar',NULL,NULL),(2208,1349,'38','en',NULL,NULL),(2209,1350,'39','ar',NULL,NULL),(2210,1350,'39','en',NULL,NULL),(2211,1351,'40','ar',NULL,NULL),(2212,1351,'40','en',NULL,NULL),(2213,1352,'41','ar',NULL,NULL),(2214,1352,'41','en',NULL,NULL),(2215,1353,'42','ar',NULL,NULL),(2216,1353,'42','en',NULL,NULL),(2217,1354,'36','ar',NULL,NULL),(2218,1354,'36','en',NULL,NULL),(2219,1355,'37','ar',NULL,NULL),(2220,1355,'37','en',NULL,NULL),(2221,1356,'38','ar',NULL,NULL),(2222,1356,'38','en',NULL,NULL),(2223,1357,'39','ar',NULL,NULL),(2224,1357,'39','en',NULL,NULL),(2225,1358,'40','ar',NULL,NULL),(2226,1358,'40','en',NULL,NULL),(2227,1359,'41','ar',NULL,NULL),(2228,1359,'41','en',NULL,NULL),(2229,1360,'42','ar',NULL,NULL),(2230,1360,'42','en',NULL,NULL),(2231,1361,'36','ar',NULL,NULL),(2232,1361,'36','en',NULL,NULL),(2233,1362,'37','ar',NULL,NULL),(2234,1362,'37','en',NULL,NULL),(2235,1363,'38','ar',NULL,NULL),(2236,1363,'38','en',NULL,NULL),(2237,1364,'39','ar',NULL,NULL),(2238,1364,'39','en',NULL,NULL),(2239,1365,'40','ar',NULL,NULL),(2240,1365,'40','en',NULL,NULL),(2241,1366,'41','ar',NULL,NULL),(2242,1366,'41','en',NULL,NULL),(2243,1367,'42','ar',NULL,NULL),(2244,1367,'42','en',NULL,NULL),(2245,1368,'36','ar',NULL,NULL),(2246,1368,'36','en',NULL,NULL),(2247,1369,'37','ar',NULL,NULL),(2248,1369,'37','en',NULL,NULL),(2249,1370,'38','ar',NULL,NULL),(2250,1370,'38','en',NULL,NULL),(2251,1371,'39','ar',NULL,NULL),(2252,1371,'39','en',NULL,NULL),(2253,1372,'40','ar',NULL,NULL),(2254,1372,'40','en',NULL,NULL),(2255,1373,'41','ar',NULL,NULL),(2256,1373,'41','en',NULL,NULL),(2257,1374,'42','ar',NULL,NULL),(2258,1374,'42','en',NULL,NULL),(2259,1375,'36','ar',NULL,NULL),(2260,1375,'36','en',NULL,NULL),(2261,1376,'37','ar',NULL,NULL),(2262,1376,'37','en',NULL,NULL),(2263,1377,'38','ar',NULL,NULL),(2264,1377,'38','en',NULL,NULL),(2265,1378,'39','ar',NULL,NULL),(2266,1378,'39','en',NULL,NULL),(2267,1379,'40','ar',NULL,NULL),(2268,1379,'40','en',NULL,NULL),(2269,1380,'41','ar',NULL,NULL),(2270,1380,'41','en',NULL,NULL),(2271,1381,'42','ar',NULL,NULL),(2272,1381,'42','en',NULL,NULL),(2273,1382,'36','ar',NULL,NULL),(2274,1382,'36','en',NULL,NULL),(2275,1383,'37','ar',NULL,NULL),(2276,1383,'37','en',NULL,NULL),(2277,1384,'38','ar',NULL,NULL),(2278,1384,'38','en',NULL,NULL),(2279,1385,'39','ar',NULL,NULL),(2280,1385,'39','en',NULL,NULL),(2281,1386,'40','ar',NULL,NULL),(2282,1386,'40','en',NULL,NULL),(2283,1387,'41','ar',NULL,NULL),(2284,1387,'41','en',NULL,NULL),(2285,1388,'42','ar',NULL,NULL),(2286,1388,'42','en',NULL,NULL),(2287,1389,'36','ar',NULL,NULL),(2288,1389,'36','en',NULL,NULL),(2289,1390,'37','ar',NULL,NULL),(2290,1390,'37','en',NULL,NULL),(2291,1391,'38','ar',NULL,NULL),(2292,1391,'38','en',NULL,NULL),(2293,1392,'39','ar',NULL,NULL),(2294,1392,'39','en',NULL,NULL),(2295,1393,'40','ar',NULL,NULL),(2296,1393,'40','en',NULL,NULL),(2297,1394,'41','ar',NULL,NULL),(2298,1394,'41','en',NULL,NULL),(2299,1395,'42','ar',NULL,NULL),(2300,1395,'42','en',NULL,NULL),(2301,1407,'36','ar',NULL,NULL),(2302,1407,'36','en',NULL,NULL),(2303,1408,'37','ar',NULL,NULL),(2304,1408,'37','en',NULL,NULL),(2305,1409,'38','ar',NULL,NULL),(2306,1409,'38','en',NULL,NULL),(2307,1410,'39','ar',NULL,NULL),(2308,1410,'39','en',NULL,NULL),(2309,1411,'40','ar',NULL,NULL),(2310,1411,'40','en',NULL,NULL),(2311,1412,'41','ar',NULL,NULL),(2312,1412,'41','en',NULL,NULL),(2313,1413,'42','ar',NULL,NULL),(2314,1413,'42','en',NULL,NULL),(2315,1414,'36','ar',NULL,NULL),(2316,1414,'36','en',NULL,NULL),(2317,1415,'36','ar',NULL,NULL),(2318,1415,'36','en',NULL,NULL),(2319,1416,'36','ar',NULL,NULL),(2320,1416,'36','en',NULL,NULL),(2321,1417,'37','ar',NULL,NULL),(2322,1417,'37','en',NULL,NULL),(2323,1418,'38','ar',NULL,NULL),(2324,1418,'38','en',NULL,NULL),(2325,1419,'39','ar',NULL,NULL),(2326,1419,'39','en',NULL,NULL),(2327,1420,'40','ar',NULL,NULL),(2328,1420,'40','en',NULL,NULL),(2329,1421,'41','ar',NULL,NULL),(2330,1421,'41','en',NULL,NULL),(2331,1422,'42','ar',NULL,NULL),(2332,1422,'42','en',NULL,NULL),(2333,1423,'36','ar',NULL,NULL),(2334,1423,'36','en',NULL,NULL),(2335,1424,'37','ar',NULL,NULL),(2336,1424,'37','en',NULL,NULL),(2337,1425,'38','ar',NULL,NULL),(2338,1425,'38','en',NULL,NULL),(2339,1426,'39','ar',NULL,NULL),(2340,1426,'39','en',NULL,NULL),(2341,1427,'40','ar',NULL,NULL),(2342,1427,'40','en',NULL,NULL),(2343,1428,'41','ar',NULL,NULL),(2344,1428,'41','en',NULL,NULL),(2345,1429,'42','ar',NULL,NULL),(2346,1429,'42','en',NULL,NULL),(2347,1430,'36','ar',NULL,NULL),(2348,1430,'36','en',NULL,NULL),(2349,1431,'37','ar',NULL,NULL),(2350,1431,'37','en',NULL,NULL),(2351,1432,'38','ar',NULL,NULL),(2352,1432,'38','en',NULL,NULL),(2353,1433,'39','ar',NULL,NULL),(2354,1433,'39','en',NULL,NULL),(2355,1434,'40','ar',NULL,NULL),(2356,1434,'40','en',NULL,NULL),(2357,1435,'41','ar',NULL,NULL),(2358,1435,'41','en',NULL,NULL),(2359,1436,'42','ar',NULL,NULL),(2360,1436,'42','en',NULL,NULL),(2361,1437,'36','ar',NULL,NULL),(2362,1437,'36','en',NULL,NULL),(2363,1438,'37','ar',NULL,NULL),(2364,1438,'37','en',NULL,NULL),(2365,1439,'38','ar',NULL,NULL),(2366,1439,'38','en',NULL,NULL),(2367,1440,'39','ar',NULL,NULL),(2368,1440,'39','en',NULL,NULL),(2369,1441,'40','ar',NULL,NULL),(2370,1441,'40','en',NULL,NULL),(2371,1442,'41','ar',NULL,NULL),(2372,1442,'41','en',NULL,NULL),(2373,1443,'42','ar',NULL,NULL),(2374,1443,'42','en',NULL,NULL),(2387,1463,'36','ar',NULL,NULL),(2388,1463,'36','en',NULL,NULL),(2389,1464,'37','ar',NULL,NULL),(2390,1464,'37','en',NULL,NULL),(2391,1465,'38','ar',NULL,NULL),(2392,1465,'38','en',NULL,NULL),(2393,1466,'39','ar',NULL,NULL),(2394,1466,'39','en',NULL,NULL),(2395,1467,'40','ar',NULL,NULL),(2396,1467,'40','en',NULL,NULL),(2397,1468,'41','ar',NULL,NULL),(2398,1468,'41','en',NULL,NULL),(2399,1469,'42','ar',NULL,NULL),(2400,1469,'42','en',NULL,NULL),(2401,1470,'36','ar',NULL,NULL),(2402,1470,'36','en',NULL,NULL),(2403,1471,'37','ar',NULL,NULL),(2404,1471,'37','en',NULL,NULL),(2405,1472,'38','ar',NULL,NULL),(2406,1472,'38','en',NULL,NULL),(2407,1473,'39','ar',NULL,NULL),(2408,1473,'39','en',NULL,NULL),(2409,1474,'40','ar',NULL,NULL),(2410,1474,'40','en',NULL,NULL),(2411,1475,'41','ar',NULL,NULL),(2412,1475,'41','en',NULL,NULL),(2413,1476,'42','ar',NULL,NULL),(2414,1476,'42','en',NULL,NULL),(2415,1477,'36','ar',NULL,NULL),(2416,1477,'36','en',NULL,NULL),(2417,1478,'37','ar',NULL,NULL),(2418,1478,'37','en',NULL,NULL),(2419,1479,'38','ar',NULL,NULL),(2420,1479,'38','en',NULL,NULL),(2421,1480,'39','ar',NULL,NULL),(2422,1480,'39','en',NULL,NULL),(2423,1481,'40','ar',NULL,NULL),(2424,1481,'40','en',NULL,NULL),(2425,1482,'41','ar',NULL,NULL),(2426,1482,'41','en',NULL,NULL),(2427,1483,'42','ar',NULL,NULL),(2428,1483,'42','en',NULL,NULL),(2429,1484,'36','ar',NULL,NULL),(2430,1484,'36','en',NULL,NULL),(2431,1485,'37','ar',NULL,NULL),(2432,1485,'37','en',NULL,NULL),(2433,1486,'38','ar',NULL,NULL),(2434,1486,'38','en',NULL,NULL),(2435,1487,'39','ar',NULL,NULL),(2436,1487,'39','en',NULL,NULL),(2437,1488,'40','ar',NULL,NULL),(2438,1488,'40','en',NULL,NULL),(2439,1489,'41','ar',NULL,NULL),(2440,1489,'41','en',NULL,NULL),(2441,1490,'42','ar',NULL,NULL),(2442,1490,'42','en',NULL,NULL),(2443,1491,'36','ar',NULL,NULL),(2444,1491,'36','en',NULL,NULL),(2445,1492,'37','ar',NULL,NULL),(2446,1492,'37','en',NULL,NULL),(2447,1493,'38','ar',NULL,NULL),(2448,1493,'38','en',NULL,NULL),(2449,1494,'39','ar',NULL,NULL),(2450,1494,'39','en',NULL,NULL),(2451,1495,'40','ar',NULL,NULL),(2452,1495,'40','en',NULL,NULL),(2453,1496,'41','ar',NULL,NULL),(2454,1496,'41','en',NULL,NULL),(2455,1497,'42','ar',NULL,NULL),(2456,1497,'42','en',NULL,NULL),(2457,1498,'36','ar',NULL,NULL),(2458,1498,'36','en',NULL,NULL),(2459,1499,'37','ar',NULL,NULL),(2460,1499,'37','en',NULL,NULL),(2461,1500,'38','ar',NULL,NULL),(2462,1500,'38','en',NULL,NULL),(2463,1501,'39','ar',NULL,NULL),(2464,1501,'39','en',NULL,NULL),(2465,1502,'40','ar',NULL,NULL),(2466,1502,'40','en',NULL,NULL),(2467,1503,'41','ar',NULL,NULL),(2468,1503,'41','en',NULL,NULL),(2469,1504,'42','ar',NULL,NULL),(2470,1504,'42','en',NULL,NULL),(2471,1505,'36','ar',NULL,NULL),(2472,1505,'36','en',NULL,NULL),(2473,1506,'37','ar',NULL,NULL),(2474,1506,'37','en',NULL,NULL),(2475,1507,'38','ar',NULL,NULL),(2476,1507,'38','en',NULL,NULL),(2477,1508,'39','ar',NULL,NULL),(2478,1508,'39','en',NULL,NULL),(2479,1509,'40','ar',NULL,NULL),(2480,1509,'40','en',NULL,NULL),(2481,1510,'41','ar',NULL,NULL),(2482,1510,'41','en',NULL,NULL),(2483,1511,'42','ar',NULL,NULL),(2484,1511,'42','en',NULL,NULL),(2485,1512,'36','ar',NULL,NULL),(2486,1512,'36','en',NULL,NULL),(2487,1513,'37','ar',NULL,NULL),(2488,1513,'37','en',NULL,NULL),(2489,1514,'38','ar',NULL,NULL),(2490,1514,'38','en',NULL,NULL),(2491,1515,'39','ar',NULL,NULL),(2492,1515,'39','en',NULL,NULL),(2493,1516,'40','ar',NULL,NULL),(2494,1516,'40','en',NULL,NULL),(2495,1517,'41','ar',NULL,NULL),(2496,1517,'41','en',NULL,NULL),(2497,1518,'42','ar',NULL,NULL),(2498,1518,'42','en',NULL,NULL),(2499,1519,'36','ar',NULL,NULL),(2500,1519,'36','en',NULL,NULL),(2501,1520,'37','ar',NULL,NULL),(2502,1520,'37','en',NULL,NULL),(2503,1521,'38','ar',NULL,NULL),(2504,1521,'38','en',NULL,NULL),(2505,1522,'39','ar',NULL,NULL),(2506,1522,'39','en',NULL,NULL),(2507,1523,'40','ar',NULL,NULL),(2508,1523,'40','en',NULL,NULL),(2509,1524,'41','ar',NULL,NULL),(2510,1524,'41','en',NULL,NULL),(2511,1525,'42','ar',NULL,NULL),(2512,1525,'42','en',NULL,NULL),(2513,1526,'36','ar',NULL,NULL),(2514,1526,'36','en',NULL,NULL),(2515,1527,'37','ar',NULL,NULL),(2516,1527,'37','en',NULL,NULL),(2517,1528,'38','ar',NULL,NULL),(2518,1528,'38','en',NULL,NULL),(2519,1529,'39','ar',NULL,NULL),(2520,1529,'39','en',NULL,NULL),(2521,1530,'40','ar',NULL,NULL),(2522,1530,'40','en',NULL,NULL),(2523,1531,'41','ar',NULL,NULL),(2524,1531,'41','en',NULL,NULL),(2525,1532,'42','ar',NULL,NULL),(2526,1532,'42','en',NULL,NULL),(2527,1533,'36','ar',NULL,NULL),(2528,1533,'36','en',NULL,NULL),(2529,1534,'37','ar',NULL,NULL),(2530,1534,'37','en',NULL,NULL),(2531,1535,'38','ar',NULL,NULL),(2532,1535,'38','en',NULL,NULL),(2533,1536,'39','ar',NULL,NULL),(2534,1536,'39','en',NULL,NULL),(2535,1537,'40','ar',NULL,NULL),(2536,1537,'40','en',NULL,NULL),(2537,1538,'41','ar',NULL,NULL),(2538,1538,'41','en',NULL,NULL),(2539,1539,'42','ar',NULL,NULL),(2540,1539,'42','en',NULL,NULL),(2541,1540,'36','ar',NULL,NULL),(2542,1540,'36','en',NULL,NULL),(2543,1541,'37','ar',NULL,NULL),(2544,1541,'37','en',NULL,NULL),(2545,1542,'38','ar',NULL,NULL),(2546,1542,'38','en',NULL,NULL),(2547,1543,'39','ar',NULL,NULL),(2548,1543,'39','en',NULL,NULL),(2549,1544,'40','ar',NULL,NULL),(2550,1544,'40','en',NULL,NULL),(2551,1545,'41','ar',NULL,NULL),(2552,1545,'41','en',NULL,NULL),(2553,1546,'42','ar',NULL,NULL),(2554,1546,'42','en',NULL,NULL),(2555,1547,'36','ar',NULL,NULL),(2556,1547,'36','en',NULL,NULL),(2557,1548,'37','ar',NULL,NULL),(2558,1548,'37','en',NULL,NULL),(2559,1549,'38','ar',NULL,NULL),(2560,1549,'38','en',NULL,NULL),(2561,1550,'39','ar',NULL,NULL),(2562,1550,'39','en',NULL,NULL),(2563,1551,'40','ar',NULL,NULL),(2564,1551,'40','en',NULL,NULL),(2565,1552,'41','ar',NULL,NULL),(2566,1552,'41','en',NULL,NULL),(2567,1553,'42','ar',NULL,NULL),(2568,1553,'42','en',NULL,NULL),(2569,1554,'36','ar',NULL,NULL),(2570,1554,'36','en',NULL,NULL),(2571,1555,'37','ar',NULL,NULL),(2572,1555,'37','en',NULL,NULL),(2573,1556,'38','ar',NULL,NULL),(2574,1556,'38','en',NULL,NULL),(2575,1557,'39','ar',NULL,NULL),(2576,1557,'39','en',NULL,NULL),(2577,1558,'40','ar',NULL,NULL),(2578,1558,'40','en',NULL,NULL),(2579,1559,'40','ar',NULL,NULL),(2580,1559,'40','en',NULL,NULL),(2581,1560,'41','ar',NULL,NULL),(2582,1560,'41','en',NULL,NULL),(2583,1561,'42','ar',NULL,NULL),(2584,1561,'42','en',NULL,NULL),(2585,1562,'36','ar',NULL,NULL),(2586,1562,'36','en',NULL,NULL),(2587,1563,'37','ar',NULL,NULL),(2588,1563,'37','en',NULL,NULL),(2589,1564,'38','ar',NULL,NULL),(2590,1564,'38','en',NULL,NULL),(2591,1565,'39','ar',NULL,NULL),(2592,1565,'39','en',NULL,NULL),(2593,1566,'40','ar',NULL,NULL),(2594,1566,'40','en',NULL,NULL),(2595,1567,'41','ar',NULL,NULL),(2596,1567,'41','en',NULL,NULL),(2597,1568,'42','ar',NULL,NULL),(2598,1568,'42','en',NULL,NULL),(2599,1569,'36','ar',NULL,NULL),(2600,1569,'36','en',NULL,NULL),(2601,1570,'37','ar',NULL,NULL),(2602,1570,'37','en',NULL,NULL),(2603,1571,'38','ar',NULL,NULL),(2604,1571,'38','en',NULL,NULL),(2605,1572,'39','ar',NULL,NULL),(2606,1572,'39','en',NULL,NULL),(2607,1573,'40','ar',NULL,NULL),(2608,1573,'40','en',NULL,NULL),(2609,1574,'41','ar',NULL,NULL),(2610,1574,'41','en',NULL,NULL),(2611,1575,'42','ar',NULL,NULL),(2612,1575,'42','en',NULL,NULL),(2623,1596,'36','ar',NULL,NULL),(2624,1596,'36','en',NULL,NULL),(2625,1597,'37','ar',NULL,NULL),(2626,1597,'37','en',NULL,NULL),(2627,1598,'38','ar',NULL,NULL),(2628,1598,'38','en',NULL,NULL),(2629,1599,'39','ar',NULL,NULL),(2630,1599,'39','en',NULL,NULL),(2631,1600,'40','ar',NULL,NULL),(2632,1600,'40','en',NULL,NULL),(2633,1601,'41','ar',NULL,NULL),(2634,1601,'41','en',NULL,NULL),(2635,1602,'41','ar',NULL,NULL),(2636,1602,'41','en',NULL,NULL),(2637,1603,'42','ar',NULL,NULL),(2638,1603,'42','en',NULL,NULL),(2639,1604,'36','ar',NULL,NULL),(2640,1604,'36','en',NULL,NULL),(2641,1605,'37','ar',NULL,NULL),(2642,1605,'37','en',NULL,NULL),(2643,1606,'38','ar',NULL,NULL),(2644,1606,'38','en',NULL,NULL),(2645,1607,'39','ar',NULL,NULL),(2646,1607,'39','en',NULL,NULL),(2647,1608,'39','ar',NULL,NULL),(2648,1608,'39','en',NULL,NULL),(2649,1609,'39','ar',NULL,NULL),(2650,1609,'39','en',NULL,NULL),(2651,1610,'40','ar',NULL,NULL),(2652,1610,'40','en',NULL,NULL),(2653,1611,'41','ar',NULL,NULL),(2654,1611,'41','en',NULL,NULL),(2655,1612,'42','ar',NULL,NULL),(2656,1612,'42','en',NULL,NULL),(2657,1613,'K22','ar',NULL,NULL),(2658,1613,'K22','en',NULL,NULL),(2659,1614,'K24','ar',NULL,NULL),(2660,1614,'K24','en',NULL,NULL),(2661,1615,'K26','ar',NULL,NULL),(2662,1615,'K26','en',NULL,NULL),(2663,1616,'K28','ar',NULL,NULL),(2664,1616,'K28','en',NULL,NULL),(2665,1617,'K30','ar',NULL,NULL),(2666,1617,'K30','en',NULL,NULL),(2671,1640,'1-2','ar',NULL,NULL),(2672,1640,'1-2','en',NULL,NULL),(2673,1641,'3-4','ar',NULL,NULL),(2674,1641,'3-4','en',NULL,NULL),(2675,1642,'5-6','ar',NULL,NULL),(2676,1642,'5-6','en',NULL,NULL),(2677,1643,'7-8','ar',NULL,NULL),(2678,1643,'7-8','en',NULL,NULL),(2679,1644,'9-10','ar',NULL,NULL),(2680,1644,'9-10','en',NULL,NULL),(2681,1645,'11-12','ar',NULL,NULL),(2682,1645,'11-12','en',NULL,NULL),(2683,1646,'S','ar',NULL,NULL),(2684,1646,'S','en',NULL,NULL),(2685,1647,'M','ar',NULL,NULL),(2686,1647,'M','en',NULL,NULL),(2687,1648,'L','ar',NULL,NULL),(2688,1648,'L','en',NULL,NULL),(2689,1649,'XL','ar',NULL,NULL),(2690,1649,'XL','en',NULL,NULL),(2691,1650,'S','ar',NULL,NULL),(2692,1650,'S','en',NULL,NULL),(2693,1651,'M','ar',NULL,NULL),(2694,1651,'M','en',NULL,NULL),(2695,1652,'L','ar',NULL,NULL),(2696,1652,'L','en',NULL,NULL),(2697,1653,'XL','ar',NULL,NULL),(2698,1653,'XL','en',NULL,NULL),(2699,1654,'S','ar',NULL,NULL),(2700,1654,'S','en',NULL,NULL),(2701,1655,'M','ar',NULL,NULL),(2702,1655,'M','en',NULL,NULL),(2703,1656,'L','ar',NULL,NULL),(2704,1656,'L','en',NULL,NULL),(2705,1657,'XL','ar',NULL,NULL),(2706,1657,'XL','en',NULL,NULL),(2707,1658,'S','ar',NULL,NULL),(2708,1658,'S','en',NULL,NULL),(2709,1659,'M','ar',NULL,NULL),(2710,1659,'M','en',NULL,NULL),(2711,1660,'XL','ar',NULL,NULL),(2712,1660,'XL','en',NULL,NULL),(2713,1661,'S','ar',NULL,NULL),(2714,1661,'S','en',NULL,NULL),(2715,1662,'M','ar',NULL,NULL),(2716,1662,'M','en',NULL,NULL),(2717,1663,'L','ar',NULL,NULL),(2718,1663,'L','en',NULL,NULL),(2719,1664,'XL','ar',NULL,NULL),(2720,1664,'XL','en',NULL,NULL),(2721,1665,'XXL','ar',NULL,NULL),(2722,1665,'XXL','en',NULL,NULL),(2723,1666,'K22','ar',NULL,NULL),(2724,1666,'K22','en',NULL,NULL),(2725,1667,'K24','ar',NULL,NULL),(2726,1667,'K24','en',NULL,NULL),(2727,1668,'K28','ar',NULL,NULL),(2728,1668,'K28','en',NULL,NULL),(2729,1680,'36','ar',NULL,NULL),(2730,1680,'36','en',NULL,NULL),(2731,1681,'37','ar',NULL,NULL),(2732,1681,'37','en',NULL,NULL),(2733,1682,'38','ar',NULL,NULL),(2734,1682,'38','en',NULL,NULL),(2735,1683,'38','ar',NULL,NULL),(2736,1683,'38','en',NULL,NULL),(2737,1684,'38','ar',NULL,NULL),(2738,1684,'38','en',NULL,NULL),(2739,1685,'38','ar',NULL,NULL),(2740,1685,'38','en',NULL,NULL),(2741,1686,'38','ar',NULL,NULL),(2742,1686,'38','en',NULL,NULL),(2743,1687,'38','ar',NULL,NULL),(2744,1687,'38','en',NULL,NULL),(2745,1688,'38','ar',NULL,NULL),(2746,1688,'38','en',NULL,NULL),(2747,1689,'39','ar',NULL,NULL),(2748,1689,'39','en',NULL,NULL),(2749,1690,'39','ar',NULL,NULL),(2750,1690,'39','en',NULL,NULL),(2751,1691,'39','ar',NULL,NULL),(2752,1691,'39','en',NULL,NULL),(2753,1692,'39','ar',NULL,NULL),(2754,1692,'39','en',NULL,NULL),(2755,1693,'39','ar',NULL,NULL),(2756,1693,'39','en',NULL,NULL),(2757,1694,'40','ar',NULL,NULL),(2758,1694,'40','en',NULL,NULL),(2759,1695,'40','ar',NULL,NULL),(2760,1695,'40','en',NULL,NULL),(2761,1696,'41','ar',NULL,NULL),(2762,1696,'41','en',NULL,NULL),(2763,1697,'41','ar',NULL,NULL),(2764,1697,'41','en',NULL,NULL),(2765,1698,'41','ar',NULL,NULL),(2766,1698,'41','en',NULL,NULL),(2767,1699,'42','ar',NULL,NULL),(2768,1699,'42','en',NULL,NULL),(2769,1700,'42','ar',NULL,NULL),(2770,1700,'42','en',NULL,NULL),(2771,1701,'36','ar',NULL,NULL),(2772,1701,'36','en',NULL,NULL),(2773,1702,'37','ar',NULL,NULL),(2774,1702,'37','en',NULL,NULL),(2775,1703,'38','ar',NULL,NULL),(2776,1703,'38','en',NULL,NULL),(2777,1704,'39','ar',NULL,NULL),(2778,1704,'39','en',NULL,NULL),(2779,1705,'40','ar',NULL,NULL),(2780,1705,'40','en',NULL,NULL),(2781,1706,'41','ar',NULL,NULL),(2782,1706,'41','en',NULL,NULL),(2783,1707,'42','ar',NULL,NULL),(2784,1707,'42','en',NULL,NULL),(2785,1723,'36','ar',NULL,NULL),(2786,1723,'36','en',NULL,NULL),(2787,1724,'37','ar',NULL,NULL),(2788,1724,'37','en',NULL,NULL),(2789,1725,'38','ar',NULL,NULL),(2790,1725,'38','en',NULL,NULL),(2791,1726,'39','ar',NULL,NULL),(2792,1726,'39','en',NULL,NULL),(2793,1727,'40','ar',NULL,NULL),(2794,1727,'40','en',NULL,NULL),(2795,1728,'41','ar',NULL,NULL),(2796,1728,'41','en',NULL,NULL),(2797,1729,'42','ar',NULL,NULL),(2798,1729,'42','en',NULL,NULL),(2799,1730,'36','ar',NULL,NULL),(2800,1730,'36','en',NULL,NULL),(2801,1731,'37','ar',NULL,NULL),(2802,1731,'37','en',NULL,NULL),(2803,1732,'38','ar',NULL,NULL),(2804,1732,'38','en',NULL,NULL),(2805,1733,'39','ar',NULL,NULL),(2806,1733,'39','en',NULL,NULL),(2807,1734,'39','ar',NULL,NULL),(2808,1734,'39','en',NULL,NULL),(2809,1735,'40','ar',NULL,NULL),(2810,1735,'40','en',NULL,NULL),(2811,1736,'41','ar',NULL,NULL),(2812,1736,'41','en',NULL,NULL),(2813,1737,'42','ar',NULL,NULL),(2814,1737,'42','en',NULL,NULL),(2815,1738,'36','ar',NULL,NULL),(2816,1738,'36','en',NULL,NULL),(2817,1739,'37','ar',NULL,NULL),(2818,1739,'37','en',NULL,NULL),(2819,1740,'38','ar',NULL,NULL),(2820,1740,'38','en',NULL,NULL),(2821,1741,'39','ar',NULL,NULL),(2822,1741,'39','en',NULL,NULL),(2823,1742,'40','ar',NULL,NULL),(2824,1742,'40','en',NULL,NULL),(2825,1743,'41','ar',NULL,NULL),(2826,1743,'41','en',NULL,NULL),(2827,1744,'42','ar',NULL,NULL),(2828,1744,'42','en',NULL,NULL),(2829,1745,'36','ar',NULL,NULL),(2830,1745,'36','en',NULL,NULL),(2831,1746,'37','ar',NULL,NULL),(2832,1746,'37','en',NULL,NULL),(2833,1747,'38','ar',NULL,NULL),(2834,1747,'38','en',NULL,NULL),(2835,1748,'39','ar',NULL,NULL),(2836,1748,'39','en',NULL,NULL),(2837,1749,'40','ar',NULL,NULL),(2838,1749,'40','en',NULL,NULL),(2839,1750,'41','ar',NULL,NULL),(2840,1750,'41','en',NULL,NULL),(2841,1751,'42','ar',NULL,NULL),(2842,1751,'42','en',NULL,NULL),(2843,1752,'36','ar',NULL,NULL),(2844,1752,'36','en',NULL,NULL),(2845,1753,'37','ar',NULL,NULL),(2846,1753,'37','en',NULL,NULL),(2847,1754,'38','ar',NULL,NULL),(2848,1754,'38','en',NULL,NULL),(2849,1755,'39','ar',NULL,NULL),(2850,1755,'39','en',NULL,NULL),(2851,1756,'40','ar',NULL,NULL),(2852,1756,'40','en',NULL,NULL),(2853,1757,'41','ar',NULL,NULL),(2854,1757,'41','en',NULL,NULL),(2855,1758,'42','ar',NULL,NULL),(2856,1758,'42','en',NULL,NULL),(2857,1760,'37','ar',NULL,NULL),(2858,1760,'37','en',NULL,NULL),(2859,1772,'36','ar',NULL,NULL),(2860,1772,'36','en',NULL,NULL),(2861,1773,'37','ar',NULL,NULL),(2862,1773,'37','en',NULL,NULL),(2863,1774,'38','ar',NULL,NULL),(2864,1774,'38','en',NULL,NULL),(2865,1775,'39','ar',NULL,NULL),(2866,1775,'39','en',NULL,NULL),(2867,1776,'40','ar',NULL,NULL),(2868,1776,'40','en',NULL,NULL),(2869,1777,'41','ar',NULL,NULL),(2870,1777,'41','en',NULL,NULL),(2871,1778,'42','ar',NULL,NULL),(2872,1778,'42','en',NULL,NULL),(2873,1812,'36','ar',NULL,NULL),(2874,1812,'36','en',NULL,NULL),(2875,1813,'37','ar',NULL,NULL),(2876,1813,'37','en',NULL,NULL),(2877,1814,'38','ar',NULL,NULL),(2878,1814,'38','en',NULL,NULL),(2879,1815,'39','ar',NULL,NULL),(2880,1815,'39','en',NULL,NULL),(2881,1816,'40','ar',NULL,NULL),(2882,1816,'40','en',NULL,NULL),(2883,1817,'41','ar',NULL,NULL),(2884,1817,'41','en',NULL,NULL),(2885,1818,'42','ar',NULL,NULL),(2886,1818,'42','en',NULL,NULL),(2887,1819,'36','ar',NULL,NULL),(2888,1819,'36','en',NULL,NULL),(2889,1820,'37','ar',NULL,NULL),(2890,1820,'37','en',NULL,NULL),(2891,1821,'38','ar',NULL,NULL),(2892,1821,'38','en',NULL,NULL),(2893,1822,'39','ar',NULL,NULL),(2894,1822,'39','en',NULL,NULL),(2895,1823,'40','ar',NULL,NULL),(2896,1823,'40','en',NULL,NULL),(2897,1824,'41','ar',NULL,NULL),(2898,1824,'41','en',NULL,NULL),(2899,1825,'42','ar',NULL,NULL),(2900,1825,'42','en',NULL,NULL),(2901,1826,'36','ar',NULL,NULL),(2902,1826,'36','en',NULL,NULL),(2903,1827,'37','ar',NULL,NULL),(2904,1827,'37','en',NULL,NULL),(2905,1828,'38','ar',NULL,NULL),(2906,1828,'38','en',NULL,NULL),(2907,1829,'39','ar',NULL,NULL),(2908,1829,'39','en',NULL,NULL),(2909,1830,'40','ar',NULL,NULL),(2910,1830,'40','en',NULL,NULL),(2911,1831,'41','ar',NULL,NULL),(2912,1831,'41','en',NULL,NULL),(2913,1832,'42','ar',NULL,NULL),(2914,1832,'42','en',NULL,NULL),(2915,1833,'36','ar',NULL,NULL),(2916,1833,'36','en',NULL,NULL),(2917,1834,'37','ar',NULL,NULL),(2918,1834,'37','en',NULL,NULL),(2919,1835,'38','ar',NULL,NULL),(2920,1835,'38','en',NULL,NULL),(2921,1836,'39','ar',NULL,NULL),(2922,1836,'39','en',NULL,NULL),(2923,1837,'40','ar',NULL,NULL),(2924,1837,'40','en',NULL,NULL),(2925,1838,'40','ar',NULL,NULL),(2926,1838,'40','en',NULL,NULL),(2927,1839,'40','ar',NULL,NULL),(2928,1839,'40','en',NULL,NULL),(2929,1840,'41','ar',NULL,NULL),(2930,1840,'41','en',NULL,NULL),(2931,1841,'42','ar',NULL,NULL),(2932,1841,'42','en',NULL,NULL),(2933,1842,'36','ar',NULL,NULL),(2934,1842,'36','en',NULL,NULL),(2935,1843,'37','ar',NULL,NULL),(2936,1843,'37','en',NULL,NULL),(2937,1844,'38','ar',NULL,NULL),(2938,1844,'38','en',NULL,NULL),(2939,1845,'39','ar',NULL,NULL),(2940,1845,'39','en',NULL,NULL),(2941,1846,'40','ar',NULL,NULL),(2942,1846,'40','en',NULL,NULL),(2943,1847,'41','ar',NULL,NULL),(2944,1847,'41','en',NULL,NULL),(2945,1848,'42','ar',NULL,NULL),(2946,1848,'42','en',NULL,NULL),(2947,1849,'36','ar',NULL,NULL),(2948,1849,'36','en',NULL,NULL),(2949,1850,'37','ar',NULL,NULL),(2950,1850,'37','en',NULL,NULL),(2951,1851,'38','ar',NULL,NULL),(2952,1851,'38','en',NULL,NULL),(2953,1852,'39','ar',NULL,NULL),(2954,1852,'39','en',NULL,NULL),(2955,1853,'40','ar',NULL,NULL),(2956,1853,'40','en',NULL,NULL),(2957,1854,'41','ar',NULL,NULL),(2958,1854,'41','en',NULL,NULL),(2959,1855,'42','ar',NULL,NULL),(2960,1855,'42','en',NULL,NULL),(2961,1856,'36','ar',NULL,NULL),(2962,1856,'36','en',NULL,NULL),(2963,1857,'37','ar',NULL,NULL),(2964,1857,'37','en',NULL,NULL),(2965,1858,'38','ar',NULL,NULL),(2966,1858,'38','en',NULL,NULL),(2967,1859,'39','ar',NULL,NULL),(2968,1859,'39','en',NULL,NULL),(2969,1860,'40','ar',NULL,NULL),(2970,1860,'40','en',NULL,NULL),(2971,1861,'41','ar',NULL,NULL),(2972,1861,'41','en',NULL,NULL),(2973,1862,'42','ar',NULL,NULL),(2974,1862,'42','en',NULL,NULL),(2975,1863,'36','ar',NULL,NULL),(2976,1863,'36','en',NULL,NULL),(2977,1864,'37','ar',NULL,NULL),(2978,1864,'37','en',NULL,NULL),(2979,1865,'38','ar',NULL,NULL),(2980,1865,'38','en',NULL,NULL),(2981,1866,'39','ar',NULL,NULL),(2982,1866,'39','en',NULL,NULL),(2983,1867,'40','ar',NULL,NULL),(2984,1867,'40','en',NULL,NULL),(2985,1868,'41','ar',NULL,NULL),(2986,1868,'41','en',NULL,NULL),(2987,1869,'42','ar',NULL,NULL),(2988,1869,'42','en',NULL,NULL),(2989,1870,'36','ar',NULL,NULL),(2990,1870,'36','en',NULL,NULL),(2991,1871,'37','ar',NULL,NULL),(2992,1871,'37','en',NULL,NULL),(2993,1872,'38','ar',NULL,NULL),(2994,1872,'38','en',NULL,NULL),(2995,1873,'39','ar',NULL,NULL),(2996,1873,'39','en',NULL,NULL),(2997,1874,'40','ar',NULL,NULL),(2998,1874,'40','en',NULL,NULL),(2999,1875,'41','ar',NULL,NULL),(3000,1875,'41','en',NULL,NULL),(3001,1876,'42','ar',NULL,NULL),(3002,1876,'42','en',NULL,NULL),(3003,1877,'36','ar',NULL,NULL),(3004,1877,'36','en',NULL,NULL),(3005,1878,'37','ar',NULL,NULL),(3006,1878,'37','en',NULL,NULL),(3007,1879,'38','ar',NULL,NULL),(3008,1879,'38','en',NULL,NULL),(3009,1880,'39','ar',NULL,NULL),(3010,1880,'39','en',NULL,NULL),(3011,1881,'40','ar',NULL,NULL),(3012,1881,'40','en',NULL,NULL),(3013,1882,'41','ar',NULL,NULL),(3014,1882,'41','en',NULL,NULL),(3015,1883,'42','ar',NULL,NULL),(3016,1883,'42','en',NULL,NULL),(3017,1884,'36','ar',NULL,NULL),(3018,1884,'36','en',NULL,NULL),(3019,1885,'37','ar',NULL,NULL),(3020,1885,'37','en',NULL,NULL),(3021,1886,'38','ar',NULL,NULL),(3022,1886,'38','en',NULL,NULL),(3023,1887,'39','ar',NULL,NULL),(3024,1887,'39','en',NULL,NULL),(3025,1888,'40','ar',NULL,NULL),(3026,1888,'40','en',NULL,NULL),(3027,1889,'41','ar',NULL,NULL),(3028,1889,'41','en',NULL,NULL),(3029,1890,'42','ar',NULL,NULL),(3030,1890,'42','en',NULL,NULL),(3031,1891,'36','ar',NULL,NULL),(3032,1891,'36','en',NULL,NULL),(3033,1892,'37','ar',NULL,NULL),(3034,1892,'37','en',NULL,NULL),(3035,1893,'38','ar',NULL,NULL),(3036,1893,'38','en',NULL,NULL),(3037,1894,'39','ar',NULL,NULL),(3038,1894,'39','en',NULL,NULL),(3039,1895,'40','ar',NULL,NULL),(3040,1895,'40','en',NULL,NULL),(3041,1896,'41','ar',NULL,NULL),(3042,1896,'41','en',NULL,NULL),(3043,1897,'42','ar',NULL,NULL),(3044,1897,'42','en',NULL,NULL),(3045,1898,'36','ar',NULL,NULL),(3046,1898,'36','en',NULL,NULL),(3047,1899,'37','ar',NULL,NULL),(3048,1899,'37','en',NULL,NULL),(3049,1900,'38','ar',NULL,NULL),(3050,1900,'38','en',NULL,NULL),(3051,1901,'39','ar',NULL,NULL),(3052,1901,'39','en',NULL,NULL),(3053,1902,'40','ar',NULL,NULL),(3054,1902,'40','en',NULL,NULL),(3055,1903,'41','ar',NULL,NULL),(3056,1903,'41','en',NULL,NULL),(3057,1904,'42','ar',NULL,NULL),(3058,1904,'42','en',NULL,NULL),(3059,1905,'36','ar',NULL,NULL),(3060,1905,'36','en',NULL,NULL),(3061,1906,'37','ar',NULL,NULL),(3062,1906,'37','en',NULL,NULL),(3063,1907,'38','ar',NULL,NULL),(3064,1907,'38','en',NULL,NULL),(3065,1908,'39','ar',NULL,NULL),(3066,1908,'39','en',NULL,NULL),(3067,1909,'40','ar',NULL,NULL),(3068,1909,'40','en',NULL,NULL),(3069,1910,'41','ar',NULL,NULL),(3070,1910,'41','en',NULL,NULL),(3071,1911,'42','ar',NULL,NULL),(3072,1911,'42','en',NULL,NULL),(3073,1912,'36','ar',NULL,NULL),(3074,1912,'36','en',NULL,NULL),(3075,1913,'37','ar',NULL,NULL),(3076,1913,'37','en',NULL,NULL),(3077,1914,'38','ar',NULL,NULL),(3078,1914,'38','en',NULL,NULL),(3079,1915,'39','ar',NULL,NULL),(3080,1915,'39','en',NULL,NULL),(3081,1916,'40','ar',NULL,NULL),(3082,1916,'40','en',NULL,NULL),(3083,1917,'41','ar',NULL,NULL),(3084,1917,'41','en',NULL,NULL),(3085,1918,'42','ar',NULL,NULL),(3086,1918,'42','en',NULL,NULL),(3087,1919,'36','ar',NULL,NULL),(3088,1919,'36','en',NULL,NULL),(3089,1920,'37','ar',NULL,NULL),(3090,1920,'37','en',NULL,NULL),(3091,1921,'38','ar',NULL,NULL),(3092,1921,'38','en',NULL,NULL),(3093,1922,'38','ar',NULL,NULL),(3094,1922,'38','en',NULL,NULL),(3095,1923,'38','ar',NULL,NULL),(3096,1923,'38','en',NULL,NULL),(3097,1924,'39','ar',NULL,NULL),(3098,1924,'39','en',NULL,NULL),(3099,1925,'40','ar',NULL,NULL),(3100,1925,'40','en',NULL,NULL),(3101,1926,'41','ar',NULL,NULL),(3102,1926,'41','en',NULL,NULL),(3103,1927,'42','ar',NULL,NULL),(3104,1927,'42','en',NULL,NULL),(3105,1928,'36','ar',NULL,NULL),(3106,1928,'36','en',NULL,NULL),(3107,1929,'37','ar',NULL,NULL),(3108,1929,'37','en',NULL,NULL),(3109,1930,'38','ar',NULL,NULL),(3110,1930,'38','en',NULL,NULL),(3111,1931,'39','ar',NULL,NULL),(3112,1931,'39','en',NULL,NULL),(3113,1932,'40','ar',NULL,NULL),(3114,1932,'40','en',NULL,NULL),(3115,1933,'40','ar',NULL,NULL),(3116,1933,'40','en',NULL,NULL),(3117,1934,'41','ar',NULL,NULL),(3118,1934,'41','en',NULL,NULL),(3119,1935,'42','ar',NULL,NULL),(3120,1935,'42','en',NULL,NULL),(3121,1936,'36','ar',NULL,NULL),(3122,1936,'36','en',NULL,NULL),(3123,1937,'37','ar',NULL,NULL),(3124,1937,'37','en',NULL,NULL),(3125,1938,'38','ar',NULL,NULL),(3126,1938,'38','en',NULL,NULL),(3127,1939,'39','ar',NULL,NULL),(3128,1939,'39','en',NULL,NULL),(3129,1940,'40','ar',NULL,NULL),(3130,1940,'40','en',NULL,NULL),(3131,1941,'41','ar',NULL,NULL),(3132,1941,'41','en',NULL,NULL),(3133,1942,'42','ar',NULL,NULL),(3134,1942,'42','en',NULL,NULL),(3135,1943,'36','ar',NULL,NULL),(3136,1943,'36','en',NULL,NULL),(3137,1944,'37','ar',NULL,NULL),(3138,1944,'37','en',NULL,NULL),(3139,1945,'38','ar',NULL,NULL),(3140,1945,'38','en',NULL,NULL),(3141,1946,'39','ar',NULL,NULL),(3142,1946,'39','en',NULL,NULL),(3143,1947,'40','ar',NULL,NULL),(3144,1947,'40','en',NULL,NULL),(3145,1948,'41','ar',NULL,NULL),(3146,1948,'41','en',NULL,NULL),(3147,1949,'42','ar',NULL,NULL),(3148,1949,'42','en',NULL,NULL),(3149,1950,'36','ar',NULL,NULL),(3150,1950,'36','en',NULL,NULL),(3151,1951,'37','ar',NULL,NULL),(3152,1951,'37','en',NULL,NULL),(3153,1952,'38','ar',NULL,NULL),(3154,1952,'38','en',NULL,NULL),(3155,1953,'39','ar',NULL,NULL),(3156,1953,'39','en',NULL,NULL),(3157,1954,'40','ar',NULL,NULL),(3158,1954,'40','en',NULL,NULL),(3159,1955,'41','ar',NULL,NULL),(3160,1955,'41','en',NULL,NULL),(3161,1956,'42','ar',NULL,NULL),(3162,1956,'42','en',NULL,NULL),(3163,1957,'36','ar',NULL,NULL),(3164,1957,'36','en',NULL,NULL),(3165,1958,'37','ar',NULL,NULL),(3166,1958,'37','en',NULL,NULL),(3167,1959,'38','ar',NULL,NULL),(3168,1959,'38','en',NULL,NULL),(3169,1960,'39','ar',NULL,NULL),(3170,1960,'39','en',NULL,NULL),(3171,1961,'40','ar',NULL,NULL),(3172,1961,'40','en',NULL,NULL),(3173,1962,'41','ar',NULL,NULL),(3174,1962,'41','en',NULL,NULL),(3175,1963,'42','ar',NULL,NULL),(3176,1963,'42','en',NULL,NULL),(3177,1964,'36','ar',NULL,NULL),(3178,1964,'36','en',NULL,NULL),(3179,1965,'37','ar',NULL,NULL),(3180,1965,'37','en',NULL,NULL),(3181,1966,'38','ar',NULL,NULL),(3182,1966,'38','en',NULL,NULL),(3183,1967,'39','ar',NULL,NULL),(3184,1967,'39','en',NULL,NULL),(3185,1968,'40','ar',NULL,NULL),(3186,1968,'40','en',NULL,NULL),(3187,1969,'41','ar',NULL,NULL),(3188,1969,'41','en',NULL,NULL),(3189,1970,'42','ar',NULL,NULL),(3190,1970,'42','en',NULL,NULL),(3191,1971,'36','ar',NULL,NULL),(3192,1971,'36','en',NULL,NULL),(3193,1972,'37','ar',NULL,NULL),(3194,1972,'37','en',NULL,NULL),(3195,1973,'38','ar',NULL,NULL),(3196,1973,'38','en',NULL,NULL),(3197,1974,'39','ar',NULL,NULL),(3198,1974,'39','en',NULL,NULL),(3199,1975,'40','ar',NULL,NULL),(3200,1975,'40','en',NULL,NULL),(3201,1976,'41','ar',NULL,NULL),(3202,1976,'41','en',NULL,NULL),(3203,1977,'42','ar',NULL,NULL),(3204,1977,'42','en',NULL,NULL),(3205,1978,'36','ar',NULL,NULL),(3206,1978,'36','en',NULL,NULL),(3207,1979,'37','ar',NULL,NULL),(3208,1979,'37','en',NULL,NULL),(3209,1980,'38','ar',NULL,NULL),(3210,1980,'38','en',NULL,NULL),(3211,1981,'39','ar',NULL,NULL),(3212,1981,'39','en',NULL,NULL),(3213,1982,'40','ar',NULL,NULL),(3214,1982,'40','en',NULL,NULL),(3215,1983,'41','ar',NULL,NULL),(3216,1983,'41','en',NULL,NULL),(3217,1984,'42','ar',NULL,NULL),(3218,1984,'42','en',NULL,NULL),(3219,1985,'36','ar',NULL,NULL),(3220,1985,'36','en',NULL,NULL),(3221,1986,'37','ar',NULL,NULL),(3222,1986,'37','en',NULL,NULL),(3223,1987,'38','ar',NULL,NULL),(3224,1987,'38','en',NULL,NULL),(3225,1988,'39','ar',NULL,NULL),(3226,1988,'39','en',NULL,NULL),(3227,1989,'40','ar',NULL,NULL),(3228,1989,'40','en',NULL,NULL),(3229,1990,'41','ar',NULL,NULL),(3230,1990,'41','en',NULL,NULL),(3231,1991,'42','ar',NULL,NULL),(3232,1991,'42','en',NULL,NULL),(3233,1992,'36','ar',NULL,NULL),(3234,1992,'36','en',NULL,NULL),(3235,1993,'37','ar',NULL,NULL),(3236,1993,'37','en',NULL,NULL),(3237,1994,'38','ar',NULL,NULL),(3238,1994,'38','en',NULL,NULL),(3239,1995,'39','ar',NULL,NULL),(3240,1995,'39','en',NULL,NULL),(3241,1996,'40','ar',NULL,NULL),(3242,1996,'40','en',NULL,NULL),(3243,1997,'41','ar',NULL,NULL),(3244,1997,'41','en',NULL,NULL),(3245,1998,'42','ar',NULL,NULL),(3246,1998,'42','en',NULL,NULL),(3247,1999,'36','ar',NULL,NULL),(3248,1999,'36','en',NULL,NULL),(3249,2000,'37','ar',NULL,NULL),(3250,2000,'37','en',NULL,NULL),(3251,2001,'38','ar',NULL,NULL),(3252,2001,'38','en',NULL,NULL),(3253,2002,'39','ar',NULL,NULL),(3254,2002,'39','en',NULL,NULL),(3255,2003,'40','ar',NULL,NULL),(3256,2003,'40','en',NULL,NULL),(3257,2004,'41','ar',NULL,NULL),(3258,2004,'41','en',NULL,NULL),(3259,2005,'42','ar',NULL,NULL),(3260,2005,'42','en',NULL,NULL),(3261,2006,'36','ar',NULL,NULL),(3262,2006,'36','en',NULL,NULL),(3263,2007,'37','ar',NULL,NULL),(3264,2007,'37','en',NULL,NULL),(3265,2008,'38','ar',NULL,NULL),(3266,2008,'38','en',NULL,NULL),(3267,2009,'39','ar',NULL,NULL),(3268,2009,'39','en',NULL,NULL),(3269,2010,'40','ar',NULL,NULL),(3270,2010,'40','en',NULL,NULL),(3271,2011,'41','ar',NULL,NULL),(3272,2011,'41','en',NULL,NULL),(3273,2012,'42','ar',NULL,NULL),(3274,2012,'42','en',NULL,NULL),(3275,2013,'36','ar',NULL,NULL),(3276,2013,'36','en',NULL,NULL),(3277,2014,'37','ar',NULL,NULL),(3278,2014,'37','en',NULL,NULL),(3279,2015,'38','ar',NULL,NULL),(3280,2015,'38','en',NULL,NULL),(3281,2016,'39','ar',NULL,NULL),(3282,2016,'39','en',NULL,NULL),(3283,2017,'39','ar',NULL,NULL),(3284,2017,'39','en',NULL,NULL),(3285,2018,'40','ar',NULL,NULL),(3286,2018,'40','en',NULL,NULL),(3287,2019,'40','ar',NULL,NULL),(3288,2019,'40','en',NULL,NULL),(3289,2020,'41','ar',NULL,NULL),(3290,2020,'41','en',NULL,NULL),(3291,2021,'42','ar',NULL,NULL),(3292,2021,'42','en',NULL,NULL),(3293,2022,'36','ar',NULL,NULL),(3294,2022,'36','en',NULL,NULL),(3295,2023,'37','ar',NULL,NULL),(3296,2023,'37','en',NULL,NULL),(3297,2024,'38','ar',NULL,NULL),(3298,2024,'38','en',NULL,NULL),(3299,2025,'39','ar',NULL,NULL),(3300,2025,'39','en',NULL,NULL),(3301,2026,'40','ar',NULL,NULL),(3302,2026,'40','en',NULL,NULL),(3303,2027,'41','ar',NULL,NULL),(3304,2027,'41','en',NULL,NULL),(3305,2028,'42','ar',NULL,NULL),(3306,2028,'42','en',NULL,NULL),(3307,2029,'36','ar',NULL,NULL),(3308,2029,'36','en',NULL,NULL),(3309,2030,'37','ar',NULL,NULL),(3310,2030,'37','en',NULL,NULL),(3311,2031,'38','ar',NULL,NULL),(3312,2031,'38','en',NULL,NULL),(3313,2032,'39','ar',NULL,NULL),(3314,2032,'39','en',NULL,NULL),(3315,2033,'40','ar',NULL,NULL),(3316,2033,'40','en',NULL,NULL),(3317,2034,'41','ar',NULL,NULL),(3318,2034,'41','en',NULL,NULL),(3319,2035,'42','ar',NULL,NULL),(3320,2035,'42','en',NULL,NULL),(3321,2036,'36','ar',NULL,NULL),(3322,2036,'36','en',NULL,NULL),(3323,2037,'37','ar',NULL,NULL),(3324,2037,'37','en',NULL,NULL),(3325,2038,'38','ar',NULL,NULL),(3326,2038,'38','en',NULL,NULL),(3327,2039,'39','ar',NULL,NULL),(3328,2039,'39','en',NULL,NULL),(3329,2040,'40','ar',NULL,NULL),(3330,2040,'40','en',NULL,NULL),(3331,2041,'41','ar',NULL,NULL),(3332,2041,'41','en',NULL,NULL),(3333,2042,'42','ar',NULL,NULL),(3334,2042,'42','en',NULL,NULL),(3335,2043,'36','ar',NULL,NULL),(3336,2043,'36','en',NULL,NULL),(3337,2044,'37','ar',NULL,NULL),(3338,2044,'37','en',NULL,NULL),(3339,2045,'38','ar',NULL,NULL),(3340,2045,'38','en',NULL,NULL),(3341,2046,'39','ar',NULL,NULL),(3342,2046,'39','en',NULL,NULL),(3343,2047,'40','ar',NULL,NULL),(3344,2047,'40','en',NULL,NULL),(3345,2048,'41','ar',NULL,NULL),(3346,2048,'41','en',NULL,NULL),(3347,2049,'42','ar',NULL,NULL),(3348,2049,'42','en',NULL,NULL),(3349,2050,'36','ar',NULL,NULL),(3350,2050,'36','en',NULL,NULL),(3351,2051,'37','ar',NULL,NULL),(3352,2051,'37','en',NULL,NULL),(3353,2052,'38','ar',NULL,NULL),(3354,2052,'38','en',NULL,NULL),(3355,2053,'39','ar',NULL,NULL),(3356,2053,'39','en',NULL,NULL),(3357,2054,'40','ar',NULL,NULL),(3358,2054,'40','en',NULL,NULL),(3359,2055,'41','ar',NULL,NULL),(3360,2055,'41','en',NULL,NULL),(3361,2056,'42','ar',NULL,NULL),(3362,2056,'42','en',NULL,NULL),(3363,2057,'36','ar',NULL,NULL),(3364,2057,'36','en',NULL,NULL),(3365,2058,'37','ar',NULL,NULL),(3366,2058,'37','en',NULL,NULL),(3367,2059,'38','ar',NULL,NULL),(3368,2059,'38','en',NULL,NULL),(3369,2060,'39','ar',NULL,NULL),(3370,2060,'39','en',NULL,NULL),(3371,2061,'40','ar',NULL,NULL),(3372,2061,'40','en',NULL,NULL),(3373,2062,'41','ar',NULL,NULL),(3374,2062,'41','en',NULL,NULL),(3375,2063,'42','ar',NULL,NULL),(3376,2063,'42','en',NULL,NULL),(3377,2064,'36','ar',NULL,NULL),(3378,2064,'36','en',NULL,NULL),(3379,2065,'37','ar',NULL,NULL),(3380,2065,'37','en',NULL,NULL),(3381,2066,'38','ar',NULL,NULL),(3382,2066,'38','en',NULL,NULL),(3383,2067,'39','ar',NULL,NULL),(3384,2067,'39','en',NULL,NULL),(3385,2068,'40','ar',NULL,NULL),(3386,2068,'40','en',NULL,NULL),(3387,2069,'41','ar',NULL,NULL),(3388,2069,'41','en',NULL,NULL),(3389,2070,'42','ar',NULL,NULL),(3390,2070,'42','en',NULL,NULL),(3391,2071,'36','ar',NULL,NULL),(3392,2071,'36','en',NULL,NULL),(3393,2072,'37','ar',NULL,NULL),(3394,2072,'37','en',NULL,NULL),(3395,2073,'38','ar',NULL,NULL),(3396,2073,'38','en',NULL,NULL),(3397,2074,'39','ar',NULL,NULL),(3398,2074,'39','en',NULL,NULL),(3399,2075,'40','ar',NULL,NULL),(3400,2075,'40','en',NULL,NULL),(3401,2076,'41','ar',NULL,NULL),(3402,2076,'41','en',NULL,NULL),(3403,2077,'42','ar',NULL,NULL),(3404,2077,'42','en',NULL,NULL),(3405,2078,'36','ar',NULL,NULL),(3406,2078,'36','en',NULL,NULL),(3407,2079,'37','ar',NULL,NULL),(3408,2079,'37','en',NULL,NULL),(3409,2080,'38','ar',NULL,NULL),(3410,2080,'38','en',NULL,NULL),(3411,2081,'39','ar',NULL,NULL),(3412,2081,'39','en',NULL,NULL),(3413,2082,'40','ar',NULL,NULL),(3414,2082,'40','en',NULL,NULL),(3415,2083,'41','ar',NULL,NULL),(3416,2083,'41','en',NULL,NULL),(3417,2084,'42','ar',NULL,NULL),(3418,2084,'42','en',NULL,NULL),(3419,2085,'36','ar',NULL,NULL),(3420,2085,'36','en',NULL,NULL),(3421,2086,'37','ar',NULL,NULL),(3422,2086,'37','en',NULL,NULL),(3423,2087,'38','ar',NULL,NULL),(3424,2087,'38','en',NULL,NULL),(3425,2088,'39','ar',NULL,NULL),(3426,2088,'39','en',NULL,NULL),(3427,2089,'40','ar',NULL,NULL),(3428,2089,'40','en',NULL,NULL),(3429,2090,'41','ar',NULL,NULL),(3430,2090,'41','en',NULL,NULL),(3431,2091,'42','ar',NULL,NULL),(3432,2091,'42','en',NULL,NULL),(3433,2092,'36','ar',NULL,NULL),(3434,2092,'36','en',NULL,NULL),(3435,2093,'37','ar',NULL,NULL),(3436,2093,'37','en',NULL,NULL),(3437,2094,'38','ar',NULL,NULL),(3438,2094,'38','en',NULL,NULL),(3439,2095,'39','ar',NULL,NULL),(3440,2095,'39','en',NULL,NULL),(3441,2096,'40','ar',NULL,NULL),(3442,2096,'40','en',NULL,NULL),(3443,2097,'41','ar',NULL,NULL),(3444,2097,'41','en',NULL,NULL),(3445,2098,'42','ar',NULL,NULL),(3446,2098,'42','en',NULL,NULL),(3447,2099,'36','ar',NULL,NULL),(3448,2099,'36','en',NULL,NULL),(3449,2100,'37','ar',NULL,NULL),(3450,2100,'37','en',NULL,NULL),(3451,2101,'38','ar',NULL,NULL),(3452,2101,'38','en',NULL,NULL),(3453,2102,'39','ar',NULL,NULL),(3454,2102,'39','en',NULL,NULL),(3455,2103,'40','ar',NULL,NULL),(3456,2103,'40','en',NULL,NULL),(3457,2104,'41','ar',NULL,NULL),(3458,2104,'41','en',NULL,NULL),(3459,2105,'42','ar',NULL,NULL),(3460,2105,'42','en',NULL,NULL),(3461,2106,'36','ar',NULL,NULL),(3462,2106,'36','en',NULL,NULL),(3463,2107,'37','ar',NULL,NULL),(3464,2107,'37','en',NULL,NULL),(3465,2108,'38','ar',NULL,NULL),(3466,2108,'38','en',NULL,NULL),(3467,2109,'39','ar',NULL,NULL),(3468,2109,'39','en',NULL,NULL),(3469,2110,'40','ar',NULL,NULL),(3470,2110,'40','en',NULL,NULL),(3471,2111,'41','ar',NULL,NULL),(3472,2111,'41','en',NULL,NULL),(3473,2112,'42','ar',NULL,NULL),(3474,2112,'42','en',NULL,NULL),(3475,2113,'36','ar',NULL,NULL),(3476,2113,'36','en',NULL,NULL),(3477,2114,'37','ar',NULL,NULL),(3478,2114,'37','en',NULL,NULL),(3479,2115,'38','ar',NULL,NULL),(3480,2115,'38','en',NULL,NULL),(3481,2116,'39','ar',NULL,NULL),(3482,2116,'39','en',NULL,NULL),(3483,2117,'40','ar',NULL,NULL),(3484,2117,'40','en',NULL,NULL),(3485,2118,'41','ar',NULL,NULL),(3486,2118,'41','en',NULL,NULL),(3487,2119,'42','ar',NULL,NULL),(3488,2119,'42','en',NULL,NULL),(3489,2120,'36','ar',NULL,NULL),(3490,2120,'36','en',NULL,NULL),(3491,2121,'37','ar',NULL,NULL),(3492,2121,'37','en',NULL,NULL),(3493,2122,'38','ar',NULL,NULL),(3494,2122,'38','en',NULL,NULL),(3495,2123,'39','ar',NULL,NULL),(3496,2123,'39','en',NULL,NULL),(3497,2124,'40','ar',NULL,NULL),(3498,2124,'40','en',NULL,NULL),(3499,2125,'41','ar',NULL,NULL),(3500,2125,'41','en',NULL,NULL),(3501,2126,'42','ar',NULL,NULL),(3502,2126,'42','en',NULL,NULL),(3503,2127,'36','ar',NULL,NULL),(3504,2127,'36','en',NULL,NULL),(3505,2128,'37','ar',NULL,NULL),(3506,2128,'37','en',NULL,NULL),(3507,2129,'38','ar',NULL,NULL),(3508,2129,'38','en',NULL,NULL),(3509,2130,'39','ar',NULL,NULL),(3510,2130,'39','en',NULL,NULL),(3511,2131,'40','ar',NULL,NULL),(3512,2131,'40','en',NULL,NULL),(3513,2132,'41','ar',NULL,NULL),(3514,2132,'41','en',NULL,NULL),(3515,2133,'42','ar',NULL,NULL),(3516,2133,'42','en',NULL,NULL),(3517,2134,'36','ar',NULL,NULL),(3518,2134,'36','en',NULL,NULL),(3519,2135,'37','ar',NULL,NULL),(3520,2135,'37','en',NULL,NULL),(3521,2136,'38','ar',NULL,NULL),(3522,2136,'38','en',NULL,NULL),(3523,2137,'39','ar',NULL,NULL),(3524,2137,'39','en',NULL,NULL),(3525,2138,'40','ar',NULL,NULL),(3526,2138,'40','en',NULL,NULL),(3527,2139,'41','ar',NULL,NULL),(3528,2139,'41','en',NULL,NULL),(3529,2140,'42','ar',NULL,NULL),(3530,2140,'42','en',NULL,NULL),(3531,2141,'36','ar',NULL,NULL),(3532,2141,'36','en',NULL,NULL),(3533,2142,'37','ar',NULL,NULL),(3534,2142,'37','en',NULL,NULL),(3535,2143,'38','ar',NULL,NULL),(3536,2143,'38','en',NULL,NULL),(3537,2144,'39','ar',NULL,NULL),(3538,2144,'39','en',NULL,NULL),(3539,2145,'40','ar',NULL,NULL),(3540,2145,'40','en',NULL,NULL),(3541,2146,'41','ar',NULL,NULL),(3542,2146,'41','en',NULL,NULL),(3543,2147,'42','ar',NULL,NULL),(3544,2147,'42','en',NULL,NULL),(3545,2148,'36','ar',NULL,NULL),(3546,2148,'36','en',NULL,NULL),(3547,2149,'37','ar',NULL,NULL),(3548,2149,'37','en',NULL,NULL),(3549,2150,'38','ar',NULL,NULL),(3550,2150,'38','en',NULL,NULL),(3551,2151,'39','ar',NULL,NULL),(3552,2151,'39','en',NULL,NULL),(3553,2152,'40','ar',NULL,NULL),(3554,2152,'40','en',NULL,NULL),(3555,2153,'41','ar',NULL,NULL),(3556,2153,'41','en',NULL,NULL),(3557,2154,'42','ar',NULL,NULL),(3558,2154,'42','en',NULL,NULL),(3559,2155,'36','ar',NULL,NULL),(3560,2155,'36','en',NULL,NULL),(3561,2156,'37','ar',NULL,NULL),(3562,2156,'37','en',NULL,NULL),(3563,2157,'38','ar',NULL,NULL),(3564,2157,'38','en',NULL,NULL),(3565,2158,'39','ar',NULL,NULL),(3566,2158,'39','en',NULL,NULL),(3567,2159,'40','ar',NULL,NULL),(3568,2159,'40','en',NULL,NULL),(3569,2160,'41','ar',NULL,NULL),(3570,2160,'41','en',NULL,NULL),(3571,2161,'42','ar',NULL,NULL),(3572,2161,'42','en',NULL,NULL),(3573,2162,'36','ar',NULL,NULL),(3574,2162,'36','en',NULL,NULL),(3575,2163,'37','ar',NULL,NULL),(3576,2163,'37','en',NULL,NULL),(3577,2164,'38','ar',NULL,NULL),(3578,2164,'38','en',NULL,NULL),(3579,2165,'39','ar',NULL,NULL),(3580,2165,'39','en',NULL,NULL),(3581,2166,'40','ar',NULL,NULL),(3582,2166,'40','en',NULL,NULL),(3583,2167,'41','ar',NULL,NULL),(3584,2167,'41','en',NULL,NULL),(3585,2168,'42','ar',NULL,NULL),(3586,2168,'42','en',NULL,NULL),(3587,2169,'36','ar',NULL,NULL),(3588,2169,'36','en',NULL,NULL),(3589,2170,'37','ar',NULL,NULL),(3590,2170,'37','en',NULL,NULL),(3591,2171,'38','ar',NULL,NULL),(3592,2171,'38','en',NULL,NULL),(3593,2172,'39','ar',NULL,NULL),(3594,2172,'39','en',NULL,NULL),(3595,2173,'40','ar',NULL,NULL),(3596,2173,'40','en',NULL,NULL),(3597,2174,'41','ar',NULL,NULL),(3598,2174,'41','en',NULL,NULL),(3599,2175,'42','ar',NULL,NULL),(3600,2175,'42','en',NULL,NULL),(3601,2176,'36','ar',NULL,NULL),(3602,2176,'36','en',NULL,NULL),(3603,2177,'37','ar',NULL,NULL),(3604,2177,'37','en',NULL,NULL),(3605,2178,'38','ar',NULL,NULL),(3606,2178,'38','en',NULL,NULL),(3607,2179,'39','ar',NULL,NULL),(3608,2179,'39','en',NULL,NULL),(3609,2180,'40','ar',NULL,NULL),(3610,2180,'40','en',NULL,NULL),(3611,2181,'41','ar',NULL,NULL),(3612,2181,'41','en',NULL,NULL),(3613,2182,'42','ar',NULL,NULL),(3614,2182,'42','en',NULL,NULL),(3615,2183,'42','ar',NULL,NULL),(3616,2183,'42','en',NULL,NULL),(3617,2184,'36','ar',NULL,NULL),(3618,2184,'36','en',NULL,NULL),(3619,2185,'37','ar',NULL,NULL),(3620,2185,'37','en',NULL,NULL),(3621,2186,'38','ar',NULL,NULL),(3622,2186,'38','en',NULL,NULL),(3623,2187,'39','ar',NULL,NULL),(3624,2187,'39','en',NULL,NULL),(3625,2188,'40','ar',NULL,NULL),(3626,2188,'40','en',NULL,NULL),(3627,2189,'41','ar',NULL,NULL),(3628,2189,'41','en',NULL,NULL),(3629,2190,'42','ar',NULL,NULL),(3630,2190,'42','en',NULL,NULL),(3631,2191,'36','ar',NULL,NULL),(3632,2191,'36','en',NULL,NULL),(3633,2192,'37','ar',NULL,NULL),(3634,2192,'37','en',NULL,NULL),(3635,2193,'38','ar',NULL,NULL),(3636,2193,'38','en',NULL,NULL),(3637,2194,'38','ar',NULL,NULL),(3638,2194,'38','en',NULL,NULL),(3639,2195,'39','ar',NULL,NULL),(3640,2195,'39','en',NULL,NULL),(3641,2196,'40','ar',NULL,NULL),(3642,2196,'40','en',NULL,NULL),(3643,2197,'41','ar',NULL,NULL),(3644,2197,'41','en',NULL,NULL),(3645,2198,'42','ar',NULL,NULL),(3646,2198,'42','en',NULL,NULL),(3647,2199,'36','ar',NULL,NULL),(3648,2199,'36','en',NULL,NULL),(3649,2200,'37','ar',NULL,NULL),(3650,2200,'37','en',NULL,NULL),(3651,2201,'38','ar',NULL,NULL),(3652,2201,'38','en',NULL,NULL),(3653,2202,'39','ar',NULL,NULL),(3654,2202,'39','en',NULL,NULL),(3655,2203,'40','ar',NULL,NULL),(3656,2203,'40','en',NULL,NULL),(3657,2204,'41','ar',NULL,NULL),(3658,2204,'41','en',NULL,NULL),(3659,2205,'42','ar',NULL,NULL),(3660,2205,'42','en',NULL,NULL),(3661,2206,'36','ar',NULL,NULL),(3662,2206,'36','en',NULL,NULL),(3663,2207,'37','ar',NULL,NULL),(3664,2207,'37','en',NULL,NULL),(3665,2208,'38','ar',NULL,NULL),(3666,2208,'38','en',NULL,NULL),(3667,2209,'39','ar',NULL,NULL),(3668,2209,'39','en',NULL,NULL),(3669,2210,'40','ar',NULL,NULL),(3670,2210,'40','en',NULL,NULL),(3671,2211,'41','ar',NULL,NULL),(3672,2211,'41','en',NULL,NULL),(3673,2212,'42','ar',NULL,NULL),(3674,2212,'42','en',NULL,NULL),(3675,2213,'36','ar',NULL,NULL),(3676,2213,'36','en',NULL,NULL),(3677,2214,'37','ar',NULL,NULL),(3678,2214,'37','en',NULL,NULL),(3679,2215,'38','ar',NULL,NULL),(3680,2215,'38','en',NULL,NULL),(3681,2216,'39','ar',NULL,NULL),(3682,2216,'39','en',NULL,NULL),(3683,2217,'40','ar',NULL,NULL),(3684,2217,'40','en',NULL,NULL),(3685,2218,'41','ar',NULL,NULL),(3686,2218,'41','en',NULL,NULL),(3687,2219,'42','ar',NULL,NULL),(3688,2219,'42','en',NULL,NULL),(3689,2220,'36','ar',NULL,NULL),(3690,2220,'36','en',NULL,NULL),(3691,2221,'37','ar',NULL,NULL),(3692,2221,'37','en',NULL,NULL),(3693,2222,'38','ar',NULL,NULL),(3694,2222,'38','en',NULL,NULL),(3695,2223,'39','ar',NULL,NULL),(3696,2223,'39','en',NULL,NULL),(3697,2224,'40','ar',NULL,NULL),(3698,2224,'40','en',NULL,NULL),(3699,2225,'41','ar',NULL,NULL),(3700,2225,'41','en',NULL,NULL),(3701,2226,'42','ar',NULL,NULL),(3702,2226,'42','en',NULL,NULL),(3703,2227,'36','ar',NULL,NULL),(3704,2227,'36','en',NULL,NULL),(3705,2228,'37','ar',NULL,NULL),(3706,2228,'37','en',NULL,NULL),(3707,2229,'38','ar',NULL,NULL),(3708,2229,'38','en',NULL,NULL),(3709,2230,'39','ar',NULL,NULL),(3710,2230,'39','en',NULL,NULL),(3711,2231,'40','ar',NULL,NULL),(3712,2231,'40','en',NULL,NULL),(3713,2232,'41','ar',NULL,NULL),(3714,2232,'41','en',NULL,NULL),(3715,2233,'42','ar',NULL,NULL),(3716,2233,'42','en',NULL,NULL),(3717,2234,'36','ar',NULL,NULL),(3718,2234,'36','en',NULL,NULL),(3719,2235,'37','ar',NULL,NULL),(3720,2235,'37','en',NULL,NULL),(3721,2236,'38','ar',NULL,NULL),(3722,2236,'38','en',NULL,NULL),(3723,2237,'39','ar',NULL,NULL),(3724,2237,'39','en',NULL,NULL),(3725,2238,'40','ar',NULL,NULL),(3726,2238,'40','en',NULL,NULL),(3727,2239,'41','ar',NULL,NULL),(3728,2239,'41','en',NULL,NULL),(3729,2240,'42','ar',NULL,NULL),(3730,2240,'42','en',NULL,NULL),(3731,2241,'36','ar',NULL,NULL),(3732,2241,'36','en',NULL,NULL),(3733,2242,'37','ar',NULL,NULL),(3734,2242,'37','en',NULL,NULL),(3735,2243,'38','ar',NULL,NULL),(3736,2243,'38','en',NULL,NULL),(3737,2244,'39','ar',NULL,NULL),(3738,2244,'39','en',NULL,NULL),(3739,2245,'40','ar',NULL,NULL),(3740,2245,'40','en',NULL,NULL),(3741,2246,'41','ar',NULL,NULL),(3742,2246,'41','en',NULL,NULL),(3743,2247,'42','ar',NULL,NULL),(3744,2247,'42','en',NULL,NULL),(3747,2249,'36','ar',NULL,NULL),(3748,2249,'36','en',NULL,NULL),(3749,2250,'37','ar',NULL,NULL),(3750,2250,'37','en',NULL,NULL),(3751,2251,'38','ar',NULL,NULL),(3752,2251,'38','en',NULL,NULL),(3753,2252,'39','ar',NULL,NULL),(3754,2252,'39','en',NULL,NULL),(3755,2253,'40','ar',NULL,NULL),(3756,2253,'40','en',NULL,NULL),(3757,2254,'41','ar',NULL,NULL),(3758,2254,'41','en',NULL,NULL),(3759,2255,'42','ar',NULL,NULL),(3760,2255,'42','en',NULL,NULL),(3761,2256,'36','ar',NULL,NULL),(3762,2256,'36','en',NULL,NULL),(3763,2257,'37','ar',NULL,NULL),(3764,2257,'37','en',NULL,NULL),(3765,2258,'38','ar',NULL,NULL),(3766,2258,'38','en',NULL,NULL),(3767,2259,'39','ar',NULL,NULL),(3768,2259,'39','en',NULL,NULL),(3769,2260,'40','ar',NULL,NULL),(3770,2260,'40','en',NULL,NULL),(3771,2261,'41','ar',NULL,NULL),(3772,2261,'41','en',NULL,NULL),(3773,2262,'42','ar',NULL,NULL),(3774,2262,'42','en',NULL,NULL),(3775,2263,'42','ar',NULL,NULL),(3776,2263,'42','en',NULL,NULL),(3777,2264,'42','ar',NULL,NULL),(3778,2264,'42','en',NULL,NULL),(3779,2265,'42','ar',NULL,NULL),(3780,2265,'42','en',NULL,NULL),(3781,2266,'42','ar',NULL,NULL),(3782,2266,'42','en',NULL,NULL),(3783,2267,'42','ar',NULL,NULL),(3784,2267,'42','en',NULL,NULL),(3785,2268,'42','ar',NULL,NULL),(3786,2268,'42','en',NULL,NULL),(3787,2269,'36','ar',NULL,NULL),(3788,2269,'36','en',NULL,NULL),(3789,2270,'37','ar',NULL,NULL),(3790,2270,'37','en',NULL,NULL),(3791,2271,'38','ar',NULL,NULL),(3792,2271,'38','en',NULL,NULL),(3793,2272,'39','ar',NULL,NULL),(3794,2272,'39','en',NULL,NULL),(3795,2273,'40','ar',NULL,NULL),(3796,2273,'40','en',NULL,NULL),(3797,2274,'41','ar',NULL,NULL),(3798,2274,'41','en',NULL,NULL),(3799,2275,'42','ar',NULL,NULL),(3800,2275,'42','en',NULL,NULL),(3801,2276,'36','ar',NULL,NULL),(3802,2276,'36','en',NULL,NULL),(3803,2277,'37','ar',NULL,NULL),(3804,2277,'37','en',NULL,NULL),(3805,2278,'37','ar',NULL,NULL),(3806,2278,'37','en',NULL,NULL),(3807,2279,'38','ar',NULL,NULL),(3808,2279,'38','en',NULL,NULL),(3809,2280,'39','ar',NULL,NULL),(3810,2280,'39','en',NULL,NULL),(3811,2281,'40','ar',NULL,NULL),(3812,2281,'40','en',NULL,NULL),(3813,2282,'41','ar',NULL,NULL),(3814,2282,'41','en',NULL,NULL),(3815,2283,'42','ar',NULL,NULL),(3816,2283,'42','en',NULL,NULL),(3817,2284,'36','ar',NULL,NULL),(3818,2284,'36','en',NULL,NULL),(3819,2285,'37','ar',NULL,NULL),(3820,2285,'37','en',NULL,NULL),(3821,2286,'38','ar',NULL,NULL),(3822,2286,'38','en',NULL,NULL),(3823,2287,'39','ar',NULL,NULL),(3824,2287,'39','en',NULL,NULL),(3825,2288,'40','ar',NULL,NULL),(3826,2288,'40','en',NULL,NULL),(3827,2289,'41','ar',NULL,NULL),(3828,2289,'41','en',NULL,NULL),(3829,2290,'42','ar',NULL,NULL),(3830,2290,'42','en',NULL,NULL),(3831,2291,'36','ar',NULL,NULL),(3832,2291,'36','en',NULL,NULL),(3833,2292,'37','ar',NULL,NULL),(3834,2292,'37','en',NULL,NULL),(3835,2293,'38','ar',NULL,NULL),(3836,2293,'38','en',NULL,NULL),(3837,2294,'39','ar',NULL,NULL),(3838,2294,'39','en',NULL,NULL),(3839,2295,'40','ar',NULL,NULL),(3840,2295,'40','en',NULL,NULL),(3841,2296,'41','ar',NULL,NULL),(3842,2296,'41','en',NULL,NULL),(3843,2297,'42','ar',NULL,NULL),(3844,2297,'42','en',NULL,NULL),(3845,2298,'36','ar',NULL,NULL),(3846,2298,'36','en',NULL,NULL),(3847,2299,'37','ar',NULL,NULL),(3848,2299,'37','en',NULL,NULL),(3849,2300,'38','ar',NULL,NULL),(3850,2300,'38','en',NULL,NULL),(3851,2301,'39','ar',NULL,NULL),(3852,2301,'39','en',NULL,NULL),(3853,2302,'40','ar',NULL,NULL),(3854,2302,'40','en',NULL,NULL),(3855,2303,'41','ar',NULL,NULL),(3856,2303,'41','en',NULL,NULL),(3857,2304,'42','ar',NULL,NULL),(3858,2304,'42','en',NULL,NULL),(3859,2305,'36','ar',NULL,NULL),(3860,2305,'36','en',NULL,NULL),(3861,2306,'37','ar',NULL,NULL),(3862,2306,'37','en',NULL,NULL),(3863,2307,'38','ar',NULL,NULL),(3864,2307,'38','en',NULL,NULL),(3865,2308,'39','ar',NULL,NULL),(3866,2308,'39','en',NULL,NULL),(3867,2309,'40','ar',NULL,NULL),(3868,2309,'40','en',NULL,NULL),(3869,2310,'41','ar',NULL,NULL),(3870,2310,'41','en',NULL,NULL),(3871,2311,'42','ar',NULL,NULL),(3872,2311,'42','en',NULL,NULL),(3873,2312,'36','ar',NULL,NULL),(3874,2312,'36','en',NULL,NULL),(3875,2313,'37','ar',NULL,NULL),(3876,2313,'37','en',NULL,NULL),(3877,2314,'38','ar',NULL,NULL),(3878,2314,'38','en',NULL,NULL),(3879,2315,'39','ar',NULL,NULL),(3880,2315,'39','en',NULL,NULL),(3881,2316,'40','ar',NULL,NULL),(3882,2316,'40','en',NULL,NULL),(3883,2317,'41','ar',NULL,NULL),(3884,2317,'41','en',NULL,NULL),(3885,2318,'42','ar',NULL,NULL),(3886,2318,'42','en',NULL,NULL),(3887,2319,'36','ar',NULL,NULL),(3888,2319,'36','en',NULL,NULL),(3889,2320,'37','ar',NULL,NULL),(3890,2320,'37','en',NULL,NULL),(3891,2321,'38','ar',NULL,NULL),(3892,2321,'38','en',NULL,NULL),(3893,2322,'39','ar',NULL,NULL),(3894,2322,'39','en',NULL,NULL),(3895,2323,'40','ar',NULL,NULL),(3896,2323,'40','en',NULL,NULL),(3897,2324,'41','ar',NULL,NULL),(3898,2324,'41','en',NULL,NULL),(3899,2325,'42','ar',NULL,NULL),(3900,2325,'42','en',NULL,NULL),(3901,2326,'36','ar',NULL,NULL),(3902,2326,'36','en',NULL,NULL),(3903,2327,'37','ar',NULL,NULL),(3904,2327,'37','en',NULL,NULL),(3905,2328,'38','ar',NULL,NULL),(3906,2328,'38','en',NULL,NULL),(3907,2329,'39','ar',NULL,NULL),(3908,2329,'39','en',NULL,NULL),(3909,2330,'40','ar',NULL,NULL),(3910,2330,'40','en',NULL,NULL),(3911,2331,'41','ar',NULL,NULL),(3912,2331,'41','en',NULL,NULL),(3913,2332,'42','ar',NULL,NULL),(3914,2332,'42','en',NULL,NULL),(3915,2333,'36','ar',NULL,NULL),(3916,2333,'36','en',NULL,NULL),(3917,2334,'37','ar',NULL,NULL),(3918,2334,'37','en',NULL,NULL),(3919,2335,'38','ar',NULL,NULL),(3920,2335,'38','en',NULL,NULL),(3921,2336,'39','ar',NULL,NULL),(3922,2336,'39','en',NULL,NULL),(3923,2337,'40','ar',NULL,NULL),(3924,2337,'40','en',NULL,NULL),(3925,2338,'41','ar',NULL,NULL),(3926,2338,'41','en',NULL,NULL),(3927,2339,'42','ar',NULL,NULL),(3928,2339,'42','en',NULL,NULL),(3929,2340,'36','ar',NULL,NULL),(3930,2340,'36','en',NULL,NULL),(3931,2341,'37','ar',NULL,NULL),(3932,2341,'37','en',NULL,NULL),(3933,2342,'38','ar',NULL,NULL),(3934,2342,'38','en',NULL,NULL),(3935,2343,'39','ar',NULL,NULL),(3936,2343,'39','en',NULL,NULL),(3937,2344,'40','ar',NULL,NULL),(3938,2344,'40','en',NULL,NULL),(3939,2345,'41','ar',NULL,NULL),(3940,2345,'41','en',NULL,NULL),(3941,2346,'42','ar',NULL,NULL),(3942,2346,'42','en',NULL,NULL),(3943,2347,'36','ar',NULL,NULL),(3944,2347,'36','en',NULL,NULL),(3945,2348,'37','ar',NULL,NULL),(3946,2348,'37','en',NULL,NULL),(3947,2349,'38','ar',NULL,NULL),(3948,2349,'38','en',NULL,NULL),(3949,2350,'39','ar',NULL,NULL),(3950,2350,'39','en',NULL,NULL),(3951,2351,'40','ar',NULL,NULL),(3952,2351,'40','en',NULL,NULL),(3953,2352,'41','ar',NULL,NULL),(3954,2352,'41','en',NULL,NULL),(3955,2353,'42','ar',NULL,NULL),(3956,2353,'42','en',NULL,NULL),(3957,2354,'36','ar',NULL,NULL),(3958,2354,'36','en',NULL,NULL),(3959,2355,'37','ar',NULL,NULL),(3960,2355,'37','en',NULL,NULL),(3961,2356,'38','ar',NULL,NULL),(3962,2356,'38','en',NULL,NULL),(3963,2357,'39','ar',NULL,NULL),(3964,2357,'39','en',NULL,NULL),(3965,2358,'40','ar',NULL,NULL),(3966,2358,'40','en',NULL,NULL),(3967,2359,'41','ar',NULL,NULL),(3968,2359,'41','en',NULL,NULL),(3969,2360,'42','ar',NULL,NULL),(3970,2360,'42','en',NULL,NULL),(3971,2361,'36','ar',NULL,NULL),(3972,2361,'36','en',NULL,NULL),(3973,2362,'37','ar',NULL,NULL),(3974,2362,'37','en',NULL,NULL),(3975,2363,'38','ar',NULL,NULL),(3976,2363,'38','en',NULL,NULL),(3977,2364,'39','ar',NULL,NULL),(3978,2364,'39','en',NULL,NULL),(3979,2365,'40','ar',NULL,NULL),(3980,2365,'40','en',NULL,NULL),(3981,2366,'41','ar',NULL,NULL),(3982,2366,'41','en',NULL,NULL),(3983,2367,'42','ar',NULL,NULL),(3984,2367,'42','en',NULL,NULL),(3985,2368,'36','ar',NULL,NULL),(3986,2368,'36','en',NULL,NULL),(3987,2369,'37','ar',NULL,NULL),(3988,2369,'37','en',NULL,NULL),(3989,2370,'38','ar',NULL,NULL),(3990,2370,'38','en',NULL,NULL),(3991,2371,'39','ar',NULL,NULL),(3992,2371,'39','en',NULL,NULL),(3993,2372,'40','ar',NULL,NULL),(3994,2372,'40','en',NULL,NULL),(3995,2373,'41','ar',NULL,NULL),(3996,2373,'41','en',NULL,NULL),(3997,2374,'42','ar',NULL,NULL),(3998,2374,'42','en',NULL,NULL),(3999,2375,'36','ar',NULL,NULL),(4000,2375,'36','en',NULL,NULL),(4001,2376,'37','ar',NULL,NULL),(4002,2376,'37','en',NULL,NULL),(4003,2377,'38','ar',NULL,NULL),(4004,2377,'38','en',NULL,NULL),(4005,2378,'39','ar',NULL,NULL),(4006,2378,'39','en',NULL,NULL),(4007,2379,'40','ar',NULL,NULL),(4008,2379,'40','en',NULL,NULL),(4009,2380,'41','ar',NULL,NULL),(4010,2380,'41','en',NULL,NULL),(4011,2381,'42','ar',NULL,NULL),(4012,2381,'42','en',NULL,NULL),(4013,2382,'36','ar',NULL,NULL),(4014,2382,'36','en',NULL,NULL),(4015,2383,'37','ar',NULL,NULL),(4016,2383,'37','en',NULL,NULL),(4017,2384,'38','ar',NULL,NULL),(4018,2384,'38','en',NULL,NULL),(4019,2385,'39','ar',NULL,NULL),(4020,2385,'39','en',NULL,NULL),(4021,2386,'40','ar',NULL,NULL),(4022,2386,'40','en',NULL,NULL),(4023,2387,'41','ar',NULL,NULL),(4024,2387,'41','en',NULL,NULL),(4025,2388,'42','ar',NULL,NULL),(4026,2388,'42','en',NULL,NULL),(4027,2389,'36','ar',NULL,NULL),(4028,2389,'36','en',NULL,NULL),(4029,2390,'37','ar',NULL,NULL),(4030,2390,'37','en',NULL,NULL),(4031,2391,'38','ar',NULL,NULL),(4032,2391,'38','en',NULL,NULL),(4033,2392,'39','ar',NULL,NULL),(4034,2392,'39','en',NULL,NULL),(4035,2393,'40','ar',NULL,NULL),(4036,2393,'40','en',NULL,NULL),(4037,2394,'41','ar',NULL,NULL),(4038,2394,'41','en',NULL,NULL),(4039,2395,'42','ar',NULL,NULL),(4040,2395,'42','en',NULL,NULL),(4041,2396,'36','ar',NULL,NULL),(4042,2396,'36','en',NULL,NULL),(4043,2397,'37','ar',NULL,NULL),(4044,2397,'37','en',NULL,NULL),(4045,2398,'38','ar',NULL,NULL),(4046,2398,'38','en',NULL,NULL),(4047,2399,'39','ar',NULL,NULL),(4048,2399,'39','en',NULL,NULL),(4049,2400,'40','ar',NULL,NULL),(4050,2400,'40','en',NULL,NULL),(4051,2401,'41','ar',NULL,NULL),(4052,2401,'41','en',NULL,NULL),(4053,2402,'42','ar',NULL,NULL),(4054,2402,'42','en',NULL,NULL),(4055,2403,'36','ar',NULL,NULL),(4056,2403,'36','en',NULL,NULL),(4057,2404,'37','ar',NULL,NULL),(4058,2404,'37','en',NULL,NULL),(4059,2405,'38','ar',NULL,NULL),(4060,2405,'38','en',NULL,NULL),(4061,2406,'39','ar',NULL,NULL),(4062,2406,'39','en',NULL,NULL),(4063,2407,'40','ar',NULL,NULL),(4064,2407,'40','en',NULL,NULL),(4065,2408,'41','ar',NULL,NULL),(4066,2408,'41','en',NULL,NULL),(4067,2409,'42','ar',NULL,NULL),(4068,2409,'42','en',NULL,NULL),(4069,2410,'36','ar',NULL,NULL),(4070,2410,'36','en',NULL,NULL),(4071,2411,'37','ar',NULL,NULL),(4072,2411,'37','en',NULL,NULL),(4073,2412,'38','ar',NULL,NULL),(4074,2412,'38','en',NULL,NULL),(4075,2413,'39','ar',NULL,NULL),(4076,2413,'39','en',NULL,NULL),(4077,2414,'40','ar',NULL,NULL),(4078,2414,'40','en',NULL,NULL),(4079,2415,'41','ar',NULL,NULL),(4080,2415,'41','en',NULL,NULL),(4081,2416,'42','ar',NULL,NULL),(4082,2416,'42','en',NULL,NULL),(4083,2417,'36','ar',NULL,NULL),(4084,2417,'36','en',NULL,NULL),(4085,2418,'37','ar',NULL,NULL),(4086,2418,'37','en',NULL,NULL),(4087,2419,'38','ar',NULL,NULL),(4088,2419,'38','en',NULL,NULL),(4089,2420,'39','ar',NULL,NULL),(4090,2420,'39','en',NULL,NULL),(4091,2421,'40','ar',NULL,NULL),(4092,2421,'40','en',NULL,NULL),(4093,2422,'41','ar',NULL,NULL),(4094,2422,'41','en',NULL,NULL),(4095,2423,'42','ar',NULL,NULL),(4096,2423,'42','en',NULL,NULL),(4097,2424,'36','ar',NULL,NULL),(4098,2424,'36','en',NULL,NULL),(4099,2425,'37','ar',NULL,NULL),(4100,2425,'37','en',NULL,NULL),(4101,2426,'38','ar',NULL,NULL),(4102,2426,'38','en',NULL,NULL),(4103,2427,'39','ar',NULL,NULL),(4104,2427,'39','en',NULL,NULL),(4105,2428,'40','ar',NULL,NULL),(4106,2428,'40','en',NULL,NULL),(4107,2429,'41','ar',NULL,NULL),(4108,2429,'41','en',NULL,NULL),(4109,2430,'42','ar',NULL,NULL),(4110,2430,'42','en',NULL,NULL),(4111,2431,'36','ar',NULL,NULL),(4112,2431,'36','en',NULL,NULL),(4113,2432,'37','ar',NULL,NULL),(4114,2432,'37','en',NULL,NULL),(4115,2433,'38','ar',NULL,NULL),(4116,2433,'38','en',NULL,NULL),(4117,2434,'39','ar',NULL,NULL),(4118,2434,'39','en',NULL,NULL),(4119,2435,'40','ar',NULL,NULL),(4120,2435,'40','en',NULL,NULL),(4121,2436,'41','ar',NULL,NULL),(4122,2436,'41','en',NULL,NULL),(4123,2437,'42','ar',NULL,NULL),(4124,2437,'42','en',NULL,NULL),(4125,2438,'36','ar',NULL,NULL),(4126,2438,'36','en',NULL,NULL),(4127,2439,'37','ar',NULL,NULL),(4128,2439,'37','en',NULL,NULL),(4129,2440,'38','ar',NULL,NULL),(4130,2440,'38','en',NULL,NULL),(4131,2441,'39','ar',NULL,NULL),(4132,2441,'39','en',NULL,NULL),(4133,2442,'40','ar',NULL,NULL),(4134,2442,'40','en',NULL,NULL),(4135,2443,'41','ar',NULL,NULL),(4136,2443,'41','en',NULL,NULL),(4137,2444,'42','ar',NULL,NULL),(4138,2444,'42','en',NULL,NULL),(4139,2445,'36','ar',NULL,NULL),(4140,2445,'36','en',NULL,NULL),(4141,2446,'37','ar',NULL,NULL),(4142,2446,'37','en',NULL,NULL),(4143,2447,'38','ar',NULL,NULL),(4144,2447,'38','en',NULL,NULL),(4145,2448,'39','ar',NULL,NULL),(4146,2448,'39','en',NULL,NULL),(4147,2449,'40','ar',NULL,NULL),(4148,2449,'40','en',NULL,NULL),(4149,2450,'41','ar',NULL,NULL),(4150,2450,'41','en',NULL,NULL),(4151,2451,'42','ar',NULL,NULL),(4152,2451,'42','en',NULL,NULL),(4153,2452,'36','ar',NULL,NULL),(4154,2452,'36','en',NULL,NULL),(4155,2453,'37','ar',NULL,NULL),(4156,2453,'37','en',NULL,NULL),(4157,2454,'38','ar',NULL,NULL),(4158,2454,'38','en',NULL,NULL),(4159,2455,'39','ar',NULL,NULL),(4160,2455,'39','en',NULL,NULL),(4161,2456,'40','ar',NULL,NULL),(4162,2456,'40','en',NULL,NULL),(4163,2457,'41','ar',NULL,NULL),(4164,2457,'41','en',NULL,NULL),(4165,2458,'42','ar',NULL,NULL),(4166,2458,'42','en',NULL,NULL),(4167,2459,'36','ar',NULL,NULL),(4168,2459,'36','en',NULL,NULL),(4169,2460,'37','ar',NULL,NULL),(4170,2460,'37','en',NULL,NULL),(4171,2461,'38','ar',NULL,NULL),(4172,2461,'38','en',NULL,NULL),(4173,2462,'39','ar',NULL,NULL),(4174,2462,'39','en',NULL,NULL),(4175,2463,'40','ar',NULL,NULL),(4176,2463,'40','en',NULL,NULL),(4177,2464,'41','ar',NULL,NULL),(4178,2464,'41','en',NULL,NULL),(4179,2465,'42','ar',NULL,NULL),(4180,2465,'42','en',NULL,NULL),(4181,2466,'36','ar',NULL,NULL),(4182,2466,'36','en',NULL,NULL),(4183,2467,'37','ar',NULL,NULL),(4184,2467,'37','en',NULL,NULL),(4185,2468,'38','ar',NULL,NULL),(4186,2468,'38','en',NULL,NULL),(4187,2469,'39','ar',NULL,NULL),(4188,2469,'39','en',NULL,NULL),(4189,2470,'40','ar',NULL,NULL),(4190,2470,'40','en',NULL,NULL),(4191,2471,'41','ar',NULL,NULL),(4192,2471,'41','en',NULL,NULL),(4193,2472,'42','ar',NULL,NULL),(4194,2472,'42','en',NULL,NULL),(4195,2473,'36','ar',NULL,NULL),(4196,2473,'36','en',NULL,NULL),(4197,2474,'37','ar',NULL,NULL),(4198,2474,'37','en',NULL,NULL),(4199,2475,'38','ar',NULL,NULL),(4200,2475,'38','en',NULL,NULL),(4201,2476,'39','ar',NULL,NULL),(4202,2476,'39','en',NULL,NULL),(4203,2477,'40','ar',NULL,NULL),(4204,2477,'40','en',NULL,NULL),(4205,2478,'41','ar',NULL,NULL),(4206,2478,'41','en',NULL,NULL),(4207,2479,'42','ar',NULL,NULL),(4208,2479,'42','en',NULL,NULL),(4209,2480,'36','ar',NULL,NULL),(4210,2480,'36','en',NULL,NULL),(4211,2481,'37','ar',NULL,NULL),(4212,2481,'37','en',NULL,NULL),(4213,2482,'38','ar',NULL,NULL),(4214,2482,'38','en',NULL,NULL),(4215,2483,'39','ar',NULL,NULL),(4216,2483,'39','en',NULL,NULL),(4217,2484,'40','ar',NULL,NULL),(4218,2484,'40','en',NULL,NULL),(4219,2485,'41','ar',NULL,NULL),(4220,2485,'41','en',NULL,NULL),(4221,2486,'41','ar',NULL,NULL),(4222,2486,'41','en',NULL,NULL),(4223,2487,'42','ar',NULL,NULL),(4224,2487,'42','en',NULL,NULL),(4225,2488,'36','ar',NULL,NULL),(4226,2488,'36','en',NULL,NULL),(4227,2489,'37','ar',NULL,NULL),(4228,2489,'37','en',NULL,NULL),(4229,2490,'38','ar',NULL,NULL),(4230,2490,'38','en',NULL,NULL),(4231,2491,'39','ar',NULL,NULL),(4232,2491,'39','en',NULL,NULL),(4233,2492,'40','ar',NULL,NULL),(4234,2492,'40','en',NULL,NULL),(4235,2493,'41','ar',NULL,NULL),(4236,2493,'41','en',NULL,NULL),(4237,2494,'36','ar',NULL,NULL),(4238,2494,'36','en',NULL,NULL),(4239,2495,'37','ar',NULL,NULL),(4240,2495,'37','en',NULL,NULL),(4241,2496,'38','ar',NULL,NULL),(4242,2496,'38','en',NULL,NULL),(4243,2497,'39','ar',NULL,NULL),(4244,2497,'39','en',NULL,NULL),(4245,2498,'40','ar',NULL,NULL),(4246,2498,'40','en',NULL,NULL),(4247,2499,'41','ar',NULL,NULL),(4248,2499,'41','en',NULL,NULL),(4249,2500,'36','ar',NULL,NULL),(4250,2500,'36','en',NULL,NULL),(4251,2501,'37','ar',NULL,NULL),(4252,2501,'37','en',NULL,NULL),(4253,2502,'38','ar',NULL,NULL),(4254,2502,'38','en',NULL,NULL),(4255,2503,'39','ar',NULL,NULL),(4256,2503,'39','en',NULL,NULL),(4257,2504,'40','ar',NULL,NULL),(4258,2504,'40','en',NULL,NULL),(4259,2505,'41','ar',NULL,NULL),(4260,2505,'41','en',NULL,NULL),(4261,2506,'36','ar',NULL,NULL),(4262,2506,'36','en',NULL,NULL),(4263,2507,'37','ar',NULL,NULL),(4264,2507,'37','en',NULL,NULL),(4265,2508,'38','ar',NULL,NULL),(4266,2508,'38','en',NULL,NULL),(4267,2509,'39','ar',NULL,NULL),(4268,2509,'39','en',NULL,NULL),(4269,2510,'40','ar',NULL,NULL),(4270,2510,'40','en',NULL,NULL),(4271,2511,'41','ar',NULL,NULL),(4272,2511,'41','en',NULL,NULL),(4273,2512,'36','ar',NULL,NULL),(4274,2512,'36','en',NULL,NULL),(4275,2513,'37','ar',NULL,NULL),(4276,2513,'37','en',NULL,NULL),(4277,2514,'38','ar',NULL,NULL),(4278,2514,'38','en',NULL,NULL),(4279,2515,'39','ar',NULL,NULL),(4280,2515,'39','en',NULL,NULL),(4281,2516,'40','ar',NULL,NULL),(4282,2516,'40','en',NULL,NULL),(4283,2517,'41','ar',NULL,NULL),(4284,2517,'41','en',NULL,NULL),(4285,2518,'36','ar',NULL,NULL),(4286,2518,'36','en',NULL,NULL),(4287,2519,'37','ar',NULL,NULL),(4288,2519,'37','en',NULL,NULL),(4289,2520,'38','ar',NULL,NULL),(4290,2520,'38','en',NULL,NULL),(4291,2521,'39','ar',NULL,NULL),(4292,2521,'39','en',NULL,NULL),(4293,2522,'40','ar',NULL,NULL),(4294,2522,'40','en',NULL,NULL),(4295,2523,'41','ar',NULL,NULL),(4296,2523,'41','en',NULL,NULL),(4297,2524,'36','ar',NULL,NULL),(4298,2524,'36','en',NULL,NULL),(4299,2525,'37','ar',NULL,NULL),(4300,2525,'37','en',NULL,NULL),(4301,2526,'38','ar',NULL,NULL),(4302,2526,'38','en',NULL,NULL),(4303,2527,'39','ar',NULL,NULL),(4304,2527,'39','en',NULL,NULL),(4305,2528,'40','ar',NULL,NULL),(4306,2528,'40','en',NULL,NULL),(4307,2529,'41','ar',NULL,NULL),(4308,2529,'41','en',NULL,NULL),(4309,2530,'36','ar',NULL,NULL),(4310,2530,'36','en',NULL,NULL),(4311,2531,'37','ar',NULL,NULL),(4312,2531,'37','en',NULL,NULL),(4313,2532,'38','ar',NULL,NULL),(4314,2532,'38','en',NULL,NULL),(4315,2533,'39','ar',NULL,NULL),(4316,2533,'39','en',NULL,NULL),(4317,2534,'40','ar',NULL,NULL),(4318,2534,'40','en',NULL,NULL),(4319,2535,'41','ar',NULL,NULL),(4320,2535,'40','en',NULL,NULL),(4321,2536,'36','ar',NULL,NULL),(4322,2536,'36','en',NULL,NULL),(4323,2537,'37','ar',NULL,NULL),(4324,2537,'37','en',NULL,NULL),(4325,2538,'38','ar',NULL,NULL),(4326,2538,'38','en',NULL,NULL),(4327,2539,'39','ar',NULL,NULL),(4328,2539,'39','en',NULL,NULL),(4329,2540,'40','ar',NULL,NULL),(4330,2540,'40','en',NULL,NULL),(4331,2541,'41','ar',NULL,NULL),(4332,2541,'41','en',NULL,NULL),(4333,2542,'36','ar',NULL,NULL),(4334,2542,'36','en',NULL,NULL),(4335,2543,'37','ar',NULL,NULL),(4336,2543,'37','en',NULL,NULL),(4337,2544,'38','ar',NULL,NULL),(4338,2544,'38','en',NULL,NULL),(4339,2545,'39','ar',NULL,NULL),(4340,2545,'39','en',NULL,NULL),(4341,2546,'40','ar',NULL,NULL),(4342,2546,'40','en',NULL,NULL),(4343,2547,'41','ar',NULL,NULL),(4344,2547,'41','en',NULL,NULL),(4345,2548,'36','ar',NULL,NULL),(4346,2548,'36','en',NULL,NULL),(4347,2549,'37','ar',NULL,NULL),(4348,2549,'37','en',NULL,NULL),(4349,2550,'38','ar',NULL,NULL),(4350,2550,'38','en',NULL,NULL),(4351,2551,'39','ar',NULL,NULL),(4352,2551,'39','en',NULL,NULL),(4353,2552,'40','ar',NULL,NULL),(4354,2552,'40','en',NULL,NULL),(4355,2553,'41','ar',NULL,NULL),(4356,2553,'41','en',NULL,NULL),(4357,2554,'36','ar',NULL,NULL),(4358,2554,'36','en',NULL,NULL),(4359,2555,'37','ar',NULL,NULL),(4360,2555,'37','en',NULL,NULL),(4361,2556,'38','ar',NULL,NULL),(4362,2556,'38','en',NULL,NULL),(4363,2557,'39','ar',NULL,NULL),(4364,2557,'39','en',NULL,NULL),(4365,2558,'40','ar',NULL,NULL),(4366,2558,'40','en',NULL,NULL),(4367,2559,'41','ar',NULL,NULL),(4368,2559,'41','en',NULL,NULL),(4369,2560,'36','ar',NULL,NULL),(4370,2560,'36','en',NULL,NULL),(4371,2561,'37','ar',NULL,NULL),(4372,2561,'37','en',NULL,NULL),(4373,2562,'38','ar',NULL,NULL),(4374,2562,'38','en',NULL,NULL),(4375,2563,'38','ar',NULL,NULL),(4376,2563,'38','en',NULL,NULL),(4377,2564,'39','ar',NULL,NULL),(4378,2564,'39','en',NULL,NULL),(4379,2565,'40','ar',NULL,NULL),(4380,2565,'40','en',NULL,NULL),(4381,2566,'41','ar',NULL,NULL),(4382,2566,'41','en',NULL,NULL),(4383,2567,'plano','ar',NULL,NULL),(4384,2567,'plano','en',NULL,NULL),(4385,2568,'-4','ar',NULL,NULL),(4386,2568,'-4','en',NULL,NULL),(4387,2569,'-3.75','ar',NULL,NULL),(4388,2569,'-3.75','en',NULL,NULL),(4389,2570,'-3.5','ar',NULL,NULL),(4390,2570,'-3.5','en',NULL,NULL),(4391,2571,'-3.25','ar',NULL,NULL),(4392,2571,'-3.25','en',NULL,NULL),(4393,2572,'-3','ar',NULL,NULL),(4394,2572,'-3','en',NULL,NULL),(4395,2573,'-2.75','ar',NULL,NULL),(4396,2573,'-2.75','en',NULL,NULL),(4397,2574,'-2.5','ar',NULL,NULL),(4398,2574,'-2.5','en',NULL,NULL),(4399,2575,'-2.25','ar',NULL,NULL),(4400,2575,'-2.25','en',NULL,NULL),(4401,2576,'-2','ar',NULL,NULL),(4402,2576,'-2','en',NULL,NULL),(4403,2577,'-1.75','ar',NULL,NULL),(4404,2577,'-1.75','en',NULL,NULL),(4405,2578,'-1.5','ar',NULL,NULL),(4406,2578,'-1.5','en',NULL,NULL),(4407,2579,'-1.25','ar',NULL,NULL),(4408,2579,'-1.25','en',NULL,NULL),(4409,2580,'-1','ar',NULL,NULL),(4410,2580,'-1','en',NULL,NULL),(4411,2581,'plano','ar',NULL,NULL),(4412,2581,'plano','en',NULL,NULL),(4413,2582,'-3.75','ar',NULL,NULL),(4414,2582,'-3.75','en',NULL,NULL),(4415,2583,'-4','ar',NULL,NULL),(4416,2583,'-4','en',NULL,NULL),(4417,2584,'-3.5','ar',NULL,NULL),(4418,2584,'-3.5','en',NULL,NULL),(4419,2585,'-3.25','ar',NULL,NULL),(4420,2585,'-3','en',NULL,NULL),(4421,2586,'3','ar',NULL,NULL),(4422,2586,'3','en',NULL,NULL),(4423,2587,'-2.75','ar',NULL,NULL),(4424,2587,'-2.75','en',NULL,NULL),(4425,2588,'-2.5','ar',NULL,NULL),(4426,2588,'-2.5','en',NULL,NULL),(4427,2589,'-2.25','ar',NULL,NULL),(4428,2589,'-2.25','en',NULL,NULL),(4429,2590,'-2','ar',NULL,NULL),(4430,2590,'-2','en',NULL,NULL),(4431,2591,'-1.75','ar',NULL,NULL),(4432,2591,'-1.75','en',NULL,NULL),(4433,2592,'-1.5','ar',NULL,NULL),(4434,2592,'-1.5','en',NULL,NULL),(4435,2593,'-1.25','ar',NULL,NULL),(4436,2593,'-1.25','en',NULL,NULL),(4437,2594,'-1','ar',NULL,NULL),(4438,2594,'-1','en',NULL,NULL),(4439,2595,'-1','ar',NULL,NULL),(4440,2595,'-1','en',NULL,NULL),(4441,2596,'plano','ar',NULL,NULL),(4442,2596,'plano','en',NULL,NULL),(4443,2597,'-4','ar',NULL,NULL),(4444,2597,'-4','en',NULL,NULL),(4445,2598,'-3.75','ar',NULL,NULL),(4446,2598,'-3.75','en',NULL,NULL),(4447,2599,'-3.5','ar',NULL,NULL),(4448,2599,'-3.5','en',NULL,NULL),(4449,2600,'-3.25','ar',NULL,NULL),(4450,2600,'-3.25','en',NULL,NULL),(4451,2601,'-3','ar',NULL,NULL),(4452,2601,'-3','en',NULL,NULL),(4453,2602,'-2.75','ar',NULL,NULL),(4454,2602,'-2.75','en',NULL,NULL),(4455,2603,'-2.5','ar',NULL,NULL),(4456,2603,'-2.5','en',NULL,NULL),(4457,2604,'-2.25','ar',NULL,NULL),(4458,2604,'-2.25','en',NULL,NULL),(4459,2605,'-2','ar',NULL,NULL),(4460,2605,'-2','en',NULL,NULL),(4461,2606,'-1.75','ar',NULL,NULL),(4462,2606,'-1.75','en',NULL,NULL),(4463,2607,'-1.5','ar',NULL,NULL),(4464,2607,'-1.5','en',NULL,NULL),(4465,2608,'-1.25','ar',NULL,NULL),(4466,2608,'-1.25','en',NULL,NULL),(4467,2609,'-1','ar',NULL,NULL),(4468,2609,'-1','en',NULL,NULL),(4469,2610,'plano','ar',NULL,NULL),(4470,2610,'plano','en',NULL,NULL),(4471,2611,'-4','ar',NULL,NULL),(4472,2611,'-4','en',NULL,NULL),(4473,2612,'-3.75','ar',NULL,NULL),(4474,2612,'-3.75','en',NULL,NULL),(4475,2613,'-3.5','ar',NULL,NULL),(4476,2613,'-3.5','en',NULL,NULL),(4477,2614,'-3.25','ar',NULL,NULL),(4478,2614,'-3.25','en',NULL,NULL),(4479,2615,'-3','ar',NULL,NULL),(4480,2615,'-3','en',NULL,NULL),(4481,2616,'-2.75','ar',NULL,NULL),(4482,2616,'-2.75','en',NULL,NULL),(4483,2617,'-2.5','ar',NULL,NULL),(4484,2617,'-2.5','en',NULL,NULL),(4485,2618,'-2.25','ar',NULL,NULL),(4486,2618,'-2.25','en',NULL,NULL),(4487,2619,'-2','ar',NULL,NULL),(4488,2619,'-2','en',NULL,NULL),(4489,2620,'-1.75','ar',NULL,NULL),(4490,2620,'-1.75','en',NULL,NULL),(4491,2621,'-1.5','ar',NULL,NULL),(4492,2621,'-1.5','en',NULL,NULL),(4493,2622,'-1.25','ar',NULL,NULL),(4494,2622,'-1.25','en',NULL,NULL),(4495,2623,'-1','ar',NULL,NULL),(4496,2623,'-1','en',NULL,NULL),(4497,2624,'plano','ar',NULL,NULL),(4498,2624,'plano','en',NULL,NULL),(4499,2625,'-4','ar',NULL,NULL),(4500,2625,'-4','en',NULL,NULL),(4501,2626,'-3.75','ar',NULL,NULL),(4502,2626,'-3.75','en',NULL,NULL),(4503,2627,'-3.5','ar',NULL,NULL),(4504,2627,'-3.5','en',NULL,NULL),(4505,2628,'-3.25','ar',NULL,NULL),(4506,2628,'-3.25','en',NULL,NULL),(4507,2629,'-3','ar',NULL,NULL),(4508,2629,'-3','en',NULL,NULL),(4509,2630,'-2.75','ar',NULL,NULL),(4510,2630,'-2.75','en',NULL,NULL),(4511,2631,'-2.5','ar',NULL,NULL),(4512,2631,'-2.5','en',NULL,NULL),(4513,2632,'-2.25','ar',NULL,NULL),(4514,2632,'-2.25','en',NULL,NULL),(4515,2633,'-2','ar',NULL,NULL),(4516,2633,'-2','en',NULL,NULL),(4517,2634,'-1.75','ar',NULL,NULL),(4518,2634,'-1.75','en',NULL,NULL),(4519,2635,'-1.5','ar',NULL,NULL),(4520,2635,'-1.5','en',NULL,NULL),(4521,2636,'-1.25','ar',NULL,NULL),(4522,2636,'-1.25','en',NULL,NULL),(4523,2637,'-1','ar',NULL,NULL),(4524,2637,'-1','en',NULL,NULL),(4525,2638,'plano','ar',NULL,NULL),(4526,2638,'plano','en',NULL,NULL),(4527,2639,'-4','ar',NULL,NULL),(4528,2639,'-4','en',NULL,NULL),(4529,2640,'-3.75','ar',NULL,NULL),(4530,2640,'-3.75','en',NULL,NULL),(4531,2641,'-3.5','ar',NULL,NULL),(4532,2641,'-3.5','en',NULL,NULL),(4533,2642,'-3.25','ar',NULL,NULL),(4534,2642,'-3.25','en',NULL,NULL),(4535,2643,'-3','ar',NULL,NULL),(4536,2643,'-3','en',NULL,NULL),(4537,2644,'-2.75','ar',NULL,NULL),(4538,2644,'-2.75','en',NULL,NULL),(4539,2645,'-2.5','ar',NULL,NULL),(4540,2645,'-2.5','en',NULL,NULL),(4541,2646,'-2.25','ar',NULL,NULL),(4542,2646,'-2.25','en',NULL,NULL),(4543,2647,'-2','ar',NULL,NULL),(4544,2647,'-2','en',NULL,NULL),(4545,2648,'-1.75','ar',NULL,NULL),(4546,2648,'-1.75','en',NULL,NULL),(4547,2649,'-1.5','ar',NULL,NULL),(4548,2649,'-1.5','en',NULL,NULL),(4549,2650,'-1.25','ar',NULL,NULL),(4550,2650,'-1.25','en',NULL,NULL),(4551,2651,'-1','ar',NULL,NULL),(4552,2651,'-1','en',NULL,NULL),(4553,2652,'plano','ar',NULL,NULL),(4554,2652,'plano','en',NULL,NULL),(4555,2653,'-4','ar',NULL,NULL),(4556,2653,'-4','en',NULL,NULL),(4557,2654,'-3.75','ar',NULL,NULL),(4558,2654,'-3.75','en',NULL,NULL),(4559,2655,'-3.5','ar',NULL,NULL),(4560,2655,'-3.5','en',NULL,NULL),(4561,2656,'-3.25','ar',NULL,NULL),(4562,2656,'-3.25','en',NULL,NULL),(4563,2657,'-3','ar',NULL,NULL),(4564,2657,'-3','en',NULL,NULL),(4565,2658,'-2.75','ar',NULL,NULL),(4566,2658,'-2.75','en',NULL,NULL),(4567,2659,'-2.5','ar',NULL,NULL),(4568,2659,'-2.5','en',NULL,NULL),(4569,2660,'-2.25','ar',NULL,NULL),(4570,2660,'-2.25','en',NULL,NULL),(4571,2661,'-2','ar',NULL,NULL),(4572,2661,'-2','en',NULL,NULL),(4573,2662,'-1.75','ar',NULL,NULL),(4574,2662,'-1.75','en',NULL,NULL),(4575,2663,'-1.5','ar',NULL,NULL),(4576,2663,'-1.5','en',NULL,NULL),(4577,2664,'-1.25','ar',NULL,NULL),(4578,2664,'-1.25','en',NULL,NULL),(4579,2665,'-1','ar',NULL,NULL),(4580,2665,'-1','en',NULL,NULL),(4581,2666,'plano','ar',NULL,NULL),(4582,2666,'plano','en',NULL,NULL),(4583,2667,'-4','ar',NULL,NULL),(4584,2667,'-4','en',NULL,NULL),(4585,2668,'-3.75','ar',NULL,NULL),(4586,2668,'-3.75','en',NULL,NULL),(4587,2669,'-3.5','ar',NULL,NULL),(4588,2669,'-3.5','en',NULL,NULL),(4589,2670,'-3.25','ar',NULL,NULL),(4590,2670,'-3.25','en',NULL,NULL),(4591,2671,'-3','ar',NULL,NULL),(4592,2671,'-3','en',NULL,NULL),(4593,2672,'-2.75','ar',NULL,NULL),(4594,2672,'-2.75','en',NULL,NULL),(4595,2673,'-2.5','ar',NULL,NULL),(4596,2673,'-2.5','en',NULL,NULL),(4597,2674,'-2.25','ar',NULL,NULL),(4598,2674,'-2.25','en',NULL,NULL),(4599,2675,'-2','ar',NULL,NULL),(4600,2675,'-2','en',NULL,NULL),(4601,2676,'-1.75','ar',NULL,NULL),(4602,2676,'-1.75','en',NULL,NULL),(4603,2677,'-1.5','ar',NULL,NULL),(4604,2677,'-1.5','en',NULL,NULL),(4605,2678,'-1.25','ar',NULL,NULL),(4606,2678,'-1.25','en',NULL,NULL),(4607,2679,'-1','ar',NULL,NULL),(4608,2679,'-1','en',NULL,NULL),(4609,2680,'plano','ar',NULL,NULL),(4610,2680,'plano','en',NULL,NULL),(4611,2681,'-4','ar',NULL,NULL),(4612,2681,'-4','en',NULL,NULL),(4613,2682,'-3.75','ar',NULL,NULL),(4614,2682,'-3.75','en',NULL,NULL),(4615,2683,'-3.5','ar',NULL,NULL),(4616,2683,'-3.5','en',NULL,NULL),(4617,2684,'-3.25','ar',NULL,NULL),(4618,2684,'-3.25','en',NULL,NULL),(4619,2685,'-3','ar',NULL,NULL),(4620,2685,'-3','en',NULL,NULL),(4621,2686,'-2.75','ar',NULL,NULL),(4622,2686,'-2.75','en',NULL,NULL),(4623,2687,'-2.5','ar',NULL,NULL),(4624,2687,'-2.5','en',NULL,NULL),(4625,2688,'-2.25','ar',NULL,NULL),(4626,2688,'-2.25','en',NULL,NULL),(4627,2689,'-2','ar',NULL,NULL),(4628,2689,'-2','en',NULL,NULL),(4629,2690,'-1.75','ar',NULL,NULL),(4630,2690,'-1.75','en',NULL,NULL),(4631,2691,'-1.5','ar',NULL,NULL),(4632,2691,'-1.5','en',NULL,NULL),(4633,2692,'-1.25','ar',NULL,NULL),(4634,2692,'-1.25','en',NULL,NULL),(4635,2693,'-1','ar',NULL,NULL),(4636,2693,'-1','en',NULL,NULL),(4637,2694,'plano','ar',NULL,NULL),(4638,2694,'plano','en',NULL,NULL),(4639,2695,'-4','ar',NULL,NULL),(4640,2695,'-4','en',NULL,NULL),(4641,2696,'-3.75','ar',NULL,NULL),(4642,2696,'-3.75','en',NULL,NULL),(4643,2697,'-3.5','ar',NULL,NULL),(4644,2697,'-3.5','en',NULL,NULL),(4645,2698,'-3.25','ar',NULL,NULL),(4646,2698,'-3.25','en',NULL,NULL),(4647,2699,'-3','ar',NULL,NULL),(4648,2699,'-3','en',NULL,NULL),(4649,2700,'-2.75','ar',NULL,NULL),(4650,2700,'-2.75','en',NULL,NULL),(4651,2701,'-2.5','ar',NULL,NULL),(4652,2701,'-2.5','en',NULL,NULL),(4653,2702,'-2.25','ar',NULL,NULL),(4654,2702,'-2.25','en',NULL,NULL),(4655,2703,'-2','ar',NULL,NULL),(4656,2703,'-2','en',NULL,NULL),(4657,2704,'-1.75','ar',NULL,NULL),(4658,2704,'-1.75','en',NULL,NULL),(4659,2705,'-1.5','ar',NULL,NULL),(4660,2705,'-1.5','en',NULL,NULL),(4661,2706,'-1.25','ar',NULL,NULL),(4662,2706,'-1.25','en',NULL,NULL),(4663,2707,'-1','ar',NULL,NULL),(4664,2707,'-1','en',NULL,NULL),(4665,2713,'plano','ar',NULL,NULL),(4666,2713,'plano','en',NULL,NULL),(4667,2714,'-4','ar',NULL,NULL),(4668,2714,'-4','en',NULL,NULL),(4669,2715,'-3.75','ar',NULL,NULL),(4670,2715,'-3.75','en',NULL,NULL),(4677,2719,'-3.5','ar',NULL,NULL),(4678,2719,'-3.5','en',NULL,NULL),(4679,2720,'-3.25','ar',NULL,NULL),(4680,2720,'-3.25','en',NULL,NULL),(4681,2721,'-3','ar',NULL,NULL),(4682,2721,'-3','en',NULL,NULL),(4683,2722,'-2.75','ar',NULL,NULL),(4684,2722,'-2.75','en',NULL,NULL),(4685,2723,'-2.5','ar',NULL,NULL),(4686,2723,'-2.5','en',NULL,NULL),(4687,2724,'-2.25','ar',NULL,NULL),(4688,2724,'-2.25','en',NULL,NULL),(4689,2725,'-2','ar',NULL,NULL),(4690,2725,'-2','en',NULL,NULL),(4691,2726,'-1.75','ar',NULL,NULL),(4692,2726,'-1.75','en',NULL,NULL),(4693,2727,'-1.5','ar',NULL,NULL),(4694,2727,'-1.5','en',NULL,NULL),(4695,2728,'-1.25','ar',NULL,NULL),(4696,2728,'-1.25','en',NULL,NULL),(4697,2729,'-1','ar',NULL,NULL),(4698,2729,'-1','en',NULL,NULL),(4699,2730,'plano','ar',NULL,NULL),(4700,2730,'plano','en',NULL,NULL),(4701,2731,'-4','ar',NULL,NULL),(4702,2731,'-4','en',NULL,NULL),(4703,2732,'-3.75','ar',NULL,NULL),(4704,2732,'-3.75','en',NULL,NULL),(4705,2733,'-3.5','ar',NULL,NULL),(4706,2733,'-3.5','en',NULL,NULL),(4707,2734,'-3.25','ar',NULL,NULL),(4708,2734,'-3.25','en',NULL,NULL),(4709,2735,'-3','ar',NULL,NULL),(4710,2735,'-3','en',NULL,NULL),(4711,2736,'-2.75','ar',NULL,NULL),(4712,2736,'-2.75','en',NULL,NULL),(4713,2737,'-2.25','ar',NULL,NULL),(4714,2737,'-2.25','en',NULL,NULL),(4715,2738,'-2','ar',NULL,NULL),(4716,2738,'-2','en',NULL,NULL),(4717,2739,'-1.75','ar',NULL,NULL),(4718,2739,'-1.75','en',NULL,NULL),(4719,2740,'-1.5','ar',NULL,NULL),(4720,2740,'-1.5','en',NULL,NULL),(4721,2741,'-1.25','ar',NULL,NULL),(4722,2741,'-1.25','en',NULL,NULL),(4723,2742,'-1','ar',NULL,NULL),(4724,2742,'-1','en',NULL,NULL),(4725,2743,'plano','ar',NULL,NULL),(4726,2743,'plano','en',NULL,NULL),(4727,2744,'-4','ar',NULL,NULL),(4728,2744,'-4','en',NULL,NULL),(4729,2745,'-3.75','ar',NULL,NULL),(4730,2745,'-3.75','en',NULL,NULL),(4731,2746,'-3.5','ar',NULL,NULL),(4732,2746,'-3.5','en',NULL,NULL),(4733,2747,'-3.25','ar',NULL,NULL),(4734,2747,'-3.25','en',NULL,NULL),(4735,2748,'-3','ar',NULL,NULL),(4736,2748,'-3','en',NULL,NULL),(4737,2749,'-2.75','ar',NULL,NULL),(4738,2749,'-2.75','en',NULL,NULL),(4739,2750,'-2.5','ar',NULL,NULL),(4740,2750,'-2.5','en',NULL,NULL),(4741,2751,'-2.25','ar',NULL,NULL),(4742,2751,'-2.25','en',NULL,NULL),(4743,2752,'-2','ar',NULL,NULL),(4744,2752,'-2','en',NULL,NULL),(4745,2753,'-1.75','ar',NULL,NULL),(4746,2753,'-1.75','en',NULL,NULL),(4747,2754,'-1.5','ar',NULL,NULL),(4748,2754,'-1.5','en',NULL,NULL),(4749,2755,'-1.25','ar',NULL,NULL),(4750,2755,'-1.25','en',NULL,NULL),(4751,2756,'-1','ar',NULL,NULL),(4752,2756,'-1','en',NULL,NULL),(4753,2757,'plano','ar',NULL,NULL),(4754,2757,'plano','en',NULL,NULL),(4755,2758,'-4','ar',NULL,NULL),(4756,2758,'-4','en',NULL,NULL),(4757,2759,'-3.75','ar',NULL,NULL),(4758,2759,'-3.75','en',NULL,NULL),(4759,2760,'-3.5','ar',NULL,NULL),(4760,2760,'-3.5','en',NULL,NULL),(4761,2761,'-3.25','ar',NULL,NULL),(4762,2761,'-3.25','en',NULL,NULL),(4763,2762,'-3','ar',NULL,NULL),(4764,2762,'-3','en',NULL,NULL),(4765,2763,'-2.75','ar',NULL,NULL),(4766,2763,'-2.75','en',NULL,NULL),(4767,2764,'-2.5','ar',NULL,NULL),(4768,2764,'-2.5','en',NULL,NULL),(4769,2765,'-2.25','ar',NULL,NULL),(4770,2765,'-2.25','en',NULL,NULL),(4771,2766,'-2','ar',NULL,NULL),(4772,2766,'-2','en',NULL,NULL),(4773,2767,'-1.75','ar',NULL,NULL),(4774,2767,'-1.75','en',NULL,NULL),(4775,2768,'-1.5','ar',NULL,NULL),(4776,2768,'-1.5','en',NULL,NULL),(4777,2769,'-1.25','ar',NULL,NULL),(4778,2769,'-1.25','en',NULL,NULL),(4779,2770,'-1','ar',NULL,NULL),(4780,2770,'-1','en',NULL,NULL),(4781,2771,'plano','ar',NULL,NULL),(4782,2771,'plano','en',NULL,NULL),(4783,2772,'-4','ar',NULL,NULL),(4784,2772,'-4','en',NULL,NULL),(4785,2773,'-3.75','ar',NULL,NULL),(4786,2773,'-3.75','en',NULL,NULL),(4787,2774,'-3.5','ar',NULL,NULL),(4788,2774,'-3.5','en',NULL,NULL),(4789,2775,'-3.25','ar',NULL,NULL),(4790,2775,'-3.25','en',NULL,NULL),(4791,2776,'-3','ar',NULL,NULL),(4792,2776,'-3','en',NULL,NULL),(4793,2777,'-2.75','ar',NULL,NULL),(4794,2777,'-2.75','en',NULL,NULL),(4795,2778,'-2.5','ar',NULL,NULL),(4796,2778,'-2.5','en',NULL,NULL),(4797,2779,'-2.25','ar',NULL,NULL),(4798,2779,'-2.25','en',NULL,NULL),(4799,2780,'-2','ar',NULL,NULL),(4800,2780,'-2','en',NULL,NULL),(4801,2781,'-1.75','ar',NULL,NULL),(4802,2781,'-1.75','en',NULL,NULL),(4803,2782,'-1.75','ar',NULL,NULL),(4804,2782,'-1.75','en',NULL,NULL),(4805,2783,'-1.5','ar',NULL,NULL),(4806,2783,'-1.5','en',NULL,NULL),(4807,2784,'-1.5','ar',NULL,NULL),(4808,2784,'-1.5','en',NULL,NULL),(4809,2785,'-1.25','ar',NULL,NULL),(4810,2785,'-1.25','en',NULL,NULL),(4811,2786,'-1','ar',NULL,NULL),(4812,2786,'-1','en',NULL,NULL),(4813,2787,'plano','ar',NULL,NULL),(4814,2787,'plano','en',NULL,NULL),(4815,2788,'-4','ar',NULL,NULL),(4816,2788,'-4','en',NULL,NULL),(4817,2789,'-3.75','ar',NULL,NULL),(4818,2789,'-3.75','en',NULL,NULL),(4819,2790,'-3.5','ar',NULL,NULL),(4820,2790,'-3.5','en',NULL,NULL),(4821,2791,'-3.25','ar',NULL,NULL),(4822,2791,'-3.25','en',NULL,NULL),(4823,2792,'-3','ar',NULL,NULL),(4824,2792,'-3','en',NULL,NULL),(4825,2793,'-2.75','ar',NULL,NULL),(4826,2793,'-2.75','en',NULL,NULL),(4827,2794,'-2.5','ar',NULL,NULL),(4828,2794,'-2.5','en',NULL,NULL),(4829,2795,'-2.25','ar',NULL,NULL),(4830,2795,'-2.25','en',NULL,NULL),(4831,2796,'-2','ar',NULL,NULL),(4832,2796,'-2','en',NULL,NULL),(4833,2797,'-1.75','ar',NULL,NULL),(4834,2797,'-1.75','en',NULL,NULL),(4835,2798,'-1.5','ar',NULL,NULL),(4836,2798,'-1.5','en',NULL,NULL),(4837,2799,'-1.25','ar',NULL,NULL),(4838,2799,'-1.25','en',NULL,NULL),(4839,2800,'-1','ar',NULL,NULL),(4840,2800,'-1','en',NULL,NULL),(4841,2801,'plano','ar',NULL,NULL),(4842,2801,'plano','en',NULL,NULL),(4843,2802,'-4','ar',NULL,NULL),(4844,2802,'-4','en',NULL,NULL),(4845,2803,'-3.75','ar',NULL,NULL),(4846,2803,'-3.75','en',NULL,NULL),(4855,2808,'-3.5','ar',NULL,NULL),(4856,2808,'-3.5','en',NULL,NULL),(4857,2809,'-3.25','ar',NULL,NULL),(4858,2809,'-3.25','en',NULL,NULL),(4859,2810,'-3','ar',NULL,NULL),(4860,2810,'-3','en',NULL,NULL),(4861,2811,'-2.75','ar',NULL,NULL),(4862,2811,'-2.75','en',NULL,NULL),(4863,2812,'-2.5','ar',NULL,NULL),(4864,2812,'-2.5','en',NULL,NULL),(4865,2813,'-2.25','ar',NULL,NULL),(4866,2813,'-2.25','en',NULL,NULL),(4867,2814,'-2','ar',NULL,NULL),(4868,2814,'-2','en',NULL,NULL),(4869,2815,'-1.75','ar',NULL,NULL),(4870,2815,'-1.75','en',NULL,NULL),(4871,2816,'-1.5','ar',NULL,NULL),(4872,2816,'-1.5','en',NULL,NULL),(4873,2817,'-1.25','ar',NULL,NULL),(4874,2817,'-1.25','en',NULL,NULL),(4875,2818,'-1','ar',NULL,NULL),(4876,2818,'-1','en',NULL,NULL),(4877,2819,'plano','ar',NULL,NULL),(4878,2819,'plano','en',NULL,NULL),(4879,2820,'-4','ar',NULL,NULL),(4880,2820,'-4','en',NULL,NULL),(4881,2821,'-3.75','ar',NULL,NULL),(4882,2821,'-3.75','en',NULL,NULL),(4883,2822,'-3.5','ar',NULL,NULL),(4884,2822,'-3.5','en',NULL,NULL),(4885,2823,'-3.25','ar',NULL,NULL),(4886,2823,'-3.25','en',NULL,NULL),(4887,2824,'-3','ar',NULL,NULL),(4888,2824,'-3','en',NULL,NULL),(4889,2825,'-2.75','ar',NULL,NULL),(4890,2825,'-2.75','en',NULL,NULL),(4891,2826,'-2.5','ar',NULL,NULL),(4892,2826,'-2.5','en',NULL,NULL),(4893,2827,'-2.25','ar',NULL,NULL),(4894,2827,'-2.25','en',NULL,NULL),(4895,2828,'-2','ar',NULL,NULL),(4896,2828,'-2','en',NULL,NULL),(4897,2829,'-1.75','ar',NULL,NULL),(4898,2829,'-1.75','en',NULL,NULL),(4899,2830,'-1.5','ar',NULL,NULL),(4900,2830,'-1.5','en',NULL,NULL),(4901,2831,'-1.25','ar',NULL,NULL),(4902,2831,'-1.25','en',NULL,NULL),(4903,2832,'-1','ar',NULL,NULL),(4904,2832,'-1','en',NULL,NULL),(4905,2844,'plano','ar',NULL,NULL),(4906,2844,'plano','en',NULL,NULL),(4907,2870,'-4','ar',NULL,NULL),(4908,2870,'-4','en',NULL,NULL),(4909,2871,'-3.75','ar',NULL,NULL),(4910,2871,'-3.75','en',NULL,NULL),(4911,2872,'-3.5','ar',NULL,NULL),(4912,2872,'-3.5','en',NULL,NULL),(4913,2873,'-3.25','ar',NULL,NULL),(4914,2873,'-3.25','en',NULL,NULL),(4915,2874,'-3','ar',NULL,NULL),(4916,2874,'-3','en',NULL,NULL),(4917,2875,'-2.75','ar',NULL,NULL),(4918,2875,'-2.75','en',NULL,NULL),(4919,2876,'-2.5','ar',NULL,NULL),(4920,2876,'-2.5','en',NULL,NULL),(4921,2877,'-2.25','ar',NULL,NULL),(4922,2877,'-2.25','en',NULL,NULL),(4923,2878,'-2','ar',NULL,NULL),(4924,2878,'-2','en',NULL,NULL),(4925,2879,'-1.75','ar',NULL,NULL),(4926,2879,'-1.75','en',NULL,NULL),(4927,2880,'-1.5','ar',NULL,NULL),(4928,2880,'-1.5','en',NULL,NULL),(4929,2881,'-1.25','ar',NULL,NULL),(4930,2881,'-1.25','en',NULL,NULL),(4931,2882,'-1','ar',NULL,NULL),(4932,2882,'-1','en',NULL,NULL),(4933,2897,'plano','ar',NULL,NULL),(4934,2897,'plano','en',NULL,NULL),(4935,2898,'-4','ar',NULL,NULL),(4936,2898,'-4','en',NULL,NULL),(4937,2899,'-3.75','ar',NULL,NULL),(4938,2899,'-3.75','en',NULL,NULL),(4939,2900,'-3.5','ar',NULL,NULL),(4940,2900,'-3.5','en',NULL,NULL),(4941,2901,'-3.25','ar',NULL,NULL),(4942,2901,'-3.25','en',NULL,NULL),(4943,2902,'-3','ar',NULL,NULL),(4944,2902,'-3','en',NULL,NULL),(4945,2903,'-2.75','ar',NULL,NULL),(4946,2903,'-2.75','en',NULL,NULL),(4947,2904,'-2.5','ar',NULL,NULL),(4948,2904,'-2.5','en',NULL,NULL),(4949,2905,'-2.25','ar',NULL,NULL),(4950,2905,'-2.25','en',NULL,NULL),(4951,2906,'-2','ar',NULL,NULL),(4952,2906,'-2','en',NULL,NULL),(4953,2907,'-1.75','ar',NULL,NULL),(4954,2907,'-1.75','en',NULL,NULL),(4955,2908,'-1.5','ar',NULL,NULL),(4956,2908,'-1.5','en',NULL,NULL),(4957,2909,'-1.25','ar',NULL,NULL),(4958,2909,'-1.25','en',NULL,NULL),(4959,2910,'-1','ar',NULL,NULL),(4960,2910,'-1','en',NULL,NULL),(4961,2911,'-1','ar',NULL,NULL),(4962,2911,'-1','en',NULL,NULL),(4963,2912,'-1.5','ar',NULL,NULL),(4964,2912,'-1.5','en',NULL,NULL),(4965,2913,'-1.750','ar',NULL,NULL),(4966,2913,'-1.750','en',NULL,NULL),(4967,2914,'-2','ar',NULL,NULL),(4968,2914,'-2','en',NULL,NULL),(4969,2915,'-2.5','ar',NULL,NULL),(4970,2915,'-2.5','en',NULL,NULL),(4971,2916,'-2.750','ar',NULL,NULL),(4972,2916,'-2.750','en',NULL,NULL),(4973,2917,'-3','ar',NULL,NULL),(4974,2917,'-3','en',NULL,NULL),(4975,2918,'-3.5','ar',NULL,NULL),(4976,2918,'-3.5','en',NULL,NULL),(4977,2919,'-3.750','ar',NULL,NULL),(4978,2919,'-3.750','en',NULL,NULL),(4979,2920,'-4','ar',NULL,NULL),(4980,2920,'-4','en',NULL,NULL),(4981,2921,'-4.5','ar',NULL,NULL),(4982,2921,'-4.5','en',NULL,NULL),(4983,2922,'-4.750','ar',NULL,NULL),(4984,2922,'-4.750','en',NULL,NULL),(4985,2923,'-5','ar',NULL,NULL),(4986,2923,'-5','en',NULL,NULL),(4987,2924,'-5.5','ar',NULL,NULL),(4988,2924,'-5.5','en',NULL,NULL),(4989,2925,'-5.750','ar',NULL,NULL),(4990,2925,'-5.750','en',NULL,NULL),(4991,2926,'-6','ar',NULL,NULL),(4992,2926,'-6','en',NULL,NULL),(4993,2927,'-1','ar',NULL,NULL),(4994,2927,'-1','en',NULL,NULL),(4995,2928,'-1.5','ar',NULL,NULL),(4996,2928,'-1.5','en',NULL,NULL),(4997,2929,'-1.750','ar',NULL,NULL),(4998,2929,'-1.750','en',NULL,NULL),(4999,2930,'-2','ar',NULL,NULL),(5000,2930,'-2','en',NULL,NULL),(5001,2931,'-2.5','ar',NULL,NULL),(5002,2931,'-2.5','en',NULL,NULL),(5003,2932,'-2.750','ar',NULL,NULL),(5004,2932,'-2.750','en',NULL,NULL),(5005,2933,'-3','ar',NULL,NULL),(5006,2933,'-3','en',NULL,NULL),(5007,2934,'-3.5','ar',NULL,NULL),(5008,2934,'-3.5','en',NULL,NULL),(5009,2935,'-3.750','ar',NULL,NULL),(5010,2935,'-3.750','en',NULL,NULL),(5011,2936,'-4','ar',NULL,NULL),(5012,2936,'-4','en',NULL,NULL),(5013,2937,'-4.5','ar',NULL,NULL),(5014,2937,'-4.5','en',NULL,NULL),(5015,2938,'-4.750','ar',NULL,NULL),(5016,2938,'-4.750','en',NULL,NULL),(5017,2939,'-5','ar',NULL,NULL),(5018,2939,'-5','en',NULL,NULL),(5019,2940,'-5.5','ar',NULL,NULL),(5020,2940,'-5.5','en',NULL,NULL),(5021,2941,'-5.750','ar',NULL,NULL),(5022,2941,'-5.750','en',NULL,NULL),(5023,2942,'-6','ar',NULL,NULL),(5024,2942,'-6','en',NULL,NULL),(5025,2943,'-1','ar',NULL,NULL),(5026,2943,'-1','en',NULL,NULL),(5027,2944,'-1.5','ar',NULL,NULL),(5028,2944,'-1.5','en',NULL,NULL),(5029,2945,'-1.750','ar',NULL,NULL),(5030,2945,'-1.750','en',NULL,NULL),(5031,2946,'-2','ar',NULL,NULL),(5032,2946,'-2','en',NULL,NULL),(5033,2947,'-2.5','ar',NULL,NULL),(5034,2947,'-2.5','en',NULL,NULL),(5035,2948,'-2.75','ar',NULL,NULL),(5036,2948,'-2.75','en',NULL,NULL),(5037,2949,'-3','ar',NULL,NULL),(5038,2949,'-3','en',NULL,NULL),(5039,2950,'-3.5','ar',NULL,NULL),(5040,2950,'-3.5','en',NULL,NULL),(5041,2951,'-3.75','ar',NULL,NULL),(5042,2951,'-3.75','en',NULL,NULL),(5043,2952,'-4','ar',NULL,NULL),(5044,2952,'-4','en',NULL,NULL),(5045,2953,'-4.5','ar',NULL,NULL),(5046,2953,'-4.5','en',NULL,NULL),(5047,2954,'-4.75','ar',NULL,NULL),(5048,2954,'-4.75','en',NULL,NULL),(5049,2955,'-5','ar',NULL,NULL),(5050,2955,'-5','en',NULL,NULL),(5051,2956,'-5.5','ar',NULL,NULL),(5052,2956,'-5.5','en',NULL,NULL),(5053,2957,'-5.75','ar',NULL,NULL),(5054,2957,'-5.75','en',NULL,NULL),(5055,2958,'-6','ar',NULL,NULL),(5056,2958,'-6','en',NULL,NULL),(5057,2959,'-1','ar',NULL,NULL),(5058,2959,'-1','en',NULL,NULL),(5059,2960,'-1.5','ar',NULL,NULL),(5060,2960,'-1.5','en',NULL,NULL),(5061,2961,'-1.75','ar',NULL,NULL),(5062,2961,'-1.75','en',NULL,NULL),(5063,2962,'-2','ar',NULL,NULL),(5064,2962,'-2','en',NULL,NULL),(5065,2963,'-2.5','ar',NULL,NULL),(5066,2963,'-2.5','en',NULL,NULL),(5067,2964,'-2.75','ar',NULL,NULL),(5068,2964,'-2.75','en',NULL,NULL),(5069,2965,'-3','ar',NULL,NULL),(5070,2965,'-3','en',NULL,NULL),(5071,2966,'-3.5','ar',NULL,NULL),(5072,2966,'-3.5','en',NULL,NULL),(5073,2967,'-3.75','ar',NULL,NULL),(5074,2967,'-3.75','en',NULL,NULL),(5075,2968,'-4','ar',NULL,NULL),(5076,2968,'-4','en',NULL,NULL),(5077,2969,'-4.5','ar',NULL,NULL),(5078,2969,'-4.5','en',NULL,NULL),(5079,2970,'-4.75','ar',NULL,NULL),(5080,2970,'-4.75','en',NULL,NULL),(5081,2971,'-5','ar',NULL,NULL),(5082,2971,'-5','en',NULL,NULL),(5083,2972,'-5.5','ar',NULL,NULL),(5084,2972,'-5.5','en',NULL,NULL),(5085,2973,'-5.75','ar',NULL,NULL),(5086,2973,'-5.75','en',NULL,NULL),(5087,2974,'-6','ar',NULL,NULL),(5088,2974,'-6','en',NULL,NULL),(5089,2975,'-1','ar',NULL,NULL),(5090,2975,'-1','en',NULL,NULL),(5091,2976,'-1.5','ar',NULL,NULL),(5092,2976,'-1.5','en',NULL,NULL),(5093,2977,'-1.75','ar',NULL,NULL),(5094,2977,'-1.75','en',NULL,NULL),(5095,2978,'-2','ar',NULL,NULL),(5096,2978,'-2','en',NULL,NULL),(5097,2979,'-2.5','ar',NULL,NULL),(5098,2979,'-2.5','en',NULL,NULL),(5099,2980,'-2.75','ar',NULL,NULL),(5100,2980,'-2.75','en',NULL,NULL),(5101,2981,'-3','ar',NULL,NULL),(5102,2981,'-3','en',NULL,NULL),(5103,2982,'-3.5','ar',NULL,NULL),(5104,2982,'-3.5','en',NULL,NULL),(5105,2983,'-3.75','ar',NULL,NULL),(5106,2983,'-3.75','en',NULL,NULL),(5107,2984,'-4','ar',NULL,NULL),(5108,2984,'-4','en',NULL,NULL),(5109,2985,'-4.5','ar',NULL,NULL),(5110,2985,'-4.5','en',NULL,NULL),(5111,2986,'-4.75','ar',NULL,NULL),(5112,2986,'-4.75','en',NULL,NULL),(5113,2987,'-5','ar',NULL,NULL),(5114,2987,'-5','en',NULL,NULL),(5115,2988,'-5.5','ar',NULL,NULL),(5116,2988,'-5.5','en',NULL,NULL),(5117,2989,'-5.75','ar',NULL,NULL),(5118,2989,'-5.75','en',NULL,NULL),(5119,2990,'-6','ar',NULL,NULL),(5120,2990,'-6','en',NULL,NULL),(5121,2991,'-1','ar',NULL,NULL),(5122,2991,'-1','en',NULL,NULL),(5123,2992,'-1.5','ar',NULL,NULL),(5124,2992,'-1.5','en',NULL,NULL),(5125,2993,'-1.75','ar',NULL,NULL),(5126,2993,'-1.75','en',NULL,NULL),(5127,2994,'-2','ar',NULL,NULL),(5128,2994,'-2','en',NULL,NULL),(5129,2995,'-2.5','ar',NULL,NULL),(5130,2995,'-2.5','en',NULL,NULL),(5131,2996,'-2.75','ar',NULL,NULL),(5132,2996,'-2.75','en',NULL,NULL),(5133,2997,'-3','ar',NULL,NULL),(5134,2997,'-3','en',NULL,NULL),(5135,2998,'-3.5','ar',NULL,NULL),(5136,2998,'-3.5','en',NULL,NULL),(5137,2999,'-3.75','ar',NULL,NULL),(5138,2999,'-3.75','en',NULL,NULL),(5139,3000,'-4','ar',NULL,NULL),(5140,3000,'-4','en',NULL,NULL),(5141,3001,'-4.5','ar',NULL,NULL),(5142,3001,'-4.5','en',NULL,NULL),(5143,3002,'-4.75','ar',NULL,NULL),(5144,3002,'-4.75','en',NULL,NULL),(5145,3003,'-5','ar',NULL,NULL),(5146,3003,'-5','en',NULL,NULL),(5147,3004,'-5.5','ar',NULL,NULL),(5148,3004,'-5.5','en',NULL,NULL),(5149,3005,'-5.75','ar',NULL,NULL),(5150,3005,'-5.75','en',NULL,NULL),(5151,3006,'-6','ar',NULL,NULL),(5152,3006,'-6','en',NULL,NULL),(5153,3007,'-1','ar',NULL,NULL),(5154,3007,'-1','en',NULL,NULL),(5155,3008,'-1.5','ar',NULL,NULL),(5156,3008,'-1.5','en',NULL,NULL),(5157,3009,'-1.75','ar',NULL,NULL),(5158,3009,'-1.75','en',NULL,NULL),(5159,3010,'-2','ar',NULL,NULL),(5160,3010,'-2','en',NULL,NULL),(5161,3011,'-2.5','ar',NULL,NULL),(5162,3011,'-2.5','en',NULL,NULL),(5163,3012,'-2.75','ar',NULL,NULL),(5164,3012,'-2.75','en',NULL,NULL),(5165,3013,'-3','ar',NULL,NULL),(5166,3013,'-3','en',NULL,NULL),(5167,3014,'-3.5','ar',NULL,NULL),(5168,3014,'-3.5','en',NULL,NULL),(5169,3015,'-3.75','ar',NULL,NULL),(5170,3015,'-3.75','en',NULL,NULL),(5171,3016,'-4','ar',NULL,NULL),(5172,3016,'-4','en',NULL,NULL),(5173,3017,'-4.5','ar',NULL,NULL),(5174,3017,'-4.5','en',NULL,NULL),(5175,3018,'-4.75','ar',NULL,NULL),(5176,3018,'-4.75','en',NULL,NULL),(5177,3019,'-5','ar',NULL,NULL),(5178,3019,'-5','en',NULL,NULL),(5179,3020,'-5.5','ar',NULL,NULL),(5180,3020,'-5.5','en',NULL,NULL),(5181,3021,'-5.75','ar',NULL,NULL),(5182,3021,'-5.75','en',NULL,NULL),(5183,3022,'-6','ar',NULL,NULL),(5184,3022,'-6','en',NULL,NULL),(5185,3026,'0:00','ar',NULL,NULL),(5186,3026,'0:00','en',NULL,NULL),(5187,3029,'-1.5','ar',NULL,NULL),(5188,3029,'-1.5','en',NULL,NULL),(5189,3030,'-2','ar',NULL,NULL),(5190,3030,'-2','en',NULL,NULL),(5191,3031,'-2.5','ar',NULL,NULL),(5192,3031,'-2.5','en',NULL,NULL),(5193,3032,'-2.75','ar',NULL,NULL),(5194,3032,'-2.75','en',NULL,NULL),(5195,3033,'-3','ar',NULL,NULL),(5196,3033,'-3','en',NULL,NULL),(5197,3034,'-3.5','ar',NULL,NULL),(5198,3034,'-3.5','en',NULL,NULL),(5199,3035,'-3.75','ar',NULL,NULL),(5200,3035,'-3.75','en',NULL,NULL),(5201,3036,'-4','ar',NULL,NULL),(5202,3036,'-4','en',NULL,NULL),(5203,3037,'-4.5','ar',NULL,NULL),(5204,3037,'-4.5','en',NULL,NULL),(5205,3038,'-4.75','ar',NULL,NULL),(5206,3038,'-4.75','en',NULL,NULL),(5207,3039,'-5','ar',NULL,NULL),(5208,3039,'-5','en',NULL,NULL),(5209,3040,'-5.5','ar',NULL,NULL),(5210,3040,'-5.5','en',NULL,NULL),(5211,3041,'-5.75','ar',NULL,NULL),(5212,3041,'-5.75','en',NULL,NULL),(5213,3042,'-6','ar',NULL,NULL),(5214,3042,'-6','en',NULL,NULL),(5215,3057,'0:00','ar',NULL,NULL),(5216,3057,'0:00','en',NULL,NULL),(5217,3058,'-1.5','ar',NULL,NULL),(5218,3058,'-1.5','en',NULL,NULL),(5219,3059,'-1.75','ar',NULL,NULL),(5220,3059,'-1.75','en',NULL,NULL),(5221,3060,'-2','ar',NULL,NULL),(5222,3060,'-2','en',NULL,NULL),(5223,3061,'-2.5','ar',NULL,NULL),(5224,3061,'-2.5','en',NULL,NULL),(5225,3062,'-2.75','ar',NULL,NULL),(5226,3062,'-2.75','en',NULL,NULL),(5227,3063,'-3','ar',NULL,NULL),(5228,3063,'-3','en',NULL,NULL),(5229,3064,'-3.5','ar',NULL,NULL),(5230,3064,'-3.5','en',NULL,NULL),(5231,3065,'-3.75','ar',NULL,NULL),(5232,3065,'-3.75','en',NULL,NULL),(5233,3066,'-4','ar',NULL,NULL),(5234,3066,'-4','en',NULL,NULL),(5235,3067,'-4.5','ar',NULL,NULL),(5236,3067,'-4.5','en',NULL,NULL),(5237,3068,'-4.75','ar',NULL,NULL),(5238,3068,'-4.75','en',NULL,NULL),(5239,3069,'-5','ar',NULL,NULL),(5240,3069,'-5','en',NULL,NULL),(5241,3070,'-5.5','ar',NULL,NULL),(5242,3070,'-5.5','en',NULL,NULL),(5243,3071,'-5.75','ar',NULL,NULL),(5244,3071,'-5.75','en',NULL,NULL),(5245,3072,'-6','ar',NULL,NULL),(5246,3072,'-6','en',NULL,NULL),(5247,3073,'0.00','ar',NULL,NULL),(5248,3073,'0.00','en',NULL,NULL),(5249,3074,'0.00','ar',NULL,NULL),(5250,3074,'0.00','en',NULL,NULL),(5251,3075,'0:00','ar',NULL,NULL),(5252,3075,'0:00','en',NULL,NULL),(5253,3076,'0:00','ar',NULL,NULL),(5254,3076,'0:00','en',NULL,NULL),(5255,3081,'0','ar',NULL,NULL),(5256,3081,'0','en',NULL,NULL),(5257,3082,'-0.5','ar',NULL,NULL),(5258,3082,'-0.5','en',NULL,NULL),(5259,3083,'-0.75','ar',NULL,NULL),(5260,3083,'-0.75','en',NULL,NULL),(5261,3084,'-1','ar',NULL,NULL),(5262,3084,'-1','en',NULL,NULL),(5263,3085,'-1.25','ar',NULL,NULL),(5264,3085,'-1.25','en',NULL,NULL),(5265,3086,'-1.5','ar',NULL,NULL),(5266,3086,'-1.5','en',NULL,NULL),(5267,3087,'-1.75','ar',NULL,NULL),(5268,3087,'-1.75','en',NULL,NULL),(5269,3088,'-2','ar',NULL,NULL),(5270,3088,'-2','en',NULL,NULL),(5271,3089,'-2.25','ar',NULL,NULL),(5272,3089,'-2.25','en',NULL,NULL),(5273,3090,'-2.5','ar',NULL,NULL),(5274,3090,'-2.5','en',NULL,NULL),(5275,3091,'-2.75','ar',NULL,NULL),(5276,3091,'-2.75','en',NULL,NULL),(5277,3092,'-3','ar',NULL,NULL),(5278,3092,'-3','en',NULL,NULL),(5279,3093,'-3.25','ar',NULL,NULL),(5280,3093,'-3.25','en',NULL,NULL),(5281,3094,'-3.5','ar',NULL,NULL),(5282,3094,'-3.5','en',NULL,NULL),(5283,3095,'-3.75','ar',NULL,NULL),(5284,3095,'-3.75','en',NULL,NULL),(5285,3096,'-4','ar',NULL,NULL),(5286,3096,'-4','en',NULL,NULL),(5287,3097,'-4.25','ar',NULL,NULL),(5288,3097,'-4.25','en',NULL,NULL),(5289,3098,'-4.5','ar',NULL,NULL),(5290,3098,'-4.5','en',NULL,NULL),(5291,3099,'-4.75','ar',NULL,NULL),(5292,3099,'-4.75','en',NULL,NULL),(5293,3100,'-5','ar',NULL,NULL),(5294,3100,'-5','en',NULL,NULL),(5295,3101,'-5.25','ar',NULL,NULL),(5296,3101,'-5.25','en',NULL,NULL),(5297,3102,'-5.5','ar',NULL,NULL),(5298,3102,'-5.5','en',NULL,NULL),(5299,3103,'-5.75','ar',NULL,NULL),(5300,3103,'-5.75','en',NULL,NULL),(5301,3104,'-6','ar',NULL,NULL),(5302,3104,'-6','en',NULL,NULL),(5303,3105,'0','ar',NULL,NULL),(5304,3105,'0','en',NULL,NULL),(5305,3106,'-0.5','ar',NULL,NULL),(5306,3106,'-0.5','en',NULL,NULL),(5307,3107,'-0.75','ar',NULL,NULL),(5308,3107,'-0.75','en',NULL,NULL),(5309,3108,'-1','ar',NULL,NULL),(5310,3108,'-1','en',NULL,NULL),(5311,3109,'-1.25','ar',NULL,NULL),(5312,3109,'-1.25','en',NULL,NULL),(5313,3110,'-1.5','ar',NULL,NULL),(5314,3110,'-1.5','en',NULL,NULL),(5315,3111,'-1.75','ar',NULL,NULL),(5316,3111,'-1.75','en',NULL,NULL),(5317,3112,'-2','ar',NULL,NULL),(5318,3112,'-2','en',NULL,NULL),(5319,3113,'-2.25','ar',NULL,NULL),(5320,3113,'-2.25','en',NULL,NULL),(5321,3114,'-2.5','ar',NULL,NULL),(5322,3114,'-2.5','en',NULL,NULL),(5323,3115,'-2.75','ar',NULL,NULL),(5324,3115,'-2.75','en',NULL,NULL),(5325,3116,'-3','ar',NULL,NULL),(5326,3116,'-3','en',NULL,NULL),(5327,3117,'-3.25','ar',NULL,NULL),(5328,3117,'-3.25','en',NULL,NULL),(5329,3118,'-3.5','ar',NULL,NULL),(5330,3118,'-3.5','en',NULL,NULL),(5331,3119,'-3.75','ar',NULL,NULL),(5332,3119,'-3.75','en',NULL,NULL),(5333,3120,'-4','ar',NULL,NULL),(5334,3120,'-4','en',NULL,NULL),(5335,3121,'-4.25','ar',NULL,NULL),(5336,3121,'-4.25','en',NULL,NULL),(5337,3122,'-4.5','ar',NULL,NULL),(5338,3122,'-4.5','en',NULL,NULL),(5339,3123,'-4.75','ar',NULL,NULL),(5340,3123,'-4.75','en',NULL,NULL),(5341,3124,'-5','ar',NULL,NULL),(5342,3124,'-5','en',NULL,NULL),(5343,3125,'-5.25','ar',NULL,NULL),(5344,3125,'-5.25','en',NULL,NULL),(5345,3126,'-5.5','ar',NULL,NULL),(5346,3126,'-5.5','en',NULL,NULL),(5347,3127,'-5.75','ar',NULL,NULL),(5348,3127,'-5.75','en',NULL,NULL),(5349,3128,'-6','ar',NULL,NULL),(5350,3128,'-6','en',NULL,NULL),(5351,3130,'0','ar',NULL,NULL),(5352,3130,'0','en',NULL,NULL),(5353,3131,'-0.5','ar',NULL,NULL),(5354,3131,'-0.5','en',NULL,NULL),(5355,3132,'-0.75','ar',NULL,NULL),(5356,3132,'-0.75','en',NULL,NULL),(5357,3133,'-1','ar',NULL,NULL),(5358,3133,'-1','en',NULL,NULL),(5359,3134,'-1.25','ar',NULL,NULL),(5360,3134,'-1.25','en',NULL,NULL),(5361,3135,'-1.5','ar',NULL,NULL),(5362,3135,'-1.5','en',NULL,NULL),(5363,3136,'-1.75','ar',NULL,NULL),(5364,3136,'-1.75','en',NULL,NULL),(5365,3137,'-2','ar',NULL,NULL),(5366,3137,'-2','en',NULL,NULL),(5367,3138,'-2.25','ar',NULL,NULL),(5368,3138,'-2.25','en',NULL,NULL),(5369,3139,'-2.5','ar',NULL,NULL),(5370,3139,'-2.5','en',NULL,NULL),(5371,3140,'-2.75','ar',NULL,NULL),(5372,3140,'-2.75','en',NULL,NULL),(5373,3141,'-3','ar',NULL,NULL),(5374,3141,'-3','en',NULL,NULL),(5375,3142,'-3.25','ar',NULL,NULL),(5376,3142,'-3.25','en',NULL,NULL),(5377,3143,'-3.5','ar',NULL,NULL),(5378,3143,'-3.5','en',NULL,NULL),(5379,3144,'-3.75','ar',NULL,NULL),(5380,3144,'-3.75','en',NULL,NULL),(5381,3145,'-4','ar',NULL,NULL),(5382,3145,'-4','en',NULL,NULL),(5383,3146,'-4.25','ar',NULL,NULL),(5384,3146,'-4.25','en',NULL,NULL),(5385,3147,'-4.5','ar',NULL,NULL),(5386,3147,'-4.5','en',NULL,NULL),(5387,3148,'-4.75','ar',NULL,NULL),(5388,3148,'-4.75','en',NULL,NULL),(5389,3149,'-5','ar',NULL,NULL),(5390,3149,'-5','en',NULL,NULL),(5391,3150,'-5.25','ar',NULL,NULL),(5392,3150,'-5.25','en',NULL,NULL),(5393,3151,'-5.5','ar',NULL,NULL),(5394,3151,'-5.5','en',NULL,NULL),(5395,3152,'-5.75','ar',NULL,NULL),(5396,3152,'-5.75','en',NULL,NULL),(5397,3153,'-6','ar',NULL,NULL),(5398,3153,'-6','en',NULL,NULL),(5399,3168,'0','ar',NULL,NULL),(5400,3168,'0','en',NULL,NULL),(5401,3169,'-0.5','ar',NULL,NULL),(5402,3169,'-0.5','en',NULL,NULL),(5403,3170,'-0.75','ar',NULL,NULL),(5404,3170,'-0.75','en',NULL,NULL),(5405,3171,'-1','ar',NULL,NULL),(5406,3171,'-1','en',NULL,NULL),(5407,3172,'-1.25','ar',NULL,NULL),(5408,3172,'-1.25','en',NULL,NULL),(5409,3173,'-1.5','ar',NULL,NULL),(5410,3173,'-1.5','en',NULL,NULL),(5411,3174,'-1.75','ar',NULL,NULL),(5412,3174,'-1.75','en',NULL,NULL),(5413,3175,'-2','ar',NULL,NULL),(5414,3175,'-2','en',NULL,NULL),(5415,3176,'-2.25','ar',NULL,NULL),(5416,3176,'-2.25','en',NULL,NULL),(5417,3177,'-2.5','ar',NULL,NULL),(5418,3177,'-2.5','en',NULL,NULL),(5419,3178,'-2.75','ar',NULL,NULL),(5420,3178,'-2.75','en',NULL,NULL),(5421,3179,'-3','ar',NULL,NULL),(5422,3179,'-3','en',NULL,NULL),(5423,3180,'-3.25','ar',NULL,NULL),(5424,3180,'-3.25','en',NULL,NULL),(5425,3181,'-3.5','ar',NULL,NULL),(5426,3181,'-3.5','en',NULL,NULL),(5427,3182,'-3.75','ar',NULL,NULL),(5428,3182,'-3.75','en',NULL,NULL),(5429,3183,'-4','ar',NULL,NULL),(5430,3183,'-4','en',NULL,NULL),(5431,3184,'-4.25','ar',NULL,NULL),(5432,3184,'-4.25','en',NULL,NULL),(5433,3185,'-4.5','ar',NULL,NULL),(5434,3185,'-4.5','en',NULL,NULL),(5435,3186,'-4.75','ar',NULL,NULL),(5436,3186,'-4.75','en',NULL,NULL),(5437,3187,'-5','ar',NULL,NULL),(5438,3187,'-5','en',NULL,NULL),(5439,3188,'-5.25','ar',NULL,NULL),(5440,3188,'-5.25','en',NULL,NULL),(5441,3189,'-5.5','ar',NULL,NULL),(5442,3189,'-5.5','en',NULL,NULL),(5443,3190,'-5.75','ar',NULL,NULL),(5444,3190,'-5.75','en',NULL,NULL),(5445,3191,'-6','ar',NULL,NULL),(5446,3191,'-6','en',NULL,NULL),(5447,3201,'0','ar',NULL,NULL),(5448,3201,'0','en',NULL,NULL),(5449,3202,'-0.5','ar',NULL,NULL),(5450,3202,'-0.5','en',NULL,NULL),(5451,3203,'-0.75','ar',NULL,NULL),(5452,3203,'-0.75','en',NULL,NULL),(5453,3204,'-1','ar',NULL,NULL),(5454,3204,'-1','en',NULL,NULL),(5455,3205,'-1.25','ar',NULL,NULL),(5456,3205,'-1.25','en',NULL,NULL),(5457,3206,'-1.5','ar',NULL,NULL),(5458,3206,'-1.5','en',NULL,NULL),(5459,3207,'-1.75','ar',NULL,NULL),(5460,3207,'-1.75','en',NULL,NULL),(5461,3208,'-2','ar',NULL,NULL),(5462,3208,'-2','en',NULL,NULL),(5463,3209,'-2.25','ar',NULL,NULL),(5464,3209,'-2.25','en',NULL,NULL),(5465,3210,'-2.5','ar',NULL,NULL),(5466,3210,'-2.5','en',NULL,NULL),(5467,3211,'-2.75','ar',NULL,NULL),(5468,3211,'-2.75','en',NULL,NULL),(5469,3212,'-3','ar',NULL,NULL),(5470,3212,'-3','en',NULL,NULL),(5471,3213,'-3.25','ar',NULL,NULL),(5472,3213,'-3.25','en',NULL,NULL),(5473,3214,'-3.5','ar',NULL,NULL),(5474,3214,'-3.5','en',NULL,NULL),(5475,3215,'-3.75','ar',NULL,NULL),(5476,3215,'-3.75','en',NULL,NULL),(5477,3216,'-4','ar',NULL,NULL),(5478,3216,'-4','en',NULL,NULL),(5479,3217,'-4.25','ar',NULL,NULL),(5480,3217,'-4.25','en',NULL,NULL),(5481,3218,'-4.5','ar',NULL,NULL),(5482,3218,'-4.5','en',NULL,NULL),(5483,3219,'-4.75','ar',NULL,NULL),(5484,3219,'-4.75','en',NULL,NULL),(5485,3220,'-5','ar',NULL,NULL),(5486,3220,'-5','en',NULL,NULL),(5487,3221,'-5.25','ar',NULL,NULL),(5488,3221,'-5.25','en',NULL,NULL),(5489,3222,'-5.5','ar',NULL,NULL),(5490,3222,'-5.5','en',NULL,NULL),(5491,3223,'-5.75','ar',NULL,NULL),(5492,3223,'-5.75','en',NULL,NULL),(5493,3224,'-6','ar',NULL,NULL),(5494,3224,'-6','en',NULL,NULL),(5495,3225,'0','ar',NULL,NULL),(5496,3225,'0','en',NULL,NULL),(5497,3226,'-0.5','ar',NULL,NULL),(5498,3226,'-0.5','en',NULL,NULL),(5499,3227,'-0.75','ar',NULL,NULL),(5500,3227,'-0.75','en',NULL,NULL),(5501,3228,'-1','ar',NULL,NULL),(5502,3228,'-1','en',NULL,NULL),(5503,3229,'-1.25','ar',NULL,NULL),(5504,3229,'-1.25','en',NULL,NULL),(5505,3230,'-1.5','ar',NULL,NULL),(5506,3230,'-1.5','en',NULL,NULL),(5507,3231,'-1.75','ar',NULL,NULL),(5508,3231,'-1.75','en',NULL,NULL),(5509,3232,'-2','ar',NULL,NULL),(5510,3232,'-2','en',NULL,NULL),(5511,3233,'-2.25','ar',NULL,NULL),(5512,3233,'-2.25','en',NULL,NULL),(5513,3234,'-2.5','ar',NULL,NULL),(5514,3234,'-2.5','en',NULL,NULL),(5515,3235,'-2.75','ar',NULL,NULL),(5516,3235,'-2.75','en',NULL,NULL),(5517,3236,'-3','ar',NULL,NULL),(5518,3236,'-3','en',NULL,NULL),(5519,3237,'-3.25','ar',NULL,NULL),(5520,3237,'-3.25','en',NULL,NULL),(5521,3238,'-3.5','ar',NULL,NULL),(5522,3238,'-3.5','en',NULL,NULL),(5523,3239,'-3.75','ar',NULL,NULL),(5524,3239,'-3.75','en',NULL,NULL),(5525,3240,'-4','ar',NULL,NULL),(5526,3240,'-4','en',NULL,NULL),(5527,3241,'-4.25','ar',NULL,NULL),(5528,3241,'-4.25','en',NULL,NULL),(5529,3242,'-4.5','ar',NULL,NULL),(5530,3242,'-4.5','en',NULL,NULL),(5531,3243,'-4.75','ar',NULL,NULL),(5532,3243,'-4.75','en',NULL,NULL),(5533,3244,'-5','ar',NULL,NULL),(5534,3244,'-5','en',NULL,NULL),(5535,3245,'-5.25','ar',NULL,NULL),(5536,3245,'-5.25','en',NULL,NULL),(5537,3246,'-5.5','ar',NULL,NULL),(5538,3246,'-5.5','en',NULL,NULL),(5539,3247,'-5.75','ar',NULL,NULL),(5540,3247,'-5.75','en',NULL,NULL),(5541,3248,'-6','ar',NULL,NULL),(5542,3248,'-6','en',NULL,NULL),(5543,3249,'0','ar',NULL,NULL),(5544,3249,'0','en',NULL,NULL),(5545,3250,'-0.5','ar',NULL,NULL),(5546,3250,'-0.5','en',NULL,NULL),(5547,3251,'-0.75','ar',NULL,NULL),(5548,3251,'-0.75','en',NULL,NULL),(5549,3252,'-1','ar',NULL,NULL),(5550,3252,'-1','en',NULL,NULL),(5551,3253,'-1.25','ar',NULL,NULL),(5552,3253,'-1.25','en',NULL,NULL),(5553,3254,'-1.5','ar',NULL,NULL),(5554,3254,'-1.5','en',NULL,NULL),(5555,3255,'-1.75','ar',NULL,NULL),(5556,3255,'-1.75','en',NULL,NULL),(5557,3256,'-2','ar',NULL,NULL),(5558,3256,'-2','en',NULL,NULL),(5559,3257,'-2.25','ar',NULL,NULL),(5560,3257,'-2.25','en',NULL,NULL),(5561,3258,'-2.5','ar',NULL,NULL),(5562,3258,'-2.5','en',NULL,NULL),(5563,3259,'-2.75','ar',NULL,NULL),(5564,3259,'-2.75','en',NULL,NULL),(5565,3260,'-3','ar',NULL,NULL),(5566,3260,'-3','en',NULL,NULL),(5567,3261,'-3.25','ar',NULL,NULL),(5568,3261,'-3.25','en',NULL,NULL),(5569,3262,'-3.5','ar',NULL,NULL),(5570,3262,'-3.5','en',NULL,NULL),(5571,3263,'-3.75','ar',NULL,NULL),(5572,3263,'-3.75','en',NULL,NULL),(5573,3264,'-4','ar',NULL,NULL),(5574,3264,'-4','en',NULL,NULL),(5575,3265,'-4.25','ar',NULL,NULL),(5576,3265,'-4.25','en',NULL,NULL),(5577,3266,'-4.5','ar',NULL,NULL),(5578,3266,'-4.5','en',NULL,NULL),(5579,3267,'-4.75','ar',NULL,NULL),(5580,3267,'-4.75','en',NULL,NULL),(5581,3268,'-5','ar',NULL,NULL),(5582,3268,'-5','en',NULL,NULL),(5583,3269,'-5.25','ar',NULL,NULL),(5584,3269,'-5.25','en',NULL,NULL),(5585,3270,'-5.5','ar',NULL,NULL),(5586,3270,'-5.5','en',NULL,NULL),(5587,3271,'-5.75','ar',NULL,NULL),(5588,3271,'-5.75','en',NULL,NULL),(5589,3272,'-6','ar',NULL,NULL),(5590,3272,'-6','en',NULL,NULL),(5591,3273,'0','ar',NULL,NULL),(5592,3273,'0','en',NULL,NULL),(5593,3274,'-0.5','ar',NULL,NULL),(5594,3274,'-0.5','en',NULL,NULL),(5595,3275,'-0.75','ar',NULL,NULL),(5596,3275,'-0.75','en',NULL,NULL),(5597,3276,'-1','ar',NULL,NULL),(5598,3276,'-1','en',NULL,NULL),(5599,3277,'-1.25','ar',NULL,NULL),(5600,3277,'-1.25','en',NULL,NULL),(5601,3278,'-1.5','ar',NULL,NULL),(5602,3278,'-1.5','en',NULL,NULL),(5603,3279,'-1.75','ar',NULL,NULL),(5604,3279,'-1.75','en',NULL,NULL),(5605,3280,'-2','ar',NULL,NULL),(5606,3280,'-2','en',NULL,NULL),(5607,3281,'-2.25','ar',NULL,NULL),(5608,3281,'-2.25','en',NULL,NULL),(5609,3282,'-2.5','ar',NULL,NULL),(5610,3282,'-2.5','en',NULL,NULL),(5611,3283,'-2.75','ar',NULL,NULL),(5612,3283,'-2.75','en',NULL,NULL),(5613,3284,'-2.75','ar',NULL,NULL),(5614,3284,'-2.75','en',NULL,NULL),(5615,3285,'-3','ar',NULL,NULL),(5616,3285,'-3','en',NULL,NULL),(5617,3286,'-3.25','ar',NULL,NULL),(5618,3286,'-3.25','en',NULL,NULL),(5619,3287,'-3.5','ar',NULL,NULL),(5620,3287,'-3.5','en',NULL,NULL),(5621,3288,'-3.75','ar',NULL,NULL),(5622,3288,'-3.75','en',NULL,NULL),(5623,3289,'-4','ar',NULL,NULL),(5624,3289,'-4','en',NULL,NULL),(5625,3290,'-4.25','ar',NULL,NULL),(5626,3290,'-4.25','en',NULL,NULL),(5627,3291,'-4.5','ar',NULL,NULL),(5628,3291,'-4.5','en',NULL,NULL),(5629,3292,'-4.75','ar',NULL,NULL),(5630,3292,'-4.75','en',NULL,NULL),(5631,3293,'-5','ar',NULL,NULL),(5632,3293,'-5','en',NULL,NULL),(5633,3294,'-5.25','ar',NULL,NULL),(5634,3294,'-5.25','en',NULL,NULL),(5635,3295,'-5.5','ar',NULL,NULL),(5636,3295,'-5.5','en',NULL,NULL),(5637,3296,'-5.75','ar',NULL,NULL),(5638,3296,'-5.75','en',NULL,NULL),(5639,3297,'-6','ar',NULL,NULL),(5640,3297,'-6','en',NULL,NULL),(5641,3298,'0','ar',NULL,NULL),(5642,3298,'0','en',NULL,NULL),(5643,3299,'-0.5','ar',NULL,NULL),(5644,3299,'-0.5','en',NULL,NULL),(5645,3300,'-0.75','ar',NULL,NULL),(5646,3300,'-0.75','en',NULL,NULL),(5647,3301,'-1','ar',NULL,NULL),(5648,3301,'-1','en',NULL,NULL),(5649,3302,'-1.25','ar',NULL,NULL),(5650,3302,'-1.25','en',NULL,NULL),(5651,3303,'-1.5','ar',NULL,NULL),(5652,3303,'-1.5','en',NULL,NULL),(5653,3304,'-1.75','ar',NULL,NULL),(5654,3304,'-1.75','en',NULL,NULL),(5655,3305,'-2','ar',NULL,NULL),(5656,3305,'-2','en',NULL,NULL),(5657,3306,'-2.25','ar',NULL,NULL),(5658,3306,'-2.25','en',NULL,NULL),(5659,3307,'-2.5','ar',NULL,NULL),(5660,3307,'-2.5','en',NULL,NULL),(5661,3308,'-2.75','ar',NULL,NULL),(5662,3308,'-2.75','en',NULL,NULL),(5663,3309,'-3','ar',NULL,NULL),(5664,3309,'-3','en',NULL,NULL),(5665,3310,'-3.25','ar',NULL,NULL),(5666,3310,'-3.25','en',NULL,NULL),(5667,3311,'-3.5','ar',NULL,NULL),(5668,3311,'-3.5','en',NULL,NULL),(5669,3312,'-3.75','ar',NULL,NULL),(5670,3312,'-3.75','en',NULL,NULL),(5671,3313,'-4','ar',NULL,NULL),(5672,3313,'-4','en',NULL,NULL),(5673,3314,'-4.25','ar',NULL,NULL),(5674,3314,'-4.25','en',NULL,NULL),(5675,3315,'-4.5','ar',NULL,NULL),(5676,3315,'-4.5','en',NULL,NULL),(5677,3316,'-4.75','ar',NULL,NULL),(5678,3316,'-4.75','en',NULL,NULL),(5679,3317,'-5','ar',NULL,NULL),(5680,3317,'-5','en',NULL,NULL),(5681,3318,'-5.25','ar',NULL,NULL),(5682,3318,'-5.25','en',NULL,NULL),(5683,3319,'-5.5','ar',NULL,NULL),(5684,3319,'-5.5','en',NULL,NULL),(5685,3320,'-5.75','ar',NULL,NULL),(5686,3320,'-5.75','en',NULL,NULL),(5687,3321,'-6','ar',NULL,NULL),(5688,3321,'-6','en',NULL,NULL),(5689,3322,'0','ar',NULL,NULL),(5690,3322,'0','en',NULL,NULL),(5691,3323,'-0.5','ar',NULL,NULL),(5692,3323,'-0.5','en',NULL,NULL),(5693,3324,'-0.75','ar',NULL,NULL),(5694,3324,'-0.75','en',NULL,NULL),(5695,3325,'-1','ar',NULL,NULL),(5696,3325,'-1','en',NULL,NULL),(5697,3326,'-1.25','ar',NULL,NULL),(5698,3326,'-1.25','en',NULL,NULL),(5699,3327,'-1.5','ar',NULL,NULL),(5700,3327,'-1.5','en',NULL,NULL),(5701,3328,'-1.75','ar',NULL,NULL),(5702,3328,'-1.75','en',NULL,NULL),(5703,3329,'-2','ar',NULL,NULL),(5704,3329,'-2','en',NULL,NULL),(5705,3330,'-2.25','ar',NULL,NULL),(5706,3330,'-2.25','en',NULL,NULL),(5707,3331,'-2.5','ar',NULL,NULL),(5708,3331,'-2.5','en',NULL,NULL),(5709,3332,'-2.75','ar',NULL,NULL),(5710,3332,'-2.75','en',NULL,NULL),(5711,3333,'-3','ar',NULL,NULL),(5712,3333,'-3','en',NULL,NULL),(5713,3334,'-3.25','ar',NULL,NULL),(5714,3334,'-3.25','en',NULL,NULL),(5715,3335,'-3.5','ar',NULL,NULL),(5716,3335,'-3.5','en',NULL,NULL),(5717,3336,'-3.75','ar',NULL,NULL),(5718,3336,'-3.75','en',NULL,NULL),(5719,3337,'-4','ar',NULL,NULL),(5720,3337,'-4','en',NULL,NULL),(5721,3338,'-4.25','ar',NULL,NULL),(5722,3338,'-4.25','en',NULL,NULL),(5723,3339,'-4.5','ar',NULL,NULL),(5724,3339,'-4.5','en',NULL,NULL),(5725,3340,'-4.75','ar',NULL,NULL),(5726,3340,'-4.75','en',NULL,NULL),(5727,3341,'-5','ar',NULL,NULL),(5728,3341,'-5','en',NULL,NULL),(5729,3342,'-5.25','ar',NULL,NULL),(5730,3342,'-5.25','en',NULL,NULL),(5731,3343,'-5.5','ar',NULL,NULL),(5732,3343,'-5.5','en',NULL,NULL),(5733,3344,'-5.75','ar',NULL,NULL),(5734,3344,'-5.75','en',NULL,NULL),(5735,3345,'-6','ar',NULL,NULL),(5736,3345,'-6','en',NULL,NULL),(5737,3346,'0','ar',NULL,NULL),(5738,3346,'0','en',NULL,NULL),(5739,3347,'-0.5','ar',NULL,NULL),(5740,3347,'-0.5','en',NULL,NULL),(5741,3348,'-0.75','ar',NULL,NULL),(5742,3348,'-0.75','en',NULL,NULL),(5743,3349,'-1','ar',NULL,NULL),(5744,3349,'-1','en',NULL,NULL),(5745,3350,'-1.25','ar',NULL,NULL),(5746,3350,'-1.25','en',NULL,NULL),(5747,3351,'-1.5','ar',NULL,NULL),(5748,3351,'-1.5','en',NULL,NULL),(5749,3352,'-1.75','ar',NULL,NULL),(5750,3352,'-1.75','en',NULL,NULL),(5751,3353,'-2','ar',NULL,NULL),(5752,3353,'-2','en',NULL,NULL),(5753,3354,'-2.25','ar',NULL,NULL),(5754,3354,'-2.25','en',NULL,NULL),(5755,3355,'-2.5','ar',NULL,NULL),(5756,3355,'-2.5','en',NULL,NULL),(5757,3356,'-2.75','ar',NULL,NULL),(5758,3356,'-2.75','en',NULL,NULL),(5759,3357,'-3','ar',NULL,NULL),(5760,3357,'-3','en',NULL,NULL),(5761,3358,'-3.25','ar',NULL,NULL),(5762,3358,'-3.25','en',NULL,NULL),(5763,3359,'-3.5','ar',NULL,NULL),(5764,3359,'-3.5','en',NULL,NULL),(5765,3360,'-3.75','ar',NULL,NULL),(5766,3360,'-3.75','en',NULL,NULL),(5767,3361,'-4','ar',NULL,NULL),(5768,3361,'-4','en',NULL,NULL),(5769,3362,'-4.25','ar',NULL,NULL),(5770,3362,'-4.25','en',NULL,NULL),(5771,3363,'-4.5','ar',NULL,NULL),(5772,3363,'-4.5','en',NULL,NULL),(5773,3364,'-4.75','ar',NULL,NULL),(5774,3364,'-4.75','en',NULL,NULL),(5775,3365,'-5','ar',NULL,NULL),(5776,3365,'-5','en',NULL,NULL),(5777,3366,'-5.25','ar',NULL,NULL),(5778,3366,'-5.25','en',NULL,NULL),(5779,3367,'-5.5','ar',NULL,NULL),(5780,3367,'-5.5','en',NULL,NULL),(5781,3368,'-5.75','ar',NULL,NULL),(5782,3368,'-5.75','en',NULL,NULL),(5783,3369,'-6','ar',NULL,NULL),(5784,3369,'-6','en',NULL,NULL),(5785,3370,'0','ar',NULL,NULL),(5786,3370,'0','en',NULL,NULL),(5787,3371,'-0.5','ar',NULL,NULL),(5788,3371,'-0.5','en',NULL,NULL),(5789,3372,'-0.75','ar',NULL,NULL),(5790,3372,'-0.75','en',NULL,NULL),(5791,3373,'-1','ar',NULL,NULL),(5792,3373,'-1','en',NULL,NULL),(5793,3374,'-1.25','ar',NULL,NULL),(5794,3374,'-1.25','en',NULL,NULL),(5795,3375,'-1.5','ar',NULL,NULL),(5796,3375,'-1.5','en',NULL,NULL),(5797,3376,'-1.75','ar',NULL,NULL),(5798,3376,'-1.75','en',NULL,NULL),(5799,3377,'-2','ar',NULL,NULL),(5800,3377,'-2','en',NULL,NULL),(5801,3378,'-2.25','ar',NULL,NULL),(5802,3378,'-2.25','en',NULL,NULL),(5803,3379,'-2.5','ar',NULL,NULL),(5804,3379,'-2.5','en',NULL,NULL),(5805,3380,'-2.75','ar',NULL,NULL),(5806,3380,'-2.75','en',NULL,NULL),(5807,3381,'-3','ar',NULL,NULL),(5808,3381,'-3','en',NULL,NULL),(5809,3382,'-3.25','ar',NULL,NULL),(5810,3382,'-3.25','en',NULL,NULL),(5811,3383,'-3.5','ar',NULL,NULL),(5812,3383,'-3.5','en',NULL,NULL),(5813,3384,'-3.75','ar',NULL,NULL),(5814,3384,'-3.75','en',NULL,NULL),(5815,3385,'-4','ar',NULL,NULL),(5816,3385,'-4','en',NULL,NULL),(5817,3386,'-4.25','ar',NULL,NULL),(5818,3386,'-4.25','en',NULL,NULL),(5819,3387,'-4.5','ar',NULL,NULL),(5820,3387,'-4.5','en',NULL,NULL),(5821,3388,'-4.75','ar',NULL,NULL),(5822,3388,'-4.75','en',NULL,NULL),(5823,3389,'-5','ar',NULL,NULL),(5824,3389,'-5','en',NULL,NULL),(5825,3390,'-5.25','ar',NULL,NULL),(5826,3390,'-5.25','en',NULL,NULL),(5827,3391,'-5.5','ar',NULL,NULL),(5828,3391,'-5.5','en',NULL,NULL),(5829,3392,'-5.75','ar',NULL,NULL),(5830,3392,'-5.75','en',NULL,NULL),(5831,3393,'-6','ar',NULL,NULL),(5832,3393,'-6','en',NULL,NULL),(5833,3394,'0','ar',NULL,NULL),(5834,3394,'0','en',NULL,NULL),(5835,3395,'-0.5','ar',NULL,NULL),(5836,3395,'-0.5','en',NULL,NULL),(5837,3396,'-0.75','ar',NULL,NULL),(5838,3396,'-0.75','en',NULL,NULL),(5839,3397,'-1','ar',NULL,NULL),(5840,3397,'-1','en',NULL,NULL),(5841,3398,'-1.25','ar',NULL,NULL),(5842,3398,'-1.25','en',NULL,NULL),(5843,3399,'-1.5','ar',NULL,NULL),(5844,3399,'-1.5','en',NULL,NULL),(5845,3400,'-1.75','ar',NULL,NULL),(5846,3400,'-1.75','en',NULL,NULL),(5847,3401,'-2','ar',NULL,NULL),(5848,3401,'-2','en',NULL,NULL),(5849,3402,'-2.25','ar',NULL,NULL),(5850,3402,'-2.25','en',NULL,NULL),(5851,3403,'-2.5','ar',NULL,NULL),(5852,3403,'-2.5','en',NULL,NULL),(5853,3404,'-2.75','ar',NULL,NULL),(5854,3404,'-2.75','en',NULL,NULL),(5855,3405,'-3','ar',NULL,NULL),(5856,3405,'-3','en',NULL,NULL),(5857,3406,'-3.25','ar',NULL,NULL),(5858,3406,'-3.25','en',NULL,NULL),(5859,3407,'-3.5','ar',NULL,NULL),(5860,3407,'-3.5','en',NULL,NULL),(5861,3408,'-3.75','ar',NULL,NULL),(5862,3408,'-3.75','en',NULL,NULL),(5863,3409,'-4','ar',NULL,NULL),(5864,3409,'-4','en',NULL,NULL),(5865,3410,'-4.25','ar',NULL,NULL),(5866,3410,'-4.25','en',NULL,NULL),(5867,3411,'-4.5','ar',NULL,NULL),(5868,3411,'-4.5','en',NULL,NULL),(5869,3412,'-4.75','ar',NULL,NULL),(5870,3412,'-4.75','en',NULL,NULL),(5871,3413,'-5','ar',NULL,NULL),(5872,3413,'-5','en',NULL,NULL),(5873,3414,'-5.25','ar',NULL,NULL),(5874,3414,'-5.25','en',NULL,NULL),(5875,3415,'-5.5','ar',NULL,NULL),(5876,3415,'-5.5','en',NULL,NULL),(5877,3416,'-5.75','ar',NULL,NULL),(5878,3416,'-5.75','en',NULL,NULL),(5879,3417,'-6','ar',NULL,NULL),(5880,3417,'-6','en',NULL,NULL),(5881,3435,'0','ar',NULL,NULL),(5882,3435,'0','en',NULL,NULL),(5883,3436,'-0.5','ar',NULL,NULL),(5884,3436,'-0.5','en',NULL,NULL),(5885,3437,'-0.75','ar',NULL,NULL),(5886,3437,'-0.75','en',NULL,NULL),(5887,3438,'-1','ar',NULL,NULL),(5888,3438,'-1','en',NULL,NULL),(5889,3439,'-1.25','ar',NULL,NULL),(5890,3439,'-1.25','en',NULL,NULL),(5891,3440,'-1.5','ar',NULL,NULL),(5892,3440,'-1.5','en',NULL,NULL),(5893,3441,'-1.75','ar',NULL,NULL),(5894,3441,'-1.75','en',NULL,NULL),(5895,3442,'-2','ar',NULL,NULL),(5896,3442,'-2','en',NULL,NULL),(5897,3443,'-2.25','ar',NULL,NULL),(5898,3443,'-2.25','en',NULL,NULL),(5899,3444,'-2.5','ar',NULL,NULL),(5900,3444,'-2.5','en',NULL,NULL),(5901,3445,'-2.75','ar',NULL,NULL),(5902,3445,'-2.75','en',NULL,NULL),(5903,3446,'-3','ar',NULL,NULL),(5904,3446,'-3','en',NULL,NULL),(5905,3447,'-3.25','ar',NULL,NULL),(5906,3447,'-3.25','en',NULL,NULL),(5907,3448,'-3.5','ar',NULL,NULL),(5908,3448,'-3.5','en',NULL,NULL),(5909,3449,'-3.75','ar',NULL,NULL),(5910,3449,'-3.75','en',NULL,NULL),(5911,3450,'-4','ar',NULL,NULL),(5912,3450,'-4','en',NULL,NULL),(5913,3451,'-4.25','ar',NULL,NULL),(5914,3451,'-4.25','en',NULL,NULL),(5915,3452,'-4.5','ar',NULL,NULL),(5916,3452,'-4.5','en',NULL,NULL),(5917,3453,'-4.75','ar',NULL,NULL),(5918,3453,'-4.75','en',NULL,NULL),(5919,3454,'-5','ar',NULL,NULL),(5920,3454,'-5','en',NULL,NULL),(5921,3455,'-5.25','ar',NULL,NULL),(5922,3455,'-5.25','en',NULL,NULL),(5923,3456,'-5.5','ar',NULL,NULL),(5924,3456,'-5.5','en',NULL,NULL),(5925,3457,'-5.75','ar',NULL,NULL),(5926,3457,'-5.75','en',NULL,NULL),(5927,3458,'-6','ar',NULL,NULL),(5928,3458,'-6','en',NULL,NULL),(5929,3459,'0','ar',NULL,NULL),(5930,3459,'0','en',NULL,NULL),(5931,3460,'-0.5','ar',NULL,NULL),(5932,3460,'-0.5','en',NULL,NULL),(5933,3461,'-0.75','ar',NULL,NULL),(5934,3461,'-0.75','en',NULL,NULL),(5935,3462,'-1','ar',NULL,NULL),(5936,3462,'-1','en',NULL,NULL),(5937,3463,'-1.25','ar',NULL,NULL),(5938,3463,'-1.25','en',NULL,NULL),(5939,3464,'-1.5','ar',NULL,NULL),(5940,3464,'-1.5','en',NULL,NULL),(5941,3465,'-1.75','ar',NULL,NULL),(5942,3465,'-1.75','en',NULL,NULL),(5943,3466,'-2','ar',NULL,NULL),(5944,3466,'-2','en',NULL,NULL),(5945,3467,'-2.25','ar',NULL,NULL),(5946,3467,'-2.25','en',NULL,NULL),(5947,3468,'-2.5','ar',NULL,NULL),(5948,3468,'-2.5','en',NULL,NULL),(5949,3469,'-2.75','ar',NULL,NULL),(5950,3469,'-2.75','en',NULL,NULL),(5951,3470,'-3','ar',NULL,NULL),(5952,3470,'-3','en',NULL,NULL),(5953,3471,'-3.25','ar',NULL,NULL),(5954,3471,'-3.25','en',NULL,NULL),(5955,3472,'-3.5','ar',NULL,NULL),(5956,3472,'-3.5','en',NULL,NULL),(5957,3473,'-3.75','ar',NULL,NULL),(5958,3473,'-3.75','en',NULL,NULL),(5959,3474,'-4','ar',NULL,NULL),(5960,3474,'-4','en',NULL,NULL),(5961,3475,'-4.25','ar',NULL,NULL),(5962,3475,'-4.25','en',NULL,NULL),(5963,3476,'-4.5','ar',NULL,NULL),(5964,3476,'-4.5','en',NULL,NULL),(5967,3478,'-4.75','ar',NULL,NULL),(5968,3478,'-4.75','en',NULL,NULL),(5969,3479,'-5','ar',NULL,NULL),(5970,3479,'-5','en',NULL,NULL),(5971,3480,'-5.25','ar',NULL,NULL),(5972,3480,'-5.25','en',NULL,NULL),(5973,3481,'-5.5','ar',NULL,NULL),(5974,3481,'-5.5','en',NULL,NULL),(5975,3482,'-5.75','ar',NULL,NULL),(5976,3482,'-5.75','en',NULL,NULL),(5977,3483,'-6','ar',NULL,NULL),(5978,3483,'-6','en',NULL,NULL),(5979,3494,'0','ar',NULL,NULL),(5980,3494,'0','en',NULL,NULL),(5981,3495,'-0.5','ar',NULL,NULL),(5982,3495,'-0.5','en',NULL,NULL),(5983,3496,'-0.75','ar',NULL,NULL),(5984,3496,'-0.75','en',NULL,NULL),(5985,3497,'-1','ar',NULL,NULL),(5986,3497,'-1','en',NULL,NULL),(5987,3498,'-1.25','ar',NULL,NULL),(5988,3498,'-1.25','en',NULL,NULL),(5989,3499,'-1.5','ar',NULL,NULL),(5990,3499,'-1.5','en',NULL,NULL),(5991,3500,'-1.75','ar',NULL,NULL),(5992,3500,'-1.75','en',NULL,NULL),(5993,3501,'-2','ar',NULL,NULL),(5994,3501,'-2','en',NULL,NULL),(5995,3502,'-2.25','ar',NULL,NULL),(5996,3502,'-2.25','en',NULL,NULL),(5997,3503,'-2.5','ar',NULL,NULL),(5998,3503,'-2.5','en',NULL,NULL),(5999,3504,'-2.75','ar',NULL,NULL),(6000,3504,'-2.75','en',NULL,NULL),(6001,3505,'-3','ar',NULL,NULL),(6002,3505,'-3','en',NULL,NULL),(6003,3506,'-3.25','ar',NULL,NULL),(6004,3506,'-3.25','en',NULL,NULL),(6005,3507,'-3.5','ar',NULL,NULL),(6006,3507,'-3.5','en',NULL,NULL),(6007,3508,'-3.75','ar',NULL,NULL),(6008,3508,'-3.75','en',NULL,NULL),(6009,3509,'-4','ar',NULL,NULL),(6010,3509,'-4','en',NULL,NULL),(6011,3510,'-4.25','ar',NULL,NULL),(6012,3510,'-4.25','en',NULL,NULL),(6013,3511,'-4.5','ar',NULL,NULL),(6014,3511,'-4.5','en',NULL,NULL),(6015,3512,'-4.75','ar',NULL,NULL),(6016,3512,'-4.75','en',NULL,NULL),(6017,3513,'-5','ar',NULL,NULL),(6018,3513,'-5','en',NULL,NULL),(6019,3514,'-5.25','ar',NULL,NULL),(6020,3514,'-5.25','en',NULL,NULL),(6021,3515,'-5.5','ar',NULL,NULL),(6022,3515,'-5.5','en',NULL,NULL),(6023,3516,'-5.75','ar',NULL,NULL),(6024,3516,'-5.75','en',NULL,NULL),(6025,3517,'-6','ar',NULL,NULL),(6026,3517,'-6','en',NULL,NULL),(6027,3518,'0','ar',NULL,NULL),(6028,3518,'0','en',NULL,NULL),(6029,3519,'-0.5','ar',NULL,NULL),(6030,3519,'-0.5','en',NULL,NULL),(6031,3520,'-0.75','ar',NULL,NULL),(6032,3520,'-0.75','en',NULL,NULL),(6033,3521,'-1','ar',NULL,NULL),(6034,3521,'-1','en',NULL,NULL),(6035,3522,'-1.25','ar',NULL,NULL),(6036,3522,'-1.25','en',NULL,NULL),(6037,3523,'-1.5','ar',NULL,NULL),(6038,3523,'-1.5','en',NULL,NULL),(6039,3524,'-1.75','ar',NULL,NULL),(6040,3524,'-1.75','en',NULL,NULL),(6041,3525,'-2','ar',NULL,NULL),(6042,3525,'-2','en',NULL,NULL),(6043,3526,'-2.25','ar',NULL,NULL),(6044,3526,'-2.25','en',NULL,NULL),(6045,3527,'-2.5','ar',NULL,NULL),(6046,3527,'-2.5','en',NULL,NULL),(6047,3528,'-2.75','ar',NULL,NULL),(6048,3528,'-2.75','en',NULL,NULL),(6049,3529,'-3','ar',NULL,NULL),(6050,3529,'-3','en',NULL,NULL),(6051,3530,'-3.25','ar',NULL,NULL),(6052,3530,'-3.25','en',NULL,NULL),(6053,3531,'-3.5','ar',NULL,NULL),(6054,3531,'-3.5','en',NULL,NULL),(6055,3532,'-3.75','ar',NULL,NULL),(6056,3532,'-3.75','en',NULL,NULL),(6057,3533,'-4','ar',NULL,NULL),(6058,3533,'-4','en',NULL,NULL),(6059,3534,'-4.25','ar',NULL,NULL),(6060,3534,'-4.25','en',NULL,NULL),(6061,3535,'-4.5','ar',NULL,NULL),(6062,3535,'-4.5','en',NULL,NULL),(6063,3536,'-4.75','ar',NULL,NULL),(6064,3536,'-4.75','en',NULL,NULL),(6065,3537,'-5','ar',NULL,NULL),(6066,3537,'-5','en',NULL,NULL),(6067,3538,'-5.25','ar',NULL,NULL),(6068,3538,'-5.25','en',NULL,NULL),(6069,3539,'-5.5','ar',NULL,NULL),(6070,3539,'-5.5','en',NULL,NULL),(6071,3540,'-5.75','ar',NULL,NULL),(6072,3540,'-5.75','en',NULL,NULL),(6073,3541,'-6','ar',NULL,NULL),(6074,3541,'-6','en',NULL,NULL),(6075,3545,'0','ar',NULL,NULL),(6076,3545,'0','en',NULL,NULL),(6077,3546,'-0.5','ar',NULL,NULL),(6078,3546,'-0.5','en',NULL,NULL),(6079,3547,'-0.75','ar',NULL,NULL),(6080,3547,'-0.75','en',NULL,NULL),(6081,3548,'-0.75','ar',NULL,NULL),(6082,3548,'-0.75','en',NULL,NULL),(6083,3549,'-1','ar',NULL,NULL),(6084,3549,'-1','en',NULL,NULL),(6085,3550,'-1.25','ar',NULL,NULL),(6086,3550,'-1.25','en',NULL,NULL),(6087,3551,'-1.5','ar',NULL,NULL),(6088,3551,'-1.5','en',NULL,NULL),(6089,3552,'-2','ar',NULL,NULL),(6090,3552,'-2','en',NULL,NULL),(6091,3553,'-1.75','ar',NULL,NULL),(6092,3553,'-1.75','en',NULL,NULL),(6093,3554,'-2.25','ar',NULL,NULL),(6094,3554,'-2.25','en',NULL,NULL),(6095,3555,'-2.5','ar',NULL,NULL),(6096,3555,'-2.5','en',NULL,NULL),(6097,3556,'-2.75','ar',NULL,NULL),(6098,3556,'-2.75','en',NULL,NULL),(6099,3557,'-3','ar',NULL,NULL),(6100,3557,'-3','en',NULL,NULL),(6101,3558,'-3.25','ar',NULL,NULL),(6102,3558,'-3.25','en',NULL,NULL),(6103,3559,'-3.5','ar',NULL,NULL),(6104,3559,'-3.5','en',NULL,NULL),(6105,3560,'-3.75','ar',NULL,NULL),(6106,3560,'-3.75','en',NULL,NULL),(6107,3561,'-4','ar',NULL,NULL),(6108,3561,'-4','en',NULL,NULL),(6109,3562,'-4.25','ar',NULL,NULL),(6110,3562,'-4.25','en',NULL,NULL),(6111,3563,'-4.5','ar',NULL,NULL),(6112,3563,'-4.5','en',NULL,NULL),(6113,3564,'-4.75','ar',NULL,NULL),(6114,3564,'-4.75','en',NULL,NULL),(6115,3565,'-5','ar',NULL,NULL),(6116,3565,'-5','en',NULL,NULL),(6117,3566,'-5.25','ar',NULL,NULL),(6118,3566,'-5.25','en',NULL,NULL),(6119,3567,'-5.5','ar',NULL,NULL),(6120,3567,'-5.5','en',NULL,NULL),(6121,3568,'-5.75','ar',NULL,NULL),(6122,3568,'-5.75','en',NULL,NULL),(6123,3569,'-6','ar',NULL,NULL),(6124,3569,'-6','en',NULL,NULL),(6125,3576,'0','ar',NULL,NULL),(6126,3576,'0','en',NULL,NULL),(6127,3577,'-0.5','ar',NULL,NULL),(6128,3577,'-0.5','en',NULL,NULL),(6129,3578,'-0.75','ar',NULL,NULL),(6130,3578,'-0.75','en',NULL,NULL),(6131,3579,'-1','ar',NULL,NULL),(6132,3579,'-1','en',NULL,NULL),(6133,3580,'-1.25','ar',NULL,NULL),(6134,3580,'-1.25','en',NULL,NULL),(6135,3581,'-1.5','ar',NULL,NULL),(6136,3581,'-1.5','en',NULL,NULL),(6137,3582,'-1.75','ar',NULL,NULL),(6138,3582,'-1.75','en',NULL,NULL),(6139,3583,'-1.75','ar',NULL,NULL),(6140,3583,'-1.75','en',NULL,NULL),(6141,3584,'-1.75','ar',NULL,NULL),(6142,3584,'-1.75','en',NULL,NULL),(6143,3585,'-1.75','ar',NULL,NULL),(6144,3585,'-1.75','en',NULL,NULL),(6145,3586,'-1.75','ar',NULL,NULL),(6146,3586,'-1.75','en',NULL,NULL),(6147,3587,'-1.75','ar',NULL,NULL),(6148,3587,'-1.75','en',NULL,NULL),(6149,3588,'-1.75','ar',NULL,NULL),(6150,3588,'-1.75','en',NULL,NULL),(6151,3589,'-2','ar',NULL,NULL),(6152,3589,'-2','en',NULL,NULL),(6153,3590,'-1.75','ar',NULL,NULL),(6154,3590,'-1.75','en',NULL,NULL),(6155,3591,'-1.75','ar',NULL,NULL),(6156,3591,'-1.75','en',NULL,NULL),(6157,3592,'-1.75','ar',NULL,NULL),(6158,3592,'-1.75','en',NULL,NULL),(6159,3593,'-1.75','ar',NULL,NULL),(6160,3593,'-1.75','en',NULL,NULL),(6161,3594,'-1.75','ar',NULL,NULL),(6162,3594,'-1.75','en',NULL,NULL),(6163,3595,'-2.25','ar',NULL,NULL),(6164,3595,'-2.25','en',NULL,NULL),(6165,3596,'-2.5','ar',NULL,NULL),(6166,3596,'-2.5','en',NULL,NULL),(6167,3597,'-2.75','ar',NULL,NULL),(6168,3597,'-2.75','en',NULL,NULL),(6169,3598,'-3','ar',NULL,NULL),(6170,3598,'-3','en',NULL,NULL),(6171,3599,'-3.25','ar',NULL,NULL),(6172,3599,'-3.25','en',NULL,NULL),(6173,3600,'-3.5','ar',NULL,NULL),(6174,3600,'-3.5','en',NULL,NULL),(6175,3601,'-3.75','ar',NULL,NULL),(6176,3601,'-3.75','en',NULL,NULL),(6177,3602,'-4','ar',NULL,NULL),(6178,3602,'-4','en',NULL,NULL),(6179,3603,'-4.25','ar',NULL,NULL),(6180,3603,'-4.25','en',NULL,NULL),(6181,3604,'-4.5','ar',NULL,NULL),(6182,3604,'-4.5','en',NULL,NULL),(6183,3605,'-4.75','ar',NULL,NULL),(6184,3605,'-4.75','en',NULL,NULL),(6185,3606,'-5','ar',NULL,NULL),(6186,3606,'-5','en',NULL,NULL),(6187,3607,'-5.25','ar',NULL,NULL),(6188,3607,'-5.25','en',NULL,NULL),(6189,3608,'-5.5','ar',NULL,NULL),(6190,3608,'-5.5','en',NULL,NULL),(6191,3609,'-5.75','ar',NULL,NULL),(6192,3609,'-5.75','en',NULL,NULL),(6193,3610,'-6','ar',NULL,NULL),(6194,3610,'-6','en',NULL,NULL),(6195,3611,'0','ar',NULL,NULL),(6196,3611,'0','en',NULL,NULL),(6197,3612,'-0.5','ar',NULL,NULL),(6198,3612,'-0.5','en',NULL,NULL),(6199,3613,'-0.75','ar',NULL,NULL),(6200,3613,'-0.75','en',NULL,NULL),(6201,3614,'-1','ar',NULL,NULL),(6202,3614,'-1','en',NULL,NULL),(6203,3615,'-1.25','ar',NULL,NULL),(6204,3615,'-1.25','en',NULL,NULL),(6205,3616,'-1.5','ar',NULL,NULL),(6206,3616,'-1.5','en',NULL,NULL),(6207,3617,'-1.75','ar',NULL,NULL),(6208,3617,'-1.75','en',NULL,NULL),(6209,3618,'-2','ar',NULL,NULL),(6210,3618,'-2','en',NULL,NULL),(6211,3619,'-2.25','ar',NULL,NULL),(6212,3619,'-2.25','en',NULL,NULL),(6213,3620,'-2.5','ar',NULL,NULL),(6214,3620,'-2.5','en',NULL,NULL),(6215,3621,'-2.75','ar',NULL,NULL),(6216,3621,'-2.75','en',NULL,NULL),(6217,3622,'-3','ar',NULL,NULL),(6218,3622,'-3','en',NULL,NULL),(6219,3623,'-3.25','ar',NULL,NULL),(6220,3623,'-3.25','en',NULL,NULL),(6221,3624,'-3.5','ar',NULL,NULL),(6222,3624,'-3.5','en',NULL,NULL),(6223,3625,'-3.75','ar',NULL,NULL),(6224,3625,'-3.75','en',NULL,NULL),(6225,3626,'-4','ar',NULL,NULL),(6226,3626,'-4','en',NULL,NULL),(6227,3627,'-4.25','ar',NULL,NULL),(6228,3627,'-4.25','en',NULL,NULL),(6229,3628,'-4.5','ar',NULL,NULL),(6230,3628,'-4.5','en',NULL,NULL),(6231,3629,'-4.75','ar',NULL,NULL),(6232,3629,'-4.75','en',NULL,NULL),(6233,3630,'-5','ar',NULL,NULL),(6234,3630,'-5','en',NULL,NULL),(6235,3631,'-5.25','ar',NULL,NULL),(6236,3631,'-5.25','en',NULL,NULL),(6237,3632,'-5.5','ar',NULL,NULL),(6238,3632,'-5.5','en',NULL,NULL),(6239,3633,'-5.75','ar',NULL,NULL),(6240,3633,'-5.75','en',NULL,NULL),(6241,3634,'-6','ar',NULL,NULL),(6242,3634,'-6','en',NULL,NULL),(6243,3635,'0','ar',NULL,NULL),(6244,3635,'0','en',NULL,NULL),(6245,3636,'-0.5','ar',NULL,NULL),(6246,3636,'-0.5','en',NULL,NULL),(6247,3637,'-0.75','ar',NULL,NULL),(6248,3637,'-0.75','en',NULL,NULL),(6249,3638,'-1','ar',NULL,NULL),(6250,3638,'-1','en',NULL,NULL),(6251,3639,'-1.25','ar',NULL,NULL),(6252,3639,'-1.25','en',NULL,NULL),(6253,3640,'-1.5','ar',NULL,NULL),(6254,3640,'-1.5','en',NULL,NULL),(6255,3641,'-1.75','ar',NULL,NULL),(6256,3641,'-1.75','en',NULL,NULL),(6257,3642,'-2','ar',NULL,NULL),(6258,3642,'-2','en',NULL,NULL),(6259,3643,'-2.25','ar',NULL,NULL),(6260,3643,'-2.25','en',NULL,NULL),(6261,3644,'-2.75','ar',NULL,NULL),(6262,3644,'-2.75','en',NULL,NULL),(6263,3645,'-3','ar',NULL,NULL),(6264,3645,'-3','en',NULL,NULL),(6265,3646,'-3.25','ar',NULL,NULL),(6266,3646,'-3.25','en',NULL,NULL),(6267,3647,'-3.5','ar',NULL,NULL),(6268,3647,'-3.5','en',NULL,NULL),(6269,3648,'-3.75','ar',NULL,NULL),(6270,3648,'-3.75','en',NULL,NULL),(6271,3649,'-4','ar',NULL,NULL),(6272,3649,'-4','en',NULL,NULL),(6273,3650,'-4.25','ar',NULL,NULL),(6274,3650,'-4.25','en',NULL,NULL),(6275,3651,'-4.5','ar',NULL,NULL),(6276,3651,'-4.5','en',NULL,NULL),(6277,3652,'-4.75','ar',NULL,NULL),(6278,3652,'-4.75','en',NULL,NULL),(6279,3653,'-5','ar',NULL,NULL),(6280,3653,'-5','en',NULL,NULL),(6281,3654,'-5.25','ar',NULL,NULL),(6282,3654,'-5.25','en',NULL,NULL),(6283,3655,'-5.5','ar',NULL,NULL),(6284,3655,'-5.5','en',NULL,NULL),(6285,3656,'-5.75','ar',NULL,NULL),(6286,3656,'-5.75','en',NULL,NULL),(6287,3657,'-6','ar',NULL,NULL),(6288,3657,'-6','en',NULL,NULL),(6289,3658,'0','ar',NULL,NULL),(6290,3658,'0','en',NULL,NULL),(6291,3659,'-0.5','ar',NULL,NULL),(6292,3659,'-0.5','en',NULL,NULL),(6293,3660,'-0.75','ar',NULL,NULL),(6294,3660,'-0.75','en',NULL,NULL),(6295,3661,'-1','ar',NULL,NULL),(6296,3661,'-1','en',NULL,NULL),(6297,3662,'-1.25','ar',NULL,NULL),(6298,3662,'-1.5','en',NULL,NULL),(6299,3663,'-1.75','ar',NULL,NULL),(6300,3663,'-1.75','en',NULL,NULL),(6301,3664,'-2','ar',NULL,NULL),(6302,3664,'-2','en',NULL,NULL),(6303,3665,'-2.25','ar',NULL,NULL),(6304,3665,'-2.25','en',NULL,NULL),(6305,3666,'-2.5','ar',NULL,NULL),(6306,3666,'-2.5','en',NULL,NULL),(6307,3667,'-2.75','ar',NULL,NULL),(6308,3667,'-2.75','en',NULL,NULL),(6309,3668,'-3','ar',NULL,NULL),(6310,3668,'-3','en',NULL,NULL),(6311,3669,'-3.25','ar',NULL,NULL),(6312,3669,'-3.25','en',NULL,NULL),(6313,3670,'-3.5','ar',NULL,NULL),(6314,3670,'-3.5','en',NULL,NULL),(6315,3671,'-3.75','ar',NULL,NULL),(6316,3671,'-3.75','en',NULL,NULL),(6317,3672,'-4','ar',NULL,NULL),(6318,3672,'-4','en',NULL,NULL),(6319,3673,'-4.25','ar',NULL,NULL),(6320,3673,'-4.25','en',NULL,NULL),(6321,3674,'-4.5','ar',NULL,NULL),(6322,3674,'-4.5','en',NULL,NULL),(6323,3675,'-4.75','ar',NULL,NULL),(6324,3675,'-4.75','en',NULL,NULL),(6325,3676,'-5','ar',NULL,NULL),(6326,3676,'-5','en',NULL,NULL),(6327,3677,'-5.25','ar',NULL,NULL),(6328,3677,'-5.25','en',NULL,NULL),(6329,3678,'-5.5','ar',NULL,NULL),(6330,3678,'-5.5','en',NULL,NULL),(6331,3679,'-5.75','ar',NULL,NULL),(6332,3679,'-5.75','en',NULL,NULL),(6333,3680,'-6','ar',NULL,NULL),(6334,3680,'-6','en',NULL,NULL),(6335,3681,'0','ar',NULL,NULL),(6336,3681,'0','en',NULL,NULL),(6337,3682,'-0.5','ar',NULL,NULL),(6338,3682,'-0.5','en',NULL,NULL),(6339,3683,'-0.75','ar',NULL,NULL),(6340,3683,'-0.75','en',NULL,NULL),(6341,3684,'-0.75','ar',NULL,NULL),(6342,3684,'-0.75','en',NULL,NULL),(6343,3685,'-1','ar',NULL,NULL),(6344,3685,'-1','en',NULL,NULL),(6345,3686,'-1.25','ar',NULL,NULL),(6346,3686,'-1.25','en',NULL,NULL),(6347,3687,'-1.5','ar',NULL,NULL),(6348,3687,'-1.5','en',NULL,NULL),(6349,3688,'-1.75','ar',NULL,NULL),(6350,3688,'-1.75','en',NULL,NULL),(6351,3689,'-2','ar',NULL,NULL),(6352,3689,'-2','en',NULL,NULL),(6353,3690,'-2.25','ar',NULL,NULL),(6354,3690,'-2.25','en',NULL,NULL),(6355,3691,'-2.5','ar',NULL,NULL),(6356,3691,'-2.5','en',NULL,NULL),(6357,3692,'-2.75','ar',NULL,NULL),(6358,3692,'-2.75','en',NULL,NULL),(6359,3693,'-3','ar',NULL,NULL),(6360,3693,'-3','en',NULL,NULL),(6361,3694,'-3.25','ar',NULL,NULL),(6362,3694,'-3.25','en',NULL,NULL),(6363,3695,'-3.5','ar',NULL,NULL),(6364,3695,'-3.5','en',NULL,NULL),(6365,3696,'-3.75','ar',NULL,NULL),(6366,3696,'-3.75','en',NULL,NULL),(6367,3697,'-4','ar',NULL,NULL),(6368,3697,'-4','en',NULL,NULL),(6369,3698,'-4.25','ar',NULL,NULL),(6370,3698,'-4.25','en',NULL,NULL),(6371,3699,'-4.5','ar',NULL,NULL),(6372,3699,'-4.5','en',NULL,NULL),(6373,3700,'-4.75','ar',NULL,NULL),(6374,3700,'-4.75','en',NULL,NULL),(6375,3701,'-5','ar',NULL,NULL),(6376,3701,'-5','en',NULL,NULL),(6377,3702,'-5.25','ar',NULL,NULL),(6378,3702,'-5.25','en',NULL,NULL),(6379,3703,'-5.5','ar',NULL,NULL),(6380,3703,'-5.5','en',NULL,NULL),(6381,3704,'-5.75','ar',NULL,NULL),(6382,3704,'-5.75','en',NULL,NULL),(6383,3705,'-5.75','ar',NULL,NULL),(6384,3705,'-5.75','en',NULL,NULL),(6385,3706,'-6','ar',NULL,NULL),(6386,3706,'-6','en',NULL,NULL),(6387,3717,'0','ar',NULL,NULL),(6388,3717,'0','en',NULL,NULL),(6389,3718,'-0.5','ar',NULL,NULL),(6390,3718,'-0.5','en',NULL,NULL),(6391,3719,'-0.75','ar',NULL,NULL),(6392,3719,'-0.75','en',NULL,NULL),(6393,3720,'-1','ar',NULL,NULL),(6394,3720,'-1','en',NULL,NULL),(6395,3721,'-1.25','ar',NULL,NULL),(6396,3721,'-1.25','en',NULL,NULL),(6397,3722,'-1.5','ar',NULL,NULL),(6398,3722,'-1.5','en',NULL,NULL),(6399,3723,'-1.75','ar',NULL,NULL),(6400,3723,'-1.75','en',NULL,NULL),(6401,3724,'-2','ar',NULL,NULL),(6402,3724,'-2','en',NULL,NULL),(6403,3725,'-2.25','ar',NULL,NULL),(6404,3725,'-2.25','en',NULL,NULL),(6405,3726,'-2.5','ar',NULL,NULL),(6406,3726,'-2.5','en',NULL,NULL),(6407,3727,'-2.75','ar',NULL,NULL),(6408,3727,'-2.75','en',NULL,NULL),(6409,3728,'-3','ar',NULL,NULL),(6410,3728,'-3','en',NULL,NULL),(6411,3729,'-3.25','ar',NULL,NULL),(6412,3729,'-3.25','en',NULL,NULL),(6413,3730,'-3.5','ar',NULL,NULL),(6414,3730,'-3.5','en',NULL,NULL),(6415,3731,'-3.75','ar',NULL,NULL),(6416,3731,'-3.75','en',NULL,NULL),(6417,3732,'-4','ar',NULL,NULL),(6418,3732,'-4','en',NULL,NULL),(6419,3733,'-4.25','ar',NULL,NULL),(6420,3733,'-4.25','en',NULL,NULL),(6421,3734,'-4.5','ar',NULL,NULL),(6422,3734,'-4.5','en',NULL,NULL),(6423,3735,'-4.75','ar',NULL,NULL),(6424,3735,'-4.75','en',NULL,NULL),(6425,3736,'-5','ar',NULL,NULL),(6426,3736,'-5','en',NULL,NULL),(6427,3737,'-5.25','ar',NULL,NULL),(6428,3737,'-5.25','en',NULL,NULL),(6429,3738,'-5.5','ar',NULL,NULL),(6430,3738,'-5.5','en',NULL,NULL),(6431,3739,'-5.75','ar',NULL,NULL),(6432,3739,'-5.75','en',NULL,NULL),(6433,3740,'-6','ar',NULL,NULL),(6434,3740,'-6','en',NULL,NULL),(6435,3765,'0','ar',NULL,NULL),(6436,3765,'0','en',NULL,NULL),(6437,3766,'-0.5','ar',NULL,NULL),(6438,3766,'-0.5','en',NULL,NULL),(6439,3767,'-0.75','ar',NULL,NULL),(6440,3767,'-0.75','en',NULL,NULL),(6441,3768,'-1','ar',NULL,NULL),(6442,3768,'-1','en',NULL,NULL),(6443,3769,'-1.25','ar',NULL,NULL),(6444,3769,'-1.25','en',NULL,NULL),(6445,3770,'-1.5','ar',NULL,NULL),(6446,3770,'-1.5','en',NULL,NULL),(6447,3771,'-1.75','ar',NULL,NULL),(6448,3771,'-1.75','en',NULL,NULL),(6449,3772,'-2','ar',NULL,NULL),(6450,3772,'-2','en',NULL,NULL),(6451,3773,'-2.25','ar',NULL,NULL),(6452,3773,'-2.25','en',NULL,NULL),(6453,3774,'-2.5','ar',NULL,NULL),(6454,3774,'-2.5','en',NULL,NULL),(6455,3775,'-2.75','ar',NULL,NULL),(6456,3775,'-2.75','en',NULL,NULL),(6457,3776,'-3','ar',NULL,NULL),(6458,3776,'-3','en',NULL,NULL),(6459,3777,'-3.25','ar',NULL,NULL),(6460,3777,'-3.25','en',NULL,NULL),(6461,3778,'-3.5','ar',NULL,NULL),(6462,3778,'-3.5','en',NULL,NULL),(6463,3779,'-3.75','ar',NULL,NULL),(6464,3779,'-3.75','en',NULL,NULL),(6465,3780,'-4','ar',NULL,NULL),(6466,3780,'-4','en',NULL,NULL),(6467,3781,'-4.25','ar',NULL,NULL),(6468,3781,'-4.25','en',NULL,NULL),(6469,3782,'-4.5','ar',NULL,NULL),(6470,3782,'-4.5','en',NULL,NULL),(6471,3783,'-4.75','ar',NULL,NULL),(6472,3783,'-4.75','en',NULL,NULL),(6473,3784,'-5','ar',NULL,NULL),(6474,3784,'-5','en',NULL,NULL),(6475,3785,'-5.25','ar',NULL,NULL),(6476,3785,'-5.25','en',NULL,NULL),(6477,3786,'-5.5','ar',NULL,NULL),(6478,3786,'-5.5','en',NULL,NULL),(6479,3787,'-5.75','ar',NULL,NULL),(6480,3787,'-5.75','en',NULL,NULL),(6481,3788,'-6','ar',NULL,NULL),(6482,3788,'-6','en',NULL,NULL),(6483,3789,'0','ar',NULL,NULL),(6484,3789,'0','en',NULL,NULL),(6485,3790,'-0.5','ar',NULL,NULL),(6486,3790,'-0.5','en',NULL,NULL),(6487,3791,'-0.75','ar',NULL,NULL),(6488,3791,'-0.75','en',NULL,NULL),(6489,3792,'-1','ar',NULL,NULL),(6490,3792,'-1','en',NULL,NULL),(6491,3793,'-1.25','ar',NULL,NULL),(6492,3793,'-1.25','en',NULL,NULL),(6493,3794,'-1.5','ar',NULL,NULL),(6494,3794,'-1.5','en',NULL,NULL),(6495,3795,'-1.75','ar',NULL,NULL),(6496,3795,'-1.75','en',NULL,NULL),(6497,3796,'-2','ar',NULL,NULL),(6498,3796,'-2','en',NULL,NULL),(6499,3797,'-2.25','ar',NULL,NULL),(6500,3797,'-2.25','en',NULL,NULL),(6501,3798,'-2.5','ar',NULL,NULL),(6502,3798,'-2.5','en',NULL,NULL),(6503,3799,'-2.75','ar',NULL,NULL),(6504,3799,'-2.75','en',NULL,NULL),(6505,3800,'-3','ar',NULL,NULL),(6506,3800,'-3','en',NULL,NULL),(6507,3801,'-3.25','ar',NULL,NULL),(6508,3801,'-3.25','en',NULL,NULL),(6509,3802,'-3.5','ar',NULL,NULL),(6510,3802,'-3.5','en',NULL,NULL),(6511,3803,'-3.75','ar',NULL,NULL),(6512,3803,'-3.75','en',NULL,NULL),(6513,3804,'-4','ar',NULL,NULL),(6514,3804,'-4','en',NULL,NULL),(6515,3805,'-4.5','ar',NULL,NULL),(6516,3805,'-4.5','en',NULL,NULL),(6517,3806,'-5','ar',NULL,NULL),(6518,3806,'-5','en',NULL,NULL),(6519,3807,'-5.25','ar',NULL,NULL),(6520,3807,'-5.25','en',NULL,NULL),(6521,3808,'-5.5','ar',NULL,NULL),(6522,3808,'-5.5','en',NULL,NULL),(6523,3809,'-6','ar',NULL,NULL),(6524,3809,'-6','en',NULL,NULL),(6525,3810,'-6.5','ar',NULL,NULL),(6526,3810,'-6.5','en',NULL,NULL),(6527,3811,'-7','ar',NULL,NULL),(6528,3811,'-7','en',NULL,NULL),(6529,3812,'-7.5','ar',NULL,NULL),(6530,3812,'-7.5','en',NULL,NULL),(6531,3813,'-8','ar',NULL,NULL),(6532,3813,'-8','en',NULL,NULL),(6533,3814,'-8.5','ar',NULL,NULL),(6534,3814,'-8.5','en',NULL,NULL),(6535,3815,'-9','ar',NULL,NULL),(6536,3815,'-9','en',NULL,NULL),(6537,3816,'-9.5','ar',NULL,NULL),(6538,3816,'-9.5','en',NULL,NULL),(6539,3817,'-10','ar',NULL,NULL),(6540,3817,'-10','en',NULL,NULL),(6541,3818,'0','ar',NULL,NULL),(6542,3818,'0','en',NULL,NULL),(6543,3819,'-0.5','ar',NULL,NULL),(6544,3819,'-0.5','en',NULL,NULL),(6545,3820,'-0.75','ar',NULL,NULL),(6546,3820,'-0.75','en',NULL,NULL),(6547,3821,'-1','ar',NULL,NULL),(6548,3821,'-1','en',NULL,NULL),(6549,3822,'-1.25','ar',NULL,NULL),(6550,3822,'-1.25','en',NULL,NULL),(6551,3823,'-1.5','ar',NULL,NULL),(6552,3823,'-1.5','en',NULL,NULL),(6553,3824,'-1.75','ar',NULL,NULL),(6554,3824,'-1.75','en',NULL,NULL),(6555,3825,'-2','ar',NULL,NULL),(6556,3825,'-2','en',NULL,NULL),(6557,3826,'-2.25','ar',NULL,NULL),(6558,3826,'-2.25','en',NULL,NULL),(6559,3827,'-2.5','ar',NULL,NULL),(6560,3827,'-2.5','en',NULL,NULL),(6561,3828,'-2.75','ar',NULL,NULL),(6562,3828,'-2.75','en',NULL,NULL),(6563,3829,'-3','ar',NULL,NULL),(6564,3829,'-3','en',NULL,NULL),(6565,3830,'-3.25','ar',NULL,NULL),(6566,3830,'-3.25','en',NULL,NULL),(6567,3831,'-3.5','ar',NULL,NULL),(6568,3831,'-3.5','en',NULL,NULL),(6569,3832,'-3.75','ar',NULL,NULL),(6570,3832,'-3.75','en',NULL,NULL),(6571,3833,'-4','ar',NULL,NULL),(6572,3833,'-4','en',NULL,NULL),(6573,3834,'-4.5','ar',NULL,NULL),(6574,3834,'-4.5','en',NULL,NULL),(6575,3835,'-5','ar',NULL,NULL),(6576,3835,'-5','en',NULL,NULL),(6577,3836,'-5.25','ar',NULL,NULL),(6578,3836,'-5.25','en',NULL,NULL),(6579,3837,'-5.5','ar',NULL,NULL),(6580,3837,'-5.5','en',NULL,NULL),(6581,3838,'-6','ar',NULL,NULL),(6582,3838,'-6','en',NULL,NULL),(6583,3839,'-6.5','ar',NULL,NULL),(6584,3839,'-6.5','en',NULL,NULL),(6585,3840,'-7','ar',NULL,NULL),(6586,3840,'-7','en',NULL,NULL),(6587,3841,'-7.5','ar',NULL,NULL),(6588,3841,'-7.5','en',NULL,NULL),(6589,3842,'-8','ar',NULL,NULL),(6590,3842,'-8','en',NULL,NULL),(6591,3843,'-8.5','ar',NULL,NULL),(6592,3843,'-8.5','en',NULL,NULL),(6593,3844,'-9','ar',NULL,NULL),(6594,3844,'-9','en',NULL,NULL),(6595,3845,'-9.5','ar',NULL,NULL),(6596,3845,'-9.5','en',NULL,NULL),(6597,3846,'-10','ar',NULL,NULL),(6598,3846,'-10','en',NULL,NULL),(6599,3858,'0','ar',NULL,NULL),(6600,3858,'0','en',NULL,NULL),(6601,3859,'-0.5','ar',NULL,NULL),(6602,3859,'-0.5','en',NULL,NULL),(6603,3860,'-0.75','ar',NULL,NULL),(6604,3860,'-0.75','en',NULL,NULL),(6605,3861,'-1','ar',NULL,NULL),(6606,3861,'-1','en',NULL,NULL),(6607,3862,'-1.25','ar',NULL,NULL),(6608,3862,'-1.25','en',NULL,NULL),(6609,3863,'-1.5','ar',NULL,NULL),(6610,3863,'-1.5','en',NULL,NULL),(6611,3864,'-1.75','ar',NULL,NULL),(6612,3864,'-1.75','en',NULL,NULL),(6613,3865,'-2','ar',NULL,NULL),(6614,3865,'-2','en',NULL,NULL),(6615,3866,'-2.25','ar',NULL,NULL),(6616,3866,'-2.25','en',NULL,NULL),(6617,3867,'-2.5','ar',NULL,NULL),(6618,3867,'-2.5','en',NULL,NULL),(6619,3868,'-2.75','ar',NULL,NULL),(6620,3868,'-2.75','en',NULL,NULL),(6621,3869,'-3','ar',NULL,NULL),(6622,3869,'-3','en',NULL,NULL),(6623,3870,'-3.25','ar',NULL,NULL),(6624,3870,'-3.25','en',NULL,NULL),(6625,3871,'-3.5','ar',NULL,NULL),(6626,3871,'-3.5','en',NULL,NULL),(6627,3872,'-3.75','ar',NULL,NULL),(6628,3872,'-3.75','en',NULL,NULL),(6629,3873,'-4','ar',NULL,NULL),(6630,3873,'-4','en',NULL,NULL),(6631,3874,'-4.5','ar',NULL,NULL),(6632,3874,'-4.5','en',NULL,NULL),(6633,3875,'-5','ar',NULL,NULL),(6634,3875,'-5','en',NULL,NULL),(6635,3876,'-5.25','ar',NULL,NULL),(6636,3876,'-5.25','en',NULL,NULL),(6637,3877,'-5','ar',NULL,NULL),(6638,3877,'-5','en',NULL,NULL),(6639,3878,'-5.5','ar',NULL,NULL),(6640,3878,'-5.5','en',NULL,NULL),(6641,3879,'-6','ar',NULL,NULL),(6642,3879,'-6','en',NULL,NULL),(6643,3880,'-6.5','ar',NULL,NULL),(6644,3880,'-6.5','en',NULL,NULL),(6645,3881,'-7','ar',NULL,NULL),(6646,3881,'-7','en',NULL,NULL),(6647,3882,'-10','ar',NULL,NULL),(6648,3882,'-10','en',NULL,NULL),(6649,3883,'-8','ar',NULL,NULL),(6650,3883,'-8','en',NULL,NULL),(6651,3884,'-8.5','ar',NULL,NULL),(6652,3884,'-8.5','en',NULL,NULL),(6653,3885,'-7.5','ar',NULL,NULL),(6654,3885,'-7.5','en',NULL,NULL),(6655,3886,'-9','ar',NULL,NULL),(6656,3886,'-9','en',NULL,NULL),(6657,3887,'-9.5','ar',NULL,NULL),(6658,3887,'-9.5','en',NULL,NULL),(6659,3888,'-7.5','ar',NULL,NULL),(6660,3888,'-7.5','en',NULL,NULL),(6661,3889,'-9.5','ar',NULL,NULL),(6662,3889,'-9.5','en',NULL,NULL),(6663,3890,'0','ar',NULL,NULL),(6664,3890,'0','en',NULL,NULL),(6665,3891,'-0.5','ar',NULL,NULL),(6666,3891,'-0.5','en',NULL,NULL),(6667,3892,'-0.75','ar',NULL,NULL),(6668,3892,'-0.75','en',NULL,NULL),(6669,3893,'-1','ar',NULL,NULL),(6670,3893,'-1','en',NULL,NULL),(6671,3894,'-1','ar',NULL,NULL),(6672,3894,'-1','en',NULL,NULL),(6673,3895,'-1.25','ar',NULL,NULL),(6674,3895,'-1.25','en',NULL,NULL),(6675,3896,'-1.5','ar',NULL,NULL),(6676,3896,'-1.5','en',NULL,NULL),(6677,3897,'-1.75','ar',NULL,NULL),(6678,3897,'-1.75','en',NULL,NULL),(6679,3898,'-2','ar',NULL,NULL),(6680,3898,'-2','en',NULL,NULL),(6681,3899,'-2.25','ar',NULL,NULL),(6682,3899,'-2.25','en',NULL,NULL),(6683,3900,'-2.5','ar',NULL,NULL),(6684,3900,'-2.5','en',NULL,NULL),(6685,3901,'-2.75','ar',NULL,NULL),(6686,3901,'-2.75','en',NULL,NULL),(6687,3902,'-3','ar',NULL,NULL),(6688,3902,'-3','en',NULL,NULL),(6689,3903,'-3.25','ar',NULL,NULL),(6690,3903,'-3.25','en',NULL,NULL),(6691,3904,'-3.5','ar',NULL,NULL),(6692,3904,'-3.5','en',NULL,NULL),(6693,3905,'-3.75','ar',NULL,NULL),(6694,3905,'-3.75','en',NULL,NULL),(6695,3906,'-4','ar',NULL,NULL),(6696,3906,'-4','en',NULL,NULL),(6697,3907,'-4.5','ar',NULL,NULL),(6698,3907,'-4.5','en',NULL,NULL),(6699,3908,'-5','ar',NULL,NULL),(6700,3908,'-5','en',NULL,NULL),(6701,3909,'-5.25','ar',NULL,NULL),(6702,3909,'-5.25','en',NULL,NULL),(6703,3910,'-5.5','ar',NULL,NULL),(6704,3910,'-5.5','en',NULL,NULL),(6705,3911,'-6','ar',NULL,NULL),(6706,3911,'-6','en',NULL,NULL),(6707,3912,'-6.5','ar',NULL,NULL),(6708,3912,'-6.5','en',NULL,NULL),(6709,3913,'-7','ar',NULL,NULL),(6710,3913,'-7','en',NULL,NULL),(6711,3914,'-7.5','ar',NULL,NULL),(6712,3914,'-7.5','en',NULL,NULL),(6713,3915,'-8','ar',NULL,NULL),(6714,3915,'-8','en',NULL,NULL),(6715,3916,'-8.5','ar',NULL,NULL),(6716,3916,'-8.5','en',NULL,NULL),(6717,3917,'-9','ar',NULL,NULL),(6718,3917,'-9','en',NULL,NULL),(6719,3918,'-10','ar',NULL,NULL),(6720,3918,'-10','en',NULL,NULL),(6721,3919,'-9.5','ar',NULL,NULL),(6722,3919,'-9.5','en',NULL,NULL),(6723,3920,'0','ar',NULL,NULL),(6724,3920,'0','en',NULL,NULL),(6725,3921,'-0.5','ar',NULL,NULL),(6726,3921,'-0.5','en',NULL,NULL),(6727,3922,'-0.75','ar',NULL,NULL),(6728,3922,'-0.75','en',NULL,NULL),(6729,3923,'-1','ar',NULL,NULL),(6730,3923,'-1','en',NULL,NULL),(6731,3924,'-1.25','ar',NULL,NULL),(6732,3924,'-1.25','en',NULL,NULL),(6733,3925,'-1.5','ar',NULL,NULL),(6734,3925,'-1.5','en',NULL,NULL),(6735,3926,'-1.75','ar',NULL,NULL),(6736,3926,'-1.75','en',NULL,NULL),(6737,3927,'-2','ar',NULL,NULL),(6738,3927,'-2','en',NULL,NULL),(6739,3928,'-2.25','ar',NULL,NULL),(6740,3928,'-2.25','en',NULL,NULL),(6741,3929,'-2.5','ar',NULL,NULL),(6742,3929,'-2.5','en',NULL,NULL),(6743,3930,'-2.75','ar',NULL,NULL),(6744,3930,'-2.75','en',NULL,NULL),(6745,3931,'-3','ar',NULL,NULL),(6746,3931,'-3','en',NULL,NULL),(6747,3932,'-3.25','ar',NULL,NULL),(6748,3932,'-3.25','en',NULL,NULL),(6749,3933,'-3.5','ar',NULL,NULL),(6750,3933,'-3.5','en',NULL,NULL),(6751,3934,'-3.75','ar',NULL,NULL),(6752,3934,'-3.75','en',NULL,NULL),(6753,3935,'-4','ar',NULL,NULL),(6754,3935,'-4','en',NULL,NULL),(6755,3936,'-4.5','ar',NULL,NULL),(6756,3936,'-4.5','en',NULL,NULL),(6757,3937,'-5','ar',NULL,NULL),(6758,3937,'-5','en',NULL,NULL),(6759,3938,'-5.25','ar',NULL,NULL),(6760,3938,'-5.25','en',NULL,NULL),(6761,3939,'-5.5','ar',NULL,NULL),(6762,3939,'-5.5','en',NULL,NULL),(6763,3940,'-6','ar',NULL,NULL),(6764,3940,'-6','en',NULL,NULL),(6765,3941,'-6.5','ar',NULL,NULL),(6766,3941,'-6.5','en',NULL,NULL),(6767,3942,'-7','ar',NULL,NULL),(6768,3942,'-7','en',NULL,NULL),(6769,3943,'-7.5','ar',NULL,NULL),(6770,3943,'-7.5','en',NULL,NULL),(6771,3944,'-8','ar',NULL,NULL),(6772,3944,'-8','en',NULL,NULL),(6773,3945,'-8.5','ar',NULL,NULL),(6774,3945,'-8.5','en',NULL,NULL),(6775,3946,'-10','ar',NULL,NULL),(6776,3946,'-10','en',NULL,NULL),(6777,3947,'-9.5','ar',NULL,NULL),(6778,3947,'-9.5','en',NULL,NULL),(6779,3948,'-9','ar',NULL,NULL),(6780,3948,'-9','en',NULL,NULL),(6781,3949,'0','ar',NULL,NULL),(6782,3949,'0','en',NULL,NULL),(6783,3950,'-0.5','ar',NULL,NULL),(6784,3950,'-0.5','en',NULL,NULL),(6785,3951,'-0.75','ar',NULL,NULL),(6786,3951,'-0.75','en',NULL,NULL),(6787,3952,'-1','ar',NULL,NULL),(6788,3952,'-1','en',NULL,NULL),(6789,3953,'-1.25','ar',NULL,NULL),(6790,3953,'-1.25','en',NULL,NULL),(6791,3954,'-1.5','ar',NULL,NULL),(6792,3954,'-1.5','en',NULL,NULL),(6793,3955,'-1.75','ar',NULL,NULL),(6794,3955,'-1.75','en',NULL,NULL),(6795,3956,'-2','ar',NULL,NULL),(6796,3956,'-2','en',NULL,NULL),(6797,3957,'-2.25','ar',NULL,NULL),(6798,3957,'-2.25','en',NULL,NULL),(6799,3958,'-5','ar',NULL,NULL),(6800,3958,'-5','en',NULL,NULL),(6801,3959,'-4.5','ar',NULL,NULL),(6802,3959,'-4.5','en',NULL,NULL),(6803,3960,'-4','ar',NULL,NULL),(6804,3960,'-4','en',NULL,NULL),(6805,3961,'-3.75','ar',NULL,NULL),(6806,3961,'-3.75','en',NULL,NULL),(6807,3962,'-3.5','ar',NULL,NULL),(6808,3962,'-3.5','en',NULL,NULL),(6809,3963,'-3.25','ar',NULL,NULL),(6810,3963,'-3.25','en',NULL,NULL),(6811,3964,'-3','ar',NULL,NULL),(6812,3964,'-3','en',NULL,NULL),(6813,3965,'-2.75','ar',NULL,NULL),(6814,3965,'-2.75','en',NULL,NULL),(6815,3966,'-2.5','ar',NULL,NULL),(6816,3966,'-2.5','en',NULL,NULL),(6817,3967,'-5.25','ar',NULL,NULL),(6818,3967,'-5.25','en',NULL,NULL),(6819,3968,'-5.5','ar',NULL,NULL),(6820,3968,'-5.5','en',NULL,NULL),(6821,3969,'-6','ar',NULL,NULL),(6822,3969,'-6','en',NULL,NULL),(6823,3970,'-6.5','ar',NULL,NULL),(6824,3970,'-6.5','en',NULL,NULL),(6825,3971,'-7','ar',NULL,NULL),(6826,3971,'-7','en',NULL,NULL),(6827,3972,'-7.5','ar',NULL,NULL),(6828,3972,'-7.5','en',NULL,NULL),(6829,3973,'-8','ar',NULL,NULL),(6830,3973,'-8','en',NULL,NULL),(6831,3974,'-8.5','ar',NULL,NULL),(6832,3974,'-8.5','en',NULL,NULL),(6833,3975,'-9','ar',NULL,NULL),(6834,3975,'-9','en',NULL,NULL),(6835,3976,'-9.5','ar',NULL,NULL),(6836,3976,'-9.5','en',NULL,NULL),(6837,3977,'-10','ar',NULL,NULL),(6838,3977,'-10','en',NULL,NULL),(6839,3978,'0','ar',NULL,NULL),(6840,3978,'0','en',NULL,NULL),(6841,3979,'-0.5','ar',NULL,NULL),(6842,3979,'-0.5','en',NULL,NULL),(6843,3980,'-0.75','ar',NULL,NULL),(6844,3980,'-0.75','en',NULL,NULL),(6845,3981,'-1','ar',NULL,NULL),(6846,3981,'-1','en',NULL,NULL),(6847,3982,'-1.25','ar',NULL,NULL),(6848,3982,'-1.25','en',NULL,NULL),(6849,3983,'-1.5','ar',NULL,NULL),(6850,3983,'-1.5','en',NULL,NULL),(6851,3984,'-1.75','ar',NULL,NULL),(6852,3984,'-1.75','en',NULL,NULL),(6853,3985,'-2','ar',NULL,NULL),(6854,3985,'-2','en',NULL,NULL),(6855,3986,'-2.25','ar',NULL,NULL),(6856,3986,'-2.25','en',NULL,NULL),(6857,3987,'-2.5','ar',NULL,NULL),(6858,3987,'-2.5','en',NULL,NULL),(6859,3988,'-2.75','ar',NULL,NULL),(6860,3988,'-2.75','en',NULL,NULL),(6861,3989,'-3','ar',NULL,NULL),(6862,3989,'-3','en',NULL,NULL),(6863,3990,'-3.25','ar',NULL,NULL),(6864,3990,'-3.25','en',NULL,NULL),(6865,3991,'-3.5','ar',NULL,NULL),(6866,3991,'-3.5','en',NULL,NULL),(6867,3992,'-3.75','ar',NULL,NULL),(6868,3992,'-3.75','en',NULL,NULL),(6869,3993,'-4','ar',NULL,NULL),(6870,3993,'-4','en',NULL,NULL),(6871,3994,'-4.25','ar',NULL,NULL),(6872,3994,'-4.25','en',NULL,NULL),(6873,3995,'-4.5','ar',NULL,NULL),(6874,3995,'-4.5','en',NULL,NULL),(6875,3996,'-4.75','ar',NULL,NULL),(6876,3996,'-4.75','en',NULL,NULL),(6877,3997,'-5','ar',NULL,NULL),(6878,3997,'-5','en',NULL,NULL),(6879,3998,'-5.25','ar',NULL,NULL),(6880,3998,'-5.25','en',NULL,NULL),(6881,3999,'-5.5','ar',NULL,NULL),(6882,3999,'-5.5','en',NULL,NULL),(6883,4000,'-5.75','ar',NULL,NULL),(6884,4000,'-5.75','en',NULL,NULL),(6885,4001,'-6','ar',NULL,NULL),(6886,4001,'-6','en',NULL,NULL),(6887,4013,'0','ar',NULL,NULL),(6888,4013,'0','en',NULL,NULL),(6889,4014,'-0.5','ar',NULL,NULL),(6890,4014,'-0.5','en',NULL,NULL),(6891,4015,'-0.75','ar',NULL,NULL),(6892,4015,'-0.75','en',NULL,NULL),(6893,4016,'-1','ar',NULL,NULL),(6894,4016,'-1','en',NULL,NULL),(6895,4017,'-1.25','ar',NULL,NULL),(6896,4017,'-1.25','en',NULL,NULL),(6897,4018,'-1.5','ar',NULL,NULL),(6898,4018,'-1.5','en',NULL,NULL),(6899,4019,'-1.75','ar',NULL,NULL),(6900,4019,'-1.75','en',NULL,NULL),(6901,4020,'-2','ar',NULL,NULL),(6902,4020,'-2','en',NULL,NULL),(6903,4021,'-2.25','ar',NULL,NULL),(6904,4021,'-2.25','en',NULL,NULL),(6905,4022,'-2.5','ar',NULL,NULL),(6906,4022,'-2.5','en',NULL,NULL),(6907,4023,'-2.75','ar',NULL,NULL),(6908,4023,'-2.75','en',NULL,NULL),(6909,4024,'-3','ar',NULL,NULL),(6910,4024,'-3','en',NULL,NULL),(6911,4025,'-3.25','ar',NULL,NULL),(6912,4025,'-3.25','en',NULL,NULL),(6913,4026,'-3.25','ar',NULL,NULL),(6914,4026,'-3.25','en',NULL,NULL),(6915,4027,'-3.5','ar',NULL,NULL),(6916,4027,'-3.5','en',NULL,NULL),(6917,4028,'-3.75','ar',NULL,NULL),(6918,4028,'-3.75','en',NULL,NULL),(6919,4029,'-4','ar',NULL,NULL),(6920,4029,'-4','en',NULL,NULL),(6921,4030,'-4.25','ar',NULL,NULL),(6922,4030,'-4.25','en',NULL,NULL),(6923,4031,'-4.5','ar',NULL,NULL),(6924,4031,'-4.5','en',NULL,NULL),(6925,4032,'-4.75','ar',NULL,NULL),(6926,4032,'-4.75','en',NULL,NULL),(6927,4033,'-5','ar',NULL,NULL),(6928,4033,'-5','en',NULL,NULL),(6929,4034,'-5.25','ar',NULL,NULL),(6930,4034,'-5.25','en',NULL,NULL),(6931,4035,'-5.5','ar',NULL,NULL),(6932,4035,'-5.5','en',NULL,NULL),(6933,4036,'-5.75','ar',NULL,NULL),(6934,4036,'-5.75','en',NULL,NULL),(6935,4037,'-6','ar',NULL,NULL),(6936,4037,'-6','en',NULL,NULL),(6937,4040,'0','ar',NULL,NULL),(6938,4040,'0','en',NULL,NULL),(6939,4041,'-0.5','ar',NULL,NULL),(6940,4041,'-0.5','en',NULL,NULL),(6941,4042,'-0.75','ar',NULL,NULL),(6942,4042,'-0.75','en',NULL,NULL),(6943,4043,'-1','ar',NULL,NULL),(6944,4043,'-1','en',NULL,NULL),(6945,4044,'-1.25','ar',NULL,NULL),(6946,4044,'-1.25','en',NULL,NULL),(6947,4045,'-1.5','ar',NULL,NULL),(6948,4045,'-1.5','en',NULL,NULL),(6949,4046,'-1.75','ar',NULL,NULL),(6950,4046,'-1.75','en',NULL,NULL),(6951,4047,'-2','ar',NULL,NULL),(6952,4047,'-2','en',NULL,NULL),(6957,4050,'-2.25','ar',NULL,NULL),(6958,4050,'-2.25','en',NULL,NULL),(6959,4051,'-2.5','ar',NULL,NULL),(6960,4051,'-2.5','en',NULL,NULL),(6961,4052,'-2.75','ar',NULL,NULL),(6962,4052,'-2.75','en',NULL,NULL),(6963,4053,'-3','ar',NULL,NULL),(6964,4053,'-3','en',NULL,NULL),(6965,4054,'-3.25','ar',NULL,NULL),(6966,4054,'-3.25','en',NULL,NULL),(6967,4055,'-3.5','ar',NULL,NULL),(6968,4055,'-3.5','en',NULL,NULL),(6969,4056,'-3.75','ar',NULL,NULL),(6970,4056,'-3.75','en',NULL,NULL),(6971,4057,'-4','ar',NULL,NULL),(6972,4057,'-4','en',NULL,NULL),(6973,4058,'-4.25','ar',NULL,NULL),(6974,4058,'-4.25','en',NULL,NULL),(6975,4059,'-4.5','ar',NULL,NULL),(6976,4059,'-4.5','en',NULL,NULL),(6977,4060,'-4.75','ar',NULL,NULL),(6978,4060,'-4.75','en',NULL,NULL),(6979,4061,'-5','ar',NULL,NULL),(6980,4061,'-5','en',NULL,NULL),(6981,4062,'-5.25','ar',NULL,NULL),(6982,4062,'-5.25','en',NULL,NULL),(6983,4063,'-5.5','ar',NULL,NULL),(6984,4063,'-5.5','en',NULL,NULL),(6985,4064,'-5.75','ar',NULL,NULL),(6986,4064,'-5.75','en',NULL,NULL),(6987,4065,'-6','ar',NULL,NULL),(6988,4065,'-6','en',NULL,NULL),(6989,4071,'0','ar',NULL,NULL),(6990,4071,'0','en',NULL,NULL),(6991,4072,'-0.5','ar',NULL,NULL),(6992,4072,'-0.5','en',NULL,NULL),(6993,4073,'-0.75','ar',NULL,NULL),(6994,4073,'-0.75','en',NULL,NULL),(6995,4074,'-1','ar',NULL,NULL),(6996,4074,'-1','en',NULL,NULL),(6997,4075,'-1.25','ar',NULL,NULL),(6998,4075,'-1.25','en',NULL,NULL),(6999,4076,'-1.5','ar',NULL,NULL),(7000,4076,'-1.5','en',NULL,NULL),(7001,4077,'-1.75','ar',NULL,NULL),(7002,4077,'-1.75','en',NULL,NULL),(7003,4078,'-2','ar',NULL,NULL),(7004,4078,'-2','en',NULL,NULL),(7005,4079,'-2.25','ar',NULL,NULL),(7006,4079,'-2.25','en',NULL,NULL),(7007,4080,'-2.5','ar',NULL,NULL),(7008,4080,'-2.5','en',NULL,NULL),(7009,4081,'-2.75','ar',NULL,NULL),(7010,4081,'-2.75','en',NULL,NULL),(7011,4082,'-3','ar',NULL,NULL),(7012,4082,'-3','en',NULL,NULL),(7013,4083,'-3.25','ar',NULL,NULL),(7014,4083,'-3.25','en',NULL,NULL),(7015,4084,'-3.5','ar',NULL,NULL),(7016,4084,'-3.5','en',NULL,NULL),(7017,4085,'-3.75','ar',NULL,NULL),(7018,4085,'-3.75','en',NULL,NULL),(7019,4086,'-4','ar',NULL,NULL),(7020,4086,'-4','en',NULL,NULL),(7021,4087,'-4.25','ar',NULL,NULL),(7022,4087,'-4.25','en',NULL,NULL),(7023,4088,'-4.5','ar',NULL,NULL),(7024,4088,'-4.5','en',NULL,NULL),(7025,4089,'-4.75','ar',NULL,NULL),(7026,4089,'-4.75','en',NULL,NULL),(7027,4090,'-5','ar',NULL,NULL),(7028,4090,'-5','en',NULL,NULL),(7029,4091,'-5.25','ar',NULL,NULL),(7030,4091,'-5.25','en',NULL,NULL),(7031,4092,'-5.5','ar',NULL,NULL),(7032,4092,'-5.5','en',NULL,NULL),(7033,4093,'-5.75','ar',NULL,NULL),(7034,4093,'-5.75','en',NULL,NULL),(7035,4094,'-6','ar',NULL,NULL),(7036,4094,'-6','en',NULL,NULL),(7037,4095,'0','ar',NULL,NULL),(7038,4095,'0','en',NULL,NULL),(7039,4096,'-0.5','ar',NULL,NULL),(7040,4096,'-0.5','en',NULL,NULL),(7041,4097,'-0.75','ar',NULL,NULL),(7042,4097,'-0.75','en',NULL,NULL),(7043,4098,'-1','ar',NULL,NULL),(7044,4098,'-1','en',NULL,NULL),(7045,4099,'-1.25','ar',NULL,NULL),(7046,4099,'-1.25','en',NULL,NULL),(7047,4100,'-1.5','ar',NULL,NULL),(7048,4100,'-1.5','en',NULL,NULL),(7049,4101,'-1.75','ar',NULL,NULL),(7050,4101,'-1.75','en',NULL,NULL),(7051,4102,'-2','ar',NULL,NULL),(7052,4102,'-2','en',NULL,NULL),(7053,4103,'-2.25','ar',NULL,NULL),(7054,4103,'-2.25','en',NULL,NULL),(7055,4104,'-2.5','ar',NULL,NULL),(7056,4104,'-2.5','en',NULL,NULL),(7057,4105,'-2.75','ar',NULL,NULL),(7058,4105,'-2.75','en',NULL,NULL),(7059,4106,'-3','ar',NULL,NULL),(7060,4106,'-3','en',NULL,NULL),(7061,4107,'-3.25','ar',NULL,NULL),(7062,4107,'-3.25','en',NULL,NULL),(7063,4108,'-3.5','ar',NULL,NULL),(7064,4108,'-3.5','en',NULL,NULL),(7065,4109,'-3.75','ar',NULL,NULL),(7066,4109,'-3.75','en',NULL,NULL),(7067,4110,'-4','ar',NULL,NULL),(7068,4110,'-4','en',NULL,NULL),(7069,4111,'-4.25','ar',NULL,NULL),(7070,4111,'-4.25','en',NULL,NULL),(7071,4112,'-4.5','ar',NULL,NULL),(7072,4112,'-4.5','en',NULL,NULL),(7073,4113,'-4.75','ar',NULL,NULL),(7074,4113,'-4.75','en',NULL,NULL),(7075,4114,'-5','ar',NULL,NULL),(7076,4114,'-5','en',NULL,NULL),(7077,4115,'-5.25','ar',NULL,NULL),(7078,4115,'-5.25','en',NULL,NULL),(7079,4116,'-5.5','ar',NULL,NULL),(7080,4116,'-5.5','en',NULL,NULL),(7081,4117,'-5.75','ar',NULL,NULL),(7082,4117,'-5.75','en',NULL,NULL),(7083,4118,'-6','ar',NULL,NULL),(7084,4118,'-6','en',NULL,NULL),(7085,4119,'0','ar',NULL,NULL),(7086,4119,'0','en',NULL,NULL),(7087,4120,'-0.5','ar',NULL,NULL),(7088,4120,'-0.5','en',NULL,NULL),(7089,4121,'-0.75','ar',NULL,NULL),(7090,4121,'-0.75','en',NULL,NULL),(7091,4122,'-1','ar',NULL,NULL),(7092,4122,'-1','en',NULL,NULL),(7101,4127,'-1.25','ar',NULL,NULL),(7102,4127,'-1.25','en',NULL,NULL),(7103,4128,'-1.5','ar',NULL,NULL),(7104,4128,'-1.5','en',NULL,NULL),(7105,4129,'-1.75','ar',NULL,NULL),(7106,4129,'-1.75','en',NULL,NULL),(7107,4130,'-2','ar',NULL,NULL),(7108,4130,'-2','en',NULL,NULL),(7109,4131,'-2.25','ar',NULL,NULL),(7110,4131,'-2.25','en',NULL,NULL),(7111,4132,'-2.5','ar',NULL,NULL),(7112,4132,'-2.5','en',NULL,NULL),(7113,4133,'-2.75','ar',NULL,NULL),(7114,4133,'-2.75','en',NULL,NULL),(7115,4134,'-3','ar',NULL,NULL),(7116,4134,'-3','en',NULL,NULL),(7117,4135,'-3.25','ar',NULL,NULL),(7118,4135,'-3.25','en',NULL,NULL),(7119,4136,'-3.5','ar',NULL,NULL),(7120,4136,'-3.5','en',NULL,NULL),(7121,4137,'-3.75','ar',NULL,NULL),(7122,4137,'-3.75','en',NULL,NULL),(7123,4138,'-4','ar',NULL,NULL),(7124,4138,'-4','en',NULL,NULL),(7125,4139,'-4.25','ar',NULL,NULL),(7126,4139,'-4.25','en',NULL,NULL),(7127,4140,'-4.5','ar',NULL,NULL),(7128,4140,'-4.5','en',NULL,NULL),(7129,4141,'-4.75','ar',NULL,NULL),(7130,4141,'-4.75','en',NULL,NULL),(7131,4142,'-5','ar',NULL,NULL),(7132,4142,'-5','en',NULL,NULL),(7133,4143,'-5.25','ar',NULL,NULL),(7134,4143,'-5.25','en',NULL,NULL),(7135,4144,'-5.5','ar',NULL,NULL),(7136,4144,'-5.5','en',NULL,NULL),(7137,4145,'-5.75','ar',NULL,NULL),(7138,4145,'-5.75','en',NULL,NULL),(7139,4146,'-6','ar',NULL,NULL),(7140,4146,'-6','en',NULL,NULL),(7141,4157,'0','ar',NULL,NULL),(7142,4157,'0','en',NULL,NULL),(7143,4158,'-0.5','ar',NULL,NULL),(7144,4158,'-0.5','en',NULL,NULL),(7145,4159,'-0.75','ar',NULL,NULL),(7146,4159,'-0.75','en',NULL,NULL),(7147,4160,'-1','ar',NULL,NULL),(7148,4160,'-1','en',NULL,NULL),(7149,4161,'-1.25','ar',NULL,NULL),(7150,4161,'-1.25','en',NULL,NULL),(7151,4162,'-1.5','ar',NULL,NULL),(7152,4162,'-1.5','en',NULL,NULL),(7153,4163,'-1.75','ar',NULL,NULL),(7154,4163,'-1.75','en',NULL,NULL),(7155,4164,'-2','ar',NULL,NULL),(7156,4164,'-2','en',NULL,NULL),(7157,4165,'-2.25','ar',NULL,NULL),(7158,4165,'-2.25','en',NULL,NULL),(7161,4167,'-2.5','ar',NULL,NULL),(7162,4167,'-2.5','en',NULL,NULL),(7183,4178,'-2.75','ar',NULL,NULL),(7184,4178,'-2.75','en',NULL,NULL),(7185,4179,'-3','ar',NULL,NULL),(7186,4179,'-3','en',NULL,NULL),(7187,4180,'-3.25','ar',NULL,NULL),(7188,4180,'-3.25','en',NULL,NULL),(7189,4181,'-3.5','ar',NULL,NULL),(7190,4181,'-3.5','en',NULL,NULL),(7191,4182,'-3.75','ar',NULL,NULL),(7192,4182,'-3.75','en',NULL,NULL),(7193,4183,'-4','ar',NULL,NULL),(7194,4183,'-4','en',NULL,NULL),(7195,4184,'-4.25','ar',NULL,NULL),(7196,4184,'-4.25','en',NULL,NULL),(7197,4185,'-4.5','ar',NULL,NULL),(7198,4185,'-4.5','en',NULL,NULL),(7199,4186,'-4.75','ar',NULL,NULL),(7200,4186,'-4.75','en',NULL,NULL),(7201,4187,'-5','ar',NULL,NULL),(7202,4187,'-5','en',NULL,NULL),(7203,4188,'-5.25','ar',NULL,NULL),(7204,4188,'-5.25','en',NULL,NULL),(7205,4189,'-5.5','ar',NULL,NULL),(7206,4189,'-5.5','en',NULL,NULL),(7207,4190,'-5.75','ar',NULL,NULL),(7208,4190,'-5.75','en',NULL,NULL),(7209,4191,'-6','ar',NULL,NULL),(7210,4191,'-6','en',NULL,NULL),(7211,4192,'0','ar',NULL,NULL),(7212,4192,'0','en',NULL,NULL),(7213,4193,'-0.5','ar',NULL,NULL),(7214,4193,'-0.5','en',NULL,NULL),(7215,4194,'-0.75','ar',NULL,NULL),(7216,4194,'-0.75','en',NULL,NULL),(7217,4195,'-1','ar',NULL,NULL),(7218,4195,'-1','en',NULL,NULL),(7219,4196,'-1.25','ar',NULL,NULL),(7220,4196,'-1.25','en',NULL,NULL),(7221,4197,'-1.5','ar',NULL,NULL),(7222,4197,'-1.5','en',NULL,NULL),(7223,4198,'-1.75','ar',NULL,NULL),(7224,4198,'-1.75','en',NULL,NULL),(7225,4199,'-2','ar',NULL,NULL),(7226,4199,'-2','en',NULL,NULL),(7227,4200,'-2.25','ar',NULL,NULL),(7228,4200,'-2.25','en',NULL,NULL),(7229,4201,'-2.5','ar',NULL,NULL),(7230,4201,'-2.5','en',NULL,NULL),(7231,4202,'-2.75','ar',NULL,NULL),(7232,4202,'-2.75','en',NULL,NULL),(7233,4203,'-3','ar',NULL,NULL),(7234,4203,'-3','en',NULL,NULL),(7235,4204,'-3.25','ar',NULL,NULL),(7236,4204,'-3.25','en',NULL,NULL),(7237,4205,'-3.5','ar',NULL,NULL),(7238,4205,'-3.5','en',NULL,NULL),(7239,4206,'-3.75','ar',NULL,NULL),(7240,4206,'-3.75','en',NULL,NULL),(7241,4207,'-4','ar',NULL,NULL),(7242,4207,'-4','en',NULL,NULL),(7243,4208,'-4.25','ar',NULL,NULL),(7244,4208,'-4.25','en',NULL,NULL),(7245,4209,'-4.5','ar',NULL,NULL),(7246,4209,'-4.5','en',NULL,NULL),(7247,4210,'-4.75','ar',NULL,NULL),(7248,4210,'-4.75','en',NULL,NULL),(7249,4211,'-5','ar',NULL,NULL),(7250,4211,'-5','en',NULL,NULL),(7251,4212,'-5.25','ar',NULL,NULL),(7252,4212,'-5.25','en',NULL,NULL),(7253,4213,'-5.5','ar',NULL,NULL),(7254,4213,'-5.5','en',NULL,NULL),(7255,4214,'-5.75','ar',NULL,NULL),(7256,4214,'-5.75','en',NULL,NULL),(7257,4215,'-6','ar',NULL,NULL),(7258,4215,'-6','en',NULL,NULL),(7259,4225,'0','ar',NULL,NULL),(7260,4225,'0','en',NULL,NULL),(7261,4226,'-0.5','ar',NULL,NULL),(7262,4226,'-0.5','en',NULL,NULL),(7263,4227,'-0.75','ar',NULL,NULL),(7264,4227,'-0.75','en',NULL,NULL),(7265,4228,'-1','ar',NULL,NULL),(7266,4228,'-1','en',NULL,NULL),(7267,4229,'-1.25','ar',NULL,NULL),(7268,4229,'-1.25','en',NULL,NULL),(7269,4230,'-1.5','ar',NULL,NULL),(7270,4230,'-1.5','en',NULL,NULL),(7271,4231,'-1.75','ar',NULL,NULL),(7272,4231,'-1.75','en',NULL,NULL),(7273,4232,'-2','ar',NULL,NULL),(7274,4232,'-2','en',NULL,NULL),(7275,4233,'-2.25','ar',NULL,NULL),(7276,4233,'-2.25','en',NULL,NULL),(7277,4234,'-2.5','ar',NULL,NULL),(7278,4234,'-2.5','en',NULL,NULL),(7279,4235,'-2.75','ar',NULL,NULL),(7280,4235,'-2.75','en',NULL,NULL),(7281,4236,'-3','ar',NULL,NULL),(7282,4236,'-3','en',NULL,NULL),(7283,4237,'-3.25','ar',NULL,NULL),(7284,4237,'-3.25','en',NULL,NULL),(7285,4238,'-3.5','ar',NULL,NULL),(7286,4238,'-3.5','en',NULL,NULL),(7287,4239,'-3.75','ar',NULL,NULL),(7288,4239,'-3.75','en',NULL,NULL),(7289,4240,'-4','ar',NULL,NULL),(7290,4240,'-4','en',NULL,NULL),(7291,4241,'-4.25','ar',NULL,NULL),(7292,4241,'-4.25','en',NULL,NULL),(7293,4242,'-4.5','ar',NULL,NULL),(7294,4242,'-4.5','en',NULL,NULL),(7295,4243,'-4.75','ar',NULL,NULL),(7296,4243,'-4.75','en',NULL,NULL),(7297,4244,'-5','ar',NULL,NULL),(7298,4244,'-5','en',NULL,NULL),(7299,4245,'-5.25','ar',NULL,NULL),(7300,4245,'-5.25','en',NULL,NULL),(7301,4246,'-5.5','ar',NULL,NULL),(7302,4246,'-5.5','en',NULL,NULL),(7303,4247,'-5.75','ar',NULL,NULL),(7304,4247,'-5.75','en',NULL,NULL),(7305,4248,'-6','ar',NULL,NULL),(7306,4248,'-6','en',NULL,NULL),(7307,4249,'0','ar',NULL,NULL),(7308,4249,'0','en',NULL,NULL),(7309,4250,'-0.5','ar',NULL,NULL),(7310,4250,'-0.5','en',NULL,NULL),(7311,4251,'-0.75','ar',NULL,NULL),(7312,4251,'-0.75','en',NULL,NULL),(7313,4252,'-1','ar',NULL,NULL),(7314,4252,'-1','en',NULL,NULL),(7315,4253,'-1.25','ar',NULL,NULL),(7316,4253,'-1.25','en',NULL,NULL),(7317,4254,'-1.5','ar',NULL,NULL),(7318,4254,'-1.5','en',NULL,NULL),(7319,4255,'-1.75','ar',NULL,NULL),(7320,4255,'-1.75','en',NULL,NULL),(7321,4256,'-2','ar',NULL,NULL),(7322,4256,'-2','en',NULL,NULL),(7323,4257,'-2.25','ar',NULL,NULL),(7324,4257,'-2.25','en',NULL,NULL),(7325,4258,'-2.5','ar',NULL,NULL),(7326,4258,'-2.5','en',NULL,NULL),(7327,4259,'-2.75','ar',NULL,NULL),(7328,4259,'-2.75','en',NULL,NULL),(7329,4260,'-3','ar',NULL,NULL),(7330,4260,'-3','en',NULL,NULL),(7331,4261,'-3.25','ar',NULL,NULL),(7332,4261,'-3.25','en',NULL,NULL),(7333,4262,'-3.5','ar',NULL,NULL),(7334,4262,'-3.5','en',NULL,NULL),(7335,4263,'-3.75','ar',NULL,NULL),(7336,4263,'-3.75','en',NULL,NULL),(7337,4264,'-4','ar',NULL,NULL),(7338,4264,'-4','en',NULL,NULL),(7339,4265,'-4.25','ar',NULL,NULL),(7340,4265,'-4.25','en',NULL,NULL),(7341,4266,'-4.5','ar',NULL,NULL),(7342,4266,'-4.5','en',NULL,NULL),(7343,4267,'-4.75','ar',NULL,NULL),(7344,4267,'-4.75','en',NULL,NULL),(7345,4268,'-5','ar',NULL,NULL),(7346,4268,'-5','en',NULL,NULL),(7347,4269,'-5.25','ar',NULL,NULL),(7348,4269,'-5.25','en',NULL,NULL),(7349,4270,'-5.5','ar',NULL,NULL),(7350,4270,'-5.5','en',NULL,NULL),(7351,4271,'-5.75','ar',NULL,NULL),(7352,4271,'-5.75','en',NULL,NULL),(7353,4272,'-6','ar',NULL,NULL),(7354,4272,'-6','en',NULL,NULL),(7355,4273,'0','ar',NULL,NULL),(7356,4273,'0','en',NULL,NULL),(7357,4274,'-0.5','ar',NULL,NULL),(7358,4274,'-0.5','en',NULL,NULL),(7359,4275,'-0.75','ar',NULL,NULL),(7360,4275,'-0.75','en',NULL,NULL),(7361,4276,'-1','ar',NULL,NULL),(7362,4276,'-1','en',NULL,NULL),(7363,4277,'-1.25','ar',NULL,NULL),(7364,4277,'-1.25','en',NULL,NULL),(7365,4278,'-1.5','ar',NULL,NULL),(7366,4278,'-1.5','en',NULL,NULL),(7367,4279,'-1.75','ar',NULL,NULL),(7368,4279,'-1.75','en',NULL,NULL),(7369,4280,'-2','ar',NULL,NULL),(7370,4280,'-2','en',NULL,NULL),(7371,4281,'-2.25','ar',NULL,NULL),(7372,4281,'-2.25','en',NULL,NULL),(7373,4282,'-2.5','ar',NULL,NULL),(7374,4282,'-2.5','en',NULL,NULL),(7375,4283,'-2.75','ar',NULL,NULL),(7376,4283,'-2.75','en',NULL,NULL),(7377,4284,'-3','ar',NULL,NULL),(7378,4284,'-3','en',NULL,NULL),(7379,4285,'-3.25','ar',NULL,NULL),(7380,4285,'-3.25','en',NULL,NULL),(7381,4286,'-3.5','ar',NULL,NULL),(7382,4286,'-3.5','en',NULL,NULL),(7383,4287,'-3.75','ar',NULL,NULL),(7384,4287,'-3.75','en',NULL,NULL),(7385,4288,'-4','ar',NULL,NULL),(7386,4288,'-4','en',NULL,NULL),(7387,4289,'-4.25','ar',NULL,NULL),(7388,4289,'-4.25','en',NULL,NULL),(7389,4290,'-4.5','ar',NULL,NULL),(7390,4290,'-4.5','en',NULL,NULL),(7391,4291,'-4.75','ar',NULL,NULL),(7392,4291,'-4.75','en',NULL,NULL),(7393,4292,'-5','ar',NULL,NULL),(7394,4292,'-5','en',NULL,NULL),(7395,4293,'-5.25','ar',NULL,NULL),(7396,4293,'-5.25','en',NULL,NULL),(7397,4294,'-5.5','ar',NULL,NULL),(7398,4294,'-5.5','en',NULL,NULL),(7399,4295,'-5.75','ar',NULL,NULL),(7400,4295,'-5.75','en',NULL,NULL),(7401,4296,'-6','ar',NULL,NULL),(7402,4296,'-6','en',NULL,NULL),(7403,4301,'0','ar',NULL,NULL),(7404,4301,'0','en',NULL,NULL),(7405,4302,'-0.5','ar',NULL,NULL),(7406,4302,'-0.5','en',NULL,NULL),(7407,4303,'-0.75','ar',NULL,NULL),(7408,4303,'-0.75','en',NULL,NULL),(7409,4304,'-1','ar',NULL,NULL),(7410,4304,'-1','en',NULL,NULL),(7411,4305,'-1.25','ar',NULL,NULL),(7412,4305,'-1.25','en',NULL,NULL),(7413,4306,'-1.5','ar',NULL,NULL),(7414,4306,'-1.5','en',NULL,NULL),(7415,4307,'-1.75','ar',NULL,NULL),(7416,4307,'-1.75','en',NULL,NULL),(7417,4308,'-2','ar',NULL,NULL),(7418,4308,'-2','en',NULL,NULL),(7419,4309,'-2.25','ar',NULL,NULL),(7420,4309,'-2.25','en',NULL,NULL),(7421,4310,'-2.5','ar',NULL,NULL),(7422,4310,'-2.5','en',NULL,NULL),(7423,4311,'-2.75','ar',NULL,NULL),(7424,4311,'-2.75','en',NULL,NULL),(7441,4320,'-3','ar',NULL,NULL),(7442,4320,'-3','en',NULL,NULL),(7443,4321,'-3.25','ar',NULL,NULL),(7444,4321,'-3.25','en',NULL,NULL),(7445,4322,'-3.5','ar',NULL,NULL),(7446,4322,'-3.5','en',NULL,NULL),(7447,4323,'-3.75','ar',NULL,NULL),(7448,4323,'-3.75','en',NULL,NULL),(7449,4324,'-4','ar',NULL,NULL),(7450,4324,'-4','en',NULL,NULL),(7451,4328,'0','ar',NULL,NULL),(7452,4328,'0','en',NULL,NULL),(7453,4329,'-3','ar',NULL,NULL),(7454,4329,'-3','en',NULL,NULL),(7455,4330,'-2.75','ar',NULL,NULL),(7456,4330,'-2.75','en',NULL,NULL),(7457,4331,'-2.5','ar',NULL,NULL),(7458,4331,'-2.5','en',NULL,NULL),(7459,4332,'-2.25','ar',NULL,NULL),(7460,4332,'-2.25','en',NULL,NULL),(7461,4333,'-2','ar',NULL,NULL),(7462,4333,'-2','en',NULL,NULL),(7463,4334,'-1.75','ar',NULL,NULL),(7464,4334,'-1.75','en',NULL,NULL),(7465,4335,'-1.5','ar',NULL,NULL),(7466,4335,'-1.5','en',NULL,NULL),(7467,4336,'-1.25','ar',NULL,NULL),(7468,4336,'-1.25','en',NULL,NULL),(7469,4337,'-1','ar',NULL,NULL),(7470,4337,'-1','en',NULL,NULL),(7471,4338,'-0.75','ar',NULL,NULL),(7472,4338,'-0.75','en',NULL,NULL),(7473,4339,'-0.5','ar',NULL,NULL),(7474,4339,'-0.5','en',NULL,NULL),(7475,4340,'-3.25','ar',NULL,NULL),(7476,4340,'-3.25','en',NULL,NULL),(7477,4341,'-3.5','ar',NULL,NULL),(7478,4341,'-3.5','en',NULL,NULL),(7479,4342,'-3.75','ar',NULL,NULL),(7480,4342,'-3.75','en',NULL,NULL),(7481,4343,'-4','ar',NULL,NULL),(7482,4343,'-4','en',NULL,NULL),(7483,4344,'-4.25','ar',NULL,NULL),(7484,4344,'-4.25','en',NULL,NULL),(7485,4345,'-6','ar',NULL,NULL),(7486,4345,'-6','en',NULL,NULL),(7487,4346,'-5.75','ar',NULL,NULL),(7488,4346,'-5.75','en',NULL,NULL),(7489,4347,'-5.5','ar',NULL,NULL),(7490,4347,'-5.5','en',NULL,NULL),(7491,4348,'-5.25','ar',NULL,NULL),(7492,4348,'-5.25','en',NULL,NULL),(7493,4349,'-5','ar',NULL,NULL),(7494,4349,'-5','en',NULL,NULL),(7495,4350,'-4.75','ar',NULL,NULL),(7496,4350,'-4.75','en',NULL,NULL),(7497,4351,'-4.5','ar',NULL,NULL),(7498,4351,'-4.5','en',NULL,NULL),(7547,4376,'0','ar',NULL,NULL),(7548,4376,'0','en',NULL,NULL),(7549,4377,'-0.5','ar',NULL,NULL),(7550,4377,'-0.5','en',NULL,NULL),(7551,4378,'-0.75','ar',NULL,NULL),(7552,4378,'-0.75','en',NULL,NULL),(7553,4379,'-1','ar',NULL,NULL),(7554,4379,'-1','en',NULL,NULL),(7555,4380,'-1.25','ar',NULL,NULL),(7556,4380,'-1.25','en',NULL,NULL),(7557,4381,'-1.5','ar',NULL,NULL),(7558,4381,'-1.5','en',NULL,NULL),(7559,4382,'-1.75','ar',NULL,NULL),(7560,4382,'-1.75','en',NULL,NULL),(7561,4383,'-2','ar',NULL,NULL),(7562,4383,'-2','en',NULL,NULL),(7563,4384,'-2.25','ar',NULL,NULL),(7564,4384,'-2.25','en',NULL,NULL),(7565,4385,'-2.5','ar',NULL,NULL),(7566,4385,'-2.5','en',NULL,NULL),(7567,4386,'-2.75','ar',NULL,NULL),(7568,4386,'-2.75','en',NULL,NULL),(7569,4387,'-3','ar',NULL,NULL),(7570,4387,'-3','en',NULL,NULL),(7571,4388,'-3.25','ar',NULL,NULL),(7572,4388,'-3.25','en',NULL,NULL),(7573,4389,'-3.5','ar',NULL,NULL),(7574,4389,'-3.5','en',NULL,NULL),(7575,4390,'-3.75','ar',NULL,NULL),(7576,4390,'-3.75','en',NULL,NULL),(7577,4391,'-4','ar',NULL,NULL),(7578,4391,'-4','en',NULL,NULL),(7583,4394,'-4.25','ar',NULL,NULL),(7584,4394,'-4.25','en',NULL,NULL),(7585,4395,'-4.5','ar',NULL,NULL),(7586,4395,'-4.5','en',NULL,NULL),(7587,4396,'-4.75','ar',NULL,NULL),(7588,4396,'-4.75','en',NULL,NULL),(7589,4397,'-5','ar',NULL,NULL),(7590,4397,'-5','en',NULL,NULL),(7591,4398,'-5.25','ar',NULL,NULL),(7592,4398,'-5.25','en',NULL,NULL),(7593,4399,'-5.5','ar',NULL,NULL),(7594,4399,'-5.5','en',NULL,NULL),(7595,4400,'-5.75','ar',NULL,NULL),(7596,4400,'-5.75','en',NULL,NULL),(7597,4401,'-6','ar',NULL,NULL),(7598,4401,'-6','en',NULL,NULL),(7599,4402,'-4.25','ar',NULL,NULL),(7600,4402,'-4.25','en',NULL,NULL),(7601,4403,'-4.5','ar',NULL,NULL),(7602,4403,'-4.5','en',NULL,NULL),(7603,4404,'-4.75','ar',NULL,NULL),(7604,4404,'-4.75','en',NULL,NULL),(7605,4405,'-5','ar',NULL,NULL),(7606,4405,'-5','en',NULL,NULL),(7607,4406,'-5.25','ar',NULL,NULL),(7608,4406,'-5.25','en',NULL,NULL),(7609,4407,'-5.5','ar',NULL,NULL),(7610,4407,'-5.5','en',NULL,NULL),(7611,4408,'-5.75','ar',NULL,NULL),(7612,4408,'-5.75','en',NULL,NULL),(7613,4409,'-6','ar',NULL,NULL),(7614,4409,'-6','en',NULL,NULL),(7615,4410,'0','ar',NULL,NULL),(7616,4410,'0','en',NULL,NULL),(7617,4411,'-0.5','ar',NULL,NULL),(7618,4411,'-0.5','en',NULL,NULL),(7619,4412,'-0.75','ar',NULL,NULL),(7620,4412,'-0.75','en',NULL,NULL),(7621,4413,'-1','ar',NULL,NULL),(7622,4413,'-1','en',NULL,NULL),(7623,4414,'-1.25','ar',NULL,NULL),(7624,4414,'-1.25','en',NULL,NULL),(7625,4415,'-1.5','ar',NULL,NULL),(7626,4415,'-1.5','en',NULL,NULL),(7627,4416,'-1.75','ar',NULL,NULL),(7628,4416,'-1.75','en',NULL,NULL),(7629,4417,'-2','ar',NULL,NULL),(7630,4417,'-2','en',NULL,NULL),(7631,4418,'-2.25','ar',NULL,NULL),(7632,4418,'-2.25','en',NULL,NULL),(7633,4419,'-2.5','ar',NULL,NULL),(7634,4419,'-2.5','en',NULL,NULL),(7635,4420,'-2.75','ar',NULL,NULL),(7636,4420,'-2.75','en',NULL,NULL),(7637,4421,'-3','ar',NULL,NULL),(7638,4421,'-3','en',NULL,NULL),(7639,4422,'-3.25','ar',NULL,NULL),(7640,4422,'-3.25','en',NULL,NULL),(7641,4423,'-3.5','ar',NULL,NULL),(7642,4423,'-3.5','en',NULL,NULL),(7643,4424,'-3.75','ar',NULL,NULL),(7644,4424,'-3.75','en',NULL,NULL),(7645,4425,'-4','ar',NULL,NULL),(7646,4425,'-4','en',NULL,NULL),(7647,4426,'-4.25','ar',NULL,NULL),(7648,4426,'-4.25','en',NULL,NULL),(7649,4427,'-4.5','ar',NULL,NULL),(7650,4427,'-4.5','en',NULL,NULL),(7651,4428,'-4.75','ar',NULL,NULL),(7652,4428,'-4.75','en',NULL,NULL),(7653,4429,'-5','ar',NULL,NULL),(7654,4429,'-5','en',NULL,NULL),(7655,4430,'-5.25','ar',NULL,NULL),(7656,4430,'-5.25','en',NULL,NULL),(7657,4431,'-5.5','ar',NULL,NULL),(7658,4431,'-5.5','en',NULL,NULL),(7659,4432,'-5.75','ar',NULL,NULL),(7660,4432,'-5.75','en',NULL,NULL),(7661,4433,'-6','ar',NULL,NULL),(7662,4433,'-6','en',NULL,NULL),(7663,4434,'0','ar',NULL,NULL),(7664,4434,'0','en',NULL,NULL),(7665,4435,'-0.5','ar',NULL,NULL),(7666,4435,'-0.5','en',NULL,NULL),(7667,4436,'-0.75','ar',NULL,NULL),(7668,4436,'-0.75','en',NULL,NULL),(7669,4437,'-1','ar',NULL,NULL),(7670,4437,'-1','en',NULL,NULL),(7671,4438,'-1.25','ar',NULL,NULL),(7672,4438,'-1.25','en',NULL,NULL),(7673,4439,'-1.5','ar',NULL,NULL),(7674,4439,'-1.5','en',NULL,NULL),(7675,4440,'-1.75','ar',NULL,NULL),(7676,4440,'-1.75','en',NULL,NULL),(7677,4441,'-2','ar',NULL,NULL),(7678,4441,'-2','en',NULL,NULL),(7679,4442,'-2.25','ar',NULL,NULL),(7680,4442,'-2.25','en',NULL,NULL),(7681,4443,'-2.5','ar',NULL,NULL),(7682,4443,'-2.5','en',NULL,NULL),(7683,4444,'-2.75','ar',NULL,NULL),(7684,4444,'-2.75','en',NULL,NULL),(7685,4445,'-3','ar',NULL,NULL),(7686,4445,'-3','en',NULL,NULL),(7687,4446,'-3.25','ar',NULL,NULL),(7688,4446,'-3.25','en',NULL,NULL),(7689,4447,'-3.5','ar',NULL,NULL),(7690,4447,'-3.5','en',NULL,NULL),(7691,4448,'-3.75','ar',NULL,NULL),(7692,4448,'-3.75','en',NULL,NULL),(7693,4449,'-4','ar',NULL,NULL),(7694,4449,'-4','en',NULL,NULL),(7695,4450,'-4.25','ar',NULL,NULL),(7696,4450,'-4.25','en',NULL,NULL),(7697,4451,'-4.5','ar',NULL,NULL),(7698,4451,'-4.5','en',NULL,NULL),(7699,4452,'-4.75','ar',NULL,NULL),(7700,4452,'-4.75','en',NULL,NULL),(7701,4453,'-5','ar',NULL,NULL),(7702,4453,'-5','en',NULL,NULL),(7703,4454,'-5.25','ar',NULL,NULL),(7704,4454,'-5.25','en',NULL,NULL),(7705,4455,'-5.5','ar',NULL,NULL),(7706,4455,'-5.5','en',NULL,NULL),(7707,4456,'-5.75','ar',NULL,NULL),(7708,4456,'-5.75','en',NULL,NULL),(7709,4457,'-6','ar',NULL,NULL),(7710,4457,'-6','en',NULL,NULL),(7711,4458,'0','ar',NULL,NULL),(7712,4458,'0','en',NULL,NULL),(7713,4459,'-0.5','ar',NULL,NULL),(7714,4459,'-0.5','en',NULL,NULL),(7715,4460,'-0.75','ar',NULL,NULL),(7716,4460,'-0.75','en',NULL,NULL),(7717,4461,'-1','ar',NULL,NULL),(7718,4461,'-1','en',NULL,NULL),(7719,4462,'-1.25','ar',NULL,NULL),(7720,4462,'-1.25','en',NULL,NULL),(7721,4463,'-1.5','ar',NULL,NULL),(7722,4463,'-1.5','en',NULL,NULL),(7723,4464,'-1.75','ar',NULL,NULL),(7724,4464,'-1.75','en',NULL,NULL),(7725,4465,'-2','ar',NULL,NULL),(7726,4465,'-2','en',NULL,NULL),(7727,4466,'-2.25','ar',NULL,NULL),(7728,4466,'-2.25','en',NULL,NULL),(7729,4467,'-2.5','ar',NULL,NULL),(7730,4467,'-2.5','en',NULL,NULL),(7731,4468,'-2.75','ar',NULL,NULL),(7732,4468,'-2.75','en',NULL,NULL),(7733,4469,'-3','ar',NULL,NULL),(7734,4469,'-3','en',NULL,NULL),(7735,4470,'-3.25','ar',NULL,NULL),(7736,4470,'-3.25','en',NULL,NULL),(7737,4471,'-3.5','ar',NULL,NULL),(7738,4471,'-3.5','en',NULL,NULL),(7739,4472,'-3.75','ar',NULL,NULL),(7740,4472,'-3.75','en',NULL,NULL),(7741,4473,'-4','ar',NULL,NULL),(7742,4473,'-4','en',NULL,NULL),(7743,4474,'-4.25','ar',NULL,NULL),(7744,4474,'-4.25','en',NULL,NULL),(7745,4475,'-4.5','ar',NULL,NULL),(7746,4475,'-4.5','en',NULL,NULL),(7747,4476,'-4.75','ar',NULL,NULL),(7748,4476,'-4.75','en',NULL,NULL),(7749,4477,'-5','ar',NULL,NULL),(7750,4477,'-5','en',NULL,NULL),(7751,4478,'-5.25','ar',NULL,NULL),(7752,4478,'-5.25','en',NULL,NULL),(7753,4479,'-5.5','ar',NULL,NULL),(7754,4479,'-5.5','en',NULL,NULL),(7755,4480,'-5.75','ar',NULL,NULL),(7756,4480,'-5.75','en',NULL,NULL),(7757,4481,'-6','ar',NULL,NULL),(7758,4481,'-6','en',NULL,NULL),(7759,4482,'0','ar',NULL,NULL),(7760,4482,'0','en',NULL,NULL),(7761,4483,'-0.5','ar',NULL,NULL),(7762,4483,'-0.5','en',NULL,NULL),(7763,4484,'-0.75','ar',NULL,NULL),(7764,4484,'-0.75','en',NULL,NULL),(7765,4485,'-1','ar',NULL,NULL),(7766,4485,'-1','en',NULL,NULL),(7767,4486,'-1.25','ar',NULL,NULL),(7768,4486,'-1.25','en',NULL,NULL),(7769,4487,'-1.5','ar',NULL,NULL),(7770,4487,'-1.5','en',NULL,NULL),(7771,4488,'-1.75','ar',NULL,NULL),(7772,4488,'-1.75','en',NULL,NULL),(7773,4489,'-2','ar',NULL,NULL),(7774,4489,'-2','en',NULL,NULL),(7775,4490,'-2.25','ar',NULL,NULL),(7776,4490,'-2.25','en',NULL,NULL),(7777,4491,'-2.5','ar',NULL,NULL),(7778,4491,'-2.5','en',NULL,NULL),(7779,4492,'-2.75','ar',NULL,NULL),(7780,4492,'-2.75','en',NULL,NULL),(7781,4493,'-3','ar',NULL,NULL),(7782,4493,'-3','en',NULL,NULL),(7783,4494,'-3.25','ar',NULL,NULL),(7784,4494,'-3.25','en',NULL,NULL),(7785,4495,'-3.5','ar',NULL,NULL),(7786,4495,'-3.5','en',NULL,NULL),(7787,4496,'-3.75','ar',NULL,NULL),(7788,4496,'-3.75','en',NULL,NULL),(7789,4497,'-4','ar',NULL,NULL),(7790,4497,'-4','en',NULL,NULL),(7791,4498,'-4.25','ar',NULL,NULL),(7792,4498,'-4.25','en',NULL,NULL),(7793,4499,'-4.5','ar',NULL,NULL),(7794,4499,'-4.5','en',NULL,NULL),(7795,4500,'-4.75','ar',NULL,NULL),(7796,4500,'-4.75','en',NULL,NULL),(7797,4501,'-5','ar',NULL,NULL),(7798,4501,'-5','en',NULL,NULL),(7799,4502,'-5.25','ar',NULL,NULL),(7800,4502,'-5.25','en',NULL,NULL),(7801,4503,'-5.5','ar',NULL,NULL),(7802,4503,'-5.5','en',NULL,NULL),(7803,4504,'-5.75','ar',NULL,NULL),(7804,4504,'-5.75','en',NULL,NULL),(7805,4505,'-6','ar',NULL,NULL),(7806,4505,'-6','en',NULL,NULL),(7807,4506,'0','ar',NULL,NULL),(7808,4506,'0','en',NULL,NULL),(7809,4507,'-0.5','ar',NULL,NULL),(7810,4507,'-0.5','en',NULL,NULL),(7811,4508,'-0.75','ar',NULL,NULL),(7812,4508,'-0.75','en',NULL,NULL),(7813,4509,'-1','ar',NULL,NULL),(7814,4509,'-1','en',NULL,NULL),(7815,4510,'-1.25','ar',NULL,NULL),(7816,4510,'-1.25','en',NULL,NULL),(7817,4511,'-1.5','ar',NULL,NULL),(7818,4511,'-1.5','en',NULL,NULL),(7819,4512,'-1.75','ar',NULL,NULL),(7820,4512,'-1.75','en',NULL,NULL),(7821,4513,'-2','ar',NULL,NULL),(7822,4513,'-2','en',NULL,NULL),(7823,4514,'-2.25','ar',NULL,NULL),(7824,4514,'-2.25','en',NULL,NULL),(7825,4515,'-2.5','ar',NULL,NULL),(7826,4515,'-2.5','en',NULL,NULL),(7827,4516,'-2.75','ar',NULL,NULL),(7828,4516,NULL,'en',NULL,NULL),(7829,4517,'-3','ar',NULL,NULL),(7830,4517,'-3','en',NULL,NULL),(7831,4518,'-3.25','ar',NULL,NULL),(7832,4518,'-3.25','en',NULL,NULL),(7833,4519,'-3.5','ar',NULL,NULL),(7834,4519,'-3.5','en',NULL,NULL),(7835,4520,'-3.75','ar',NULL,NULL),(7836,4520,'-3.75','en',NULL,NULL),(7837,4521,'-4','ar',NULL,NULL),(7838,4521,'-4','en',NULL,NULL),(7839,4522,'-4.25','ar',NULL,NULL),(7840,4522,'-4.25','en',NULL,NULL),(7841,4523,'-4.5','ar',NULL,NULL),(7842,4523,'-4.5','en',NULL,NULL),(7843,4524,'-4.75','ar',NULL,NULL),(7844,4524,'-4.75','en',NULL,NULL),(7845,4525,'-5','ar',NULL,NULL),(7846,4525,'-5','en',NULL,NULL),(7847,4526,'-5.25','ar',NULL,NULL),(7848,4526,'-5.25','en',NULL,NULL),(7849,4527,'-5.5','ar',NULL,NULL),(7850,4527,'-5.5','en',NULL,NULL),(7851,4528,'-5.75','ar',NULL,NULL),(7852,4528,'-5.75','en',NULL,NULL),(7853,4529,'-6','ar',NULL,NULL),(7854,4529,'-6','en',NULL,NULL),(7855,4530,'0','ar',NULL,NULL),(7856,4530,'0','en',NULL,NULL),(7857,4531,'-0.5','ar',NULL,NULL),(7858,4531,'-0.5','en',NULL,NULL),(7859,4532,'-0.75','ar',NULL,NULL),(7860,4532,'-0.75','en',NULL,NULL),(7861,4533,'-1','ar',NULL,NULL),(7862,4533,'-1','en',NULL,NULL),(7863,4534,'-1.25','ar',NULL,NULL),(7864,4534,'-1.25','en',NULL,NULL),(7865,4535,'-1.5','ar',NULL,NULL),(7866,4535,'-1.5','en',NULL,NULL),(7867,4536,'-1.75','ar',NULL,NULL),(7868,4536,'-1.75','en',NULL,NULL),(7869,4537,'-2','ar',NULL,NULL),(7870,4537,'-2','en',NULL,NULL),(7871,4538,'-2.25','ar',NULL,NULL),(7872,4538,'-2.25','en',NULL,NULL),(7873,4539,'-2.5','ar',NULL,NULL),(7874,4539,'-2.5','en',NULL,NULL),(7875,4540,'-2.75','ar',NULL,NULL),(7876,4540,'-2.75','en',NULL,NULL),(7877,4541,'-3','ar',NULL,NULL),(7878,4541,'-3','en',NULL,NULL),(7879,4542,'-3.25','ar',NULL,NULL),(7880,4542,'-3.25','en',NULL,NULL),(7881,4543,'-3.5','ar',NULL,NULL),(7882,4543,'-3.5','en',NULL,NULL),(7883,4544,'-3.75','ar',NULL,NULL),(7884,4544,'-3.75','en',NULL,NULL),(7885,4545,'-4','ar',NULL,NULL),(7886,4545,'-4','en',NULL,NULL),(7887,4546,'-4.25','ar',NULL,NULL),(7888,4546,'-4.25','en',NULL,NULL),(7889,4547,'-4.5','ar',NULL,NULL),(7890,4547,'-4.5','en',NULL,NULL),(7891,4548,'-4.75','ar',NULL,NULL),(7892,4548,'-4.75','en',NULL,NULL),(7893,4549,'-5','ar',NULL,NULL),(7894,4549,'-5','en',NULL,NULL),(7895,4550,'-5.25','ar',NULL,NULL),(7896,4550,'-5.25','en',NULL,NULL),(7897,4551,'-5.5','ar',NULL,NULL),(7898,4551,'-5.5','en',NULL,NULL),(7899,4552,'-5.75','ar',NULL,NULL),(7900,4552,'-5.75','en',NULL,NULL),(7901,4553,'-6','ar',NULL,NULL),(7902,4553,'-6','en',NULL,NULL),(7903,4554,'0','ar',NULL,NULL),(7904,4554,'0','en',NULL,NULL),(7905,4555,'-0.5','ar',NULL,NULL),(7906,4555,'-0.5','en',NULL,NULL),(7907,4556,'-0.75','ar',NULL,NULL),(7908,4556,'-0.75','en',NULL,NULL),(7909,4557,'-1','ar',NULL,NULL),(7910,4557,'-1','en',NULL,NULL),(7911,4558,'-1.25','ar',NULL,NULL),(7912,4558,'-1.25','en',NULL,NULL),(7913,4559,'-1.5','ar',NULL,NULL),(7914,4559,'-1.5','en',NULL,NULL),(7915,4560,'-1.75','ar',NULL,NULL),(7916,4560,'-1.75','en',NULL,NULL),(7917,4561,'-1.75','ar',NULL,NULL),(7918,4561,'-1.75','en',NULL,NULL),(7919,4562,'-2','ar',NULL,NULL),(7920,4562,'-2','en',NULL,NULL),(7921,4563,'-2.25','ar',NULL,NULL),(7922,4563,'-2.25','en',NULL,NULL),(7923,4564,'-2.5','ar',NULL,NULL),(7924,4564,'-2.5','en',NULL,NULL),(7925,4565,'-2.75','ar',NULL,NULL),(7926,4565,'-2.75','en',NULL,NULL),(7927,4566,'-3','ar',NULL,NULL),(7928,4566,'-3','en',NULL,NULL),(7929,4567,'-3.25','ar',NULL,NULL),(7930,4567,'-3.25','en',NULL,NULL),(7931,4568,'-3.5','ar',NULL,NULL),(7932,4568,'-3.5','en',NULL,NULL),(7933,4569,'-3.75','ar',NULL,NULL),(7934,4569,'-3.75','en',NULL,NULL),(7935,4570,'-4','ar',NULL,NULL),(7936,4570,'-4','en',NULL,NULL),(7937,4571,'-4.25','ar',NULL,NULL),(7938,4571,'-4.25','en',NULL,NULL),(7939,4572,'-4.5','ar',NULL,NULL),(7940,4572,'-4.5','en',NULL,NULL),(7941,4573,'-4.75','ar',NULL,NULL),(7942,4573,'-4.75','en',NULL,NULL),(7943,4574,'-5','ar',NULL,NULL),(7944,4574,'-5','en',NULL,NULL),(7945,4575,'-5.25','ar',NULL,NULL),(7946,4575,'-5.25','en',NULL,NULL),(7947,4576,'-5.5','ar',NULL,NULL),(7948,4576,'-5.5','en',NULL,NULL),(7949,4577,'-5.75','ar',NULL,NULL),(7950,4577,'-5.75','en',NULL,NULL),(7951,4578,'-6','ar',NULL,NULL),(7952,4578,'-6','en',NULL,NULL),(7953,4579,'0','ar',NULL,NULL),(7954,4579,'0','en',NULL,NULL),(7955,4580,'-0.5','ar',NULL,NULL),(7956,4580,'-0.5','en',NULL,NULL),(7957,4581,'-0.75','ar',NULL,NULL),(7958,4581,'-0.75','en',NULL,NULL),(7959,4582,'-1','ar',NULL,NULL),(7960,4582,'-1','en',NULL,NULL),(7961,4583,'-1.25','ar',NULL,NULL),(7962,4583,'-1.25','en',NULL,NULL),(7963,4584,'-1.5','ar',NULL,NULL),(7964,4584,'-1.5','en',NULL,NULL),(7965,4585,'-1.75','ar',NULL,NULL),(7966,4585,'-1.75','en',NULL,NULL),(7967,4586,'-2','ar',NULL,NULL),(7968,4586,'-2','en',NULL,NULL),(7969,4587,'-2.25','ar',NULL,NULL),(7970,4587,'-2.25','en',NULL,NULL),(7971,4588,'-2.5','ar',NULL,NULL),(7972,4588,'-2.5','en',NULL,NULL),(7973,4589,'-2.75','ar',NULL,NULL),(7974,4589,'-2.75','en',NULL,NULL),(7975,4590,'-3','ar',NULL,NULL),(7976,4590,'-3','en',NULL,NULL),(7977,4591,'-3.25','ar',NULL,NULL),(7978,4591,'-3.25','en',NULL,NULL),(7979,4592,'-3.5','ar',NULL,NULL),(7980,4592,'-3.5','en',NULL,NULL),(7981,4593,'-3.75','ar',NULL,NULL),(7982,4593,'-3.75','en',NULL,NULL),(7983,4594,'-4','ar',NULL,NULL),(7984,4594,'-4','en',NULL,NULL),(7985,4595,'-4.25','ar',NULL,NULL),(7986,4595,'-4.25','en',NULL,NULL),(7987,4596,'-4.5','ar',NULL,NULL),(7988,4596,'-4.5','en',NULL,NULL),(7989,4597,'-4.75','ar',NULL,NULL),(7990,4597,'-4.75','en',NULL,NULL),(7991,4598,'-5','ar',NULL,NULL),(7992,4598,'-5','en',NULL,NULL),(7993,4599,'-5.25','ar',NULL,NULL),(7994,4599,'-5.25','en',NULL,NULL),(7995,4600,'-5.5','ar',NULL,NULL),(7996,4600,'-5.5','en',NULL,NULL),(7997,4601,'-5.75','ar',NULL,NULL),(7998,4601,'-5.75','en',NULL,NULL),(7999,4602,'-6','ar',NULL,NULL),(8000,4602,'-6','en',NULL,NULL),(8001,4603,'0','ar',NULL,NULL),(8002,4603,'0','en',NULL,NULL),(8003,4604,'-0.5','ar',NULL,NULL),(8004,4604,'-0.5','en',NULL,NULL),(8005,4605,'-0.75','ar',NULL,NULL),(8006,4605,'-0.75','en',NULL,NULL),(8007,4606,'-1','ar',NULL,NULL),(8008,4606,'-1','en',NULL,NULL),(8009,4607,'-1.25','ar',NULL,NULL),(8010,4607,'-1.25','en',NULL,NULL),(8011,4608,'-1.5','ar',NULL,NULL),(8012,4608,'-1.5','en',NULL,NULL),(8013,4609,'-1.75','ar',NULL,NULL),(8014,4609,'-1.75','en',NULL,NULL),(8015,4610,'-2','ar',NULL,NULL),(8016,4610,'-2','en',NULL,NULL),(8017,4611,'-2.25','ar',NULL,NULL),(8018,4611,'-2.25','en',NULL,NULL),(8019,4612,'-2.5','ar',NULL,NULL),(8020,4612,'-2.5','en',NULL,NULL),(8021,4613,'-2.75','ar',NULL,NULL),(8022,4613,'-2.75','en',NULL,NULL),(8023,4614,'-3','ar',NULL,NULL),(8024,4614,'-3','en',NULL,NULL),(8025,4615,'-3.25','ar',NULL,NULL),(8026,4615,'-3.25','en',NULL,NULL),(8027,4616,'-3.5','ar',NULL,NULL),(8028,4616,'-3.5','en',NULL,NULL),(8029,4617,'-3.75','ar',NULL,NULL),(8030,4617,'-3.75','en',NULL,NULL),(8031,4618,'-4','ar',NULL,NULL),(8032,4618,'-4','en',NULL,NULL),(8033,4619,'-4.25','ar',NULL,NULL),(8034,4619,'-4.25','en',NULL,NULL),(8035,4620,'-4.5','ar',NULL,NULL),(8036,4620,'-4.5','en',NULL,NULL),(8037,4621,'-4.75','ar',NULL,NULL),(8038,4621,'-4.75','en',NULL,NULL),(8039,4622,'-5','ar',NULL,NULL),(8040,4622,'-5','en',NULL,NULL),(8041,4623,'-5.25','ar',NULL,NULL),(8042,4623,'-5.25','en',NULL,NULL),(8043,4624,'-5.5','ar',NULL,NULL),(8044,4624,'-5.5','en',NULL,NULL),(8045,4625,'-5.75','ar',NULL,NULL),(8046,4625,'-5.75','en',NULL,NULL),(8047,4626,'-6','ar',NULL,NULL),(8048,4626,'-6','en',NULL,NULL),(8049,4627,'0','ar',NULL,NULL),(8050,4627,'0','en',NULL,NULL),(8051,4628,'-0.5','ar',NULL,NULL),(8052,4628,'-0.5','en',NULL,NULL),(8053,4629,'-0.75','ar',NULL,NULL),(8054,4629,'-0.75','en',NULL,NULL),(8055,4630,'-1','ar',NULL,NULL),(8056,4630,'-1','en',NULL,NULL),(8057,4631,'-1.25','ar',NULL,NULL),(8058,4631,'-1.25','en',NULL,NULL),(8059,4632,'-1.5','ar',NULL,NULL),(8060,4632,'-1.5','en',NULL,NULL),(8061,4633,'-1.75','ar',NULL,NULL),(8062,4633,'-1.75','en',NULL,NULL),(8063,4634,'-2','ar',NULL,NULL),(8064,4634,'-2','en',NULL,NULL),(8065,4635,'-2.25','ar',NULL,NULL),(8066,4635,'-2.25','en',NULL,NULL),(8067,4636,'-2.5','ar',NULL,NULL),(8068,4636,'-2.5','en',NULL,NULL),(8069,4637,'-2.75','ar',NULL,NULL),(8070,4637,'-2.75','en',NULL,NULL),(8071,4638,'-3','ar',NULL,NULL),(8072,4638,'-3','en',NULL,NULL),(8073,4639,'-3.25','ar',NULL,NULL),(8074,4639,'-3.25','en',NULL,NULL),(8075,4640,'-3.5','ar',NULL,NULL),(8076,4640,'-3.5','en',NULL,NULL),(8077,4641,'-3.75','ar',NULL,NULL),(8078,4641,'-3.75','en',NULL,NULL),(8079,4642,'-4','ar',NULL,NULL),(8080,4642,'-4','en',NULL,NULL),(8081,4643,'-4.25','ar',NULL,NULL),(8082,4643,'-4.25','en',NULL,NULL),(8083,4644,'-4.5','ar',NULL,NULL),(8084,4644,'-4.5','en',NULL,NULL),(8085,4645,'-4.75','ar',NULL,NULL),(8086,4645,'-4.75','en',NULL,NULL),(8087,4646,'-5','ar',NULL,NULL),(8088,4646,'-5','en',NULL,NULL),(8089,4647,'-5.25','ar',NULL,NULL),(8090,4647,'-5.25','en',NULL,NULL),(8091,4648,'-5.5','ar',NULL,NULL),(8092,4648,'-5.5','en',NULL,NULL),(8093,4649,'-5.75','ar',NULL,NULL),(8094,4649,'-5.75','en',NULL,NULL),(8095,4650,'-6','ar',NULL,NULL),(8096,4650,'-6','en',NULL,NULL),(8097,4651,'0','ar',NULL,NULL),(8098,4651,'0','en',NULL,NULL),(8099,4652,'-0.5','ar',NULL,NULL),(8100,4652,'-0.5','en',NULL,NULL),(8101,4653,'-0.75','ar',NULL,NULL),(8102,4653,'-0.75','en',NULL,NULL),(8103,4654,'-1','ar',NULL,NULL),(8104,4654,'-1','en',NULL,NULL),(8105,4655,'-1.25','ar',NULL,NULL),(8106,4655,'-1.25','en',NULL,NULL),(8107,4656,'-1.5','ar',NULL,NULL),(8108,4656,'-1.5','en',NULL,NULL),(8109,4657,'-1.75','ar',NULL,NULL),(8110,4657,'-1.75','en',NULL,NULL),(8111,4658,'-2','ar',NULL,NULL),(8112,4658,'-2','en',NULL,NULL),(8113,4659,'-2.25','ar',NULL,NULL),(8114,4659,'-2.25','en',NULL,NULL),(8115,4660,'-2.5','ar',NULL,NULL),(8116,4660,'-2.5','en',NULL,NULL),(8117,4661,'-2.75','ar',NULL,NULL),(8118,4661,'-2.75','en',NULL,NULL),(8119,4662,'-3','ar',NULL,NULL),(8120,4662,'-3','en',NULL,NULL),(8121,4663,'-3.25','ar',NULL,NULL),(8122,4663,'-3.25','en',NULL,NULL),(8123,4664,'-3.5','ar',NULL,NULL),(8124,4664,'-3.5','en',NULL,NULL),(8125,4665,'-3.75','ar',NULL,NULL),(8126,4665,'-3.75','en',NULL,NULL),(8127,4666,'-4','ar',NULL,NULL),(8128,4666,'-4','en',NULL,NULL),(8129,4667,'-4.25','ar',NULL,NULL),(8130,4667,'-4.25','en',NULL,NULL),(8131,4668,'-4.5','ar',NULL,NULL),(8132,4668,'-4.5','en',NULL,NULL),(8133,4669,'-4.75','ar',NULL,NULL),(8134,4669,'-4.75','en',NULL,NULL),(8135,4670,'-5','ar',NULL,NULL),(8136,4670,'-5','en',NULL,NULL),(8137,4671,'-5.25','ar',NULL,NULL),(8138,4671,'-5.25','en',NULL,NULL),(8139,4672,'-5.5','ar',NULL,NULL),(8140,4672,'-5.5','en',NULL,NULL),(8141,4673,'-5.75','ar',NULL,NULL),(8142,4673,'-5.75','en',NULL,NULL),(8143,4674,'-6','ar',NULL,NULL),(8144,4674,'-6','en',NULL,NULL),(8145,4675,'0','ar',NULL,NULL),(8146,4675,'0','en',NULL,NULL),(8147,4676,'-0.5','ar',NULL,NULL),(8148,4676,'-0.5','en',NULL,NULL),(8149,4677,'-0.75','ar',NULL,NULL),(8150,4677,'-0.75','en',NULL,NULL),(8151,4678,'-1','ar',NULL,NULL),(8152,4678,'-1','en',NULL,NULL),(8153,4679,'-1.25','ar',NULL,NULL),(8154,4679,'-1.25','en',NULL,NULL),(8155,4680,'-1.5','ar',NULL,NULL),(8156,4680,'-1.5','en',NULL,NULL),(8157,4681,'-1.75','ar',NULL,NULL),(8158,4681,'-1.75','en',NULL,NULL),(8159,4682,'-2','ar',NULL,NULL),(8160,4682,'-2','en',NULL,NULL),(8161,4683,'-2.25','ar',NULL,NULL),(8162,4683,'-2.25','en',NULL,NULL),(8163,4684,'-2.5','ar',NULL,NULL),(8164,4684,'-2.5','en',NULL,NULL),(8165,4685,'-2.75','ar',NULL,NULL),(8166,4685,'-2.75','en',NULL,NULL),(8167,4686,'-3','ar',NULL,NULL),(8168,4686,'-3','en',NULL,NULL),(8169,4687,'-3.25','ar',NULL,NULL),(8170,4687,'-3.25','en',NULL,NULL),(8171,4688,'-3.5','ar',NULL,NULL),(8172,4688,'-3.5','en',NULL,NULL),(8173,4689,'-3.75','ar',NULL,NULL),(8174,4689,'-3.75','en',NULL,NULL),(8175,4690,'-4','ar',NULL,NULL),(8176,4690,'-4','en',NULL,NULL),(8177,4691,'-4.25','ar',NULL,NULL),(8178,4691,'-4.25','en',NULL,NULL),(8179,4692,'-4.5','ar',NULL,NULL),(8180,4692,'-4.5','en',NULL,NULL),(8181,4693,'-4.75','ar',NULL,NULL),(8182,4693,'-4.75','en',NULL,NULL),(8183,4694,'-5','ar',NULL,NULL),(8184,4694,'-5','en',NULL,NULL),(8185,4695,'-5.25','ar',NULL,NULL),(8186,4695,'-5.25','en',NULL,NULL),(8187,4696,'-5.5','ar',NULL,NULL),(8188,4696,'-5.5','en',NULL,NULL),(8189,4697,'-5.75','ar',NULL,NULL),(8190,4697,'-5.75','en',NULL,NULL),(8191,4698,'-6','ar',NULL,NULL),(8192,4698,'-6','en',NULL,NULL),(8193,4699,'0','ar',NULL,NULL),(8194,4699,'0','en',NULL,NULL),(8195,4700,'-0.5','ar',NULL,NULL),(8196,4700,'-0.5','en',NULL,NULL),(8197,4701,'-0.75','ar',NULL,NULL),(8198,4701,'-0.75','en',NULL,NULL),(8199,4702,'-1','ar',NULL,NULL),(8200,4702,'-1','en',NULL,NULL),(8201,4703,'-1.25','ar',NULL,NULL),(8202,4703,'-1.25','en',NULL,NULL),(8203,4704,'-1.5','ar',NULL,NULL),(8204,4704,'-1.5','en',NULL,NULL),(8205,4705,'-1.75','ar',NULL,NULL),(8206,4705,'-1.75','en',NULL,NULL),(8207,4706,'-2','ar',NULL,NULL),(8208,4706,'-2','en',NULL,NULL),(8209,4707,'-2.25','ar',NULL,NULL),(8210,4707,'-2.25','en',NULL,NULL),(8211,4708,'-2.5','ar',NULL,NULL),(8212,4708,'-2.5','en',NULL,NULL),(8213,4709,'-2.75','ar',NULL,NULL),(8214,4709,'-2.75','en',NULL,NULL),(8215,4710,'-3','ar',NULL,NULL),(8216,4710,'-3','en',NULL,NULL),(8217,4711,'-3.25','ar',NULL,NULL),(8218,4711,'-3.25','en',NULL,NULL),(8219,4712,'-3.5','ar',NULL,NULL),(8220,4712,'-3.5','en',NULL,NULL),(8221,4713,'-3.75','ar',NULL,NULL),(8222,4713,'-3.75','en',NULL,NULL),(8223,4714,'-4','ar',NULL,NULL),(8224,4714,'-4','en',NULL,NULL),(8225,4715,'-4.25','ar',NULL,NULL),(8226,4715,'-4.25','en',NULL,NULL),(8227,4716,'-4.5','ar',NULL,NULL),(8228,4716,'-4.5','en',NULL,NULL),(8229,4717,'-4.75','ar',NULL,NULL),(8230,4717,'-4.75','en',NULL,NULL),(8231,4718,'-5','ar',NULL,NULL),(8232,4718,'-5','en',NULL,NULL),(8233,4719,'-5.25','ar',NULL,NULL),(8234,4719,'-5.25','en',NULL,NULL),(8235,4720,'-5.5','ar',NULL,NULL),(8236,4720,'-5.5','en',NULL,NULL),(8237,4721,'-5.75','ar',NULL,NULL),(8238,4721,'-5.75','en',NULL,NULL),(8239,4722,'-6','ar',NULL,NULL),(8240,4722,'-6','en',NULL,NULL),(8241,4723,'0','ar',NULL,NULL),(8242,4723,'0','en',NULL,NULL),(8243,4724,'-0.5','ar',NULL,NULL),(8244,4724,'-0.5','en',NULL,NULL),(8245,4725,'-0.75','ar',NULL,NULL),(8246,4725,'-0.75','en',NULL,NULL),(8247,4726,'-1','ar',NULL,NULL),(8248,4726,'-1','en',NULL,NULL),(8249,4727,'-1.25','ar',NULL,NULL),(8250,4727,'-1.25','en',NULL,NULL),(8251,4728,'-1.5','ar',NULL,NULL),(8252,4728,'-1.5','en',NULL,NULL),(8253,4729,'-1.75','ar',NULL,NULL),(8254,4729,'-1.75','en',NULL,NULL),(8255,4730,'-2','ar',NULL,NULL),(8256,4730,'-2','en',NULL,NULL),(8257,4731,'-2.25','ar',NULL,NULL),(8258,4731,'-2.25','en',NULL,NULL),(8259,4732,'-2.5','ar',NULL,NULL),(8260,4732,'-2.5','en',NULL,NULL),(8261,4733,'-2.75','ar',NULL,NULL),(8262,4733,'-2.75','en',NULL,NULL),(8263,4734,'-3','ar',NULL,NULL),(8264,4734,'-3','en',NULL,NULL),(8265,4735,'-3.25','ar',NULL,NULL),(8266,4735,'-3.25','en',NULL,NULL),(8267,4736,'-3.5','ar',NULL,NULL),(8268,4736,'-3.5','en',NULL,NULL),(8269,4737,'-3.75','ar',NULL,NULL),(8270,4737,'-3.75','en',NULL,NULL),(8271,4738,'-4','ar',NULL,NULL),(8272,4738,'-4','en',NULL,NULL),(8273,4739,'-4.25','ar',NULL,NULL),(8274,4739,'-4.25','en',NULL,NULL),(8275,4740,'-4.5','ar',NULL,NULL),(8276,4740,'-4.5','en',NULL,NULL),(8277,4741,'-4.75','ar',NULL,NULL),(8278,4741,'-4.75','en',NULL,NULL),(8279,4742,'-5','ar',NULL,NULL),(8280,4742,'-5','en',NULL,NULL),(8281,4743,'-5.25','ar',NULL,NULL),(8282,4743,'-5.25','en',NULL,NULL),(8283,4744,'-5.5','ar',NULL,NULL),(8284,4744,'-5.5','en',NULL,NULL),(8285,4745,'-5.75','ar',NULL,NULL),(8286,4745,'-5.75','en',NULL,NULL),(8287,4746,'-6','ar',NULL,NULL),(8288,4746,'-6','en',NULL,NULL),(8289,4747,'0','ar',NULL,NULL),(8290,4747,'0','en',NULL,NULL),(8291,4748,'-0.5','ar',NULL,NULL),(8292,4748,'-0.5','en',NULL,NULL),(8293,4749,'-0.75','ar',NULL,NULL),(8294,4749,'-0.75','en',NULL,NULL),(8295,4750,'-1','ar',NULL,NULL),(8296,4750,'-1','en',NULL,NULL),(8297,4751,'-1.25','ar',NULL,NULL),(8298,4751,'-1.25','en',NULL,NULL),(8299,4752,'-1.5','ar',NULL,NULL),(8300,4752,'-1.5','en',NULL,NULL),(8301,4753,'-1.75','ar',NULL,NULL),(8302,4753,'-1.75','en',NULL,NULL),(8303,4754,'-2','ar',NULL,NULL),(8304,4754,'-2','en',NULL,NULL),(8305,4755,'-2.25','ar',NULL,NULL),(8306,4755,'-2.25','en',NULL,NULL),(8307,4756,'-2.5','ar',NULL,NULL),(8308,4756,'-2.5','en',NULL,NULL),(8309,4757,'-2.75','ar',NULL,NULL),(8310,4757,'-2.75','en',NULL,NULL),(8311,4758,'-3','ar',NULL,NULL),(8312,4758,'-3','en',NULL,NULL),(8313,4759,'-3.25','ar',NULL,NULL),(8314,4759,'-3.25','en',NULL,NULL),(8315,4760,'-3.5','ar',NULL,NULL),(8316,4760,'-3.5','en',NULL,NULL),(8317,4761,'-3.75','ar',NULL,NULL),(8318,4761,'-3.75','en',NULL,NULL),(8319,4762,'-4','ar',NULL,NULL),(8320,4762,'-4','en',NULL,NULL),(8321,4763,'-4.25','ar',NULL,NULL),(8322,4763,'-4.25','en',NULL,NULL),(8323,4764,'-4.5','ar',NULL,NULL),(8324,4764,'-4.5','en',NULL,NULL),(8325,4765,'-4.75','ar',NULL,NULL),(8326,4765,'-4.75','en',NULL,NULL),(8327,4766,'-5','ar',NULL,NULL),(8328,4766,'-5','en',NULL,NULL),(8329,4767,'-5.25','ar',NULL,NULL),(8330,4767,'-5.25','en',NULL,NULL),(8331,4768,'-5.5','ar',NULL,NULL),(8332,4768,'-5.5','en',NULL,NULL),(8333,4769,'-5.75','ar',NULL,NULL),(8334,4769,'-5.75','en',NULL,NULL),(8335,4770,'-6','ar',NULL,NULL),(8336,4770,'-6','en',NULL,NULL),(8337,4771,'0','ar',NULL,NULL),(8338,4771,'0','en',NULL,NULL),(8339,4772,'-0.5','ar',NULL,NULL),(8340,4772,'-0.5','en',NULL,NULL),(8341,4773,'-0.75','ar',NULL,NULL),(8342,4773,'-0.75','en',NULL,NULL),(8343,4774,'-1','ar',NULL,NULL),(8344,4774,'-1','en',NULL,NULL),(8345,4775,'-1.25','ar',NULL,NULL),(8346,4775,'-1.25','en',NULL,NULL),(8347,4776,'-1.5','ar',NULL,NULL),(8348,4776,'-1.5','en',NULL,NULL),(8349,4777,'-1.75','ar',NULL,NULL),(8350,4777,'-1.75','en',NULL,NULL),(8351,4778,'-2','ar',NULL,NULL),(8352,4778,'-2','en',NULL,NULL),(8353,4779,'-2.25','ar',NULL,NULL),(8354,4779,'-2.25','en',NULL,NULL),(8355,4780,'-2.5','ar',NULL,NULL),(8356,4780,'-2.5','en',NULL,NULL),(8357,4781,'-2.75','ar',NULL,NULL),(8358,4781,'-2.75','en',NULL,NULL),(8359,4782,'-3','ar',NULL,NULL),(8360,4782,'-3','en',NULL,NULL),(8361,4783,'-3.25','ar',NULL,NULL),(8362,4783,'-3.25','en',NULL,NULL),(8363,4784,'-3.5','ar',NULL,NULL),(8364,4784,'-3.5','en',NULL,NULL),(8365,4785,'-3.75','ar',NULL,NULL),(8366,4785,'-3.75','en',NULL,NULL),(8367,4786,'-4','ar',NULL,NULL),(8368,4786,'-4','en',NULL,NULL),(8369,4787,'-4.25','ar',NULL,NULL),(8370,4787,'-4.25','en',NULL,NULL),(8371,4788,'-4.5','ar',NULL,NULL),(8372,4788,'-4.5','en',NULL,NULL),(8373,4789,'-4.75','ar',NULL,NULL),(8374,4789,'-4.75','en',NULL,NULL),(8375,4790,'-5','ar',NULL,NULL),(8376,4790,'-5','en',NULL,NULL),(8377,4791,'-5.25','ar',NULL,NULL),(8378,4791,'-5.25','en',NULL,NULL),(8379,4792,'-5.5','ar',NULL,NULL),(8380,4792,'-5.5','en',NULL,NULL),(8381,4793,'-5.75','ar',NULL,NULL),(8382,4793,'-5.75','en',NULL,NULL),(8383,4794,'-6','ar',NULL,NULL),(8384,4794,'-6','en',NULL,NULL),(8385,4795,'0','ar',NULL,NULL),(8386,4795,'0','en',NULL,NULL),(8387,4796,'-0.5','ar',NULL,NULL),(8388,4796,'-0.5','en',NULL,NULL),(8389,4797,'-0.75','ar',NULL,NULL),(8390,4797,'-0.75','en',NULL,NULL),(8391,4798,'-1','ar',NULL,NULL),(8392,4798,'-1','en',NULL,NULL),(8393,4799,'-1.25','ar',NULL,NULL),(8394,4799,'-1.25','en',NULL,NULL),(8395,4800,'-1.5','ar',NULL,NULL),(8396,4800,'-1.5','en',NULL,NULL),(8397,4801,'-1.75','ar',NULL,NULL),(8398,4801,'-1.75','en',NULL,NULL),(8399,4802,'-2','ar',NULL,NULL),(8400,4802,'-2','en',NULL,NULL),(8401,4803,'-2.25','ar',NULL,NULL),(8402,4803,'-2.25','en',NULL,NULL),(8403,4804,'-2.5','ar',NULL,NULL),(8404,4804,'-2.5','en',NULL,NULL),(8405,4805,'-2.75','ar',NULL,NULL),(8406,4805,'-2.75','en',NULL,NULL),(8407,4806,'-3','ar',NULL,NULL),(8408,4806,'-3','en',NULL,NULL),(8409,4807,'-3.25','ar',NULL,NULL),(8410,4807,'-3.25','en',NULL,NULL),(8411,4808,'-3.5','ar',NULL,NULL),(8412,4808,'-3.5','en',NULL,NULL),(8413,4809,'-3.75','ar',NULL,NULL),(8414,4809,'-3.75','en',NULL,NULL),(8415,4810,'-4','ar',NULL,NULL),(8416,4810,'-4','en',NULL,NULL),(8417,4811,'-4.25','ar',NULL,NULL),(8418,4811,'-4.25','en',NULL,NULL),(8419,4812,'-4.5','ar',NULL,NULL),(8420,4812,'-4.5','en',NULL,NULL),(8421,4813,'-4.75','ar',NULL,NULL),(8422,4813,'-4.75','en',NULL,NULL),(8423,4814,'-5','ar',NULL,NULL),(8424,4814,'-5','en',NULL,NULL),(8425,4815,'-5.25','ar',NULL,NULL),(8426,4815,'-5.25','en',NULL,NULL),(8427,4816,'-5.5','ar',NULL,NULL),(8428,4816,'-5.5','en',NULL,NULL),(8429,4817,'-5.75','ar',NULL,NULL),(8430,4817,'-5.75','en',NULL,NULL),(8431,4818,'-6','ar',NULL,NULL),(8432,4818,'-6','en',NULL,NULL),(8433,4819,'0','ar',NULL,NULL),(8434,4819,'0','en',NULL,NULL),(8435,4820,'-0.5','ar',NULL,NULL),(8436,4820,'-0.5','en',NULL,NULL),(8437,4821,'-0.75','ar',NULL,NULL),(8438,4821,'-0.75','en',NULL,NULL),(8439,4822,'-1','ar',NULL,NULL),(8440,4822,'-1','en',NULL,NULL),(8441,4823,'-1.25','ar',NULL,NULL),(8442,4823,'-1.25','en',NULL,NULL),(8443,4824,'-1.5','ar',NULL,NULL),(8444,4824,'-1.5','en',NULL,NULL),(8445,4825,'-1.75','ar',NULL,NULL),(8446,4825,'-1.75','en',NULL,NULL),(8447,4826,'-2','ar',NULL,NULL),(8448,4826,'-2','en',NULL,NULL),(8449,4827,'-2.25','ar',NULL,NULL),(8450,4827,'-2.25','en',NULL,NULL),(8451,4828,'-2.5','ar',NULL,NULL),(8452,4828,'-2.5','en',NULL,NULL),(8453,4829,'-2.75','ar',NULL,NULL),(8454,4829,'-2.75','en',NULL,NULL),(8455,4830,'-3','ar',NULL,NULL),(8456,4830,'-3','en',NULL,NULL),(8457,4831,'-3.25','ar',NULL,NULL),(8458,4831,'-3.25','en',NULL,NULL),(8459,4832,'-3.5','ar',NULL,NULL),(8460,4832,'-3.5','en',NULL,NULL),(8461,4833,'-3.75','ar',NULL,NULL),(8462,4833,'-3.75','en',NULL,NULL),(8463,4834,'-4','ar',NULL,NULL),(8464,4834,'-4','en',NULL,NULL),(8465,4835,'-4.25','ar',NULL,NULL),(8466,4835,'-4.25','en',NULL,NULL),(8467,4836,'-4.5','ar',NULL,NULL),(8468,4836,'-4.5','en',NULL,NULL),(8469,4837,'-4.75','ar',NULL,NULL),(8470,4837,'-4.75','en',NULL,NULL),(8471,4838,'-5','ar',NULL,NULL),(8472,4838,'-5','en',NULL,NULL),(8473,4839,'-5.25','ar',NULL,NULL),(8474,4839,'-5.25','en',NULL,NULL),(8475,4840,'-5.5','ar',NULL,NULL),(8476,4840,'-5.5','en',NULL,NULL),(8477,4841,'-5.75','ar',NULL,NULL),(8478,4841,'-5.75','en',NULL,NULL),(8479,4842,'-6','ar',NULL,NULL),(8480,4842,'-6','en',NULL,NULL),(8481,4843,'0','ar',NULL,NULL),(8482,4843,'0','en',NULL,NULL),(8483,4844,'-0.5','ar',NULL,NULL),(8484,4844,'-0.5','en',NULL,NULL),(8485,4845,'-0.75','ar',NULL,NULL),(8486,4845,'-0.75','en',NULL,NULL),(8487,4846,'-1','ar',NULL,NULL),(8488,4846,'-1','en',NULL,NULL),(8489,4847,'-1.25','ar',NULL,NULL),(8490,4847,'-1.25','en',NULL,NULL),(8491,4848,'-1.5','ar',NULL,NULL),(8492,4848,'-1.5','en',NULL,NULL),(8493,4849,'-1.75','ar',NULL,NULL),(8494,4849,'-1.75','en',NULL,NULL),(8495,4850,'-2','ar',NULL,NULL),(8496,4850,'-2','en',NULL,NULL),(8497,4851,'-2.25','ar',NULL,NULL),(8498,4851,'-2.25','en',NULL,NULL),(8499,4852,'-2.5','ar',NULL,NULL),(8500,4852,'-2.5','en',NULL,NULL),(8501,4853,'-2.75','ar',NULL,NULL),(8502,4853,'-2.75','en',NULL,NULL),(8503,4854,'-3','ar',NULL,NULL),(8504,4854,'-3','en',NULL,NULL),(8505,4855,'-3.25','ar',NULL,NULL),(8506,4855,'-3.25','en',NULL,NULL),(8507,4856,'-3.5','ar',NULL,NULL),(8508,4856,'-3.5','en',NULL,NULL),(8509,4857,'-3.75','ar',NULL,NULL),(8510,4857,'-3.75','en',NULL,NULL),(8511,4858,'-4','ar',NULL,NULL),(8512,4858,'-4','en',NULL,NULL),(8513,4859,'-4.25','ar',NULL,NULL),(8514,4859,'-4.25','en',NULL,NULL),(8515,4860,'-4.5','ar',NULL,NULL),(8516,4860,'-4.5','en',NULL,NULL),(8517,4861,'-4.75','ar',NULL,NULL),(8518,4861,'-4.75','en',NULL,NULL),(8519,4862,'-5','ar',NULL,NULL),(8520,4862,'-5','en',NULL,NULL),(8521,4863,'-5.25','ar',NULL,NULL),(8522,4863,'-5.25','en',NULL,NULL),(8523,4864,'-5.5','ar',NULL,NULL),(8524,4864,'-5.5','en',NULL,NULL),(8525,4865,'-5.75','ar',NULL,NULL),(8526,4865,'-5.75','en',NULL,NULL),(8527,4866,'-6','ar',NULL,NULL),(8528,4866,'-6','en',NULL,NULL),(8529,4867,'0','ar',NULL,NULL),(8530,4867,'0','en',NULL,NULL),(8531,4868,'-0.5','ar',NULL,NULL),(8532,4868,'-0.5','en',NULL,NULL),(8533,4869,'-0.75','ar',NULL,NULL),(8534,4869,'-0.75','en',NULL,NULL),(8535,4870,'-1','ar',NULL,NULL),(8536,4870,'-1','en',NULL,NULL),(8537,4871,'-1.25','ar',NULL,NULL),(8538,4871,'-1.25','en',NULL,NULL),(8539,4872,'-1.5','ar',NULL,NULL),(8540,4872,'-1.5','en',NULL,NULL),(8541,4873,'-1.75','ar',NULL,NULL),(8542,4873,'-1.75','en',NULL,NULL),(8543,4874,'-2','ar',NULL,NULL),(8544,4874,'-2','en',NULL,NULL),(8545,4875,'-2.25','ar',NULL,NULL),(8546,4875,'-2.25','en',NULL,NULL),(8547,4876,'-2.5','ar',NULL,NULL),(8548,4876,'-2.5','en',NULL,NULL),(8549,4877,'-2.75','ar',NULL,NULL),(8550,4877,'-2.75','en',NULL,NULL),(8551,4878,'-3','ar',NULL,NULL),(8552,4878,'-3','en',NULL,NULL),(8553,4879,'-3.25','ar',NULL,NULL),(8554,4879,'-3.25','en',NULL,NULL),(8555,4880,'-3.5','ar',NULL,NULL),(8556,4880,'-3.5','en',NULL,NULL),(8557,4881,'-3.75','ar',NULL,NULL),(8558,4881,'-3.75','en',NULL,NULL),(8559,4882,'-4','ar',NULL,NULL),(8560,4882,'-4','en',NULL,NULL),(8561,4883,'-4.25','ar',NULL,NULL),(8562,4883,'-4.25','en',NULL,NULL),(8563,4884,'-4.5','ar',NULL,NULL),(8564,4884,'-4.5','en',NULL,NULL),(8565,4885,'-4.75','ar',NULL,NULL),(8566,4885,'-4.75','en',NULL,NULL),(8567,4886,'-5','ar',NULL,NULL),(8568,4886,'-5','en',NULL,NULL),(8569,4887,'-5.25','ar',NULL,NULL),(8570,4887,'-5.25','en',NULL,NULL),(8571,4888,'-5.5','ar',NULL,NULL),(8572,4888,'-5.5','en',NULL,NULL),(8573,4889,'-5.75','ar',NULL,NULL),(8574,4889,'-5.75','en',NULL,NULL),(8575,4890,'-6','ar',NULL,NULL),(8576,4890,'-6','en',NULL,NULL),(8577,4891,'0','ar',NULL,NULL),(8578,4891,'0','en',NULL,NULL),(8579,4892,'-0.5','ar',NULL,NULL),(8580,4892,'-0.5','en',NULL,NULL),(8581,4893,'-0.75','ar',NULL,NULL),(8582,4893,'-0.75','en',NULL,NULL),(8583,4894,'-1','ar',NULL,NULL),(8584,4894,'-1','en',NULL,NULL),(8585,4895,'-1.25','ar',NULL,NULL),(8586,4895,'-1.25','en',NULL,NULL),(8587,4896,'-1.5','ar',NULL,NULL),(8588,4896,'-1.5','en',NULL,NULL),(8589,4897,'-1.75','ar',NULL,NULL),(8590,4897,'-1.75','en',NULL,NULL),(8591,4898,'-2','ar',NULL,NULL),(8592,4898,'-2','en',NULL,NULL),(8593,4899,'-2.25','ar',NULL,NULL),(8594,4899,'-2.25','en',NULL,NULL),(8595,4900,'-2.5','ar',NULL,NULL),(8596,4900,'-2.5','en',NULL,NULL),(8597,4901,'-2.75','ar',NULL,NULL),(8598,4901,'-2.75','en',NULL,NULL),(8599,4902,'-3','ar',NULL,NULL),(8600,4902,'-3','en',NULL,NULL),(8601,4903,'-3.25','ar',NULL,NULL),(8602,4903,'-3.25','en',NULL,NULL),(8603,4904,'-3.5','ar',NULL,NULL),(8604,4904,'-3.5','en',NULL,NULL),(8605,4905,'-3.75','ar',NULL,NULL),(8606,4905,'-3.75','en',NULL,NULL),(8607,4906,'-4','ar',NULL,NULL),(8608,4906,'-4','en',NULL,NULL),(8609,4907,'-4.25','ar',NULL,NULL),(8610,4907,'-4.25','en',NULL,NULL),(8611,4908,'-4.5','ar',NULL,NULL),(8612,4908,'-4.5','en',NULL,NULL),(8613,4909,'-4.75','ar',NULL,NULL),(8614,4909,'-4.75','en',NULL,NULL),(8615,4910,'-5','ar',NULL,NULL),(8616,4910,'-5','en',NULL,NULL),(8617,4911,'-5.25','ar',NULL,NULL),(8618,4911,'-5.25','en',NULL,NULL),(8619,4912,'-5.5','ar',NULL,NULL),(8620,4912,'-5.5','en',NULL,NULL),(8621,4913,'-5.75','ar',NULL,NULL),(8622,4913,'-5.75','en',NULL,NULL),(8623,4914,'-6','ar',NULL,NULL),(8624,4914,'-6','en',NULL,NULL),(8625,4915,'0','ar',NULL,NULL),(8626,4915,'0','en',NULL,NULL),(8627,4916,'-0.5','ar',NULL,NULL),(8628,4916,'-0.5','en',NULL,NULL),(8629,4917,'-0.75','ar',NULL,NULL),(8630,4917,'-0.75','en',NULL,NULL),(8631,4918,'-1','ar',NULL,NULL),(8632,4918,'-1','en',NULL,NULL),(8633,4919,'-1.25','ar',NULL,NULL),(8634,4919,'-1.25','en',NULL,NULL),(8635,4920,'-1.5','ar',NULL,NULL),(8636,4920,'-1.5','en',NULL,NULL),(8637,4921,'-1.75','ar',NULL,NULL),(8638,4921,'-1.75','en',NULL,NULL),(8639,4922,'-2','ar',NULL,NULL),(8640,4922,'-2','en',NULL,NULL),(8641,4923,'-2.25','ar',NULL,NULL),(8642,4923,'-2.25','en',NULL,NULL),(8643,4924,'-2.5','ar',NULL,NULL),(8644,4924,'-2.5','en',NULL,NULL),(8645,4925,'-2.75','ar',NULL,NULL),(8646,4925,'-2.75','en',NULL,NULL),(8647,4926,'-3','ar',NULL,NULL),(8648,4926,'-3','en',NULL,NULL),(8649,4927,'-3.25','ar',NULL,NULL),(8650,4927,'-3.25','en',NULL,NULL),(8651,4928,'-3.5','ar',NULL,NULL),(8652,4928,'-3.5','en',NULL,NULL),(8653,4929,'-3.75','ar',NULL,NULL),(8654,4929,'-3.75','en',NULL,NULL),(8655,4930,'-4','ar',NULL,NULL),(8656,4930,'-4','en',NULL,NULL),(8657,4931,'-4.25','ar',NULL,NULL),(8658,4931,'-4.25','en',NULL,NULL),(8659,4932,'-4.5','ar',NULL,NULL),(8660,4932,'-4.5','en',NULL,NULL),(8661,4933,'-4.75','ar',NULL,NULL),(8662,4933,'-4.75','en',NULL,NULL),(8663,4934,'-5','ar',NULL,NULL),(8664,4934,'-5','en',NULL,NULL),(8665,4935,'-5.25','ar',NULL,NULL),(8666,4935,'-5.25','en',NULL,NULL),(8667,4936,'-5.5','ar',NULL,NULL),(8668,4936,'-5.5','en',NULL,NULL),(8669,4937,'-5.75','ar',NULL,NULL),(8670,4937,'-5.75','en',NULL,NULL),(8671,4938,'-6','ar',NULL,NULL),(8672,4938,'-6','en',NULL,NULL),(8673,4939,'0','ar',NULL,NULL),(8674,4939,'0','en',NULL,NULL),(8675,4940,'-0.5','ar',NULL,NULL),(8676,4940,'-0.5','en',NULL,NULL),(8677,4941,'-0.75','ar',NULL,NULL),(8678,4941,'-0.75','en',NULL,NULL),(8679,4942,'-1','ar',NULL,NULL),(8680,4942,'-1','en',NULL,NULL),(8681,4943,'-1.25','ar',NULL,NULL),(8682,4943,'-1.25','en',NULL,NULL),(8683,4944,'-1.5','ar',NULL,NULL),(8684,4944,'-1.5','en',NULL,NULL),(8685,4945,'-1.75','ar',NULL,NULL),(8686,4945,'-1.75','en',NULL,NULL),(8687,4946,'-2','ar',NULL,NULL),(8688,4946,'-2','en',NULL,NULL),(8689,4947,'-2.25','ar',NULL,NULL),(8690,4947,'-2.25','en',NULL,NULL),(8691,4948,'-2.5','ar',NULL,NULL),(8692,4948,'-2.5','en',NULL,NULL),(8693,4949,'-2.75','ar',NULL,NULL),(8694,4949,'-2.75','en',NULL,NULL),(8695,4950,'-3','ar',NULL,NULL),(8696,4950,'-3','en',NULL,NULL),(8697,4951,'-3.25','ar',NULL,NULL),(8698,4951,'-3.25','en',NULL,NULL),(8699,4952,'-3.5','ar',NULL,NULL),(8700,4952,'-3.5','en',NULL,NULL),(8701,4953,'-3.75','ar',NULL,NULL),(8702,4953,'-3.75','en',NULL,NULL),(8703,4954,'-4','ar',NULL,NULL),(8704,4954,'-4','en',NULL,NULL),(8705,4955,'-4.25','ar',NULL,NULL),(8706,4955,'-4.25','en',NULL,NULL),(8707,4956,'-4.5','ar',NULL,NULL),(8708,4956,'-4.5','en',NULL,NULL),(8709,4957,'-4.75','ar',NULL,NULL),(8710,4957,'-4.75','en',NULL,NULL),(8711,4958,'-5','ar',NULL,NULL),(8712,4958,'-5','en',NULL,NULL),(8713,4959,'-5.25','ar',NULL,NULL),(8714,4959,'-5.25','en',NULL,NULL),(8715,4960,'-5.5','ar',NULL,NULL),(8716,4960,'-5.5','en',NULL,NULL),(8717,4961,'-5.75','ar',NULL,NULL),(8718,4961,'-5.75','en',NULL,NULL),(8719,4962,'-6','ar',NULL,NULL),(8720,4962,'-6','en',NULL,NULL),(8721,4963,'0','ar',NULL,NULL),(8722,4963,'0','en',NULL,NULL),(8723,4964,'-0.5','ar',NULL,NULL),(8724,4964,'-0.5','en',NULL,NULL),(8725,4965,'-0.75','ar',NULL,NULL),(8726,4965,'-0.75','en',NULL,NULL),(8727,4966,'-1','ar',NULL,NULL),(8728,4966,'-1','en',NULL,NULL),(8729,4967,'-1.25','ar',NULL,NULL),(8730,4967,'-1.25','en',NULL,NULL),(8731,4968,'-1.5','ar',NULL,NULL),(8732,4968,'-1.5','en',NULL,NULL),(8733,4969,'-1.75','ar',NULL,NULL),(8734,4969,'-1.75','en',NULL,NULL),(8735,4970,'-2','ar',NULL,NULL),(8736,4970,'-2','en',NULL,NULL),(8737,4971,'-2.25','ar',NULL,NULL),(8738,4971,'-2.25','en',NULL,NULL),(8739,4972,'-2.5','ar',NULL,NULL),(8740,4972,'-2.5','en',NULL,NULL),(8741,4973,'-2.75','ar',NULL,NULL),(8742,4973,'-2.75','en',NULL,NULL),(8743,4974,'-3','ar',NULL,NULL),(8744,4974,'-3','en',NULL,NULL),(8745,4975,'-3.25','ar',NULL,NULL),(8746,4975,'-3.25','en',NULL,NULL),(8747,4976,'-3.5','ar',NULL,NULL),(8748,4976,'-3.5','en',NULL,NULL),(8749,4977,'-3.75','ar',NULL,NULL),(8750,4977,'-3.75','en',NULL,NULL),(8751,4978,'-4','ar',NULL,NULL),(8752,4978,'-4','en',NULL,NULL),(8753,4979,'-4.25','ar',NULL,NULL),(8754,4979,'-4.25','en',NULL,NULL),(8755,4980,'-4.5','ar',NULL,NULL),(8756,4980,'-4.5','en',NULL,NULL),(8757,4981,'-4.75','ar',NULL,NULL),(8758,4981,'-4.75','en',NULL,NULL),(8759,4982,'-5','ar',NULL,NULL),(8760,4982,'-5','en',NULL,NULL),(8761,4983,'-5.25','ar',NULL,NULL),(8762,4983,'-5.25','en',NULL,NULL),(8763,4984,'-5.5','ar',NULL,NULL),(8764,4984,'-5.5','en',NULL,NULL),(8765,4985,'-5.75','ar',NULL,NULL),(8766,4985,'-5.75','en',NULL,NULL),(8767,4986,'-6','ar',NULL,NULL),(8768,4986,'-6','en',NULL,NULL),(8769,4987,'0','ar',NULL,NULL),(8770,4987,'0','en',NULL,NULL),(8771,4988,'-0.5','ar',NULL,NULL),(8772,4988,'-0.5','en',NULL,NULL),(8773,4989,'-0.75','ar',NULL,NULL),(8774,4989,'-0.75','en',NULL,NULL),(8775,4990,'-1','ar',NULL,NULL),(8776,4990,'-1','en',NULL,NULL),(8777,4991,'-1.25','ar',NULL,NULL),(8778,4991,'-1.25','en',NULL,NULL),(8779,4992,'-1.5','ar',NULL,NULL),(8780,4992,'-1.5','en',NULL,NULL),(8781,4993,'-1.75','ar',NULL,NULL),(8782,4993,'-1.75','en',NULL,NULL),(8783,4994,'-2','ar',NULL,NULL),(8784,4994,'-2','en',NULL,NULL),(8785,4995,'-2.25','ar',NULL,NULL),(8786,4995,'-2.25','en',NULL,NULL),(8787,4996,'-2.5','ar',NULL,NULL),(8788,4996,'-2.5','en',NULL,NULL),(8789,4997,'-2.75','ar',NULL,NULL),(8790,4997,'-2.75','en',NULL,NULL),(8791,4998,'-3','ar',NULL,NULL),(8792,4998,'-3','en',NULL,NULL),(8793,4999,'-3.25','ar',NULL,NULL),(8794,4999,'-3.25','en',NULL,NULL),(8795,5000,'-3.5','ar',NULL,NULL),(8796,5000,'-3.5','en',NULL,NULL),(8797,5001,'-3.75','ar',NULL,NULL),(8798,5001,'-3.75','en',NULL,NULL),(8799,5002,'-4','ar',NULL,NULL),(8800,5002,'-4','en',NULL,NULL),(8801,5003,'-4.25','ar',NULL,NULL),(8802,5003,'-4.25','en',NULL,NULL),(8803,5004,'-4.5','ar',NULL,NULL),(8804,5004,'-4.5','en',NULL,NULL),(8805,5005,'-4.75','ar',NULL,NULL),(8806,5005,'-4.75','en',NULL,NULL),(8807,5006,'-5','ar',NULL,NULL),(8808,5006,'-5','en',NULL,NULL),(8809,5007,'-5.25','ar',NULL,NULL),(8810,5007,'-5.25','en',NULL,NULL),(8811,5008,'-5.5','ar',NULL,NULL),(8812,5008,'-5.5','en',NULL,NULL),(8813,5009,'-5.75','ar',NULL,NULL),(8814,5009,'-5.75','en',NULL,NULL),(8815,5010,'-6','ar',NULL,NULL),(8816,5010,'-6','en',NULL,NULL),(8817,5011,'0','ar',NULL,NULL),(8818,5011,'0','en',NULL,NULL),(8819,5012,'-0.5','ar',NULL,NULL),(8820,5012,'-0.5','en',NULL,NULL),(8821,5013,'-0.75','ar',NULL,NULL),(8822,5013,'-0.75','en',NULL,NULL),(8823,5014,'-1','ar',NULL,NULL),(8824,5014,'-1','en',NULL,NULL),(8825,5015,'-1.25','ar',NULL,NULL),(8826,5015,'-1.25','en',NULL,NULL),(8827,5016,'-1.5','ar',NULL,NULL),(8828,5016,'-1.5','en',NULL,NULL),(8829,5017,'-1.75','ar',NULL,NULL),(8830,5017,'-1.75','en',NULL,NULL),(8831,5018,'-2','ar',NULL,NULL),(8832,5018,'-2','en',NULL,NULL),(8833,5019,'-2.25','ar',NULL,NULL),(8834,5019,'-2.25','en',NULL,NULL),(8835,5020,'-2.5','ar',NULL,NULL),(8836,5020,'-2.5','en',NULL,NULL),(8837,5021,'-2.75','ar',NULL,NULL),(8838,5021,'-2.75','en',NULL,NULL),(8839,5022,'-3','ar',NULL,NULL),(8840,5022,'-3','en',NULL,NULL),(8841,5023,'-3.25','ar',NULL,NULL),(8842,5023,'-3.25','en',NULL,NULL),(8843,5024,'-3.5','ar',NULL,NULL),(8844,5024,'-3.5','en',NULL,NULL),(8845,5025,'-3.75','ar',NULL,NULL),(8846,5025,'-3.75','en',NULL,NULL),(8847,5026,'-4','ar',NULL,NULL),(8848,5026,'-4','en',NULL,NULL),(8849,5027,'-4.25','ar',NULL,NULL),(8850,5027,'-4.25','en',NULL,NULL),(8851,5028,'-4.5','ar',NULL,NULL),(8852,5028,'-4.5','en',NULL,NULL),(8853,5029,'-4.75','ar',NULL,NULL),(8854,5029,'-4.75','en',NULL,NULL),(8855,5030,'-5','ar',NULL,NULL),(8856,5030,'-5','en',NULL,NULL),(8857,5031,'-5.25','ar',NULL,NULL),(8858,5031,'-5.25','en',NULL,NULL),(8859,5032,'-5.5','ar',NULL,NULL),(8860,5032,'-5.5','en',NULL,NULL),(8861,5033,'-5.75','ar',NULL,NULL),(8862,5033,'-5.75','en',NULL,NULL),(8863,5034,'-6','ar',NULL,NULL),(8864,5034,'-6','en',NULL,NULL),(8865,5035,'0','ar',NULL,NULL),(8866,5035,'0','en',NULL,NULL),(8867,5036,'-0.5','ar',NULL,NULL),(8868,5036,'-0.5','en',NULL,NULL),(8869,5037,'-0.75','ar',NULL,NULL),(8870,5037,'-0.75','en',NULL,NULL),(8871,5038,'-1','ar',NULL,NULL),(8872,5038,'-1','en',NULL,NULL),(8873,5039,'-1.25','ar',NULL,NULL),(8874,5039,'-1.25','en',NULL,NULL),(8875,5040,'-1.5','ar',NULL,NULL),(8876,5040,'-1.5','en',NULL,NULL),(8877,5041,'-1.75','ar',NULL,NULL),(8878,5041,'-1.75','en',NULL,NULL),(8879,5042,'-2','ar',NULL,NULL),(8880,5042,'-2','en',NULL,NULL),(8881,5043,'-2.25','ar',NULL,NULL),(8882,5043,'-2.25','en',NULL,NULL),(8883,5044,'-2.5','ar',NULL,NULL),(8884,5044,'-2.5','en',NULL,NULL),(8885,5045,'-2.75','ar',NULL,NULL),(8886,5045,'-2.75','en',NULL,NULL),(8887,5046,'-3','ar',NULL,NULL),(8888,5046,'-3','en',NULL,NULL),(8889,5047,'-3.25','ar',NULL,NULL),(8890,5047,'-3.25','en',NULL,NULL),(8891,5048,'-3.5','ar',NULL,NULL),(8892,5048,'-3.5','en',NULL,NULL),(8893,5049,'-3.75','ar',NULL,NULL),(8894,5049,'-3.75','en',NULL,NULL),(8895,5050,'-4','ar',NULL,NULL),(8896,5050,'-4','en',NULL,NULL),(8897,5051,'-4.25','ar',NULL,NULL),(8898,5051,'-4.25','en',NULL,NULL),(8899,5052,'-4.5','ar',NULL,NULL),(8900,5052,'-4.5','en',NULL,NULL),(8901,5053,'-4.75','ar',NULL,NULL),(8902,5053,'-4.75','en',NULL,NULL),(8903,5054,'-5','ar',NULL,NULL),(8904,5054,'-5','en',NULL,NULL),(8905,5055,'-5.25','ar',NULL,NULL),(8906,5055,'-5.25','en',NULL,NULL),(8907,5056,'-5.5','ar',NULL,NULL),(8908,5056,'-5.5','en',NULL,NULL),(8909,5057,'-5.75','ar',NULL,NULL),(8910,5057,'-5.75','en',NULL,NULL),(8911,5058,'-6','ar',NULL,NULL),(8912,5058,'-6','en',NULL,NULL),(8913,5059,'0','ar',NULL,NULL),(8914,5059,'0','en',NULL,NULL),(8915,5060,'-0.5','ar',NULL,NULL),(8916,5060,'-0.5','en',NULL,NULL),(8917,5061,'-0.75','ar',NULL,NULL),(8918,5061,'-0.75','en',NULL,NULL),(8919,5062,'-1','ar',NULL,NULL),(8920,5062,'-1','en',NULL,NULL),(8921,5063,'-1.25','ar',NULL,NULL),(8922,5063,'-1.25','en',NULL,NULL),(8923,5064,'-1.5','ar',NULL,NULL),(8924,5064,'-1.5','en',NULL,NULL),(8925,5065,'-1.75','ar',NULL,NULL),(8926,5065,'-1.75','en',NULL,NULL),(8927,5066,'-2','ar',NULL,NULL),(8928,5066,'-2','en',NULL,NULL),(8929,5067,'-2.25','ar',NULL,NULL),(8930,5067,'-2.25','en',NULL,NULL),(8931,5068,'-2.5','ar',NULL,NULL),(8932,5068,'-2.5','en',NULL,NULL),(8933,5069,'-2.75','ar',NULL,NULL),(8934,5069,'-2.75','en',NULL,NULL),(8935,5070,'-3','ar',NULL,NULL),(8936,5070,'-3','en',NULL,NULL),(8937,5071,'-3.25','ar',NULL,NULL),(8938,5071,'-3.25','en',NULL,NULL),(8939,5072,'-3.5','ar',NULL,NULL),(8940,5072,'-3.5','en',NULL,NULL),(8941,5073,'-3.75','ar',NULL,NULL),(8942,5073,'-3.75','en',NULL,NULL),(8943,5074,'-4','ar',NULL,NULL),(8944,5074,'-4','en',NULL,NULL),(8945,5075,'-4.25','ar',NULL,NULL),(8946,5075,'-4.25','en',NULL,NULL),(8947,5076,'-4.5','ar',NULL,NULL),(8948,5076,'-4.5','en',NULL,NULL),(8949,5077,'-4.75','ar',NULL,NULL),(8950,5077,'-4.75','en',NULL,NULL),(8951,5078,'-5','ar',NULL,NULL),(8952,5078,'-5','en',NULL,NULL),(8953,5079,'-5.25','ar',NULL,NULL),(8954,5079,'-5.25','en',NULL,NULL),(8955,5080,'-5.5','ar',NULL,NULL),(8956,5080,'-5.5','en',NULL,NULL),(8957,5081,'-5.75','ar',NULL,NULL),(8958,5081,'-5.75','en',NULL,NULL),(8959,5082,'-6','ar',NULL,NULL),(8960,5082,'-6','en',NULL,NULL),(8961,5083,'0','ar',NULL,NULL),(8962,5083,'0','en',NULL,NULL),(9009,5107,'0','ar',NULL,NULL),(9010,5107,'0','en',NULL,NULL),(9059,5138,'0','ar',NULL,NULL),(9060,5138,'0','en',NULL,NULL),(9107,5162,'0','ar',NULL,NULL),(9108,5162,'0','en',NULL,NULL),(9155,5186,'0','ar',NULL,NULL),(9156,5186,'0','en',NULL,NULL),(9157,5187,'0','ar',NULL,NULL),(9158,5187,'0','en',NULL,NULL),(9159,5188,'0','ar',NULL,NULL),(9160,5188,'0','en',NULL,NULL),(9161,5189,'0','ar',NULL,NULL),(9162,5189,'0','en',NULL,NULL),(9163,5190,'0','ar',NULL,NULL),(9164,5190,'0','en',NULL,NULL),(9165,5191,'0','ar',NULL,NULL),(9166,5191,'0','en',NULL,NULL),(9167,5192,'0','ar',NULL,NULL),(9168,5192,'0','en',NULL,NULL),(9169,5193,'-0.25','ar',NULL,NULL),(9170,5193,'-0.25','en',NULL,NULL),(9171,5194,'-0.5','ar',NULL,NULL),(9172,5194,'-0.5','en',NULL,NULL),(9173,5195,'-0.75','ar',NULL,NULL),(9174,5195,'-0.75','en',NULL,NULL),(9175,5196,'-1','ar',NULL,NULL),(9176,5196,'-1','en',NULL,NULL),(9177,5197,'-1.25','ar',NULL,NULL),(9178,5197,'-1.25','en',NULL,NULL),(9179,5198,'-1.5','ar',NULL,NULL),(9180,5198,'-1.5','en',NULL,NULL),(9181,5199,'-1.75','ar',NULL,NULL),(9182,5199,'-1.75','en',NULL,NULL),(9183,5200,'-2','ar',NULL,NULL),(9184,5200,'-2','en',NULL,NULL),(9185,5201,'-2.25','ar',NULL,NULL),(9186,5201,'-2.25','en',NULL,NULL),(9187,5202,'-2.5','ar',NULL,NULL),(9188,5202,'-2.5','en',NULL,NULL),(9189,5203,'-2.75','ar',NULL,NULL),(9190,5203,'-2.75','en',NULL,NULL),(9191,5204,'-3','ar',NULL,NULL),(9192,5204,'-3','en',NULL,NULL),(9193,5205,'-3.25','ar',NULL,NULL),(9194,5205,'-3.25','en',NULL,NULL),(9195,5206,'-3.5','ar',NULL,NULL),(9196,5206,'-3.5','en',NULL,NULL),(9197,5207,'-3.75','ar',NULL,NULL),(9198,5207,'-3.75','en',NULL,NULL),(9199,5208,'-4','ar',NULL,NULL),(9200,5208,'-4','en',NULL,NULL),(9201,5209,'-4.25','ar',NULL,NULL),(9202,5209,'-4.25','en',NULL,NULL),(9203,5210,'-4.5','ar',NULL,NULL),(9204,5210,'-4.5','en',NULL,NULL),(9205,5211,'-4.75','ar',NULL,NULL),(9206,5211,'-4.75','en',NULL,NULL),(9207,5212,'-5','ar',NULL,NULL),(9208,5212,'-5','en',NULL,NULL),(9209,5213,'-5.25','ar',NULL,NULL),(9210,5213,'-5.25','en',NULL,NULL),(9211,5214,'-5.5','ar',NULL,NULL),(9212,5214,'-5.5','en',NULL,NULL),(9213,5215,'-5.75','ar',NULL,NULL),(9214,5215,'-5.75','en',NULL,NULL),(9215,5216,'-6','ar',NULL,NULL),(9216,5216,'-6','en',NULL,NULL),(9217,5217,'-6.5','ar',NULL,NULL),(9218,5217,'-6.5','en',NULL,NULL),(9219,5218,'-7','ar',NULL,NULL),(9220,5218,'-7','en',NULL,NULL),(9221,5219,'-7.5','ar',NULL,NULL),(9222,5219,'-7.5','en',NULL,NULL),(9223,5220,'-8','ar',NULL,NULL),(9224,5220,'-8','en',NULL,NULL),(9225,5221,'-8.5','ar',NULL,NULL),(9226,5221,'-8.5','en',NULL,NULL),(9227,5222,'-9','ar',NULL,NULL),(9228,5222,'-9','en',NULL,NULL),(9229,5223,'-9.5','ar',NULL,NULL),(9230,5223,'-9.5','en',NULL,NULL),(9231,5224,'-10','ar',NULL,NULL),(9232,5224,'-10','en',NULL,NULL),(9233,5225,'0.5','ar',NULL,NULL),(9234,5225,'0.5','en',NULL,NULL),(9235,5226,'1','ar',NULL,NULL),(9236,5226,'1','en',NULL,NULL),(9237,5227,'1.5','ar',NULL,NULL),(9238,5227,'1.5','en',NULL,NULL),(9239,5228,'1.75','ar',NULL,NULL),(9240,5228,'1.75','en',NULL,NULL),(9241,5229,'2','ar',NULL,NULL),(9242,5229,'2','en',NULL,NULL),(9243,5230,'2.5','ar',NULL,NULL),(9244,5230,'2.5','en',NULL,NULL),(9245,5231,'3','ar',NULL,NULL),(9246,5231,'3','en',NULL,NULL),(9247,5232,'3.5','ar',NULL,NULL),(9248,5232,'3.5','en',NULL,NULL),(9249,5233,'4','ar',NULL,NULL),(9250,5233,'4','en',NULL,NULL),(9251,5234,'4.5','ar',NULL,NULL),(9252,5234,'4.5','en',NULL,NULL),(9253,5235,'5','ar',NULL,NULL),(9254,5235,'5','en',NULL,NULL),(9255,5236,'0','ar',NULL,NULL),(9256,5236,'0','en',NULL,NULL),(9257,5237,'-0.25','ar',NULL,NULL),(9258,5237,'-0.25','en',NULL,NULL),(9259,5238,'-0.5','ar',NULL,NULL),(9260,5238,'-0.5','en',NULL,NULL),(9261,5239,'-0.75','ar',NULL,NULL),(9262,5239,'-0.75','en',NULL,NULL),(9263,5240,'-1','ar',NULL,NULL),(9264,5240,'-1','en',NULL,NULL),(9265,5241,'-1.25','ar',NULL,NULL),(9266,5241,'-1.25','en',NULL,NULL),(9267,5242,'-1.5','ar',NULL,NULL),(9268,5242,'-1.5','en',NULL,NULL),(9269,5243,'-1.75','ar',NULL,NULL),(9270,5243,'-1.75','en',NULL,NULL),(9271,5244,'-2','ar',NULL,NULL),(9272,5244,'-2','en',NULL,NULL),(9273,5245,'-2.25','ar',NULL,NULL),(9274,5245,'-2.25','en',NULL,NULL),(9275,5246,'-2.5','ar',NULL,NULL),(9276,5246,'-2.5','en',NULL,NULL),(9277,5247,'-2.75','ar',NULL,NULL),(9278,5247,'-2.75','en',NULL,NULL),(9279,5248,'-3','ar',NULL,NULL),(9280,5248,'-3','en',NULL,NULL),(9281,5249,'-3.25','ar',NULL,NULL),(9282,5249,'-3.25','en',NULL,NULL),(9283,5250,'-3.5','ar',NULL,NULL),(9284,5250,'-3.5','en',NULL,NULL),(9285,5251,'-3.75','ar',NULL,NULL),(9286,5251,'-3.75','en',NULL,NULL),(9287,5252,'-4','ar',NULL,NULL),(9288,5252,'-4','en',NULL,NULL),(9289,5253,'-4.25','ar',NULL,NULL),(9290,5253,'-4.25','en',NULL,NULL),(9291,5254,'-4.5','ar',NULL,NULL),(9292,5254,'-4.5','en',NULL,NULL),(9293,5255,'-4.75','ar',NULL,NULL),(9294,5255,'-4.75','en',NULL,NULL),(9295,5256,'-5','ar',NULL,NULL),(9296,5256,'-5','en',NULL,NULL),(9297,5257,'-5.25','ar',NULL,NULL),(9298,5257,'-5.25','en',NULL,NULL),(9299,5258,'-5.5','ar',NULL,NULL),(9300,5258,'-5.5','en',NULL,NULL),(9301,5259,'-5.75','ar',NULL,NULL),(9302,5259,'-5.75','en',NULL,NULL),(9303,5260,'-6','ar',NULL,NULL),(9304,5260,'-6','en',NULL,NULL),(9305,5261,'-6.5','ar',NULL,NULL),(9306,5261,'-6.5','en',NULL,NULL),(9307,5262,'-7','ar',NULL,NULL),(9308,5262,'-7','en',NULL,NULL),(9309,5263,'-7.5','ar',NULL,NULL),(9310,5263,'-7.5','en',NULL,NULL),(9311,5264,'-8','ar',NULL,NULL),(9312,5264,'-8','en',NULL,NULL),(9313,5265,'-8.5','ar',NULL,NULL),(9314,5265,'-8.5','en',NULL,NULL),(9315,5266,'-9','ar',NULL,NULL),(9316,5266,'-9','en',NULL,NULL),(9317,5267,'-9.5','ar',NULL,NULL),(9318,5267,'-9.5','en',NULL,NULL),(9319,5268,'-10','ar',NULL,NULL),(9320,5268,'-10','en',NULL,NULL),(9321,5269,'0.5','ar',NULL,NULL),(9322,5269,'0.5','en',NULL,NULL),(9323,5270,'1','ar',NULL,NULL),(9324,5270,'1','en',NULL,NULL),(9325,5271,'1.5','ar',NULL,NULL),(9326,5271,'1.5','en',NULL,NULL),(9327,5272,'1.75','ar',NULL,NULL),(9328,5272,'1.75','en',NULL,NULL),(9329,5273,'2','ar',NULL,NULL),(9330,5273,'2','en',NULL,NULL),(9331,5274,'2.5','ar',NULL,NULL),(9332,5274,'2.5','en',NULL,NULL),(9333,5275,'3','ar',NULL,NULL),(9334,5275,'3','en',NULL,NULL),(9335,5276,'3.5','ar',NULL,NULL),(9336,5276,'3.5','en',NULL,NULL),(9337,5277,'4','ar',NULL,NULL),(9338,5277,'4','en',NULL,NULL),(9339,5278,'4.5','ar',NULL,NULL),(9340,5278,'4.5','en',NULL,NULL),(9341,5279,'5','ar',NULL,NULL),(9342,5279,'5','en',NULL,NULL),(9343,5280,'0','ar',NULL,NULL),(9344,5280,'0','en',NULL,NULL),(9345,5281,'-0.25','ar',NULL,NULL),(9346,5281,'-0.25','en',NULL,NULL),(9347,5282,'-0.5','ar',NULL,NULL),(9348,5282,'-0.5','en',NULL,NULL),(9349,5283,'-0.75','ar',NULL,NULL),(9350,5283,'-0.75','en',NULL,NULL),(9351,5284,'-1','ar',NULL,NULL),(9352,5284,'-1','en',NULL,NULL),(9353,5285,'-1.25','ar',NULL,NULL),(9354,5285,'-1.25','en',NULL,NULL),(9355,5286,'-1.5','ar',NULL,NULL),(9356,5286,'-1.5','en',NULL,NULL),(9357,5287,'-1.75','ar',NULL,NULL),(9358,5287,'-1.75','en',NULL,NULL),(9359,5288,'-2','ar',NULL,NULL),(9360,5288,'-2','en',NULL,NULL),(9361,5289,'-2.25','ar',NULL,NULL),(9362,5289,'-2.25','en',NULL,NULL),(9363,5290,'-2.5','ar',NULL,NULL),(9364,5290,'-2.5','en',NULL,NULL),(9365,5291,'-2.75','ar',NULL,NULL),(9366,5291,'-2.75','en',NULL,NULL),(9367,5292,'-3','ar',NULL,NULL),(9368,5292,'-3','en',NULL,NULL),(9369,5293,'-3.25','ar',NULL,NULL),(9370,5293,'-3.25','en',NULL,NULL),(9371,5294,'-3.5','ar',NULL,NULL),(9372,5294,'-3.5','en',NULL,NULL),(9373,5295,'-3.75','ar',NULL,NULL),(9374,5295,'-3.75','en',NULL,NULL),(9375,5296,'-4','ar',NULL,NULL),(9376,5296,'-4','en',NULL,NULL),(9377,5297,'-4.25','ar',NULL,NULL),(9378,5297,'-4.25','en',NULL,NULL),(9379,5298,'-4.5','ar',NULL,NULL),(9380,5298,'-4.5','en',NULL,NULL),(9381,5299,'-4.75','ar',NULL,NULL),(9382,5299,'-4.75','en',NULL,NULL),(9383,5300,'-5','ar',NULL,NULL),(9384,5300,'-5','en',NULL,NULL),(9385,5301,'-5.25','ar',NULL,NULL),(9386,5301,'-5.25','en',NULL,NULL),(9387,5302,'-5.5','ar',NULL,NULL),(9388,5302,'-5.5','en',NULL,NULL),(9389,5303,'-5.75','ar',NULL,NULL),(9390,5303,'-5.75','en',NULL,NULL),(9391,5304,'-6','ar',NULL,NULL),(9392,5304,'-6','en',NULL,NULL),(9393,5305,'-6.5','ar',NULL,NULL),(9394,5305,'-6.5','en',NULL,NULL),(9395,5306,'-7','ar',NULL,NULL),(9396,5306,'-7','en',NULL,NULL),(9397,5307,'-7.5','ar',NULL,NULL),(9398,5307,'-7.5','en',NULL,NULL),(9399,5308,'-8','ar',NULL,NULL),(9400,5308,'-8','en',NULL,NULL),(9401,5309,'-8.5','ar',NULL,NULL),(9402,5309,'-8.5','en',NULL,NULL),(9403,5310,'-9','ar',NULL,NULL),(9404,5310,'-9','en',NULL,NULL),(9405,5311,'-9.5','ar',NULL,NULL),(9406,5311,'-9.5','en',NULL,NULL),(9407,5312,'-10','ar',NULL,NULL),(9408,5312,'-10','en',NULL,NULL),(9409,5313,'0.5','ar',NULL,NULL),(9410,5313,'0.5','en',NULL,NULL),(9411,5314,'1','ar',NULL,NULL),(9412,5314,'1','en',NULL,NULL),(9413,5315,'1.5','ar',NULL,NULL),(9414,5315,'1.5','en',NULL,NULL),(9415,5316,'1.75','ar',NULL,NULL),(9416,5316,'1.75','en',NULL,NULL),(9417,5317,'2','ar',NULL,NULL),(9418,5317,'2','en',NULL,NULL),(9419,5318,'2.5','ar',NULL,NULL),(9420,5318,'2.5','en',NULL,NULL),(9421,5319,'3','ar',NULL,NULL),(9422,5319,'3','en',NULL,NULL),(9423,5320,'3.5','ar',NULL,NULL),(9424,5320,'3.5','en',NULL,NULL),(9425,5321,'4','ar',NULL,NULL),(9426,5321,'4','en',NULL,NULL),(9427,5322,'4.5','ar',NULL,NULL),(9428,5322,'4.5','en',NULL,NULL),(9429,5323,'5','ar',NULL,NULL),(9430,5323,'5','en',NULL,NULL),(9431,5324,'0','ar',NULL,NULL),(9432,5324,'0','en',NULL,NULL),(9433,5325,'-0.25','ar',NULL,NULL),(9434,5325,'-0.25','en',NULL,NULL),(9435,5326,'-0.5','ar',NULL,NULL),(9436,5326,'-0.5','en',NULL,NULL),(9437,5327,'-0.75','ar',NULL,NULL),(9438,5327,'-0.75','en',NULL,NULL),(9439,5328,'-1','ar',NULL,NULL),(9440,5328,'-1','en',NULL,NULL),(9441,5329,'-1.25','ar',NULL,NULL),(9442,5329,'-1.25','en',NULL,NULL),(9443,5330,'-1.5','ar',NULL,NULL),(9444,5330,'-1.5','en',NULL,NULL),(9445,5331,'-1.75','ar',NULL,NULL),(9446,5331,'-1.75','en',NULL,NULL),(9447,5332,'-2','ar',NULL,NULL),(9448,5332,'-2','en',NULL,NULL),(9449,5333,'-2.25','ar',NULL,NULL),(9450,5333,'-2.25','en',NULL,NULL),(9451,5334,'-2.5','ar',NULL,NULL),(9452,5334,'-2.5','en',NULL,NULL),(9453,5335,'-2.75','ar',NULL,NULL),(9454,5335,'-2.75','en',NULL,NULL),(9455,5336,'-3','ar',NULL,NULL),(9456,5336,'-3','en',NULL,NULL),(9457,5337,'-3.25','ar',NULL,NULL),(9458,5337,'-3.25','en',NULL,NULL),(9459,5338,'-3.5','ar',NULL,NULL),(9460,5338,'-3.5','en',NULL,NULL),(9461,5339,'-3.75','ar',NULL,NULL),(9462,5339,'-3.75','en',NULL,NULL),(9463,5340,'-4','ar',NULL,NULL),(9464,5340,'-4','en',NULL,NULL),(9465,5341,'-4.25','ar',NULL,NULL),(9466,5341,'-4.25','en',NULL,NULL),(9467,5342,'-4.5','ar',NULL,NULL),(9468,5342,'-4.5','en',NULL,NULL),(9469,5343,'-4.75','ar',NULL,NULL),(9470,5343,'-4.75','en',NULL,NULL),(9471,5344,'-5','ar',NULL,NULL),(9472,5344,'-5','en',NULL,NULL),(9473,5345,'-5.25','ar',NULL,NULL),(9474,5345,'-5.25','en',NULL,NULL),(9475,5346,'-5.5','ar',NULL,NULL),(9476,5346,'-5.5','en',NULL,NULL),(9477,5347,'-5.75','ar',NULL,NULL),(9478,5347,'-5.75','en',NULL,NULL),(9479,5348,'-6','ar',NULL,NULL),(9480,5348,'-6','en',NULL,NULL),(9481,5349,'-6.5','ar',NULL,NULL),(9482,5349,'-6.5','en',NULL,NULL),(9483,5350,'-7','ar',NULL,NULL),(9484,5350,'-7','en',NULL,NULL),(9485,5351,'-7.5','ar',NULL,NULL),(9486,5351,'-7.5','en',NULL,NULL),(9487,5352,'-8','ar',NULL,NULL),(9488,5352,'-8','en',NULL,NULL),(9489,5353,'-8.5','ar',NULL,NULL),(9490,5353,'-8.5','en',NULL,NULL),(9491,5354,'-9','ar',NULL,NULL),(9492,5354,'-9','en',NULL,NULL),(9493,5355,'-9.5','ar',NULL,NULL),(9494,5355,'-9.5','en',NULL,NULL),(9495,5356,'-10','ar',NULL,NULL),(9496,5356,'-10','en',NULL,NULL),(9497,5357,'0.5','ar',NULL,NULL),(9498,5357,'0.5','en',NULL,NULL),(9499,5358,'1','ar',NULL,NULL),(9500,5358,'1','en',NULL,NULL),(9501,5359,'1.5','ar',NULL,NULL),(9502,5359,'1.5','en',NULL,NULL),(9503,5360,'1.75','ar',NULL,NULL),(9504,5360,'1.75','en',NULL,NULL),(9505,5361,'2','ar',NULL,NULL),(9506,5361,'2','en',NULL,NULL),(9507,5362,'2.5','ar',NULL,NULL),(9508,5362,'2.5','en',NULL,NULL),(9509,5363,'3','ar',NULL,NULL),(9510,5363,'3','en',NULL,NULL),(9511,5364,'3.5','ar',NULL,NULL),(9512,5364,'3.5','en',NULL,NULL),(9513,5365,'4','ar',NULL,NULL),(9514,5365,'4','en',NULL,NULL),(9515,5366,'4.5','ar',NULL,NULL),(9516,5366,'4.5','en',NULL,NULL),(9517,5367,'5','ar',NULL,NULL),(9518,5367,'5','en',NULL,NULL),(9519,5368,'0','ar',NULL,NULL),(9520,5368,'0','en',NULL,NULL),(9521,5369,'-0.25','ar',NULL,NULL),(9522,5369,'-0.25','en',NULL,NULL),(9523,5370,'-0.5','ar',NULL,NULL),(9524,5370,'-0.5','en',NULL,NULL),(9525,5371,'-0.75','ar',NULL,NULL),(9526,5371,'-0.75','en',NULL,NULL),(9527,5372,'-1','ar',NULL,NULL),(9528,5372,'-1','en',NULL,NULL),(9529,5373,'-1.25','ar',NULL,NULL),(9530,5373,'-1.25','en',NULL,NULL),(9531,5374,'-1.5','ar',NULL,NULL),(9532,5374,'-1.5','en',NULL,NULL),(9533,5375,'-1.75','ar',NULL,NULL),(9534,5375,'-1.75','en',NULL,NULL),(9535,5376,'-2','ar',NULL,NULL),(9536,5376,'-2','en',NULL,NULL),(9537,5377,'-2.25','ar',NULL,NULL),(9538,5377,'-2.25','en',NULL,NULL),(9539,5378,'-2.5','ar',NULL,NULL),(9540,5378,'-2.5','en',NULL,NULL),(9541,5379,'-2.75','ar',NULL,NULL),(9542,5379,'-2.75','en',NULL,NULL),(9543,5380,'-3','ar',NULL,NULL),(9544,5380,'-3','en',NULL,NULL),(9545,5381,'-3.25','ar',NULL,NULL),(9546,5381,'-3.25','en',NULL,NULL),(9547,5382,'-3.5','ar',NULL,NULL),(9548,5382,'-3.5','en',NULL,NULL),(9549,5383,'-3.75','ar',NULL,NULL),(9550,5383,'-3.75','en',NULL,NULL),(9551,5384,'-4','ar',NULL,NULL),(9552,5384,'-4','en',NULL,NULL),(9553,5385,'-4.25','ar',NULL,NULL),(9554,5385,'-4.25','en',NULL,NULL),(9555,5386,'-4.5','ar',NULL,NULL),(9556,5386,'-4.5','en',NULL,NULL),(9557,5387,'-4.75','ar',NULL,NULL),(9558,5387,'-4.75','en',NULL,NULL),(9559,5388,'-5','ar',NULL,NULL),(9560,5388,'-5','en',NULL,NULL),(9561,5389,'-5.25','ar',NULL,NULL),(9562,5389,'-5.25','en',NULL,NULL),(9563,5390,'-5.5','ar',NULL,NULL),(9564,5390,'-5.5','en',NULL,NULL),(9565,5391,'-5.75','ar',NULL,NULL),(9566,5391,'-5.75','en',NULL,NULL),(9567,5392,'-6','ar',NULL,NULL),(9568,5392,'-6','en',NULL,NULL),(9569,5393,'-6.5','ar',NULL,NULL),(9570,5393,'-6.5','en',NULL,NULL),(9571,5394,'-7','ar',NULL,NULL),(9572,5394,'-7','en',NULL,NULL),(9573,5395,'-7.5','ar',NULL,NULL),(9574,5395,'-7.5','en',NULL,NULL),(9575,5396,'-8','ar',NULL,NULL),(9576,5396,'-8','en',NULL,NULL),(9577,5397,'-8.5','ar',NULL,NULL),(9578,5397,'-8.5','en',NULL,NULL),(9579,5398,'-9','ar',NULL,NULL),(9580,5398,'-9','en',NULL,NULL),(9581,5399,'-9.5','ar',NULL,NULL),(9582,5399,'-9.5','en',NULL,NULL),(9583,5400,'-10','ar',NULL,NULL),(9584,5400,'-10','en',NULL,NULL),(9585,5401,'0.5','ar',NULL,NULL),(9586,5401,'0.5','en',NULL,NULL),(9587,5402,'1','ar',NULL,NULL),(9588,5402,'1','en',NULL,NULL),(9589,5403,'1.5','ar',NULL,NULL),(9590,5403,'1.5','en',NULL,NULL),(9591,5404,'1.75','ar',NULL,NULL),(9592,5404,'1.75','en',NULL,NULL),(9593,5405,'2','ar',NULL,NULL),(9594,5405,'2','en',NULL,NULL),(9595,5406,'2.5','ar',NULL,NULL),(9596,5406,'2.5','en',NULL,NULL),(9597,5407,'3','ar',NULL,NULL),(9598,5407,'3','en',NULL,NULL),(9599,5408,'3.5','ar',NULL,NULL),(9600,5408,'3.5','en',NULL,NULL),(9601,5409,'4','ar',NULL,NULL),(9602,5409,'4','en',NULL,NULL),(9603,5410,'4.5','ar',NULL,NULL),(9604,5410,'4.5','en',NULL,NULL),(9605,5411,'5','ar',NULL,NULL),(9606,5411,'5','en',NULL,NULL),(9607,5412,'0','ar',NULL,NULL),(9608,5412,'0','en',NULL,NULL),(9609,5413,'-0.25','ar',NULL,NULL),(9610,5413,'-0.25','en',NULL,NULL),(9611,5414,'-0.5','ar',NULL,NULL),(9612,5414,'-0.5','en',NULL,NULL),(9613,5415,'-0.75','ar',NULL,NULL),(9614,5415,'-0.75','en',NULL,NULL),(9615,5416,'-1','ar',NULL,NULL),(9616,5416,'-1','en',NULL,NULL),(9617,5417,'-1.25','ar',NULL,NULL),(9618,5417,'-1.25','en',NULL,NULL),(9619,5418,'-1.5','ar',NULL,NULL),(9620,5418,'-1.5','en',NULL,NULL),(9621,5419,'-1.75','ar',NULL,NULL),(9622,5419,'-1.75','en',NULL,NULL),(9623,5420,'-2','ar',NULL,NULL),(9624,5420,'-2','en',NULL,NULL),(9625,5421,'-2.25','ar',NULL,NULL),(9626,5421,'-2.25','en',NULL,NULL),(9627,5422,'-2.5','ar',NULL,NULL),(9628,5422,'-2.5','en',NULL,NULL),(9629,5423,'-2.75','ar',NULL,NULL),(9630,5423,'-2.75','en',NULL,NULL),(9631,5424,'-3','ar',NULL,NULL),(9632,5424,'-3','en',NULL,NULL),(9633,5425,'-3.25','ar',NULL,NULL),(9634,5425,'-3.25','en',NULL,NULL),(9635,5426,'-3.5','ar',NULL,NULL),(9636,5426,'-3.5','en',NULL,NULL),(9637,5427,'-3.75','ar',NULL,NULL),(9638,5427,'-3.75','en',NULL,NULL),(9639,5428,'-4','ar',NULL,NULL),(9640,5428,'-4','en',NULL,NULL),(9641,5429,'-4.25','ar',NULL,NULL),(9642,5429,'-4.25','en',NULL,NULL),(9643,5430,'-4.5','ar',NULL,NULL),(9644,5430,'-4.5','en',NULL,NULL),(9645,5431,'-4.75','ar',NULL,NULL),(9646,5431,'-4.75','en',NULL,NULL),(9647,5432,'-5','ar',NULL,NULL),(9648,5432,'-5','en',NULL,NULL),(9649,5433,'-5.25','ar',NULL,NULL),(9650,5433,'-5.25','en',NULL,NULL),(9651,5434,'-5.5','ar',NULL,NULL),(9652,5434,'-5.5','en',NULL,NULL),(9653,5435,'-5.75','ar',NULL,NULL),(9654,5435,'-5.75','en',NULL,NULL),(9655,5436,'-6','ar',NULL,NULL),(9656,5436,'-6','en',NULL,NULL),(9657,5437,'-6.5','ar',NULL,NULL),(9658,5437,'-6.5','en',NULL,NULL),(9659,5438,'-7','ar',NULL,NULL),(9660,5438,'-7','en',NULL,NULL),(9661,5439,'-7.5','ar',NULL,NULL),(9662,5439,'-7.5','en',NULL,NULL),(9663,5440,'-8','ar',NULL,NULL),(9664,5440,'-8','en',NULL,NULL),(9665,5441,'-8.5','ar',NULL,NULL),(9666,5441,'-8.5','en',NULL,NULL),(9667,5442,'-9','ar',NULL,NULL),(9668,5442,'-9','en',NULL,NULL),(9669,5443,'-9.5','ar',NULL,NULL),(9670,5443,'-9.5','en',NULL,NULL),(9671,5444,'-10','ar',NULL,NULL),(9672,5444,'-10','en',NULL,NULL),(9673,5445,'0.5','ar',NULL,NULL),(9674,5445,'0.5','en',NULL,NULL),(9675,5446,'1','ar',NULL,NULL),(9676,5446,'1','en',NULL,NULL),(9677,5447,'1.5','ar',NULL,NULL),(9678,5447,'1.5','en',NULL,NULL),(9679,5448,'1.75','ar',NULL,NULL),(9680,5448,'1.75','en',NULL,NULL),(9681,5449,'2','ar',NULL,NULL),(9682,5449,'2','en',NULL,NULL),(9683,5450,'2.5','ar',NULL,NULL),(9684,5450,'2.5','en',NULL,NULL),(9685,5451,'3','ar',NULL,NULL),(9686,5451,'3','en',NULL,NULL),(9687,5452,'3.5','ar',NULL,NULL),(9688,5452,'3.5','en',NULL,NULL),(9689,5453,'4','ar',NULL,NULL),(9690,5453,'4','en',NULL,NULL),(9691,5454,'4.5','ar',NULL,NULL),(9692,5454,'4.5','en',NULL,NULL),(9693,5455,'5','ar',NULL,NULL),(9694,5455,'5','en',NULL,NULL),(9695,5456,'00.00','ar',NULL,NULL),(9696,5456,'00.00','en',NULL,NULL),(9697,5457,'-.50','ar',NULL,NULL),(9698,5457,'-.50','en',NULL,NULL),(9699,5458,'-1','ar',NULL,NULL),(9700,5458,'-1','en',NULL,NULL),(9701,5459,'-2','ar',NULL,NULL),(9702,5459,'-2','en',NULL,NULL),(9703,5460,'-2.5','ar',NULL,NULL),(9704,5460,'-2.5','en',NULL,NULL),(9705,5461,'-3','ar',NULL,NULL),(9706,5461,'-3','en',NULL,NULL),(9707,5462,'00.00','ar',NULL,NULL),(9708,5462,'00.00','en',NULL,NULL),(9709,5463,'-.5','ar',NULL,NULL),(9710,5463,'-.5','en',NULL,NULL),(9711,5464,'-1','ar',NULL,NULL),(9712,5464,'-1','en',NULL,NULL),(9713,5465,'-2','ar',NULL,NULL),(9714,5465,'-2','en',NULL,NULL),(9715,5466,'-2.5','ar',NULL,NULL),(9716,5466,'-2.5','en',NULL,NULL),(9717,5467,'-3','ar',NULL,NULL),(9718,5467,'-3','en',NULL,NULL),(9719,5468,'00.00','ar',NULL,NULL),(9720,5468,'00.00','en',NULL,NULL),(9721,5469,'-.5','ar',NULL,NULL),(9722,5469,'-.5','en',NULL,NULL),(9723,5470,'-1','ar',NULL,NULL),(9724,5470,'-1','en',NULL,NULL),(9725,5471,'-2','ar',NULL,NULL),(9726,5471,'-2','en',NULL,NULL),(9727,5472,'-2.5','ar',NULL,NULL),(9728,5472,'-2.5','en',NULL,NULL),(9729,5473,'-3','ar',NULL,NULL),(9730,5473,'-3','en',NULL,NULL),(9731,5474,'00.00','ar',NULL,NULL),(9732,5474,'00.00','en',NULL,NULL),(9733,5475,'-.5','ar',NULL,NULL),(9734,5475,'-.5','en',NULL,NULL),(9735,5476,'-1','ar',NULL,NULL),(9736,5476,'-1','en',NULL,NULL),(9737,5477,'-2','ar',NULL,NULL),(9738,5477,'-2','en',NULL,NULL),(9739,5478,'-2.5','ar',NULL,NULL),(9740,5478,'-2.5','en',NULL,NULL),(9741,5479,'-3','ar',NULL,NULL),(9742,5479,'-3','en',NULL,NULL),(9743,5480,'00.00','ar',NULL,NULL),(9744,5480,'00.00','en',NULL,NULL),(9745,5481,'-.5','ar',NULL,NULL),(9746,5481,'-.5','en',NULL,NULL),(9747,5482,'-1','ar',NULL,NULL),(9748,5482,'-1','en',NULL,NULL),(9749,5483,'-2','ar',NULL,NULL),(9750,5483,'-2','en',NULL,NULL),(9751,5484,'-2.5','ar',NULL,NULL),(9752,5484,'-2.5','en',NULL,NULL),(9753,5485,'-3','ar',NULL,NULL),(9754,5485,'-3','en',NULL,NULL),(9755,5486,'00.00','ar',NULL,NULL),(9756,5486,'00.00','en',NULL,NULL),(9757,5487,'-.5','ar',NULL,NULL),(9758,5487,'-.5','en',NULL,NULL),(9759,5488,'-1','ar',NULL,NULL),(9760,5488,'-1','en',NULL,NULL),(9761,5489,'-2','ar',NULL,NULL),(9762,5489,'-2','en',NULL,NULL),(9763,5490,'-2.5','ar',NULL,NULL),(9764,5490,'-2.5','en',NULL,NULL),(9765,5491,'-3','ar',NULL,NULL),(9766,5491,'-3','en',NULL,NULL),(9767,5493,'00.00','ar',NULL,NULL),(9768,5493,'00.00','en',NULL,NULL),(9769,5508,'-.5','ar',NULL,NULL),(9770,5508,'-.5','en',NULL,NULL),(9771,5509,'-1','ar',NULL,NULL),(9772,5509,'-1','en',NULL,NULL),(9773,5510,'-2','ar',NULL,NULL),(9774,5510,'-2','en',NULL,NULL),(9775,5511,'-2.5','ar',NULL,NULL),(9776,5511,'-2.5','en',NULL,NULL),(9777,5543,'-3','ar',NULL,NULL),(9778,5543,'-3','en',NULL,NULL),(9779,5544,'00.00','ar',NULL,NULL),(9780,5544,'00.00','en',NULL,NULL),(9781,5545,'-.5','ar',NULL,NULL),(9782,5545,'-.5','en',NULL,NULL),(9783,5546,'-1','ar',NULL,NULL),(9784,5546,'-1','en',NULL,NULL),(9785,5547,'-2','ar',NULL,NULL),(9786,5547,'-2','en',NULL,NULL),(9787,5548,'-2.5','ar',NULL,NULL),(9788,5548,'-2.5','en',NULL,NULL),(9789,5549,'-3','ar',NULL,NULL),(9790,5549,'-3','en',NULL,NULL),(9791,5550,'00.00','ar',NULL,NULL),(9792,5550,'00.00','en',NULL,NULL),(9793,5551,'-.5','ar',NULL,NULL),(9794,5551,'-.5','en',NULL,NULL),(9795,5552,'-1','ar',NULL,NULL),(9796,5552,'-1','en',NULL,NULL),(9797,5553,'-2','ar',NULL,NULL),(9798,5553,'-2','en',NULL,NULL),(9799,5554,'-2.5','ar',NULL,NULL),(9800,5554,'-2.5','en',NULL,NULL),(9801,5555,'-3','ar',NULL,NULL),(9802,5555,'-3','en',NULL,NULL),(9803,5556,'00.00','ar',NULL,NULL),(9804,5556,'00.00','en',NULL,NULL),(9805,5557,'-.5','ar',NULL,NULL),(9806,5557,'-.5','en',NULL,NULL),(9807,5558,'-1','ar',NULL,NULL),(9808,5558,'-1','en',NULL,NULL),(9809,5559,'-2','ar',NULL,NULL),(9810,5559,'-2','en',NULL,NULL),(9811,5560,'-2.5','ar',NULL,NULL),(9812,5560,'-2.5','en',NULL,NULL),(9813,5561,'-3','ar',NULL,NULL),(9814,5561,'-3','en',NULL,NULL),(9815,5562,'00.00','ar',NULL,NULL),(9816,5562,'00.00','en',NULL,NULL),(9817,5563,'-.5','ar',NULL,NULL),(9818,5563,'-.5','en',NULL,NULL),(9819,5564,'-1','ar',NULL,NULL),(9820,5564,'-1','en',NULL,NULL),(9821,5565,'-2','ar',NULL,NULL),(9822,5565,'-2','en',NULL,NULL),(9823,5566,'-2.5','ar',NULL,NULL),(9824,5566,'-2.5','en',NULL,NULL),(9825,5567,'-3','ar',NULL,NULL),(9826,5567,'-3','en',NULL,NULL),(9827,5568,'00.00','ar',NULL,NULL),(9828,5568,'00.00','en',NULL,NULL),(9829,5569,'-.5','ar',NULL,NULL),(9830,5569,'-.5','en',NULL,NULL),(9831,5570,'-1','ar',NULL,NULL),(9832,5570,'-1','en',NULL,NULL),(9833,5571,'-2','ar',NULL,NULL),(9834,5571,'-2','en',NULL,NULL),(9835,5572,'-2.5','ar',NULL,NULL),(9836,5572,'-2.5','en',NULL,NULL),(9837,5573,'-3','ar',NULL,NULL),(9838,5573,'-3','en',NULL,NULL),(9839,5574,'00.00','ar',NULL,NULL),(9840,5574,'00.00','en',NULL,NULL),(9841,5575,'-.5','ar',NULL,NULL),(9842,5575,'-.5','en',NULL,NULL),(9843,5576,'-1','ar',NULL,NULL),(9844,5576,'-1','en',NULL,NULL),(9845,5577,'-2','ar',NULL,NULL),(9846,5577,'-2','en',NULL,NULL),(9847,5578,'-2.5','ar',NULL,NULL),(9848,5578,'-2.5','en',NULL,NULL),(9849,5579,'-3','ar',NULL,NULL),(9850,5579,'-3','en',NULL,NULL),(9851,5580,'00.00','ar',NULL,NULL),(9852,5580,'00.00','en',NULL,NULL),(9853,5581,'-.5','ar',NULL,NULL),(9854,5581,'-.5','en',NULL,NULL),(9855,5582,'-1','ar',NULL,NULL),(9856,5582,'-1','en',NULL,NULL),(9857,5583,'-2','ar',NULL,NULL),(9858,5583,'-2','en',NULL,NULL),(9859,5584,'-2.5','ar',NULL,NULL),(9860,5584,'-2.5','en',NULL,NULL),(9861,5585,'-3','ar',NULL,NULL),(9862,5585,'-3','en',NULL,NULL),(9863,5586,'00.00','ar',NULL,NULL),(9864,5586,'00.00','en',NULL,NULL),(9865,5587,'-.5','ar',NULL,NULL),(9866,5587,'-.5','en',NULL,NULL),(9867,5588,'-1','ar',NULL,NULL),(9868,5588,'-1','en',NULL,NULL),(9869,5589,'-2','ar',NULL,NULL),(9870,5589,'-2','en',NULL,NULL),(9871,5590,'-2.5','ar',NULL,NULL),