--
-- Host: localhost    Database: topappkw_education
-- ------------------------------------------------------


--
-- Current Database: `topappkw_education`
--


--
-- Table structure for table `contacts`
--

CREATE TABLE `contacts` (
  `id` bigint unsigned NOT NULL AUTO_INCREMENT,
  `name` varchar(125) CHARACTER SET utf8mb4 COLLATE utf8mb4_unicode_ci DEFAULT NULL,
  `phone` varchar(125) CHARACTER SET utf8mb4 COLLATE utf8mb4_unicode_ci DEFAULT NULL,
  `email` varchar(125) CHARACTER SET utf8mb4 COLLATE utf8mb4_unicode_ci DEFAULT NULL,
  `more_details` text CHARACTER SET utf8mb4 COLLATE utf8mb4_unicode_ci,
  `created_at` timestamp NULL DEFAULT NULL,
  `updated_at` timestamp NULL DEFAULT NULL,
  PRIMARY KEY (`id`)
) ENGINE=InnoDB AUTO_INCREMENT=355 DEFAULT CHARSET=utf8mb4 COLLATE=utf8mb4_unicode_ci;

--
-- Dumping data for table `contacts`
--

INSERT INTO `contacts` (`id`, `name`, `phone`, `email`, `more_details`, `created_at`, `updated_at`) VALUES (9,'yZhrQzpBYtXj','8107408261','shakeila94i2i8u3v7y@outlook.com','pvwsRykagijK','2022-07-31 08:17:04','2022-07-31 08:17:04'),(10,'cPZzXAGovnpI','8144878852','shakeila94i2i8u3v7y@outlook.com','miEtsqFr','2022-07-31 08:17:08','2022-07-31 08:17:08'),(11,'Email Influence','(07) 4035 5265','contact@emailinfluence.xyz','Are you missing out on email marketing for your site? Running a site is a full time job. With limited time and resources, it be difficult to put energy in marketing your business. But with email marketing, promoting your business becomesa a whole lot easier. Receive your free guide here https://emailinfluence.xyz/email/?e8x2_a5hz48.io \r\n\r\nTo remove your site from our list visit https://emailinfluence.xyz/unsubscribe/','2022-08-05 08:19:41','2022-08-05 08:19:41'),(12,'nwdzVXpvyMCiRB','6329139073','hrosieayh1ovox7@outlook.com','UcMQhwDOGtm','2022-08-09 12:23:03','2022-08-09 12:23:03'),(13,'MQwGSudhBfOjCZ','4373512652','hrosieayh1ovox7@outlook.com','ukTndhBetpGWVfa','2022-08-09 12:23:15','2022-08-09 12:23:15'),(14,'lxtBfyDIjoZvHq','2516157602','hrosieayh1ovox7@outlook.com','eHCVskEYtdyX','2022-08-09 12:23:19','2022-08-09 12:23:19'),(15,'BTEvHoGgMAekaPQ','5182799308','njessicamariem1i32c487unml@outlook.com','hTEyDkjdZvV','2022-08-10 20:01:25','2022-08-10 20:01:25'),(16,'pSJMiHsPA','5881093604','njessicamariem1i32c487unml@outlook.com','DtiQeVThnorCFmWz','2022-08-10 20:01:26','2022-08-10 20:01:26'),(17,'GxTPudvrVlYpInNH','2287058676','njessicamariem1i32c487unml@outlook.com','tyjAxrod','2022-08-10 20:01:28','2022-08-10 20:01:28'),(18,'DBQGRoWkpi','2710376656','njessicamariem1i32c487unml@outlook.com','qJoEkOKrWpMlFZI','2022-08-10 20:01:29','2022-08-10 20:01:29'),(19,'dOvMAgKzoy','9382604507','manuellail17o13916o@outlook.com','RytkiHENQobFZ','2022-08-18 16:40:47','2022-08-18 16:40:47'),(20,'IlGbChrHgS','9576081933','manuellail17o13916o@outlook.com','DItCKmxXV','2022-08-18 16:40:51','2022-08-18 16:40:51'),(21,'inwFazMbsuX','4205129361','ostarrla9la3e0ji53o@outlook.com','pkLGnFjIXWDhuqs','2022-08-22 21:06:40','2022-08-22 21:06:40'),(22,'NqJMTzcP','5082745960','ostarrla9la3e0ji53o@outlook.com','LdvHZFuCXDcYOgyT','2022-08-22 21:06:43','2022-08-22 21:06:43'),(23,'aeMiqERlmAfCS','5092785448','ostarrla9la3e0ji53o@outlook.com','syZORvHSqoCkPxj','2022-08-22 21:06:52','2022-08-22 21:06:52'),(24,'ZghMvbKst','8262083516','ostarrla9la3e0ji53o@outlook.com','McZhNjlfXaqT','2022-08-22 21:06:55','2022-08-22 21:06:55'),(25,'aLrgfBFTpYyjK','2618058935','shaney404u2e4@outlook.com','MIPRWsXefB','2022-08-27 16:14:04','2022-08-27 16:14:04'),(26,'dhsYgirtMRLxkOaZ','8636769595','shaney404u2e4@outlook.com','pBxGTMwosYARUtNc','2022-08-27 16:14:57','2022-08-27 16:14:57'),(27,'KxoJjFscAIqEUg','3036327350','gkayshiagk5qi8e9u@outlook.com','TFgqWfVYaxn','2022-08-29 21:44:45','2022-08-29 21:44:45'),(28,'rxCLEmlROVgo','3348024966','gkayshiagk5qi8e9u@outlook.com','nQOxLqrPAUjsT','2022-08-29 21:44:47','2022-08-29 21:44:47'),(29,'GeMwVtlf','5759407896','gkayshiagk5qi8e9u@outlook.com','OjgkJiRxI','2022-08-29 21:44:52','2022-08-29 21:44:52'),(30,'OJsGrDAjuU','7210825169','gkayshiagk5qi8e9u@outlook.com','sQfWKzAxL','2022-08-29 21:44:54','2022-08-29 21:44:54'),(31,'WHrupbfkJKBSFy','5048036962','johnmark0ue5bmlr95i3@outlook.com','vmPVZErhoNKDwBj','2022-09-02 12:07:12','2022-09-02 12:07:12'),(32,'iVuYCMZvK','8529790242','johnmark0ue5bmlr95i3@outlook.com','ZWqDgECeTJG','2022-09-02 12:07:13','2022-09-02 12:07:13'),(33,'FGUtZqaP','2489087177','johnmark0ue5bmlr95i3@outlook.com','MdrxjYoHtmCTyu','2022-09-02 12:07:19','2022-09-02 12:07:19'),(34,'QmPuhktBsEFqXCo','8820697056','johnmark0ue5bmlr95i3@outlook.com','nONqgAopSkVKXCv','2022-09-02 12:07:21','2022-09-02 12:07:21'),(35,'niFayRjSvTJ','5412017279','larnelly5ews040869@outlook.com','MhQzFUXVBCe','2022-09-04 23:40:18','2022-09-04 23:40:18'),(36,'JyQcqBRG','2293191975','larnelly5ews040869@outlook.com','bzjTdBLQGE','2022-09-04 23:40:20','2022-09-04 23:40:20'),(37,'ktBQDzYPM','4048417091','larnelly5ews040869@outlook.com','IDNGMielLCnwWpFO','2022-09-04 23:40:23','2022-09-04 23:40:23'),(38,'AVgOYFpso','9610400307','larnelly5ews040869@outlook.com','rDHRoOlivcYtLa','2022-09-04 23:40:25','2022-09-04 23:40:25'),(39,'OLJrYXmsiq','7318243907','laddie1eip3090@outlook.com','XRDGKSgUuqW','2022-09-12 22:56:13','2022-09-12 22:56:13'),(40,'GxXHbrsZQM','6164692833','laddie1eip3090@outlook.com','ouahsrcNKjgGwzC','2022-09-12 22:56:26','2022-09-12 22:56:26'),(41,'APKdVahQqjy','9257716984','laddie1eip3090@outlook.com','lgxFZRabOUH','2022-09-12 22:59:00','2022-09-12 22:59:00'),(42,'twnuQjRgzHBik','4530989529','kdarrlyd51k0x52e@outlook.com','ThfLsEHmIUvoeqa','2022-09-14 04:41:56','2022-09-14 04:41:56'),(43,'FXqdNQOhDoakUywc','4627860219','gheng6korg3c089ya0@outlook.com','aVNWZgkzuSDpKj','2022-09-16 15:01:44','2022-09-16 15:01:44'),(44,'QBhZUWSVAq','3706027009','gheng6korg3c089ya0@outlook.com','AisVJpLWYCEuvS','2022-09-16 15:01:46','2022-09-16 15:01:46'),(45,'aqsOuhkT','7984870979','gheng6korg3c089ya0@outlook.com','aRwCISlEH','2022-09-16 15:01:51','2022-09-16 15:01:51'),(46,'ExzPjBGT','4917165076','gheng6korg3c089ya0@outlook.com','NOKwYBgCtoDIVP','2022-09-16 15:01:53','2022-09-16 15:01:53'),(47,'Eric Jones','555-555-1212','ericjonesmyemail@gmail.com','Hey, my name’s Eric and for just a second, imagine this…\r\n\r\n- Someone does a search and winds up at 5ibra.com.\r\n\r\n- They hang out for a minute to check it out.  “I’m interested… but… maybe…”\r\n\r\n- And then they hit the back button and check out the other search results instead. \r\n\r\n- Bottom line – you got an eyeball, but nothing else to show for it.\r\n\r\n- There they go.\r\n\r\nThis isn’t really your fault – it happens a LOT – studies show 7 out of 10 visitors to any site disappear without leaving a trace.\r\n\r\nBut you CAN fix that.\r\n\r\nTalk With Web Visitor is a software widget that’s works on your site, ready to capture any visitor’s Name, Email address and Phone Number.  It lets you know right then and there – enabling you to call that lead while they’re literally looking over your site.\r\n\r\nCLICK HERE https://boostleadgeneration.com to try out a Live Demo with Talk With Web Visitor now to see exactly how it works.\r\n\r\nTime is money when it comes to connecting with leads – the difference between contacting someone within 5 minutes versus 30 minutes later can be huge – like 100 times better!\r\n\r\nPlus, now that you have their phone number, with our new SMS Text With Lead feature you can automatically start a text (SMS) conversation… so even if you don’t close a deal then, you can follow up with text messages for new offers, content links, even just “how you doing?” notes to build a relationship.\r\n\r\nStrong stuff.\r\n\r\nCLICK HERE https://boostleadgeneration.com to discover what Talk With Web Visitor can do for your business.\r\n\r\nYou could be converting up to 100X more leads today!\r\n\r\nEric\r\nPS: Talk With Web Visitor offers a FREE 14 days trial – and it even includes International Long Distance Calling. \r\nYou have customers waiting to talk with you right now… don’t keep them waiting. \r\nCLICK HERE https://boostleadgeneration.com to try Talk With Web Visitor now.\r\n\r\nIf you\'d like to unsubscribe click here http://boostleadgeneration.com/unsubscribe.aspx?d=5ibra.com','2022-09-17 01:44:49','2022-09-17 01:44:49'),(48,'kIhSKYXwMHZVvLpq','5623749063','asherly7a1251jbl3o@outlook.com','etFRsiUn','2022-09-17 21:49:24','2022-09-17 21:49:24'),(49,'EfnwqGAR','7710633608','asherly7a1251jbl3o@outlook.com','sFEBfHdZwXbiNq','2022-09-17 21:49:27','2022-09-17 21:49:27'),(50,'QzPHwJycTtZg','7689459072','asherly7a1251jbl3o@outlook.com','phSyMRbIzVC','2022-09-17 21:49:52','2022-09-17 21:49:52'),(51,'Eric Jones','555-555-1212','ericjonesmyemail@gmail.com','Hey there, I just found your site, quick question…\r\n\r\nMy name’s Eric, I found 5ibra.com after doing a quick search – you showed up near the top of the rankings, so whatever you’re doing for SEO, looks like it’s working well.\r\n\r\nSo here’s my question – what happens AFTER someone lands on your site?  Anything?\r\n\r\nResearch tells us at least 70% of the people who find your site, after a quick once-over, they disappear… forever.\r\n\r\nThat means that all the work and effort you put into getting them to show up, goes down the tubes.\r\n\r\nWhy would you want all that good work – and the great site you’ve built – go to waste?\r\n\r\nBecause the odds are they’ll just skip over calling or even grabbing their phone, leaving you high and dry.\r\n\r\nBut here’s a thought… what if you could make it super-simple for someone to raise their hand, say, “okay, let’s talk” without requiring them to even pull their cell phone from their pocket?\r\n  \r\nYou can – thanks to revolutionary new software that can literally make that first call happen NOW.\r\n\r\nTalk With Web Visitor is a software widget that sits on your site, ready and waiting to capture any visitor’s Name, Email address and Phone Number.  It lets you know IMMEDIATELY – so that you can talk to that lead while they’re still there at your site.\r\n  \r\nYou know, strike when the iron’s hot!\r\n\r\nCLICK HERE https://boostleadgeneration.com to try out a Live Demo with Talk With Web Visitor now to see exactly how it works.\r\n\r\nWhen targeting leads, you HAVE to act fast – the difference between contacting someone within 5 minutes versus 30 minutes later is huge – like 100 times better!\r\n\r\nThat’s why you should check out our new SMS Text With Lead feature as well… once you’ve captured the phone number of the website visitor, you can automatically kick off a text message (SMS) conversation with them. \r\n \r\nImagine how powerful this could be – even if they don’t take you up on your offer immediately, you can stay in touch with them using text messages to make new offers, provide links to great content, and build your credibility.\r\n\r\nJust this alone could be a game changer to make your website even more effective.\r\n\r\nStrike when  the iron’s hot!\r\n\r\nCLICK HERE https://boostleadgeneration.com to learn more about everything Talk With Web Visitor can do for your business – you’ll be amazed.\r\n\r\nThanks and keep up the great work!\r\n\r\nEric\r\nPS: Talk With Web Visitor offers a FREE 14 days trial – you could be converting up to 100x more leads immediately!   \r\nIt even includes International Long Distance Calling. \r\nStop wasting money chasing eyeballs that don’t turn into paying customers. \r\nCLICK HERE https://boostleadgeneration.com to try Talk With Web Visitor now.\r\n\r\nIf you\'d like to unsubscribe click here http://boostleadgeneration.com/unsubscribe.aspx?d=5ibra.com','2022-09-19 07:43:41','2022-09-19 07:43:41'),(52,'YGxmpycudKOD','3305925162','eugenek39h531a9@outlook.com','AnQqawDYOJc','2022-09-21 08:17:03','2022-09-21 08:17:03'),(53,'cDJydHFrlZp','5003043160','eugenek39h531a9@outlook.com','qTWaUChoNFk','2022-09-21 08:17:51','2022-09-21 08:17:51'),(54,'FWVDIwKEfhmJRaou','4713507020','eugenek39h531a9@outlook.com','uJvbKIefF','2022-09-21 08:18:03','2022-09-21 08:18:03'),(55,'Humberto Graziani','0487 48 11 97','hacker@hypnoz.online','Your Site Has Been Hacked\r\n\r\nPLEASE FORWARD THIS EMAIL TO SOMEONE IN YOUR COMPANY WHO IS ALLOWED TO MAKE IMPORTANT DECISIONS!\r\n\r\nWe have hacked your website https://www.5ibra.com and extracted your databases.\r\n\r\nHow did this happen?\r\n\r\nOur team has found a vulnerability within your site that we were able to exploit. After finding the vulnerability we were able to get your database credentials and extract your entire database and move the information to an offshore server.\r\n\r\nWhat does this mean?\r\n\r\nWe will systematically go through a series of steps of totally damaging your reputation. First your database will be leaked or sold to the highest bidder which they will use with whatever their intentions are. Next if there are e-mails found they will be e-mailed that their information has been sold or leaked and your https://www.5ibra.com was at fault thusly damaging your reputation and having angry customers/associates with whatever angry customers/associates do. Lastly any links that you have indexed in the search engines will be de-indexed based off of blackhat techniques that we used in the past to de-index our targets.\r\n\r\nHow do I stop this?\r\n\r\nWe are willing to refrain from destroying your site’s reputation for a small fee. The current fee is $2500 in bitcoins (BTC).\r\n\r\nPlease send the bitcoin to the following Bitcoin address (Copy and paste as it is case sensitive):\r\n\r\nbc1qmghwkrrxlh62k4r530lgfxucum65087ya00wvz \r\n\r\nOnce you have paid we will automatically get informed that it was your payment. Please note that you have to make payment within 7 days after receiving this e-mail or the database leak, e-mails dispatched, and de-index of your site WILL start!\r\n\r\nHow do I get Bitcoins?\r\n\r\nYou can easily buy bitcoins via several websites or even offline from a Bitcoin-ATM. \r\n\r\nWhat if I don’t pay?\r\n\r\nIf you decide not to pay, we will start the attack at the indicated date and uphold it until you do, there’s no counter measure to this, you will only end up wasting more money trying to find a solution. We will completely destroy your reputation amongst google and your customers.\r\n\r\nThis is not a hoax, do not reply to this email, don’t try to reason or negotiate, we will not read any replies. Once you have paid we will stop what we were doing and you will never hear from us again!\r\n\r\nPlease note that Bitcoin is anonymous and no one will find out that you have complied.','2022-09-29 07:20:48','2022-09-29 07:20:48'),(56,'Eric Jones','555-555-1212','ericjonesmyemail@gmail.com','Hi, my name is Eric and I’m betting you’d like your website 5ibra.com to generate more leads.\r\n\r\nHere’s how:\r\nTalk With Web Visitor is a software widget that’s works on your site, ready to capture any visitor’s Name, Email address and Phone Number.  It signals you as soon as they say they’re interested – so that you can talk to that lead while they’re still there at 5ibra.com.\r\n\r\nTalk With Web Visitor – CLICK HERE http://boostleadgeneration.com for a live demo now.\r\n\r\nAnd now that you’ve got their phone number, our new SMS Text With Lead feature enables you to start a text (SMS) conversation – answer questions, provide more info, and close a deal that way.\r\n\r\nIf they don’t take you up on your offer then, just follow up with text messages for new offers, content links, even just “how you doing?” notes to build a relationship.\r\n\r\nCLICK HERE http://boostleadgeneration.com to discover what Talk With Web Visitor can do for your business.\r\n\r\nThe difference between contacting someone within 5 minutes versus a half-hour means you could be converting up to 100X more leads today!\r\n\r\nTry Talk With Web Visitor and get more leads now.\r\n\r\nEric\r\nPS: The studies show 7 out of 10 visitors don’t hang around – you can’t afford to lose them!\r\nTalk With Web Visitor offers a FREE 14 days trial – and it even includes International Long Distance Calling. \r\nYou have customers waiting to talk with you right now… don’t keep them waiting. \r\nCLICK HERE http://boostleadgeneration.com to try Talk With Web Visitor now.\r\n\r\nIf you\'d like to unsubscribe click here http://boostleadgeneration.com/unsubscribe.aspx?d=5ibra.com','2022-10-09 14:29:24','2022-10-09 14:29:24'),(57,'Jaxon Applegate','(11) 3087-4019','applegate.jaxon@googlemail.com','How can I get a job with you ?','2022-10-10 16:30:35','2022-10-10 16:30:35'),(58,'dqXhKALuDQsmc','5319377551','yu4rtmukhin@outlook.com','XyvdMfbWQzSO','2022-10-11 22:32:33','2022-10-11 22:32:33'),(59,'NVRnxFXOmilA','7991013563','yu4rtmukhin@outlook.com','DnQmqzKoyRwXxT','2022-10-11 22:32:34','2022-10-11 22:32:34'),(60,'qoPntKlXaLMSys','7752182780','yu4rtmukhin@outlook.com','FrVtQBoiW','2022-10-11 22:32:39','2022-10-11 22:32:39'),(61,'ehNEVbsorvA','6150656673','yu4rtmukhin@outlook.com','AKMbipyvhSYTJzg','2022-10-11 22:32:40','2022-10-11 22:32:40'),(62,'Robert Espinal','06-20308733','no-reply@brekr.bike','PLEASE F0RWARD THiS EMAiL T0 SoME0NE iN Y0UR C0MPANY WHo iS ALLoWED To MAKE iMP0RTANT DECiSi0NS!\r\n\r\nWe have hacked your website https://www.5ibra.com and extracted y0ur databases.\r\n\r\nH0w did this happen?\r\n\r\n0ur team has f0und a vulnerability within y0ur site that we were able to expl0it. After finding the vulnerability we were able to get your database credentials and extract your entire database and m0ve the inf0rmati0n to an offsh0re server.\r\n\r\nWhat d0es this mean?\r\n\r\nWe will systematically go thr0ugh a series 0f steps 0f t0tally damaging y0ur reputati0n. First your database will be leaked 0r s0ld to the highest bidder which they will use with whatever their intenti0ns are. Next if there are e-mails f0und they will be e-mailed that their informati0n has been s0ld 0r leaked and your site https://www.5ibra.com was at fault thusly damaging y0ur reputati0n and having angry cust0mers/associates with whatever angry customers/ass0ciates d0. Lastly any links that y0u have indexed in the search engines will be de-indexed based 0ff of blackhat techniques that we used in the past t0 de-index 0ur targets.\r\n\r\nH0w d0 i stop this?\r\n\r\nWe are willing to refrain from destr0ying your site’s reputati0n f0r a small fee. The current fee is $3000 in bitcoins (BTC).\r\n\r\nPlease send the bitc0in t0 the f0ll0wing Bitc0in address (Make sure t0 c0py and paste): \r\n\r\n3Gm32QJRXYRwaUYV66MyX1VDkmVfVHew16\r\n\r\n once y0u have paid we will automatically get inf0rmed that it was your payment. Please note that you have t0 make payment within 5 days after receiving this e-mail or the database leak, e-mails dispatched, and de-index of your site WiLL start!\r\n\r\nH0w do i get Bitcoins?\r\n\r\nYou can easily buy bitc0ins via several websites or even 0ffline fr0m a Bitcoin-ATM. \r\n\r\nWhat if i don’t pay?\r\n\r\nif you decide not to pay, we will start the attack at the indicated date and uph0ld it until y0u do, there’s no c0unter measure to this, y0u will 0nly end up wasting m0re money trying to find a soluti0n. We will c0mpletely destr0y your reputation amongst g00gle and y0ur customers.\r\n\r\nThis is n0t a h0ax, d0 n0t reply to this email, d0n’t try t0 reas0n or neg0tiate, we will n0t read any replies. 0nce you have paid we will st0p what we were d0ing and y0u will never hear from us again!\r\n\r\nPlease n0te that Bitcoin is anonymous and n0 0ne will find out that y0u have c0mplied.','2022-10-12 20:42:24','2022-10-12 20:42:24'),(63,'Eric Jones','555-555-1212','ericjonesmyemail@gmail.com','Good day, \r\n\r\nMy name is Eric and unlike a lot of emails you might get, I wanted to instead provide you with a word of encouragement – Congratulations\r\n\r\nWhat for?  \r\n\r\nPart of my job is to check out websites and the work you’ve done with 5ibra.com definitely stands out. \r\n\r\nIt’s clear you took building a website seriously and made a real investment of time and resources into making it top quality.\r\n\r\nThere is, however, a catch… more accurately, a question…\r\n\r\nSo when someone like me happens to find your site – maybe at the top of the search results (nice job BTW) or just through a random link, how do you know? \r\n\r\nMore importantly, how do you make a connection with that person?\r\n\r\nStudies show that 7 out of 10 visitors don’t stick around – they’re there one second and then gone with the wind.\r\n\r\nHere’s a way to create INSTANT engagement that you may not have known about… \r\n\r\nTalk With Web Visitor is a software widget that’s works on your site, ready to capture any visitor’s Name, Email address and Phone Number.  It lets you know INSTANTLY that they’re interested – so that you can talk to that lead while they’re literally checking out 5ibra.com.\r\n\r\nCLICK HERE http://boostleadgeneration.com to try out a Live Demo with Talk With Web Visitor now to see exactly how it works.\r\n\r\nIt could be a game-changer for your business – and it gets even better… once you’ve captured their phone number, with our new SMS Text With Lead feature, you can automatically start a text (SMS) conversation – immediately (and there’s literally a 100X difference between contacting someone within 5 minutes versus 30 minutes.)\r\n\r\nPlus then, even if you don’t close a deal right away, you can connect later on with text messages for new offers, content links, even just follow up notes to build a relationship.\r\n\r\nEverything I’ve just described is simple, easy, and effective. \r\n\r\nCLICK HERE http://boostleadgeneration.com to discover what Talk With Web Visitor can do for your business.\r\n\r\nYou could be converting up to 100X more leads today!\r\n\r\nEric\r\nPS: Talk With Web Visitor offers a FREE 14 days trial – and it even includes International Long Distance Calling. \r\nYou have customers waiting to talk with you right now… don’t keep them waiting. \r\nCLICK HERE http://boostleadgeneration.com to try Talk With Web Visitor now.\r\n\r\nIf you\'d like to unsubscribe click here http://boostleadgeneration.com/unsubscribe.aspx?d=5ibra.com','2022-10-13 05:14:08','2022-10-13 05:14:08'),(64,'ZPXzAovUYQWn','3216173087','gennadiyxjbor@outlook.com','xdiyDUSa','2022-10-14 08:57:21','2022-10-14 08:57:21'),(65,'RaWKnJMS','8942913399','gennadiyxjbor@outlook.com','FUuRpVAoC','2022-10-14 08:57:23','2022-10-14 08:57:23'),(66,'LZeOQdNkGsw','4408078097','gennadiyxjbor@outlook.com','fhsRDxLNjJoS','2022-10-14 08:57:26','2022-10-14 08:57:26'),(67,'cmNohGTjD','2471655510','gennadiyxjbor@outlook.com','dMRZrzOExcHA','2022-10-14 08:57:27','2022-10-14 08:57:27'),(68,'DZfkMEuJ','9037540309','vitaliy23fo@outlook.com','cJTmEDreyWV','2022-10-17 20:16:03','2022-10-17 20:16:03'),(69,'nJOhPbpzECrioVc','7729260458','vitaliy23fo@outlook.com','VNFeJsMjD','2022-10-17 20:16:06','2022-10-17 20:16:06'),(70,'ibXlVWLOUKEfZQY','5444484595','nikita6vazimin@outlook.com','sChiIwYyRtEzgAaS','2022-10-21 03:21:47','2022-10-21 03:21:47'),(71,'PTYiGHFBoSkuy','3031490892','nikita6vazimin@outlook.com','xgrnZTQXYUhEvAp','2022-10-21 03:21:49','2022-10-21 03:21:49'),(72,'eRkwOsHfU','4980418264','artemnk5nale@outlook.com','ptUVODFISuT','2022-10-22 10:19:07','2022-10-22 10:19:07'),(73,'GOWkfcoBzSawp','5635062979','artemnk5nale@outlook.com','IyLGiCuS','2022-10-22 10:19:08','2022-10-22 10:19:08'),(74,'ECIGQpWlSVtKdvr','5098917852','artemnk5nale@outlook.com','ajWcMLiTfOsgzYxt','2022-10-22 10:19:10','2022-10-22 10:19:10'),(75,'ayDETKbgfeHLU','2504386774','artemnk5nale@outlook.com','dxGFmhsJZWPDMj','2022-10-22 10:19:11','2022-10-22 10:19:11'),(76,'StYlwhLeaEMXzn','7734022483','mikhailexdmar@outlook.com','mqkrIDQsoB','2022-10-27 16:53:00','2022-10-27 16:53:00'),(77,'TBghWcAEd','9959541965','mikhailexdmar@outlook.com','EaDqhJperFxTZvo','2022-10-27 16:53:02','2022-10-27 16:53:02'),(78,'EVkTiwpl','9412073060','mikhailexdmar@outlook.com','WgAzBXdNQP','2022-10-27 16:53:17','2022-10-27 16:53:17'),(79,'Eric Jones','555-555-1212','ericjonesmyemail@gmail.com','My name’s Eric and I just found your site 5ibra.com.\r\n\r\nIt’s got a lot going for it, but here’s an idea to make it even MORE effective.\r\n\r\nTalk With Web Visitor – CLICK HERE https://boostleadgeneration.com for a live demo now.\r\n\r\nTalk With Web Visitor is a software widget that’s works on your site, ready to capture any visitor’s Name, Email address and Phone Number.  It signals you the moment they let you know they’re interested – so that you can talk to that lead while they’re literally looking over your site.\r\n\r\nAnd once you’ve captured their phone number, with our new SMS Text With Lead feature, you can automatically start a text (SMS) conversation… and if they don’t take you up on your offer then, you can follow up with text messages for new offers, content links, even just “how you doing?” notes to build a relationship.\r\n\r\nCLICK HERE https://boostleadgeneration.com to discover what Talk With Web Visitor can do for your business.\r\n\r\nThe difference between contacting someone within 5 minutes versus a half-hour means you could be converting up to 100X more leads today!\r\n\r\nEric\r\nPS: Studies show that 70% of a site’s visitors disappear and are gone forever after just a moment. Don’t keep losing them. \r\nTalk With Web Visitor offers a FREE 14 days trial – and it even includes International Long Distance Calling. \r\nYou have customers waiting to talk with you right now… don’t keep them waiting. \r\nCLICK HERE https://boostleadgeneration.com to try Talk With Web Visitor now.\r\n\r\nIf you\'d like to unsubscribe click here http://boostleadgeneration.com/unsubscribe.aspx?d=5ibra.com','2022-11-01 17:58:12','2022-11-01 17:58:12'),(80,'mHSRknxQF','4402550464','lavetastacy8qo@outlook.com','iJphlwZTAdRKHW','2022-11-03 07:45:27','2022-11-03 07:45:27'),(81,'ReGkUtbFSfimAyco','2374801925','lavetastacy8qo@outlook.com','IRtarYbHZcMV','2022-11-03 07:45:28','2022-11-03 07:45:28'),(82,'OXznGqrBovAh','9991151319','lavetastacy8qo@outlook.com','ldDtPGWRE','2022-11-03 07:45:30','2022-11-03 07:45:30'),(83,'nxQNtAhXFO','5486914331','lavetastacy8qo@outlook.com','ZdRtoXUiTJEyFc','2022-11-03 07:45:31','2022-11-03 07:45:31'),(84,'ogDNrhfdLEtIGx','6611008421','dolliesandy6s4@outlook.com','DNcfywZxboevqSRI','2022-11-08 12:14:26','2022-11-08 12:14:26'),(85,'KvEJXdxeUBMp','2364176633','dolliesandy6s4@outlook.com','gDspPKolmUxkBn','2022-11-08 12:14:28','2022-11-08 12:14:28'),(86,'LvhJduAQHKstFl','7717123148','dolliesandy6s4@outlook.com','YrSyfQKzXe','2022-11-08 12:14:33','2022-11-08 12:14:33'),(87,'pVXwZBLFu','4582083102','dolliesandy6s4@outlook.com','JXQABaFulfC','2022-11-08 12:14:35','2022-11-08 12:14:35'),(88,'iqwGEypISV','3382972405','guqzuqatoq@outlook.com','NJYnRbGAq','2022-11-10 05:31:39','2022-11-10 05:31:39'),(89,'nuxjFRHhGBiOTt','2325348025','guqzuqatoq@outlook.com','YsBuSMROnbCXdJ','2022-11-10 05:31:42','2022-11-10 05:31:42'),(90,'LRKtcaNflrQ','6725679403','guqzuqatoq@outlook.com','RhWziwCoka','2022-11-10 05:33:03','2022-11-10 05:33:03'),(91,'nQbEfXTAmGuwZM','6720915832','guqzuqatoq@outlook.com','GHMESLxFsbgZIloW','2022-11-10 05:33:06','2022-11-10 05:33:06'),(92,'EHWxDrIiCUf','5409618255','jurgifuyef@outlook.com','sTGHqxfKtvXDclB','2022-11-11 06:41:06','2022-11-11 06:41:06'),(93,'VFQaJuAbwNl','9500523770','jurgifuyef@outlook.com','XHxFiuLRQobjvMc','2022-11-11 06:41:09','2022-11-11 06:41:09'),(94,'CJDjYLKMcQFyAx','6967184534','jurgifuyef@outlook.com','SbWNwRVflZaQn','2022-11-11 06:41:15','2022-11-11 06:41:15'),(95,'pmvoSfDE','6866128088','jurgifuyef@outlook.com','SrfHPMoWD','2022-11-11 06:41:17','2022-11-11 06:41:17'),(96,'HfUbuAgqWCe','3667595292','biglavowul@outlook.com','jNJKDnbpC','2022-11-15 21:50:02','2022-11-15 21:50:02'),(97,'qzeZkouXcNTwrU','8926633776','biglavowul@outlook.com','CuDbtqWlHUjZcyOn','2022-11-15 21:50:03','2022-11-15 21:50:03'),(98,'VKhwltFJH','2815207062','biglavowul@outlook.com','dQTntSieaUI','2022-11-15 21:50:05','2022-11-15 21:50:05'),(99,'WLveCPEfgyVzK','7326880179','biglavowul@outlook.com','ytgKeupHCBrWdaG','2022-11-15 21:50:06','2022-11-15 21:50:06'),(100,'Eric Jones','555-555-1212','ericjonesmyemail@gmail.com','Hello, my name’s Eric and I just ran across your website at 5ibra.com...\r\n\r\nI found it after a quick search, so your SEO’s working out…\r\n\r\nContent looks pretty good…\r\n\r\nOne thing’s missing though…\r\n\r\nA QUICK, EASY way to connect with you NOW.\r\n\r\nBecause studies show that a web lead like me will only hang out a few seconds – 7 out of 10 disappear almost instantly, Surf Surf Surf… then gone forever.\r\n\r\nI have the solution:\r\n\r\nTalk With Web Visitor is a software widget that’s works on your site, ready to capture any visitor’s Name, Email address and Phone Number.  You’ll know immediately they’re interested and you can call them directly to TALK with them - literally while they’re still on the web looking at your site.\r\n\r\nCLICK HERE http://boostleadgeneration.com to try out a Live Demo with Talk With Web Visitor now to see exactly how it works and even give it a try… it could be huge for your business.\r\n\r\nPlus, now that you’ve got that phone number, with our new SMS Text With Lead feature, you can automatically start a text (SMS) conversation pronto… which is so powerful, because connecting with someone within the first 5 minutes is 100 times more effective than waiting 30 minutes or more later.\r\n\r\nThe new text messaging feature lets you follow up regularly with new offers, content links, even just follow up notes to build a relationship.\r\n\r\nEverything I’ve just described is extremely simple to implement, cost-effective, and profitable.\r\n \r\nCLICK HERE http://boostleadgeneration.com to discover what Talk With Web Visitor can do for your business, potentially converting up to 100X more eyeballs into leads today!\r\n\r\nEric\r\nPS: Talk With Web Visitor offers a FREE 14 days trial – and it even includes International Long Distance Calling. \r\nYou have customers waiting to talk with you right now… don’t keep them waiting. \r\nCLICK HERE http://boostleadgeneration.com to try Talk With Web Visitor now.\r\n\r\nIf you\'d like to unsubscribe click here http://boostleadgeneration.com/unsubscribe.aspx?d=5ibra.com','2022-11-19 15:33:59','2022-11-19 15:33:59'),(101,'Eric Jones','555-555-1212','ericjonesmyemail@gmail.com','Hey, this is Eric and I ran across 5ibra.com a few minutes ago.\r\n\r\nLooks great… but now what?\r\n\r\nBy that I mean, when someone like me finds your website – either through Search or just bouncing around – what happens next?  Do you get a lot of leads from your site, or at least enough to make you happy?\r\n\r\nHonestly, most business websites fall a bit short when it comes to generating paying customers. Studies show that 70% of a site’s visitors disappear and are gone forever after just a moment.\r\n\r\nHere’s an idea…\r\n \r\nHow about making it really EASY for every visitor who shows up to get a personal phone call you as soon as they hit your site…\r\n \r\nYou can –\r\n  \r\nTalk With Web Visitor is a software widget that’s works on your site, ready to capture any visitor’s Name, Email address and Phone Number.  It signals you the moment they let you know they’re interested – so that you can talk to that lead while they’re literally looking over your site.\r\n\r\nCLICK HERE https://boostleadgeneration.com to try out a Live Demo with Talk With Web Visitor now to see exactly how it works.\r\n\r\nYou’ll be amazed - the difference between contacting someone within 5 minutes versus a half-hour or more later could increase your results 100-fold.\r\n\r\nIt gets even better… once you’ve captured their phone number, with our new SMS Text With Lead feature, you can automatically start a text (SMS) conversation.\r\n  \r\nThat way, even if you don’t close a deal right away, you can follow up with text messages for new offers, content links, even just “how you doing?” notes to build a relationship.\r\n\r\nPretty sweet – AND effective.\r\n\r\nCLICK HERE https://boostleadgeneration.com to discover what Talk With Web Visitor can do for your business.\r\n\r\nYou could be converting up to 100X more leads today!\r\n\r\nEric\r\nPS: Talk With Web Visitor offers a FREE 14 days trial – and it even includes International Long Distance Calling. \r\nYou have customers waiting to talk with you right now… don’t keep them waiting. \r\nCLICK HERE https://boostleadgeneration.com to try Talk With Web Visitor now.\r\n\r\nIf you\'d like to unsubscribe click here http://boostleadgeneration.com/unsubscribe.aspx?d=5ibra.com','2022-11-20 13:56:25','2022-11-20 13:56:25'),(102,'Eric Jones','555-555-1212','ericjonesmyemail@gmail.com','Good day, \r\n\r\nMy name is Eric and unlike a lot of emails you might get, I wanted to instead provide you with a word of encouragement – Congratulations\r\n\r\nWhat for?  \r\n\r\nPart of my job is to check out websites and the work you’ve done with 5ibra.com definitely stands out. \r\n\r\nIt’s clear you took building a website seriously and made a real investment of time and resources into making it top quality.\r\n\r\nThere is, however, a catch… more accurately, a question…\r\n\r\nSo when someone like me happens to find your site – maybe at the top of the search results (nice job BTW) or just through a random link, how do you know? \r\n\r\nMore importantly, how do you make a connection with that person?\r\n\r\nStudies show that 7 out of 10 visitors don’t stick around – they’re there one second and then gone with the wind.\r\n\r\nHere’s a way to create INSTANT engagement that you may not have known about… \r\n\r\nTalk With Web Visitor is a software widget that’s works on your site, ready to capture any visitor’s Name, Email address and Phone Number.  It lets you know INSTANTLY that they’re interested – so that you can talk to that lead while they’re literally checking out 5ibra.com.\r\n\r\nCLICK HERE http://boostleadgeneration.com to try out a Live Demo with Talk With Web Visitor now to see exactly how it works.\r\n\r\nIt could be a game-changer for your business – and it gets even better… once you’ve captured their phone number, with our new SMS Text With Lead feature, you can automatically start a text (SMS) conversation – immediately (and there’s literally a 100X difference between contacting someone within 5 minutes versus 30 minutes.)\r\n\r\nPlus then, even if you don’t close a deal right away, you can connect later on with text messages for new offers, content links, even just follow up notes to build a relationship.\r\n\r\nEverything I’ve just described is simple, easy, and effective. \r\n\r\nCLICK HERE http://boostleadgeneration.com to discover what Talk With Web Visitor can do for your business.\r\n\r\nYou could be converting up to 100X more leads today!\r\n\r\nEric\r\nPS: Talk With Web Visitor offers a FREE 14 days trial – and it even includes International Long Distance Calling. \r\nYou have customers waiting to talk with you right now… don’t keep them waiting. \r\nCLICK HERE http://boostleadgeneration.com to try Talk With Web Visitor now.\r\n\r\nIf you\'d like to unsubscribe click here http://boostleadgeneration.com/unsubscribe.aspx?d=5ibra.com','2022-11-20 20:49:05','2022-11-20 20:49:05'),(103,'Eric Jones','555-555-1212','ericjonesmyemail@gmail.com','Good day, \r\n\r\nMy name is Eric and unlike a lot of emails you might get, I wanted to instead provide you with a word of encouragement – Congratulations\r\n\r\nWhat for?  \r\n\r\nPart of my job is to check out websites and the work you’ve done with 5ibra.com definitely stands out. \r\n\r\nIt’s clear you took building a website seriously and made a real investment of time and resources into making it top quality.\r\n\r\nThere is, however, a catch… more accurately, a question…\r\n\r\nSo when someone like me happens to find your site – maybe at the top of the search results (nice job BTW) or just through a random link, how do you know? \r\n\r\nMore importantly, how do you make a connection with that person?\r\n\r\nStudies show that 7 out of 10 visitors don’t stick around – they’re there one second and then gone with the wind.\r\n\r\nHere’s a way to create INSTANT engagement that you may not have known about… \r\n\r\nTalk With Web Visitor is a software widget that’s works on your site, ready to capture any visitor’s Name, Email address and Phone Number.  It lets you know INSTANTLY that they’re interested – so that you can talk to that lead while they’re literally checking out 5ibra.com.\r\n\r\nCLICK HERE https://boostleadgeneration.com to try out a Live Demo with Talk With Web Visitor now to see exactly how it works.\r\n\r\nIt could be a game-changer for your business – and it gets even better… once you’ve captured their phone number, with our new SMS Text With Lead feature, you can automatically start a text (SMS) conversation – immediately (and there’s literally a 100X difference between contacting someone within 5 minutes versus 30 minutes.)\r\n\r\nPlus then, even if you don’t close a deal right away, you can connect later on with text messages for new offers, content links, even just follow up notes to build a relationship.\r\n\r\nEverything I’ve just described is simple, easy, and effective. \r\n\r\nCLICK HERE https://boostleadgeneration.com to discover what Talk With Web Visitor can do for your business.\r\n\r\nYou could be converting up to 100X more leads today!\r\n\r\nEric\r\nPS: Talk With Web Visitor offers a FREE 14 days trial – and it even includes International Long Distance Calling. \r\nYou have customers waiting to talk with you right now… don’t keep them waiting. \r\nCLICK HERE https://boostleadgeneration.com to try Talk With Web Visitor now.\r\n\r\nIf you\'d like to unsubscribe click here http://boostleadgeneration.com/unsubscribe.aspx?d=5ibra.com','2022-11-21 22:40:34','2022-11-21 22:40:34'),(104,'Eric Jones','555-555-1212','ericjonesmyemail@gmail.com','Hey, this is Eric and I ran across 5ibra.com a few minutes ago.\r\n\r\nLooks great… but now what?\r\n\r\nBy that I mean, when someone like me finds your website – either through Search or just bouncing around – what happens next?  Do you get a lot of leads from your site, or at least enough to make you happy?\r\n\r\nHonestly, most business websites fall a bit short when it comes to generating paying customers. Studies show that 70% of a site’s visitors disappear and are gone forever after just a moment.\r\n\r\nHere’s an idea…\r\n \r\nHow about making it really EASY for every visitor who shows up to get a personal phone call you as soon as they hit your site…\r\n \r\nYou can –\r\n  \r\nTalk With Web Visitor is a software widget that’s works on your site, ready to capture any visitor’s Name, Email address and Phone Number.  It signals you the moment they let you know they’re interested – so that you can talk to that lead while they’re literally looking over your site.\r\n\r\nCLICK HERE https://boostleadgeneration.com to try out a Live Demo with Talk With Web Visitor now to see exactly how it works.\r\n\r\nYou’ll be amazed - the difference between contacting someone within 5 minutes versus a half-hour or more later could increase your results 100-fold.\r\n\r\nIt gets even better… once you’ve captured their phone number, with our new SMS Text With Lead feature, you can automatically start a text (SMS) conversation.\r\n  \r\nThat way, even if you don’t close a deal right away, you can follow up with text messages for new offers, content links, even just “how you doing?” notes to build a relationship.\r\n\r\nPretty sweet – AND effective.\r\n\r\nCLICK HERE https://boostleadgeneration.com to discover what Talk With Web Visitor can do for your business.\r\n\r\nYou could be converting up to 100X more leads today!\r\n\r\nEric\r\nPS: Talk With Web Visitor offers a FREE 14 days trial – and it even includes International Long Distance Calling. \r\nYou have customers waiting to talk with you right now… don’t keep them waiting. \r\nCLICK HERE https://boostleadgeneration.com to try Talk With Web Visitor now.\r\n\r\nIf you\'d like to unsubscribe click here http://boostleadgeneration.com/unsubscribe.aspx?d=5ibra.com','2022-11-23 05:49:08','2022-11-23 05:49:08'),(105,'Eric Jones','555-555-1212','ericjonesmyemail@gmail.com','Hello, my name’s Eric and I just ran across your website at 5ibra.com...\r\n\r\nI found it after a quick search, so your SEO’s working out…\r\n\r\nContent looks pretty good…\r\n\r\nOne thing’s missing though…\r\n\r\nA QUICK, EASY way to connect with you NOW.\r\n\r\nBecause studies show that a web lead like me will only hang out a few seconds – 7 out of 10 disappear almost instantly, Surf Surf Surf… then gone forever.\r\n\r\nI have the solution:\r\n\r\nTalk With Web Visitor is a software widget that’s works on your site, ready to capture any visitor’s Name, Email address and Phone Number.  You’ll know immediately they’re interested and you can call them directly to TALK with them - literally while they’re still on the web looking at your site.\r\n\r\nCLICK HERE https://boostleadgeneration.com to try out a Live Demo with Talk With Web Visitor now to see exactly how it works and even give it a try… it could be huge for your business.\r\n\r\nPlus, now that you’ve got that phone number, with our new SMS Text With Lead feature, you can automatically start a text (SMS) conversation pronto… which is so powerful, because connecting with someone within the first 5 minutes is 100 times more effective than waiting 30 minutes or more later.\r\n\r\nThe new text messaging feature lets you follow up regularly with new offers, content links, even just follow up notes to build a relationship.\r\n\r\nEverything I’ve just described is extremely simple to implement, cost-effective, and profitable.\r\n \r\nCLICK HERE https://boostleadgeneration.com to discover what Talk With Web Visitor can do for your business, potentially converting up to 100X more eyeballs into leads today!\r\n\r\nEric\r\nPS: Talk With Web Visitor offers a FREE 14 days trial – and it even includes International Long Distance Calling. \r\nYou have customers waiting to talk with you right now… don’t keep them waiting. \r\nCLICK HERE https://boostleadgeneration.com to try Talk With Web Visitor now.\r\n\r\nIf you\'d like to unsubscribe click here http://boostleadgeneration.com/unsubscribe.aspx?d=5ibra.com','2022-11-24 11:06:10','2022-11-24 11:06:10'),(106,'JqUnbVtBc','7941110068','jemcexihel@outlook.com','HYdcrvzhQekImRZ','2022-11-26 01:22:48','2022-11-26 01:22:48'),(107,'lSZYgfLwIpsVjOqy','7708090061','jemcexihel@outlook.com','nBdTAshcVEYeW','2022-11-26 01:22:50','2022-11-26 01:22:50'),(108,'mytJdaPFKTlGQ','7750069893','jemcexihel@outlook.com','DKCGaRkxsoMwH','2022-11-26 01:22:54','2022-11-26 01:22:54'),(109,'LwUWmnEChvJAde','9835195560','jemcexihel@outlook.com','WpDFIkCVecwyv','2022-11-26 01:22:56','2022-11-26 01:22:56'),(110,'Eric Jones','555-555-1212','ericjonesmyemail@gmail.com','Hi, Eric here with a quick thought about your website 5ibra.com...\r\n\r\nI’m on the internet a lot and I look at a lot of business websites.\r\n\r\nLike yours, many of them have great content. \r\n\r\nBut all too often, they come up short when it comes to engaging and connecting with anyone who visits.\r\n\r\nI get it – it’s hard.  Studies show 7 out of 10 people who land on a site, abandon it in moments without leaving even a trace.  You got the eyeball, but nothing else.\r\n\r\nHere’s a solution for you…\r\n\r\nTalk With Web Visitor is a software widget that’s works on your site, ready to capture any visitor’s Name, Email address and Phone Number.  You’ll know immediately they’re interested and you can call them directly to talk with them literally while they’re still on the web looking at your site.\r\n\r\nCLICK HERE http://boostleadgeneration.com to try out a Live Demo with Talk With Web Visitor now to see exactly how it works.\r\n\r\nIt could be huge for your business – and because you’ve got that phone number, with our new SMS Text With Lead feature, you can automatically start a text (SMS) conversation – immediately… and contacting someone in that 5 minute window is 100 times more powerful than reaching out 30 minutes or more later.\r\n\r\nPlus, with text messaging you can follow up later with new offers, content links, even just follow up notes to keep the conversation going.\r\n\r\nEverything I’ve just described is extremely simple to implement, cost-effective, and profitable. \r\n \r\nCLICK HERE http://boostleadgeneration.com to discover what Talk With Web Visitor can do for your business.\r\n\r\nYou could be converting up to 100X more eyeballs into leads today!\r\n\r\nEric\r\nPS: Talk With Web Visitor offers a FREE 14 days trial – and it even includes International Long Distance Calling. \r\nYou have customers waiting to talk with you right now… don’t keep them waiting. \r\nCLICK HERE http://boostleadgeneration.com to try Talk With Web Visitor now.\r\n\r\nIf you\'d like to unsubscribe click here http://boostleadgeneration.com/unsubscribe.aspx?d=5ibra.com','2022-11-26 03:39:42','2022-11-26 03:39:42'),(111,'Omar Stout','0392 6991670','stout.omar@yahoo.com','Good job on the new site! Now go ahead and submit it to our free directory here bit.ly/submit_site_9jxc1c6t8mpn','2022-11-27 19:58:02','2022-11-27 19:58:02'),(112,'NvJHfEPbYpOq','4501796151','haclebawet@outlook.com','roiUkfScAnylsE','2022-12-01 09:40:03','2022-12-01 09:40:03'),(113,'XSDQEzFn','4550128244','haclebawet@outlook.com','TuDvbpUjmqBRxXJ','2022-12-01 09:40:05','2022-12-01 09:40:05'),(114,'rBuKbeomjCtWiU','2630114715','haclebawet@outlook.com','feOIVWUByZTr','2022-12-01 09:40:11','2022-12-01 09:40:11'),(115,'QVaMKFUcGeOoqhZ','2265202511','haclebawet@outlook.com','jnBTWDof','2022-12-01 09:40:13','2022-12-01 09:40:13'),(116,'Ulrike Kling',NULL,'kling.ulrike69@gmail.com','Submit your site to over 1000 advertising websites for free now https://bit.ly/submit_site_9jxc1c6t8mpn','2022-12-02 05:24:31','2022-12-02 05:24:31'),(117,'XLyOmYVuqlSUGJx','9774280951','cigqavasoh@outlook.com','bUXWsmHcBiyOFrC','2022-12-05 11:12:23','2022-12-05 11:12:23'),(118,'eqIjROEYFsXdH','4504570462','cigqavasoh@outlook.com','dOrXqvDKiLn','2022-12-05 11:12:25','2022-12-05 11:12:25'),(119,'PeZCRYoLhFn','9005902033','cigqavasoh@outlook.com','OICMKwESG','2022-12-05 11:12:29','2022-12-05 11:12:29'),(120,'qRDVKYoCUHZlL','7202238342','cigqavasoh@outlook.com','CtSogWOa','2022-12-05 11:12:32','2022-12-05 11:12:32'),(121,'qtjEJVod','4224835675','birdieovardoxx@outlook.com','msPkrVzo','2022-12-08 18:12:28','2022-12-08 18:12:28'),(122,'gSuIbaRcKwFyfOWM','3937965802','birdieovardoxx@outlook.com','lWstQHvpcdPnqU','2022-12-08 18:12:30','2022-12-08 18:12:30'),(123,'zIkFMfGlZr','3626961441','birdieovardoxx@outlook.com','HFyQBjIzSkch','2022-12-08 18:12:35','2022-12-08 18:12:35'),(124,'yivrRbGxFmaLDlh','9621976158','birdieovardoxx@outlook.com','kedcOfIsSuCKnMtp','2022-12-08 18:12:38','2022-12-08 18:12:38'),(125,'Eric Jones','555-555-1212','eric.jones.z.mail@gmail.com','My name’s Eric and I just found your site 5ibra.com.\r\n\r\nIt’s got a lot going for it, but here’s an idea to make it even MORE effective.\r\n\r\nTalk With Web Visitor – CLICK HERE http://boostleadgeneration.com for a live demo now.\r\n\r\nTalk With Web Visitor is a software widget that’s works on your site, ready to capture any visitor’s Name, Email address and Phone Number.  It signals you the moment they let you know they’re interested – so that you can talk to that lead while they’re literally looking over your site.\r\n\r\nAnd once you’ve captured their phone number, with our new SMS Text With Lead feature, you can automatically start a text (SMS) conversation… and if they don’t take you up on your offer then, you can follow up with text messages for new offers, content links, even just “how you doing?” notes to build a relationship.\r\n\r\nCLICK HERE http://boostleadgeneration.com to discover what Talk With Web Visitor can do for your business.\r\n\r\nThe difference between contacting someone within 5 minutes versus a half-hour means you could be converting up to 100X more leads today!\r\n\r\nEric\r\nPS: Studies show that 70% of a site’s visitors disappear and are gone forever after just a moment. Don’t keep losing them. \r\nTalk With Web Visitor offers a FREE 14 days trial – and it even includes International Long Distance Calling. \r\nYou have customers waiting to talk with you right now… don’t keep them waiting. \r\nCLICK HERE http://boostleadgeneration.com to try Talk With Web Visitor now.\r\n\r\nIf you\'d like to unsubscribe click here http://boostleadgeneration.com/unsubscribe.aspx?d=5ibra.com','2022-12-09 01:09:19','2022-12-09 01:09:19'),(126,'vpsAVQLbXInK','3662303205','pitkoduseq@outlook.com','zBtGOvgKyodlkIYX','2022-12-11 03:41:04','2022-12-11 03:41:04'),(127,'imbetZog','5307362239','pitkoduseq@outlook.com','HPeslqvKBWNSrybg','2022-12-11 03:41:06','2022-12-11 03:41:06'),(128,'GXPJZCiRrNsmlUYD','7114030409','pitkoduseq@outlook.com','osUpilXFKLJ','2022-12-11 03:41:11','2022-12-11 03:41:11'),(129,'hPMXyQJoxCwuI','3797136881','pitkoduseq@outlook.com','fpBFKDEQ','2022-12-11 03:41:15','2022-12-11 03:41:15'),(130,'Eric Jones','555-555-1212','ericjonesmyemail@gmail.com','Good day, \r\n\r\nMy name is Eric and unlike a lot of emails you might get, I wanted to instead provide you with a word of encouragement – Congratulations\r\n\r\nWhat for?  \r\n\r\nPart of my job is to check out websites and the work you’ve done with 5ibra.com definitely stands out. \r\n\r\nIt’s clear you took building a website seriously and made a real investment of time and resources into making it top quality.\r\n\r\nThere is, however, a catch… more accurately, a question…\r\n\r\nSo when someone like me happens to find your site – maybe at the top of the search results (nice job BTW) or just through a random link, how do you know? \r\n\r\nMore importantly, how do you make a connection with that person?\r\n\r\nStudies show that 7 out of 10 visitors don’t stick around – they’re there one second and then gone with the wind.\r\n\r\nHere’s a way to create INSTANT engagement that you may not have known about… \r\n\r\nTalk With Web Visitor is a software widget that’s works on your site, ready to capture any visitor’s Name, Email address and Phone Number.  It lets you know INSTANTLY that they’re interested – so that you can talk to that lead while they’re literally checking out 5ibra.com.\r\n\r\nCLICK HERE http://jumboleadmagnet.com to try out a Live Demo with Talk With Web Visitor now to see exactly how it works.\r\n\r\nIt could be a game-changer for your business – and it gets even better… once you’ve captured their phone number, with our new SMS Text With Lead feature, you can automatically start a text (SMS) conversation – immediately (and there’s literally a 100X difference between contacting someone within 5 minutes versus 30 minutes.)\r\n\r\nPlus then, even if you don’t close a deal right away, you can connect later on with text messages for new offers, content links, even just follow up notes to build a relationship.\r\n\r\nEverything I’ve just described is simple, easy, and effective. \r\n\r\nCLICK HERE http://jumboleadmagnet.com to discover what Talk With Web Visitor can do for your business.\r\n\r\nYou could be converting up to 100X more leads today!\r\n\r\nEric\r\nPS: Talk With Web Visitor offers a FREE 14 days trial – and it even includes International Long Distance Calling. \r\nYou have customers waiting to talk with you right now… don’t keep them waiting. \r\nCLICK HERE http://jumboleadmagnet.com to try Talk With Web Visitor now.\r\n\r\nIf you\'d like to unsubscribe click here http://jumboleadmagnet.com/unsubscribe.aspx?d=5ibra.com','2022-12-11 21:30:15','2022-12-11 21:30:15'),(131,'Eric Jones','555-555-1212','ericjonesmyemail@gmail.com','Hi, Eric here with a quick thought about your website 5ibra.com...\r\n\r\nI’m on the internet a lot and I look at a lot of business websites.\r\n\r\nLike yours, many of them have great content. \r\n\r\nBut all too often, they come up short when it comes to engaging and connecting with anyone who visits.\r\n\r\nI get it – it’s hard.  Studies show 7 out of 10 people who land on a site, abandon it in moments without leaving even a trace.  You got the eyeball, but nothing else.\r\n\r\nHere’s a solution for you…\r\n\r\nTalk With Web Visitor is a software widget that’s works on your site, ready to capture any visitor’s Name, Email address and Phone Number.  You’ll know immediately they’re interested and you can call them directly to talk with them literally while they’re still on the web looking at your site.\r\n\r\nCLICK HERE http://jumboleadmagnet.com to try out a Live Demo with Talk With Web Visitor now to see exactly how it works.\r\n\r\nIt could be huge for your business – and because you’ve got that phone number, with our new SMS Text With Lead feature, you can automatically start a text (SMS) conversation – immediately… and contacting someone in that 5 minute window is 100 times more powerful than reaching out 30 minutes or more later.\r\n\r\nPlus, with text messaging you can follow up later with new offers, content links, even just follow up notes to keep the conversation going.\r\n\r\nEverything I’ve just described is extremely simple to implement, cost-effective, and profitable. \r\n \r\nCLICK HERE http://jumboleadmagnet.com to discover what Talk With Web Visitor can do for your business.\r\n\r\nYou could be converting up to 100X more eyeballs into leads today!\r\n\r\nEric\r\nPS: Talk With Web Visitor offers a FREE 14 days trial – and it even includes International Long Distance Calling. \r\nYou have customers waiting to talk with you right now… don’t keep them waiting. \r\nCLICK HERE http://jumboleadmagnet.com to try Talk With Web Visitor now.\r\n\r\nIf you\'d like to unsubscribe click here http://jumboleadmagnet.com/unsubscribe.aspx?d=5ibra.com','2022-12-15 05:54:00','2022-12-15 05:54:00'),(132,'vEFDkuqGAxOV','3532074159','bemkalokuz@outlook.com','TtCxHeIpfBUDZ','2022-12-16 03:26:34','2022-12-16 03:26:34'),(133,'UuaqcNIgdxQCtDe','8063425197','bemkalokuz@outlook.com','yVUgubCJkcPovY','2022-12-16 03:26:36','2022-12-16 03:26:36'),(134,'ZTdEPfVKAs','7916401120','bemkalokuz@outlook.com','LeStAHhav','2022-12-16 03:26:38','2022-12-16 03:26:38'),(135,'dqgymHsBQYntr','5718276569','bemkalokuz@outlook.com','gtpKYVowfG','2022-12-16 03:26:39','2022-12-16 03:26:39'),(136,'Eric Jones','555-555-1212','ericjonesmyemail@gmail.com','Hi, my name is Eric and I’m betting you’d like your website 5ibra.com to generate more leads.\r\n\r\nHere’s how:\r\nTalk With Web Visitor is a software widget that’s works on your site, ready to capture any visitor’s Name, Email address and Phone Number.  It signals you as soon as they say they’re interested – so that you can talk to that lead while they’re still there at 5ibra.com.\r\n\r\nTalk With Web Visitor – CLICK HERE http://jumboleadmagnet.com for a live demo now.\r\n\r\nAnd now that you’ve got their phone number, our new SMS Text With Lead feature enables you to start a text (SMS) conversation – answer questions, provide more info, and close a deal that way.\r\n\r\nIf they don’t take you up on your offer then, just follow up with text messages for new offers, content links, even just “how you doing?” notes to build a relationship.\r\n\r\nCLICK HERE http://jumboleadmagnet.com to discover what Talk With Web Visitor can do for your business.\r\n\r\nThe difference between contacting someone within 5 minutes versus a half-hour means you could be converting up to 100X more leads today!\r\n\r\nTry Talk With Web Visitor and get more leads now.\r\n\r\nEric\r\nPS: The studies show 7 out of 10 visitors don’t hang around – you can’t afford to lose them!\r\nTalk With Web Visitor offers a FREE 14 days trial – and it even includes International Long Distance Calling. \r\nYou have customers waiting to talk with you right now… don’t keep them waiting. \r\nCLICK HERE http://jumboleadmagnet.com to try Talk With Web Visitor now.\r\n\r\nIf you\'d like to unsubscribe click here http://jumboleadmagnet.com/unsubscribe.aspx?d=5ibra.com','2022-12-16 07:10:33','2022-12-16 07:10:33'),(137,'Eric Jones','555-555-1212','ericjonesmyemail@gmail.com','Hello, my name’s Eric and I just ran across your website at 5ibra.com...\r\n\r\nI found it after a quick search, so your SEO’s working out…\r\n\r\nContent looks pretty good…\r\n\r\nOne thing’s missing though…\r\n\r\nA QUICK, EASY way to connect with you NOW.\r\n\r\nBecause studies show that a web lead like me will only hang out a few seconds – 7 out of 10 disappear almost instantly, Surf Surf Surf… then gone forever.\r\n\r\nI have the solution:\r\n\r\nTalk With Web Visitor is a software widget that’s works on your site, ready to capture any visitor’s Name, Email address and Phone Number.  You’ll know immediately they’re interested and you can call them directly to TALK with them - literally while they’re still on the web looking at your site.\r\n\r\nCLICK HERE http://jumboleadmagnet.com to try out a Live Demo with Talk With Web Visitor now to see exactly how it works and even give it a try… it could be huge for your business.\r\n\r\nPlus, now that you’ve got that phone number, with our new SMS Text With Lead feature, you can automatically start a text (SMS) conversation pronto… which is so powerful, because connecting with someone within the first 5 minutes is 100 times more effective than waiting 30 minutes or more later.\r\n\r\nThe new text messaging feature lets you follow up regularly with new offers, content links, even just follow up notes to build a relationship.\r\n\r\nEverything I’ve just described is extremely simple to implement, cost-effective, and profitable.\r\n \r\nCLICK HERE http://jumboleadmagnet.com to discover what Talk With Web Visitor can do for your business, potentially converting up to 100X more eyeballs into leads today!\r\n\r\nEric\r\nPS: Talk With Web Visitor offers a FREE 14 days trial – and it even includes International Long Distance Calling. \r\nYou have customers waiting to talk with you right now… don’t keep them waiting. \r\nCLICK HERE http://jumboleadmagnet.com to try Talk With Web Visitor now.\r\n\r\nIf you\'d like to unsubscribe click here http://jumboleadmagnet.com/unsubscribe.aspx?d=5ibra.com','2022-12-17 06:47:56','2022-12-17 06:47:56'),(138,'OhQwHcjpbu','7942832305','xibmevojom@outlook.com','XmRECpyoUthSdLjF','2022-12-18 11:20:38','2022-12-18 11:20:38'),(139,'OFeXnaiKGlk','7883089899','xibmevojom@outlook.com','vzhOkJqQTcYaWwH','2022-12-18 11:21:08','2022-12-18 11:21:08'),(140,'Eric Jones','555-555-1212','ericjonesmyemail@gmail.com','Cool website!\r\n\r\nMy name’s Eric, and I just found your site - 5ibra.com - while surfing the net. You showed up at the top of the search results, so I checked you out. Looks like what you’re doing is pretty cool.\r\n \r\nBut if you don’t mind me asking – after someone like me stumbles across 5ibra.com, what usually happens?\r\n\r\nIs your site generating leads for your business? \r\n \r\nI’m guessing some, but I also bet you’d like more… studies show that 7 out 10 who land on a site wind up leaving without a trace.\r\n\r\nNot good.\r\n\r\nHere’s a thought – what if there was an easy way for every visitor to “raise their hand” to get a phone call from you INSTANTLY… the second they hit your site and said, “call me now.”\r\n\r\nYou can –\r\n  \r\nTalk With Web Visitor is a software widget that’s works on your site, ready to capture any visitor’s Name, Email address and Phone Number.  It lets you know IMMEDIATELY – so that you can talk to that lead while they’re literally looking over your site.\r\n\r\nCLICK HERE http://jumboleadmagnet.com to try out a Live Demo with Talk With Web Visitor now to see exactly how it works.\r\n\r\nTime is money when it comes to connecting with leads – the difference between contacting someone within 5 minutes versus 30 minutes later can be huge – like 100 times better!\r\n\r\nThat’s why we built out our new SMS Text With Lead feature… because once you’ve captured the visitor’s phone number, you can automatically start a text message (SMS) conversation.\r\n  \r\nThink about the possibilities – even if you don’t close a deal then and there, you can follow up with text messages for new offers, content links, even just “how you doing?” notes to build a relationship.\r\n\r\nWouldn’t that be cool?\r\n\r\nCLICK HERE http://jumboleadmagnet.com to discover what Talk With Web Visitor can do for your business.\r\n\r\nYou could be converting up to 100X more leads today!\r\nEric\r\n\r\nPS: Talk With Web Visitor offers a FREE 14 days trial – and it even includes International Long Distance Calling. \r\nYou have customers waiting to talk with you right now… don’t keep them waiting. \r\nCLICK HERE http://jumboleadmagnet.com to try Talk With Web Visitor now.\r\n\r\nIf you\'d like to unsubscribe click here http://jumboleadmagnet.com/unsubscribe.aspx?d=5ibra.com','2022-12-18 15:23:59','2022-12-18 15:23:59'),(141,'Eric Jones','555-555-1212','ericjonesmyemail@gmail.com','Good day, \r\n\r\nMy name is Eric and unlike a lot of emails you might get, I wanted to instead provide you with a word of encouragement – Congratulations\r\n\r\nWhat for?  \r\n\r\nPart of my job is to check out websites and the work you’ve done with 5ibra.com definitely stands out. \r\n\r\nIt’s clear you took building a website seriously and made a real investment of time and resources into making it top quality.\r\n\r\nThere is, however, a catch… more accurately, a question…\r\n\r\nSo when someone like me happens to find your site – maybe at the top of the search results (nice job BTW) or just through a random link, how do you know? \r\n\r\nMore importantly, how do you make a connection with that person?\r\n\r\nStudies show that 7 out of 10 visitors don’t stick around – they’re there one second and then gone with the wind.\r\n\r\nHere’s a way to create INSTANT engagement that you may not have known about… \r\n\r\nTalk With Web Visitor is a software widget that’s works on your site, ready to capture any visitor’s Name, Email address and Phone Number.  It lets you know INSTANTLY that they’re interested – so that you can talk to that lead while they’re literally checking out 5ibra.com.\r\n\r\nCLICK HERE https://boostleadgeneration.com to try out a Live Demo with Talk With Web Visitor now to see exactly how it works.\r\n\r\nIt could be a game-changer for your business – and it gets even better… once you’ve captured their phone number, with our new SMS Text With Lead feature, you can automatically start a text (SMS) conversation – immediately (and there’s literally a 100X difference between contacting someone within 5 minutes versus 30 minutes.)\r\n\r\nPlus then, even if you don’t close a deal right away, you can connect later on with text messages for new offers, content links, even just follow up notes to build a relationship.\r\n\r\nEverything I’ve just described is simple, easy, and effective. \r\n\r\nCLICK HERE https://boostleadgeneration.com to discover what Talk With Web Visitor can do for your business.\r\n\r\nYou could be converting up to 100X more leads today!\r\n\r\nEric\r\nPS: Talk With Web Visitor offers a FREE 14 days trial – and it even includes International Long Distance Calling. \r\nYou have customers waiting to talk with you right now… don’t keep them waiting. \r\nCLICK HERE https://boostleadgeneration.com to try Talk With Web Visitor now.\r\n\r\nIf you\'d like to unsubscribe click here http://boostleadgeneration.com/unsubscribe.aspx?d=5ibra.com','2022-12-19 19:45:52','2022-12-19 19:45:52'),(142,'SzrjMXiqEku','6083384163','kibnotugot@outlook.com','pEcJKYjAL','2022-12-19 22:33:43','2022-12-19 22:33:43'),(143,'zKHnwAsEaiC','6719277499','kibnotugot@outlook.com','yrXUsiVTYBLE','2022-12-19 22:33:46','2022-12-19 22:33:46'),(144,'EtPLANwXiBCMbs','4165228972','kibnotugot@outlook.com','EXulvQzPfNTZeKp','2022-12-19 22:34:00','2022-12-19 22:34:00'),(145,'gaJRlDQqAF','5633024500','kibnotugot@outlook.com','MiejakwsFWJY','2022-12-19 22:34:03','2022-12-19 22:34:03'),(146,'Eric Jones','555-555-1212','ericjonesmyemail@gmail.com','My name’s Eric and I just found your site 5ibra.com.\r\n\r\nIt’s got a lot going for it, but here’s an idea to make it even MORE effective.\r\n\r\nTalk With Web Visitor – CLICK HERE http://jumboleadmagnet.com for a live demo now.\r\n\r\nTalk With Web Visitor is a software widget that’s works on your site, ready to capture any visitor’s Name, Email address and Phone Number.  It signals you the moment they let you know they’re interested – so that you can talk to that lead while they’re literally looking over your site.\r\n\r\nAnd once you’ve captured their phone number, with our new SMS Text With Lead feature, you can automatically start a text (SMS) conversation… and if they don’t take you up on your offer then, you can follow up with text messages for new offers, content links, even just “how you doing?” notes to build a relationship.\r\n\r\nCLICK HERE http://jumboleadmagnet.com to discover what Talk With Web Visitor can do for your business.\r\n\r\nThe difference between contacting someone within 5 minutes versus a half-hour means you could be converting up to 100X more leads today!\r\n\r\nEric\r\nPS: Studies show that 70% of a site’s visitors disappear and are gone forever after just a moment. Don’t keep losing them. \r\nTalk With Web Visitor offers a FREE 14 days trial – and it even includes International Long Distance Calling. \r\nYou have customers waiting to talk with you right now… don’t keep them waiting. \r\nCLICK HERE http://jumboleadmagnet.com to try Talk With Web Visitor now.\r\n\r\nIf you\'d like to unsubscribe click here http://jumboleadmagnet.com/unsubscribe.aspx?d=5ibra.com','2022-12-21 19:03:33','2022-12-21 19:03:33'),(147,'Eric Jones','555-555-1212','ericjonesmyemail@gmail.com','Hi, Eric here with a quick thought about your website 5ibra.com...\r\n\r\nI’m on the internet a lot and I look at a lot of business websites.\r\n\r\nLike yours, many of them have great content. \r\n\r\nBut all too often, they come up short when it comes to engaging and connecting with anyone who visits.\r\n\r\nI get it – it’s hard.  Studies show 7 out of 10 people who land on a site, abandon it in moments without leaving even a trace.  You got the eyeball, but nothing else.\r\n\r\nHere’s a solution for you…\r\n\r\nTalk With Web Visitor is a software widget that’s works on your site, ready to capture any visitor’s Name, Email address and Phone Number.  You’ll know immediately they’re interested and you can call them directly to talk with them literally while they’re still on the web looking at your site.\r\n\r\nCLICK HERE https://boostleadgeneration.com to try out a Live Demo with Talk With Web Visitor now to see exactly how it works.\r\n\r\nIt could be huge for your business – and because you’ve got that phone number, with our new SMS Text With Lead feature, you can automatically start a text (SMS) conversation – immediately… and contacting someone in that 5 minute window is 100 times more powerful than reaching out 30 minutes or more later.\r\n\r\nPlus, with text messaging you can follow up later with new offers, content links, even just follow up notes to keep the conversation going.\r\n\r\nEverything I’ve just described is extremely simple to implement, cost-effective, and profitable. \r\n \r\nCLICK HERE https://boostleadgeneration.com to discover what Talk With Web Visitor can do for your business.\r\n\r\nYou could be converting up to 100X more eyeballs into leads today!\r\n\r\nEric\r\nPS: Talk With Web Visitor offers a FREE 14 days trial – and it even includes International Long Distance Calling. \r\nYou have customers waiting to talk with you right now… don’t keep them waiting. \r\nCLICK HERE https://boostleadgeneration.com to try Talk With Web Visitor now.\r\n\r\nIf you\'d like to unsubscribe click here http://boostleadgeneration.com/unsubscribe.aspx?d=5ibra.com','2022-12-21 20:03:47','2022-12-21 20:03:47'),(148,'OwYKjIJE','2992360693','ravfanowip@outlook.com','KwtpDYosda','2022-12-22 05:52:07','2022-12-22 05:52:07'),(149,'kLswBZdOiNYeutlF','6165156273','ravfanowip@outlook.com','NZvWUIeHsh','2022-12-22 05:52:08','2022-12-22 05:52:08'),(150,'VJmyrOuYTkSzMI','5565955906','ravfanowip@outlook.com','HsldgTobACPGBzf','2022-12-22 05:52:12','2022-12-22 05:52:12'),(151,'nqIbsLSQJu','2005153043','ravfanowip@outlook.com','ESyTGtZgminAcD','2022-12-22 05:52:13','2022-12-22 05:52:13'),(152,'Eric Jones','555-555-1212','ericjonesmyemail@gmail.com','Cool website!\r\n\r\nMy name’s Eric, and I just found your site - 5ibra.com - while surfing the net. You showed up at the top of the search results, so I checked you out. Looks like what you’re doing is pretty cool.\r\n \r\nBut if you don’t mind me asking – after someone like me stumbles across 5ibra.com, what usually happens?\r\n\r\nIs your site generating leads for your business? \r\n \r\nI’m guessing some, but I also bet you’d like more… studies show that 7 out 10 who land on a site wind up leaving without a trace.\r\n\r\nNot good.\r\n\r\nHere’s a thought – what if there was an easy way for every visitor to “raise their hand” to get a phone call from you INSTANTLY… the second they hit your site and said, “call me now.”\r\n\r\nYou can –\r\n  \r\nTalk With Web Visitor is a software widget that’s works on your site, ready to capture any visitor’s Name, Email address and Phone Number.  It lets you know IMMEDIATELY – so that you can talk to that lead while they’re literally looking over your site.\r\n\r\nCLICK HERE https://boostleadgeneration.com to try out a Live Demo with Talk With Web Visitor now to see exactly how it works.\r\n\r\nTime is money when it comes to connecting with leads – the difference between contacting someone within 5 minutes versus 30 minutes later can be huge – like 100 times better!\r\n\r\nThat’s why we built out our new SMS Text With Lead feature… because once you’ve captured the visitor’s phone number, you can automatically start a text message (SMS) conversation.\r\n  \r\nThink about the possibilities – even if you don’t close a deal then and there, you can follow up with text messages for new offers, content links, even just “how you doing?” notes to build a relationship.\r\n\r\nWouldn’t that be cool?\r\n\r\nCLICK HERE https://boostleadgeneration.com to discover what Talk With Web Visitor can do for your business.\r\n\r\nYou could be converting up to 100X more leads today!\r\nEric\r\n\r\nPS: Talk With Web Visitor offers a FREE 14 days trial – and it even includes International Long Distance Calling. \r\nYou have customers waiting to talk with you right now… don’t keep them waiting. \r\nCLICK HERE https://boostleadgeneration.com to try Talk With Web Visitor now.\r\n\r\nIf you\'d like to unsubscribe click here http://boostleadgeneration.com/unsubscribe.aspx?d=5ibra.com','2022-12-23 12:13:21','2022-12-23 12:13:21'),(153,'Eric Jones','555-555-1212','ericjonesmyemail@gmail.com','My name’s Eric and I just came across your website - 5ibra.com - in the search results.\r\n\r\nHere’s what that means to me…\r\n\r\nYour SEO’s working.\r\n\r\nYou’re getting eyeballs – mine at least.\r\n\r\nYour content’s pretty good, wouldn’t change a thing.\r\n\r\nBUT…\r\n\r\nEyeballs don’t pay the bills.\r\n\r\nCUSTOMERS do.\r\n\r\nAnd studies show that 7 out of 10 visitors to a site like 5ibra.com will drop by, take a gander, and then head for the hills without doing anything else.\r\n\r\nIt’s like they never were even there.\r\n\r\nYou can fix this.\r\n\r\nYou can make it super-simple for them to raise their hand, say, “okay, let’s talk” without requiring them to even pull their cell phone from their pocket… thanks to Talk With Web Visitor.\r\n\r\nTalk With Web Visitor is a software widget that sits on your site, ready and waiting to capture any visitor’s Name, Email address and Phone Number.  It lets you know immediately – so you can talk to that lead immediately… without delay… BEFORE they head for those hills.\r\n  \r\nCLICK HERE http://jumboleadmagnet.com to try out a Live Demo with Talk With Web Visitor now to see exactly how it works.\r\n\r\nNow it’s also true that when reaching out to hot leads, you MUST act fast – the difference between contacting someone within 5 minutes versus 30 minutes later is huge – like 100 times better!\r\n\r\nThat’s what makes our new SMS Text With Lead feature so powerful… you’ve got their phone number, so now you can start a text message (SMS) conversation with them… so even if they don’t take you up on your offer right away, you continue to text them new offers, new content, and new reasons to do business with you.\r\n\r\nThis could change everything for you and your business.\r\n\r\nCLICK HERE http://jumboleadmagnet.com to learn more about everything Talk With Web Visitor can do and start turing eyeballs into money.\r\n\r\nEric\r\nPS: Talk With Web Visitor offers a FREE 14 days trial – you could be converting up to 100x more leads immediately!   \r\nIt even includes International Long Distance Calling. \r\nPaying customers are out there waiting. \r\nStarting connecting today by CLICKING HERE http://jumboleadmagnet.com to try Talk With Web Visitor now.\r\n\r\nIf you\'d like to unsubscribe click here http://jumboleadmagnet.com/unsubscribe.aspx?d=5ibra.com','2022-12-26 19:03:28','2022-12-26 19:03:28'),(154,'Eric Jones','555-555-1212','ericjonesmyemail@gmail.com','My name’s Eric and I just came across your website - 5ibra.com - in the search results.\r\n\r\nHere’s what that means to me…\r\n\r\nYour SEO’s working.\r\n\r\nYou’re getting eyeballs – mine at least.\r\n\r\nYour content’s pretty good, wouldn’t change a thing.\r\n\r\nBUT…\r\n\r\nEyeballs don’t pay the bills.\r\n\r\nCUSTOMERS do.\r\n\r\nAnd studies show that 7 out of 10 visitors to a site like 5ibra.com will drop by, take a gander, and then head for the hills without doing anything else.\r\n\r\nIt’s like they never were even there.\r\n\r\nYou can fix this.\r\n\r\nYou can make it super-simple for them to raise their hand, say, “okay, let’s talk” without requiring them to even pull their cell phone from their pocket… thanks to Talk With Web Visitor.\r\n\r\nTalk With Web Visitor is a software widget that sits on your site, ready and waiting to capture any visitor’s Name, Email address and Phone Number.  It lets you know immediately – so you can talk to that lead immediately… without delay… BEFORE they head for those hills.\r\n  \r\nCLICK HERE https://boostleadgeneration.com to try out a Live Demo with Talk With Web Visitor now to see exactly how it works.\r\n\r\nNow it’s also true that when reaching out to hot leads, you MUST act fast – the difference between contacting someone within 5 minutes versus 30 minutes later is huge – like 100 times better!\r\n\r\nThat’s what makes our new SMS Text With Lead feature so powerful… you’ve got their phone number, so now you can start a text message (SMS) conversation with them… so even if they don’t take you up on your offer right away, you continue to text them new offers, new content, and new reasons to do business with you.\r\n\r\nThis could change everything for you and your business.\r\n\r\nCLICK HERE https://boostleadgeneration.com to learn more about everything Talk With Web Visitor can do and start turing eyeballs into money.\r\n\r\nEric\r\nPS: Talk With Web Visitor offers a FREE 14 days trial – you could be converting up to 100x more leads immediately!   \r\nIt even includes International Long Distance Calling. \r\nPaying customers are out there waiting. \r\nStarting connecting today by CLICKING HERE https://boostleadgeneration.com to try Talk With Web Visitor now.\r\n\r\nIf you\'d like to unsubscribe click here http://boostleadgeneration.com/unsubscribe.aspx?d=5ibra.com','2022-12-27 21:03:25','2022-12-27 21:03:25'),(155,'Alanna Gaddy','01.25.57.60.48','gaddy.alanna@msn.com','There is a new tool called shine ranker\r\n\r\nIt helps you rank on google by finding keywords that have no competition but has a high search volume\r\nIf you want to learn more about shine ranker click the link below to watch a free video demonstration on what this tool can do for you or business\r\n\r\nShine ranker Link -> https://node18477--chasereiner.thrivecart.com/seo-pro-automated-pack\r\n\r\nFrom\r\nAlanna Gaddy','2022-12-28 04:07:20','2022-12-28 04:07:20'),(156,'Eric Jones','555-555-1212','ericjonesmyemail@gmail.com','Hi, my name is Eric and I’m betting you’d like your website 5ibra.com to generate more leads.\r\n\r\nHere’s how:\r\nTalk With Web Visitor is a software widget that’s works on your site, ready to capture any visitor’s Name, Email address and Phone Number.  It signals you as soon as they say they’re interested – so that you can talk to that lead while they’re still there at 5ibra.com.\r\n\r\nTalk With Web Visitor – CLICK HERE https://boostleadgeneration.com for a live demo now.\r\n\r\nAnd now that you’ve got their phone number, our new SMS Text With Lead feature enables you to start a text (SMS) conversation – answer questions, provide more info, and close a deal that way.\r\n\r\nIf they don’t take you up on your offer then, just follow up with text messages for new offers, content links, even just “how you doing?” notes to build a relationship.\r\n\r\nCLICK HERE https://boostleadgeneration.com to discover what Talk With Web Visitor can do for your business.\r\n\r\nThe difference between contacting someone within 5 minutes versus a half-hour means you could be converting up to 100X more leads today!\r\n\r\nTry Talk With Web Visitor and get more leads now.\r\n\r\nEric\r\nPS: The studies show 7 out of 10 visitors don’t hang around – you can’t afford to lose them!\r\nTalk With Web Visitor offers a FREE 14 days trial – and it even includes International Long Distance Calling. \r\nYou have customers waiting to talk with you right now… don’t keep them waiting. \r\nCLICK HERE https://boostleadgeneration.com to try Talk With Web Visitor now.\r\n\r\nIf you\'d like to unsubscribe click here http://boostleadgeneration.com/unsubscribe.aspx?d=5ibra.com','2023-01-03 04:24:15','2023-01-03 04:24:15'),(157,'Eric Jones','555-555-1212','ericjonesmyemail@gmail.com','Hey, this is Eric and I ran across 5ibra.com a few minutes ago.\r\n\r\nLooks great… but now what?\r\n\r\nBy that I mean, when someone like me finds your website – either through Search or just bouncing around – what happens next?  Do you get a lot of leads from your site, or at least enough to make you happy?\r\n\r\nHonestly, most business websites fall a bit short when it comes to generating paying customers. Studies show that 70% of a site’s visitors disappear and are gone forever after just a moment.\r\n\r\nHere’s an idea…\r\n \r\nHow about making it really EASY for every visitor who shows up to get a personal phone call you as soon as they hit your site…\r\n \r\nYou can –\r\n  \r\nTalk With Web Visitor is a software widget that’s works on your site, ready to capture any visitor’s Name, Email address and Phone Number.  It signals you the moment they let you know they’re interested – so that you can talk to that lead while they’re literally looking over your site.\r\n\r\nCLICK HERE http://jumboleadmagnet.com to try out a Live Demo with Talk With Web Visitor now to see exactly how it works.\r\n\r\nYou’ll be amazed - the difference between contacting someone within 5 minutes versus a half-hour or more later could increase your results 100-fold.\r\n\r\nIt gets even better… once you’ve captured their phone number, with our new SMS Text With Lead feature, you can automatically start a text (SMS) conversation.\r\n  \r\nThat way, even if you don’t close a deal right away, you can follow up with text messages for new offers, content links, even just “how you doing?” notes to build a relationship.\r\n\r\nPretty sweet – AND effective.\r\n\r\nCLICK HERE http://jumboleadmagnet.com to discover what Talk With Web Visitor can do for your business.\r\n\r\nYou could be converting up to 100X more leads today!\r\n\r\nEric\r\nPS: Talk With Web Visitor offers a FREE 14 days trial – and it even includes International Long Distance Calling. \r\nYou have customers waiting to talk with you right now… don’t keep them waiting. \r\nCLICK HERE http://jumboleadmagnet.com to try Talk With Web Visitor now.\r\n\r\nIf you\'d like to unsubscribe click here http://jumboleadmagnet.com/unsubscribe.aspx?d=5ibra.com','2023-01-04 05:21:57','2023-01-04 05:21:57'),(158,'Eric Jones','555-555-1212','ericjonesmyemail@gmail.com','My name’s Eric and I just found your site 5ibra.com.\r\n\r\nIt’s got a lot going for it, but here’s an idea to make it even MORE effective.\r\n\r\nTalk With Web Visitor – CLICK HERE https://boostleadgeneration.com for a live demo now.\r\n\r\nTalk With Web Visitor is a software widget that’s works on your site, ready to capture any visitor’s Name, Email address and Phone Number.  It signals you the moment they let you know they’re interested – so that you can talk to that lead while they’re literally looking over your site.\r\n\r\nAnd once you’ve captured their phone number, with our new SMS Text With Lead feature, you can automatically start a text (SMS) conversation… and if they don’t take you up on your offer then, you can follow up with text messages for new offers, content links, even just “how you doing?” notes to build a relationship.\r\n\r\nCLICK HERE https://boostleadgeneration.com to discover what Talk With Web Visitor can do for your business.\r\n\r\nThe difference between contacting someone within 5 minutes versus a half-hour means you could be converting up to 100X more leads today!\r\n\r\nEric\r\nPS: Studies show that 70% of a site’s visitors disappear and are gone forever after just a moment. Don’t keep losing them. \r\nTalk With Web Visitor offers a FREE 14 days trial – and it even includes International Long Distance Calling. \r\nYou have customers waiting to talk with you right now… don’t keep them waiting. \r\nCLICK HERE https://boostleadgeneration.com to try Talk With Web Visitor now.\r\n\r\nIf you\'d like to unsubscribe click here http://boostleadgeneration.com/unsubscribe.aspx?d=5ibra.com','2023-01-05 19:49:47','2023-01-05 19:49:47'),(159,'Eric Jones','555-555-1212','ericjonesmyemail@gmail.com','Hey there, I just found your site, quick question…\r\n\r\nMy name’s Eric, I found 5ibra.com after doing a quick search – you showed up near the top of the rankings, so whatever you’re doing for SEO, looks like it’s working well.\r\n\r\nSo here’s my question – what happens AFTER someone lands on your site?  Anything?\r\n\r\nResearch tells us at least 70% of the people who find your site, after a quick once-over, they disappear… forever.\r\n\r\nThat means that all the work and effort you put into getting them to show up, goes down the tubes.\r\n\r\nWhy would you want all that good work – and the great site you’ve built – go to waste?\r\n\r\nBecause the odds are they’ll just skip over calling or even grabbing their phone, leaving you high and dry.\r\n\r\nBut here’s a thought… what if you could make it super-simple for someone to raise their hand, say, “okay, let’s talk” without requiring them to even pull their cell phone from their pocket?\r\n  \r\nYou can – thanks to revolutionary new software that can literally make that first call happen NOW.\r\n\r\nTalk With Web Visitor is a software widget that sits on your site, ready and waiting to capture any visitor’s Name, Email address and Phone Number.  It lets you know IMMEDIATELY – so that you can talk to that lead while they’re still there at your site.\r\n  \r\nYou know, strike when the iron’s hot!\r\n\r\nCLICK HERE http://jumboleadmagnet.com to try out a Live Demo with Talk With Web Visitor now to see exactly how it works.\r\n\r\nWhen targeting leads, you HAVE to act fast – the difference between contacting someone within 5 minutes versus 30 minutes later is huge – like 100 times better!\r\n\r\nThat’s why you should check out our new SMS Text With Lead feature as well… once you’ve captured the phone number of the website visitor, you can automatically kick off a text message (SMS) conversation with them. \r\n \r\nImagine how powerful this could be – even if they don’t take you up on your offer immediately, you can stay in touch with them using text messages to make new offers, provide links to great content, and build your credibility.\r\n\r\nJust this alone could be a game changer to make your website even more effective.\r\n\r\nStrike when  the iron’s hot!\r\n\r\nCLICK HERE http://jumboleadmagnet.com to learn more about everything Talk With Web Visitor can do for your business – you’ll be amazed.\r\n\r\nThanks and keep up the great work!\r\n\r\nEric\r\nPS: Talk With Web Visitor offers a FREE 14 days trial – you could be converting up to 100x more leads immediately!   \r\nIt even includes International Long Distance Calling. \r\nStop wasting money chasing eyeballs that don’t turn into paying customers. \r\nCLICK HERE http://jumboleadmagnet.com to try Talk With Web Visitor now.\r\n\r\nIf you\'d like to unsubscribe click here http://jumboleadmagnet.com/unsubscribe.aspx?d=5ibra.com','2023-01-07 14:27:03','2023-01-07 14:27:03'),(160,'Eric Jones','555-555-1212','ericjonesmyemail@gmail.com','Hey, my name’s Eric and for just a second, imagine this…\r\n\r\n- Someone does a search and winds up at 5ibra.com.\r\n\r\n- They hang out for a minute to check it out.  “I’m interested… but… maybe…”\r\n\r\n- And then they hit the back button and check out the other search results instead. \r\n\r\n- Bottom line – you got an eyeball, but nothing else to show for it.\r\n\r\n- There they go.\r\n\r\nThis isn’t really your fault – it happens a LOT – studies show 7 out of 10 visitors to any site disappear without leaving a trace.\r\n\r\nBut you CAN fix that.\r\n\r\nTalk With Web Visitor is a software widget that’s works on your site, ready to capture any visitor’s Name, Email address and Phone Number.  It lets you know right then and there – enabling you to call that lead while they’re literally looking over your site.\r\n\r\nCLICK HERE http://jumboleadmagnet.com to try out a Live Demo with Talk With Web Visitor now to see exactly how it works.\r\n\r\nTime is money when it comes to connecting with leads – the difference between contacting someone within 5 minutes versus 30 minutes later can be huge – like 100 times better!\r\n\r\nPlus, now that you have their phone number, with our new SMS Text With Lead feature you can automatically start a text (SMS) conversation… so even if you don’t close a deal then, you can follow up with text messages for new offers, content links, even just “how you doing?” notes to build a relationship.\r\n\r\nStrong stuff.\r\n\r\nCLICK HERE http://jumboleadmagnet.com to discover what Talk With Web Visitor can do for your business.\r\n\r\nYou could be converting up to 100X more leads today!\r\n\r\nEric\r\nPS: Talk With Web Visitor offers a FREE 14 days trial – and it even includes International Long Distance Calling. \r\nYou have customers waiting to talk with you right now… don’t keep them waiting. \r\nCLICK HERE http://jumboleadmagnet.com to try Talk With Web Visitor now.\r\n\r\nIf you\'d like to unsubscribe click here http://jumboleadmagnet.com/unsubscribe.aspx?d=5ibra.com','2023-01-08 00:48:56','2023-01-08 00:48:56'),(161,'Eric Jones','555-555-1212','ericjonesmyemail@gmail.com','Hey, my name’s Eric and for just a second, imagine this…\r\n\r\n- Someone does a search and winds up at 5ibra.com.\r\n\r\n- They hang out for a minute to check it out.  “I’m interested… but… maybe…”\r\n\r\n- And then they hit the back button and check out the other search results instead. \r\n\r\n- Bottom line – you got an eyeball, but nothing else to show for it.\r\n\r\n- There they go.\r\n\r\nThis isn’t really your fault – it happens a LOT – studies show 7 out of 10 visitors to any site disappear without leaving a trace.\r\n\r\nBut you CAN fix that.\r\n\r\nTalk With Web Visitor is a software widget that’s works on your site, ready to capture any visitor’s Name, Email address and Phone Number.  It lets you know right then and there – enabling you to call that lead while they’re literally looking over your site.\r\n\r\nCLICK HERE http://jumboleadmagnet.com to try out a Live Demo with Talk With Web Visitor now to see exactly how it works.\r\n\r\nTime is money when it comes to connecting with leads – the difference between contacting someone within 5 minutes versus 30 minutes later can be huge – like 100 times better!\r\n\r\nPlus, now that you have their phone number, with our new SMS Text With Lead feature you can automatically start a text (SMS) conversation… so even if you don’t close a deal then, you can follow up with text messages for new offers, content links, even just “how you doing?” notes to build a relationship.\r\n\r\nStrong stuff.\r\n\r\nCLICK HERE http://jumboleadmagnet.com to discover what Talk With Web Visitor can do for your business.\r\n\r\nYou could be converting up to 100X more leads today!\r\n\r\nEric\r\nPS: Talk With Web Visitor offers a FREE 14 days trial – and it even includes International Long Distance Calling. \r\nYou have customers waiting to talk with you right now… don’t keep them waiting. \r\nCLICK HERE http://jumboleadmagnet.com to try Talk With Web Visitor now.\r\n\r\nIf you\'d like to unsubscribe click here http://jumboleadmagnet.com/unsubscribe.aspx?d=5ibra.com','2023-01-08 00:56:28','2023-01-08 00:56:28'),(162,'Eric Jones','555-555-1212','ericjonesmyemail@gmail.com','Hey there, I just found your site, quick question…\r\n\r\nMy name’s Eric, I found 5ibra.com after doing a quick search – you showed up near the top of the rankings, so whatever you’re doing for SEO, looks like it’s working well.\r\n\r\nSo here’s my question – what happens AFTER someone lands on your site?  Anything?\r\n\r\nResearch tells us at least 70% of the people who find your site, after a quick once-over, they disappear… forever.\r\n\r\nThat means that all the work and effort you put into getting them to show up, goes down the tubes.\r\n\r\nWhy would you want all that good work – and the great site you’ve built – go to waste?\r\n\r\nBecause the odds are they’ll just skip over calling or even grabbing their phone, leaving you high and dry.\r\n\r\nBut here’s a thought… what if you could make it super-simple for someone to raise their hand, say, “okay, let’s talk” without requiring them to even pull their cell phone from their pocket?\r\n  \r\nYou can – thanks to revolutionary new software that can literally make that first call happen NOW.\r\n\r\nTalk With Web Visitor is a software widget that sits on your site, ready and waiting to capture any visitor’s Name, Email address and Phone Number.  It lets you know IMMEDIATELY – so that you can talk to that lead while they’re still there at your site.\r\n  \r\nYou know, strike when the iron’s hot!\r\n\r\nCLICK HERE https://boostleadgeneration.com to try out a Live Demo with Talk With Web Visitor now to see exactly how it works.\r\n\r\nWhen targeting leads, you HAVE to act fast – the difference between contacting someone within 5 minutes versus 30 minutes later is huge – like 100 times better!\r\n\r\nThat’s why you should check out our new SMS Text With Lead feature as well… once you’ve captured the phone number of the website visitor, you can automatically kick off a text message (SMS) conversation with them. \r\n \r\nImagine how powerful this could be – even if they don’t take you up on your offer immediately, you can stay in touch with them using text messages to make new offers, provide links to great content, and build your credibility.\r\n\r\nJust this alone could be a game changer to make your website even more effective.\r\n\r\nStrike when  the iron’s hot!\r\n\r\nCLICK HERE https://boostleadgeneration.com to learn more about everything Talk With Web Visitor can do for your business – you’ll be amazed.\r\n\r\nThanks and keep up the great work!\r\n\r\nEric\r\nPS: Talk With Web Visitor offers a FREE 14 days trial – you could be converting up to 100x more leads immediately!   \r\nIt even includes International Long Distance Calling. \r\nStop wasting money chasing eyeballs that don’t turn into paying customers. \r\nCLICK HERE https://boostleadgeneration.com to try Talk With Web Visitor now.\r\n\r\nIf you\'d like to unsubscribe click here http://boostleadgeneration.com/unsubscribe.aspx?d=5ibra.com','2023-01-08 18:02:33','2023-01-08 18:02:33'),(163,'Eric Jones','555-555-1212','ericjonesmyemail@gmail.com','Hey there, I just found your site, quick question…\r\n\r\nMy name’s Eric, I found 5ibra.com after doing a quick search – you showed up near the top of the rankings, so whatever you’re doing for SEO, looks like it’s working well.\r\n\r\nSo here’s my question – what happens AFTER someone lands on your site?  Anything?\r\n\r\nResearch tells us at least 70% of the people who find your site, after a quick once-over, they disappear… forever.\r\n\r\nThat means that all the work and effort you put into getting them to show up, goes down the tubes.\r\n\r\nWhy would you want all that good work – and the great site you’ve built – go to waste?\r\n\r\nBecause the odds are they’ll just skip over calling or even grabbing their phone, leaving you high and dry.\r\n\r\nBut here’s a thought… what if you could make it super-simple for someone to raise their hand, say, “okay, let’s talk” without requiring them to even pull their cell phone from their pocket?\r\n  \r\nYou can – thanks to revolutionary new software that can literally make that first call happen NOW.\r\n\r\nTalk With Web Visitor is a software widget that sits on your site, ready and waiting to capture any visitor’s Name, Email address and Phone Number.  It lets you know IMMEDIATELY – so that you can talk to that lead while they’re still there at your site.\r\n  \r\nYou know, strike when the iron’s hot!\r\n\r\nCLICK HERE https://boostleadgeneration.com to try out a Live Demo with Talk With Web Visitor now to see exactly how it works.\r\n\r\nWhen targeting leads, you HAVE to act fast – the difference between contacting someone within 5 minutes versus 30 minutes later is huge – like 100 times better!\r\n\r\nThat’s why you should check out our new SMS Text With Lead feature as well… once you’ve captured the phone number of the website visitor, you can automatically kick off a text message (SMS) conversation with them. \r\n \r\nImagine how powerful this could be – even if they don’t take you up on your offer immediately, you can stay in touch with them using text messages to make new offers, provide links to great content, and build your credibility.\r\n\r\nJust this alone could be a game changer to make your website even more effective.\r\n\r\nStrike when  the iron’s hot!\r\n\r\nCLICK HERE https://boostleadgeneration.com to learn more about everything Talk With Web Visitor can do for your business – you’ll be amazed.\r\n\r\nThanks and keep up the great work!\r\n\r\nEric\r\nPS: Talk With Web Visitor offers a FREE 14 days trial – you could be converting up to 100x more leads immediately!   \r\nIt even includes International Long Distance Calling. \r\nStop wasting money chasing eyeballs that don’t turn into paying customers. \r\nCLICK HERE https://boostleadgeneration.com to try Talk With Web Visitor now.\r\n\r\nIf you\'d like to unsubscribe click here http://boostleadgeneration.com/unsubscribe.aspx?d=5ibra.com','2023-01-09 19:24:44','2023-01-09 19:24:44'),(164,'OyWeIaEMmohuCfJ','9375634791','piksjovaan@hotmail.com','SKIzPdsMuL','2023-01-10 14:01:07','2023-01-10 14:01:07'),(165,'vBexjAbXkc','7173360082','piksjovaan@hotmail.com','MKRxjWloVAk','2023-01-10 14:01:08','2023-01-10 14:01:08'),(166,'tcwBsiqYAHQfd','8178632541','piksjovaan@hotmail.com','sEuStCOUXaBWP','2023-01-10 14:01:26','2023-01-10 14:01:26'),(167,'WIYlHTkaK','9676841057','piksjovaan@hotmail.com','WdlmCXVAxcQsI','2023-01-10 14:01:27','2023-01-10 14:01:27'),(168,'Eric Jones','555-555-1212','ericjonesmyemail@gmail.com','Cool website!\r\n\r\nMy name’s Eric, and I just found your site - 5ibra.com - while surfing the net. You showed up at the top of the search results, so I checked you out. Looks like what you’re doing is pretty cool.\r\n \r\nBut if you don’t mind me asking – after someone like me stumbles across 5ibra.com, what usually happens?\r\n\r\nIs your site generating leads for your business? \r\n \r\nI’m guessing some, but I also bet you’d like more… studies show that 7 out 10 who land on a site wind up leaving without a trace.\r\n\r\nNot good.\r\n\r\nHere’s a thought – what if there was an easy way for every visitor to “raise their hand” to get a phone call from you INSTANTLY… the second they hit your site and said, “call me now.”\r\n\r\nYou can –\r\n  \r\nTalk With Web Visitor is a software widget that’s works on your site, ready to capture any visitor’s Name, Email address and Phone Number.  It lets you know IMMEDIATELY – so that you can talk to that lead while they’re literally looking over your site.\r\n\r\nCLICK HERE https://boostleadgeneration.com to try out a Live Demo with Talk With Web Visitor now to see exactly how it works.\r\n\r\nTime is money when it comes to connecting with leads – the difference between contacting someone within 5 minutes versus 30 minutes later can be huge – like 100 times better!\r\n\r\nThat’s why we built out our new SMS Text With Lead feature… because once you’ve captured the visitor’s phone number, you can automatically start a text message (SMS) conversation.\r\n  \r\nThink about the possibilities – even if you don’t close a deal then and there, you can follow up with text messages for new offers, content links, even just “how you doing?” notes to build a relationship.\r\n\r\nWouldn’t that be cool?\r\n\r\nCLICK HERE https://boostleadgeneration.com to discover what Talk With Web Visitor can do for your business.\r\n\r\nYou could be converting up to 100X more leads today!\r\nEric\r\n\r\nPS: Talk With Web Visitor offers a FREE 14 days trial – and it even includes International Long Distance Calling. \r\nYou have customers waiting to talk with you right now… don’t keep them waiting. \r\nCLICK HERE https://boostleadgeneration.com to try Talk With Web Visitor now.\r\n\r\nIf you\'d like to unsubscribe click here http://boostleadgeneration.com/unsubscribe.aspx?d=5ibra.com','2023-01-14 15:38:10','2023-01-14 15:38:10'),(169,'Eric Jones','555-555-1212','ericjonesmyemail@gmail.com','Good day, \r\n\r\nMy name is Eric and unlike a lot of emails you might get, I wanted to instead provide you with a word of encouragement – Congratulations\r\n\r\nWhat for?  \r\n\r\nPart of my job is to check out websites and the work you’ve done with 5ibra.com definitely stands out. \r\n\r\nIt’s clear you took building a website seriously and made a real investment of time and resources into making it top quality.\r\n\r\nThere is, however, a catch… more accurately, a question…\r\n\r\nSo when someone like me happens to find your site – maybe at the top of the search results (nice job BTW) or just through a random link, how do you know? \r\n\r\nMore importantly, how do you make a connection with that person?\r\n\r\nStudies show that 7 out of 10 visitors don’t stick around – they’re there one second and then gone with the wind.\r\n\r\nHere’s a way to create INSTANT engagement that you may not have known about… \r\n\r\nTalk With Web Visitor is a software widget that’s works on your site, ready to capture any visitor’s Name, Email address and Phone Number.  It lets you know INSTANTLY that they’re interested – so that you can talk to that lead while they’re literally checking out 5ibra.com.\r\n\r\nCLICK HERE http://jumboleadmagnet.com to try out a Live Demo with Talk With Web Visitor now to see exactly how it works.\r\n\r\nIt could be a game-changer for your business – and it gets even better… once you’ve captured their phone number, with our new SMS Text With Lead feature, you can automatically start a text (SMS) conversation – immediately (and there’s literally a 100X difference between contacting someone within 5 minutes versus 30 minutes.)\r\n\r\nPlus then, even if you don’t close a deal right away, you can connect later on with text messages for new offers, content links, even just follow up notes to build a relationship.\r\n\r\nEverything I’ve just described is simple, easy, and effective. \r\n\r\nCLICK HERE http://jumboleadmagnet.com to discover what Talk With Web Visitor can do for your business.\r\n\r\nYou could be converting up to 100X more leads today!\r\n\r\nEric\r\nPS: Talk With Web Visitor offers a FREE 14 days trial – and it even includes International Long Distance Calling. \r\nYou have customers waiting to talk with you right now… don’t keep them waiting. \r\nCLICK HERE http://jumboleadmagnet.com to try Talk With Web Visitor now.\r\n\r\nIf you\'d like to unsubscribe click here http://jumboleadmagnet.com/unsubscribe.aspx?d=5ibra.com','2023-01-16 01:37:34','2023-01-16 01:37:34'),(170,'cHpDNwUrxdSeRJl','9004678027','stacycrvergie@outlook.com','oqpljEzfvQ','2023-01-17 19:39:48','2023-01-17 19:39:48'),(171,'YzwJhLEMTZB','2504865121','stacycrvergie@outlook.com','sYDCiZcEgoh','2023-01-17 19:39:49','2023-01-17 19:39:49'),(172,'nkBUzGwt','5572259274','stacycrvergie@outlook.com','BaXMhZqpPYRcVLj','2023-01-17 19:39:50','2023-01-17 19:39:50'),(173,'eDlmUJCQY','4718814648','stacycrvergie@outlook.com','gLwRyvMx','2023-01-17 19:39:51','2023-01-17 19:39:51'),(174,'Eric Jones','555-555-1212','ericjonesmyemail@gmail.com','Hi, Eric here with a quick thought about your website 5ibra.com...\r\n\r\nI’m on the internet a lot and I look at a lot of business websites.\r\n\r\nLike yours, many of them have great content. \r\n\r\nBut all too often, they come up short when it comes to engaging and connecting with anyone who visits.\r\n\r\nI get it – it’s hard.  Studies show 7 out of 10 people who land on a site, abandon it in moments without leaving even a trace.  You got the eyeball, but nothing else.\r\n\r\nHere’s a solution for you…\r\n\r\nTalk With Web Visitor is a software widget that’s works on your site, ready to capture any visitor’s Name, Email address and Phone Number.  You’ll know immediately they’re interested and you can call them directly to talk with them literally while they’re still on the web looking at your site.\r\n\r\nCLICK HERE https://boostleadgeneration.com to try out a Live Demo with Talk With Web Visitor now to see exactly how it works.\r\n\r\nIt could be huge for your business – and because you’ve got that phone number, with our new SMS Text With Lead feature, you can automatically start a text (SMS) conversation – immediately… and contacting someone in that 5 minute window is 100 times more powerful than reaching out 30 minutes or more later.\r\n\r\nPlus, with text messaging you can follow up later with new offers, content links, even just follow up notes to keep the conversation going.\r\n\r\nEverything I’ve just described is extremely simple to implement, cost-effective, and profitable. \r\n \r\nCLICK HERE https://boostleadgeneration.com to discover what Talk With Web Visitor can do for your business.\r\n\r\nYou could be converting up to 100X more eyeballs into leads today!\r\n\r\nEric\r\nPS: Talk With Web Visitor offers a FREE 14 days trial – and it even includes International Long Distance Calling. \r\nYou have customers waiting to talk with you right now… don’t keep them waiting. \r\nCLICK HERE https://boostleadgeneration.com to try Talk With Web Visitor now.\r\n\r\nIf you\'d like to unsubscribe click here http://boostleadgeneration.com/unsubscribe.aspx?d=5ibra.com','2023-01-18 22:05:54','2023-01-18 22:05:54'),(175,'Minnie Stevenson','052 993 44 44','minnie.stevenson9@hotmail.com','Free submission of your new website to over 1000 business directories here bit.ly/submit_site_4lSEZtY470R0','2023-01-19 01:06:45','2023-01-19 01:06:45'),(176,'Bernardo Palos','72 990 61 34','soutter.justine21@hotmail.com','It is said by yahoo finance that by 2030 90 percent of content on the web will be created by Ai, the other 10 percent will agmented content with Ai\r\nIf you want to take advantge of this technology early and be one of the first adopters there is a new tool called Jasper that created content for you.\r\nif you want to learn more I recommend checking out the Jasper website where can see a list of all of the tasks Ai can do for you by linking the link\r\n\r\nJasper Ai Orginal Content Creator -> https://tinyurl.com/aiwriter1\r\n\r\nFrom\r\nBernardo Palos\r\n\r\nIf you dont want to hear about jasper anymore fill out this fourm: https://forms.gle/CaPFHzpBCnNDjYqR8','2023-01-19 08:54:21','2023-01-19 08:54:21'),(177,'Eric Jones','555-555-1212','ericjonesmyemail@gmail.com','Hello, my name’s Eric and I just ran across your website at 5ibra.com...\r\n\r\nI found it after a quick search, so your SEO’s working out…\r\n\r\nContent looks pretty good…\r\n\r\nOne thing’s missing though…\r\n\r\nA QUICK, EASY way to connect with you NOW.\r\n\r\nBecause studies show that a web lead like me will only hang out a few seconds – 7 out of 10 disappear almost instantly, Surf Surf Surf… then gone forever.\r\n\r\nI have the solution:\r\n\r\nTalk With Web Visitor is a software widget that’s works on your site, ready to capture any visitor’s Name, Email address and Phone Number.  You’ll know immediately they’re interested and you can call them directly to TALK with them - literally while they’re still on the web looking at your site.\r\n\r\nCLICK HERE http://jumboleadmagnet.com to try out a Live Demo with Talk With Web Visitor now to see exactly how it works and even give it a try… it could be huge for your business.\r\n\r\nPlus, now that you’ve got that phone number, with our new SMS Text With Lead feature, you can automatically start a text (SMS) conversation pronto… which is so powerful, because connecting with someone within the first 5 minutes is 100 times more effective than waiting 30 minutes or more later.\r\n\r\nThe new text messaging feature lets you follow up regularly with new offers, content links, even just follow up notes to build a relationship.\r\n\r\nEverything I’ve just described is extremely simple to implement, cost-effective, and profitable.\r\n \r\nCLICK HERE http://jumboleadmagnet.com to discover what Talk With Web Visitor can do for your business, potentially converting up to 100X more eyeballs into leads today!\r\n\r\nEric\r\nPS: Talk With Web Visitor offers a FREE 14 days trial – and it even includes International Long Distance Calling. \r\nYou have customers waiting to talk with you right now… don’t keep them waiting. \r\nCLICK HERE http://jumboleadmagnet.com to try Talk With Web Visitor now.\r\n\r\nIf you\'d like to unsubscribe click here http://jumboleadmagnet.com/unsubscribe.aspx?d=5ibra.com','2023-01-20 15:34:34','2023-01-20 15:34:34'),(178,'Eric Jones','555-555-1212','ericjonesmyemail@gmail.com','Hi, my name is Eric and I’m betting you’d like your website 5ibra.com to generate more leads.\r\n\r\nHere’s how:\r\nTalk With Web Visitor is a software widget that’s works on your site, ready to capture any visitor’s Name, Email address and Phone Number.  It signals you as soon as they say they’re interested – so that you can talk to that lead while they’re still there at 5ibra.com.\r\n\r\nTalk With Web Visitor – CLICK HERE http://jumboleadmagnet.com for a live demo now.\r\n\r\nAnd now that you’ve got their phone number, our new SMS Text With Lead feature enables you to start a text (SMS) conversation – answer questions, provide more info, and close a deal that way.\r\n\r\nIf they don’t take you up on your offer then, just follow up with text messages for new offers, content links, even just “how you doing?” notes to build a relationship.\r\n\r\nCLICK HERE http://jumboleadmagnet.com to discover what Talk With Web Visitor can do for your business.\r\n\r\nThe difference between contacting someone within 5 minutes versus a half-hour means you could be converting up to 100X more leads today!\r\n\r\nTry Talk With Web Visitor and get more leads now.\r\n\r\nEric\r\nPS: The studies show 7 out of 10 visitors don’t hang around – you can’t afford to lose them!\r\nTalk With Web Visitor offers a FREE 14 days trial – and it even includes International Long Distance Calling. \r\nYou have customers waiting to talk with you right now… don’t keep them waiting. \r\nCLICK HERE http://jumboleadmagnet.com to try Talk With Web Visitor now.\r\n\r\nIf you\'d like to unsubscribe click here http://jumboleadmagnet.com/unsubscribe.aspx?d=5ibra.com','2023-01-20 18:24:53','2023-01-20 18:24:53'),(179,'Eric Jones','555-555-1212','ericjonesmyemail@gmail.com','Hi, Eric here with a quick thought about your website 5ibra.com...\r\n\r\nI’m on the internet a lot and I look at a lot of business websites.\r\n\r\nLike yours, many of them have great content. \r\n\r\nBut all too often, they come up short when it comes to engaging and connecting with anyone who visits.\r\n\r\nI get it – it’s hard.  Studies show 7 out of 10 people who land on a site, abandon it in moments without leaving even a trace.  You got the eyeball, but nothing else.\r\n\r\nHere’s a solution for you…\r\n\r\nTalk With Web Visitor is a software widget that’s works on your site, ready to capture any visitor’s Name, Email address and Phone Number.  You’ll know immediately they’re interested and you can call them directly to talk with them literally while they’re still on the web looking at your site.\r\n\r\nCLICK HERE http://jumboleadmagnet.com to try out a Live Demo with Talk With Web Visitor now to see exactly how it works.\r\n\r\nIt could be huge for your business – and because you’ve got that phone number, with our new SMS Text With Lead feature, you can automatically start a text (SMS) conversation – immediately… and contacting someone in that 5 minute window is 100 times more powerful than reaching out 30 minutes or more later.\r\n\r\nPlus, with text messaging you can follow up later with new offers, content links, even just follow up notes to keep the conversation going.\r\n\r\nEverything I’ve just described is extremely simple to implement, cost-effective, and profitable. \r\n \r\nCLICK HERE http://jumboleadmagnet.com to discover what Talk With Web Visitor can do for your business.\r\n\r\nYou could be converting up to 100X more eyeballs into leads today!\r\n\r\nEric\r\nPS: Talk With Web Visitor offers a FREE 14 days trial – and it even includes International Long Distance Calling. \r\nYou have customers waiting to talk with you right now… don’t keep them waiting. \r\nCLICK HERE http://jumboleadmagnet.com to try Talk With Web Visitor now.\r\n\r\nIf you\'d like to unsubscribe click here http://jumboleadmagnet.com/unsubscribe.aspx?d=5ibra.com','2023-01-20 21:11:23','2023-01-20 21:11:23'),(180,'eOcXpidH','5487543478','sirma1w7@outlook.com','VRrPTqyOupnma','2023-01-21 04:16:32','2023-01-21 04:16:32'),(181,'UtXObNzAe','9085804412','sirma1w7@outlook.com','aeHDnmuLwFXgy','2023-01-21 04:16:34','2023-01-21 04:16:34'),(182,'YgCRZeTro','2856502693','sirma1w7@outlook.com','SuWJvHVfGrBgqxkZ','2023-01-21 04:16:49','2023-01-21 04:16:49'),(183,'fHMGmzsKlqeu','9538940426','sirma1w7@outlook.com','JzuBMrAg','2023-01-21 04:16:51','2023-01-21 04:16:51'),(184,'Bernardo Palos','973 35 811','clinton.rosemary@gmail.com','It is said by yahoo finance that by 2030 90 percent of content on the web will be created by Ai, the other 10 percent will agmented content with Ai\r\nthere is a new Ai tool called Jasper that helps create content for you with a click of a button for your blog or business\r\n\r\nClick the Link here to start your free trial -> https://tinyurl.com/Jasper-Free-Trial-Ai-Writer\r\n\r\nFrom\r\nBernardo Palos\r\n\r\nIf you dont want to hear about jasper anymore from me fill out this form correctly: https://tinyurl.com/Jasper-Contact-Removal','2023-01-21 14:12:06','2023-01-21 14:12:06'),(185,'Eric Jones','555-555-1212','ericjonesmyemail@gmail.com','Hey there, I just found your site, quick question…\r\n\r\nMy name’s Eric, I found 5ibra.com after doing a quick search – you showed up near the top of the rankings, so whatever you’re doing for SEO, looks like it’s working well.\r\n\r\nSo here’s my question – what happens AFTER someone lands on your site?  Anything?\r\n\r\nResearch tells us at least 70% of the people who find your site, after a quick once-over, they disappear… forever.\r\n\r\nThat means that all the work and effort you put into getting them to show up, goes down the tubes.\r\n\r\nWhy would you want all that good work – and the great site you’ve built – go to waste?\r\n\r\nBecause the odds are they’ll just skip over calling or even grabbing their phone, leaving you high and dry.\r\n\r\nBut here’s a thought… what if you could make it super-simple for someone to raise their hand, say, “okay, let’s talk” without requiring them to even pull their cell phone from their pocket?\r\n  \r\nYou can – thanks to revolutionary new software that can literally make that first call happen NOW.\r\n\r\nTalk With Web Visitor is a software widget that sits on your site, ready and waiting to capture any visitor’s Name, Email address and Phone Number.  It lets you know IMMEDIATELY – so that you can talk to that lead while they’re still there at your site.\r\n  \r\nYou know, strike when the iron’s hot!\r\n\r\nCLICK HERE http://boostleadgeneration.com to try out a Live Demo with Talk With Web Visitor now to see exactly how it works.\r\n\r\nWhen targeting leads, you HAVE to act fast – the difference between contacting someone within 5 minutes versus 30 minutes later is huge – like 100 times better!\r\n\r\nThat’s why you should check out our new SMS Text With Lead feature as well… once you’ve captured the phone number of the website visitor, you can automatically kick off a text message (SMS) conversation with them. \r\n \r\nImagine how powerful this could be – even if they don’t take you up on your offer immediately, you can stay in touch with them using text messages to make new offers, provide links to great content, and build your credibility.\r\n\r\nJust this alone could be a game changer to make your website even more effective.\r\n\r\nStrike when  the iron’s hot!\r\n\r\nCLICK HERE http://boostleadgeneration.com to learn more about everything Talk With Web Visitor can do for your business – you’ll be amazed.\r\n\r\nThanks and keep up the great work!\r\n\r\nEric\r\nPS: Talk With Web Visitor offers a FREE 14 days trial – you could be converting up to 100x more leads immediately!   \r\nIt even includes International Long Distance Calling. \r\nStop wasting money chasing eyeballs that don’t turn into paying customers. \r\nCLICK HERE http://boostleadgeneration.com to try Talk With Web Visitor now.\r\n\r\nIf you\'d like to unsubscribe click here http://boostleadgeneration.com/unsubscribe.aspx?d=5ibra.com','2023-01-21 19:41:33','2023-01-21 19:41:33'),(186,'Manuela Bundy','949-241-7221','hacker@haasjerecreatie.nl','Your Site Has Been Hacked\r\n\r\nPLEASE FORWARD THIS EMAIL TO SOMEONE IN YOUR COMPANY WHO IS ALLOWED TO MAKE IMPORTANT DECISIONS!\r\n\r\nWe have hacked your website https://www.5ibra.com and extracted your databases.\r\n\r\nHow did this happen?\r\n\r\nOur team has found a vulnerability within your site that we were able to exploit. After finding the vulnerability we were able to get your database credentials and extract your entire database and move the information to an offshore server.\r\n\r\nWhat does this mean?\r\n\r\nWe will systematically go through a series of steps of totally damaging your reputation. First your database will be leaked or sold to the highest bidder which they will use with whatever their intentions are. Next if there are e-mails found they will be e-mailed that their information has been sold or leaked and your https://www.5ibra.com was at fault thusly damaging your reputation and having angry customers/associates with whatever angry customers/associates do. Lastly any links that you have indexed in the search engines will be de-indexed based off of blackhat techniques that we used in the past to de-index our targets.\r\n\r\nHow do I stop this?\r\n\r\nWe are willing to refrain from destroying your site’s reputation for a small fee. The current fee is $3000 in bitcoins (0.14 BTC).\r\n\r\nThe amount(approximately): $3000 (0.14 BTC)\r\nThe Address Part 1: bc1qj9u7gmjk5kznnnjgs\r\nThe Address Part 2: fvs35fftmtfh7n6wk6jt2\r\n\r\nSo, you have to manually copy + paste Part1 and Part2 in one string made of 42 characters with no space between the parts that start with \"b\" and end with \"2\" is the actually address where you should send the money to.\r\n\r\n Once you have paid we will automatically get informed that it was your payment. Please note that you have to make payment within 72 hours after receiving this message or the database leak, e-mails dispatched, and de-index of your site WILL start!\r\n\r\nHow do I get Bitcoins?\r\n\r\nYou can easily buy bitcoins via several websites or even offline from a Bitcoin-ATM. \r\n\r\nWhat if I don’t pay?\r\n\r\nIf you decide not to pay, we will start the attack at the indicated date and uphold it until you do, there’s no counter measure to this, you will only end up wasting more money trying to find a solution. We will completely destroy your reputation amongst google and your customers.\r\n\r\nThis is not a hoax, do not reply to this email, don’t try to reason or negotiate, we will not read any replies. Once you have paid we will stop what we were doing and you will never hear from us again!\r\n\r\nPlease note that Bitcoin is anonymous and no one will find out that you have complied.','2023-01-23 14:47:16','2023-01-23 14:47:16'),(187,'Bernardo Palos','03.58.91.50.13','gidget.mccormick83@gmail.com','It is said by yahoo finance that by 2030 90 percent of content on the web will be created by Ai, the other 10 percent will agmented content with Ai\r\nthere is a new Ai tool called Jasper that helps create content for you with a click of a button for your blog or business\r\n\r\nClick the Link here to start your free trial -> https://tinyurl.com/Jasper-Free-Trial-Ai-Writer\r\n\r\nFrom\r\nBernardo Palos\r\n\r\nIf you dont want to hear about jasper anymore from me fill out this form correctly: https://tinyurl.com/Jasper-Contact-Removal','2023-01-23 17:58:00','2023-01-23 17:58:00'),(188,'Eric Jones','555-555-1212','ericjonesmyemail@gmail.com','Cool website!\r\n\r\nMy name’s Eric, and I just found your site - 5ibra.com - while surfing the net. You showed up at the top of the search results, so I checked you out. Looks like what you’re doing is pretty cool.\r\n \r\nBut if you don’t mind me asking – after someone like me stumbles across 5ibra.com, what usually happens?\r\n\r\nIs your site generating leads for your business? \r\n \r\nI’m guessing some, but I also bet you’d like more… studies show that 7 out 10 who land on a site wind up leaving without a trace.\r\n\r\nNot good.\r\n\r\nHere’s a thought – what if there was an easy way for every visitor to “raise their hand” to get a phone call from you INSTANTLY… the second they hit your site and said, “call me now.”\r\n\r\nYou can –\r\n  \r\nTalk With Web Visitor is a software widget that’s works on your site, ready to capture any visitor’s Name, Email address and Phone Number.  It lets you know IMMEDIATELY – so that you can talk to that lead while they’re literally looking over your site.\r\n\r\nCLICK HERE http://boostleadgeneration.com to try out a Live Demo with Talk With Web Visitor now to see exactly how it works.\r\n\r\nTime is money when it comes to connecting with leads – the difference between contacting someone within 5 minutes versus 30 minutes later can be huge – like 100 times better!\r\n\r\nThat’s why we built out our new SMS Text With Lead feature… because once you’ve captured the visitor’s phone number, you can automatically start a text message (SMS) conversation.\r\n  \r\nThink about the possibilities – even if you don’t close a deal then and there, you can follow up with text messages for new offers, content links, even just “how you doing?” notes to build a relationship.\r\n\r\nWouldn’t that be cool?\r\n\r\nCLICK HERE http://boostleadgeneration.com to discover what Talk With Web Visitor can do for your business.\r\n\r\nYou could be converting up to 100X more leads today!\r\nEric\r\n\r\nPS: Talk With Web Visitor offers a FREE 14 days trial – and it even includes International Long Distance Calling. \r\nYou have customers waiting to talk with you right now… don’t keep them waiting. \r\nCLICK HERE http://boostleadgeneration.com to try Talk With Web Visitor now.\r\n\r\nIf you\'d like to unsubscribe click here http://boostleadgeneration.com/unsubscribe.aspx?d=5ibra.com','2023-01-24 15:44:45','2023-01-24 15:44:45'),(189,'Eric Jones','555-555-1212','ericjonesmyemail@gmail.com','Cool website!\r\n\r\nMy name’s Eric, and I just found your site - 5ibra.com - while surfing the net. You showed up at the top of the search results, so I checked you out. Looks like what you’re doing is pretty cool.\r\n \r\nBut if you don’t mind me asking – after someone like me stumbles across 5ibra.com, what usually happens?\r\n\r\nIs your site generating leads for your business? \r\n \r\nI’m guessing some, but I also bet you’d like more… studies show that 7 out 10 who land on a site wind up leaving without a trace.\r\n\r\nNot good.\r\n\r\nHere’s a thought – what if there was an easy way for every visitor to “raise their hand” to get a phone call from you INSTANTLY… the second they hit your site and said, “call me now.”\r\n\r\nYou can –\r\n  \r\nTalk With Web Visitor is a software widget that’s works on your site, ready to capture any visitor’s Name, Email address and Phone Number.  It lets you know IMMEDIATELY – so that you can talk to that lead while they’re literally looking over your site.\r\n\r\nCLICK HERE http://jumboleadmagnet.com to try out a Live Demo with Talk With Web Visitor now to see exactly how it works.\r\n\r\nTime is money when it comes to connecting with leads – the difference between contacting someone within 5 minutes versus 30 minutes later can be huge – like 100 times better!\r\n\r\nThat’s why we built out our new SMS Text With Lead feature… because once you’ve captured the visitor’s phone number, you can automatically start a text message (SMS) conversation.\r\n  \r\nThink about the possibilities – even if you don’t close a deal then and there, you can follow up with text messages for new offers, content links, even just “how you doing?” notes to build a relationship.\r\n\r\nWouldn’t that be cool?\r\n\r\nCLICK HERE http://jumboleadmagnet.com to discover what Talk With Web Visitor can do for your business.\r\n\r\nYou could be converting up to 100X more leads today!\r\nEric\r\n\r\nPS: Talk With Web Visitor offers a FREE 14 days trial – and it even includes International Long Distance Calling. \r\nYou have customers waiting to talk with you right now… don’t keep them waiting. \r\nCLICK HERE http://jumboleadmagnet.com to try Talk With Web Visitor now.\r\n\r\nIf you\'d like to unsubscribe click here http://jumboleadmagnet.com/unsubscribe.aspx?d=5ibra.com','2023-01-24 17:31:27','2023-01-24 17:31:27'),(190,'Eric Jones','555-555-1212','ericjonesmyemail@gmail.com','Hello, my name’s Eric and I just ran across your website at 5ibra.com...\r\n\r\nI found it after a quick search, so your SEO’s working out…\r\n\r\nContent looks pretty good…\r\n\r\nOne thing’s missing though…\r\n\r\nA QUICK, EASY way to connect with you NOW.\r\n\r\nBecause studies show that a web lead like me will only hang out a few seconds – 7 out of 10 disappear almost instantly, Surf Surf Surf… then gone forever.\r\n\r\nI have the solution:\r\n\r\nTalk With Web Visitor is a software widget that’s works on your site, ready to capture any visitor’s Name, Email address and Phone Number.  You’ll know immediately they’re interested and you can call them directly to TALK with them - literally while they’re still on the web looking at your site.\r\n\r\nCLICK HERE https://boostleadgeneration.com to try out a Live Demo with Talk With Web Visitor now to see exactly how it works and even give it a try… it could be huge for your business.\r\n\r\nPlus, now that you’ve got that phone number, with our new SMS Text With Lead feature, you can automatically start a text (SMS) conversation pronto… which is so powerful, because connecting with someone within the first 5 minutes is 100 times more effective than waiting 30 minutes or more later.\r\n\r\nThe new text messaging feature lets you follow up regularly with new offers, content links, even just follow up notes to build a relationship.\r\n\r\nEverything I’ve just described is extremely simple to implement, cost-effective, and profitable.\r\n \r\nCLICK HERE https://boostleadgeneration.com to discover what Talk With Web Visitor can do for your business, potentially converting up to 100X more eyeballs into leads today!\r\n\r\nEric\r\nPS: Talk With Web Visitor offers a FREE 14 days trial – and it even includes International Long Distance Calling. \r\nYou have customers waiting to talk with you right now… don’t keep them waiting. \r\nCLICK HERE https://boostleadgeneration.com to try Talk With Web Visitor now.\r\n\r\nIf you\'d like to unsubscribe click here http://boostleadgeneration.com/unsubscribe.aspx?d=5ibra.com','2023-01-25 06:21:43','2023-01-25 06:21:43'),(191,'Eric Jones','555-555-1212','ericjonesmyemail@gmail.com','Hey, my name’s Eric and for just a second, imagine this…\r\n\r\n- Someone does a search and winds up at 5ibra.com.\r\n\r\n- They hang out for a minute to check it out.  “I’m interested… but… maybe…”\r\n\r\n- And then they hit the back button and check out the other search results instead. \r\n\r\n- Bottom line – you got an eyeball, but nothing else to show for it.\r\n\r\n- There they go.\r\n\r\nThis isn’t really your fault – it happens a LOT – studies show 7 out of 10 visitors to any site disappear without leaving a trace.\r\n\r\nBut you CAN fix that.\r\n\r\nTalk With Web Visitor is a software widget that’s works on your site, ready to capture any visitor’s Name, Email address and Phone Number.  It lets you know right then and there – enabling you to call that lead while they’re literally looking over your site.\r\n\r\nCLICK HERE https://boostleadgeneration.com to try out a Live Demo with Talk With Web Visitor now to see exactly how it works.\r\n\r\nTime is money when it comes to connecting with leads – the difference between contacting someone within 5 minutes versus 30 minutes later can be huge – like 100 times better!\r\n\r\nPlus, now that you have their phone number, with our new SMS Text With Lead feature you can automatically start a text (SMS) conversation… so even if you don’t close a deal then, you can follow up with text messages for new offers, content links, even just “how you doing?” notes to build a relationship.\r\n\r\nStrong stuff.\r\n\r\nCLICK HERE https://boostleadgeneration.com to discover what Talk With Web Visitor can do for your business.\r\n\r\nYou could be converting up to 100X more leads today!\r\n\r\nEric\r\nPS: Talk With Web Visitor offers a FREE 14 days trial – and it even includes International Long Distance Calling. \r\nYou have customers waiting to talk with you right now… don’t keep them waiting. \r\nCLICK HERE https://boostleadgeneration.com to try Talk With Web Visitor now.\r\n\r\nIf you\'d like to unsubscribe click here http://boostleadgeneration.com/unsubscribe.aspx?d=5ibra.com','2023-01-26 13:44:33','2023-01-26 13:44:33'),(192,'Eddie Delucchi',NULL,'CarlotaGrasmick@gmail.com',NULL,'2023-01-26 20:26:07','2023-01-26 20:26:07'),(193,'Eric Jones','555-555-1212','ericjonesmyemail@gmail.com','My name’s Eric and I just found your site 5ibra.com.\r\n\r\nIt’s got a lot going for it, but here’s an idea to make it even MORE effective.\r\n\r\nTalk With Web Visitor – CLICK HERE http://jumboleadmagnet.com for a live demo now.\r\n\r\nTalk With Web Visitor is a software widget that’s works on your site, ready to capture any visitor’s Name, Email address and Phone Number.  It signals you the moment they let you know they’re interested – so that you can talk to that lead while they’re literally looking over your site.\r\n\r\nAnd once you’ve captured their phone number, with our new SMS Text With Lead feature, you can automatically start a text (SMS) conversation… and if they don’t take you up on your offer then, you can follow up with text messages for new offers, content links, even just “how you doing?” notes to build a relationship.\r\n\r\nCLICK HERE http://jumboleadmagnet.com to discover what Talk With Web Visitor can do for your business.\r\n\r\nThe difference between contacting someone within 5 minutes versus a half-hour means you could be converting up to 100X more leads today!\r\n\r\nEric\r\nPS: Studies show that 70% of a site’s visitors disappear and are gone forever after just a moment. Don’t keep losing them. \r\nTalk With Web Visitor offers a FREE 14 days trial – and it even includes International Long Distance Calling. \r\nYou have customers waiting to talk with you right now… don’t keep them waiting. \r\nCLICK HERE http://jumboleadmagnet.com to try Talk With Web Visitor now.\r\n\r\nIf you\'d like to unsubscribe click here http://jumboleadmagnet.com/unsubscribe.aspx?d=5ibra.com','2023-01-27 10:00:53','2023-01-27 10:00:53'),(194,'Rafaela Groff','09122 20 91 01','groff.rafaela@gmail.com','Congratulations on the new site! Increase its visibility by submitting it to our directory. http://bit.ly/3JjLZe1','2023-01-30 00:01:54','2023-01-30 00:01:54'),(195,'Eric Jones','555-555-1212','ericjonesmyemail@gmail.com','My name’s Eric and I just came across your website - 5ibra.com - in the search results.\r\n\r\nHere’s what that means to me…\r\n\r\nYour SEO’s working.\r\n\r\nYou’re getting eyeballs – mine at least.\r\n\r\nYour content’s pretty good, wouldn’t change a thing.\r\n\r\nBUT…\r\n\r\nEyeballs don’t pay the bills.\r\n\r\nCUSTOMERS do.\r\n\r\nAnd studies show that 7 out of 10 visitors to a site like 5ibra.com will drop by, take a gander, and then head for the hills without doing anything else.\r\n\r\nIt’s like they never were even there.\r\n\r\nYou can fix this.\r\n\r\nYou can make it super-simple for them to raise their hand, say, “okay, let’s talk” without requiring them to even pull their cell phone from their pocket… thanks to Talk With Web Visitor.\r\n\r\nTalk With Web Visitor is a software widget that sits on your site, ready and waiting to capture any visitor’s Name, Email address and Phone Number.  It lets you know immediately – so you can talk to that lead immediately… without delay… BEFORE they head for those hills.\r\n  \r\nCLICK HERE http://boostleadgeneration.com to try out a Live Demo with Talk With Web Visitor now to see exactly how it works.\r\n\r\nNow it’s also true that when reaching out to hot leads, you MUST act fast – the difference between contacting someone within 5 minutes versus 30 minutes later is huge – like 100 times better!\r\n\r\nThat’s what makes our new SMS Text With Lead feature so powerful… you’ve got their phone number, so now you can start a text message (SMS) conversation with them… so even if they don’t take you up on your offer right away, you continue to text them new offers, new content, and new reasons to do business with you.\r\n\r\nThis could change everything for you and your business.\r\n\r\nCLICK HERE http://boostleadgeneration.com to learn more about everything Talk With Web Visitor can do and start turing eyeballs into money.\r\n\r\nEric\r\nPS: Talk With Web Visitor offers a FREE 14 days trial – you could be converting up to 100x more leads immediately!   \r\nIt even includes International Long Distance Calling. \r\nPaying customers are out there waiting. \r\nStarting connecting today by CLICKING HERE http://boostleadgeneration.com to try Talk With Web Visitor now.\r\n\r\nIf you\'d like to unsubscribe click here http://boostleadgeneration.com/unsubscribe.aspx?d=5ibra.com','2023-01-30 03:16:47','2023-01-30 03:16:47'),(196,'Eric Jones','555-555-1212','eric.jones.z.mail@gmail.com','My name’s Eric and I just found your site 5ibra.com.\r\n\r\nIt’s got a lot going for it, but here’s an idea to make it even MORE effective.\r\n\r\nTalk With Web Visitor – CLICK HERE http://boostleadgeneration.com for a live demo now.\r\n\r\nTalk With Web Visitor is a software widget that’s works on your site, ready to capture any visitor’s Name, Email address and Phone Number.  It signals you the moment they let you know they’re interested – so that you can talk to that lead while they’re literally looking over your site.\r\n\r\nAnd once you’ve captured their phone number, with our new SMS Text With Lead feature, you can automatically start a text (SMS) conversation… and if they don’t take you up on your offer then, you can follow up with text messages for new offers, content links, even just “how you doing?” notes to build a relationship.\r\n\r\nCLICK HERE http://boostleadgeneration.com to discover what Talk With Web Visitor can do for your business.\r\n\r\nThe difference between contacting someone within 5 minutes versus a half-hour means you could be converting up to 100X more leads today!\r\n\r\nEric\r\nPS: Studies show that 70% of a site’s visitors disappear and are gone forever after just a moment. Don’t keep losing them. \r\nTalk With Web Visitor offers a FREE 14 days trial – and it even includes International Long Distance Calling. \r\nYou have customers waiting to talk with you right now… don’t keep them waiting. \r\nCLICK HERE http://boostleadgeneration.com to try Talk With Web Visitor now.\r\n\r\nIf you\'d like to unsubscribe click here http://boostleadgeneration.com/unsubscribe.aspx?d=5ibra.com','2023-01-31 07:50:49','2023-01-31 07:50:49'),(197,'Eric Jones','555-555-1212','ericjonesmyemail@gmail.com','My name’s Eric and I just came across your website - 5ibra.com - in the search results.\r\n\r\nHere’s what that means to me…\r\n\r\nYour SEO’s working.\r\n\r\nYou’re getting eyeballs – mine at least.\r\n\r\nYour content’s pretty good, wouldn’t change a thing.\r\n\r\nBUT…\r\n\r\nEyeballs don’t pay the bills.\r\n\r\nCUSTOMERS do.\r\n\r\nAnd studies show that 7 out of 10 visitors to a site like 5ibra.com will drop by, take a gander, and then head for the hills without doing anything else.\r\n\r\nIt’s like they never were even there.\r\n\r\nYou can fix this.\r\n\r\nYou can make it super-simple for them to raise their hand, say, “okay, let’s talk” without requiring them to even pull their cell phone from their pocket… thanks to Talk With Web Visitor.\r\n\r\nTalk With Web Visitor is a software widget that sits on your site, ready and waiting to capture any visitor’s Name, Email address and Phone Number.  It lets you know immediately – so you can talk to that lead immediately… without delay… BEFORE they head for those hills.\r\n  \r\nCLICK HERE https://boostleadgeneration.com to try out a Live Demo with Talk With Web Visitor now to see exactly how it works.\r\n\r\nNow it’s also true that when reaching out to hot leads, you MUST act fast – the difference between contacting someone within 5 minutes versus 30 minutes later is huge – like 100 times better!\r\n\r\nThat’s what makes our new SMS Text With Lead feature so powerful… you’ve got their phone number, so now you can start a text message (SMS) conversation with them… so even if they don’t take you up on your offer right away, you continue to text them new offers, new content, and new reasons to do business with you.\r\n\r\nThis could change everything for you and your business.\r\n\r\nCLICK HERE https://boostleadgeneration.com to learn more about everything Talk With Web Visitor can do and start turing eyeballs into money.\r\n\r\nEric\r\nPS: Talk With Web Visitor offers a FREE 14 days trial – you could be converting up to 100x more leads immediately!   \r\nIt even includes International Long Distance Calling. \r\nPaying customers are out there waiting. \r\nStarting connecting today by CLICKING HERE https://boostleadgeneration.com to try Talk With Web Visitor now.\r\n\r\nIf you\'d like to unsubscribe click here http://boostleadgeneration.com/unsubscribe.aspx?d=5ibra.com','2023-01-31 18:37:45','2023-01-31 18:37:45'),(198,'Jared Gresco',NULL,'DetraWinkowski@gmail.com',NULL,'2023-02-01 09:53:25','2023-02-01 09:53:25'),(199,'Eric Jones','555-555-1212','ericjonesmyemail@gmail.com','Hey, this is Eric and I ran across 5ibra.com a few minutes ago.\r\n\r\nLooks great… but now what?\r\n\r\nBy that I mean, when someone like me finds your website – either through Search or just bouncing around – what happens next?  Do you get a lot of leads from your site, or at least enough to make you happy?\r\n\r\nHonestly, most business websites fall a bit short when it comes to generating paying customers. Studies show that 70% of a site’s visitors disappear and are gone forever after just a moment.\r\n\r\nHere’s an idea…\r\n \r\nHow about making it really EASY for every visitor who shows up to get a personal phone call you as soon as they hit your site…\r\n \r\nYou can –\r\n  \r\nTalk With Web Visitor is a software widget that’s works on your site, ready to capture any visitor’s Name, Email address and Phone Number.  It signals you the moment they let you know they’re interested – so that you can talk to that lead while they’re literally looking over your site.\r\n\r\nCLICK HERE http://boostleadgeneration.com to try out a Live Demo with Talk With Web Visitor now to see exactly how it works.\r\n\r\nYou’ll be amazed - the difference between contacting someone within 5 minutes versus a half-hour or more later could increase your results 100-fold.\r\n\r\nIt gets even better… once you’ve captured their phone number, with our new SMS Text With Lead feature, you can automatically start a text (SMS) conversation.\r\n  \r\nThat way, even if you don’t close a deal right away, you can follow up with text messages for new offers, content links, even just “how you doing?” notes to build a relationship.\r\n\r\nPretty sweet – AND effective.\r\n\r\nCLICK HERE http://boostleadgeneration.com to discover what Talk With Web Visitor can do for your business.\r\n\r\nYou could be converting up to 100X more leads today!\r\n\r\nEric\r\nPS: Talk With Web Visitor offers a FREE 14 days trial – and it even includes International Long Distance Calling. \r\nYou have customers waiting to talk with you right now… don’t keep them waiting. \r\nCLICK HERE http://boostleadgeneration.com to try Talk With Web Visitor now.\r\n\r\nIf you\'d like to unsubscribe click here http://boostleadgeneration.com/unsubscribe.aspx?d=5ibra.com','2023-02-03 16:44:27','2023-02-03 16:44:27'),(200,'Eric Jones','555-555-1212','ericjonesmyemail@gmail.com','Good day, \r\n\r\nMy name is Eric and unlike a lot of emails you might get, I wanted to instead provide you with a word of encouragement – Congratulations\r\n\r\nWhat for?  \r\n\r\nPart of my job is to check out websites and the work you’ve done with 5ibra.com definitely stands out. \r\n\r\nIt’s clear you took building a website seriously and made a real investment of time and resources into making it top quality.\r\n\r\nThere is, however, a catch… more accurately, a question…\r\n\r\nSo when someone like me happens to find your site – maybe at the top of the search results (nice job BTW) or just through a random link, how do you know? \r\n\r\nMore importantly, how do you make a connection with that person?\r\n\r\nStudies show that 7 out of 10 visitors don’t stick around – they’re there one second and then gone with the wind.\r\n\r\nHere’s a way to create INSTANT engagement that you may not have known about… \r\n\r\nTalk With Web Visitor is a software widget that’s works on your site, ready to capture any visitor’s Name, Email address and Phone Number.  It lets you know INSTANTLY that they’re interested – so that you can talk to that lead while they’re literally checking out 5ibra.com.\r\n\r\nCLICK HERE http://jumboleadmagnet.com to try out a Live Demo with Talk With Web Visitor now to see exactly how it works.\r\n\r\nIt could be a game-changer for your business – and it gets even better… once you’ve captured their phone number, with our new SMS Text With Lead feature, you can automatically start a text (SMS) conversation – immediately (and there’s literally a 100X difference between contacting someone within 5 minutes versus 30 minutes.)\r\n\r\nPlus then, even if you don’t close a deal right away, you can connect later on with text messages for new offers, content links, even just follow up notes to build a relationship.\r\n\r\nEverything I’ve just described is simple, easy, and effective. \r\n\r\nCLICK HERE http://jumboleadmagnet.com to discover what Talk With Web Visitor can do for your business.\r\n\r\nYou could be converting up to 100X more leads today!\r\n\r\nEric\r\nPS: Talk With Web Visitor offers a FREE 14 days trial – and it even includes International Long Distance Calling. \r\nYou have customers waiting to talk with you right now… don’t keep them waiting. \r\nCLICK HERE http://jumboleadmagnet.com to try Talk With Web Visitor now.\r\n\r\nIf you\'d like to unsubscribe click here http://jumboleadmagnet.com/unsubscribe.aspx?d=5ibra.com','2023-02-04 15:24:22','2023-02-04 15:24:22'),(201,'Eric Jones','555-555-1212','ericjonesmyemail@gmail.com','Hey, this is Eric and I ran across 5ibra.com a few minutes ago.\r\n\r\nLooks great… but now what?\r\n\r\nBy that I mean, when someone like me finds your website – either through Search or just bouncing around – what happens next?  Do you get a lot of leads from your site, or at least enough to make you happy?\r\n\r\nHonestly, most business websites fall a bit short when it comes to generating paying customers. Studies show that 70% of a site’s visitors disappear and are gone forever after just a moment.\r\n\r\nHere’s an idea…\r\n \r\nHow about making it really EASY for every visitor who shows up to get a personal phone call you as soon as they hit your site…\r\n \r\nYou can –\r\n  \r\nTalk With Web Visitor is a software widget that’s works on your site, ready to capture any visitor’s Name, Email address and Phone Number.  It signals you the moment they let you know they’re interested – so that you can talk to that lead while they’re literally looking over your site.\r\n\r\nCLICK HERE https://boostleadgeneration.com to try out a Live Demo with Talk With Web Visitor now to see exactly how it works.\r\n\r\nYou’ll be amazed - the difference between contacting someone within 5 minutes versus a half-hour or more later could increase your results 100-fold.\r\n\r\nIt gets even better… once you’ve captured their phone number, with our new SMS Text With Lead feature, you can automatically start a text (SMS) conversation.\r\n  \r\nThat way, even if you don’t close a deal right away, you can follow up with text messages for new offers, content links, even just “how you doing?” notes to build a relationship.\r\n\r\nPretty sweet – AND effective.\r\n\r\nCLICK HERE https://boostleadgeneration.com to discover what Talk With Web Visitor can do for your business.\r\n\r\nYou could be converting up to 100X more leads today!\r\n\r\nEric\r\nPS: Talk With Web Visitor offers a FREE 14 days trial – and it even includes International Long Distance Calling. \r\nYou have customers waiting to talk with you right now… don’t keep them waiting. \r\nCLICK HERE https://boostleadgeneration.com to try Talk With Web Visitor now.\r\n\r\nIf you\'d like to unsubscribe click here http://boostleadgeneration.com/unsubscribe.aspx?d=5ibra.com','2023-02-05 01:08:22','2023-02-05 01:08:22'),(202,'Shauna Ware','954-564-0783','ware.shauna@gmail.com','*INFO SERVICE EXPIRATION FOR 5ibra.com\r\n\r\nAttention: Accounts Payable / Domain Owner / Education Expertise \r\n\r\nYour Domain: www.5ibra.com \r\nExpected Reply before: Feb 04, 2023.\r\n\r\nThis Notice for: www.5ibra.com will expire on Feb 04, 2023. \r\n\r\n\r\n\r\n*For details and to make a payment for 5ibra.com services by credit card:\r\n\r\nVisit: https://register-collection.com/?web=5ibra.com\r\n\r\n\r\n02042023143518954-564-0783','2023-02-05 06:06:32','2023-02-05 06:06:32'),(203,'Eric Jones','555-555-1212','ericjonesmyemail@gmail.com','Hi, Eric here with a quick thought about your website 5ibra.com...\r\n\r\nI’m on the internet a lot and I look at a lot of business websites.\r\n\r\nLike yours, many of them have great content. \r\n\r\nBut all too often, they come up short when it comes to engaging and connecting with anyone who visits.\r\n\r\nI get it – it’s hard.  Studies show 7 out of 10 people who land on a site, abandon it in moments without leaving even a trace.  You got the eyeball, but nothing else.\r\n\r\nHere’s a solution for you…\r\n\r\nTalk With Web Visitor is a software widget that’s works on your site, ready to capture any visitor’s Name, Email address and Phone Number.  You’ll know immediately they’re interested and you can call them directly to talk with them literally while they’re still on the web looking at your site.\r\n\r\nCLICK HERE http://jumboleadmagnet.com to try out a Live Demo with Talk With Web Visitor now to see exactly how it works.\r\n\r\nIt could be huge for your business – and because you’ve got that phone number, with our new SMS Text With Lead feature, you can automatically start a text (SMS) conversation – immediately… and contacting someone in that 5 minute window is 100 times more powerful than reaching out 30 minutes or more later.\r\n\r\nPlus, with text messaging you can follow up later with new offers, content links, even just follow up notes to keep the conversation going.\r\n\r\nEverything I’ve just described is extremely simple to implement, cost-effective, and profitable. \r\n \r\nCLICK HERE http://jumboleadmagnet.com to discover what Talk With Web Visitor can do for your business.\r\n\r\nYou could be converting up to 100X more eyeballs into leads today!\r\n\r\nEric\r\nPS: Talk With Web Visitor offers a FREE 14 days trial – and it even includes International Long Distance Calling. \r\nYou have customers waiting to talk with you right now… don’t keep them waiting. \r\nCLICK HERE http://jumboleadmagnet.com to try Talk With Web Visitor now.\r\n\r\nIf you\'d like to unsubscribe click here http://jumboleadmagnet.com/unsubscribe.aspx?d=5ibra.com','2023-02-06 04:37:47','2023-02-06 04:37:47'),(204,'Eric Jones','555-555-1212','ericjonesmyemail@gmail.com','Hey, this is Eric and I ran across 5ibra.com a few minutes ago.\r\n\r\nLooks great… but now what?\r\n\r\nBy that I mean, when someone like me finds your website – either through Search or just bouncing around – what happens next?  Do you get a lot of leads from your site, or at least enough to make you happy?\r\n\r\nHonestly, most business websites fall a bit short when it comes to generating paying customers. Studies show that 70% of a site’s visitors disappear and are gone forever after just a moment.\r\n\r\nHere’s an idea…\r\n \r\nHow about making it really EASY for every visitor who shows up to get a personal phone call you as soon as they hit your site…\r\n \r\nYou can –\r\n  \r\nTalk With Web Visitor is a software widget that’s works on your site, ready to capture any visitor’s Name, Email address and Phone Number.  It signals you the moment they let you know they’re interested – so that you can talk to that lead while they’re literally looking over your site.\r\n\r\nCLICK HERE https://boostleadgeneration.com to try out a Live Demo with Talk With Web Visitor now to see exactly how it works.\r\n\r\nYou’ll be amazed - the difference between contacting someone within 5 minutes versus a half-hour or more later could increase your results 100-fold.\r\n\r\nIt gets even better… once you’ve captured their phone number, with our new SMS Text With Lead feature, you can automatically start a text (SMS) conversation.\r\n  \r\nThat way, even if you don’t close a deal right away, you can follow up with text messages for new offers, content links, even just “how you doing?” notes to build a relationship.\r\n\r\nPretty sweet – AND effective.\r\n\r\nCLICK HERE https://boostleadgeneration.com to discover what Talk With Web Visitor can do for your business.\r\n\r\nYou could be converting up to 100X more leads today!\r\n\r\nEric\r\nPS: Talk With Web Visitor offers a FREE 14 days trial – and it even includes International Long Distance Calling. \r\nYou have customers waiting to talk with you right now… don’t keep them waiting. \r\nCLICK HERE https://boostleadgeneration.com to try Talk With Web Visitor now.\r\n\r\nIf you\'d like to unsubscribe click here http://boostleadgeneration.com/unsubscribe.aspx?d=5ibra.com','2023-02-07 01:04:21','2023-02-07 01:04:21'),(205,'Eric Jones','555-555-1212','ericjonesmyemail@gmail.com','Hi, my name is Eric and I’m betting you’d like your website 5ibra.com to generate more leads.\r\n\r\nHere’s how:\r\nTalk With Web Visitor is a software widget that’s works on your site, ready to capture any visitor’s Name, Email address and Phone Number.  It signals you as soon as they say they’re interested – so that you can talk to that lead while they’re still there at 5ibra.com.\r\n\r\nTalk With Web Visitor – CLICK HERE http://jumboleadmagnet.com for a live demo now.\r\n\r\nAnd now that you’ve got their phone number, our new SMS Text With Lead feature enables you to start a text (SMS) conversation – answer questions, provide more info, and close a deal that way.\r\n\r\nIf they don’t take you up on your offer then, just follow up with text messages for new offers, content links, even just “how you doing?” notes to build a relationship.\r\n\r\nCLICK HERE http://jumboleadmagnet.com to discover what Talk With Web Visitor can do for your business.\r\n\r\nThe difference between contacting someone within 5 minutes versus a half-hour means you could be converting up to 100X more leads today!\r\n\r\nTry Talk With Web Visitor and get more leads now.\r\n\r\nEric\r\nPS: The studies show 7 out of 10 visitors don’t hang around – you can’t afford to lose them!\r\nTalk With Web Visitor offers a FREE 14 days trial – and it even includes International Long Distance Calling. \r\nYou have customers waiting to talk with you right now… don’t keep them waiting. \r\nCLICK HERE http://jumboleadmagnet.com to try Talk With Web Visitor now.\r\n\r\nIf you\'d like to unsubscribe click here http://jumboleadmagnet.com/unsubscribe.aspx?d=5ibra.com','2023-02-07 13:00:09','2023-02-07 13:00:09'),(206,'FwnpzWQoJGyx','7230781844','kespetegeg@outlook.com','dLSWxtcyQXH','2023-02-07 18:21:40','2023-02-07 18:21:40'),(207,'crEJICyHQf','8946249367','kespetegeg@outlook.com','RSveElDLa','2023-02-07 18:21:41','2023-02-07 18:21:41'),(208,'enQvsycE','9426299427','kespetegeg@outlook.com','zwZhDUoqv','2023-02-07 18:22:02','2023-02-07 18:22:02'),(209,'AuehqJafH','6180414069','kespetegeg@outlook.com','OytxvEuHQTd','2023-02-07 18:22:03','2023-02-07 18:22:03'),(210,'Keisha Nock',NULL,'ShiraFiddler@gmail.com',NULL,'2023-02-08 09:26:39','2023-02-08 09:26:39'),(211,'Eric Jones','555-555-1212','ericjonesmyemail@gmail.com','Hello, my name’s Eric and I just ran across your website at 5ibra.com...\r\n\r\nI found it after a quick search, so your SEO’s working out…\r\n\r\nContent looks pretty good…\r\n\r\nOne thing’s missing though…\r\n\r\nA QUICK, EASY way to connect with you NOW.\r\n\r\nBecause studies show that a web lead like me will only hang out a few seconds – 7 out of 10 disappear almost instantly, Surf Surf Surf… then gone forever.\r\n\r\nI have the solution:\r\n\r\nTalk With Web Visitor is a software widget that’s works on your site, ready to capture any visitor’s Name, Email address and Phone Number.  You’ll know immediately they’re interested and you can call them directly to TALK with them - literally while they’re still on the web looking at your site.\r\n\r\nCLICK HERE http://jumboleadmagnet.com to try out a Live Demo with Talk With Web Visitor now to see exactly how it works and even give it a try… it could be huge for your business.\r\n\r\nPlus, now that you’ve got that phone number, with our new SMS Text With Lead feature, you can automatically start a text (SMS) conversation pronto… which is so powerful, because connecting with someone within the first 5 minutes is 100 times more effective than waiting 30 minutes or more later.\r\n\r\nThe new text messaging feature lets you follow up regularly with new offers, content links, even just follow up notes to build a relationship.\r\n\r\nEverything I’ve just described is extremely simple to implement, cost-effective, and profitable.\r\n \r\nCLICK HERE http://jumboleadmagnet.com to discover what Talk With Web Visitor can do for your business, potentially converting up to 100X more eyeballs into leads today!\r\n\r\nEric\r\nPS: Talk With Web Visitor offers a FREE 14 days trial – and it even includes International Long Distance Calling. \r\nYou have customers waiting to talk with you right now… don’t keep them waiting. \r\nCLICK HERE http://jumboleadmagnet.com to try Talk With Web Visitor now.\r\n\r\nIf you\'d like to unsubscribe click here http://jumboleadmagnet.com/unsubscribe.aspx?d=5ibra.com','2023-02-09 06:35:26','2023-02-09 06:35:26'),(212,'Eric Jones','555-555-1212','ericjonesmyemail@gmail.com','Hello, my name’s Eric and I just ran across your website at 5ibra.com...\r\n\r\nI found it after a quick search, so your SEO’s working out…\r\n\r\nContent looks pretty good…\r\n\r\nOne thing’s missing though…\r\n\r\nA QUICK, EASY way to connect with you NOW.\r\n\r\nBecause studies show that a web lead like me will only hang out a few seconds – 7 out of 10 disappear almost instantly, Surf Surf Surf… then gone forever.\r\n\r\nI have the solution:\r\n\r\nTalk With Web Visitor is a software widget that’s works on your site, ready to capture any visitor’s Name, Email address and Phone Number.  You’ll know immediately they’re interested and you can call them directly to TALK with them - literally while they’re still on the web looking at your site.\r\n\r\nCLICK HERE https://boostleadgeneration.com to try out a Live Demo with Talk With Web Visitor now to see exactly how it works and even give it a try… it could be huge for your business.\r\n\r\nPlus, now that you’ve got that phone number, with our new SMS Text With Lead feature, you can automatically start a text (SMS) conversation pronto… which is so powerful, because connecting with someone within the first 5 minutes is 100 times more effective than waiting 30 minutes or more later.\r\n\r\nThe new text messaging feature lets you follow up regularly with new offers, content links, even just follow up notes to build a relationship.\r\n\r\nEverything I’ve just described is extremely simple to implement, cost-effective, and profitable.\r\n \r\nCLICK HERE https://boostleadgeneration.com to discover what Talk With Web Visitor can do for your business, potentially converting up to 100X more eyeballs into leads today!\r\n\r\nEric\r\nPS: Talk With Web Visitor offers a FREE 14 days trial – and it even includes International Long Distance Calling. \r\nYou have customers waiting to talk with you right now… don’t keep them waiting. \r\nCLICK HERE https://boostleadgeneration.com to try Talk With Web Visitor now.\r\n\r\nIf you\'d like to unsubscribe click here http://boostleadgeneration.com/unsubscribe.aspx?d=5ibra.com','2023-02-09 09:40:21','2023-02-09 09:40:21'),(213,'Eric Jones','555-555-1212','ericjonesmyemail@gmail.com','Cool website!\r\n\r\nMy name’s Eric, and I just found your site - 5ibra.com - while surfing the net. You showed up at the top of the search results, so I checked you out. Looks like what you’re doing is pretty cool.\r\n \r\nBut if you don’t mind me asking – after someone like me stumbles across 5ibra.com, what usually happens?\r\n\r\nIs your site generating leads for your business? \r\n \r\nI’m guessing some, but I also bet you’d like more… studies show that 7 out 10 who land on a site wind up leaving without a trace.\r\n\r\nNot good.\r\n\r\nHere’s a thought – what if there was an easy way for every visitor to “raise their hand” to get a phone call from you INSTANTLY… the second they hit your site and said, “call me now.”\r\n\r\nYou can –\r\n  \r\nTalk With Web Visitor is a software widget that’s works on your site, ready to capture any visitor’s Name, Email address and Phone Number.  It lets you know IMMEDIATELY – so that you can talk to that lead while they’re literally looking over your site.\r\n\r\nCLICK HERE http://jumboleadmagnet.com to try out a Live Demo with Talk With Web Visitor now to see exactly how it works.\r\n\r\nTime is money when it comes to connecting with leads – the difference between contacting someone within 5 minutes versus 30 minutes later can be huge – like 100 times better!\r\n\r\nThat’s why we built out our new SMS Text With Lead feature… because once you’ve captured the visitor’s phone number, you can automatically start a text message (SMS) conversation.\r\n  \r\nThink about the possibilities – even if you don’t close a deal then and there, you can follow up with text messages for new offers, content links, even just “how you doing?” notes to build a relationship.\r\n\r\nWouldn’t that be cool?\r\n\r\nCLICK HERE http://jumboleadmagnet.com to discover what Talk With Web Visitor can do for your business.\r\n\r\nYou could be converting up to 100X more leads today!\r\nEric\r\n\r\nPS: Talk With Web Visitor offers a FREE 14 days trial – and it even includes International Long Distance Calling. \r\nYou have customers waiting to talk with you right now… don’t keep them waiting. \r\nCLICK HERE http://jumboleadmagnet.com to try Talk With Web Visitor now.\r\n\r\nIf you\'d like to unsubscribe click here http://jumboleadmagnet.com/unsubscribe.aspx?d=5ibra.com','2023-02-10 05:36:32','2023-02-10 05:36:32'),(214,'Eric Jones','555-555-1212','ericjonesmyemail@gmail.com','Good day, \r\n\r\nMy name is Eric and unlike a lot of emails you might get, I wanted to instead provide you with a word of encouragement – Congratulations\r\n\r\nWhat for?  \r\n\r\nPart of my job is to check out websites and the work you’ve done with 5ibra.com definitely stands out. \r\n\r\nIt’s clear you took building a website seriously and made a real investment of time and resources into making it top quality.\r\n\r\nThere is, however, a catch… more accurately, a question…\r\n\r\nSo when someone like me happens to find your site – maybe at the top of the search results (nice job BTW) or just through a random link, how do you know? \r\n\r\nMore importantly, how do you make a connection with that person?\r\n\r\nStudies show that 7 out of 10 visitors don’t stick around – they’re there one second and then gone with the wind.\r\n\r\nHere’s a way to create INSTANT engagement that you may not have known about… \r\n\r\nTalk With Web Visitor is a software widget that’s works on your site, ready to capture any visitor’s Name, Email address and Phone Number.  It lets you know INSTANTLY that they’re interested – so that you can talk to that lead while they’re literally checking out 5ibra.com.\r\n\r\nCLICK HERE https://boostleadgeneration.com to try out a Live Demo with Talk With Web Visitor now to see exactly how it works.\r\n\r\nIt could be a game-changer for your business – and it gets even better… once you’ve captured their phone number, with our new SMS Text With Lead feature, you can automatically start a text (SMS) conversation – immediately (and there’s literally a 100X difference between contacting someone within 5 minutes versus 30 minutes.)\r\n\r\nPlus then, even if you don’t close a deal right away, you can connect later on with text messages for new offers, content links, even just follow up notes to build a relationship.\r\n\r\nEverything I’ve just described is simple, easy, and effective. \r\n\r\nCLICK HERE https://boostleadgeneration.com to discover what Talk With Web Visitor can do for your business.\r\n\r\nYou could be converting up to 100X more leads today!\r\n\r\nEric\r\nPS: Talk With Web Visitor offers a FREE 14 days trial – and it even includes International Long Distance Calling. \r\nYou have customers waiting to talk with you right now… don’t keep them waiting. \r\nCLICK HERE https://boostleadgeneration.com to try Talk With Web Visitor now.\r\n\r\nIf you\'d like to unsubscribe click here http://boostleadgeneration.com/unsubscribe.aspx?d=5ibra.com','2023-02-11 04:52:57','2023-02-11 04:52:57'),(215,'Eric Jones','555-555-1212','ericjonesmyemail@gmail.com','My name’s Eric and I just found your site 5ibra.com.\r\n\r\nIt’s got a lot going for it, but here’s an idea to make it even MORE effective.\r\n\r\nTalk With Web Visitor – CLICK HERE http://jumboleadmagnet.com for a live demo now.\r\n\r\nTalk With Web Visitor is a software widget that’s works on your site, ready to capture any visitor’s Name, Email address and Phone Number.  It signals you the moment they let you know they’re interested – so that you can talk to that lead while they’re literally looking over your site.\r\n\r\nAnd once you’ve captured their phone number, with our new SMS Text With Lead feature, you can automatically start a text (SMS) conversation… and if they don’t take you up on your offer then, you can follow up with text messages for new offers, content links, even just “how you doing?” notes to build a relationship.\r\n\r\nCLICK HERE http://jumboleadmagnet.com to discover what Talk With Web Visitor can do for your business.\r\n\r\nThe difference between contacting someone within 5 minutes versus a half-hour means you could be converting up to 100X more leads today!\r\n\r\nEric\r\nPS: Studies show that 70% of a site’s visitors disappear and are gone forever after just a moment. Don’t keep losing them. \r\nTalk With Web Visitor offers a FREE 14 days trial – and it even includes International Long Distance Calling. \r\nYou have customers waiting to talk with you right now… don’t keep them waiting. \r\nCLICK HERE http://jumboleadmagnet.com to try Talk With Web Visitor now.\r\n\r\nIf you\'d like to unsubscribe click here http://jumboleadmagnet.com/unsubscribe.aspx?d=5ibra.com','2023-02-11 12:43:13','2023-02-11 12:43:13'),(216,'ehyDmBwqtLArjOKS','9747776770','givhugezar@outlook.com','sjKryRdNbEG','2023-02-13 11:16:28','2023-02-13 11:16:28'),(217,'afkBqSgHI','3953674671','givhugezar@outlook.com','ANcjimICJ','2023-02-13 11:16:29','2023-02-13 11:16:29'),(218,'ehyDmBwqtLArjOKS','9747776770','givhugezar@outlook.com','sjKryRdNbEG','2023-02-13 11:16:31','2023-02-13 11:16:31'),(219,'Eric Jones','555-555-1212','ericjonesmyemail@gmail.com','My name’s Eric and I just came across your website - 5ibra.com - in the search results.\r\n\r\nHere’s what that means to me…\r\n\r\nYour SEO’s working.\r\n\r\nYou’re getting eyeballs – mine at least.\r\n\r\nYour content’s pretty good, wouldn’t change a thing.\r\n\r\nBUT…\r\n\r\nEyeballs don’t pay the bills.\r\n\r\nCUSTOMERS do.\r\n\r\nAnd studies show that 7 out of 10 visitors to a site like 5ibra.com will drop by, take a gander, and then head for the hills without doing anything else.\r\n\r\nIt’s like they never were even there.\r\n\r\nYou can fix this.\r\n\r\nYou can make it super-simple for them to raise their hand, say, “okay, let’s talk” without requiring them to even pull their cell phone from their pocket… thanks to Talk With Web Visitor.\r\n\r\nTalk With Web Visitor is a software widget that sits on your site, ready and waiting to capture any visitor’s Name, Email address and Phone Number.  It lets you know immediately – so you can talk to that lead immediately… without delay… BEFORE they head for those hills.\r\n  \r\nCLICK HERE http://jumboleadmagnet.com to try out a Live Demo with Talk With Web Visitor now to see exactly how it works.\r\n\r\nNow it’s also true that when reaching out to hot leads, you MUST act fast – the difference between contacting someone within 5 minutes versus 30 minutes later is huge – like 100 times better!\r\n\r\nThat’s what makes our new SMS Text With Lead feature so powerful… you’ve got their phone number, so now you can start a text message (SMS) conversation with them… so even if they don’t take you up on your offer right away, you continue to text them new offers, new content, and new reasons to do business with you.\r\n\r\nThis could change everything for you and your business.\r\n\r\nCLICK HERE http://jumboleadmagnet.com to learn more about everything Talk With Web Visitor can do and start turing eyeballs into money.\r\n\r\nEric\r\nPS: Talk With Web Visitor offers a FREE 14 days trial – you could be converting up to 100x more leads immediately!   \r\nIt even includes International Long Distance Calling. \r\nPaying customers are out there waiting. \r\nStarting connecting today by CLICKING HERE http://jumboleadmagnet.com to try Talk With Web Visitor now.\r\n\r\nIf you\'d like to unsubscribe click here http://jumboleadmagnet.com/unsubscribe.aspx?d=5ibra.com','2023-02-14 05:00:14','2023-02-14 05:00:14'),(220,'JVxRlAHyoqOm','4414980258','xowziwaluy@outlook.com','UphvuKcXLDVBO','2023-02-16 02:46:06','2023-02-16 02:46:06'),(221,'hkOtcmLj','7496795945','xowziwaluy@outlook.com','ErishPUwNnCxtp','2023-02-16 02:46:08','2023-02-16 02:46:08'),(222,'JVxRlAHyoqOm','4414980258','xowziwaluy@outlook.com','UphvuKcXLDVBO','2023-02-16 02:46:09','2023-02-16 02:46:09'),(223,'Eric Jones','555-555-1212','ericjonesmyemail@gmail.com','To the 5ibra.com Webmaster!\r\n\r\nEric here with a quick thought about your website 5ibra.com...\r\n\r\nI’m on the internet a lot and I look at a lot of business websites.\r\n\r\nLike yours, many of them have great content. \r\n\r\nBut all too often, they come up short when it comes to engaging and connecting with anyone who visits.\r\n\r\nI get it – it’s hard.  Studies show 7 out of 10 people who land on a site, abandon it in moments without leaving even a trace.  You got the eyeball, but nothing else.\r\n\r\nHere’s a solution for you…\r\n\r\nWeb Visitors Into Leads is a software widget that’s works on your site, ready to capture any visitor’s Name, Email address and Phone Number.  You’ll know immediately they’re interested and you can call them directly to talk with them literally while they’re still on the web looking at your site.\r\n\r\nCLICK HERE http://jumboleadmagnet.com to try out a Live Demo with Web Visitors Into Leads now to see exactly how it works.\r\n\r\nIt could be huge for your business – and because you’ve got that phone number, with our new SMS Text With Lead feature, you can automatically start a text (SMS) conversation – immediately… and contacting someone in that 5 minute window is 100 times more powerful than reaching out 30 minutes or more later.\r\n\r\nPlus, with text messaging you can follow up later with new offers, content links, even just follow up notes to keep the conversation going.\r\n\r\nEverything I’ve just described is extremely simple to implement, cost-effective, and profitable. \r\n \r\nCLICK HERE http://jumboleadmagnet.com to discover what Web Visitors Into Leads can do for your business.\r\n\r\nYou could be converting up to 100X more eyeballs into leads today!\r\n\r\nEric\r\nPS: Web Visitors Into Leads offers a FREE 14 days trial – and it even includes International Long Distance Calling. \r\nYou have customers waiting to talk with you right now… don’t keep them waiting. \r\nCLICK HERE http://jumboleadmagnet.com to try Web Visitors Into Leads now.\r\n\r\nIf you\'d like to unsubscribe click here http://jumboleadmagnet.com/unsubscribe.aspx?d=5ibra.com','2023-02-16 18:00:11','2023-02-16 18:00:11'),(224,'Eric Jones','555-555-1212','ericjonesmyemail@gmail.com','To the 5ibra.com Owner!\r\n\r\nMy name is Eric and I’m betting you’d like your website 5ibra.com to generate more leads.\r\n\r\nHere’s how:\r\nWeb Visitors Into Leads is a software widget that’s works on your site, ready to capture any visitor’s Name, Email address and Phone Number.  It signals you as soon as they say they’re interested – so that you can talk to that lead while they’re still there at 5ibra.com.\r\n\r\nWeb Visitors Into Leads – CLICK HERE http://jumboleadmagnet.com for a live demo now.\r\n\r\nAnd now that you’ve got their phone number, our new SMS Text With Lead feature enables you to start a text (SMS) conversation – answer questions, provide more info, and close a deal that way.\r\n\r\nIf they don’t take you up on your offer then, just follow up with text messages for new offers, content links, even just “how you doing?” notes to build a relationship.\r\n\r\nCLICK HERE http://jumboleadmagnet.com to discover what Web Visitors Into Leads can do for your business.\r\n\r\nThe difference between contacting someone within 5 minutes versus a half-hour means you could be converting up to 100X more leads today!\r\n\r\nTry Web Visitors Into Leads and get more leads now.\r\n\r\nEric\r\nPS: The studies show 7 out of 10 visitors don’t hang around – you can’t afford to lose them!\r\nWeb Visitors Into Leads offers a FREE 14 days trial – and it even includes International Long Distance Calling. \r\nYou have customers waiting to talk with you right now… don’t keep them waiting. \r\nCLICK HERE http://jumboleadmagnet.com to try Web Visitors Into Leads now.\r\n\r\nIf you\'d like to unsubscribe click here http://jumboleadmagnet.com/unsubscribe.aspx?d=5ibra.com','2023-02-17 14:03:14','2023-02-17 14:03:14'),(225,'Eric Jones','555-555-1212','ericjonesmyemail@gmail.com','Hello 5ibra.com Administrator. this is Eric and I ran across 5ibra.com a few minutes ago.\r\n\r\nLooks great… but now what?\r\n\r\nBy that I mean, when someone like me finds your website – either through Search or just bouncing around – what happens next?  Do you get a lot of leads from your site, or at least enough to make you happy?\r\n\r\nHonestly, most business websites fall a bit short when it comes to generating paying customers. Studies show that 70% of a site’s visitors disappear and are gone forever after just a moment.\r\n\r\nHere’s an idea…\r\n \r\nHow about making it really EASY for every visitor who shows up to get a personal phone call you as soon as they hit your site…\r\n \r\nYou can –\r\n  \r\nWeb Visitors Into Leads is a software widget that’s works on your site, ready to capture any visitor’s Name, Email address and Phone Number.  It signals you the moment they let you know they’re interested – so that you can talk to that lead while they’re literally looking over your site.\r\n\r\nCLICK HERE https://advanceleadgeneration.com to try out a Live Demo with Web Visitors Into Leads now to see exactly how it works.\r\n\r\nYou’ll be amazed - the difference between contacting someone within 5 minutes versus a half-hour or more later could increase your results 100-fold.\r\n\r\nIt gets even better… once you’ve captured their phone number, with our new SMS Text With Lead feature, you can automatically start a text (SMS) conversation.\r\n  \r\nThat way, even if you don’t close a deal right away, you can follow up with text messages for new offers, content links, even just “how you doing?” notes to build a relationship.\r\n\r\nPretty sweet – AND effective.\r\n\r\nCLICK HERE https://advanceleadgeneration.com to discover what Web Visitors Into Leads can do for your business.\r\n\r\nYou could be converting up to 100X more leads today!\r\n\r\nEric\r\nPS: Web Visitors Into Leads offers a FREE 14 days trial – and it even includes International Long Distance Calling. \r\nYou have customers waiting to talk with you right now… don’t keep them waiting. \r\nCLICK HERE https://advanceleadgeneration.com to try Web Visitors Into Leads now.\r\n\r\nIf you\'d like to unsubscribe click here http://advanceleadgeneration.com/unsubscribe.aspx?d=5ibra.com','2023-02-18 07:27:34','2023-02-18 07:27:34'),(226,'Joe Engelking',NULL,'CorneliusStevick@gmail.com',NULL,'2023-02-18 09:44:55','2023-02-18 09:44:55'),(227,'Eric Jones','555-555-1212','ericjonesmyemail@gmail.com','Hello 5ibra.com Owner! \r\n\r\nMy name is Eric and unlike a lot of emails you might get, I wanted to instead provide you with a word of encouragement – Congratulations\r\n\r\nWhat for?  \r\n\r\nPart of my job is to check out websites and the work you’ve done with 5ibra.com definitely stands out. \r\n\r\nIt’s clear you took building a website seriously and made a real investment of time and resources into making it top quality.\r\n\r\nThere is, however, a catch… more accurately, a question…\r\n\r\nSo when someone like me happens to find your site – maybe at the top of the search results (nice job BTW) or just through a random link, how do you know? \r\n\r\nMore importantly, how do you make a connection with that person?\r\n\r\nStudies show that 7 out of 10 visitors don’t stick around – they’re there one second and then gone with the wind.\r\n\r\nHere’s a way to create INSTANT engagement that you may not have known about… \r\n\r\nWeb Visitors Into Leads is a software widget that’s works on your site, ready to capture any visitor’s Name, Email address and Phone Number.  It lets you know INSTANTLY that they’re interested – so that you can talk to that lead while they’re literally checking out 5ibra.com.\r\n\r\nCLICK HERE http://advanceleadgeneration.com to try out a Live Demo with Web Visitors Into Leads now to see exactly how it works.\r\n\r\nIt could be a game-changer for your business – and it gets even better… once you’ve captured their phone number, with our new SMS Text With Lead feature, you can automatically start a text (SMS) conversation – immediately (and there’s literally a 100X difference between contacting someone within 5 minutes versus 30 minutes.)\r\n\r\nPlus then, even if you don’t close a deal right away, you can connect later on with text messages for new offers, content links, even just follow up notes to build a relationship.\r\n\r\nEverything I’ve just described is simple, easy, and effective. \r\n\r\nCLICK HERE http://advanceleadgeneration.com to discover what Web Visitors Into Leads can do for your business.\r\n\r\nYou could be converting up to 100X more leads today!\r\n\r\nEric\r\nPS: Web Visitors Into Leads offers a FREE 14 days trial – and it even includes International Long Distance Calling. \r\nYou have customers waiting to talk with you right now… don’t keep them waiting. \r\nCLICK HERE http://advanceleadgeneration.com to try Web Visitors Into Leads now.\r\n\r\nIf you\'d like to unsubscribe click here http://advanceleadgeneration.com/unsubscribe.aspx?d=5ibra.com','2023-02-18 15:49:40','2023-02-18 15:49:40'),(228,'Eric Jones','555-555-1212','ericjonesmyemail@gmail.com','Dear 5ibra.com Webmaster! \r\n\r\nMy name is Eric and unlike a lot of emails you might get, I wanted to instead provide you with a word of encouragement – Congratulations\r\n\r\nWhat for?  \r\n\r\nPart of my job is to check out websites and the work you’ve done with 5ibra.com definitely stands out. \r\n\r\nIt’s clear you took building a website seriously and made a real investment of time and resources into making it top quality.\r\n\r\nThere is, however, a catch… more accurately, a question…\r\n\r\nSo when someone like me happens to find your site – maybe at the top of the search results (nice job BTW) or just through a random link, how do you know? \r\n\r\nMore importantly, how do you make a connection with that person?\r\n\r\nStudies show that 7 out of 10 visitors don’t stick around – they’re there one second and then gone with the wind.\r\n\r\nHere’s a way to create INSTANT engagement that you may not have known about… \r\n\r\nWeb Visitors Into Leads is a software widget that’s works on your site, ready to capture any visitor’s Name, Email address and Phone Number.  It lets you know INSTANTLY that they’re interested – so that you can talk to that lead while they’re literally checking out 5ibra.com.\r\n\r\nCLICK HERE https://advanceleadgeneration.com to try out a Live Demo with Web Visitors Into Leads now to see exactly how it works.\r\n\r\nIt could be a game-changer for your business – and it gets even better… once you’ve captured their phone number, with our new SMS Text With Lead feature, you can automatically start a text (SMS) conversation – immediately (and there’s literally a 100X difference between contacting someone within 5 minutes versus 30 minutes.)\r\n\r\nPlus then, even if you don’t close a deal right away, you can connect later on with text messages for new offers, content links, even just follow up notes to build a relationship.\r\n\r\nEverything I’ve just described is simple, easy, and effective. \r\n\r\nCLICK HERE https://advanceleadgeneration.com to discover what Web Visitors Into Leads can do for your business.\r\n\r\nYou could be converting up to 100X more leads today!\r\n\r\nEric\r\nPS: Web Visitors Into Leads offers a FREE 14 days trial – and it even includes International Long Distance Calling. \r\nYou have customers waiting to talk with you right now… don’t keep them waiting. \r\nCLICK HERE https://advanceleadgeneration.com to try Web Visitors Into Leads now.\r\n\r\nIf you\'d like to unsubscribe click here http://advanceleadgeneration.com/unsubscribe.aspx?d=5ibra.com','2023-02-18 18:42:54','2023-02-18 18:42:54'),(229,'Eric Jones','555-555-1212','ericjonesmyemail@gmail.com','Hello 5ibra.com Administrator!\r\n\r\nMy name’s Eric and I just ran across your website at 5ibra.com...\r\n\r\nI found it after a quick search, so your SEO’s working out…\r\n\r\nContent looks pretty good…\r\n\r\nOne thing’s missing though…\r\n\r\nA QUICK, EASY way to connect with you NOW.\r\n\r\nBecause studies show that a web lead like me will only hang out a few seconds – 7 out of 10 disappear almost instantly, Surf Surf Surf… then gone forever.\r\n\r\nI have the solution:\r\n\r\nWeb Visitors Into Leads is a software widget that’s works on your site, ready to capture any visitor’s Name, Email address and Phone Number.  You’ll know immediately they’re interested and you can call them directly to TALK with them - literally while they’re still on the web looking at your site.\r\n\r\nCLICK HERE http://jumboleadmagnet.com to try out a Live Demo with Web Visitors Into Leads now to see exactly how it works and even give it a try… it could be huge for your business.\r\n\r\nPlus, now that you’ve got that phone number, with our new SMS Text With Lead feature, you can automatically start a text (SMS) conversation pronto… which is so powerful, because connecting with someone within the first 5 minutes is 100 times more effective than waiting 30 minutes or more later.\r\n\r\nThe new text messaging feature lets you follow up regularly with new offers, content links, even just follow up notes to build a relationship.\r\n\r\nEverything I’ve just described is extremely simple to implement, cost-effective, and profitable.\r\n \r\nCLICK HERE http://jumboleadmagnet.com to discover what Web Visitors Into Leads can do for your business, potentially converting up to 100X more eyeballs into leads today!\r\n\r\nEric\r\nPS: Web Visitors Into Leads offers a FREE 14 days trial – and it even includes International Long Distance Calling. \r\nYou have customers waiting to talk with you right now… don’t keep them waiting. \r\nCLICK HERE http://jumboleadmagnet.com to try Web Visitors Into Leads now.\r\n\r\nIf you\'d like to unsubscribe click here http://jumboleadmagnet.com/unsubscribe.aspx?d=5ibra.com','2023-02-18 20:39:21','2023-02-18 20:39:21'),(230,'Eric Jones','555-555-1212','ericjonesmyemail@gmail.com','To the 5ibra.com Webmaster!\r\n\r\nCool website!\r\n\r\nMy name’s Eric, and I just found your site - 5ibra.com - while surfing the net. You showed up at the top of the search results, so I checked you out. Looks like what you’re doing is pretty cool.\r\n \r\nBut if you don’t mind me asking – after someone like me stumbles across 5ibra.com, what usually happens?\r\n\r\nIs your site generating leads for your business? \r\n \r\nI’m guessing some, but I also bet you’d like more… studies show that 7 out 10 who land on a site wind up leaving without a trace.\r\n\r\nNot good.\r\n\r\nHere’s a thought – what if there was an easy way for every visitor to “raise their hand” to get a phone call from you INSTANTLY… the second they hit your site and said, “call me now.”\r\n\r\nYou can –\r\n  \r\nWeb Visitors Into Leads is a software widget that’s works on your site, ready to capture any visitor’s Name, Email address and Phone Number.  It lets you know IMMEDIATELY – so that you can talk to that lead while they’re literally looking over your site.\r\n\r\nCLICK HERE http://jumboleadmagnet.com to try out a Live Demo with Web Visitors Into Leads now to see exactly how it works.\r\n\r\nTime is money when it comes to connecting with leads – the difference between contacting someone within 5 minutes versus 30 minutes later can be huge – like 100 times better!\r\n\r\nThat’s why we built out our new SMS Text With Lead feature… because once you’ve captured the visitor’s phone number, you can automatically start a text message (SMS) conversation.\r\n  \r\nThink about the possibilities – even if you don’t close a deal then and there, you can follow up with text messages for new offers, content links, even just “how you doing?” notes to build a relationship.\r\n\r\nWouldn’t that be cool?\r\n\r\nCLICK HERE http://jumboleadmagnet.com to discover what Web Visitors Into Leads can do for your business.\r\n\r\nYou could be converting up to 100X more leads today!\r\nEric\r\n\r\nPS: Web Visitors Into Leads offers a FREE 14 days trial – and it even includes International Long Distance Calling. \r\nYou have customers waiting to talk with you right now… don’t keep them waiting. \r\nCLICK HERE http://jumboleadmagnet.com to try Web Visitors Into Leads now.\r\n\r\nIf you\'d like to unsubscribe click here http://jumboleadmagnet.com/unsubscribe.aspx?d=5ibra.com','2023-02-19 06:10:09','2023-02-19 06:10:09'),(231,'Hello World! https://jexawe.com?hs=07ae20d3c660f7dbdf6e274488179d1c&','182070953281','l49v1x@mailto.plus','5fcdlw','2023-02-19 20:22:09','2023-02-19 20:22:09'),(232,'Eric Jones','555-555-1212','ericjonesmyemail@gmail.com','Dear 5ibra.com Admin! this is Eric and I ran across 5ibra.com a few minutes ago.\r\n\r\nLooks great… but now what?\r\n\r\nBy that I mean, when someone like me finds your website – either through Search or just bouncing around – what happens next?  Do you get a lot of leads from your site, or at least enough to make you happy?\r\n\r\nHonestly, most business websites fall a bit short when it comes to generating paying customers. Studies show that 70% of a site’s visitors disappear and are gone forever after just a moment.\r\n\r\nHere’s an idea…\r\n \r\nHow about making it really EASY for every visitor who shows up to get a personal phone call you as soon as they hit your site…\r\n \r\nYou can –\r\n  \r\nWeb Visitors Into Leads is a software widget that’s works on your site, ready to capture any visitor’s Name, Email address and Phone Number.  It signals you the moment they let you know they’re interested – so that you can talk to that lead while they’re literally looking over your site.\r\n\r\nCLICK HERE https://advanceleadgeneration.com to try out a Live Demo with Web Visitors Into Leads now to see exactly how it works.\r\n\r\nYou’ll be amazed - the difference between contacting someone within 5 minutes versus a half-hour or more later could increase your results 100-fold.\r\n\r\nIt gets even better… once you’ve captured their phone number, with our new SMS Text With Lead feature, you can automatically start a text (SMS) conversation.\r\n  \r\nThat way, even if you don’t close a deal right away, you can follow up with text messages for new offers, content links, even just “how you doing?” notes to build a relationship.\r\n\r\nPretty sweet – AND effective.\r\n\r\nCLICK HERE https://advanceleadgeneration.com to discover what Web Visitors Into Leads can do for your business.\r\n\r\nYou could be converting up to 100X more leads today!\r\n\r\nEric\r\nPS: Web Visitors Into Leads offers a FREE 14 days trial – and it even includes International Long Distance Calling. \r\nYou have customers waiting to talk with you right now… don’t keep them waiting. \r\nCLICK HERE https://advanceleadgeneration.com to try Web Visitors Into Leads now.\r\n\r\nIf you\'d like to unsubscribe click here http://advanceleadgeneration.com/unsubscribe.aspx?d=5ibra.com','2023-02-20 00:57:15','2023-02-20 00:57:15'),(233,'Eric Jones','555-555-1212','ericjonesmyemail@gmail.com','To the 5ibra.com Owner.\r\n\r\nMy name’s Eric and I just found your site 5ibra.com.\r\n\r\nIt’s got a lot going for it, but here’s an idea to make it even MORE effective.\r\n\r\nWeb Visitors Into Leads – CLICK HERE http://jumboleadmagnet.com for a live demo now.\r\n\r\nWeb Visitors Into Leads is a software widget that’s works on your site, ready to capture any visitor’s Name, Email address and Phone Number.  It signals you the moment they let you know they’re interested – so that you can talk to that lead while they’re literally looking over your site.\r\n\r\nAnd once you’ve captured their phone number, with our new SMS Text With Lead feature, you can automatically start a text (SMS) conversation… and if they don’t take you up on your offer then, you can follow up with text messages for new offers, content links, even just “how you doing?” notes to build a relationship.\r\n\r\nCLICK HERE http://jumboleadmagnet.com to discover what Web Visitors Into Leads can do for your business.\r\n\r\nThe difference between contacting someone within 5 minutes versus a half-hour means you could be converting up to 100X more leads today!\r\n\r\nEric\r\nPS: Studies show that 70% of a site’s visitors disappear and are gone forever after just a moment. Don’t keep losing them. \r\nWeb Visitors Into Leads offers a FREE 14 days trial – and it even includes International Long Distance Calling. \r\nYou have customers waiting to talk with you right now… don’t keep them waiting. \r\nCLICK HERE http://jumboleadmagnet.com to try Web Visitors Into Leads now.\r\n\r\nIf you\'d like to unsubscribe click here http://jumboleadmagnet.com/unsubscribe.aspx?d=5ibra.com','2023-02-20 03:28:11','2023-02-20 03:28:11'),(234,'Eric Jones','555-555-1212','ericjonesmyemail@gmail.com','Hi 5ibra.com Owner. my name’s Eric and for just a second, imagine this…\r\n\r\n- Someone does a search and winds up at 5ibra.com.\r\n\r\n- They hang out for a minute to check it out.  “I’m interested… but… maybe…”\r\n\r\n- And then they hit the back button and check out the other search results instead. \r\n\r\n- Bottom line – you got an eyeball, but nothing else to show for it.\r\n\r\n- There they go.\r\n\r\nThis isn’t really your fault – it happens a LOT – studies show 7 out of 10 visitors to any site disappear without leaving a trace.\r\n\r\nBut you CAN fix that.\r\n\r\nWeb Visitors Into Leads is a software widget that’s works on your site, ready to capture any visitor’s Name, Email address and Phone Number.  It lets you know right then and there – enabling you to call that lead while they’re literally looking over your site.\r\n\r\nCLICK HERE http://advanceleadgeneration.com to try out a Live Demo with Web Visitors Into Leads now to see exactly how it works.\r\n\r\nTime is money when it comes to connecting with leads – the difference between contacting someone within 5 minutes versus 30 minutes later can be huge – like 100 times better!\r\n\r\nPlus, now that you have their phone number, with our new SMS Text With Lead feature you can automatically start a text (SMS) conversation… so even if you don’t close a deal then, you can follow up with text messages for new offers, content links, even just “how you doing?” notes to build a relationship.\r\n\r\nStrong stuff.\r\n\r\nCLICK HERE http://advanceleadgeneration.com to discover what Web Visitors Into Leads can do for your business.\r\n\r\nYou could be converting up to 100X more leads today!\r\n\r\nEric\r\nPS: Web Visitors Into Leads offers a FREE 14 days trial – and it even includes International Long Distance Calling. \r\nYou have customers waiting to talk with you right now… don’t keep them waiting. \r\nCLICK HERE http://advanceleadgeneration.com to try Web Visitors Into Leads now.\r\n\r\nIf you\'d like to unsubscribe click here http://advanceleadgeneration.com/unsubscribe.aspx?d=5ibra.com','2023-02-21 07:40:22','2023-02-21 07:40:22'),(235,'hQGSxElJtRn','5526796229','stepansomz@outlook.com','EWQPqFRVKjlAn','2023-02-21 09:14:39','2023-02-21 09:14:39'),(236,'vXfqxhLGYNKMIjeT','3688479749','stepansomz@outlook.com','tKzaeUioSqyNFV','2023-02-21 09:14:40','2023-02-21 09:14:40'),(237,'hQGSxElJtRn','5526796229','stepansomz@outlook.com','EWQPqFRVKjlAn','2023-02-21 09:14:41','2023-02-21 09:14:41'),(238,'Eric Jones','555-555-1212','ericjonesmyemail@gmail.com','To the 5ibra.com Webmaster! my name’s Eric and I just ran across your website at 5ibra.com...\r\n\r\nI found it after a quick search, so your SEO’s working out…\r\n\r\nContent looks pretty good…\r\n\r\nOne thing’s missing though…\r\n\r\nA QUICK, EASY way to connect with you NOW.\r\n\r\nBecause studies show that a web lead like me will only hang out a few seconds – 7 out of 10 disappear almost instantly, Surf Surf Surf… then gone forever.\r\n\r\nI have the solution:\r\n\r\nWeb Visitors Into Leads is a software widget that’s works on your site, ready to capture any visitor’s Name, Email address and Phone Number.  You’ll know immediately they’re interested and you can call them directly to TALK with them - literally while they’re still on the web looking at your site.\r\n\r\nCLICK HERE https://advanceleadgeneration.com to try out a Live Demo with Web Visitors Into Leads now to see exactly how it works and even give it a try… it could be huge for your business.\r\n\r\nPlus, now that you’ve got that phone number, with our new SMS Text With Lead feature, you can automatically start a text (SMS) conversation pronto… which is so powerful, because connecting with someone within the first 5 minutes is 100 times more effective than waiting 30 minutes or more later.\r\n\r\nThe new text messaging feature lets you follow up regularly with new offers, content links, even just follow up notes to build a relationship.\r\n\r\nEverything I’ve just described is extremely simple to implement, cost-effective, and profitable.\r\n \r\nCLICK HERE https://advanceleadgeneration.com to discover what Web Visitors Into Leads can do for your business, potentially converting up to 100X more eyeballs into leads today!\r\n\r\nEric\r\nPS: Web Visitors Into Leads offers a FREE 14 days trial – and it even includes International Long Distance Calling. \r\nYou have customers waiting to talk with you right now… don’t keep them waiting. \r\nCLICK HERE https://advanceleadgeneration.com to try Web Visitors Into Leads now.\r\n\r\nIf you\'d like to unsubscribe click here http://advanceleadgeneration.com/unsubscribe.aspx?d=5ibra.com','2023-02-22 23:24:13','2023-02-22 23:24:13'),(239,'Eric Jones','555-555-1212','ericjonesmyemail@gmail.com','Hi 5ibra.com Administrator!\r\n\r\nMy name’s Eric and I just came across your website - 5ibra.com - in the search results.\r\n\r\nHere’s what that means to me…\r\n\r\nYour SEO’s working.\r\n\r\nYou’re getting eyeballs – mine at least.\r\n\r\nYour content’s pretty good, wouldn’t change a thing.\r\n\r\nBUT…\r\n\r\nEyeballs don’t pay the bills.\r\n\r\nCUSTOMERS do.\r\n\r\nAnd studies show that 7 out of 10 visitors to a site like 5ibra.com will drop by, take a gander, and then head for the hills without doing anything else.\r\n\r\nIt’s like they never were even there.\r\n\r\nYou can fix this.\r\n\r\nYou can make it super-simple for them to raise their hand, say, “okay, let’s talk” without requiring them to even pull their cell phone from their pocket… thanks to Web Visitors Into Leads.\r\n\r\nWeb Visitors Into Leads is a software widget that sits on your site, ready and waiting to capture any visitor’s Name, Email address and Phone Number.  It lets you know immediately – so you can talk to that lead immediately… without delay… BEFORE they head for those hills.\r\n  \r\nCLICK HERE http://jumboleadmagnet.com to try out a Live Demo with Web Visitors Into Leads now to see exactly how it works.\r\n\r\nNow it’s also true that when reaching out to hot leads, you MUST act fast – the difference between contacting someone within 5 minutes versus 30 minutes later is huge – like 100 times better!\r\n\r\nThat’s what makes our new SMS Text With Lead feature so powerful… you’ve got their phone number, so now you can start a text message (SMS) conversation with them… so even if they don’t take you up on your offer right away, you continue to text them new offers, new content, and new reasons to do business with you.\r\n\r\nThis could change everything for you and your business.\r\n\r\nCLICK HERE http://jumboleadmagnet.com to learn more about everything Web Visitors Into Leads can do and start turing eyeballs into money.\r\n\r\nEric\r\nPS: Web Visitors Into Leads offers a FREE 14 days trial – you could be converting up to 100x more leads immediately!   \r\nIt even includes International Long Distance Calling. \r\nPaying customers are out there waiting. \r\nStarting connecting today by CLICKING HERE http://jumboleadmagnet.com to try Web Visitors Into Leads now.\r\n\r\nIf you\'d like to unsubscribe click here http://jumboleadmagnet.com/unsubscribe.aspx?d=5ibra.com','2023-02-23 02:58:49','2023-02-23 02:58:49'),(240,'Eric Jones','555-555-1212','ericjonesmyemail@gmail.com','Dear 5ibra.com Owner! \r\n\r\nEric here with a quick thought about your website 5ibra.com...\r\n\r\nI’m on the internet a lot and I look at a lot of business websites.\r\n\r\nLike yours, many of them have great content. \r\n\r\nBut all too often, they come up short when it comes to engaging and connecting with anyone who visits.\r\n\r\nI get it – it’s hard.  Studies show 7 out of 10 people who land on a site, abandon it in moments without leaving even a trace.  You got the eyeball, but nothing else.\r\n\r\nHere’s a solution for you…\r\n\r\nWeb Visitors Into Leads is a software widget that’s works on your site, ready to capture any visitor’s Name, Email address and Phone Number.  You’ll know immediately they’re interested and you can call them directly to talk with them literally while they’re still on the web looking at your site.\r\n\r\nCLICK HERE http://advanceleadgeneration.com to try out a Live Demo with Web Visitors Into Leads now to see exactly how it works.\r\n\r\nIt could be huge for your business – and because you’ve got that phone number, with our new SMS Text With Lead feature, you can automatically start a text (SMS) conversation – immediately… and contacting someone in that 5 minute window is 100 times more powerful than reaching out 30 minutes or more later.\r\n\r\nPlus, with text messaging you can follow up later with new offers, content links, even just follow up notes to keep the conversation going.\r\n\r\nEverything I’ve just described is extremely simple to implement, cost-effective, and profitable. \r\n \r\nCLICK HERE http://advanceleadgeneration.com to discover what Web Visitors Into Leads can do for your business.\r\n\r\nYou could be converting up to 100X more eyeballs into leads today!\r\n\r\nEric\r\nPS: Web Visitors Into Leads offers a FREE 14 days trial – and it even includes International Long Distance Calling. \r\nYou have customers waiting to talk with you right now… don’t keep them waiting. \r\nCLICK HERE http://advanceleadgeneration.com to try Web Visitors Into Leads now.\r\n\r\nIf you\'d like to unsubscribe click here http://advanceleadgeneration.com/unsubscribe.aspx?d=5ibra.com','2023-02-23 14:58:43','2023-02-23 14:58:43'),(241,'Eric Jones','555-555-1212','ericjonesmyemail@gmail.com','Hi 5ibra.com Webmaster! \r\n\r\nEric here with a quick thought about your website 5ibra.com...\r\n\r\nI’m on the internet a lot and I look at a lot of business websites.\r\n\r\nLike yours, many of them have great content. \r\n\r\nBut all too often, they come up short when it comes to engaging and connecting with anyone who visits.\r\n\r\nI get it – it’s hard.  Studies show 7 out of 10 people who land on a site, abandon it in moments without leaving even a trace.  You got the eyeball, but nothing else.\r\n\r\nHere’s a solution for you…\r\n\r\nWeb Visitors Into Leads is a software widget that’s works on your site, ready to capture any visitor’s Name, Email address and Phone Number.  You’ll know immediately they’re interested and you can call them directly to talk with them literally while they’re still on the web looking at your site.\r\n\r\nCLICK HERE http://advanceleadgeneration.com to try out a Live Demo with Web Visitors Into Leads now to see exactly how it works.\r\n\r\nIt could be huge for your business – and because you’ve got that phone number, with our new SMS Text With Lead feature, you can automatically start a text (SMS) conversation – immediately… and contacting someone in that 5 minute window is 100 times more powerful than reaching out 30 minutes or more later.\r\n\r\nPlus, with text messaging you can follow up later with new offers, content links, even just follow up notes to keep the conversation going.\r\n\r\nEverything I’ve just described is extremely simple to implement, cost-effective, and profitable. \r\n \r\nCLICK HERE http://advanceleadgeneration.com to discover what Web Visitors Into Leads can do for your business.\r\n\r\nYou could be converting up to 100X more eyeballs into leads today!\r\n\r\nEric\r\nPS: Web Visitors Into Leads offers a FREE 14 days trial – and it even includes International Long Distance Calling. \r\nYou have customers waiting to talk with you right now… don’t keep them waiting. \r\nCLICK HERE http://advanceleadgeneration.com to try Web Visitors Into Leads now.\r\n\r\nIf you\'d like to unsubscribe click here http://advanceleadgeneration.com/unsubscribe.aspx?d=5ibra.com','2023-02-23 15:02:47','2023-02-23 15:02:47'),(242,'Brett Sumsuma','079 4425 8555','sumsuma.brett@msn.com','Hi, I sent you this message via your website contact form. If website owners (worldwide/US wide) are a good fit for what you\'re selling then I can generate leads for your business using the same method I used to contact you. If you\'re interested please reply to: kevtshaw@skillion.org','2023-02-24 09:14:36','2023-02-24 09:14:36'),(243,'Andres Dorsch','032 617 59 20','dorsch.andres@gmail.com','Good job on the new site! Submit it to our directory to get more visitors. http://bit.ly/3X2uwK3','2023-02-24 23:53:06','2023-02-24 23:53:06'),(244,'Evangelina Norcia',NULL,'LavernLoya@gmail.com',NULL,'2023-02-25 13:40:16','2023-02-25 13:40:16'),(245,'Eric Jones','555-555-1212','ericjonesmyemail@gmail.com','Dear 5ibra.com Administrator.\r\n\r\nThis is Eric and I ran across 5ibra.com a few minutes ago.\r\n\r\nLooks great… but now what?\r\n\r\nBy that I mean, when someone like me finds your website – either through Search or just bouncing around – what happens next?  Do you get a lot of leads from your site, or at least enough to make you happy?\r\n\r\nHonestly, most business websites fall a bit short when it comes to generating paying customers. Studies show that 70% of a site’s visitors disappear and are gone forever after just a moment.\r\n\r\nHere’s an idea…\r\n \r\nHow about making it really EASY for every visitor who shows up to get a personal phone call you as soon as they hit your site…\r\n \r\nYou can –\r\n  \r\nWeb Visitors Into Leads is a software widget that’s works on your site, ready to capture any visitor’s Name, Email address and Phone Number.  It signals you the moment they let you know they’re interested – so that you can talk to that lead while they’re literally looking over your site.\r\n\r\nCLICK HERE http://jumboleadmagnet.com to try out a Live Demo with Web Visitors Into Leads now to see exactly how it works.\r\n\r\nYou’ll be amazed - the difference between contacting someone within 5 minutes versus a half-hour or more later could increase your results 100-fold.\r\n\r\nIt gets even better… once you’ve captured their phone number, with our new SMS Text With Lead feature, you can automatically start a text (SMS) conversation.\r\n  \r\nThat way, even if you don’t close a deal right away, you can follow up with text messages for new offers, content links, even just “how you doing?” notes to build a relationship.\r\n\r\nPretty sweet – AND effective.\r\n\r\nCLICK HERE http://jumboleadmagnet.com to discover what Web Visitors Into Leads can do for your business.\r\n\r\nYou could be converting up to 100X more leads today!\r\n\r\nEric\r\nPS: Web Visitors Into Leads offers a FREE 14 days trial – and it even includes International Long Distance Calling. \r\nYou have customers waiting to talk with you right now… don’t keep them waiting. \r\nCLICK HERE http://jumboleadmagnet.com to try Web Visitors Into Leads now.\r\n\r\nIf you\'d like to unsubscribe click here http://jumboleadmagnet.com/unsubscribe.aspx?d=5ibra.com','2023-02-26 23:21:58','2023-02-26 23:21:58'),(246,'Eric Jones','555-555-1212','ericjonesmyemail@gmail.com','Hello 5ibra.com Owner. this is Eric and I ran across 5ibra.com a few minutes ago.\r\n\r\nLooks great… but now what?\r\n\r\nBy that I mean, when someone like me finds your website – either through Search or just bouncing around – what happens next?  Do you get a lot of leads from your site, or at least enough to make you happy?\r\n\r\nHonestly, most business websites fall a bit short when it comes to generating paying customers. Studies show that 70% of a site’s visitors disappear and are gone forever after just a moment.\r\n\r\nHere’s an idea…\r\n \r\nHow about making it really EASY for every visitor who shows up to get a personal phone call you as soon as they hit your site…\r\n \r\nYou can –\r\n  \r\nWeb Visitors Into Leads is a software widget that’s works on your site, ready to capture any visitor’s Name, Email address and Phone Number.  It signals you the moment they let you know they’re interested – so that you can talk to that lead while they’re literally looking over your site.\r\n\r\nCLICK HERE https://advanceleadgeneration.com to try out a Live Demo with Web Visitors Into Leads now to see exactly how it works.\r\n\r\nYou’ll be amazed - the difference between contacting someone within 5 minutes versus a half-hour or more later could increase your results 100-fold.\r\n\r\nIt gets even better… once you’ve captured their phone number, with our new SMS Text With Lead feature, you can automatically start a text (SMS) conversation.\r\n  \r\nThat way, even if you don’t close a deal right away, you can follow up with text messages for new offers, content links, even just “how you doing?” notes to build a relationship.\r\n\r\nPretty sweet – AND effective.\r\n\r\nCLICK HERE https://advanceleadgeneration.com to discover what Web Visitors Into Leads can do for your business.\r\n\r\nYou could be converting up to 100X more leads today!\r\n\r\nEric\r\nPS: Web Visitors Into Leads offers a FREE 14 days trial – and it even includes International Long Distance Calling. \r\nYou have customers waiting to talk with you right now… don’t keep them waiting. \r\nCLICK HERE https://advanceleadgeneration.com to try Web Visitors Into Leads now.\r\n\r\nIf you\'d like to unsubscribe click here http://advanceleadgeneration.com/unsubscribe.aspx?d=5ibra.com','2023-02-27 12:22:21','2023-02-27 12:22:21'),(247,'Kaleigh Murzyn',NULL,'DomenicRadilla8517@gmail.com',NULL,'2023-03-02 12:22:26','2023-03-02 12:22:26'),(248,'Alexandra Ritchey','605-398-8148','ritchey.alexandra@gmail.com','I don\'t know about you, but whenever I look for a business online, the first thing I check is their reviews and the quantity of positive feedback they have. That\'s precisely why I\'m getting in touch with you now – in order to show you how to generate more authentic 5-star reviews that can help you receive more calls from your existing ads or listings. To learn more, click here: https://cutt.ly/c8vrjb5','2023-03-02 15:34:50','2023-03-02 15:34:50'),(249,'Loyd Tunget',NULL,'TuanTaphous@gmail.com',NULL,'2023-03-03 18:27:33','2023-03-03 18:27:33'),(250,'VvhoeuFYagOwEx','3026218455','valeriyf9apr@outlook.com','EFKoCyWp','2023-03-03 18:53:20','2023-03-03 18:53:20'),(251,'YFaQpnoehrbv','7242542310','valeriyf9apr@outlook.com','eBUkMDzoJSZVWqO','2023-03-03 18:53:22','2023-03-03 18:53:22'),(252,'VvhoeuFYagOwEx','3026218455','valeriyf9apr@outlook.com','EFKoCyWp','2023-03-03 18:53:25','2023-03-03 18:53:25'),(253,'Eric Jones','555-555-1212','ericjonesmyemail@gmail.com','Dear 5ibra.com Owner.\r\n\r\nMy name’s Eric and for just a second, imagine this…\r\n\r\n- Someone does a search and winds up at 5ibra.com.\r\n\r\n- They hang out for a minute to check it out.  “I’m interested… but… maybe…”\r\n\r\n- And then they hit the back button and check out the other search results instead. \r\n\r\n- Bottom line – you got an eyeball, but nothing else to show for it.\r\n\r\n- There they go.\r\n\r\nThis isn’t really your fault – it happens a LOT – studies show 7 out of 10 visitors to any site disappear without leaving a trace.\r\n\r\nBut you CAN fix that.\r\n\r\nWeb Visitors Into Leads is a software widget that’s works on your site, ready to capture any visitor’s Name, Email address and Phone Number.  It lets you know right then and there – enabling you to call that lead while they’re literally looking over your site.\r\n\r\nCLICK HERE http://jumboleadmagnet.com to try out a Live Demo with Web Visitors Into Leads now to see exactly how it works.\r\n\r\nTime is money when it comes to connecting with leads – the difference between contacting someone within 5 minutes versus 30 minutes later can be huge – like 100 times better!\r\n\r\nPlus, now that you have their phone number, with our new SMS Text With Lead feature you can automatically start a text (SMS) conversation… so even if you don’t close a deal then, you can follow up with text messages for new offers, content links, even just “how you doing?” notes to build a relationship.\r\n\r\nStrong stuff.\r\n\r\nCLICK HERE http://jumboleadmagnet.com to discover what Web Visitors Into Leads can do for your business.\r\n\r\nYou could be converting up to 100X more leads today!\r\n\r\nEric\r\nPS: Web Visitors Into Leads offers a FREE 14 days trial – and it even includes International Long Distance Calling. \r\nYou have customers waiting to talk with you right now… don’t keep them waiting. \r\nCLICK HERE http://jumboleadmagnet.com to try Web Visitors Into Leads now.\r\n\r\nIf you\'d like to unsubscribe click here http://jumboleadmagnet.com/unsubscribe.aspx?d=5ibra.com','2023-03-04 08:13:42','2023-03-04 08:13:42'),(254,'Eric Jones','555-555-1212','ericjonesmyemail@gmail.com','Hello 5ibra.com Webmaster. \r\n\r\nMy name is Eric and unlike a lot of emails you might get, I wanted to instead provide you with a word of encouragement – Congratulations\r\n\r\nWhat for?  \r\n\r\nPart of my job is to check out websites and the work you’ve done with 5ibra.com definitely stands out. \r\n\r\nIt’s clear you took building a website seriously and made a real investment of time and resources into making it top quality.\r\n\r\nThere is, however, a catch… more accurately, a question…\r\n\r\nSo when someone like me happens to find your site – maybe at the top of the search results (nice job BTW) or just through a random link, how do you know? \r\n\r\nMore importantly, how do you make a connection with that person?\r\n\r\nStudies show that 7 out of 10 visitors don’t stick around – they’re there one second and then gone with the wind.\r\n\r\nHere’s a way to create INSTANT engagement that you may not have known about… \r\n\r\nWeb Visitors Into Leads is a software widget that’s works on your site, ready to capture any visitor’s Name, Email address and Phone Number.  It lets you know INSTANTLY that they’re interested – so that you can talk to that lead while they’re literally checking out 5ibra.com.\r\n\r\nCLICK HERE http://jumboleadmagnet.com to try out a Live Demo with Web Visitors Into Leads now to see exactly how it works.\r\n\r\nIt could be a game-changer for your business – and it gets even better… once you’ve captured their phone number, with our new SMS Text With Lead feature, you can automatically start a text (SMS) conversation – immediately (and there’s literally a 100X difference between contacting someone within 5 minutes versus 30 minutes.)\r\n\r\nPlus then, even if you don’t close a deal right away, you can connect later on with text messages for new offers, content links, even just follow up notes to build a relationship.\r\n\r\nEverything I’ve just described is simple, easy, and effective. \r\n\r\nCLICK HERE http://jumboleadmagnet.com to discover what Web Visitors Into Leads can do for your business.\r\n\r\nYou could be converting up to 100X more leads today!\r\n\r\nEric\r\nPS: Web Visitors Into Leads offers a FREE 14 days trial – and it even includes International Long Distance Calling. \r\nYou have customers waiting to talk with you right now… don’t keep them waiting. \r\nCLICK HERE http://jumboleadmagnet.com to try Web Visitors Into Leads now.\r\n\r\nIf you\'d like to unsubscribe click here http://jumboleadmagnet.com/unsubscribe.aspx?d=5ibra.com','2023-03-08 18:37:17','2023-03-08 18:37:17'),(255,'Eric Jones','555-555-1212','ericjonesmyemail@gmail.com','Dear 5ibra.com Webmaster. \r\n\r\nMy name is Eric and unlike a lot of emails you might get, I wanted to instead provide you with a word of encouragement – Congratulations\r\n\r\nWhat for?  \r\n\r\nPart of my job is to check out websites and the work you’ve done with 5ibra.com definitely stands out. \r\n\r\nIt’s clear you took building a website seriously and made a real investment of time and resources into making it top quality.\r\n\r\nThere is, however, a catch… more accurately, a question…\r\n\r\nSo when someone like me happens to find your site – maybe at the top of the search results (nice job BTW) or just through a random link, how do you know? \r\n\r\nMore importantly, how do you make a connection with that person?\r\n\r\nStudies show that 7 out of 10 visitors don’t stick around – they’re there one second and then gone with the wind.\r\n\r\nHere’s a way to create INSTANT engagement that you may not have known about… \r\n\r\nWeb Visitors Into Leads is a software widget that’s works on your site, ready to capture any visitor’s Name, Email address and Phone Number.  It lets you know INSTANTLY that they’re interested – so that you can talk to that lead while they’re literally checking out 5ibra.com.\r\n\r\nCLICK HERE http://advanceleadgeneration.com to try out a Live Demo with Web Visitors Into Leads now to see exactly how it works.\r\n\r\nIt could be a game-changer for your business – and it gets even better… once you’ve captured their phone number, with our new SMS Text With Lead feature, you can automatically start a text (SMS) conversation – immediately (and there’s literally a 100X difference between contacting someone within 5 minutes versus 30 minutes.)\r\n\r\nPlus then, even if you don’t close a deal right away, you can connect later on with text messages for new offers, content links, even just follow up notes to build a relationship.\r\n\r\nEverything I’ve just described is simple, easy, and effective. \r\n\r\nCLICK HERE http://advanceleadgeneration.com to discover what Web Visitors Into Leads can do for your business.\r\n\r\nYou could be converting up to 100X more leads today!\r\n\r\nEric\r\nPS: Web Visitors Into Leads offers a FREE 14 days trial – and it even includes International Long Distance Calling. \r\nYou have customers waiting to talk with you right now… don’t keep them waiting. \r\nCLICK HERE http://advanceleadgeneration.com to try Web Visitors Into Leads now.\r\n\r\nIf you\'d like to unsubscribe click here http://advanceleadgeneration.com/unsubscribe.aspx?d=5ibra.com','2023-03-11 03:39:33','2023-03-11 03:39:33'),(256,'Eric Jones','555-555-1212','ericjonesmyemail@gmail.com','Dear 5ibra.com Webmaster.\r\n\r\nEric here with a quick thought about your website 5ibra.com...\r\n\r\nI’m on the internet a lot and I look at a lot of business websites.\r\n\r\nLike yours, many of them have great content. \r\n\r\nBut all too often, they come up short when it comes to engaging and connecting with anyone who visits.\r\n\r\nI get it – it’s hard.  Studies show 7 out of 10 people who land on a site, abandon it in moments without leaving even a trace.  You got the eyeball, but nothing else.\r\n\r\nHere’s a solution for you…\r\n\r\nWeb Visitors Into Leads is a software widget that’s works on your site, ready to capture any visitor’s Name, Email address and Phone Number.  You’ll know immediately they’re interested and you can call them directly to talk with them literally while they’re still on the web looking at your site.\r\n\r\nCLICK HERE http://jumboleadmagnet.com to try out a Live Demo with Web Visitors Into Leads now to see exactly how it works.\r\n\r\nIt could be huge for your business – and because you’ve got that phone number, with our new SMS Text With Lead feature, you can automatically start a text (SMS) conversation – immediately… and contacting someone in that 5 minute window is 100 times more powerful than reaching out 30 minutes or more later.\r\n\r\nPlus, with text messaging you can follow up later with new offers, content links, even just follow up notes to keep the conversation going.\r\n\r\nEverything I’ve just described is extremely simple to implement, cost-effective, and profitable. \r\n \r\nCLICK HERE http://jumboleadmagnet.com to discover what Web Visitors Into Leads can do for your business.\r\n\r\nYou could be converting up to 100X more eyeballs into leads today!\r\n\r\nEric\r\nPS: Web Visitors Into Leads offers a FREE 14 days trial – and it even includes International Long Distance Calling. \r\nYou have customers waiting to talk with you right now… don’t keep them waiting. \r\nCLICK HERE http://jumboleadmagnet.com to try Web Visitors Into Leads now.\r\n\r\nIf you\'d like to unsubscribe click here http://jumboleadmagnet.com/unsubscribe.aspx?d=5ibra.com','2023-03-12 03:11:12','2023-03-12 03:11:12'),(257,'Eric Jones','555-555-1212','ericjonesmyemail@gmail.com','Hello 5ibra.com Administrator. this is Eric and I ran across 5ibra.com a few minutes ago.\r\n\r\nLooks great… but now what?\r\n\r\nBy that I mean, when someone like me finds your website – either through Search or just bouncing around – what happens next?  Do you get a lot of leads from your site, or at least enough to make you happy?\r\n\r\nHonestly, most business websites fall a bit short when it comes to generating paying customers. Studies show that 70% of a site’s visitors disappear and are gone forever after just a moment.\r\n\r\nHere’s an idea…\r\n \r\nHow about making it really EASY for every visitor who shows up to get a personal phone call you as soon as they hit your site…\r\n \r\nYou can –\r\n  \r\nWeb Visitors Into Leads is a software widget that’s works on your site, ready to capture any visitor’s Name, Email address and Phone Number.  It signals you the moment they let you know they’re interested – so that you can talk to that lead while they’re literally looking over your site.\r\n\r\nCLICK HERE https://advanceleadgeneration.com to try out a Live Demo with Web Visitors Into Leads now to see exactly how it works.\r\n\r\nYou’ll be amazed - the difference between contacting someone within 5 minutes versus a half-hour or more later could increase your results 100-fold.\r\n\r\nIt gets even better… once you’ve captured their phone number, with our new SMS Text With Lead feature, you can automatically start a text (SMS) conversation.\r\n  \r\nThat way, even if you don’t close a deal right away, you can follow up with text messages for new offers, content links, even just “how you doing?” notes to build a relationship.\r\n\r\nPretty sweet – AND effective.\r\n\r\nCLICK HERE https://advanceleadgeneration.com to discover what Web Visitors Into Leads can do for your business.\r\n\r\nYou could be converting up to 100X more leads today!\r\n\r\nEric\r\nPS: Web Visitors Into Leads offers a FREE 14 days trial – and it even includes International Long Distance Calling. \r\nYou have customers waiting to talk with you right now… don’t keep them waiting. \r\nCLICK HERE https://advanceleadgeneration.com to try Web Visitors Into Leads now.\r\n\r\nIf you\'d like to unsubscribe click here http://advanceleadgeneration.com/unsubscribe.aspx?d=5ibra.com','2023-03-12 05:06:35','2023-03-12 05:06:35'),(258,'Sherman Danielson',NULL,'DemetraOstroot47957@gmail.com',NULL,'2023-03-12 12:39:12','2023-03-12 12:39:12'),(259,'Eric Jones','555-555-1212','ericjonesmyemail@gmail.com','Hello 5ibra.com Webmaster! my name’s Eric and for just a second, imagine this…\r\n\r\n- Someone does a search and winds up at 5ibra.com.\r\n\r\n- They hang out for a minute to check it out.  “I’m interested… but… maybe…”\r\n\r\n- And then they hit the back button and check out the other search results instead. \r\n\r\n- Bottom line – you got an eyeball, but nothing else to show for it.\r\n\r\n- There they go.\r\n\r\nThis isn’t really your fault – it happens a LOT – studies show 7 out of 10 visitors to any site disappear without leaving a trace.\r\n\r\nBut you CAN fix that.\r\n\r\nWeb Visitors Into Leads is a software widget that’s works on your site, ready to capture any visitor’s Name, Email address and Phone Number.  It lets you know right then and there – enabling you to call that lead while they’re literally looking over your site.\r\n\r\nCLICK HERE http://advanceleadgeneration.com to try out a Live Demo with Web Visitors Into Leads now to see exactly how it works.\r\n\r\nTime is money when it comes to connecting with leads – the difference between contacting someone within 5 minutes versus 30 minutes later can be huge – like 100 times better!\r\n\r\nPlus, now that you have their phone number, with our new SMS Text With Lead feature you can automatically start a text (SMS) conversation… so even if you don’t close a deal then, you can follow up with text messages for new offers, content links, even just “how you doing?” notes to build a relationship.\r\n\r\nStrong stuff.\r\n\r\nCLICK HERE http://advanceleadgeneration.com to discover what Web Visitors Into Leads can do for your business.\r\n\r\nYou could be converting up to 100X more leads today!\r\n\r\nEric\r\nPS: Web Visitors Into Leads offers a FREE 14 days trial – and it even includes International Long Distance Calling. \r\nYou have customers waiting to talk with you right now… don’t keep them waiting. \r\nCLICK HERE http://advanceleadgeneration.com to try Web Visitors Into Leads now.\r\n\r\nIf you\'d like to unsubscribe click here http://advanceleadgeneration.com/unsubscribe.aspx?d=5ibra.com','2023-03-13 03:57:42','2023-03-13 03:57:42'),(260,'Eric Jones','555-555-1212','ericjonesmyemail@gmail.com','To the 5ibra.com Administrator. this is Eric and I ran across 5ibra.com a few minutes ago.\r\n\r\nLooks great… but now what?\r\n\r\nBy that I mean, when someone like me finds your website – either through Search or just bouncing around – what happens next?  Do you get a lot of leads from your site, or at least enough to make you happy?\r\n\r\nHonestly, most business websites fall a bit short when it comes to generating paying customers. Studies show that 70% of a site’s visitors disappear and are gone forever after just a moment.\r\n\r\nHere’s an idea…\r\n \r\nHow about making it really EASY for every visitor who shows up to get a personal phone call you as soon as they hit your site…\r\n \r\nYou can –\r\n  \r\nWeb Visitors Into Leads is a software widget that’s works on your site, ready to capture any visitor’s Name, Email address and Phone Number.  It signals you the moment they let you know they’re interested – so that you can talk to that lead while they’re literally looking over your site.\r\n\r\nCLICK HERE https://advanceleadgeneration.com to try out a Live Demo with Web Visitors Into Leads now to see exactly how it works.\r\n\r\nYou’ll be amazed - the difference between contacting someone within 5 minutes versus a half-hour or more later could increase your results 100-fold.\r\n\r\nIt gets even better… once you’ve captured their phone number, with our new SMS Text With Lead feature, you can automatically start a text (SMS) conversation.\r\n  \r\nThat way, even if you don’t close a deal right away, you can follow up with text messages for new offers, content links, even just “how you doing?” notes to build a relationship.\r\n\r\nPretty sweet – AND effective.\r\n\r\nCLICK HERE https://advanceleadgeneration.com to discover what Web Visitors Into Leads can do for your business.\r\n\r\nYou could be converting up to 100X more leads today!\r\n\r\nEric\r\nPS: Web Visitors Into Leads offers a FREE 14 days trial – and it even includes International Long Distance Calling. \r\nYou have customers waiting to talk with you right now… don’t keep them waiting. \r\nCLICK HERE https://advanceleadgeneration.com to try Web Visitors Into Leads now.\r\n\r\nIf you\'d like to unsubscribe click here http://advanceleadgeneration.com/unsubscribe.aspx?d=5ibra.com','2023-03-14 00:39:36','2023-03-14 00:39:36'),(261,'Kurt Lawhorn','01.33.72.87.87','hacker@yanezgmbh.ch','We are a group of highly qualified ethical hackers who scan tens of thousands of sites every day for critical vulnerabilities and patch them for a small fee.\r\n\r\nOn your site 5ibra.com - we have discovered 5 critical vulnerabilities, each of which can give attackers full access to your site, databases and the server as a whole.\r\n\r\nPay $3000 (0.15 BTC) by visiting this site where you will be able to copy our bitcoin (btc) address or scan the QR code with your device https://www.blockchain.com/explorer/addresses/btc/32WwZPpAe7syJKo6THUw8eBizRqA6B6Xoh\r\n And after payment within 12 hours we will fix all the vulnerabilities on your site and you can sleep peacefully without worrying about the safety of your site and server.\r\n \r\nIf we are hired by well-known corporations, then we charge from $50000 for our services, so you are lucky that we offer you the same service for $3000 (0.15 BTC)','2023-03-14 03:33:53','2023-03-14 03:33:53'),(262,'uVGYFICgmbNkQ','3456284264','vitaliyoif@outlook.com','qxouOGncY','2023-03-14 06:14:15','2023-03-14 06:14:15'),(263,'idIchAZKHmM','3275374176','vitaliyoif@outlook.com','FSuCaTNgzW','2023-03-14 06:14:17','2023-03-14 06:14:17'),(264,'uVGYFICgmbNkQ','3456284264','vitaliyoif@outlook.com','qxouOGncY','2023-03-14 06:14:19','2023-03-14 06:14:19'),(265,'Eric Jones','555-555-1212','ericjonesmyemail@gmail.com','Hi 5ibra.com Webmaster.\r\n\r\nMy name is Eric and I’m betting you’d like your website 5ibra.com to generate more leads.\r\n\r\nHere’s how:\r\nWeb Visitors Into Leads is a software widget that’s works on your site, ready to capture any visitor’s Name, Email address and Phone Number.  It signals you as soon as they say they’re interested – so that you can talk to that lead while they’re still there at 5ibra.com.\r\n\r\nWeb Visitors Into Leads – CLICK HERE http://jumboleadmagnet.com for a live demo now.\r\n\r\nAnd now that you’ve got their phone number, our new SMS Text With Lead feature enables you to start a text (SMS) conversation – answer questions, provide more info, and close a deal that way.\r\n\r\nIf they don’t take you up on your offer then, just follow up with text messages for new offers, content links, even just “how you doing?” notes to build a relationship.\r\n\r\nCLICK HERE http://jumboleadmagnet.com to discover what Web Visitors Into Leads can do for your business.\r\n\r\nThe difference between contacting someone within 5 minutes versus a half-hour means you could be converting up to 100X more leads today!\r\n\r\nTry Web Visitors Into Leads and get more leads now.\r\n\r\nEric\r\nPS: The studies show 7 out of 10 visitors don’t hang around – you can’t afford to lose them!\r\nWeb Visitors Into Leads offers a FREE 14 days trial – and it even includes International Long Distance Calling. \r\nYou have customers waiting to talk with you right now… don’t keep them waiting. \r\nCLICK HERE http://jumboleadmagnet.com to try Web Visitors Into Leads now.\r\n\r\nIf you\'d like to unsubscribe click here http://jumboleadmagnet.com/unsubscribe.aspx?d=5ibra.com','2023-03-14 15:55:33','2023-03-14 15:55:33'),(266,'Eric Jones','555-555-1212','ericjonesmyemail@gmail.com','To the 5ibra.com Administrator! my name’s Eric and I just ran across your website at 5ibra.com...\r\n\r\nI found it after a quick search, so your SEO’s working out…\r\n\r\nContent looks pretty good…\r\n\r\nOne thing’s missing though…\r\n\r\nA QUICK, EASY way to connect with you NOW.\r\n\r\nBecause studies show that a web lead like me will only hang out a few seconds – 7 out of 10 disappear almost instantly, Surf Surf Surf… then gone forever.\r\n\r\nI have the solution:\r\n\r\nWeb Visitors Into Leads is a software widget that’s works on your site, ready to capture any visitor’s Name, Email address and Phone Number.  You’ll know immediately they’re interested and you can call them directly to TALK with them - literally while they’re still on the web looking at your site.\r\n\r\nCLICK HERE https://advanceleadgeneration.com to try out a Live Demo with Web Visitors Into Leads now to see exactly how it works and even give it a try… it could be huge for your business.\r\n\r\nPlus, now that you’ve got that phone number, with our new SMS Text With Lead feature, you can automatically start a text (SMS) conversation pronto… which is so powerful, because connecting with someone within the first 5 minutes is 100 times more effective than waiting 30 minutes or more later.\r\n\r\nThe new text messaging feature lets you follow up regularly with new offers, content links, even just follow up notes to build a relationship.\r\n\r\nEverything I’ve just described is extremely simple to implement, cost-effective, and profitable.\r\n \r\nCLICK HERE https://advanceleadgeneration.com to discover what Web Visitors Into Leads can do for your business, potentially converting up to 100X more eyeballs into leads today!\r\n\r\nEric\r\nPS: Web Visitors Into Leads offers a FREE 14 days trial – and it even includes International Long Distance Calling. \r\nYou have customers waiting to talk with you right now… don’t keep them waiting. \r\nCLICK HERE https://advanceleadgeneration.com to try Web Visitors Into Leads now.\r\n\r\nIf you\'d like to unsubscribe click here http://advanceleadgeneration.com/unsubscribe.aspx?d=5ibra.com','2023-03-15 00:47:48','2023-03-15 00:47:48'),(267,'Eric Jones','555-555-1212','ericjonesmyemail@gmail.com','To the 5ibra.com Administrator. \r\n\r\nMy name is Eric and unlike a lot of emails you might get, I wanted to instead provide you with a word of encouragement – Congratulations\r\n\r\nWhat for?  \r\n\r\nPart of my job is to check out websites and the work you’ve done with 5ibra.com definitely stands out. \r\n\r\nIt’s clear you took building a website seriously and made a real investment of time and resources into making it top quality.\r\n\r\nThere is, however, a catch… more accurately, a question…\r\n\r\nSo when someone like me happens to find your site – maybe at the top of the search results (nice job BTW) or just through a random link, how do you know? \r\n\r\nMore importantly, how do you make a connection with that person?\r\n\r\nStudies show that 7 out of 10 visitors don’t stick around – they’re there one second and then gone with the wind.\r\n\r\nHere’s a way to create INSTANT engagement that you may not have known about… \r\n\r\nWeb Visitors Into Leads is a software widget that’s works on your site, ready to capture any visitor’s Name, Email address and Phone Number.  It lets you know INSTANTLY that they’re interested – so that you can talk to that lead while they’re literally checking out 5ibra.com.\r\n\r\nCLICK HERE https://advanceleadgeneration.com to try out a Live Demo with Web Visitors Into Leads now to see exactly how it works.\r\n\r\nIt could be a game-changer for your business – and it gets even better… once you’ve captured their phone number, with our new SMS Text With Lead feature, you can automatically start a text (SMS) conversation – immediately (and there’s literally a 100X difference between contacting someone within 5 minutes versus 30 minutes.)\r\n\r\nPlus then, even if you don’t close a deal right away, you can connect later on with text messages for new offers, content links, even just follow up notes to build a relationship.\r\n\r\nEverything I’ve just described is simple, easy, and effective. \r\n\r\nCLICK HERE https://advanceleadgeneration.com to discover what Web Visitors Into Leads can do for your business.\r\n\r\nYou could be converting up to 100X more leads today!\r\n\r\nEric\r\nPS: Web Visitors Into Leads offers a FREE 14 days trial – and it even includes International Long Distance Calling. \r\nYou have customers waiting to talk with you right now… don’t keep them waiting. \r\nCLICK HERE https://advanceleadgeneration.com to try Web Visitors Into Leads now.\r\n\r\nIf you\'d like to unsubscribe click here http://advanceleadgeneration.com/unsubscribe.aspx?d=5ibra.com','2023-03-15 10:39:41','2023-03-15 10:39:41'),(268,'Eric Jones','555-555-1212','ericjonesmyemail@gmail.com','Hello 5ibra.com Administrator. \r\n\r\nEric here with a quick thought about your website 5ibra.com...\r\n\r\nI’m on the internet a lot and I look at a lot of business websites.\r\n\r\nLike yours, many of them have great content. \r\n\r\nBut all too often, they come up short when it comes to engaging and connecting with anyone who visits.\r\n\r\nI get it – it’s hard.  Studies show 7 out of 10 people who land on a site, abandon it in moments without leaving even a trace.  You got the eyeball, but nothing else.\r\n\r\nHere’s a solution for you…\r\n\r\nWeb Visitors Into Leads is a software widget that’s works on your site, ready to capture any visitor’s Name, Email address and Phone Number.  You’ll know immediately they’re interested and you can call them directly to talk with them literally while they’re still on the web looking at your site.\r\n\r\nCLICK HERE http://advanceleadgeneration.com to try out a Live Demo with Web Visitors Into Leads now to see exactly how it works.\r\n\r\nIt could be huge for your business – and because you’ve got that phone number, with our new SMS Text With Lead feature, you can automatically start a text (SMS) conversation – immediately… and contacting someone in that 5 minute window is 100 times more powerful than reaching out 30 minutes or more later.\r\n\r\nPlus, with text messaging you can follow up later with new offers, content links, even just follow up notes to keep the conversation going.\r\n\r\nEverything I’ve just described is extremely simple to implement, cost-effective, and profitable. \r\n \r\nCLICK HERE http://advanceleadgeneration.com to discover what Web Visitors Into Leads can do for your business.\r\n\r\nYou could be converting up to 100X more eyeballs into leads today!\r\n\r\nEric\r\nPS: Web Visitors Into Leads offers a FREE 14 days trial – and it even includes International Long Distance Calling. \r\nYou have customers waiting to talk with you right now… don’t keep them waiting. \r\nCLICK HERE http://advanceleadgeneration.com to try Web Visitors Into Leads now.\r\n\r\nIf you\'d like to unsubscribe click here http://advanceleadgeneration.com/unsubscribe.aspx?d=5ibra.com','2023-03-15 17:22:41','2023-03-15 17:22:41'),(269,'Eric Jones','555-555-1212','ericjonesmyemail@gmail.com','Dear 5ibra.com Admin.\r\n\r\nMy name’s Eric and I just ran across your website at 5ibra.com...\r\n\r\nI found it after a quick search, so your SEO’s working out…\r\n\r\nContent looks pretty good…\r\n\r\nOne thing’s missing though…\r\n\r\nA QUICK, EASY way to connect with you NOW.\r\n\r\nBecause studies show that a web lead like me will only hang out a few seconds – 7 out of 10 disappear almost instantly, Surf Surf Surf… then gone forever.\r\n\r\nI have the solution:\r\n\r\nWeb Visitors Into Leads is a software widget that’s works on your site, ready to capture any visitor’s Name, Email address and Phone Number.  You’ll know immediately they’re interested and you can call them directly to TALK with them - literally while they’re still on the web looking at your site.\r\n\r\nCLICK HERE http://jumboleadmagnet.com to try out a Live Demo with Web Visitors Into Leads now to see exactly how it works and even give it a try… it could be huge for your business.\r\n\r\nPlus, now that you’ve got that phone number, with our new SMS Text With Lead feature, you can automatically start a text (SMS) conversation pronto… which is so powerful, because connecting with someone within the first 5 minutes is 100 times more effective than waiting 30 minutes or more later.\r\n\r\nThe new text messaging feature lets you follow up regularly with new offers, content links, even just follow up notes to build a relationship.\r\n\r\nEverything I’ve just described is extremely simple to implement, cost-effective, and profitable.\r\n \r\nCLICK HERE http://jumboleadmagnet.com to discover what Web Visitors Into Leads can do for your business, potentially converting up to 100X more eyeballs into leads today!\r\n\r\nEric\r\nPS: Web Visitors Into Leads offers a FREE 14 days trial – and it even includes International Long Distance Calling. \r\nYou have customers waiting to talk with you right now… don’t keep them waiting. \r\nCLICK HERE http://jumboleadmagnet.com to try Web Visitors Into Leads now.\r\n\r\nIf you\'d like to unsubscribe click here http://jumboleadmagnet.com/unsubscribe.aspx?d=5ibra.com','2023-03-15 19:18:56','2023-03-15 19:18:56'),(270,'Jessi Heinle',NULL,'TobiasHibl@gmail.com',NULL,'2023-03-16 02:09:30','2023-03-16 02:09:30'),(271,'Eric Jones','555-555-1212','ericjonesmyemail@gmail.com','Hello 5ibra.com Webmaster.\r\n\r\nCool website!\r\n\r\nMy name’s Eric, and I just found your site - 5ibra.com - while surfing the net. You showed up at the top of the search results, so I checked you out. Looks like what you’re doing is pretty cool.\r\n \r\nBut if you don’t mind me asking – after someone like me stumbles across 5ibra.com, what usually happens?\r\n\r\nIs your site generating leads for your business? \r\n \r\nI’m guessing some, but I also bet you’d like more… studies show that 7 out 10 who land on a site wind up leaving without a trace.\r\n\r\nNot good.\r\n\r\nHere’s a thought – what if there was an easy way for every visitor to “raise their hand” to get a phone call from you INSTANTLY… the second they hit your site and said, “call me now.”\r\n\r\nYou can –\r\n  \r\nWeb Visitors Into Leads is a software widget that’s works on your site, ready to capture any visitor’s Name, Email address and Phone Number.  It lets you know IMMEDIATELY – so that you can talk to that lead while they’re literally looking over your site.\r\n\r\nCLICK HERE http://jumboleadmagnet.com to try out a Live Demo with Web Visitors Into Leads now to see exactly how it works.\r\n\r\nTime is money when it comes to connecting with leads – the difference between contacting someone within 5 minutes versus 30 minutes later can be huge – like 100 times better!\r\n\r\nThat’s why we built out our new SMS Text With Lead feature… because once you’ve captured the visitor’s phone number, you can automatically start a text message (SMS) conversation.\r\n  \r\nThink about the possibilities – even if you don’t close a deal then and there, you can follow up with text messages for new offers, content links, even just “how you doing?” notes to build a relationship.\r\n\r\nWouldn’t that be cool?\r\n\r\nCLICK HERE http://jumboleadmagnet.com to discover what Web Visitors Into Leads can do for your business.\r\n\r\nYou could be converting up to 100X more leads today!\r\nEric\r\n\r\nPS: Web Visitors Into Leads offers a FREE 14 days trial – and it even includes International Long Distance Calling. \r\nYou have customers waiting to talk with you right now… don’t keep them waiting. \r\nCLICK HERE http://jumboleadmagnet.com to try Web Visitors Into Leads now.\r\n\r\nIf you\'d like to unsubscribe click here http://jumboleadmagnet.com/unsubscribe.aspx?d=5ibra.com','2023-03-16 21:27:10','2023-03-16 21:27:10'),(272,'Felton Tonche',NULL,'PeteForsha@gmail.com',NULL,'2023-03-17 13:06:39','2023-03-17 13:06:39'),(273,'Aaron Benz',NULL,'RalphBlunk@gmail.com',NULL,'2023-03-18 19:01:44','2023-03-18 19:01:44'),(274,'Eric Jones','555-555-1212','ericjonesmyemail@gmail.com','Hello 5ibra.com Owner!\r\n\r\nMy name’s Eric and I just found your site 5ibra.com.\r\n\r\nIt’s got a lot going for it, but here’s an idea to make it even MORE effective.\r\n\r\nWeb Visitors Into Leads – CLICK HERE http://jumboleadmagnet.com for a live demo now.\r\n\r\nWeb Visitors Into Leads is a software widget that’s works on your site, ready to capture any visitor’s Name, Email address and Phone Number.  It signals you the moment they let you know they’re interested – so that you can talk to that lead while they’re literally looking over your site.\r\n\r\nAnd once you’ve captured their phone number, with our new SMS Text With Lead feature, you can automatically start a text (SMS) conversation… and if they don’t take you up on your offer then, you can follow up with text messages for new offers, content links, even just “how you doing?” notes to build a relationship.\r\n\r\nCLICK HERE http://jumboleadmagnet.com to discover what Web Visitors Into Leads can do for your business.\r\n\r\nThe difference between contacting someone within 5 minutes versus a half-hour means you could be converting up to 100X more leads today!\r\n\r\nEric\r\nPS: Studies show that 70% of a site’s visitors disappear and are gone forever after just a moment. Don’t keep losing them. \r\nWeb Visitors Into Leads offers a FREE 14 days trial – and it even includes International Long Distance Calling. \r\nYou have customers waiting to talk with you right now… don’t keep them waiting. \r\nCLICK HERE http://jumboleadmagnet.com to try Web Visitors Into Leads now.\r\n\r\nIf you\'d like to unsubscribe click here http://jumboleadmagnet.com/unsubscribe.aspx?d=5ibra.com','2023-03-19 04:46:45','2023-03-19 04:46:45'),(275,'Avery Wilshire',NULL,'hacker@cmbcustombiju.com','We have hacked your website 5ibra.com and extracted your databases. This was due to the security holes you had in your your site/server which have gained us remote control of pretty much everything that was on the server. \r\n\r\nOur team is mostly interested in customer, administrative, and employee information which we have extracted through your databases once we got remote control over the server. It still needs to be sorted out but it will be well-organized once finished. First, we will be going through the emails/sms information and contacting the recipient how you held in disregard about their information being exposed to a hacking group when you could have stopped it. This would be detrimental to your personal image with these relationships with these people. Lastly, now that we have information not only will we be monetizing off it with our methods but made public or sold to other people that will do whatever they wish with the information also after we are done.\r\n\r\nNow you can put a stop to this by paying a $3000 fee (0.11 BTC) in bitcoin to the address 3Mi7DYMVwc8bzLAsWzmbeHdGTNhefKGcfG We will be notified of payment which we will then delete the information we have obtained, patch the hole in the site/server which we got in and remove you from any future targeting in the future. You have 72 hours in doing so after viewing this message or the series of steps will commence. You can obtain bitcoin through such services such as paxful.com or do a search on bing.com','2023-03-21 20:31:19','2023-03-21 20:31:19'),(276,'tGUgRKXefm','3080282603','clsaraadd@outlook.com','OQvJgGNKn','2023-03-22 00:24:16','2023-03-22 00:24:16'),(277,'xQTFOZiXU','9844853507','clsaraadd@outlook.com','fSsYiRDdeLAtocQ','2023-03-22 00:24:24','2023-03-22 00:24:24'),(278,'Eric Jones','555-555-1212','eric.jones.z.mail@gmail.com','Hello 5ibra.com Administrator.\r\n\r\nMy name’s Eric and I just found your site 5ibra.com.\r\n\r\nIt’s got a lot going for it, but here’s an idea to make it even MORE effective.\r\n\r\nWeb Visitors Into Leads – CLICK HERE http://advanceleadgeneration.com for a live demo now.\r\n\r\nWeb Visitors Into Leads is a software widget that’s works on your site, ready to capture any visitor’s Name, Email address and Phone Number.  It signals you the moment they let you know they’re interested – so that you can talk to that lead while they’re literally looking over your site.\r\n\r\nAnd once you’ve captured their phone number, with our new SMS Text With Lead feature, you can automatically start a text (SMS) conversation… and if they don’t take you up on your offer then, you can follow up with text messages for new offers, content links, even just “how you doing?” notes to build a relationship.\r\n\r\nCLICK HERE http://advanceleadgeneration.com to discover what Web Visitors Into Leads can do for your business.\r\n\r\nThe difference between contacting someone within 5 minutes versus a half-hour means you could be converting up to 100X more leads today!\r\n\r\nEric\r\nPS: Studies show that 70% of a site’s visitors disappear and are gone forever after just a moment. Don’t keep losing them. \r\nWeb Visitors Into Leads offers a FREE 14 days trial – and it even includes International Long Distance Calling. \r\nYou have customers waiting to talk with you right now… don’t keep them waiting. \r\nCLICK HERE http://advanceleadgeneration.com to try Web Visitors Into Leads now.\r\n\r\nIf you\'d like to unsubscribe click here http://advanceleadgeneration.com/unsubscribe.aspx?d=5ibra.com','2023-03-25 11:12:06','2023-03-25 11:12:06'),(279,'Eric Jones','555-555-1212','ericjonesmyemail@gmail.com','Hi 5ibra.com Admin.\r\n\r\nMy name’s Eric and I just came across your website - 5ibra.com - in the search results.\r\n\r\nHere’s what that means to me…\r\n\r\nYour SEO’s working.\r\n\r\nYou’re getting eyeballs – mine at least.\r\n\r\nYour content’s pretty good, wouldn’t change a thing.\r\n\r\nBUT…\r\n\r\nEyeballs don’t pay the bills.\r\n\r\nCUSTOMERS do.\r\n\r\nAnd studies show that 7 out of 10 visitors to a site like 5ibra.com will drop by, take a gander, and then head for the hills without doing anything else.\r\n\r\nIt’s like they never were even there.\r\n\r\nYou can fix this.\r\n\r\nYou can make it super-simple for them to raise their hand, say, “okay, let’s talk” without requiring them to even pull their cell phone from their pocket… thanks to Web Visitors Into Leads.\r\n\r\nWeb Visitors Into Leads is a software widget that sits on your site, ready and waiting to capture any visitor’s Name, Email address and Phone Number.  It lets you know immediately – so you can talk to that lead immediately… without delay… BEFORE they head for those hills.\r\n  \r\nCLICK HERE http://jumboleadmagnet.com to try out a Live Demo with Web Visitors Into Leads now to see exactly how it works.\r\n\r\nNow it’s also true that when reaching out to hot leads, you MUST act fast – the difference between contacting someone within 5 minutes versus 30 minutes later is huge – like 100 times better!\r\n\r\nThat’s what makes our new SMS Text With Lead feature so powerful… you’ve got their phone number, so now you can start a text message (SMS) conversation with them… so even if they don’t take you up on your offer right away, you continue to text them new offers, new content, and new reasons to do business with you.\r\n\r\nThis could change everything for you and your business.\r\n\r\nCLICK HERE http://jumboleadmagnet.com to learn more about everything Web Visitors Into Leads can do and start turing eyeballs into money.\r\n\r\nEric\r\nPS: Web Visitors Into Leads offers a FREE 14 days trial – you could be converting up to 100x more leads immediately!   \r\nIt even includes International Long Distance Calling. \r\nPaying customers are out there waiting. \r\nStarting connecting today by CLICKING HERE http://jumboleadmagnet.com to try Web Visitors Into Leads now.\r\n\r\nIf you\'d like to unsubscribe click here http://jumboleadmagnet.com/unsubscribe.aspx?d=5ibra.com','2023-03-28 02:17:46','2023-03-28 02:17:46'),(280,'Marco Bertrand','032 354 75 96','bertrand.marco@googlemail.com','Imagine having your message seen by millions of potential customers. With our service, we can send your ad text directly to website contact forms, guaranteeing that your message will be read. And the best part? There are no per click costs - just one flat rate to reach a massive audience. Shoot me a quick email here for the details : nixhexx007@boranora.com','2023-03-30 13:13:51','2023-03-30 13:13:51'),(281,'Christine Montero','0688 210 48 38','christine.montero@gmail.com','*INFO SERVICE EXPIRATION FOR 5ibra.com\r\n\r\nAttention: Accounts Payable / Domain Owner / Education Expertise \r\n\r\nYour Domain: www.5ibra.com \r\nExpected Reply before: Apr 01, 2023.\r\n\r\nThis Notice for: www.5ibra.com will expire on Apr 01, 2023. \r\n\r\n\r\n\r\n*For details and to make a payment for 5ibra.com services by credit card:\r\n\r\nVisit: https://namecheapse.com/?web=5ibra.com\r\n\r\n\r\n040120231340500688 210 48 38','2023-04-02 00:50:50','2023-04-02 00:50:50'),(282,'Hello World! https://apel.top/go/gu4winrshe5dgoju?hs=07ae20d3c660f7dbdf6e274488179d1c&','927266267408','ayfkuh@tofeat.com','xmg0mh','2023-04-02 01:36:14','2023-04-02 01:36:14'),(283,'eVgDXJmAztu','4589594458','RufinaBlackman645@yahoo.com','ZpVFWKCchSygr','2023-04-02 02:37:09','2023-04-02 02:37:09'),(284,'ziVbOEdHNKG','2682949499','RufinaBlackman645@yahoo.com','PmxWazucNG','2023-04-02 02:37:10','2023-04-02 02:37:10'),(285,'eVgDXJmAztu','4589594458','RufinaBlackman645@yahoo.com','ZpVFWKCchSygr','2023-04-02 02:37:11','2023-04-02 02:37:11'),(286,'Eric Jones','555-555-1212','ericjonesmyemail@gmail.com','Hello 5ibra.com Webmaster. \r\n\r\nMy name is Eric and unlike a lot of emails you might get, I wanted to instead provide you with a word of encouragement – Congratulations\r\n\r\nWhat for?  \r\n\r\nPart of my job is to check out websites and the work you’ve done with 5ibra.com definitely stands out. \r\n\r\nIt’s clear you took building a website seriously and made a real investment of time and resources into making it top quality.\r\n\r\nThere is, however, a catch… more accurately, a question…\r\n\r\nSo when someone like me happens to find your site – maybe at the top of the search results (nice job BTW) or just through a random link, how do you know? \r\n\r\nMore importantly, how do you make a connection with that person?\r\n\r\nStudies show that 7 out of 10 visitors don’t stick around – they’re there one second and then gone with the wind.\r\n\r\nHere’s a way to create INSTANT engagement that you may not have known about… \r\n\r\nWeb Visitors Into Leads is a software widget that’s works on your site, ready to capture any visitor’s Name, Email address and Phone Number.  It lets you know INSTANTLY that they’re interested – so that you can talk to that lead while they’re literally checking out 5ibra.com.\r\n\r\nCLICK HERE https://advanceleadgeneration.com to try out a Live Demo with Web Visitors Into Leads now to see exactly how it works.\r\n\r\nIt could be a game-changer for your business – and it gets even better… once you’ve captured their phone number, with our new SMS Text With Lead feature, you can automatically start a text (SMS) conversation – immediately (and there’s literally a 100X difference between contacting someone within 5 minutes versus 30 minutes.)\r\n\r\nPlus then, even if you don’t close a deal right away, you can connect later on with text messages for new offers, content links, even just follow up notes to build a relationship.\r\n\r\nEverything I’ve just described is simple, easy, and effective. \r\n\r\nCLICK HERE https://advanceleadgeneration.com to discover what Web Visitors Into Leads can do for your business.\r\n\r\nYou could be converting up to 100X more leads today!\r\n\r\nEric\r\nPS: Web Visitors Into Leads offers a FREE 14 days trial – and it even includes International Long Distance Calling. \r\nYou have customers waiting to talk with you right now… don’t keep them waiting. \r\nCLICK HERE https://advanceleadgeneration.com to try Web Visitors Into Leads now.\r\n\r\nIf you\'d like to unsubscribe click here http://advanceleadgeneration.com/unsubscribe.aspx?d=5ibra.com','2023-04-03 22:12:42','2023-04-03 22:12:42'),(287,'Eric Jones','555-555-1212','ericjonesmyemail@gmail.com','To the 5ibra.com Administrator.\r\n\r\nThis is Eric and I ran across 5ibra.com a few minutes ago.\r\n\r\nLooks great… but now what?\r\n\r\nBy that I mean, when someone like me finds your website – either through Search or just bouncing around – what happens next?  Do you get a lot of leads from your site, or at least enough to make you happy?\r\n\r\nHonestly, most business websites fall a bit short when it comes to generating paying customers. Studies show that 70% of a site’s visitors disappear and are gone forever after just a moment.\r\n\r\nHere’s an idea…\r\n \r\nHow about making it really EASY for every visitor who shows up to get a personal phone call you as soon as they hit your site…\r\n \r\nYou can –\r\n  \r\nWeb Visitors Into Leads is a software widget that’s works on your site, ready to capture any visitor’s Name, Email address and Phone Number.  It signals you the moment they let you know they’re interested – so that you can talk to that lead while they’re literally looking over your site.\r\n\r\nCLICK HERE http://jumboleadmagnet.com to try out a Live Demo with Web Visitors Into Leads now to see exactly how it works.\r\n\r\nYou’ll be amazed - the difference between contacting someone within 5 minutes versus a half-hour or more later could increase your results 100-fold.\r\n\r\nIt gets even better… once you’ve captured their phone number, with our new SMS Text With Lead feature, you can automatically start a text (SMS) conversation.\r\n  \r\nThat way, even if you don’t close a deal right away, you can follow up with text messages for new offers, content links, even just “how you doing?” notes to build a relationship.\r\n\r\nPretty sweet – AND effective.\r\n\r\nCLICK HERE http://jumboleadmagnet.com to discover what Web Visitors Into Leads can do for your business.\r\n\r\nYou could be converting up to 100X more leads today!\r\n\r\nEric\r\nPS: Web Visitors Into Leads offers a FREE 14 days trial – and it even includes International Long Distance Calling. \r\nYou have customers waiting to talk with you right now… don’t keep them waiting. \r\nCLICK HERE http://jumboleadmagnet.com to try Web Visitors Into Leads now.\r\n\r\nIf you\'d like to unsubscribe click here http://jumboleadmagnet.com/unsubscribe.aspx?d=5ibra.com','2023-04-03 22:46:31','2023-04-03 22:46:31'),(288,'Eric Jones','555-555-1212','ericjonesmyemail@gmail.com','Dear 5ibra.com Administrator! Eric here with a quick thought about your website 5ibra.com...\r\n\r\nI’m on the internet a lot and I look at a lot of business websites.\r\n\r\nLike yours, many of them have great content. \r\n\r\nBut all too often, they come up short when it comes to engaging and connecting with anyone who visits.\r\n\r\nI get it – it’s hard.  Studies show 7 out of 10 people who land on a site, abandon it in moments without leaving even a trace.  You got the eyeball, but nothing else.\r\n\r\nHere’s a solution for you…\r\n\r\nWeb Visitors Into Leads is a software widget that’s works on your site, ready to capture any visitor’s Name, Email address and Phone Number.  You’ll know immediately they’re interested and you can call them directly to talk with them literally while they’re still on the web looking at your site.\r\n\r\nCLICK HERE https://advanceleadgeneration.com to try out a Live Demo with Web Visitors Into Leads now to see exactly how it works.\r\n\r\nIt could be huge for your business – and because you’ve got that phone number, with our new SMS Text With Lead feature, you can automatically start a text (SMS) conversation – immediately… and contacting someone in that 5 minute window is 100 times more powerful than reaching out 30 minutes or more later.\r\n\r\nPlus, with text messaging you can follow up later with new offers, content links, even just follow up notes to keep the conversation going.\r\n\r\nEverything I’ve just described is extremely simple to implement, cost-effective, and profitable. \r\n \r\nCLICK HERE https://advanceleadgeneration.com to discover what Web Visitors Into Leads can do for your business.\r\n\r\nYou could be converting up to 100X more eyeballs into leads today!\r\n\r\nEric\r\nPS: Web Visitors Into Leads offers a FREE 14 days trial – and it even includes International Long Distance Calling. \r\nYou have customers waiting to talk with you right now… don’t keep them waiting. \r\nCLICK HERE https://advanceleadgeneration.com to try Web Visitors Into Leads now.\r\n\r\nIf you\'d like to unsubscribe click here http://advanceleadgeneration.com/unsubscribe.aspx?d=5ibra.com','2023-04-04 13:55:54','2023-04-04 13:55:54'),(289,'Jessika Canty','(07) 4905 4803','canty.jessika@gmail.com','I don\'t know if that can help you, but the majority of your competitors, or websites just like 5ibra.com use this brand new FREE Traffic hack successfully to scale their business and double their sales: freedombasedbusinesses.com.\r\n\r\nThis might be precisely what you are hoping for to 10x your business…Worth a try.\r\n\r\n\r\n\r\n\r\n\r\n\r\n\r\n\r\nJessika, Canty\r\n\r\n4511 Giraffe Hill Drive, New Orleans, LA 70112, United States.\r\n\r\n (07) 4905 4803\r\n\r\nIf you do not wish to receive further emails from us, you may opt-out by filling this form: \r\nhttps://forms.gle/HtzEEiRaMHqCyinRA.\r\n\r\nPlease note that it may take up to 10 business days for your request to be processed.\r\n\r\nIf you have received this communication in error, please delete it and notify the sender immediately.','2023-04-04 16:41:06','2023-04-04 16:41:06'),(290,'lLAnRMjypDq','3527070173','kyliemarbury@yahoo.com','QSfULDRG','2023-04-05 13:51:11','2023-04-05 13:51:11'),(291,'KYWbDgGSTIvE','8581188547','kyliemarbury@yahoo.com','DmNqJKtSj','2023-04-05 13:51:12','2023-04-05 13:51:12'),(292,'lLAnRMjypDq','3527070173','kyliemarbury@yahoo.com','QSfULDRG','2023-04-05 13:51:13','2023-04-05 13:51:13'),(293,'Eric Jones','555-555-1212','ericjonesmyemail@gmail.com','Dear 5ibra.com Owner!\r\n\r\nMy name’s Eric and for just a second, imagine this…\r\n\r\n- Someone does a search and winds up at 5ibra.com.\r\n\r\n- They hang out for a minute to check it out.  “I’m interested… but… maybe…”\r\n\r\n- And then they hit the back button and check out the other search results instead. \r\n\r\n- Bottom line – you got an eyeball, but nothing else to show for it.\r\n\r\n- There they go.\r\n\r\nThis isn’t really your fault – it happens a LOT – studies show 7 out of 10 visitors to any site disappear without leaving a trace.\r\n\r\nBut you CAN fix that.\r\n\r\nWeb Visitors Into Leads is a software widget that’s works on your site, ready to capture any visitor’s Name, Email address and Phone Number.  It lets you know right then and there – enabling you to call that lead while they’re literally looking over your site.\r\n\r\nCLICK HERE http://jumboleadmagnet.com to try out a Live Demo with Web Visitors Into Leads now to see exactly how it works.\r\n\r\nTime is money when it comes to connecting with leads – the difference between contacting someone within 5 minutes versus 30 minutes later can be huge – like 100 times better!\r\n\r\nPlus, now that you have their phone number, with our new SMS Text With Lead feature you can automatically start a text (SMS) conversation… so even if you don’t close a deal then, you can follow up with text messages for new offers, content links, even just “how you doing?” notes to build a relationship.\r\n\r\nStrong stuff.\r\n\r\nCLICK HERE http://jumboleadmagnet.com to discover what Web Visitors Into Leads can do for your business.\r\n\r\nYou could be converting up to 100X more leads today!\r\n\r\nEric\r\nPS: Web Visitors Into Leads offers a FREE 14 days trial – and it even includes International Long Distance Calling. \r\nYou have customers waiting to talk with you right now… don’t keep them waiting. \r\nCLICK HERE http://jumboleadmagnet.com to try Web Visitors Into Leads now.\r\n\r\nIf you\'d like to unsubscribe click here http://jumboleadmagnet.com/unsubscribe.aspx?d=5ibra.com','2023-04-10 09:34:22','2023-04-10 09:34:22'),(294,'Rosalind Alden','06-24167905','hacker@chiselconstruction.com','We have hacked your website 5ibra.com and extracted your databases. This was due to the security holes you had in your your site/server which have gained us remote control of everything that was on the server. \r\n\r\nOur team is mostly interested in customer, administrative, and employee information which we have extracted through your databases once we got remote control over the server. It still needs to be sorted out but it will be well-organized once finished. First, we will be going through the emails/sms information and contacting the recipient how you held in disregard about their information being exposed to a hacking group when you could have stopped it. This would be detrimental to your personal image with these relationships with these people. Lastly, now that we have information not only will we be monetizing off it with our methods but made public or sold to other people that will do whatever they wish with the information also after we are done.\r\n\r\nNow you can put a stop to this by paying a $3000 fee (0.10 BTC) in bitcoin to the address 37J6b5DADjC5WubZX5PCGNTg2WXjdVa3Fa We will be notified of payment which we will then delete the information we have obtained, patch the hole in the site/server which we got in and remove you from any future targeting in the future. You have 72 hours in doing so after viewing this message or the series of steps will commence. You can obtain bitcoin through such services such as paxful.com or do a search on bing.com','2023-04-11 19:40:39','2023-04-11 19:40:39'),(295,'VsHSryQEOcGnzN','3834275953','harland_guttridge@yahoo.com','viDBxYkRPwqgn','2023-04-12 11:45:35','2023-04-12 11:45:35'),(296,'zKkZSbUXaRHtLJVd','5312790927','harland_guttridge@yahoo.com','PnVkCZaegjO','2023-04-12 11:45:37','2023-04-12 11:45:37'),(297,'VsHSryQEOcGnzN','3834275953','harland_guttridge@yahoo.com','viDBxYkRPwqgn','2023-04-12 11:45:39','2023-04-12 11:45:39'),(298,'Eric Jones','555-555-1212','ericjonesmyemail@gmail.com','To the 5ibra.com Administrator! I just found your site, quick question…\r\n\r\nMy name’s Eric, I found 5ibra.com after doing a quick search – you showed up near the top of the rankings, so whatever you’re doing for SEO, looks like it’s working well.\r\n\r\nSo here’s my question – what happens AFTER someone lands on your site?  Anything?\r\n\r\nResearch tells us at least 70% of the people who find your site, after a quick once-over, they disappear… forever.\r\n\r\nThat means that all the work and effort you put into getting them to show up, goes down the tubes.\r\n\r\nWhy would you want all that good work – and the great site you’ve built – go to waste?\r\n\r\nBecause the odds are they’ll just skip over calling or even grabbing their phone, leaving you high and dry.\r\n\r\nBut here’s a thought… what if you could make it super-simple for someone to raise their hand, say, “okay, let’s talk” without requiring them to even pull their cell phone from their pocket?\r\n  \r\nYou can – thanks to revolutionary new software that can literally make that first call happen NOW.\r\n\r\nWeb Visitors Into Leads is a software widget that sits on your site, ready and waiting to capture any visitor’s Name, Email address and Phone Number.  It lets you know IMMEDIATELY – so that you can talk to that lead while they’re still there at your site.\r\n  \r\nYou know, strike when the iron’s hot!\r\n\r\nCLICK HERE https://advanceleadgeneration.com to try out a Live Demo with Web Visitors Into Leads now to see exactly how it works.\r\n\r\nWhen targeting leads, you HAVE to act fast – the difference between contacting someone within 5 minutes versus 30 minutes later is huge – like 100 times better!\r\n\r\nThat’s why you should check out our new SMS Text With Lead feature as well… once you’ve captured the phone number of the website visitor, you can automatically kick off a text message (SMS) conversation with them. \r\n \r\nImagine how powerful this could be – even if they don’t take you up on your offer immediately, you can stay in touch with them using text messages to make new offers, provide links to great content, and build your credibility.\r\n\r\nJust this alone could be a game changer to make your website even more effective.\r\n\r\nStrike when  the iron’s hot!\r\n\r\nCLICK HERE https://advanceleadgeneration.com to learn more about everything Web Visitors Into Leads can do for your business – you’ll be amazed.\r\n\r\nThanks and keep up the great work!\r\n\r\nEric\r\nPS: Web Visitors Into Leads offers a FREE 14 days trial – you could be converting up to 100x more leads immediately!   \r\nIt even includes International Long Distance Calling. \r\nStop wasting money chasing eyeballs that don’t turn into paying customers. \r\nCLICK HERE https://advanceleadgeneration.com to try Web Visitors Into Leads now.\r\n\r\nIf you\'d like to unsubscribe click here http://advanceleadgeneration.com/unsubscribe.aspx?d=5ibra.com','2023-04-17 03:24:39','2023-04-17 03:24:39'),(299,'cjrdzTGbiCMa','5224475877','bozmegujad@outlook.com','ZRYrvKAFks','2023-04-17 10:17:59','2023-04-17 10:17:59'),(300,'MnUbmTsYEKGqgS','6316725310','bozmegujad@outlook.com','tCTuUjzMEcsFp','2023-04-17 10:18:00','2023-04-17 10:18:00'),(301,'cjrdzTGbiCMa','5224475877','bozmegujad@outlook.com','ZRYrvKAFks','2023-04-17 10:18:01','2023-04-17 10:18:01'),(302,'Eric Jones','555-555-1212','ericjonesmyemail@gmail.com','To the 5ibra.com Administrator. \r\n\r\nEric here with a quick thought about your website 5ibra.com...\r\n\r\nI’m on the internet a lot and I look at a lot of business websites.\r\n\r\nLike yours, many of them have great content. \r\n\r\nBut all too often, they come up short when it comes to engaging and connecting with anyone who visits.\r\n\r\nI get it – it’s hard.  Studies show 7 out of 10 people who land on a site, abandon it in moments without leaving even a trace.  You got the eyeball, but nothing else.\r\n\r\nHere’s a solution for you…\r\n\r\nWeb Visitors Into Leads is a software widget that’s works on your site, ready to capture any visitor’s Name, Email address and Phone Number.  You’ll know immediately they’re interested and you can call them directly to talk with them literally while they’re still on the web looking at your site.\r\n\r\nCLICK HERE https://advanceleadgeneration.com to try out a Live Demo with Web Visitors Into Leads now to see exactly how it works.\r\n\r\nIt could be huge for your business – and because you’ve got that phone number, with our new SMS Text With Lead feature, you can automatically start a text (SMS) conversation – immediately… and contacting someone in that 5 minute window is 100 times more powerful than reaching out 30 minutes or more later.\r\n\r\nPlus, with text messaging you can follow up later with new offers, content links, even just follow up notes to keep the conversation going.\r\n\r\nEverything I’ve just described is extremely simple to implement, cost-effective, and profitable. \r\n \r\nCLICK HERE https://advanceleadgeneration.com to discover what Web Visitors Into Leads can do for your business.\r\n\r\nYou could be converting up to 100X more eyeballs into leads today!\r\n\r\nEric\r\nPS: Web Visitors Into Leads offers a FREE 14 days trial – and it even includes International Long Distance Calling. \r\nYou have customers waiting to talk with you right now… don’t keep them waiting. \r\nCLICK HERE https://advanceleadgeneration.com to try Web Visitors Into Leads now.\r\n\r\nIf you\'d like to unsubscribe click here http://advanceleadgeneration.com/unsubscribe.aspx?d=5ibra.com','2023-04-18 18:32:11','2023-04-18 18:32:11'),(303,'Eric Jones','555-555-1212','ericjonesmyemail@gmail.com','To the 5ibra.com Administrator. I just found your site, quick question…\r\n\r\nMy name’s Eric, I found 5ibra.com after doing a quick search – you showed up near the top of the rankings, so whatever you’re doing for SEO, looks like it’s working well.\r\n\r\nSo here’s my question – what happens AFTER someone lands on your site?  Anything?\r\n\r\nResearch tells us at least 70% of the people who find your site, after a quick once-over, they disappear… forever.\r\n\r\nThat means that all the work and effort you put into getting them to show up, goes down the tubes.\r\n\r\nWhy would you want all that good work – and the great site you’ve built – go to waste?\r\n\r\nBecause the odds are they’ll just skip over calling or even grabbing their phone, leaving you high and dry.\r\n\r\nBut here’s a thought… what if you could make it super-simple for someone to raise their hand, say, “okay, let’s talk” without requiring them to even pull their cell phone from their pocket?\r\n  \r\nYou can – thanks to revolutionary new software that can literally make that first call happen NOW.\r\n\r\nWeb Visitors Into Leads is a software widget that sits on your site, ready and waiting to capture any visitor’s Name, Email address and Phone Number.  It lets you know IMMEDIATELY – so that you can talk to that lead while they’re still there at your site.\r\n  \r\nYou know, strike when the iron’s hot!\r\n\r\nCLICK HERE http://advanceleadgeneration.com to try out a Live Demo with Web Visitors Into Leads now to see exactly how it works.\r\n\r\nWhen targeting leads, you HAVE to act fast – the difference between contacting someone within 5 minutes versus 30 minutes later is huge – like 100 times better!\r\n\r\nThat’s why you should check out our new SMS Text With Lead feature as well… once you’ve captured the phone number of the website visitor, you can automatically kick off a text message (SMS) conversation with them. \r\n \r\nImagine how powerful this could be – even if they don’t take you up on your offer immediately, you can stay in touch with them using text messages to make new offers, provide links to great content, and build your credibility.\r\n\r\nJust this alone could be a game changer to make your website even more effective.\r\n\r\nStrike when  the iron’s hot!\r\n\r\nCLICK HERE http://advanceleadgeneration.com to learn more about everything Web Visitors Into Leads can do for your business – you’ll be amazed.\r\n\r\nThanks and keep up the great work!\r\n\r\nEric\r\nPS: Web Visitors Into Leads offers a FREE 14 days trial – you could be converting up to 100x more leads immediately!   \r\nIt even includes International Long Distance Calling. \r\nStop wasting money chasing eyeballs that don’t turn into paying customers. \r\nCLICK HERE http://advanceleadgeneration.com to try Web Visitors Into Leads now.\r\n\r\nIf you\'d like to unsubscribe click here http://advanceleadgeneration.com/unsubscribe.aspx?d=5ibra.com','2023-04-19 03:40:48','2023-04-19 03:40:48'),(304,'Eric Jones','555-555-1212','ericjonesmyemail@gmail.com','Hi 5ibra.com Owner.\r\n\r\nEric here with a quick thought about your website 5ibra.com...\r\n\r\nI’m on the internet a lot and I look at a lot of business websites.\r\n\r\nLike yours, many of them have great content. \r\n\r\nBut all too often, they come up short when it comes to engaging and connecting with anyone who visits.\r\n\r\nI get it – it’s hard.  Studies show 7 out of 10 people who land on a site, abandon it in moments without leaving even a trace.  You got the eyeball, but nothing else.\r\n\r\nHere’s a solution for you…\r\n\r\nWeb Visitors Into Leads is a software widget that’s works on your site, ready to capture any visitor’s Name, Email address and Phone Number.  You’ll know immediately they’re interested and you can call them directly to talk with them literally while they’re still on the web looking at your site.\r\n\r\nCLICK HERE http://jumboleadmagnet.com to try out a Live Demo with Web Visitors Into Leads now to see exactly how it works.\r\n\r\nIt could be huge for your business – and because you’ve got that phone number, with our new SMS Text With Lead feature, you can automatically start a text (SMS) conversation – immediately… and contacting someone in that 5 minute window is 100 times more powerful than reaching out 30 minutes or more later.\r\n\r\nPlus, with text messaging you can follow up later with new offers, content links, even just follow up notes to keep the conversation going.\r\n\r\nEverything I’ve just described is extremely simple to implement, cost-effective, and profitable. \r\n \r\nCLICK HERE http://jumboleadmagnet.com to discover what Web Visitors Into Leads can do for your business.\r\n\r\nYou could be converting up to 100X more eyeballs into leads today!\r\n\r\nEric\r\nPS: Web Visitors Into Leads offers a FREE 14 days trial – and it even includes International Long Distance Calling. \r\nYou have customers waiting to talk with you right now… don’t keep them waiting. \r\nCLICK HERE http://jumboleadmagnet.com to try Web Visitors Into Leads now.\r\n\r\nIf you\'d like to unsubscribe click here http://jumboleadmagnet.com/unsubscribe.aspx?d=5ibra.com','2023-04-20 09:42:27','2023-04-20 09:42:27'),(305,'Eric Jones','555-555-1212','ericjonesmyemail@gmail.com','Hi 5ibra.com Administrator.\r\n\r\nCool website!\r\n\r\nMy name’s Eric, and I just found your site - 5ibra.com - while surfing the net. You showed up at the top of the search results, so I checked you out. Looks like what you’re doing is pretty cool.\r\n \r\nBut if you don’t mind me asking – after someone like me stumbles across 5ibra.com, what usually happens?\r\n\r\nIs your site generating leads for your business? \r\n \r\nI’m guessing some, but I also bet you’d like more… studies show that 7 out 10 who land on a site wind up leaving without a trace.\r\n\r\nNot good.\r\n\r\nHere’s a thought – what if there was an easy way for every visitor to “raise their hand” to get a phone call from you INSTANTLY… the second they hit your site and said, “call me now.”\r\n\r\nYou can –\r\n  \r\nWeb Visitors Into Leads is a software widget that’s works on your site, ready to capture any visitor’s Name, Email address and Phone Number.  It lets you know IMMEDIATELY – so that you can talk to that lead while they’re literally looking over your site.\r\n\r\nCLICK HERE http://advanceleadgeneration.com to try out a Live Demo with Web Visitors Into Leads now to see exactly how it works.\r\n\r\nTime is money when it comes to connecting with leads – the difference between contacting someone within 5 minutes versus 30 minutes later can be huge – like 100 times better!\r\n\r\nThat’s why we built out our new SMS Text With Lead feature… because once you’ve captured the visitor’s phone number, you can automatically start a text message (SMS) conversation.\r\n  \r\nThink about the possibilities – even if you don’t close a deal then and there, you can follow up with text messages for new offers, content links, even just “how you doing?” notes to build a relationship.\r\n\r\nWouldn’t that be cool?\r\n\r\nCLICK HERE http://advanceleadgeneration.com to discover what Web Visitors Into Leads can do for your business.\r\n\r\nYou could be converting up to 100X more leads today!\r\nEric\r\n\r\nPS: Web Visitors Into Leads offers a FREE 14 days trial – and it even includes International Long Distance Calling. \r\nYou have customers waiting to talk with you right now… don’t keep them waiting. \r\nCLICK HERE http://advanceleadgeneration.com to try Web Visitors Into Leads now.\r\n\r\nIf you\'d like to unsubscribe click here http://advanceleadgeneration.com/unsubscribe.aspx?d=5ibra.com','2023-04-21 00:23:35','2023-04-21 00:23:35'),(306,'Eric Jones','555-555-1212','ericjonesmyemail@gmail.com','Hello 5ibra.com Admin. \r\n\r\nMy name is Eric and unlike a lot of emails you might get, I wanted to instead provide you with a word of encouragement – Congratulations\r\n\r\nWhat for?  \r\n\r\nPart of my job is to check out websites and the work you’ve done with 5ibra.com definitely stands out. \r\n\r\nIt’s clear you took building a website seriously and made a real investment of time and resources into making it top quality.\r\n\r\nThere is, however, a catch… more accurately, a question…\r\n\r\nSo when someone like me happens to find your site – maybe at the top of the search results (nice job BTW) or just through a random link, how do you know? \r\n\r\nMore importantly, how do you make a connection with that person?\r\n\r\nStudies show that 7 out of 10 visitors don’t stick around – they’re there one second and then gone with the wind.\r\n\r\nHere’s a way to create INSTANT engagement that you may not have known about… \r\n\r\nWeb Visitors Into Leads is a software widget that’s works on your site, ready to capture any visitor’s Name, Email address and Phone Number.  It lets you know INSTANTLY that they’re interested – so that you can talk to that lead while they’re literally checking out 5ibra.com.\r\n\r\nCLICK HERE http://jumboleadmagnet.com to try out a Live Demo with Web Visitors Into Leads now to see exactly how it works.\r\n\r\nIt could be a game-changer for your business – and it gets even better… once you’ve captured their phone number, with our new SMS Text With Lead feature, you can automatically start a text (SMS) conversation – immediately (and there’s literally a 100X difference between contacting someone within 5 minutes versus 30 minutes.)\r\n\r\nPlus then, even if you don’t close a deal right away, you can connect later on with text messages for new offers, content links, even just follow up notes to build a relationship.\r\n\r\nEverything I’ve just described is simple, easy, and effective. \r\n\r\nCLICK HERE http://jumboleadmagnet.com to discover what Web Visitors Into Leads can do for your business.\r\n\r\nYou could be converting up to 100X more leads today!\r\n\r\nEric\r\nPS: Web Visitors Into Leads offers a FREE 14 days trial – and it even includes International Long Distance Calling. \r\nYou have customers waiting to talk with you right now… don’t keep them waiting. \r\nCLICK HERE http://jumboleadmagnet.com to try Web Visitors Into Leads now.\r\n\r\nIf you\'d like to unsubscribe click here http://jumboleadmagnet.com/unsubscribe.aspx?d=5ibra.com','2023-04-21 04:05:40','2023-04-21 04:05:40'),(307,'Eric Jones','555-555-1212','ericjonesmyemail@gmail.com','To the 5ibra.com Admin.\r\n\r\nMy name’s Eric and I just came across your website - 5ibra.com - in the search results.\r\n\r\nHere’s what that means to me…\r\n\r\nYour SEO’s working.\r\n\r\nYou’re getting eyeballs – mine at least.\r\n\r\nYour content’s pretty good, wouldn’t change a thing.\r\n\r\nBUT…\r\n\r\nEyeballs don’t pay the bills.\r\n\r\nCUSTOMERS do.\r\n\r\nAnd studies show that 7 out of 10 visitors to a site like 5ibra.com will drop by, take a gander, and then head for the hills without doing anything else.\r\n\r\nIt’s like they never were even there.\r\n\r\nYou can fix this.\r\n\r\nYou can make it super-simple for them to raise their hand, say, “okay, let’s talk” without requiring them to even pull their cell phone from their pocket… thanks to Web Visitors Into Leads.\r\n\r\nWeb Visitors Into Leads is a software widget that sits on your site, ready and waiting to capture any visitor’s Name, Email address and Phone Number.  It lets you know immediately – so you can talk to that lead immediately… without delay… BEFORE they head for those hills.\r\n  \r\nCLICK HERE http://advanceleadgeneration.com to try out a Live Demo with Web Visitors Into Leads now to see exactly how it works.\r\n\r\nNow it’s also true that when reaching out to hot leads, you MUST act fast – the difference between contacting someone within 5 minutes versus 30 minutes later is huge – like 100 times better!\r\n\r\nThat’s what makes our new SMS Text With Lead feature so powerful… you’ve got their phone number, so now you can start a text message (SMS) conversation with them… so even if they don’t take you up on your offer right away, you continue to text them new offers, new content, and new reasons to do business with you.\r\n\r\nThis could change everything for you and your business.\r\n\r\nCLICK HERE http://advanceleadgeneration.com to learn more about everything Web Visitors Into Leads can do and start turing eyeballs into money.\r\n\r\nEric\r\nPS: Web Visitors Into Leads offers a FREE 14 days trial – you could be converting up to 100x more leads immediately!   \r\nIt even includes International Long Distance Calling. \r\nPaying customers are out there waiting. \r\nStarting connecting today by CLICKING HERE http://advanceleadgeneration.com to try Web Visitors Into Leads now.\r\n\r\nIf you\'d like to unsubscribe click here http://advanceleadgeneration.com/unsubscribe.aspx?d=5ibra.com','2023-04-23 08:16:14','2023-04-23 08:16:14'),(308,'Eric Jones','555-555-1212','ericjonesmyemail@gmail.com','Hello 5ibra.com Webmaster! my name’s Eric and for just a second, imagine this…\r\n\r\n- Someone does a search and winds up at 5ibra.com.\r\n\r\n- They hang out for a minute to check it out.  “I’m interested… but… maybe…”\r\n\r\n- And then they hit the back button and check out the other search results instead. \r\n\r\n- Bottom line – you got an eyeball, but nothing else to show for it.\r\n\r\n- There they go.\r\n\r\nThis isn’t really your fault – it happens a LOT – studies show 7 out of 10 visitors to any site disappear without leaving a trace.\r\n\r\nBut you CAN fix that.\r\n\r\nWeb Visitors Into Leads is a software widget that’s works on your site, ready to capture any visitor’s Name, Email address and Phone Number.  It lets you know right then and there – enabling you to call that lead while they’re literally looking over your site.\r\n\r\nCLICK HERE https://advanceleadgeneration.com to try out a Live Demo with Web Visitors Into Leads now to see exactly how it works.\r\n\r\nTime is money when it comes to connecting with leads – the difference between contacting someone within 5 minutes versus 30 minutes later can be huge – like 100 times better!\r\n\r\nPlus, now that you have their phone number, with our new SMS Text With Lead feature you can automatically start a text (SMS) conversation… so even if you don’t close a deal then, you can follow up with text messages for new offers, content links, even just “how you doing?” notes to build a relationship.\r\n\r\nStrong stuff.\r\n\r\nCLICK HERE https://advanceleadgeneration.com to discover what Web Visitors Into Leads can do for your business.\r\n\r\nYou could be converting up to 100X more leads today!\r\n\r\nEric\r\nPS: Web Visitors Into Leads offers a FREE 14 days trial – and it even includes International Long Distance Calling. \r\nYou have customers waiting to talk with you right now… don’t keep them waiting. \r\nCLICK HERE https://advanceleadgeneration.com to try Web Visitors Into Leads now.\r\n\r\nIf you\'d like to unsubscribe click here http://advanceleadgeneration.com/unsubscribe.aspx?d=5ibra.com','2023-04-23 10:00:58','2023-04-23 10:00:58'),(309,'zyuRZJcvBnDjI','8818431421','JaromRaab207@aol.com','lpafqLsvozUWK','2023-04-26 04:40:25','2023-04-26 04:40:25'),(310,'MWzEGopYXL','5831139407','JaromRaab207@aol.com','OQtsznkZ','2023-04-26 04:40:26','2023-04-26 04:40:26'),(311,'zyuRZJcvBnDjI','8818431421','JaromRaab207@aol.com','lpafqLsvozUWK','2023-04-26 04:40:27','2023-04-26 04:40:27'),(312,'Eric Jones','555-555-1212','ericjonesmyemail@gmail.com','Dear 5ibra.com Owner.\r\n\r\nCool website!\r\n\r\nMy name’s Eric, and I just found your site - 5ibra.com - while surfing the net. You showed up at the top of the search results, so I checked you out. Looks like what you’re doing is pretty cool.\r\n \r\nBut if you don’t mind me asking – after someone like me stumbles across 5ibra.com, what usually happens?\r\n\r\nIs your site generating leads for your business? \r\n \r\nI’m guessing some, but I also bet you’d like more… studies show that 7 out 10 who land on a site wind up leaving without a trace.\r\n\r\nNot good.\r\n\r\nHere’s a thought – what if there was an easy way for every visitor to “raise their hand” to get a phone call from you INSTANTLY… the second they hit your site and said, “call me now.”\r\n\r\nYou can –\r\n  \r\nWeb Visitors Into Leads is a software widget that’s works on your site, ready to capture any visitor’s Name, Email address and Phone Number.  It lets you know IMMEDIATELY – so that you can talk to that lead while they’re literally looking over your site.\r\n\r\nCLICK HERE http://jumboleadmagnet.com to try out a Live Demo with Web Visitors Into Leads now to see exactly how it works.\r\n\r\nTime is money when it comes to connecting with leads – the difference between contacting someone within 5 minutes versus 30 minutes later can be huge – like 100 times better!\r\n\r\nThat’s why we built out our new SMS Text With Lead feature… because once you’ve captured the visitor’s phone number, you can automatically start a text message (SMS) conversation.\r\n  \r\nThink about the possibilities – even if you don’t close a deal then and there, you can follow up with text messages for new offers, content links, even just “how you doing?” notes to build a relationship.\r\n\r\nWouldn’t that be cool?\r\n\r\nCLICK HERE http://jumboleadmagnet.com to discover what Web Visitors Into Leads can do for your business.\r\n\r\nYou could be converting up to 100X more leads today!\r\nEric\r\n\r\nPS: Web Visitors Into Leads offers a FREE 14 days trial – and it even includes International Long Distance Calling. \r\nYou have customers waiting to talk with you right now… don’t keep them waiting. \r\nCLICK HERE http://jumboleadmagnet.com to try Web Visitors Into Leads now.\r\n\r\nIf you\'d like to unsubscribe click here http://jumboleadmagnet.com/unsubscribe.aspx?d=5ibra.com','2023-04-26 07:38:08','2023-04-26 07:38:08'),(313,'Eric Jones','555-555-1212','eric.jones.z.mail@gmail.com','To the 5ibra.com Webmaster.\r\n\r\nMy name’s Eric and I just found your site 5ibra.com.\r\n\r\nIt’s got a lot going for it, but here’s an idea to make it even MORE effective.\r\n\r\nWeb Visitors Into Leads – CLICK HERE http://advanceleadgeneration.com for a live demo now.\r\n\r\nWeb Visitors Into Leads is a software widget that’s works on your site, ready to capture any visitor’s Name, Email address and Phone Number.  It signals you the moment they let you know they’re interested – so that you can talk to that lead while they’re literally looking over your site.\r\n\r\nAnd once you’ve captured their phone number, with our new SMS Text With Lead feature, you can automatically start a text (SMS) conversation… and if they don’t take you up on your offer then, you can follow up with text messages for new offers, content links, even just “how you doing?” notes to build a relationship.\r\n\r\nCLICK HERE http://advanceleadgeneration.com to discover what Web Visitors Into Leads can do for your business.\r\n\r\nThe difference between contacting someone within 5 minutes versus a half-hour means you could be converting up to 100X more leads today!\r\n\r\nEric\r\nPS: Studies show that 70% of a site’s visitors disappear and are gone forever after just a moment. Don’t keep losing them. \r\nWeb Visitors Into Leads offers a FREE 14 days trial – and it even includes International Long Distance Calling. \r\nYou have customers waiting to talk with you right now… don’t keep them waiting. \r\nCLICK HERE http://advanceleadgeneration.com to try Web Visitors Into Leads now.\r\n\r\nIf you\'d like to unsubscribe click here http://advanceleadgeneration.com/unsubscribe.aspx?d=5ibra.com','2023-04-27 11:30:47','2023-04-27 11:30:47'),(314,'Eric Jones','555-555-1212','ericjonesmyemail@gmail.com','Hello 5ibra.com Admin. my name’s Eric and I just ran across your website at 5ibra.com...\r\n\r\nI found it after a quick search, so your SEO’s working out…\r\n\r\nContent looks pretty good…\r\n\r\nOne thing’s missing though…\r\n\r\nA QUICK, EASY way to connect with you NOW.\r\n\r\nBecause studies show that a web lead like me will only hang out a few seconds – 7 out of 10 disappear almost instantly, Surf Surf Surf… then gone forever.\r\n\r\nI have the solution:\r\n\r\nWeb Visitors Into Leads is a software widget that’s works on your site, ready to capture any visitor’s Name, Email address and Phone Number.  You’ll know immediately they’re interested and you can call them directly to TALK with them - literally while they’re still on the web looking at your site.\r\n\r\nCLICK HERE http://advanceleadgeneration.com to try out a Live Demo with Web Visitors Into Leads now to see exactly how it works and even give it a try… it could be huge for your business.\r\n\r\nPlus, now that you’ve got that phone number, with our new SMS Text With Lead feature, you can automatically start a text (SMS) conversation pronto… which is so powerful, because connecting with someone within the first 5 minutes is 100 times more effective than waiting 30 minutes or more later.\r\n\r\nThe new text messaging feature lets you follow up regularly with new offers, content links, even just follow up notes to build a relationship.\r\n\r\nEverything I’ve just described is extremely simple to implement, cost-effective, and profitable.\r\n \r\nCLICK HERE http://advanceleadgeneration.com to discover what Web Visitors Into Leads can do for your business, potentially converting up to 100X more eyeballs into leads today!\r\n\r\nEric\r\nPS: Web Visitors Into Leads offers a FREE 14 days trial – and it even includes International Long Distance Calling. \r\nYou have customers waiting to talk with you right now… don’t keep them waiting. \r\nCLICK HERE http://advanceleadgeneration.com to try Web Visitors Into Leads now.\r\n\r\nIf you\'d like to unsubscribe click here http://advanceleadgeneration.com/unsubscribe.aspx?d=5ibra.com','2023-04-28 06:59:45','2023-04-28 06:59:45'),(315,'Erwin Joffe',NULL,'CraigAntilla@gmail.com',NULL,'2023-04-28 10:39:52','2023-04-28 10:39:52'),(316,'Eric Jones','555-555-1212','ericjonesmyemail@gmail.com','Hi 5ibra.com Admin! this is Eric and I ran across 5ibra.com a few minutes ago.\r\n\r\nLooks great… but now what?\r\n\r\nBy that I mean, when someone like me finds your website – either through Search or just bouncing around – what happens next?  Do you get a lot of leads from your site, or at least enough to make you happy?\r\n\r\nHonestly, most business websites fall a bit short when it comes to generating paying customers. Studies show that 70% of a site’s visitors disappear and are gone forever after just a moment.\r\n\r\nHere’s an idea…\r\n \r\nHow about making it really EASY for every visitor who shows up to get a personal phone call you as soon as they hit your site…\r\n \r\nYou can –\r\n  \r\nWeb Visitors Into Leads is a software widget that’s works on your site, ready to capture any visitor’s Name, Email address and Phone Number.  It signals you the moment they let you know they’re interested – so that you can talk to that lead while they’re literally looking over your site.\r\n\r\nCLICK HERE http://advanceleadgeneration.com to try out a Live Demo with Web Visitors Into Leads now to see exactly how it works.\r\n\r\nYou’ll be amazed - the difference between contacting someone within 5 minutes versus a half-hour or more later could increase your results 100-fold.\r\n\r\nIt gets even better… once you’ve captured their phone number, with our new SMS Text With Lead feature, you can automatically start a text (SMS) conversation.\r\n  \r\nThat way, even if you don’t close a deal right away, you can follow up with text messages for new offers, content links, even just “how you doing?” notes to build a relationship.\r\n\r\nPretty sweet – AND effective.\r\n\r\nCLICK HERE http://advanceleadgeneration.com to discover what Web Visitors Into Leads can do for your business.\r\n\r\nYou could be converting up to 100X more leads today!\r\n\r\nEric\r\nPS: Web Visitors Into Leads offers a FREE 14 days trial – and it even includes International Long Distance Calling. \r\nYou have customers waiting to talk with you right now… don’t keep them waiting. \r\nCLICK HERE http://advanceleadgeneration.com to try Web Visitors Into Leads now.\r\n\r\nIf you\'d like to unsubscribe click here http://advanceleadgeneration.com/unsubscribe.aspx?d=5ibra.com','2023-04-28 12:31:15','2023-04-28 12:31:15'),(317,'Eric Jones','555-555-1212','ericjonesmyemail@gmail.com','Hello 5ibra.com Admin!\r\n\r\nMy name’s Eric and I just found your site 5ibra.com.\r\n\r\nIt’s got a lot going for it, but here’s an idea to make it even MORE effective.\r\n\r\nWeb Visitors Into Leads – CLICK HERE http://jumboleadmagnet.com for a live demo now.\r\n\r\nWeb Visitors Into Leads is a software widget that’s works on your site, ready to capture any visitor’s Name, Email address and Phone Number.  It signals you the moment they let you know they’re interested – so that you can talk to that lead while they’re literally looking over your site.\r\n\r\nAnd once you’ve captured their phone number, with our new SMS Text With Lead feature, you can automatically start a text (SMS) conversation… and if they don’t take you up on your offer then, you can follow up with text messages for new offers, content links, even just “how you doing?” notes to build a relationship.\r\n\r\nCLICK HERE http://jumboleadmagnet.com to discover what Web Visitors Into Leads can do for your business.\r\n\r\nThe difference between contacting someone within 5 minutes versus a half-hour means you could be converting up to 100X more leads today!\r\n\r\nEric\r\nPS: Studies show that 70% of a site’s visitors disappear and are gone forever after just a moment. Don’t keep losing them. \r\nWeb Visitors Into Leads offers a FREE 14 days trial – and it even includes International Long Distance Calling. \r\nYou have customers waiting to talk with you right now… don’t keep them waiting. \r\nCLICK HERE http://jumboleadmagnet.com to try Web Visitors Into Leads now.\r\n\r\nIf you\'d like to unsubscribe click here http://jumboleadmagnet.com/unsubscribe.aspx?d=5ibra.com','2023-04-28 21:23:10','2023-04-28 21:23:10'),(318,'Eric Jones','555-555-1212','ericjonesmyemail@gmail.com','Hi 5ibra.com Administrator. \r\n\r\nMy name is Eric and unlike a lot of emails you might get, I wanted to instead provide you with a word of encouragement – Congratulations\r\n\r\nWhat for?  \r\n\r\nPart of my job is to check out websites and the work you’ve done with 5ibra.com definitely stands out. \r\n\r\nIt’s clear you took building a website seriously and made a real investment of time and resources into making it top quality.\r\n\r\nThere is, however, a catch… more accurately, a question…\r\n\r\nSo when someone like me happens to find your site – maybe at the top of the search results (nice job BTW) or just through a random link, how do you know? \r\n\r\nMore importantly, how do you make a connection with that person?\r\n\r\nStudies show that 7 out of 10 visitors don’t stick around – they’re there one second and then gone with the wind.\r\n\r\nHere’s a way to create INSTANT engagement that you may not have known about… \r\n\r\nWeb Visitors Into Leads is a software widget that’s works on your site, ready to capture any visitor’s Name, Email address and Phone Number.  It lets you know INSTANTLY that they’re interested – so that you can talk to that lead while they’re literally checking out 5ibra.com.\r\n\r\nCLICK HERE http://advanceleadgeneration.com to try out a Live Demo with Web Visitors Into Leads now to see exactly how it works.\r\n\r\nIt could be a game-changer for your business – and it gets even better… once you’ve captured their phone number, with our new SMS Text With Lead feature, you can automatically start a text (SMS) conversation – immediately (and there’s literally a 100X difference between contacting someone within 5 minutes versus 30 minutes.)\r\n\r\nPlus then, even if you don’t close a deal right away, you can connect later on with text messages for new offers, content links, even just follow up notes to build a relationship.\r\n\r\nEverything I’ve just described is simple, easy, and effective. \r\n\r\nCLICK HERE http://advanceleadgeneration.com to discover what Web Visitors Into Leads can do for your business.\r\n\r\nYou could be converting up to 100X more leads today!\r\n\r\nEric\r\nPS: Web Visitors Into Leads offers a FREE 14 days trial – and it even includes International Long Distance Calling. \r\nYou have customers waiting to talk with you right now… don’t keep them waiting. \r\nCLICK HERE http://advanceleadgeneration.com to try Web Visitors Into Leads now.\r\n\r\nIf you\'d like to unsubscribe click here http://advanceleadgeneration.com/unsubscribe.aspx?d=5ibra.com','2023-04-28 22:29:48','2023-04-28 22:29:48'),(319,'Eric Jones','555-555-1212','ericjonesmyemail@gmail.com','Dear 5ibra.com Owner.\r\n\r\nMy name’s Eric and I just came across your website - 5ibra.com - in the search results.\r\n\r\nHere’s what that means to me…\r\n\r\nYour SEO’s working.\r\n\r\nYou’re getting eyeballs – mine at least.\r\n\r\nYour content’s pretty good, wouldn’t change a thing.\r\n\r\nBUT…\r\n\r\nEyeballs don’t pay the bills.\r\n\r\nCUSTOMERS do.\r\n\r\nAnd studies show that 7 out of 10 visitors to a site like 5ibra.com will drop by, take a gander, and then head for the hills without doing anything else.\r\n\r\nIt’s like they never were even there.\r\n\r\nYou can fix this.\r\n\r\nYou can make it super-simple for them to raise their hand, say, “okay, let’s talk” without requiring them to even pull their cell phone from their pocket… thanks to Web Visitors Into Leads.\r\n\r\nWeb Visitors Into Leads is a software widget that sits on your site, ready and waiting to capture any visitor’s Name, Email address and Phone Number.  It lets you know immediately – so you can talk to that lead immediately… without delay… BEFORE they head for those hills.\r\n  \r\nCLICK HERE https://advanceleadgeneration.com to try out a Live Demo with Web Visitors Into Leads now to see exactly how it works.\r\n\r\nNow it’s also true that when reaching out to hot leads, you MUST act fast – the difference between contacting someone within 5 minutes versus 30 minutes later is huge – like 100 times better!\r\n\r\nThat’s what makes our new SMS Text With Lead feature so powerful… you’ve got their phone number, so now you can start a text message (SMS) conversation with them… so even if they don’t take you up on your offer right away, you continue to text them new offers, new content, and new reasons to do business with you.\r\n\r\nThis could change everything for you and your business.\r\n\r\nCLICK HERE https://advanceleadgeneration.com to learn more about everything Web Visitors Into Leads can do and start turing eyeballs into money.\r\n\r\nEric\r\nPS: Web Visitors Into Leads offers a FREE 14 days trial – you could be converting up to 100x more leads immediately!   \r\nIt even includes International Long Distance Calling. \r\nPaying customers are out there waiting. \r\nStarting connecting today by CLICKING HERE https://advanceleadgeneration.com to try Web Visitors Into Leads now.\r\n\r\nIf you\'d like to unsubscribe click here http://advanceleadgeneration.com/unsubscribe.aspx?d=5ibra.com','2023-04-29 02:42:32','2023-04-29 02:42:32'),(320,'Eric Jones','555-555-1212','ericjonesmyemail@gmail.com','To the 5ibra.com Admin! my name is Eric and I’m betting you’d like your website 5ibra.com to generate more leads.\r\n\r\nHere’s how:\r\nWeb Visitors Into Leads is a software widget that’s works on your site, ready to capture any visitor’s Name, Email address and Phone Number.  It signals you as soon as they say they’re interested – so that you can talk to that lead while they’re still there at 5ibra.com.\r\n\r\nWeb Visitors Into Leads – CLICK HERE https://advanceleadgeneration.com for a live demo now.\r\n\r\nAnd now that you’ve got their phone number, our new SMS Text With Lead feature enables you to start a text (SMS) conversation – answer questions, provide more info, and close a deal that way.\r\n\r\nIf they don’t take you up on your offer then, just follow up with text messages for new offers, content links, even just “how you doing?” notes to build a relationship.\r\n\r\nCLICK HERE https://advanceleadgeneration.com to discover what Web Visitors Into Leads can do for your business.\r\n\r\nThe difference between contacting someone within 5 minutes versus a half-hour means you could be converting up to 100X more leads today!\r\n\r\nTry Web Visitors Into Leads and get more leads now.\r\n\r\nEric\r\nPS: The studies show 7 out of 10 visitors don’t hang around – you can’t afford to lose them!\r\nWeb Visitors Into Leads offers a FREE 14 days trial – and it even includes International Long Distance Calling. \r\nYou have customers waiting to talk with you right now… don’t keep them waiting. \r\nCLICK HERE https://advanceleadgeneration.com to try Web Visitors Into Leads now.\r\n\r\nIf you\'d like to unsubscribe click here http://advanceleadgeneration.com/unsubscribe.aspx?d=5ibra.com','2023-04-29 15:23:24','2023-04-29 15:23:24'),(321,'Eric Jones','555-555-1212','ericjonesmyemail@gmail.com','To the 5ibra.com Owner! this is Eric and I ran across 5ibra.com a few minutes ago.\r\n\r\nLooks great… but now what?\r\n\r\nBy that I mean, when someone like me finds your website – either through Search or just bouncing around – what happens next?  Do you get a lot of leads from your site, or at least enough to make you happy?\r\n\r\nHonestly, most business websites fall a bit short when it comes to generating paying customers. Studies show that 70% of a site’s visitors disappear and are gone forever after just a moment.\r\n\r\nHere’s an idea…\r\n \r\nHow about making it really EASY for every visitor who shows up to get a personal phone call you as soon as they hit your site…\r\n \r\nYou can –\r\n  \r\nWeb Visitors Into Leads is a software widget that’s works on your site, ready to capture any visitor’s Name, Email address and Phone Number.  It signals you the moment they let you know they’re interested – so that you can talk to that lead while they’re literally looking over your site.\r\n\r\nCLICK HERE https://advanceleadgeneration.com to try out a Live Demo with Web Visitors Into Leads now to see exactly how it works.\r\n\r\nYou’ll be amazed - the difference between contacting someone within 5 minutes versus a half-hour or more later could increase your results 100-fold.\r\n\r\nIt gets even better… once you’ve captured their phone number, with our new SMS Text With Lead feature, you can automatically start a text (SMS) conversation.\r\n  \r\nThat way, even if you don’t close a deal right away, you can follow up with text messages for new offers, content links, even just “how you doing?” notes to build a relationship.\r\n\r\nPretty sweet – AND effective.\r\n\r\nCLICK HERE https://advanceleadgeneration.com to discover what Web Visitors Into Leads can do for your business.\r\n\r\nYou could be converting up to 100X more leads today!\r\n\r\nEric\r\nPS: Web Visitors Into Leads offers a FREE 14 days trial – and it even includes International Long Distance Calling. \r\nYou have customers waiting to talk with you right now… don’t keep them waiting. \r\nCLICK HERE https://advanceleadgeneration.com to try Web Visitors Into Leads now.\r\n\r\nIf you\'d like to unsubscribe click here http://advanceleadgeneration.com/unsubscribe.aspx?d=5ibra.com','2023-04-30 02:54:31','2023-04-30 02:54:31'),(322,'Eric Jones','555-555-1212','ericjonesmyemail@gmail.com','Dear 5ibra.com Admin. my name’s Eric and for just a second, imagine this…\r\n\r\n- Someone does a search and winds up at 5ibra.com.\r\n\r\n- They hang out for a minute to check it out.  “I’m interested… but… maybe…”\r\n\r\n- And then they hit the back button and check out the other search results instead. \r\n\r\n- Bottom line – you got an eyeball, but nothing else to show for it.\r\n\r\n- There they go.\r\n\r\nThis isn’t really your fault – it happens a LOT – studies show 7 out of 10 visitors to any site disappear without leaving a trace.\r\n\r\nBut you CAN fix that.\r\n\r\nWeb Visitors Into Leads is a software widget that’s works on your site, ready to capture any visitor’s Name, Email address and Phone Number.  It lets you know right then and there – enabling you to call that lead while they’re literally looking over your site.\r\n\r\nCLICK HERE http://advanceleadgeneration.com to try out a Live Demo with Web Visitors Into Leads now to see exactly how it works.\r\n\r\nTime is money when it comes to connecting with leads – the difference between contacting someone within 5 minutes versus 30 minutes later can be huge – like 100 times better!\r\n\r\nPlus, now that you have their phone number, with our new SMS Text With Lead feature you can automatically start a text (SMS) conversation… so even if you don’t close a deal then, you can follow up with text messages for new offers, content links, even just “how you doing?” notes to build a relationship.\r\n\r\nStrong stuff.\r\n\r\nCLICK HERE http://advanceleadgeneration.com to discover what Web Visitors Into Leads can do for your business.\r\n\r\nYou could be converting up to 100X more leads today!\r\n\r\nEric\r\nPS: Web Visitors Into Leads offers a FREE 14 days trial – and it even includes International Long Distance Calling. \r\nYou have customers waiting to talk with you right now… don’t keep them waiting. \r\nCLICK HERE http://advanceleadgeneration.com to try Web Visitors Into Leads now.\r\n\r\nIf you\'d like to unsubscribe click here http://advanceleadgeneration.com/unsubscribe.aspx?d=5ibra.com','2023-04-30 06:21:00','2023-04-30 06:21:00'),(323,'Eric Jones','555-555-1212','ericjonesmyemail@gmail.com','Hi 5ibra.com Owner. \r\n\r\nEric here with a quick thought about your website 5ibra.com...\r\n\r\nI’m on the internet a lot and I look at a lot of business websites.\r\n\r\nLike yours, many of them have great content. \r\n\r\nBut all too often, they come up short when it comes to engaging and connecting with anyone who visits.\r\n\r\nI get it – it’s hard.  Studies show 7 out of 10 people who land on a site, abandon it in moments without leaving even a trace.  You got the eyeball, but nothing else.\r\n\r\nHere’s a solution for you…\r\n\r\nWeb Visitors Into Leads is a software widget that’s works on your site, ready to capture any visitor’s Name, Email address and Phone Number.  You’ll know immediately they’re interested and you can call them directly to talk with them literally while they’re still on the web looking at your site.\r\n\r\nCLICK HERE http://advanceleadgeneration.com to try out a Live Demo with Web Visitors Into Leads now to see exactly how it works.\r\n\r\nIt could be huge for your business – and because you’ve got that phone number, with our new SMS Text With Lead feature, you can automatically start a text (SMS) conversation – immediately… and contacting someone in that 5 minute window is 100 times more powerful than reaching out 30 minutes or more later.\r\n\r\nPlus, with text messaging you can follow up later with new offers, content links, even just follow up notes to keep the conversation going.\r\n\r\nEverything I’ve just described is extremely simple to implement, cost-effective, and profitable. \r\n \r\nCLICK HERE http://advanceleadgeneration.com to discover what Web Visitors Into Leads can do for your business.\r\n\r\nYou could be converting up to 100X more eyeballs into leads today!\r\n\r\nEric\r\nPS: Web Visitors Into Leads offers a FREE 14 days trial – and it even includes International Long Distance Calling. \r\nYou have customers waiting to talk with you right now… don’t keep them waiting. \r\nCLICK HERE http://advanceleadgeneration.com to try Web Visitors Into Leads now.\r\n\r\nIf you\'d like to unsubscribe click here http://advanceleadgeneration.com/unsubscribe.aspx?d=5ibra.com','2023-05-03 02:21:56','2023-05-03 02:21:56'),(324,'Jamie Fisher','+1 (707) 752-4599','jamie@bravo-funding.co','Hi there,\r\n \r\nI’m the Funding Manager at www.bravo-funding.co and I’m contacting you because we think we can secure you some Business Finance or perhaps a Personal Loan.\r\n\r\nWe have a huge panel of funders and lenders available for your business, so if you need some money to grow or pay bills, or for any other reason, we can help.\r\n  \r\nYou can check your eligibility on our website www.bravo-funding.co\r\n\r\nWe deal with companies of all sizes including sole proprietors.\r\n\r\nAlso, if you want to opt out of receiving messages from us, you can do so here - www.bravo-funding.com/optout\r\n \r\nKind regards,\r\n \r\nJamie Fisher \r\nFinance Manager\r\nBravo Finance\r\n \r\nEmail: jamie@bravo-funding.co\r\nWeb: www.bravo-funding.co\r\nTel: +1 (707) 752-4599\r\n\r\nNextworld Technologies LLC doing business as Bravo Funding | Registered In Delware | 3411 Silverside Road, Wilmington, Delaware, 19810 | All Rights Reserved','2023-05-04 17:47:34','2023-05-04 17:47:34'),(325,'Mary Chute','61-86-66-28','chute.mary@gmail.com','Drive Real, High-Quality Traffic to Your Website with PPV Advertising!Are you tired of paying high prices for low-quality traffic? With our PPV advertising, you can get real, high-quality traffic to your website for a fraction of the cost of Google, Bing, and Facebook. We send visitors directly to your website, so you know you\'re getting the best possible results. And with prices starting at less than 1 cent per view, it\'s a no-brainer. Don\'t waste any more money on ineffective advertising - start seeing real results. visit: www.tmast.xyz','2023-05-05 01:34:01','2023-05-05 01:34:01'),(326,'Eric Jones','555-555-1212','ericjonesmyemail@gmail.com','Hi 5ibra.com Owner!\r\n\r\nMy name’s Eric and I just found your site 5ibra.com.\r\n\r\nIt’s got a lot going for it, but here’s an idea to make it even MORE effective.\r\n\r\nWeb Visitors Into Leads – CLICK HERE https://advanceleadgeneration.com for a live demo now.\r\n\r\nWeb Visitors Into Leads is a software widget that’s works on your site, ready to capture any visitor’s Name, Email address and Phone Number.  It signals you the moment they let you know they’re interested – so that you can talk to that lead while they’re literally looking over your site.\r\n\r\nAnd once you’ve captured their phone number, with our new SMS Text With Lead feature, you can automatically start a text (SMS) conversation… and if they don’t take you up on your offer then, you can follow up with text messages for new offers, content links, even just “how you doing?” notes to build a relationship.\r\n\r\nCLICK HERE https://advanceleadgeneration.com to discover what Web Visitors Into Leads can do for your business.\r\n\r\nThe difference between contacting someone within 5 minutes versus a half-hour means you could be converting up to 100X more leads today!\r\n\r\nEric\r\nPS: Studies show that 70% of a site’s visitors disappear and are gone forever after just a moment. Don’t keep losing them. \r\nWeb Visitors Into Leads offers a FREE 14 days trial – and it even includes International Long Distance Calling. \r\nYou have customers waiting to talk with you right now… don’t keep them waiting. \r\nCLICK HERE https://advanceleadgeneration.com to try Web Visitors Into Leads now.\r\n\r\nIf you\'d like to unsubscribe click here http://advanceleadgeneration.com/unsubscribe.aspx?d=5ibra.com','2023-05-05 20:09:27','2023-05-05 20:09:27'),(327,'Eric Jones','555-555-1212','ericjonesmyemail@gmail.com','To the 5ibra.com Administrator. my name’s Eric and I just ran across your website at 5ibra.com...\r\n\r\nI found it after a quick search, so your SEO’s working out…\r\n\r\nContent looks pretty good…\r\n\r\nOne thing’s missing though…\r\n\r\nA QUICK, EASY way to connect with you NOW.\r\n\r\nBecause studies show that a web lead like me will only hang out a few seconds – 7 out of 10 disappear almost instantly, Surf Surf Surf… then gone forever.\r\n\r\nI have the solution:\r\n\r\nWeb Visitors Into Leads is a software widget that’s works on your site, ready to capture any visitor’s Name, Email address and Phone Number.  You’ll know immediately they’re interested and you can call them directly to TALK with them - literally while they’re still on the web looking at your site.\r\n\r\nCLICK HERE https://advanceleadgeneration.com to try out a Live Demo with Web Visitors Into Leads now to see exactly how it works and even give it a try… it could be huge for your business.\r\n\r\nPlus, now that you’ve got that phone number, with our new SMS Text With Lead feature, you can automatically start a text (SMS) conversation pronto… which is so powerful, because connecting with someone within the first 5 minutes is 100 times more effective than waiting 30 minutes or more later.\r\n\r\nThe new text messaging feature lets you follow up regularly with new offers, content links, even just follow up notes to build a relationship.\r\n\r\nEverything I’ve just described is extremely simple to implement, cost-effective, and profitable.\r\n \r\nCLICK HERE https://advanceleadgeneration.com to discover what Web Visitors Into Leads can do for your business, potentially converting up to 100X more eyeballs into leads today!\r\n\r\nEric\r\nPS: Web Visitors Into Leads offers a FREE 14 days trial – and it even includes International Long Distance Calling. \r\nYou have customers waiting to talk with you right now… don’t keep them waiting. \r\nCLICK HERE https://advanceleadgeneration.com to try Web Visitors Into Leads now.\r\n\r\nIf you\'d like to unsubscribe click here http://advanceleadgeneration.com/unsubscribe.aspx?d=5ibra.com','2023-05-06 00:34:00','2023-05-06 00:34:00'),(328,'Anneliese Second',NULL,'PasqualeStaniforth@gmail.com',NULL,'2023-05-06 19:53:08','2023-05-06 19:53:08'),(329,'Ernest Daddea',NULL,'Magedanz@gmail.com',NULL,'2023-05-08 23:25:53','2023-05-08 23:25:53'),(330,'Eric Jones','555-555-1212','ericjonesmyemail@gmail.com','Hello 5ibra.com Admin!\r\n\r\nMy name is Eric and I’m betting you’d like your website 5ibra.com to generate more leads.\r\n\r\nHere’s how:\r\nWeb Visitors Into Leads is a software widget that’s works on your site, ready to capture any visitor’s Name, Email address and Phone Number.  It signals you as soon as they say they’re interested – so that you can talk to that lead while they’re still there at 5ibra.com.\r\n\r\nWeb Visitors Into Leads – CLICK HERE http://jumboleadmagnet.com for a live demo now.\r\n\r\nAnd now that you’ve got their phone number, our new SMS Text With Lead feature enables you to start a text (SMS) conversation – answer questions, provide more info, and close a deal that way.\r\n\r\nIf they don’t take you up on your offer then, just follow up with text messages for new offers, content links, even just “how you doing?” notes to build a relationship.\r\n\r\nCLICK HERE http://jumboleadmagnet.com to discover what Web Visitors Into Leads can do for your business.\r\n\r\nThe difference between contacting someone within 5 minutes versus a half-hour means you could be converting up to 100X more leads today!\r\n\r\nTry Web Visitors Into Leads and get more leads now.\r\n\r\nEric\r\nPS: The studies show 7 out of 10 visitors don’t hang around – you can’t afford to lose them!\r\nWeb Visitors Into Leads offers a FREE 14 days trial – and it even includes International Long Distance Calling. \r\nYou have customers waiting to talk with you right now… don’t keep them waiting. \r\nCLICK HERE http://jumboleadmagnet.com to try Web Visitors Into Leads now.\r\n\r\nIf you\'d like to unsubscribe click here http://jumboleadmagnet.com/unsubscribe.aspx?d=5ibra.com','2023-05-10 18:59:10','2023-05-10 18:59:10'),(331,'Arron Lemmone','0699 707 28 28','arron.lemmone@outlook.com','I don\'t know about you but when I look for a business online the first thing I look at is their rating and how many good reviews they have. This is exactly why I\'m contacting you now, I want to show you how to get more 5-star reviews (not fake ones) which will in turn help you get more calls from your existing ads.   check out: www.rankfast.xyz','2023-05-11 01:19:30','2023-05-11 01:19:30'),(332,'Victorina Dethridge','06-27864940','dethridge.victorina@gmail.com','*INFO SERVICE EXPIRATION FOR 5ibra.com\r\n\r\nAttention: Accounts Payable / Domain Owner / Education Expertise \r\n\r\nYour Domain: www.5ibra.com \r\nExpected Reply before: May 12, 2023.\r\n\r\nThis Notice for: www.5ibra.com will expire on May 12, 2023. \r\n\r\n\r\n\r\n*For details and to make a payment for 5ibra.com services by credit card:\r\n\r\nVisit: https://hostingsrl.com/?web=5ibra.com\r\n\r\n\r\n0512202321232406-27864940','2023-05-13 14:31:25','2023-05-13 14:31:25'),(333,'Eric Jones','555-555-1212','ericjonesmyemail@gmail.com','Hi 5ibra.com Owner! I just found your site, quick question…\r\n\r\nMy name’s Eric, I found 5ibra.com after doing a quick search – you showed up near the top of the rankings, so whatever you’re doing for SEO, looks like it’s working well.\r\n\r\nSo here’s my question – what happens AFTER someone lands on your site?  Anything?\r\n\r\nResearch tells us at least 70% of the people who find your site, after a quick once-over, they disappear… forever.\r\n\r\nThat means that all the work and effort you put into getting them to show up, goes down the tubes.\r\n\r\nWhy would you want all that good work – and the great site you’ve built – go to waste?\r\n\r\nBecause the odds are they’ll just skip over calling or even grabbing their phone, leaving you high and dry.\r\n\r\nBut here’s a thought… what if you could make it super-simple for someone to raise their hand, say, “okay, let’s talk” without requiring them to even pull their cell phone from their pocket?\r\n  \r\nYou can – thanks to revolutionary new software that can literally make that first call happen NOW.\r\n\r\nWeb Visitors Into Leads is a software widget that sits on your site, ready and waiting to capture any visitor’s Name, Email address and Phone Number.  It lets you know IMMEDIATELY – so that you can talk to that lead while they’re still there at your site.\r\n  \r\nYou know, strike when the iron’s hot!\r\n\r\nCLICK HERE https://advanceleadgeneration.com to try out a Live Demo with Web Visitors Into Leads now to see exactly how it works.\r\n\r\nWhen targeting leads, you HAVE to act fast – the difference between contacting someone within 5 minutes versus 30 minutes later is huge – like 100 times better!\r\n\r\nThat’s why you should check out our new SMS Text With Lead feature as well… once you’ve captured the phone number of the website visitor, you can automatically kick off a text message (SMS) conversation with them. \r\n \r\nImagine how powerful this could be – even if they don’t take you up on your offer immediately, you can stay in touch with them using text messages to make new offers, provide links to great content, and build your credibility.\r\n\r\nJust this alone could be a game changer to make your website even more effective.\r\n\r\nStrike when  the iron’s hot!\r\n\r\nCLICK HERE https://advanceleadgeneration.com to learn more about everything Web Visitors Into Leads can do for your business – you’ll be amazed.\r\n\r\nThanks and keep up the great work!\r\n\r\nEric\r\nPS: Web Visitors Into Leads offers a FREE 14 days trial – you could be converting up to 100x more leads immediately!   \r\nIt even includes International Long Distance Calling. \r\nStop wasting money chasing eyeballs that don’t turn into paying customers. \r\nCLICK HERE https://advanceleadgeneration.com to try Web Visitors Into Leads now.\r\n\r\nIf you\'d like to unsubscribe click here http://advanceleadgeneration.com/unsubscribe.aspx?d=5ibra.com','2023-05-16 20:46:27','2023-05-16 20:46:27'),(334,'Concepcion Jackey','0325 5785649','hacker@cdeveninggames.nl','We have hacked your website 5ibra.com and extracted your databases. This was due to the security holes you had in your your site/server which have gained us remote control of everything that was on the server. \r\n\r\nOur team is mostly interested in customer, administrative, and employee information which we have extracted through your databases once we got remote control over the server. It still needs to be sorted out but it will be well-organized once finished. First, we will be going through the emails/sms information and contacting the recipient how you held in disregard about their information being exposed to a hacking group when you could have stopped it. This would be detrimental to your personal image with these relationships with these people. Lastly, now that we have information not only will we be monetizing off it with our methods but made public or sold to other people that will do whatever they wish with the information also after we are done.\r\n\r\nNow you can put a stop to this by paying a $3000 fee (0.11 BTC) in bitcoin. You can find our address by visiting https://www.blockchain.com/explorer/addresses/btc/39PHuTwgY5THshy9VJoUXWebDA5jCprPmP where you can copy and paste the address or scan the QR code. We will be notified of payment which we will then delete the information we have obtained, patch the hole in the site/server which we got in and remove you from any future targeting in the future. You have 72 hours in doing so after viewing this message or the series of steps will commence. You can obtain bitcoin through such services such as paxful.com or do a search on bing.com','2023-05-17 10:31:08','2023-05-17 10:31:08'),(335,'Hortense Gertz','(11) 8522-3175','hacker@preventmassshootingsnow.org','We have hacked your website 5ibra.com and extracted your databases. This was due to the security holes you had in your your site/server which have gained us remote control of everything that was on the server. \r\n\r\nOur team is mostly interested in customer, administrative, and employee information which we have extracted through your databases once we got remote control over the server. It still needs to be sorted out but it will be well-organized once finished. First, we will be going through the emails/sms information and contacting the recipient how you held in disregard about their information being exposed to a hacking group when you could have stopped it. This would be detrimental to your personal image with these relationships with these people. Lastly, now that we have information not only will we be monetizing off it with our methods but made public or sold to other people that will do whatever they wish with the information also after we are done.\r\n\r\nNow you can put a stop to this by paying a $3000 fee (0.11 BTC) in bitcoin. You can find our address by visiting https://www.blockchain.com/explorer/addresses/btc/3Hg8FLvfn1TtkziJWmXT7AcE8AmR3Ujket where you can copy and paste the address or scan the QR code. We will be notified of payment which we will then delete the information we have obtained, patch the hole in the site/server which we got in and remove you from any future targeting in the future. You have 72 hours in doing so after viewing this message or the series of steps will commence. You can obtain bitcoin through such services such as paxful.com or do a search on bing.com','2023-05-17 18:38:38','2023-05-17 18:38:38'),(336,'Eric Jones','555-555-1212','ericjonesmyemail@gmail.com','Dear 5ibra.com Administrator.\r\n\r\nCool website!\r\n\r\nMy name’s Eric, and I just found your site - 5ibra.com - while surfing the net. You showed up at the top of the search results, so I checked you out. Looks like what you’re doing is pretty cool.\r\n \r\nBut if you don’t mind me asking – after someone like me stumbles across 5ibra.com, what usually happens?\r\n\r\nIs your site generating leads for your business? \r\n \r\nI’m guessing some, but I also bet you’d like more… studies show that 7 out 10 who land on a site wind up leaving without a trace.\r\n\r\nNot good.\r\n\r\nHere’s a thought – what if there was an easy way for every visitor to “raise their hand” to get a phone call from you INSTANTLY… the second they hit your site and said, “call me now.”\r\n\r\nYou can –\r\n  \r\nWeb Visitors Into Leads is a software widget that’s works on your site, ready to capture any visitor’s Name, Email address and Phone Number.  It lets you know IMMEDIATELY – so that you can talk to that lead while they’re literally looking over your site.\r\n\r\nCLICK HERE http://jumboleadmagnet.com to try out a Live Demo with Web Visitors Into Leads now to see exactly how it works.\r\n\r\nTime is money when it comes to connecting with leads – the difference between contacting someone within 5 minutes versus 30 minutes later can be huge – like 100 times better!\r\n\r\nThat’s why we built out our new SMS Text With Lead feature… because once you’ve captured the visitor’s phone number, you can automatically start a text message (SMS) conversation.\r\n  \r\nThink about the possibilities – even if you don’t close a deal then and there, you can follow up with text messages for new offers, content links, even just “how you doing?” notes to build a relationship.\r\n\r\nWouldn’t that be cool?\r\n\r\nCLICK HERE http://jumboleadmagnet.com to discover what Web Visitors Into Leads can do for your business.\r\n\r\nYou could be converting up to 100X more leads today!\r\nEric\r\n\r\nPS: Web Visitors Into Leads offers a FREE 14 days trial – and it even includes International Long Distance Calling. \r\nYou have customers waiting to talk with you right now… don’t keep them waiting. \r\nCLICK HERE http://jumboleadmagnet.com to try Web Visitors Into Leads now.\r\n\r\nIf you\'d like to unsubscribe click here http://jumboleadmagnet.com/unsubscribe.aspx?d=5ibra.com','2023-05-19 14:52:26','2023-05-19 14:52:26'),(337,'OCtGkTURPSNhEJ','5149614033','maksimblinov8fm@outlook.com','YfuXBHpsxO','2023-05-19 19:54:58','2023-05-19 19:54:58'),(338,'DnqMrWPHAzljXL','5265671727','maksimblinov8fm@outlook.com','TtwyKdIzNRnEpDWA','2023-05-19 19:54:59','2023-05-19 19:54:59'),(339,'OCtGkTURPSNhEJ','5149614033','maksimblinov8fm@outlook.com','YfuXBHpsxO','2023-05-19 19:55:01','2023-05-19 19:55:01'),(340,'Eric Jones','555-555-1212','ericjonesmyemail@gmail.com','Hi 5ibra.com Owner! my name’s Eric and for just a second, imagine this…\r\n\r\n- Someone does a search and winds up at 5ibra.com.\r\n\r\n- They hang out for a minute to check it out.  “I’m interested… but… maybe…”\r\n\r\n- And then they hit the back button and check out the other search results instead. \r\n\r\n- Bottom line – you got an eyeball, but nothing else to show for it.\r\n\r\n- There they go.\r\n\r\nThis isn’t really your fault – it happens a LOT – studies show 7 out of 10 visitors to any site disappear without leaving a trace.\r\n\r\nBut you CAN fix that.\r\n\r\nWeb Visitors Into Leads is a software widget that’s works on your site, ready to capture any visitor’s Name, Email address and Phone Number.  It lets you know right then and there – enabling you to call that lead while they’re literally looking over your site.\r\n\r\nCLICK HERE https://advanceleadgeneration.com to try out a Live Demo with Web Visitors Into Leads now to see exactly how it works.\r\n\r\nTime is money when it comes to connecting with leads – the difference between contacting someone within 5 minutes versus 30 minutes later can be huge – like 100 times better!\r\n\r\nPlus, now that you have their phone number, with our new SMS Text With Lead feature you can automatically start a text (SMS) conversation… so even if you don’t close a deal then, you can follow up with text messages for new offers, content links, even just “how you doing?” notes to build a relationship.\r\n\r\nStrong stuff.\r\n\r\nCLICK HERE https://advanceleadgeneration.com to discover what Web Visitors Into Leads can do for your business.\r\n\r\nYou could be converting up to 100X more leads today!\r\n\r\nEric\r\nPS: Web Visitors Into Leads offers a FREE 14 days trial – and it even includes International Long Distance Calling. \r\nYou have customers waiting to talk with you right now… don’t keep them waiting. \r\nCLICK HERE https://advanceleadgeneration.com to try Web Visitors Into Leads now.\r\n\r\nIf you\'d like to unsubscribe click here http://advanceleadgeneration.com/unsubscribe.aspx?d=5ibra.com','2023-05-20 13:11:17','2023-05-20 13:11:17'),(341,'Eric Jones','555-555-1212','ericjonesmyemail@gmail.com','Dear 5ibra.com Administrator! Eric here with a quick thought about your website 5ibra.com...\r\n\r\nI’m on the internet a lot and I look at a lot of business websites.\r\n\r\nLike yours, many of them have great content. \r\n\r\nBut all too often, they come up short when it comes to engaging and connecting with anyone who visits.\r\n\r\nI get it – it’s hard.  Studies show 7 out of 10 people who land on a site, abandon it in moments without leaving even a trace.  You got the eyeball, but nothing else.\r\n\r\nHere’s a solution for you…\r\n\r\nWeb Visitors Into Leads is a software widget that’s works on your site, ready to capture any visitor’s Name, Email address and Phone Number.  You’ll know immediately they’re interested and you can call them directly to talk with them literally while they’re still on the web looking at your site.\r\n\r\nCLICK HERE https://advanceleadgeneration.com to try out a Live Demo with Web Visitors Into Leads now to see exactly how it works.\r\n\r\nIt could be huge for your business – and because you’ve got that phone number, with our new SMS Text With Lead feature, you can automatically start a text (SMS) conversation – immediately… and contacting someone in that 5 minute window is 100 times more powerful than reaching out 30 minutes or more later.\r\n\r\nPlus, with text messaging you can follow up later with new offers, content links, even just follow up notes to keep the conversation going.\r\n\r\nEverything I’ve just described is extremely simple to implement, cost-effective, and profitable. \r\n \r\nCLICK HERE https://advanceleadgeneration.com to discover what Web Visitors Into Leads can do for your business.\r\n\r\nYou could be converting up to 100X more eyeballs into leads today!\r\n\r\nEric\r\nPS: Web Visitors Into Leads offers a FREE 14 days trial – and it even includes International Long Distance Calling. \r\nYou have customers waiting to talk with you right now… don’t keep them waiting. \r\nCLICK HERE https://advanceleadgeneration.com to try Web Visitors Into Leads now.\r\n\r\nIf you\'d like to unsubscribe click here http://advanceleadgeneration.com/unsubscribe.aspx?d=5ibra.com','2023-05-22 12:45:42','2023-05-22 12:45:42'),(342,'Eric Jones','555-555-1212','ericjonesmyemail@gmail.com','Hi 5ibra.com Admin! \r\n\r\nMy name is Eric and unlike a lot of emails you might get, I wanted to instead provide you with a word of encouragement – Congratulations\r\n\r\nWhat for?  \r\n\r\nPart of my job is to check out websites and the work you’ve done with 5ibra.com definitely stands out. \r\n\r\nIt’s clear you took building a website seriously and made a real investment of time and resources into making it top quality.\r\n\r\nThere is, however, a catch… more accurately, a question…\r\n\r\nSo when someone like me happens to find your site – maybe at the top of the search results (nice job BTW) or just through a random link, how do you know? \r\n\r\nMore importantly, how do you make a connection with that person?\r\n\r\nStudies show that 7 out of 10 visitors don’t stick around – they’re there one second and then gone with the wind.\r\n\r\nHere’s a way to create INSTANT engagement that you may not have known about… \r\n\r\nWeb Visitors Into Leads is a software widget that’s works on your site, ready to capture any visitor’s Name, Email address and Phone Number.  It lets you know INSTANTLY that they’re interested – so that you can talk to that lead while they’re literally checking out 5ibra.com.\r\n\r\nCLICK HERE https://advanceleadgeneration.com to try out a Live Demo with Web Visitors Into Leads now to see exactly how it works.\r\n\r\nIt could be a game-changer for your business – and it gets even better… once you’ve captured their phone number, with our new SMS Text With Lead feature, you can automatically start a text (SMS) conversation – immediately (and there’s literally a 100X difference between contacting someone within 5 minutes versus 30 minutes.)\r\n\r\nPlus then, even if you don’t close a deal right away, you can connect later on with text messages for new offers, content links, even just follow up notes to build a relationship.\r\n\r\nEverything I’ve just described is simple, easy, and effective. \r\n\r\nCLICK HERE https://advanceleadgeneration.com to discover what Web Visitors Into Leads can do for your business.\r\n\r\nYou could be converting up to 100X more leads today!\r\n\r\nEric\r\nPS: Web Visitors Into Leads offers a FREE 14 days trial – and it even includes International Long Distance Calling. \r\nYou have customers waiting to talk with you right now… don’t keep them waiting. \r\nCLICK HERE https://advanceleadgeneration.com to try Web Visitors Into Leads now.\r\n\r\nIf you\'d like to unsubscribe click here http://advanceleadgeneration.com/unsubscribe.aspx?d=5ibra.com','2023-05-22 14:43:37','2023-05-22 14:43:37'),(343,'Eric Jones','555-555-1212','ericjonesmyemail@gmail.com','Hi 5ibra.com Owner! my name’s Eric and for just a second, imagine this…\r\n\r\n- Someone does a search and winds up at 5ibra.com.\r\n\r\n- They hang out for a minute to check it out.  “I’m interested… but… maybe…”\r\n\r\n- And then they hit the back button and check out the other search results instead. \r\n\r\n- Bottom line – you got an eyeball, but nothing else to show for it.\r\n\r\n- There they go.\r\n\r\nThis isn’t really your fault – it happens a LOT – studies show 7 out of 10 visitors to any site disappear without leaving a trace.\r\n\r\nBut you CAN fix that.\r\n\r\nWeb Visitors Into Leads is a software widget that’s works on your site, ready to capture any visitor’s Name, Email address and Phone Number.  It lets you know right then and there – enabling you to call that lead while they’re literally looking over your site.\r\n\r\nCLICK HERE http://advanceleadgeneration.com to try out a Live Demo with Web Visitors Into Leads now to see exactly how it works.\r\n\r\nTime is money when it comes to connecting with leads – the difference between contacting someone within 5 minutes versus 30 minutes later can be huge – like 100 times better!\r\n\r\nPlus, now that you have their phone number, with our new SMS Text With Lead feature you can automatically start a text (SMS) conversation… so even if you don’t close a deal then, you can follow up with text messages for new offers, content links, even just “how you doing?” notes to build a relationship.\r\n\r\nStrong stuff.\r\n\r\nCLICK HERE http://advanceleadgeneration.com to discover what Web Visitors Into Leads can do for your business.\r\n\r\nYou could be converting up to 100X more leads today!\r\n\r\nEric\r\nPS: Web Visitors Into Leads offers a FREE 14 days trial – and it even includes International Long Distance Calling. \r\nYou have customers waiting to talk with you right now… don’t keep them waiting. \r\nCLICK HERE http://advanceleadgeneration.com to try Web Visitors Into Leads now.\r\n\r\nIf you\'d like to unsubscribe click here http://advanceleadgeneration.com/unsubscribe.aspx?d=5ibra.com','2023-05-23 00:05:53','2023-05-23 00:05:53'),(344,'Eric Jones','555-555-1212','ericjonesmyemail@gmail.com','To the 5ibra.com Admin!\r\n\r\nMy name’s Eric and for just a second, imagine this…\r\n\r\n- Someone does a search and winds up at 5ibra.com.\r\n\r\n- They hang out for a minute to check it out.  “I’m interested… but… maybe…”\r\n\r\n- And then they hit the back button and check out the other search results instead. \r\n\r\n- Bottom line – you got an eyeball, but nothing else to show for it.\r\n\r\n- There they go.\r\n\r\nThis isn’t really your fault – it happens a LOT – studies show 7 out of 10 visitors to any site disappear without leaving a trace.\r\n\r\nBut you CAN fix that.\r\n\r\nWeb Visitors Into Leads is a software widget that’s works on your site, ready to capture any visitor’s Name, Email address and Phone Number.  It lets you know right then and there – enabling you to call that lead while they’re literally looking over your site.\r\n\r\nCLICK HERE http://jumboleadmagnet.com to try out a Live Demo with Web Visitors Into Leads now to see exactly how it works.\r\n\r\nTime is money when it comes to connecting with leads – the difference between contacting someone within 5 minutes versus 30 minutes later can be huge – like 100 times better!\r\n\r\nPlus, now that you have their phone number, with our new SMS Text With Lead feature you can automatically start a text (SMS) conversation… so even if you don’t close a deal then, you can follow up with text messages for new offers, content links, even just “how you doing?” notes to build a relationship.\r\n\r\nStrong stuff.\r\n\r\nCLICK HERE http://jumboleadmagnet.com to discover what Web Visitors Into Leads can do for your business.\r\n\r\nYou could be converting up to 100X more leads today!\r\n\r\nEric\r\nPS: Web Visitors Into Leads offers a FREE 14 days trial – and it even includes International Long Distance Calling. \r\nYou have customers waiting to talk with you right now… don’t keep them waiting. \r\nCLICK HERE http://jumboleadmagnet.com to try Web Visitors Into Leads now.\r\n\r\nIf you\'d like to unsubscribe click here http://jumboleadmagnet.com/unsubscribe.aspx?d=5ibra.com','2023-05-23 15:21:21','2023-05-23 15:21:21'),(345,'nTiCKHWfGbpUPz','2327474882','yettavukok@outlook.com','gGEIokPxXa','2023-05-31 09:08:59','2023-05-31 09:08:59'),(346,'CQxBVTLXkP','2802287673','yettavukok@outlook.com','JMYOkvnRFpyT','2023-05-31 09:09:00','2023-05-31 09:09:00'),(347,'nTiCKHWfGbpUPz','2327474882','yettavukok@outlook.com','gGEIokPxXa','2023-05-31 09:09:02','2023-05-31 09:09:02'),(348,'Eric Jones','555-555-1212','ericjonesmyemail@gmail.com','Dear 5ibra.com Admin. Cool website!\r\n\r\nMy name’s Eric, and I just found your site - 5ibra.com - while surfing the net. You showed up at the top of the search results, so I checked you out. Looks like what you’re doing is pretty cool.\r\n \r\nBut if you don’t mind me asking – after someone like me stumbles across 5ibra.com, what usually happens?\r\n\r\nIs your site generating leads for your business? \r\n \r\nI’m guessing some, but I also bet you’d like more… studies show that 7 out 10 who land on a site wind up leaving without a trace.\r\n\r\nNot good.\r\n\r\nHere’s a thought – what if there was an easy way for every visitor to “raise their hand” to get a phone call from you INSTANTLY… the second they hit your site and said, “call me now.”\r\n\r\nYou can –\r\n  \r\nWeb Visitors Into Leads is a software widget that’s works on your site, ready to capture any visitor’s Name, Email address and Phone Number.  It lets you know IMMEDIATELY – so that you can talk to that lead while they’re literally looking over your site.\r\n\r\nCLICK HERE https://advanceleadgeneration.com to try out a Live Demo with Web Visitors Into Leads now to see exactly how it works.\r\n\r\nTime is money when it comes to connecting with leads – the difference between contacting someone within 5 minutes versus 30 minutes later can be huge – like 100 times better!\r\n\r\nThat’s why we built out our new SMS Text With Lead feature… because once you’ve captured the visitor’s phone number, you can automatically start a text message (SMS) conversation.\r\n  \r\nThink about the possibilities – even if you don’t close a deal then and there, you can follow up with text messages for new offers, content links, even just “how you doing?” notes to build a relationship.\r\n\r\nWouldn’t that be cool?\r\n\r\nCLICK HERE https://advanceleadgeneration.com to discover what Web Visitors Into Leads can do for your business.\r\n\r\nYou could be converting up to 100X more leads today!\r\nEric\r\n\r\nPS: Web Visitors Into Leads offers a FREE 14 days trial – and it even includes International Long Distance Calling. \r\nYou have customers waiting to talk with you right now… don’t keep them waiting. \r\nCLICK HERE https://advanceleadgeneration.com to try Web Visitors Into Leads now.\r\n\r\nIf you\'d like to unsubscribe click here http://advanceleadgeneration.com/unsubscribe.aspx?d=5ibra.com','2023-06-01 04:54:26','2023-06-01 04:54:26'),(349,'Jan Traeger','09451 71 61 00','traeger.jan@yahoo.com','Hi,\r\n\r\nAre you ready to embark on an exciting journey into the world of cryptocurrency? We are thrilled to invite you to register for a free crypto wallet, where you can securely store and manage your digital assets.\r\n\r\nHere at Binance, we believe that cryptocurrency has the potential to revolutionize the way we transact, invest, and build wealth. Whether you\'re a seasoned crypto enthusiast or just curious about this emerging technology, our free crypto wallet is the perfect starting point to explore the possibilities and take control of your financial future.\r\n\r\nWhy should you register for our free crypto wallet?\r\n\r\n► Secure and User-Friendly: Our wallet incorporates state-of-the-art security features to safeguard your digital assets. With a user-friendly interface, it\'s easy to navigate, even if you\'re new to the world of cryptocurrencies.\r\n\r\n► Convenience: Enjoy instant access to your funds anytime, anywhere. Say goodbye to the limitations of traditional banking hours and complicated procedures. Our wallet is designed to simplify your crypto experience.\r\n\r\n► Versatile Asset Support: Store and manage a wide range of cryptocurrencies in one place. Bitcoin, Ethereum, Ripple, Litecoin, and many more are supported, ensuring you have the flexibility to diversify your portfolio.\r\n\r\n► Peace of Mind: We prioritize the safety and security of your funds. Our wallet utilizes advanced encryption techniques, two-factor authentication, and cold storage to provide you with peace of mind and protect your assets from unauthorized access.\r\n\r\n► Exclusive Benefits: As a registered user, you\'ll gain access to exclusive benefits, including early access to new features, educational resources, and exclusive promotions. Stay ahead of the curve and maximize your crypto potential.\r\n\r\nDon\'t miss out on this incredible opportunity to step into the world of cryptocurrencies. Register for your free crypto wallet today and take control of your financial destiny!\r\n\r\nClick the link below to create your free crypto wallet:\r\nGet Started here >>> https://bit.ly/cryptowalletreg\r\n\r\n* Limited Time $100 FREE BONUS for any new account that Completes Account Verification. (Expires on 15th June 2023)\r\n\r\nJoin the millions of individuals who are already harnessing the power of cryptocurrencies. Secure your financial future with our free crypto wallet today!\r\n\r\nTo your financial success\r\n\r\nRonald D\r\n99 Manhatten Road, TX\r\n87845\r\n=====\r\nClick here to unsubscribe\r\nhttps://bit.ly/stop69','2023-06-01 20:35:36','2023-06-01 20:35:36'),(350,'YktTPnvFpHaDgoL','5780885823','TamelaReynoso239@aol.com','wHvYLhNsOgomEcjd','2023-06-04 15:53:59','2023-06-04 15:53:59'),(351,'sBhVoyRLKbXkjDm','4867156381','TamelaReynoso239@aol.com','sFjVUZHfuRCrKO','2023-06-04 15:54:00','2023-06-04 15:54:00'),(352,'YktTPnvFpHaDgoL','5780885823','TamelaReynoso239@aol.com','wHvYLhNsOgomEcjd','2023-06-04 15:54:02','2023-06-04 15:54:02'),(353,'Eric Jones','555-555-1212','eric.jones.z.mail@gmail.com','To the 5ibra.com Admin!\r\n\r\nMy name’s Eric and I just found your site 5ibra.com.\r\n\r\nIt’s got a lot going for it, but here’s an idea to make it even MORE effective.\r\n\r\nWeb Visitors Into Leads – CLICK HERE http://advanceleadgeneration.com for a live demo now.\r\n\r\nWeb Visitors Into Leads is a software widget that’s works on your site, ready to capture any visitor’s Name, Email address and Phone Number.  It signals you the moment they let you know they’re interested – so that you can talk to that lead while they’re literally looking over your site.\r\n\r\nAnd once you’ve captured their phone number, with our new SMS Text With Lead feature, you can automatically start a text (SMS) conversation… and if they don’t take you up on your offer then, you can follow up with text messages for new offers, content links, even just “how you doing?” notes to build a relationship.\r\n\r\nCLICK HERE http://advanceleadgeneration.com to discover what Web Visitors Into Leads can do for your business.\r\n\r\nThe difference between contacting someone within 5 minutes versus a half-hour means you could be converting up to 100X more leads today!\r\n\r\nEric\r\nPS: Studies show that 70% of a site’s visitors disappear and are gone forever after just a moment. Don’t keep losing them. \r\nWeb Visitors Into Leads offers a FREE 14 days trial – and it even includes International Long Distance Calling. \r\nYou have customers waiting to talk with you right now… don’t keep them waiting. \r\nCLICK HERE http://advanceleadgeneration.com to try Web Visitors Into Leads now.\r\n\r\nIf you\'d like to unsubscribe click here http://advanceleadgeneration.com/unsubscribe.aspx?d=5ibra.com','2023-06-04 17:11:38','2023-06-04 17:11:38'),(354,'Brianna Belton','4242921587','brianna@biggerbetterprofits.com','Hi,\r\n\r\nAre you searching for dependable, precise, and cost-effective bookkeeping and accounting services for your business?\r\n\r\nYou\'re not alone!\r\n\r\nOur US-based team specializes in assisting small to medium-sized companies with their financial reporting and maximizing profits.\r\n\r\nIf this is of interest to you, please provide me with your name, email, and phone number.\r\n\r\nTo Your Success!\r\nBrianna Belton\r\n4242921587\r\nbrianna@biggerbetterprofits.com','2023-06-04 17:38:47','2023-06-04 17:38:47');

--
-- Table structure for table `failed_jobs`
--

CREATE TABLE `failed_jobs` (
  `id` bigint unsigned NOT NULL AUTO_INCREMENT,
  `connection` text CHARACTER SET utf8mb4 COLLATE utf8mb4_unicode_ci NOT NULL,
  `queue` text CHARACTER SET utf8mb4 COLLATE utf8mb4_unicode_ci NOT NULL,
  `payload` longtext CHARACTER SET utf8mb4 COLLATE utf8mb4_unicode_ci NOT NULL,
  `exception` longtext CHARACTER SET utf8mb4 COLLATE utf8mb4_unicode_ci NOT NULL,
  `failed_at` timestamp NOT NULL DEFAULT CURRENT_TIMESTAMP,
  PRIMARY KEY (`id`)
) ENGINE=InnoDB DEFAULT CHARSET=utf8mb4 COLLATE=utf8mb4_unicode_ci;

--
-- Dumping data for table `failed_jobs`
--


--
-- Table structure for table `job_translations`
--

CREATE TABLE `job_translations` (
  `id` bigint unsigned NOT NULL AUTO_INCREMENT,
  `job_id` bigint unsigned NOT NULL,
  `locale` varchar(125) CHARACTER SET utf8mb4 COLLATE utf8mb4_unicode_ci NOT NULL,
  `name` varchar(125) CHARACTER SET utf8mb4 COLLATE utf8mb4_unicode_ci NOT NULL,
  `created_at` timestamp NULL DEFAULT NULL,
  `updated_at` timestamp NULL DEFAULT NULL,
  PRIMARY KEY (`id`),
  UNIQUE KEY `job_translations_job_id_locale_unique` (`job_id`,`locale`),
  KEY `job_translations_locale_index` (`locale`),
  CONSTRAINT `job_translations_job_id_foreign` FOREIGN KEY (`job_id`) REFERENCES `jobs` (`id`) ON DELETE CASCADE
) ENGINE=InnoDB AUTO_INCREMENT=17 DEFAULT CHARSET=utf8mb4 COLLATE=utf8mb4_unicode_ci;

--
-- Dumping data for table `job_translations`
--

INSERT INTO `job_translations` (`id`, `job_id`, `locale`, `name`, `created_at`, `updated_at`) VALUES (1,1,'en','Supervisor','2022-06-13 04:51:12','2022-07-29 16:42:34'),(2,1,'ar','موجه فني','2022-06-13 04:51:12','2022-07-29 16:42:34'),(3,2,'en','Principal','2022-06-13 04:51:12','2022-07-29 16:43:01'),(4,2,'ar','مدير مدرسة','2022-06-13 04:51:12','2022-07-29 16:43:01'),(9,5,'en','Vice principal','2022-07-29 16:43:35','2022-07-29 16:43:35'),(10,5,'ar','مدير مساعد','2022-07-29 16:43:35','2022-07-29 16:43:35'),(11,6,'en','Head of Department','2022-07-29 16:44:09','2022-07-29 16:44:09'),(12,6,'ar','رئيس قسم','2022-07-29 16:44:09','2022-07-29 16:44:09'),(13,7,'en','techear','2022-07-29 16:44:33','2022-07-29 16:44:33'),(14,7,'ar','معلم','2022-07-29 16:44:33','2022-07-29 16:44:33'),(15,8,'en','student','2022-07-29 16:45:36','2022-07-29 16:45:36'),(16,8,'ar','طالب كلية التربية','2022-07-29 16:45:36','2022-07-29 16:45:36');

--
-- Table structure for table `jobs`
--

CREATE TABLE `jobs` (
  `id` bigint unsigned NOT NULL AUTO_INCREMENT,
  `created_at` timestamp NULL DEFAULT NULL,
  `updated_at` timestamp NULL DEFAULT NULL,
  PRIMARY KEY (`id`)
) ENGINE=InnoDB AUTO_INCREMENT=9 DEFAULT CHARSET=utf8mb4 COLLATE=utf8mb4_unicode_ci;

--
-- Dumping data for table `jobs`
--

INSERT INTO `jobs` (`id`, `created_at`, `updated_at`) VALUES (1,'2022-06-13 04:51:12','2022-06-13 04:51:12'),(2,'2022-06-13 04:51:12','2022-06-13 04:51:12'),(5,'2022-07-29 16:43:35','2022-07-29 16:43:35'),(6,'2022-07-29 16:44:09','2022-07-29 16:44:09'),(7,'2022-07-29 16:44:33','2022-07-29 16:44:33'),(8,'2022-07-29 16:45:35','2022-07-29 16:45:35');

--
-- Table structure for table `migrations`
--

CREATE TABLE `migrations` (
  `id` int unsigned NOT NULL AUTO_INCREMENT,
  `migration` varchar(125) CHARACTER SET utf8mb4 COLLATE utf8mb4_unicode_ci NOT NULL,
  `batch` int NOT NULL,
  PRIMARY KEY (`id`)
) ENGINE=InnoDB AUTO_INCREMENT=40 DEFAULT CHARSET=utf8mb4 COLLATE=utf8mb4_unicode_ci;

--
-- Dumping data for table `migrations`
--

INSERT INTO `migrations` (`id`, `migration`, `batch`) VALUES (1,'2013_11_06_111100_create_jobs_table',1),(2,'2013_11_06_111119_create_job_translations_table',1),(3,'2014_10_12_000000_create_users_table',1),(4,'2014_10_12_100000_create_password_resets_table',1),(5,'2016_06_01_000001_create_oauth_auth_codes_table',1),(6,'2016_06_01_000002_create_oauth_access_tokens_table',1),(7,'2016_06_01_000003_create_oauth_refresh_tokens_table',1),(8,'2016_06_01_000004_create_oauth_clients_table',1),(9,'2016_06_01_000005_create_oauth_personal_access_clients_table',1),(10,'2019_08_19_000000_create_failed_jobs_table',1),(11,'2021_04_24_153514_create_permission_tables',1),(12,'2021_06_05_001447_create_settings_table',1),(13,'2021_06_05_001901_create_setting_translations_table',1),(14,'2021_06_05_210127_create_notifications_table',1),(15,'2022_06_08_113553_create_stages_table',1),(16,'2022_06_08_113607_create_stage_translations_table',1),(17,'2022_06_08_113634_create_stage_classes_table',1),(18,'2022_06_08_113643_create_stage_class_translations_table',1),(19,'2022_06_08_113701_create_subjects_table',1),(20,'2022_06_08_113710_create_subject_translations_table',1),(21,'2022_06_08_113725_create_subject_data_table',1),(22,'2022_06_08_114335_create_user_subjects_table',1),(23,'2022_06_08_114348_create_user_stages_table',1),(24,'2022_06_08_114355_create_user_classes_table',1),(25,'2022_06_09_121207_create_new_ads_table',1),(26,'2022_06_09_121218_create_new_ad_translations_table',1),(27,'2022_06_09_121509_create_publications_table',1),(28,'2022_06_10_154845_create_phone_codes_table',1),(29,'2022_06_10_221207_create_subject_data_reactions_table',1),(30,'2022_06_11_225455_create_workshops_table',1),(31,'2022_06_11_230156_create_workshop_sales_table',1),(32,'2022_06_12_054918_add_status_column_to_subject_data_table',1),(33,'2022_06_12_233625_add_fixed_coulmn_to_publications_table',1),(34,'2022_06_12_233644_add_fixed_coulmn_to_workshops_table',1),(36,'2022_06_13_090208_create_contacts_table',2),(37,'2022_06_13_102536_add_description_to_workshops_table',3),(38,'2022_06_16_075618_create_sliders_table',4),(39,'2022_06_16_085412_create_slider_translations_table',5);

--
-- Table structure for table `model_has_permissions`
--

CREATE TABLE `model_has_permissions` (
  `permission_id` bigint unsigned NOT NULL,
  `model_type` varchar(125) CHARACTER SET utf8mb4 COLLATE utf8mb4_unicode_ci NOT NULL,
  `model_id` bigint unsigned NOT NULL,
  PRIMARY KEY (`permission_id`,`model_id`,`model_type`),
  KEY `model_has_permissions_model_id_model_type_index` (`model_id`,`model_type`),
  CONSTRAINT `model_has_permissions_permission_id_foreign` FOREIGN KEY (`permission_id`) REFERENCES `permissions` (`id`) ON DELETE CASCADE
) ENGINE=InnoDB DEFAULT CHARSET=utf8mb4 COLLATE=utf8mb4_unicode_ci;

--
-- Dumping data for table `model_has_permissions`
--


--
-- Table structure for table `model_has_roles`
--

CREATE TABLE `model_has_roles` (
  `role_id` bigint unsigned NOT NULL,
  `model_type` varchar(125) CHARACTER SET utf8mb4 COLLATE utf8mb4_unicode_ci NOT NULL,
  `model_id` bigint unsigned NOT NULL,
  PRIMARY KEY (`role_id`,`model_id`,`model_type`),
  KEY `model_has_roles_model_id_model_type_index` (`model_id`,`model_type`),
  CONSTRAINT `model_has_roles_role_id_foreign` FOREIGN KEY (`role_id`) REFERENCES `roles` (`id`) ON DELETE CASCADE
) ENGINE=InnoDB DEFAULT CHARSET=utf8mb4 COLLATE=utf8mb4_unicode_ci;

--
-- Dumping data for table `model_has_roles`
--

INSERT INTO `model_has_roles` (`role_id`, `model_type`, `model_id`) VALUES (1,'App\\User',1);

--
-- Table structure for table `new_ad_translations`
--

CREATE TABLE `new_ad_translations` (
  `id` bigint unsigned NOT NULL AUTO_INCREMENT,
  `new_ad_id` bigint unsigned NOT NULL,
  `locale` varchar(125) CHARACTER SET utf8mb4 COLLATE utf8mb4_unicode_ci NOT NULL,
  `name` varchar(125) CHARACTER SET utf8mb4 COLLATE utf8mb4_unicode_ci NOT NULL,
  `created_at` timestamp NULL DEFAULT NULL,
  `updated_at` timestamp NULL DEFAULT NULL,
  PRIMARY KEY (`id`),
  UNIQUE KEY `new_ad_translations_new_ad_id_locale_unique` (`new_ad_id`,`locale`),
  KEY `new_ad_translations_locale_index` (`locale`),
  CONSTRAINT `new_ad_translations_new_ad_id_foreign` FOREIGN KEY (`new_ad_id`) REFERENCES `new_ads` (`id`) ON DELETE CASCADE
) ENGINE=InnoDB AUTO_INCREMENT=23 DEFAULT CHARSET=utf8mb4 COLLATE=utf8mb4_unicode_ci;

--
-- Dumping data for table `new_ad_translations`
--

INSERT INTO `new_ad_translations` (`id`, `new_ad_id`, `locale`, `name`, `created_at`, `updated_at`) VALUES (1,1,'en','welcome to Khibra Website','2022-06-13 07:12:19','2022-07-24 19:08:18'),(2,1,'ar','مرحبا بكم في موقع خبرة','2022-06-13 07:12:19','2022-07-24 19:08:18'),(3,2,'en','11/9/2022 بدء دوام الهيئتين الإدارية و التعليمية في مرحلة رياض الأطفال','2022-06-13 07:13:54','2022-07-29 14:12:29'),(4,2,'ar','11/9/2022 بدء دوام الهيئتين الإدارية و التعليمية في مرحلة رياض الأطفال','2022-06-13 07:13:54','2022-07-29 14:12:29'),(5,3,'en','بدء دوام الهيئتين الإدارية و التعليمية في المرحلتين الابتدائية و المتوسطة 13/9/2022','2022-06-13 07:17:06','2022-07-24 19:14:01'),(6,3,'ar','بدء دوام الهيئتين الإدارية و التعليمية في المرحلتين الابتدائية و المتوسطة 13/9/2022','2022-06-13 07:17:07','2022-07-24 19:14:01'),(7,4,'en','بدء دوام الهيئتين الإدارية و التعليمية في المرحلة الثانوية 18/9/2022','2022-06-13 07:20:07','2022-07-24 19:11:02'),(8,4,'ar','بدء دوام الهيئتين الإدارية و التعليمية في المرحلة الثانوية 18/9/2022','2022-06-13 07:20:07','2022-07-24 19:11:02'),(9,5,'en','بدء دوام طلبة مرحلة رياض الأطفال  و متعلمي المرحلة الابتدائية 25/9/2022','2022-07-24 02:46:43','2022-08-27 07:07:22'),(10,5,'ar','بدء دوام طلبة مرحلة رياض الأطفال  و متعلمي المرحلة الابتدائية 25/9/2022','2022-07-24 02:46:43','2022-08-27 07:07:22'),(15,8,'en','بدء دوام طلبة المرحلتين المتوسطة و الثانوية 2/10/2022','2022-07-24 02:50:25','2022-08-27 07:08:44'),(16,8,'ar','بدء دوام طلبة المرحلتين المتوسطة و الثانوية 2/10/2022','2022-07-24 02:50:25','2022-08-27 07:08:44'),(17,9,'en','ساهم في تطوير الموقع و شاركنا رأيك عبر الإيميل أو الوتساب','2022-07-29 14:47:38','2022-07-29 14:47:38'),(18,9,'ar','ساهم في تطوير الموقع و شاركنا رأيك عبر الإيميل أو الوتساب','2022-07-29 14:47:38','2022-07-29 14:47:38'),(21,11,'en','يمكنكم إرسال النشرات الخاصة بالمدارس على الإيميل لنشرها هنا','2022-08-27 07:20:24','2022-08-27 07:20:24'),(22,11,'ar','يمكنكم إرسال النشرات الخاصة بالمدارس على الإيميل لنشرها هنا','2022-08-27 07:20:24','2022-08-27 07:20:24');

--
-- Table structure for table `new_ads`
--

CREATE TABLE `new_ads` (
  `id` bigint unsigned NOT NULL AUTO_INCREMENT,
  `image` varchar(125) CHARACTER SET utf8mb4 COLLATE utf8mb4_unicode_ci NOT NULL DEFAULT 'website/assets/media/photos/mortarboard.png',
  `created_at` timestamp NULL DEFAULT NULL,
  `updated_at` timestamp NULL DEFAULT NULL,
  PRIMARY KEY (`id`)
) ENGINE=InnoDB AUTO_INCREMENT=12 DEFAULT CHARSET=utf8mb4 COLLATE=utf8mb4_unicode_ci;

--
-- Dumping data for table `new_ads`
--

INSERT INTO `new_ads` (`id`, `image`, `created_at`, `updated_at`) VALUES (1,'img/news/images/16594599348492.png','2022-06-13 07:12:19','2022-08-02 15:05:34'),(2,'img/news/images/16586973424888.png','2022-06-13 07:13:54','2022-07-24 19:15:42'),(3,'img/news/images/16586973203909.png','2022-06-13 07:17:06','2022-07-24 19:15:20'),(4,'img/news/images/16586970629133.png','2022-06-13 07:20:07','2022-07-24 19:11:02'),(5,'img/news/images/16586970131223.png','2022-07-24 02:46:43','2022-07-24 19:10:13'),(8,'img/news/images/16586968237962.png','2022-07-24 02:50:25','2022-07-24 19:07:03'),(9,'img/news/images/16594555676768.png','2022-07-29 14:47:38','2022-08-02 13:52:47'),(11,'img/news/images/16615596245486.png','2022-08-27 07:20:24','2022-08-27 07:20:24');

--
-- Table structure for table `notifications`
--

CREATE TABLE `notifications` (
  `id` bigint unsigned NOT NULL AUTO_INCREMENT,
  `read` tinyint(1) NOT NULL DEFAULT '0',
  `user_id` bigint unsigned NOT NULL,
  `body` varchar(125) CHARACTER SET utf8mb4 COLLATE utf8mb4_unicode_ci NOT NULL,
  `type` varchar(125) CHARACTER SET utf8mb4 COLLATE utf8mb4_unicode_ci NOT NULL,
  `created_at` timestamp NULL DEFAULT NULL,
  `updated_at` timestamp NULL DEFAULT NULL,
  PRIMARY KEY (`id`),
  KEY `notifications_user_id_foreign` (`user_id`),
  CONSTRAINT `notifications_user_id_foreign` FOREIGN KEY (`user_id`) REFERENCES `users` (`id`) ON DELETE CASCADE
) ENGINE=InnoDB DEFAULT CHARSET=utf8mb4 COLLATE=utf8mb4_unicode_ci;

--
-- Dumping data for table `notifications`
--


--
-- Table structure for table `oauth_auth_codes`
--

CREATE TABLE `oauth_auth_codes` (
  `id` varchar(100) CHARACTER SET utf8mb4 COLLATE utf8mb4_unicode_ci NOT NULL,
  `user_id` bigint unsigned NOT NULL,
  `client_id` bigint unsigned NOT NULL,
  `scopes` text CHARACTER SET utf8mb4 COLLATE utf8mb4_unicode_ci,
  `revoked` tinyint(1) NOT NULL,
  `expires_at` datetime DEFAULT NULL,
  PRIMARY KEY (`id`),
  KEY `oauth_auth_codes_user_id_index` (`user_id`)
) ENGINE=InnoDB DEFAULT CHARSET=utf8mb4 COLLATE=utf8mb4_unicode_ci;

--
-- Dumping data for table `oauth_auth_codes`
--


--
-- Table structure for table `oauth_personal_access_clients`
--

CREATE TABLE `oauth_personal_access_clients` (
  `id` bigint unsigned NOT NULL AUTO_INCREMENT,
  `client_id` bigint unsigned NOT NULL,
  `created_at` timestamp NULL DEFAULT NULL,
  `updated_at` timestamp NULL DEFAULT NULL,
  PRIMARY KEY (`id`)
) ENGINE=InnoDB DEFAULT CHARSET=utf8mb4 COLLATE=utf8mb4_unicode_ci;

--
-- Dumping data for table `oauth_personal_access_clients`
--


--
-- Table structure for table `permissions`
--

CREATE TABLE `permissions` (
  `id` bigint unsigned NOT NULL AUTO_INCREMENT,
  `name` varchar(125) CHARACTER SET utf8mb4 COLLATE utf8mb4_unicode_ci NOT NULL,
  `guard_name` varchar(125) CHARACTER SET utf8mb4 COLLATE utf8mb4_unicode_ci NOT NULL,
  `created_at` timestamp NULL DEFAULT NULL,
  `updated_at` timestamp NULL DEFAULT NULL,
  PRIMARY KEY (`id`),
  UNIQUE KEY `permissions_name_guard_name_unique` (`name`,`guard_name`)
) ENGINE=InnoDB DEFAULT CHARSET=utf8mb4 COLLATE=utf8mb4_unicode_ci;

--
-- Dumping data for table `permissions`
--


--
-- Table structure for table `phone_codes`
--

CREATE TABLE `phone_codes` (
  `id` bigint unsigned NOT NULL AUTO_INCREMENT,
  `user_id` bigint unsigned NOT NULL,
  `code` varchar(125) CHARACTER SET utf8mb4 COLLATE utf8mb4_unicode_ci NOT NULL,
  `created_at` timestamp NULL DEFAULT NULL,
  `updated_at` timestamp NULL DEFAULT NULL,
  PRIMARY KEY (`id`),
  KEY `phone_codes_user_id_foreign` (`user_id`),
  CONSTRAINT `phone_codes_user_id_foreign` FOREIGN KEY (`user_id`) REFERENCES `users` (`id`) ON DELETE CASCADE
) ENGINE=InnoDB AUTO_INCREMENT=144 DEFAULT CHARSET=utf8mb4 COLLATE=utf8mb4_unicode_ci;

--
-- Dumping data for table `phone_codes`
--

INSERT INTO `phone_codes` (`id`, `user_id`, `code`, `created_at`, `updated_at`) VALUES (1,2,'o6y3q','2022-06-13 08:06:42','2022-06-13 08:06:42'),(3,4,'rijp7','2022-06-13 18:29:50','2022-06-13 18:29:50'),(4,5,'xw2np','2022-06-14 07:02:02','2022-06-14 07:02:02'),(11,13,'cvvho','2022-06-26 06:29:16','2022-06-26 06:29:16'),(13,16,'jwojv','2022-06-27 20:14:08','2022-06-27 20:14:08'),(21,27,'5s4gp','2022-08-02 09:47:00','2022-08-02 09:47:00'),(25,32,'67zyv','2022-08-02 11:38:25','2022-08-02 11:38:25'),(26,33,'0rw4s','2022-08-02 16:22:03','2022-08-02 16:22:03'),(27,36,'xjg6r','2022-08-02 17:42:36','2022-08-02 17:42:36'),(28,37,'vp42v','2022-08-02 18:07:34','2022-08-02 18:07:34'),(29,38,'xr76j','2022-08-03 02:48:21','2022-08-03 02:48:21'),(30,39,'f4s3c','2022-08-05 17:25:27','2022-08-05 17:25:27'),(31,40,'jpjo4','2022-08-06 22:01:18','2022-08-06 22:01:18'),(32,41,'wwv6j','2022-08-06 23:51:33','2022-08-06 23:51:33'),(33,42,'xo8zb','2022-08-07 06:01:02','2022-08-07 06:01:02'),(34,43,'6unqw','2022-08-07 06:07:42','2022-08-07 06:07:42'),(35,44,'2t8n4','2022-08-07 08:36:43','2022-08-07 08:36:43'),(36,45,'5fwvy','2022-08-08 02:04:16','2022-08-08 02:04:16'),(39,48,'iwsmp','2022-08-12 10:26:54','2022-08-12 10:26:54'),(40,49,'jzptd','2022-08-12 10:34:47','2022-08-12 10:34:47'),(41,50,'2xwuh','2022-08-12 10:54:37','2022-08-12 10:54:37'),(42,51,'hnryd','2022-08-12 12:36:22','2022-08-12 12:36:22'),(43,52,'y0tz6','2022-08-12 12:36:47','2022-08-12 12:36:47'),(44,53,'586hc','2022-08-12 14:15:14','2022-08-12 14:15:14'),(45,54,'3hkz5','2022-08-13 02:14:52','2022-08-13 02:14:52'),(46,55,'uyrgf','2022-08-13 08:13:33','2022-08-13 08:13:33'),(47,56,'citpv','2022-08-13 08:27:11','2022-08-13 08:27:11'),(48,57,'d6nch','2022-08-13 09:59:31','2022-08-13 09:59:31'),(49,58,'orgtu','2022-08-13 10:02:39','2022-08-13 10:02:39'),(50,59,'apx68','2022-08-13 10:06:29','2022-08-13 10:06:29'),(51,60,'z62cz','2022-08-13 10:17:33','2022-08-13 10:17:33'),(52,61,'xo5mk','2022-08-13 12:51:11','2022-08-13 12:51:11'),(53,62,'nmjwt','2022-08-13 18:32:04','2022-08-13 18:32:04'),(54,63,'7jccx','2022-08-13 22:22:44','2022-08-13 22:22:44'),(55,64,'av2te','2022-08-14 00:28:43','2022-08-14 00:28:43'),(56,65,'wjivk','2022-08-14 03:24:44','2022-08-14 03:24:44'),(57,66,'za2ar','2022-08-14 11:29:10','2022-08-14 11:29:10'),(58,67,'7xxtn','2022-08-14 14:42:49','2022-08-14 14:42:49'),(59,68,'7ozyx','2022-08-14 17:36:45','2022-08-14 17:36:45'),(60,69,'gzcir','2022-08-14 22:03:46','2022-08-14 22:03:46'),(61,70,'0ha5h','2022-08-14 23:53:18','2022-08-14 23:53:18'),(62,71,'yn2hp','2022-08-15 07:07:49','2022-08-15 07:07:49'),(63,72,'tk8fp','2022-08-16 20:57:46','2022-08-16 20:57:46'),(64,73,'28cso','2022-08-18 16:41:09','2022-08-18 16:41:09'),(65,74,'5urkw','2022-08-19 17:50:18','2022-08-19 17:50:18'),(66,75,'as4qx','2022-08-21 23:26:13','2022-08-21 23:26:13'),(67,76,'f6mja','2022-08-22 04:18:16','2022-08-22 04:18:16'),(68,77,'53vww','2022-08-22 21:07:18','2022-08-22 21:07:18'),(69,78,'7pnth','2022-08-27 01:43:21','2022-08-27 01:43:21'),(70,79,'v6vrb','2022-08-27 16:16:04','2022-08-27 16:16:04'),(71,80,'4e78t','2022-08-27 21:03:48','2022-08-27 21:03:48'),(72,81,'zqzjn','2022-08-27 21:06:34','2022-08-27 21:06:34'),(73,82,'sf8zx','2022-08-27 21:07:15','2022-08-27 21:07:15'),(74,83,'wf2pd','2022-08-27 21:07:21','2022-08-27 21:07:21'),(75,84,'yqjdo','2022-08-27 21:07:59','2022-08-27 21:07:59'),(76,85,'g8por','2022-08-27 21:10:18','2022-08-27 21:10:18'),(77,86,'3qy4i','2022-08-29 21:44:59','2022-08-29 21:44:59'),(78,87,'cjx6u','2022-09-04 06:34:34','2022-09-04 06:34:34'),(79,88,'5t66m','2022-09-04 14:52:14','2022-09-04 14:52:14'),(80,89,'50a62','2022-09-04 23:40:29','2022-09-04 23:40:29'),(81,90,'qk8t5','2022-09-09 00:56:11','2022-09-09 00:56:11'),(82,91,'66rht','2022-09-09 04:02:10','2022-09-09 04:02:10'),(83,92,'mcewm','2022-09-12 23:00:17','2022-09-12 23:00:17'),(84,93,'3ynet','2022-09-13 17:06:04','2022-09-13 17:06:04'),(85,94,'rc6ys','2022-09-16 15:01:59','2022-09-16 15:01:59'),(86,95,'uciab','2022-09-21 08:18:48','2022-09-21 08:18:48'),(87,96,'34sdm','2022-09-24 21:50:12','2022-09-24 21:50:12'),(88,97,'gphky','2022-09-28 17:18:49','2022-09-28 17:18:49'),(89,98,'id6b4','2022-10-02 04:48:00','2022-10-02 04:48:00'),(90,99,'kqcvz','2022-10-07 15:44:37','2022-10-07 15:44:37'),(91,100,'u7n36','2022-10-08 02:40:29','2022-10-08 02:40:29'),(92,101,'873vf','2022-10-08 04:59:43','2022-10-08 04:59:43'),(93,102,'0kry4','2022-10-11 22:33:00','2022-10-11 22:33:00'),(94,103,'irk72','2022-10-14 08:57:31','2022-10-14 08:57:31'),(95,104,'3mdnz','2022-10-15 19:14:52','2022-10-15 19:14:52'),(96,105,'r0j7f','2022-10-19 17:54:26','2022-10-19 17:54:26'),(97,106,'j2shi','2022-10-22 10:19:13','2022-10-22 10:19:13'),(98,107,'34qev','2022-10-27 16:53:24','2022-10-27 16:53:24'),(99,108,'q7viq','2022-10-31 04:00:55','2022-10-31 04:00:55'),(100,109,'nnfyy','2022-11-03 07:45:34','2022-11-03 07:45:34'),(101,110,'5putz','2022-11-08 12:14:41','2022-11-08 12:14:41'),(102,111,'qfxhq','2022-11-10 05:33:41','2022-11-10 05:33:41'),(103,112,'ozqm3','2022-11-10 23:28:15','2022-11-10 23:28:15'),(104,113,'5tg22','2022-11-11 06:41:23','2022-11-11 06:41:23'),(105,114,'uvmc4','2022-11-12 12:03:56','2022-11-12 12:03:56'),(106,115,'e07i4','2022-11-15 21:50:08','2022-11-15 21:50:08'),(107,116,'3p0tg','2022-11-26 01:23:05','2022-11-26 01:23:05'),(108,117,'kppua','2022-12-01 09:40:37','2022-12-01 09:40:37'),(109,118,'4x0ix','2022-12-03 18:43:27','2022-12-03 18:43:27'),(110,119,'gu8he','2022-12-05 11:12:37','2022-12-05 11:12:37'),(111,120,'4ixw6','2022-12-08 18:12:45','2022-12-08 18:12:45'),(112,121,'g25wq','2022-12-11 03:41:32','2022-12-11 03:41:32'),(113,122,'rvakk','2022-12-16 03:26:42','2022-12-16 03:26:42'),(114,123,'gpscf','2022-12-18 11:21:56','2022-12-18 11:21:56'),(115,124,'gz47s','2022-12-19 22:34:17','2022-12-19 22:34:17'),(116,125,'i3bx5','2022-12-22 05:52:17','2022-12-22 05:52:17'),(117,126,'gvisj','2023-01-10 14:01:30','2023-01-10 14:01:30'),(118,127,'0ma04','2023-01-12 04:36:15','2023-01-12 04:36:15'),(119,128,'qb6mg','2023-01-17 19:39:52','2023-01-17 19:39:52'),(120,129,'zf46d','2023-01-21 04:17:20','2023-01-21 04:17:20'),(121,130,'xikq0','2023-01-22 05:16:11','2023-01-22 05:16:11'),(122,131,'yvy0y','2023-02-07 18:22:27','2023-02-07 18:22:27'),(123,132,'vufhu','2023-02-13 11:17:07','2023-02-13 11:17:07'),(124,133,'ch55c','2023-02-13 16:40:14','2023-02-13 16:40:14'),(125,134,'uhq20','2023-02-16 02:47:01','2023-02-16 02:47:01'),(126,135,'e7y3m','2023-02-21 09:14:56','2023-02-21 09:14:56'),(127,136,'ddyft','2023-02-22 04:33:20','2023-02-22 04:33:20'),(128,137,'tnny2','2023-02-22 15:40:55','2023-02-22 15:40:55'),(129,138,'0tjnr','2023-02-22 15:43:44','2023-02-22 15:43:44'),(130,139,'ufmyv','2023-03-01 20:29:24','2023-03-01 20:29:24'),(131,140,'fhrpd','2023-03-03 18:54:22','2023-03-03 18:54:22'),(132,141,'4kvd6','2023-03-14 06:14:40','2023-03-14 06:14:40'),(133,142,'b6qwp','2023-03-22 00:25:09','2023-03-22 00:25:09'),(134,143,'fthvr','2023-04-02 02:37:30','2023-04-02 02:37:30'),(135,144,'4odcx','2023-04-05 13:51:35','2023-04-05 13:51:35'),(136,145,'cixn8','2023-04-06 14:05:23','2023-04-06 14:05:23'),(137,146,'dzeb8','2023-04-12 11:46:26','2023-04-12 11:46:26'),(138,147,'h8qj5','2023-04-17 10:18:25','2023-04-17 10:18:25'),(139,148,'izwjv','2023-04-26 04:40:57','2023-04-26 04:40:57'),(140,149,'bg7ci','2023-04-29 20:01:57','2023-04-29 20:01:57'),(141,150,'w8kp5','2023-05-19 19:55:16','2023-05-19 19:55:16'),(142,151,'7heq7','2023-05-31 09:10:08','2023-05-31 09:10:08'),(143,152,'efec0','2023-06-04 15:54:44','2023-06-04 15:54:44');

--
-- Table structure for table `publications`
--

CREATE TABLE `publications` (
  `id` bigint unsigned NOT NULL AUTO_INCREMENT,
  `image` varchar(125) CHARACTER SET utf8mb4 COLLATE utf8mb4_unicode_ci NOT NULL DEFAULT 'website/assets/media/photos/photo21@2x.jpg',
  `by` varchar(125) CHARACTER SET utf8mb4 COLLATE utf8mb4_unicode_ci DEFAULT NULL,
  `pdf` varchar(125) CHARACTER SET utf8mb4 COLLATE utf8mb4_unicode_ci DEFAULT NULL,
  `read_time` varchar(125) CHARACTER SET utf8mb4 COLLATE utf8mb4_unicode_ci DEFAULT NULL,
  `title` varchar(125) CHARACTER SET utf8mb4 COLLATE utf8mb4_unicode_ci DEFAULT NULL,
  `sub_title` varchar(125) CHARACTER SET utf8mb4 COLLATE utf8mb4_unicode_ci DEFAULT NULL,
  `body` longtext CHARACTER SET utf8mb4 COLLATE utf8mb4_unicode_ci,
  `created_at` timestamp NULL DEFAULT NULL,
  `updated_at` timestamp NULL DEFAULT NULL,
  `fixed` tinyint(1) NOT NULL DEFAULT '0',
  PRIMARY KEY (`id`)
) ENGINE=InnoDB AUTO_INCREMENT=26 DEFAULT CHARSET=utf8mb4 COLLATE=utf8mb4_unicode_ci;

--
-- Dumping data for table `publications`
--

INSERT INTO `publications` (`id`, `image`, `by`, `pdf`, `read_time`, `title`, `sub_title`, `body`, `created_at`, `updated_at`, `fixed`) VALUES (12,'img/publications/images/16594556543173.png','Admin','img/publications/pdfs/16593886234142.pdf',NULL,'ضوابط منح المكافأة المالية مقابل الخدمات الممتازة للعاملين في المدارس','مكافأة الأعمال الممتازة','<p style=\"text-align: center;\">يمكنكم الاطلاع على النشرة الموجودة أدناه</p>','2022-08-01 19:17:03','2022-08-31 09:01:34',0),(18,'img/publications/images/16615584025615.png','Admin','img/publications/pdfs/16606055994616.pdf',NULL,'الضوابط الواجب اتباعها لتحديد مراكز العمل','تحديد مراكز عمل المعلمين الجدد','<p>يمكنكم الاطلاع على النشرة المرفقة أدناه</p>','2022-08-15 21:19:59','2022-09-09 03:32:17',0),(19,'img/publications/images/16615587112428.png','Admin',NULL,NULL,'تعديل ضوابط منح المكافأة المالية للعاملين في المدارس','مكافأة الأعمال الممتازة','<p style=\"text-align: center;\">يمكنكم الاطلاع على النشرة المرفقة</p>','2022-08-27 07:05:11','2022-08-31 09:02:35',1),(20,'img/publications/images/16615593601869.png','Admin','img/publications/pdfs/16626683665166.pdf',NULL,'العودة الشاملة إلى المدارس','توقيت الحصص في اليوم الدراسي','<p style=\"text-align: center;\">يمكنكم الاطلاع على النشرة المرفقة</p>','2022-08-27 07:16:00','2022-09-09 03:23:18',1),(21,'img/publications/images/16626682089766.png','Admin','img/publications/pdfs/16626682088222.pdf',NULL,'الترشيح للتكريم في ليوم العالمي للمعلم و المدارس المتميزة','ترشيح المعلم و المدارس المتميزة','<p style=\"text-align: center;\">يرجى الاطلاع على النشرة المرفقة</p>','2022-09-09 03:16:48','2022-09-09 03:17:52',0),(22,'img/publications/images/16626686799019.png',NULL,'img/publications/pdfs/16626686799512.pdf',NULL,'قواعد منح الإجازة المرضية','المجلس الطبي','<p style=\"text-align: center;\">يرجى الاطلاع على الملف المرفق</p>','2022-09-09 03:24:39','2022-09-09 03:24:39',0),(23,'img/publications/images/16626692453213.png','Admin','img/publications/pdfs/16626692455480.pdf',NULL,'التقويم الدراسي للعام 2022/2023','التقويم الدراسي','<p style=\"text-align: center;\">يرجى الاطلاع على النشرة المرفقة</p>','2022-09-09 03:34:05','2022-09-09 03:34:05',1),(24,'img/publications/images/16639290331069.png','Admin','img/publications/pdfs/16639290339337.pdf',NULL,'عدم تكليف المعلمين و أولياء الأمور بما ليس مفروض عليهم',NULL,'<p>يرجى الاطلاع على النشرة المرفقة</p>','2022-09-23 17:30:33','2022-09-23 17:30:33',1),(25,'img/publications/images/16639292733760.png','Admin','img/publications/pdfs/16639292733048.pdf',NULL,'جائزة اليونيسكو و المؤتمر العلمي الأول لكلية الكويت للتقنية',NULL,'<p>يرجى الاطلاع على النشرة المرفقة</p>','2022-09-23 17:34:33','2022-09-23 17:34:33',1);

--
-- Table structure for table `role_has_permissions`
--

CREATE TABLE `role_has_permissions` (
  `permission_id` bigint unsigned NOT NULL,
  `role_id` bigint unsigned NOT NULL,
  PRIMARY KEY (`permission_id`,`role_id`),
  KEY `role_has_permissions_role_id_foreign` (`role_id`),
  CONSTRAINT `role_has_permissions_permission_id_foreign` FOREIGN KEY (`permission_id`) REFERENCES `permissions` (`id`) ON DELETE CASCADE,
  CONSTRAINT `role_has_permissions_role_id_foreign` FOREIGN KEY (`role_id`) REFERENCES `roles` (`id`) ON DELETE CASCADE
) ENGINE=InnoDB DEFAULT CHARSET=utf8mb4 COLLATE=utf8mb4_unicode_ci;

--
-- Dumping data for table `role_has_permissions`
--


--
-- Table structure for table `roles`
--

CREATE TABLE `roles` (
  `id` bigint unsigned NOT NULL AUTO_INCREMENT,
  `name` varchar(125) CHARACTER SET utf8mb4 COLLATE utf8mb4_unicode_ci NOT NULL,
  `guard_name` varchar(125) CHARACTER SET utf8mb4 COLLATE utf8mb4_unicode_ci NOT NULL,
  `created_at` timestamp NULL DEFAULT NULL,
  `updated_at` timestamp NULL DEFAULT NULL,
  PRIMARY KEY (`id`),
  UNIQUE KEY `roles_name_guard_name_unique` (`name`,`guard_name`)
) ENGINE=InnoDB AUTO_INCREMENT=2 DEFAULT CHARSET=utf8mb4 COLLATE=utf8mb4_unicode_ci;

--
-- Dumping data for table `roles`
--

INSERT INTO `roles` (`id`, `name`, `guard_name`, `created_at`, `updated_at`) VALUES (1,'super_admin','web','2022-06-13 04:51:12','2022-06-13 04:51:12');

--
-- Table structure for table `setting_translations`
--

CREATE TABLE `setting_translations` (
  `id` bigint unsigned NOT NULL AUTO_INCREMENT,
  `setting_id` bigint unsigned NOT NULL,
  `locale` varchar(125) CHARACTER SET utf8mb4 COLLATE utf8mb4_unicode_ci NOT NULL,
  `value` longtext CHARACTER SET utf8mb4 COLLATE utf8mb4_unicode_ci NOT NULL,
  `created_at` timestamp NULL DEFAULT NULL,
  `updated_at` timestamp NULL DEFAULT NULL,
  PRIMARY KEY (`id`),
  UNIQUE KEY `setting_translations_setting_id_locale_unique` (`setting_id`,`locale`),
  KEY `setting_translations_locale_index` (`locale`),
  CONSTRAINT `setting_translations_setting_id_foreign` FOREIGN KEY (`setting_id`) REFERENCES `settings` (`id`) ON DELETE CASCADE
) ENGINE=InnoDB AUTO_INCREMENT=29 DEFAULT CHARSET=utf8mb4 COLLATE=utf8mb4_unicode_ci;

--
-- Dumping data for table `setting_translations`
--

INSERT INTO `setting_translations` (`id`, `setting_id`, `locale`, `value`, `created_at`, `updated_at`) VALUES (1,1,'en','Education Expertise','2022-06-13 04:51:12','2022-06-21 10:54:20'),(2,1,'ar','خبرة','2022-06-13 04:51:12','2022-06-21 10:54:19'),(3,2,'en','<h1><strong>Terms and Conditions:</strong></h1>\r\n<p><strong>By agreeing th the terms and conditions you agree to the following:</strong></p>\r\n<p><strong>1- when uploading study files to the (5ibra) website, I agree to share them with the rest of the registrants on the site , and I accept that the files are downloaded, redistributed and shared by other users.</strong></p>\r\n<p><strong>2- when uploading study files to this website, I confirm that they are my creative property and were not taken from other published teachers and claimed to be my own.</strong></p>\r\n<p><strong>3- when downloading teachers\' files, I acknoledge using them for personal and not for public purposes or to publish them on other sites under my own name.</strong></p>\r\n<p><strong>As the 5ibra site administrators are not liable for any files or personal information published by registred users.</strong></p>','2022-06-13 04:51:12','2022-07-29 16:39:40'),(4,2,'ar','<h1><strong>الشروط و الأحكام</strong></h1>\r\n<p style=\"text-align: right;\">&nbsp;عند الموافقة على الشروط و الأحكام فإنكم بذلك وافقتم على مايلي:</p>\r\n<p style=\"text-align: right;\">1- عند تحميل الملفات على الموقع (خبرة ) فأنا أوافق على مشاركتها مع بقية المُسجلين في الموقع (خبرة)و يمكنهم استخدامها مع حفظ حقوق المٌلكية.</p>\r\n<p style=\"text-align: right;\">2- عند تحميل الملفات في صفحتي الشخصية فأنا أقر بأنها خاصة بي و لم يتم أخذها من معلمين آخرين&nbsp; &nbsp;</p>\r\n<p style=\"text-align: right;\">3- عند تنزيل ملفات المعلمين فأني أقر باستخدامها لأغراض شخصية و ليست عامة أو لنشرها في مواقع أخرى باسمي الشخصي&nbsp;</p>\r\n<p style=\"text-align: right;\">&nbsp; حيث أن&nbsp; إدارة الموقع (خبرة) تُخلي مسؤوليتها تجاه أي ملفات أو بيانات شخصية يتم نشرها من قبل المُسجلين في الموقع&nbsp;</p>\r\n<p>&nbsp;</p>','2022-06-13 04:51:12','2022-08-02 14:51:43'),(5,3,'en','Kuwait City','2022-06-13 07:26:06','2022-07-29 15:10:16'),(6,3,'ar','دولة الكويت','2022-06-13 07:26:06','2022-07-29 15:10:16'),(7,4,'en','55653005','2022-06-13 07:26:06','2022-07-29 15:10:16'),(8,4,'ar','55653005','2022-06-13 07:26:06','2022-07-29 15:10:16'),(9,5,'en','info@5ibra.com','2022-06-13 07:26:06','2022-07-29 15:10:16'),(10,5,'ar','info@5ibra.com','2022-06-13 07:26:06','2022-07-29 15:10:16'),(11,6,'en','0096555653005','2022-06-13 07:26:06','2022-07-29 15:10:16'),(12,6,'ar','0096555653005','2022-06-13 07:26:06','2022-07-29 15:10:16'),(13,7,'en','https://www.instagram.com/ms.falshammari/','2022-06-13 07:26:06','2022-07-29 16:21:58'),(14,7,'ar','https://www.instagram.com/ms.falshammari/','2022-06-13 07:26:06','2022-07-29 16:21:58'),(15,8,'en','http://www.google.com','2022-06-13 07:26:06','2022-06-13 07:41:32'),(16,8,'ar','http://www.google.com','2022-06-13 07:26:06','2022-06-13 07:41:32'),(17,9,'en','<h2>What is 5ibra Website?</h2>\r\n<p>Khibra is an Educational site that aims to transfer teachers\' experiences from lesson plan, paperwork and Presentations to ensure that they introduce and publish their work by highlighting and documenting their works by uploading the educational material by specialist teachers in his stage and class, in addition to publishing prominent Ministry of Education newsletters.</p>\r\n<p>Also, through 5ibra site, it is possible to display presentations that can be presented as workshops or technical meetings.&nbsp;</p>\r\n<p>The 5ibra website was created by Mrs. Fatma Hussain Matar Al-shammari, and the goal was to publish her presntaions for teachers to tranfer interest, while taking care to preserve the intellectual and property rights of these files for her and every one want to help athers with the same idea.&nbsp;</p>\r\n<pre id=\"tw-target-text\" class=\"tw-data-text tw-text-large tw-ta\" dir=\"ltr\" data-placeholder=\"Translation\"></pre>','2022-06-13 07:50:10','2022-07-29 16:21:58'),(18,9,'ar','<h1>ماهو موقع خبرة ؟</h1>\r\n<p style=\"text-align: right;\">خبرة هو موقع تعليمي يهدف إلى نقل خبرات المعلمين من الإعداد الكتابي و أوراق العمل و العروض التقديمية&nbsp; بحيث يضمن لهم التعريف بأعمالهم و نشرها من خلال إبراز أنشطتهم و توثيقها من خلال تحميل معلم الاختصاص لملفات المادة التعليمية في المرحلة و الصف الخاص به ، بالإضافة إلى نشر أبرز النشرات الإخبارية الخاصة بوزارة التربية . كذلك يمكن من خلال موقع خبرة عرض أبرز العروض التقديمية التي يمكن تقديمها كورش عمل أو اجتماعات فنية&nbsp;</p>\r\n<p style=\"text-align: right;\">تم إنشاء موقع خبرة من خلال أ.فاطمة حسين مطر الشمري و كان الهدف منه هو نشر العروض التقديمية الخاصة بها للمعلمين لنقل الفائدة مع الحرص على حفظ الحقوق الفكرية و الملكية لهذه الملفات .&nbsp;</p>','2022-06-13 07:50:10','2022-08-02 14:51:43'),(19,10,'en','Welcome to the 5ibra website','2022-06-13 07:50:10','2022-07-29 16:21:58'),(20,10,'ar','مرحبا بكم فى موقع خبرة التعليمي','2022-06-13 07:50:10','2022-07-29 16:21:58'),(21,11,'en','Publish your files and document your work','2022-06-13 07:50:10','2022-07-29 16:21:58'),(22,11,'ar','انشر ملفاتك و وثق عملك','2022-06-13 07:50:10','2022-07-29 16:21:58'),(23,12,'en','img/settings/16591189189552.png','2022-06-13 07:50:10','2022-07-29 16:21:58'),(24,12,'ar','img/settings/16591189181174.png','2022-06-13 07:50:10','2022-07-29 16:21:58'),(25,13,'en','img/settings/16642193134943.png','2022-09-27 02:06:17','2022-09-27 02:08:33'),(26,13,'ar','img/settings/16642193134715.png','2022-09-27 02:06:17','2022-09-27 02:08:33'),(27,14,'en','https://5ibra.com','2022-09-27 02:12:39','2022-09-27 02:12:39'),(28,14,'ar','https://5ibra.com','2022-09-27 02:12:39','2022-09-27 02:12:39');

--
-- Table structure for table `slider_translations`
--

CREATE TABLE `slider_translations` (
  `id` bigint unsigned NOT NULL AUTO_INCREMENT,
  `slider_id` bigint unsigned NOT NULL,
  `locale` varchar(125) CHARACTER SET utf8mb4 COLLATE utf8mb4_unicode_ci NOT NULL,
  `title` varchar(125) CHARACTER SET utf8mb4 COLLATE utf8mb4_unicode_ci DEFAULT NULL,
  `sub_title` varchar(125) CHARACTER SET utf8mb4 COLLATE utf8mb4_unicode_ci DEFAULT NULL,
  `created_at` timestamp NULL DEFAULT NULL,
  `updated_at` timestamp NULL DEFAULT NULL,
  PRIMARY KEY (`id`),
  UNIQUE KEY `slider_translations_slider_id_locale_unique` (`slider_id`,`locale`),
  KEY `slider_translations_locale_index` (`locale`),
  CONSTRAINT `slider_translations_slider_id_foreign` FOREIGN KEY (`slider_id`) REFERENCES `sliders` (`id`) ON DELETE CASCADE
) ENGINE=InnoDB AUTO_INCREMENT=47 DEFAULT CHARSET=utf8mb4 COLLATE=utf8mb4_unicode_ci;

--
-- Dumping data for table `slider_translations`
--

INSERT INTO `slider_translations` (`id`, `slider_id`, `locale`, `title`, `sub_title`, `created_at`, `updated_at`) VALUES (25,15,'en',NULL,NULL,'2022-07-24 22:46:09','2022-07-24 22:46:09'),(26,15,'ar',NULL,NULL,'2022-07-24 22:46:09','2022-07-24 22:46:09'),(27,16,'en',NULL,NULL,'2022-07-24 22:48:00','2022-07-24 22:48:00'),(28,16,'ar',NULL,NULL,'2022-07-24 22:48:00','2022-07-24 22:48:00'),(33,19,'en',NULL,NULL,'2022-07-24 22:54:59','2022-07-24 22:54:59'),(34,19,'ar',NULL,NULL,'2022-07-24 22:54:59','2022-07-24 22:54:59'),(37,21,'en',NULL,NULL,'2022-07-29 14:41:14','2022-07-29 14:41:14'),(38,21,'ar',NULL,NULL,'2022-07-29 14:41:14','2022-07-29 14:41:14'),(43,24,'en','Almu2alif for books',NULL,'2022-08-02 15:27:06','2022-08-02 15:27:06'),(44,24,'ar','دار المؤلف للنشر و التوزيع',NULL,'2022-08-02 15:27:06','2022-08-02 15:27:06'),(45,25,'en',NULL,NULL,'2022-08-02 15:31:00','2022-08-02 15:31:00'),(46,25,'ar',NULL,NULL,'2022-08-02 15:31:00','2022-08-02 15:31:00');

--
-- Table structure for table `sliders`
--

CREATE TABLE `sliders` (
  `id` bigint unsigned NOT NULL AUTO_INCREMENT,
  `image` varchar(125) CHARACTER SET utf8mb4 COLLATE utf8mb4_unicode_ci NOT NULL,
  `created_at` timestamp NULL DEFAULT NULL,
  `updated_at` timestamp NULL DEFAULT NULL,
  PRIMARY KEY (`id`)
) ENGINE=InnoDB AUTO_INCREMENT=26 DEFAULT CHARSET=utf8mb4 COLLATE=utf8mb4_unicode_ci;

--
-- Dumping data for table `sliders`
--

INSERT INTO `sliders` (`id`, `image`, `created_at`, `updated_at`) VALUES (15,'img/sliders/16587099693605.png','2022-07-24 22:46:09','2022-07-24 22:46:09'),(16,'img/sliders/16587100805183.png','2022-07-24 22:48:00','2022-07-24 22:48:00'),(19,'img/sliders/16587104995384.png','2022-07-24 22:54:59','2022-07-24 22:54:59'),(21,'img/sliders/16591128745985.png','2022-07-29 14:41:14','2022-07-29 14:41:14'),(24,'img/sliders/16594612261622.png','2022-08-02 15:27:06','2022-08-02 15:27:06'),(25,'img/sliders/16594614606042.png','2022-08-02 15:31:00','2022-08-02 15:31:00');

--
-- Table structure for table `stage_class_translations`
--

CREATE TABLE `stage_class_translations` (
  `id` bigint unsigned NOT NULL AUTO_INCREMENT,
  `stage_class_id` bigint unsigned NOT NULL,
  `locale` varchar(125) CHARACTER SET utf8mb4 COLLATE utf8mb4_unicode_ci NOT NULL,
  `name` varchar(125) CHARACTER SET utf8mb4 COLLATE utf8mb4_unicode_ci NOT NULL,
  `created_at` timestamp NULL DEFAULT NULL,
  `updated_at` timestamp NULL DEFAULT NULL,
  PRIMARY KEY (`id`),
  UNIQUE KEY `stage_class_translations_stage_class_id_locale_unique` (`stage_class_id`,`locale`),
  KEY `stage_class_translations_locale_index` (`locale`),
  CONSTRAINT `stage_class_translations_stage_class_id_foreign` FOREIGN KEY (`stage_class_id`) REFERENCES `stage_classes` (`id`) ON DELETE CASCADE
) ENGINE=InnoDB AUTO_INCREMENT=25 DEFAULT CHARSET=utf8mb4 COLLATE=utf8mb4_unicode_ci;

--
-- Dumping data for table `stage_class_translations`
--

INSERT INTO `stage_class_translations` (`id`, `stage_class_id`, `locale`, `name`, `created_at`, `updated_at`) VALUES (1,1,'en','Grade One','2022-06-13 06:44:44','2022-06-21 13:03:14'),(2,1,'ar','الصف الاول','2022-06-13 06:44:44','2022-06-13 06:44:44'),(3,2,'en','Grade Two','2022-06-13 06:45:13','2022-06-21 13:03:47'),(4,2,'ar','الصف الثانى','2022-06-13 06:45:13','2022-06-13 06:45:13'),(5,3,'en','Grade Three','2022-06-13 06:45:39','2022-06-21 13:04:15'),(6,3,'ar','الصف الثالث','2022-06-13 06:45:39','2022-06-13 06:45:39'),(7,4,'en','Grade Four','2022-06-13 06:46:06','2022-06-21 13:04:41'),(8,4,'ar','الصف الرابع','2022-06-13 06:46:06','2022-06-13 06:46:06'),(9,5,'en','Grade Five','2022-06-13 06:46:38','2022-06-21 13:05:16'),(10,5,'ar','الصف الخامس','2022-06-13 06:46:38','2022-06-13 06:46:38'),(11,6,'en','Grade Six','2022-06-13 06:47:25','2022-06-21 13:05:37'),(12,6,'ar','الصف السادس','2022-06-13 06:47:25','2022-06-13 06:47:25'),(13,7,'en','Grade Seven','2022-06-13 06:47:55','2022-06-21 13:06:07'),(14,7,'ar','الصف السابع','2022-06-13 06:47:55','2022-06-13 06:47:55'),(15,8,'en','Grade Eight','2022-06-13 06:48:14','2022-06-21 13:06:55'),(16,8,'ar','الصف الثامن','2022-06-13 06:48:14','2022-06-13 06:48:14'),(17,9,'en','Grade Nine','2022-06-13 06:48:38','2022-06-21 13:07:34'),(18,9,'ar','الصف التاسع','2022-06-13 06:48:38','2022-06-13 06:48:38'),(19,10,'en','Grade Ten','2022-06-13 06:49:13','2022-06-21 13:08:05'),(20,10,'ar','الصف العاشر','2022-06-13 06:49:13','2022-06-13 06:50:01'),(21,11,'en','Grade Eleven','2022-06-13 06:50:40','2022-06-21 13:08:36'),(22,11,'ar','الصف الحادي عشر','2022-06-13 06:50:41','2022-06-13 06:50:41'),(23,12,'en','Grade Twelve','2022-06-13 06:51:04','2022-06-21 13:08:57'),(24,12,'ar','الصف الثاني عشر','2022-06-13 06:51:04','2022-06-13 06:51:04');

--
-- Table structure for table `stage_classes`
--

CREATE TABLE `stage_classes` (
  `id` bigint unsigned NOT NULL AUTO_INCREMENT,
  `stage_id` bigint unsigned NOT NULL,
  `image` varchar(125) CHARACTER SET utf8mb4 COLLATE utf8mb4_unicode_ci NOT NULL DEFAULT 'website/assets/media/photos/Secondary-Schools.jpg',
  `created_at` timestamp NULL DEFAULT NULL,
  `updated_at` timestamp NULL DEFAULT NULL,
  PRIMARY KEY (`id`),
  KEY `stage_classes_stage_id_foreign` (`stage_id`),
  CONSTRAINT `stage_classes_stage_id_foreign` FOREIGN KEY (`stage_id`) REFERENCES `stages` (`id`) ON DELETE CASCADE
) ENGINE=InnoDB AUTO_INCREMENT=13 DEFAULT CHARSET=utf8mb4 COLLATE=utf8mb4_unicode_ci;

--
-- Dumping data for table `stage_classes`
--

INSERT INTO `stage_classes` (`id`, `stage_id`, `image`, `created_at`, `updated_at`) VALUES (1,1,'img/stages/images/16586294519728.PNG','2022-06-13 06:44:44','2022-07-24 00:24:11'),(2,1,'img/stages/images/16586300477945.PNG','2022-06-13 06:45:13','2022-07-24 00:34:07'),(3,1,'img/stages/images/16586300719647.PNG','2022-06-13 06:45:39','2022-07-24 00:34:31'),(4,1,'img/stages/images/16586301035166.PNG','2022-06-13 06:46:06','2022-07-24 00:35:03'),(5,1,'img/stages/images/16586301244549.PNG','2022-06-13 06:46:38','2022-07-24 00:35:24'),(6,2,'img/stages/images/16586301591214.PNG','2022-06-13 06:47:25','2022-07-24 00:35:59'),(7,2,'img/stages/images/16586302128621.PNG','2022-06-13 06:47:55','2022-07-24 00:36:52'),(8,2,'img/stages/images/16586302357770.PNG','2022-06-13 06:48:14','2022-07-24 00:37:15'),(9,2,'img/stages/images/16586302549261.PNG','2022-06-13 06:48:38','2022-07-24 00:37:34'),(10,3,'img/stages/images/16586303084772.PNG','2022-06-13 06:49:13','2022-07-24 00:38:28'),(11,3,'img/stages/images/16586303419408.PNG','2022-06-13 06:50:40','2022-07-24 00:39:01'),(12,3,'img/stages/images/16586303917234.PNG','2022-06-13 06:51:04','2022-07-24 00:39:51');

--
-- Table structure for table `stage_translations`
--

CREATE TABLE `stage_translations` (
  `id` bigint unsigned NOT NULL AUTO_INCREMENT,
  `stage_id` bigint unsigned NOT NULL,
  `locale` varchar(125) CHARACTER SET utf8mb4 COLLATE utf8mb4_unicode_ci NOT NULL,
  `name` varchar(125) CHARACTER SET utf8mb4 COLLATE utf8mb4_unicode_ci NOT NULL,
  `created_at` timestamp NULL DEFAULT NULL,
  `updated_at` timestamp NULL DEFAULT NULL,
  PRIMARY KEY (`id`),
  UNIQUE KEY `stage_translations_stage_id_locale_unique` (`stage_id`,`locale`),
  KEY `stage_translations_locale_index` (`locale`),
  CONSTRAINT `stage_translations_stage_id_foreign` FOREIGN KEY (`stage_id`) REFERENCES `stages` (`id`) ON DELETE CASCADE
) ENGINE=InnoDB AUTO_INCREMENT=7 DEFAULT CHARSET=utf8mb4 COLLATE=utf8mb4_unicode_ci;

--
-- Dumping data for table `stage_translations`
--

INSERT INTO `stage_translations` (`id`, `stage_id`, `locale`, `name`, `created_at`, `updated_at`) VALUES (1,1,'en','primary school','2022-06-13 06:40:34','2022-06-13 06:40:34'),(2,1,'ar','المرحلة الإبتدائية','2022-06-13 06:40:34','2022-07-04 13:48:16'),(3,2,'en','Middle School','2022-06-13 06:41:23','2022-06-13 06:41:23'),(4,2,'ar','المرحلة المتوسطة','2022-06-13 06:41:23','2022-06-13 06:41:23'),(5,3,'en','High School','2022-06-13 06:41:48','2022-06-13 06:41:48'),(6,3,'ar','المرحلة الثانوية','2022-06-13 06:41:48','2022-06-13 06:41:48');

--
-- Table structure for table `stages`
--

CREATE TABLE `stages` (
  `id` bigint unsigned NOT NULL AUTO_INCREMENT,
  `image` varchar(125) CHARACTER SET utf8mb4 COLLATE utf8mb4_unicode_ci NOT NULL DEFAULT 'website/assets/media/photos/Secondary-Schools.jpg',
  `created_at` timestamp NULL DEFAULT NULL,
  `updated_at` timestamp NULL DEFAULT NULL,
  PRIMARY KEY (`id`)
) ENGINE=InnoDB AUTO_INCREMENT=4 DEFAULT CHARSET=utf8mb4 COLLATE=utf8mb4_unicode_ci;

--
-- Dumping data for table `stages`
--

INSERT INTO `stages` (`id`, `image`, `created_at`, `updated_at`) VALUES (1,'img/stages/images/16591108452319.jpg','2022-06-13 06:40:34','2022-07-29 14:07:25'),(2,'img/stages/images/16591108627371.jpg','2022-06-13 06:41:23','2022-07-29 14:07:42'),(3,'img/stages/images/16591108764068.jpg','2022-06-13 06:41:48','2022-07-29 14:07:56');

--
-- Table structure for table `subject_data`
--

CREATE TABLE `subject_data` (
  `id` bigint unsigned NOT NULL AUTO_INCREMENT,
  `subject_id` bigint unsigned NOT NULL,
  `type` varchar(125) CHARACTER SET utf8mb4 COLLATE utf8mb4_unicode_ci NOT NULL,
  `name` varchar(125) CHARACTER SET utf8mb4 COLLATE utf8mb4_unicode_ci NOT NULL,
  `size` varchar(125) CHARACTER SET utf8mb4 COLLATE utf8mb4_unicode_ci NOT NULL,
  `ext` varchar(125) CHARACTER SET utf8mb4 COLLATE utf8mb4_unicode_ci NOT NULL,
  `link` text CHARACTER SET utf8mb4 COLLATE utf8mb4_unicode_ci NOT NULL,
  `link_type` varchar(125) CHARACTER SET utf8mb4 COLLATE utf8mb4_unicode_ci NOT NULL,
  `user_id` bigint unsigned NOT NULL,
  `created_at` timestamp NULL DEFAULT NULL,
  `updated_at` timestamp NULL DEFAULT NULL,
  `status` tinyint(1) NOT NULL DEFAULT '0',
  `fixed` tinyint(1) DEFAULT '0',
  PRIMARY KEY (`id`),
  KEY `subject_data_subject_id_foreign` (`subject_id`),
  KEY `subject_data_user_id_foreign` (`user_id`),
  CONSTRAINT `subject_data_subject_id_foreign` FOREIGN KEY (`subject_id`) REFERENCES `subjects` (`id`) ON DELETE CASCADE,
  CONSTRAINT `subject_data_user_id_foreign` FOREIGN KEY (`user_id`) REFERENCES `users` (`id`) ON DELETE CASCADE
) ENGINE=InnoDB AUTO_INCREMENT=55 DEFAULT CHARSET=utf8mb4 COLLATE=utf8mb4_unicode_ci;

--
-- Dumping data for table `subject_data`
--

INSERT INTO `subject_data` (`id`, `subject_id`, `type`, `name`, `size`, `ext`, `link`, `link_type`, `user_id`, `created_at`, `updated_at`, `status`, `fixed`) VALUES (35,128,'presentation','الدرس الأول','8,560.24','ppsx','img/subjects_media/16595209075851.ppsx','file',5,'2022-08-03 08:01:47','2022-08-03 08:10:04',1,1),(48,144,'presentation','01 ما الفلسفة','3,610.82','ppsm','img/subjects_media/16597427758116.ppsm','file',5,'2022-08-05 21:39:35','2022-08-05 21:40:00',1,1),(49,114,'file','ورقة عمل لدرس المناخ','104.89','pdf','img/subjects_media/16599599372289.pdf','file',5,'2022-08-08 09:58:57','2022-08-08 10:01:17',1,1),(50,114,'file','تمرين تقاطع الكلمات لدرس الجزر','125.29','pdf','img/subjects_media/16599600162147.pdf','file',5,'2022-08-08 10:00:16','2022-08-08 10:01:18',1,1),(51,114,'file','لعبة تعريف مفاهيم درس صناعة السفن','79.68','pdf','img/subjects_media/16599600583101.pdf','file',5,'2022-08-08 10:00:58','2022-08-08 10:01:19',1,1),(52,128,'file','لعبة تقاطع الكلمات التعريف بعلم النفس','119.96','pdf','img/subjects_media/16599605881152.pdf','file',5,'2022-08-08 10:09:48','2022-08-08 10:10:08',1,1),(53,128,'media','ابن خلدون','','','https://www.youtube.com/embed/yJKZhYvli8Q','link',5,'2022-08-08 10:14:27','2022-08-08 10:14:42',1,0),(54,144,'file','مذكرة الفلسفة للفصل الدراسي الأول','1,630.66','pdf','img/subjects_media/16710874095554.pdf','file',5,'2022-12-15 14:56:49','2022-12-15 14:56:49',0,0);

--
-- Table structure for table `subject_data_reactions`
--

CREATE TABLE `subject_data_reactions` (
  `id` bigint unsigned NOT NULL AUTO_INCREMENT,
  `subject_data_id` bigint unsigned NOT NULL,
  `type` varchar(125) CHARACTER SET utf8mb4 COLLATE utf8mb4_unicode_ci NOT NULL,
  `user_id` bigint unsigned NOT NULL,
  `created_at` timestamp NULL DEFAULT NULL,
  `updated_at` timestamp NULL DEFAULT NULL,
  PRIMARY KEY (`id`),
  KEY `subject_data_reactions_subject_data_id_foreign` (`subject_data_id`),
  CONSTRAINT `subject_data_reactions_subject_data_id_foreign` FOREIGN KEY (`subject_data_id`) REFERENCES `subject_data` (`id`) ON DELETE CASCADE
) ENGINE=InnoDB AUTO_INCREMENT=329 DEFAULT CHARSET=utf8mb4 COLLATE=utf8mb4_unicode_ci;

--
-- Dumping data for table `subject_data_reactions`
--

INSERT INTO `subject_data_reactions` (`id`, `subject_data_id`, `type`, `user_id`, `created_at`, `updated_at`) VALUES (240,35,'view',5,'2022-08-03 08:14:33','2022-08-03 08:14:33'),(241,35,'like',5,'2022-08-03 08:35:28','2022-08-03 08:35:28'),(242,35,'like',5,'2022-08-03 08:35:32','2022-08-03 08:35:32'),(243,35,'like',5,'2022-08-03 08:35:33','2022-08-03 08:35:33'),(244,35,'like',5,'2022-08-03 08:35:55','2022-08-03 08:35:55'),(245,35,'like',5,'2022-08-03 08:36:01','2022-08-03 08:36:01'),(246,35,'like',5,'2022-08-03 20:54:43','2022-08-03 20:54:43'),(247,35,'like',5,'2022-08-03 20:54:44','2022-08-03 20:54:44'),(248,35,'like',5,'2022-08-03 20:54:44','2022-08-03 20:54:44'),(249,35,'like',5,'2022-08-03 20:54:44','2022-08-03 20:54:44'),(250,35,'like',5,'2022-08-03 20:54:45','2022-08-03 20:54:45'),(251,35,'like',5,'2022-08-03 20:54:45','2022-08-03 20:54:45'),(252,35,'like',5,'2022-08-03 20:54:46','2022-08-03 20:54:46'),(253,35,'view',5,'2022-08-03 22:50:16','2022-08-03 22:50:16'),(254,35,'like',5,'2022-08-06 14:05:49','2022-08-06 14:05:49'),(255,35,'like',5,'2022-08-06 14:05:51','2022-08-06 14:05:51'),(256,35,'like',5,'2022-08-06 20:08:23','2022-08-06 20:08:23'),(257,35,'like',5,'2022-08-06 20:08:24','2022-08-06 20:08:24'),(258,35,'like',5,'2022-08-06 20:08:26','2022-08-06 20:08:26'),(259,35,'like',5,'2022-08-06 20:08:27','2022-08-06 20:08:27'),(260,35,'like',5,'2022-08-06 20:08:27','2022-08-06 20:08:27'),(261,35,'like',5,'2022-08-06 20:08:29','2022-08-06 20:08:29'),(262,35,'like',5,'2022-08-06 20:08:30','2022-08-06 20:08:30'),(263,48,'like',5,'2022-08-06 20:08:34','2022-08-06 20:08:34'),(264,48,'like',5,'2022-08-06 20:08:35','2022-08-06 20:08:35'),(265,35,'like',5,'2022-08-06 21:37:30','2022-08-06 21:37:30'),(266,35,'like',5,'2022-08-06 21:37:31','2022-08-06 21:37:31'),(267,35,'view',45,'2022-08-08 02:09:00','2022-08-08 02:09:00'),(268,35,'like',45,'2022-08-08 02:09:11','2022-08-08 02:09:11'),(269,48,'view',5,'2022-08-08 10:11:46','2022-08-08 10:11:46'),(270,48,'like',5,'2022-08-08 10:11:55','2022-08-08 10:11:55'),(271,48,'like',5,'2022-08-08 10:11:57','2022-08-08 10:11:57'),(272,49,'view',36,'2022-08-08 15:27:57','2022-08-08 15:27:57'),(273,49,'view',36,'2022-08-08 15:27:58','2022-08-08 15:27:58'),(274,49,'view',36,'2022-08-08 15:28:08','2022-08-08 15:28:08'),(275,49,'like',36,'2022-08-08 15:28:26','2022-08-08 15:28:26'),(276,49,'like',36,'2022-08-08 15:28:28','2022-08-08 15:28:28'),(277,49,'like',36,'2022-08-08 15:28:32','2022-08-08 15:28:32'),(278,49,'like',36,'2022-08-08 15:28:34','2022-08-08 15:28:34'),(279,49,'like',36,'2022-08-08 15:28:35','2022-08-08 15:28:35'),(280,50,'like',36,'2022-08-08 15:28:40','2022-08-08 15:28:40'),(281,50,'like',36,'2022-08-08 15:28:43','2022-08-08 15:28:43'),(282,50,'like',36,'2022-08-08 15:28:44','2022-08-08 15:28:44'),(283,50,'like',36,'2022-08-08 15:28:45','2022-08-08 15:28:45'),(284,50,'like',36,'2022-08-08 15:28:46','2022-08-08 15:28:46'),(285,51,'like',36,'2022-08-08 15:28:48','2022-08-08 15:28:48'),(286,51,'like',36,'2022-08-08 15:28:49','2022-08-08 15:28:49'),(287,49,'like',36,'2022-08-08 15:29:02','2022-08-08 15:29:02'),(288,48,'like',36,'2022-08-08 15:29:45','2022-08-08 15:29:45'),(289,48,'like',36,'2022-08-08 15:29:47','2022-08-08 15:29:47'),(290,48,'like',36,'2022-08-08 15:29:48','2022-08-08 15:29:48'),(291,48,'like',36,'2022-08-08 15:29:53','2022-08-08 15:29:53'),(292,48,'view',36,'2022-08-08 15:29:56','2022-08-08 15:29:56'),(293,48,'like',36,'2022-08-08 15:30:07','2022-08-08 15:30:07'),(294,48,'like',36,'2022-08-08 15:30:08','2022-08-08 15:30:08'),(295,48,'like',36,'2022-08-08 15:30:09','2022-08-08 15:30:09'),(296,48,'like',36,'2022-08-08 15:30:09','2022-08-08 15:30:09'),(297,49,'like',5,'2022-08-08 15:30:16','2022-08-08 15:30:16'),(298,49,'like',5,'2022-08-08 15:30:24','2022-08-08 15:30:24'),(299,48,'like',36,'2022-08-08 15:30:34','2022-08-08 15:30:34'),(300,48,'view',36,'2022-08-08 15:30:49','2022-08-08 15:30:49'),(301,49,'like',5,'2022-08-08 15:32:14','2022-08-08 15:32:14'),(302,49,'like',5,'2022-08-08 15:32:16','2022-08-08 15:32:16'),(303,49,'like',5,'2022-08-08 15:32:17','2022-08-08 15:32:17'),(304,49,'like',5,'2022-08-08 15:32:18','2022-08-08 15:32:18'),(305,49,'like',5,'2022-08-08 15:32:19','2022-08-08 15:32:19'),(306,49,'like',5,'2022-08-08 15:32:20','2022-08-08 15:32:20'),(307,49,'like',5,'2022-08-08 15:32:20','2022-08-08 15:32:20'),(308,49,'like',5,'2022-08-08 15:32:21','2022-08-08 15:32:21'),(309,49,'like',5,'2022-08-08 15:32:31','2022-08-08 15:32:31'),(313,51,'like',5,'2022-08-10 16:46:30','2022-08-10 16:46:30'),(314,50,'like',5,'2022-08-10 16:46:50','2022-08-10 16:46:50'),(315,35,'view',54,'2022-08-13 02:17:40','2022-08-13 02:17:40'),(316,50,'view',0,'2022-08-21 15:50:39','2022-08-21 15:50:39'),(317,50,'view',0,'2022-08-21 15:50:39','2022-08-21 15:50:39'),(318,52,'view',0,'2022-08-21 19:30:04','2022-08-21 19:30:04'),(319,52,'view',0,'2022-08-21 19:30:05','2022-08-21 19:30:05'),(320,35,'view',0,'2022-08-21 20:00:56','2022-08-21 20:00:56'),(321,35,'view',0,'2022-08-22 12:56:36','2022-08-22 12:56:36'),(322,35,'like',36,'2022-08-23 01:45:31','2022-08-23 01:45:31'),(323,52,'like',36,'2022-08-23 01:45:44','2022-08-23 01:45:44'),(324,52,'view',136,'2023-02-22 04:36:57','2023-02-22 04:36:57'),(325,35,'view',136,'2023-02-22 04:48:02','2023-02-22 04:48:02'),(326,50,'view',136,'2023-02-22 13:05:45','2023-02-22 13:05:45'),(327,49,'view',136,'2023-02-22 13:06:26','2023-02-22 13:06:26'),(328,49,'view',136,'2023-02-22 15:42:01','2023-02-22 15:42:01');

--
-- Table structure for table `subject_translations`
--

CREATE TABLE `subject_translations` (
  `id` bigint unsigned NOT NULL AUTO_INCREMENT,
  `subject_id` bigint unsigned NOT NULL,
  `locale` varchar(125) CHARACTER SET utf8mb4 COLLATE utf8mb4_unicode_ci NOT NULL,
  `name` varchar(125) CHARACTER SET utf8mb4 COLLATE utf8mb4_unicode_ci NOT NULL,
  `created_at` timestamp NULL DEFAULT NULL,
  `updated_at` timestamp NULL DEFAULT NULL,
  PRIMARY KEY (`id`),
  UNIQUE KEY `subject_translations_subject_id_locale_unique` (`subject_id`,`locale`),
  KEY `subject_translations_locale_index` (`locale`),
  CONSTRAINT `subject_translations_subject_id_foreign` FOREIGN KEY (`subject_id`) REFERENCES `subjects` (`id`) ON DELETE CASCADE
) ENGINE=InnoDB AUTO_INCREMENT=293 DEFAULT CHARSET=utf8mb4 COLLATE=utf8mb4_unicode_ci;

--
-- Dumping data for table `subject_translations`
--

INSERT INTO `subject_translations` (`id`, `subject_id`, `locale`, `name`, `created_at`, `updated_at`) VALUES (1,1,'en','Arabic','2022-06-13 06:55:15','2022-06-18 20:38:39'),(2,1,'ar','اللغة العربية','2022-06-13 06:55:15','2022-06-13 06:55:15'),(3,2,'en','English','2022-06-13 06:55:44','2022-06-18 20:38:57'),(4,2,'ar','اللغة الانجليزية','2022-06-13 06:55:44','2022-06-13 06:55:44'),(5,3,'en','Science','2022-06-13 06:56:02','2022-06-18 20:39:24'),(6,3,'ar','العلوم','2022-06-13 06:56:02','2022-06-13 06:56:02'),(7,4,'en','Math','2022-06-13 06:56:19','2022-06-18 20:39:39'),(8,4,'ar','الرياضيات','2022-06-13 06:56:19','2022-06-13 06:56:19'),(97,49,'en','Islamic','2022-06-18 20:37:04','2022-06-18 20:37:04'),(98,49,'ar','التربية الإسلامية','2022-06-18 20:37:04','2022-06-18 20:37:04'),(99,50,'en','Arabic','2022-06-18 20:40:52','2022-06-18 20:40:52'),(100,50,'ar','اللغة العربية','2022-06-18 20:40:52','2022-06-18 20:40:52'),(101,51,'en','English','2022-06-18 20:41:14','2022-06-18 20:41:14'),(102,51,'ar','اللغة الانجليزية','2022-06-18 20:41:14','2022-06-20 13:34:42'),(103,52,'en','Islamic','2022-06-18 20:42:07','2022-06-18 20:42:07'),(104,52,'ar','التربية الإسلامية','2022-06-18 20:42:07','2022-06-18 20:42:07'),(105,53,'en','Science','2022-06-18 20:42:37','2022-06-18 20:42:37'),(106,53,'ar','العلوم','2022-06-18 20:42:37','2022-06-18 20:42:37'),(107,54,'en','Math','2022-06-18 20:42:54','2022-06-18 20:42:54'),(108,54,'ar','الرياضيات','2022-06-18 20:42:54','2022-06-18 20:42:54'),(109,55,'en','Arabic','2022-06-18 20:43:51','2022-06-18 20:43:51'),(110,55,'ar','اللغة العربية','2022-06-18 20:43:51','2022-06-18 20:43:51'),(111,56,'en','English','2022-06-18 20:44:06','2022-06-18 20:44:06'),(112,56,'ar','اللغة الانجليزية','2022-06-18 20:44:06','2022-06-20 13:35:11'),(113,57,'en','Islamic','2022-06-18 20:44:24','2022-06-18 20:44:24'),(114,57,'ar','التربية الإسلامية','2022-06-18 20:44:24','2022-06-18 20:44:24'),(115,58,'en','Science','2022-06-18 20:44:42','2022-06-18 20:44:42'),(116,58,'ar','العلوم','2022-06-18 20:44:42','2022-06-18 20:44:42'),(117,59,'en','Math','2022-06-18 20:45:05','2022-06-18 20:45:05'),(118,59,'ar','الرياضيات','2022-06-18 20:45:05','2022-06-18 20:45:05'),(121,61,'en','Arabic','2022-06-18 20:47:11','2022-06-18 20:47:11'),(122,61,'ar','اللغة العربية','2022-06-18 20:47:11','2022-06-18 20:47:11'),(123,62,'en','English','2022-06-18 20:47:29','2022-06-18 20:47:29'),(124,62,'ar','اللغة الانجليزية','2022-06-18 20:47:29','2022-06-20 13:35:44'),(125,63,'en','Islamic','2022-06-18 20:47:47','2022-06-18 20:47:47'),(126,63,'ar','التربية الإسلامية','2022-06-18 20:47:47','2022-06-18 20:47:47'),(127,64,'en','Science','2022-06-18 20:48:07','2022-06-18 20:48:07'),(128,64,'ar','العلوم','2022-06-18 20:48:07','2022-06-18 20:48:07'),(129,65,'en','Math','2022-06-18 20:48:24','2022-06-18 20:48:24'),(130,65,'ar','الرياضيات','2022-06-18 20:48:24','2022-06-18 20:48:24'),(131,66,'en','social study','2022-06-18 20:49:00','2022-06-18 20:49:00'),(132,66,'ar','اجتماعيات','2022-06-18 20:49:00','2022-06-18 20:49:00'),(133,67,'en','Computer','2022-06-18 20:49:48','2022-06-18 20:49:48'),(134,67,'ar','حاسوب','2022-06-18 20:49:48','2022-06-18 20:49:48'),(135,68,'en','Arabic','2022-06-18 20:50:20','2022-06-18 20:50:20'),(136,68,'ar','اللغة العربية','2022-06-18 20:50:20','2022-06-18 20:50:20'),(137,69,'en','English','2022-06-18 20:50:37','2022-06-18 20:50:37'),(138,69,'ar','اللغة الانجليزية','2022-06-18 20:50:37','2022-06-20 13:36:10'),(139,70,'en','Islamic','2022-06-18 20:50:55','2022-06-18 20:50:55'),(140,70,'ar','التربية الإسلامية','2022-06-18 20:50:55','2022-06-18 20:50:55'),(141,71,'en','Science','2022-06-18 20:51:14','2022-06-18 20:51:14'),(142,71,'ar','العلوم','2022-06-18 20:51:14','2022-06-18 20:51:14'),(143,72,'en','Math','2022-06-18 20:51:38','2022-06-18 20:51:38'),(144,72,'ar','الرياضيات','2022-06-18 20:51:38','2022-06-18 20:51:38'),(145,73,'en','social study','2022-06-18 20:51:56','2022-06-18 20:51:56'),(146,73,'ar','اجتماعيات','2022-06-18 20:51:56','2022-06-18 20:51:56'),(147,74,'en','Computer','2022-06-18 20:52:34','2022-06-18 20:52:34'),(148,74,'ar','حاسوب','2022-06-18 20:52:34','2022-06-18 20:52:34'),(149,75,'en','Arabic','2022-06-20 13:29:19','2022-06-20 13:29:19'),(150,75,'ar','اللغة العربية','2022-06-20 13:29:19','2022-06-20 13:29:19'),(151,76,'en','English','2022-06-20 13:29:38','2022-06-20 13:29:38'),(152,76,'ar','اللغة الانجليزية','2022-06-20 13:29:38','2022-06-20 13:36:40'),(153,77,'en','Islamic','2022-06-20 13:29:55','2022-06-20 13:29:55'),(154,77,'ar','التربية الإسلامية','2022-06-20 13:29:55','2022-06-20 13:29:55'),(155,78,'en','Science','2022-06-20 13:30:13','2022-06-20 13:30:13'),(156,78,'ar','العلوم','2022-06-20 13:30:13','2022-06-20 13:30:13'),(157,79,'en','Math','2022-06-20 13:30:30','2022-06-20 13:30:30'),(158,79,'ar','الرياضيات','2022-06-20 13:30:30','2022-06-20 13:30:30'),(159,80,'en','social study','2022-06-20 13:30:47','2022-06-20 13:30:47'),(160,80,'ar','اجتماعيات','2022-06-20 13:30:47','2022-06-20 13:30:47'),(161,81,'en','Computer','2022-06-20 13:31:12','2022-06-20 13:31:12'),(162,81,'ar','حاسوب','2022-06-20 13:31:12','2022-06-20 13:31:12'),(163,82,'en','Arabic','2022-06-20 13:33:57','2022-06-20 13:33:57'),(164,82,'ar','اللغة العربية','2022-06-20 13:33:57','2022-06-20 13:33:57'),(165,83,'en','English','2022-06-20 13:34:18','2022-06-20 13:34:18'),(166,83,'ar','اللغة الانجليزية','2022-06-20 13:34:18','2022-06-20 13:37:16'),(167,84,'en','Islamic','2022-06-20 13:37:41','2022-06-20 13:37:41'),(168,84,'ar','التربية الإسلامية','2022-06-20 13:37:41','2022-06-20 13:37:41'),(169,85,'en','Science','2022-06-20 13:38:10','2022-06-20 13:38:10'),(170,85,'ar','العلوم','2022-06-20 13:38:10','2022-06-20 13:38:10'),(171,86,'en','Math','2022-06-20 13:38:26','2022-06-20 13:38:26'),(172,86,'ar','الرياضيات','2022-06-20 13:38:26','2022-06-20 13:38:26'),(173,87,'en','social study','2022-06-20 13:39:25','2022-06-20 13:39:25'),(174,87,'ar','اجتماعيات','2022-06-20 13:39:25','2022-06-20 13:39:25'),(175,88,'en','Computer','2022-06-20 13:39:46','2022-06-20 13:39:46'),(176,88,'ar','حاسوب','2022-06-20 13:39:46','2022-06-20 13:39:46'),(177,89,'en','Arabic','2022-06-20 13:42:45','2022-06-20 13:42:45'),(178,89,'ar','اللغة العربية','2022-06-20 13:42:45','2022-06-20 13:42:45'),(179,90,'en','English','2022-06-20 13:43:06','2022-06-20 13:43:06'),(180,90,'ar','اللغة الانجليزية','2022-06-20 13:43:06','2022-06-20 13:43:06'),(181,91,'en','Islamic','2022-06-20 13:43:42','2022-06-20 13:43:42'),(182,91,'ar','التربية الإسلامية','2022-06-20 13:43:42','2022-06-20 13:43:42'),(183,92,'en','Science','2022-06-20 13:44:02','2022-06-20 13:44:02'),(184,92,'ar','العلوم','2022-06-20 13:44:02','2022-06-20 13:44:02'),(185,93,'en','Math','2022-06-20 13:45:05','2022-06-20 13:45:05'),(186,93,'ar','الرياضيات','2022-06-20 13:45:05','2022-06-20 13:45:05'),(189,95,'en','social study','2022-06-20 13:45:59','2022-06-20 13:45:59'),(190,95,'ar','اجتماعيات','2022-06-20 13:45:59','2022-06-20 13:45:59'),(191,96,'en','Computer','2022-06-20 13:46:23','2022-06-20 13:46:23'),(192,96,'ar','حاسوب','2022-06-20 13:46:23','2022-06-20 13:46:23'),(193,97,'en','Quran','2022-06-20 13:46:58','2022-06-20 13:46:58'),(194,97,'ar','القرآن الكريم','2022-06-20 13:46:58','2022-06-20 13:47:19'),(195,98,'en','Arabic','2022-06-20 13:48:24','2022-06-20 13:48:24'),(196,98,'ar','اللغة العربية','2022-06-20 13:48:24','2022-06-20 13:48:24'),(197,99,'en','English','2022-06-20 13:49:43','2022-06-20 13:49:43'),(198,99,'ar','اللغة الانجليزية','2022-06-20 13:49:44','2022-06-20 13:49:44'),(199,100,'en','Islamic','2022-06-20 13:50:17','2022-06-20 13:50:17'),(200,100,'ar','التربية الإسلامية','2022-06-20 13:50:17','2022-06-20 13:50:17'),(201,101,'en','Science','2022-06-20 13:50:42','2022-06-20 13:50:42'),(202,101,'ar','العلوم','2022-06-20 13:50:42','2022-06-20 13:50:42'),(203,102,'en','Math','2022-06-20 13:51:11','2022-06-20 13:51:11'),(204,102,'ar','الرياضيات','2022-06-20 13:51:11','2022-06-20 13:51:11'),(205,103,'en','social study','2022-06-20 13:51:31','2022-06-20 13:51:31'),(206,103,'ar','اجتماعيات','2022-06-20 13:51:31','2022-06-20 13:51:31'),(207,104,'en','Computer','2022-06-20 13:51:51','2022-06-20 13:51:51'),(208,104,'ar','حاسوب','2022-06-20 13:51:51','2022-06-20 13:51:51'),(209,105,'en','Quran','2022-06-20 13:52:14','2022-06-20 13:52:14'),(210,105,'ar','القرآن الكريم','2022-06-20 13:52:14','2022-06-20 13:52:14'),(211,106,'en','Arabic','2022-06-20 13:54:56','2022-06-20 13:54:56'),(212,106,'ar','اللغة العربية','2022-06-20 13:54:56','2022-06-20 13:54:56'),(213,107,'en','English','2022-06-20 14:00:40','2022-06-20 14:00:40'),(214,107,'ar','اللغة الانجليزية','2022-06-20 14:00:40','2022-06-20 14:00:40'),(215,108,'en','Islamic','2022-06-20 14:01:00','2022-06-20 14:01:00'),(216,108,'ar','التربية الإسلامية','2022-06-20 14:01:00','2022-06-20 14:01:00'),(217,109,'en','Quran','2022-06-20 14:01:26','2022-06-21 10:16:37'),(218,109,'ar','القرآن الكريم','2022-06-20 14:01:26','2022-06-21 10:16:37'),(219,110,'en','Chemistry','2022-06-20 14:02:13','2022-06-20 14:02:13'),(220,110,'ar','كيمياء','2022-06-20 14:02:13','2022-06-20 14:02:13'),(221,111,'en','Physics','2022-06-20 14:02:48','2022-06-20 14:02:48'),(222,111,'ar','فيزياء','2022-06-20 14:02:48','2022-06-20 14:02:48'),(223,112,'en','Biology','2022-06-20 14:03:38','2022-06-20 14:03:38'),(224,112,'ar','أحياء','2022-06-20 14:03:38','2022-06-20 14:03:38'),(225,113,'en','Math','2022-06-20 14:04:45','2022-06-21 10:19:34'),(226,113,'ar','الرياضيات','2022-06-20 14:04:45','2022-06-21 10:19:34'),(227,114,'en','Kuwait History','2022-06-20 14:06:44','2022-06-21 10:18:21'),(228,114,'ar','تاريخ الكويت','2022-06-20 14:06:44','2022-06-21 10:18:46'),(229,115,'en','Computer','2022-06-20 14:07:24','2022-06-21 10:17:20'),(230,115,'ar','معلوماتية','2022-06-20 14:07:24','2022-06-21 10:17:20'),(231,116,'en','Arabic','2022-06-20 14:11:26','2022-06-20 14:11:26'),(232,116,'ar','اللغة العربية','2022-06-20 14:11:26','2022-06-20 14:11:26'),(233,117,'en','English','2022-06-20 14:12:09','2022-06-20 14:12:09'),(234,117,'ar','اللغة الانجليزية','2022-06-20 14:12:09','2022-06-20 14:12:09'),(235,118,'en','Islamic','2022-06-20 14:12:37','2022-06-20 14:12:37'),(236,118,'ar','التربية الإسلامية','2022-06-20 14:12:38','2022-06-20 14:12:38'),(237,119,'en','Quran','2022-06-20 14:13:06','2022-06-21 10:21:22'),(238,119,'ar','القرآن الكريم','2022-06-20 14:13:06','2022-06-21 10:21:22'),(239,120,'en','Computer','2022-06-20 14:15:53','2022-06-21 10:21:54'),(240,120,'ar','معلوماتية','2022-06-20 14:15:53','2022-06-21 10:21:54'),(241,121,'en','Chemistry','2022-06-20 14:16:23','2022-06-20 14:16:23'),(242,121,'ar','كيمياء','2022-06-20 14:16:23','2022-06-20 14:16:23'),(243,122,'en','Physics','2022-06-20 14:16:46','2022-06-20 14:16:46'),(244,122,'ar','فيزياء','2022-06-20 14:16:46','2022-06-20 14:16:46'),(245,123,'en','Biology','2022-06-20 14:17:11','2022-06-20 14:17:11'),(246,123,'ar','أحياء','2022-06-20 14:17:11','2022-06-20 14:17:11'),(247,124,'en','Geology','2022-06-20 14:17:45','2022-06-20 14:17:45'),(248,124,'ar','جيولوجيا','2022-06-20 14:17:45','2022-06-20 14:17:45'),(249,125,'en','Math','2022-06-20 14:18:11','2022-06-21 10:22:29'),(250,125,'ar','الرياضيات','2022-06-20 14:18:11','2022-06-21 10:22:29'),(251,126,'en','Statistics','2022-06-20 14:18:41','2022-06-21 10:23:05'),(252,126,'ar','الإحصاء','2022-06-20 14:18:41','2022-06-21 10:23:05'),(253,127,'en','French','2022-06-20 14:20:59','2022-06-20 14:20:59'),(254,127,'ar','اللغة الفرنسية','2022-06-20 14:20:59','2022-06-20 14:20:59'),(255,128,'en','Psychology','2022-06-20 14:21:56','2022-06-20 14:21:56'),(256,128,'ar','علم النفس','2022-06-20 14:21:56','2022-06-20 14:21:56'),(257,129,'en','Islamic History','2022-06-20 14:24:09','2022-06-20 14:24:09'),(258,129,'ar','التاريخ الإسلامي','2022-06-20 14:24:09','2022-06-20 14:24:09'),(259,130,'en','PO Geography & Economics','2022-06-20 14:27:34','2022-06-20 14:27:34'),(260,130,'ar','مبادئ علم الجغرافيا و الاقتصاد','2022-06-20 14:27:34','2022-06-20 14:27:34'),(261,131,'en','Arabic','2022-06-21 10:11:13','2022-06-21 10:11:13'),(262,131,'ar','اللغة العربية','2022-06-21 10:11:13','2022-06-21 10:11:13'),(263,132,'en','English','2022-06-21 10:24:31','2022-06-21 10:24:31'),(264,132,'ar','اللغة الانجليزية','2022-06-21 10:24:31','2022-06-21 10:24:31'),(265,133,'en','Islamic','2022-06-21 10:24:47','2022-06-21 10:24:47'),(266,133,'ar','التربية الإسلامية','2022-06-21 10:24:47','2022-06-21 10:24:47'),(267,134,'en','Quran','2022-06-21 10:25:10','2022-06-21 10:25:10'),(268,134,'ar','القرآن الكريم','2022-06-21 10:25:10','2022-06-21 10:25:10'),(269,135,'en','Constitution and Human Rights','2022-06-21 10:26:39','2022-07-24 02:13:07'),(270,135,'ar','الدستور و حقوق الإنسان','2022-06-21 10:26:39','2022-07-24 02:13:07'),(271,136,'en','Computer','2022-06-21 10:27:02','2022-06-21 10:27:02'),(272,136,'ar','معلوماتية','2022-06-21 10:27:02','2022-06-21 10:27:02'),(273,137,'en','Mental Health','2022-06-21 10:28:21','2022-06-21 10:28:21'),(274,137,'ar','الصحة النفسية','2022-06-21 10:28:21','2022-06-21 10:28:21'),(275,138,'en','Biology','2022-06-21 10:29:35','2022-06-21 10:30:44'),(276,138,'ar','أحياء','2022-06-21 10:29:35','2022-06-21 10:30:44'),(277,139,'en','Chemistry','2022-06-21 10:29:58','2022-06-21 10:29:58'),(278,139,'ar','كيمياء','2022-06-21 10:29:58','2022-06-21 10:29:58'),(279,140,'en','Physics','2022-06-21 10:30:22','2022-06-21 10:30:22'),(280,140,'ar','فيزياء','2022-06-21 10:30:22','2022-06-21 10:30:22'),(281,141,'en','Math','2022-06-21 10:31:05','2022-06-21 10:31:05'),(282,141,'ar','الرياضيات','2022-06-21 10:31:05','2022-06-21 10:31:05'),(283,142,'en','Statistics','2022-06-21 10:31:44','2022-06-21 10:31:44'),(284,142,'ar','الإحصاء','2022-06-21 10:31:44','2022-06-21 10:31:44'),(285,143,'en','French','2022-06-21 10:32:04','2022-06-21 10:32:04'),(286,143,'ar','اللغة الفرنسية','2022-06-21 10:32:04','2022-06-21 10:32:04'),(287,144,'en','Philosophy','2022-06-21 10:33:18','2022-06-21 10:33:18'),(288,144,'ar','الفلسفة','2022-06-21 10:33:18','2022-06-21 10:33:18'),(289,145,'en','MAC world History','2022-06-21 10:34:19','2022-06-21 10:34:19'),(290,145,'ar','تاريخ العالم الحديث و المعاصر','2022-06-21 10:34:19','2022-06-21 10:34:19'),(291,146,'en','Contemporary Environmental & Development Issues','2022-06-21 10:36:13','2022-06-21 10:36:13'),(292,146,'ar','قضايا البيئة و التنمية المعاصرة','2022-06-21 10:36:13','2022-06-21 10:36:13');

--
-- Table structure for table `subjects`
--

CREATE TABLE `subjects` (
  `id` bigint unsigned NOT NULL AUTO_INCREMENT,
  `stage_class_id` bigint unsigned NOT NULL,
  `image` varchar(125) CHARACTER SET utf8mb4 COLLATE utf8mb4_unicode_ci NOT NULL DEFAULT 'website/assets/media/photos/keepLearning.jpg',
  `created_at` timestamp NULL DEFAULT NULL,
  `updated_at` timestamp NULL DEFAULT NULL,
  `order` int DEFAULT NULL,
  PRIMARY KEY (`id`),
  KEY `subjects_stage_class_id_foreign` (`stage_class_id`),
  CONSTRAINT `subjects_stage_class_id_foreign` FOREIGN KEY (`stage_class_id`) REFERENCES `stage_classes` (`id`) ON DELETE CASCADE
) ENGINE=InnoDB AUTO_INCREMENT=147 DEFAULT CHARSET=utf8mb4 COLLATE=utf8mb4_unicode_ci;

--
-- Dumping data for table `subjects`
--

INSERT INTO `subjects` (`id`, `stage_class_id`, `image`, `created_at`, `updated_at`, `order`) VALUES (1,1,'img/stages/images/16586328627677.png','2022-06-13 06:55:15','2022-07-24 01:21:02',2),(2,1,'img/stages/images/16586328847007.PNG','2022-06-13 06:55:44','2022-07-24 01:21:24',3),(3,1,'img/stages/images/16586329012163.PNG','2022-06-13 06:56:02','2022-07-24 01:21:41',4),(4,1,'img/stages/images/16586329284595.PNG','2022-06-13 06:56:19','2022-07-24 01:22:08',5),(49,1,'img/stages/images/16586339821886.png','2022-06-18 20:37:04','2022-07-24 01:39:42',1),(50,2,'img/stages/images/16586329885007.png','2022-06-18 20:40:52','2022-07-24 01:23:08',7),(51,2,'img/stages/images/16586330156202.PNG','2022-06-18 20:41:14','2022-07-24 01:23:35',8),(52,2,'img/stages/images/16586339635744.png','2022-06-18 20:42:07','2022-07-24 01:39:23',6),(53,2,'img/stages/images/16586330354334.PNG','2022-06-18 20:42:37','2022-07-24 01:23:55',9),(54,2,'img/stages/images/16586330606865.PNG','2022-06-18 20:42:54','2022-07-24 01:24:20',10),(55,3,'img/stages/images/16586331915542.png','2022-06-18 20:43:51','2022-07-24 01:26:31',12),(56,3,'img/stages/images/16586332153031.PNG','2022-06-18 20:44:06','2022-07-24 01:26:55',13),(57,3,'img/stages/images/16586339443792.png','2022-06-18 20:44:23','2022-07-24 01:39:04',11),(58,3,'img/stages/images/16586332394475.PNG','2022-06-18 20:44:42','2022-07-24 01:27:19',14),(59,3,'img/stages/images/16586332622891.PNG','2022-06-18 20:45:05','2022-07-24 01:27:42',15),(61,4,'img/stages/images/16586333105531.png','2022-06-18 20:47:11','2022-07-24 01:28:30',17),(62,4,'img/stages/images/16586333296334.PNG','2022-06-18 20:47:29','2022-07-24 01:28:49',18),(63,4,'img/stages/images/16586339172166.png','2022-06-18 20:47:47','2022-07-24 01:38:37',16),(64,4,'img/stages/images/16586333454651.PNG','2022-06-18 20:48:07','2022-07-24 01:29:05',19),(65,4,'img/stages/images/16586333667558.PNG','2022-06-18 20:48:24','2022-07-24 01:29:26',20),(66,4,'img/stages/images/16586338948201.png','2022-06-18 20:49:00','2022-07-24 01:38:14',21),(67,4,'img/stages/images/16586334169803.PNG','2022-06-18 20:49:48','2022-07-24 01:30:16',22),(68,5,'img/stages/images/16586334687444.png','2022-06-18 20:50:20','2022-07-24 01:31:08',24),(69,5,'img/stages/images/16586334921347.PNG','2022-06-18 20:50:37','2022-07-24 01:31:32',25),(70,5,'img/stages/images/16586338408560.png','2022-06-18 20:50:55','2022-07-24 01:37:20',23),(71,5,'img/stages/images/16586335137188.PNG','2022-06-18 20:51:14','2022-07-24 01:31:53',26),(72,5,'img/stages/images/16586335358908.PNG','2022-06-18 20:51:38','2022-07-24 01:32:15',27),(73,5,'img/stages/images/16586338172068.png','2022-06-18 20:51:56','2022-07-24 01:36:57',28),(74,5,'img/stages/images/16586335879353.PNG','2022-06-18 20:52:34','2022-07-24 01:33:07',29),(75,6,'img/stages/images/16586340544228.png','2022-06-20 13:29:19','2022-07-24 01:40:54',31),(76,6,'img/stages/images/16586340753024.PNG','2022-06-20 13:29:38','2022-07-24 01:41:15',32),(77,6,'img/stages/images/16586340291686.png','2022-06-20 13:29:55','2022-07-24 01:40:29',30),(78,6,'img/stages/images/16586340984621.PNG','2022-06-20 13:30:13','2022-07-24 01:41:38',33),(79,6,'img/stages/images/16586341328111.PNG','2022-06-20 13:30:30','2022-07-24 01:42:12',34),(80,6,'img/stages/images/16586341585849.png','2022-06-20 13:30:47','2022-07-24 01:42:38',35),(81,6,'img/stages/images/16586341822539.PNG','2022-06-20 13:31:12','2022-07-24 01:43:02',36),(82,7,'img/stages/images/16586342365723.png','2022-06-20 13:33:57','2022-07-24 01:43:56',38),(83,7,'img/stages/images/16586342638340.PNG','2022-06-20 13:34:18','2022-07-24 01:44:23',39),(84,7,'img/stages/images/16586342098127.png','2022-06-20 13:37:41','2022-07-24 01:43:29',37),(85,7,'img/stages/images/16586342937154.PNG','2022-06-20 13:38:10','2022-07-24 01:44:53',40),(86,7,'img/stages/images/16586343235284.PNG','2022-06-20 13:38:26','2022-07-24 01:45:23',41),(87,7,'img/stages/images/16586343503056.png','2022-06-20 13:39:25','2022-07-24 01:45:50',42),(88,7,'img/stages/images/16586343764395.PNG','2022-06-20 13:39:46','2022-07-24 01:46:16',43),(89,8,'img/stages/images/16586346337318.png','2022-06-20 13:42:45','2022-07-24 01:50:33',46),(90,8,'img/stages/images/16586346642581.PNG','2022-06-20 13:43:06','2022-07-24 01:51:04',47),(91,8,'img/stages/images/16586344217104.png','2022-06-20 13:43:42','2022-07-24 01:47:01',44),(92,8,'img/stages/images/16586350348416.PNG','2022-06-20 13:44:02','2022-07-24 01:57:14',48),(93,8,'img/stages/images/16586347814147.PNG','2022-06-20 13:45:05','2022-07-24 01:53:01',49),(95,8,'img/stages/images/16586346966476.png','2022-06-20 13:45:59','2022-07-24 01:51:36',50),(96,8,'img/stages/images/16586347241164.PNG','2022-06-20 13:46:23','2022-07-24 01:52:04',51),(97,8,'img/stages/images/16586346099663.png','2022-06-20 13:46:58','2022-07-24 01:50:09',45),(98,9,'img/stages/images/16586348357280.png','2022-06-20 13:48:24','2022-07-24 01:53:55',54),(99,9,'img/stages/images/16586348626992.PNG','2022-06-20 13:49:43','2022-07-24 01:54:22',55),(100,9,'img/stages/images/16586347579861.png','2022-06-20 13:50:17','2022-07-24 01:52:37',52),(101,9,'img/stages/images/16586348851980.PNG','2022-06-20 13:50:42','2022-07-24 01:54:45',56),(102,9,'img/stages/images/16586349101746.PNG','2022-06-20 13:51:11','2022-07-24 01:55:10',57),(103,9,'img/stages/images/16586349381135.png','2022-06-20 13:51:31','2022-07-24 01:55:38',58),(104,9,'img/stages/images/16586349579755.PNG','2022-06-20 13:51:51','2022-07-24 01:55:57',59),(105,9,'img/stages/images/16586348074009.png','2022-06-20 13:52:14','2022-07-24 01:53:27',53),(106,10,'img/stages/images/16586351754992.png','2022-06-20 13:54:56','2022-07-24 01:59:35',62),(107,10,'img/stages/images/16586351979437.PNG','2022-06-20 14:00:40','2022-07-24 01:59:57',63),(108,10,'img/stages/images/16586350857931.png','2022-06-20 14:01:00','2022-07-24 01:59:17',60),(109,10,'img/stages/images/16586351064118.png','2022-06-20 14:01:26','2022-07-24 01:59:19',61),(110,10,'img/stages/images/16586364772546.png','2022-06-20 14:02:13','2022-07-24 02:21:17',64),(111,10,'img/stages/images/16586364999931.png','2022-06-20 14:02:48','2022-07-24 02:21:39',65),(112,10,'img/stages/images/16586365242740.png','2022-06-20 14:03:38','2022-07-24 02:22:04',66),(113,10,'img/stages/images/16586352705017.PNG','2022-06-20 14:04:45','2022-07-24 02:01:10',67),(114,10,'img/stages/images/16586365466048.png','2022-06-20 14:06:44','2022-07-24 02:22:26',68),(115,10,'img/stages/images/16586353499323.PNG','2022-06-20 14:07:24','2022-07-24 02:02:29',69),(116,11,'img/stages/images/16586354557311.png','2022-06-20 14:11:26','2022-07-24 02:04:15',72),(117,11,'img/stages/images/16586354763393.PNG','2022-06-20 14:12:09','2022-07-24 02:04:36',73),(118,11,'img/stages/images/16586354141490.png','2022-06-20 14:12:34','2022-07-24 02:03:34',70),(119,11,'img/stages/images/16586354344795.png','2022-06-20 14:13:06','2022-07-24 02:03:54',71),(120,11,'img/stages/images/16586355052585.PNG','2022-06-20 14:15:53','2022-07-24 02:05:05',74),(121,11,'img/stages/images/16586365979310.png','2022-06-20 14:16:23','2022-07-24 02:23:17',75),(122,11,'img/stages/images/16586366172888.png','2022-06-20 14:16:46','2022-07-24 02:23:37',76),(123,11,'img/stages/images/16586366462883.png','2022-06-20 14:17:11','2022-07-24 02:24:06',77),(124,11,'img/stages/images/16586368762595.png','2022-06-20 14:17:45','2022-07-24 02:27:56',78),(125,11,'img/stages/images/16586356565440.PNG','2022-06-20 14:18:11','2022-07-24 02:07:36',79),(126,11,'img/stages/images/16586369093943.png','2022-06-20 14:18:41','2022-07-24 02:28:29',80),(127,11,'img/stages/images/16586369418327.png','2022-06-20 14:20:59','2022-07-24 02:29:01',81),(128,11,'img/stages/images/16586369689431.png','2022-06-20 14:21:56','2022-07-24 02:29:28',82),(129,11,'img/stages/images/16586370861396.png','2022-06-20 14:24:09','2022-07-24 02:31:26',83),(130,11,'img/stages/images/16586371098020.png','2022-06-20 14:27:34','2022-07-24 02:31:49',84),(131,12,'img/stages/images/16586358751920.png','2022-06-21 10:11:13','2022-07-24 02:11:15',87),(132,12,'img/stages/images/16586359005814.PNG','2022-06-21 10:24:31','2022-07-24 02:11:40',88),(133,12,'img/stages/images/16586358262247.png','2022-06-21 10:24:47','2022-07-24 02:10:26',85),(134,12,'img/stages/images/16586358483984.png','2022-06-21 10:25:10','2022-07-24 02:10:48',86),(135,12,'img/stages/images/16586373898090.png','2022-06-21 10:26:39','2022-07-24 02:36:29',90),(136,12,'img/stages/images/16586359231174.PNG','2022-06-21 10:27:02','2022-07-24 02:12:03',89),(137,12,'img/stages/images/16586374167032.png','2022-06-21 10:28:21','2022-07-24 02:36:56',91),(138,12,'img/stages/images/16586374853933.png','2022-06-21 10:29:35','2022-07-24 02:38:05',94),(139,12,'img/stages/images/16586374375689.png','2022-06-21 10:29:58','2022-07-24 02:37:17',92),(140,12,'img/stages/images/16586374585158.png','2022-06-21 10:30:22','2022-07-24 02:37:39',93),(141,12,'img/stages/images/16586361477851.PNG','2022-06-21 10:31:05','2022-07-24 02:15:47',95),(142,12,'img/stages/images/16586371884818.png','2022-06-21 10:31:44','2022-07-24 02:33:08',96),(143,12,'img/stages/images/16586372108623.png','2022-06-21 10:32:04','2022-07-24 02:33:30',97),(144,12,'img/stages/images/16586375067004.png','2022-06-21 10:33:18','2022-07-24 02:38:26',98),(145,12,'img/stages/images/16586372293117.png','2022-06-21 10:34:19','2022-07-24 02:33:49',99),(146,12,'img/stages/images/16586372586416.png','2022-06-21 10:36:13','2022-07-24 02:34:18',100);

--
-- Table structure for table `user_classes`
--

CREATE TABLE `user_classes` (
  `id` bigint unsigned NOT NULL AUTO_INCREMENT,
  `stage_class_id` bigint unsigned NOT NULL,
  `user_id` bigint unsigned NOT NULL,
  `created_at` timestamp NULL DEFAULT NULL,
  `updated_at` timestamp NULL DEFAULT NULL,
  PRIMARY KEY (`id`),
  KEY `user_classes_stage_class_id_foreign` (`stage_class_id`),
  KEY `user_classes_user_id_foreign` (`user_id`),
  CONSTRAINT `user_classes_stage_class_id_foreign` FOREIGN KEY (`stage_class_id`) REFERENCES `stage_classes` (`id`) ON DELETE CASCADE,
  CONSTRAINT `user_classes_user_id_foreign` FOREIGN KEY (`user_id`) REFERENCES `users` (`id`) ON DELETE CASCADE
) ENGINE=InnoDB AUTO_INCREMENT=185 DEFAULT CHARSET=utf8mb4 COLLATE=utf8mb4_unicode_ci;

--
-- Dumping data for table `user_classes`
--

INSERT INTO `user_classes` (`id`, `stage_class_id`, `user_id`, `created_at`, `updated_at`) VALUES (1,1,2,'2022-06-13 08:06:41','2022-06-13 08:06:41'),(3,1,4,'2022-06-13 18:29:50','2022-06-13 18:29:50'),(11,1,13,'2022-06-26 06:29:16','2022-06-26 06:29:16'),(13,1,16,'2022-06-27 20:14:08','2022-06-27 20:14:08'),(25,1,27,'2022-08-02 09:47:00','2022-08-02 09:47:00'),(26,2,27,'2022-08-02 09:47:00','2022-08-02 09:47:00'),(33,1,32,'2022-08-02 11:38:25','2022-08-02 11:38:25'),(34,10,5,'2022-08-02 15:18:16','2022-08-02 15:18:16'),(35,11,5,'2022-08-02 15:18:16','2022-08-02 15:18:16'),(36,12,5,'2022-08-02 15:18:16','2022-08-02 15:18:16'),(37,11,33,'2022-08-02 16:22:03','2022-08-02 16:22:03'),(38,12,36,'2022-08-02 17:42:36','2022-08-02 17:42:36'),(39,1,37,'2022-08-02 18:07:34','2022-08-02 18:07:34'),(40,12,38,'2022-08-03 02:48:20','2022-08-03 02:48:20'),(41,1,39,'2022-08-05 17:25:27','2022-08-05 17:25:27'),(42,12,40,'2022-08-06 22:01:17','2022-08-06 22:01:17'),(43,1,41,'2022-08-06 23:51:33','2022-08-06 23:51:33'),(44,2,41,'2022-08-06 23:51:33','2022-08-06 23:51:33'),(45,3,41,'2022-08-06 23:51:33','2022-08-06 23:51:33'),(46,4,42,'2022-08-07 06:01:02','2022-08-07 06:01:02'),(47,6,43,'2022-08-07 06:07:42','2022-08-07 06:07:42'),(48,1,44,'2022-08-07 08:36:43','2022-08-07 08:36:43'),(49,11,45,'2022-08-08 02:04:16','2022-08-08 02:04:16'),(52,6,48,'2022-08-12 10:26:54','2022-08-12 10:26:54'),(53,6,49,'2022-08-12 10:34:47','2022-08-12 10:34:47'),(54,7,49,'2022-08-12 10:34:47','2022-08-12 10:34:47'),(55,8,49,'2022-08-12 10:34:47','2022-08-12 10:34:47'),(56,9,49,'2022-08-12 10:34:47','2022-08-12 10:34:47'),(57,7,50,'2022-08-12 10:54:36','2022-08-12 10:54:36'),(58,7,51,'2022-08-12 12:36:22','2022-08-12 12:36:22'),(59,6,52,'2022-08-12 12:36:46','2022-08-12 12:36:46'),(60,2,53,'2022-08-12 14:15:14','2022-08-12 14:15:14'),(61,11,54,'2022-08-13 02:14:52','2022-08-13 02:14:52'),(62,5,55,'2022-08-13 08:13:32','2022-08-13 08:13:32'),(63,1,56,'2022-08-13 08:27:11','2022-08-13 08:27:11'),(64,11,57,'2022-08-13 09:59:30','2022-08-13 09:59:30'),(65,11,58,'2022-08-13 10:02:39','2022-08-13 10:02:39'),(66,11,59,'2022-08-13 10:06:29','2022-08-13 10:06:29'),(67,1,60,'2022-08-13 10:17:33','2022-08-13 10:17:33'),(68,10,61,'2022-08-13 12:51:11','2022-08-13 12:51:11'),(69,11,61,'2022-08-13 12:51:11','2022-08-13 12:51:11'),(70,12,61,'2022-08-13 12:51:11','2022-08-13 12:51:11'),(71,2,62,'2022-08-13 18:32:04','2022-08-13 18:32:04'),(72,10,63,'2022-08-13 22:22:44','2022-08-13 22:22:44'),(73,11,63,'2022-08-13 22:22:44','2022-08-13 22:22:44'),(74,12,63,'2022-08-13 22:22:44','2022-08-13 22:22:44'),(75,12,64,'2022-08-14 00:28:43','2022-08-14 00:28:43'),(76,6,65,'2022-08-14 03:24:44','2022-08-14 03:24:44'),(77,7,65,'2022-08-14 03:24:44','2022-08-14 03:24:44'),(78,1,66,'2022-08-14 11:29:09','2022-08-14 11:29:09'),(79,2,66,'2022-08-14 11:29:09','2022-08-14 11:29:09'),(80,4,66,'2022-08-14 11:29:09','2022-08-14 11:29:09'),(81,5,66,'2022-08-14 11:29:09','2022-08-14 11:29:09'),(82,11,67,'2022-08-14 14:42:49','2022-08-14 14:42:49'),(83,6,68,'2022-08-14 17:36:45','2022-08-14 17:36:45'),(84,7,68,'2022-08-14 17:36:45','2022-08-14 17:36:45'),(85,10,69,'2022-08-14 22:03:45','2022-08-14 22:03:45'),(86,11,69,'2022-08-14 22:03:46','2022-08-14 22:03:46'),(87,12,69,'2022-08-14 22:03:46','2022-08-14 22:03:46'),(88,4,70,'2022-08-14 23:53:18','2022-08-14 23:53:18'),(89,3,71,'2022-08-15 07:07:49','2022-08-15 07:07:49'),(90,7,72,'2022-08-16 20:57:46','2022-08-16 20:57:46'),(91,12,73,'2022-08-18 16:41:09','2022-08-18 16:41:09'),(92,12,74,'2022-08-19 17:50:18','2022-08-19 17:50:18'),(93,12,75,'2022-08-21 23:26:13','2022-08-21 23:26:13'),(94,6,76,'2022-08-22 04:18:15','2022-08-22 04:18:15'),(95,7,76,'2022-08-22 04:18:15','2022-08-22 04:18:15'),(96,12,77,'2022-08-22 21:07:18','2022-08-22 21:07:18'),(98,6,78,'2022-08-27 01:49:03','2022-08-27 01:49:03'),(99,12,79,'2022-08-27 16:16:04','2022-08-27 16:16:04'),(100,1,80,'2022-08-27 21:03:48','2022-08-27 21:03:48'),(101,1,81,'2022-08-27 21:06:34','2022-08-27 21:06:34'),(102,2,82,'2022-08-27 21:07:15','2022-08-27 21:07:15'),(103,8,83,'2022-08-27 21:07:21','2022-08-27 21:07:21'),(104,1,84,'2022-08-27 21:07:59','2022-08-27 21:07:59'),(105,1,85,'2022-08-27 21:10:18','2022-08-27 21:10:18'),(106,12,86,'2022-08-29 21:44:59','2022-08-29 21:44:59'),(107,10,87,'2022-09-04 06:34:34','2022-09-04 06:34:34'),(108,7,88,'2022-09-04 14:52:14','2022-09-04 14:52:14'),(109,12,89,'2022-09-04 23:40:29','2022-09-04 23:40:29'),(110,6,90,'2022-09-09 00:56:11','2022-09-09 00:56:11'),(111,7,90,'2022-09-09 00:56:11','2022-09-09 00:56:11'),(112,11,91,'2022-09-09 04:02:10','2022-09-09 04:02:10'),(113,12,92,'2022-09-12 23:00:17','2022-09-12 23:00:17'),(114,6,93,'2022-09-13 17:06:04','2022-09-13 17:06:04'),(115,9,93,'2022-09-13 17:06:04','2022-09-13 17:06:04'),(116,12,94,'2022-09-16 15:01:59','2022-09-16 15:01:59'),(117,12,95,'2022-09-21 08:18:48','2022-09-21 08:18:48'),(118,1,96,'2022-09-24 21:50:12','2022-09-24 21:50:12'),(119,2,96,'2022-09-24 21:50:12','2022-09-24 21:50:12'),(120,3,96,'2022-09-24 21:50:12','2022-09-24 21:50:12'),(121,4,96,'2022-09-24 21:50:12','2022-09-24 21:50:12'),(122,12,97,'2022-09-28 17:18:49','2022-09-28 17:18:49'),(123,12,98,'2022-10-02 04:48:00','2022-10-02 04:48:00'),(124,1,99,'2022-10-07 15:44:37','2022-10-07 15:44:37'),(125,5,99,'2022-10-07 15:44:37','2022-10-07 15:44:37'),(126,1,100,'2022-10-08 02:40:29','2022-10-08 02:40:29'),(127,3,100,'2022-10-08 02:40:29','2022-10-08 02:40:29'),(128,4,100,'2022-10-08 02:40:29','2022-10-08 02:40:29'),(129,1,101,'2022-10-08 04:59:43','2022-10-08 04:59:43'),(130,12,102,'2022-10-11 22:33:00','2022-10-11 22:33:00'),(131,12,103,'2022-10-14 08:57:31','2022-10-14 08:57:31'),(132,4,104,'2022-10-15 19:14:52','2022-10-15 19:14:52'),(133,7,105,'2022-10-19 17:54:26','2022-10-19 17:54:26'),(134,12,106,'2022-10-22 10:19:13','2022-10-22 10:19:13'),(135,12,107,'2022-10-27 16:53:24','2022-10-27 16:53:24'),(136,2,108,'2022-10-31 04:00:55','2022-10-31 04:00:55'),(137,12,109,'2022-11-03 07:45:34','2022-11-03 07:45:34'),(138,12,110,'2022-11-08 12:14:41','2022-11-08 12:14:41'),(139,12,111,'2022-11-10 05:33:41','2022-11-10 05:33:41'),(140,4,112,'2022-11-10 23:28:15','2022-11-10 23:28:15'),(141,12,113,'2022-11-11 06:41:23','2022-11-11 06:41:23'),(142,5,114,'2022-11-12 12:03:56','2022-11-12 12:03:56'),(143,12,115,'2022-11-15 21:50:08','2022-11-15 21:50:08'),(144,12,116,'2022-11-26 01:23:05','2022-11-26 01:23:05'),(145,12,117,'2022-12-01 09:40:37','2022-12-01 09:40:37'),(146,2,118,'2022-12-03 18:43:27','2022-12-03 18:43:27'),(147,12,119,'2022-12-05 11:12:37','2022-12-05 11:12:37'),(148,12,120,'2022-12-08 18:12:45','2022-12-08 18:12:45'),(149,12,121,'2022-12-11 03:41:32','2022-12-11 03:41:32'),(150,12,122,'2022-12-16 03:26:42','2022-12-16 03:26:42'),(151,12,123,'2022-12-18 11:21:56','2022-12-18 11:21:56'),(152,12,124,'2022-12-19 22:34:17','2022-12-19 22:34:17'),(153,12,125,'2022-12-22 05:52:17','2022-12-22 05:52:17'),(154,12,126,'2023-01-10 14:01:30','2023-01-10 14:01:30'),(155,6,127,'2023-01-12 04:36:15','2023-01-12 04:36:15'),(156,8,127,'2023-01-12 04:36:15','2023-01-12 04:36:15'),(157,12,128,'2023-01-17 19:39:52','2023-01-17 19:39:52'),(158,12,129,'2023-01-21 04:17:20','2023-01-21 04:17:20'),(159,2,130,'2023-01-22 05:16:11','2023-01-22 05:16:11'),(160,12,131,'2023-02-07 18:22:27','2023-02-07 18:22:27'),(161,12,132,'2023-02-13 11:17:07','2023-02-13 11:17:07'),(162,10,133,'2023-02-13 16:40:14','2023-02-13 16:40:14'),(163,12,134,'2023-02-16 02:47:01','2023-02-16 02:47:01'),(164,12,135,'2023-02-21 09:14:56','2023-02-21 09:14:56'),(165,6,136,'2023-02-22 04:33:20','2023-02-22 04:33:20'),(166,6,137,'2023-02-22 15:40:55','2023-02-22 15:40:55'),(167,7,137,'2023-02-22 15:40:55','2023-02-22 15:40:55'),(168,8,137,'2023-02-22 15:40:55','2023-02-22 15:40:55'),(169,9,137,'2023-02-22 15:40:55','2023-02-22 15:40:55'),(170,8,138,'2023-02-22 15:43:44','2023-02-22 15:43:44'),(171,4,139,'2023-03-01 20:29:24','2023-03-01 20:29:24'),(172,12,140,'2023-03-03 18:54:22','2023-03-03 18:54:22'),(173,12,141,'2023-03-14 06:14:40','2023-03-14 06:14:40'),(174,12,142,'2023-03-22 00:25:09','2023-03-22 00:25:09'),(175,12,143,'2023-04-02 02:37:30','2023-04-02 02:37:30'),(176,12,144,'2023-04-05 13:51:35','2023-04-05 13:51:35'),(177,4,145,'2023-04-06 14:05:23','2023-04-06 14:05:23'),(178,12,146,'2023-04-12 11:46:26','2023-04-12 11:46:26'),(179,12,147,'2023-04-17 10:18:25','2023-04-17 10:18:25'),(180,12,148,'2023-04-26 04:40:57','2023-04-26 04:40:57'),(181,8,149,'2023-04-29 20:01:57','2023-04-29 20:01:57'),(182,12,150,'2023-05-19 19:55:16','2023-05-19 19:55:16'),(183,12,151,'2023-05-31 09:10:08','2023-05-31 09:10:08'),(184,12,152,'2023-06-04 15:54:44','2023-06-04 15:54:44');

--
-- Table structure for table `user_stages`
--

CREATE TABLE `user_stages` (
  `id` bigint unsigned NOT NULL AUTO_INCREMENT,
  `stage_id` bigint unsigned NOT NULL,
  `user_id` bigint unsigned NOT NULL,
  `created_at` timestamp NULL DEFAULT NULL,
  `updated_at` timestamp NULL DEFAULT NULL,
  PRIMARY KEY (`id`),
  KEY `user_stages_stage_id_foreign` (`stage_id`),
  KEY `user_stages_user_id_foreign` (`user_id`),
  CONSTRAINT `user_stages_stage_id_foreign` FOREIGN KEY (`stage_id`) REFERENCES `stages` (`id`) ON DELETE CASCADE,
  CONSTRAINT `user_stages_user_id_foreign` FOREIGN KEY (`user_id`) REFERENCES `users` (`id`) ON DELETE CASCADE
) ENGINE=InnoDB AUTO_INCREMENT=150 DEFAULT CHARSET=utf8mb4 COLLATE=utf8mb4_unicode_ci;

--
-- Dumping data for table `user_stages`
--

INSERT INTO `user_stages` (`id`, `stage_id`, `user_id`, `created_at`, `updated_at`) VALUES (1,1,2,'2022-06-13 08:06:41','2022-06-13 08:06:41'),(2,2,2,'2022-06-13 08:06:41','2022-06-13 08:06:41'),(3,3,2,'2022-06-13 08:06:41','2022-06-13 08:06:41'),(6,1,4,'2022-06-13 18:29:50','2022-06-13 18:29:50'),(7,2,4,'2022-06-13 18:29:50','2022-06-13 18:29:50'),(12,1,13,'2022-06-26 06:29:16','2022-06-26 06:29:16'),(14,1,16,'2022-06-27 20:14:07','2022-06-27 20:14:07'),(24,1,27,'2022-08-02 09:47:00','2022-08-02 09:47:00'),(29,1,32,'2022-08-02 11:38:25','2022-08-02 11:38:25'),(30,3,5,'2022-08-02 15:18:16','2022-08-02 15:18:16'),(31,3,33,'2022-08-02 16:22:03','2022-08-02 16:22:03'),(32,3,36,'2022-08-02 17:42:36','2022-08-02 17:42:36'),(33,1,37,'2022-08-02 18:07:34','2022-08-02 18:07:34'),(34,3,38,'2022-08-03 02:48:20','2022-08-03 02:48:20'),(35,1,39,'2022-08-05 17:25:27','2022-08-05 17:25:27'),(36,3,40,'2022-08-06 22:01:17','2022-08-06 22:01:17'),(37,1,41,'2022-08-06 23:51:33','2022-08-06 23:51:33'),(38,1,42,'2022-08-07 06:01:02','2022-08-07 06:01:02'),(39,2,43,'2022-08-07 06:07:42','2022-08-07 06:07:42'),(40,1,44,'2022-08-07 08:36:43','2022-08-07 08:36:43'),(41,3,45,'2022-08-08 02:04:16','2022-08-08 02:04:16'),(44,2,48,'2022-08-12 10:26:54','2022-08-12 10:26:54'),(45,2,49,'2022-08-12 10:34:47','2022-08-12 10:34:47'),(46,2,50,'2022-08-12 10:54:36','2022-08-12 10:54:36'),(47,2,51,'2022-08-12 12:36:22','2022-08-12 12:36:22'),(48,2,52,'2022-08-12 12:36:46','2022-08-12 12:36:46'),(49,1,53,'2022-08-12 14:15:14','2022-08-12 14:15:14'),(50,3,54,'2022-08-13 02:14:52','2022-08-13 02:14:52'),(51,1,55,'2022-08-13 08:13:32','2022-08-13 08:13:32'),(52,1,56,'2022-08-13 08:27:11','2022-08-13 08:27:11'),(53,3,57,'2022-08-13 09:59:30','2022-08-13 09:59:30'),(54,3,58,'2022-08-13 10:02:39','2022-08-13 10:02:39'),(55,3,59,'2022-08-13 10:06:29','2022-08-13 10:06:29'),(56,1,60,'2022-08-13 10:17:33','2022-08-13 10:17:33'),(57,3,61,'2022-08-13 12:51:11','2022-08-13 12:51:11'),(58,1,62,'2022-08-13 18:32:03','2022-08-13 18:32:03'),(59,3,63,'2022-08-13 22:22:44','2022-08-13 22:22:44'),(60,3,64,'2022-08-14 00:28:43','2022-08-14 00:28:43'),(61,2,65,'2022-08-14 03:24:44','2022-08-14 03:24:44'),(62,1,66,'2022-08-14 11:29:09','2022-08-14 11:29:09'),(63,3,67,'2022-08-14 14:42:49','2022-08-14 14:42:49'),(64,2,68,'2022-08-14 17:36:45','2022-08-14 17:36:45'),(65,3,69,'2022-08-14 22:03:45','2022-08-14 22:03:45'),(66,1,70,'2022-08-14 23:53:18','2022-08-14 23:53:18'),(67,1,71,'2022-08-15 07:07:49','2022-08-15 07:07:49'),(68,2,72,'2022-08-16 20:57:46','2022-08-16 20:57:46'),(69,3,73,'2022-08-18 16:41:09','2022-08-18 16:41:09'),(70,3,74,'2022-08-19 17:50:18','2022-08-19 17:50:18'),(71,3,75,'2022-08-21 23:26:13','2022-08-21 23:26:13'),(72,2,76,'2022-08-22 04:18:15','2022-08-22 04:18:15'),(73,3,77,'2022-08-22 21:07:18','2022-08-22 21:07:18'),(75,2,78,'2022-08-27 01:49:03','2022-08-27 01:49:03'),(76,3,79,'2022-08-27 16:16:04','2022-08-27 16:16:04'),(77,1,80,'2022-08-27 21:03:48','2022-08-27 21:03:48'),(78,1,81,'2022-08-27 21:06:34','2022-08-27 21:06:34'),(79,1,82,'2022-08-27 21:07:15','2022-08-27 21:07:15'),(80,2,83,'2022-08-27 21:07:21','2022-08-27 21:07:21'),(81,1,84,'2022-08-27 21:07:59','2022-08-27 21:07:59'),(82,1,85,'2022-08-27 21:10:18','2022-08-27 21:10:18'),(83,3,86,'2022-08-29 21:44:59','2022-08-29 21:44:59'),(84,3,87,'2022-09-04 06:34:34','2022-09-04 06:34:34'),(85,2,88,'2022-09-04 14:52:14','2022-09-04 14:52:14'),(86,3,89,'2022-09-04 23:40:29','2022-09-04 23:40:29'),(87,2,90,'2022-09-09 00:56:11','2022-09-09 00:56:11'),(88,3,91,'2022-09-09 04:02:10','2022-09-09 04:02:10'),(89,3,92,'2022-09-12 23:00:17','2022-09-12 23:00:17'),(90,2,93,'2022-09-13 17:06:04','2022-09-13 17:06:04'),(91,3,94,'2022-09-16 15:01:59','2022-09-16 15:01:59'),(92,3,95,'2022-09-21 08:18:48','2022-09-21 08:18:48'),(93,1,96,'2022-09-24 21:50:12','2022-09-24 21:50:12'),(94,3,97,'2022-09-28 17:18:49','2022-09-28 17:18:49'),(95,3,98,'2022-10-02 04:48:00','2022-10-02 04:48:00'),(96,1,99,'2022-10-07 15:44:37','2022-10-07 15:44:37'),(97,1,100,'2022-10-08 02:40:29','2022-10-08 02:40:29'),(98,1,101,'2022-10-08 04:59:43','2022-10-08 04:59:43'),(99,3,102,'2022-10-11 22:33:00','2022-10-11 22:33:00'),(100,3,103,'2022-10-14 08:57:31','2022-10-14 08:57:31'),(101,1,104,'2022-10-15 19:14:52','2022-10-15 19:14:52'),(102,2,105,'2022-10-19 17:54:26','2022-10-19 17:54:26'),(103,3,106,'2022-10-22 10:19:13','2022-10-22 10:19:13'),(104,3,107,'2022-10-27 16:53:24','2022-10-27 16:53:24'),(105,1,108,'2022-10-31 04:00:55','2022-10-31 04:00:55'),(106,3,109,'2022-11-03 07:45:33','2022-11-03 07:45:33'),(107,3,110,'2022-11-08 12:14:41','2022-11-08 12:14:41'),(108,3,111,'2022-11-10 05:33:41','2022-11-10 05:33:41'),(109,3,112,'2022-11-10 23:28:15','2022-11-10 23:28:15'),(110,3,113,'2022-11-11 06:41:23','2022-11-11 06:41:23'),(111,1,114,'2022-11-12 12:03:56','2022-11-12 12:03:56'),(112,3,115,'2022-11-15 21:50:08','2022-11-15 21:50:08'),(113,3,116,'2022-11-26 01:23:05','2022-11-26 01:23:05'),(114,3,117,'2022-12-01 09:40:37','2022-12-01 09:40:37'),(115,1,118,'2022-12-03 18:43:27','2022-12-03 18:43:27'),(116,3,119,'2022-12-05 11:12:37','2022-12-05 11:12:37'),(117,3,120,'2022-12-08 18:12:45','2022-12-08 18:12:45'),(118,3,121,'2022-12-11 03:41:32','2022-12-11 03:41:32'),(119,3,122,'2022-12-16 03:26:42','2022-12-16 03:26:42'),(120,3,123,'2022-12-18 11:21:56','2022-12-18 11:21:56'),(121,3,124,'2022-12-19 22:34:17','2022-12-19 22:34:17'),(122,3,125,'2022-12-22 05:52:17','2022-12-22 05:52:17'),(123,3,126,'2023-01-10 14:01:30','2023-01-10 14:01:30'),(124,2,127,'2023-01-12 04:36:15','2023-01-12 04:36:15'),(125,3,128,'2023-01-17 19:39:52','2023-01-17 19:39:52'),(126,3,129,'2023-01-21 04:17:20','2023-01-21 04:17:20'),(127,3,130,'2023-01-22 05:16:11','2023-01-22 05:16:11'),(128,3,131,'2023-02-07 18:22:27','2023-02-07 18:22:27'),(129,3,132,'2023-02-13 11:17:07','2023-02-13 11:17:07'),(130,2,133,'2023-02-13 16:40:14','2023-02-13 16:40:14'),(131,3,134,'2023-02-16 02:47:01','2023-02-16 02:47:01'),(132,3,135,'2023-02-21 09:14:56','2023-02-21 09:14:56'),(133,2,136,'2023-02-22 04:33:20','2023-02-22 04:33:20'),(134,2,137,'2023-02-22 15:40:55','2023-02-22 15:40:55'),(135,2,138,'2023-02-22 15:43:44','2023-02-22 15:43:44'),(136,3,139,'2023-03-01 20:29:24','2023-03-01 20:29:24'),(137,3,140,'2023-03-03 18:54:22','2023-03-03 18:54:22'),(138,3,141,'2023-03-14 06:14:40','2023-03-14 06:14:40'),(139,3,142,'2023-03-22 00:25:09','2023-03-22 00:25:09'),(140,3,143,'2023-04-02 02:37:30','2023-04-02 02:37:30'),(141,3,144,'2023-04-05 13:51:35','2023-04-05 13:51:35'),(142,3,145,'2023-04-06 14:05:23','2023-04-06 14:05:23'),(143,3,146,'2023-04-12 11:46:26','2023-04-12 11:46:26'),(144,3,147,'2023-04-17 10:18:25','2023-04-17 10:18:25'),(145,3,148,'2023-04-26 04:40:57','2023-04-26 04:40:57'),(146,3,149,'2023-04-29 20:01:57','2023-04-29 20:01:57'),(147,3,150,'2023-05-19 19:55:16','2023-05-19 19:55:16'),(148,3,151,'2023-05-31 09:10:08','2023-05-31 09:10:08'),(149,3,152,'2023-06-04 15:54:44','2023-06-04 15:54:44');

--
-- Table structure for table `user_subjects`
--

CREATE TABLE `user_subjects` (
  `id` bigint unsigned NOT NULL AUTO_INCREMENT,
  `subject_id` bigint unsigned NOT NULL,
  `user_id` bigint unsigned NOT NULL,
  `created_at` timestamp NULL DEFAULT NULL,
  `updated_at` timestamp NULL DEFAULT NULL,
  PRIMARY KEY (`id`),
  KEY `user_subjects_subject_id_foreign` (`subject_id`),
  KEY `user_subjects_user_id_foreign` (`user_id`),
  CONSTRAINT `user_subjects_subject_id_foreign` FOREIGN KEY (`subject_id`) REFERENCES `subjects` (`id`) ON DELETE CASCADE,
  CONSTRAINT `user_subjects_user_id_foreign` FOREIGN KEY (`user_id`) REFERENCES `users` (`id`) ON DELETE CASCADE
) ENGINE=InnoDB AUTO_INCREMENT=172 DEFAULT CHARSET=utf8mb4 COLLATE=utf8mb4_unicode_ci;

--
-- Dumping data for table `user_subjects`
--

INSERT INTO `user_subjects` (`id`, `subject_id`, `user_id`, `created_at`, `updated_at`) VALUES (1,1,2,'2022-06-13 08:06:41','2022-06-13 08:06:41'),(2,2,2,'2022-06-13 08:06:42','2022-06-13 08:06:42'),(3,3,2,'2022-06-13 08:06:42','2022-06-13 08:06:42'),(4,4,2,'2022-06-13 08:06:42','2022-06-13 08:06:42'),(10,1,4,'2022-06-13 18:29:50','2022-06-13 18:29:50'),(20,2,13,'2022-06-26 06:29:16','2022-06-26 06:29:16'),(23,2,16,'2022-06-27 20:14:08','2022-06-27 20:14:08'),(35,1,27,'2022-08-02 09:47:00','2022-08-02 09:47:00'),(41,1,32,'2022-08-02 11:38:25','2022-08-02 11:38:25'),(42,2,32,'2022-08-02 11:38:25','2022-08-02 11:38:25'),(43,114,5,'2022-08-02 15:18:16','2022-08-02 15:18:16'),(44,128,5,'2022-08-02 15:18:16','2022-08-02 15:18:16'),(45,144,5,'2022-08-02 15:18:16','2022-08-02 15:18:16'),(46,118,33,'2022-08-02 16:22:03','2022-08-02 16:22:03'),(47,144,36,'2022-08-02 17:42:36','2022-08-02 17:42:36'),(48,4,37,'2022-08-02 18:07:34','2022-08-02 18:07:34'),(49,144,38,'2022-08-03 02:48:21','2022-08-03 02:48:21'),(50,1,39,'2022-08-05 17:25:27','2022-08-05 17:25:27'),(51,62,42,'2022-08-07 06:01:02','2022-08-07 06:01:02'),(52,77,43,'2022-08-07 06:07:42','2022-08-07 06:07:42'),(53,2,44,'2022-08-07 08:36:43','2022-08-07 08:36:43'),(54,128,45,'2022-08-08 02:04:16','2022-08-08 02:04:16'),(57,76,48,'2022-08-12 10:26:54','2022-08-12 10:26:54'),(58,75,49,'2022-08-12 10:34:47','2022-08-12 10:34:47'),(59,83,50,'2022-08-12 10:54:37','2022-08-12 10:54:37'),(60,83,51,'2022-08-12 12:36:22','2022-08-12 12:36:22'),(61,76,52,'2022-08-12 12:36:46','2022-08-12 12:36:46'),(62,50,53,'2022-08-12 14:15:14','2022-08-12 14:15:14'),(63,128,54,'2022-08-13 02:14:52','2022-08-13 02:14:52'),(64,127,57,'2022-08-13 09:59:31','2022-08-13 09:59:31'),(65,127,58,'2022-08-13 10:02:39','2022-08-13 10:02:39'),(66,127,59,'2022-08-13 10:06:29','2022-08-13 10:06:29'),(67,2,60,'2022-08-13 10:17:33','2022-08-13 10:17:33'),(68,108,61,'2022-08-13 12:51:11','2022-08-13 12:51:11'),(69,109,61,'2022-08-13 12:51:11','2022-08-13 12:51:11'),(70,118,61,'2022-08-13 12:51:11','2022-08-13 12:51:11'),(71,133,61,'2022-08-13 12:51:11','2022-08-13 12:51:11'),(72,51,62,'2022-08-13 18:32:04','2022-08-13 18:32:04'),(73,81,65,'2022-08-14 03:24:44','2022-08-14 03:24:44'),(74,88,65,'2022-08-14 03:24:44','2022-08-14 03:24:44'),(75,1,66,'2022-08-14 11:29:09','2022-08-14 11:29:09'),(76,2,66,'2022-08-14 11:29:09','2022-08-14 11:29:09'),(77,3,66,'2022-08-14 11:29:09','2022-08-14 11:29:09'),(78,4,66,'2022-08-14 11:29:09','2022-08-14 11:29:09'),(79,49,66,'2022-08-14 11:29:09','2022-08-14 11:29:09'),(80,50,66,'2022-08-14 11:29:09','2022-08-14 11:29:09'),(81,51,66,'2022-08-14 11:29:10','2022-08-14 11:29:10'),(82,52,66,'2022-08-14 11:29:10','2022-08-14 11:29:10'),(83,53,66,'2022-08-14 11:29:10','2022-08-14 11:29:10'),(84,54,66,'2022-08-14 11:29:10','2022-08-14 11:29:10'),(85,67,66,'2022-08-14 11:29:10','2022-08-14 11:29:10'),(86,74,66,'2022-08-14 11:29:10','2022-08-14 11:29:10'),(87,124,67,'2022-08-14 14:42:49','2022-08-14 14:42:49'),(88,76,68,'2022-08-14 17:36:45','2022-08-14 17:36:45'),(89,111,69,'2022-08-14 22:03:46','2022-08-14 22:03:46'),(90,122,69,'2022-08-14 22:03:46','2022-08-14 22:03:46'),(91,140,69,'2022-08-14 22:03:46','2022-08-14 22:03:46'),(92,67,70,'2022-08-14 23:53:18','2022-08-14 23:53:18'),(93,55,71,'2022-08-15 07:07:49','2022-08-15 07:07:49'),(94,82,72,'2022-08-16 20:57:46','2022-08-16 20:57:46'),(95,146,73,'2022-08-18 16:41:09','2022-08-18 16:41:09'),(96,138,74,'2022-08-19 17:50:18','2022-08-19 17:50:18'),(97,78,76,'2022-08-22 04:18:15','2022-08-22 04:18:15'),(98,85,76,'2022-08-22 04:18:16','2022-08-22 04:18:16'),(99,146,77,'2022-08-22 21:07:18','2022-08-22 21:07:18'),(101,76,78,'2022-08-27 01:49:03','2022-08-27 01:49:03'),(102,146,79,'2022-08-27 16:16:04','2022-08-27 16:16:04'),(103,2,80,'2022-08-27 21:03:48','2022-08-27 21:03:48'),(104,2,81,'2022-08-27 21:06:34','2022-08-27 21:06:34'),(105,51,82,'2022-08-27 21:07:15','2022-08-27 21:07:15'),(106,1,85,'2022-08-27 21:10:18','2022-08-27 21:10:18'),(107,146,86,'2022-08-29 21:44:59','2022-08-29 21:44:59'),(108,114,87,'2022-09-04 06:34:34','2022-09-04 06:34:34'),(109,146,89,'2022-09-04 23:40:29','2022-09-04 23:40:29'),(110,128,91,'2022-09-09 04:02:10','2022-09-09 04:02:10'),(111,146,92,'2022-09-12 23:00:17','2022-09-12 23:00:17'),(112,80,93,'2022-09-13 17:06:04','2022-09-13 17:06:04'),(113,103,93,'2022-09-13 17:06:04','2022-09-13 17:06:04'),(114,146,94,'2022-09-16 15:01:59','2022-09-16 15:01:59'),(115,146,95,'2022-09-21 08:18:48','2022-09-21 08:18:48'),(116,144,98,'2022-10-02 04:48:00','2022-10-02 04:48:00'),(117,4,99,'2022-10-07 15:44:37','2022-10-07 15:44:37'),(118,72,99,'2022-10-07 15:44:37','2022-10-07 15:44:37'),(119,4,100,'2022-10-08 02:40:29','2022-10-08 02:40:29'),(120,59,100,'2022-10-08 02:40:29','2022-10-08 02:40:29'),(121,65,100,'2022-10-08 02:40:29','2022-10-08 02:40:29'),(122,4,101,'2022-10-08 04:59:43','2022-10-08 04:59:43'),(123,146,102,'2022-10-11 22:33:00','2022-10-11 22:33:00'),(124,146,103,'2022-10-14 08:57:31','2022-10-14 08:57:31'),(125,65,104,'2022-10-15 19:14:52','2022-10-15 19:14:52'),(126,101,105,'2022-10-19 17:54:26','2022-10-19 17:54:26'),(127,146,106,'2022-10-22 10:19:13','2022-10-22 10:19:13'),(128,146,107,'2022-10-27 16:53:24','2022-10-27 16:53:24'),(129,54,108,'2022-10-31 04:00:55','2022-10-31 04:00:55'),(130,146,109,'2022-11-03 07:45:34','2022-11-03 07:45:34'),(131,146,110,'2022-11-08 12:14:41','2022-11-08 12:14:41'),(132,146,111,'2022-11-10 05:33:41','2022-11-10 05:33:41'),(133,115,112,'2022-11-10 23:28:15','2022-11-10 23:28:15'),(134,146,113,'2022-11-11 06:41:23','2022-11-11 06:41:23'),(135,146,115,'2022-11-15 21:50:08','2022-11-15 21:50:08'),(136,146,116,'2022-11-26 01:23:05','2022-11-26 01:23:05'),(137,146,117,'2022-12-01 09:40:37','2022-12-01 09:40:37'),(138,53,118,'2022-12-03 18:43:27','2022-12-03 18:43:27'),(139,146,119,'2022-12-05 11:12:37','2022-12-05 11:12:37'),(140,146,120,'2022-12-08 18:12:45','2022-12-08 18:12:45'),(141,146,121,'2022-12-11 03:41:32','2022-12-11 03:41:32'),(142,146,122,'2022-12-16 03:26:42','2022-12-16 03:26:42'),(143,146,123,'2022-12-18 11:21:56','2022-12-18 11:21:56'),(144,146,124,'2022-12-19 22:34:17','2022-12-19 22:34:17'),(145,146,125,'2022-12-22 05:52:17','2022-12-22 05:52:17'),(146,146,126,'2023-01-10 14:01:30','2023-01-10 14:01:30'),(147,78,127,'2023-01-12 04:36:15','2023-01-12 04:36:15'),(148,146,128,'2023-01-17 19:39:52','2023-01-17 19:39:52'),(149,146,129,'2023-01-21 04:17:20','2023-01-21 04:17:20'),(150,120,130,'2023-01-22 05:16:11','2023-01-22 05:16:11'),(151,146,131,'2023-02-07 18:22:27','2023-02-07 18:22:27'),(152,146,132,'2023-02-13 11:17:07','2023-02-13 11:17:07'),(153,68,133,'2023-02-13 16:40:14','2023-02-13 16:40:14'),(154,146,134,'2023-02-16 02:47:01','2023-02-16 02:47:01'),(155,146,135,'2023-02-21 09:14:56','2023-02-21 09:14:56'),(156,81,136,'2023-02-22 04:33:20','2023-02-22 04:33:20'),(157,96,138,'2023-02-22 15:43:44','2023-02-22 15:43:44'),(158,126,139,'2023-03-01 20:29:24','2023-03-01 20:29:24'),(159,146,140,'2023-03-03 18:54:22','2023-03-03 18:54:22'),(160,146,141,'2023-03-14 06:14:40','2023-03-14 06:14:40'),(161,146,142,'2023-03-22 00:25:09','2023-03-22 00:25:09'),(162,146,143,'2023-04-02 02:37:30','2023-04-02 02:37:30'),(163,146,144,'2023-04-05 13:51:35','2023-04-05 13:51:35'),(164,90,145,'2023-04-06 14:05:23','2023-04-06 14:05:23'),(165,146,146,'2023-04-12 11:46:26','2023-04-12 11:46:26'),(166,146,147,'2023-04-17 10:18:25','2023-04-17 10:18:25'),(167,146,148,'2023-04-26 04:40:57','2023-04-26 04:40:57'),(168,126,149,'2023-04-29 20:01:57','2023-04-29 20:01:57'),(169,146,150,'2023-05-19 19:55:16','2023-05-19 19:55:16'),(170,146,151,'2023-05-31 09:10:08','2023-05-31 09:10:08'),(171,146,152,'2023-06-04 15:54:44','2023-06-04 15:54:44');

--
-- Table structure for table `workshop_sales`
--

CREATE TABLE `workshop_sales` (
  `id` bigint unsigned NOT NULL AUTO_INCREMENT,
  `workshop_id` bigint unsigned NOT NULL,
  `name` varchar(125) CHARACTER SET utf8mb4 COLLATE utf8mb4_unicode_ci DEFAULT NULL,
  `phone` varchar(125) CHARACTER SET utf8mb4 COLLATE utf8mb4_unicode_ci DEFAULT NULL,
  `email` varchar(125) CHARACTER SET utf8mb4 COLLATE utf8mb4_unicode_ci DEFAULT NULL,
  `created_at` timestamp NULL DEFAULT NULL,
  `updated_at` timestamp NULL DEFAULT NULL,
  PRIMARY KEY (`id`),
  KEY `workshop_sales_workshop_id_foreign` (`workshop_id`),
  CONSTRAINT `workshop_sales_workshop_id_foreign` FOREIGN KEY (`workshop_id`) REFERENCES `workshops` (`id`) ON DELETE CASCADE
) ENGINE=InnoDB AUTO_INCREMENT=4 DEFAULT CHARSET=utf8mb4 COLLATE=utf8mb4_unicode_ci;

--
-- Dumping data for table `workshop_sales`
--

INSERT INTO `workshop_sales` (`id`, `workshop_id`, `name`, `phone`, `email`, `created_at`, `updated_at`) VALUES (1,6,'Hello World! https://wcezm4.com?hs=fbc719d93653edc8919a4ab681018ab4&','722368891105','l49v1x@mailto.plus','2023-02-19 20:23:07','2023-02-19 20:23:07'),(2,5,'Hello World! https://apel.top/go/gu4winrshe5dgoju?hs=21c8a438d2aacd6e431d592ee5a5fce0&','341158113702','ayfkuh@tofeat.com','2023-04-02 01:37:27','2023-04-02 01:37:27'),(3,6,'Hello World! https://apel.top/go/gu4winrshe5dgoju?hs=fbc719d93653edc8919a4ab681018ab4&','833494504926','ayfkuh@tofeat.com','2023-04-02 01:37:39','2023-04-02 01:37:39');

--
-- Table structure for table `workshops`
--

CREATE TABLE `workshops` (
  `id` bigint unsigned NOT NULL AUTO_INCREMENT,
  `title` varchar(125) CHARACTER SET utf8mb4 COLLATE utf8mb4_unicode_ci NOT NULL,
  `sub_title` varchar(125) CHARACTER SET utf8mb4 COLLATE utf8mb4_unicode_ci DEFAULT NULL,
  `image` varchar(125) CHARACTER SET utf8mb4 COLLATE utf8mb4_unicode_ci DEFAULT NULL,
  `skills` longtext CHARACTER SET utf8mb4 COLLATE utf8mb4_unicode_ci,
  `price` double NOT NULL DEFAULT '0',
  `whatsapp` varchar(125) CHARACTER SET utf8mb4 COLLATE utf8mb4_unicode_ci DEFAULT NULL,
  `created_at` timestamp NULL DEFAULT NULL,
  `updated_at` timestamp NULL DEFAULT NULL,
  `fixed` tinyint(1) NOT NULL DEFAULT '0',
  `description` text CHARACTER SET utf8mb4 COLLATE utf8mb4_unicode_ci,
  PRIMARY KEY (`id`)
) ENGINE=InnoDB AUTO_INCREMENT=9 DEFAULT CHARSET=utf8mb4 COLLATE=utf8mb4_unicode_ci;

--
-- Dumping data for table `workshops`
--

INSERT INTO `workshops` (`id`, `title`, `sub_title`, `image`, `skills`, `price`, `whatsapp`, `created_at`, `updated_at`, `fixed`, `description`) VALUES (5,'استفسر عن عرض ورشة العمل','عروض تقديمية','img/workshops/images/16597417054282.png','a:1:{i:0;s:93:\"يرجى كتابة أهم المحاور التي يحتويها العرض التقديمي\";}',0,'55653005','2022-06-13 07:59:41','2022-08-05 21:21:45',1,'إن كان لديكم ورشة عمل جاهزة و تريدون عرضها للمعلمين و الاستفادة منها يرجى التواصل على الوتساب'),(6,'الأهداف السلوكية','اجتماع فني','img/workshops/images/16597417234756.png','a:1:{i:0;s:82:\"معرفة كيفية كتابة الأهداف السلوكية و أنواعها\";}',2,'55653005','2022-08-02 15:43:46','2022-08-05 21:22:03',1,'يحتوي العرض التقديمي على 13 شريحة تتضمن (المفهوم - الأهمية - كيفية صياغة الأهداف السلوكية - مكونات الأهداف السلوكية - أقسام الأهداف السلوكية)'),(8,'ضغوطات العمل','ورشة عمل / اجتماع فني','img/workshops/images/16604003443981.png','a:3:{i:0;s:63:\"التعرف على ضغوطات العمل و مسبباتها\";i:1;s:47:\"كيفية التعامل مع الضغوطات\";i:2;s:40:\"تمارين معرفة الضغوطات\";}',10,'55653005','2022-08-13 12:19:04','2022-08-13 12:19:17',0,'يحتوي العرض التقديمي على 24 شريحة تتضمن (المفهوم - العناصر المسببة لضغوط العمل - أسباب ضغوطات العمل (الشخصية / الإدارة المدرسية / الطلاب / زملاء العمل)- فيديو و تمارين  )');

--
-- Dumping events for database 'topappkw_education'
--

--
-- Dumping routines for database 'topappkw_education'
--


