-- Table structure for table `oauth_auth_codes`
--

CREATE TABLE `oauth_auth_codes` (
  `id` varchar(100) CHARACTER SET utf8mb4 COLLATE utf8mb4_unicode_ci NOT NULL,
  `user_id` bigint unsigned NOT NULL,
  `client_id` bigint unsigned NOT NULL,
  `scopes` text CHARACTER SET utf8mb4 COLLATE utf8mb4_unicode_ci,
  `revoked` tinyint(1) NOT NULL,
  `expires_at` datetime DEFAULT NULL,
  PRIMARY KEY (`id`),
  KEY `oauth_auth_codes_user_id_index` (`user_id`)
) ENGINE=InnoDB DEFAULT CHARSET=utf8mb4 COLLATE=utf8mb4_unicode_ci;

--
-- Dumping data for table `oauth_auth_codes`
--


--
-- Table structure for table `oauth_clients`
--

CREATE TABLE `oauth_clients` (
  `id` bigint unsigned NOT NULL AUTO_INCREMENT,
  `user_id` bigint unsigned DEFAULT NULL,
  `name` varchar(191) CHARACTER SET utf8mb4 COLLATE utf8mb4_unicode_ci NOT NULL,
  `secret` varchar(100) CHARACTER SET utf8mb4 COLLATE utf8mb4_unicode_ci DEFAULT NULL,
  `redirect` text CHARACTER SET utf8mb4 COLLATE utf8mb4_unicode_ci NOT NULL,
  `personal_access_client` tinyint(1) NOT NULL,
  `password_client` tinyint(1) NOT NULL,
  `revoked` tinyint(1) NOT NULL,
  `created_at` timestamp NULL DEFAULT NULL,
  `updated_at` timestamp NULL DEFAULT NULL,
  PRIMARY KEY (`id`),
  KEY `oauth_clients_user_id_index` (`user_id`)
) ENGINE=InnoDB AUTO_INCREMENT=3 DEFAULT CHARSET=utf8mb4 COLLATE=utf8mb4_unicode_ci;

--
-- Dumping data for table `oauth_clients`
--

INSERT INTO `oauth_clients` (`id`, `user_id`, `name`, `secret`, `redirect`, `personal_access_client`, `password_client`, `revoked`, `created_at`, `updated_at`) VALUES (1,NULL,'Laravel Personal Access Client','nD9tLftO9yPuy9sexRpd1V1t5XwhgI0JADl5isNk','http://localhost',1,0,0,'2020-07-29 17:24:28','2020-07-29 17:24:28'),(2,NULL,'Laravel Password Grant Client','Zx7wdRCKhy64fvpm3usbv6k56vLOV4E3gOZamV7w','http://localhost',0,1,0,'2020-07-29 17:24:28','2020-07-29 17:24:28');

--
-- Table structure for table `oauth_personal_access_clients`
--

CREATE TABLE `oauth_personal_access_clients` (
  `id` bigint unsigned NOT NULL AUTO_INCREMENT,
  `client_id` bigint unsigned NOT NULL,
  `created_at` timestamp NULL DEFAULT NULL,
  `updated_at` timestamp NULL DEFAULT NULL,
  PRIMARY KEY (`id`)
) ENGINE=InnoDB AUTO_INCREMENT=2 DEFAULT CHARSET=utf8mb4 COLLATE=utf8mb4_unicode_ci;

--
-- Dumping data for table `oauth_personal_access_clients`
--

INSERT INTO `oauth_personal_access_clients` (`id`, `client_id`, `created_at`, `updated_at`) VALUES (1,1,'2020-07-29 17:24:28','2020-07-29 17:24:28');

--
-- Table structure for table `oauth_refresh_tokens`
--

CREATE TABLE `oauth_refresh_tokens` (
  `id` varchar(100) CHARACTER SET utf8mb4 COLLATE utf8mb4_unicode_ci NOT NULL,
  `access_token_id` varchar(100) CHARACTER SET utf8mb4 COLLATE utf8mb4_unicode_ci NOT NULL,
  `revoked` tinyint(1) NOT NULL,
  `expires_at` datetime DEFAULT NULL,
  PRIMARY KEY (`id`)
) ENGINE=InnoDB DEFAULT CHARSET=utf8mb4 COLLATE=utf8mb4_unicode_ci;

--
-- Dumping data for table `oauth_refresh_tokens`
--


--
-- Table structure for table `offer_translations`
--

CREATE TABLE `offer_translations` (
  `id` int unsigned NOT NULL AUTO_INCREMENT,
  `offer_id` int unsigned NOT NULL,
  `name` varchar(191) CHARACTER SET utf8mb4 COLLATE utf8mb4_unicode_ci NOT NULL,
  `locale` varchar(191) CHARACTER SET utf8mb4 COLLATE utf8mb4_unicode_ci NOT NULL,
  `created_at` timestamp NULL DEFAULT NULL,
  `updated_at` timestamp NULL DEFAULT NULL,
  PRIMARY KEY (`id`),
  UNIQUE KEY `offer_translations_offer_id_locale_unique` (`offer_id`,`locale`),
  KEY `offer_translations_locale_index` (`locale`)
) ENGINE=InnoDB DEFAULT CHARSET=utf8mb4 COLLATE=utf8mb4_unicode_ci;

--
-- Dumping data for table `offer_translations`
--


--
-- Table structure for table `offers`
--

CREATE TABLE `offers` (
  `id` int unsigned NOT NULL AUTO_INCREMENT,
  `image` varchar(191) CHARACTER SET utf8mb4 COLLATE utf8mb4_unicode_ci NOT NULL,
  `status` tinyint(1) NOT NULL,
  `link_id` varchar(191) CHARACTER SET utf8mb4 COLLATE utf8mb4_unicode_ci NOT NULL,
  `show` enum('category','product') CHARACTER SET utf8mb4 COLLATE utf8mb4_unicode_ci NOT NULL,
  `user_id` int unsigned NOT NULL,
  `created_at` timestamp NULL DEFAULT NULL,
  `updated_at` timestamp NULL DEFAULT NULL,
  PRIMARY KEY (`id`),
  KEY `offers_user_id_foreign` (`user_id`)
) ENGINE=InnoDB DEFAULT CHARSET=utf8mb4 COLLATE=utf8mb4_unicode_ci;

--
-- Dumping data for table `offers`
--


--
-- Table structure for table `order_activations`
--

CREATE TABLE `order_activations` (
  `id` int unsigned NOT NULL AUTO_INCREMENT,
  `order_id` int unsigned DEFAULT NULL,
  `code` int NOT NULL,
  `phone` varchar(191) CHARACTER SET utf8mb4 COLLATE utf8mb4_unicode_ci DEFAULT NULL,
  `status` int NOT NULL DEFAULT '0',
  `created_at` timestamp NULL DEFAULT NULL,
  `updated_at` timestamp NULL DEFAULT NULL,
  PRIMARY KEY (`id`),
  KEY `order_activations_order_id_foreign` (`order_id`)
) ENGINE=InnoDB DEFAULT CHARSET=utf8mb4 COLLATE=utf8mb4_unicode_ci;

--
-- Dumping data for table `order_activations`
--


--
-- Table structure for table `order_coupons`
--

CREATE TABLE `order_coupons` (
  `id` int unsigned NOT NULL AUTO_INCREMENT,
  `order_id` int unsigned NOT NULL,
  `company_id` int unsigned DEFAULT NULL,
  `price` double NOT NULL,
  `discountprice` double NOT NULL,
  `code` varchar(191) CHARACTER SET utf8mb4 COLLATE utf8mb4_unicode_ci NOT NULL,
  `value` varchar(191) CHARACTER SET utf8mb4 COLLATE utf8mb4_unicode_ci NOT NULL,
  `created_at` timestamp NULL DEFAULT NULL,
  `updated_at` timestamp NULL DEFAULT NULL,
  `coupons_id` int unsigned DEFAULT NULL,
  `ids` varchar(191) CHARACTER SET utf8mb4 COLLATE utf8mb4_unicode_ci DEFAULT NULL,
  `type` varchar(191) CHARACTER SET utf8mb4 COLLATE utf8mb4_unicode_ci DEFAULT NULL,
  PRIMARY KEY (`id`),
  KEY `order_coupons_order_id_foreign` (`order_id`),
  KEY `order_coupons_company_id_foreign` (`company_id`),
  KEY `order_coupons_coupons_id_foreign` (`coupons_id`)
) ENGINE=InnoDB DEFAULT CHARSET=utf8mb4 COLLATE=utf8mb4_unicode_ci;

--
-- Dumping data for table `order_coupons`
--


--
-- Table structure for table `order_drivers`
--

CREATE TABLE `order_drivers` (
  `id` int unsigned NOT NULL AUTO_INCREMENT,
  `order_id` int unsigned NOT NULL,
  `user_id` int unsigned NOT NULL,
  `status` enum('true','false') CHARACTER SET utf8mb4 COLLATE utf8mb4_unicode_ci NOT NULL,
  `created_at` timestamp NULL DEFAULT NULL,
  `updated_at` timestamp NULL DEFAULT NULL,
  PRIMARY KEY (`id`),
  KEY `order_drivers_order_id_foreign` (`order_id`),
  KEY `order_drivers_user_id_foreign` (`user_id`)
) ENGINE=InnoDB DEFAULT CHARSET=utf8mb4 COLLATE=utf8mb4_unicode_ci;

--
-- Dumping data for table `order_drivers`
--


--
-- Table structure for table `order_free_products`
--

CREATE TABLE `order_free_products` (
  `id` int unsigned NOT NULL AUTO_INCREMENT,
  `order_id` int unsigned DEFAULT NULL,
  `company_id` int unsigned DEFAULT NULL,
  `product_id` int unsigned DEFAULT NULL,
  `created_at` timestamp NULL DEFAULT NULL,
  `updated_at` timestamp NULL DEFAULT NULL,
  PRIMARY KEY (`id`),
  KEY `order_free_products_order_id_foreign` (`order_id`),
  KEY `order_free_products_company_id_foreign` (`company_id`),
  KEY `order_free_products_product_id_foreign` (`product_id`)
) ENGINE=InnoDB DEFAULT CHARSET=utf8mb4 COLLATE=utf8mb4_unicode_ci;

--
-- Dumping data for table `order_free_products`
--


--
-- Table structure for table `order_product_features`
--

CREATE TABLE `order_product_features` (
  `id` bigint unsigned NOT NULL AUTO_INCREMENT,
  `order_product_id` int unsigned NOT NULL,
  `feature_id` int unsigned NOT NULL,
  `title` varchar(191) CHARACTER SET utf8mb4 COLLATE utf8mb4_unicode_ci NOT NULL,
  `price` int NOT NULL,
  `count` int DEFAULT NULL,
  `created_at` timestamp NULL DEFAULT NULL,
  `updated_at` timestamp NULL DEFAULT NULL,
  `product_id` int unsigned DEFAULT NULL,
  `option_id` int unsigned DEFAULT NULL,
  PRIMARY KEY (`id`),
  KEY `order_product_features_order_product_id_foreign` (`order_product_id`),
  KEY `order_product_features_feature_id_foreign` (`feature_id`),
  KEY `order_product_features_product_id_foreign` (`product_id`),
  KEY `order_product_features_option_id_foreign` (`option_id`)
) ENGINE=InnoDB AUTO_INCREMENT=3 DEFAULT CHARSET=utf8mb4 COLLATE=utf8mb4_unicode_ci;

--
-- Dumping data for table `order_product_features`
--

INSERT INTO `order_product_features` (`id`, `order_product_id`, `feature_id`, `title`, `price`, `count`, `created_at`, `updated_at`, `product_id`, `option_id`) VALUES (1,1,5,'3',1,NULL,'2021-11-14 21:43:36','2021-11-14 21:43:36',21,65),(2,2,5,'3',1,NULL,'2021-11-14 21:44:51','2021-11-14 21:44:51',1,65);

--
-- Table structure for table `order_product_gifts`
--

CREATE TABLE `order_product_gifts` (
  `id` int unsigned NOT NULL AUTO_INCREMENT,
  `order_id` int unsigned NOT NULL,
  `product_orders_id` int unsigned NOT NULL,
  `product_id` int unsigned NOT NULL,
  `created_at` timestamp NULL DEFAULT NULL,
  `updated_at` timestamp NULL DEFAULT NULL,
  PRIMARY KEY (`id`),
  KEY `order_product_gifts_order_id_foreign` (`order_id`),
  KEY `order_product_gifts_product_orders_id_foreign` (`product_orders_id`),
  KEY `order_product_gifts_product_id_foreign` (`product_id`)
) ENGINE=InnoDB DEFAULT CHARSET=utf8mb4 COLLATE=utf8mb4_unicode_ci;

--
-- Dumping data for table `order_product_gifts`
--


--
-- Table structure for table `order_shipping`
--

CREATE TABLE `order_shipping` (
  `id` int unsigned NOT NULL AUTO_INCREMENT,
  `order_id` int unsigned NOT NULL,
  `address` varchar(191) CHARACTER SET utf8mb4 COLLATE utf8mb4_unicode_ci DEFAULT NULL,
  `user_mobile` varchar(191) CHARACTER SET utf8mb4 COLLATE utf8mb4_unicode_ci DEFAULT NULL,
  `region_id` int unsigned DEFAULT NULL,
  `block` varchar(191) CHARACTER SET utf8mb4 COLLATE utf8mb4_unicode_ci DEFAULT NULL,
  `gada` varchar(191) CHARACTER SET utf8mb4 COLLATE utf8mb4_unicode_ci DEFAULT NULL,
  `jada` varchar(191) CHARACTER SET utf8mb3 COLLATE utf8mb3_general_ci DEFAULT NULL,
  `building` varchar(191) CHARACTER SET utf8mb4 COLLATE utf8mb4_unicode_ci DEFAULT NULL,
  `floor` varchar(191) CHARACTER SET utf8mb4 COLLATE utf8mb4_unicode_ci DEFAULT NULL,
  `room_number` varchar(191) CHARACTER SET utf8mb4 COLLATE utf8mb4_unicode_ci DEFAULT NULL,
  `add_description` text CHARACTER SET utf8mb4 COLLATE utf8mb4_unicode_ci,
  `created_at` timestamp NULL DEFAULT NULL,
  `updated_at` timestamp NULL DEFAULT NULL,
  `address_latitude` double DEFAULT NULL,
  `address_longitude` double DEFAULT NULL,
  PRIMARY KEY (`id`),
  KEY `order_shipping_order_id_foreign` (`order_id`),
  KEY `order_shipping_region_id_foreign` (`region_id`)
) ENGINE=InnoDB AUTO_INCREMENT=202 DEFAULT CHARSET=utf8mb4 COLLATE=utf8mb4_unicode_ci;

--
-- Dumping data for table `order_shipping`
--

INSERT INTO `order_shipping` (`id`, `order_id`, `address`, `user_mobile`, `region_id`, `block`, `gada`, `jada`, `building`, `floor`, `room_number`, `add_description`, `created_at`, `updated_at`, `address_latitude`, `address_longitude`) VALUES (143,208,NULL,'5599151',NULL,NULL,NULL,NULL,NULL,NULL,NULL,NULL,NULL,NULL,NULL,NULL),(144,211,NULL,'67852385',NULL,NULL,NULL,NULL,NULL,NULL,NULL,NULL,NULL,NULL,NULL,NULL),(145,222,NULL,'99982994',NULL,NULL,NULL,NULL,NULL,NULL,NULL,NULL,NULL,NULL,NULL,NULL),(146,225,'3','99067402',94,'5','1','3','5',NULL,NULL,NULL,NULL,NULL,NULL,NULL),(147,228,'3','56678752',91,'4','2',NULL,'26',NULL,NULL,NULL,NULL,NULL,NULL,NULL),(148,230,NULL,'97504865',NULL,NULL,NULL,NULL,NULL,NULL,NULL,NULL,NULL,NULL,NULL,NULL),(149,232,'2','٩٧٣١١٤٣٤',52,'٣ب','٧',NULL,'٢٤',NULL,NULL,NULL,NULL,NULL,NULL,NULL),(150,234,'3','94414442',94,'7','1','3','41',NULL,NULL,NULL,NULL,NULL,NULL,NULL),(151,241,'1','69936649',16,'2','239',NULL,'34',NULL,NULL,NULL,NULL,NULL,NULL,NULL),(152,235,'2','56678752',45,'4','2',NULL,'26',NULL,NULL,NULL,NULL,NULL,NULL,NULL),(153,242,'2','67782374',44,'5','h','v','v',NULL,NULL,NULL,NULL,NULL,NULL,NULL),(154,243,'2','67782374',44,'5','h','v','v',NULL,NULL,NULL,NULL,NULL,NULL,NULL),(155,247,NULL,'50600978',NULL,NULL,NULL,NULL,NULL,NULL,NULL,NULL,NULL,NULL,NULL,NULL),(156,253,NULL,'55952230',NULL,NULL,NULL,NULL,NULL,NULL,NULL,NULL,NULL,NULL,NULL,NULL),(157,254,'3','99077207',98,'1','11',NULL,'4',NULL,NULL,NULL,NULL,NULL,NULL,NULL),(158,255,'2','55556159',51,'8','83',NULL,'23',NULL,NULL,NULL,NULL,NULL,NULL,NULL),(159,259,NULL,'99077207',NULL,NULL,NULL,NULL,NULL,NULL,NULL,NULL,NULL,NULL,NULL,NULL),(160,258,'2','55556159',51,'8','83',NULL,'23',NULL,NULL,NULL,NULL,NULL,NULL,NULL),(161,260,NULL,'97504865',NULL,NULL,NULL,NULL,NULL,NULL,NULL,NULL,NULL,NULL,NULL,NULL),(162,261,NULL,'97504865',NULL,NULL,NULL,NULL,NULL,NULL,NULL,NULL,NULL,NULL,NULL,NULL),(163,264,NULL,'55892265',NULL,NULL,NULL,NULL,NULL,NULL,NULL,NULL,NULL,NULL,NULL,NULL),(164,267,NULL,'88888888',NULL,NULL,NULL,NULL,NULL,NULL,NULL,NULL,NULL,NULL,NULL,NULL),(165,268,NULL,'99629606',NULL,NULL,NULL,NULL,NULL,NULL,NULL,NULL,NULL,NULL,NULL,NULL),(166,269,NULL,'56678752',NULL,NULL,NULL,NULL,NULL,NULL,NULL,NULL,NULL,NULL,NULL,NULL),(167,271,NULL,'51600960',NULL,NULL,NULL,NULL,NULL,NULL,NULL,NULL,NULL,NULL,NULL,NULL),(168,273,NULL,'99077207',NULL,NULL,NULL,NULL,NULL,NULL,NULL,NULL,NULL,NULL,NULL,NULL),(169,275,'2','55556159',51,'8','83',NULL,'23',NULL,NULL,NULL,NULL,NULL,NULL,NULL),(170,280,'2','55556159',51,'8','83',NULL,'23',NULL,NULL,NULL,NULL,NULL,NULL,NULL),(171,281,'1','69936649',16,'2','239',NULL,'34',NULL,NULL,NULL,NULL,NULL,NULL,NULL),(172,293,NULL,'55142122',NULL,NULL,NULL,NULL,NULL,NULL,NULL,NULL,NULL,NULL,NULL,NULL),(173,297,NULL,'60030020',NULL,NULL,NULL,NULL,NULL,NULL,NULL,NULL,NULL,NULL,NULL,NULL),(174,296,'2','66818682',51,'9','96',NULL,'11',NULL,NULL,NULL,NULL,NULL,NULL,NULL),(175,300,'1','94450110',94,'13','2','5','43',NULL,NULL,NULL,NULL,NULL,NULL,NULL),(176,301,NULL,'94414442',NULL,NULL,NULL,NULL,NULL,NULL,NULL,NULL,NULL,NULL,NULL,NULL),(177,304,NULL,'97504865',NULL,NULL,NULL,NULL,NULL,NULL,NULL,NULL,NULL,NULL,NULL,NULL),(178,307,NULL,'97504865',NULL,NULL,NULL,NULL,NULL,NULL,NULL,NULL,NULL,NULL,NULL,NULL),(179,308,'6','92207724',76,'6','15','0','16',NULL,NULL,NULL,NULL,NULL,NULL,NULL),(180,309,'6','67742444',88,'1','24',NULL,'9',NULL,NULL,NULL,NULL,NULL,NULL,NULL),(181,310,'3','99075583',44,'12','1','9','1',NULL,NULL,NULL,NULL,NULL,NULL,NULL),(182,238,'6','65517131',86,'3','3',NULL,'134',NULL,NULL,NULL,NULL,NULL,NULL,NULL),(183,313,NULL,'96000852',NULL,NULL,NULL,NULL,NULL,NULL,NULL,NULL,NULL,NULL,NULL,NULL),(184,317,'6','66626655',84,'1','7',NULL,'335',NULL,NULL,NULL,NULL,NULL,NULL,NULL),(185,320,'6','66669331',84,'3','2',NULL,'472',NULL,NULL,NULL,NULL,NULL,NULL,NULL),(186,321,'3','55321323',90,'7','2',NULL,'21',NULL,NULL,NULL,NULL,NULL,NULL,NULL),(187,324,'6','66689851',84,'1','7','0','335',NULL,NULL,NULL,NULL,NULL,NULL,NULL),(188,325,'6','66330025',74,'3','302','0','42',NULL,NULL,NULL,NULL,NULL,NULL,NULL),(189,326,'6','60305030',82,'1','115','0','46',NULL,NULL,NULL,NULL,NULL,NULL,NULL),(190,329,'3','99113376',101,'2','141','0','522',NULL,NULL,NULL,NULL,NULL,NULL,NULL),(191,330,NULL,'50909048',NULL,NULL,NULL,NULL,NULL,NULL,NULL,NULL,NULL,NULL,NULL,NULL),(192,294,NULL,'50909048',NULL,NULL,NULL,NULL,NULL,NULL,NULL,NULL,NULL,NULL,NULL,NULL),(193,331,'6','51533312',76,'6','13','0','26',NULL,NULL,NULL,NULL,NULL,NULL,NULL),(194,332,'6','94784433',79,'1','149',NULL,'2',NULL,NULL,NULL,NULL,NULL,NULL,NULL),(195,334,'3','94450110',94,'13','2','5','43',NULL,NULL,NULL,NULL,NULL,NULL,NULL),(196,335,'6','64445532',88,'3','304',NULL,'156',NULL,NULL,NULL,NULL,NULL,NULL,NULL),(197,336,'3','99075583',44,'12','1','9','1',NULL,NULL,NULL,NULL,NULL,NULL,NULL),(198,315,'6','65517131',86,'3','3',NULL,'134',NULL,NULL,NULL,NULL,NULL,NULL,NULL),(199,337,'1','97899405',25,'9','93',NULL,'13',NULL,NULL,NULL,NULL,NULL,NULL,NULL),(200,339,NULL,'99075583',NULL,NULL,NULL,NULL,NULL,NULL,NULL,NULL,NULL,NULL,NULL,NULL),(201,343,'5','5525595',105,'9','7','6','15',NULL,NULL,NULL,NULL,NULL,NULL,NULL);

--
-- Table structure for table `ordercomments`
--

CREATE TABLE `ordercomments` (
  `id` int NOT NULL AUTO_INCREMENT,
  `user_id` int unsigned NOT NULL,
  `order_id` int unsigned NOT NULL,
  `comment` text CHARACTER SET utf8mb3 COLLATE utf8mb3_general_ci NOT NULL,
  `created_at` timestamp NULL DEFAULT NULL,
  `updated_at` timestamp NULL DEFAULT NULL,
  PRIMARY KEY (`id`),
  KEY `user_id` (`user_id`),
  KEY `order_id` (`order_id`)
) ENGINE=InnoDB AUTO_INCREMENT=3 DEFAULT CHARSET=latin1;

--
-- Dumping data for table `ordercomments`
--

INSERT INTO `ordercomments` (`id`, `user_id`, `order_id`, `comment`, `created_at`, `updated_at`) VALUES (1,1,19,'xzcdsfsdasd','2020-08-09 15:06:00','2020-08-09 15:06:00'),(2,1,34,'sdfsf','2020-08-09 15:08:29','2020-08-09 15:08:29');

--
-- Table structure for table `orders`
--

CREATE TABLE `orders` (
  `id` int unsigned NOT NULL AUTO_INCREMENT,
  `order_number` varchar(191) CHARACTER SET utf8mb4 COLLATE utf8mb4_unicode_ci DEFAULT NULL,
  `total_price` double(8,2) DEFAULT NULL,
  `user_id` int unsigned DEFAULT NULL,
  `gammely` tinyint DEFAULT NULL,
  `shipping_Type` varchar(10) CHARACTER SET utf8mb4 COLLATE utf8mb4_unicode_ci DEFAULT NULL,
  `delivery_time` int unsigned DEFAULT NULL,
  `status` varchar(191) CHARACTER SET utf8mb4 COLLATE utf8mb4_unicode_ci DEFAULT NULL,
  `payment_method` int unsigned DEFAULT NULL,
  `payment_status` enum('paid','unPaid') CHARACTER SET utf8mb4 COLLATE utf8mb4_unicode_ci DEFAULT NULL,
  `created_at` timestamp NULL DEFAULT NULL,
  `updated_at` timestamp NULL DEFAULT NULL,
  `order_done_date` timestamp NULL DEFAULT NULL,
  `orderType` enum('web','application') CHARACTER SET utf8mb4 COLLATE utf8mb4_unicode_ci DEFAULT NULL,
  `wantShipping` enum('0','1') CHARACTER SET utf8mb4 COLLATE utf8mb4_unicode_ci DEFAULT NULL,
  `payment_id` int DEFAULT NULL,
  `incart` tinyint DEFAULT '1',
  `mac_address` varchar(225) CHARACTER SET utf8mb4 COLLATE utf8mb4_unicode_ci DEFAULT NULL,
  `price_ship` float DEFAULT NULL,
  `delivery_date_time` int unsigned DEFAULT NULL,
  `DeviceToken` varchar(255) CHARACTER SET utf8mb4 COLLATE utf8mb4_unicode_ci DEFAULT NULL,
  `deleted_at` timestamp NULL DEFAULT NULL,
  `reason` text CHARACTER SET utf8mb4 COLLATE utf8mb4_unicode_ci,
  PRIMARY KEY (`id`),
  KEY `orders_user_id_foreign` (`user_id`),
  KEY `orders_shipping_type_foreign` (`shipping_Type`),
  KEY `orders_delivery_time_foreign` (`delivery_time`),
  KEY `orders_payment_method_foreign` (`payment_method`),
  KEY `orders_delivery_date_time_foreign` (`delivery_date_time`)
) ENGINE=InnoDB AUTO_INCREMENT=344 DEFAULT CHARSET=utf8mb4 COLLATE=utf8mb4_unicode_ci;

--
-- Dumping data for table `orders`
--

INSERT INTO `orders` (`id`, `order_number`, `total_price`, `user_id`, `gammely`, `shipping_Type`, `delivery_time`, `status`, `payment_method`, `payment_status`, `created_at`, `updated_at`, `order_done_date`, `orderType`, `wantShipping`, `payment_id`, `incart`, `mac_address`, `price_ship`, `delivery_date_time`, `DeviceToken`, `deleted_at`, `reason`) VALUES (208,'99914',3.05,NULL,0,NULL,NULL,'wait',1,NULL,'2022-04-20 09:24:42','2022-07-18 18:21:21','2022-04-20 09:25:01','application','1',NULL,0,'8B2BB30F-BCED-4724-A754-ADDAE077958C',NULL,NULL,NULL,'2022-07-18 18:21:21',NULL),(209,'96209',NULL,NULL,0,'3',NULL,'wait',NULL,NULL,'2022-05-09 11:25:55','2022-05-09 11:29:46',NULL,'application','1',NULL,1,'48184C53-1B8D-4E18-BB3E-7A3CC022CD4B',NULL,NULL,NULL,'2022-05-09 11:29:46',NULL),(210,'62263',NULL,NULL,0,'3',NULL,'wait',NULL,NULL,'2022-06-11 04:27:30','2022-06-11 04:28:21',NULL,'application','1',NULL,1,'47f08a08ef769f78',NULL,NULL,NULL,'2022-06-11 04:28:21',NULL),(211,'16136',1.74,NULL,0,NULL,NULL,'wait',2,NULL,'2022-06-11 08:33:08','2022-07-18 18:21:04','2022-06-11 08:34:25','application','1',NULL,0,'0F913C09-3510-446B-9440-B6411C14ACE9',NULL,NULL,NULL,'2022-07-18 18:21:04',NULL),(212,'16403',NULL,NULL,0,'3',NULL,'wait',NULL,NULL,'2022-06-18 08:26:00','2022-06-18 08:26:14',NULL,'application','1',NULL,1,'d9e392da57f07ca2',NULL,NULL,NULL,'2022-06-18 08:26:14',NULL),(213,'52081',NULL,NULL,0,'3',NULL,'wait',NULL,NULL,'2022-06-28 05:42:01','2022-06-28 05:42:01',NULL,'application','1',NULL,1,'0f593a6c0e398d2b',NULL,NULL,NULL,NULL,NULL),(214,'68299',NULL,NULL,0,'3',NULL,'wait',NULL,NULL,'2022-07-18 18:51:59','2022-07-18 18:52:29',NULL,'application','1',NULL,1,'1CD6ACCB-2308-47DE-96D2-A6C1996DE7DE',NULL,NULL,NULL,'2022-07-18 18:52:29',NULL),(215,'38739',NULL,NULL,0,'3',NULL,'wait',NULL,NULL,'2022-07-21 09:19:14','2022-07-21 09:19:14',NULL,'application','1',NULL,1,'3D85F51D-3E2C-4353-A034-6298341BA91F',NULL,NULL,NULL,NULL,NULL),(216,'72154',NULL,NULL,0,'3',NULL,'wait',NULL,NULL,'2022-07-30 02:18:47','2022-07-30 02:18:47',NULL,'application','1',NULL,1,'b4be09388e06964d',NULL,NULL,NULL,NULL,NULL),(217,'97243',NULL,NULL,0,'3',NULL,'wait',NULL,NULL,'2022-08-01 15:45:40','2022-08-01 15:45:40',NULL,'application','1',NULL,1,'83497211f4ea7b3d',NULL,NULL,NULL,NULL,NULL),(218,'61653',NULL,NULL,0,'3',NULL,'wait',NULL,NULL,'2022-08-13 12:35:08','2022-08-13 12:35:08',NULL,'application','1',NULL,1,'7FFA5E95-A112-4C1E-BD82-6BEBF5B501E5',NULL,NULL,NULL,NULL,NULL),(219,'10647',NULL,NULL,0,'3',NULL,'wait',NULL,NULL,'2022-08-21 08:28:57','2022-08-21 08:28:57',NULL,'application','1',NULL,1,'873cb8a0aa2cd074',NULL,NULL,NULL,NULL,NULL),(220,'82063',NULL,NULL,0,'3',NULL,'wait',NULL,NULL,'2022-09-11 22:40:03','2022-09-11 22:40:03',NULL,'application','1',NULL,1,'404AFF05-E2BC-4626-B92E-73410411CB88',NULL,NULL,NULL,NULL,NULL),(221,'70523',NULL,NULL,0,'3',NULL,'wait',NULL,NULL,'2022-09-12 03:47:26','2022-09-12 03:47:26',NULL,'application','1',NULL,1,'D5B3AB4F-270A-4D9E-B100-0815E79098A1',NULL,NULL,NULL,NULL,NULL),(222,'2504',1.56,NULL,0,NULL,NULL,'wait',2,NULL,'2022-09-12 16:08:42','2022-09-12 16:14:53','2022-09-12 16:14:53','application','1',NULL,0,'A208CB82-8368-488D-AAED-8D53CC960AB8',NULL,NULL,NULL,NULL,NULL),(223,'52557',NULL,NULL,0,'3',NULL,'wait',NULL,NULL,'2022-09-12 20:46:14','2022-09-12 20:48:36',NULL,'application','1',NULL,1,'28490CB2-CA9F-4CA0-BC79-8974C345882E',NULL,NULL,NULL,'2022-09-12 20:48:36',NULL),(224,'82029',NULL,NULL,0,'3',NULL,'wait',NULL,NULL,'2022-09-12 22:14:34','2022-09-12 22:14:34',NULL,'application','1',NULL,1,'D8EDC598-B8BF-4A23-838E-4734B8933E78',NULL,NULL,NULL,NULL,NULL),(225,'16778',13.60,NULL,0,'منزل',NULL,'wait',1,NULL,'2022-09-13 10:56:14','2022-09-13 11:02:48','2022-09-13 11:02:48','application','1',NULL,0,'1CD6ACCB-2308-47DE-96D2-A6C1996DE7DE',1.25,NULL,NULL,NULL,NULL),(226,'38146',NULL,NULL,0,'3',NULL,'wait',NULL,NULL,'2022-09-18 16:00:13','2022-09-18 16:00:13',NULL,'application','1',NULL,1,'0AD720A6-F293-429E-B8B4-C60E55096DC2',NULL,NULL,NULL,NULL,NULL),(227,'13380',NULL,NULL,0,'3',NULL,'wait',NULL,NULL,'2022-09-19 11:01:27','2022-09-19 11:01:27',NULL,'application','1',NULL,1,'DC010F23-E36D-49EC-9619-C5D9D9C08FE7',NULL,NULL,NULL,NULL,NULL),(228,'80102',6.79,NULL,0,'منزل',NULL,'wait',1,NULL,'2022-09-19 19:53:09','2022-09-19 19:54:24','2022-09-19 19:54:24','application','1',NULL,0,'5765490A-7C14-44D3-9CAA-7B29ED42A7AE',1.25,NULL,NULL,NULL,NULL),(229,'27437',NULL,NULL,0,'3',NULL,'wait',NULL,NULL,'2022-09-22 19:05:46','2022-09-22 19:05:46',NULL,'application','1',NULL,1,'EA4BF111-83AE-4C2E-8CD7-89D923838BC4',NULL,NULL,NULL,NULL,NULL),(230,'99878',39.82,NULL,0,NULL,NULL,'wait',1,NULL,'2022-09-23 07:54:49','2022-09-23 08:09:04','2022-09-23 08:09:04','application','1',NULL,0,'1CD6ACCB-2308-47DE-96D2-A6C1996DE7DE',NULL,NULL,NULL,NULL,NULL),(231,'94978',NULL,NULL,0,'3',NULL,'wait',NULL,NULL,'2022-09-23 08:49:04','2022-09-23 08:49:46',NULL,'application','1',NULL,1,'5765490A-7C14-44D3-9CAA-7B29ED42A7AE',NULL,NULL,NULL,'2022-09-23 08:49:46',NULL),(232,'89954',13.02,NULL,0,'شقة',NULL,'wait',2,NULL,'2022-09-24 06:00:27','2022-09-24 06:16:57','2022-09-24 06:16:57','application','1',NULL,0,'0A1A89E3-0710-4816-91E6-1C95E6651525',1.25,NULL,NULL,NULL,NULL),(233,'60792',NULL,NULL,0,'3',NULL,'wait',NULL,NULL,'2022-09-24 10:34:09','2022-09-24 10:34:09',NULL,'application','1',NULL,1,'0A1A89E3-0710-4816-91E6-1C95E6651525',NULL,NULL,NULL,NULL,NULL),(234,'69038',29.50,NULL,0,'منزل',NULL,'wait',2,NULL,'2022-09-25 06:11:11','2022-09-25 06:37:22','2022-09-25 06:37:22','application','1',NULL,0,'B69D7B8A-E71A-4F1C-8DC1-B38EFAA9F8A6',1.25,NULL,NULL,NULL,NULL),(235,'65165',6.33,NULL,0,'منزل',NULL,'wait',2,NULL,'2022-09-25 11:47:15','2022-10-12 09:29:00','2022-10-12 09:29:00','application','1',NULL,0,'5765490A-7C14-44D3-9CAA-7B29ED42A7AE',1.25,NULL,NULL,NULL,NULL),(236,'96567',NULL,NULL,0,'3',NULL,'wait',NULL,NULL,'2022-09-27 12:37:17','2022-09-27 12:37:17',NULL,'application','1',NULL,1,'C19DAEF4-E1A8-4898-84A6-6971F93B3479',NULL,NULL,NULL,NULL,NULL),(237,'79842',NULL,NULL,0,'3',NULL,'wait',NULL,NULL,'2022-09-28 01:30:13','2022-09-28 01:30:13',NULL,'application','1',NULL,1,'76253B86-360A-4805-9A3E-8BF9F475EDEA',NULL,NULL,NULL,NULL,NULL),(238,'92308',21.64,NULL,0,'منزل',NULL,'wait',2,NULL,'2022-10-01 16:56:32','2023-07-31 10:39:38','2023-07-31 10:39:38','application','1',NULL,0,'2C8695D4-7954-4694-90F7-962EE8DF21D6',1.25,NULL,NULL,NULL,NULL),(239,'78892',NULL,NULL,0,'3',NULL,'wait',NULL,NULL,'2022-10-03 18:34:38','2022-10-03 18:34:38',NULL,'application','1',NULL,1,'BD6AD1E3-8862-47AB-BA43-3E161D1815C4',NULL,NULL,NULL,NULL,NULL),(240,'8027',NULL,NULL,0,'3',NULL,'wait',NULL,NULL,'2022-10-08 02:27:57','2022-10-08 02:27:57',NULL,'application','1',NULL,1,'A208CB82-8368-488D-AAED-8D53CC960AB8',NULL,NULL,NULL,NULL,NULL),(241,'61958',10.08,NULL,0,'منزل',NULL,'wait',1,NULL,'2022-10-09 18:15:56','2022-10-09 18:43:29','2022-10-09 18:43:29','application','1',NULL,0,'AEED2D1D-3777-41D2-97BE-0A37AD8C33D8',1.25,NULL,NULL,NULL,NULL),(242,'1348',4.73,NULL,0,'منزل',NULL,'wait',1,NULL,'2022-10-12 10:41:40','2022-10-12 10:42:43','2022-10-12 10:42:43','application','1',NULL,0,'E03F5EB1-A52F-4C73-AB20-CBC39617E8B3',1.25,NULL,NULL,NULL,NULL),(243,'2636',2.54,NULL,0,'منزل',NULL,'wait',1,NULL,'2022-10-12 10:43:17','2022-10-12 10:43:48','2022-10-12 10:43:48','application','1',NULL,0,'E03F5EB1-A52F-4C73-AB20-CBC39617E8B3',1.25,NULL,NULL,NULL,NULL),(244,'28171',NULL,NULL,0,'3',NULL,'wait',NULL,NULL,'2022-10-12 10:48:55','2022-10-12 10:48:55',NULL,'application','1',NULL,1,'E03F5EB1-A52F-4C73-AB20-CBC39617E8B3',NULL,NULL,NULL,NULL,NULL),(245,'18723',NULL,NULL,0,'3',NULL,'wait',NULL,NULL,'2022-10-12 12:22:35','2022-10-14 17:10:00',NULL,'application','1',NULL,1,'5765490A-7C14-44D3-9CAA-7B29ED42A7AE',NULL,NULL,NULL,'2022-10-14 17:10:00',NULL),(246,'79967',NULL,NULL,0,'3',NULL,'wait',NULL,NULL,'2022-10-13 07:36:05','2022-10-14 17:10:29',NULL,'application','1',NULL,1,'1CD6ACCB-2308-47DE-96D2-A6C1996DE7DE',NULL,NULL,NULL,'2022-10-14 17:10:29',NULL),(247,'41289',51.74,NULL,0,NULL,NULL,'wait',1,NULL,'2022-10-14 17:10:48','2022-10-14 17:19:40','2022-10-14 17:19:40','application','1',NULL,0,'1CD6ACCB-2308-47DE-96D2-A6C1996DE7DE',NULL,NULL,NULL,NULL,NULL),(248,'89302',NULL,NULL,0,'3',NULL,'wait',NULL,NULL,'2022-10-17 14:49:07','2022-10-17 14:49:07',NULL,'application','1',NULL,1,'8afb8171a9f5216a',NULL,NULL,NULL,NULL,NULL),(249,'20446',NULL,NULL,0,'3',NULL,'wait',NULL,NULL,'2022-10-17 17:31:54','2022-10-17 17:31:54',NULL,'application','1',NULL,1,'93434a5ed0e76952',NULL,NULL,NULL,NULL,NULL),(250,'84105',NULL,NULL,0,'3',NULL,'wait',NULL,NULL,'2022-10-28 15:56:15','2022-10-28 15:56:15',NULL,'application','1',NULL,1,'7DDE8DDB-58DF-4BAD-9B7A-6E551259A7FD',NULL,NULL,NULL,NULL,NULL),(251,'63674',NULL,NULL,0,'3',NULL,'wait',NULL,NULL,'2022-10-29 05:11:34','2022-10-29 05:12:52',NULL,'application','1',NULL,1,'5ea4bf034a43a861',NULL,NULL,NULL,'2022-10-29 05:12:52',NULL),(252,'78020',NULL,NULL,0,'3',NULL,'wait',NULL,NULL,'2022-10-29 05:14:11','2022-10-29 05:14:11',NULL,'application','1',NULL,1,'5ea4bf034a43a861',NULL,NULL,NULL,NULL,NULL),(253,'23912',11.37,NULL,0,NULL,NULL,'wait',1,NULL,'2022-10-29 17:44:42','2022-10-29 17:46:17','2022-10-29 17:46:17','application','1',NULL,0,'1CD6ACCB-2308-47DE-96D2-A6C1996DE7DE',NULL,NULL,NULL,NULL,NULL),(254,'12941',8.48,NULL,0,'منزل',NULL,'wait',1,NULL,'2022-11-07 15:27:16','2022-11-07 15:29:18','2022-11-07 15:29:18','application','1',NULL,0,'5765490A-7C14-44D3-9CAA-7B29ED42A7AE',1.25,NULL,NULL,NULL,NULL),(255,'35975',13.11,NULL,0,'منزل',NULL,'wait',2,NULL,'2022-11-07 20:29:00','2022-11-08 05:41:18','2022-11-08 05:41:18','application','1',NULL,0,'353FF886-C92C-4D7C-9463-AA8553DF3B4A',1.25,NULL,NULL,NULL,NULL),(256,'40604',NULL,NULL,0,'3',NULL,'wait',NULL,NULL,'2022-11-08 09:02:15','2022-11-08 09:02:15',NULL,'application','1',NULL,1,'50966b2b37a239b8',NULL,NULL,NULL,NULL,NULL),(257,'15214',NULL,NULL,0,'3',NULL,'wait',NULL,NULL,'2022-11-18 19:10:08','2023-03-23 00:34:44',NULL,'application','1',NULL,1,'AEED2D1D-3777-41D2-97BE-0A37AD8C33D8',NULL,NULL,NULL,'2023-03-23 00:34:44',NULL),(258,'55676',18.81,NULL,0,'منزل',NULL,'wait',2,NULL,'2022-11-20 18:06:33','2022-11-27 12:35:48','2022-11-27 12:35:48','application','1',NULL,0,'353FF886-C92C-4D7C-9463-AA8553DF3B4A',1.25,NULL,NULL,NULL,NULL),(259,'81494',56.88,NULL,0,NULL,NULL,'wait',1,NULL,'2022-11-27 11:39:09','2022-11-27 11:53:31','2022-11-27 11:53:31','application','1',NULL,0,'5765490A-7C14-44D3-9CAA-7B29ED42A7AE',NULL,NULL,NULL,NULL,NULL),(260,'95620',21.45,NULL,0,NULL,NULL,'wait',1,NULL,'2022-11-30 15:58:16','2022-11-30 16:16:30','2022-11-30 16:16:30','application','1',NULL,0,'1CD6ACCB-2308-47DE-96D2-A6C1996DE7DE',NULL,NULL,NULL,NULL,NULL),(261,'78562',2.38,NULL,0,NULL,NULL,'wait',1,NULL,'2022-11-30 16:26:29','2022-11-30 16:27:00','2022-11-30 16:27:00','application','1',NULL,0,'1CD6ACCB-2308-47DE-96D2-A6C1996DE7DE',NULL,NULL,NULL,NULL,NULL),(262,'46774',NULL,NULL,0,'3',NULL,'wait',NULL,NULL,'2022-12-07 12:06:24','2022-12-19 13:00:28',NULL,'application','1',NULL,1,'Mozilla/5.0 (Windows NT 10.0; Win64; x64) AppleWebKit/537.36 (KHTML, like Gecko) Chrome/104.0.5112.81 Safari/537.36',NULL,NULL,NULL,'2022-12-19 13:00:28',NULL),(263,'60454',NULL,NULL,0,'3',NULL,'wait',NULL,NULL,'2022-12-08 03:42:34','2022-12-08 03:42:34',NULL,'application','1',NULL,1,'E1E2121F-77DB-420B-8CF1-B10D6F72EC53',NULL,NULL,NULL,NULL,NULL),(264,'81601',0.87,NULL,0,NULL,NULL,'wait',1,NULL,'2022-12-27 11:59:41','2022-12-27 12:01:42','2022-12-27 12:01:42','application','1',NULL,0,'ce2febecb8ab6b58',NULL,NULL,NULL,NULL,NULL),(265,'84575',NULL,NULL,0,'3',NULL,'wait',NULL,NULL,'2022-12-27 12:03:24','2022-12-27 12:03:24',NULL,'application','1',NULL,1,'ce2febecb8ab6b58',NULL,NULL,NULL,NULL,NULL),(266,'91608',NULL,NULL,0,'3',NULL,'wait',NULL,NULL,'2022-12-28 03:45:15','2022-12-28 03:45:15',NULL,'application','1',NULL,1,'6769e62a7198b578',NULL,NULL,NULL,NULL,NULL),(267,'90179',4.95,NULL,0,NULL,NULL,'wait',2,NULL,'2023-01-06 12:56:07','2023-01-06 12:56:50','2023-01-06 12:56:50','application','1',NULL,0,'7FE68B59-31AB-4424-8440-453A66D47FAE',NULL,NULL,NULL,NULL,NULL),(268,'76555',9.00,NULL,0,NULL,NULL,'wait',1,NULL,'2023-01-08 13:57:45','2023-01-08 14:09:04','2023-01-08 14:09:04','application','1',NULL,0,'839C2317-8D1B-4391-9C73-BB500BEA2779',NULL,NULL,NULL,NULL,NULL),(269,'39031',32.10,NULL,0,NULL,NULL,'wait',1,NULL,'2023-01-22 23:12:06','2023-01-22 23:29:42','2023-01-22 23:29:42','application','1',NULL,0,'839C2317-8D1B-4391-9C73-BB500BEA2779',NULL,NULL,NULL,NULL,NULL),(270,'56193',NULL,NULL,0,'3',NULL,'wait',NULL,NULL,'2023-01-25 15:46:57','2023-01-25 15:46:57',NULL,'application','1',NULL,1,'6f4f4f6bf1d053c1',NULL,NULL,NULL,NULL,NULL),(271,'54031',1.25,NULL,0,NULL,NULL,'wait',2,NULL,'2023-01-30 13:53:16','2023-01-30 13:54:44','2023-01-30 13:54:44','application','1',NULL,0,'ad2752405f06544a',NULL,NULL,NULL,NULL,NULL),(272,'18607',NULL,NULL,0,'3',NULL,'wait',NULL,NULL,'2023-01-31 00:57:30','2023-01-31 00:57:30',NULL,'application','1',NULL,1,'cd0ee73c3f063f6d',NULL,NULL,NULL,NULL,NULL),(273,'66565',1.29,NULL,0,NULL,NULL,'wait',2,NULL,'2023-01-31 20:24:10','2023-01-31 20:25:06','2023-01-31 20:25:06','application','1',NULL,0,'5765490A-7C14-44D3-9CAA-7B29ED42A7AE',NULL,NULL,NULL,NULL,NULL),(274,'90359',NULL,NULL,0,'3',NULL,'wait',NULL,NULL,'2023-02-09 03:00:34','2023-03-29 07:23:36',NULL,'application','1',NULL,1,'98e3cf6f7f0de12f',NULL,NULL,NULL,'2023-03-29 07:23:36',NULL),(275,'53346',14.48,NULL,0,'منزل',NULL,'wait',1,NULL,'2023-02-12 17:08:50','2023-02-12 17:22:11','2023-02-12 17:22:11','application','1',NULL,0,'353FF886-C92C-4D7C-9463-AA8553DF3B4A',1.25,NULL,NULL,NULL,NULL),(276,'59598',NULL,NULL,0,'3',NULL,'wait',NULL,NULL,'2023-03-09 11:19:26','2023-03-09 11:19:26',NULL,'application','1',NULL,1,'94df91177734032e',NULL,NULL,NULL,NULL,NULL),(277,'62111',NULL,NULL,0,'3',NULL,'wait',NULL,NULL,'2023-03-12 17:46:43','2023-03-12 17:46:43',NULL,'application','1',NULL,1,'e46c8597e4d3c9f3',NULL,NULL,NULL,NULL,NULL),(278,'39431',NULL,NULL,0,'3',NULL,'wait',NULL,NULL,'2023-03-19 11:40:30','2023-03-19 11:41:04',NULL,'application','1',NULL,1,'cf9281c103d5751f',NULL,NULL,NULL,'2023-03-19 11:41:04',NULL),(279,'95520',NULL,NULL,0,'3',NULL,'wait',NULL,NULL,'2023-03-19 17:24:55','2023-03-19 17:25:20',NULL,'application','1',NULL,1,'D01AD104-3FB8-4AFE-9AA6-786E1A1016D0',NULL,NULL,NULL,'2023-03-19 17:25:20',NULL),(280,'1454',24.59,NULL,0,'منزل',NULL,'wait',2,NULL,'2023-03-21 04:43:34','2023-03-21 04:55:06','2023-03-21 04:55:06','application','1',NULL,0,'353FF886-C92C-4D7C-9463-AA8553DF3B4A',1.25,NULL,NULL,NULL,NULL),(281,'80534',9.14,NULL,0,'منزل',NULL,'wait',2,NULL,'2023-03-24 13:08:50','2023-03-24 21:09:48','2023-03-24 21:09:48','application','1',NULL,0,'AEED2D1D-3777-41D2-97BE-0A37AD8C33D8',1.25,NULL,NULL,NULL,NULL),(282,'59059',NULL,NULL,0,'3',NULL,'wait',NULL,NULL,'2023-03-28 16:37:35','2023-03-28 16:37:35',NULL,'application','1',NULL,1,'df9392526569ea29',NULL,NULL,NULL,NULL,NULL),(283,'24691',NULL,NULL,0,'3',NULL,'wait',NULL,NULL,'2023-03-29 07:25:07','2023-05-19 20:52:28',NULL,'application','1',NULL,1,'98e3cf6f7f0de12f',NULL,NULL,NULL,'2023-05-19 20:52:28',NULL),(284,'60412',NULL,NULL,0,'3',NULL,'wait',NULL,NULL,'2023-03-30 11:26:00','2023-03-30 11:27:34',NULL,'application','1',NULL,1,'a20bc951b71ba4e4',NULL,NULL,NULL,'2023-03-30 11:27:34',NULL),(285,'16818',NULL,NULL,0,'3',NULL,'wait',NULL,NULL,'2023-03-30 11:28:29','2023-03-30 11:28:29',NULL,'application','1',NULL,1,'a20bc951b71ba4e4',NULL,NULL,NULL,NULL,NULL),(286,'89750',NULL,NULL,0,'3',NULL,'wait',NULL,NULL,'2023-04-01 21:07:16','2023-04-01 21:07:16',NULL,'application','1',NULL,1,'B55FB30C-D247-4C3B-AAF7-826C0C27BB66',NULL,NULL,NULL,NULL,NULL),(287,'48104',NULL,NULL,0,'3',NULL,'wait',NULL,NULL,'2023-04-01 22:01:12','2023-04-01 22:01:12',NULL,'application','1',NULL,1,'1C0A1EC0-0DA4-4BEA-B310-1380B9701A16',NULL,NULL,NULL,NULL,NULL),(288,'1596',NULL,NULL,0,'3',NULL,'wait',NULL,NULL,'2023-05-09 22:25:48','2023-05-09 22:25:48',NULL,'application','1',NULL,1,'f1d2f01ea7e009c1',NULL,NULL,NULL,NULL,NULL),(289,'65742',NULL,NULL,0,'3',NULL,'wait',NULL,NULL,'2023-05-19 20:54:38','2023-05-19 20:54:38',NULL,'application','1',NULL,1,'98e3cf6f7f0de12f',NULL,NULL,NULL,NULL,NULL),(290,'1084',NULL,NULL,0,'3',NULL,'wait',NULL,NULL,'2023-06-11 21:33:53','2023-06-11 21:33:53',NULL,'application','1',NULL,1,'059D7A95-880C-44B0-B380-6520DB2D8331',NULL,NULL,NULL,NULL,NULL),(291,'7813',NULL,NULL,0,'3',NULL,'wait',NULL,NULL,'2023-06-13 07:58:36','2023-06-13 07:58:36',NULL,'application','1',NULL,1,'C45CFA96-E4FF-4DA2-8D9F-AD2BFE1F6E8F',NULL,NULL,NULL,NULL,NULL),(292,'23083',NULL,NULL,0,'3',NULL,'wait',NULL,NULL,'2023-06-24 18:56:28','2023-06-24 18:56:28',NULL,'application','1',NULL,1,'DB36B879-0D9C-43D1-B59A-ECC0DCE822E0',NULL,NULL,NULL,NULL,NULL),(293,'6801',3.48,NULL,0,NULL,NULL,'wait',2,NULL,'2023-06-26 17:10:59','2023-06-26 17:11:56','2023-06-26 17:11:56','application','1',NULL,0,'98326756-5B88-4D29-A5A0-BBABBE8E8203',NULL,NULL,NULL,NULL,NULL),(294,'70402',2.52,NULL,0,NULL,NULL,'wait',1,NULL,'2023-07-06 18:48:56','2023-08-23 20:50:31','2023-08-23 20:50:31','application','1',NULL,0,'C30460DC-7AEF-4416-8725-A92641A72EC1',NULL,NULL,NULL,NULL,NULL),(295,'69012',NULL,NULL,0,'3',NULL,'wait',NULL,NULL,'2023-07-20 18:40:49','2023-07-20 18:40:49',NULL,'application','1',NULL,1,'6a180d93b54756e5',NULL,NULL,NULL,NULL,NULL),(296,'23941',11.93,NULL,0,'منزل',NULL,'wait',2,NULL,'2023-07-20 21:13:16','2023-07-23 16:21:45','2023-07-23 16:21:45','application','1',NULL,0,'343D9151-A078-43EB-9EE8-EA57545CC3B3',1.25,NULL,NULL,NULL,NULL),(297,'81404',11.92,NULL,0,NULL,NULL,'wait',1,NULL,'2023-07-20 21:42:00','2023-07-20 21:45:48','2023-07-20 21:45:48','application','1',NULL,0,'839C2317-8D1B-4391-9C73-BB500BEA2779',NULL,NULL,NULL,NULL,NULL),(298,'48533',NULL,NULL,0,'3',NULL,'wait',NULL,NULL,'2023-07-22 16:38:22','2023-07-22 16:39:03',NULL,'application','1',NULL,1,'E2200A87-5628-42C3-925B-B30F98FFC0D9',NULL,NULL,NULL,'2023-07-22 16:39:03',NULL),(299,'62622',NULL,NULL,0,'3',NULL,'wait',NULL,NULL,'2023-07-22 16:39:16','2023-07-22 16:39:16',NULL,'application','1',NULL,1,'E2200A87-5628-42C3-925B-B30F98FFC0D9',NULL,NULL,NULL,NULL,NULL),(300,'68288',12.22,NULL,0,'منزل',NULL,'wait',1,NULL,'2023-07-23 18:36:34','2023-07-23 18:41:13','2023-07-23 18:41:13','application','1',NULL,0,'839C2317-8D1B-4391-9C73-BB500BEA2779',1.25,NULL,NULL,NULL,NULL),(301,'9143',31.14,NULL,0,NULL,NULL,'wait',2,NULL,'2023-07-24 06:41:53','2023-07-24 06:46:11','2023-07-24 06:46:11','application','1',NULL,0,'7702CFB9-EB78-4CBB-8794-4BBCBBB3CCD4',NULL,NULL,NULL,NULL,NULL),(302,'11245',NULL,NULL,0,'3',NULL,'wait',NULL,NULL,'2023-07-24 06:49:44','2023-07-24 06:51:27',NULL,'application','1',NULL,1,'7702CFB9-EB78-4CBB-8794-4BBCBBB3CCD4',NULL,NULL,NULL,'2023-07-24 06:51:27',NULL),(303,'54185',NULL,NULL,0,'3',NULL,'wait',NULL,NULL,'2023-07-24 06:52:24','2023-07-25 16:43:34',NULL,'application','1',NULL,1,'7702CFB9-EB78-4CBB-8794-4BBCBBB3CCD4',NULL,NULL,NULL,'2023-07-25 16:43:34',NULL),(304,'89182',23.15,NULL,0,NULL,NULL,'wait',1,NULL,'2023-07-24 10:11:59','2023-07-24 10:20:01','2023-07-24 10:20:01','application','1',NULL,0,'839C2317-8D1B-4391-9C73-BB500BEA2779',NULL,NULL,NULL,NULL,NULL),(305,'8214',NULL,NULL,0,'3',NULL,'wait',NULL,NULL,'2023-07-24 12:34:31','2023-07-24 12:34:31',NULL,'application','1',NULL,1,'967157AF-C9D5-4F7A-894D-EE7878349354',NULL,NULL,NULL,NULL,NULL),(306,'15929',NULL,NULL,0,'3',NULL,'wait',NULL,NULL,'2023-07-24 14:36:09','2023-07-24 14:38:26',NULL,'application','1',NULL,1,'fa5360b0aa3e4146',NULL,NULL,NULL,'2023-07-24 14:38:26',NULL),(307,'17951',4.80,NULL,0,NULL,NULL,'wait',2,NULL,'2023-07-25 06:55:59','2023-07-25 16:31:16','2023-07-25 16:31:16','application','1',NULL,0,'839C2317-8D1B-4391-9C73-BB500BEA2779',NULL,NULL,NULL,NULL,NULL),(308,'53572',12.99,NULL,0,'منزل',NULL,'wait',2,NULL,'2023-07-27 07:06:48','2023-07-27 07:16:21','2023-07-27 07:16:21','application','1',NULL,0,'C12D35B4-130F-4A5C-A5A7-536CDAEDE610',1.25,NULL,NULL,NULL,NULL),(309,'58750',12.13,NULL,0,'منزل',NULL,'wait',2,NULL,'2023-07-29 10:44:34','2023-07-29 10:48:12','2023-07-29 10:48:12','application','1',NULL,0,'839C2317-8D1B-4391-9C73-BB500BEA2779',1.75,NULL,NULL,NULL,NULL),(310,'23044',12.33,NULL,0,'منزل',NULL,'wait',2,NULL,'2023-07-31 04:51:27','2023-07-31 04:56:30','2023-07-31 04:56:30','application','1',NULL,0,'343D9151-A078-43EB-9EE8-EA57545CC3B3',1.25,NULL,NULL,NULL,NULL),(311,'61465',NULL,NULL,0,'3',NULL,'wait',NULL,NULL,'2023-07-31 10:20:24','2023-07-31 10:32:49',NULL,'application','1',NULL,1,'7702CFB9-EB78-4CBB-8794-4BBCBBB3CCD4',NULL,NULL,NULL,'2023-07-31 10:32:49',NULL),(312,'85332',NULL,NULL,0,'3',NULL,'wait',NULL,NULL,'2023-07-31 17:27:26','2023-07-31 17:27:26',NULL,'application','1',NULL,1,'271b0959219f6417',NULL,NULL,NULL,NULL,NULL),(313,'25466',10.68,NULL,0,NULL,NULL,'wait',2,NULL,'2023-07-31 20:27:55','2023-07-31 20:31:29','2023-07-31 20:31:29','application','1',NULL,0,'343D9151-A078-43EB-9EE8-EA57545CC3B3',NULL,NULL,NULL,NULL,NULL),(314,'58651',NULL,NULL,0,'3',NULL,'wait',NULL,NULL,'2023-08-01 05:09:11','2023-08-01 05:09:11',NULL,'application','1',NULL,1,'23A31D5C-2F71-44E0-A928-7AD97038E7A7',NULL,NULL,NULL,NULL,NULL),(315,'54012',18.97,NULL,0,'منزل',NULL,'wait',2,NULL,'2023-08-01 13:10:54','2023-09-04 22:29:37','2023-09-04 22:29:37','application','1',NULL,0,'2C8695D4-7954-4694-90F7-962EE8DF21D6',1.25,NULL,NULL,NULL,NULL),(316,'4452',NULL,NULL,0,'3',NULL,'wait',NULL,NULL,'2023-08-01 13:52:49','2023-08-01 13:52:49',NULL,'application','1',NULL,1,'5985C559-AB56-4232-9D7E-7EFFEA774E16',NULL,NULL,NULL,NULL,NULL),(317,'6431',13.70,NULL,0,'منزل',NULL,'wait',2,NULL,'2023-08-02 19:36:36','2023-08-02 19:59:21','2023-08-02 19:59:21','application','1',NULL,0,'343D9151-A078-43EB-9EE8-EA57545CC3B3',1.25,NULL,NULL,NULL,NULL),(318,'93276',NULL,NULL,0,'3',NULL,'wait',NULL,NULL,'2023-08-09 21:07:19','2023-08-09 21:07:19',NULL,'application','1',NULL,1,'EF49FD2A-B7A8-4A15-97E2-D485EA5DBE88',NULL,NULL,NULL,NULL,NULL),(319,'57836',NULL,NULL,0,'3',NULL,'wait',NULL,NULL,'2023-08-10 15:38:26','2023-08-10 15:38:26',NULL,'application','1',NULL,1,'81cff41af6f3ee98',NULL,NULL,NULL,NULL,NULL),(320,'24089',12.83,NULL,0,'منزل',NULL,'wait',1,NULL,'2023-08-11 14:47:27','2023-08-18 11:40:56','2023-08-18 11:40:56','application','1',NULL,0,'343D9151-A078-43EB-9EE8-EA57545CC3B3',1.25,NULL,NULL,NULL,NULL),(321,'4015',11.50,NULL,0,'منزل',NULL,'wait',2,NULL,'2023-08-20 16:17:29','2023-08-20 16:27:07','2023-08-20 16:27:07','application','1',NULL,0,'343D9151-A078-43EB-9EE8-EA57545CC3B3',1.25,NULL,NULL,NULL,NULL),(322,'1518',NULL,NULL,0,'3',NULL,'wait',NULL,NULL,'2023-08-22 08:38:37','2023-08-22 08:39:06',NULL,'application','1',NULL,1,'87ABC3E8-7789-41F5-B836-C65FF3BA073F',NULL,NULL,NULL,'2023-08-22 08:39:06',NULL),(323,'32263',NULL,NULL,0,'3',NULL,'wait',NULL,NULL,'2023-08-22 10:06:38','2023-08-22 10:06:38',NULL,'application','1',NULL,1,'A888E120-A6AF-4A63-B44D-F1D3AB24B12E',NULL,NULL,NULL,NULL,NULL),(324,'10685',10.92,NULL,0,'منزل',NULL,'wait',2,NULL,'2023-08-22 13:40:22','2023-08-22 13:44:29','2023-08-22 13:44:29','application','1',NULL,0,'839C2317-8D1B-4391-9C73-BB500BEA2779',1.25,NULL,NULL,NULL,NULL),(325,'29234',11.43,NULL,0,'منزل',NULL,'wait',1,NULL,'2023-08-22 13:48:09','2023-08-22 13:51:54','2023-08-22 13:51:54','application','1',NULL,0,'839C2317-8D1B-4391-9C73-BB500BEA2779',1.25,NULL,NULL,NULL,NULL),(326,'84503',24.04,NULL,0,'منزل',NULL,'wait',1,NULL,'2023-08-22 14:04:09','2023-08-22 17:41:49','2023-08-22 17:41:49','application','1',NULL,0,'839C2317-8D1B-4391-9C73-BB500BEA2779',1.25,NULL,NULL,NULL,NULL),(327,'97901',NULL,NULL,0,'3',NULL,'wait',NULL,NULL,'2023-08-22 19:03:05','2023-08-22 19:03:35',NULL,'application','1',NULL,1,'D01AD104-3FB8-4AFE-9AA6-786E1A1016D0',NULL,NULL,NULL,'2023-08-22 19:03:35',NULL),(328,'92870',NULL,NULL,0,'3',NULL,'wait',NULL,NULL,'2023-08-23 09:47:53','2023-08-23 11:38:33',NULL,'application','1',NULL,1,'839C2317-8D1B-4391-9C73-BB500BEA2779',NULL,NULL,NULL,'2023-08-23 11:38:33',NULL),(329,'54833',12.53,NULL,0,'منزل',NULL,'wait',1,NULL,'2023-08-23 11:38:55','2023-08-23 11:44:48','2023-08-23 11:44:48','application','1',NULL,0,'839C2317-8D1B-4391-9C73-BB500BEA2779',1.25,NULL,NULL,NULL,NULL),(330,'91631',1.29,NULL,0,NULL,NULL,'wait',1,NULL,'2023-08-23 20:47:18','2023-08-23 20:48:22','2023-08-23 20:48:22','application','1',NULL,0,'d49305dad6f9d5c1',NULL,NULL,NULL,NULL,NULL),(331,'47691',24.73,NULL,0,'منزل',NULL,'wait',1,NULL,'2023-08-23 20:47:24','2023-08-23 20:53:32','2023-08-23 20:53:32','application','1',NULL,0,'839C2317-8D1B-4391-9C73-BB500BEA2779',1.25,NULL,NULL,NULL,NULL),(332,'16890',33.09,NULL,0,'منزل',NULL,'wait',1,NULL,'2023-08-24 01:09:54','2023-08-24 02:14:22','2023-08-24 02:14:22','application','1',NULL,0,'7F9F350C-4608-4356-A1DE-6EEDDF758699',1.25,NULL,NULL,NULL,NULL),(333,'6194',NULL,NULL,0,'3',NULL,'wait',NULL,NULL,'2023-08-29 09:34:17','2023-08-30 18:05:07',NULL,'application','1',NULL,1,'839C2317-8D1B-4391-9C73-BB500BEA2779',NULL,NULL,NULL,'2023-08-30 18:05:07',NULL),(334,'27098',11.93,NULL,0,'منزل',NULL,'wait',2,NULL,'2023-08-30 18:05:47','2023-08-30 19:41:03','2023-08-30 19:41:03','application','1',NULL,0,'839C2317-8D1B-4391-9C73-BB500BEA2779',1.25,NULL,NULL,NULL,NULL),(335,'14734',23.85,NULL,0,'منزل',NULL,'wait',1,NULL,'2023-08-30 20:09:56','2023-08-30 20:15:48','2023-08-30 20:15:48','application','1',NULL,0,'839C2317-8D1B-4391-9C73-BB500BEA2779',1.75,NULL,NULL,NULL,NULL),(336,'20387',11.52,NULL,0,'منزل',NULL,'wait',2,NULL,'2023-09-01 19:33:27','2023-09-01 19:37:17','2023-09-01 19:37:17','application','1',NULL,0,'839C2317-8D1B-4391-9C73-BB500BEA2779',1.25,NULL,NULL,NULL,NULL),(337,'74215',23.16,NULL,0,'منزل',NULL,'wait',1,NULL,'2023-09-07 22:42:04','2023-09-07 22:52:17','2023-09-07 22:52:17','application','1',NULL,0,'343D9151-A078-43EB-9EE8-EA57545CC3B3',1.25,NULL,NULL,NULL,NULL),(338,'27469',NULL,NULL,0,'3',NULL,'wait',NULL,NULL,'2023-09-09 19:12:12','2023-09-09 19:12:12',NULL,'application','1',NULL,1,'9383E68B-174D-491A-926F-63BF2AE7F5C5',NULL,NULL,NULL,NULL,NULL),(339,'79696',11.41,NULL,0,NULL,NULL,'wait',1,NULL,'2023-09-09 19:40:16','2023-10-28 17:32:49','2023-10-28 17:32:49','application','1',NULL,0,'839C2317-8D1B-4391-9C73-BB500BEA2779',NULL,NULL,NULL,NULL,NULL),(340,'77532',NULL,NULL,0,'3',NULL,'wait',NULL,NULL,'2023-09-24 09:44:14','2023-09-24 09:44:14',NULL,'application','1',NULL,1,'353FF886-C92C-4D7C-9463-AA8553DF3B4A',NULL,NULL,NULL,NULL,NULL),(341,'28209',NULL,NULL,0,'3',NULL,'wait',NULL,NULL,'2023-09-25 17:45:48','2023-09-25 17:45:48',NULL,'application','1',NULL,1,'2C8695D4-7954-4694-90F7-962EE8DF21D6',NULL,NULL,NULL,NULL,NULL),(342,'95738',NULL,NULL,0,'3',NULL,'wait',NULL,NULL,'2023-10-28 17:26:50','2023-10-28 17:26:50',NULL,'application','1',NULL,1,'343D9151-A078-43EB-9EE8-EA57545CC3B3',NULL,NULL,NULL,NULL,NULL),(343,'50075',6.71,NULL,0,'منزل',NULL,'wait',2,NULL,'2023-11-05 13:37:54','2023-11-05 13:39:37','2023-11-05 13:39:37','application','1',NULL,0,'D01AD104-3FB8-4AFE-9AA6-786E1A1016D0',1.25,NULL,NULL,NULL,NULL);

--
-- Table structure for table `page_translations`
--

CREATE TABLE `page_translations` (
  `id` int unsigned NOT NULL AUTO_INCREMENT,
  `page_id` int unsigned NOT NULL,
  `name` varchar(191) CHARACTER SET utf8mb4 COLLATE utf8mb4_unicode_ci NOT NULL,
  `descrption` text CHARACTER SET utf8mb4 COLLATE utf8mb4_unicode_ci NOT NULL,
  `locale` varchar(191) CHARACTER SET utf8mb4 COLLATE utf8mb4_unicode_ci NOT NULL,
  `created_at` timestamp NULL DEFAULT NULL,
  `updated_at` timestamp NULL DEFAULT NULL,
  PRIMARY KEY (`id`),
  UNIQUE KEY `page_translations_page_id_locale_unique` (`page_id`,`locale`),
  KEY `page_translations_locale_index` (`locale`)
) ENGINE=InnoDB AUTO_INCREMENT=11 DEFAULT CHARSET=utf8mb4 COLLATE=utf8mb4_unicode_ci;

--
-- Dumping data for table `page_translations`
--

INSERT INTO `page_translations` (`id`, `page_id`, `name`, `descrption`, `locale`, `created_at`, `updated_at`) VALUES (5,3,'الشروط والأحكام','&nbsp; الشروط والأحكام &nbsp; (1) المقدمة مرحباً بك فى ( Insta Deal ) ، هذه هي سياسة الإستخدام والشروط والأحكام الخاصة بالتطبيق وإستخدامك له وكل متعلقاته و خدماته ، بموافقتك على (الشروط والأحكام) بالإضافة إلى المعلومات ذات العلاقة المدرجة في هذه الإتفاقية وبإستخدامك التطبيق ، فإنك توضح لنا أنك ملزم بهذه الشروط الخاصة بــ ( insta deal ). إن استخدامك لتطبيق ( insta deal ) يعني موافقتك على تفعيل إتفاقية المستخدم، وان كنت غير موافق على إتفاقية المستخدم، فمن فضلك لا تدخل أو تسجل أو تستخدم هذا التطبيق . قبل أن تكون أو تستمر كعضو معنا , لابد أن تقرأ وتوافق على إتفاقية المستخدم وعلى سياسة الخصوصية الخاصة بـ ( insta deal ) والدخول إلى أى معلومات متصلة أخرى بخصوص إتفاقية المستخدم مثل أى معلومات مرتبطة بسياسة الإستخدام المطبقة على المستخدم، كل هذه المعلومات وسياسة الخصوصية يتم تطبيقها بموجب هذا القانون الموجود فى إتفاقية المستخدم . (2) أحقية العضوية نود في ( insta deal ) أن نتأكد من قدرة كل الأعضاء على تكوين عقود إلزام قانونية وأن لا يستخدم القاصرون التطبيق بطريقة غير مناسبة، وذلك لبعض السلع والمنتجات محل الشراء عن طريق التطبيق، ولذلك فإن التطبيق سيطلب منك تحديد فئتك العمرية بأنها (18 سنة) فأكثر عند شرائك بعض السلع والمنتجات المتاحة على التطبيق، وفى حالة الإضرار بحقوق وقوانين ( insta deal ) ، فإن تطبيق ( insta deal ) يحتفظ بحقه فى وضع حد أو إستبعاد عضوية أى شخص يخالف ما سبق ذكره، من جهة أخرى، ففى حالة الدخول إلى التطبيق ككيان تجاري أو شخصية إعتبارية, فإنك تؤكد أنك يمكنك إخضاع هذا الكيان إلى إتفاقية المستخدم وأنك والكيان التجاري خاضعين لكافة القوانين المرتبطة بالتجارة عبر الإنترنت. (3) الإلتزامات الخاصة بحسابك الخاص و التسجيل بالتطبيق عند التسجيل كعضو فى التطبيق، يجب عليك تقديم معلومات معينة وتسجيل إسم المستخدم والرقم السرى الخاص بك . عندما تصبح عضو بالتطبيق فإنك توافق على الآتي: أ- مسؤوليتك في الحفاظ على خصوصية وتقييد إستخدام حسابك الخاص والرقم السرى الخاص بك. ب- إقرارك بمسؤليتك الكاملة تجاه الأنشطة التي تحدث من خلال حسابك الخاص ورقمك السري، وأنك ستقوم بإبلاغ ( insta deal ) عن أي إستخدام غير مشروع لرقمك السري أو حسابك الخاص أو أي خرق أمني. ج- لن يكون تطبيق ( insta deal ) مسئولاً عن أى خسارة مباشرة أو غير مباشرة فى الربح أو فساد البضاعة بسبب الإفصاح عن إسم المستخدم الخاص بك و/أو رقمك السري. د- لا يمكنك إستخدام الحساب الخاص بشخص آخر بدون إظهار تصريح القبول لحامل الحساب. هـ- أن عضويتك تعنى موافقتك على تعويض ( insta deal ) عن أى إستخدام غير مشروع لحسابك الخاص عن طريقك أو عن طريق أي شخص آخر يستطيع الوصول للتطبيق والخدمات من خلال استخدام إسم المستخدم الخاص بك ورقمك السري سواء كنت تعلم أو لا تعلم بهذا الإستخدام. و- أن تمنحنا معلومات صحيحة ودقيقة وحالية وكاملة عنك كما هو مطلوب فى إستمارة التسجيل (بيانات التسجيل) الخاصة بـ ( insta deal ) . ز- أن لا تضع كلمة &quot; ( insta deal ) &quot; في إسم المستخدم الخاص بك. ح- أن تحافظ وتحدث البيانات المطلوبة عند التسجيل لتبقى دقيقة وحالية وكاملة، وفي حالة تقديم معلومات غير حقيقية أوغير دقيقة أوغير حالية أو غير كاملة، أو فى حالة الإشتباه من طرفنا بأن هذه المعلومات غير حقيقية أوغير دقيقة أوغير حالية أوغير كاملة أو لا تنطبق مع إتفاقية المستخدم و غير خاضعة لقوانين و شروط ( insta deal ) ، فإن ( insta deal ) له الحق في إيقاف، ووضع حد، إغلاق الحساب الخاص بك فى التطبيق و/أو عضويتك بالتطبيق. ط- أنه يحق لـ ( insta deal ) ( بموجب إختياره وفي أي وقت) أن يقوم بأي إستعلام يراه مهماً (سواء مباشرةً أو عن طريق وسيط) وأن يطلب منك إعطائه معلومات أو إثباتات أخرى بدون أى قيود لضمان هويتك و/أو ملكيتك لعهودك المالية، و بدون تقييد للمستخدم أما فى حالة كان المستخدم كيان تجارى، فإن هذه المعلومات والإثباتات يجب أن تحتوي على رخصتك التجارية أو غيرها من الملفات أو الإثباتات التي تظهر أعضاء الكيان أو أحقية أى شخص في الكيان بالتصرف بحسابك وأنك ستوافق على إعطاء ( insta deal ) أى معلومات أو إثباتات عند الطلب، وفي حالة رفضك لإعطاء ما سبق ذكره، فإن ( insta deal ) قد يقيد أو يوقف أو يغلق حسابك الخاص بالتطبيق و/أو عضويتك أيضاً أو يرفض إستكمال عملية البيع والشراء الخاصة بك، بالإضافة إلى أننا نحتفظ بأحقيتنا بوقف أي حساب غير مفعّل أو غير نشط لفترة طويلة من الزمن . (4) التواصل الإلكترونى بإكمال تسجيل عضويتك فإنك توافق على أننا يمكننا الإتصال بك عبر البريد الإلكترونى أو عن طريق إرسال إشعارات على التطبيق أو المواقع التابعة له وأنك توافق على كل الإتفاقيات والإشعارات أو التصريحات أو أى إتصالات أخرى يمكننا تقديمها إليك إلكترونياً بحيث تستوفي المتطلبات القانونية، وسيطلب ( insta deal ) الحصول على موافقتك خلال عملية التسجيل لإرسال رسائل ترويجية تسمح لك بمعرفة أى تغير جديد أو خاصية أو أي أنشطة ترويجية تضاف إلى التطبيق أو المواقع التابعة له إذا رغبت في أي وقت إيقاف الرسائل الترويجية التى تصلك، يمكنك إختيار ذلك عن طريق الضغط على الرابط فى أسفل أى رسالة ترويجية . (5) تعديلات لإتفاقية المستخدم بإكمال عضويتك فإنك توافق أن ( insta deal ) يمكنه تعديل إتفاقية المستخدم بما يزيد إلتزاماتك أو يقلل من حقوقك (تعديل جوهري) طبقاً لقواعد إتفاقية المستخدم كما توافق على إمكانية ( insta deal ) ( بموجب إختياره وفي أي وقت) وبدون أى مسؤولية أن يقوم بتعديلات غير جوهرية يتم توضحيها على التطبيق ذاته أو الموقع التابعة له. (6) المصاريف والخدمات لأن ( insta deal ) هو تطبيق تسوق إلكتروني وليس مزاد علني ولا يقوم بأي أنشطة من هذا النوع بل هو منصة إلكترونية تتيح بيع و شراء المنتجات بين البائعين والمشتريين . إن عضوية الموقع مجانية ولا توجد رسوم إضافية لتصفح التطبيق أو المواقع التابعة له . يمكن لـ ( insta deal ) إجراء تغيير مؤقت لخدماتها وذلك للعروض أو الحملات الترويجية (مثل أيام التوصيل والشحن المجانى) أو تقديم خدمات جديدة لفترة محددة وتعتبر هذه التغيرات المؤقتة فعالة بموجب شروطها عند الإعلان عنها على التطبيق أو الموقع التابعة له أو وسائل الإعلان المختلفة . يتم دفع جميع المصاريف بالدينار الكويتي أو بعملة بلد المشتري، ويجب دفع جميع المصاريف والضرائب لـ ( insta deal ) خلال (7) يوم من تاريخ إصدار الفاتورة بأي طريقة دفع ممكنة ومسموحة كما هو مذكور فى سياسة الرسوم والرصيد . (7) معلوماتك بإستخدامك تطبيق ( insta deal ) فإنك تعطي الحق لنا بإستخدام أى معلومات أو بيانات سواء شخصية أو غيرها من التي تمنحنا إياها أو لمستخدمين آخرين و/أو مسجلة على الموقع عند التسجيل أو عند عملية البيع فى منطقة الآراء أو من خلال أى رسائل على البريد الإلكترونى أو عن طريق أي خاصية في التطبيق وذلك من أجل تحسين وإدارة التطبيق أو المواقع التابعة له وذلك طبقاً لإتفاقية المستخدم وسياسة الخصوصية . (8) إستخدام التطبيق أو المواقع التابعة له بموافقتك على الشروط والأحكام فإنك تؤكد صحة المعلومات والتفاصيل المقدمة من قبلك (بالإضافة لمعلومات التسجيل) ودقتها و صلاحيتها بإختلاف الزمان والمكان . على أن تلتزم عند إستخدام التطبيق أو المواقع التابعة له بالآتي: 1- عدم إستخدام التطبيق بأي شكل يسبب أو ممكن أن يسبب إعاقته أو الدخول إليه أو الإضرار به أو تعطيله. 2- عدم إستخدام التطبيق في أي نشاط إجرامى أو سرقة أو نشاط غير مشروع أو أي نشاط من شأنه أن يضر بأي طرف خارجي . لدينا الحق فى تعليق أو تقييد، أو حجب استخدامك للتطبيق في أي وقت وبدون أي إشعار فى حالة كانت لدينا دلائل منطقية عن خرقك لأي من هذه القيود أو فى حالة إشتباهنا فى أن حسابك يمارس نشاطات غير مشروعة، ولا يمنعنا ذلك من إتخاذ أي إجراءات أخرى إتجاهك بما نراه مناسباً . (9) حقوق الملكية إن محتوى التطبيق أو المواقع التابعة له كاملاً و ليس حصرياً سواء من نصوص أو تصاميم أو شعارات وأيقونات الأزرار و الصور ومقاطع الصوت والمحتويات الرقمية ومجموعة البيانات والبرمجيات هي حقوق ملكية وطبع ونشر لـ ( insta deal ) أومستخدميه أو موردي المحتوى أو المرخصين حيث أنها محمية بموجب حقوق وقوانين الملكية أو العلامة التجارية أو براءة الإختراع أو أى خاصية فكرية لـ ( insta deal ) إن مجموع محتوى هذا التطبيق أو أي موقع تابع له هو ذو حقوق ملكية حصرية وحقوق طبع ونشر لـ ( insta deal ) ومحمي بموجب حقوق وقوانين النشر أو العلامة التجارية أو براءات الإختراع أو أي خاصية فكرية أخرى . (10) العلامات التجارية إن ( insta deal ) وأي شعارات متعلقة به أو كلمات أو شعارات مدرجة في التطبيق أو أي موقع تابع له هى إما علامة تجارية مسجلة أو غير مسجلة للتطبيق ومحمية بموجب علامة تجارية دولية وحقوق وقوانين أخرى للملكية الفكرية.لا يجوز إستخدام العلامات التجارية لـ ( insta deal ) فى أي منتج أو خدمة لا تنتمى إلى ( insta deal ) ولا بأي شكل يسئ إلى ( insta deal ) ، وإن جميع العلامات التجارية الأخرى غير التابعة لـ( insta deal ) التي تظهر على التطبيق أو أي موقع تابع له هي ملك لأصحابها الأصليين الذين من المحتمل أو غير المحتمل أن يكونوا منتسبين لتطبيق ( insta deal ) أو ذو علاقة به أو راعيين له . (11) إساءة إستخدام (insta deal) الرجاء الإبلاغ عن أي مشاكل من أي نوع أو أي إنتهاكات لشروط الإستخدام هذه عن طريق ( insta deal ) ، إذا كنت تعتقد بأن حقوق ملكيتك الفكرية قد تم إنتهاكها الرجاء إبلاغ ( insta deal ) دون المساس بأي من الحقوق الأخرى أو التدابير التابعة لـ ( insta deal ) يحق لـ( insta deal ) الحد من أو تعليق أو حجب دخول أي مستخدم للتطبيق أو أي موقع تابع له أو/و عضويته ويحق له أيضاً حذف أي محتوى مضاف من قبل المستخدم. بالإضافة إلى أن ( insta deal ) قد تتخذ أي إجراء فنى أو/و قانونى تجاه أي شخص يتسبب بمشاكل أو إنتهاكات قانونية من أي نوع بحيث يخترق حقوق الملكية الفكرية لأي طرف ثالث أو يقوم بأي تصرف مخالف لشروط الإستخدام هذه أو سياستنا . (12) حماية المستهلك يمتلك ( insta deal ) &quot;برنامج حماية المستهلك&quot; و الذي يهدف إلى مساعدة المستهلك بضمان حماية مشترياتهم من أي إحتيال. فى حالة أن المستهلك قام بشراء منتج ما بأي من طرق الدفع الآمن لـ ( insta deal ) ولم يتسلم المنتج أو تسلم منتج قيمته أقل كثيراً مقارنة بالقيمة المعروضة على ( insta deal ) يمكن للمستهلك إتخاذ إجراءات للحماية بموجب برنامج حماية المستهلك. يشمل برنامج حماية المستهلك إعادة نفقات قيمة المنتج فقط للمستهلك من خلال ( insta deal ) وكي تكون مؤهلاً للحماية ببرنامج حماية المستهلك على المستهلك أن يملأ نموذج الشكوى لـ ( insta deal ) خلال 48 ساعة (من إستلام أو عدم إستلام) المنتج. وسوف يقوم ( insta deal ) بالتحقق من الأمر وفى حالة أن وجد ( insta deal ) (حيث أنه هو المرجع الوحيد) أن البائع إحتال عمداً على المستهلك بخصوص المنتج المعوض عنه للمستهلك من قبل ( insta deal ) فإن ( insta deal ) قد يعلق أو يحد من أو يحجب دخول البائع للموقع و/أو عضويته بالموقع و قد يقوم ( insta deal ) بتكلفة البائع إعادة النفقات للمستهلك سواء مصاريف المنتج أو الشحن (طبقاَ لشروط الدفع والمصروفات). يحتفظ ( insta deal ) بأحقيته بأن يتخذ أي إجراءات عند الحاجة لذلك ويتضمن ذلك على سبيل المثال لا الحصر الإجراءات القانونية، إنك تقر وتوافق على أنه فى حالة إسترجاع منتج غير مشروع وغير قانونى إلى ( insta deal ) عن طريق المستهلك فإنه يحق لـ ( insta deal ) بتقديره منفرداً أن يقوم بتدمير المنتج أو إتخاذ أي خطوات أخرى يراها مناسبة . مصاريف الشحن للمرتجعات: (1- مرتجع بسبب خطأ من التطبيق: (المنتج ليس كما تم وصفه - عيب فى المنتج - غير كامل &ndash; إلخ ( أ) فى حالة رفع المستهلك الشكوى خلال يومين من تاريخ إستلامه للمنتج : 1- أكمل &quot;إستمارة الإسترجاع&quot; المرفقة مع منتجك الأصلى وأرفقها بالطرد المرتجع. غلف وأغلق المنتج المسترجع بشكل آمن (فى الطرد الأصلى). 2- إتصل بنا على الرقم: ( ----- ) أو تواصل معنا على البريد الإلكتروني الخاص بنا لتحصل على ميعاد الإسترجاع وتؤكد مكان الإستلام. سوف يتم تزويدك بموعد حيث يصلك أحد عاملي فريق التوصيل من البائع ليستلم الطرد منك . 3- سيتم معالجة منتجك المسترجع حال وصوله وسوف نرسل لك رسالة تأكيد عبر البريد الإلكترونى. من فضلك أمهلنا مدة 2-3 أسابيع من تاريخ الشحن من أجل إعادة الرصيد إلى حسابك الخاص، وعند الإستلام يتم معالجة المنتج المسترجع خلال 24 ساعة مع التذكير بأن مدة وصول الرصيد لحسابك الخاص قد تختلف و يتم تحديدها عن طريق البنك. من فضلك إتصل بالبنك لتفاصيل أكثر ، وفى حالة طلب إستبدال، فإنه يتم على خطوتين : الأولى: يتم إنشاء رصيد في المتجر للمنتجات المسترجعة . الثانية: يتم تنفيذ طلب جديد من أجل المنتج/ات المطلوبة بديلاً للمنتج المسترجع . ب) فى حالة رفع المستهلك الشكوى بعد يومين من تاريخ التوصيل: (فقط في حالة الموافقة على الإسترجاع) يقوم المستهلك بدفع مصاريف الشحن والتوصيل (2- إسترجاع منتج بسبب خطأ المستهلك (المنتج فى حالته الأصلية عند الشراء والإستلام) أ&zwnj;) فى هذه الحالة لا يقبل ( insta deal ) الإسترجاع أو الإستبدال لأسباب صحية أو غيرها. ب&zwnj;) حسب القانون الكويتي الذي ينص على الإسترجاع ، فإن سياسة الإسترجاع بالنسبة للمنج الذي لا توجد به أي عيوب ، يمن للمشتري إسترجاع المنتج بالتوجه مباشرة إلى محل المورد خلال 14 يوم من تاريخ الشراء مصطحباً معه الفاتورة. (13) منصة الإتصالات على وجه الخصوص: ( insta deal ) غير مسؤول عن أي أداء متأخر أو غير مرضي أو خسائر أو أضرار ناجمة عن عدم توافر المنتج . أ- لا يقدم ( insta deal ) أى ضمانات لأى سمات (تتضمن على سبيل المثال و ليس الحصر الجودة والقيمة وقابلية العرض) للمنتجات المخطط لبيعها أو شرائها عن طريق التطبيق أو أي موقع تابع له ، ولا يدعم ( insta deal ) ضمنياً أو صراحة أو يؤيد شراء أو بيع أى منتج على وجه الخصوص من خلال التطبيق، ولا يعد ( insta deal ) مورداً أو مصنعاً لأي منتج يبيعه أو يشتريه المستخدمون . ب- لا يقدم ( insta deal ) أي ضمانات عن سمات (تتضمن على سبيل المثال وليس الحصر عدم التقيد لقانون أوإستحقاق مالى أو هوية) يتصف بها مستخدميه . ج- يجب على المستخدمين الموافقة على شروط وأحكام التوصيل والدفع والتأمين بين بعضهم البعض مستقلين ولا يتحمل ( insta deal ) أي مسؤولية تجاه هذه الإتفاقيات. د- لايتحمل ( insta deal ) مسؤولية أي خطأ أو إهمال من قبل أي طرف ثالث. هـ- يتخلى ( insta deal ) عن كل الضمانات والشروط والأحكام الضمنية ولا يتحمل مسؤولية أي خسارة مادية أو تأثير على السمعة أو أي ضرر تبعي ناتج بشكل مباشر أو غير مباشر عن إستخدامك للتطبيق أو أي موقع تابع له أو عدم قدرتك على إستخدامه . (14) الخصوصية قد يتخذ ( insta deal ) بعض الإجراءات المعقولة (مادية، تنظيمية، تكنولوجية) للحماية من الدخول غير المسموح لمعلومات هويتك الشخصية ولحفظها بأمان أيضاً. علما بأن الإنترنت ليس وسط آمن ولايمكن ضمان خصوصية معلوماتك الشخصية. ولا يمكن لـ ( insta deal ) التحكم في ممارسات الطرف الثالث (مثل موقع يعرض رابط هذا التطبيق أو أي موقع تابع له أو طرف ثالث ينتحل شخصيتك أو شخص آخر) ، إنك توافق على أن ( insta deal ) يمكنه استخدام معلوماتك الشخصية التى تمنحنا إياها من أجل تقديم الخدمات وإرسال محتويات دعائية لك وأن سياسة الخصوصية للموقع تحكم جمع ومعالجة وإستخدام ونقل أى معلومات شخصية خاصة بك . (15) خرق شروط الإستخدام دون المساس بأي من حقوق أو اجراءات ( insta deal ) بموجب إتفاقية المستخدم هذه أو بموجب أي قانون أو أخرى فإنه يحق لـ ( insta deal ) فورا ًوبدون أي مسؤولية قانونية الحد من نشاطك والحد أو إلغاء عضويتك و/ أو سيتم حظر دخولك للتطبيق أو أي موقع تابع له في الحالات التالية : أ- إذا قمت بخرق إتفاقية المستخدم هذه. ب- إذا لم يتمكن ( insta deal ) من التأكد أو التحقق من أى معلومات مقدمة من قبلك . ج- إذا إعتقد ( insta deal ) بتقديره منفرداً أن أي من تصرفاتك قد تؤدى إلى مساءلة قانونية ضدك أو ضد مستخدمين آخرين أو ضد ( insta deal ). د- يحق لـ ( insta deal ) فى أى وقت وفق مايراه مناسباً وقف تعليق المستخدمين المعلقة حساباتهم سابقاً. لا يحق للمستخدم المستبعد أو الموقوفة عضويته فى أى وقت أن يقوم بـ أو أن يحاول التسجيل أو إستخدام ( insta deal ) بأي شكل من الأشكال حتى يقوم ( insta deal ) بوقف تعليق حسابه . وبغض النظر عن ما سبق فإنه إذا قمت بإختراق الشروط والأحكام أو شروط الإستخدام هذه , فإنه يحق لـ ( insta deal ) إستعادة أى مبالغ مستحقة تمتلكها أنت أو التعويض عن أي خسائر أو أضرار تسببت بها لـ ( insta deal ) ويحق له إتخاذ خطوات مماثلة تتضمن إجراءات قضائية و/أو جزائية وفق مايراه ( insta deal ) مناسباً وعند الحاجة لذلك، وفي حال فشل ( insta deal ) بإتخاذ أي إجراءات تجاه أي إنتهاكات من قبلك أو من أي شخص آخر لا يعني ذلك تنازل من ( insta deal ) عن حقها في إتخاذ أي إجراءات بخصوص ذلك الإتنهاك أو أي إنتهاكات أخرى تابعة أو مشابهة، ولا يضمن ( insta deal ) إتخاذ مثل هذه الإجراءات ضد جميع الإنتهاكات المحتملة لشروط الإستخدام هذه . (16) حجب دخولك للتطبيق أو أي موقع تابع له و/أو إيقاف عضويتك دون المساس بأي من حقوق أو إجراءات ( insta deal ) بموجب إتفاقية المستخدم هذه أو بموجب أي قانون أو أخرى فإنه يحق لـ ( insta deal ) فوراً وبدون أي مسؤولية قانونية الحد من نشاطك والحد أو إلغاء عضويتك و/ أو تقييد دخولك للتطبيق أو أي موقع تابع له فى أى وقت بدون إشعار لأي سبب من الأسباب متضمنة على سبيل المثال و ليس الحصر إنتهاك شروط الإستخدام هذه . (17) لا يوجد ضمان يقدم ( insta deal ) التطبيق أو أي موقع تابع له وخدماته وفق قاعدة &quot;كما هي&quot; و &quot;حسب توافرها&quot; بدون أى تمثيل أو تظهير و بدون أى ضمانات أو كفالة من أى نوع سواء مصرح بها أو ضمنية، فيما يشتمل على سبيل المثال وليس الحصرعلى ضمانات العنوان والرواج والملائمة لأغراض معينة والتوافق والأمان والدقة وعدم التعدي كما أن ( insta deal ) لا يوفر توضيحات أو ضمانات فيما يتعلق بالدقة والموثوقية أو كمال أي محتوى أو معلومات أوبرمجيات أو نصوص أو صور أو روابط أو الإتصالات التي يوفرها الموقع أو من خلال إستخدامه أو أن العمليات على الموقع ستكون خالية من الأخطاء ومن إنقطاع التسلسل ولا يقدم ( insta deal ) ضمانات بأن يتم إصلاح العيوب أو أن التطبيق أو أي موقع تابع له وخدماته خاليين من الفيروسات أو أى شىء أخر من الممكن أن يسبب الضرر أو التلف. قد يكون هذا التطبيق وفقا لطبيعة الإتصالات عبر الإنترنت عرضة لإتلاف بياناته أو إيقافها أو عدم توافرها أو تأخرها. يمكن لهذا التطبيق أو أي موقع تابع له أيضاً ان يكون غير متاح من وقت لأخر لأغراض التصليح أو الصيانة أو تطوير العمل. وتوافق أنت على أن ( insta deal ) غير ملتزم بتقديم الدعم لهذا التطبيق أو المواقع التابعة له. وتوافق موافقة واضحة على أنك تستخدم هذا التطبيق على مسئوليتك الشخصية . (18) حدود المسئوليات في حدود مايسمح به القانون فإن ( insta deal ) ومسؤوليه وموظفيه ووكلائه والمواقع الإلكترونية والشركات التابعة له و الموردين لا يتحملون أي مسؤولية عن أي خسائر أو أضرار من أي نوع سواء بطريقة مباشرة أو غير مباشرة أو عرضية أو خاص أو تبعي أو نموذجي يتضمن ولا يقتصر على الخسائر أو الأضرار الناجمة عن خسارة الأرباح أوسمعة الشركة أو الفرص أو البيانات أو خسائر أخرى غير ملموسة ناجمة عن أو مرتبطة بإستخدامك للموقع، أوخدماته أو لإتفاقية المستخدم (ماعدا تلك الناجمة عن الإهمال وغيره وما إذا كان ( insta deal ) قد نصح بتحمل مسئولية تلك الخسائر و الأضرار). إذا كنت غير راضي عن التطبيق أو أي موقع تابع له أو محتواه أو منتجاته، فالحل الوحيد هو أن تتوقف عن إستخدامها. علاوة على ذلك، فأنت توافق على أن أي إستخدام غير مصرح به للموقع أو خدماته نتيجة لتهاونك فى رد الفعل ولإمتناعك قد يتسبب فى مشاكل يتعذر إصلاحها في ( insta deal ) ، وسوف يتعامل ( insta deal ) مع أى إستخدامات غير مصرح بها مماثلة بموجب بنود وأحكام شروط المستخدم هذه . (19) التعويضات توافق أنت على التعويض وحماية ( insta deal ) والمواقع والشركات التابعة له ومسؤوليه وموظفيه ووكلائه ومورديه من الأضرار الناجمة عن أي نزاعات أو شكاوى أو تصرفات أو إجراءات أو خسائر أو مساءلات أو نفقات (فيما يتضمن أيضاً التكاليف والنفقات القانونية المنطقية) ، من أي نوع والناجمة عن إنتهاكك لإتفاقية شروط المستخدم أوإنتهاك أى من القوانين أو الحقوق الخاصة بالطرف الثالث . (20) العلاقات والإشعارات كل البنود المذكورة فى إتفاقية شروط المستخدم لا تشكل أو تعد شراكة أو واسطة بينك وبين ( insta deal ) ليس لك الحق بإلزام ( insta deal ) بأى شئ وبأي شكل من الأشكال. (21) النزاعات إذا كان هناك خلافات أو شكاوى أو إختلافات (فيما يتضمن شكاوى ضرر أو تشريعية) (&quot;النزاع&quot;) الناتج أو المتعلق بإتفاقية المستخدم هذه، فيما يتضمن (بدون قيود) أي أسئلة بخصوص معلومات وكيان ومجال أوأداء أوتفسيرات أو صلاحية أو فسخ إتفاقية شروط الإستخدام هذه أو هذا البند، أو أى أسئلة خاصة بالعلاقات القانونية الناتجة عن إتفاقية شروط المستخدم هذه أو الآثار الناجمة عن بطلانها، وعلى الطرفين محاولة حل النزاع في البداية حلاً سلمياً خلال مدة أقصاها ثلاثون (30) يوم. تبدأ من تاريخ إرسال أحد الطرفين إخطاراً خطياً بالنزاع إلى الطرف الآخر . (22) نقل الحقوق والإلتزمات تمنح أنت (المستخدم) بموجب هذه الإتفاقية الحق لـ ( insta deal ) وتقر إقراراً لا رجعة فيه أنه يمكن لـ ( insta deal ) في أى وقت نقل كل أو جزء من حقوقه أو إلتزماته أو منافعه أو مسئولياته (سواء المعبر عنها أو المفترضة) بموجب إتفاقية المستخدم إلى شركائه التابعين له بدون الرجوع إلى طلب موافقة إضافية منك. يوافق ( insta deal ) على إستخدام كل المساعي المتاحة لإخطارك بأي نقل عن طريق النشر على الموقع .لا يمكنك فى أي وقت وبدون موافقة خطية سابقة من ( insta deal ) كنقل كل أو جزء من حقوقك أو إلتزماتك أومنافعك أو مسئولياتك ( سواء المعبر عنها أو المفترضة) بموجب هذة الإتفاقية للمستخدم بدون موافقة خطيةَ مسبقةَ من ( insta deal ). (23) بنود عامة إذا وجد أي بند من إتفاقية المستخدم باطلاً أو لاغياً أو لأي سبب من الأسباب غير قابل للتنفيذ كأن يكون البند قابل للفصل يجب ألا يؤثر ذلك على تنفيذ وصلاحية باقى البنود فى هذه الوثيقة ، وتحدد إتفاقية شروط المستخدم هذه مسبقاً (كما عُدلت من حين لأخر طبقاً لبنود تلك الوثيقة) كل بنود التفاهم و الإتفاق بينك وبين ( insta deal ) مع الأخذ بعين الإعتبار المواضيع المتعلقة بذلك ، ولا يحق لأي شخص ليس طرفا في إتفاقية شروط المستخدم هذه أن يفرض أي شرط ما وإذا تمت ترجمة إتفاقية المستخدم هذه لأى لغة أخرى، سواء على التطبيق أو أي موقع تابع له أو خارجه فيتم إعتبار النص العربي هو المرجع الأصلي . (24) القانون الحاكم تتبع إتفاقية المستخدم هذه وتخضع للقانون المعمول به في دولة الكويت ويحكم هذا البند إنقضاء أو إلغاء إتفاقية المستخدم لأى سبب ، كما تخضع شروط هذا التطبيق أو أي موقع تابع له وتفسر وفقاً للقانون الكويتي، كذلك وسوف تخضع النزاعات الناشئة والمتعلقة بشروط الموقع الماثلة (بما في ذلك النزاعات غير التعاقدية) إلى الإختصاص الحصري للمحاكم الكويتية. تنويه وتأكيد على ما ورد بالبند (17) إن المعلومات والمحتوى والمنتجات والخدمات والمواد المتوفرة من خلال التطبيق أو أي مواقع تابع له (سواء تم تقديمها بمعرفة ( insta deal ) ، من خلالك، أو من خلال المستخدمين الآخرين أو أطراف زميلة أٌخرى/أطراف ثالثة) بما في ذلك وبدون حصر طلبات الطعام/المشروبات، التقديمات، النص، الصور الفوتوغرافية، الرسوم البيانية، الملفات الصوتية، الفيديو والروابط، مقدمة &quot;كما هي&quot; وكما هي متاحة بدون ضمانات من أي نوع، صريحة كانت أم ضمنية لأقصى حد مسموح به بموجب القانون. إن ( insta deal ) تتخلى عن كافة التعهدات والضمانات، صريحة كانت أم ضمنية، بما في ذلك ولا يقتصر على ضمانات قابلية التسويق، الملائمة لغرض معين، الملكية، عدم الإنتهاك، الخلو من فيروسات الكمبيوتر، والضمانات الضمنية الناشئة عن سياق التعامل أو سياق الأداء.','ar',NULL,NULL),(6,3,'TERMS & CONDITIONS','&nbsp; Terms and Conditions (1) Introduction Welcome to Insta Deal, this is the usage policy and the terms and conditions of the application and your use of it and all its items and services. By agreeing to the Terms and Conditions and the relevant information contained in this Agreement and using the Application, you are hereby bound by these Terms and Conditions (insta deal). Your use of insta deal means that you agree to activate the User Agreement, and if you do not agree to the User Agreement, please do not enter, register or use this application. Before you become or continue to be a member with us, you must read and agree to the User Agreement and Privacy Policy (insta deal) and enter to any other related information regarding the User Agreement, such as any applicable use policy-related information, all such information and privacy policy are applied under this law in the User Agreement. (2) Membership Eligibility In insta deal, we want to make sure that all members are able to form legal binding contracts and that minors do not use the application the application in an inappropriate manner for some goods and products of purchase through application, therefore, the application will ask you to specify your age group as 18 years or more when purchasing some goods and products available on the application. In case of damage to insta deal rights and laws, insta deal reserves the right to terminate or exclude the membership of any person who violates the foregoing. On the other hand, in case of signing in the application as a commercial entity or legal entity, you&nbsp; confirm that you can subject this entity to the user agreement and that you and the business entity are subject to all applicable laws related to online trading. (3) Commitments to your own account and registration in the application. When you are registered as a member of the application, you must provide certain information and register your user name and your secret number (password). When you become a member of the application you agree to the following: A-You are responsible for maintaining the privacy and restriction of the use of your account and your password. B- You declare that you are fully responsible for the activities that occur through your account and your password, and that you will inform (insta deal) for any illegal use of your password, private account or security violation. C- Insta deal will not be liable for any direct or indirect loss of profit or damage to the goods due to the disclosure of your user name and / or your password. D-You cannot use someone else&#39;s account without showing the account holder&#39;s permission. E-Your membership means your consent to indemnify insta deal for any illegal use of your account through you or anyone else&#39;s access to the application and services by using your username and password whether or not you are aware of such use. F- You provide us correct, accurate, right, current and complete information about you as required in the registration form (registration data) of insta deal. G- Do not place the word &quot;insta deal&quot; in your user name. H- You maintain and update the data required at the time of registration to remain accurate, current and complete, and in case of incorrect, inaccurate or incomplete information or if we suspect that this information is untrue, inaccurate, incomplete, not sufficient, or inconsistent with the User Agreement and is not subject to the terms and conditions of insta deal, it has the right to stop, terminate, close your account in the application and / or your membership of the application. I- insta deal (at its option and at any time) has the right to make any inquiry it deems important (directly or through an intermediate) and to ask you to give it information or other evidence without any restrictions to ensure your identity and / or ownership of your financial covenants, and without limitation to the user. In the event that the user is a commercial entity, such information and evidence must contain your commercial license or other files or evidences that show members of the entity or the entitlement of any person in the entity to act on your account and you agree to give (insta deal) any information or proofs upon request, and if you refuse to give the above, insta deal may restrict, suspend or close your application and / or membership account and also refuses to complete your sale and purchase process, and we reserve the right to terminate any inactive or not activated account for a long period of time. (4) Electronic Communication By completing your registration, you agree that we can contact you by e-mail or by sending notices to the application or its associated websites and you agree to all agreements, notices, statements or other communications that we can provide to you electronically so as to meet the legal requirements, and insta deal will request to obtain your consent during the registration process to send promotional messages that allow you to know any new change, feature or any promotional activities added to the app or its associated website, if you wish at any time to stop the promotional messages you receive, you can choose to do so by clicking on the link below any promotional message. (5) Amendments to the User Agreement By completing your membership, you agree that insta deal may modify the user agreement to increase your obligations or reduce your rights (substantive modification) in accordance with the rules of the user agreement. You agree that insta deal (at its option and at any time) without any responsibility may make material amendment that is clarified on the application itself or its website. (6) Expenses and Services Because insta deal is an electronic shopping application, not an auction, and does not do any kind of those activities, instead it is an electronic platform that allows the sale and purchase of products between sellers and buyers. Membership is free and there are no additional fees to browse the app or its websites. Insta deal can make a temporary change to its services for offers or promotions (such as delivery days and free shipping) or providing new services for a specified period. These temporary changes are deemed to be effective under their terms when they are published on the application, its website or various means of publication. All expenses shall be paid in Kuwaiti Dinar or in the currency of the buyer&#39;s country. All expenses and taxes shall be paid to insta deal within (7) days from the date of issue of the invoice by any method of payment possible and permitted as stated in the fees and balance policy. (7) Your Information By using insta deal you give us the right to use any personal or other information or data that you give to us or to other users and / or registered on the website at the time of registration or at the time of sale in the area of ​​opinion or through any e-mail or by any feature in the application in order to improve and manage the application or its websites in accordance with the User Agreement and Privacy Policy. (8) Use of application or its associated websites By agreeing to the terms and conditions, you confirm the accuracy and correctness of the information and details provided by you (in addition to the registration information), depending on the time and place. You shall be bound when using the app or its websites with the following: 1- The application is not used in any way that causes, or is likely to cause, to impair, access, damage or disable it. 2- Not to use the application in any criminal activity, theft or illegal activity or any activity that would harm any third party. We have the right to suspend, restrict or block your use of the Application at any time and without notice in case we have reasonable evidence that you have breached any of these restrictions or in the event that we suspect that your account is engaged in illegal activities. This does not prevent us from taking any other action towards you as we see fit. (9) Property rights The content of the application and its websites completely and for example but not limited to, texts, designs, logos, icons, buttons, photos,&nbsp; audio content, digital content, data collection and software are subject to the property rights and copyrights of insta deal, its users, content providers or licensors as they are protected by Trademark, marks, patent or other intellectual property. The entire content of this application or any websites is proprietary and copyrighted and is protected by copyright, trademark, marks or patent rights or any other intellectual property rights. (10) Trademarks Insta deal and any associated logos, words or slogans in the application or any of its websites are either registered or unregistered trademarks and are protected by international trademark and other intellectual property rights and laws. The trademarks of insta deal in any product or service that does not belong to insta deal and in no way is detrimental to insta deal, and all other non-insta deal trademarks that appear on the application or any website site belong to their original owners, who are likely or unlikely to be associated with or related to insta deal. (11) Abuse (of insta deal) Please report any problems of any kind or violations of these Terms of Use through insta deal. If you believe that your intellectual property rights have been violated, please inform insta deal, and without prejudice to any other rights or measures of insta deal, Insta deal may limit, suspend or block the entry of any user of the application or any of its affiliates and / or members and may also delete any user-added content. In addition to that (insta deal) may take any technical and / or legal action against any person who causes legal problems or violations of any kind to infringe the intellectual property rights of any third party or conduct any action contrary to these Terms of Use or our policy. (12) Consumer Protection Insta Deal has a Consumer Protection Program designed to help consumers protect their purchases from fraud. If the consumer purchases a product with any of insta deal payment methods and the product does not receive or receive a much lower value product than insta deal, the consumer can take protection measures under the consumer protection program. The consumer protection program includes the return of the product value only to the consumer through insta deal and in order to be eligible for protection in the Consumer Protection Program, the consumer must complete the complaint form within 48 hours (from receipt or non-receipt) of the product. (if it is the only reference) that the seller intentionally misrepresented the consumer with respect to the product compensated to the consumer by the insta deal, insta deal may suspend, limit or obscure The seller may enter the site and / or its membership on the site and may insta deal at the cost of the seller to return the goods to the consumer whether the product or shipping expenses (according to Payment and expenses.) Insta deal reserves the right to take any action where necessary, including but not limited to legal procedures. You acknowledge and agree that if a product is returned illegally and illegally to an insta deal, (Insta deal) in its sole discretion to destroy the product or take any other steps it deems appropriate. Shipping Charges for Returns: (1) Returns due to error of application: (product not as described - defect in product - incomplete - etc.) A) If the consumer raises the complaint within two days from the date of receiving the product: 1- Complete the &quot;return form&quot; attached to your original product and attach it to the discard expulsion. Cover and seal the recovered product securely (in the original package) 2- Contact us at: (&nbsp;&nbsp; ) or contact us on our e-mail to receive the date of receipt and confirm the place of receipt. You will be provided with an appointment where a team member from the delivery team will contact the seller to receive the parcel from you. 3- Your recovered product will be processed upon arrival and we will send you a confirmation email. Please give us a time of 3-2 weeks from the date of shipment in order to return the balance to your special account. Upon receipt, the returned product will be processed within 28 hours with the reminder that the balance of the credit balance for your account may vary and is determined by the bank. Please contact the bank for more details. If a replacement is requested, it is done in two steps: First: A store balance is created for returned products. Second: A new order for the required product (s) is performed as an alternative to the recovered product. B) If the consumer submits the complaint two days after the date of delivery: (only if the refund is approved), the consumer pays the freight and delivery charges 2) Product returns due to consumer error (product in original condition when purchasing and receiving) A) In this case insta deal does not accept recovery or replacement for health or other reasons. B) According to the Kuwaiti law, which provides for return, the return policy for the defectless product allows the buyer to return the product by going directly to the supplier&#39;s shop within 14 days from the date of purchase accompanied by the invoice. &nbsp; (13) Communication platform In particular: (insta deal) is not responsible for any late or unsatisfactory performance, loss or damage resulting from the unavailability of the product. A) insta deal does not provide any warranties of any features (including but not limited to the quality, value, and affordability) of the products planned for sale or purchase through the application or any affiliated site, and does not implicitly support, express or endorse Buy or sell any product in particular through the application, and insta deal is not a product or a manufacturer of any product sold or purchased by users. B) insta deal does not provide any warranties of features (including but not limited to non-compliance with the law or financial entitlement or identity) of its employees. C) Users must agree to the terms and conditions of delivery, payment and insurance between each other independent and does not incur any liability towards these agreements. D) insta deal is not responsible for any error or negligence by any third party. E) insta deal disclaims all warranties, conditions and implied warranties and assumes no liability for any material loss or effect on reputation or any consequential or indirect consequences arising out of your use of or inability to use the Application or any other website. (14) Privacy Insta deal may take some reasonable measures (physical, regulatory, technological) to protect against unauthorized access to your personally identifiable information and to ensure that it is also secure, although the Internet is not a secure medium and the privacy of your personal information cannot be guaranteed. Third party practices (such as a site that displays the link to this application or any third party site or a third party impersonating yourself or someone else), you agree that insta deal can use your personal information to provide services and send you advertising content Privacy of the site is governed with the handling, use and transfer of any personal information of your own. (15) Breach of Terms of Use Without prejudice to any of the rights or procedures (of insta deal) under this User Agreement or under any law or otherwise, insta deal has the right immediately and without any legal liability to limit your activity, limit or cancel your membership and / or you will be blocked from accessing the application or any site related to it in the following cases: A) If you violate this User Agreement. B) If insta deal is unable to verify or ensure any information provided by you. C) If insta deal believes in its sole discretion that any of your actions may lead to legal accountability against you or against other users or against insta deal. D) Insta deal shall have the right, at any time, as it deems appropriate, to stop the suspension of previously suspended accounts of the outstanding users. The user who is excluded or suspended from membership at any time may not attempt to register or use insta deal in any way until insta deal stops the suspension of his account. Notwithstanding the foregoing, if you breach these Terms, Conditions or Terms of Use, insta deal has the right to recover any amounts owed by you or to be compensated for any loss or damage caused to insta deal and is entitled to take similar steps including appropriate judicial and / or criminal proceedings as appropriate and if insta deal fails to take any action against any violations by you or from any other person, this does not imply a waiver of insta deal of its right to take any action in respect of such violation or any other similar violations, and does not ensure that such actions are taken against all possible violations of these Terms of Use. (16) Blocking your access to application or any of its associated and / or your membership suspension Without prejudice to any of the rights or procedures (of insta deal) under this User Agreement or under any law or otherwise, insta deal has the right and without any liability to limit your activity, limit or cancel your membership and / or restrict your access to the application or any other website at any time without notice for any reason including, but not limited to, a violation of these Terms of Use. (17) There is no guarantee Insta Deal provides the application or any of its associated website and services on &quot;as they are basis&quot; and &quot;as available&quot; basis without representation or endorsement and without any warranties or guarantee of any kind, either express or implied, including, but not limited to, on title guarantees, Popularity and convenience for certain purposes, compatibility, safety and accuracy and non-infringement. Insta Deal does not provide any warranties or representations regarding the accuracy, reliability or completeness of any content, information, software, text, images, links or communications provided by the website or through its use or that the operations on the website will be free from errors and insta deal does not provide guarantees that the defects are fixed, that the application or any of its websites and services is free of viruses or anything else that may cause damage or loss. This application may be in accordance with the nature of the Internet communications subject to the destruction of its data or its suspension or not being available or delayed. This application or any associated website too may be unavailable from time to time and for fixing and maintenance purposes or for the purpose of works development. You agree that insta deal is not obligated to provide support for this application or its associated site, and you agree that you are using this application at your own responsibility. (18) Limits of Responsibilities To the extent permitted by law, insta deal, its officers, employees, agents, internet websites, its affiliates, and its respective suppliers shall not be liable for any losses or damages of any kind, whether direct, indirect, incidental, special, consequential, losses or damages resulting from loss of profits or reputation of the company, securities, data or other intangible losses arising out of or related to your use of the website, its services or the User Agreement (except those resulting from negligence and etc.) and whether insta deal has been advised to take responsibility or such losses and damages or not). If you are dissatisfied with the app, any associated website, its content, or its products, the only solution is to stop using it. Furthermore, you agree that any unauthorized use of the website or its services as a result of your complacency and for your failure may cause irreparable problems in insta deal and it will deal with any unauthorized similar use under the Terms and Conditions of these user terms. (19) Compensation You agree to indemnify and protect Insta Deal and its affiliates, officers, employees, agents and suppliers from damages arising out of any disputes, complaints, actions, losses, liabilities or frauds (including legal costs and expenses) of any kind arising from your violation of the Terms of Use Agreement or violation of any laws or third party rights. (20) Relationships and notices All of the terms and conditions mentioned in the User Terms Agreement do not constitute or form a partnership or an intermediary between you and insta deal. You have no right to bind insta deal to anything and in any way. (21) Disputes If there are any disputes or complaints (including damage or legislative complaints) (disputes) arising out of or in connection with this User Agreement, including (without limitation) any questions regarding information, entity, field, performance, interpretation or validity or termination of this Terms of Use Agreement or this section, or any questions related to the legal relations arising out of this User Terms Agreement or the effects of their invalidity, the parties shall attempt to resolve the dispute in the first instance peacefully within a maximum period of thirty (30) days starting from the date of sending a written notice to the other party. (22) Transfer of rights and obligations You hereby grant insta Deal the irrevocable right and declaration that Insta Deal may at any time transfer all or part of its rights, obligations, benefits or liabilities (whether express or presumed) under User Agreement to any associate, at any time and without previous written consent from you. Insta deal agrees to use all available endeavors to notify you of any transfer through publication on website. You may not at any time and without prior written consent from insta deal transfer all or part of your rights, obligations, benefits or liabilities (either expressed or assumed) under this Agreement to the user without prior written consent from (insta deal). (23) General Provisions If any provision of the User Agreement is found to be null or void or for any reason unenforceable, such as if the clause is subject to severalty, this shall not affect the performance and validity of the rest of the clauses in this document. This user agreement shall previously (and the amendments hereof from time to time) all clauses of understanding and agreement between you and insta deal, taking into account the relevant subjects. No person who is not a party to this User Terms Agreement shall have the right to impose any condition and if this User Agreement is translated into any other language, either on the application or any other associated website the Arabic text shall be considered the original reference. (24) Governing Law This User Agreement shall be governed by and construed in accordance with the laws of the State of Kuwait. This provision shall govern the expiration or termination of the User Agreement for any reason. The terms and conditions of this Application or any of its terms and conditions shall be governed by and construed in accordance with Kuwaiti law. In addition, the disputes resulted and related to these site conditions (including non-contractual disputes) shall be subject to exclusive jurisdiction of Kuwaiti courts. Disclaimer and confirmation of what is stated in clause (17) The information, content, products, services and materials available through the Application or any of its associated websites (whether provided through (insta deal) through you, or through other users or third parties / affiliates) including but not limited to food / beverage orders, presentations, text, photographs, graphics, audio files, videos and links, are provided &quot;as they are&quot; and are available without warranty of any kind, express or implied to the fullest extent permitted by law. Insta deal waive any warranties and representations, express or implied, including but not limited to warranties of merchantability, fitness for a particular purpose, ownership, non-infringement, free from computer viruses, and implied warranties arising out of the context of the transaction or the performance context.','en',NULL,NULL),(7,4,'من نحن','من نحن','ar',NULL,NULL),(8,4,'من نحن','من نحن','en',NULL,NULL),(9,5,'سياسة الخصوصية','سياسة الخصوصية','ar',NULL,NULL),(10,5,'سياسة الخصوصية','سياسة الخصوصية','en',NULL,NULL);

--
-- Table structure for table `pages`
--

CREATE TABLE `pages` (
  `id` int unsigned NOT NULL AUTO_INCREMENT,
  `created_at` timestamp NULL DEFAULT NULL,
  `updated_at` timestamp NULL DEFAULT NULL,
  PRIMARY KEY (`id`)
) ENGINE=InnoDB AUTO_INCREMENT=6 DEFAULT CHARSET=utf8mb4 COLLATE=utf8mb4_unicode_ci;

--
-- Dumping data for table `pages`
--

INSERT INTO `pages` (`id`, `created_at`, `updated_at`) VALUES (4,'2021-12-07 20:39:57','2021-12-07 20:39:57'),(5,'2021-12-07 20:41:13','2021-12-07 20:41:13');

--
-- Table structure for table `password_resets`
--

CREATE TABLE `password_resets` (
  `email` varchar(191) CHARACTER SET utf8mb4 COLLATE utf8mb4_unicode_ci NOT NULL,
  `token` varchar(191) CHARACTER SET utf8mb4 COLLATE utf8mb4_unicode_ci NOT NULL,
  `created_at` timestamp NULL DEFAULT NULL,
  KEY `password_resets_email_index` (`email`)
) ENGINE=InnoDB DEFAULT CHARSET=utf8mb4 COLLATE=utf8mb4_unicode_ci;

--
-- Dumping data for table `password_resets`
--


--
-- Table structure for table `permission_role`
--

CREATE TABLE `permission_role` (
  `permission_id` int unsigned NOT NULL,
  `role_id` int unsigned NOT NULL,
  PRIMARY KEY (`permission_id`,`role_id`),
  KEY `permission_role_role_id_foreign` (`role_id`)
) ENGINE=InnoDB DEFAULT CHARSET=utf8mb4 COLLATE=utf8mb4_unicode_ci;

--
-- Dumping data for table `permission_role`
--

INSERT INTO `permission_role` (`permission_id`, `role_id`) VALUES (1,1),(2,1),(3,1),(4,1),(5,1),(6,1),(7,1),(8,1),(9,1),(10,1),(11,1),(12,1),(13,1),(14,1),(15,1),(16,1),(17,1),(18,1),(19,1),(20,1),(21,1),(22,1),(23,1),(24,1),(25,1),(26,1),(27,1),(28,1),(29,1),(30,1),(31,1),(32,1),(33,1),(34,1),(35,1),(36,1),(37,1),(38,1),(39,1),(40,1),(41,1),(42,1),(43,1),(44,1),(45,1),(46,1),(47,1),(48,1),(49,1),(50,1),(51,1),(52,1),(53,1),(54,1),(55,1),(56,1),(57,1),(58,1),(59,1),(60,1),(61,1),(62,1),(63,1),(64,1),(65,1),(66,1),(67,1),(68,1),(69,1),(70,1),(71,1),(72,1),(73,1),(74,1),(75,1),(76,1),(77,1),(78,1),(79,1),(80,1),(81,1),(82,1),(83,1),(84,1),(85,1),(86,1),(87,1),(88,1),(89,1),(90,1),(91,1),(92,1),(93,1),(94,1),(95,1),(96,1),(97,1),(98,1),(99,1),(100,1),(101,1),(102,1),(103,1),(104,1),(105,1),(106,1),(107,1),(108,1),(109,1),(110,1),(111,1),(112,1),(113,1),(114,1),(115,1),(116,1),(117,1);

--
-- Table structure for table `permission_user`
--

CREATE TABLE `permission_user` (
  `permission_id` int unsigned NOT NULL,
  `user_id` int unsigned NOT NULL,
  `user_type` varchar(191) CHARACTER SET utf8mb4 COLLATE utf8mb4_unicode_ci NOT NULL,
  PRIMARY KEY (`user_id`,`permission_id`,`user_type`),
  KEY `permission_user_permission_id_foreign` (`permission_id`)
) ENGINE=InnoDB DEFAULT CHARSET=utf8mb4 COLLATE=utf8mb4_unicode_ci;

--
-- Dumping data for table `permission_user`
--


--
-- Table structure for table `permissions`
--

CREATE TABLE `permissions` (
  `id` int unsigned NOT NULL AUTO_INCREMENT,
  `name` varchar(191) CHARACTER SET utf8mb4 COLLATE utf8mb4_unicode_ci NOT NULL,
  `display_name` varchar(191) CHARACTER SET utf8mb4 COLLATE utf8mb4_unicode_ci DEFAULT NULL,
  `description` varchar(191) CHARACTER SET utf8mb4 COLLATE utf8mb4_unicode_ci DEFAULT NULL,
  `created_at` timestamp NULL DEFAULT NULL,
  `updated_at` timestamp NULL DEFAULT NULL,
  PRIMARY KEY (`id`),
  UNIQUE KEY `permissions_name_unique` (`name`)
) ENGINE=InnoDB AUTO_INCREMENT=118 DEFAULT CHARSET=utf8mb4 COLLATE=utf8mb4_unicode_ci;

--
-- Dumping data for table `permissions`
--

INSERT INTO `permissions` (`id`, `name`, `display_name`, `description`, `created_at`, `updated_at`) VALUES (1,'create_users','Create Users','Create Users','2020-06-02 05:32:54','2020-06-02 05:32:54'),(2,'read_users','Read Users','Read Users','2020-06-02 05:32:54','2020-06-02 05:32:54'),(3,'update_users','Update Users','Update Users','2020-06-02 05:32:54','2020-06-02 05:32:54'),(4,'delete_users','Delete Users','Delete Users','2020-06-02 05:32:54','2020-06-02 05:32:54'),(5,'create_roles','Create Roles','Create Roles','2020-06-02 05:32:54','2020-06-02 05:32:54'),(6,'read_roles','Read Roles','Read Roles','2020-06-02 05:32:54','2020-06-02 05:32:54'),(7,'update_roles','Update Roles','Update Roles','2020-06-02 05:32:54','2020-06-02 05:32:54'),(8,'delete_roles','Delete Roles','Delete Roles','2020-06-02 05:32:54','2020-06-02 05:32:54'),(9,'create_categories','Create Categories','Create Categories','2020-06-02 05:32:54','2020-06-02 05:32:54'),(10,'read_categories','Read Categories','Read Categories','2020-06-02 05:32:54','2020-06-02 05:32:54'),(11,'update_categories','Update Categories','Update Categories','2020-06-02 05:32:54','2020-06-02 05:32:54'),(12,'delete_categories','Delete Categories','Delete Categories','2020-06-02 05:32:54','2020-06-02 05:32:54'),(13,'create_languages','Create Languages','Create Languages','2020-06-02 05:32:54','2020-06-02 05:32:54'),(14,'read_languages','Read Languages','Read Languages','2020-06-02 05:32:54','2020-06-02 05:32:54'),(15,'update_languages','Update Languages','Update Languages','2020-06-02 05:32:54','2020-06-02 05:32:54'),(16,'delete_languages','Delete Languages','Delete Languages','2020-06-02 05:32:54','2020-06-02 05:32:54'),(17,'create_pages','Create Pages','Create Pages','2020-06-02 05:32:54','2020-06-02 05:32:54'),(18,'read_pages','Read Pages','Read Pages','2020-06-02 05:32:54','2020-06-02 05:32:54'),(19,'update_pages','Update Pages','Update Pages','2020-06-02 05:32:54','2020-06-02 05:32:54'),(20,'delete_pages','Delete Pages','Delete Pages','2020-06-02 05:32:54','2020-06-02 05:32:54'),(21,'create_settings','Create Settings','Create Settings','2020-06-02 05:32:54','2020-06-02 05:32:54'),(22,'read_settings','Read Settings','Read Settings','2020-06-02 05:32:54','2020-06-02 05:32:54'),(23,'update_settings','Update Settings','Update Settings','2020-06-02 05:32:54','2020-06-02 05:32:54'),(24,'delete_settings','Delete Settings','Delete Settings','2020-06-02 05:32:54','2020-06-02 05:32:54'),(25,'create_countries','Create Countries','Create Countries','2020-06-02 05:32:54','2020-06-02 05:32:54'),(26,'read_countries','Read Countries','Read Countries','2020-06-02 05:32:54','2020-06-02 05:32:54'),(27,'update_countries','Update Countries','Update Countries','2020-06-02 05:32:54','2020-06-02 05:32:54'),(28,'delete_countries','Delete Countries','Delete Countries','2020-06-02 05:32:54','2020-06-02 05:32:54'),(29,'create_governments','Create Governments','Create Governments','2020-06-02 05:32:54','2020-06-02 05:32:54'),(30,'read_governments','Read Governments','Read Governments','2020-06-02 05:32:54','2020-06-02 05:32:54'),(31,'update_governments','Update Governments','Update Governments','2020-06-02 05:32:54','2020-06-02 05:32:54'),(32,'delete_governments','Delete Governments','Delete Governments','2020-06-02 05:32:54','2020-06-02 05:32:54'),(33,'create_regions','Create Regions','Create Regions','2020-06-02 05:32:54','2020-06-02 05:32:54'),(34,'read_regions','Read Regions','Read Regions','2020-06-02 05:32:54','2020-06-02 05:32:54'),(35,'update_regions','Update Regions','Update Regions','2020-06-02 05:32:54','2020-06-02 05:32:54'),(36,'delete_regions','Delete Regions','Delete Regions','2020-06-02 05:32:54','2020-06-02 05:32:54'),(37,'create_sliders','Create Sliders','Create Sliders','2020-06-02 05:32:54','2020-06-02 05:32:54'),(38,'read_sliders','Read Sliders','Read Sliders','2020-06-02 05:32:54','2020-06-02 05:32:54'),(39,'update_sliders','Update Sliders','Update Sliders','2020-06-02 05:32:54','2020-06-02 05:32:54'),(40,'delete_sliders','Delete Sliders','Delete Sliders','2020-06-02 05:32:54','2020-06-02 05:32:54'),(41,'create_notifications','Create Notifications','Create Notifications','2020-06-02 05:32:54','2020-06-02 05:32:54'),(42,'read_notifications','Read Notifications','Read Notifications','2020-06-02 05:32:54','2020-06-02 05:32:54'),(43,'update_notifications','Update Notifications','Update Notifications','2020-06-02 05:32:54','2020-06-02 05:32:54'),(44,'delete_notifications','Delete Notifications','Delete Notifications','2020-06-02 05:32:54','2020-06-02 05:32:54'),(45,'create_clients','Create Clients','Create Clients','2020-06-02 05:32:54','2020-06-02 05:32:54'),(46,'read_clients','Read Clients','Read Clients','2020-06-02 05:32:54','2020-06-02 05:32:54'),(47,'update_clients','Update Clients','Update Clients','2020-06-02 05:32:54','2020-06-02 05:32:54'),(48,'delete_clients','Delete Clients','Delete Clients','2020-06-02 05:32:54','2020-06-02 05:32:54'),(49,'create_tagers','Create Tagers','Create Tagers','2020-06-02 05:32:54','2020-06-02 05:32:54'),(50,'read_tagers','Read Tagers','Read Tagers','2020-06-02 05:32:54','2020-06-02 05:32:54'),(51,'update_tagers','Update Tagers','Update Tagers','2020-06-02 05:32:54','2020-06-02 05:32:54'),(52,'delete_tagers','Delete Tagers','Delete Tagers','2020-06-02 05:32:54','2020-06-02 05:32:54'),(53,'create_memberships','Create Memberships','Create Memberships','2020-06-02 05:32:54','2020-06-02 05:32:54'),(54,'read_memberships','Read Memberships','Read Memberships','2020-06-02 05:32:54','2020-06-02 05:32:54'),(55,'update_memberships','Update Memberships','Update Memberships','2020-06-02 05:32:54','2020-06-02 05:32:54'),(56,'delete_memberships','Delete Memberships','Delete Memberships','2020-06-02 05:32:54','2020-06-02 05:32:54'),(57,'create_tecnicalSupports','Create TecnicalSupports','Create TecnicalSupports','2020-06-02 05:32:54','2020-06-02 05:32:54'),(58,'read_tecnicalSupports','Read TecnicalSupports','Read TecnicalSupports','2020-06-02 05:32:54','2020-06-02 05:32:54'),(59,'update_tecnicalSupports','Update TecnicalSupports','Update TecnicalSupports','2020-06-02 05:32:54','2020-06-02 05:32:54'),(60,'delete_tecnicalSupports','Delete TecnicalSupports','Delete TecnicalSupports','2020-06-02 05:32:54','2020-06-02 05:32:54'),(61,'create_shippings','Create Shippings','Create Shippings','2020-06-02 05:32:54','2020-06-02 05:32:54'),(62,'read_shippings','Read Shippings','Read Shippings','2020-06-02 05:32:54','2020-06-02 05:32:54'),(63,'update_shippings','Update Shippings','Update Shippings','2020-06-02 05:32:54','2020-06-02 05:32:54'),(64,'delete_shippings','Delete Shippings','Delete Shippings','2020-06-02 05:32:54','2020-06-02 05:32:54'),(65,'create_shippingsOptions','Create ShippingsOptions','Create ShippingsOptions','2020-06-02 05:32:54','2020-06-02 05:32:54'),(66,'read_shippingsOptions','Read ShippingsOptions','Read ShippingsOptions','2020-06-02 05:32:55','2020-06-02 05:32:55'),(67,'update_shippingsOptions','Update ShippingsOptions','Update ShippingsOptions','2020-06-02 05:32:55','2020-06-02 05:32:55'),(68,'delete_shippingsOptions','Delete ShippingsOptions','Delete ShippingsOptions','2020-06-02 05:32:55','2020-06-02 05:32:55'),(69,'create_transactiontypes','Create Transactiontypes','Create Transactiontypes','2020-06-02 05:32:55','2020-06-02 05:32:55'),(70,'read_transactiontypes','Read Transactiontypes','Read Transactiontypes','2020-06-02 05:32:55','2020-06-02 05:32:55'),(71,'update_transactiontypes','Update Transactiontypes','Update Transactiontypes','2020-06-02 05:32:55','2020-06-02 05:32:55'),(72,'delete_transactiontypes','Delete Transactiontypes','Delete Transactiontypes','2020-06-02 05:32:55','2020-06-02 05:32:55'),(73,'create_arrivals','Create Arrivals','Create Arrivals','2020-06-02 05:32:55','2020-06-02 05:32:55'),(74,'read_arrivals','Read Arrivals','Read Arrivals','2020-06-02 05:32:55','2020-06-02 05:32:55'),(75,'update_arrivals','Update Arrivals','Update Arrivals','2020-06-02 05:32:55','2020-06-02 05:32:55'),(76,'delete_arrivals','Delete Arrivals','Delete Arrivals','2020-06-02 05:32:55','2020-06-02 05:32:55'),(77,'create_shippingtypes','Create Shippingtypes','Create Shippingtypes','2020-06-02 05:32:55','2020-06-02 05:32:55'),(78,'read_shippingtypes','Read Shippingtypes','Read Shippingtypes','2020-06-02 05:32:55','2020-06-02 05:32:55'),(79,'update_shippingtypes','Update Shippingtypes','Update Shippingtypes','2020-06-02 05:32:55','2020-06-02 05:32:55'),(80,'delete_shippingtypes','Delete Shippingtypes','Delete Shippingtypes','2020-06-02 05:32:55','2020-06-02 05:32:55'),(81,'create_offers','Create Offers','Create Offers','2020-06-02 05:32:55','2020-06-02 05:32:55'),(82,'read_offers','Read Offers','Read Offers','2020-06-02 05:32:55','2020-06-02 05:32:55'),(83,'update_offers','Update Offers','Update Offers','2020-06-02 05:32:55','2020-06-02 05:32:55'),(84,'delete_offers','Delete Offers','Delete Offers','2020-06-02 05:32:55','2020-06-02 05:32:55'),(85,'create_companies','Create Companies','Create Companies','2020-06-02 05:32:55','2020-06-02 05:32:55'),(86,'read_companies','Read Companies','Read Companies','2020-06-02 05:32:55','2020-06-02 05:32:55'),(87,'update_companies','Update Companies','Update Companies','2020-06-02 05:32:55','2020-06-02 05:32:55'),(88,'delete_companies','Delete Companies','Delete Companies','2020-06-02 05:32:55','2020-06-02 05:32:55'),(89,'create_products','Create Products','Create Products','2020-06-02 05:32:55','2020-06-02 05:32:55'),(90,'read_products','Read Products','Read Products','2020-06-02 05:32:55','2020-06-02 05:32:55'),(91,'update_products','Update Products','Update Products','2020-06-02 05:32:55','2020-06-02 05:32:55'),(92,'delete_products','Delete Products','Delete Products','2020-06-02 05:32:55','2020-06-02 05:32:55'),(93,'create_brands','Create Brands','Create Brands','2020-06-02 05:32:55','2020-06-02 05:32:55'),(94,'read_brands','Read Brands','Read Brands','2020-06-02 05:32:55','2020-06-02 05:32:55'),(95,'update_brands','Update Brands','Update Brands','2020-06-02 05:32:55','2020-06-02 05:32:55'),(96,'delete_brands','Delete Brands','Delete Brands','2020-06-02 05:32:55','2020-06-02 05:32:55'),(97,'create_colors','Create Colors','Create Colors','2020-06-02 05:32:55','2020-06-02 05:32:55'),(98,'read_colors','Read Colors','Read Colors','2020-06-02 05:32:55','2020-06-02 05:32:55'),(99,'update_colors','Update Colors','Update Colors','2020-06-02 05:32:55','2020-06-02 05:32:55'),(100,'delete_colors','Delete Colors','Delete Colors','2020-06-02 05:32:55','2020-06-02 05:32:55'),(101,'create_content_mangement','Create Content_mangement','Create Content_mangement','2020-06-02 05:32:55','2020-06-02 05:32:55'),(102,'read_content_mangement','Read Content_mangement','Read Content_mangement','2020-06-02 05:32:55','2020-06-02 05:32:55'),(103,'update_content_mangement','Update Content_mangement','Update Content_mangement','2020-06-02 05:32:55','2020-06-02 05:32:55'),(104,'delete_content_mangement','Delete Content_mangement','Delete Content_mangement','2020-06-02 05:32:55','2020-06-02 05:32:55'),(105,'create_discount','Create Discount','Create Discount','2020-06-02 05:32:55','2020-06-02 05:32:55'),(106,'read_discount','Read Discount','Read Discount','2020-06-02 05:32:55','2020-06-02 05:32:55'),(107,'update_discount','Update Discount','Update Discount','2020-06-02 05:32:55','2020-06-02 05:32:55'),(108,'delete_discount','Delete Discount','Delete Discount','2020-06-02 05:32:55','2020-06-02 05:32:55'),(109,'create_orders','Create Orders','Create Orders','2020-06-02 05:32:55','2020-06-02 05:32:55'),(110,'read_orders','Read Orders','Read Orders','2020-06-02 05:32:55','2020-06-02 05:32:55'),(111,'update_orders','Update Orders','Update Orders','2020-06-02 05:32:55','2020-06-02 05:32:55'),(112,'delete_orders','Delete Orders','Delete Orders','2020-06-02 05:32:55','2020-06-02 05:32:55'),(113,'read_reports','Read Reports','Read Reports','2020-06-02 05:32:55','2020-06-02 05:32:55'),(114,'read_products_report','Read Products_report','Read Products_report','2020-06-02 05:32:55','2020-06-02 05:32:55'),(115,'read_suppliers_report','Read Suppliers_report','Read Suppliers_report','2020-06-02 05:32:55','2020-06-02 05:32:55'),(116,'read_jamali_report','Read Jamali_report','Read Jamali_report','2020-06-02 05:32:55','2020-06-02 05:32:55'),(117,'read_tager_report','Read Tager_report','Read Tager_report','2020-06-02 05:32:55','2020-06-02 05:32:55');

--
-- Table structure for table `product_categories`
--

CREATE TABLE `product_categories` (
  `id` int unsigned NOT NULL AUTO_INCREMENT,
  `product_id` int unsigned DEFAULT NULL,
  `category_id` int unsigned DEFAULT NULL,
  `created_at` timestamp NULL DEFAULT NULL,
  `updated_at` timestamp NULL DEFAULT NULL,
  PRIMARY KEY (`id`),
  KEY `product_categories_product_id_foreign` (`product_id`),
  KEY `product_categories_category_id_foreign` (`category_id`)
) ENGINE=InnoDB AUTO_INCREMENT=47 DEFAULT CHARSET=utf8mb4 COLLATE=utf8mb4_unicode_ci;

--
-- Dumping data for table `product_categories`
--

INSERT INTO `product_categories` (`id`, `product_id`, `category_id`, `created_at`, `updated_at`) VALUES (1,2,1,NULL,NULL),(2,2,2,NULL,NULL),(3,6,1,NULL,NULL),(4,7,2,NULL,NULL),(5,8,11,NULL,NULL),(6,9,12,NULL,NULL),(7,10,12,NULL,NULL),(8,11,11,NULL,NULL),(9,12,11,NULL,NULL),(10,13,11,NULL,NULL),(11,14,11,NULL,NULL),(12,15,11,NULL,NULL),(13,17,2,NULL,NULL),(14,37,2,NULL,NULL),(15,36,2,NULL,NULL),(16,35,2,NULL,NULL),(17,34,2,NULL,NULL),(18,33,2,NULL,NULL),(19,32,2,NULL,NULL),(20,31,2,NULL,NULL),(21,30,2,NULL,NULL),(22,29,2,NULL,NULL),(23,28,2,NULL,NULL),(24,27,2,NULL,NULL),(25,26,2,NULL,NULL),(26,25,2,NULL,NULL),(27,24,2,NULL,NULL),(28,23,2,NULL,NULL),(29,22,2,NULL,NULL),(30,21,2,NULL,NULL),(31,20,2,NULL,NULL),(32,19,2,NULL,NULL),(34,38,7,NULL,NULL),(35,40,3,NULL,NULL),(39,41,11,NULL,NULL),(43,18,3,NULL,NULL),(44,9,2,NULL,NULL),(45,9,3,NULL,NULL),(46,9,5,NULL,NULL);

--
-- Table structure for table `product_colors`
--

CREATE TABLE `product_colors` (
  `id` bigint unsigned NOT NULL AUTO_INCREMENT,
  `product_id` int unsigned DEFAULT NULL,
  `color_id` int unsigned DEFAULT NULL,
  `imageColor` varchar(191) CHARACTER SET utf8mb4 COLLATE utf8mb4_unicode_ci DEFAULT NULL,
  `ColorCode` varchar(191) CHARACTER SET utf8mb4 COLLATE utf8mb4_unicode_ci DEFAULT NULL,
  `created_at` timestamp NULL DEFAULT NULL,
  `updated_at` timestamp NULL DEFAULT NULL,
  PRIMARY KEY (`id`),
  KEY `product_colors_product_id_foreign` (`product_id`),
  KEY `product_colors_color_id_foreign` (`color_id`)
) ENGINE=InnoDB DEFAULT CHARSET=utf8mb4 COLLATE=utf8mb4_unicode_ci;

--
-- Dumping data for table `product_colors`
--


--
-- Table structure for table `product_companies`
--

CREATE TABLE `product_companies` (
  `id` int unsigned NOT NULL AUTO_INCREMENT,
  `product_id` int unsigned NOT NULL,
  `company_id` int unsigned NOT NULL,
  `created_at` timestamp NULL DEFAULT NULL,
  `updated_at` timestamp NULL DEFAULT NULL,
  PRIMARY KEY (`id`),
  KEY `product_companies_product_id_foreign` (`product_id`),
  KEY `product_companies_company_id_foreign` (`company_id`)
) ENGINE=InnoDB DEFAULT CHARSET=utf8mb4 COLLATE=utf8mb4_unicode_ci;

--
-- Dumping data for table `product_companies`
--


--
-- Table structure for table `product_content_sections`
--

CREATE TABLE `product_content_sections` (
  `id` int unsigned NOT NULL AUTO_INCREMENT,
  `product_id` int unsigned DEFAULT NULL,
  `content_section_id` int unsigned DEFAULT NULL,
  `created_at` timestamp NULL DEFAULT NULL,
  `updated_at` timestamp NULL DEFAULT NULL,
  PRIMARY KEY (`id`),
  KEY `product_content_sections_product_id_foreign` (`product_id`),
  KEY `product_content_sections_content_section_id_foreign` (`content_section_id`)
) ENGINE=InnoDB DEFAULT CHARSET=utf8mb4 COLLATE=utf8mb4_unicode_ci;

--
-- Dumping data for table `product_content_sections`
--


--
-- Table structure for table `product_gifts`
--

CREATE TABLE `product_gifts` (
  `id` int unsigned NOT NULL AUTO_INCREMENT,
  `product_id` int unsigned NOT NULL,
  `gift_id` int unsigned NOT NULL,
  `created_at` timestamp NULL DEFAULT NULL,
  `updated_at` timestamp NULL DEFAULT NULL,
  PRIMARY KEY (`id`),
  KEY `product_gifts_product_id_foreign` (`product_id`),
  KEY `product_gifts_gift_id_foreign` (`gift_id`)
) ENGINE=InnoDB DEFAULT CHARSET=utf8mb4 COLLATE=utf8mb4_unicode_ci;

--
-- Dumping data for table `product_gifts`
--


--
-- Table structure for table `product_orders`
--

CREATE TABLE `product_orders` (
  `id` int unsigned NOT NULL AUTO_INCREMENT,
  `order_id` int unsigned NOT NULL,
  `product_id` int unsigned NOT NULL,
  `company_id` int unsigned NOT NULL,
  `quantity` int NOT NULL DEFAULT '1',
  `option` text CHARACTER SET utf8mb4 COLLATE utf8mb4_unicode_ci NOT NULL,
  `price` decimal(8,2) NOT NULL,
  `shipping_cost` decimal(8,2) DEFAULT NULL,
  `created_at` timestamp NULL DEFAULT NULL,
  `updated_at` timestamp NULL DEFAULT NULL,
  `status_product` int NOT NULL,
  `other_supplier_id` int unsigned DEFAULT NULL,
  `TotalPrice` double DEFAULT NULL,
  `gift_id` int unsigned DEFAULT NULL,
  PRIMARY KEY (`id`),
  KEY `product_orders_order_id_foreign` (`order_id`),
  KEY `product_orders_product_id_foreign` (`product_id`),
  KEY `product_orders_company_id_foreign` (`company_id`),
  KEY `product_orders_other_supplier_id_foreign` (`other_supplier_id`),
  KEY `gift_id` (`gift_id`)
) ENGINE=InnoDB AUTO_INCREMENT=1681 DEFAULT CHARSET=utf8mb4 COLLATE=utf8mb4_unicode_ci;

--
-- Dumping data for table `product_orders`
--

INSERT INTO `product_orders` (`id`, `order_id`, `product_id`, `company_id`, `quantity`, `option`, `price`, `shipping_cost`, `created_at`, `updated_at`, `status_product`, `other_supplier_id`, `TotalPrice`, `gift_id`) VALUES (331,208,49,0,1,' ',1.35,NULL,'2022-04-20 09:24:42','2022-04-20 09:24:42',0,NULL,NULL,NULL),(332,208,50,0,1,' ',1.70,NULL,'2022-04-20 09:24:42','2022-04-20 09:24:42',0,NULL,NULL,NULL),(333,209,226,0,1,' ',1.10,NULL,'2022-05-09 11:25:55','2022-05-09 11:25:55',0,NULL,NULL,NULL),(334,210,524,0,2,' ',2.29,NULL,'2022-06-11 04:27:30','2022-06-11 04:28:22',0,NULL,NULL,NULL),(335,211,589,0,3,' ',0.46,NULL,'2022-06-11 08:33:08','2022-06-11 08:33:14',0,NULL,NULL,NULL),(336,211,537,0,1,' ',0.36,NULL,'2022-06-11 08:33:25','2022-06-11 08:33:25',0,NULL,NULL,NULL),(337,212,389,0,1,' ',0.87,NULL,'2022-06-18 08:26:00','2022-06-18 08:26:00',0,NULL,NULL,NULL),(338,213,388,0,1,' ',0.00,NULL,'2022-06-28 05:42:01','2022-06-28 05:42:01',0,NULL,NULL,NULL),(339,214,366,0,1,' ',2.00,NULL,'2022-07-18 18:51:59','2022-07-18 18:52:18',0,NULL,NULL,NULL),(340,215,372,0,1,' ',2.39,NULL,'2022-07-21 09:19:14','2022-07-21 09:19:14',0,NULL,NULL,NULL),(341,216,526,0,3,' ',1.99,NULL,'2022-07-30 02:18:47','2022-07-30 02:21:08',0,NULL,NULL,NULL),(342,216,529,0,1,' ',2.19,NULL,'2022-07-30 02:20:34','2022-07-30 02:20:34',0,NULL,NULL,NULL),(343,217,54,0,1,' ',0.69,NULL,'2022-08-01 15:45:40','2022-08-01 15:45:40',0,NULL,NULL,NULL),(344,217,51,0,1,' ',0.46,NULL,'2022-08-01 15:45:44','2022-08-01 15:45:44',0,NULL,NULL,NULL),(345,217,193,0,1,' ',0.69,NULL,'2022-08-01 15:47:07','2022-08-01 15:47:07',0,NULL,NULL,NULL),(346,218,51,0,1,' ',0.46,NULL,'2022-08-13 12:35:08','2022-08-13 12:35:08',0,NULL,NULL,NULL),(347,218,56,0,1,' ',1.77,NULL,'2022-08-13 12:35:16','2022-08-13 12:35:16',0,NULL,NULL,NULL),(348,218,113,0,1,' ',1.20,NULL,'2022-08-13 12:35:45','2022-08-13 12:35:45',0,NULL,NULL,NULL),(349,219,526,0,2,' ',1.99,NULL,'2022-08-21 08:28:57','2022-08-21 08:31:57',0,NULL,NULL,NULL),(350,219,295,0,2,' ',16.20,NULL,'2022-08-21 08:30:24','2022-08-21 08:30:48',0,NULL,NULL,NULL),(351,220,51,0,1,' ',0.25,NULL,'2022-09-11 22:40:03','2022-09-11 22:40:03',0,NULL,NULL,NULL),(353,220,56,0,1,' ',1.77,NULL,'2022-09-11 22:40:34','2022-09-11 22:40:34',0,NULL,NULL,NULL),(354,220,110,0,1,' ',1.15,NULL,'2022-09-11 22:40:49','2022-09-11 22:40:49',0,NULL,NULL,NULL),(355,220,126,0,1,' ',0.69,NULL,'2022-09-11 22:40:58','2022-09-11 22:40:58',0,NULL,NULL,NULL),(356,220,157,0,1,' ',0.59,NULL,'2022-09-11 22:41:14','2022-09-11 22:41:14',0,NULL,NULL,NULL),(357,220,177,0,1,' ',0.69,NULL,'2022-09-11 22:41:36','2022-09-11 22:41:36',0,NULL,NULL,NULL),(358,220,194,0,1,' ',0.89,NULL,'2022-09-11 22:41:54','2022-09-11 22:41:54',0,NULL,NULL,NULL),(359,220,197,0,1,' ',1.29,NULL,'2022-09-11 22:42:02','2022-09-11 22:42:02',0,NULL,NULL,NULL),(360,220,227,0,1,' ',1.10,NULL,'2022-09-11 22:42:14','2022-09-11 22:42:14',0,NULL,NULL,NULL),(361,220,70,0,1,' ',0.99,NULL,'2022-09-11 22:42:55','2022-09-11 22:42:55',0,NULL,NULL,NULL),(362,220,49,0,1,' ',1.35,NULL,'2022-09-11 22:46:58','2022-09-11 22:46:58',0,NULL,NULL,NULL),(363,221,51,0,1,' ',0.25,NULL,'2022-09-12 03:47:26','2022-09-12 03:47:26',0,NULL,NULL,NULL),(364,221,58,0,1,' ',1.69,NULL,'2022-09-12 03:47:40','2022-09-12 03:47:40',0,NULL,NULL,NULL),(365,221,76,0,1,' ',0.70,NULL,'2022-09-12 03:47:53','2022-09-12 03:47:53',0,NULL,NULL,NULL),(366,221,96,0,4,' ',0.07,NULL,'2022-09-12 03:48:06','2022-09-12 03:52:56',0,NULL,NULL,NULL),(367,221,99,0,4,' ',0.07,NULL,'2022-09-12 03:48:11','2022-09-12 03:52:48',0,NULL,NULL,NULL),(368,221,102,0,1,' ',0.35,NULL,'2022-09-12 03:48:17','2022-09-12 03:48:17',0,NULL,NULL,NULL),(369,221,114,0,1,' ',2.50,NULL,'2022-09-12 03:48:29','2022-09-12 03:48:29',0,NULL,NULL,NULL),(370,221,127,0,1,' ',0.99,NULL,'2022-09-12 03:48:36','2022-09-12 03:48:36',0,NULL,NULL,NULL),(371,221,145,0,1,' ',1.85,NULL,'2022-09-12 03:48:47','2022-09-12 03:48:47',0,NULL,NULL,NULL),(372,221,157,0,1,' ',0.59,NULL,'2022-09-12 03:49:01','2022-09-12 03:49:01',0,NULL,NULL,NULL),(373,221,172,0,1,' ',1.49,NULL,'2022-09-12 03:49:20','2022-09-12 03:49:20',0,NULL,NULL,NULL),(375,221,193,0,1,' ',0.69,NULL,'2022-09-12 03:49:45','2022-09-12 03:49:45',0,NULL,NULL,NULL),(376,221,201,0,1,' ',1.29,NULL,'2022-09-12 03:50:18','2022-09-12 03:50:18',0,NULL,NULL,NULL),(377,221,226,0,1,' ',1.10,NULL,'2022-09-12 03:50:35','2022-09-12 03:50:35',0,NULL,NULL,NULL),(378,221,236,0,1,' ',0.89,NULL,'2022-09-12 03:50:43','2022-09-12 03:50:43',0,NULL,NULL,NULL),(379,221,245,0,1,' ',1.99,NULL,'2022-09-12 03:50:55','2022-09-12 03:50:55',0,NULL,NULL,NULL),(380,222,555,0,4,' ',0.39,NULL,'2022-09-12 16:08:42','2022-09-12 16:08:46',0,NULL,NULL,NULL),(382,223,306,0,1,' ',1.95,NULL,'2022-09-12 20:46:21','2022-09-12 20:46:21',0,NULL,NULL,NULL),(383,224,49,0,1,' ',1.35,NULL,'2022-09-12 22:14:34','2022-09-12 22:14:34',0,NULL,NULL,NULL),(384,224,51,0,1,' ',0.25,NULL,'2022-09-12 22:14:48','2022-09-12 22:14:48',0,NULL,NULL,NULL),(385,224,60,0,1,' ',1.25,NULL,'2022-09-12 22:14:59','2022-09-12 22:14:59',0,NULL,NULL,NULL),(386,224,62,0,1,' ',2.25,NULL,'2022-09-12 22:15:06','2022-09-12 22:15:06',0,NULL,NULL,NULL),(387,224,70,0,1,' ',0.99,NULL,'2022-09-12 22:15:30','2022-09-12 22:15:30',0,NULL,NULL,NULL),(388,224,81,0,1,' ',0.07,NULL,'2022-09-12 22:15:50','2022-09-12 22:15:50',0,NULL,NULL,NULL),(389,224,96,0,1,' ',0.07,NULL,'2022-09-12 22:16:07','2022-09-12 22:16:07',0,NULL,NULL,NULL),(390,224,99,0,1,' ',0.07,NULL,'2022-09-12 22:16:14','2022-09-12 22:16:14',0,NULL,NULL,NULL),(391,224,101,0,1,' ',0.07,NULL,'2022-09-12 22:16:18','2022-09-12 22:16:18',0,NULL,NULL,NULL),(392,224,103,0,1,' ',0.07,NULL,'2022-09-12 22:16:22','2022-09-12 22:16:22',0,NULL,NULL,NULL),(393,224,123,0,1,' ',1.65,NULL,'2022-09-12 22:16:44','2022-09-12 22:16:44',0,NULL,NULL,NULL),(394,224,126,0,1,' ',0.69,NULL,'2022-09-12 22:16:50','2022-09-12 22:16:50',0,NULL,NULL,NULL),(395,224,134,0,1,' ',1.29,NULL,'2022-09-12 22:16:58','2022-09-12 22:16:58',0,NULL,NULL,NULL),(397,224,153,0,1,' ',1.00,NULL,'2022-09-12 22:17:21','2022-09-12 22:17:21',0,NULL,NULL,NULL),(398,224,54,0,1,' ',0.69,NULL,'2022-09-12 22:17:42','2022-09-12 22:17:42',0,NULL,NULL,NULL),(399,224,157,0,1,' ',0.59,NULL,'2022-09-12 22:18:04','2022-09-12 22:18:04',0,NULL,NULL,NULL),(400,224,177,0,1,' ',0.69,NULL,'2022-09-12 22:18:16','2022-09-12 22:18:16',0,NULL,NULL,NULL),(401,224,200,0,1,' ',0.85,NULL,'2022-09-12 22:18:40','2022-09-12 22:18:40',0,NULL,NULL,NULL),(402,224,225,0,1,' ',0.59,NULL,'2022-09-12 22:18:59','2022-09-12 22:18:59',0,NULL,NULL,NULL),(403,224,235,0,1,' ',1.30,NULL,'2022-09-12 22:19:14','2022-09-12 22:19:14',0,NULL,NULL,NULL),(404,224,238,0,1,' ',0.69,NULL,'2022-09-12 22:19:19','2022-09-12 22:19:19',0,NULL,NULL,NULL),(405,224,626,0,1,' ',0.79,NULL,'2022-09-12 22:20:26','2022-09-12 22:20:26',0,NULL,NULL,NULL),(406,224,190,0,1,' ',0.79,NULL,'2022-09-12 22:20:52','2022-09-12 22:20:52',0,NULL,NULL,NULL),(407,224,578,0,1,' ',0.85,NULL,'2022-09-12 22:23:10','2022-09-12 22:23:10',0,NULL,NULL,NULL),(408,224,538,0,6,' ',0.36,NULL,'2022-09-12 22:23:31','2022-09-12 22:23:41',0,NULL,NULL,NULL),(409,224,423,0,1,' ',1.29,NULL,'2022-09-12 22:24:24','2022-09-12 22:24:24',0,NULL,NULL,NULL),(410,224,443,0,1,' ',0.52,NULL,'2022-09-12 22:24:44','2022-09-12 22:24:44',0,NULL,NULL,NULL),(411,224,499,0,1,' ',0.66,NULL,'2022-09-12 22:25:24','2022-09-12 22:25:24',0,NULL,NULL,NULL),(412,225,101,0,4,' ',0.07,NULL,'2022-09-13 10:56:14','2022-09-13 11:00:21',0,NULL,NULL,NULL),(413,225,99,0,2,' ',0.07,NULL,'2022-09-13 10:56:27','2022-09-13 11:00:26',0,NULL,NULL,NULL),(414,225,75,0,2,' ',0.56,NULL,'2022-09-13 10:56:52','2022-09-13 11:00:30',0,NULL,NULL,NULL),(415,225,95,0,2,' ',0.75,NULL,'2022-09-13 10:57:02','2022-09-13 11:00:33',0,NULL,NULL,NULL),(416,225,96,0,2,' ',0.07,NULL,'2022-09-13 10:57:12','2022-09-13 11:00:37',0,NULL,NULL,NULL),(417,225,93,0,4,' ',0.07,NULL,'2022-09-13 10:57:21','2022-09-13 11:00:48',0,NULL,NULL,NULL),(418,225,176,0,1,' ',1.15,NULL,'2022-09-13 10:57:35','2022-09-13 10:57:35',0,NULL,NULL,NULL),(419,225,194,0,1,' ',0.89,NULL,'2022-09-13 10:57:45','2022-09-13 10:57:45',0,NULL,NULL,NULL),(420,225,103,0,6,' ',0.07,NULL,'2022-09-13 10:57:54','2022-09-13 11:01:07',0,NULL,NULL,NULL),(421,225,235,0,1,' ',1.30,NULL,'2022-09-13 10:58:06','2022-09-13 10:58:06',0,NULL,NULL,NULL),(422,225,51,0,1,' ',0.25,NULL,'2022-09-13 10:58:13','2022-09-13 10:58:13',0,NULL,NULL,NULL),(423,225,236,0,1,' ',0.89,NULL,'2022-09-13 10:58:23','2022-09-13 10:58:23',0,NULL,NULL,NULL),(424,225,107,0,2,' ',0.25,NULL,'2022-09-13 10:58:32','2022-09-13 11:01:13',0,NULL,NULL,NULL),(425,225,200,0,1,' ',0.85,NULL,'2022-09-13 10:59:01','2022-09-13 10:59:01',0,NULL,NULL,NULL),(426,225,240,0,1,' ',0.99,NULL,'2022-09-13 10:59:24','2022-09-13 10:59:24',0,NULL,NULL,NULL),(427,225,57,0,1,' ',1.65,NULL,'2022-09-13 10:59:37','2022-09-13 10:59:37',0,NULL,NULL,NULL),(429,226,134,0,1,' ',1.29,NULL,'2022-09-18 16:00:13','2022-09-18 16:00:13',0,NULL,NULL,NULL),(430,227,65,0,1,' ',1.45,NULL,'2022-09-19 11:01:27','2022-09-19 11:01:27',0,NULL,NULL,NULL),(431,228,50,0,1,' ',1.59,NULL,'2022-09-19 19:53:09','2022-09-19 19:53:09',0,NULL,NULL,NULL),(432,228,47,0,1,' ',1.20,NULL,'2022-09-19 19:53:10','2022-09-19 19:53:10',0,NULL,NULL,NULL),(433,228,54,0,1,' ',0.69,NULL,'2022-09-19 19:53:16','2022-09-19 19:53:16',0,NULL,NULL,NULL),(434,228,389,0,1,' ',0.87,NULL,'2022-09-19 19:53:35','2022-09-19 19:53:35',0,NULL,NULL,NULL),(435,228,390,0,1,' ',1.19,NULL,'2022-09-19 19:53:39','2022-09-19 19:53:39',0,NULL,NULL,NULL),(436,229,47,0,1,' ',1.20,NULL,'2022-09-22 19:05:46','2022-09-22 19:05:46',0,NULL,NULL,NULL),(437,229,175,0,1,' ',1.00,NULL,'2022-09-22 19:07:43','2022-09-22 19:07:43',0,NULL,NULL,NULL),(438,229,184,0,1,' ',0.99,NULL,'2022-09-22 19:07:58','2022-09-22 19:07:58',0,NULL,NULL,NULL),(439,229,390,0,1,' ',1.19,NULL,'2022-09-22 19:15:47','2022-09-22 19:15:47',0,NULL,NULL,NULL),(440,230,57,0,1,' ',1.65,NULL,'2022-09-23 07:54:49','2022-09-23 07:54:49',0,NULL,NULL,NULL),(442,230,635,0,1,' ',1.79,NULL,'2022-09-23 07:55:17','2022-09-23 07:55:17',0,NULL,NULL,NULL),(443,230,70,0,1,' ',0.99,NULL,'2022-09-23 07:55:48','2022-09-23 07:55:48',0,NULL,NULL,NULL),(444,230,110,0,1,' ',1.15,NULL,'2022-09-23 07:56:03','2022-09-23 07:56:03',0,NULL,NULL,NULL),(445,230,184,0,1,' ',0.99,NULL,'2022-09-23 07:56:25','2022-09-23 07:56:25',0,NULL,NULL,NULL),(446,230,194,0,1,' ',0.89,NULL,'2022-09-23 07:56:44','2022-09-23 07:56:44',0,NULL,NULL,NULL),(447,230,127,0,1,' ',0.99,NULL,'2022-09-23 07:56:53','2022-09-23 07:56:53',0,NULL,NULL,NULL),(448,230,201,0,1,' ',1.29,NULL,'2022-09-23 07:57:19','2022-09-23 07:57:19',0,NULL,NULL,NULL),(449,230,261,0,1,' ',1.69,NULL,'2022-09-23 07:57:39','2022-09-23 07:57:39',0,NULL,NULL,NULL),(450,230,176,0,1,' ',1.15,NULL,'2022-09-23 07:57:51','2022-09-23 07:57:51',0,NULL,NULL,NULL),(451,230,140,0,1,' ',0.79,NULL,'2022-09-23 07:58:02','2022-09-23 07:58:02',0,NULL,NULL,NULL),(452,230,242,0,1,' ',0.99,NULL,'2022-09-23 07:58:23','2022-09-23 07:58:23',0,NULL,NULL,NULL),(453,230,236,0,1,' ',0.89,NULL,'2022-09-23 07:58:33','2022-09-23 07:58:33',0,NULL,NULL,NULL),(454,230,240,0,1,' ',0.99,NULL,'2022-09-23 07:59:22','2022-09-23 07:59:22',0,NULL,NULL,NULL),(455,230,156,0,1,' ',1.19,NULL,'2022-09-23 07:59:31','2022-09-23 07:59:31',0,NULL,NULL,NULL),(456,230,158,0,1,' ',2.69,NULL,'2022-09-23 07:59:38','2022-09-23 07:59:38',0,NULL,NULL,NULL),(457,230,210,0,1,' ',1.29,NULL,'2022-09-23 08:00:24','2022-09-23 08:00:24',0,NULL,NULL,NULL),(458,230,117,0,1,' ',1.25,NULL,'2022-09-23 08:00:34','2022-09-23 08:00:34',0,NULL,NULL,NULL),(459,230,116,0,1,' ',1.45,NULL,'2022-09-23 08:00:37','2022-09-23 08:00:37',0,NULL,NULL,NULL),(460,230,167,0,1,' ',1.25,NULL,'2022-09-23 08:00:51','2022-09-23 08:00:51',0,NULL,NULL,NULL),(461,230,172,0,1,' ',1.49,NULL,'2022-09-23 08:00:55','2022-09-23 08:00:55',0,NULL,NULL,NULL),(462,230,208,0,1,' ',1.29,NULL,'2022-09-23 08:01:08','2022-09-23 08:01:08',0,NULL,NULL,NULL),(463,230,281,0,1,' ',1.35,NULL,'2022-09-23 08:01:26','2022-09-23 08:01:26',0,NULL,NULL,NULL),(464,230,598,0,1,' ',2.39,NULL,'2022-09-23 08:01:50','2022-09-23 08:01:50',0,NULL,NULL,NULL),(465,230,625,0,1,' ',0.89,NULL,'2022-09-23 08:01:59','2022-09-23 08:01:59',0,NULL,NULL,NULL),(466,230,286,0,1,' ',1.45,NULL,'2022-09-23 08:02:16','2022-09-23 08:02:16',0,NULL,NULL,NULL),(467,230,630,0,1,' ',0.99,NULL,'2022-09-23 08:02:36','2022-09-23 08:02:36',0,NULL,NULL,NULL),(468,230,274,0,1,' ',0.69,NULL,'2022-09-23 08:02:46','2022-09-23 08:02:46',0,NULL,NULL,NULL),(470,230,103,0,6,' ',0.08,NULL,'2022-09-23 08:03:28','2022-09-23 08:07:15',0,NULL,NULL,NULL),(471,230,99,0,4,' ',0.07,NULL,'2022-09-23 08:03:49','2022-09-23 08:07:29',0,NULL,NULL,NULL),(472,230,101,0,4,' ',0.08,NULL,'2022-09-23 08:03:58','2022-09-23 08:07:38',0,NULL,NULL,NULL),(473,230,83,0,4,' ',0.07,NULL,'2022-09-23 08:04:07','2022-09-23 08:07:52',0,NULL,NULL,NULL),(474,230,81,0,3,' ',0.09,NULL,'2022-09-23 08:04:19','2022-09-23 08:08:02',0,NULL,NULL,NULL),(475,230,85,0,3,' ',0.25,NULL,'2022-09-23 08:04:43','2022-09-23 08:08:10',0,NULL,NULL,NULL),(476,230,107,0,3,' ',0.25,NULL,'2022-09-23 08:05:05','2022-09-23 08:08:19',0,NULL,NULL,NULL),(477,230,181,0,1,' ',0.79,NULL,'2022-09-23 08:05:53','2022-09-23 08:05:53',0,NULL,NULL,NULL),(479,231,55,0,4,' ',1.26,NULL,'2022-09-23 08:49:20','2022-09-23 08:49:25',0,NULL,NULL,NULL),(481,232,648,0,1,' ',3.29,NULL,'2022-09-24 06:00:58','2022-09-24 06:00:58',0,NULL,NULL,NULL),(482,232,608,0,1,' ',1.29,NULL,'2022-09-24 06:01:47','2022-09-24 06:01:47',0,NULL,NULL,NULL),(483,232,605,0,1,' ',1.55,NULL,'2022-09-24 06:02:18','2022-09-24 06:02:18',0,NULL,NULL,NULL),(484,232,92,0,3,' ',0.08,NULL,'2022-09-24 06:05:03','2022-09-24 06:05:11',0,NULL,NULL,NULL),(486,232,93,0,5,' ',0.09,NULL,'2022-09-24 06:05:28','2022-09-24 06:05:37',0,NULL,NULL,NULL),(487,232,102,0,1,' ',0.35,NULL,'2022-09-24 06:05:55','2022-09-24 06:05:55',0,NULL,NULL,NULL),(489,232,175,0,1,' ',1.00,NULL,'2022-09-24 06:09:47','2022-09-24 06:09:47',0,NULL,NULL,NULL),(490,232,168,0,1,' ',1.65,NULL,'2022-09-24 06:10:08','2022-09-24 06:10:08',0,NULL,NULL,NULL),(491,232,214,0,1,' ',1.95,NULL,'2022-09-24 06:10:52','2022-09-24 06:10:52',0,NULL,NULL,NULL),(492,233,581,0,1,' ',0.99,NULL,'2022-09-24 10:34:09','2022-09-24 10:34:09',0,NULL,NULL,NULL),(493,233,574,0,4,' ',0.36,NULL,'2022-09-24 10:34:39','2022-09-24 10:34:49',0,NULL,NULL,NULL),(494,233,573,0,4,' ',0.36,NULL,'2022-09-24 10:34:50','2022-09-24 10:34:55',0,NULL,NULL,NULL),(495,233,545,0,1,' ',0.99,NULL,'2022-09-24 10:35:55','2022-09-24 10:35:55',0,NULL,NULL,NULL),(496,233,544,0,1,' ',0.99,NULL,'2022-09-24 10:36:19','2022-09-24 10:36:19',0,NULL,NULL,NULL),(497,233,541,0,4,' ',0.36,NULL,'2022-09-24 10:36:52','2022-09-24 10:36:57',0,NULL,NULL,NULL),(498,234,537,0,8,' ',0.36,NULL,'2022-09-25 06:11:11','2022-09-25 06:34:22',0,NULL,NULL,NULL),(499,234,543,0,10,' ',0.36,NULL,'2022-09-25 06:11:31','2022-09-25 06:34:43',0,NULL,NULL,NULL),(500,234,538,0,5,' ',0.36,NULL,'2022-09-25 06:12:31','2022-09-25 06:34:51',0,NULL,NULL,NULL),(501,234,560,0,3,' ',0.36,NULL,'2022-09-25 06:13:03','2022-09-25 06:35:09',0,NULL,NULL,NULL),(502,234,561,0,3,' ',0.36,NULL,'2022-09-25 06:13:06','2022-09-25 06:35:13',0,NULL,NULL,NULL),(503,234,562,0,3,' ',0.36,NULL,'2022-09-25 06:13:11','2022-09-25 06:35:18',0,NULL,NULL,NULL),(504,234,531,0,1,' ',1.49,NULL,'2022-09-25 06:14:02','2022-09-25 06:14:02',0,NULL,NULL,NULL),(505,234,532,0,1,' ',0.99,NULL,'2022-09-25 06:14:06','2022-09-25 06:14:06',0,NULL,NULL,NULL),(506,234,534,0,1,' ',1.29,NULL,'2022-09-25 06:14:17','2022-09-25 06:14:17',0,NULL,NULL,NULL),(507,234,536,0,1,' ',0.99,NULL,'2022-09-25 06:14:42','2022-09-25 06:14:42',0,NULL,NULL,NULL),(508,234,556,0,1,' ',0.89,NULL,'2022-09-25 06:15:01','2022-09-25 06:15:01',0,NULL,NULL,NULL),(509,234,567,0,2,' ',0.69,NULL,'2022-09-25 06:15:38','2022-09-25 06:35:30',0,NULL,NULL,NULL),(510,234,575,0,1,' ',0.88,NULL,'2022-09-25 06:16:30','2022-09-25 06:16:30',0,NULL,NULL,NULL),(511,234,557,0,1,' ',0.36,NULL,'2022-09-25 06:17:29','2022-09-25 06:17:29',0,NULL,NULL,NULL),(512,234,559,0,1,' ',0.36,NULL,'2022-09-25 06:17:36','2022-09-25 06:17:36',0,NULL,NULL,NULL),(513,234,50,0,1,' ',1.59,NULL,'2022-09-25 06:20:10','2022-09-25 06:20:10',0,NULL,NULL,NULL),(514,234,649,0,1,' ',1.65,NULL,'2022-09-25 06:31:24','2022-09-25 06:31:24',0,NULL,NULL,NULL),(515,234,630,0,2,' ',0.99,NULL,'2022-09-25 06:31:35','2022-09-25 06:35:56',0,NULL,NULL,NULL),(516,234,266,0,1,' ',1.59,NULL,'2022-09-25 06:32:42','2022-09-25 06:32:42',0,NULL,NULL,NULL),(517,234,634,0,1,' ',1.29,NULL,'2022-09-25 06:33:21','2022-09-25 06:33:21',0,NULL,NULL,NULL),(518,235,47,0,1,' ',1.20,NULL,'2022-09-25 11:47:15','2022-09-25 11:47:15',0,NULL,NULL,NULL),(519,235,67,0,1,' ',0.59,NULL,'2022-09-25 11:47:26','2022-09-25 11:47:26',0,NULL,NULL,NULL),(520,235,80,0,1,' ',0.35,NULL,'2022-09-25 11:47:47','2022-09-25 11:47:47',0,NULL,NULL,NULL),(521,236,51,0,1,' ',0.25,NULL,'2022-09-27 12:37:17','2022-09-27 12:37:17',0,NULL,NULL,NULL),(522,236,54,0,1,' ',0.69,NULL,'2022-09-27 12:37:25','2022-09-27 12:37:25',0,NULL,NULL,NULL),(523,236,76,0,1,' ',0.70,NULL,'2022-09-27 12:38:07','2022-09-27 12:38:07',0,NULL,NULL,NULL),(524,236,188,0,1,' ',0.79,NULL,'2022-09-27 12:39:43','2022-09-27 12:39:43',0,NULL,NULL,NULL),(525,236,219,0,1,' ',1.39,NULL,'2022-09-27 12:40:14','2022-09-27 12:40:14',0,NULL,NULL,NULL),(526,236,252,0,1,' ',1.69,NULL,'2022-09-27 12:41:04','2022-09-27 12:41:04',0,NULL,NULL,NULL),(527,236,624,0,1,' ',1.54,NULL,'2022-09-27 12:46:08','2022-09-27 12:46:08',0,NULL,NULL,NULL),(528,233,649,0,1,' ',1.65,NULL,'2022-09-27 14:57:50','2022-09-27 14:57:50',0,NULL,NULL,NULL),(529,237,62,0,1,' ',2.25,NULL,'2022-09-28 01:30:13','2022-09-28 01:30:13',0,NULL,NULL,NULL),(530,237,301,0,1,' ',1.75,NULL,'2022-09-28 01:30:46','2022-09-28 01:30:46',0,NULL,NULL,NULL),(534,238,76,0,1,' ',0.70,NULL,'2022-10-01 16:57:18','2022-10-01 17:08:28',0,NULL,NULL,NULL),(543,238,127,0,1,' ',0.99,NULL,'2022-10-01 16:59:20','2022-10-01 16:59:20',0,NULL,NULL,NULL),(552,238,207,0,1,' ',2.28,NULL,'2022-10-01 17:03:37','2022-10-01 17:03:37',0,NULL,NULL,NULL),(556,239,69,0,1,' ',0.75,NULL,'2022-10-03 18:34:38','2022-10-03 18:34:38',0,NULL,NULL,NULL),(557,239,84,0,1,' ',0.35,NULL,'2022-10-03 18:35:04','2022-10-03 18:35:04',0,NULL,NULL,NULL),(558,240,555,0,4,' ',0.39,NULL,'2022-10-08 02:27:57','2022-10-08 02:28:03',0,NULL,NULL,NULL),(559,241,102,0,4,' ',0.35,NULL,'2022-10-09 18:15:56','2022-10-09 18:16:22',0,NULL,NULL,NULL),(560,241,152,0,1,' ',0.75,NULL,'2022-10-09 18:16:47','2022-10-09 18:16:47',0,NULL,NULL,NULL),(561,241,181,0,1,' ',0.79,NULL,'2022-10-09 18:18:28','2022-10-09 18:18:28',0,NULL,NULL,NULL),(562,241,64,0,1,' ',0.65,NULL,'2022-10-09 18:19:25','2022-10-09 18:19:25',0,NULL,NULL,NULL),(563,241,53,0,1,' ',0.79,NULL,'2022-10-09 18:23:08','2022-10-09 18:23:08',0,NULL,NULL,NULL),(564,241,47,0,1,' ',1.20,NULL,'2022-10-09 18:25:40','2022-10-09 18:25:40',0,NULL,NULL,NULL),(565,241,533,0,1,' ',1.29,NULL,'2022-10-09 18:41:19','2022-10-09 18:41:19',0,NULL,NULL,NULL),(566,241,541,0,3,' ',0.36,NULL,'2022-10-09 18:41:39','2022-10-09 18:41:46',0,NULL,NULL,NULL),(567,241,575,0,1,' ',0.88,NULL,'2022-10-09 18:42:12','2022-10-09 18:42:12',0,NULL,NULL,NULL),(568,235,49,0,1,' ',1.35,NULL,'2022-10-12 09:28:04','2022-10-12 09:28:04',0,NULL,NULL,NULL),(569,235,50,0,1,' ',1.59,NULL,'2022-10-12 09:28:09','2022-10-12 09:28:09',0,NULL,NULL,NULL),(570,242,389,0,4,' ',0.87,NULL,'2022-10-12 10:41:40','2022-10-12 10:41:51',0,NULL,NULL,NULL),(571,243,47,0,1,' ',1.29,NULL,'2022-10-12 10:43:17','2022-10-12 10:43:17',0,NULL,NULL,NULL),(572,244,295,0,4,' ',16.20,NULL,'2022-10-12 10:48:55','2022-10-12 10:49:29',0,NULL,NULL,NULL),(579,245,391,0,1,' ',3.29,NULL,'2022-10-12 12:23:16','2022-10-12 12:23:16',0,NULL,NULL,NULL),(583,246,524,0,1,' ',2.29,NULL,'2022-10-13 07:37:19','2022-10-13 07:37:19',0,NULL,NULL,NULL),(585,247,51,0,1,' ',0.25,NULL,'2022-10-14 17:10:55','2022-10-14 17:10:55',0,NULL,NULL,NULL),(586,247,53,0,1,' ',0.88,NULL,'2022-10-14 17:10:59','2022-10-14 17:10:59',0,NULL,NULL,NULL),(587,247,58,0,1,' ',1.69,NULL,'2022-10-14 17:11:07','2022-10-14 17:11:07',0,NULL,NULL,NULL),(588,247,60,0,1,' ',1.25,NULL,'2022-10-14 17:11:13','2022-10-14 17:11:13',0,NULL,NULL,NULL),(589,247,59,0,1,' ',1.25,NULL,'2022-10-14 17:11:16','2022-10-14 17:11:16',0,NULL,NULL,NULL),(590,247,64,0,1,' ',1.49,NULL,'2022-10-14 17:11:24','2022-10-14 17:11:24',0,NULL,NULL,NULL),(591,247,66,0,1,' ',0.60,NULL,'2022-10-14 17:11:33','2022-10-14 17:11:33',0,NULL,NULL,NULL),(592,247,70,0,1,' ',0.99,NULL,'2022-10-14 17:11:42','2022-10-14 17:11:42',0,NULL,NULL,NULL),(593,247,113,0,1,' ',1.20,NULL,'2022-10-14 17:12:06','2022-10-14 17:12:06',0,NULL,NULL,NULL),(594,247,117,0,1,' ',1.25,NULL,'2022-10-14 17:12:12','2022-10-14 17:12:12',0,NULL,NULL,NULL),(595,247,116,0,1,' ',1.45,NULL,'2022-10-14 17:12:16','2022-10-14 17:12:16',0,NULL,NULL,NULL),(596,247,127,0,1,' ',0.99,NULL,'2022-10-14 17:12:29','2022-10-14 17:12:29',0,NULL,NULL,NULL),(597,247,140,0,1,' ',0.79,NULL,'2022-10-14 17:12:40','2022-10-14 17:12:40',0,NULL,NULL,NULL),(598,247,145,0,1,' ',1.85,NULL,'2022-10-14 17:12:48','2022-10-14 17:12:48',0,NULL,NULL,NULL),(599,247,148,0,1,' ',1.49,NULL,'2022-10-14 17:12:55','2022-10-14 17:12:55',0,NULL,NULL,NULL),(600,247,156,0,1,' ',1.19,NULL,'2022-10-14 17:13:04','2022-10-14 17:13:04',0,NULL,NULL,NULL),(601,247,159,0,1,' ',0.85,NULL,'2022-10-14 17:13:10','2022-10-14 17:13:10',0,NULL,NULL,NULL),(602,247,172,0,1,' ',1.49,NULL,'2022-10-14 17:13:25','2022-10-14 17:13:25',0,NULL,NULL,NULL),(603,247,176,0,1,' ',1.15,NULL,'2022-10-14 17:13:31','2022-10-14 17:13:31',0,NULL,NULL,NULL),(604,247,189,0,1,' ',0.59,NULL,'2022-10-14 17:13:40','2022-10-14 17:13:40',0,NULL,NULL,NULL),(605,247,192,0,1,' ',1.29,NULL,'2022-10-14 17:13:48','2022-10-14 17:13:48',0,NULL,NULL,NULL),(606,247,194,0,1,' ',0.89,NULL,'2022-10-14 17:13:52','2022-10-14 17:13:52',0,NULL,NULL,NULL),(607,247,201,0,1,' ',1.29,NULL,'2022-10-14 17:14:00','2022-10-14 17:14:00',0,NULL,NULL,NULL),(608,247,219,0,1,' ',1.39,NULL,'2022-10-14 17:14:15','2022-10-14 17:14:15',0,NULL,NULL,NULL),(609,247,227,0,1,' ',1.10,NULL,'2022-10-14 17:14:21','2022-10-14 17:14:21',0,NULL,NULL,NULL),(610,247,240,0,1,' ',1.59,NULL,'2022-10-14 17:14:34','2022-10-14 17:14:34',0,NULL,NULL,NULL),(611,247,290,0,1,' ',1.35,NULL,'2022-10-14 17:15:05','2022-10-14 17:15:05',0,NULL,NULL,NULL),(612,247,625,0,1,' ',1.19,NULL,'2022-10-14 17:15:29','2022-10-14 17:15:29',0,NULL,NULL,NULL),(613,247,630,0,1,' ',0.99,NULL,'2022-10-14 17:15:36','2022-10-14 17:15:36',0,NULL,NULL,NULL),(614,247,652,0,1,' ',3.99,NULL,'2022-10-14 17:15:53','2022-10-14 17:15:53',0,NULL,NULL,NULL),(615,247,655,0,1,' ',2.99,NULL,'2022-10-14 17:16:00','2022-10-14 17:16:00',0,NULL,NULL,NULL),(616,247,532,0,1,' ',0.99,NULL,'2022-10-14 17:17:39','2022-10-14 17:17:39',0,NULL,NULL,NULL),(617,247,537,0,1,' ',0.36,NULL,'2022-10-14 17:17:46','2022-10-14 17:17:46',0,NULL,NULL,NULL),(618,247,539,0,1,' ',0.29,NULL,'2022-10-14 17:17:50','2022-10-14 17:17:50',0,NULL,NULL,NULL),(619,247,541,0,1,' ',0.36,NULL,'2022-10-14 17:17:55','2022-10-14 17:17:55',0,NULL,NULL,NULL),(620,247,545,0,1,' ',0.99,NULL,'2022-10-14 17:18:01','2022-10-14 17:18:01',0,NULL,NULL,NULL),(621,247,555,0,1,' ',0.39,NULL,'2022-10-14 17:18:10','2022-10-14 17:18:10',0,NULL,NULL,NULL),(622,247,569,0,1,' ',0.99,NULL,'2022-10-14 17:18:21','2022-10-14 17:18:21',0,NULL,NULL,NULL),(623,247,572,0,1,' ',0.99,NULL,'2022-10-14 17:18:28','2022-10-14 17:18:28',0,NULL,NULL,NULL),(624,247,573,0,1,' ',0.36,NULL,'2022-10-14 17:18:33','2022-10-14 17:18:33',0,NULL,NULL,NULL),(625,247,597,0,1,' ',1.99,NULL,'2022-10-14 17:18:44','2022-10-14 17:18:44',0,NULL,NULL,NULL),(626,247,671,0,1,' ',1.69,NULL,'2022-10-14 17:18:51','2022-10-14 17:18:51',0,NULL,NULL,NULL),(627,247,674,0,1,' ',1.59,NULL,'2022-10-14 17:18:56','2022-10-14 17:18:56',0,NULL,NULL,NULL),(628,248,410,0,1,' ',1.14,NULL,'2022-10-17 14:49:07','2022-10-17 14:49:07',0,NULL,NULL,NULL),(629,248,430,0,1,' ',0.75,NULL,'2022-10-17 14:57:06','2022-10-17 14:57:06',0,NULL,NULL,NULL),(630,248,435,0,1,' ',0.75,NULL,'2022-10-17 14:57:20','2022-10-17 14:57:20',0,NULL,NULL,NULL),(631,248,439,0,3,' ',2.05,NULL,'2022-10-17 14:57:32','2022-10-17 14:57:52',0,NULL,NULL,NULL),(632,248,469,0,1,' ',1.50,NULL,'2022-10-17 14:58:07','2022-10-17 14:58:07',0,NULL,NULL,NULL),(633,248,414,0,1,' ',0.19,NULL,'2022-10-17 14:58:54','2022-10-17 14:58:54',0,NULL,NULL,NULL),(634,248,442,0,1,' ',0.35,NULL,'2022-10-17 14:59:16','2022-10-17 14:59:16',0,NULL,NULL,NULL),(635,248,450,0,1,' ',0.56,NULL,'2022-10-17 15:01:27','2022-10-17 15:01:27',0,NULL,NULL,NULL),(636,248,457,0,1,' ',1.05,NULL,'2022-10-17 15:01:45','2022-10-17 15:01:45',0,NULL,NULL,NULL),(637,248,486,0,1,' ',0.27,NULL,'2022-10-17 15:02:43','2022-10-17 15:02:43',0,NULL,NULL,NULL),(638,248,505,0,1,' ',0.53,NULL,'2022-10-17 15:03:22','2022-10-17 15:03:22',0,NULL,NULL,NULL),(639,248,506,0,1,' ',0.53,NULL,'2022-10-17 15:03:26','2022-10-17 15:03:26',0,NULL,NULL,NULL),(640,248,572,0,1,' ',0.99,NULL,'2022-10-17 15:08:41','2022-10-17 15:08:41',0,NULL,NULL,NULL),(641,248,589,0,3,' ',0.46,NULL,'2022-10-17 15:09:55','2022-10-17 15:10:01',0,NULL,NULL,NULL),(642,248,47,0,1,' ',1.29,NULL,'2022-10-17 15:10:22','2022-10-17 15:10:22',0,NULL,NULL,NULL),(643,248,81,0,1,' ',0.09,NULL,'2022-10-17 15:12:11','2022-10-17 15:12:11',0,NULL,NULL,NULL),(644,248,90,0,1,' ',0.07,NULL,'2022-10-17 15:12:26','2022-10-17 15:12:26',0,NULL,NULL,NULL),(645,248,96,0,1,' ',0.07,NULL,'2022-10-17 15:12:42','2022-10-17 15:12:42',0,NULL,NULL,NULL),(646,248,101,0,1,' ',0.08,NULL,'2022-10-17 15:12:50','2022-10-17 15:12:50',0,NULL,NULL,NULL),(647,248,103,0,1,' ',0.08,NULL,'2022-10-17 15:12:57','2022-10-17 15:12:57',0,NULL,NULL,NULL),(648,248,105,0,1,' ',0.50,NULL,'2022-10-17 15:13:08','2022-10-17 15:13:08',0,NULL,NULL,NULL),(649,248,107,0,1,' ',0.25,NULL,'2022-10-17 15:13:14','2022-10-17 15:13:14',0,NULL,NULL,NULL),(650,249,168,0,1,' ',1.65,NULL,'2022-10-17 17:31:54','2022-10-17 17:31:54',0,NULL,NULL,NULL),(651,250,51,0,1,' ',0.25,NULL,'2022-10-28 15:56:15','2022-10-28 15:56:15',0,NULL,NULL,NULL),(652,250,61,0,1,' ',1.25,NULL,'2022-10-28 15:56:24','2022-10-28 15:56:24',0,NULL,NULL,NULL),(653,250,63,0,1,' ',4.99,NULL,'2022-10-28 15:56:34','2022-10-28 15:56:34',0,NULL,NULL,NULL),(654,251,47,0,2,' ',1.29,NULL,'2022-10-29 05:11:34','2022-10-29 05:12:53',0,NULL,NULL,NULL),(655,252,47,0,2,' ',1.29,NULL,'2022-10-29 05:14:11','2022-10-29 05:14:21',0,NULL,NULL,NULL),(656,253,49,0,1,' ',1.35,NULL,'2022-10-29 17:44:42','2022-10-29 17:44:42',0,NULL,NULL,NULL),(657,253,51,0,1,' ',0.25,NULL,'2022-10-29 17:44:50','2022-10-29 17:44:50',0,NULL,NULL,NULL),(658,253,55,0,1,' ',1.26,NULL,'2022-10-29 17:44:55','2022-10-29 17:44:55',0,NULL,NULL,NULL),(659,253,60,0,1,' ',1.25,NULL,'2022-10-29 17:45:00','2022-10-29 17:45:00',0,NULL,NULL,NULL),(660,253,390,0,1,' ',1.19,NULL,'2022-10-29 17:45:10','2022-10-29 17:45:10',0,NULL,NULL,NULL),(661,253,393,0,1,' ',2.59,NULL,'2022-10-29 17:45:14','2022-10-29 17:45:14',0,NULL,NULL,NULL),(662,253,529,0,1,' ',2.19,NULL,'2022-10-29 17:45:24','2022-10-29 17:45:24',0,NULL,NULL,NULL),(663,253,533,0,1,' ',1.29,NULL,'2022-10-29 17:45:29','2022-10-29 17:45:29',0,NULL,NULL,NULL),(664,250,60,0,1,' ',1.25,NULL,'2022-10-30 19:38:37','2022-10-30 19:38:37',0,NULL,NULL,NULL),(665,250,75,0,1,' ',0.56,NULL,'2022-10-30 19:38:50','2022-10-30 19:38:50',0,NULL,NULL,NULL),(666,250,117,0,1,' ',1.25,NULL,'2022-10-30 19:39:15','2022-10-30 19:39:15',0,NULL,NULL,NULL),(667,250,123,0,1,' ',1.65,NULL,'2022-10-30 19:39:20','2022-10-30 19:39:20',0,NULL,NULL,NULL),(668,250,121,0,1,' ',1.39,NULL,'2022-10-30 19:39:23','2022-10-30 19:39:23',0,NULL,NULL,NULL),(669,254,662,0,2,' ',2.99,NULL,'2022-11-07 15:27:16','2022-11-07 15:27:24',0,NULL,NULL,NULL),(670,254,68,0,1,' ',1.25,NULL,'2022-11-07 15:27:33','2022-11-07 15:27:33',0,NULL,NULL,NULL),(671,255,47,0,1,' ',1.29,NULL,'2022-11-07 20:29:00','2022-11-07 20:29:00',0,NULL,NULL,NULL),(672,255,51,0,1,' ',0.25,NULL,'2022-11-07 20:29:08','2022-11-07 20:29:08',0,NULL,NULL,NULL),(673,255,54,0,1,' ',0.69,NULL,'2022-11-07 20:29:15','2022-11-07 20:29:15',0,NULL,NULL,NULL),(674,255,113,0,1,' ',1.20,NULL,'2022-11-07 20:29:29','2022-11-07 20:29:29',0,NULL,NULL,NULL),(675,255,154,0,1,' ',0.70,NULL,'2022-11-07 20:29:59','2022-11-07 20:29:59',0,NULL,NULL,NULL),(677,255,159,0,1,' ',0.85,NULL,'2022-11-07 20:30:14','2022-11-07 20:30:14',0,NULL,NULL,NULL),(678,255,194,0,1,' ',0.89,NULL,'2022-11-07 20:30:31','2022-11-07 20:30:31',0,NULL,NULL,NULL),(679,255,201,0,1,' ',1.29,NULL,'2022-11-07 20:31:04','2022-11-07 20:31:04',0,NULL,NULL,NULL),(680,255,225,0,1,' ',0.59,NULL,'2022-11-07 20:31:18','2022-11-07 20:31:18',0,NULL,NULL,NULL),(681,255,228,0,1,' ',0.89,NULL,'2022-11-07 20:31:26','2022-11-07 20:31:26',0,NULL,NULL,NULL),(683,255,78,0,1,' ',0.75,NULL,'2022-11-07 20:32:10','2022-11-07 20:32:10',0,NULL,NULL,NULL),(684,255,76,0,1,' ',0.70,NULL,'2022-11-07 20:32:14','2022-11-07 20:32:14',0,NULL,NULL,NULL),(685,255,85,0,1,' ',0.25,NULL,'2022-11-07 20:32:23','2022-11-07 20:32:23',0,NULL,NULL,NULL),(686,255,91,0,1,' ',0.35,NULL,'2022-11-07 20:32:30','2022-11-07 20:32:30',0,NULL,NULL,NULL),(687,255,93,0,1,' ',0.09,NULL,'2022-11-07 20:32:34','2022-11-07 20:32:34',0,NULL,NULL,NULL),(688,255,96,0,1,' ',0.07,NULL,'2022-11-07 20:32:42','2022-11-07 20:32:42',0,NULL,NULL,NULL),(689,255,99,0,1,' ',0.07,NULL,'2022-11-07 20:39:18','2022-11-07 20:39:18',0,NULL,NULL,NULL),(690,255,101,0,1,' ',0.08,NULL,'2022-11-07 20:39:24','2022-11-07 20:39:24',0,NULL,NULL,NULL),(691,255,103,0,1,' ',0.08,NULL,'2022-11-07 20:39:32','2022-11-07 20:39:32',0,NULL,NULL,NULL),(692,255,81,0,1,' ',0.09,NULL,'2022-11-07 20:43:33','2022-11-07 20:43:33',0,NULL,NULL,NULL),(693,255,126,0,1,' ',0.69,NULL,'2022-11-08 05:40:14','2022-11-08 05:40:14',0,NULL,NULL,NULL),(694,256,59,0,1,' ',1.25,NULL,'2022-11-08 09:02:15','2022-11-08 09:05:22',0,NULL,NULL,NULL),(695,256,70,0,1,' ',0.99,NULL,'2022-11-08 09:05:28','2022-11-08 09:05:28',0,NULL,NULL,NULL),(713,258,47,0,1,' ',1.29,NULL,'2022-11-20 18:06:33','2022-11-20 18:06:33',0,NULL,NULL,NULL),(714,258,54,0,1,' ',0.69,NULL,'2022-11-20 18:06:49','2022-11-20 18:06:49',0,NULL,NULL,NULL),(715,258,76,0,1,' ',0.89,NULL,'2022-11-20 18:07:29','2022-11-20 18:07:29',0,NULL,NULL,NULL),(716,258,85,0,1,' ',0.25,NULL,'2022-11-20 18:07:44','2022-11-20 18:07:44',0,NULL,NULL,NULL),(717,258,103,0,1,' ',0.08,NULL,'2022-11-20 18:07:56','2022-11-20 18:07:56',0,NULL,NULL,NULL),(718,258,101,0,1,' ',0.08,NULL,'2022-11-20 18:08:01','2022-11-20 18:08:01',0,NULL,NULL,NULL),(719,258,99,0,1,' ',0.07,NULL,'2022-11-20 18:08:07','2022-11-20 18:08:07',0,NULL,NULL,NULL),(720,258,113,0,1,' ',1.20,NULL,'2022-11-27 09:57:07','2022-11-27 09:57:07',0,NULL,NULL,NULL),(721,258,117,0,1,' ',1.25,NULL,'2022-11-27 09:57:13','2022-11-27 09:57:13',0,NULL,NULL,NULL),(722,258,126,0,1,' ',0.69,NULL,'2022-11-27 09:57:28','2022-11-27 09:57:28',0,NULL,NULL,NULL),(723,258,134,0,1,' ',1.29,NULL,'2022-11-27 09:57:36','2022-11-27 09:57:36',0,NULL,NULL,NULL),(724,258,140,0,1,' ',0.79,NULL,'2022-11-27 09:57:48','2022-11-27 09:57:48',0,NULL,NULL,NULL),(725,258,152,0,1,' ',0.75,NULL,'2022-11-27 09:58:11','2022-11-27 09:58:11',0,NULL,NULL,NULL),(726,258,174,0,1,' ',0.70,NULL,'2022-11-27 09:58:33','2022-11-27 09:58:33',0,NULL,NULL,NULL),(727,258,194,0,1,' ',0.89,NULL,'2022-11-27 09:58:57','2022-11-27 09:58:57',0,NULL,NULL,NULL),(729,258,225,0,1,' ',0.59,NULL,'2022-11-27 10:00:35','2022-11-27 10:00:35',0,NULL,NULL,NULL),(730,258,198,0,1,' ',2.59,NULL,'2022-11-27 10:00:56','2022-11-27 10:00:56',0,NULL,NULL,NULL),(731,258,261,0,1,' ',1.69,NULL,'2022-11-27 10:01:16','2022-11-27 10:01:16',0,NULL,NULL,NULL),(732,259,51,0,1,' ',0.49,NULL,'2022-11-27 11:39:09','2022-11-27 11:39:09',0,NULL,NULL,NULL),(733,259,57,0,1,' ',1.65,NULL,'2022-11-27 11:39:18','2022-11-27 11:39:18',0,NULL,NULL,NULL),(734,259,59,0,1,' ',1.25,NULL,'2022-11-27 11:40:54','2022-11-27 11:40:54',0,NULL,NULL,NULL),(735,259,60,0,1,' ',1.25,NULL,'2022-11-27 11:40:57','2022-11-27 11:40:57',0,NULL,NULL,NULL),(736,259,61,0,1,' ',1.25,NULL,'2022-11-27 11:41:03','2022-11-27 11:41:03',0,NULL,NULL,NULL),(737,259,62,0,1,' ',2.25,NULL,'2022-11-27 11:41:07','2022-11-27 11:41:07',0,NULL,NULL,NULL),(738,259,66,0,1,' ',0.60,NULL,'2022-11-27 11:41:17','2022-11-27 11:41:24',0,NULL,NULL,NULL),(739,259,68,0,1,' ',1.25,NULL,'2022-11-27 11:41:30','2022-11-27 11:41:30',0,NULL,NULL,NULL),(740,259,70,0,1,' ',0.99,NULL,'2022-11-27 11:41:35','2022-11-27 11:41:35',0,NULL,NULL,NULL),(741,259,76,0,1,' ',0.89,NULL,'2022-11-27 11:41:42','2022-11-27 11:41:42',0,NULL,NULL,NULL),(742,259,116,0,1,' ',1.45,NULL,'2022-11-27 11:42:00','2022-11-27 11:42:00',0,NULL,NULL,NULL),(743,259,117,0,1,' ',1.25,NULL,'2022-11-27 11:42:05','2022-11-27 11:42:05',0,NULL,NULL,NULL),(744,259,126,0,1,' ',0.69,NULL,'2022-11-27 11:42:17','2022-11-27 11:42:17',0,NULL,NULL,NULL),(745,259,134,0,1,' ',1.29,NULL,'2022-11-27 11:42:27','2022-11-27 11:42:27',0,NULL,NULL,NULL),(746,259,139,0,1,' ',2.50,NULL,'2022-11-27 11:42:34','2022-11-27 11:42:34',0,NULL,NULL,NULL),(747,259,140,0,1,' ',0.79,NULL,'2022-11-27 11:42:42','2022-11-27 11:42:42',0,NULL,NULL,NULL),(748,259,145,0,1,' ',1.85,NULL,'2022-11-27 11:43:12','2022-11-27 11:43:12',0,NULL,NULL,NULL),(749,259,148,0,1,' ',1.49,NULL,'2022-11-27 11:43:19','2022-11-27 11:43:19',0,NULL,NULL,NULL),(751,259,156,0,1,' ',1.19,NULL,'2022-11-27 11:45:16','2022-11-27 11:45:16',0,NULL,NULL,NULL),(752,259,159,0,1,' ',0.85,NULL,'2022-11-27 11:45:24','2022-11-27 11:45:24',0,NULL,NULL,NULL),(753,259,175,0,1,' ',1.09,NULL,'2022-11-27 11:46:32','2022-11-27 11:46:32',0,NULL,NULL,NULL),(754,259,176,0,1,' ',1.15,NULL,'2022-11-27 11:46:37','2022-11-27 11:46:37',0,NULL,NULL,NULL),(755,259,180,0,1,' ',1.69,NULL,'2022-11-27 11:46:43','2022-11-27 11:46:43',0,NULL,NULL,NULL),(756,259,181,0,1,' ',0.79,NULL,'2022-11-27 11:46:47','2022-11-27 11:46:47',0,NULL,NULL,NULL),(757,259,184,0,1,' ',0.99,NULL,'2022-11-27 11:46:55','2022-11-27 11:46:55',0,NULL,NULL,NULL),(759,259,194,0,1,' ',0.89,NULL,'2022-11-27 11:47:12','2022-11-27 11:47:12',0,NULL,NULL,NULL),(760,259,197,0,1,' ',1.29,NULL,'2022-11-27 11:47:20','2022-11-27 11:47:20',0,NULL,NULL,NULL),(761,259,210,0,1,' ',1.29,NULL,'2022-11-27 11:47:29','2022-11-27 11:47:29',0,NULL,NULL,NULL),(762,259,212,0,1,' ',1.25,NULL,'2022-11-27 11:47:35','2022-11-27 11:47:35',0,NULL,NULL,NULL),(763,259,220,0,1,' ',1.95,NULL,'2022-11-27 11:47:46','2022-11-27 11:47:46',0,NULL,NULL,NULL),(764,259,225,0,1,' ',0.59,NULL,'2022-11-27 11:48:17','2022-11-27 11:48:17',0,NULL,NULL,NULL),(765,259,236,0,1,' ',0.89,NULL,'2022-11-27 11:48:29','2022-11-27 11:48:29',0,NULL,NULL,NULL),(766,259,240,0,1,' ',1.59,NULL,'2022-11-27 11:48:37','2022-11-27 11:48:37',0,NULL,NULL,NULL),(767,259,242,0,1,' ',1.59,NULL,'2022-11-27 11:48:43','2022-11-27 11:48:43',0,NULL,NULL,NULL),(769,259,251,0,1,' ',0.99,NULL,'2022-11-27 11:49:12','2022-11-27 11:49:12',0,NULL,NULL,NULL),(770,259,267,0,1,' ',0.79,NULL,'2022-11-27 11:49:37','2022-11-27 11:49:37',0,NULL,NULL,NULL),(771,259,274,0,1,' ',0.69,NULL,'2022-11-27 11:49:46','2022-11-27 11:49:46',0,NULL,NULL,NULL),(772,259,281,0,1,' ',1.35,NULL,'2022-11-27 11:49:55','2022-11-27 11:49:55',0,NULL,NULL,NULL),(773,259,287,0,1,' ',1.45,NULL,'2022-11-27 11:50:02','2022-11-27 11:50:02',0,NULL,NULL,NULL),(774,259,291,0,1,' ',1.35,NULL,'2022-11-27 11:50:11','2022-11-27 11:50:11',0,NULL,NULL,NULL),(775,259,608,0,1,' ',1.29,NULL,'2022-11-27 11:50:31','2022-11-27 11:50:31',0,NULL,NULL,NULL),(776,259,625,0,1,' ',1.19,NULL,'2022-11-27 11:50:51','2022-11-27 11:50:51',0,NULL,NULL,NULL),(777,259,624,0,1,' ',1.54,NULL,'2022-11-27 11:50:55','2022-11-27 11:50:55',0,NULL,NULL,NULL),(778,259,630,0,1,' ',0.99,NULL,'2022-11-27 11:51:03','2022-11-27 11:51:03',0,NULL,NULL,NULL),(779,259,662,0,1,' ',2.99,NULL,'2022-11-27 11:51:32','2022-11-27 11:51:32',0,NULL,NULL,NULL),(780,258,390,0,1,' ',1.19,NULL,'2022-11-27 12:32:43','2022-11-27 12:32:43',0,NULL,NULL,NULL),(781,258,407,0,1,' ',0.59,NULL,'2022-11-27 12:33:02','2022-11-27 12:33:02',0,NULL,NULL,NULL),(784,260,47,0,1,' ',1.29,NULL,'2022-11-30 15:58:16','2022-11-30 15:58:16',0,NULL,NULL,NULL),(785,260,245,0,1,' ',1.99,NULL,'2022-11-30 15:59:55','2022-11-30 15:59:55',0,NULL,NULL,NULL),(786,260,54,0,1,' ',0.69,NULL,'2022-11-30 16:01:27','2022-11-30 16:01:27',0,NULL,NULL,NULL),(787,260,110,0,1,' ',1.15,NULL,'2022-11-30 16:02:26','2022-11-30 16:02:26',0,NULL,NULL,NULL),(788,260,184,0,1,' ',0.99,NULL,'2022-11-30 16:03:06','2022-11-30 16:03:06',0,NULL,NULL,NULL),(789,260,158,0,1,' ',2.69,NULL,'2022-11-30 16:03:30','2022-11-30 16:03:30',0,NULL,NULL,NULL),(790,260,177,0,1,' ',0.69,NULL,'2022-11-30 16:03:43','2022-11-30 16:03:43',0,NULL,NULL,NULL),(792,260,140,0,1,' ',0.79,NULL,'2022-11-30 16:04:03','2022-11-30 16:04:03',0,NULL,NULL,NULL),(794,260,226,0,2,' ',1.10,NULL,'2022-11-30 16:06:21','2022-11-30 16:09:52',0,NULL,NULL,NULL),(795,260,82,0,4,' ',0.39,NULL,'2022-11-30 16:07:03','2022-11-30 16:10:12',0,NULL,NULL,NULL),(797,260,83,0,3,' ',0.07,NULL,'2022-11-30 16:08:24','2022-11-30 16:10:20',0,NULL,NULL,NULL),(798,260,85,0,3,' ',0.25,NULL,'2022-11-30 16:08:30','2022-11-30 16:10:24',0,NULL,NULL,NULL),(799,260,87,0,3,' ',0.30,NULL,'2022-11-30 16:08:35','2022-11-30 16:10:28',0,NULL,NULL,NULL),(800,260,90,0,3,' ',0.07,NULL,'2022-11-30 16:08:40','2022-11-30 16:10:32',0,NULL,NULL,NULL),(801,260,92,0,3,' ',0.08,NULL,'2022-11-30 16:08:46','2022-11-30 16:11:23',0,NULL,NULL,NULL),(802,260,93,0,3,' ',0.09,NULL,'2022-11-30 16:08:50','2022-11-30 16:11:19',0,NULL,NULL,NULL),(803,260,96,0,3,' ',0.07,NULL,'2022-11-30 16:08:57','2022-11-30 16:11:13',0,NULL,NULL,NULL),(804,260,99,0,4,' ',0.07,NULL,'2022-11-30 16:09:02','2022-11-30 16:11:09',0,NULL,NULL,NULL),(805,260,101,0,4,' ',0.08,NULL,'2022-11-30 16:09:07','2022-11-30 16:10:59',0,NULL,NULL,NULL),(806,260,103,0,5,' ',0.08,NULL,'2022-11-30 16:09:12','2022-11-30 16:15:39',0,NULL,NULL,NULL),(807,260,107,0,3,' ',0.25,NULL,'2022-11-30 16:09:20','2022-11-30 16:15:16',0,NULL,NULL,NULL),(808,260,194,0,1,' ',0.89,NULL,'2022-11-30 16:13:43','2022-11-30 16:13:43',0,NULL,NULL,NULL),(809,260,201,0,1,' ',1.29,NULL,'2022-11-30 16:14:17','2022-11-30 16:14:17',0,NULL,NULL,NULL),(810,260,126,0,1,' ',0.69,NULL,'2022-11-30 16:14:34','2022-11-30 16:14:34',0,NULL,NULL,NULL),(811,261,189,0,2,' ',0.59,NULL,'2022-11-30 16:26:29','2022-11-30 16:26:33',0,NULL,NULL,NULL),(812,261,66,0,2,' ',0.60,NULL,'2022-11-30 16:26:44','2022-11-30 16:26:51',0,NULL,NULL,NULL),(816,238,402,0,1,' ',0.37,NULL,'2022-12-04 17:03:33','2022-12-04 17:03:33',0,NULL,NULL,NULL),(819,238,422,0,1,' ',0.35,NULL,'2022-12-04 17:04:34','2022-12-04 17:04:34',0,NULL,NULL,NULL),(820,238,455,0,1,' ',0.56,NULL,'2022-12-04 17:05:38','2022-12-04 17:05:38',0,NULL,NULL,NULL),(827,257,62,0,1,' ',2.25,NULL,'2022-12-05 16:15:06','2022-12-05 16:15:06',0,NULL,NULL,NULL),(828,262,389,0,4,' ',0.87,NULL,'2022-12-07 12:06:24','2022-12-19 12:55:03',0,NULL,NULL,NULL),(829,263,58,0,1,' ',1.69,NULL,'2022-12-08 03:42:34','2022-12-08 03:42:34',0,NULL,NULL,NULL),(830,263,70,0,1,' ',0.79,NULL,'2022-12-08 03:42:46','2022-12-08 03:42:46',0,NULL,NULL,NULL),(831,264,389,0,1,' ',0.87,NULL,'2022-12-27 11:59:41','2022-12-27 11:59:41',0,NULL,NULL,NULL),(832,265,389,0,1,' ',0.87,NULL,'2022-12-27 12:03:24','2022-12-27 12:03:24',0,NULL,NULL,NULL),(833,266,47,0,1,' ',1.29,NULL,'2022-12-28 03:45:15','2022-12-28 03:45:15',0,NULL,NULL,NULL),(834,267,57,0,3,' ',1.65,NULL,'2023-01-06 12:56:07','2023-01-06 12:56:15',0,NULL,NULL,NULL),(835,268,156,0,1,' ',1.19,NULL,'2023-01-08 13:57:45','2023-01-08 13:57:45',0,NULL,NULL,NULL),(836,268,155,0,1,' ',0.70,NULL,'2023-01-08 13:58:11','2023-01-08 13:58:11',0,NULL,NULL,NULL),(837,268,126,0,1,' ',0.69,NULL,'2023-01-08 13:58:46','2023-01-08 14:05:46',0,NULL,NULL,NULL),(838,268,176,0,1,' ',1.15,NULL,'2023-01-08 13:59:15','2023-01-08 13:59:15',0,NULL,NULL,NULL),(839,268,226,0,1,' ',1.10,NULL,'2023-01-08 13:59:39','2023-01-08 13:59:39',0,NULL,NULL,NULL),(840,268,51,0,1,' ',0.25,NULL,'2023-01-08 14:04:29','2023-01-08 14:04:29',0,NULL,NULL,NULL),(841,268,140,0,1,' ',0.79,NULL,'2023-01-08 14:04:46','2023-01-08 14:04:46',0,NULL,NULL,NULL),(842,268,197,0,1,' ',1.29,NULL,'2023-01-08 14:05:15','2023-01-08 14:05:15',0,NULL,NULL,NULL),(843,268,101,0,3,' ',0.08,NULL,'2023-01-08 14:06:35','2023-01-08 14:07:37',0,NULL,NULL,NULL),(844,268,103,0,3,' ',0.08,NULL,'2023-01-08 14:06:49','2023-01-08 14:07:44',0,NULL,NULL,NULL),(845,268,90,0,3,' ',0.07,NULL,'2023-01-08 14:06:59','2023-01-08 14:07:52',0,NULL,NULL,NULL),(846,268,107,0,1,' ',0.25,NULL,'2023-01-08 14:07:08','2023-01-08 14:07:08',0,NULL,NULL,NULL),(847,268,87,0,3,' ',0.30,NULL,'2023-01-08 14:07:19','2023-01-08 14:08:03',0,NULL,NULL,NULL),(848,269,47,0,1,' ',1.29,NULL,'2023-01-22 23:12:06','2023-01-22 23:12:06',0,NULL,NULL,NULL),(849,269,54,0,1,' ',0.69,NULL,'2023-01-22 23:12:22','2023-01-22 23:12:22',0,NULL,NULL,NULL),(850,269,51,0,1,' ',0.25,NULL,'2023-01-22 23:12:40','2023-01-22 23:12:40',0,NULL,NULL,NULL),(851,269,66,0,2,' ',0.60,NULL,'2023-01-22 23:13:36','2023-01-22 23:13:40',0,NULL,NULL,NULL),(852,269,70,0,1,' ',0.79,NULL,'2023-01-22 23:14:12','2023-01-22 23:14:12',0,NULL,NULL,NULL),(853,269,75,0,1,' ',0.56,NULL,'2023-01-22 23:14:22','2023-01-22 23:14:22',0,NULL,NULL,NULL),(854,269,126,0,1,' ',0.69,NULL,'2023-01-22 23:14:34','2023-01-22 23:14:34',0,NULL,NULL,NULL),(855,269,176,0,1,' ',1.15,NULL,'2023-01-22 23:14:47','2023-01-22 23:14:47',0,NULL,NULL,NULL),(856,269,227,0,1,' ',1.10,NULL,'2023-01-22 23:16:31','2023-01-22 23:16:31',0,NULL,NULL,NULL),(857,269,228,0,1,' ',0.89,NULL,'2023-01-22 23:16:36','2023-01-22 23:16:36',0,NULL,NULL,NULL),(858,269,81,0,2,' ',0.09,NULL,'2023-01-22 23:19:17','2023-01-22 23:19:22',0,NULL,NULL,NULL),(859,269,83,0,2,' ',0.07,NULL,'2023-01-22 23:19:28','2023-01-22 23:19:32',0,NULL,NULL,NULL),(860,269,85,0,2,' ',0.25,NULL,'2023-01-22 23:19:37','2023-01-22 23:19:42',0,NULL,NULL,NULL),(861,269,87,0,2,' ',0.30,NULL,'2023-01-22 23:19:46','2023-01-22 23:19:51',0,NULL,NULL,NULL),(862,269,90,0,2,' ',0.07,NULL,'2023-01-22 23:20:00','2023-01-22 23:20:08',0,NULL,NULL,NULL),(863,269,92,0,2,' ',0.08,NULL,'2023-01-22 23:20:20','2023-01-22 23:20:24',0,NULL,NULL,NULL),(864,269,93,0,2,' ',0.09,NULL,'2023-01-22 23:20:31','2023-01-22 23:20:35',0,NULL,NULL,NULL),(865,269,96,0,2,' ',0.07,NULL,'2023-01-22 23:20:44','2023-01-22 23:20:47',0,NULL,NULL,NULL),(866,269,99,0,2,' ',0.07,NULL,'2023-01-22 23:20:55','2023-01-22 23:20:59',0,NULL,NULL,NULL),(867,269,101,0,2,' ',0.08,NULL,'2023-01-22 23:21:04','2023-01-22 23:21:09',0,NULL,NULL,NULL),(868,269,103,0,2,' ',0.08,NULL,'2023-01-22 23:21:14','2023-01-22 23:21:18',0,NULL,NULL,NULL),(869,269,107,0,2,' ',0.25,NULL,'2023-01-22 23:21:23','2023-01-22 23:21:28',0,NULL,NULL,NULL),(870,269,116,0,1,' ',1.45,NULL,'2023-01-22 23:23:10','2023-01-22 23:23:10',0,NULL,NULL,NULL),(871,269,117,0,1,' ',1.25,NULL,'2023-01-22 23:23:20','2023-01-22 23:23:20',0,NULL,NULL,NULL),(872,269,121,0,1,' ',1.39,NULL,'2023-01-22 23:23:30','2023-01-22 23:23:30',0,NULL,NULL,NULL),(873,269,134,0,1,' ',1.29,NULL,'2023-01-22 23:23:38','2023-01-22 23:23:38',0,NULL,NULL,NULL),(874,269,167,0,1,' ',1.25,NULL,'2023-01-22 23:23:59','2023-01-22 23:23:59',0,NULL,NULL,NULL),(875,269,175,0,1,' ',1.09,NULL,'2023-01-22 23:24:15','2023-01-22 23:24:15',0,NULL,NULL,NULL),(876,269,181,0,1,' ',0.79,NULL,'2023-01-22 23:24:23','2023-01-22 23:24:23',0,NULL,NULL,NULL),(877,269,208,0,1,' ',1.29,NULL,'2023-01-22 23:24:28','2023-01-22 23:24:28',0,NULL,NULL,NULL),(878,269,210,0,1,' ',1.29,NULL,'2023-01-22 23:24:33','2023-01-22 23:24:33',0,NULL,NULL,NULL),(879,269,219,0,1,' ',1.39,NULL,'2023-01-22 23:24:46','2023-01-22 23:24:46',0,NULL,NULL,NULL),(880,269,251,0,1,' ',0.99,NULL,'2023-01-22 23:24:53','2023-01-22 23:24:53',0,NULL,NULL,NULL),(881,269,290,0,1,' ',1.35,NULL,'2023-01-22 23:25:04','2023-01-22 23:25:04',0,NULL,NULL,NULL),(882,269,291,0,1,' ',1.35,NULL,'2023-01-22 23:25:18','2023-01-22 23:25:18',0,NULL,NULL,NULL),(884,269,630,0,1,' ',0.99,NULL,'2023-01-22 23:25:42','2023-01-22 23:25:42',0,NULL,NULL,NULL),(885,269,631,0,1,' ',1.15,NULL,'2023-01-22 23:25:49','2023-01-22 23:25:49',0,NULL,NULL,NULL),(886,269,625,0,1,' ',1.19,NULL,'2023-01-22 23:26:05','2023-01-22 23:26:05',0,NULL,NULL,NULL),(887,269,293,0,1,' ',0.99,NULL,'2023-01-22 23:26:14','2023-01-22 23:26:14',0,NULL,NULL,NULL),(888,270,389,0,1,' ',0.87,NULL,'2023-01-25 15:46:57','2023-01-25 15:46:57',0,NULL,NULL,NULL),(889,271,59,0,1,' ',1.25,NULL,'2023-01-30 13:53:16','2023-01-30 13:53:16',0,NULL,NULL,NULL),(890,272,64,0,1,' ',1.49,NULL,'2023-01-31 00:57:30','2023-01-31 00:57:30',0,NULL,NULL,NULL),(891,272,150,0,1,' ',1.39,NULL,'2023-01-31 00:58:13','2023-01-31 00:58:13',0,NULL,NULL,NULL),(892,273,47,0,1,' ',1.29,NULL,'2023-01-31 20:24:10','2023-01-31 20:24:10',0,NULL,NULL,NULL),(894,274,552,0,1,' ',0.33,NULL,'2023-02-09 06:44:00','2023-03-29 07:23:22',0,NULL,NULL,NULL),(895,275,47,0,1,' ',1.29,NULL,'2023-02-12 17:08:50','2023-02-12 17:08:50',0,NULL,NULL,NULL),(896,275,57,0,1,' ',1.65,NULL,'2023-02-12 17:09:06','2023-02-12 17:09:06',0,NULL,NULL,NULL),(897,275,76,0,1,' ',0.89,NULL,'2023-02-12 17:09:37','2023-02-12 17:09:37',0,NULL,NULL,NULL),(898,275,78,0,1,' ',0.75,NULL,'2023-02-12 17:09:42','2023-02-12 17:09:42',0,NULL,NULL,NULL),(899,275,81,0,1,' ',0.09,NULL,'2023-02-12 17:09:51','2023-02-12 17:09:51',0,NULL,NULL,NULL),(900,275,83,0,1,' ',0.07,NULL,'2023-02-12 17:09:55','2023-02-12 17:09:55',0,NULL,NULL,NULL),(901,275,96,0,1,' ',0.07,NULL,'2023-02-12 17:10:12','2023-02-12 17:10:12',0,NULL,NULL,NULL),(902,275,99,0,1,' ',0.07,NULL,'2023-02-12 17:10:17','2023-02-12 17:10:17',0,NULL,NULL,NULL),(903,275,103,0,1,' ',0.08,NULL,'2023-02-12 17:10:26','2023-02-12 17:10:26',0,NULL,NULL,NULL),(904,275,126,0,1,' ',0.69,NULL,'2023-02-12 17:10:51','2023-02-12 17:10:51',0,NULL,NULL,NULL),(905,275,152,0,1,' ',0.75,NULL,'2023-02-12 17:11:19','2023-02-12 17:11:19',0,NULL,NULL,NULL),(906,275,155,0,1,' ',0.70,NULL,'2023-02-12 17:11:27','2023-02-12 17:11:27',0,NULL,NULL,NULL),(907,275,177,0,1,' ',0.69,NULL,'2023-02-12 17:11:47','2023-02-12 17:11:47',0,NULL,NULL,NULL),(909,275,184,0,1,' ',0.99,NULL,'2023-02-12 17:12:05','2023-02-12 17:12:05',0,NULL,NULL,NULL),(910,275,194,0,1,' ',0.89,NULL,'2023-02-12 17:12:17','2023-02-12 17:12:17',0,NULL,NULL,NULL),(911,275,201,0,1,' ',1.29,NULL,'2023-02-12 17:12:56','2023-02-12 17:12:56',0,NULL,NULL,NULL),(912,275,225,0,1,' ',0.59,NULL,'2023-02-12 17:13:13','2023-02-12 17:13:13',0,NULL,NULL,NULL),(913,275,229,0,1,' ',0.99,NULL,'2023-02-12 17:13:24','2023-02-12 17:13:24',0,NULL,NULL,NULL),(914,275,239,0,1,' ',0.69,NULL,'2023-02-12 17:13:39','2023-02-12 17:13:39',0,NULL,NULL,NULL),(915,276,47,0,1,' ',1.29,NULL,'2023-03-09 11:19:26','2023-03-09 11:19:42',0,NULL,NULL,NULL),(916,277,51,0,1,' ',0.25,NULL,'2023-03-12 17:46:44','2023-03-12 17:46:44',0,NULL,NULL,NULL),(917,278,432,0,1,' ',0.49,NULL,'2023-03-19 11:40:30','2023-03-19 11:40:30',0,NULL,NULL,NULL),(918,279,389,0,1,' ',0.87,NULL,'2023-03-19 17:24:55','2023-03-19 17:24:55',0,NULL,NULL,NULL),(919,280,51,0,1,' ',0.25,NULL,'2023-03-21 04:43:34','2023-03-21 04:43:34',0,NULL,NULL,NULL),(920,280,54,0,1,' ',0.69,NULL,'2023-03-21 04:43:39','2023-03-21 04:43:39',0,NULL,NULL,NULL),(921,280,76,0,1,' ',0.89,NULL,'2023-03-21 04:44:06','2023-03-21 04:44:06',0,NULL,NULL,NULL),(922,280,78,0,1,' ',0.75,NULL,'2023-03-21 04:44:12','2023-03-21 04:44:12',0,NULL,NULL,NULL),(923,280,90,0,1,' ',0.07,NULL,'2023-03-21 04:44:27','2023-03-21 04:44:27',0,NULL,NULL,NULL),(924,280,98,0,1,' ',0.35,NULL,'2023-03-21 04:44:44','2023-03-21 04:44:44',0,NULL,NULL,NULL),(925,280,99,0,1,' ',0.07,NULL,'2023-03-21 04:44:49','2023-03-21 04:44:49',0,NULL,NULL,NULL),(926,280,101,0,1,' ',0.08,NULL,'2023-03-21 04:44:56','2023-03-21 04:44:56',0,NULL,NULL,NULL),(927,280,103,0,1,' ',0.08,NULL,'2023-03-21 04:45:01','2023-03-21 04:45:01',0,NULL,NULL,NULL),(928,280,113,0,1,' ',1.20,NULL,'2023-03-21 04:45:11','2023-03-21 04:45:11',0,NULL,NULL,NULL),(929,280,117,0,1,' ',1.25,NULL,'2023-03-21 04:45:20','2023-03-21 04:45:20',0,NULL,NULL,NULL),(930,280,123,0,1,' ',1.65,NULL,'2023-03-21 04:45:41','2023-03-21 04:45:41',0,NULL,NULL,NULL),(931,280,126,0,1,' ',0.69,NULL,'2023-03-21 04:46:00','2023-03-21 04:46:00',0,NULL,NULL,NULL),(932,280,152,0,1,' ',0.75,NULL,'2023-03-21 04:46:24','2023-03-21 04:46:24',0,NULL,NULL,NULL),(933,280,154,0,1,' ',0.70,NULL,'2023-03-21 04:46:29','2023-03-21 04:46:29',0,NULL,NULL,NULL),(934,280,157,0,1,' ',0.59,NULL,'2023-03-21 04:46:42','2023-03-21 04:46:42',0,NULL,NULL,NULL),(935,280,160,0,1,' ',0.65,NULL,'2023-03-21 04:46:51','2023-03-21 04:46:51',0,NULL,NULL,NULL),(936,280,184,0,1,' ',0.99,NULL,'2023-03-21 04:47:20','2023-03-21 04:47:20',0,NULL,NULL,NULL),(937,280,194,0,1,' ',0.89,NULL,'2023-03-21 04:47:37','2023-03-21 04:47:37',0,NULL,NULL,NULL),(938,280,197,0,2,' ',1.29,NULL,'2023-03-21 04:48:12','2023-03-21 04:48:39',0,NULL,NULL,NULL),(939,280,210,0,1,' ',1.29,NULL,'2023-03-21 04:48:56','2023-03-21 04:48:59',0,NULL,NULL,NULL),(940,280,217,0,1,' ',1.95,NULL,'2023-03-21 04:49:10','2023-03-21 04:49:10',0,NULL,NULL,NULL),(941,280,227,0,1,' ',1.10,NULL,'2023-03-21 04:49:31','2023-03-21 04:49:31',0,NULL,NULL,NULL),(942,280,228,0,1,' ',0.89,NULL,'2023-03-21 04:49:38','2023-03-21 04:49:38',0,NULL,NULL,NULL),(943,280,588,0,1,' ',0.36,NULL,'2023-03-21 04:53:04','2023-03-21 04:53:04',0,NULL,NULL,NULL),(944,280,595,0,1,' ',1.29,NULL,'2023-03-21 04:53:17','2023-03-21 04:53:17',0,NULL,NULL,NULL),(945,280,47,0,1,' ',1.29,NULL,'2023-03-21 04:53:57','2023-03-21 04:53:57',0,NULL,NULL,NULL),(947,238,93,0,2,' ',0.09,NULL,'2023-03-24 13:02:25','2023-03-24 13:02:26',0,NULL,NULL,NULL),(949,238,87,0,2,' ',0.30,NULL,'2023-03-24 13:02:48','2023-03-24 13:02:49',0,NULL,NULL,NULL),(950,238,112,0,1,' ',0.70,NULL,'2023-03-24 13:03:56','2023-07-31 08:52:25',0,NULL,NULL,NULL),(951,238,47,0,2,' ',1.29,NULL,'2023-03-24 13:04:40','2023-07-31 08:52:44',0,NULL,NULL,NULL),(952,281,84,0,1,' ',0.35,NULL,'2023-03-24 13:08:50','2023-03-24 13:08:50',0,NULL,NULL,NULL),(953,281,91,0,1,' ',0.35,NULL,'2023-03-24 13:09:01','2023-03-24 13:09:01',0,NULL,NULL,NULL),(954,281,100,0,1,' ',0.35,NULL,'2023-03-24 13:09:18','2023-03-24 13:09:18',0,NULL,NULL,NULL),(955,281,102,0,1,' ',0.35,NULL,'2023-03-24 13:09:23','2023-03-24 13:09:23',0,NULL,NULL,NULL),(956,281,108,0,1,' ',0.50,NULL,'2023-03-24 13:09:37','2023-03-24 13:09:37',0,NULL,NULL,NULL),(957,281,155,0,1,' ',0.70,NULL,'2023-03-24 13:10:17','2023-03-24 13:10:17',0,NULL,NULL,NULL),(958,281,175,0,1,' ',1.09,NULL,'2023-03-24 13:10:46','2023-03-24 13:10:46',0,NULL,NULL,NULL),(959,281,96,0,1,' ',0.07,NULL,'2023-03-24 20:41:21','2023-03-24 20:41:21',0,NULL,NULL,NULL),(961,281,164,0,1,' ',0.85,NULL,'2023-03-24 20:42:07','2023-03-24 20:42:07',0,NULL,NULL,NULL),(962,281,197,0,1,' ',1.29,NULL,'2023-03-24 20:43:08','2023-03-24 20:43:08',0,NULL,NULL,NULL),(963,281,225,0,1,' ',0.59,NULL,'2023-03-24 20:43:33','2023-03-24 20:43:33',0,NULL,NULL,NULL),(964,281,81,0,1,' ',0.09,NULL,'2023-03-24 20:45:06','2023-03-24 20:45:06',0,NULL,NULL,NULL),(965,281,85,0,1,' ',0.25,NULL,'2023-03-24 20:45:15','2023-03-24 20:45:15',0,NULL,NULL,NULL),(966,281,92,0,1,' ',0.08,NULL,'2023-03-24 20:45:24','2023-03-24 20:45:24',0,NULL,NULL,NULL),(967,281,93,0,1,' ',0.09,NULL,'2023-03-24 20:45:29','2023-03-24 20:45:29',0,NULL,NULL,NULL),(968,281,194,0,1,' ',0.89,NULL,'2023-03-24 21:09:01','2023-03-24 21:09:01',0,NULL,NULL,NULL),(969,282,456,0,5,' ',0.75,NULL,'2023-03-28 16:37:35','2023-03-28 16:37:50',0,NULL,NULL,NULL),(970,282,156,0,1,' ',1.19,NULL,'2023-03-28 16:39:58','2023-03-28 16:39:58',0,NULL,NULL,NULL),(971,283,297,0,1,' ',4.95,NULL,'2023-03-29 07:25:07','2023-05-19 20:52:16',0,NULL,NULL,NULL),(973,284,331,0,1,' ',5.95,NULL,'2023-03-30 11:26:23','2023-03-30 11:26:23',0,NULL,NULL,NULL),(975,285,126,0,1,' ',0.69,NULL,'2023-03-30 11:28:29','2023-03-30 11:28:29',0,NULL,NULL,NULL),(976,285,159,0,1,' ',0.85,NULL,'2023-03-30 11:29:10','2023-03-30 11:29:10',0,NULL,NULL,NULL),(977,285,66,0,1,' ',0.60,NULL,'2023-03-30 11:30:09','2023-03-30 11:30:09',0,NULL,NULL,NULL),(978,285,567,0,1,' ',0.69,NULL,'2023-03-30 11:31:58','2023-03-30 11:31:58',0,NULL,NULL,NULL),(979,285,578,0,1,' ',0.85,NULL,'2023-03-30 11:32:17','2023-03-30 11:32:17',0,NULL,NULL,NULL),(980,286,392,0,1,' ',2.79,NULL,'2023-04-01 21:07:16','2023-04-01 21:07:16',0,NULL,NULL,NULL),(981,287,69,0,1,' ',0.75,NULL,'2023-04-01 22:01:12','2023-04-01 22:01:12',0,NULL,NULL,NULL),(982,233,218,0,1,' ',5.50,NULL,'2023-04-10 16:05:56','2023-04-10 16:05:56',0,NULL,NULL,NULL),(983,233,286,0,1,' ',1.45,NULL,'2023-04-10 16:06:22','2023-04-10 16:06:22',0,NULL,NULL,NULL),(984,233,599,0,1,' ',2.60,NULL,'2023-04-10 16:07:01','2023-04-10 16:07:01',0,NULL,NULL,NULL),(985,288,433,0,1,' ',0.90,NULL,'2023-05-09 22:25:48','2023-05-09 22:25:48',0,NULL,NULL,NULL),(986,288,524,0,1,' ',2.29,NULL,'2023-05-09 22:27:46','2023-05-09 22:27:46',0,NULL,NULL,NULL),(987,289,526,0,1,' ',1.99,NULL,'2023-05-19 20:54:38','2023-05-19 20:54:38',0,NULL,NULL,NULL),(988,290,582,0,5,' ',4.49,NULL,'2023-06-11 21:33:53','2023-06-11 21:34:12',0,NULL,NULL,NULL),(989,291,211,0,1,' ',1.39,NULL,'2023-06-13 07:58:36','2023-06-13 07:58:49',0,NULL,NULL,NULL),(990,292,116,0,1,' ',1.45,NULL,'2023-06-24 18:56:28','2023-06-24 18:56:53',0,NULL,NULL,NULL),(991,293,47,0,1,' ',1.29,NULL,'2023-06-26 17:10:59','2023-06-26 17:10:59',0,NULL,NULL,NULL),(992,293,529,0,1,' ',2.19,NULL,'2023-06-26 17:11:21','2023-06-26 17:11:21',0,NULL,NULL,NULL),(993,294,410,0,1,' ',1.14,NULL,'2023-07-06 18:48:56','2023-07-06 18:48:56',0,NULL,NULL,NULL),(994,294,411,0,2,' ',0.69,NULL,'2023-07-06 18:49:41','2023-07-06 18:49:45',0,NULL,NULL,NULL),(995,233,89,0,2,' ',0.29,NULL,'2023-07-12 10:29:28','2023-07-12 10:29:33',0,NULL,NULL,NULL),(996,295,534,0,3,' ',1.29,NULL,'2023-07-20 18:40:49','2023-07-20 18:42:13',0,NULL,NULL,NULL),(997,295,535,0,3,' ',1.29,NULL,'2023-07-20 18:40:57','2023-07-20 18:40:58',0,NULL,NULL,NULL),(998,296,598,0,1,' ',2.39,NULL,'2023-07-20 21:13:16','2023-07-20 21:13:16',0,NULL,NULL,NULL),(999,296,625,0,1,' ',0.99,NULL,'2023-07-20 21:13:43','2023-07-20 21:13:43',0,NULL,NULL,NULL),(1000,296,51,0,1,' ',0.19,NULL,'2023-07-20 21:14:12','2023-07-20 21:14:12',0,NULL,NULL,NULL),(1001,297,598,0,1,' ',2.39,NULL,'2023-07-20 21:42:00','2023-07-20 21:42:00',0,NULL,NULL,NULL),(1002,297,625,0,1,' ',0.99,NULL,'2023-07-20 21:42:12','2023-07-20 21:42:12',0,NULL,NULL,NULL),(1003,297,175,0,1,' ',1.09,NULL,'2023-07-20 21:42:24','2023-07-20 21:42:24',0,NULL,NULL,NULL),(1004,297,51,0,1,' ',0.19,NULL,'2023-07-20 21:42:35','2023-07-20 21:42:35',0,NULL,NULL,NULL),(1005,297,176,0,1,' ',1.15,NULL,'2023-07-20 21:42:44','2023-07-20 21:42:44',0,NULL,NULL,NULL),(1006,297,184,0,1,' ',0.99,NULL,'2023-07-20 21:43:06','2023-07-20 21:43:06',0,NULL,NULL,NULL),(1007,297,141,0,1,' ',0.69,NULL,'2023-07-20 21:43:23','2023-07-20 21:43:23',0,NULL,NULL,NULL),(1008,297,290,0,1,' ',1.35,NULL,'2023-07-20 21:43:38','2023-07-20 21:43:38',0,NULL,NULL,NULL),(1009,297,126,0,1,' ',0.69,NULL,'2023-07-20 21:43:57','2023-07-20 21:43:57',0,NULL,NULL,NULL),(1010,297,201,0,1,' ',1.29,NULL,'2023-07-20 21:44:33','2023-07-20 21:44:33',0,NULL,NULL,NULL),(1011,297,226,0,1,' ',1.10,NULL,'2023-07-20 21:44:48','2023-07-20 21:44:48',0,NULL,NULL,NULL),(1012,298,350,0,1,' ',9.50,NULL,'2023-07-22 16:38:22','2023-07-22 16:38:29',0,NULL,NULL,NULL),(1013,299,59,0,1,' ',1.49,NULL,'2023-07-22 16:39:16','2023-07-22 16:39:16',0,NULL,NULL,NULL),(1014,296,175,0,1,' ',1.09,NULL,'2023-07-23 16:12:18','2023-07-23 16:12:18',0,NULL,NULL,NULL),(1015,296,176,0,1,' ',1.15,NULL,'2023-07-23 16:12:36','2023-07-23 16:12:36',0,NULL,NULL,NULL),(1016,296,112,0,1,' ',0.70,NULL,'2023-07-23 16:12:59','2023-07-23 16:12:59',0,NULL,NULL,NULL),(1017,296,143,0,1,' ',0.69,NULL,'2023-07-23 16:13:15','2023-07-23 16:13:15',0,NULL,NULL,NULL),(1018,296,290,0,1,' ',1.35,NULL,'2023-07-23 16:13:45','2023-07-23 16:13:45',0,NULL,NULL,NULL),(1019,296,126,0,1,' ',0.69,NULL,'2023-07-23 16:13:58','2023-07-23 16:13:58',0,NULL,NULL,NULL),(1020,296,200,0,1,' ',0.85,NULL,'2023-07-23 16:14:20','2023-07-23 16:14:20',0,NULL,NULL,NULL),(1021,296,225,0,1,' ',0.59,NULL,'2023-07-23 16:14:40','2023-07-23 16:20:13',0,NULL,NULL,NULL),(1022,300,598,0,1,' ',2.39,NULL,'2023-07-23 18:36:34','2023-07-23 18:36:34',0,NULL,NULL,NULL),(1023,300,625,0,1,' ',0.99,NULL,'2023-07-23 18:36:54','2023-07-23 18:36:54',0,NULL,NULL,NULL),(1024,300,175,0,1,' ',1.09,NULL,'2023-07-23 18:37:16','2023-07-23 18:37:16',0,NULL,NULL,NULL),(1025,300,51,0,1,' ',0.19,NULL,'2023-07-23 18:37:33','2023-07-23 18:37:33',0,NULL,NULL,NULL),(1026,300,176,0,1,' ',1.15,NULL,'2023-07-23 18:37:45','2023-07-23 18:37:45',0,NULL,NULL,NULL),(1027,300,184,0,1,' ',0.99,NULL,'2023-07-23 18:38:08','2023-07-23 18:38:08',0,NULL,NULL,NULL),(1028,300,141,0,1,' ',0.69,NULL,'2023-07-23 18:38:22','2023-07-23 18:38:22',0,NULL,NULL,NULL),(1029,300,290,0,1,' ',1.35,NULL,'2023-07-23 18:38:36','2023-07-23 18:38:36',0,NULL,NULL,NULL),(1030,300,126,0,1,' ',0.69,NULL,'2023-07-23 18:38:50','2023-07-23 18:38:50',0,NULL,NULL,NULL),(1031,300,200,0,1,' ',0.85,NULL,'2023-07-23 18:39:02','2023-07-23 18:39:02',0,NULL,NULL,NULL),(1032,300,225,0,1,' ',0.59,NULL,'2023-07-23 18:39:15','2023-07-23 18:39:15',0,NULL,NULL,NULL),(1033,301,598,0,3,' ',2.39,NULL,'2023-07-24 06:41:53','2023-07-24 06:44:39',0,NULL,NULL,NULL),(1034,301,625,0,3,' ',0.99,NULL,'2023-07-24 06:42:16','2023-07-24 06:44:43',0,NULL,NULL,NULL),(1035,301,626,0,3,' ',0.79,NULL,'2023-07-24 06:42:34','2023-07-24 06:44:46',0,NULL,NULL,NULL),(1036,301,51,0,3,' ',0.19,NULL,'2023-07-24 06:42:42','2023-07-24 06:44:50',0,NULL,NULL,NULL),(1037,301,176,0,3,' ',1.15,NULL,'2023-07-24 06:43:07','2023-07-24 06:44:53',0,NULL,NULL,NULL),(1038,301,112,0,3,' ',0.70,NULL,'2023-07-24 06:43:29','2023-07-24 06:45:08',0,NULL,NULL,NULL),(1039,301,141,0,3,' ',0.69,NULL,'2023-07-24 06:43:46','2023-07-24 06:45:11',0,NULL,NULL,NULL),(1040,301,290,0,3,' ',1.35,NULL,'2023-07-24 06:43:58','2023-07-24 06:45:15',0,NULL,NULL,NULL),(1041,301,126,0,3,' ',0.69,NULL,'2023-07-24 06:44:07','2023-07-24 06:45:18',0,NULL,NULL,NULL),(1042,301,200,0,3,' ',0.85,NULL,'2023-07-24 06:44:19','2023-07-24 06:45:21',0,NULL,NULL,NULL),(1043,301,225,0,3,' ',0.59,NULL,'2023-07-24 06:44:28','2023-07-24 06:45:24',0,NULL,NULL,NULL),(1047,302,290,0,1,' ',1.35,NULL,'2023-07-24 06:51:08','2023-07-24 06:51:08',0,NULL,NULL,NULL),(1050,303,49,0,2,' ',1.35,NULL,'2023-07-24 06:52:55','2023-07-24 06:52:58',0,NULL,NULL,NULL),(1051,304,47,0,1,' ',1.29,NULL,'2023-07-24 10:11:59','2023-07-24 10:11:59',0,NULL,NULL,NULL),(1052,304,70,0,1,' ',0.65,NULL,'2023-07-24 10:12:14','2023-07-24 10:12:14',0,NULL,NULL,NULL),(1053,304,75,0,2,' ',0.49,NULL,'2023-07-24 10:12:20','2023-07-24 10:12:23',0,NULL,NULL,NULL),(1054,304,81,0,3,' ',0.09,NULL,'2023-07-24 10:12:48','2023-07-24 10:12:52',0,NULL,NULL,NULL),(1055,304,83,0,4,' ',0.07,NULL,'2023-07-24 10:13:12','2023-07-24 10:13:26',0,NULL,NULL,NULL),(1056,304,85,0,3,' ',0.25,NULL,'2023-07-24 10:13:34','2023-07-24 10:13:41',0,NULL,NULL,NULL),(1057,304,87,0,3,' ',0.30,NULL,'2023-07-24 10:13:46','2023-07-24 10:13:53',0,NULL,NULL,NULL),(1058,304,99,0,4,' ',0.07,NULL,'2023-07-24 10:14:40','2023-07-24 10:15:00',0,NULL,NULL,NULL),(1059,304,103,0,7,' ',0.08,NULL,'2023-07-24 10:15:15','2023-07-24 10:15:52',0,NULL,NULL,NULL),(1060,304,54,0,1,' ',0.69,NULL,'2023-07-24 10:16:08','2023-07-24 10:16:08',0,NULL,NULL,NULL),(1061,304,110,0,1,' ',1.29,NULL,'2023-07-24 10:16:14','2023-07-24 10:16:14',0,NULL,NULL,NULL),(1062,304,159,0,1,' ',0.85,NULL,'2023-07-24 10:16:29','2023-07-24 10:16:29',0,NULL,NULL,NULL),(1063,304,225,0,1,' ',0.59,NULL,'2023-07-24 10:16:58','2023-07-24 10:16:58',0,NULL,NULL,NULL),(1064,304,617,0,1,' ',1.25,NULL,'2023-07-24 10:17:16','2023-07-24 10:17:16',0,NULL,NULL,NULL),(1065,304,167,0,1,' ',1.25,NULL,'2023-07-24 10:17:33','2023-07-24 10:17:33',0,NULL,NULL,NULL),(1066,304,172,0,1,' ',1.49,NULL,'2023-07-24 10:17:39','2023-07-24 10:17:39',0,NULL,NULL,NULL),(1067,304,208,0,1,' ',1.29,NULL,'2023-07-24 10:17:48','2023-07-24 10:17:48',0,NULL,NULL,NULL),(1068,304,290,0,1,' ',1.35,NULL,'2023-07-24 10:18:18','2023-07-24 10:18:18',0,NULL,NULL,NULL),(1069,304,599,0,1,' ',2.60,NULL,'2023-07-24 10:18:25','2023-07-24 10:18:25',0,NULL,NULL,NULL),(1070,304,627,0,1,' ',1.16,NULL,'2023-07-24 10:18:38','2023-07-24 10:18:38',0,NULL,NULL,NULL),(1071,304,630,0,1,' ',0.99,NULL,'2023-07-24 10:18:49','2023-07-24 10:18:49',0,NULL,NULL,NULL),(1072,304,679,0,1,' ',2.39,NULL,'2023-07-24 10:18:55','2023-07-24 10:18:55',0,NULL,NULL,NULL),(1073,305,58,0,1,' ',2.39,NULL,'2023-07-24 12:34:31','2023-07-24 12:34:31',0,NULL,NULL,NULL),(1074,305,51,0,1,' ',0.19,NULL,'2023-07-24 12:34:38','2023-07-24 12:34:38',0,NULL,NULL,NULL),(1076,305,140,0,1,' ',0.79,NULL,'2023-07-24 12:35:57','2023-07-24 12:35:57',0,NULL,NULL,NULL),(1077,305,194,0,1,' ',0.89,NULL,'2023-07-24 12:36:43','2023-07-24 12:36:43',0,NULL,NULL,NULL),(1078,305,198,0,1,' ',2.59,NULL,'2023-07-24 12:37:08','2023-07-24 12:37:08',0,NULL,NULL,NULL),(1079,305,186,0,1,' ',2.19,NULL,'2023-07-24 12:37:20','2023-07-24 12:37:20',0,NULL,NULL,NULL),(1080,305,226,0,2,' ',1.10,NULL,'2023-07-24 12:38:01','2023-07-24 12:38:08',0,NULL,NULL,NULL),(1081,305,236,0,1,' ',0.89,NULL,'2023-07-24 12:38:18','2023-07-24 12:38:18',0,NULL,NULL,NULL),(1082,305,121,0,1,' ',1.39,NULL,'2023-07-24 12:39:23','2023-07-24 12:39:23',0,NULL,NULL,NULL),(1083,305,122,0,1,' ',1.65,NULL,'2023-07-24 12:39:28','2023-07-24 12:39:28',0,NULL,NULL,NULL),(1084,305,123,0,1,' ',1.65,NULL,'2023-07-24 12:39:34','2023-07-24 12:39:34',0,NULL,NULL,NULL),(1085,305,134,0,1,' ',1.29,NULL,'2023-07-24 12:39:38','2023-07-24 12:39:38',0,NULL,NULL,NULL),(1086,305,167,0,2,' ',1.25,NULL,'2023-07-24 12:40:05','2023-07-24 12:40:06',0,NULL,NULL,NULL),(1087,305,172,0,1,' ',1.49,NULL,'2023-07-24 12:40:16','2023-07-24 12:40:16',0,NULL,NULL,NULL),(1088,305,181,0,1,' ',0.79,NULL,'2023-07-24 12:40:29','2023-07-24 12:40:29',0,NULL,NULL,NULL),(1089,305,208,0,1,' ',1.29,NULL,'2023-07-24 12:40:37','2023-07-24 12:40:37',0,NULL,NULL,NULL),(1090,305,256,0,1,' ',1.49,NULL,'2023-07-24 12:41:01','2023-07-24 12:41:01',0,NULL,NULL,NULL),(1091,305,598,0,1,' ',2.39,NULL,'2023-07-24 12:41:36','2023-07-24 12:41:36',0,NULL,NULL,NULL),(1114,306,83,0,1,' ',0.07,NULL,'2023-07-24 14:37:33','2023-07-24 14:37:33',0,NULL,NULL,NULL),(1115,307,51,0,1,' ',0.19,NULL,'2023-07-25 06:55:59','2023-07-25 06:55:59',0,NULL,NULL,NULL),(1116,307,126,0,1,' ',0.69,NULL,'2023-07-25 06:56:29','2023-07-25 06:56:29',0,NULL,NULL,NULL),(1117,307,176,0,1,' ',1.15,NULL,'2023-07-25 06:56:57','2023-07-25 06:56:57',0,NULL,NULL,NULL),(1118,307,141,0,1,' ',0.69,NULL,'2023-07-25 06:57:10','2023-07-25 06:57:10',0,NULL,NULL,NULL),(1119,307,621,0,1,' ',1.09,NULL,'2023-07-25 06:57:32','2023-07-25 06:57:32',0,NULL,NULL,NULL),(1120,307,229,0,1,' ',0.99,NULL,'2023-07-25 06:58:04','2023-07-25 06:58:04',0,NULL,NULL,NULL),(1121,308,51,0,1,' ',0.49,NULL,'2023-07-27 07:06:48','2023-07-27 07:06:48',0,NULL,NULL,NULL),(1122,308,54,0,1,' ',0.69,NULL,'2023-07-27 07:07:04','2023-07-27 07:07:04',0,NULL,NULL,NULL),(1123,308,110,0,1,' ',1.29,NULL,'2023-07-27 07:07:18','2023-07-27 07:07:18',0,NULL,NULL,NULL),(1124,308,126,0,1,' ',0.69,NULL,'2023-07-27 07:07:31','2023-07-27 07:07:31',0,NULL,NULL,NULL),(1126,308,155,0,1,' ',0.70,NULL,'2023-07-27 07:07:57','2023-07-27 07:07:57',0,NULL,NULL,NULL),(1127,308,157,0,1,' ',0.59,NULL,'2023-07-27 07:08:08','2023-07-27 07:08:08',0,NULL,NULL,NULL),(1128,308,177,0,1,' ',0.69,NULL,'2023-07-27 07:08:17','2023-07-27 07:08:17',0,NULL,NULL,NULL),(1129,308,197,0,1,' ',1.29,NULL,'2023-07-27 07:08:37','2023-07-27 07:08:37',0,NULL,NULL,NULL),(1130,308,225,0,1,' ',0.59,NULL,'2023-07-27 07:08:47','2023-07-27 07:08:47',0,NULL,NULL,NULL),(1131,308,75,0,1,' ',0.49,NULL,'2023-07-27 07:09:35','2023-07-27 07:09:35',0,NULL,NULL,NULL),(1132,308,81,0,1,' ',0.09,NULL,'2023-07-27 07:09:52','2023-07-27 07:09:52',0,NULL,NULL,NULL),(1133,308,83,0,1,' ',0.07,NULL,'2023-07-27 07:09:57','2023-07-27 07:09:57',0,NULL,NULL,NULL),(1134,308,93,0,1,' ',0.09,NULL,'2023-07-27 07:10:14','2023-07-27 07:10:14',0,NULL,NULL,NULL),(1135,308,96,0,3,' ',0.07,NULL,'2023-07-27 07:10:22','2023-07-27 07:10:32',0,NULL,NULL,NULL),(1136,308,99,0,1,' ',0.07,NULL,'2023-07-27 07:10:38','2023-07-27 07:10:38',0,NULL,NULL,NULL),(1137,308,101,0,2,' ',0.08,NULL,'2023-07-27 07:10:43','2023-07-27 07:10:46',0,NULL,NULL,NULL),(1138,308,103,0,1,' ',0.08,NULL,'2023-07-27 07:10:52','2023-07-27 07:10:52',0,NULL,NULL,NULL),(1139,308,106,0,2,' ',0.36,NULL,'2023-07-27 07:10:58','2023-07-27 07:11:02',0,NULL,NULL,NULL),(1140,308,107,0,2,' ',0.25,NULL,'2023-07-27 07:11:11','2023-07-27 07:11:15',0,NULL,NULL,NULL),(1141,308,457,0,1,' ',1.05,NULL,'2023-07-27 07:12:22','2023-07-27 07:12:22',0,NULL,NULL,NULL),(1142,308,476,0,1,' ',1.19,NULL,'2023-07-27 07:12:42','2023-07-27 07:12:42',0,NULL,NULL,NULL),(1143,309,625,0,1,' ',0.99,NULL,'2023-07-29 10:44:34','2023-07-29 10:44:34',0,NULL,NULL,NULL),(1144,309,626,0,1,' ',0.79,NULL,'2023-07-29 10:44:46','2023-07-29 10:44:46',0,NULL,NULL,NULL),(1145,309,176,0,1,' ',1.15,NULL,'2023-07-29 10:44:55','2023-07-29 10:44:55',0,NULL,NULL,NULL),(1146,309,141,0,1,' ',0.69,NULL,'2023-07-29 10:45:08','2023-07-29 10:45:08',0,NULL,NULL,NULL),(1147,309,290,0,1,' ',1.35,NULL,'2023-07-29 10:45:19','2023-07-29 10:45:19',0,NULL,NULL,NULL),(1148,309,225,0,1,' ',0.59,NULL,'2023-07-29 10:45:52','2023-07-29 10:45:52',0,NULL,NULL,NULL),(1149,309,240,0,1,' ',1.59,NULL,'2023-07-29 10:46:00','2023-07-29 10:46:00',0,NULL,NULL,NULL),(1150,309,70,0,1,' ',0.65,NULL,'2023-07-29 10:46:10','2023-07-29 10:46:10',0,NULL,NULL,NULL),(1151,309,155,0,1,' ',0.70,NULL,'2023-07-29 10:46:19','2023-07-29 10:46:19',0,NULL,NULL,NULL),(1152,309,156,0,1,' ',1.19,NULL,'2023-07-29 10:46:29','2023-07-29 10:46:29',0,NULL,NULL,NULL),(1153,309,126,0,1,' ',0.69,NULL,'2023-07-29 10:46:51','2023-07-29 10:46:51',0,NULL,NULL,NULL),(1154,310,625,0,1,' ',0.99,NULL,'2023-07-31 04:51:27','2023-07-31 04:51:27',0,NULL,NULL,NULL),(1155,310,598,0,1,' ',2.39,NULL,'2023-07-31 04:51:37','2023-07-31 04:51:37',0,NULL,NULL,NULL),(1156,310,626,0,1,' ',0.79,NULL,'2023-07-31 04:51:52','2023-07-31 04:51:52',0,NULL,NULL,NULL),(1157,310,126,0,1,' ',0.69,NULL,'2023-07-31 04:52:03','2023-07-31 04:52:03',0,NULL,NULL,NULL),(1158,310,51,0,1,' ',0.49,NULL,'2023-07-31 04:52:13','2023-07-31 04:52:13',0,NULL,NULL,NULL),(1159,310,176,0,1,' ',1.15,NULL,'2023-07-31 04:52:23','2023-07-31 04:52:23',0,NULL,NULL,NULL),(1160,310,112,0,1,' ',0.70,NULL,'2023-07-31 04:52:49','2023-07-31 04:52:49',0,NULL,NULL,NULL),(1161,310,143,0,1,' ',0.69,NULL,'2023-07-31 04:53:02','2023-07-31 04:53:02',0,NULL,NULL,NULL),(1162,310,290,0,1,' ',1.35,NULL,'2023-07-31 04:53:13','2023-07-31 04:53:13',0,NULL,NULL,NULL),(1163,310,200,0,1,' ',0.85,NULL,'2023-07-31 04:53:24','2023-07-31 04:53:24',0,NULL,NULL,NULL),(1164,310,225,0,1,' ',0.59,NULL,'2023-07-31 04:53:38','2023-07-31 04:53:38',0,NULL,NULL,NULL),(1165,310,81,0,1,' ',0.09,NULL,'2023-07-31 04:54:08','2023-07-31 04:54:08',0,NULL,NULL,NULL),(1166,310,93,0,1,' ',0.09,NULL,'2023-07-31 04:54:22','2023-07-31 04:54:22',0,NULL,NULL,NULL),(1167,310,96,0,1,' ',0.07,NULL,'2023-07-31 04:54:29','2023-07-31 04:54:29',0,NULL,NULL,NULL),(1168,310,99,0,1,' ',0.07,NULL,'2023-07-31 04:54:35','2023-07-31 04:54:35',0,NULL,NULL,NULL),(1169,310,101,0,1,' ',0.08,NULL,'2023-07-31 04:54:40','2023-07-31 04:54:40',0,NULL,NULL,NULL),(1171,238,140,0,1,' ',0.79,NULL,'2023-07-31 08:46:29','2023-07-31 08:46:29',0,NULL,NULL,NULL),(1172,238,145,0,1,' ',1.85,NULL,'2023-07-31 08:46:41','2023-07-31 08:53:02',0,NULL,NULL,NULL),(1173,238,157,0,1,' ',0.59,NULL,'2023-07-31 08:46:59','2023-07-31 08:46:59',0,NULL,NULL,NULL),(1174,238,172,0,1,' ',1.59,NULL,'2023-07-31 08:47:33','2023-07-31 08:53:11',0,NULL,NULL,NULL),(1175,238,85,0,1,' ',0.25,NULL,'2023-07-31 08:54:14','2023-07-31 08:54:14',0,NULL,NULL,NULL),(1176,238,96,0,3,' ',0.07,NULL,'2023-07-31 08:54:28','2023-07-31 09:08:43',0,NULL,NULL,NULL),(1177,238,51,0,1,' ',0.49,NULL,'2023-07-31 08:55:51','2023-07-31 08:55:51',0,NULL,NULL,NULL),(1178,238,54,0,2,' ',0.69,NULL,'2023-07-31 08:59:17','2023-07-31 09:08:50',0,NULL,NULL,NULL),(1181,238,211,0,1,' ',1.39,NULL,'2023-07-31 10:19:03','2023-07-31 10:19:03',0,NULL,NULL,NULL),(1182,238,219,0,1,' ',1.39,NULL,'2023-07-31 10:19:41','2023-07-31 10:27:35',0,NULL,NULL,NULL),(1183,311,47,0,1,' ',1.29,NULL,'2023-07-31 10:20:24','2023-07-31 10:20:24',0,NULL,NULL,NULL),(1209,238,632,0,1,' ',1.15,NULL,'2023-07-31 10:34:07','2023-07-31 10:34:07',0,NULL,NULL,NULL),(1210,312,357,0,1,' ',5.49,NULL,'2023-07-31 17:27:26','2023-07-31 17:27:26',0,NULL,NULL,NULL),(1211,312,359,0,1,' ',4.50,NULL,'2023-07-31 17:27:33','2023-07-31 17:27:33',0,NULL,NULL,NULL),(1212,313,625,0,1,' ',0.99,NULL,'2023-07-31 20:27:55','2023-07-31 20:27:55',0,NULL,NULL,NULL),(1213,313,598,0,1,' ',2.39,NULL,'2023-07-31 20:28:06','2023-07-31 20:28:06',0,NULL,NULL,NULL),(1214,313,626,0,1,' ',0.79,NULL,'2023-07-31 20:28:24','2023-07-31 20:28:24',0,NULL,NULL,NULL),(1215,313,51,0,1,' ',0.49,NULL,'2023-07-31 20:28:34','2023-07-31 20:28:34',0,NULL,NULL,NULL),(1216,313,176,0,1,' ',1.15,NULL,'2023-07-31 20:28:43','2023-07-31 20:28:43',0,NULL,NULL,NULL),(1217,313,143,0,1,' ',0.69,NULL,'2023-07-31 20:29:20','2023-07-31 20:29:20',0,NULL,NULL,NULL),(1218,313,290,0,1,' ',1.35,NULL,'2023-07-31 20:29:31','2023-07-31 20:29:31',0,NULL,NULL,NULL),(1219,313,126,0,1,' ',0.69,NULL,'2023-07-31 20:29:43','2023-07-31 20:29:43',0,NULL,NULL,NULL),(1220,313,200,0,1,' ',0.85,NULL,'2023-07-31 20:29:55','2023-07-31 20:29:55',0,NULL,NULL,NULL),(1221,313,225,0,1,' ',0.59,NULL,'2023-07-31 20:30:10','2023-07-31 20:30:10',0,NULL,NULL,NULL),(1222,313,112,0,1,' ',0.70,NULL,'2023-07-31 20:30:48','2023-07-31 20:30:48',0,NULL,NULL,NULL),(1223,314,598,0,1,' ',2.39,NULL,'2023-08-01 05:09:11','2023-08-01 05:09:11',0,NULL,NULL,NULL),(1224,314,625,0,1,' ',0.99,NULL,'2023-08-01 05:09:20','2023-08-01 05:09:20',0,NULL,NULL,NULL),(1225,314,292,0,1,' ',1.35,NULL,'2023-08-01 05:09:33','2023-08-01 05:09:33',0,NULL,NULL,NULL),(1226,314,175,0,1,' ',1.29,NULL,'2023-08-01 05:09:49','2023-08-01 05:09:49',0,NULL,NULL,NULL),(1227,314,113,0,1,' ',1.20,NULL,'2023-08-01 05:10:06','2023-08-01 05:10:06',0,NULL,NULL,NULL),(1228,314,54,0,1,' ',0.69,NULL,'2023-08-01 05:10:14','2023-08-01 05:10:14',0,NULL,NULL,NULL),(1229,314,51,0,1,' ',0.49,NULL,'2023-08-01 05:10:19','2023-08-01 05:10:19',0,NULL,NULL,NULL),(1230,314,126,0,1,' ',0.69,NULL,'2023-08-01 05:10:33','2023-08-01 05:10:33',0,NULL,NULL,NULL),(1231,314,155,0,1,' ',0.70,NULL,'2023-08-01 05:10:58','2023-08-01 05:10:58',0,NULL,NULL,NULL),(1232,314,157,0,1,' ',0.59,NULL,'2023-08-01 05:11:06','2023-08-01 05:11:06',0,NULL,NULL,NULL),(1233,314,177,0,1,' ',0.69,NULL,'2023-08-01 05:11:18','2023-08-01 05:11:18',0,NULL,NULL,NULL),(1234,314,193,0,1,' ',0.69,NULL,'2023-08-01 05:11:47','2023-08-01 05:11:47',0,NULL,NULL,NULL),(1235,314,197,0,1,' ',1.29,NULL,'2023-08-01 05:12:39','2023-08-01 05:12:39',0,NULL,NULL,NULL),(1236,314,225,0,1,' ',0.59,NULL,'2023-08-01 05:12:54','2023-08-01 05:12:54',0,NULL,NULL,NULL),(1237,314,235,0,1,' ',1.30,NULL,'2023-08-01 05:13:12','2023-08-01 05:13:12',0,NULL,NULL,NULL),(1238,314,107,0,1,' ',0.25,NULL,'2023-08-01 05:14:03','2023-08-01 05:14:03',0,NULL,NULL,NULL),(1239,314,106,0,1,' ',0.36,NULL,'2023-08-01 05:14:18','2023-08-01 05:14:18',0,NULL,NULL,NULL),(1240,314,103,0,1,' ',0.08,NULL,'2023-08-01 05:14:27','2023-08-01 05:14:27',0,NULL,NULL,NULL),(1241,314,101,0,1,' ',0.08,NULL,'2023-08-01 05:14:32','2023-08-01 05:14:32',0,NULL,NULL,NULL),(1242,314,99,0,1,' ',0.07,NULL,'2023-08-01 05:14:38','2023-08-01 05:14:38',0,NULL,NULL,NULL),(1243,314,96,0,1,' ',0.07,NULL,'2023-08-01 05:14:44','2023-08-01 05:14:44',0,NULL,NULL,NULL),(1244,314,93,0,1,' ',0.09,NULL,'2023-08-01 05:14:49','2023-08-01 05:14:49',0,NULL,NULL,NULL),(1245,314,83,0,1,' ',0.07,NULL,'2023-08-01 05:15:08','2023-08-01 05:15:08',0,NULL,NULL,NULL),(1246,314,81,0,1,' ',0.09,NULL,'2023-08-01 05:15:13','2023-08-01 05:15:13',0,NULL,NULL,NULL),(1254,315,104,0,1,' ',0.35,NULL,'2023-08-01 13:17:36','2023-08-01 13:17:36',0,NULL,NULL,NULL),(1256,316,116,0,1,' ',1.45,NULL,'2023-08-01 13:53:23','2023-08-01 13:53:23',0,NULL,NULL,NULL),(1261,317,51,0,1,' ',0.49,NULL,'2023-08-02 19:36:36','2023-08-02 19:36:36',0,NULL,NULL,NULL),(1262,317,54,0,2,' ',0.69,NULL,'2023-08-02 19:36:51','2023-08-02 19:36:53',0,NULL,NULL,NULL),(1263,317,112,0,1,' ',0.70,NULL,'2023-08-02 19:54:42','2023-08-02 19:54:42',0,NULL,NULL,NULL),(1264,317,126,0,1,' ',0.69,NULL,'2023-08-02 19:54:47','2023-08-02 19:54:47',0,NULL,NULL,NULL),(1265,317,141,0,1,' ',0.69,NULL,'2023-08-02 19:54:53','2023-08-02 19:54:53',0,NULL,NULL,NULL),(1266,317,176,0,1,' ',1.15,NULL,'2023-08-02 19:55:08','2023-08-02 19:55:08',0,NULL,NULL,NULL),(1267,317,200,0,1,' ',0.85,NULL,'2023-08-02 19:55:19','2023-08-02 19:55:19',0,NULL,NULL,NULL),(1268,317,225,0,1,' ',0.59,NULL,'2023-08-02 19:55:28','2023-08-02 19:55:28',0,NULL,NULL,NULL),(1269,317,290,0,1,' ',1.35,NULL,'2023-08-02 19:56:20','2023-08-02 19:56:20',0,NULL,NULL,NULL),(1270,317,598,0,1,' ',2.39,NULL,'2023-08-02 19:56:28','2023-08-02 19:56:28',0,NULL,NULL,NULL),(1271,317,626,0,1,' ',0.79,NULL,'2023-08-02 19:56:36','2023-08-02 19:56:36',0,NULL,NULL,NULL),(1272,317,625,0,1,' ',0.99,NULL,'2023-08-02 19:56:40','2023-08-02 19:56:40',0,NULL,NULL,NULL),(1273,317,81,0,1,' ',0.09,NULL,'2023-08-02 19:56:52','2023-08-02 19:56:52',0,NULL,NULL,NULL),(1274,317,96,0,1,' ',0.07,NULL,'2023-08-02 19:57:03','2023-08-02 19:57:03',0,NULL,NULL,NULL),(1275,317,99,0,1,' ',0.07,NULL,'2023-08-02 19:57:08','2023-08-02 19:57:08',0,NULL,NULL,NULL),(1276,317,101,0,1,' ',0.08,NULL,'2023-08-02 19:57:13','2023-08-02 19:57:13',0,NULL,NULL,NULL),(1277,317,103,0,1,' ',0.08,NULL,'2023-08-02 19:57:19','2023-08-02 19:57:19',0,NULL,NULL,NULL),(1278,318,51,0,1,' ',0.49,NULL,'2023-08-09 21:07:19','2023-08-09 21:07:19',0,NULL,NULL,NULL),(1279,318,55,0,1,' ',1.29,NULL,'2023-08-09 21:07:28','2023-08-09 21:07:28',0,NULL,NULL,NULL),(1280,318,114,0,1,' ',3.29,NULL,'2023-08-09 21:07:43','2023-08-09 21:07:43',0,NULL,NULL,NULL),(1281,319,586,0,1,' ',0.49,NULL,'2023-08-10 15:38:26','2023-08-10 15:38:26',0,NULL,NULL,NULL),(1282,320,598,0,1,' ',2.39,NULL,'2023-08-11 14:47:27','2023-08-11 14:47:27',0,NULL,NULL,NULL),(1283,320,51,0,1,' ',0.49,NULL,'2023-08-11 14:47:34','2023-08-11 14:47:34',0,NULL,NULL,NULL),(1284,320,625,0,1,' ',0.99,NULL,'2023-08-18 11:35:10','2023-08-18 11:35:10',0,NULL,NULL,NULL),(1285,320,626,0,1,' ',0.79,NULL,'2023-08-18 11:35:35','2023-08-18 11:35:35',0,NULL,NULL,NULL),(1286,320,176,0,1,' ',1.15,NULL,'2023-08-18 11:36:00','2023-08-18 11:36:00',0,NULL,NULL,NULL),(1287,320,112,0,1,' ',0.70,NULL,'2023-08-18 11:36:12','2023-08-18 11:36:12',0,NULL,NULL,NULL),(1288,320,194,0,1,' ',0.89,NULL,'2023-08-18 11:36:46','2023-08-18 11:36:46',0,NULL,NULL,NULL),(1289,320,122,0,1,' ',1.65,NULL,'2023-08-18 11:37:09','2023-08-18 11:37:09',0,NULL,NULL,NULL),(1290,320,126,0,1,' ',0.69,NULL,'2023-08-18 11:37:19','2023-08-18 11:37:19',0,NULL,NULL,NULL),(1291,320,200,0,1,' ',0.85,NULL,'2023-08-18 11:37:31','2023-08-18 11:37:31',0,NULL,NULL,NULL),(1292,320,225,0,1,' ',0.59,NULL,'2023-08-18 11:37:40','2023-08-18 11:37:40',0,NULL,NULL,NULL),(1293,320,81,0,1,' ',0.09,NULL,'2023-08-18 11:37:54','2023-08-18 11:37:54',0,NULL,NULL,NULL),(1294,320,90,0,1,' ',0.07,NULL,'2023-08-18 11:38:08','2023-08-18 11:38:08',0,NULL,NULL,NULL),(1295,320,93,0,1,' ',0.09,NULL,'2023-08-18 11:38:16','2023-08-18 11:38:16',0,NULL,NULL,NULL),(1296,320,99,0,1,' ',0.07,NULL,'2023-08-18 11:38:22','2023-08-18 11:38:22',0,NULL,NULL,NULL),(1297,320,101,0,1,' ',0.08,NULL,'2023-08-18 11:38:30','2023-08-18 11:38:30',0,NULL,NULL,NULL),(1298,316,145,0,1,' ',1.99,NULL,'2023-08-18 17:45:52','2023-08-18 17:45:52',0,NULL,NULL,NULL),(1299,316,172,0,1,' ',1.59,NULL,'2023-08-18 17:46:18','2023-08-18 17:46:18',0,NULL,NULL,NULL),(1300,315,401,0,1,' ',0.49,NULL,'2023-08-19 12:02:55','2023-08-19 12:02:55',0,NULL,NULL,NULL),(1309,315,108,0,1,' ',0.50,NULL,'2023-08-19 12:08:51','2023-08-19 12:08:51',0,NULL,NULL,NULL),(1310,321,51,0,1,' ',0.49,NULL,'2023-08-20 16:17:29','2023-08-20 16:17:29',0,NULL,NULL,NULL),(1311,321,54,0,1,' ',0.69,NULL,'2023-08-20 16:17:36','2023-08-20 16:17:36',0,NULL,NULL,NULL),(1312,321,141,0,1,' ',0.69,NULL,'2023-08-20 16:17:57','2023-08-20 16:17:57',0,NULL,NULL,NULL),(1313,321,626,0,1,' ',0.79,NULL,'2023-08-20 16:18:14','2023-08-20 16:18:14',0,NULL,NULL,NULL),(1314,321,292,0,1,' ',1.35,NULL,'2023-08-20 16:18:43','2023-08-20 16:18:43',0,NULL,NULL,NULL),(1315,321,116,0,1,' ',1.45,NULL,'2023-08-20 16:19:01','2023-08-20 16:19:01',0,NULL,NULL,NULL),(1316,321,200,0,1,' ',0.85,NULL,'2023-08-20 16:19:13','2023-08-20 16:19:13',0,NULL,NULL,NULL),(1317,321,177,0,1,' ',0.69,NULL,'2023-08-20 16:19:37','2023-08-20 16:19:37',0,NULL,NULL,NULL),(1318,321,126,0,1,' ',0.69,NULL,'2023-08-20 16:19:46','2023-08-20 16:19:46',0,NULL,NULL,NULL),(1319,321,225,0,1,' ',0.59,NULL,'2023-08-20 16:19:54','2023-08-20 16:19:54',0,NULL,NULL,NULL),(1320,321,112,0,1,' ',0.70,NULL,'2023-08-20 16:20:06','2023-08-20 16:20:06',0,NULL,NULL,NULL),(1321,321,194,0,1,' ',0.89,NULL,'2023-08-20 16:20:25','2023-08-20 16:20:25',0,NULL,NULL,NULL),(1322,321,81,0,1,' ',0.09,NULL,'2023-08-20 16:21:04','2023-08-20 16:21:04',0,NULL,NULL,NULL),(1323,321,90,0,1,' ',0.07,NULL,'2023-08-20 16:21:12','2023-08-20 16:21:12',0,NULL,NULL,NULL),(1324,321,96,0,1,' ',0.07,NULL,'2023-08-20 16:25:41','2023-08-20 16:25:41',0,NULL,NULL,NULL),(1325,321,99,0,1,' ',0.07,NULL,'2023-08-20 16:25:45','2023-08-20 16:25:45',0,NULL,NULL,NULL),(1326,321,101,0,1,' ',0.08,NULL,'2023-08-20 16:25:53','2023-08-20 16:25:53',0,NULL,NULL,NULL),(1332,322,137,0,1,' ',0.99,NULL,'2023-08-22 08:38:37','2023-08-22 08:38:37',0,NULL,NULL,NULL),(1333,323,58,0,1,' ',2.39,NULL,'2023-08-22 10:06:38','2023-08-22 10:06:38',0,NULL,NULL,NULL),(1334,323,154,0,1,' ',0.70,NULL,'2023-08-22 10:07:04','2023-08-22 10:07:04',0,NULL,NULL,NULL),(1335,323,177,0,1,' ',0.69,NULL,'2023-08-22 10:07:19','2023-08-22 10:07:19',0,NULL,NULL,NULL),(1336,323,179,0,1,' ',1.39,NULL,'2023-08-22 10:07:30','2023-08-22 10:07:30',0,NULL,NULL,NULL),(1337,323,197,0,1,' ',1.29,NULL,'2023-08-22 10:07:51','2023-08-22 10:07:51',0,NULL,NULL,NULL),(1338,323,227,0,1,' ',1.10,NULL,'2023-08-22 10:08:13','2023-08-22 10:08:13',0,NULL,NULL,NULL),(1339,323,263,0,1,' ',0.99,NULL,'2023-08-22 10:08:57','2023-08-22 10:08:57',0,NULL,NULL,NULL),(1340,323,108,0,1,' ',0.50,NULL,'2023-08-22 10:09:35','2023-08-22 10:09:35',0,NULL,NULL,NULL),(1341,323,238,0,2,' ',0.69,NULL,'2023-08-22 10:10:52','2023-08-22 10:10:53',0,NULL,NULL,NULL),(1342,323,236,0,2,' ',0.89,NULL,'2023-08-22 10:10:56','2023-08-22 10:10:57',0,NULL,NULL,NULL),(1343,323,186,0,1,' ',2.19,NULL,'2023-08-22 10:11:23','2023-08-22 10:11:23',0,NULL,NULL,NULL),(1344,324,51,0,1,' ',0.49,NULL,'2023-08-22 13:40:22','2023-08-22 13:40:22',0,NULL,NULL,NULL),(1345,324,54,0,1,' ',0.69,NULL,'2023-08-22 13:40:31','2023-08-22 13:40:31',0,NULL,NULL,NULL),(1346,324,141,0,1,' ',0.69,NULL,'2023-08-22 13:40:40','2023-08-22 13:40:40',0,NULL,NULL,NULL),(1347,324,626,0,1,' ',0.79,NULL,'2023-08-22 13:40:54','2023-08-22 13:40:54',0,NULL,NULL,NULL),(1348,324,292,0,1,' ',1.35,NULL,'2023-08-22 13:41:21','2023-08-22 13:41:21',0,NULL,NULL,NULL),(1349,324,116,0,1,' ',1.45,NULL,'2023-08-22 13:41:32','2023-08-22 13:41:32',0,NULL,NULL,NULL),(1350,324,200,0,1,' ',0.85,NULL,'2023-08-22 13:41:43','2023-08-22 13:41:43',0,NULL,NULL,NULL),(1351,324,177,0,1,' ',0.69,NULL,'2023-08-22 13:41:55','2023-08-22 13:41:55',0,NULL,NULL,NULL),(1352,324,126,0,1,' ',0.69,NULL,'2023-08-22 13:42:03','2023-08-22 13:42:03',0,NULL,NULL,NULL),(1353,324,225,0,1,' ',0.59,NULL,'2023-08-22 13:42:11','2023-08-22 13:42:11',0,NULL,NULL,NULL),(1354,324,112,0,1,' ',0.70,NULL,'2023-08-22 13:42:22','2023-08-22 13:42:22',0,NULL,NULL,NULL),(1355,324,193,0,1,' ',0.69,NULL,'2023-08-22 13:42:34','2023-08-22 13:42:34',0,NULL,NULL,NULL),(1356,325,51,0,1,' ',0.49,NULL,'2023-08-22 13:48:09','2023-08-22 13:48:09',0,NULL,NULL,NULL),(1357,325,55,0,1,' ',1.29,NULL,'2023-08-22 13:48:20','2023-08-22 13:48:20',0,NULL,NULL,NULL),(1358,325,141,0,1,' ',0.69,NULL,'2023-08-22 13:48:28','2023-08-22 13:48:28',0,NULL,NULL,NULL),(1359,325,225,0,1,' ',0.59,NULL,'2023-08-22 13:48:48','2023-08-22 13:48:48',0,NULL,NULL,NULL),(1360,325,174,0,1,' ',0.70,NULL,'2023-08-22 13:49:05','2023-08-22 13:49:05',0,NULL,NULL,NULL),(1361,325,290,0,1,' ',1.35,NULL,'2023-08-22 13:49:22','2023-08-22 13:49:22',0,NULL,NULL,NULL),(1362,325,116,0,1,' ',1.45,NULL,'2023-08-22 13:49:32','2023-08-22 13:49:32',0,NULL,NULL,NULL),(1363,325,200,0,1,' ',0.85,NULL,'2023-08-22 13:49:43','2023-08-22 13:49:43',0,NULL,NULL,NULL),(1364,325,177,0,1,' ',0.69,NULL,'2023-08-22 13:49:52','2023-08-22 13:49:52',0,NULL,NULL,NULL),(1365,325,126,0,1,' ',0.69,NULL,'2023-08-22 13:50:01','2023-08-22 13:50:01',0,NULL,NULL,NULL),(1366,325,112,0,1,' ',0.70,NULL,'2023-08-22 13:50:13','2023-08-22 13:50:13',0,NULL,NULL,NULL),(1367,325,193,0,1,' ',0.69,NULL,'2023-08-22 13:50:24','2023-08-22 13:50:24',0,NULL,NULL,NULL),(1368,326,47,0,1,' ',1.29,NULL,'2023-08-22 14:04:09','2023-08-22 14:04:09',0,NULL,NULL,NULL),(1369,326,134,0,1,' ',1.29,NULL,'2023-08-22 14:04:36','2023-08-22 14:04:36',0,NULL,NULL,NULL),(1370,326,626,0,1,' ',0.79,NULL,'2023-08-22 14:04:57','2023-08-22 14:04:57',0,NULL,NULL,NULL),(1371,326,290,0,1,' ',1.35,NULL,'2023-08-22 14:05:16','2023-08-22 14:05:16',0,NULL,NULL,NULL),(1372,326,627,0,1,' ',1.16,NULL,'2023-08-22 14:05:25','2023-08-22 14:05:25',0,NULL,NULL,NULL),(1373,326,630,0,1,' ',1.29,NULL,'2023-08-22 14:07:36','2023-08-22 14:07:36',0,NULL,NULL,NULL),(1374,326,281,0,1,' ',1.35,NULL,'2023-08-22 14:07:51','2023-08-22 14:07:51',0,NULL,NULL,NULL),(1375,326,116,0,1,' ',1.45,NULL,'2023-08-22 14:08:39','2023-08-22 14:08:39',0,NULL,NULL,NULL),(1376,326,117,0,1,' ',1.25,NULL,'2023-08-22 14:08:44','2023-08-22 14:08:44',0,NULL,NULL,NULL),(1377,326,625,0,1,' ',0.99,NULL,'2023-08-22 14:09:01','2023-08-22 14:09:01',0,NULL,NULL,NULL),(1378,326,70,0,1,' ',0.65,NULL,'2023-08-22 14:09:21','2023-08-22 14:09:21',0,NULL,NULL,NULL),(1379,326,51,0,1,' ',0.49,NULL,'2023-08-22 14:09:33','2023-08-22 14:09:33',0,NULL,NULL,NULL),(1380,326,159,0,1,' ',0.85,NULL,'2023-08-22 14:09:51','2023-08-22 14:09:51',0,NULL,NULL,NULL),(1381,326,55,0,1,' ',1.29,NULL,'2023-08-22 14:10:04','2023-08-22 14:10:04',0,NULL,NULL,NULL),(1382,326,238,0,1,' ',0.69,NULL,'2023-08-22 14:10:12','2023-08-22 14:10:12',0,NULL,NULL,NULL),(1383,326,176,0,1,' ',1.15,NULL,'2023-08-22 14:10:25','2023-08-22 14:10:25',0,NULL,NULL,NULL),(1384,326,225,0,1,' ',0.59,NULL,'2023-08-22 14:10:34','2023-08-22 14:10:34',0,NULL,NULL,NULL),(1385,326,155,0,1,' ',0.70,NULL,'2023-08-22 14:11:29','2023-08-22 14:11:29',0,NULL,NULL,NULL),(1386,326,141,0,1,' ',0.69,NULL,'2023-08-22 14:11:39','2023-08-22 14:11:39',0,NULL,NULL,NULL),(1387,326,126,0,1,' ',0.69,NULL,'2023-08-22 14:11:49','2023-08-22 14:11:49',0,NULL,NULL,NULL),(1388,326,193,0,1,' ',0.69,NULL,'2023-08-22 17:37:35','2023-08-22 17:37:35',0,NULL,NULL,NULL),(1389,326,200,0,1,' ',0.85,NULL,'2023-08-22 17:37:50','2023-08-22 17:37:50',0,NULL,NULL,NULL),(1390,326,112,0,1,' ',0.70,NULL,'2023-08-22 17:38:02','2023-08-22 17:38:02',0,NULL,NULL,NULL),(1392,326,96,0,1,' ',0.07,NULL,'2023-08-22 17:39:34','2023-08-22 17:39:34',0,NULL,NULL,NULL),(1393,326,99,0,1,' ',0.07,NULL,'2023-08-22 17:39:41','2023-08-22 17:39:41',0,NULL,NULL,NULL),(1395,326,101,0,1,' ',0.08,NULL,'2023-08-22 17:39:57','2023-08-22 17:39:57',0,NULL,NULL,NULL),(1396,326,103,0,1,' ',0.08,NULL,'2023-08-22 17:40:03','2023-08-22 17:40:03',0,NULL,NULL,NULL),(1397,326,107,0,1,' ',0.25,NULL,'2023-08-22 17:40:10','2023-08-22 17:40:10',0,NULL,NULL,NULL),(1398,327,62,0,1,' ',2.25,NULL,'2023-08-22 19:03:05','2023-08-22 19:03:05',0,NULL,NULL,NULL),(1402,328,682,0,4,' ',3.89,NULL,'2023-08-23 09:48:14','2023-08-23 09:48:15',0,NULL,NULL,NULL),(1406,329,51,0,1,' ',0.49,NULL,'2023-08-23 11:38:55','2023-08-23 11:38:55',0,NULL,NULL,NULL),(1407,329,55,0,1,' ',1.29,NULL,'2023-08-23 11:39:03','2023-08-23 11:39:03',0,NULL,NULL,NULL),(1408,329,96,0,1,' ',0.07,NULL,'2023-08-23 11:39:44','2023-08-23 11:39:44',0,NULL,NULL,NULL),(1409,329,99,0,1,' ',0.07,NULL,'2023-08-23 11:39:50','2023-08-23 11:39:50',0,NULL,NULL,NULL),(1410,329,101,0,1,' ',0.08,NULL,'2023-08-23 11:39:57','2023-08-23 11:39:57',0,NULL,NULL,NULL),(1411,329,103,0,1,' ',0.08,NULL,'2023-08-23 11:40:16','2023-08-23 11:40:16',0,NULL,NULL,NULL),(1412,329,107,0,1,' ',0.25,NULL,'2023-08-23 11:40:24','2023-08-23 11:40:24',0,NULL,NULL,NULL),(1413,329,141,0,1,' ',0.69,NULL,'2023-08-23 11:41:20','2023-08-23 11:41:20',0,NULL,NULL,NULL),(1414,329,626,0,1,' ',0.79,NULL,'2023-08-23 11:41:34','2023-08-23 11:41:34',0,NULL,NULL,NULL),(1415,329,116,0,1,' ',1.45,NULL,'2023-08-23 11:41:49','2023-08-23 11:41:49',0,NULL,NULL,NULL),(1416,329,200,0,1,' ',0.85,NULL,'2023-08-23 11:42:04','2023-08-23 11:42:04',0,NULL,NULL,NULL),(1417,329,176,0,1,' ',1.15,NULL,'2023-08-23 11:42:19','2023-08-23 11:42:19',0,NULL,NULL,NULL),(1418,329,126,0,1,' ',0.69,NULL,'2023-08-23 11:42:28','2023-08-23 11:42:28',0,NULL,NULL,NULL),(1419,329,225,0,1,' ',0.59,NULL,'2023-08-23 11:42:37','2023-08-23 11:42:37',0,NULL,NULL,NULL),(1420,329,112,0,1,' ',0.70,NULL,'2023-08-23 11:42:50','2023-08-23 11:42:50',0,NULL,NULL,NULL),(1421,329,193,0,1,' ',0.69,NULL,'2023-08-23 11:43:02','2023-08-23 11:43:02',0,NULL,NULL,NULL),(1422,329,290,0,1,' ',1.35,NULL,'2023-08-23 11:43:40','2023-08-23 11:43:40',0,NULL,NULL,NULL),(1423,330,47,0,1,' ',1.29,NULL,'2023-08-23 20:47:18','2023-08-23 20:47:18',0,NULL,NULL,NULL),(1424,331,47,0,1,' ',1.29,NULL,'2023-08-23 20:47:24','2023-08-23 20:47:24',0,NULL,NULL,NULL),(1425,331,51,0,1,' ',0.49,NULL,'2023-08-23 20:47:32','2023-08-23 20:47:32',0,NULL,NULL,NULL),(1426,331,55,0,1,' ',1.29,NULL,'2023-08-23 20:48:02','2023-08-23 20:48:02',0,NULL,NULL,NULL),(1427,331,134,0,1,' ',1.29,NULL,'2023-08-23 20:48:15','2023-08-23 20:48:15',0,NULL,NULL,NULL),(1428,331,290,0,1,' ',1.35,NULL,'2023-08-23 20:48:33','2023-08-23 20:48:33',0,NULL,NULL,NULL),(1429,331,626,0,1,' ',0.79,NULL,'2023-08-23 20:48:42','2023-08-23 20:48:42',0,NULL,NULL,NULL),(1430,331,627,0,1,' ',1.16,NULL,'2023-08-23 20:48:46','2023-08-23 20:48:46',0,NULL,NULL,NULL),(1431,331,632,0,1,' ',1.15,NULL,'2023-08-23 20:48:55','2023-08-23 20:48:55',0,NULL,NULL,NULL),(1432,331,121,0,1,' ',1.39,NULL,'2023-08-23 20:49:23','2023-08-23 20:49:23',0,NULL,NULL,NULL),(1433,331,116,0,1,' ',1.45,NULL,'2023-08-23 20:49:29','2023-08-23 20:49:29',0,NULL,NULL,NULL),(1434,331,117,0,2,' ',1.25,NULL,'2023-08-23 20:49:33','2023-08-23 20:49:33',0,NULL,NULL,NULL),(1435,331,681,0,1,' ',0.99,NULL,'2023-08-23 20:49:43','2023-08-23 20:49:43',0,NULL,NULL,NULL),(1436,331,70,0,1,' ',0.65,NULL,'2023-08-23 20:50:02','2023-08-23 20:50:02',0,NULL,NULL,NULL),(1437,331,159,0,1,' ',0.85,NULL,'2023-08-23 20:50:20','2023-08-23 20:50:20',0,NULL,NULL,NULL),(1438,331,238,0,1,' ',0.69,NULL,'2023-08-23 20:50:34','2023-08-23 20:50:34',0,NULL,NULL,NULL),(1439,331,176,0,1,' ',1.15,NULL,'2023-08-23 20:50:43','2023-08-23 20:50:43',0,NULL,NULL,NULL),(1440,331,225,0,1,' ',0.59,NULL,'2023-08-23 20:50:56','2023-08-23 20:50:56',0,NULL,NULL,NULL),(1441,331,155,0,1,' ',0.70,NULL,'2023-08-23 20:51:09','2023-08-23 20:51:09',0,NULL,NULL,NULL),(1442,331,126,0,1,' ',0.69,NULL,'2023-08-23 20:51:25','2023-08-23 20:51:25',0,NULL,NULL,NULL),(1443,331,141,0,1,' ',0.69,NULL,'2023-08-23 20:51:32','2023-08-23 20:51:32',0,NULL,NULL,NULL),(1444,331,188,0,1,' ',0.79,NULL,'2023-08-23 20:51:49','2023-08-23 20:51:49',0,NULL,NULL,NULL),(1445,331,193,0,1,' ',0.69,NULL,'2023-08-23 20:51:57','2023-08-23 20:51:57',0,NULL,NULL,NULL),(1446,331,200,0,1,' ',0.85,NULL,'2023-08-23 20:52:04','2023-08-23 20:52:04',0,NULL,NULL,NULL),(1447,332,47,0,2,' ',1.29,NULL,'2023-08-24 01:09:54','2023-08-24 01:21:56',0,NULL,NULL,NULL),(1448,332,54,0,1,' ',0.69,NULL,'2023-08-24 01:10:17','2023-08-24 01:10:17',0,NULL,NULL,NULL),(1449,332,75,0,2,' ',0.49,NULL,'2023-08-24 01:11:01','2023-08-24 01:22:10',0,NULL,NULL,NULL),(1450,332,134,0,1,' ',1.29,NULL,'2023-08-24 01:12:10','2023-08-24 01:12:10',0,NULL,NULL,NULL),(1451,332,152,0,1,' ',0.75,NULL,'2023-08-24 01:12:31','2023-08-24 01:12:31',0,NULL,NULL,NULL),(1452,332,155,0,1,' ',0.70,NULL,'2023-08-24 01:12:41','2023-08-24 01:12:41',0,NULL,NULL,NULL),(1454,332,159,0,1,' ',0.85,NULL,'2023-08-24 01:13:59','2023-08-24 01:13:59',0,NULL,NULL,NULL),(1455,332,172,0,1,' ',1.59,NULL,'2023-08-24 01:14:26','2023-08-24 01:14:26',0,NULL,NULL,NULL),(1456,332,184,0,1,' ',0.99,NULL,'2023-08-24 01:14:44','2023-08-24 01:14:44',0,NULL,NULL,NULL),(1457,332,193,0,1,' ',0.69,NULL,'2023-08-24 01:14:56','2023-08-24 01:14:56',0,NULL,NULL,NULL),(1458,332,202,0,1,' ',0.99,NULL,'2023-08-24 01:15:08','2023-08-24 01:15:08',0,NULL,NULL,NULL),(1459,332,210,0,1,' ',1.29,NULL,'2023-08-24 01:15:18','2023-08-24 01:15:18',0,NULL,NULL,NULL),(1460,332,238,0,1,' ',0.69,NULL,'2023-08-24 01:16:02','2023-08-24 01:16:02',0,NULL,NULL,NULL),(1461,332,241,0,1,' ',2.49,NULL,'2023-08-24 01:16:12','2023-08-24 01:16:12',0,NULL,NULL,NULL),(1462,332,258,0,1,' ',2.99,NULL,'2023-08-24 01:17:12','2023-08-24 01:17:12',0,NULL,NULL,NULL),(1463,332,293,0,2,' ',0.99,NULL,'2023-08-24 01:17:55','2023-08-24 01:18:00',0,NULL,NULL,NULL),(1464,332,598,0,1,' ',2.39,NULL,'2023-08-24 01:18:14','2023-08-24 01:18:14',0,NULL,NULL,NULL),(1465,332,625,0,1,' ',0.99,NULL,'2023-08-24 01:19:34','2023-08-24 01:19:34',0,NULL,NULL,NULL),(1466,332,679,0,1,' ',2.39,NULL,'2023-08-24 01:21:20','2023-08-24 01:21:20',0,NULL,NULL,NULL),(1467,332,681,0,1,' ',0.99,NULL,'2023-08-24 01:21:24','2023-08-24 01:24:40',0,NULL,NULL,NULL),(1468,332,420,0,1,' ',1.55,NULL,'2023-08-24 02:07:40','2023-08-24 02:07:40',0,NULL,NULL,NULL),(1469,332,421,0,1,' ',1.99,NULL,'2023-08-24 02:08:00','2023-08-24 02:08:00',0,NULL,NULL,NULL),(1473,315,98,0,1,' ',0.35,NULL,'2023-08-26 21:04:12','2023-08-26 21:04:12',0,NULL,NULL,NULL),(1474,315,140,0,1,' ',0.79,NULL,'2023-08-26 21:05:12','2023-09-04 22:28:02',0,NULL,NULL,NULL),(1476,315,156,0,1,' ',1.19,NULL,'2023-08-28 17:32:52','2023-08-28 17:32:52',0,NULL,NULL,NULL),(1477,315,274,0,1,' ',0.69,NULL,'2023-08-28 17:39:05','2023-08-28 17:39:05',0,NULL,NULL,NULL),(1485,315,102,0,1,' ',0.35,NULL,'2023-08-28 17:58:55','2023-08-28 17:58:55',0,NULL,NULL,NULL),(1486,315,100,0,1,' ',0.35,NULL,'2023-08-28 17:58:59','2023-08-28 17:58:59',0,NULL,NULL,NULL),(1489,333,57,0,1,' ',2.39,NULL,'2023-08-29 09:35:01','2023-08-29 09:35:01',0,NULL,NULL,NULL),(1491,334,598,0,1,' ',2.39,NULL,'2023-08-30 18:05:47','2023-08-30 18:05:47',0,NULL,NULL,NULL),(1492,334,625,0,1,' ',0.99,NULL,'2023-08-30 18:05:54','2023-08-30 18:05:54',0,NULL,NULL,NULL),(1493,334,626,0,1,' ',0.79,NULL,'2023-08-30 18:05:58','2023-08-30 18:05:58',0,NULL,NULL,NULL),(1494,334,51,0,1,' ',0.49,NULL,'2023-08-30 18:06:14','2023-08-30 18:06:14',0,NULL,NULL,NULL),(1496,334,176,0,1,' ',1.15,NULL,'2023-08-30 19:38:45','2023-08-30 19:38:45',0,NULL,NULL,NULL),(1497,334,112,0,1,' ',0.70,NULL,'2023-08-30 19:38:55','2023-08-30 19:38:55',0,NULL,NULL,NULL),(1498,334,141,0,1,' ',0.69,NULL,'2023-08-30 19:39:06','2023-08-30 19:39:06',0,NULL,NULL,NULL),(1499,334,290,0,1,' ',1.35,NULL,'2023-08-30 19:39:22','2023-08-30 19:39:22',0,NULL,NULL,NULL),(1500,334,126,0,1,' ',0.69,NULL,'2023-08-30 19:39:30','2023-08-30 19:39:30',0,NULL,NULL,NULL),(1501,334,200,0,1,' ',0.85,NULL,'2023-08-30 19:39:43','2023-08-30 19:39:43',0,NULL,NULL,NULL),(1502,334,225,0,1,' ',0.59,NULL,'2023-08-30 19:39:53','2023-08-30 19:39:53',0,NULL,NULL,NULL),(1503,335,47,0,1,' ',1.29,NULL,'2023-08-30 20:09:56','2023-08-30 20:09:56',0,NULL,NULL,NULL),(1504,335,51,0,1,' ',0.49,NULL,'2023-08-30 20:10:01','2023-08-30 20:10:01',0,NULL,NULL,NULL),(1505,335,55,0,1,' ',1.29,NULL,'2023-08-30 20:10:07','2023-08-30 20:10:07',0,NULL,NULL,NULL),(1506,335,70,0,1,' ',0.65,NULL,'2023-08-30 20:10:14','2023-08-30 20:10:14',0,NULL,NULL,NULL),(1507,335,81,0,1,' ',0.09,NULL,'2023-08-30 20:10:25','2023-08-30 20:10:25',0,NULL,NULL,NULL),(1508,335,90,0,1,' ',0.07,NULL,'2023-08-30 20:10:32','2023-08-30 20:10:32',0,NULL,NULL,NULL),(1509,335,96,0,1,' ',0.07,NULL,'2023-08-30 20:10:39','2023-08-30 20:10:39',0,NULL,NULL,NULL),(1510,335,99,0,1,' ',0.07,NULL,'2023-08-30 20:10:43','2023-08-30 20:10:43',0,NULL,NULL,NULL),(1511,335,112,0,1,' ',0.70,NULL,'2023-08-30 20:10:52','2023-08-30 20:10:52',0,NULL,NULL,NULL),(1512,335,117,0,1,' ',1.25,NULL,'2023-08-30 20:10:58','2023-08-30 20:10:58',0,NULL,NULL,NULL),(1513,335,116,0,1,' ',1.45,NULL,'2023-08-30 20:11:02','2023-08-30 20:11:02',0,NULL,NULL,NULL),(1514,335,121,0,1,' ',1.39,NULL,'2023-08-30 20:11:07','2023-08-30 20:11:07',0,NULL,NULL,NULL),(1515,335,126,0,1,' ',0.69,NULL,'2023-08-30 20:11:13','2023-08-30 20:11:13',0,NULL,NULL,NULL),(1516,335,141,0,1,' ',0.69,NULL,'2023-08-30 20:11:20','2023-08-30 20:11:20',0,NULL,NULL,NULL),(1517,335,155,0,1,' ',0.70,NULL,'2023-08-30 20:11:30','2023-08-30 20:11:30',0,NULL,NULL,NULL),(1518,335,159,0,1,' ',0.85,NULL,'2023-08-30 20:11:36','2023-08-30 20:11:36',0,NULL,NULL,NULL),(1519,335,176,0,1,' ',1.15,NULL,'2023-08-30 20:11:47','2023-08-30 20:11:47',0,NULL,NULL,NULL),(1520,335,193,0,1,' ',0.69,NULL,'2023-08-30 20:11:57','2023-08-30 20:11:57',0,NULL,NULL,NULL),(1521,335,200,0,1,' ',0.85,NULL,'2023-08-30 20:12:04','2023-08-30 20:12:04',0,NULL,NULL,NULL),(1522,335,227,0,1,' ',1.10,NULL,'2023-08-30 20:12:12','2023-08-30 20:12:12',0,NULL,NULL,NULL),(1523,335,238,0,1,' ',0.69,NULL,'2023-08-30 20:12:21','2023-08-30 20:12:21',0,NULL,NULL,NULL),(1524,335,290,0,1,' ',1.35,NULL,'2023-08-30 20:12:40','2023-08-30 20:12:40',0,NULL,NULL,NULL),(1525,335,626,0,1,' ',0.79,NULL,'2023-08-30 20:12:56','2023-08-30 20:12:56',0,NULL,NULL,NULL),(1526,335,627,0,1,' ',1.16,NULL,'2023-08-30 20:13:00','2023-08-30 20:13:00',0,NULL,NULL,NULL),(1527,335,630,0,1,' ',1.29,NULL,'2023-08-30 20:13:06','2023-08-30 20:13:06',0,NULL,NULL,NULL),(1528,335,134,0,1,' ',1.29,NULL,'2023-08-30 20:13:38','2023-08-30 20:13:38',0,NULL,NULL,NULL),(1529,336,51,0,1,' ',0.49,NULL,'2023-09-01 19:33:27','2023-09-01 19:33:27',0,NULL,NULL,NULL),(1530,336,55,0,1,' ',1.29,NULL,'2023-09-01 19:33:34','2023-09-01 19:33:34',0,NULL,NULL,NULL),(1531,336,112,0,1,' ',0.70,NULL,'2023-09-01 19:33:59','2023-09-01 19:33:59',0,NULL,NULL,NULL),(1532,336,141,0,1,' ',0.69,NULL,'2023-09-01 19:34:20','2023-09-01 19:34:20',0,NULL,NULL,NULL),(1533,336,626,0,1,' ',0.79,NULL,'2023-09-01 19:34:31','2023-09-01 19:34:31',0,NULL,NULL,NULL),(1534,336,290,0,1,' ',1.35,NULL,'2023-09-01 19:34:46','2023-09-01 19:34:46',0,NULL,NULL,NULL),(1535,336,116,0,1,' ',1.45,NULL,'2023-09-01 19:34:56','2023-09-01 19:34:56',0,NULL,NULL,NULL),(1536,336,200,0,1,' ',0.85,NULL,'2023-09-01 19:35:07','2023-09-01 19:35:07',0,NULL,NULL,NULL),(1537,336,177,0,1,' ',0.69,NULL,'2023-09-01 19:35:17','2023-09-01 19:35:17',0,NULL,NULL,NULL),(1538,336,126,0,1,' ',0.69,NULL,'2023-09-01 19:35:27','2023-09-01 19:35:27',0,NULL,NULL,NULL),(1539,336,225,0,1,' ',0.59,NULL,'2023-09-01 19:35:35','2023-09-01 19:35:35',0,NULL,NULL,NULL),(1540,336,193,0,1,' ',0.69,NULL,'2023-09-01 19:35:44','2023-09-01 19:35:44',0,NULL,NULL,NULL),(1542,315,407,0,1,' ',0.79,NULL,'2023-09-04 11:34:03','2023-09-04 11:34:03',0,NULL,NULL,NULL),(1543,315,51,0,1,' ',0.49,NULL,'2023-09-04 18:17:38','2023-09-04 18:17:38',0,NULL,NULL,NULL),(1544,315,47,0,1,' ',1.29,NULL,'2023-09-04 18:17:47','2023-09-04 18:17:47',0,NULL,NULL,NULL),(1545,315,146,0,1,' ',1.99,NULL,'2023-09-04 18:21:18','2023-09-04 18:21:18',0,NULL,NULL,NULL),(1546,315,179,0,1,' ',1.39,NULL,'2023-09-04 18:22:43','2023-09-04 18:22:43',0,NULL,NULL,NULL),(1547,315,204,0,1,' ',2.59,NULL,'2023-09-04 18:23:46','2023-09-04 18:23:46',0,NULL,NULL,NULL),(1548,315,267,0,1,' ',0.79,NULL,'2023-09-04 18:24:56','2023-09-04 18:24:56',0,NULL,NULL,NULL),(1549,315,54,0,2,' ',0.69,NULL,'2023-09-04 18:29:42','2023-09-04 18:30:49',0,NULL,NULL,NULL),(1550,315,127,0,1,' ',0.99,NULL,'2023-09-04 18:30:12','2023-09-04 18:30:46',0,NULL,NULL,NULL),(1551,315,64,0,1,' ',0.96,NULL,'2023-09-04 22:26:30','2023-09-04 22:26:30',0,NULL,NULL,NULL),(1552,337,47,0,1,' ',1.29,NULL,'2023-09-07 22:42:04','2023-09-07 22:42:04',0,NULL,NULL,NULL),(1553,337,51,0,1,' ',0.49,NULL,'2023-09-07 22:42:22','2023-09-07 22:42:22',0,NULL,NULL,NULL),(1554,337,55,0,1,' ',1.29,NULL,'2023-09-07 22:42:30','2023-09-07 22:42:30',0,NULL,NULL,NULL),(1555,337,70,0,1,' ',0.65,NULL,'2023-09-07 22:42:42','2023-09-07 22:42:42',0,NULL,NULL,NULL),(1556,337,81,0,1,' ',0.09,NULL,'2023-09-07 22:42:59','2023-09-07 22:42:59',0,NULL,NULL,NULL),(1557,337,96,0,1,' ',0.09,NULL,'2023-09-07 22:43:10','2023-09-07 22:43:10',0,NULL,NULL,NULL),(1558,337,99,0,1,' ',0.09,NULL,'2023-09-07 22:43:15','2023-09-07 22:43:15',0,NULL,NULL,NULL),(1559,337,101,0,1,' ',0.09,NULL,'2023-09-07 22:43:22','2023-09-07 22:43:22',0,NULL,NULL,NULL),(1560,337,103,0,1,' ',0.09,NULL,'2023-09-07 22:43:28','2023-09-07 22:43:28',0,NULL,NULL,NULL),(1561,337,112,0,1,' ',0.70,NULL,'2023-09-07 22:43:43','2023-09-07 22:43:43',0,NULL,NULL,NULL),(1562,337,116,0,1,' ',1.45,NULL,'2023-09-07 22:43:51','2023-09-07 22:43:51',0,NULL,NULL,NULL),(1563,337,117,0,1,' ',1.25,NULL,'2023-09-07 22:43:56','2023-09-07 22:43:56',0,NULL,NULL,NULL),(1564,337,121,0,1,' ',1.39,NULL,'2023-09-07 22:44:03','2023-09-07 22:44:03',0,NULL,NULL,NULL),(1565,337,126,0,1,' ',0.69,NULL,'2023-09-07 22:44:13','2023-09-07 22:44:13',0,NULL,NULL,NULL),(1566,337,134,0,1,' ',1.29,NULL,'2023-09-07 22:44:35','2023-09-07 22:44:35',0,NULL,NULL,NULL),(1567,337,143,0,1,' ',0.69,NULL,'2023-09-07 22:44:45','2023-09-07 22:44:45',0,NULL,NULL,NULL),(1568,337,155,0,1,' ',0.70,NULL,'2023-09-07 22:44:59','2023-09-07 22:44:59',0,NULL,NULL,NULL),(1569,337,159,0,1,' ',0.85,NULL,'2023-09-07 22:45:11','2023-09-07 22:45:11',0,NULL,NULL,NULL),(1570,337,176,0,1,' ',1.29,NULL,'2023-09-07 22:45:26','2023-09-07 22:45:26',0,NULL,NULL,NULL),(1571,337,193,0,1,' ',0.69,NULL,'2023-09-07 22:46:44','2023-09-07 22:46:44',0,NULL,NULL,NULL),(1572,337,200,0,1,' ',0.85,NULL,'2023-09-07 22:46:56','2023-09-07 22:46:56',0,NULL,NULL,NULL),(1573,337,225,0,1,' ',0.59,NULL,'2023-09-07 22:47:39','2023-09-07 22:47:39',0,NULL,NULL,NULL),(1574,337,238,0,1,' ',0.69,NULL,'2023-09-07 22:48:12','2023-09-07 22:48:12',0,NULL,NULL,NULL),(1575,337,290,0,1,' ',1.35,NULL,'2023-09-07 22:49:32','2023-09-07 22:49:32',0,NULL,NULL,NULL),(1576,337,626,0,1,' ',0.79,NULL,'2023-09-07 22:49:49','2023-09-07 22:49:49',0,NULL,NULL,NULL),(1577,337,627,0,1,' ',1.19,NULL,'2023-09-07 22:49:53','2023-09-07 22:49:53',0,NULL,NULL,NULL),(1578,337,630,0,1,' ',1.29,NULL,'2023-09-07 22:49:59','2023-09-07 22:49:59',0,NULL,NULL,NULL),(1579,338,53,0,1,' ',0.88,NULL,'2023-09-09 19:12:12','2023-09-09 19:12:12',0,NULL,NULL,NULL),(1580,338,55,0,1,' ',1.29,NULL,'2023-09-09 19:12:31','2023-09-09 19:12:31',0,NULL,NULL,NULL),(1581,338,75,0,1,' ',0.55,NULL,'2023-09-09 19:13:37','2023-09-09 19:13:37',0,NULL,NULL,NULL),(1582,338,78,0,1,' ',0.75,NULL,'2023-09-09 19:13:46','2023-09-09 19:13:46',0,NULL,NULL,NULL),(1583,338,96,0,4,' ',0.09,NULL,'2023-09-09 19:14:23','2023-09-09 19:14:37',0,NULL,NULL,NULL),(1584,338,100,0,1,' ',0.45,NULL,'2023-09-09 19:14:51','2023-09-09 19:14:51',0,NULL,NULL,NULL),(1585,338,102,0,1,' ',0.45,NULL,'2023-09-09 19:14:57','2023-09-09 19:14:57',0,NULL,NULL,NULL),(1586,338,104,0,1,' ',0.45,NULL,'2023-09-09 19:15:04','2023-09-09 19:15:04',0,NULL,NULL,NULL),(1587,338,107,0,1,' ',0.25,NULL,'2023-09-09 19:15:15','2023-09-09 19:15:15',0,NULL,NULL,NULL),(1588,338,112,0,1,' ',0.70,NULL,'2023-09-09 19:15:33','2023-09-09 19:15:33',0,NULL,NULL,NULL),(1589,338,116,0,1,' ',1.45,NULL,'2023-09-09 19:15:41','2023-09-09 19:15:41',0,NULL,NULL,NULL),(1590,338,122,0,1,' ',1.65,NULL,'2023-09-09 19:15:50','2023-09-09 19:15:50',0,NULL,NULL,NULL),(1591,338,126,0,1,' ',0.69,NULL,'2023-09-09 19:16:24','2023-09-09 19:16:24',0,NULL,NULL,NULL),(1592,338,141,0,1,' ',0.69,NULL,'2023-09-09 19:16:37','2023-09-09 19:16:37',0,NULL,NULL,NULL),(1593,338,143,0,1,' ',0.69,NULL,'2023-09-09 19:16:51','2023-09-09 19:16:51',0,NULL,NULL,NULL),(1594,338,155,0,1,' ',0.70,NULL,'2023-09-09 19:17:13','2023-09-09 19:17:13',0,NULL,NULL,NULL),(1595,338,158,0,1,' ',1.79,NULL,'2023-09-09 19:17:28','2023-09-09 19:17:28',0,NULL,NULL,NULL),(1596,338,168,0,1,' ',1.65,NULL,'2023-09-09 19:17:47','2023-09-09 19:17:47',0,NULL,NULL,NULL),(1597,338,174,0,1,' ',0.70,NULL,'2023-09-09 19:18:03','2023-09-09 19:18:03',0,NULL,NULL,NULL),(1598,338,177,0,1,' ',0.69,NULL,'2023-09-09 19:18:12','2023-09-09 19:18:12',0,NULL,NULL,NULL),(1600,338,181,0,1,' ',0.79,NULL,'2023-09-09 19:18:34','2023-09-09 19:18:34',0,NULL,NULL,NULL),(1601,338,189,0,1,' ',0.59,NULL,'2023-09-09 19:18:51','2023-09-09 19:39:58',0,NULL,NULL,NULL),(1602,338,193,0,1,' ',0.69,NULL,'2023-09-09 19:19:06','2023-09-09 19:19:06',0,NULL,NULL,NULL),(1603,338,197,0,1,' ',1.29,NULL,'2023-09-09 19:19:17','2023-09-09 19:19:17',0,NULL,NULL,NULL),(1604,338,225,0,1,' ',0.59,NULL,'2023-09-09 19:19:55','2023-09-09 19:19:55',0,NULL,NULL,NULL),(1605,338,236,0,1,' ',0.89,NULL,'2023-09-09 19:20:10','2023-09-09 19:20:10',0,NULL,NULL,NULL),(1606,338,239,0,1,' ',0.69,NULL,'2023-09-09 19:20:20','2023-09-09 19:20:20',0,NULL,NULL,NULL),(1607,338,242,0,1,' ',1.59,NULL,'2023-09-09 19:20:33','2023-09-09 19:20:33',0,NULL,NULL,NULL),(1608,338,245,0,1,' ',1.99,NULL,'2023-09-09 19:20:44','2023-09-09 19:20:44',0,NULL,NULL,NULL),(1609,338,261,0,1,' ',1.69,NULL,'2023-09-09 19:21:13','2023-09-09 19:21:13',0,NULL,NULL,NULL),(1610,338,264,0,1,' ',1.35,NULL,'2023-09-09 19:21:22','2023-09-09 19:21:22',0,NULL,NULL,NULL),(1611,338,625,0,1,' ',0.99,NULL,'2023-09-09 19:22:14','2023-09-09 19:22:14',0,NULL,NULL,NULL),(1612,338,271,0,1,' ',0.95,NULL,'2023-09-09 19:22:58','2023-09-09 19:22:58',0,NULL,NULL,NULL),(1613,339,155,0,1,' ',0.70,NULL,'2023-09-09 19:40:16','2023-10-28 17:28:37',0,NULL,NULL,NULL),(1614,339,157,0,1,' ',0.59,NULL,'2023-09-09 19:40:25','2023-10-28 17:28:48',0,NULL,NULL,NULL),(1615,339,75,0,1,' ',0.55,NULL,'2023-09-09 19:40:42','2023-09-09 19:40:42',0,NULL,NULL,NULL),(1616,339,271,0,1,' ',0.95,NULL,'2023-09-09 19:40:55','2023-09-09 19:40:55',0,NULL,NULL,NULL),(1617,339,236,0,1,' ',0.89,NULL,'2023-09-09 19:41:03','2023-09-09 19:41:03',0,NULL,NULL,NULL),(1619,339,181,0,1,' ',0.79,NULL,'2023-09-09 19:41:18','2023-09-09 19:41:18',0,NULL,NULL,NULL),(1621,339,245,0,1,' ',1.99,NULL,'2023-09-09 19:41:40','2023-09-09 19:41:40',0,NULL,NULL,NULL),(1625,340,66,0,1,' ',0.60,NULL,'2023-09-24 09:44:14','2023-09-24 09:44:14',0,NULL,NULL,NULL),(1626,340,75,0,1,' ',0.55,NULL,'2023-09-24 09:44:29','2023-09-24 09:44:29',0,NULL,NULL,NULL),(1627,340,81,0,1,' ',0.09,NULL,'2023-09-24 09:44:39','2023-09-24 09:44:39',0,NULL,NULL,NULL),(1628,340,90,0,1,' ',0.09,NULL,'2023-09-24 09:44:52','2023-09-24 09:44:52',0,NULL,NULL,NULL),(1629,340,98,0,1,' ',0.45,NULL,'2023-09-24 09:45:02','2023-09-24 09:45:02',0,NULL,NULL,NULL),(1630,340,101,0,1,' ',0.09,NULL,'2023-09-24 09:45:10','2023-09-24 09:45:10',0,NULL,NULL,NULL),(1631,340,103,0,1,' ',0.09,NULL,'2023-09-24 09:45:15','2023-09-24 09:45:15',0,NULL,NULL,NULL),(1632,340,123,0,1,' ',1.65,NULL,'2023-09-24 09:45:37','2023-09-24 09:45:37',0,NULL,NULL,NULL),(1633,340,125,0,1,' ',0.85,NULL,'2023-09-24 09:45:46','2023-09-24 09:45:46',0,NULL,NULL,NULL),(1634,340,140,0,1,' ',0.79,NULL,'2023-09-24 09:46:03','2023-09-24 09:46:03',0,NULL,NULL,NULL),(1635,340,157,0,1,' ',0.59,NULL,'2023-09-24 09:46:24','2023-09-24 09:46:24',0,NULL,NULL,NULL),(1636,340,177,0,1,' ',0.69,NULL,'2023-09-24 09:46:45','2023-09-24 09:46:45',0,NULL,NULL,NULL),(1637,340,189,0,1,' ',0.59,NULL,'2023-09-24 09:46:59','2023-09-24 09:46:59',0,NULL,NULL,NULL),(1638,340,204,0,1,' ',2.59,NULL,'2023-09-24 09:47:36','2023-09-24 09:47:36',0,NULL,NULL,NULL),(1639,340,225,0,1,' ',0.59,NULL,'2023-09-24 09:47:52','2023-09-24 09:47:52',0,NULL,NULL,NULL),(1640,340,238,0,1,' ',0.69,NULL,'2023-09-24 09:48:16','2023-09-24 09:48:16',0,NULL,NULL,NULL),(1641,340,631,0,1,' ',1.15,NULL,'2023-09-24 09:49:35','2023-09-24 09:49:35',0,NULL,NULL,NULL),(1643,341,51,0,1,' ',0.49,NULL,'2023-09-25 17:45:57','2023-09-25 17:45:57',0,NULL,NULL,NULL),(1644,341,47,0,2,' ',1.29,NULL,'2023-09-25 17:46:12','2023-09-25 17:52:36',0,NULL,NULL,NULL),(1655,341,389,0,1,' ',0.87,NULL,'2023-09-25 17:57:44','2023-11-21 14:49:01',0,NULL,NULL,NULL),(1656,341,398,0,1,' ',0.43,NULL,'2023-09-25 17:58:02','2023-09-25 17:58:02',0,NULL,NULL,NULL),(1661,341,501,0,1,' ',1.50,NULL,'2023-09-25 18:01:00','2023-09-25 18:01:00',0,NULL,NULL,NULL),(1662,342,47,0,1,' ',1.29,NULL,'2023-10-28 17:26:50','2023-10-28 17:26:50',0,NULL,NULL,NULL),(1663,339,47,0,1,' ',1.29,NULL,'2023-10-28 17:27:43','2023-10-28 17:27:43',0,NULL,NULL,NULL),(1664,339,238,0,1,' ',0.69,NULL,'2023-10-28 17:30:23','2023-10-28 17:30:23',0,NULL,NULL,NULL),(1665,339,239,0,1,' ',0.69,NULL,'2023-10-28 17:30:28','2023-10-28 17:30:28',0,NULL,NULL,NULL),(1666,339,681,0,1,' ',1.39,NULL,'2023-10-28 17:30:47','2023-10-28 17:30:47',0,NULL,NULL,NULL),(1667,339,209,0,1,' ',0.89,NULL,'2023-10-28 17:31:02','2023-10-28 17:31:02',0,NULL,NULL,NULL),(1669,343,53,0,1,' ',0.88,NULL,'2023-11-05 13:37:54','2023-11-05 13:37:54',0,NULL,NULL,NULL),(1670,343,58,0,1,' ',2.39,NULL,'2023-11-05 13:37:59','2023-11-05 13:37:59',0,NULL,NULL,NULL),(1671,343,529,0,1,' ',2.19,NULL,'2023-11-05 13:38:33','2023-11-05 13:38:33',0,NULL,NULL,NULL),(1672,341,411,0,1,' ',0.69,NULL,'2023-11-21 14:45:31','2023-11-21 14:45:31',0,NULL,NULL,NULL),(1673,341,427,0,1,' ',0.99,NULL,'2023-11-21 14:45:45','2023-11-21 14:45:45',0,NULL,NULL,NULL),(1674,341,431,0,1,' ',0.90,NULL,'2023-11-21 14:45:54','2023-11-21 14:45:54',0,NULL,NULL,NULL),(1675,341,450,0,1,' ',0.56,NULL,'2023-11-21 14:46:12','2023-11-21 14:46:12',0,NULL,NULL,NULL),(1676,341,453,0,1,' ',0.47,NULL,'2023-11-21 14:46:18','2023-11-21 14:46:18',0,NULL,NULL,NULL),(1677,341,455,0,1,' ',0.56,NULL,'2023-11-21 14:46:34','2023-11-21 14:46:34',0,NULL,NULL,NULL),(1678,341,467,0,1,' ',0.55,NULL,'2023-11-21 14:46:48','2023-11-21 14:46:48',0,NULL,NULL,NULL),(1679,341,486,0,1,' ',0.27,NULL,'2023-11-21 14:47:14','2023-11-21 14:47:14',0,NULL,NULL,NULL),(1680,341,434,0,1,' ',0.60,NULL,'2023-11-24 15:51:16','2023-11-24 15:51:16',0,NULL,NULL,NULL);

--
-- Table structure for table `product_otherdatas`
--

CREATE TABLE `product_otherdatas` (
  `id` bigint unsigned NOT NULL AUTO_INCREMENT,
  `product_id` int unsigned DEFAULT NULL,
  `input_key_ar` varchar(191) CHARACTER SET utf8mb4 COLLATE utf8mb4_unicode_ci NOT NULL,
  `input_value_ar` varchar(191) CHARACTER SET utf8mb4 COLLATE utf8mb4_unicode_ci NOT NULL,
  `input_key_en` varchar(191) CHARACTER SET utf8mb4 COLLATE utf8mb4_unicode_ci DEFAULT NULL,
  `input_value_en` varchar(191) CHARACTER SET utf8mb4 COLLATE utf8mb4_unicode_ci DEFAULT NULL,
  `created_at` timestamp NULL DEFAULT NULL,
  `updated_at` timestamp NULL DEFAULT NULL,
  PRIMARY KEY (`id`),
  KEY `product_otherdatas_product_id_foreign` (`product_id`)
) ENGINE=InnoDB DEFAULT CHARSET=utf8mb4 COLLATE=utf8mb4_unicode_ci;

--
-- Dumping data for table `product_otherdatas`
--


--
-- Table structure for table `product_size_colors`
--

CREATE TABLE `product_size_colors` (
  `id` bigint unsigned NOT NULL AUTO_INCREMENT,
  `size_id` bigint unsigned DEFAULT NULL,
  `color_id` bigint unsigned DEFAULT NULL,
  `product_id` int unsigned DEFAULT NULL,
  `amount` int NOT NULL,
  `price` decimal(8,2) NOT NULL,
  `created_at` timestamp NULL DEFAULT NULL,
  `updated_at` timestamp NULL DEFAULT NULL,
  PRIMARY KEY (`id`),
  KEY `product_size_colors_size_id_foreign` (`size_id`),
  KEY `product_size_colors_color_id_foreign` (`color_id`),
  KEY `product_size_colors_product_id_foreign` (`product_id`)
) ENGINE=InnoDB DEFAULT CHARSET=utf8mb4 COLLATE=utf8mb4_unicode_ci;

--
-- Dumping data for table `product_size_colors`
--


--
-- Table structure for table `product_size_translations`
--

CREATE TABLE `product_size_translations` (
  `id` int unsigned NOT NULL AUTO_INCREMENT,
  `product_size_id` bigint unsigned NOT NULL,
  `titleSize` varchar(191) CHARACTER SET utf8mb4 COLLATE utf8mb4_unicode_ci DEFAULT NULL,
  `locale` varchar(191) CHARACTER SET utf8mb4 COLLATE utf8mb4_unicode_ci NOT NULL,
  `created_at` timestamp NULL DEFAULT NULL,
  `updated_at` timestamp NULL DEFAULT NULL,
  PRIMARY KEY (`id`),
  UNIQUE KEY `product_size_translations_product_size_id_locale_unique` (`product_size_id`,`locale`)
) ENGINE=InnoDB DEFAULT CHARSET=utf8mb4 COLLATE=utf8mb4_unicode_ci;

--
-- Dumping data for table `product_size_translations`
--


--
-- Table structure for table `product_sizes`
--

CREATE TABLE `product_sizes` (
  `id` bigint unsigned NOT NULL AUTO_INCREMENT,
  `product_id` int unsigned DEFAULT NULL,
  `created_at` timestamp NULL DEFAULT NULL,
  `updated_at` timestamp NULL DEFAULT NULL,
  PRIMARY KEY (`id`),
  KEY `product_sizes_product_id_foreign` (`product_id`)
) ENGINE=InnoDB DEFAULT CHARSET=utf8mb4 COLLATE=utf8mb4_unicode_ci;

--
-- Dumping data for table `product_sizes`
--


--
-- Table structure for table `product_translations`
--

CREATE TABLE `product_translations` (
  `id` int unsigned NOT NULL AUTO_INCREMENT,
  `product_id` int unsigned NOT NULL,
  `name` varchar(191) CHARACTER SET utf8mb4 COLLATE utf8mb4_unicode_ci DEFAULT NULL,
  `content` text CHARACTER SET utf8mb4 COLLATE utf8mb4_unicode_ci,
  `meta_keywords` varchar(191) CHARACTER SET utf8mb4 COLLATE utf8mb4_unicode_ci DEFAULT NULL,
  `meta_description` text CHARACTER SET utf8mb4 COLLATE utf8mb4_unicode_ci,
  `locale` varchar(191) CHARACTER SET utf8mb4 COLLATE utf8mb4_unicode_ci NOT NULL,
  `created_at` timestamp NULL DEFAULT NULL,
  `updated_at` timestamp NULL DEFAULT NULL,
  PRIMARY KEY (`id`),
  UNIQUE KEY `product_translations_product_id_locale_unique` (`product_id`,`locale`),
  KEY `product_translations_locale_index` (`locale`)
) ENGINE=InnoDB AUTO_INCREMENT=1301 DEFAULT CHARSET=utf8mb4 COLLATE=utf8mb4_unicode_ci;

--
-- Dumping data for table `product_translations`
--

INSERT INTO `product_translations` (`id`, `product_id`, `name`, `content`, `meta_keywords`, `meta_description`, `locale`, `created_at`, `updated_at`) VALUES (1,2,'sad','asa',NULL,NULL,'ar',NULL,NULL),(2,2,'das','asd',NULL,NULL,'en',NULL,NULL),(3,6,'asdsadasd','asdaada',NULL,NULL,'ar',NULL,NULL),(4,6,'asdasd','asdasfvvwr',NULL,NULL,'en',NULL,NULL),(5,7,'سمك مشوي','سمك مشوي',NULL,NULL,'ar',NULL,NULL),(6,7,'Grilled Fish','Grilled Fish',NULL,NULL,'en',NULL,NULL),(7,8,'كبش القرنفل','<h2>كبش القرنفل</h2>',NULL,NULL,'ar',NULL,NULL),(8,8,'Carnation ram','<h2>Carnation ram</h2>',NULL,NULL,'en',NULL,NULL),(9,9,'ورق الغار','<h2>ورق الغار</h2>',NULL,NULL,'ar',NULL,NULL),(10,9,'bay leaf','<h2>bay leaf</h2>',NULL,NULL,'en',NULL,NULL),(11,10,'القرفة','<h2>القرفة</h2>',NULL,NULL,'ar',NULL,NULL),(12,10,'Cinnamon','<h2>Cinnamon</h2>',NULL,NULL,'en',NULL,NULL),(13,11,'جوزة الطيب','<h2>جوزة الطيب</h2>',NULL,NULL,'ar',NULL,NULL),(14,11,'Nutmeg','<h2>Nutmeg</h2>',NULL,NULL,'en',NULL,NULL),(15,12,'xcxzczx','czxcxzc',NULL,NULL,'ar',NULL,NULL),(16,12,'xzcxz','xzcxzc',NULL,NULL,'en',NULL,NULL),(17,13,'asdasd','sadsadasd',NULL,NULL,'ar',NULL,NULL),(18,13,'asdasda','asdasda',NULL,NULL,'en',NULL,NULL),(19,14,'asdasd','saddasdad',NULL,NULL,'ar',NULL,NULL),(20,14,'dasdasd','asdasda',NULL,NULL,'en',NULL,NULL),(21,15,'asdadsa','dasddasda',NULL,NULL,'ar',NULL,NULL),(22,15,'asdasd','sadasdasdas',NULL,NULL,'en',NULL,NULL),(23,17,'سمك بوري','سمك بوري',NULL,NULL,'ar',NULL,NULL),(24,17,'mullet fish','mullet fish',NULL,NULL,'en',NULL,NULL),(25,37,'dfgdfsg','fdgfd',NULL,NULL,'ar',NULL,NULL),(26,37,'dfgfd','gdfgdfg',NULL,NULL,'en',NULL,NULL),(27,36,'345325','345435',NULL,NULL,'ar',NULL,NULL),(28,36,'3453454','345435',NULL,NULL,'en',NULL,NULL),(29,35,'dfgfd','sdfgsf',NULL,NULL,'ar',NULL,NULL),(30,35,'dsfsdf','dsfdsf',NULL,NULL,'en',NULL,NULL),(31,34,'dfsgdfsg','fdsgdfsg',NULL,NULL,'ar',NULL,NULL),(32,34,'dfsgdfsg','dfsgfdsg',NULL,NULL,'en',NULL,NULL),(33,33,'dfgdf','gfdsgds',NULL,NULL,'ar',NULL,NULL),(34,33,'dfgs','dfsgds',NULL,NULL,'en',NULL,NULL),(35,32,'sdfafas','sdafsadf',NULL,NULL,'ar',NULL,NULL),(36,32,'sdafsda','sdafdsa',NULL,NULL,'en',NULL,NULL),(37,31,'dsfgds','gdsafasd',NULL,NULL,'ar',NULL,NULL),(38,31,'erwttrewt','erwterwt',NULL,NULL,'en',NULL,NULL),(39,30,'dfgsd','dfsgfds',NULL,NULL,'ar',NULL,NULL),(40,30,'dfsgsdf','dfsgdfs',NULL,NULL,'en',NULL,NULL),(41,29,'sdfsdfds','fdsfsddsf',NULL,NULL,'ar',NULL,NULL),(42,29,'dsfdsf','dsfds',NULL,NULL,'en',NULL,NULL),(43,28,'ertrewt','rewtretrew',NULL,NULL,'ar',NULL,NULL),(44,28,'ewrterw','erwterw',NULL,NULL,'en',NULL,NULL),(45,27,'erdfgdfg','dfgfd',NULL,NULL,'ar',NULL,NULL),(46,27,'dgfdsgfds','dfsfdsg',NULL,NULL,'en',NULL,NULL),(47,26,'tryryt','yrteytre',NULL,NULL,'ar',NULL,NULL),(48,26,'rtyrtyrteyrt','rtyrteytre',NULL,NULL,'en',NULL,NULL),(49,25,'ardtrewt','rewtrewtwre',NULL,NULL,'ar',NULL,NULL),(50,25,'erwtrewt','erwterwt',NULL,NULL,'en',NULL,NULL),(51,24,'gfhgfdhgfd','fgdhgfd',NULL,NULL,'ar',NULL,NULL),(52,24,'fghdfdf','gfhfdh',NULL,NULL,'en',NULL,NULL),(53,23,'fdgbfdgfdsgdfs',NULL,NULL,NULL,'ar',NULL,NULL),(54,23,'dfsgfds','dfsggds',NULL,NULL,'en',NULL,NULL),(55,22,'gfdhgfd','hgfdhfd',NULL,NULL,'ar',NULL,NULL),(56,22,'dfgdsg','sdgsd',NULL,NULL,'en',NULL,NULL),(57,21,'dfgdfgfdsgfdsg','dfsgdfsgdfsg',NULL,NULL,'ar',NULL,NULL),(58,21,'gfdsgds','dfsgfdsg',NULL,NULL,'en',NULL,NULL),(59,20,'gfdhgfdhgfd','fdghfdhgfdhgdfh',NULL,NULL,'ar',NULL,NULL),(60,20,'dfghdfgfdsg','fdsgfds',NULL,NULL,'en',NULL,NULL),(61,19,'fthfgdhgdfh','fgdhfgdhfgdhgfd',NULL,NULL,'ar',NULL,NULL),(62,19,'gfhfgdh','fghfgdhfd',NULL,NULL,'en',NULL,NULL),(63,18,'سمك بلطي','سمك بلطي',NULL,NULL,'ar',NULL,NULL),(64,18,'Tilapia fish','Tilapia fish',NULL,NULL,'en',NULL,NULL),(65,38,'بيض حجم 60 % 70',NULL,NULL,NULL,'ar',NULL,NULL),(66,38,'بيض حجم 60 & 70',NULL,NULL,NULL,'en',NULL,NULL),(67,40,'سمك جديد','سمك جديد&nbsp;',NULL,NULL,'ar',NULL,NULL),(68,40,'سمك جديد','سمك جديد&nbsp;',NULL,NULL,'en',NULL,NULL),(69,41,'بيض كويتي','بيض كويتي يومي&nbsp;',NULL,NULL,'ar',NULL,NULL),(70,41,'Egg','Daily Egg',NULL,NULL,'en',NULL,NULL),(71,44,'موز جديد','موز جديد&nbsp;',NULL,NULL,'ar',NULL,NULL),(72,44,'موز جديد','موز جديد&nbsp;',NULL,NULL,'en',NULL,NULL),(73,47,'بيض حجم 60/70',NULL,NULL,NULL,'ar',NULL,NULL),(74,47,'egg 60/70',NULL,NULL,NULL,'en',NULL,NULL),(75,49,'بيض 60/70',NULL,NULL,NULL,'ar',NULL,NULL),(76,49,'egg 60/70',NULL,NULL,NULL,'en',NULL,NULL),(77,50,'بيض بني',NULL,NULL,NULL,'ar',NULL,NULL),(78,50,'brown egg',NULL,NULL,NULL,'en',NULL,NULL),(79,51,'خيار',NULL,NULL,NULL,'ar',NULL,NULL),(80,51,'Cucumber',NULL,NULL,NULL,'en',NULL,NULL),(81,53,'خيار بيبي',NULL,NULL,NULL,'ar',NULL,NULL),(82,53,'Small Cucumber',NULL,NULL,NULL,'en',NULL,NULL),(83,54,'فلين طماط كويتي',NULL,NULL,NULL,'ar',NULL,NULL),(84,54,'kuwaiti tomato',NULL,NULL,NULL,'en',NULL,NULL),(85,55,'فلين طماط',NULL,NULL,NULL,'ar',NULL,NULL),(86,55,'cork tomato',NULL,NULL,NULL,'en',NULL,NULL),(87,56,'فلين طماط كبير',NULL,NULL,NULL,'ar',NULL,NULL),(88,56,'cork tomato big',NULL,NULL,NULL,'en',NULL,NULL),(89,57,'صندوق طماط',NULL,NULL,NULL,'ar',NULL,NULL),(90,57,'box tomato',NULL,NULL,NULL,'en',NULL,NULL),(91,58,'صندوق طماط كويتي',NULL,NULL,NULL,'ar',NULL,NULL),(92,58,'box tomato kuwaiti',NULL,NULL,NULL,'en',NULL,NULL),(93,59,'بلاك بيري',NULL,NULL,NULL,'ar',NULL,NULL),(94,59,'Black Berry',NULL,NULL,NULL,'en',NULL,NULL),(95,60,'روز بيري',NULL,NULL,NULL,'ar',NULL,NULL),(96,60,'Rose berry',NULL,NULL,NULL,'en',NULL,NULL),(97,61,'بلو بيري',NULL,NULL,NULL,'ar',NULL,NULL),(98,61,'Blue berry',NULL,NULL,NULL,'en',NULL,NULL),(99,62,'فراولة أمريكي جامبو',NULL,NULL,NULL,'ar',NULL,NULL),(100,62,'jumbo american strawberry',NULL,NULL,NULL,'en',NULL,NULL),(101,63,'فراولة أمريكي جامبو',NULL,NULL,NULL,'ar',NULL,NULL),(102,63,'jumbo american strawberry',NULL,NULL,NULL,'en',NULL,NULL),(103,64,'فراولة',NULL,NULL,NULL,'ar',NULL,NULL),(104,64,'strawberry',NULL,NULL,NULL,'en',NULL,NULL),(105,65,'طماط بيبي هولندي',NULL,NULL,NULL,'ar',NULL,NULL),(106,65,'small dutch tomato',NULL,NULL,NULL,'en',NULL,NULL),(107,66,'طماط شيري',NULL,NULL,NULL,'ar',NULL,NULL),(108,66,'cherry tomato',NULL,NULL,NULL,'en',NULL,NULL),(109,67,'ذرة بيبي',NULL,NULL,NULL,'ar',NULL,NULL),(110,67,'baby corn',NULL,NULL,NULL,'en',NULL,NULL),(111,68,'ذرة كويتي',NULL,NULL,NULL,'ar',NULL,NULL),(112,68,'kuwaiti corn',NULL,NULL,NULL,'en',NULL,NULL),(113,69,'قصب السكر',NULL,NULL,NULL,'ar',NULL,NULL),(114,69,'sugar cane',NULL,NULL,NULL,'en',NULL,NULL),(115,70,'خس طويل اردني',NULL,NULL,NULL,'ar',NULL,NULL),(116,70,'jordanain long lettuce',NULL,NULL,NULL,'en',NULL,NULL),(117,71,'خس طويل اردني',NULL,NULL,NULL,'ar',NULL,NULL),(118,71,'jordanain long lettuce',NULL,NULL,NULL,'en',NULL,NULL),(119,72,'خس طويل كويتي',NULL,NULL,NULL,'ar',NULL,NULL),(120,72,'kuwaiti long lettuce',NULL,NULL,NULL,'en',NULL,NULL),(121,73,'خس بياندو لولو',NULL,NULL,NULL,'ar',NULL,NULL),(122,73,'Lettuce lolo biando',NULL,NULL,NULL,'en',NULL,NULL),(123,74,'خس لولو احمر',NULL,NULL,NULL,'ar',NULL,NULL),(124,74,'Red lolo lettuce',NULL,NULL,NULL,'en',NULL,NULL),(125,75,'خس اردني مدور',NULL,NULL,NULL,'ar',NULL,NULL),(126,75,'jordanain round lettuce',NULL,NULL,NULL,'en',NULL,NULL),(127,76,'خس كويتي مدور',NULL,NULL,NULL,'ar',NULL,NULL),(128,76,'kuwaiti round lettuce',NULL,NULL,NULL,'en',NULL,NULL),(129,77,'خس اسباني مدور',NULL,NULL,NULL,'ar',NULL,NULL),(130,77,'Round spanish lettuce',NULL,NULL,NULL,'en',NULL,NULL),(131,78,'ورق الكاري',NULL,NULL,NULL,'ar',NULL,NULL),(132,78,'curry leaves',NULL,NULL,NULL,'en',NULL,NULL),(133,79,'سلق',NULL,NULL,NULL,'ar',NULL,NULL),(134,79,'Beta vulgaris subsp',NULL,NULL,NULL,'en',NULL,NULL),(135,80,'سلق',NULL,NULL,NULL,'ar',NULL,NULL),(136,80,'Beta vulgaris subsp',NULL,NULL,NULL,'en',NULL,NULL),(137,81,'نعناع',NULL,NULL,NULL,'ar',NULL,NULL),(138,81,'Mint',NULL,NULL,NULL,'en',NULL,NULL),(139,82,'نعناع',NULL,NULL,NULL,'ar',NULL,NULL),(140,82,'Mint',NULL,NULL,NULL,'en',NULL,NULL),(141,83,'بقل',NULL,NULL,NULL,'ar',NULL,NULL),(142,83,'leek pack',NULL,NULL,NULL,'en',NULL,NULL),(143,84,'بقل',NULL,NULL,NULL,'ar',NULL,NULL),(144,84,'leek pack',NULL,NULL,NULL,'en',NULL,NULL),(145,85,'ريحان',NULL,NULL,NULL,'ar',NULL,NULL),(146,85,'Basil',NULL,NULL,NULL,'en',NULL,NULL),(147,86,'ريحان',NULL,NULL,NULL,'ar',NULL,NULL),(148,86,'Basil',NULL,NULL,NULL,'en',NULL,NULL),(149,87,'زعتر',NULL,NULL,NULL,'ar',NULL,NULL),(150,87,'Thyme',NULL,NULL,NULL,'en',NULL,NULL),(151,88,'زعتر',NULL,NULL,NULL,'ar',NULL,NULL),(152,88,'Thyme',NULL,NULL,NULL,'en',NULL,NULL),(153,89,'هندبة',NULL,NULL,NULL,'ar',NULL,NULL),(154,89,'Hindeba kuwitia',NULL,NULL,NULL,'en',NULL,NULL),(155,90,'كرفس',NULL,NULL,NULL,'ar',NULL,NULL),(156,90,'celery',NULL,NULL,NULL,'en',NULL,NULL),(157,91,'كرفس',NULL,NULL,NULL,'ar',NULL,NULL),(158,91,'celery',NULL,NULL,NULL,'en',NULL,NULL),(159,92,'رويد',NULL,NULL,NULL,'ar',NULL,NULL),(160,92,'Royd',NULL,NULL,NULL,'en',NULL,NULL),(161,93,'بربير',NULL,NULL,NULL,'ar',NULL,NULL),(162,93,'barber',NULL,NULL,NULL,'en',NULL,NULL),(163,94,'بربير',NULL,NULL,NULL,'ar',NULL,NULL),(164,94,'barber',NULL,NULL,NULL,'en',NULL,NULL),(165,95,'ملوخية',NULL,NULL,NULL,'ar',NULL,NULL),(166,95,'molokhia',NULL,NULL,NULL,'en',NULL,NULL),(167,96,'جرجير',NULL,NULL,NULL,'ar',NULL,NULL),(168,96,'Rucola',NULL,NULL,NULL,'en',NULL,NULL),(169,98,'جرجير',NULL,NULL,NULL,'ar',NULL,NULL),(170,98,'Rucola',NULL,NULL,NULL,'en',NULL,NULL),(171,99,'شبنت',NULL,NULL,NULL,'ar',NULL,NULL),(172,99,'shabint',NULL,NULL,NULL,'en',NULL,NULL),(173,100,'شبنت',NULL,NULL,NULL,'ar',NULL,NULL),(174,100,'shabint',NULL,NULL,NULL,'en',NULL,NULL),(175,101,'كزبرة',NULL,NULL,NULL,'ar',NULL,NULL),(176,101,'Kazbara',NULL,NULL,NULL,'en',NULL,NULL),(177,102,'كزبرة',NULL,NULL,NULL,'ar',NULL,NULL),(178,102,'Kazbara',NULL,NULL,NULL,'en',NULL,NULL),(179,103,'بقدونس',NULL,NULL,NULL,'ar',NULL,NULL),(180,103,'biqadunis',NULL,NULL,NULL,'en',NULL,NULL),(181,104,'بقدونس',NULL,NULL,NULL,'ar',NULL,NULL),(182,104,'biqadunis',NULL,NULL,NULL,'en',NULL,NULL),(183,105,'فجل ابيض',NULL,NULL,NULL,'ar',NULL,NULL),(184,105,'White radish',NULL,NULL,NULL,'en',NULL,NULL),(185,106,'فجل احمر',NULL,NULL,NULL,'ar',NULL,NULL),(186,106,'Red radish',NULL,NULL,NULL,'en',NULL,NULL),(187,107,'بصل اخضر',NULL,NULL,NULL,'ar',NULL,NULL),(188,107,'green onion',NULL,NULL,NULL,'en',NULL,NULL),(189,108,'بصل اخضر',NULL,NULL,NULL,'ar',NULL,NULL),(190,108,'green onion',NULL,NULL,NULL,'en',NULL,NULL),(191,109,'بصل ابيض',NULL,NULL,NULL,'ar',NULL,NULL),(192,109,'white onion',NULL,NULL,NULL,'en',NULL,NULL),(193,110,'بصل ابيض',NULL,NULL,NULL,'ar',NULL,NULL),(194,110,'white onion',NULL,NULL,NULL,'en',NULL,NULL),(195,111,'بصل ابيض',NULL,NULL,NULL,'ar',NULL,NULL),(196,111,'white onion',NULL,NULL,NULL,'en',NULL,NULL),(197,112,'بصل تركي',NULL,NULL,NULL,'ar',NULL,NULL),(198,112,'Turkish onion',NULL,NULL,NULL,'en',NULL,NULL),(199,113,'بصل تركي',NULL,NULL,NULL,'ar',NULL,NULL),(200,113,'Turkish onion',NULL,NULL,NULL,'en',NULL,NULL),(201,114,'بصل تركي',NULL,NULL,NULL,'ar',NULL,NULL),(202,114,'Turkish onion',NULL,NULL,NULL,'en',NULL,NULL),(203,116,'تفاح احمر',NULL,NULL,NULL,'ar',NULL,NULL),(204,116,'Red apple',NULL,NULL,NULL,'en',NULL,NULL),(205,117,'تفاح اخضر',NULL,NULL,NULL,'ar',NULL,NULL),(206,117,'green apple',NULL,NULL,NULL,'en',NULL,NULL),(207,118,'تفاح احمر ايراني',NULL,NULL,NULL,'ar',NULL,NULL),(208,118,'irani red apple',NULL,NULL,NULL,'en',NULL,NULL),(209,119,'تفاح اصفر ايراني',NULL,NULL,NULL,'ar',NULL,NULL),(210,119,'irani yellow apple',NULL,NULL,NULL,'en',NULL,NULL),(211,120,'تفاح اخضر',NULL,NULL,NULL,'ar',NULL,NULL),(212,120,'green apple',NULL,NULL,NULL,'en',NULL,NULL),(213,121,'كيوي',NULL,NULL,NULL,'ar',NULL,NULL),(214,121,'Kiwi',NULL,NULL,NULL,'en',NULL,NULL),(215,122,'عنب احمر',NULL,NULL,NULL,'ar',NULL,NULL),(216,122,'Red grapes',NULL,NULL,NULL,'en',NULL,NULL),(217,123,'عنب اخضر',NULL,NULL,NULL,'ar',NULL,NULL),(218,123,'green grapes',NULL,NULL,NULL,'en',NULL,NULL),(219,124,'كيوي بيبي احمر',NULL,NULL,NULL,'ar',NULL,NULL),(220,124,'kiwi baby red',NULL,NULL,NULL,'en',NULL,NULL),(221,125,'جزر بيبي',NULL,NULL,NULL,'ar',NULL,NULL),(222,125,'baby carrots',NULL,NULL,NULL,'en',NULL,NULL),(223,126,'جزر',NULL,NULL,NULL,'ar',NULL,NULL),(224,126,'Carrot',NULL,NULL,NULL,'en',NULL,NULL),(225,127,'جزر سعودي',NULL,NULL,NULL,'ar',NULL,NULL),(226,127,'Carrot',NULL,NULL,NULL,'en',NULL,NULL),(227,128,'جزر استرالي',NULL,NULL,NULL,'ar',NULL,NULL),(228,128,'Carrot',NULL,NULL,NULL,'en',NULL,NULL),(229,129,'جزر تركي',NULL,NULL,NULL,'ar',NULL,NULL),(230,129,'Carrot',NULL,NULL,NULL,'en',NULL,NULL),(231,130,'جزر صيني',NULL,NULL,NULL,'ar',NULL,NULL),(232,130,'Carrot',NULL,NULL,NULL,'en',NULL,NULL),(233,131,'افندي',NULL,NULL,NULL,'ar',NULL,NULL),(234,131,'mandrain',NULL,NULL,NULL,'en',NULL,NULL),(235,132,'افندي كلمنتينا لبناني',NULL,NULL,NULL,'ar',NULL,NULL),(236,132,'lebnani mandrain',NULL,NULL,NULL,'en',NULL,NULL),(237,133,'افندي كلمنتينا تركي',NULL,NULL,NULL,'ar',NULL,NULL),(238,133,'turkish afandi',NULL,NULL,NULL,'en',NULL,NULL),(239,134,'افندي',NULL,NULL,NULL,'ar',NULL,NULL),(240,134,'mandrain',NULL,NULL,NULL,'en',NULL,NULL),(241,135,'افندي تركي كلمنتينا',NULL,NULL,NULL,'ar',NULL,NULL),(242,135,'turkish afandi',NULL,NULL,NULL,'en',NULL,NULL),(243,136,'افندي تركي كلمنتينا',NULL,NULL,NULL,'ar',NULL,NULL),(244,136,'turkish afandi',NULL,NULL,NULL,'en',NULL,NULL),(245,137,'ورق عنب',NULL,NULL,NULL,'ar',NULL,NULL),(246,137,'Graps leaves',NULL,NULL,NULL,'en',NULL,NULL),(247,138,'ريد بيري',NULL,NULL,NULL,'ar',NULL,NULL),(248,138,'Red berry',NULL,NULL,NULL,'en',NULL,NULL),(249,139,'افوكادو',NULL,NULL,NULL,'ar',NULL,NULL),(250,139,'avocado',NULL,NULL,NULL,'en',NULL,NULL),(251,140,'كوسا كويتي',NULL,NULL,NULL,'ar',NULL,NULL),(252,140,'kuwaiti zucchini',NULL,NULL,NULL,'en',NULL,NULL),(253,141,'كوسا سعودي',NULL,NULL,NULL,'ar',NULL,NULL),(254,141,'ksa zucchini',NULL,NULL,NULL,'en',NULL,NULL),(255,142,'كوسا سعودي',NULL,NULL,NULL,'ar',NULL,NULL),(256,142,'ksa zucchini',NULL,NULL,NULL,'en',NULL,NULL),(257,143,'كوسا اردنيه',NULL,NULL,NULL,'ar',NULL,NULL),(258,143,'jordanain zucchini',NULL,NULL,NULL,'en',NULL,NULL),(259,144,'كوسا اردنيه',NULL,NULL,NULL,'ar',NULL,NULL),(260,144,'jordanain zucchini',NULL,NULL,NULL,'en',NULL,NULL),(261,145,'برتقال فالنسيا عصير',NULL,NULL,NULL,'ar',NULL,NULL),(262,145,'orange juice',NULL,NULL,NULL,'en',NULL,NULL),(263,146,'برتقال فالنسيا عصير لبناني',NULL,NULL,NULL,'ar',NULL,NULL),(264,146,'lebanese orange juice',NULL,NULL,NULL,'en',NULL,NULL),(265,147,'رمان',NULL,NULL,NULL,'ar',NULL,NULL),(266,147,'pomegranate',NULL,NULL,NULL,'en',NULL,NULL),(267,148,'اناناس ذهبي',NULL,NULL,NULL,'ar',NULL,NULL),(268,148,'golden pineapple',NULL,NULL,NULL,'en',NULL,NULL),(269,150,'اناناس',NULL,NULL,NULL,'ar',NULL,NULL),(270,150,'pineapple',NULL,NULL,NULL,'en',NULL,NULL),(271,151,'قشطة',NULL,NULL,NULL,'ar',NULL,NULL),(272,151,'cream',NULL,NULL,NULL,'en',NULL,NULL),(273,152,'زنجبيل',NULL,NULL,NULL,'ar',NULL,NULL),(274,152,'ginger',NULL,NULL,NULL,'en',NULL,NULL),(275,153,'كركم',NULL,NULL,NULL,'ar',NULL,NULL),(276,153,'curcuma',NULL,NULL,NULL,'en',NULL,NULL),(277,154,'فلفل حار',NULL,NULL,NULL,'ar',NULL,NULL),(278,154,'hot pepper',NULL,NULL,NULL,'en',NULL,NULL),(279,155,'فلفل حار كويتي',NULL,NULL,NULL,'ar',NULL,NULL),(280,155,'kuwaiti hot pepper',NULL,NULL,NULL,'en',NULL,NULL),(281,156,'فلفل بارد',NULL,NULL,NULL,'ar',NULL,NULL),(282,156,'cold pepper',NULL,NULL,NULL,'en',NULL,NULL),(283,157,'فلفل بارد',NULL,NULL,NULL,'ar',NULL,NULL),(284,157,'kuwaiti cold pepper',NULL,NULL,NULL,'en',NULL,NULL),(285,158,'فلفل بارد مشكل',NULL,NULL,NULL,'ar',NULL,NULL),(286,158,'mixed cold pepper',NULL,NULL,NULL,'en',NULL,NULL),(287,159,'فلفل مشكل',NULL,NULL,NULL,'ar',NULL,NULL),(288,159,'mixed cold pepper',NULL,NULL,NULL,'en',NULL,NULL),(289,160,'فلفل حار',NULL,NULL,NULL,'ar',NULL,NULL),(290,160,'hot pepper',NULL,NULL,NULL,'en',NULL,NULL),(291,161,'فلفل حار اخضر',NULL,NULL,NULL,'ar',NULL,NULL),(292,161,'green hot pepper',NULL,NULL,NULL,'en',NULL,NULL),(293,162,'فلفل بيبي',NULL,NULL,NULL,'ar',NULL,NULL),(294,162,'small sweet pepper',NULL,NULL,NULL,'en',NULL,NULL),(295,163,'فلفل اصفر بيبي',NULL,NULL,NULL,'ar',NULL,NULL),(296,163,'small pepper',NULL,NULL,NULL,'en',NULL,NULL),(297,164,'فلفل بارد',NULL,NULL,NULL,'ar',NULL,NULL),(298,164,'cold pepper',NULL,NULL,NULL,'en',NULL,NULL),(299,165,'فلفل بارد احمر',NULL,NULL,NULL,'ar',NULL,NULL),(300,165,'red chilli',NULL,NULL,NULL,'en',NULL,NULL),(301,166,'فلفل بارد اصفر',NULL,NULL,NULL,'ar',NULL,NULL),(302,166,'yellow pepper',NULL,NULL,NULL,'en',NULL,NULL),(303,167,'عرموط',NULL,NULL,NULL,'ar',NULL,NULL),(304,167,'Guava',NULL,NULL,NULL,'en',NULL,NULL),(305,168,'جوافة',NULL,NULL,NULL,'ar',NULL,NULL),(306,168,'Guava',NULL,NULL,NULL,'en',NULL,NULL),(307,169,'عرموط حامض',NULL,NULL,NULL,'ar',NULL,NULL),(308,169,'Guava',NULL,NULL,NULL,'en',NULL,NULL),(309,170,'عرموط',NULL,NULL,NULL,'ar',NULL,NULL),(310,170,'Guava',NULL,NULL,NULL,'en',NULL,NULL),(311,171,'عنب اسود',NULL,NULL,NULL,'ar',NULL,NULL),(312,171,'Black grapes',NULL,NULL,NULL,'en',NULL,NULL),(313,172,'موز',NULL,NULL,NULL,'ar',NULL,NULL),(314,172,'banana',NULL,NULL,NULL,'en',NULL,NULL),(315,173,'موز',NULL,NULL,NULL,'ar',NULL,NULL),(316,173,'banana',NULL,NULL,NULL,'en',NULL,NULL),(317,174,'موز شيكيتا',NULL,NULL,NULL,'ar',NULL,NULL),(318,174,'chiguita banana',NULL,NULL,NULL,'en',NULL,NULL),(319,175,'موز شيكيتا',NULL,NULL,NULL,'ar',NULL,NULL),(320,175,'chiguita banana',NULL,NULL,NULL,'en',NULL,NULL),(321,176,'باذنجان',NULL,NULL,NULL,'ar',NULL,NULL),(322,176,'eggplant',NULL,NULL,NULL,'en',NULL,NULL),(323,177,'باذنجان',NULL,NULL,NULL,'ar',NULL,NULL),(324,177,'eggplant',NULL,NULL,NULL,'en',NULL,NULL),(325,178,'باذنجان',NULL,NULL,NULL,'ar',NULL,NULL),(326,178,'eggplant',NULL,NULL,NULL,'en',NULL,NULL),(327,179,'باذنجان مكدوس',NULL,NULL,NULL,'ar',NULL,NULL),(328,179,'stuffed eggplant',NULL,NULL,NULL,'en',NULL,NULL),(329,180,'جريب فروت',NULL,NULL,NULL,'ar',NULL,NULL),(330,180,'grapefruit',NULL,NULL,NULL,'en',NULL,NULL),(331,181,'قرع',NULL,NULL,NULL,'ar',NULL,NULL),(332,181,'squash',NULL,NULL,NULL,'en',NULL,NULL),(333,182,'قرع',NULL,NULL,NULL,'ar',NULL,NULL),(334,182,'squash',NULL,NULL,NULL,'en',NULL,NULL),(335,183,'بصل يمني',NULL,NULL,NULL,'ar',NULL,NULL),(336,183,'yemeni onion',NULL,NULL,NULL,'en',NULL,NULL),(337,184,'بصل باكستاني',NULL,NULL,NULL,'ar',NULL,NULL),(338,184,'pakistani onion',NULL,NULL,NULL,'en',NULL,NULL),(339,185,'بصل باكستاني',NULL,NULL,NULL,'ar',NULL,NULL),(340,185,'pakistani onion',NULL,NULL,NULL,'en',NULL,NULL),(341,186,'بصل هندي',NULL,NULL,NULL,'ar',NULL,NULL),(342,186,'indian onion',NULL,NULL,NULL,'en',NULL,NULL),(343,187,'بصل هندي',NULL,NULL,NULL,'ar',NULL,NULL),(344,187,'indian onion',NULL,NULL,NULL,'en',NULL,NULL),(345,188,'بصل يمني',NULL,NULL,NULL,'ar',NULL,NULL),(346,188,'yemeni onion',NULL,NULL,NULL,'en',NULL,NULL),(347,189,'مشروم',NULL,NULL,NULL,'ar',NULL,NULL),(348,189,'mushrooom',NULL,NULL,NULL,'en',NULL,NULL),(349,190,'مشروم',NULL,NULL,NULL,'ar',NULL,NULL),(350,190,'mushrooom',NULL,NULL,NULL,'en',NULL,NULL),(351,191,'ليتشي',NULL,NULL,NULL,'ar',NULL,NULL),(352,191,'lychee',NULL,NULL,NULL,'en',NULL,NULL),(353,192,'هليون',NULL,NULL,NULL,'ar',NULL,NULL),(354,192,'asparagus',NULL,NULL,NULL,'en',NULL,NULL),(355,193,'ثوم',NULL,NULL,NULL,'ar',NULL,NULL),(356,193,'garlic',NULL,NULL,NULL,'en',NULL,NULL),(357,194,'ثوم',NULL,NULL,NULL,'ar',NULL,NULL),(358,194,'garlic',NULL,NULL,NULL,'en',NULL,NULL),(359,195,'ثوم',NULL,NULL,NULL,'ar',NULL,NULL),(360,195,'garlic',NULL,NULL,NULL,'en',NULL,NULL),(361,196,'بطاط بيبي',NULL,NULL,NULL,'ar',NULL,NULL),(362,196,'baby potato',NULL,NULL,NULL,'en',NULL,NULL),(363,197,'بطاط وسط',NULL,NULL,NULL,'ar',NULL,NULL),(364,197,'medium potato',NULL,NULL,NULL,'en',NULL,NULL),(365,198,'بطاط لبناني',NULL,NULL,NULL,'ar',NULL,NULL),(366,198,'lebanese potato',NULL,NULL,NULL,'en',NULL,NULL),(367,199,'بطاط لبناني',NULL,NULL,NULL,'ar',NULL,NULL),(368,199,'lebanese potato',NULL,NULL,NULL,'en',NULL,NULL),(369,200,'بطاط',NULL,NULL,NULL,'ar',NULL,NULL),(370,200,'potato',NULL,NULL,NULL,'en',NULL,NULL),(371,201,'بطاط',NULL,NULL,NULL,'ar',NULL,NULL),(372,201,'potato',NULL,NULL,NULL,'en',NULL,NULL),(373,202,'بطاط شبس',NULL,NULL,NULL,'ar',NULL,NULL),(374,202,'potato chips',NULL,NULL,NULL,'en',NULL,NULL),(375,203,'بطاط شيبس',NULL,NULL,NULL,'ar',NULL,NULL),(376,203,'potato chips',NULL,NULL,NULL,'en',NULL,NULL),(377,204,'بطاط شيبس',NULL,NULL,NULL,'ar',NULL,NULL),(378,204,'potato chips',NULL,NULL,NULL,'en',NULL,NULL),(379,205,'بطاط سوري',NULL,NULL,NULL,'ar',NULL,NULL),(380,205,'syrian potato',NULL,NULL,NULL,'en',NULL,NULL),(381,206,'بطاط مصري',NULL,NULL,NULL,'ar',NULL,NULL),(382,206,'egyptian potato',NULL,NULL,NULL,'en',NULL,NULL),(383,207,'بطاط ايراني',NULL,NULL,NULL,'ar',NULL,NULL),(384,207,'irani potato',NULL,NULL,NULL,'en',NULL,NULL),(385,208,'افوكادو',NULL,NULL,NULL,'ar',NULL,NULL),(386,208,'avocado',NULL,NULL,NULL,'en',NULL,NULL),(387,209,'جوز الهند',NULL,NULL,NULL,'ar',NULL,NULL),(388,209,'coconut',NULL,NULL,NULL,'en',NULL,NULL),(389,210,'برتقال',NULL,NULL,NULL,'ar',NULL,NULL),(390,210,'orange',NULL,NULL,NULL,'en',NULL,NULL),(391,211,'تفاح احمر',NULL,NULL,NULL,'ar',NULL,NULL),(392,211,'red apple',NULL,NULL,NULL,'en',NULL,NULL),(393,212,'تفاح تركي',NULL,NULL,NULL,'ar',NULL,NULL),(394,212,'turkish apple',NULL,NULL,NULL,'en',NULL,NULL),(395,213,'تفاح لبناني',NULL,NULL,NULL,'ar',NULL,NULL),(396,213,'lebanese apple',NULL,NULL,NULL,'en',NULL,NULL),(397,214,'عنب اسود',NULL,NULL,NULL,'ar',NULL,NULL),(398,214,'black grapes',NULL,NULL,NULL,'en',NULL,NULL),(399,215,'عنب احمر',NULL,NULL,NULL,'ar',NULL,NULL),(400,215,'Red grapes',NULL,NULL,NULL,'en',NULL,NULL),(401,216,'عنب اخضر',NULL,NULL,NULL,'ar',NULL,NULL),(402,216,'green grapes',NULL,NULL,NULL,'en',NULL,NULL),(403,217,'رمان سوري',NULL,NULL,NULL,'ar',NULL,NULL),(404,217,'syrian pomegranate',NULL,NULL,NULL,'en',NULL,NULL),(405,218,'رمان سوري',NULL,NULL,NULL,'ar',NULL,NULL),(406,218,'syrian pomegranate',NULL,NULL,NULL,'en',NULL,NULL),(407,219,'رمان يمني',NULL,NULL,NULL,'ar',NULL,NULL),(408,219,'yemeni pomegranate',NULL,NULL,NULL,'en',NULL,NULL),(409,220,'رمان مصري',NULL,NULL,NULL,'ar',NULL,NULL),(410,220,'egyptain pomegranate',NULL,NULL,NULL,'en',NULL,NULL),(411,224,'مانجا يمني',NULL,NULL,NULL,'ar',NULL,NULL),(412,224,'yemeni mango',NULL,NULL,NULL,'en',NULL,NULL),(413,225,'ليمون',NULL,NULL,NULL,'ar',NULL,NULL),(414,225,'lemon',NULL,NULL,NULL,'en',NULL,NULL),(415,226,'ليمون',NULL,NULL,NULL,'ar',NULL,NULL),(416,226,'lemon',NULL,NULL,NULL,'en',NULL,NULL),(417,227,'ليمون',NULL,NULL,NULL,'ar',NULL,NULL),(418,227,'lemon',NULL,NULL,NULL,'en',NULL,NULL),(419,228,'ليمون اخضر',NULL,NULL,NULL,'ar',NULL,NULL),(420,228,'green lemon',NULL,NULL,NULL,'en',NULL,NULL),(421,229,'ليمون اخضر',NULL,NULL,NULL,'ar',NULL,NULL),(422,229,'green lemon',NULL,NULL,NULL,'en',NULL,NULL),(423,230,'ليمون',NULL,NULL,NULL,'ar',NULL,NULL),(424,230,'lemon',NULL,NULL,NULL,'en',NULL,NULL),(425,231,'ليمون سلة',NULL,NULL,NULL,'ar',NULL,NULL),(426,231,'lemon',NULL,NULL,NULL,'en',NULL,NULL),(427,232,'ليمون',NULL,NULL,NULL,'ar',NULL,NULL),(428,232,'lemon',NULL,NULL,NULL,'en',NULL,NULL),(429,233,'ليمون',NULL,NULL,NULL,'ar',NULL,NULL),(430,233,'lemon',NULL,NULL,NULL,'en',NULL,NULL),(431,234,'بامية',NULL,NULL,NULL,'ar',NULL,NULL),(432,234,'okra',NULL,NULL,NULL,'en',NULL,NULL),(433,235,'بامية',NULL,NULL,NULL,'ar',NULL,NULL),(434,235,'okra',NULL,NULL,NULL,'en',NULL,NULL),(435,236,'شمندر',NULL,NULL,NULL,'ar',NULL,NULL),(436,236,'beet',NULL,NULL,NULL,'en',NULL,NULL),(437,237,'شمندر',NULL,NULL,NULL,'ar',NULL,NULL),(438,237,'beet',NULL,NULL,NULL,'en',NULL,NULL),(439,238,'زهرة',NULL,NULL,NULL,'ar',NULL,NULL),(440,238,'cauliflower',NULL,NULL,NULL,'en',NULL,NULL),(441,239,'زهرة',NULL,NULL,NULL,'ar',NULL,NULL),(442,239,'cauliflower',NULL,NULL,NULL,'en',NULL,NULL),(443,240,'زهرة',NULL,NULL,NULL,'ar',NULL,NULL),(444,240,'cauliflower',NULL,NULL,NULL,'en',NULL,NULL),(445,241,'بروكلي',NULL,NULL,NULL,'ar',NULL,NULL),(446,241,'broccoli',NULL,NULL,NULL,'en',NULL,NULL),(447,242,'بروكلي',NULL,NULL,NULL,'ar',NULL,NULL),(448,242,'broccoli',NULL,NULL,NULL,'en',NULL,NULL),(449,243,'سيليري',NULL,NULL,NULL,'ar',NULL,NULL),(450,243,'celery',NULL,NULL,NULL,'en',NULL,NULL),(451,244,'درام ستيكس',NULL,NULL,NULL,'ar',NULL,NULL),(452,244,'drum sticks',NULL,NULL,NULL,'en',NULL,NULL),(453,245,'تين',NULL,NULL,NULL,'ar',NULL,NULL),(454,245,'fig',NULL,NULL,NULL,'en',NULL,NULL),(455,246,'دراقون',NULL,NULL,NULL,'ar',NULL,NULL),(456,246,'dragon',NULL,NULL,NULL,'en',NULL,NULL),(457,247,'مانجو ستين',NULL,NULL,NULL,'ar',NULL,NULL),(458,247,'mango stan',NULL,NULL,NULL,'en',NULL,NULL),(459,248,'باشن فروتس',NULL,NULL,NULL,'ar',NULL,NULL),(460,248,'passion fruit',NULL,NULL,NULL,'en',NULL,NULL),(461,249,'قرع طويل',NULL,NULL,NULL,'ar',NULL,NULL),(462,249,'pumpkin per',NULL,NULL,NULL,'en',NULL,NULL),(463,250,'قرع طويل',NULL,NULL,NULL,'ar',NULL,NULL),(464,250,'long pumpkin per',NULL,NULL,NULL,'en',NULL,NULL),(465,251,'برتقال ابو صرة',NULL,NULL,NULL,'ar',NULL,NULL),(466,251,'orange navel',NULL,NULL,NULL,'en',NULL,NULL),(467,252,'برتقال',NULL,NULL,NULL,'ar',NULL,NULL),(468,252,'orange',NULL,NULL,NULL,'en',NULL,NULL),(469,253,'برتقال ابو صرة',NULL,NULL,NULL,'ar',NULL,NULL),(470,253,'orange navel',NULL,NULL,NULL,'en',NULL,NULL),(471,255,'برتقال',NULL,NULL,NULL,'ar',NULL,NULL),(472,255,'orange juice',NULL,NULL,NULL,'en',NULL,NULL),(473,256,'برتقال ابو صرة',NULL,NULL,NULL,'ar',NULL,NULL),(474,256,'orange navel',NULL,NULL,NULL,'en',NULL,NULL),(475,257,'برتقال ماوردي',NULL,NULL,NULL,'ar',NULL,NULL),(476,257,'mawardi orange',NULL,NULL,NULL,'en',NULL,NULL),(477,258,'برتقال ابو صرة',NULL,NULL,NULL,'ar',NULL,NULL),(478,258,'orange navel',NULL,NULL,NULL,'en',NULL,NULL),(479,259,'فلفل حلو برتقالي',NULL,NULL,NULL,'ar',NULL,NULL),(480,259,'orange capsicum',NULL,NULL,NULL,'en',NULL,NULL),(481,260,'لوبيا',NULL,NULL,NULL,'ar',NULL,NULL),(482,260,'beans',NULL,NULL,NULL,'en',NULL,NULL),(483,261,'بطاط حلوة',NULL,NULL,NULL,'ar',NULL,NULL),(484,261,'sweet potatoes',NULL,NULL,NULL,'en',NULL,NULL),(485,262,'فاصوليا عريضة',NULL,NULL,NULL,'ar',NULL,NULL),(486,262,'broad beans',NULL,NULL,NULL,'en',NULL,NULL),(487,263,'كريلا (قرع هندي)',NULL,NULL,NULL,'ar',NULL,NULL),(488,263,'karela',NULL,NULL,NULL,'en',NULL,NULL),(489,264,'فاصولياء طويلة',NULL,NULL,NULL,'ar',NULL,NULL),(490,264,'long beans',NULL,NULL,NULL,'en',NULL,NULL),(491,265,'فلفل احمر حار',NULL,NULL,NULL,'ar',NULL,NULL),(492,265,'red hot pepper',NULL,NULL,NULL,'en',NULL,NULL),(493,266,'فلفل اخضر',NULL,NULL,NULL,'ar',NULL,NULL),(494,266,'green pepper',NULL,NULL,NULL,'en',NULL,NULL),(495,267,'فلفل احمر كويتي',NULL,NULL,NULL,'ar',NULL,NULL),(496,267,'kuwaiti red pepper',NULL,NULL,NULL,'en',NULL,NULL),(497,268,'فلفل محشي صغير',NULL,NULL,NULL,'ar',NULL,NULL),(498,268,'small stuffed pepper',NULL,NULL,NULL,'en',NULL,NULL),(499,269,'فلفل اصفر حار',NULL,NULL,NULL,'ar',NULL,NULL),(500,269,'yellow hot pepper',NULL,NULL,NULL,'en',NULL,NULL),(501,270,'ارضي شوكي(الخرشوف)',NULL,NULL,NULL,'ar',NULL,NULL),(502,270,'artichoke',NULL,NULL,NULL,'en',NULL,NULL),(503,271,'ملفوف احمر',NULL,NULL,NULL,'ar',NULL,NULL),(504,271,'organic red cabbage',NULL,NULL,NULL,'en',NULL,NULL),(505,272,'ملفوف',NULL,NULL,NULL,'ar',NULL,NULL),(506,272,'white cabbage',NULL,NULL,NULL,'en',NULL,NULL),(507,273,'ملفوف',NULL,NULL,NULL,'ar',NULL,NULL),(508,273,'white cabbage',NULL,NULL,NULL,'en',NULL,NULL),(509,274,'ملفوف كويتي',NULL,NULL,NULL,'ar',NULL,NULL),(510,274,'kuwaiti cabbage',NULL,NULL,NULL,'en',NULL,NULL),(511,276,'ملفوف بروكسل',NULL,NULL,NULL,'ar',NULL,NULL),(512,276,'brussels cabbage',NULL,NULL,NULL,'en',NULL,NULL),(513,277,'شلغم',NULL,NULL,NULL,'ar',NULL,NULL),(514,277,'shalgam',NULL,NULL,NULL,'en',NULL,NULL),(515,278,'كرفس امريكي',NULL,NULL,NULL,'ar',NULL,NULL),(516,278,'american celery',NULL,NULL,NULL,'en',NULL,NULL),(517,279,'شمام',NULL,NULL,NULL,'ar',NULL,NULL),(518,279,'sweet melon',NULL,NULL,NULL,'en',NULL,NULL),(519,280,'كيوي ذهبي',NULL,NULL,NULL,'ar',NULL,NULL),(520,280,'gold kiwi',NULL,NULL,NULL,'en',NULL,NULL),(521,281,'كيوي',NULL,NULL,NULL,'ar',NULL,NULL),(522,281,'Kiwi',NULL,NULL,NULL,'en',NULL,NULL),(523,282,'تين',NULL,NULL,NULL,'ar',NULL,NULL),(524,282,'black figs',NULL,NULL,NULL,'en',NULL,NULL),(525,283,'دراقون',NULL,NULL,NULL,'ar',NULL,NULL),(526,283,'dragon',NULL,NULL,NULL,'en',NULL,NULL),(527,284,'رقي عماني',NULL,NULL,NULL,'ar',NULL,NULL),(528,284,'omani watermlon',NULL,NULL,NULL,'en',NULL,NULL),(529,285,'عنب اخضر حبة طويلة',NULL,NULL,NULL,'ar',NULL,NULL),(530,285,'green graps long grain',NULL,NULL,NULL,'en',NULL,NULL),(531,286,'نكتارين',NULL,NULL,NULL,'ar',NULL,NULL),(532,286,'nectarine',NULL,NULL,NULL,'en',NULL,NULL),(533,287,'عنب بناتي',NULL,NULL,NULL,'ar',NULL,NULL),(534,287,'Red grapes small',NULL,NULL,NULL,'en',NULL,NULL),(535,288,'عنب تركي',NULL,NULL,NULL,'ar',NULL,NULL),(536,288,'turkish grapes',NULL,NULL,NULL,'en',NULL,NULL),(537,289,'املا',NULL,NULL,NULL,'ar',NULL,NULL),(538,289,'amla',NULL,NULL,NULL,'en',NULL,NULL),(539,290,'عنب اخضر واحمر',NULL,NULL,NULL,'ar',NULL,NULL),(540,290,'green and red grapes',NULL,NULL,NULL,'en',NULL,NULL),(541,291,'عنب اخضر واسود',NULL,NULL,NULL,'ar',NULL,NULL),(542,291,'green and black grapes',NULL,NULL,NULL,'en',NULL,NULL),(543,292,'عنب احمر واسود',NULL,NULL,NULL,'ar',NULL,NULL),(544,292,'black and red grapes',NULL,NULL,NULL,'en',NULL,NULL),(545,293,'بوملي',NULL,NULL,NULL,'ar',NULL,NULL),(546,293,'pomelo',NULL,NULL,NULL,'en',NULL,NULL),(547,295,'بيض 60/70',NULL,NULL,NULL,'ar',NULL,NULL),(548,295,'egg 60/70',NULL,NULL,NULL,'en',NULL,NULL),(549,296,'بيض 50/40',NULL,NULL,NULL,'ar',NULL,NULL),(550,296,'egg 50/40',NULL,NULL,NULL,'en',NULL,NULL),(551,297,'خس طويل',NULL,NULL,NULL,'ar',NULL,NULL),(552,297,'long lettuce',NULL,NULL,NULL,'en',NULL,NULL),(553,298,'خس طويل كويتي',NULL,NULL,NULL,'ar',NULL,NULL),(554,298,'kuwaiti long lettuce',NULL,NULL,NULL,'en',NULL,NULL),(555,299,'خس طويل',NULL,NULL,NULL,'ar',NULL,NULL),(556,299,'long lettuce',NULL,NULL,NULL,'en',NULL,NULL),(557,300,'خس مدور',NULL,NULL,NULL,'ar',NULL,NULL),(558,300,'round lettuce',NULL,NULL,NULL,'en',NULL,NULL),(559,301,'رد بيري',NULL,NULL,NULL,'ar',NULL,NULL),(560,301,'Red berry',NULL,NULL,NULL,'en',NULL,NULL),(561,302,'بقدونس',NULL,NULL,NULL,'ar',NULL,NULL),(562,302,'LOCAL PARSLEY',NULL,NULL,NULL,'en',NULL,NULL),(563,303,'كزبرة',NULL,NULL,NULL,'ar',NULL,NULL),(564,303,'LOCAL CORIANDER',NULL,NULL,NULL,'en',NULL,NULL),(565,305,'شبنت',NULL,NULL,NULL,'ar',NULL,NULL),(566,305,'LOCAL DILL',NULL,NULL,NULL,'en',NULL,NULL),(567,306,'كزبرة',NULL,NULL,NULL,'ar',NULL,NULL),(568,306,'LOCAL CORIANDER',NULL,NULL,NULL,'en',NULL,NULL),(569,308,'جرجير',NULL,NULL,NULL,'ar',NULL,NULL),(570,308,'LOCAL JARGEER',NULL,NULL,NULL,'en',NULL,NULL),(571,309,'سلق',NULL,NULL,NULL,'ar',NULL,NULL),(572,309,'LOCALN BOIL',NULL,NULL,NULL,'en',NULL,NULL),(573,310,'فجل ابيض',NULL,NULL,NULL,'ar',NULL,NULL),(574,310,'LOCAL WHITE RADISH',NULL,NULL,NULL,'en',NULL,NULL),(575,311,'ملوخية',NULL,NULL,NULL,'ar',NULL,NULL),(576,311,'molokhiaya',NULL,NULL,NULL,'en',NULL,NULL),(577,312,'بروكلي',NULL,NULL,NULL,'ar',NULL,NULL),(578,312,'broccoli',NULL,NULL,NULL,'en',NULL,NULL),(579,313,'جزر',NULL,NULL,NULL,'ar',NULL,NULL),(580,313,'Carrot',NULL,NULL,NULL,'en',NULL,NULL),(581,314,'جزر',NULL,NULL,NULL,'ar',NULL,NULL),(582,314,'Carrot',NULL,NULL,NULL,'en',NULL,NULL),(583,315,'جزر',NULL,NULL,NULL,'ar',NULL,NULL),(584,315,'Carrot',NULL,NULL,NULL,'en',NULL,NULL),(585,316,'كوسا',NULL,NULL,NULL,'ar',NULL,NULL),(586,316,'Zucchini',NULL,NULL,NULL,'en',NULL,NULL),(587,317,'كوسا',NULL,NULL,NULL,'ar',NULL,NULL),(588,317,'Zucchini',NULL,NULL,NULL,'en',NULL,NULL),(589,318,'كوسا',NULL,NULL,NULL,'ar',NULL,NULL),(590,318,'Zucchini',NULL,NULL,NULL,'en',NULL,NULL),(591,319,'بصل',NULL,NULL,NULL,'ar',NULL,NULL),(592,319,'Onion',NULL,NULL,NULL,'en',NULL,NULL),(593,320,'بصل هندي',NULL,NULL,NULL,'ar',NULL,NULL),(594,320,'Onion',NULL,NULL,NULL,'en',NULL,NULL),(595,321,'بصل هندي',NULL,NULL,NULL,'ar',NULL,NULL),(596,321,'indian onion',NULL,NULL,NULL,'en',NULL,NULL),(597,322,'بصل تركي',NULL,NULL,NULL,'ar',NULL,NULL),(598,322,'Turkish onion',NULL,NULL,NULL,'en',NULL,NULL),(599,323,'بصل ايراني',NULL,NULL,NULL,'ar',NULL,NULL),(600,323,'irani onion',NULL,NULL,NULL,'en',NULL,NULL),(601,324,'بصل',NULL,NULL,NULL,'ar',NULL,NULL),(602,324,'white onion',NULL,NULL,NULL,'en',NULL,NULL),(603,325,'بصل يمني',NULL,NULL,NULL,'ar',NULL,NULL),(604,325,'yemeni onion',NULL,NULL,NULL,'en',NULL,NULL),(605,326,'زنجبيل',NULL,NULL,NULL,'ar',NULL,NULL),(606,326,'Ginger',NULL,NULL,NULL,'en',NULL,NULL),(607,327,'فلفل حار',NULL,NULL,NULL,'ar',NULL,NULL),(608,327,'hot pepper',NULL,NULL,NULL,'en',NULL,NULL),(609,328,'فلفل حار اردني',NULL,NULL,NULL,'ar',NULL,NULL),(610,328,'hot pepper',NULL,NULL,NULL,'en',NULL,NULL),(611,329,'فلفل بارد',NULL,NULL,NULL,'ar',NULL,NULL),(612,329,'sweet pepper',NULL,NULL,NULL,'en',NULL,NULL),(613,330,'فلفل احمر',NULL,NULL,NULL,'ar',NULL,NULL),(614,330,'Red pepper',NULL,NULL,NULL,'en',NULL,NULL),(615,331,'فلفل برتقالي',NULL,NULL,NULL,'ar',NULL,NULL),(616,331,'orange pepper',NULL,NULL,NULL,'en',NULL,NULL),(617,332,'فلفل اصفر',NULL,NULL,NULL,'ar',NULL,NULL),(618,332,'yellow pepper',NULL,NULL,NULL,'en',NULL,NULL),(619,333,'باذنجان',NULL,NULL,NULL,'ar',NULL,NULL),(620,333,'Eggplant',NULL,NULL,NULL,'en',NULL,NULL),(621,334,'باذنجان مكدوس',NULL,NULL,NULL,'ar',NULL,NULL),(622,334,'Eggplant',NULL,NULL,NULL,'en',NULL,NULL),(623,335,'ليمون',NULL,NULL,NULL,'ar',NULL,NULL),(624,335,'lemon',NULL,NULL,NULL,'en',NULL,NULL),(625,336,'ليمون',NULL,NULL,NULL,'ar',NULL,NULL),(626,336,'lemon',NULL,NULL,NULL,'en',NULL,NULL),(627,337,'ليمون',NULL,NULL,NULL,'ar',NULL,NULL),(628,337,'lemon',NULL,NULL,NULL,'en',NULL,NULL),(629,338,'مشروم',NULL,NULL,NULL,'ar',NULL,NULL),(630,338,'mushrooom',NULL,NULL,NULL,'en',NULL,NULL),(631,339,'ملفوف احمر',NULL,NULL,NULL,'ar',NULL,NULL),(632,339,'Red cabbage',NULL,NULL,NULL,'en',NULL,NULL),(633,340,'ملفوف',NULL,NULL,NULL,'ar',NULL,NULL),(634,340,'Cabbage',NULL,NULL,NULL,'en',NULL,NULL),(635,341,'زهرة',NULL,NULL,NULL,'ar',NULL,NULL),(636,341,'cauliflower',NULL,NULL,NULL,'en',NULL,NULL),(637,342,'زهرة',NULL,NULL,NULL,'ar',NULL,NULL),(638,342,'cauliflower',NULL,NULL,NULL,'en',NULL,NULL),(639,343,'برتقال',NULL,NULL,NULL,'ar',NULL,NULL),(640,343,'orange',NULL,NULL,NULL,'en',NULL,NULL),(641,344,'برتقال فالنسيا عصير',NULL,NULL,NULL,'ar',NULL,NULL),(642,344,'orange juice',NULL,NULL,NULL,'en',NULL,NULL),(643,345,'موز',NULL,NULL,NULL,'ar',NULL,NULL),(644,345,'banana',NULL,NULL,NULL,'en',NULL,NULL),(645,346,'برتقال ابو صرة',NULL,NULL,NULL,'ar',NULL,NULL),(646,346,'orange navel',NULL,NULL,NULL,'en',NULL,NULL),(647,347,'تفاح احمر',NULL,NULL,NULL,'ar',NULL,NULL),(648,347,'Red apple',NULL,NULL,NULL,'en',NULL,NULL),(649,348,'تفاح اخضر',NULL,NULL,NULL,'ar',NULL,NULL),(650,348,'green apple',NULL,NULL,NULL,'en',NULL,NULL),(651,349,'عنب احمر',NULL,NULL,NULL,'ar',NULL,NULL),(652,349,'Red grapes',NULL,NULL,NULL,'en',NULL,NULL),(653,350,'كيوي',NULL,NULL,NULL,'ar',NULL,NULL),(654,350,'Kiwi',NULL,NULL,NULL,'en',NULL,NULL),(655,351,'مانجا تيمور',NULL,NULL,NULL,'ar',NULL,NULL),(656,351,'mango',NULL,NULL,NULL,'en',NULL,NULL),(657,352,'رمان يمني',NULL,NULL,NULL,'ar',NULL,NULL),(658,352,'pomegranate',NULL,NULL,NULL,'en',NULL,NULL),(659,353,'نكتارين',NULL,NULL,NULL,'ar',NULL,NULL),(660,353,'nectarine',NULL,NULL,NULL,'en',NULL,NULL),(661,354,'بابايا',NULL,NULL,NULL,'ar',NULL,NULL),(662,354,'papaya',NULL,NULL,NULL,'en',NULL,NULL),(663,355,'اناناس',NULL,NULL,NULL,'ar',NULL,NULL),(664,355,'pineapple',NULL,NULL,NULL,'en',NULL,NULL),(665,356,'جوز الهند',NULL,NULL,NULL,'ar',NULL,NULL),(666,356,'coconut',NULL,NULL,NULL,'en',NULL,NULL),(667,357,'بطاط',NULL,NULL,NULL,'ar',NULL,NULL),(668,357,'potato',NULL,NULL,NULL,'en',NULL,NULL),(669,358,'عرموط',NULL,NULL,NULL,'ar',NULL,NULL),(670,358,'Guava',NULL,NULL,NULL,'en',NULL,NULL),(671,359,'افوكادو',NULL,NULL,NULL,'ar',NULL,NULL),(672,359,'avocado',NULL,NULL,NULL,'en',NULL,NULL),(673,360,'افوكادو',NULL,NULL,NULL,'ar',NULL,NULL),(674,360,'avocado',NULL,NULL,NULL,'en',NULL,NULL),(675,361,'فراولة',NULL,NULL,NULL,'ar',NULL,NULL),(676,361,'strawberry',NULL,NULL,NULL,'en',NULL,NULL),(677,362,'فراولة أمريكي جامبو',NULL,NULL,NULL,'ar',NULL,NULL),(678,362,'usa large strawberry',NULL,NULL,NULL,'en',NULL,NULL),(679,363,'بلاك بيري',NULL,NULL,NULL,'ar',NULL,NULL),(680,363,'Black Berry',NULL,NULL,NULL,'en',NULL,NULL),(681,364,'روز بيري',NULL,NULL,NULL,'ar',NULL,NULL),(682,364,'Rose berry',NULL,NULL,NULL,'en',NULL,NULL),(683,365,'بلو بيري',NULL,NULL,NULL,'ar',NULL,NULL),(684,365,'Blue berry',NULL,NULL,NULL,'en',NULL,NULL),(685,366,'زبيدي',NULL,NULL,NULL,'ar',NULL,NULL),(686,366,'Zabaidi',NULL,NULL,NULL,'en',NULL,NULL),(687,367,'زبيدي',NULL,NULL,NULL,'ar',NULL,NULL),(688,367,'Zabaidi',NULL,NULL,NULL,'en',NULL,NULL),(689,368,'زبيدي',NULL,NULL,NULL,'ar',NULL,NULL),(690,368,'Zabaidi',NULL,NULL,NULL,'en',NULL,NULL),(691,369,'زبيدي',NULL,NULL,NULL,'ar',NULL,NULL),(692,369,'Zabaidi',NULL,NULL,NULL,'en',NULL,NULL),(693,370,'سالمون',NULL,NULL,NULL,'ar',NULL,NULL),(694,370,'salmon',NULL,NULL,NULL,'en',NULL,NULL),(695,371,'شعم',NULL,NULL,NULL,'ar',NULL,NULL),(696,371,'shoom',NULL,NULL,NULL,'en',NULL,NULL),(697,372,'شعم',NULL,NULL,NULL,'ar',NULL,NULL),(698,372,'shoom',NULL,NULL,NULL,'en',NULL,NULL),(699,373,'شعم',NULL,NULL,NULL,'ar',NULL,NULL),(700,373,'shoom',NULL,NULL,NULL,'en',NULL,NULL),(701,374,'شعم',NULL,NULL,NULL,'ar',NULL,NULL),(702,374,'shoom',NULL,NULL,NULL,'en',NULL,NULL),(703,375,'شعم',NULL,NULL,NULL,'ar',NULL,NULL),(704,375,'shoom',NULL,NULL,NULL,'en',NULL,NULL),(705,376,'شعم',NULL,NULL,NULL,'ar',NULL,NULL),(706,376,'shoom',NULL,NULL,NULL,'en',NULL,NULL),(707,377,'شعم',NULL,NULL,NULL,'ar',NULL,NULL),(708,377,'shoom',NULL,NULL,NULL,'en',NULL,NULL),(709,378,'شعم',NULL,NULL,NULL,'ar',NULL,NULL),(710,378,'shoom',NULL,NULL,NULL,'en',NULL,NULL),(711,379,'سيباس',NULL,NULL,NULL,'ar',NULL,NULL),(712,379,'sea bass',NULL,NULL,NULL,'en',NULL,NULL),(713,380,'سيباس',NULL,NULL,NULL,'ar',NULL,NULL),(714,380,'sea bass',NULL,NULL,NULL,'en',NULL,NULL),(715,381,'سيباس',NULL,NULL,NULL,'ar',NULL,NULL),(716,381,'sea bass',NULL,NULL,NULL,'en',NULL,NULL),(717,382,'سيباس',NULL,NULL,NULL,'ar',NULL,NULL),(718,382,'sea bass',NULL,NULL,NULL,'en',NULL,NULL),(719,383,'دجاج',NULL,NULL,NULL,'ar',NULL,NULL),(720,383,'chicken',NULL,NULL,NULL,'en',NULL,NULL),(721,384,'دجاج',NULL,NULL,NULL,'ar',NULL,NULL),(722,384,'chicken',NULL,NULL,NULL,'en',NULL,NULL),(723,385,'دجاج',NULL,NULL,NULL,'ar',NULL,NULL),(724,385,'chicken',NULL,NULL,NULL,'en',NULL,NULL),(725,386,'دجاج',NULL,NULL,NULL,'ar',NULL,NULL),(726,386,'chicken',NULL,NULL,NULL,'en',NULL,NULL),(727,387,'اختيار ايس بوكس مع ثلج',NULL,NULL,NULL,'ar',NULL,NULL),(728,387,'choose ice box with ice',NULL,NULL,NULL,'en',NULL,NULL),(729,388,'طريقة اختيار التنظيف عند التواصل ع الواتساب',NULL,NULL,NULL,'ar',NULL,NULL),(730,388,'choose a cleaning method',NULL,NULL,NULL,'en',NULL,NULL),(731,389,'زعفران اسباني',NULL,NULL,NULL,'ar',NULL,NULL),(732,389,'spanish saffron',NULL,NULL,NULL,'en',NULL,NULL),(733,390,'صنوبر',NULL,NULL,NULL,'ar',NULL,NULL),(734,390,'pine nuts',NULL,NULL,NULL,'en',NULL,NULL),(735,391,'هيل حبة كبيره',NULL,NULL,NULL,'ar',NULL,NULL),(736,391,'cardamom',NULL,NULL,NULL,'en',NULL,NULL),(737,392,'هيل حبة وسط',NULL,NULL,NULL,'ar',NULL,NULL),(738,392,'medium cardamom',NULL,NULL,NULL,'en',NULL,NULL),(739,393,'هيل حبة صغيرة',NULL,NULL,NULL,'ar',NULL,NULL),(740,393,'small cardamom',NULL,NULL,NULL,'en',NULL,NULL),(741,394,'هيل ناعم مطحون',NULL,NULL,NULL,'ar',NULL,NULL),(742,394,'cardamom powder',NULL,NULL,NULL,'en',NULL,NULL),(743,395,'عدس',NULL,NULL,NULL,'ar',NULL,NULL),(744,395,'lentils',NULL,NULL,NULL,'en',NULL,NULL),(745,396,'عدس اسود',NULL,NULL,NULL,'ar',NULL,NULL),(746,396,'black lentils',NULL,NULL,NULL,'en',NULL,NULL),(747,397,'ماش حب',NULL,NULL,NULL,'ar',NULL,NULL),(748,397,'green beans',NULL,NULL,NULL,'en',NULL,NULL),(749,398,'ماش مجروش',NULL,NULL,NULL,'ar',NULL,NULL),(750,398,'green beans',NULL,NULL,NULL,'en',NULL,NULL),(751,399,'ماش ابيض',NULL,NULL,NULL,'ar',NULL,NULL),(752,399,'white beans',NULL,NULL,NULL,'en',NULL,NULL),(753,400,'لوبيا',NULL,NULL,NULL,'ar',NULL,NULL),(754,400,'black eye beans',NULL,NULL,NULL,'en',NULL,NULL),(755,401,'نخي حمص',NULL,NULL,NULL,'ar',NULL,NULL),(756,401,'chick peas',NULL,NULL,NULL,'en',NULL,NULL),(757,402,'حمص مجروش',NULL,NULL,NULL,'ar',NULL,NULL),(758,402,'split chick',NULL,NULL,NULL,'en',NULL,NULL),(759,403,'فول مجروش',NULL,NULL,NULL,'ar',NULL,NULL),(760,403,'fava beans split',NULL,NULL,NULL,'en',NULL,NULL),(761,404,'لوز ( ني )',NULL,NULL,NULL,'ar',NULL,NULL),(762,404,'almonds',NULL,NULL,NULL,'en',NULL,NULL),(763,405,'لوز ( محمص ومملح )',NULL,NULL,NULL,'ar',NULL,NULL),(764,405,'roasted and salted almonds',NULL,NULL,NULL,'en',NULL,NULL),(765,406,'لوز مقشر شرائح',NULL,NULL,NULL,'ar',NULL,NULL),(766,406,'almond halvess',NULL,NULL,NULL,'en',NULL,NULL),(767,407,'لوز مقشر مقطع',NULL,NULL,NULL,'ar',NULL,NULL),(768,407,'almond sticks',NULL,NULL,NULL,'en',NULL,NULL),(769,408,'لوز ناعم',NULL,NULL,NULL,'ar',NULL,NULL),(770,408,'ground almonds',NULL,NULL,NULL,'en',NULL,NULL),(771,409,'كاجو ( ني )',NULL,NULL,NULL,'ar',NULL,NULL),(772,409,'cashew',NULL,NULL,NULL,'en',NULL,NULL),(773,410,'كاجو ( محمص ومملح )',NULL,NULL,NULL,'ar',NULL,NULL),(774,410,'roasted and salted cashews',NULL,NULL,NULL,'en',NULL,NULL),(775,411,'ورد محمدي مجفف',NULL,NULL,NULL,'ar',NULL,NULL),(776,411,'flower muhammadi',NULL,NULL,NULL,'en',NULL,NULL),(777,412,'ورد محمدي مجفف',NULL,NULL,NULL,'ar',NULL,NULL),(778,412,'flower muhammadi',NULL,NULL,NULL,'en',NULL,NULL),(779,413,'برغل خشن',NULL,NULL,NULL,'ar',NULL,NULL),(780,413,'wheat crushed',NULL,NULL,NULL,'en',NULL,NULL),(781,414,'برغل ناعم',NULL,NULL,NULL,'ar',NULL,NULL),(782,414,'fine yellow burgul',NULL,NULL,NULL,'en',NULL,NULL),(783,415,'جريش',NULL,NULL,NULL,'ar',NULL,NULL),(784,415,'Gerriesh',NULL,NULL,NULL,'en',NULL,NULL),(785,416,'هريس',NULL,NULL,NULL,'ar',NULL,NULL),(786,416,'Harees',NULL,NULL,NULL,'en',NULL,NULL),(787,417,'الكينوا',NULL,NULL,NULL,'ar',NULL,NULL),(788,417,'quinoa',NULL,NULL,NULL,'en',NULL,NULL),(789,418,'بندق ( ني )',NULL,NULL,NULL,'ar',NULL,NULL),(790,418,'hazelnut',NULL,NULL,NULL,'en',NULL,NULL),(791,419,'بندق',NULL,NULL,NULL,'ar',NULL,NULL),(792,419,'hazelnut',NULL,NULL,NULL,'en',NULL,NULL),(793,420,'جوز',NULL,NULL,NULL,'ar',NULL,NULL),(794,420,'walnuts',NULL,NULL,NULL,'en',NULL,NULL),(795,421,'جوز بيكان',NULL,NULL,NULL,'ar',NULL,NULL),(796,421,'walnuts',NULL,NULL,NULL,'en',NULL,NULL),(797,422,'كشمش ( زبيب )',NULL,NULL,NULL,'ar',NULL,NULL),(798,422,'raisin',NULL,NULL,NULL,'en',NULL,NULL),(799,423,'زرشك',NULL,NULL,NULL,'ar',NULL,NULL),(800,423,'dried berberis',NULL,NULL,NULL,'en',NULL,NULL),(801,424,'تين',NULL,NULL,NULL,'ar',NULL,NULL),(802,424,'fig',NULL,NULL,NULL,'en',NULL,NULL),(803,425,'تين',NULL,NULL,NULL,'ar',NULL,NULL),(804,425,'fig',NULL,NULL,NULL,'en',NULL,NULL),(805,426,'قمردين',NULL,NULL,NULL,'ar',NULL,NULL),(806,426,'qamardin',NULL,NULL,NULL,'en',NULL,NULL),(807,427,'تين يوناني',NULL,NULL,NULL,'ar',NULL,NULL),(808,427,'greek fig',NULL,NULL,NULL,'en',NULL,NULL),(809,428,'مشمش احمر',NULL,NULL,NULL,'ar',NULL,NULL),(810,428,'red apricot',NULL,NULL,NULL,'en',NULL,NULL),(811,429,'زبيب اخضر',NULL,NULL,NULL,'ar',NULL,NULL),(812,429,'green raisin',NULL,NULL,NULL,'en',NULL,NULL),(813,430,'زبيب اسود',NULL,NULL,NULL,'ar',NULL,NULL),(814,430,'black raisin',NULL,NULL,NULL,'en',NULL,NULL),(815,431,'مرامية',NULL,NULL,NULL,'ar',NULL,NULL),(816,431,'sage',NULL,NULL,NULL,'en',NULL,NULL),(817,432,'حب رشاد',NULL,NULL,NULL,'ar',NULL,NULL),(818,432,'rashad beans',NULL,NULL,NULL,'en',NULL,NULL),(819,433,'بهار كبة',NULL,NULL,NULL,'ar',NULL,NULL),(820,433,'kibbeh seasoning',NULL,NULL,NULL,'en',NULL,NULL),(821,434,'سبال ( ني )',NULL,NULL,NULL,'ar',NULL,NULL),(822,434,'spal',NULL,NULL,NULL,'en',NULL,NULL),(823,435,'سبال ( ليمون )',NULL,NULL,NULL,'ar',NULL,NULL),(824,435,'spal',NULL,NULL,NULL,'en',NULL,NULL),(825,437,'حب شمسي مملح',NULL,NULL,NULL,'ar',NULL,NULL),(826,437,'sunflower salted',NULL,NULL,NULL,'en',NULL,NULL),(827,438,'حب شمسي',NULL,NULL,NULL,'ar',NULL,NULL),(828,438,'sunflower',NULL,NULL,NULL,'en',NULL,NULL),(829,439,'فستق مقشر',NULL,NULL,NULL,'ar',NULL,NULL),(830,439,'pistachios',NULL,NULL,NULL,'en',NULL,NULL),(831,440,'فستق مقصص انصاف',NULL,NULL,NULL,'ar',NULL,NULL),(832,440,'chopped pistachios',NULL,NULL,NULL,'en',NULL,NULL),(833,441,'فستق مطحون ناعم',NULL,NULL,NULL,'ar',NULL,NULL),(834,441,'soft pistachio',NULL,NULL,NULL,'en',NULL,NULL),(835,442,'سمسم',NULL,NULL,NULL,'ar',NULL,NULL),(836,442,'sesame',NULL,NULL,NULL,'en',NULL,NULL),(837,443,'سمسم محمص',NULL,NULL,NULL,'ar',NULL,NULL),(838,443,'roasted sesame',NULL,NULL,NULL,'en',NULL,NULL),(839,444,'حبة البركة',NULL,NULL,NULL,'ar',NULL,NULL),(840,444,'black seed',NULL,NULL,NULL,'en',NULL,NULL),(841,445,'كراوية حب',NULL,NULL,NULL,'ar',NULL,NULL),(842,445,'caraway seed',NULL,NULL,NULL,'en',NULL,NULL),(843,446,'كراوية ناعمة',NULL,NULL,NULL,'ar',NULL,NULL),(844,446,'soft caraway',NULL,NULL,NULL,'en',NULL,NULL),(845,447,'حبة حلوة',NULL,NULL,NULL,'ar',NULL,NULL),(846,447,'fennel seeds',NULL,NULL,NULL,'en',NULL,NULL),(847,448,'حبة حلوة ناعمة',NULL,NULL,NULL,'ar',NULL,NULL),(848,448,'fine fennel',NULL,NULL,NULL,'en',NULL,NULL),(849,449,'كمون ناعم',NULL,NULL,NULL,'ar',NULL,NULL),(850,449,'soft cumin',NULL,NULL,NULL,'en',NULL,NULL),(851,450,'كمون حب',NULL,NULL,NULL,'ar',NULL,NULL),(852,450,'cumin seeds',NULL,NULL,NULL,'en',NULL,NULL),(853,452,'كزبرة ناعمة',NULL,NULL,NULL,'ar',NULL,NULL),(854,452,'soft coriander',NULL,NULL,NULL,'en',NULL,NULL),(855,453,'كزبرة حب',NULL,NULL,NULL,'ar',NULL,NULL),(856,453,'coriander seeds',NULL,NULL,NULL,'en',NULL,NULL),(857,454,'مسمار عدل',NULL,NULL,NULL,'ar',NULL,NULL),(858,454,'pink',NULL,NULL,NULL,'en',NULL,NULL),(859,455,'بابريكا',NULL,NULL,NULL,'ar',NULL,NULL),(860,455,'paprika',NULL,NULL,NULL,'en',NULL,NULL),(861,456,'بابريكا',NULL,NULL,NULL,'ar',NULL,NULL),(862,456,'paprika',NULL,NULL,NULL,'en',NULL,NULL),(863,457,'لومي عدل',NULL,NULL,NULL,'ar',NULL,NULL),(864,457,'lome',NULL,NULL,NULL,'en',NULL,NULL),(865,458,'لومي ناعم',NULL,NULL,NULL,'ar',NULL,NULL),(866,458,'sot lome',NULL,NULL,NULL,'en',NULL,NULL),(867,459,'فلفل اسود عدل',NULL,NULL,NULL,'ar',NULL,NULL),(868,459,'black pepper',NULL,NULL,NULL,'en',NULL,NULL),(869,460,'فلفل اسود ناعم',NULL,NULL,NULL,'ar',NULL,NULL),(870,460,'fine black pepper',NULL,NULL,NULL,'en',NULL,NULL),(871,461,'فلفل احمر',NULL,NULL,NULL,'ar',NULL,NULL),(872,461,'red pepper',NULL,NULL,NULL,'en',NULL,NULL),(873,463,'فلفل احمر مجروش',NULL,NULL,NULL,'ar',NULL,NULL),(874,463,'crushed red pepper',NULL,NULL,NULL,'en',NULL,NULL),(875,464,'فلفل احمر مدور',NULL,NULL,NULL,'ar',NULL,NULL),(876,464,'red pepper',NULL,NULL,NULL,'en',NULL,NULL),(877,465,'كركم',NULL,NULL,NULL,'ar',NULL,NULL),(878,465,'turmeric',NULL,NULL,NULL,'en',NULL,NULL),(879,466,'كركم ناعم',NULL,NULL,NULL,'ar',NULL,NULL),(880,466,'soft turmerice',NULL,NULL,NULL,'en',NULL,NULL),(881,467,'ملح ليمون',NULL,NULL,NULL,'ar',NULL,NULL),(882,467,'soft lemon',NULL,NULL,NULL,'en',NULL,NULL),(883,468,'فستق ( ني )',NULL,NULL,NULL,'ar',NULL,NULL),(884,468,'pistachois',NULL,NULL,NULL,'en',NULL,NULL),(885,469,'فستق ( ملح )',NULL,NULL,NULL,'ar',NULL,NULL),(886,469,'salt pistachois',NULL,NULL,NULL,'en',NULL,NULL),(887,470,'فستق ( ليمون )',NULL,NULL,NULL,'ar',NULL,NULL),(888,470,'lemon pistachois',NULL,NULL,NULL,'en',NULL,NULL),(889,471,'نعناع مجفف',NULL,NULL,NULL,'ar',NULL,NULL),(890,471,'dry mint',NULL,NULL,NULL,'en',NULL,NULL),(891,472,'حلبة',NULL,NULL,NULL,'ar',NULL,NULL),(892,472,'fenugreek seeds',NULL,NULL,NULL,'en',NULL,NULL),(893,473,'عصفر',NULL,NULL,NULL,'ar',NULL,NULL),(894,473,'safflower',NULL,NULL,NULL,'en',NULL,NULL),(895,474,'مرة',NULL,NULL,NULL,'ar',NULL,NULL),(896,474,'whet',NULL,NULL,NULL,'en',NULL,NULL),(897,475,'سماق',NULL,NULL,NULL,'ar',NULL,NULL),(898,475,'sumac',NULL,NULL,NULL,'en',NULL,NULL),(899,476,'كاري',NULL,NULL,NULL,'ar',NULL,NULL),(900,476,'curry',NULL,NULL,NULL,'en',NULL,NULL),(901,477,'كاري',NULL,NULL,NULL,'ar',NULL,NULL),(902,477,'curry',NULL,NULL,NULL,'en',NULL,NULL),(903,478,'بهارات عدلة مكس',NULL,NULL,NULL,'ar',NULL,NULL),(904,478,'mixed seasoning',NULL,NULL,NULL,'en',NULL,NULL),(905,479,'بهارات ناعمة مكس',NULL,NULL,NULL,'ar',NULL,NULL),(906,479,'mixed seasoning',NULL,NULL,NULL,'en',NULL,NULL),(907,480,'بهار مجبوس لحم',NULL,NULL,NULL,'ar',NULL,NULL),(908,480,'meat masala',NULL,NULL,NULL,'en',NULL,NULL),(909,481,'بهار مجبوس دجاج',NULL,NULL,NULL,'ar',NULL,NULL),(910,481,'chicken masala',NULL,NULL,NULL,'en',NULL,NULL),(911,482,'بهار سمك',NULL,NULL,NULL,'ar',NULL,NULL),(912,482,'fish masala',NULL,NULL,NULL,'en',NULL,NULL),(913,483,'بهارات حشو',NULL,NULL,NULL,'ar',NULL,NULL),(914,483,'seasoning',NULL,NULL,NULL,'en',NULL,NULL),(915,484,'بهار شيش طاووق',NULL,NULL,NULL,'ar',NULL,NULL),(916,484,'seasoning',NULL,NULL,NULL,'en',NULL,NULL),(917,485,'بهارات مشاوي',NULL,NULL,NULL,'ar',NULL,NULL),(918,485,'roasted spices',NULL,NULL,NULL,'en',NULL,NULL),(919,486,'ورق غار',NULL,NULL,NULL,'ar',NULL,NULL),(920,486,'bay leaves',NULL,NULL,NULL,'en',NULL,NULL),(921,487,'لومي اصفر',NULL,NULL,NULL,'ar',NULL,NULL),(922,487,'yellow lome',NULL,NULL,NULL,'en',NULL,NULL),(923,488,'فلفل ابيض',NULL,NULL,NULL,'ar',NULL,NULL),(924,488,'white pepper',NULL,NULL,NULL,'en',NULL,NULL),(925,489,'فلفل ابيض ناعم',NULL,NULL,NULL,'ar',NULL,NULL),(926,489,'white pepper',NULL,NULL,NULL,'en',NULL,NULL),(927,490,'دارسين حلويات',NULL,NULL,NULL,'ar',NULL,NULL),(928,490,'cinnamon sticks',NULL,NULL,NULL,'en',NULL,NULL),(929,491,'دارسين ناعم',NULL,NULL,NULL,'ar',NULL,NULL),(930,491,'cassia powder',NULL,NULL,NULL,'en',NULL,NULL),(931,492,'دارسين ( قرفة )',NULL,NULL,NULL,'ar',NULL,NULL),(932,492,'cassia sticks',NULL,NULL,NULL,'en',NULL,NULL),(933,493,'صفار الزعفران',NULL,NULL,NULL,'ar',NULL,NULL),(934,493,'saffron yellow nass',NULL,NULL,NULL,'en',NULL,NULL),(935,494,'ماء الورد',NULL,NULL,NULL,'ar',NULL,NULL),(936,494,'rabee rose water',NULL,NULL,NULL,'en',NULL,NULL),(937,495,'ماء الورد',NULL,NULL,NULL,'ar',NULL,NULL),(938,495,'rabee rose water',NULL,NULL,NULL,'en',NULL,NULL),(939,496,'ماء مرقدوش مركز',NULL,NULL,NULL,'ar',NULL,NULL),(940,496,'marqdoush water',NULL,NULL,NULL,'en',NULL,NULL),(941,497,'خردل ( ماستردة )',NULL,NULL,NULL,'ar',NULL,NULL),(942,497,'mustard seeds',NULL,NULL,NULL,'en',NULL,NULL),(943,498,'ماش ابيض',NULL,NULL,NULL,'ar',NULL,NULL),(944,498,'white mung dal',NULL,NULL,NULL,'en',NULL,NULL),(945,499,'بذور الكتان',NULL,NULL,NULL,'ar',NULL,NULL),(946,499,'flax seeds',NULL,NULL,NULL,'en',NULL,NULL),(947,500,'برغل اسمر',NULL,NULL,NULL,'ar',NULL,NULL),(948,500,'black bulgul',NULL,NULL,NULL,'en',NULL,NULL),(949,501,'زعتر',NULL,NULL,NULL,'ar',NULL,NULL),(950,501,'zaatar',NULL,NULL,NULL,'en',NULL,NULL),(951,502,'زعتر اورغانو مجفف',NULL,NULL,NULL,'ar',NULL,NULL),(952,502,'zaatar',NULL,NULL,NULL,'en',NULL,NULL),(953,503,'ثوم جبلي',NULL,NULL,NULL,'ar',NULL,NULL),(954,503,'garlic',NULL,NULL,NULL,'en',NULL,NULL),(955,504,'زنجبيل مطحون',NULL,NULL,NULL,'ar',NULL,NULL),(956,504,'ginger',NULL,NULL,NULL,'en',NULL,NULL),(957,505,'ثوم مطحون',NULL,NULL,NULL,'ar',NULL,NULL),(958,505,'garlic',NULL,NULL,NULL,'en',NULL,NULL),(959,506,'بصل مطحون',NULL,NULL,NULL,'ar',NULL,NULL),(960,506,'onion',NULL,NULL,NULL,'en',NULL,NULL),(961,508,'بالول',NULL,NULL,NULL,'ar',NULL,NULL),(962,508,'balool',NULL,NULL,NULL,'en',NULL,NULL),(963,509,'هامور',NULL,NULL,NULL,'ar',NULL,NULL),(964,509,'hamour',NULL,NULL,NULL,'en',NULL,NULL),(965,510,'بالول',NULL,NULL,NULL,'ar',NULL,NULL),(966,510,'balool',NULL,NULL,NULL,'en',NULL,NULL),(967,511,'بالول',NULL,NULL,NULL,'ar',NULL,NULL),(968,511,'balool',NULL,NULL,NULL,'en',NULL,NULL),(969,512,'هامور',NULL,NULL,NULL,'ar',NULL,NULL),(970,512,'hamour',NULL,NULL,NULL,'en',NULL,NULL),(971,513,'بالول',NULL,NULL,NULL,'ar',NULL,NULL),(972,513,'balool',NULL,NULL,NULL,'en',NULL,NULL),(973,514,'هامور',NULL,NULL,NULL,'ar',NULL,NULL),(974,514,'hamour',NULL,NULL,NULL,'en',NULL,NULL),(975,515,'نقرور',NULL,NULL,NULL,'ar',NULL,NULL),(976,515,'nagroor',NULL,NULL,NULL,'en',NULL,NULL),(977,516,'سيبريم',NULL,NULL,NULL,'ar',NULL,NULL),(978,516,'seabream',NULL,NULL,NULL,'en',NULL,NULL),(979,517,'قبقب',NULL,NULL,NULL,'ar',NULL,NULL),(980,517,'cub',NULL,NULL,NULL,'en',NULL,NULL),(981,518,'شعري',NULL,NULL,NULL,'ar',NULL,NULL),(982,518,'fish sharry',NULL,NULL,NULL,'en',NULL,NULL),(983,519,'شعري',NULL,NULL,NULL,'ar',NULL,NULL),(984,519,'fish sharry',NULL,NULL,NULL,'en',NULL,NULL),(985,520,'شعري',NULL,NULL,NULL,'ar',NULL,NULL),(986,520,'fish sharry',NULL,NULL,NULL,'en',NULL,NULL),(987,521,'شعري',NULL,NULL,NULL,'ar',NULL,NULL),(988,521,'fish sharry',NULL,NULL,NULL,'en',NULL,NULL),(989,522,'نويبي',NULL,NULL,NULL,'ar',NULL,NULL),(990,522,'nuwaiby',NULL,NULL,NULL,'en',NULL,NULL),(991,524,'طرشي مشكل',NULL,NULL,NULL,'ar',NULL,NULL),(992,524,'mixed pickles',NULL,NULL,NULL,'en',NULL,NULL),(993,525,'طرشي مشكل',NULL,NULL,NULL,'ar',NULL,NULL),(994,525,'mixed pickles',NULL,NULL,NULL,'en',NULL,NULL),(995,526,'طرشي مشكل',NULL,NULL,NULL,'ar',NULL,NULL),(996,526,'mixed pickles',NULL,NULL,NULL,'en',NULL,NULL),(997,527,'طرشي مشكل',NULL,NULL,NULL,'ar',NULL,NULL),(998,527,'mixed pickles',NULL,NULL,NULL,'en',NULL,NULL),(999,528,'طرشي مشكل اسود',NULL,NULL,NULL,'ar',NULL,NULL),(1000,528,'black mixed pickles',NULL,NULL,NULL,'en',NULL,NULL),(1001,529,'طرشي اسود',NULL,NULL,NULL,'ar',NULL,NULL),(1002,529,'black mixed pickles',NULL,NULL,NULL,'en',NULL,NULL),(1003,530,'مخلل خيار ( حبة كبيرة )',NULL,NULL,NULL,'ar',NULL,NULL),(1004,530,'pickled cucumber',NULL,NULL,NULL,'en',NULL,NULL),(1005,531,'مخلل خيار ( حبة وسط )',NULL,NULL,NULL,'ar',NULL,NULL),(1006,531,'pickled cucumber',NULL,NULL,NULL,'en',NULL,NULL),(1007,532,'مخلل خيار ( حبة صغيرة )',NULL,NULL,NULL,'ar',NULL,NULL),(1008,532,'pickled cucumber',NULL,NULL,NULL,'en',NULL,NULL),(1009,533,'ثوم ابيض',NULL,NULL,NULL,'ar',NULL,NULL),(1010,533,'white garlic',NULL,NULL,NULL,'en',NULL,NULL),(1011,534,'ثوم اسود',NULL,NULL,NULL,'ar',NULL,NULL),(1012,534,'black garlic',NULL,NULL,NULL,'en',NULL,NULL),(1013,535,'ثوم جبلي',NULL,NULL,NULL,'ar',NULL,NULL),(1014,535,'mountain garlic',NULL,NULL,NULL,'en',NULL,NULL),(1015,536,'مخلل فلفل',NULL,NULL,NULL,'ar',NULL,NULL),(1016,536,'pickled pepper',NULL,NULL,NULL,'en',NULL,NULL),(1017,537,'لبن بالنعناع ( عاليس )',NULL,NULL,NULL,'ar',NULL,NULL),(1018,537,'laban drink with mint',NULL,NULL,NULL,'en',NULL,NULL),(1019,538,'لبن بالنعناع ( دايتي )',NULL,NULL,NULL,'ar',NULL,NULL),(1020,538,'laban drink with mint',NULL,NULL,NULL,'en',NULL,NULL),(1021,539,'لبن بالنعناع ( دوغ )',NULL,NULL,NULL,'ar',NULL,NULL),(1022,539,'laban drink with mint',NULL,NULL,NULL,'en',NULL,NULL),(1023,540,'لبن بالنعناع ( دوغ )',NULL,NULL,NULL,'ar',NULL,NULL),(1024,540,'laban drink with mint',NULL,NULL,NULL,'en',NULL,NULL),(1025,541,'لبن غازي',NULL,NULL,NULL,'ar',NULL,NULL),(1026,541,'soft milk',NULL,NULL,NULL,'en',NULL,NULL),(1027,542,'لبن غازي ( عاليس )',NULL,NULL,NULL,'ar',NULL,NULL),(1028,542,'soft laban',NULL,NULL,NULL,'en',NULL,NULL),(1029,543,'لبن',NULL,NULL,NULL,'ar',NULL,NULL),(1030,543,'laban',NULL,NULL,NULL,'en',NULL,NULL),(1031,544,'دوغ غازي',NULL,NULL,NULL,'ar',NULL,NULL),(1032,544,'soft laban',NULL,NULL,NULL,'en',NULL,NULL),(1033,545,'لبن بالنعناع',NULL,NULL,NULL,'ar',NULL,NULL),(1034,545,'laban drink with mint',NULL,NULL,NULL,'en',NULL,NULL),(1035,546,'لبن',NULL,NULL,NULL,'ar',NULL,NULL),(1036,546,'doogh with mint',NULL,NULL,NULL,'en',NULL,NULL),(1037,547,'شوربة الشعير بالفطر',NULL,NULL,NULL,'ar',NULL,NULL),(1038,547,'barley cream soup',NULL,NULL,NULL,'en',NULL,NULL),(1039,548,'شوربة الشعير',NULL,NULL,NULL,'ar',NULL,NULL),(1040,548,'barley soup',NULL,NULL,NULL,'en',NULL,NULL),(1041,549,'شوربة الدجاج',NULL,NULL,NULL,'ar',NULL,NULL),(1042,549,'chicken soup',NULL,NULL,NULL,'en',NULL,NULL),(1043,550,'شوربة الدجاج',NULL,NULL,NULL,'ar',NULL,NULL),(1044,550,'chicken soup',NULL,NULL,NULL,'en',NULL,NULL),(1045,551,'شوربة الدجاج بالشعيرية',NULL,NULL,NULL,'ar',NULL,NULL),(1046,551,'chicken noodle soup',NULL,NULL,NULL,'en',NULL,NULL),(1047,552,'شوربة الخضار',NULL,NULL,NULL,'ar',NULL,NULL),(1048,552,'vegetable soup',NULL,NULL,NULL,'en',NULL,NULL),(1049,553,'معبوج كويتي احمر',NULL,NULL,NULL,'ar',NULL,NULL),(1050,553,'kwauity mabouch',NULL,NULL,NULL,'en',NULL,NULL),(1051,554,'معبوج كويتي اخضر',NULL,NULL,NULL,'ar',NULL,NULL),(1052,554,'kuwaiti  mabouch',NULL,NULL,NULL,'en',NULL,NULL),(1053,555,'روب ثوم',NULL,NULL,NULL,'ar',NULL,NULL),(1054,555,'garlic robe',NULL,NULL,NULL,'en',NULL,NULL),(1055,556,'لبنة',NULL,NULL,NULL,'ar',NULL,NULL),(1056,556,'labneh',NULL,NULL,NULL,'en',NULL,NULL),(1057,557,'فالودة الزعفران',NULL,NULL,NULL,'ar',NULL,NULL),(1058,557,'falooda saffron',NULL,NULL,NULL,'en',NULL,NULL),(1059,558,'فالودة الليمون',NULL,NULL,NULL,'ar',NULL,NULL),(1060,558,'falooda lemon',NULL,NULL,NULL,'en',NULL,NULL),(1061,559,'فالودة الكرز',NULL,NULL,NULL,'ar',NULL,NULL),(1062,559,'falooda cherries',NULL,NULL,NULL,'en',NULL,NULL),(1063,560,'ايسكريم الزعفران',NULL,NULL,NULL,'ar',NULL,NULL),(1064,560,'saffron icecream',NULL,NULL,NULL,'en',NULL,NULL),(1065,561,'ايسكريم الفانيلا والفراولة',NULL,NULL,NULL,'ar',NULL,NULL),(1066,561,'strawberry & vanilla ice cream',NULL,NULL,NULL,'en',NULL,NULL),(1067,562,'ايسكريم الفانيلا والشوكولاته',NULL,NULL,NULL,'ar',NULL,NULL),(1068,562,'vanilla ice cream with chocolate',NULL,NULL,NULL,'en',NULL,NULL),(1069,563,'طرشي العراقي',NULL,NULL,NULL,'ar',NULL,NULL),(1070,563,'iraqi pickles',NULL,NULL,NULL,'en',NULL,NULL),(1071,564,'شطة حارة',NULL,NULL,NULL,'ar',NULL,NULL),(1072,564,'hot sauce',NULL,NULL,NULL,'en',NULL,NULL),(1073,565,'شطة اخضر مطحونة',NULL,NULL,NULL,'ar',NULL,NULL),(1074,565,'green pepper',NULL,NULL,NULL,'en',NULL,NULL),(1075,566,'شطة احمر',NULL,NULL,NULL,'ar',NULL,NULL),(1076,566,'red hot sauce',NULL,NULL,NULL,'en',NULL,NULL),(1077,567,'شطة حارة احمر',NULL,NULL,NULL,'ar',NULL,NULL),(1078,567,'red hot sauce',NULL,NULL,NULL,'en',NULL,NULL),(1079,568,'مربى توت',NULL,NULL,NULL,'ar',NULL,NULL),(1080,568,'blueberry jam',NULL,NULL,NULL,'en',NULL,NULL),(1081,569,'مربى فراولة',NULL,NULL,NULL,'ar',NULL,NULL),(1082,569,'strawberry jam',NULL,NULL,NULL,'en',NULL,NULL),(1083,570,'مربى مشمش',NULL,NULL,NULL,'ar',NULL,NULL),(1084,570,'apricot jam',NULL,NULL,NULL,'en',NULL,NULL),(1085,571,'مربى الكرز',NULL,NULL,NULL,'ar',NULL,NULL),(1086,571,'cherry jam',NULL,NULL,NULL,'en',NULL,NULL),(1087,572,'مربى التين',NULL,NULL,NULL,'ar',NULL,NULL),(1088,572,'fig jam',NULL,NULL,NULL,'en',NULL,NULL),(1089,573,'لبن كرينة اعشاب',NULL,NULL,NULL,'ar',NULL,NULL),(1090,573,'herbal mailk',NULL,NULL,NULL,'en',NULL,NULL),(1091,574,'لبن كرينة',NULL,NULL,NULL,'ar',NULL,NULL),(1092,574,'crane laban',NULL,NULL,NULL,'en',NULL,NULL),(1093,575,'جبنة كريم',NULL,NULL,NULL,'ar',NULL,NULL),(1094,575,'cream cheese',NULL,NULL,NULL,'en',NULL,NULL),(1095,576,'عسل طبيعي مع الشمع',NULL,NULL,NULL,'ar',NULL,NULL),(1096,576,'honey',NULL,NULL,NULL,'en',NULL,NULL),(1097,577,'عسل طبيعي',NULL,NULL,NULL,'ar',NULL,NULL),(1098,577,'natural honey',NULL,NULL,NULL,'en',NULL,NULL),(1099,578,'عسل طبيعي',NULL,NULL,NULL,'ar',NULL,NULL),(1100,578,'natural honey',NULL,NULL,NULL,'en',NULL,NULL),(1101,579,'مشروب توت الازرق',NULL,NULL,NULL,'ar',NULL,NULL),(1102,579,'blueberry drink',NULL,NULL,NULL,'en',NULL,NULL),(1103,580,'عصير ليمون',NULL,NULL,NULL,'ar',NULL,NULL),(1104,580,'lime juice',NULL,NULL,NULL,'en',NULL,NULL),(1105,581,'لبن عاليس بالنعناع',NULL,NULL,NULL,'ar',NULL,NULL),(1106,581,'alis laban',NULL,NULL,NULL,'en',NULL,NULL),(1107,582,'سكري ناشف',NULL,NULL,NULL,'ar',NULL,NULL),(1108,582,'sukkari',NULL,NULL,NULL,'en',NULL,NULL),(1109,583,'سكري رطب',NULL,NULL,NULL,'ar',NULL,NULL),(1110,583,'sukkari',NULL,NULL,NULL,'en',NULL,NULL),(1111,584,'دبس تمر خلاص الطبيعي',NULL,NULL,NULL,'ar',NULL,NULL),(1112,584,'date moalsses',NULL,NULL,NULL,'en',NULL,NULL),(1113,585,'شرائح تمر',NULL,NULL,NULL,'ar',NULL,NULL),(1114,585,'date',NULL,NULL,NULL,'en',NULL,NULL),(1115,586,'فلفل تركي',NULL,NULL,NULL,'ar',NULL,NULL),(1116,586,'turkish pepper',NULL,NULL,NULL,'en',NULL,NULL),(1117,587,'مخلل ليمون مصري',NULL,NULL,NULL,'ar',NULL,NULL),(1118,587,'egyptian lemon pickles',NULL,NULL,NULL,'en',NULL,NULL),(1119,588,'مخلل طرشي مكس',NULL,NULL,NULL,'ar',NULL,NULL),(1120,588,'mixed pickles',NULL,NULL,NULL,'en',NULL,NULL),(1121,589,'مخلل خيار',NULL,NULL,NULL,'ar',NULL,NULL),(1122,589,'pickled cucumber',NULL,NULL,NULL,'en',NULL,NULL),(1123,590,'طرشي الابراج',NULL,NULL,NULL,'ar',NULL,NULL),(1124,590,'kuwaiti mixed pickles',NULL,NULL,NULL,'en',NULL,NULL),(1125,591,'طرشي الابراج',NULL,NULL,NULL,'ar',NULL,NULL),(1126,591,'kuwaiti mixed pickles',NULL,NULL,NULL,'en',NULL,NULL),(1127,592,'ثوم جبلي الابراج',NULL,NULL,NULL,'ar',NULL,NULL),(1128,592,'kuwaiti garlic',NULL,NULL,NULL,'en',NULL,NULL),(1129,593,'ثوم جبلي الابراج',NULL,NULL,NULL,'ar',NULL,NULL),(1130,593,'kuwaiti garlic',NULL,NULL,NULL,'en',NULL,NULL),(1131,594,'معبوج احمر الابراج',NULL,NULL,NULL,'ar',NULL,NULL),(1132,594,'mabouch kuwaiti',NULL,NULL,NULL,'en',NULL,NULL),(1133,595,'معبوج اخضر الابراج',NULL,NULL,NULL,'ar',NULL,NULL),(1134,595,'green maaboj',NULL,NULL,NULL,'en',NULL,NULL),(1135,596,'هردة الشمالي',NULL,NULL,NULL,'ar',NULL,NULL),(1136,596,'tahina',NULL,NULL,NULL,'en',NULL,NULL),(1137,597,'هردة ايراني',NULL,NULL,NULL,'ar',NULL,NULL),(1138,597,'irani tahina',NULL,NULL,NULL,'en',NULL,NULL),(1139,598,'رقي',NULL,NULL,NULL,'ar',NULL,NULL),(1140,598,'watermelon',NULL,NULL,NULL,'en',NULL,NULL),(1141,599,'رقي',NULL,NULL,NULL,'ar',NULL,NULL),(1142,599,'watermelon',NULL,NULL,NULL,'en',NULL,NULL),(1143,600,'رقي',NULL,NULL,NULL,'ar',NULL,NULL),(1144,600,'watermelon',NULL,NULL,NULL,'en',NULL,NULL),(1145,601,'رقي',NULL,NULL,NULL,'ar',NULL,NULL),(1146,601,'watermelon',NULL,NULL,NULL,'en',NULL,NULL),(1147,602,'رقي',NULL,NULL,NULL,'ar',NULL,NULL),(1148,602,'watermelon',NULL,NULL,NULL,'en',NULL,NULL),(1149,603,'كرز',NULL,NULL,NULL,'ar',NULL,NULL),(1150,603,'cherry',NULL,NULL,NULL,'en',NULL,NULL),(1151,604,'كرز',NULL,NULL,NULL,'ar',NULL,NULL),(1152,604,'cherry',NULL,NULL,NULL,'en',NULL,NULL),(1153,605,'كرز',NULL,NULL,NULL,'ar',NULL,NULL),(1154,605,'cherry',NULL,NULL,NULL,'en',NULL,NULL),(1155,606,'مشمش عجمي',NULL,NULL,NULL,'ar',NULL,NULL),(1156,606,'apricot',NULL,NULL,NULL,'en',NULL,NULL),(1157,607,'مشمش عجمي',NULL,NULL,NULL,'ar',NULL,NULL),(1158,607,'apricot',NULL,NULL,NULL,'en',NULL,NULL),(1159,608,'مشمش',NULL,NULL,NULL,'ar',NULL,NULL),(1160,608,'apricot',NULL,NULL,NULL,'en',NULL,NULL),(1161,609,'جوز لبناني',NULL,NULL,NULL,'ar',NULL,NULL),(1162,609,'lebanese walnuts',NULL,NULL,NULL,'en',NULL,NULL),(1163,610,'فستق لبناني',NULL,NULL,NULL,'ar',NULL,NULL),(1164,610,'lebanese pistachios',NULL,NULL,NULL,'en',NULL,NULL),(1165,611,'طروح',NULL,NULL,NULL,'ar',NULL,NULL),(1166,611,'trooh',NULL,NULL,NULL,'en',NULL,NULL),(1167,612,'طروح لبناني',NULL,NULL,NULL,'ar',NULL,NULL),(1168,612,'trooh',NULL,NULL,NULL,'en',NULL,NULL),(1169,613,'فاصوليا طويلة',NULL,NULL,NULL,'ar',NULL,NULL),(1170,613,'long beans',NULL,NULL,NULL,'en',NULL,NULL),(1171,614,'بامية ايراني',NULL,NULL,NULL,'ar',NULL,NULL),(1172,614,'irani okra per',NULL,NULL,NULL,'en',NULL,NULL),(1173,616,'بروكلي',NULL,NULL,NULL,'ar',NULL,NULL),(1174,616,'broccoli',NULL,NULL,NULL,'en',NULL,NULL),(1175,617,'ثوم ايراني',NULL,NULL,NULL,'ar',NULL,NULL),(1176,617,'irani garlic',NULL,NULL,NULL,'en',NULL,NULL),(1177,618,'ليمون سعودي بلدي',NULL,NULL,NULL,'ar',NULL,NULL),(1178,618,'ksa lemon',NULL,NULL,NULL,'en',NULL,NULL),(1179,619,'مانجا شودري',NULL,NULL,NULL,'ar',NULL,NULL),(1180,619,'mango shodry',NULL,NULL,NULL,'en',NULL,NULL),(1181,620,'رامبوتان',NULL,NULL,NULL,'ar',NULL,NULL),(1182,620,'rambutan',NULL,NULL,NULL,'en',NULL,NULL),(1183,621,'بابايا',NULL,NULL,NULL,'ar',NULL,NULL),(1184,621,'papaya',NULL,NULL,NULL,'en',NULL,NULL),(1185,622,'قشطة',NULL,NULL,NULL,'ar',NULL,NULL),(1186,622,'fruit cream',NULL,NULL,NULL,'en',NULL,NULL),(1187,623,'عرموط',NULL,NULL,NULL,'ar',NULL,NULL),(1188,623,'guava',NULL,NULL,NULL,'en',NULL,NULL),(1189,624,'رمان الطائف',NULL,NULL,NULL,'ar',NULL,NULL),(1190,624,'ksa  pomegranate',NULL,NULL,NULL,'en',NULL,NULL),(1191,625,'شمام اردني',NULL,NULL,NULL,'ar',NULL,NULL),(1192,625,'melon',NULL,NULL,NULL,'en',NULL,NULL),(1193,626,'موز',NULL,NULL,NULL,'ar',NULL,NULL),(1194,626,'banan',NULL,NULL,NULL,'en',NULL,NULL),(1195,627,'كوجا',NULL,NULL,NULL,'ar',NULL,NULL),(1196,627,'koja',NULL,NULL,NULL,'en',NULL,NULL),(1197,628,'مانجا الفانسو',NULL,NULL,NULL,'ar',NULL,NULL),(1198,628,'mango aldfanso',NULL,NULL,NULL,'en',NULL,NULL),(1199,629,'خوخ مدور',NULL,NULL,NULL,'ar',NULL,NULL),(1200,629,'rounded peach',NULL,NULL,NULL,'en',NULL,NULL),(1201,630,'خوخ تين',NULL,NULL,NULL,'ar',NULL,NULL),(1202,630,'round peach',NULL,NULL,NULL,'en',NULL,NULL),(1203,631,'خوخ',NULL,NULL,NULL,'ar',NULL,NULL),(1204,631,'peach',NULL,NULL,NULL,'en',NULL,NULL),(1205,632,'خوخ تين',NULL,NULL,NULL,'ar',NULL,NULL),(1206,632,'round peach',NULL,NULL,NULL,'en',NULL,NULL),(1207,633,'طماط شيري',NULL,NULL,NULL,'ar',NULL,NULL),(1208,633,'cherry tomato',NULL,NULL,NULL,'en',NULL,NULL),(1209,634,'تين شوكي',NULL,NULL,NULL,'ar',NULL,NULL),(1210,634,'fig',NULL,NULL,NULL,'en',NULL,NULL),(1211,635,'طماط شيري',NULL,NULL,NULL,'ar',NULL,NULL),(1212,635,'cherry tomato',NULL,NULL,NULL,'en',NULL,NULL),(1213,637,'طماط مغربي',NULL,NULL,NULL,'ar',NULL,NULL),(1214,637,'moroccan tomato',NULL,NULL,NULL,'en',NULL,NULL),(1215,638,'طماط بيبي',NULL,NULL,NULL,'ar',NULL,NULL),(1216,638,'small tomato',NULL,NULL,NULL,'en',NULL,NULL),(1217,639,'طماط بيبي اصفر',NULL,NULL,NULL,'ar',NULL,NULL),(1218,639,'yellow tomato',NULL,NULL,NULL,'en',NULL,NULL),(1219,640,'فجل احمر',NULL,NULL,NULL,'ar',NULL,NULL),(1220,640,'red radish',NULL,NULL,NULL,'en',NULL,NULL),(1221,641,'قولدن بيري',NULL,NULL,NULL,'ar',NULL,NULL),(1222,641,'golden berry',NULL,NULL,NULL,'en',NULL,NULL),(1223,642,'بطاط بيبي هولندي',NULL,NULL,NULL,'ar',NULL,NULL),(1224,642,'holland potato',NULL,NULL,NULL,'en',NULL,NULL),(1225,643,'خس هولندي',NULL,NULL,NULL,'ar',NULL,NULL),(1226,643,'holland lettuce',NULL,NULL,NULL,'en',NULL,NULL),(1227,644,'لوز اخضر لبناني',NULL,NULL,NULL,'ar',NULL,NULL),(1228,644,'green almond',NULL,NULL,NULL,'en',NULL,NULL),(1229,645,'تين يوناني',NULL,NULL,NULL,'ar',NULL,NULL),(1230,645,'greek fig',NULL,NULL,NULL,'en',NULL,NULL),(1231,646,'بازيلا لبناني',NULL,NULL,NULL,'ar',NULL,NULL),(1232,646,'pea',NULL,NULL,NULL,'en',NULL,NULL),(1233,647,'طماط شيري لبناني',NULL,NULL,NULL,'ar',NULL,NULL),(1234,647,'cherry tomato',NULL,NULL,NULL,'en',NULL,NULL),(1235,648,'تين تركي',NULL,NULL,NULL,'ar',NULL,NULL),(1236,648,'turkish figs',NULL,NULL,NULL,'en',NULL,NULL),(1237,649,'تين شوكي',NULL,NULL,NULL,'ar',NULL,NULL),(1238,649,'fig thorn',NULL,NULL,NULL,'en',NULL,NULL),(1239,651,'فلفل رومي ملون',NULL,NULL,NULL,'ar',NULL,NULL),(1240,651,'mixed pepper',NULL,NULL,NULL,'en',NULL,NULL),(1241,652,'قشطة لبناني طيارة',NULL,NULL,NULL,'ar',NULL,NULL),(1242,652,'custard apple',NULL,NULL,NULL,'en',NULL,NULL),(1243,653,'عنب احمر طيارة',NULL,NULL,NULL,'ar',NULL,NULL),(1244,653,'red grapes',NULL,NULL,NULL,'en',NULL,NULL),(1245,654,'عنب اخضر واحمر طيارة',NULL,NULL,NULL,'ar',NULL,NULL),(1246,654,'green and red grapes',NULL,NULL,NULL,'en',NULL,NULL),(1247,655,'تين تركي',NULL,NULL,NULL,'ar',NULL,NULL),(1248,655,'turkish figs',NULL,NULL,NULL,'en',NULL,NULL),(1249,656,'كاكا لبناني طيارة',NULL,NULL,NULL,'ar',NULL,NULL),(1250,656,'fruit alkaka',NULL,NULL,NULL,'en',NULL,NULL),(1251,657,'مشمش لبناني طيارة',NULL,NULL,NULL,'ar',NULL,NULL),(1252,657,'apricot',NULL,NULL,NULL,'en',NULL,NULL),(1253,658,'برتقال ابو صرة طيارة',NULL,NULL,NULL,'ar',NULL,NULL),(1254,658,'orange',NULL,NULL,NULL,'en',NULL,NULL),(1255,659,'افندي كلمنتينا طيارة',NULL,NULL,NULL,'ar',NULL,NULL),(1256,659,'mandarin',NULL,NULL,NULL,'en',NULL,NULL),(1257,660,'افوكادو طيارة',NULL,NULL,NULL,'ar',NULL,NULL),(1258,660,'avocado',NULL,NULL,NULL,'en',NULL,NULL),(1259,661,'سفرجل',NULL,NULL,NULL,'ar',NULL,NULL),(1260,661,'quince',NULL,NULL,NULL,'en',NULL,NULL),(1261,663,'فاصوليا بادرية',NULL,NULL,NULL,'ar',NULL,NULL),(1262,663,'bean',NULL,NULL,NULL,'en',NULL,NULL),(1263,664,'فاصوليا',NULL,NULL,NULL,'ar',NULL,NULL),(1264,664,'bean',NULL,NULL,NULL,'en',NULL,NULL),(1265,665,'عصير ليمون',NULL,NULL,NULL,'ar',NULL,NULL),(1266,665,'lemon juice',NULL,NULL,NULL,'en',NULL,NULL),(1267,666,'شربت ورد',NULL,NULL,NULL,'ar',NULL,NULL),(1268,666,'drank roses',NULL,NULL,NULL,'en',NULL,NULL),(1269,667,'خل الزنجبيل الطبيعي',NULL,NULL,NULL,'ar',NULL,NULL),(1270,667,'ginger vinegar',NULL,NULL,NULL,'en',NULL,NULL),(1271,668,'خل التمر',NULL,NULL,NULL,'ar',NULL,NULL),(1272,668,'date vinegar',NULL,NULL,NULL,'en',NULL,NULL),(1273,669,'خل التمر الطبيعي',NULL,NULL,NULL,'ar',NULL,NULL),(1274,669,'date vinegar',NULL,NULL,NULL,'en',NULL,NULL),(1275,670,'ماء محمدي',NULL,NULL,NULL,'ar',NULL,NULL),(1276,670,'rose water',NULL,NULL,NULL,'en',NULL,NULL),(1277,671,'شعر البنات ( مكس )',NULL,NULL,NULL,'ar',NULL,NULL),(1278,671,'cotton candy',NULL,NULL,NULL,'en',NULL,NULL),(1279,672,'شعر البنات ابيض',NULL,NULL,NULL,'ar',NULL,NULL),(1280,672,'cotton candy',NULL,NULL,NULL,'en',NULL,NULL),(1281,673,'يقط ( مدور )',NULL,NULL,NULL,'ar',NULL,NULL),(1282,673,'yaqit',NULL,NULL,NULL,'en',NULL,NULL),(1283,674,'يقط',NULL,NULL,NULL,'ar',NULL,NULL),(1284,674,'yaqit',NULL,NULL,NULL,'en',NULL,NULL),(1285,675,'مكدوس شامي',NULL,NULL,NULL,'ar',NULL,NULL),(1286,675,'makdous',NULL,NULL,NULL,'en',NULL,NULL),(1287,676,'لبنة مكورة',NULL,NULL,NULL,'ar',NULL,NULL),(1288,676,'labneh',NULL,NULL,NULL,'en',NULL,NULL),(1289,662,'كستناء تركي',NULL,NULL,NULL,'ar',NULL,NULL),(1290,662,'Turkish chestnut',NULL,NULL,NULL,'en',NULL,NULL),(1291,678,'عنب بيبي ايراني',NULL,NULL,NULL,'ar',NULL,NULL),(1292,678,'small grapes',NULL,NULL,NULL,'en',NULL,NULL),(1293,679,'شمام مشهدي',NULL,NULL,NULL,'ar',NULL,NULL),(1294,679,'irani melon',NULL,NULL,NULL,'en',NULL,NULL),(1295,681,'شمام اصفهاني',NULL,NULL,NULL,'ar',NULL,NULL),(1296,681,'irani melon',NULL,NULL,NULL,'en',NULL,NULL),(1297,682,'شمام كرتون',NULL,NULL,NULL,'ar',NULL,NULL),(1298,682,'melon',NULL,NULL,NULL,'en',NULL,NULL),(1299,683,'شمام',NULL,NULL,NULL,'ar',NULL,NULL),(1300,683,'melon',NULL,NULL,NULL,'en',NULL,NULL);

--
