
--
-- Table structure for table `oauth_auth_codes`
--

CREATE TABLE `oauth_auth_codes` (
  `id` varchar(100) CHARACTER SET utf8mb4 COLLATE utf8mb4_unicode_ci NOT NULL,
  `user_id` bigint unsigned NOT NULL,
  `client_id` bigint unsigned NOT NULL,
  `scopes` text CHARACTER SET utf8mb4 COLLATE utf8mb4_unicode_ci,
  `revoked` tinyint(1) NOT NULL,
  `expires_at` datetime DEFAULT NULL,
  PRIMARY KEY (`id`),
  KEY `oauth_auth_codes_user_id_index` (`user_id`)
) ENGINE=InnoDB DEFAULT CHARSET=utf8mb4 COLLATE=utf8mb4_unicode_ci;

--
-- Dumping data for table `oauth_auth_codes`
--


--
-- Table structure for table `oauth_clients`
--

CREATE TABLE `oauth_clients` (
  `id` bigint unsigned NOT NULL AUTO_INCREMENT,
  `user_id` bigint unsigned DEFAULT NULL,
  `name` varchar(191) CHARACTER SET utf8mb4 COLLATE utf8mb4_unicode_ci NOT NULL,
  `secret` varchar(100) CHARACTER SET utf8mb4 COLLATE utf8mb4_unicode_ci DEFAULT NULL,
  `redirect` text CHARACTER SET utf8mb4 COLLATE utf8mb4_unicode_ci NOT NULL,
  `personal_access_client` tinyint(1) NOT NULL,
  `password_client` tinyint(1) NOT NULL,
  `revoked` tinyint(1) NOT NULL,
  `created_at` timestamp NULL DEFAULT NULL,
  `updated_at` timestamp NULL DEFAULT NULL,
  PRIMARY KEY (`id`),
  KEY `oauth_clients_user_id_index` (`user_id`)
) ENGINE=InnoDB AUTO_INCREMENT=3 DEFAULT CHARSET=utf8mb4 COLLATE=utf8mb4_unicode_ci;

--
-- Dumping data for table `oauth_clients`
--

INSERT INTO `oauth_clients` (`id`, `user_id`, `name`, `secret`, `redirect`, `personal_access_client`, `password_client`, `revoked`, `created_at`, `updated_at`) VALUES (1,NULL,'Laravel Personal Access Client','nD9tLftO9yPuy9sexRpd1V1t5XwhgI0JADl5isNk','http://localhost',1,0,0,'2020-07-29 17:24:28','2020-07-29 17:24:28'),(2,NULL,'Laravel Password Grant Client','Zx7wdRCKhy64fvpm3usbv6k56vLOV4E3gOZamV7w','http://localhost',0,1,0,'2020-07-29 17:24:28','2020-07-29 17:24:28');

--
-- Table structure for table `oauth_personal_access_clients`
--

CREATE TABLE `oauth_personal_access_clients` (
  `id` bigint unsigned NOT NULL AUTO_INCREMENT,
  `client_id` bigint unsigned NOT NULL,
  `created_at` timestamp NULL DEFAULT NULL,
  `updated_at` timestamp NULL DEFAULT NULL,
  PRIMARY KEY (`id`)
) ENGINE=InnoDB AUTO_INCREMENT=2 DEFAULT CHARSET=utf8mb4 COLLATE=utf8mb4_unicode_ci;

--
-- Dumping data for table `oauth_personal_access_clients`
--

INSERT INTO `oauth_personal_access_clients` (`id`, `client_id`, `created_at`, `updated_at`) VALUES (1,1,'2020-07-29 17:24:28','2020-07-29 17:24:28');

--
-- Table structure for table `oauth_refresh_tokens`
--

CREATE TABLE `oauth_refresh_tokens` (
  `id` varchar(100) CHARACTER SET utf8mb4 COLLATE utf8mb4_unicode_ci NOT NULL,
  `access_token_id` varchar(100) CHARACTER SET utf8mb4 COLLATE utf8mb4_unicode_ci NOT NULL,
  `revoked` tinyint(1) NOT NULL,
  `expires_at` datetime DEFAULT NULL,
  PRIMARY KEY (`id`)
) ENGINE=InnoDB DEFAULT CHARSET=utf8mb4 COLLATE=utf8mb4_unicode_ci;

--
-- Dumping data for table `oauth_refresh_tokens`
--


--
-- Table structure for table `offer_translations`
--

CREATE TABLE `offer_translations` (
  `id` int unsigned NOT NULL AUTO_INCREMENT,
  `offer_id` int unsigned NOT NULL,
  `name` varchar(191) CHARACTER SET utf8mb4 COLLATE utf8mb4_unicode_ci NOT NULL,
  `locale` varchar(191) CHARACTER SET utf8mb4 COLLATE utf8mb4_unicode_ci NOT NULL,
  `created_at` timestamp NULL DEFAULT NULL,
  `updated_at` timestamp NULL DEFAULT NULL,
  PRIMARY KEY (`id`),
  UNIQUE KEY `offer_translations_offer_id_locale_unique` (`offer_id`,`locale`),
  KEY `offer_translations_locale_index` (`locale`)
) ENGINE=InnoDB DEFAULT CHARSET=utf8mb4 COLLATE=utf8mb4_unicode_ci;

--
-- Dumping data for table `offer_translations`
--


--
-- Table structure for table `offers`
--

CREATE TABLE `offers` (
  `id` int unsigned NOT NULL AUTO_INCREMENT,
  `image` varchar(191) CHARACTER SET utf8mb4 COLLATE utf8mb4_unicode_ci NOT NULL,
  `status` tinyint(1) NOT NULL,
  `link_id` varchar(191) CHARACTER SET utf8mb4 COLLATE utf8mb4_unicode_ci NOT NULL,
  `show` enum('category','product') CHARACTER SET utf8mb4 COLLATE utf8mb4_unicode_ci NOT NULL,
  `user_id` int unsigned NOT NULL,
  `created_at` timestamp NULL DEFAULT NULL,
  `updated_at` timestamp NULL DEFAULT NULL,
  PRIMARY KEY (`id`),
  KEY `offers_user_id_foreign` (`user_id`)
) ENGINE=InnoDB DEFAULT CHARSET=utf8mb4 COLLATE=utf8mb4_unicode_ci;

--
-- Dumping data for table `offers`
--


--
-- Table structure for table `order_activations`
--

CREATE TABLE `order_activations` (
  `id` int unsigned NOT NULL AUTO_INCREMENT,
  `order_id` int unsigned DEFAULT NULL,
  `code` int NOT NULL,
  `phone` varchar(191) CHARACTER SET utf8mb4 COLLATE utf8mb4_unicode_ci DEFAULT NULL,
  `status` int NOT NULL DEFAULT '0',
  `created_at` timestamp NULL DEFAULT NULL,
  `updated_at` timestamp NULL DEFAULT NULL,
  PRIMARY KEY (`id`),
  KEY `order_activations_order_id_foreign` (`order_id`)
) ENGINE=InnoDB DEFAULT CHARSET=utf8mb4 COLLATE=utf8mb4_unicode_ci;

--
-- Dumping data for table `order_activations`
--


--
-- Table structure for table `order_coupons`
--

CREATE TABLE `order_coupons` (
  `id` int unsigned NOT NULL AUTO_INCREMENT,
  `order_id` int unsigned NOT NULL,
  `company_id` int unsigned DEFAULT NULL,
  `price` double NOT NULL,
  `discountprice` double NOT NULL,
  `code` varchar(191) CHARACTER SET utf8mb4 COLLATE utf8mb4_unicode_ci NOT NULL,
  `value` varchar(191) CHARACTER SET utf8mb4 COLLATE utf8mb4_unicode_ci NOT NULL,
  `created_at` timestamp NULL DEFAULT NULL,
  `updated_at` timestamp NULL DEFAULT NULL,
  `coupons_id` int unsigned DEFAULT NULL,
  `ids` varchar(191) CHARACTER SET utf8mb4 COLLATE utf8mb4_unicode_ci DEFAULT NULL,
  `type` varchar(191) CHARACTER SET utf8mb4 COLLATE utf8mb4_unicode_ci DEFAULT NULL,
  PRIMARY KEY (`id`),
  KEY `order_coupons_order_id_foreign` (`order_id`),
  KEY `order_coupons_company_id_foreign` (`company_id`),
  KEY `order_coupons_coupons_id_foreign` (`coupons_id`)
) ENGINE=InnoDB DEFAULT CHARSET=utf8mb4 COLLATE=utf8mb4_unicode_ci;

--
-- Dumping data for table `order_coupons`
--


--
-- Table structure for table `order_drivers`
--

CREATE TABLE `order_drivers` (
  `id` int unsigned NOT NULL AUTO_INCREMENT,
  `order_id` int unsigned NOT NULL,
  `user_id` int unsigned NOT NULL,
  `status` enum('true','false') CHARACTER SET utf8mb4 COLLATE utf8mb4_unicode_ci NOT NULL,
  `created_at` timestamp NULL DEFAULT NULL,
  `updated_at` timestamp NULL DEFAULT NULL,
  PRIMARY KEY (`id`),
  KEY `order_drivers_order_id_foreign` (`order_id`),
  KEY `order_drivers_user_id_foreign` (`user_id`)
) ENGINE=InnoDB DEFAULT CHARSET=utf8mb4 COLLATE=utf8mb4_unicode_ci;

--
-- Dumping data for table `order_drivers`
--


--
-- Table structure for table `order_free_products`
--

CREATE TABLE `order_free_products` (
  `id` int unsigned NOT NULL AUTO_INCREMENT,
  `order_id` int unsigned DEFAULT NULL,
  `company_id` int unsigned DEFAULT NULL,
  `product_id` int unsigned DEFAULT NULL,
  `created_at` timestamp NULL DEFAULT NULL,
  `updated_at` timestamp NULL DEFAULT NULL,
  PRIMARY KEY (`id`),
  KEY `order_free_products_order_id_foreign` (`order_id`),
  KEY `order_free_products_company_id_foreign` (`company_id`),
  KEY `order_free_products_product_id_foreign` (`product_id`)
) ENGINE=InnoDB DEFAULT CHARSET=utf8mb4 COLLATE=utf8mb4_unicode_ci;

--
-- Dumping data for table `order_free_products`
--


--
-- Table structure for table `order_product_features`
--

CREATE TABLE `order_product_features` (
  `id` bigint unsigned NOT NULL AUTO_INCREMENT,
  `order_product_id` int unsigned NOT NULL,
  `feature_id` int unsigned NOT NULL,
  `title` varchar(191) CHARACTER SET utf8mb4 COLLATE utf8mb4_unicode_ci NOT NULL,
  `price` int NOT NULL,
  `count` int DEFAULT NULL,
  `created_at` timestamp NULL DEFAULT NULL,
  `updated_at` timestamp NULL DEFAULT NULL,
  `product_id` int unsigned DEFAULT NULL,
  `option_id` int unsigned DEFAULT NULL,
  PRIMARY KEY (`id`),
  KEY `order_product_features_order_product_id_foreign` (`order_product_id`),
  KEY `order_product_features_feature_id_foreign` (`feature_id`),
  KEY `order_product_features_product_id_foreign` (`product_id`),
  KEY `order_product_features_option_id_foreign` (`option_id`)
) ENGINE=InnoDB DEFAULT CHARSET=utf8mb4 COLLATE=utf8mb4_unicode_ci;

--
-- Dumping data for table `order_product_features`
--


--
-- Table structure for table `order_product_gifts`
--

CREATE TABLE `order_product_gifts` (
  `id` int unsigned NOT NULL AUTO_INCREMENT,
  `order_id` int unsigned NOT NULL,
  `product_orders_id` int unsigned NOT NULL,
  `product_id` int unsigned NOT NULL,
  `created_at` timestamp NULL DEFAULT NULL,
  `updated_at` timestamp NULL DEFAULT NULL,
  PRIMARY KEY (`id`),
  KEY `order_product_gifts_order_id_foreign` (`order_id`),
  KEY `order_product_gifts_product_orders_id_foreign` (`product_orders_id`),
  KEY `order_product_gifts_product_id_foreign` (`product_id`)
) ENGINE=InnoDB DEFAULT CHARSET=utf8mb4 COLLATE=utf8mb4_unicode_ci;

--
-- Dumping data for table `order_product_gifts`
--


--
-- Table structure for table `order_shipping`
--

CREATE TABLE `order_shipping` (
  `id` int unsigned NOT NULL AUTO_INCREMENT,
  `order_id` int unsigned NOT NULL,
  `address` varchar(191) CHARACTER SET utf8mb4 COLLATE utf8mb4_unicode_ci DEFAULT NULL,
  `user_mobile` varchar(191) CHARACTER SET utf8mb4 COLLATE utf8mb4_unicode_ci DEFAULT NULL,
  `region_id` int unsigned DEFAULT NULL,
  `block` varchar(191) CHARACTER SET utf8mb4 COLLATE utf8mb4_unicode_ci DEFAULT NULL,
  `gada` varchar(191) CHARACTER SET utf8mb4 COLLATE utf8mb4_unicode_ci DEFAULT NULL,
  `jada` varchar(191) CHARACTER SET utf8mb3 COLLATE utf8mb3_general_ci DEFAULT NULL,
  `building` varchar(191) CHARACTER SET utf8mb4 COLLATE utf8mb4_unicode_ci DEFAULT NULL,
  `floor` varchar(191) CHARACTER SET utf8mb4 COLLATE utf8mb4_unicode_ci DEFAULT NULL,
  `room_number` varchar(191) CHARACTER SET utf8mb4 COLLATE utf8mb4_unicode_ci DEFAULT NULL,
  `add_description` text CHARACTER SET utf8mb4 COLLATE utf8mb4_unicode_ci,
  `created_at` timestamp NULL DEFAULT NULL,
  `updated_at` timestamp NULL DEFAULT NULL,
  `address_latitude` double DEFAULT NULL,
  `address_longitude` double DEFAULT NULL,
  `street` varchar(191) CHARACTER SET utf8mb4 COLLATE utf8mb4_unicode_ci DEFAULT NULL,
  PRIMARY KEY (`id`),
  KEY `order_shipping_order_id_foreign` (`order_id`),
  KEY `order_shipping_region_id_foreign` (`region_id`)
) ENGINE=InnoDB AUTO_INCREMENT=27 DEFAULT CHARSET=utf8mb4 COLLATE=utf8mb4_unicode_ci;

--
-- Dumping data for table `order_shipping`
--

INSERT INTO `order_shipping` (`id`, `order_id`, `address`, `user_mobile`, `region_id`, `block`, `gada`, `jada`, `building`, `floor`, `room_number`, `add_description`, `created_at`, `updated_at`, `address_latitude`, `address_longitude`, `street`) VALUES (1,1,'2','67782374',45,'hj','vv',NULL,'85','85','855',NULL,NULL,NULL,NULL,NULL,NULL),(2,2,'2','67782374',45,'hj','vv',NULL,'85','85','855',NULL,NULL,NULL,NULL,NULL,NULL),(3,3,'2','67782374',45,'hj','vv',NULL,'85','85','855',NULL,NULL,NULL,NULL,NULL,NULL),(4,4,'2','67782374',46,'hj','vv',NULL,'85','85','855',NULL,NULL,NULL,NULL,NULL,NULL),(5,5,'2','67782374',46,'hj','vv',NULL,'85','85','855',NULL,NULL,NULL,NULL,NULL,NULL),(6,7,'2','67782374',46,'hj','vv',NULL,'85','85','855',NULL,NULL,NULL,NULL,NULL,NULL),(7,8,'2','67782374',46,'hj','vv',NULL,'08885','08885','855',NULL,NULL,NULL,NULL,NULL,NULL),(8,9,'2','878787',46,'sdfds','fsdfsd',NULL,'sfdffs','sfdffs',NULL,NULL,NULL,NULL,NULL,NULL,NULL),(9,10,'2','44',47,'4','4',NULL,'4','4','4',NULL,NULL,NULL,NULL,NULL,NULL),(10,11,'2','44',47,'4','4',NULL,'4','4','4',NULL,NULL,NULL,NULL,NULL,NULL),(11,12,'2','44',46,'4','4',NULL,'4','4','4',NULL,NULL,NULL,NULL,NULL,NULL),(12,13,'2','try',45,'rt','ert',NULL,'tret','tret',NULL,NULL,NULL,NULL,NULL,NULL,NULL),(13,14,'2','878787',46,'sdfds','fsdfsd',NULL,'sfdffs','sfdffs',NULL,NULL,NULL,NULL,NULL,NULL,NULL),(14,25,'2','098765432',46,'5','fake',NULL,'2','2',NULL,NULL,NULL,NULL,NULL,NULL,NULL),(15,16,'2','67782374',46,'السللمية','88',NULL,'33','33',NULL,NULL,NULL,NULL,NULL,NULL,NULL),(16,26,'2','67782374',46,'السللمية','88',NULL,'33','33',NULL,NULL,NULL,NULL,NULL,NULL,NULL),(17,28,'2','67782374',46,'السللمية','88',NULL,'33','33',NULL,NULL,NULL,NULL,NULL,NULL,NULL),(18,29,'2','٥٥',47,'رز','اننن',NULL,'٥٥٦','٥٥٦','٨٨',NULL,NULL,NULL,NULL,NULL,NULL),(19,30,'2','٥٥',46,'رز','اننن',NULL,'٥٥٦','٥٥٦','٨٨',NULL,NULL,NULL,NULL,NULL,NULL),(20,34,'2','88',47,'gv','hhh',NULL,'5255','5255',NULL,NULL,NULL,NULL,NULL,NULL,NULL),(21,35,'4','96610819',70,'1',NULL,NULL,'55',NULL,NULL,NULL,'2022-07-02 01:53:03','2022-07-02 01:53:03',NULL,NULL,'42'),(22,36,'4','96610819',70,'1',NULL,NULL,'55',NULL,NULL,NULL,'2022-07-06 13:19:07','2022-07-06 13:19:07',NULL,NULL,'42'),(23,43,'2','66906588',50,'wredw','wadeewafd',NULL,'dsrfwes',NULL,NULL,NULL,'2023-04-01 18:18:36','2023-04-01 18:18:36',NULL,NULL,'easfrzqwa'),(24,44,'4','96610819',70,'1',NULL,NULL,'55',NULL,NULL,NULL,'2023-04-16 01:31:16','2023-04-16 01:31:16',NULL,NULL,'42'),(25,44,'4','96610819',70,'1',NULL,NULL,'55',NULL,NULL,NULL,'2023-04-16 01:31:18','2023-04-16 01:31:18',NULL,NULL,'42'),(26,45,'1','66906588',NULL,'wredw',NULL,NULL,'ertgdr',NULL,NULL,NULL,'2023-07-27 12:03:54','2023-07-27 12:03:54',NULL,NULL,'مكتب 15, عمارة الحوطي, الشرق شارع مبارك الكبير, الدور الرابع, 13044');

--
-- Table structure for table `ordercomments`
--

CREATE TABLE `ordercomments` (
  `id` int NOT NULL AUTO_INCREMENT,
  `user_id` int unsigned NOT NULL,
  `order_id` int unsigned NOT NULL,
  `comment` text CHARACTER SET utf8mb3 COLLATE utf8mb3_general_ci NOT NULL,
  `created_at` timestamp NULL DEFAULT NULL,
  `updated_at` timestamp NULL DEFAULT NULL,
  PRIMARY KEY (`id`),
  KEY `user_id` (`user_id`),
  KEY `order_id` (`order_id`)
) ENGINE=InnoDB DEFAULT CHARSET=latin1;

--
-- Dumping data for table `ordercomments`
--


--
-- Table structure for table `orders`
--

CREATE TABLE `orders` (
  `id` int unsigned NOT NULL AUTO_INCREMENT,
  `order_number` varchar(191) CHARACTER SET utf8mb4 COLLATE utf8mb4_unicode_ci DEFAULT NULL,
  `total_price` double(8,2) DEFAULT NULL,
  `user_id` int unsigned DEFAULT NULL,
  `gammely` tinyint DEFAULT NULL,
  `shipping_Type` int unsigned DEFAULT NULL,
  `delivery_time` date DEFAULT NULL,
  `status` varchar(191) CHARACTER SET utf8mb4 COLLATE utf8mb4_unicode_ci DEFAULT NULL,
  `payment_method` int unsigned DEFAULT NULL,
  `payment_status` enum('paid','unPaid') CHARACTER SET utf8mb4 COLLATE utf8mb4_unicode_ci DEFAULT NULL,
  `created_at` timestamp NULL DEFAULT NULL,
  `updated_at` timestamp NULL DEFAULT NULL,
  `order_done_date` timestamp NULL DEFAULT NULL,
  `orderType` enum('web','application') CHARACTER SET utf8mb4 COLLATE utf8mb4_unicode_ci DEFAULT NULL,
  `wantShipping` enum('0','1') CHARACTER SET utf8mb4 COLLATE utf8mb4_unicode_ci DEFAULT NULL,
  `payment_id` int DEFAULT NULL,
  `incart` tinyint DEFAULT '1',
  `mac_address` varchar(225) CHARACTER SET utf8mb4 COLLATE utf8mb4_unicode_ci DEFAULT NULL,
  `price_ship` float DEFAULT NULL,
  `delivery_date_time` varchar(191) CHARACTER SET utf8mb4 COLLATE utf8mb4_unicode_ci DEFAULT NULL,
  `DeviceToken` varchar(255) CHARACTER SET utf8mb4 COLLATE utf8mb4_unicode_ci DEFAULT NULL,
  `deleted_at` timestamp NULL DEFAULT NULL,
  PRIMARY KEY (`id`),
  KEY `orders_user_id_foreign` (`user_id`),
  KEY `orders_shipping_type_foreign` (`shipping_Type`),
  KEY `orders_delivery_time_foreign` (`delivery_time`),
  KEY `orders_payment_method_foreign` (`payment_method`),
  KEY `orders_delivery_date_time_foreign` (`delivery_date_time`)
) ENGINE=InnoDB AUTO_INCREMENT=46 DEFAULT CHARSET=utf8mb4 COLLATE=utf8mb4_unicode_ci;

--
-- Dumping data for table `orders`
--

INSERT INTO `orders` (`id`, `order_number`, `total_price`, `user_id`, `gammely`, `shipping_Type`, `delivery_time`, `status`, `payment_method`, `payment_status`, `created_at`, `updated_at`, `order_done_date`, `orderType`, `wantShipping`, `payment_id`, `incart`, `mac_address`, `price_ship`, `delivery_date_time`, `DeviceToken`, `deleted_at`) VALUES (1,'73784',2.00,NULL,0,3,NULL,'wait',1,'paid','2022-04-15 00:28:04','2022-04-15 00:40:30','2022-04-15 00:40:30','application','1',NULL,0,'DE979390-AD35-4966-AE88-3BC2E09CA1FC',2,NULL,NULL,NULL),(2,'78769',2.00,NULL,0,3,NULL,'wait',1,'paid','2022-04-15 00:41:07','2022-04-15 00:41:21','2022-04-15 00:41:21','application','1',NULL,0,'DE979390-AD35-4966-AE88-3BC2E09CA1FC',2,NULL,NULL,NULL),(3,'99770',2.00,NULL,0,3,NULL,'wait',1,'paid','2022-04-15 00:42:12','2022-04-15 00:42:23','2022-04-15 00:42:23','application','1',NULL,0,'DE979390-AD35-4966-AE88-3BC2E09CA1FC',2,NULL,NULL,NULL),(4,'65361',2.00,NULL,0,3,NULL,'wait',1,'paid','2022-04-15 00:48:35','2022-04-15 00:48:49','2022-04-15 00:48:49','application','1',NULL,0,'DE979390-AD35-4966-AE88-3BC2E09CA1FC',2,NULL,NULL,NULL),(5,'24395',2.00,NULL,0,3,NULL,'wait',1,'paid','2022-04-15 00:49:58','2022-04-15 01:52:13','2022-04-15 01:52:13','application','1',NULL,0,'DE979390-AD35-4966-AE88-3BC2E09CA1FC',2,NULL,NULL,NULL),(6,'37139',NULL,NULL,NULL,3,NULL,'wait',NULL,NULL,'2022-04-15 01:24:34','2022-04-15 01:24:34',NULL,NULL,NULL,NULL,1,'jibIZQ7gISjdeXFHTEsvqD91p0WG1Th56ASCcKbZ',NULL,NULL,NULL,NULL),(7,'76269',2.00,NULL,0,3,NULL,'wait',1,'paid','2022-04-15 01:52:44','2022-04-15 01:53:24','2022-04-15 01:53:24','application','1',NULL,0,'DE979390-AD35-4966-AE88-3BC2E09CA1FC',2,NULL,NULL,NULL),(8,'77103',62.00,NULL,0,3,NULL,'wait',1,'paid','2022-04-15 15:58:19','2022-04-15 15:58:53','2022-04-15 15:58:53','application','1',NULL,0,'DE979390-AD35-4966-AE88-3BC2E09CA1FC',2,NULL,NULL,NULL),(9,'28028',4.00,NULL,0,3,NULL,'wait',1,'paid','2022-04-15 18:03:50','2022-04-15 18:10:12','2022-04-15 18:10:12','application','1',NULL,0,'16B7531B-1341-4C8B-BD09-ADEAC31F8214',4,NULL,NULL,NULL),(10,'24338',2.00,NULL,0,3,NULL,'wait',1,'paid','2022-04-16 09:00:17','2022-04-16 09:04:23','2022-04-16 09:04:23','application','1',NULL,0,'3C7F70C5-B18F-4066-B7B8-42CED9879F07',2,NULL,NULL,NULL),(11,'42553',62.00,NULL,0,3,NULL,'wait',1,'paid','2022-04-16 09:04:43','2022-04-16 09:04:59','2022-04-16 09:04:59','application','1',NULL,0,'3C7F70C5-B18F-4066-B7B8-42CED9879F07',2,NULL,NULL,NULL),(12,'41744',2.00,NULL,0,3,NULL,'wait',1,'paid','2022-04-16 09:40:54','2022-04-16 09:41:14','2022-04-16 09:41:14','application','1',NULL,0,'3C7F70C5-B18F-4066-B7B8-42CED9879F07',2,NULL,NULL,NULL),(13,'44137',9.50,NULL,0,3,NULL,'wait',1,'paid','2022-04-16 09:45:33','2022-04-16 09:46:00','2022-04-16 09:46:00','application','1',NULL,0,'985F2213-E5FF-4676-A157-D1036FBC93B7',2,NULL,NULL,NULL),(14,'76729',2.00,NULL,0,3,NULL,'refused',1,'paid','2022-04-16 09:54:55','2022-04-16 21:23:43','2022-04-16 09:55:10','application','1',NULL,0,'16B7531B-1341-4C8B-BD09-ADEAC31F8214',2,NULL,NULL,NULL),(15,'96224',NULL,NULL,0,3,NULL,'wait',NULL,NULL,'2022-04-16 12:43:07','2022-04-16 12:43:07',NULL,'application','1',NULL,1,'F5EBD0CD-A094-4759-8DEF-3686289FEC3F',NULL,NULL,NULL,NULL),(16,'33529',122.00,NULL,0,3,NULL,'wait',1,'paid','2022-04-16 13:21:20','2022-04-17 19:41:07','2022-04-17 19:41:07','application','1',NULL,0,'DFAF5A4B-624E-4920-809B-E47A1CDA0C09',2,NULL,NULL,NULL),(17,'79793',NULL,NULL,0,3,NULL,'wait',NULL,NULL,'2022-04-16 13:22:44','2022-04-16 13:22:44',NULL,'application','1',NULL,1,'7CC1A38F-F12D-43A5-9AAD-EDC9798907A6',NULL,NULL,NULL,NULL),(18,'52793',NULL,NULL,0,3,NULL,'wait',NULL,NULL,'2022-04-16 15:08:27','2022-04-16 15:08:27',NULL,'application','1',NULL,1,'25E5C3BF-B171-4DD7-B318-BF88B8F10BE1',NULL,NULL,NULL,NULL),(19,'58604',NULL,NULL,NULL,3,NULL,'wait',NULL,NULL,'2022-04-16 17:44:17','2022-04-16 17:44:17',NULL,NULL,NULL,NULL,1,'LIsF7SkkqmmAiglKAldhqIQWYn386AwVbWKCgxw9',NULL,NULL,NULL,NULL),(20,'62434',NULL,NULL,NULL,3,NULL,'wait',NULL,NULL,'2022-04-16 21:03:30','2022-04-16 21:03:30',NULL,NULL,NULL,NULL,1,'bhYVuMF8VA922EmN68Ql5Z36fmOuMUS2xzPzkPXq',NULL,NULL,NULL,NULL),(21,'85873',NULL,NULL,0,3,NULL,'wait',NULL,NULL,'2022-04-17 00:46:55','2022-04-17 00:47:20',NULL,'application','1',NULL,1,'F3DBAA37-9014-431C-B73D-918CFDAD8B72',NULL,NULL,NULL,'2022-04-17 00:47:20'),(22,'49657',NULL,NULL,0,3,NULL,'wait',NULL,NULL,'2022-04-17 10:54:36','2022-04-17 11:01:40',NULL,'application','1',NULL,1,'3F78DC61-7887-4418-A3C6-47D487E6D9BC',NULL,NULL,NULL,'2022-04-17 11:01:40'),(23,'26940',NULL,NULL,0,3,NULL,'wait',NULL,NULL,'2022-04-17 11:01:50','2022-04-17 11:01:50',NULL,'application','1',NULL,1,'3F78DC61-7887-4418-A3C6-47D487E6D9BC',NULL,NULL,NULL,NULL),(24,'14207',NULL,NULL,0,3,NULL,'wait',NULL,NULL,'2022-04-17 12:39:08','2022-04-17 12:39:08',NULL,'application','1',NULL,1,'9A837931-3D2D-4480-B86D-D6C2E6BCCFE2',NULL,NULL,NULL,NULL),(25,'15081',12.00,NULL,0,3,NULL,'wait',1,'paid','2022-04-17 13:09:38','2022-04-17 13:10:15','2022-04-17 13:10:15','application','1',NULL,0,'F59761AB-1959-4883-BBDC-F0C897CEA074',2,NULL,NULL,NULL),(26,'19922',19.00,NULL,0,3,NULL,'wait',1,'paid','2022-04-17 19:41:27','2022-04-19 14:34:42','2022-04-19 14:34:42','application','1',NULL,0,'DFAF5A4B-624E-4920-809B-E47A1CDA0C09',4,NULL,NULL,NULL),(27,'96332',NULL,NULL,0,3,NULL,'wait',NULL,NULL,'2022-04-18 00:17:01','2022-04-18 00:17:01',NULL,'application','1',NULL,1,'70060B47-3C92-4EC7-9EF7-62FC8BD332D1',NULL,NULL,NULL,NULL),(28,'77012',12.00,NULL,0,3,NULL,'wait',1,'paid','2022-04-19 14:35:08','2022-04-19 14:35:23','2022-04-19 14:35:23','application','1',NULL,0,'DFAF5A4B-624E-4920-809B-E47A1CDA0C09',2,NULL,NULL,NULL),(29,'2347',2.00,NULL,0,3,NULL,'wait',1,'paid','2022-04-22 19:44:50','2022-04-22 19:45:48','2022-04-22 19:45:48','application','1',NULL,0,'DFAF5A4B-624E-4920-809B-E47A1CDA0C09',2,NULL,NULL,NULL),(30,'72479',2.00,NULL,0,3,NULL,'wait',1,'paid','2022-04-22 19:46:45','2022-04-22 19:47:12','2022-04-22 19:47:12','application','1',NULL,0,'DFAF5A4B-624E-4920-809B-E47A1CDA0C09',2,NULL,NULL,NULL),(31,'67489',NULL,NULL,0,3,NULL,'wait',NULL,NULL,'2022-04-22 19:49:46','2023-02-02 11:59:15',NULL,'application','1',NULL,1,'3CA7A7E9-18A1-4C8B-B673-711E499AE553',NULL,NULL,NULL,'2023-02-02 11:59:15'),(32,'5281',NULL,NULL,0,3,NULL,'wait',NULL,NULL,'2022-05-15 19:42:04','2022-05-15 19:42:14',NULL,'application','1',NULL,1,'33A7FA9F-C8FE-40FC-9EF2-EA54FC5CF782',NULL,NULL,NULL,'2022-05-15 19:42:14'),(33,'32477',NULL,NULL,0,3,NULL,'wait',NULL,NULL,'2022-05-20 15:20:14','2022-05-20 15:20:14',NULL,'application','1',NULL,1,'66C2993A-2468-4CD6-9AC3-4461D89DFFAC',NULL,NULL,NULL,NULL),(34,'72693',2.00,NULL,0,3,NULL,'wait',1,'paid','2022-06-08 16:12:44','2022-06-08 16:13:35','2022-06-08 16:13:35','application','1',NULL,0,'DFAF5A4B-624E-4920-809B-E47A1CDA0C09',2,NULL,NULL,NULL),(35,'53603',13.00,NULL,NULL,3,NULL,'wait',0,'unPaid','2022-07-02 01:51:47','2022-07-02 01:53:18',NULL,NULL,NULL,NULL,1,'yrJ9GHEDmUVhC5ZseLUg4ObLZYqWcK1PIWEmZOjq',0,NULL,NULL,NULL),(36,'54070',13.00,NULL,NULL,3,NULL,'wait',0,'unPaid','2022-07-02 02:11:40','2022-07-06 13:19:07',NULL,NULL,NULL,NULL,1,'zjfcOVvNVCxGMRCGWiHIRY2ydeefUbgsGSFa9WKP',0,NULL,NULL,NULL),(37,'60238',NULL,NULL,NULL,3,NULL,'wait',NULL,NULL,'2022-07-04 08:17:06','2022-07-04 08:17:06',NULL,NULL,NULL,NULL,1,'34Omyt4t9Lo85vvEejDQNQzpVnseW0OggbPJjbSr',NULL,NULL,NULL,NULL),(38,'48870',NULL,NULL,NULL,3,NULL,'wait',NULL,NULL,'2022-07-06 13:20:21','2022-07-06 13:20:21',NULL,NULL,NULL,NULL,1,'k0hVH5QdVrgY8WDx1zXdw6obw0Y7ODoa1DcsD0r4',NULL,NULL,NULL,NULL),(39,'86952',NULL,NULL,NULL,3,NULL,'wait',NULL,NULL,'2022-07-06 13:25:51','2022-07-06 13:25:51',NULL,NULL,NULL,NULL,1,'Bp0kD5eZDpUR2qjuPx3k6CEI7ZkK2cPpfhRblJxa',NULL,NULL,NULL,NULL),(40,'3858',NULL,NULL,0,3,NULL,'wait',NULL,NULL,'2022-07-08 12:26:58','2022-07-08 12:26:58',NULL,'application','1',NULL,1,'C7BF25BC-3216-47E8-BFE6-2AFC29108C92',NULL,NULL,NULL,NULL),(41,'59401',NULL,NULL,0,3,NULL,'wait',NULL,NULL,'2023-02-09 11:16:16','2023-03-25 13:17:18',NULL,'application','1',NULL,1,'D43564BC-A4A9-43AF-BD15-22084F4AF922',NULL,NULL,NULL,'2023-03-25 13:17:18'),(42,'51944',NULL,NULL,NULL,3,NULL,'wait',NULL,NULL,'2023-03-23 22:22:43','2023-03-23 22:22:43',NULL,NULL,NULL,NULL,1,'39jUBGtvsqL7jcscMm8FnG0luDggkzSvj5QWHNDK',NULL,NULL,NULL,NULL),(43,'66075',22.50,NULL,NULL,3,NULL,'wait',0,'unPaid','2023-04-01 18:17:25','2023-04-01 18:18:36',NULL,NULL,NULL,NULL,1,'JI4ut6puVGUymnFsJDy85N1DtIUhV02yOhfsLG8w',0,NULL,NULL,NULL),(44,'10670',30.00,NULL,NULL,3,NULL,'wait',0,'unPaid','2023-04-16 01:30:26','2023-04-16 01:31:18',NULL,NULL,NULL,NULL,1,'7aVAUwN22eZfKpdzk882kk8qo3EacKDdPVzchHVc',0,NULL,NULL,NULL),(45,'13897',0.00,NULL,NULL,3,NULL,'wait',0,'unPaid','2023-07-27 12:03:35','2023-07-27 12:03:54',NULL,NULL,NULL,NULL,1,'ZJZsbK8IBPfwHA8Ppok5vpH9ubnBnhkgSDdAZL85',0,NULL,NULL,NULL);

--
-- Table structure for table `page_translations`
--

CREATE TABLE `page_translations` (
  `id` int unsigned NOT NULL AUTO_INCREMENT,
  `page_id` int unsigned NOT NULL,
  `name` varchar(191) CHARACTER SET utf8mb4 COLLATE utf8mb4_unicode_ci NOT NULL,
  `descrption` text CHARACTER SET utf8mb4 COLLATE utf8mb4_unicode_ci NOT NULL,
  `locale` varchar(191) CHARACTER SET utf8mb4 COLLATE utf8mb4_unicode_ci NOT NULL,
  `created_at` timestamp NULL DEFAULT NULL,
  `updated_at` timestamp NULL DEFAULT NULL,
  PRIMARY KEY (`id`),
  UNIQUE KEY `page_translations_page_id_locale_unique` (`page_id`,`locale`),
  KEY `page_translations_locale_index` (`locale`)
) ENGINE=InnoDB AUTO_INCREMENT=14 DEFAULT CHARSET=utf8mb4 COLLATE=utf8mb4_unicode_ci;

--
-- Dumping data for table `page_translations`
--

INSERT INTO `page_translations` (`id`, `page_id`, `name`, `descrption`, `locale`, `created_at`, `updated_at`) VALUES (1,1,'حمعلي','<div style=\"float:right\">&nbsp;\r\n<div><img alt=\"https://c.top4top.net/p_835y8ich1.png\" height=\"122\" src=\"https://c.top4top.net/p_835y8ich1.png\" width=\"136\" /></div>\r\n&nbsp;\r\n\r\n<p dir=\"RTL\" style=\"text-align:right\"><u><span style=\"font-size:18.0pt\">جمع لي:</span></u></p>\r\n\r\n<p dir=\"RTL\" style=\"text-align:right\">&nbsp;</p>\r\n\r\n<p dir=\"RTL\" style=\"text-align:right\"><span style=\"font-size:14.0pt\">جمع لي سلة تستطيع أن تجمع فيها مشترياتك من أكثر من شركة/محل لتصل إليك جميعها في الوقت المناسب الذي حددته مسبقاً بقيمة توصيل واحدة.</span></p>\r\nكيف يتم حساب قيمة توصيل جمع لي؟\r\n\r\n<p dir=\"RTL\" style=\"margin-left:0cm; margin-right:36.0pt; text-align:right\"><strong>&nbsp;قيمة التوصيل تتصاعد بمعدل 0.250د.ك ابتداءً من المورد/المحل الثالث مثال ذلك: الطلب يشمل أربع&nbsp;</strong></p>\r\n\r\n<p dir=\"RTL\" style=\"margin-left:0cm; margin-right:36.0pt; text-align:right\"><strong>المورد الأول والثاني قيمة التوصيل 1.250 د.ك</strong></p>\r\n\r\n<p dir=\"RTL\" style=\"margin-left:0cm; margin-right:36.0pt; text-align:right\"><strong>الثالث &nbsp; &nbsp; &nbsp; &nbsp; &nbsp; &nbsp; &nbsp; &nbsp; &nbsp; &nbsp; &nbsp; &nbsp; &nbsp; &nbsp; &nbsp; &nbsp;&nbsp; 0.250 د.ك</strong></p>\r\n\r\n<p dir=\"RTL\" style=\"margin-left:0cm; margin-right:36.0pt; text-align:right\"><strong>الرابع &nbsp; &nbsp; &nbsp; &nbsp; &nbsp; &nbsp; &nbsp; &nbsp; &nbsp; &nbsp; &nbsp; &nbsp; &nbsp; &nbsp; &nbsp; &nbsp;&nbsp; 0.250 د.ك</strong></p>\r\n\r\n<p dir=\"RTL\" style=\"margin-left:0cm; margin-right:36.0pt; text-align:right\"><strong>المجموع &nbsp; &nbsp; &nbsp; &nbsp; &nbsp; &nbsp; &nbsp; &nbsp; &nbsp; &nbsp; &nbsp; &nbsp; &nbsp; &nbsp; &nbsp; 1.750 د.ك</strong></p>\r\n</div>','ar',NULL,NULL),(2,1,'حمعلي','<div style=\"float:right\">&nbsp;\r\n<div style=\"font-family:Arial,Verdana; font-size:10pt; font-style:normal; font-variant-caps:normal; font-variant-ligatures:normal; font-weight:normal; text-align:center\"><img alt=\"https://c.top4top.net/p_835y8ich1.png\" height=\"122\" src=\"https://c.top4top.net/p_835y8ich1.png\" width=\"136\" /></div>\r\n\r\n<div style=\"font-style:normal; font-variant-caps:normal; font-variant-ligatures:normal; font-weight:normal; text-align:left\">&nbsp;</div>\r\n\r\n<div style=\"font-style:normal; font-variant-caps:normal; font-variant-ligatures:normal; font-weight:normal; text-align:left\">&nbsp;</div>\r\n\r\n<div style=\"font-style:normal; font-variant-caps:normal; font-variant-ligatures:normal; font-weight:normal; text-align:left\"><span style=\"font-family:Tahoma, Verdana, Arial, Helvetica, sans-serif\"><span style=\"background-color:#ffffff\">collect for me :</span></span></div>\r\n&nbsp;\r\n\r\n<div style=\"font-style:normal; font-variant-caps:normal; font-variant-ligatures:normal; font-weight:normal; text-align:justify\"><span style=\"background-color:white; font-family:Tahoma,Verdana,Arial,Helvetica,sans-serif; font-size:16px\">Collect for me a basket in which you can collect your purchases so that you all reach you at the time you previously set it for one delivery.</span></div>\r\n\r\n<div style=\"text-align:justify\">&nbsp;</div>\r\n\r\n<div style=\"text-align:justify\"><span style=\"background-color:white; font-family:Tahoma,Verdana,Arial,Helvetica,sans-serif; font-size:16px\">Important Service Information:</span></div>\r\n\r\n<div style=\"text-align:justify\">&nbsp;</div>\r\n\r\n<div style=\"text-align:justify\"><span style=\"background-color:white; font-family:Tahoma,Verdana,Arial,Helvetica,sans-serif; font-size:16px\">&nbsp;the purpose of the service is to:</span></div>\r\n\r\n<div style=\"text-align:justify\">&nbsp;</div>\r\n\r\n<div style=\"text-align:justify\"><span style=\"background-color:white; font-family:Tahoma,Verdana,Arial,Helvetica,sans-serif; font-size:16px\">Reduce the cost of connecting to the buyer.</span></div>\r\n\r\n<div style=\"text-align:justify\"><span style=\"background-color:white; font-family:Tahoma,Verdana,Arial,Helvetica,sans-serif; font-size:16px\">And set a time for the buyer to reach all their purchases.</span></div>\r\n\r\n<div style=\"text-align:justify\"><span style=\"background-color:white; font-family:Tahoma,Verdana,Arial,Helvetica,sans-serif; font-size:16px\">time Connection is selected by the buyer.</span></div>\r\n\r\n<div style=\"text-align:justify\">&nbsp;</div>\r\n\r\n<div style=\"text-align:justify\"><span style=\"background-color:white; font-family:Tahoma,Verdana,Arial,Helvetica,sans-serif; font-size:16px\">&nbsp;the order is from two or more shops and any order from one shop will be connected by the same shop.</span></div>\r\n\r\n<div style=\"text-align:justify\">&nbsp;</div>\r\n\r\n<div style=\"text-align:justify\"><span style=\"background-color:#ffffff\"><span style=\"font-family:Tahoma,Verdana,Arial,Helvetica,sans-serif; font-size:16px\">&nbsp;</span><span style=\"font-family:Tahoma,Verdana,Arial,Helvetica,sans-serif; font-size:16px\">t</span></span><span style=\"background-color:#ffffff; font-family:Tahoma,Verdana,Arial,Helvetica,sans-serif; font-size:16px\">he connection value is increasing at a rate of&nbsp;</span></div>\r\n\r\n<div style=\"text-align:justify\"><span style=\"font-family:Tahoma,Verdana,Arial,Helvetica,sans-serif\"><span style=\"font-size:medium\">0.250K.D starting from the third instance: The order includes four merchants</span></span></div>\r\n\r\n<div style=\"text-align:justify\"><span style=\"font-family:Tahoma,Verdana,Arial,Helvetica,sans-serif\"><span style=\"font-size:medium\">First and Second&nbsp; 1.250 KD</span></span></div>\r\n\r\n<div style=\"text-align:justify\"><span style=\"font-family:Tahoma,Verdana,Arial,Helvetica,sans-serif\"><span style=\"font-size:medium\">Third &nbsp; &nbsp; &nbsp; &nbsp; &nbsp; &nbsp; &nbsp; &nbsp;&nbsp; 0.250 KD</span></span></div>\r\n\r\n<div style=\"text-align:justify\"><span style=\"font-family:Tahoma,Verdana,Arial,Helvetica,sans-serif\"><span style=\"font-size:medium\">Fourth &nbsp; &nbsp; &nbsp; &nbsp; &nbsp; &nbsp; &nbsp;&nbsp; 0.250 KD</span></span></div>\r\n\r\n<div style=\"text-align:justify\"><span style=\"font-family:Tahoma,Verdana,Arial,Helvetica,sans-serif\"><span style=\"font-size:medium\">Total &nbsp; &nbsp; &nbsp; &nbsp; &nbsp; &nbsp; &nbsp; &nbsp;&nbsp; 1.750 KD&nbsp;</span></span></div>\r\n</div>','en',NULL,NULL),(3,2,'أسئلة وأجوبة','d','ar',NULL,NULL),(4,2,'جمعلي','d','en',NULL,NULL),(5,3,'الشروط والأحكام','هذه الاتفاقية القانونية (المشار إليها فيما بعد بعبارة &quot;الاتفاقية&quot;) تحدد وتحكم استخدامك لخدمة Game Center. من المهم قراءة وفهم الشروط والأحكام التالية، وبالنقر على كلمة &quot;أوافق&quot; &quot;AGREE&quot; فإنك توافق على أن هذه الأحكام والشروط ستـُـطبق في حالة ما إذا اخترت الوصول إلى خدمة Game Center أو استخدامها.] [بالنقر على كلمة أوافق فإنك توافق على أن هذه الأحكام والشروط ستـُـطبق في حالة ما إذا اخترت الوصول إلى خدمة Game Centerأو استخدامها.] وإذا كنت دون سن الرشد فعليك مراجعة هذه الاتفاقية مع أحد والديك أو ولي أمرك وذلك للتأكد من أنك ووالدك أو والدتك أو ولي أمرك تفهمانها','ar',NULL,NULL),(6,3,'TERMS & CONDITIONS','This legal agreement (&quot;Agreement&quot;) defines and governs your use of the Game Center Service. IMPORTANT TO READ AND UNDERSTAND THE FOLLOWING TERMS AND CONDITIONS, AND BY CLICKING ON &ldquo;AGREE&rdquo; YOU AGREE THAT THESE TERMS AND CONDITIONS WILL APPLY IF YOU CHOOSE TO ACCESS OR USE THE GAME CENTER SERVICE.] The Terms will apply if you choose to access or use the Game Center Service.] If you are under the age of majority, you should review this Agreement with your parent or guardian to ensure that you and your parent or guardian understand it.','en',NULL,NULL),(10,4,'من نحن','&zwnj;ج. في حالة ما إذا كنت شخصا بالغا، يـُحظر طلب أية معلومات شخصية أو غيرها من المعلومات من شخص قاصر (أي شخص دون سن الثامنة عشر (18) أو أي سن آخر يحدده القانون المحلي لاعتبار الشخص قاصرا) الذي لا يكون معروفا لك شخصيا، بما في ذلك على سبيل المثال لا الحصر أي من المعلومات التالية: الاسم الكامل أو اسم العائلة، عنوان المنزل، الرمز البريدي، رقم التليفون، صورة فوتوغرافية، عنوان البريد الإلكتروني، أو أسماء مدرسة القاصر أو كنيسته أو فريقه الرياضي أو أصدقائه؛','ar',NULL,NULL),(11,4,'من نحن','c. In the event that you are an adult, it is prohibited to request any personal or other information from a minor (i.e. a person under the age of eighteen (18) or any other age specified by local law as a minor) who is not known to you personally, including: This includes, but is not limited to, any of the following information: full or family name, home address, zip code, telephone number, photograph, email address, or the names of the minor&#39;s school, church, sports team or friends;','en',NULL,NULL),(12,5,'زز٧٦غ٥ز','٦اغ','ar',NULL,NULL),(13,5,'٥','٥٤ق٣ث','en',NULL,NULL);

--
-- Table structure for table `pages`
--

CREATE TABLE `pages` (
  `id` int unsigned NOT NULL AUTO_INCREMENT,
  `created_at` timestamp NULL DEFAULT NULL,
  `updated_at` timestamp NULL DEFAULT NULL,
  PRIMARY KEY (`id`)
) ENGINE=InnoDB AUTO_INCREMENT=5 DEFAULT CHARSET=utf8mb4 COLLATE=utf8mb4_unicode_ci;

--
-- Dumping data for table `pages`
--

INSERT INTO `pages` (`id`, `created_at`, `updated_at`) VALUES (3,'2022-03-27 09:42:28','2022-03-27 09:42:28'),(4,'2022-03-27 09:42:39','2022-03-27 09:42:39');

--
-- Table structure for table `password_resets`
--

CREATE TABLE `password_resets` (
  `email` varchar(191) CHARACTER SET utf8mb4 COLLATE utf8mb4_unicode_ci NOT NULL,
  `token` varchar(191) CHARACTER SET utf8mb4 COLLATE utf8mb4_unicode_ci NOT NULL,
  `created_at` timestamp NULL DEFAULT NULL,
  KEY `password_resets_email_index` (`email`)
) ENGINE=InnoDB DEFAULT CHARSET=utf8mb4 COLLATE=utf8mb4_unicode_ci;

--
-- Dumping data for table `password_resets`
--


--
-- Table structure for table `permission_role`
--

CREATE TABLE `permission_role` (
  `permission_id` int unsigned NOT NULL,
  `role_id` int unsigned NOT NULL,
  PRIMARY KEY (`permission_id`,`role_id`),
  KEY `permission_role_role_id_foreign` (`role_id`)
) ENGINE=InnoDB DEFAULT CHARSET=utf8mb4 COLLATE=utf8mb4_unicode_ci;

--
-- Dumping data for table `permission_role`
--

INSERT INTO `permission_role` (`permission_id`, `role_id`) VALUES (1,1),(2,1),(3,1),(4,1),(5,1),(6,1),(7,1),(8,1),(9,1),(10,1),(11,1),(12,1),(13,1),(14,1),(15,1),(16,1),(17,1),(18,1),(19,1),(20,1),(21,1),(22,1),(23,1),(24,1),(25,1),(26,1),(27,1),(28,1),(29,1),(30,1),(31,1),(32,1),(33,1),(34,1),(35,1),(36,1),(37,1),(38,1),(39,1),(40,1),(41,1),(42,1),(43,1),(44,1),(45,1),(46,1),(47,1),(48,1),(49,1),(50,1),(51,1),(52,1),(53,1),(54,1),(55,1),(56,1),(57,1),(58,1),(59,1),(60,1),(61,1),(62,1),(63,1),(64,1),(65,1),(66,1),(67,1),(68,1),(69,1),(70,1),(71,1),(72,1),(73,1),(74,1),(75,1),(76,1),(77,1),(78,1),(79,1),(80,1),(81,1),(82,1),(83,1),(84,1),(85,1),(86,1),(87,1),(88,1),(89,1),(90,1),(91,1),(92,1),(93,1),(94,1),(95,1),(96,1),(97,1),(98,1),(99,1),(100,1),(101,1),(102,1),(103,1),(104,1),(105,1),(106,1),(107,1),(108,1),(109,1),(110,1),(111,1),(112,1),(113,1),(114,1),(115,1),(116,1),(117,1),(73,23),(74,23),(75,23),(76,23),(89,23),(90,23),(91,23),(92,23),(109,23),(110,23),(22,24);

--
-- Table structure for table `permission_user`
--

CREATE TABLE `permission_user` (
  `permission_id` int unsigned NOT NULL,
  `user_id` int unsigned NOT NULL,
  `user_type` varchar(191) CHARACTER SET utf8mb4 COLLATE utf8mb4_unicode_ci NOT NULL,
  PRIMARY KEY (`user_id`,`permission_id`,`user_type`),
  KEY `permission_user_permission_id_foreign` (`permission_id`)
) ENGINE=InnoDB DEFAULT CHARSET=utf8mb4 COLLATE=utf8mb4_unicode_ci;

--
-- Dumping data for table `permission_user`
--


--
-- Table structure for table `permissions`
--

CREATE TABLE `permissions` (
  `id` int unsigned NOT NULL AUTO_INCREMENT,
  `name` varchar(191) CHARACTER SET utf8mb4 COLLATE utf8mb4_unicode_ci NOT NULL,
  `display_name` varchar(191) CHARACTER SET utf8mb4 COLLATE utf8mb4_unicode_ci DEFAULT NULL,
  `description` varchar(191) CHARACTER SET utf8mb4 COLLATE utf8mb4_unicode_ci DEFAULT NULL,
  `created_at` timestamp NULL DEFAULT NULL,
  `updated_at` timestamp NULL DEFAULT NULL,
  PRIMARY KEY (`id`),
  UNIQUE KEY `permissions_name_unique` (`name`)
) ENGINE=InnoDB AUTO_INCREMENT=118 DEFAULT CHARSET=utf8mb4 COLLATE=utf8mb4_unicode_ci;

--
-- Dumping data for table `permissions`
--

INSERT INTO `permissions` (`id`, `name`, `display_name`, `description`, `created_at`, `updated_at`) VALUES (1,'create_users','Create Users','Create Users','2020-06-02 05:32:54','2020-06-02 05:32:54'),(2,'read_users','Read Users','Read Users','2020-06-02 05:32:54','2020-06-02 05:32:54'),(3,'update_users','Update Users','Update Users','2020-06-02 05:32:54','2020-06-02 05:32:54'),(4,'delete_users','Delete Users','Delete Users','2020-06-02 05:32:54','2020-06-02 05:32:54'),(5,'create_roles','Create Roles','Create Roles','2020-06-02 05:32:54','2020-06-02 05:32:54'),(6,'read_roles','Read Roles','Read Roles','2020-06-02 05:32:54','2020-06-02 05:32:54'),(7,'update_roles','Update Roles','Update Roles','2020-06-02 05:32:54','2020-06-02 05:32:54'),(8,'delete_roles','Delete Roles','Delete Roles','2020-06-02 05:32:54','2020-06-02 05:32:54'),(9,'create_categories','Create Categories','Create Categories','2020-06-02 05:32:54','2020-06-02 05:32:54'),(10,'read_categories','Read Categories','Read Categories','2020-06-02 05:32:54','2020-06-02 05:32:54'),(11,'update_categories','Update Categories','Update Categories','2020-06-02 05:32:54','2020-06-02 05:32:54'),(12,'delete_categories','Delete Categories','Delete Categories','2020-06-02 05:32:54','2020-06-02 05:32:54'),(13,'create_languages','Create Languages','Create Languages','2020-06-02 05:32:54','2020-06-02 05:32:54'),(14,'read_languages','Read Languages','Read Languages','2020-06-02 05:32:54','2020-06-02 05:32:54'),(15,'update_languages','Update Languages','Update Languages','2020-06-02 05:32:54','2020-06-02 05:32:54'),(16,'delete_languages','Delete Languages','Delete Languages','2020-06-02 05:32:54','2020-06-02 05:32:54'),(17,'create_pages','Create Pages','Create Pages','2020-06-02 05:32:54','2020-06-02 05:32:54'),(18,'read_pages','Read Pages','Read Pages','2020-06-02 05:32:54','2020-06-02 05:32:54'),(19,'update_pages','Update Pages','Update Pages','2020-06-02 05:32:54','2020-06-02 05:32:54'),(20,'delete_pages','Delete Pages','Delete Pages','2020-06-02 05:32:54','2020-06-02 05:32:54'),(21,'create_settings','Create Settings','Create Settings','2020-06-02 05:32:54','2020-06-02 05:32:54'),(22,'read_settings','Read Settings','Read Settings','2020-06-02 05:32:54','2020-06-02 05:32:54'),(23,'update_settings','Update Settings','Update Settings','2020-06-02 05:32:54','2020-06-02 05:32:54'),(24,'delete_settings','Delete Settings','Delete Settings','2020-06-02 05:32:54','2020-06-02 05:32:54'),(25,'create_countries','Create Countries','Create Countries','2020-06-02 05:32:54','2020-06-02 05:32:54'),(26,'read_countries','Read Countries','Read Countries','2020-06-02 05:32:54','2020-06-02 05:32:54'),(27,'update_countries','Update Countries','Update Countries','2020-06-02 05:32:54','2020-06-02 05:32:54'),(28,'delete_countries','Delete Countries','Delete Countries','2020-06-02 05:32:54','2020-06-02 05:32:54'),(29,'create_governments','Create Governments','Create Governments','2020-06-02 05:32:54','2020-06-02 05:32:54'),(30,'read_governments','Read Governments','Read Governments','2020-06-02 05:32:54','2020-06-02 05:32:54'),(31,'update_governments','Update Governments','Update Governments','2020-06-02 05:32:54','2020-06-02 05:32:54'),(32,'delete_governments','Delete Governments','Delete Governments','2020-06-02 05:32:54','2020-06-02 05:32:54'),(33,'create_regions','Create Regions','Create Regions','2020-06-02 05:32:54','2020-06-02 05:32:54'),(34,'read_regions','Read Regions','Read Regions','2020-06-02 05:32:54','2020-06-02 05:32:54'),(35,'update_regions','Update Regions','Update Regions','2020-06-02 05:32:54','2020-06-02 05:32:54'),(36,'delete_regions','Delete Regions','Delete Regions','2020-06-02 05:32:54','2020-06-02 05:32:54'),(37,'create_sliders','Create Sliders','Create Sliders','2020-06-02 05:32:54','2020-06-02 05:32:54'),(38,'read_sliders','Read Sliders','Read Sliders','2020-06-02 05:32:54','2020-06-02 05:32:54'),(39,'update_sliders','Update Sliders','Update Sliders','2020-06-02 05:32:54','2020-06-02 05:32:54'),(40,'delete_sliders','Delete Sliders','Delete Sliders','2020-06-02 05:32:54','2020-06-02 05:32:54'),(41,'create_notifications','Create Notifications','Create Notifications','2020-06-02 05:32:54','2020-06-02 05:32:54'),(42,'read_notifications','Read Notifications','Read Notifications','2020-06-02 05:32:54','2020-06-02 05:32:54'),(43,'update_notifications','Update Notifications','Update Notifications','2020-06-02 05:32:54','2020-06-02 05:32:54'),(44,'delete_notifications','Delete Notifications','Delete Notifications','2020-06-02 05:32:54','2020-06-02 05:32:54'),(45,'create_clients','Create Clients','Create Clients','2020-06-02 05:32:54','2020-06-02 05:32:54'),(46,'read_clients','Read Clients','Read Clients','2020-06-02 05:32:54','2020-06-02 05:32:54'),(47,'update_clients','Update Clients','Update Clients','2020-06-02 05:32:54','2020-06-02 05:32:54'),(48,'delete_clients','Delete Clients','Delete Clients','2020-06-02 05:32:54','2020-06-02 05:32:54'),(49,'create_tagers','Create Tagers','Create Tagers','2020-06-02 05:32:54','2020-06-02 05:32:54'),(50,'read_tagers','Read Tagers','Read Tagers','2020-06-02 05:32:54','2020-06-02 05:32:54'),(51,'update_tagers','Update Tagers','Update Tagers','2020-06-02 05:32:54','2020-06-02 05:32:54'),(52,'delete_tagers','Delete Tagers','Delete Tagers','2020-06-02 05:32:54','2020-06-02 05:32:54'),(53,'create_memberships','Create Memberships','Create Memberships','2020-06-02 05:32:54','2020-06-02 05:32:54'),(54,'read_memberships','Read Memberships','Read Memberships','2020-06-02 05:32:54','2020-06-02 05:32:54'),(55,'update_memberships','Update Memberships','Update Memberships','2020-06-02 05:32:54','2020-06-02 05:32:54'),(56,'delete_memberships','Delete Memberships','Delete Memberships','2020-06-02 05:32:54','2020-06-02 05:32:54'),(57,'create_tecnicalSupports','Create TecnicalSupports','Create TecnicalSupports','2020-06-02 05:32:54','2020-06-02 05:32:54'),(58,'read_tecnicalSupports','Read TecnicalSupports','Read TecnicalSupports','2020-06-02 05:32:54','2020-06-02 05:32:54'),(59,'update_tecnicalSupports','Update TecnicalSupports','Update TecnicalSupports','2020-06-02 05:32:54','2020-06-02 05:32:54'),(60,'delete_tecnicalSupports','Delete TecnicalSupports','Delete TecnicalSupports','2020-06-02 05:32:54','2020-06-02 05:32:54'),(61,'create_shippings','Create Shippings','Create Shippings','2020-06-02 05:32:54','2020-06-02 05:32:54'),(62,'read_shippings','Read Shippings','Read Shippings','2020-06-02 05:32:54','2020-06-02 05:32:54'),(63,'update_shippings','Update Shippings','Update Shippings','2020-06-02 05:32:54','2020-06-02 05:32:54'),(64,'delete_shippings','Delete Shippings','Delete Shippings','2020-06-02 05:32:54','2020-06-02 05:32:54'),(65,'create_shippingsOptions','Create ShippingsOptions','Create ShippingsOptions','2020-06-02 05:32:54','2020-06-02 05:32:54'),(66,'read_shippingsOptions','Read ShippingsOptions','Read ShippingsOptions','2020-06-02 05:32:55','2020-06-02 05:32:55'),(67,'update_shippingsOptions','Update ShippingsOptions','Update ShippingsOptions','2020-06-02 05:32:55','2020-06-02 05:32:55'),(68,'delete_shippingsOptions','Delete ShippingsOptions','Delete ShippingsOptions','2020-06-02 05:32:55','2020-06-02 05:32:55'),(69,'create_transactiontypes','Create Transactiontypes','Create Transactiontypes','2020-06-02 05:32:55','2020-06-02 05:32:55'),(70,'read_transactiontypes','Read Transactiontypes','Read Transactiontypes','2020-06-02 05:32:55','2020-06-02 05:32:55'),(71,'update_transactiontypes','Update Transactiontypes','Update Transactiontypes','2020-06-02 05:32:55','2020-06-02 05:32:55'),(72,'delete_transactiontypes','Delete Transactiontypes','Delete Transactiontypes','2020-06-02 05:32:55','2020-06-02 05:32:55'),(73,'create_arrivals','Create Arrivals','Create Arrivals','2020-06-02 05:32:55','2020-06-02 05:32:55'),(74,'read_arrivals','Read Arrivals','Read Arrivals','2020-06-02 05:32:55','2020-06-02 05:32:55'),(75,'update_arrivals','Update Arrivals','Update Arrivals','2020-06-02 05:32:55','2020-06-02 05:32:55'),(76,'delete_arrivals','Delete Arrivals','Delete Arrivals','2020-06-02 05:32:55','2020-06-02 05:32:55'),(77,'create_shippingtypes','Create Shippingtypes','Create Shippingtypes','2020-06-02 05:32:55','2020-06-02 05:32:55'),(78,'read_shippingtypes','Read Shippingtypes','Read Shippingtypes','2020-06-02 05:32:55','2020-06-02 05:32:55'),(79,'update_shippingtypes','Update Shippingtypes','Update Shippingtypes','2020-06-02 05:32:55','2020-06-02 05:32:55'),(80,'delete_shippingtypes','Delete Shippingtypes','Delete Shippingtypes','2020-06-02 05:32:55','2020-06-02 05:32:55'),(81,'create_offers','Create Offers','Create Offers','2020-06-02 05:32:55','2020-06-02 05:32:55'),(82,'read_offers','Read Offers','Read Offers','2020-06-02 05:32:55','2020-06-02 05:32:55'),(83,'update_offers','Update Offers','Update Offers','2020-06-02 05:32:55','2020-06-02 05:32:55'),(84,'delete_offers','Delete Offers','Delete Offers','2020-06-02 05:32:55','2020-06-02 05:32:55'),(85,'create_companies','Create Companies','Create Companies','2020-06-02 05:32:55','2020-06-02 05:32:55'),(86,'read_companies','Read Companies','Read Companies','2020-06-02 05:32:55','2020-06-02 05:32:55'),(87,'update_companies','Update Companies','Update Companies','2020-06-02 05:32:55','2020-06-02 05:32:55'),(88,'delete_companies','Delete Companies','Delete Companies','2020-06-02 05:32:55','2020-06-02 05:32:55'),(89,'create_products','Create Products','Create Products','2020-06-02 05:32:55','2020-06-02 05:32:55'),(90,'read_products','Read Products','Read Products','2020-06-02 05:32:55','2020-06-02 05:32:55'),(91,'update_products','Update Products','Update Products','2020-06-02 05:32:55','2020-06-02 05:32:55'),(92,'delete_products','Delete Products','Delete Products','2020-06-02 05:32:55','2020-06-02 05:32:55'),(93,'create_brands','Create Brands','Create Brands','2020-06-02 05:32:55','2020-06-02 05:32:55'),(94,'read_brands','Read Brands','Read Brands','2020-06-02 05:32:55','2020-06-02 05:32:55'),(95,'update_brands','Update Brands','Update Brands','2020-06-02 05:32:55','2020-06-02 05:32:55'),(96,'delete_brands','Delete Brands','Delete Brands','2020-06-02 05:32:55','2020-06-02 05:32:55'),(97,'create_colors','Create Colors','Create Colors','2020-06-02 05:32:55','2020-06-02 05:32:55'),(98,'read_colors','Read Colors','Read Colors','2020-06-02 05:32:55','2020-06-02 05:32:55'),(99,'update_colors','Update Colors','Update Colors','2020-06-02 05:32:55','2020-06-02 05:32:55'),(100,'delete_colors','Delete Colors','Delete Colors','2020-06-02 05:32:55','2020-06-02 05:32:55'),(101,'create_content_mangement','Create Content_mangement','Create Content_mangement','2020-06-02 05:32:55','2020-06-02 05:32:55'),(102,'read_content_mangement','Read Content_mangement','Read Content_mangement','2020-06-02 05:32:55','2020-06-02 05:32:55'),(103,'update_content_mangement','Update Content_mangement','Update Content_mangement','2020-06-02 05:32:55','2020-06-02 05:32:55'),(104,'delete_content_mangement','Delete Content_mangement','Delete Content_mangement','2020-06-02 05:32:55','2020-06-02 05:32:55'),(105,'create_discount','Create Discount','Create Discount','2020-06-02 05:32:55','2020-06-02 05:32:55'),(106,'read_discount','Read Discount','Read Discount','2020-06-02 05:32:55','2020-06-02 05:32:55'),(107,'update_discount','Update Discount','Update Discount','2020-06-02 05:32:55','2020-06-02 05:32:55'),(108,'delete_discount','Delete Discount','Delete Discount','2020-06-02 05:32:55','2020-06-02 05:32:55'),(109,'create_orders','Create Orders','Create Orders','2020-06-02 05:32:55','2020-06-02 05:32:55'),(110,'read_orders','Read Orders','Read Orders','2020-06-02 05:32:55','2020-06-02 05:32:55'),(111,'update_orders','Update Orders','Update Orders','2020-06-02 05:32:55','2020-06-02 05:32:55'),(112,'delete_orders','Delete Orders','Delete Orders','2020-06-02 05:32:55','2020-06-02 05:32:55'),(113,'read_reports','Read Reports','Read Reports','2020-06-02 05:32:55','2020-06-02 05:32:55'),(114,'read_products_report','Read Products_report','Read Products_report','2020-06-02 05:32:55','2020-06-02 05:32:55'),(115,'read_suppliers_report','Read Suppliers_report','Read Suppliers_report','2020-06-02 05:32:55','2020-06-02 05:32:55'),(116,'read_jamali_report','Read Jamali_report','Read Jamali_report','2020-06-02 05:32:55','2020-06-02 05:32:55'),(117,'read_tager_report','Read Tager_report','Read Tager_report','2020-06-02 05:32:55','2020-06-02 05:32:55');

--
-- Table structure for table `product_categories`
--

CREATE TABLE `product_categories` (
  `id` int unsigned NOT NULL AUTO_INCREMENT,
  `product_id` int unsigned DEFAULT NULL,
  `category_id` int unsigned DEFAULT NULL,
  `created_at` timestamp NULL DEFAULT NULL,
  `updated_at` timestamp NULL DEFAULT NULL,
  PRIMARY KEY (`id`),
  KEY `product_categories_product_id_foreign` (`product_id`),
  KEY `product_categories_category_id_foreign` (`category_id`)
) ENGINE=InnoDB AUTO_INCREMENT=50 DEFAULT CHARSET=utf8mb4 COLLATE=utf8mb4_unicode_ci;

--
-- Dumping data for table `product_categories`
--

INSERT INTO `product_categories` (`id`, `product_id`, `category_id`, `created_at`, `updated_at`) VALUES (1,8,10,NULL,NULL),(2,7,10,NULL,NULL),(3,6,10,NULL,NULL),(4,5,10,NULL,NULL),(5,4,10,NULL,NULL),(6,3,10,NULL,NULL),(8,9,12,NULL,NULL),(9,10,12,NULL,NULL),(10,12,13,NULL,NULL),(11,11,13,NULL,NULL),(12,14,14,NULL,NULL),(13,13,14,NULL,NULL),(14,15,18,NULL,NULL),(15,2,1,NULL,NULL),(16,16,1,NULL,NULL),(17,17,1,NULL,NULL),(18,18,1,NULL,NULL),(19,19,1,NULL,NULL),(20,30,6,NULL,NULL),(21,29,6,NULL,NULL),(22,28,6,NULL,NULL),(23,27,6,NULL,NULL),(25,26,3,NULL,NULL),(26,25,6,NULL,NULL),(28,33,6,NULL,NULL),(29,32,6,NULL,NULL),(30,31,3,NULL,NULL),(31,35,3,NULL,NULL),(32,34,3,NULL,NULL),(33,36,4,NULL,NULL),(34,37,4,NULL,NULL),(35,38,4,NULL,NULL),(36,24,3,NULL,NULL),(37,40,7,NULL,NULL),(44,46,7,NULL,NULL),(45,45,7,NULL,NULL),(46,44,7,NULL,NULL),(47,43,7,NULL,NULL),(48,42,7,NULL,NULL),(49,41,7,NULL,NULL);

--
-- Table structure for table `product_colors`
--

CREATE TABLE `product_colors` (
  `id` bigint unsigned NOT NULL AUTO_INCREMENT,
  `product_id` int unsigned DEFAULT NULL,
  `color_id` int unsigned DEFAULT NULL,
  `imageColor` varchar(191) CHARACTER SET utf8mb4 COLLATE utf8mb4_unicode_ci DEFAULT NULL,
  `ColorCode` varchar(191) CHARACTER SET utf8mb4 COLLATE utf8mb4_unicode_ci DEFAULT NULL,
  `created_at` timestamp NULL DEFAULT NULL,
  `updated_at` timestamp NULL DEFAULT NULL,
  PRIMARY KEY (`id`),
  KEY `product_colors_product_id_foreign` (`product_id`),
  KEY `product_colors_color_id_foreign` (`color_id`)
) ENGINE=InnoDB DEFAULT CHARSET=utf8mb4 COLLATE=utf8mb4_unicode_ci;

--
-- Dumping data for table `product_colors`
--


--
-- Table structure for table `product_companies`
--

CREATE TABLE `product_companies` (
  `id` int unsigned NOT NULL AUTO_INCREMENT,
  `product_id` int unsigned NOT NULL,
  `company_id` int unsigned NOT NULL,
  `created_at` timestamp NULL DEFAULT NULL,
  `updated_at` timestamp NULL DEFAULT NULL,
  PRIMARY KEY (`id`),
  KEY `product_companies_product_id_foreign` (`product_id`),
  KEY `product_companies_company_id_foreign` (`company_id`)
) ENGINE=InnoDB DEFAULT CHARSET=utf8mb4 COLLATE=utf8mb4_unicode_ci;

--
-- Dumping data for table `product_companies`
--


--
-- Table structure for table `product_content_sections`
--

CREATE TABLE `product_content_sections` (
  `id` int unsigned NOT NULL AUTO_INCREMENT,
  `product_id` int unsigned DEFAULT NULL,
  `content_section_id` int unsigned DEFAULT NULL,
  `created_at` timestamp NULL DEFAULT NULL,
  `updated_at` timestamp NULL DEFAULT NULL,
  PRIMARY KEY (`id`),
  KEY `product_content_sections_product_id_foreign` (`product_id`),
  KEY `product_content_sections_content_section_id_foreign` (`content_section_id`)
) ENGINE=InnoDB DEFAULT CHARSET=utf8mb4 COLLATE=utf8mb4_unicode_ci;

--
-- Dumping data for table `product_content_sections`
--


--
-- Table structure for table `product_gifts`
--

CREATE TABLE `product_gifts` (
  `id` int unsigned NOT NULL AUTO_INCREMENT,
  `product_id` int unsigned NOT NULL,
  `gift_id` int unsigned NOT NULL,
  `created_at` timestamp NULL DEFAULT NULL,
  `updated_at` timestamp NULL DEFAULT NULL,
  PRIMARY KEY (`id`),
  KEY `product_gifts_product_id_foreign` (`product_id`),
  KEY `product_gifts_gift_id_foreign` (`gift_id`)
) ENGINE=InnoDB DEFAULT CHARSET=utf8mb4 COLLATE=utf8mb4_unicode_ci;

--
-- Dumping data for table `product_gifts`
--


--
-- Table structure for table `product_orders`
--

CREATE TABLE `product_orders` (
  `id` int unsigned NOT NULL AUTO_INCREMENT,
  `order_id` int unsigned NOT NULL,
  `product_id` int unsigned NOT NULL,
  `company_id` int unsigned DEFAULT NULL,
  `quantity` int NOT NULL DEFAULT '1',
  `option` text CHARACTER SET utf8mb4 COLLATE utf8mb4_unicode_ci NOT NULL,
  `price` decimal(8,2) NOT NULL,
  `shipping_cost` decimal(8,2) DEFAULT NULL,
  `created_at` timestamp NULL DEFAULT NULL,
  `updated_at` timestamp NULL DEFAULT NULL,
  `status_product` int NOT NULL,
  `messages` text CHARACTER SET utf8mb4 COLLATE utf8mb4_unicode_ci,
  PRIMARY KEY (`id`),
  KEY `product_orders_order_id_foreign` (`order_id`),
  KEY `product_orders_product_id_foreign` (`product_id`),
  KEY `product_orders_company_id_foreign` (`company_id`)
) ENGINE=InnoDB AUTO_INCREMENT=58 DEFAULT CHARSET=utf8mb4 COLLATE=utf8mb4_unicode_ci;

--
-- Dumping data for table `product_orders`
--

INSERT INTO `product_orders` (`id`, `order_id`, `product_id`, `company_id`, `quantity`, `option`, `price`, `shipping_cost`, `created_at`, `updated_at`, `status_product`, `messages`) VALUES (1,1,17,1,3,' ',0.00,2.00,'2022-04-15 00:28:04','2022-04-15 00:40:25',0,NULL),(2,2,17,1,1,' ',0.00,2.00,'2022-04-15 00:41:07','2022-04-15 00:41:16',0,NULL),(3,3,17,1,1,' ',0.00,2.00,'2022-04-15 00:42:12','2022-04-15 00:42:18',0,NULL),(4,4,19,1,1,' ',0.00,2.00,'2022-04-15 00:48:35','2022-04-15 00:48:43',0,NULL),(5,5,19,1,2,' ',0.00,2.00,'2022-04-15 00:49:58','2022-04-15 01:52:02',0,NULL),(6,6,19,NULL,1,' ',0.00,NULL,'2022-04-15 01:24:34','2022-04-15 01:24:34',0,NULL),(7,7,18,1,1,' ',0.00,2.00,'2022-04-15 01:52:44','2022-04-15 01:52:54',0,NULL),(8,8,38,1,1,' ',60.00,2.00,'2022-04-15 15:58:19','2022-04-15 15:58:34',0,NULL),(9,9,29,1,1,' ',0.00,2.00,'2022-04-15 18:03:50','2022-04-15 18:10:08',0,NULL),(10,9,16,1,1,' ',0.00,2.00,'2022-04-15 18:05:50','2022-04-15 18:10:08',0,NULL),(11,10,19,1,1,' ',0.00,2.00,'2022-04-16 09:00:17','2022-04-16 09:04:18',0,NULL),(12,11,35,1,1,' ',60.00,2.00,'2022-04-16 09:04:43','2022-04-16 09:04:50',0,NULL),(13,12,19,1,1,' ',0.00,2.00,'2022-04-16 09:40:54','2022-04-16 09:41:04',0,NULL),(14,13,32,1,1,' ',7.50,2.00,'2022-04-16 09:45:33','2022-04-16 09:45:52',0,NULL),(15,14,18,1,1,' ',0.00,2.00,'2022-04-16 09:54:55','2022-04-16 09:55:06',0,NULL),(16,15,35,1,1,' ',60.00,NULL,'2022-04-16 12:43:07','2022-04-16 12:43:07',0,NULL),(17,16,35,1,2,' ',60.00,2.00,'2022-04-16 13:21:20','2022-04-17 19:40:56',0,NULL),(18,17,38,1,1,' ',60.00,1.50,'2022-04-16 13:22:44','2022-04-16 13:23:12',0,NULL),(19,18,38,1,1,' ',60.00,1.50,'2022-04-16 15:08:27','2022-04-16 15:10:14',0,NULL),(20,19,18,NULL,1,' ',0.00,NULL,'2022-04-16 17:44:17','2022-04-16 17:44:17',0,NULL),(21,20,24,NULL,1,' ',10.00,NULL,'2022-04-16 21:03:30','2022-04-16 21:03:30',0,NULL),(22,20,17,NULL,1,' ',0.00,NULL,'2022-04-16 21:03:52','2022-04-16 21:03:52',0,NULL),(23,21,38,1,2,' ',60.00,NULL,'2022-04-17 00:46:55','2022-04-17 00:47:04',0,NULL),(25,22,18,1,1,' ',0.00,2.00,'2022-04-17 10:55:09','2022-04-17 10:58:34',0,NULL),(26,23,19,1,2,' ',0.00,2.00,'2022-04-17 11:01:50','2022-04-17 11:02:13',0,NULL),(27,24,38,1,2,' ',60.00,NULL,'2022-04-17 12:39:08','2022-04-17 12:40:25',0,NULL),(28,25,34,1,1,' ',10.00,2.00,'2022-04-17 13:09:38','2022-04-17 13:10:05',0,NULL),(29,26,19,1,4,' ',0.00,2.00,'2022-04-17 19:41:27','2022-04-19 14:34:38',0,NULL),(30,26,32,1,2,' ',7.50,2.00,'2022-04-18 00:05:14','2022-04-19 14:34:38',0,NULL),(31,27,38,1,1,' ',60.00,NULL,'2022-04-18 00:17:01','2022-04-18 00:17:01',0,NULL),(32,28,33,1,1,' ',10.00,2.00,'2022-04-19 14:35:08','2022-04-19 14:35:15',0,NULL),(33,29,18,1,1,' ',0.00,2.00,'2022-04-22 19:44:50','2022-04-22 19:45:20',0,NULL),(34,30,19,1,1,' ',0.00,2.00,'2022-04-22 19:46:45','2022-04-22 19:46:54',0,NULL),(35,31,35,1,1,' ',60.00,1.00,'2022-04-22 19:49:46','2022-04-22 19:50:29',0,NULL),(36,32,17,1,1,' ',0.00,NULL,'2022-05-15 19:42:04','2022-05-15 19:42:04',0,NULL),(37,33,38,1,1,' ',60.00,NULL,'2022-05-20 15:20:14','2022-05-20 15:20:14',0,NULL),(38,34,18,1,2,' ',0.00,2.00,'2022-06-08 16:12:44','2022-06-08 16:13:14',0,NULL),(39,35,40,NULL,1,' ',13.00,NULL,'2022-07-02 01:51:47','2022-07-03 09:02:41',0,NULL),(40,36,40,NULL,1,' ',13.00,NULL,'2022-07-02 02:11:40','2022-07-02 02:11:40',0,NULL),(41,35,18,NULL,1,' ',0.00,NULL,'2022-07-02 02:14:54','2022-07-02 02:14:54',0,NULL),(42,37,17,NULL,1,' ',0.00,NULL,'2022-07-04 08:17:06','2022-07-04 08:17:06',0,NULL),(43,37,18,NULL,1,' ',0.00,NULL,'2022-07-04 08:17:19','2022-07-04 08:17:19',0,NULL),(44,37,24,NULL,1,' ',10.00,NULL,'2022-07-04 08:17:25','2022-07-04 08:17:25',0,NULL),(45,36,41,NULL,1,' ',13.00,NULL,'2022-07-06 13:14:45','2022-07-06 13:14:45',0,NULL),(46,38,35,NULL,2,' ',60.00,NULL,'2022-07-06 13:20:21','2022-07-06 13:20:22',0,NULL),(48,39,41,NULL,1,' ',13.00,NULL,'2022-07-06 13:26:30','2022-07-06 13:26:30',0,NULL),(49,39,17,NULL,1,' ',0.00,NULL,'2022-07-06 13:30:45','2022-07-06 13:30:45',0,NULL),(50,39,16,NULL,1,' ',0.00,NULL,'2022-07-06 19:01:06','2022-07-06 19:01:06',0,NULL),(51,40,46,1,4,' ',8.00,NULL,'2022-07-08 12:26:58','2022-07-08 12:27:26',0,NULL),(52,41,46,1,1,' ',8.00,1.41,'2023-02-09 11:16:16','2023-02-09 11:17:27',0,NULL),(53,42,19,NULL,1,' ',0.00,NULL,'2023-03-23 22:22:43','2023-03-23 22:22:43',0,NULL),(54,42,18,NULL,1,' ',0.00,NULL,'2023-03-23 22:23:12','2023-03-23 22:23:12',0,NULL),(55,43,32,NULL,3,' ',7.50,NULL,'2023-04-01 18:17:25','2023-04-01 18:17:35',0,NULL),(56,44,31,NULL,1,' ',30.00,NULL,'2023-04-16 01:30:26','2023-04-16 01:30:26',0,NULL),(57,45,16,NULL,3,' ',0.00,NULL,'2023-07-27 12:03:35','2023-07-27 12:03:38',0,NULL);

--
-- Table structure for table `product_otherdatas`
--

CREATE TABLE `product_otherdatas` (
  `id` bigint unsigned NOT NULL AUTO_INCREMENT,
  `product_id` int unsigned DEFAULT NULL,
  `input_key_ar` varchar(191) CHARACTER SET utf8mb4 COLLATE utf8mb4_unicode_ci NOT NULL,
  `input_value_ar` varchar(191) CHARACTER SET utf8mb4 COLLATE utf8mb4_unicode_ci NOT NULL,
  `input_key_en` varchar(191) CHARACTER SET utf8mb4 COLLATE utf8mb4_unicode_ci DEFAULT NULL,
  `input_value_en` varchar(191) CHARACTER SET utf8mb4 COLLATE utf8mb4_unicode_ci DEFAULT NULL,
  `created_at` timestamp NULL DEFAULT NULL,
  `updated_at` timestamp NULL DEFAULT NULL,
  PRIMARY KEY (`id`),
  KEY `product_otherdatas_product_id_foreign` (`product_id`)
) ENGINE=InnoDB DEFAULT CHARSET=utf8mb4 COLLATE=utf8mb4_unicode_ci;

--
-- Dumping data for table `product_otherdatas`
--


--
-- Table structure for table `product_size_colors`
--

CREATE TABLE `product_size_colors` (
  `id` bigint unsigned NOT NULL AUTO_INCREMENT,
  `size_id` bigint unsigned DEFAULT NULL,
  `color_id` bigint unsigned DEFAULT NULL,
  `product_id` int unsigned DEFAULT NULL,
  `amount` int NOT NULL,
  `price` decimal(8,2) NOT NULL,
  `created_at` timestamp NULL DEFAULT NULL,
  `updated_at` timestamp NULL DEFAULT NULL,
  PRIMARY KEY (`id`),
  KEY `product_size_colors_size_id_foreign` (`size_id`),
  KEY `product_size_colors_color_id_foreign` (`color_id`),
  KEY `product_size_colors_product_id_foreign` (`product_id`)
) ENGINE=InnoDB DEFAULT CHARSET=utf8mb4 COLLATE=utf8mb4_unicode_ci;

--
-- Dumping data for table `product_size_colors`
--


--
-- Table structure for table `product_size_translations`
--

CREATE TABLE `product_size_translations` (
  `id` int unsigned NOT NULL AUTO_INCREMENT,
  `product_size_id` bigint unsigned NOT NULL,
  `titleSize` varchar(191) CHARACTER SET utf8mb4 COLLATE utf8mb4_unicode_ci DEFAULT NULL,
  `locale` varchar(191) CHARACTER SET utf8mb4 COLLATE utf8mb4_unicode_ci NOT NULL,
  `created_at` timestamp NULL DEFAULT NULL,
  `updated_at` timestamp NULL DEFAULT NULL,
  PRIMARY KEY (`id`),
  UNIQUE KEY `product_size_translations_product_size_id_locale_unique` (`product_size_id`,`locale`)
) ENGINE=InnoDB DEFAULT CHARSET=utf8mb4 COLLATE=utf8mb4_unicode_ci;

--
-- Dumping data for table `product_size_translations`
--


--
-- Table structure for table `product_sizes`
--

CREATE TABLE `product_sizes` (
  `id` bigint unsigned NOT NULL AUTO_INCREMENT,
  `product_id` int unsigned DEFAULT NULL,
  `created_at` timestamp NULL DEFAULT NULL,
  `updated_at` timestamp NULL DEFAULT NULL,
  PRIMARY KEY (`id`),
  KEY `product_sizes_product_id_foreign` (`product_id`)
) ENGINE=InnoDB DEFAULT CHARSET=utf8mb4 COLLATE=utf8mb4_unicode_ci;

--
-- Dumping data for table `product_sizes`
--


--
-- Table structure for table `product_translations`
--

CREATE TABLE `product_translations` (
  `id` int unsigned NOT NULL AUTO_INCREMENT,
  `product_id` int unsigned NOT NULL,
  `name` varchar(191) CHARACTER SET utf8mb4 COLLATE utf8mb4_unicode_ci DEFAULT NULL,
  `content` text CHARACTER SET utf8mb4 COLLATE utf8mb4_unicode_ci,
  `meta_keywords` varchar(191) CHARACTER SET utf8mb4 COLLATE utf8mb4_unicode_ci DEFAULT NULL,
  `meta_description` text CHARACTER SET utf8mb4 COLLATE utf8mb4_unicode_ci,
  `locale` varchar(191) CHARACTER SET utf8mb4 COLLATE utf8mb4_unicode_ci NOT NULL,
  `created_at` timestamp NULL DEFAULT NULL,
  `updated_at` timestamp NULL DEFAULT NULL,
  PRIMARY KEY (`id`),
  UNIQUE KEY `product_translations_product_id_locale_unique` (`product_id`,`locale`),
  KEY `product_translations_locale_index` (`locale`)
) ENGINE=InnoDB AUTO_INCREMENT=53 DEFAULT CHARSET=utf8mb4 COLLATE=utf8mb4_unicode_ci;

--
-- Dumping data for table `product_translations`
--

INSERT INTO `product_translations` (`id`, `product_id`, `name`, `content`, `meta_keywords`, `meta_description`, `locale`, `created_at`, `updated_at`) VALUES (1,16,'دزة مهر','طاولة وورد وحامل شيك وحامل شبكة وستاند دبلة&nbsp;',NULL,NULL,'ar',NULL,NULL),(2,16,'دزة مهر','طاولة وورد وحامل شيك وحامل شبكة وستاند دبلة&nbsp;',NULL,NULL,'en',NULL,NULL),(3,17,'دزة مهر 5 ستاندات','دزة مهر عبارة عن ٥ ستاندات مهر وبوكس للعود وبوكس للزعفران وعدد ٢ ستاند عطر وستاند الشبكة&nbsp;&nbsp;',NULL,NULL,'ar',NULL,NULL),(4,17,'دزة مهر 5 ستاندات','دزة مهر عبارة عن ٥ ستاندات مهر وبوكس للعود وبوكس للزعفران وعدد ٢ ستاند عطر وستاند الشبكة&nbsp;&nbsp;',NULL,NULL,'en',NULL,NULL),(5,18,'دزة لعرض كشخه العروس','دزة لعرض كشخه العروس شراء او تأجير وممكن تكون لدزة مهر وفقط شراء&nbsp;',NULL,NULL,'ar',NULL,NULL),(6,18,'دزة لعرض كشخه العروس','دزة لعرض كشخه العروس شراء او تأجير وممكن تكون لدزة مهر وفقط شراء&nbsp;',NULL,NULL,'en',NULL,NULL),(7,19,'دزة 3 طاولات','دزة عبارة عن ٣ طاولات شبكه وستاند شيك وعدد ٢ جهاز دوران &nbsp;وبوكس للزعفران وبوكس للعود وطاولتين للحلو مع اضافة اضاءة',NULL,NULL,'ar',NULL,NULL),(8,19,'دزة 3 طاولات','دزة عبارة عن ٣ طاولات شبكه وستاند شيك وعدد ٢ جهاز دوران &nbsp;وبوكس للزعفران وبوكس للعود وطاولتين للحلو مع اضافة اضاءة',NULL,NULL,'en',NULL,NULL),(9,30,'تنسيق بوكس نقصة اكريليك','تنسيق بوكس نقصة اكريليك وورد وكتابة مع ستيكر لى الاجناب غير شامل الهدية&nbsp;',NULL,NULL,'ar',NULL,NULL),(10,30,'تنسيق بوكس نقصة اكريليك','تنسيق بوكس نقصة اكريليك وورد وكتابة مع ستيكر لى الاجناب غير شامل الهدية&nbsp;',NULL,NULL,'en',NULL,NULL),(11,29,'تنسيق عانية عروس','تنسيق عانية عروس',NULL,NULL,'ar',NULL,NULL),(12,29,'تنسيق عانية عروس','تنسيق عانية عروس',NULL,NULL,'en',NULL,NULL),(13,28,'١٠حبات ب٦ونص ','١٠حبات ب٦ونص&nbsp;<br />\r\n٢٠ ب١٢ونص&nbsp;<br />\r\n٢٥ ب١٤&nbsp;<br />\r\n٥٠ حبه ب٢٥&nbsp;<br />\r\n١٠٠حبةب٥٠ &nbsp;بدون سعر التوصيل',NULL,NULL,'ar',NULL,NULL),(14,28,'١٠حبات ب٦ونص ','١٠حبات ب٦ونص&nbsp;<br />\r\n٢٠ ب١٢ونص&nbsp;<br />\r\n٢٥ ب١٤&nbsp;<br />\r\n٥٠ حبه ب٢٥&nbsp;<br />\r\n١٠٠حبةب٥٠ &nbsp;بدون سعر التوصيل',NULL,NULL,'en',NULL,NULL),(15,27,'تنسيق ستاند اكريليك قياس ٧٠ سم وورد','تنسيق ستاند اكريليك قياس ٧٠ سم وورد وحجر ابيض ب٧٥ &nbsp;بدون توصيل',NULL,NULL,'ar',NULL,NULL),(16,27,'تنسيق ستاند اكريليك قياس ٧٠ سم وورد','تنسيق ستاند اكريليك قياس ٧٠ سم وورد وحجر ابيض ب٧٥ &nbsp;بدون توصيل',NULL,NULL,'en',NULL,NULL),(17,26,'١٠ حبات توليب مع دعوة','١٠ حبات توليب مع دعوة',NULL,NULL,'ar',NULL,NULL),(18,26,'١٠ حبات توليب مع دعوة','١٠ حبات توليب مع دعوة',NULL,NULL,'en',NULL,NULL),(19,25,'توزيعات اساور الاوركيد ١٦ حبه','توزيعات اساور الاوركيد ١٦ حبه&nbsp;',NULL,NULL,'ar',NULL,NULL),(20,25,'توزيعات اساور الاوركيد ١٦ حبه','توزيعات اساور الاوركيد ١٦ حبه&nbsp;',NULL,NULL,'en',NULL,NULL),(21,24,'توزيعات خاتم كريزي','توزيعات خاتم كريزي او وبيبي روز ٣٠ حبه',NULL,NULL,'ar',NULL,NULL),(22,24,'توزيعات خاتم كريزي','توزيعات خاتم كريزي او وبيبي روز ٣٠ حبه',NULL,NULL,'en',NULL,NULL),(23,33,'توزيعات بروش التوليب','توزيعات بروش التوليب ١٠ حبات&nbsp;',NULL,NULL,'ar',NULL,NULL),(24,33,'توزيعات بروش التوليب','توزيعات بروش التوليب ١٠ حبات&nbsp;',NULL,NULL,'en',NULL,NULL),(25,32,'توزيعات بروش  بيبي روزز','توزيعات بروش &nbsp;بيبي روزز ١٠ حبات ب ٧ونص',NULL,NULL,'ar',NULL,NULL),(26,32,'توزيعات بروش  بيبي روزز','توزيعات بروش &nbsp;بيبي روزز ١٠ حبات ب ٧ونص',NULL,NULL,'en',NULL,NULL),(27,31,'فازة كريستال ورد ليليوم غير عطري','فازة كريستال ورد ليليوم غير عطري',NULL,NULL,'ar',NULL,NULL),(28,31,'فازة كريستال ورد ليليوم غير عطري','فازة كريستال ورد ليليوم غير عطري',NULL,NULL,'en',NULL,NULL),(29,35,'فازة كريستال ورد ليليوم عطري','اكتب تحتها اذا ليليوم عطري&nbsp;',NULL,NULL,'ar',NULL,NULL),(30,35,'فازة كريستال ورد ليليوم عطري','فازة كريستال ورد ليليوم عطري&nbsp;',NULL,NULL,'en',NULL,NULL),(31,34,'توزيعات ٣٠ حبة كريرزي مع ورق ايكوليبتوس ','توزيعات ٣٠ حبة كريرزي مع ورق ايكوليبتوس&nbsp;',NULL,NULL,'ar',NULL,NULL),(32,34,'توزيعات ٣٠ حبة كريرزي مع ورق ايكوليبتوس ','توزيعات ٣٠ حبة كريرزي مع ورق ايكوليبتوس&nbsp;',NULL,NULL,'en',NULL,NULL),(33,36,'ستاند شيفون بكتابة اكريليك تاجير','ستاند شيفون بكتابة اكريليك تاجير&nbsp;',NULL,NULL,'ar',NULL,NULL),(34,36,'ستاند شيفون بكتابة اكريليك تاجير','ستاند شيفون بكتابة اكريليك تاجير&nbsp;',NULL,NULL,'en',NULL,NULL),(35,37,'فازة ورد','فازة ورد&nbsp;',NULL,NULL,'ar',NULL,NULL),(36,37,'فازة ورد','فازة ورد&nbsp;',NULL,NULL,'en',NULL,NULL),(37,38,'ستاند شيفون بكتابة اكريليك شراء','ستاند شيفون بكتابة اكريليك شراء&nbsp;50 ممكن اضافة اضاءة',NULL,NULL,'ar',NULL,NULL),(38,38,'ستاند شيفون بكتابة اكريليك شراء','ستاند شيفون بكتابة اكريليك شراء&nbsp;50 ممكن اضافة اضاءة',NULL,NULL,'en',NULL,NULL),(39,40,'بيوني - فوشي 10 حبات',NULL,NULL,NULL,'ar',NULL,NULL),(40,40,'peonies 10 pcs fuchsia',NULL,NULL,NULL,'en',NULL,NULL),(41,41,'بيوني فوشي fuchsia ١٠ حبات','بيوني فوشي fuchsia ١٠ حبات&nbsp;',NULL,NULL,'ar',NULL,NULL),(42,41,'بيوني فوشي fuchsia ١٠ حبات','بيوني فوشي fuchsia ١٠ حبات&nbsp;',NULL,NULL,'en',NULL,NULL),(43,42,'يوني فوشي fuchsia ٥حبات','يوني فوشي fuchsia ٥حبات&nbsp;',NULL,NULL,'ar',NULL,NULL),(44,42,'يوني فوشي fuchsia ٥حبات','يوني فوشي fuchsia ٥حبات&nbsp;',NULL,NULL,'en',NULL,NULL),(45,43,'وردي فاتح light pink ١٠ حبات','وردي فاتح light pink ١٠ حبات&nbsp;',NULL,NULL,'ar',NULL,NULL),(46,43,'وردي فاتح light pink ١٠ حبات','وردي فاتح light pink ١٠ حبات&nbsp;',NULL,NULL,'en',NULL,NULL),(47,44,'وردي فاتح light pink ٥حبات','وردي فاتح light pink ٥حبات&nbsp;',NULL,NULL,'ar',NULL,NULL),(48,44,'وردي فاتح light pink ٥حبات','وردي فاتح light pink ٥حبات&nbsp;',NULL,NULL,'en',NULL,NULL),(49,45,'عنابي maroon  ١٠ حبات','عنابي maroon &nbsp;١٠ حبات',NULL,NULL,'ar',NULL,NULL),(50,45,'عنابي maroon  ١٠ حبات','عنابي maroon &nbsp;١٠ حبات',NULL,NULL,'en',NULL,NULL),(51,46,'عنابي maroon ٥ حبات','عنابي maroon ٥ حبات&nbsp;',NULL,NULL,'ar',NULL,NULL),(52,46,'عنابي maroon ٥ حبات','عنابي maroon ٥ حبات&nbsp;',NULL,NULL,'en',NULL,NULL);

--
-- Table structure for table `products`
--

CREATE TABLE `products` (
  `id` int unsigned NOT NULL AUTO_INCREMENT,
  `image` varchar(191) CHARACTER SET utf8mb4 COLLATE utf8mb4_unicode_ci DEFAULT NULL,
  `currency_id` int unsigned DEFAULT NULL,
  `user_id` int unsigned DEFAULT NULL,
  `company_id` int unsigned DEFAULT NULL,
  `brand_id` int unsigned DEFAULT NULL,
  `color_id` int unsigned DEFAULT NULL,
  `mainprice` decimal(8,2) NOT NULL DEFAULT '0.00',
  `discount` decimal(8,2) NOT NULL DEFAULT '0.00',
  `stoke` int NOT NULL DEFAULT '0',
  `main_stock` int DEFAULT NULL,
  `option` enum('true','false') CHARACTER SET utf8mb4 COLLATE utf8mb4_unicode_ci DEFAULT NULL,
  `code` varchar(191) CHARACTER SET utf8mb4 COLLATE utf8mb4_unicode_ci DEFAULT NULL,
  `status` enum('pending','reject','active') CHARACTER SET utf8mb4 COLLATE utf8mb4_unicode_ci NOT NULL DEFAULT 'pending',
  `reason` longtext CHARACTER SET utf8mb4 COLLATE utf8mb4_unicode_ci,
  `deleted_at` timestamp NULL DEFAULT NULL,
  `created_at` timestamp NULL DEFAULT NULL,
  `updated_at` timestamp NULL DEFAULT NULL,
  `ShowImage` varchar(191) CHARACTER SET utf8mb4 COLLATE utf8mb4_unicode_ci DEFAULT NULL,
  `searchable` int NOT NULL DEFAULT '0',
  `checked` tinyint(1) DEFAULT '1',
  `free_product` enum('true','false') CHARACTER SET utf8mb4 COLLATE utf8mb4_unicode_ci NOT NULL DEFAULT 'false',
  `choose_feature` int NOT NULL DEFAULT '1',
  PRIMARY KEY (`id`),
  KEY `products_currency_id_foreign` (`currency_id`),
  KEY `products_user_id_foreign` (`user_id`),
  KEY `products_company_id_foreign` (`company_id`),
  KEY `products_brand_id_foreign` (`brand_id`),
  KEY `products_color_id_foreign` (`color_id`)
) ENGINE=InnoDB AUTO_INCREMENT=47 DEFAULT CHARSET=utf8mb4 COLLATE=utf8mb4_unicode_ci;

--
-- Dumping data for table `products`
--

INSERT INTO `products` (`id`, `image`, `currency_id`, `user_id`, `company_id`, `brand_id`, `color_id`, `mainprice`, `discount`, `stoke`, `main_stock`, `option`, `code`, `status`, `reason`, `deleted_at`, `created_at`, `updated_at`, `ShowImage`, `searchable`, `checked`, `free_product`, `choose_feature`) VALUES (16,'vgVfZ3N7QI5EDBRl9k0NwAYCtRAYfCLNFgpgVsMW.jpg',NULL,1,NULL,NULL,NULL,0.00,0.00,19,NULL,NULL,NULL,'active',NULL,NULL,'2022-04-15 00:13:56','2022-05-01 13:16:52',NULL,5,1,'false',1),(17,'eglG0ceoOxHWgV5fpZXKTP1m8NvDlerBeAxGORSB.jpg',NULL,1,NULL,NULL,NULL,0.00,0.00,15,NULL,NULL,NULL,'active',NULL,NULL,'2022-04-15 00:16:46','2022-11-08 10:18:01',NULL,11,1,'false',1),(18,'Kw4wfUFxInY1mr1mhFLfGvgnNoW9aO2yfLcBhuJn.jpg',NULL,1,NULL,NULL,NULL,0.00,0.00,15,NULL,NULL,NULL,'active',NULL,NULL,'2022-04-15 00:19:15','2022-10-24 09:16:38',NULL,8,1,'false',1),(19,'45RX7fEaw1dtFm6yOAaO7jDZwlPXRZDJgMolLbDY.jpg',NULL,1,NULL,NULL,NULL,0.00,0.00,10,NULL,NULL,NULL,'active',NULL,NULL,'2022-04-15 00:20:59','2023-01-19 07:41:28',NULL,14,1,'false',1),(20,NULL,NULL,1,NULL,NULL,NULL,0.00,0.00,0,NULL,NULL,NULL,'pending',NULL,NULL,'2022-04-15 00:21:00','2022-04-15 00:21:00',NULL,0,1,'false',1),(21,NULL,NULL,1,NULL,NULL,NULL,0.00,0.00,0,NULL,NULL,NULL,'pending',NULL,NULL,'2022-04-15 00:21:01','2022-04-15 00:21:01',NULL,0,1,'false',1),(22,NULL,NULL,1,NULL,NULL,NULL,0.00,0.00,0,NULL,NULL,NULL,'pending',NULL,NULL,'2022-04-15 00:21:01','2022-04-15 00:21:01',NULL,0,1,'false',1),(23,NULL,NULL,1,NULL,NULL,NULL,0.00,0.00,0,NULL,NULL,NULL,'pending',NULL,NULL,'2022-04-15 00:21:02','2022-04-15 00:21:02',NULL,0,1,'false',1),(24,'1ToieiY3nHwFLPDl1N7h44mdZMYDOFXvzA2ebr3E.jpg',NULL,1,NULL,NULL,NULL,10.00,10.00,23,NULL,NULL,NULL,'active',NULL,NULL,'2022-04-15 13:16:22','2023-01-12 19:22:36',NULL,2,1,'false',1),(25,'5ziVgiI2qmK3D3z7rxG0TplroLw69rvvJpikZNYf.jpg',NULL,1,NULL,NULL,NULL,0.00,0.00,33,NULL,NULL,NULL,'active',NULL,NULL,'2022-04-15 13:16:23','2022-05-03 07:32:19',NULL,1,1,'false',1),(26,'eKKFQRzRXOPYcz7fMSgEuipPysmB5mnI56hKdMP7.jpg',NULL,1,NULL,NULL,NULL,14.00,14.00,12,NULL,NULL,NULL,'active',NULL,NULL,'2022-04-15 13:16:24','2023-02-09 11:15:17',NULL,6,1,'false',1),(27,'RsQtsGpvrKspx5FoS9GFcPmnyyydncOFSZyjHhfl.jpg',NULL,1,NULL,NULL,NULL,0.00,0.00,22,NULL,NULL,NULL,'active',NULL,NULL,'2022-04-15 13:16:24','2022-05-03 07:32:11',NULL,3,1,'false',1),(28,'N8GBHDUFomCozxLkAQA2yxKV0TcVrji6uwMhbDpr.jpg',NULL,1,NULL,NULL,NULL,0.00,0.00,0,NULL,NULL,NULL,'active',NULL,NULL,'2022-04-15 13:16:25','2022-12-23 08:52:14',NULL,3,1,'false',1),(29,'bthD9WN7nPllm6x3gtXxaBzuC6Vb3stSPvusrbFx.jpg',NULL,1,NULL,NULL,NULL,0.00,0.00,21,NULL,NULL,NULL,'active',NULL,NULL,'2022-04-15 13:16:26','2022-04-15 18:10:12',NULL,1,1,'false',1),(30,'ktNyN98d3TG4HgjkmW8CQSnJLUosdjEBCkSPUpkD.jpg',NULL,1,NULL,NULL,NULL,0.00,0.00,20,NULL,NULL,NULL,'active',NULL,NULL,'2022-04-15 13:16:26','2022-12-23 08:52:22',NULL,2,1,'false',1),(31,'ecVQf6QsgSM1CIe9iDks7VQk7I7my65GtyMIsHR4.jpg',NULL,1,NULL,NULL,NULL,30.00,30.00,33,NULL,NULL,NULL,'active',NULL,NULL,'2022-04-15 13:31:15','2023-02-09 11:15:09',NULL,5,1,'false',1),(32,'iA4flKPN76F6pSMgXbYV14q6oLESEfqN7kSe2bpF.jpg',NULL,1,NULL,NULL,NULL,7.50,7.50,20,NULL,NULL,NULL,'active',NULL,NULL,'2022-04-15 13:31:15','2022-04-19 14:34:43',NULL,3,1,'false',1),(33,'XOs4wCpnFHibgg7saNWx31PQ5FX1xPjhNSWh39MX.jpg',NULL,1,NULL,NULL,NULL,10.00,10.00,32,NULL,NULL,NULL,'active',NULL,NULL,'2022-04-15 13:31:17','2022-04-19 14:35:24',NULL,1,1,'false',1),(34,'Semmr8zFYGimvztk4G2Ey1XpuIP19mtXJVISOWEK.jpg',NULL,1,NULL,NULL,NULL,10.00,10.00,22,NULL,NULL,NULL,'active',NULL,NULL,'2022-04-15 13:40:13','2023-01-12 19:22:32',NULL,8,1,'false',1),(35,'OUUgsoMAWIxbTXqcRqiZ5P6LheGf4c6Gb0TbopCJ.jpg',NULL,1,NULL,NULL,NULL,60.00,60.00,27,NULL,NULL,NULL,'active',NULL,NULL,'2022-04-15 13:41:42','2023-02-09 11:15:04',NULL,10,1,'false',1),(36,'3Ak86rXpjU4jchPfhWIc1buOiq5BE6UGiUYbvXfV.jpg',NULL,1,NULL,NULL,NULL,35.00,35.00,0,NULL,NULL,NULL,'active',NULL,NULL,'2022-04-15 13:45:27','2022-05-03 07:32:50',NULL,2,1,'false',1),(37,'Ue8gbT5U99b1dexugsFELq1GIjjVIqHNXv4bIOSM.jpg',NULL,1,NULL,NULL,NULL,54.00,54.00,23,NULL,NULL,NULL,'active',NULL,NULL,'2022-04-15 13:47:48','2022-07-20 20:28:31',NULL,5,1,'false',1),(38,'VWyFKfSMIyV8SPLm1PlDU0ZZQKXDUSQacRjxFY6F.jpg',NULL,1,NULL,NULL,NULL,60.00,60.00,22,NULL,NULL,NULL,'active',NULL,NULL,'2022-04-15 13:49:35','2023-02-09 19:04:04',NULL,200,1,'false',1),(39,NULL,NULL,1,NULL,NULL,NULL,0.00,0.00,0,NULL,NULL,NULL,'pending',NULL,NULL,'2022-04-16 21:21:50','2022-04-16 21:21:50',NULL,0,1,'false',1),(40,NULL,NULL,1,NULL,NULL,NULL,13.00,13.00,10,NULL,NULL,NULL,'active',NULL,'2022-07-04 08:51:31','2022-07-02 01:48:23','2022-07-04 08:51:31',NULL,0,1,'false',1),(41,'sedxxjwLc9tUL2U4dzkXrOFyhz7THviI2R8fIQa7.jpg',NULL,1,NULL,NULL,NULL,13.00,13.00,100,NULL,NULL,NULL,'active',NULL,NULL,'2022-07-04 08:37:49','2022-07-04 08:41:01',NULL,0,1,'false',1),(42,'XSvGHq38vw6dFMbGWoLD10MKjBC4zAMxcQsPDoWo.jpg',NULL,1,NULL,NULL,NULL,8.00,8.00,100,NULL,NULL,NULL,'active',NULL,NULL,'2022-07-04 08:41:09','2022-07-04 08:41:57',NULL,0,1,'false',1),(43,'iLtj4KzuzYd9AuLJ3O9YYaNHnIUkfjPC6YtsOYQs.jpg',NULL,1,NULL,NULL,NULL,13.00,13.00,100,NULL,NULL,NULL,'active',NULL,NULL,'2022-07-04 08:42:30','2022-07-04 08:43:18',NULL,0,1,'false',1),(44,'nN9lC4Z5IZ8DlAgIPFY5H2XPM6lUAm4khHbU0LZT.jpg',NULL,1,NULL,NULL,NULL,8.00,8.00,100,NULL,NULL,NULL,'active',NULL,NULL,'2022-07-04 08:43:29','2022-07-04 08:44:15',NULL,0,1,'false',1),(45,'uOWjrot0U72ERHbr9xIVqHU0FjU5lNhKYgQ3lGVC.jpg',NULL,1,NULL,NULL,NULL,13.00,13.00,100,NULL,NULL,NULL,'active',NULL,NULL,'2022-07-04 08:45:07','2022-07-04 08:46:16',NULL,0,1,'false',1),(46,'9X6waoWtaG3IWpAJd8yBtb2KISSOI8lgrsBqPr0M.jpg',NULL,1,NULL,NULL,NULL,8.00,8.00,100,NULL,NULL,NULL,'active',NULL,NULL,'2022-07-04 08:48:27','2023-02-09 11:16:08',NULL,29,1,'false',1);

--
-- Table structure for table `public_notifcations`
--

CREATE TABLE `public_notifcations` (
  `id` int unsigned NOT NULL AUTO_INCREMENT,
  `user_id` int unsigned DEFAULT NULL,
  `title` varchar(191) CHARACTER SET utf8mb4 COLLATE utf8mb4_unicode_ci NOT NULL,
  `message` text CHARACTER SET utf8mb4 COLLATE utf8mb4_unicode_ci NOT NULL,
  `data` text CHARACTER SET utf8mb4 COLLATE utf8mb4_unicode_ci NOT NULL,
  `created_at` timestamp NULL DEFAULT NULL,
  `updated_at` timestamp NULL DEFAULT NULL,
  PRIMARY KEY (`id`),
  KEY `public_notifcations_user_id_foreign` (`user_id`)
) ENGINE=InnoDB DEFAULT CHARSET=utf8mb4 COLLATE=utf8mb4_unicode_ci;

--
-- Dumping data for table `public_notifcations`
--


--
-- Table structure for table `refund_police`
--

CREATE TABLE `refund_police` (
  `id` int unsigned NOT NULL AUTO_INCREMENT,
  `order_id` int unsigned NOT NULL,
  `product_id` int unsigned NOT NULL,
  `qyt` int DEFAULT NULL,
  `inventory_id` int unsigned DEFAULT NULL,
  `created_at` timestamp NULL DEFAULT NULL,
  `updated_at` timestamp NULL DEFAULT NULL,
  PRIMARY KEY (`id`),
  KEY `refund_police_order_id_foreign` (`order_id`),
  KEY `refund_police_product_id_foreign` (`product_id`),
  KEY `refund_police_inventory_id_foreign` (`inventory_id`)
) ENGINE=InnoDB DEFAULT CHARSET=utf8mb4 COLLATE=utf8mb4_unicode_ci;

--
-- Dumping data for table `refund_police`
--


--
-- Table structure for table `region_translations`
--

CREATE TABLE `region_translations` (
  `id` int unsigned NOT NULL AUTO_INCREMENT,
  `region_id` int unsigned NOT NULL,
  `name` varchar(191) CHARACTER SET utf8mb4 COLLATE utf8mb4_unicode_ci NOT NULL,
  `locale` varchar(191) CHARACTER SET utf8mb4 COLLATE utf8mb4_unicode_ci NOT NULL,
  `created_at` timestamp NULL DEFAULT NULL,
  `updated_at` timestamp NULL DEFAULT NULL,
  PRIMARY KEY (`id`),
  UNIQUE KEY `region_translations_region_id_locale_unique` (`region_id`,`locale`),
  KEY `region_translations_locale_index` (`locale`)
) ENGINE=InnoDB AUTO_INCREMENT=227 DEFAULT CHARSET=utf8mb4 COLLATE=utf8mb4_unicode_ci;

--
-- Dumping data for table `region_translations`
--

INSERT INTO `region_translations` (`id`, `region_id`, `name`, `locale`, `created_at`, `updated_at`) VALUES (1,1,'معسكرات المباركية','ar',NULL,NULL),(2,1,'Mubarekiya Camps','en',NULL,NULL),(3,2,'مدينة الكويت','ar',NULL,NULL),(4,2,'Kuwait City','en',NULL,NULL),(5,3,'كيفان','ar',NULL,NULL),(6,3,'Kaifan','en',NULL,NULL),(7,4,'قرطبة','ar',NULL,NULL),(8,4,'Qortuba','en',NULL,NULL),(9,5,'غرناطة','ar',NULL,NULL),(10,5,'Granada','en',NULL,NULL),(11,6,'عبدالله السالم','ar',NULL,NULL),(12,6,'Abdullah Al-Salim','en',NULL,NULL),(13,7,'الشويخ الصناعية 3','ar',NULL,NULL),(14,7,'Shuwaikh Industrial 3','en',NULL,NULL),(15,8,'الشويخ الصناعية 2','ar',NULL,NULL),(16,8,'Shuwaikh Industrial 2','en',NULL,NULL),(17,9,'الشويخ الصناعية 1','ar',NULL,NULL),(18,9,'Shuwaikh Industrial 1','en',NULL,NULL),(19,10,'الشويخ الصحية','ar',NULL,NULL),(20,10,'Shuwaikh Medical','en',NULL,NULL),(21,11,'الشويخ السكنية','ar',NULL,NULL),(22,11,'Shuwaikh Residential','en',NULL,NULL),(23,12,'الشويخ التعليمية','ar',NULL,NULL),(24,12,'Shuwaikh Educational','en',NULL,NULL),(25,13,'الشويخ الادارية','ar',NULL,NULL),(26,13,'Shuwaikh Administrative','en',NULL,NULL),(27,14,'شمال غرب الصليبخات','ar',NULL,NULL),(28,14,'North West Al-Sulaibikhat','en',NULL,NULL),(29,15,'دسمان','ar',NULL,NULL),(30,15,'Dasman','en',NULL,NULL),(31,16,'جابر الأحمد','ar',NULL,NULL),(32,16,'Jaber Al Ahmad','en',NULL,NULL),(33,17,'بنيد القار','ar',NULL,NULL),(34,17,'Bnied Al-Gar','en',NULL,NULL),(35,18,'اليرموك','ar',NULL,NULL),(36,18,'Yarmouk','en',NULL,NULL),(37,19,'النهضة','ar',NULL,NULL),(38,19,'Al Nahda','en',NULL,NULL),(39,20,'النزهة','ar',NULL,NULL),(40,20,'Nuzha','en',NULL,NULL),(41,21,'المنصورية','ar',NULL,NULL),(42,21,'Mansouriya','en',NULL,NULL),(43,22,'المرقاب','ar',NULL,NULL),(44,22,'Mirqab','en',NULL,NULL),(45,23,'القبلة','ar',NULL,NULL),(46,23,'Qibla','en',NULL,NULL),(47,24,'القادسية','ar',NULL,NULL),(48,24,'Qadsia','en',NULL,NULL),(49,25,'الفيحاء','ar',NULL,NULL),(50,25,'Faiha','en',NULL,NULL),(51,26,'العديلية','ar',NULL,NULL),(52,26,'Adailiya','en',NULL,NULL),(53,27,'الصليبخات','ar',NULL,NULL),(54,27,'Sulaibikhat','en',NULL,NULL),(55,28,'الصالحية','ar',NULL,NULL),(56,28,'Salhiya','en',NULL,NULL),(57,29,'الشرق','ar',NULL,NULL),(58,29,'Sharq','en',NULL,NULL),(59,30,'الشامية','ar',NULL,NULL),(60,30,'Shamiya','en',NULL,NULL),(61,31,'السرة','ar',NULL,NULL),(62,31,'Surra','en',NULL,NULL),(63,32,'الروضة','ar',NULL,NULL),(64,32,'Rawda','en',NULL,NULL),(65,33,'الدوحة','ar',NULL,NULL),(66,33,'Doha','en',NULL,NULL),(67,34,'الدعية','ar',NULL,NULL),(68,34,'Daiya','en',NULL,NULL),(69,35,'الدسمة','ar',NULL,NULL),(70,35,'Dasma','en',NULL,NULL),(71,36,'الخالدية','ar',NULL,NULL),(72,36,'Khaldiya','en',NULL,NULL),(73,37,'ميدان حولي','ar',NULL,NULL),(74,37,'Maidan Hawally','en',NULL,NULL),(75,38,'منطقة الوزارات','ar',NULL,NULL),(76,38,'Ministries','en',NULL,NULL),(77,39,'مشرف','ar',NULL,NULL),(78,39,'Mishref','en',NULL,NULL),(79,40,'مبارك العبدالله غرب مشرف','ar',NULL,NULL),(80,40,'Mubarak Al-Abdullah West Mishref','en',NULL,NULL),(81,41,'سلوى','ar',NULL,NULL),(82,41,'Salwa','en',NULL,NULL),(83,42,'حولي','ar',NULL,NULL),(84,42,'Hawalli','en',NULL,NULL),(85,43,'حطين','ar',NULL,NULL),(86,43,'Hutteen','en',NULL,NULL),(87,44,'بيان','ar',NULL,NULL),(88,44,'Bayan','en',NULL,NULL),(89,45,'الصديق','ar',NULL,NULL),(90,45,'Al-Siddeeq','en',NULL,NULL),(91,46,'الشهداء','ar',NULL,NULL),(92,46,'Shuhada','en',NULL,NULL),(93,47,'الشعب','ar',NULL,NULL),(94,47,'Shaab','en',NULL,NULL),(95,48,'السلام','ar',NULL,NULL),(96,48,'Salam','en',NULL,NULL),(97,49,'السالمية','ar',NULL,NULL),(98,49,'Salmiya','en',NULL,NULL),(99,50,'الزهراء','ar',NULL,NULL),(100,50,'Zahra','en',NULL,NULL),(101,51,'الرميثية','ar',NULL,NULL),(102,51,'Rumaithiya','en',NULL,NULL),(103,52,'الجابرية','ar',NULL,NULL),(104,52,'Jabriya','en',NULL,NULL),(105,53,'البدع','ar',NULL,NULL),(106,53,'Al-Bidea','en',NULL,NULL),(107,54,'مطار الشيخ سعد العبدالله','ar',NULL,NULL),(108,54,'Sheikh Saad Al Abdallah ِAirport','en',NULL,NULL),(109,55,'عبدالله المبارك','ar',NULL,NULL),(110,55,'Al-Abdullah Mubarak','en',NULL,NULL),(111,56,'مخازن العارضية','ar',NULL,NULL),(112,56,'Stores Ardiya','en',NULL,NULL),(113,57,'العارضية الصناعية','ar',NULL,NULL),(114,57,'Herafi Ardiya','en',NULL,NULL),(115,58,'الضجيج','ar',NULL,NULL),(116,58,'Al-Dajeej','en',NULL,NULL),(117,59,'صباح الناصر','ar',NULL,NULL),(118,59,'Sabah Al Nasser','en',NULL,NULL),(119,60,'خيطان','ar',NULL,NULL),(120,60,'Khaitan','en',NULL,NULL),(121,61,'جليب الشيوخ','ar',NULL,NULL),(122,61,'Jeleeb Al-Shuyoukh','en',NULL,NULL),(123,62,'مطار الكويت','ar',NULL,NULL),(124,62,'Airport','en',NULL,NULL),(125,63,'الفروانية','ar',NULL,NULL),(126,63,'Al- Farwaniyah','en',NULL,NULL),(127,64,'الفردوس','ar',NULL,NULL),(128,64,'Firdous','en',NULL,NULL),(129,65,'العمرية','ar',NULL,NULL),(130,65,'Omariya','en',NULL,NULL),(131,66,'العارضية','ar',NULL,NULL),(132,66,'Ardiya','en',NULL,NULL),(133,67,'الري','ar',NULL,NULL),(134,67,'Rai','en',NULL,NULL),(135,68,'الرقعي','ar',NULL,NULL),(136,68,'Rigai','en',NULL,NULL),(137,69,'الرحاب','ar',NULL,NULL),(138,69,'Rehab','en',NULL,NULL),(139,70,'الرابية','ar',NULL,NULL),(140,70,'Rabia','en',NULL,NULL),(141,71,'الأندلس','ar',NULL,NULL),(142,71,'Andalous','en',NULL,NULL),(143,72,'أشبيلية','ar',NULL,NULL),(144,72,'Ishbiliya','en',NULL,NULL),(145,73,'هدية','ar',NULL,NULL),(146,73,'Hadiya','en',NULL,NULL),(147,74,'فهد الأحمد','ar',NULL,NULL),(148,74,'Fahad Al Ahmad','en',NULL,NULL),(149,75,'جنوب الصباحية','ar',NULL,NULL),(150,75,'South Sabahiya','en',NULL,NULL),(151,76,'جابر العلي','ar',NULL,NULL),(152,76,'Jaber Al Ali','en',NULL,NULL),(153,77,'بنيدر','ar',NULL,NULL),(154,77,'Bnaider','en',NULL,NULL),(155,78,'المهبولة','ar',NULL,NULL),(156,78,'Mahboula','en',NULL,NULL),(157,79,'المنقف','ar',NULL,NULL),(158,79,'Mangaf','en',NULL,NULL),(159,80,'الفنطاس','ar',NULL,NULL),(160,80,'Fintas','en',NULL,NULL),(161,81,'الفحيحيل','ar',NULL,NULL),(162,81,'Fahaheel','en',NULL,NULL),(163,82,'العقيلة','ar',NULL,NULL),(164,82,'Eqaila','en',NULL,NULL),(165,83,'الظهر','ar',NULL,NULL),(166,83,'Dahar','en',NULL,NULL),(167,84,'الصباحية','ar',NULL,NULL),(168,84,'Al-Subahiya','en',NULL,NULL),(169,85,'الرقة','ar',NULL,NULL),(170,85,'Al-Riqqah','en',NULL,NULL),(171,86,'الأحمدي','ar',NULL,NULL),(172,86,'Ahmadi','en',NULL,NULL),(173,87,'أبو حليفة','ar',NULL,NULL),(174,87,'Abu Halifa','en',NULL,NULL),(175,88,'علي صباح السالم ام الهيمان','ar',NULL,NULL),(176,88,'Ali Sabah Al Salem Umm al hayman','en',NULL,NULL),(177,89,'وسطي','ar',NULL,NULL),(178,89,'Wista','en',NULL,NULL),(179,90,'مبارك الكبير','ar',NULL,NULL),(180,90,'Mubarak Al-Kabeer','en',NULL,NULL),(181,91,'فنيطيس','ar',NULL,NULL),(182,91,'Fnaitees','en',NULL,NULL),(183,92,'غرب أبو فطيرة الحرفية','ar',NULL,NULL),(184,92,'West of Abu Fatira Al-Herafia','en',NULL,NULL),(185,93,'صبحان الصناعية','ar',NULL,NULL),(186,93,'Sabhan Industrial','en',NULL,NULL),(187,94,'صباح السالم','ar',NULL,NULL),(188,94,'Sabah Al Salem','en',NULL,NULL),(189,95,'جنوب وسطي','ar',NULL,NULL),(190,95,'South Wista','en',NULL,NULL),(191,96,'المسيلة','ar',NULL,NULL),(192,96,'Messila','en',NULL,NULL),(193,97,'المسايل','ar',NULL,NULL),(194,97,'Al-Masayel','en',NULL,NULL),(195,98,'القصور','ar',NULL,NULL),(196,98,'Qusour','en',NULL,NULL),(197,99,'القرين','ar',NULL,NULL),(198,99,'Qurain','en',NULL,NULL),(199,100,'العدان','ar',NULL,NULL),(200,100,'Adan','en',NULL,NULL),(201,101,'أبو فطيرة','ar',NULL,NULL),(202,101,'Abu \'Fteira','en',NULL,NULL),(203,102,'أبو الحصاني','ar',NULL,NULL),(204,102,'Abu Al Hasaniya','en',NULL,NULL),(205,103,'الجهراء','ar',NULL,NULL),(206,103,'Jahra','en',NULL,NULL),(207,104,'القيروان','ar',NULL,NULL),(208,104,'Qairawan','en',NULL,NULL),(209,105,'القصر','ar',NULL,NULL),(210,105,'Qasr','en',NULL,NULL),(211,106,'الصليبية','ar',NULL,NULL),(212,106,'Sulaibiy','en',NULL,NULL),(213,107,'سعد العبدالله','ar',NULL,NULL),(214,107,'Saad Al Abdullah','en',NULL,NULL),(215,108,'تيماء','ar',NULL,NULL),(216,108,'Taima\'','en',NULL,NULL),(217,109,'منطقة أمغرة الصناعية','ar',NULL,NULL),(218,109,'Amgarah Industrial Area','en',NULL,NULL),(219,110,'الواحة','ar',NULL,NULL),(220,110,'Waha','en',NULL,NULL),(221,111,'النعيم','ar',NULL,NULL),(222,111,'Naeem','en',NULL,NULL),(223,112,'النسيم','ar',NULL,NULL),(224,112,'Naseem','en',NULL,NULL),(225,113,'العيون','ar',NULL,NULL),(226,113,'Oyoun','en',NULL,NULL);

--
-- Table structure for table `regions`
--

CREATE TABLE `regions` (
  `id` int unsigned NOT NULL AUTO_INCREMENT,
  `status` tinyint(1) NOT NULL DEFAULT '1',
  `address_address` varchar(191) CHARACTER SET utf8mb4 COLLATE utf8mb4_unicode_ci NOT NULL,
  `address_latitude` double NOT NULL,
  `address_longitude` double NOT NULL,
  `governments_id` int unsigned NOT NULL,
  `created_at` timestamp NULL DEFAULT NULL,
  `updated_at` timestamp NULL DEFAULT NULL,
  `country_id` int unsigned NOT NULL,
  PRIMARY KEY (`id`),
  KEY `regions_governments_id_foreign` (`governments_id`),
  KEY `regions_country_id_foreign` (`country_id`)
) ENGINE=InnoDB AUTO_INCREMENT=114 DEFAULT CHARSET=utf8mb4 COLLATE=utf8mb4_unicode_ci;

--
-- Dumping data for table `regions`
--

INSERT INTO `regions` (`id`, `status`, `address_address`, `address_latitude`, `address_longitude`, `governments_id`, `created_at`, `updated_at`, `country_id`) VALUES (1,1,'معسكرات المباركية، الكويت‎',29.3137412,47.9094547,1,'2020-07-29 17:07:36','2020-07-29 22:28:25',1),(2,1,'مدينة الكويت، العاصمة، Kuwait',29.375859,47.9774052,1,'2020-08-06 20:22:47','2020-08-06 20:22:47',1),(3,1,'كيفان، Kuwait',29.3375672,47.9589345,1,'2020-08-06 20:24:57','2020-08-06 20:24:57',1),(4,1,'قرطبة، Kuwait',29.3123481,47.9861678,1,'2020-08-06 20:25:28','2020-08-06 20:25:28',1),(5,1,'غرناطة، Kuwait',29.312521,47.8785532,1,'2020-08-06 20:26:03','2020-08-06 20:26:03',1),(6,1,'عبدالله السالم، Kuwait',29.3518587,47.98369150000001,1,'2020-08-06 20:26:32','2020-08-06 20:26:32',1),(7,1,'37design, الشويخ الصناعية، Kuwait',29.329692,47.94376099999999,1,'2020-08-06 20:27:30','2020-08-06 20:27:30',1),(8,1,'شويخ الصناعية 2، Shuwaikh Industrial, Kuwait',29.3242366,47.9490349,1,'2020-08-06 20:28:05','2020-08-06 20:28:05',1),(9,1,'101 Caffe, الشويخ الصناعية، Kuwait',29.3044679,47.9412732,1,'2020-08-06 20:28:40','2020-08-06 20:28:40',1),(10,1,'الشويخ الصحية',0,0,1,'2020-08-06 20:30:30','2020-08-06 20:30:30',1),(11,1,'شويخ السكنية، Kuwait',29.3546948,47.9539844,1,'2020-08-06 20:32:28','2020-08-06 20:32:28',1),(12,1,'الشويخ التعليمية',29.3546948,47.9539844,1,'2020-08-06 20:35:52','2020-08-06 20:35:52',1),(13,1,'كلية التربية - جامعة الكويت، Al-Suwais Street, Kuwait',29.3385947,47.9514183,1,'2020-08-06 20:36:46','2020-08-06 20:36:46',1),(14,1,'شمال غرب الصليبيخات، Kuwait',29.3278632,47.8106327,1,'2020-08-06 20:37:14','2020-08-06 20:37:14',1),(15,1,'دسمان، Kuwait City, Kuwait',29.3878041,47.9997896,1,'2020-08-06 20:37:55','2020-08-06 20:37:55',1),(16,1,'جابر الاحمد، Kuwait',29.3481663,47.7588245,1,'2020-08-06 20:38:26','2020-08-06 20:38:26',1),(17,1,'بنيد القار، Kuwait',29.3748727,48.0042721,1,'2020-08-06 20:39:01','2020-08-06 20:39:01',1),(18,1,'اليرموك، Kuwait',29.3128217,47.96883589999999,1,'2020-08-06 20:39:32','2020-08-06 20:39:32',1),(19,1,'النهضة، Kuwait',29.3041767,47.86002080000001,1,'2020-08-06 20:40:00','2020-08-06 20:40:00',1),(20,1,'النزهة، الكويت‎',29.3413899,47.9935975,1,'2020-08-06 20:40:37','2020-08-06 20:40:37',1),(21,1,'المنصورية، Kuwait',29.3573377,47.9948358,1,'2020-08-06 20:41:51','2020-08-06 20:41:51',1),(22,1,'المرقاب، Kuwait City, Kuwait',29.3661375,47.98369150000001,1,'2020-08-06 20:42:22','2020-08-06 20:42:22',1),(23,1,'قبلة، Kuwait City, Kuwait',29.369934,47.96883589999999,1,'2020-08-06 20:43:07','2020-08-06 20:43:07',1),(24,1,'القادسية، Kuwait',29.3499618,48.0035053,1,'2020-08-06 20:43:35','2020-08-06 20:43:35',1),(25,1,'الفيحاء، Kuwait',29.3404328,47.9787391,1,'2020-08-06 20:44:03','2020-08-06 20:44:03',1),(26,1,'العديلية، Kuwait',29.328058,47.98369150000001,1,'2020-08-06 20:44:38','2020-08-06 20:44:38',1),(27,1,'الصليبيخات، Kuwait',29.3155591,47.84026009999999,1,'2020-08-06 20:45:06','2020-08-06 20:45:06',1),(28,1,'الصالحية، Kuwait City, Kuwait',29.3635088,47.9675981,1,'2020-08-06 20:45:29','2020-08-06 20:45:29',1),(29,1,'شرق، Kuwait City, Kuwait',29.3823227,47.9886442,1,'2020-08-06 20:48:55','2020-08-06 20:48:55',1),(30,1,'الشامية، Kuwait',29.35089859999999,47.96883589999999,1,'2020-08-06 20:49:25','2020-08-06 20:49:25',1),(31,1,'السرة، Kuwait',29.3137752,48.0084599,1,'2020-08-06 20:49:47','2020-08-06 20:49:47',1),(32,1,'الروضة، Kuwait',29.3290126,47.99855119999999,1,'2020-08-06 20:50:18','2020-08-06 20:50:18',1),(33,1,'الدوحة، Kuwait',29.3155169,47.8155695,1,'2020-08-06 20:50:41','2020-08-06 20:50:41',1),(34,1,'الدعية، Kuwait',29.3604396,48.0183705,1,'2020-08-06 20:51:12','2020-08-06 20:51:12',1),(35,1,'الدسمة، Kuwait',29.3664336,48.000698,1,'2020-08-06 20:51:37','2020-08-06 20:51:37',1),(36,1,'الخالدية، Kuwait',29.3251956,47.9638849,1,'2020-08-06 20:52:10','2020-08-06 20:52:10',1),(37,1,'ميدان حولي',29.3251956,47.9638849,2,'2020-08-06 20:53:09','2020-08-06 20:53:09',1),(38,1,'منطقة الوزارات، Kuwait',29.2699529,48.0183705,2,'2020-08-06 20:53:46','2020-08-06 20:53:46',1),(39,1,'مشرف، Kuwait',29.2765468,48.06732479999999,2,'2020-08-06 20:54:18','2020-08-06 20:54:18',1),(40,1,'جوازات غرب مشرف، Mubarak Al-Abdullah, Kuwait',29.2693758,48.0543005,2,'2020-08-06 20:54:59','2020-08-06 20:54:59',1),(41,1,'سلوى، Kuwait',29.2964866,48.079379,2,'2020-08-06 20:55:24','2020-08-06 20:55:24',1),(42,1,'حولي، Kuwait',29.33778819999999,48.0234708,2,'2020-08-06 20:55:46','2020-08-06 20:55:46',1),(43,1,'حطين، Kuwait',29.2842433,48.0183705,2,'2020-08-06 20:56:12','2020-10-11 17:12:10',1),(44,1,'بيان، Kuwait',29.2979895,48.0510871,2,'2020-08-06 20:56:33','2020-08-06 20:56:33',1),(45,1,'الصديق، Kuwait',29.2937781,47.9935975,2,'2020-08-06 20:57:04','2020-08-06 20:57:04',1),(46,1,'الشهداء، Kuwait',29.270894,48.0332398,2,'2020-08-06 20:57:35','2020-08-06 20:57:35',1),(47,1,'الشعب، Kuwait',29.34996499999999,48.0282829,2,'2020-08-06 20:58:12','2020-08-06 20:58:12',1),(48,1,'السلام، Kuwait',29.2966294,48.01341499999999,2,'2020-08-06 20:58:40','2020-08-06 20:58:40',1),(49,1,'السالمية، Kuwait',29.3352938,48.0715612,2,'2020-08-06 20:59:09','2020-08-06 20:59:09',1),(50,1,'الزهراء، Kuwait',29.2746424,47.99978,2,'2020-08-06 20:59:39','2020-08-06 20:59:39',1),(51,1,'الرميثية، Kuwait',29.3161237,48.0719508,2,'2020-08-06 21:00:03','2020-08-06 21:00:03',1),(52,1,'الجابرية، Kuwait',29.3199043,48.0255416,2,'2020-08-06 21:00:25','2020-08-06 21:00:25',1),(53,1,'البدع، Kuwait',29.3149201,48.0890362,2,'2020-08-06 21:01:07','2020-08-06 21:01:07',1),(54,1,'مطار الشيخ سعد العبدالله، Kuwait',29.2259527,47.984963,4,'2020-08-06 23:17:07','2020-08-06 23:17:07',1),(55,1,'غرب عبدالله مبارك، Abdullah Al Mubarak Al Sabah, Kuwait',29.2403299,47.90460040000001,4,'2020-08-06 23:17:56','2020-08-06 23:17:56',1),(56,1,'مخازن العارضية، العارضية، Kuwait',29.2956718,47.9242939,4,'2020-08-06 23:18:42','2020-08-06 23:18:42',1),(57,1,'العارضية الصناعية، Ardiya, Kuwait',29.2947115,47.9094547,4,'2020-08-06 23:19:20','2020-08-06 23:19:20',1),(58,1,'الضجيج، Kuwait',29.2620388,47.9630143,4,'2020-08-06 23:19:48','2020-08-06 23:19:48',1),(59,1,'صباح الناصر، Kuwait',29.2707391,47.8831023,4,'2020-08-06 23:20:35','2020-08-06 23:20:35',1),(60,1,'خيطان، Kuwait',29.2840931,47.9751042,4,'2020-08-06 23:21:03','2020-08-06 23:21:03',1),(61,1,'جليب الشيوخ، Kuwait',29.2595663,47.9330522,4,'2020-08-06 23:21:55','2020-08-06 23:21:55',1),(62,1,'مطار الكويت الدولي، Ghazali Road, Kuwait',29.2404414,47.9710458,4,'2020-08-06 23:22:25','2020-08-06 23:22:25',1),(63,1,'الفروانية، Kuwait',29.281596,47.96025179999999,4,'2020-08-06 23:23:02','2020-08-06 23:23:02',1),(64,1,'الفردوس، Kuwait',29.2834971,47.8744558,4,'2020-08-06 23:23:34','2020-08-06 23:23:34',1),(65,1,'العمرية، Kuwait',29.2958138,47.9556801,4,'2020-08-06 23:24:02','2020-08-06 23:24:02',1),(66,1,'العارضية، Kuwait',29.2886069,47.9061441,4,'2020-08-06 23:24:34','2020-08-06 23:24:34',1),(67,1,'الري، الفروانية، Kuwait',29.3080538,47.9440857,4,'2020-08-06 23:25:50','2020-08-06 23:25:50',1),(68,1,'الرقعي، Kuwait',29.3061333,47.91440069999999,4,'2020-08-06 23:27:01','2020-08-06 23:27:01',1),(69,1,'الرحاب، Kuwait',29.2852067,47.9341889,4,'2020-08-06 23:27:40','2020-08-06 23:27:40',1),(70,1,'الرابية، Kuwait',29.29663009999999,47.9391371,4,'2020-08-06 23:28:14','2020-08-06 23:28:14',1),(71,1,'الأندلس، Kuwait',29.3042048,47.8847321,4,'2020-08-06 23:29:01','2020-08-06 23:29:01',1),(72,1,'إشبيلية، Kuwait',29.2728333,47.9391371,4,'2020-08-06 23:29:38','2020-08-06 23:29:38',1),(73,1,'هدية، Kuwait',29.1458815,48.092758,6,'2020-08-06 23:44:39','2020-08-06 23:44:39',1),(74,1,'فهد الأحمد، Kuwait',29.1277082,48.1076478,6,'2020-08-06 23:45:12','2020-08-06 23:45:12',1),(75,1,'جنوب الصباحية، Kuwait',29.081427,48.1051659,6,'2020-08-06 23:45:43','2020-08-06 23:45:43',1),(76,1,'جابر العلي، Kuwait',29.1691087,48.0825523,6,'2020-08-06 23:46:08','2020-08-06 23:46:08',1),(77,1,'بنيدر، Al Ad\'ami, Kuwait',28.7762968,48.2841556,6,'2020-08-06 23:46:37','2020-08-06 23:46:37',1),(78,1,'المهبولة، Kuwait',29.1496559,48.1191986,6,'2020-08-06 23:47:03','2020-08-06 23:47:03',1),(79,1,'المنقف، Kuwait',29.1070609,48.1239894,6,'2020-08-06 23:47:32','2020-08-06 23:47:32',1),(80,1,'الفنطاس، Kuwait',29.1704692,48.1193001,6,'2020-08-06 23:47:58','2020-08-06 23:47:58',1),(81,1,'الفحيحيل، Kuwait',29.083128,48.1334643,6,'2020-08-06 23:48:29','2020-08-06 23:48:29',1),(82,1,'العقيلة، Kuwait',29.1686861,48.10094609999999,6,'2020-08-06 23:48:56','2020-08-06 23:48:56',1),(83,1,'الظهر، Kuwait',29.1650224,48.0679507,6,'2020-08-06 23:49:18','2020-08-06 23:49:18',1),(84,1,'الصباحية، Kuwait',29.1081627,48.1058589,6,'2020-08-06 23:49:44','2020-08-06 23:49:44',1),(85,1,'الرقة',29.1081627,48.1058589,6,'2020-08-06 23:50:07','2020-08-06 23:50:07',1),(86,1,'الأحمدي، Kuwait',29.083461,48.07347619999999,6,'2020-08-06 23:50:37','2020-08-06 23:50:37',1),(87,1,'أبو حليفة، Kuwait',29.1281522,48.1259111,6,'2020-08-06 23:51:17','2020-08-06 23:51:17',1),(88,1,'علي صباح السالم، Kuwait',28.9570473,48.154826,6,'2020-08-06 23:53:05','2020-08-06 23:53:05',1),(89,1,'وسطي، Kuwait',29.2303763,48.045634,6,'2020-08-06 23:53:59','2020-08-06 23:53:59',1),(90,1,'مبارك الكبير، Kuwait',29.1886698,48.0806909,3,'2020-08-06 23:54:37','2020-08-06 23:54:37',1),(91,1,'فنيطيس، Kuwait',29.2207571,48.0952394,3,'2020-08-06 23:55:11','2020-08-06 23:55:11',1),(92,1,'غرب ابو فطيرة الحرفية، Kuwait',29.1922447,48.045634,3,'2020-08-06 23:56:15','2020-08-06 23:56:15',1),(93,1,'صبحان الصناعية، Kuwait',29.2309026,48.0035053,3,'2020-08-06 23:56:48','2020-08-06 23:56:48',1),(94,1,'صباح السالم، Kuwait',29.2565637,48.062605,3,'2020-08-06 23:57:09','2020-08-06 23:57:09',1),(95,1,'جنوب وسطي',29.2565637,48.062605,3,'2020-08-06 23:57:41','2020-08-06 23:57:41',1),(96,1,'المسيله، Kuwait',29.2495718,48.0940508,3,'2020-08-06 23:58:13','2020-08-06 23:58:13',1),(97,1,'المسايل، Kuwait',29.2393671,48.0877956,3,'2020-08-06 23:59:26','2020-08-06 23:59:26',1),(98,1,'القصور، Kuwait',29.2160974,48.0732097,3,'2020-08-06 23:59:50','2020-08-06 23:59:50',1),(99,1,'القرين، Kuwait',29.201281,48.0786033,3,'2020-08-07 00:00:13','2020-08-07 00:00:13',1),(100,1,'العدان، Kuwait',29.23358,48.0679104,3,'2020-08-07 00:03:31','2020-08-07 00:03:31',1),(101,1,'أبو فطيرة، Kuwait',29.1976045,48.1034175,3,'2020-08-07 00:04:02','2020-08-07 00:04:02',1),(102,1,'أبو الحصانية، Kuwait',29.1909059,48.1138531,3,'2020-08-07 00:04:35','2020-08-07 00:04:35',1),(103,1,'الجهراء، Kuwait',29.3365728,47.6755291,5,'2020-08-07 00:06:49','2020-08-07 00:06:49',1),(104,1,'القيروان، Kuwait',29.3002821,47.8007606,5,'2020-08-07 00:07:17','2020-08-07 00:07:17',1),(105,1,'القصر، الجهراء، Kuwait',29.3408578,47.6972141,5,'2020-08-07 00:07:40','2020-09-07 17:16:56',1),(106,1,'الصليبية، Kuwait',29.2855773,47.81803800000001,5,'2020-08-07 00:08:13','2020-08-07 00:08:13',1),(107,1,'سعد العبدالله، Al Jahra, Kuwait',29.3138682,47.7193856,5,'2020-08-07 00:08:38','2020-08-07 00:08:38',1),(108,1,'تيماء، Al Jahra, Kuwait',29.3303676,47.6824383,5,'2020-08-07 00:09:05','2020-08-07 00:09:05',1),(109,1,'منطقة أمغرة الصناعية',29.3303676,47.6824383,5,'2020-08-07 00:09:39','2020-08-07 00:09:39',1),(110,1,'الواحة، الجهراء، Kuwait',29.3445143,47.6578212,5,'2020-08-07 00:10:09','2020-08-07 00:10:09',1),(111,1,'النعيم، الجهراء، Kuwait',29.3334892,47.6935198,5,'2020-08-07 00:10:43','2020-08-07 00:10:43',1),(112,1,'النسيم، الجهراء، Kuwait',29.3189617,47.677514,5,'2020-08-07 00:11:04','2020-08-07 00:11:04',1),(113,1,'العيون، الجهراء، Kuwait',29.3189617,47.677514,5,'2020-08-07 00:11:27','2020-08-07 00:11:27',1);

--
-- Table structure for table `related_products`
--

CREATE TABLE `related_products` (
  `id` bigint unsigned NOT NULL AUTO_INCREMENT,
  `product_id` int unsigned DEFAULT NULL,
  `related_id` int unsigned DEFAULT NULL,
  `created_at` timestamp NULL DEFAULT NULL,
  `updated_at` timestamp NULL DEFAULT NULL,
  PRIMARY KEY (`id`),
  KEY `related_products_product_id_foreign` (`product_id`),
  KEY `related_products_related_id_foreign` (`related_id`)
) ENGINE=InnoDB DEFAULT CHARSET=utf8mb4 COLLATE=utf8mb4_unicode_ci;

--
-- Dumping data for table `related_products`
--


--
-- Table structure for table `role_user`
--

CREATE TABLE `role_user` (
  `role_id` int unsigned NOT NULL,
  `user_id` int unsigned NOT NULL,
  `user_type` varchar(191) CHARACTER SET utf8mb4 COLLATE utf8mb4_unicode_ci NOT NULL,
  PRIMARY KEY (`user_id`,`role_id`,`user_type`),
  KEY `role_user_role_id_foreign` (`role_id`)
) ENGINE=InnoDB DEFAULT CHARSET=utf8mb4 COLLATE=utf8mb4_unicode_ci;

--
-- Dumping data for table `role_user`
--

INSERT INTO `role_user` (`role_id`, `user_id`, `user_type`) VALUES (1,1,'App\\User'),(2,2,'App\\User'),(2,20,'App\\User'),(2,21,'App\\User'),(2,23,'App\\User'),(2,24,'App\\User'),(2,5008,'App\\User'),(2,5022,'App\\User'),(2,5079,'App\\User'),(2,5237,'App\\User'),(2,5270,'App\\User'),(2,5582,'App\\User'),(2,5583,'App\\User'),(2,5595,'App\\User'),(2,5613,'App\\User'),(2,5757,'App\\User'),(2,5879,'App\\User'),(2,5880,'App\\User'),(2,5882,'App\\User'),(2,5951,'App\\User'),(3,3,'App\\User'),(3,4,'App\\User'),(3,5,'App\\User'),(3,6,'App\\User'),(3,7,'App\\User'),(3,8,'App\\User'),(3,9,'App\\User'),(3,11,'App\\User'),(3,3803,'App\\User'),(3,3804,'App\\User'),(3,3805,'App\\User'),(3,3806,'App\\User'),(3,3807,'App\\User'),(3,3808,'App\\User'),(3,3809,'App\\User'),(3,3810,'App\\User'),(3,3811,'App\\User'),(3,3812,'App\\User'),(3,3813,'App\\User'),(3,3814,'App\\User'),(3,3815,'App\\User'),(3,3816,'App\\User'),(3,3817,'App\\User'),(3,3818,'App\\User'),(3,3819,'App\\User'),(3,3820,'App\\User'),(3,3821,'App\\User'),(3,3822,'App\\User'),(3,3823,'App\\User'),(3,3824,'App\\User'),(3,3825,'App\\User'),(3,3826,'App\\User'),(3,3827,'App\\User'),(3,3828,'App\\User'),(3,3829,'App\\User'),(3,3830,'App\\User'),(3,3831,'App\\User'),(3,3832,'App\\User'),(3,3833,'App\\User'),(3,3834,'App\\User'),(3,3835,'App\\User'),(3,3837,'App\\User'),(3,3838,'App\\User'),(3,3839,'App\\User'),(3,3840,'App\\User'),(3,3841,'App\\User'),(3,3843,'App\\User'),(3,3844,'App\\User'),(3,3845,'App\\User'),(3,3846,'App\\User'),(3,3847,'App\\User'),(3,3849,'App\\User'),(3,3850,'App\\User'),(3,3851,'App\\User'),(3,3852,'App\\User'),(3,3853,'App\\User'),(3,3854,'App\\User'),(3,3855,'App\\User'),(3,3857,'App\\User'),(3,3858,'App\\User'),(3,3859,'App\\User'),(3,3860,'App\\User'),(3,3861,'App\\User'),(3,3862,'App\\User'),(3,3863,'App\\User'),(3,3864,'App\\User'),(3,3865,'App\\User'),(3,3866,'App\\User'),(3,3867,'App\\User'),(3,3868,'App\\User'),(3,3869,'App\\User'),(3,3870,'App\\User'),(3,3871,'App\\User'),(3,3872,'App\\User'),(3,3873,'App\\User'),(3,3874,'App\\User'),(3,3875,'App\\User'),(3,3876,'App\\User'),(3,3877,'App\\User'),(3,3878,'App\\User'),(3,3879,'App\\User'),(3,3880,'App\\User'),(3,3881,'App\\User'),(3,3882,'App\\User'),(3,3883,'App\\User'),(3,3884,'App\\User'),(3,3885,'App\\User'),(3,3886,'App\\User'),(3,3887,'App\\User'),(3,3888,'App\\User'),(3,3889,'App\\User'),(3,3890,'App\\User'),(3,3891,'App\\User'),(3,3892,'App\\User'),(3,3893,'App\\User'),(3,3894,'App\\User'),(3,3895,'App\\User'),(3,3896,'App\\User'),(3,3897,'App\\User'),(3,3898,'App\\User'),(3,3899,'App\\User'),(3,3900,'App\\User'),(3,3901,'App\\User'),(3,3902,'App\\User'),(3,3903,'App\\User'),(3,3904,'App\\User'),(3,3905,'App\\User'),(3,3906,'App\\User'),(3,3907,'App\\User'),(3,3908,'App\\User'),(3,3909,'App\\User'),(3,3910,'App\\User'),(3,3911,'App\\User'),(3,3912,'App\\User'),(3,3913,'App\\User'),(3,3914,'App\\User'),(3,3915,'App\\User'),(3,3916,'App\\User'),(3,3917,'App\\User'),(3,3918,'App\\User'),(3,3919,'App\\User'),(3,3920,'App\\User'),(3,3921,'App\\User'),(3,3922,'App\\User'),(3,3923,'App\\User'),(3,3924,'App\\User'),(3,3925,'App\\User'),(3,3926,'App\\User'),(3,3927,'App\\User'),(3,3928,'App\\User'),(3,3929,'App\\User'),(3,3930,'App\\User'),(3,3931,'App\\User'),(3,3932,'App\\User'),(3,3933,'App\\User'),(3,3934,'App\\User'),(3,3935,'App\\User'),(3,3936,'App\\User'),(3,3937,'App\\User'),(3,3938,'App\\User'),(3,3939,'App\\User'),(3,3940,'App\\User'),(3,3941,'App\\User'),(3,3942,'App\\User'),(3,3943,'App\\User'),(3,3944,'App\\User'),(3,3945,'App\\User'),(3,3946,'App\\User'),(3,3947,'App\\User'),(3,3948,'App\\User'),(3,3949,'App\\User'),(3,3950,'App\\User'),(3,3951,'App\\User'),(3,3952,'App\\User'),(3,3953,'App\\User'),(3,3954,'App\\User'),(3,3955,'App\\User'),(3,3956,'App\\User'),(3,3957,'App\\User'),(3,3958,'App\\User'),(3,3959,'App\\User'),(3,3960,'App\\User'),(3,3961,'App\\User'),(3,3962,'App\\User'),(3,3963,'App\\User'),(3,3964,'App\\User'),(3,3965,'App\\User'),(3,3966,'App\\User'),(3,3967,'App\\User'),(3,3968,'App\\User'),(3,3969,'App\\User'),(3,3970,'App\\User'),(3,3971,'App\\User'),(3,3972,'App\\User'),(3,3973,'App\\User'),(3,3974,'App\\User'),(3,3975,'App\\User'),(3,3976,'App\\User'),(3,3977,'App\\User'),(3,3978,'App\\User'),(3,3979,'App\\User'),(3,3980,'App\\User'),(3,3981,'App\\User'),(3,3982,'App\\User'),(3,3983,'App\\User'),(3,3984,'App\\User'),(3,3985,'App\\User'),(3,3986,'App\\User'),(3,3987,'App\\User'),(3,3988,'App\\User'),(3,3989,'App\\User'),(3,3990,'App\\User'),(3,3991,'App\\User'),(3,3992,'App\\User'),(3,3993,'App\\User'),(3,3994,'App\\User'),(3,3995,'App\\User'),(3,3996,'App\\User'),(3,3997,'App\\User'),(3,3998,'App\\User'),(3,3999,'App\\User'),(3,4000,'App\\User'),(3,4001,'App\\User'),(3,4002,'App\\User'),(3,4003,'App\\User'),(3,4004,'App\\User'),(3,4005,'App\\User'),(3,4006,'App\\User'),(3,4007,'App\\User'),(3,4008,'App\\User'),(3,4009,'App\\User'),(3,4010,'App\\User'),(3,4011,'App\\User'),(3,4012,'App\\User'),(3,4013,'App\\User'),(3,4014,'App\\User'),(3,4015,'App\\User'),(3,4016,'App\\User'),(3,4017,'App\\User'),(3,4018,'App\\User'),(3,4019,'App\\User'),(3,4020,'App\\User'),(3,4021,'App\\User'),(3,4022,'App\\User'),(3,4023,'App\\User'),(3,4024,'App\\User'),(3,4025,'App\\User'),(3,4026,'App\\User'),(3,4027,'App\\User'),(3,4028,'App\\User'),(3,4029,'App\\User'),(3,4030,'App\\User'),(3,4031,'App\\User'),(3,4032,'App\\User'),(3,4033,'App\\User'),(3,4034,'App\\User'),(3,4035,'App\\User'),(3,4036,'App\\User'),(3,4037,'App\\User'),(3,4038,'App\\User'),(3,4039,'App\\User'),(3,4040,'App\\User'),(3,4041,'App\\User'),(3,4042,'App\\User'),(3,4043,'App\\User'),(3,4044,'App\\User'),(3,4045,'App\\User'),(3,4046,'App\\User'),(3,4047,'App\\User'),(3,4048,'App\\User'),(3,4049,'App\\User'),(3,4050,'App\\User'),(3,4051,'App\\User'),(3,4052,'App\\User'),(3,4053,'App\\User'),(3,4054,'App\\User'),(3,4055,'App\\User'),(3,4056,'App\\User'),(3,4057,'App\\User'),(3,4058,'App\\User'),(3,4059,'App\\User'),(3,4060,'App\\User'),(3,4061,'App\\User'),(3,4062,'App\\User'),(3,4063,'App\\User'),(3,4064,'App\\User'),(3,4065,'App\\User'),(3,4066,'App\\User'),(3,4067,'App\\User'),(3,4068,'App\\User'),(3,4069,'App\\User'),(3,4070,'App\\User'),(3,4071,'App\\User'),(3,4072,'App\\User'),(3,4073,'App\\User'),(3,4074,'App\\User'),(3,4075,'App\\User'),(3,4076,'App\\User'),(3,4077,'App\\User'),(3,4078,'App\\User'),(3,4079,'App\\User'),(3,4080,'App\\User'),(3,4081,'App\\User'),(3,4082,'App\\User'),(3,4083,'App\\User'),(3,4084,'App\\User'),(3,4085,'App\\User'),(3,4086,'App\\User'),(3,4087,'App\\User'),(3,4088,'App\\User'),(3,4089,'App\\User'),(3,4090,'App\\User'),(3,4091,'App\\User'),(3,4092,'App\\User'),(3,4093,'App\\User'),(3,4094,'App\\User'),(3,4095,'App\\User'),(3,4096,'App\\User'),(3,4097,'App\\User'),(3,4098,'App\\User'),(3,4099,'App\\User'),(3,4100,'App\\User'),(3,4101,'App\\User'),(3,4102,'App\\User'),(3,4103,'App\\User'),(3,4104,'App\\User'),(3,4105,'App\\User'),(3,4106,'App\\User'),(3,4107,'App\\User'),(3,4108,'App\\User'),(3,4109,'App\\User'),(3,4110,'App\\User'),(3,4111,'App\\User'),(3,4112,'App\\User'),(3,4113,'App\\User'),(3,4114,'App\\User'),(3,4115,'App\\User'),(3,4116,'App\\User'),(3,4117,'App\\User'),(3,4118,'App\\User'),(3,4119,'App\\User'),(3,4120,'App\\User'),(3,4121,'App\\User'),(3,4122,'App\\User'),(3,4123,'App\\User'),(3,4124,'App\\User'),(3,4125,'App\\User'),(3,4126,'App\\User'),(3,4127,'App\\User'),(3,4128,'App\\User'),(3,4129,'App\\User'),(3,4130,'App\\User'),(3,4131,'App\\User'),(3,4132,'App\\User'),(3,4133,'App\\User'),(3,4134,'App\\User'),(3,4135,'App\\User'),(3,4136,'App\\User'),(3,4137,'App\\User'),(3,4138,'App\\User'),(3,4139,'App\\User'),(3,4140,'App\\User'),(3,4141,'App\\User'),(3,4142,'App\\User'),(3,4143,'App\\User'),(3,4144,'App\\User'),(3,4145,'App\\User'),(3,4146,'App\\User'),(3,4147,'App\\User'),(3,4148,'App\\User'),(3,4149,'App\\User'),(3,4150,'App\\User'),(3,4151,'App\\User'),(3,4152,'App\\User'),(3,4153,'App\\User'),(3,4154,'App\\User'),(3,4155,'App\\User'),(3,4156,'App\\User'),(3,4157,'App\\User'),(3,4158,'App\\User'),(3,4159,'App\\User'),(3,4160,'App\\User'),(3,4161,'App\\User'),(3,4162,'App\\User'),(3,4163,'App\\User'),(3,4164,'App\\User'),(3,4165,'App\\User'),(3,4166,'App\\User'),(3,4167,'App\\User'),(3,4168,'App\\User'),(3,4169,'App\\User'),(3,4170,'App\\User'),(3,4171,'App\\User'),(3,4172,'App\\User'),(3,4173,'App\\User'),(3,4174,'App\\User'),(3,4175,'App\\User'),(3,4176,'App\\User'),(3,4177,'App\\User'),(3,4178,'App\\User'),(3,4179,'App\\User'),(3,4180,'App\\User'),(3,4181,'App\\User'),(3,4182,'App\\User'),(3,4183,'App\\User'),(3,4184,'App\\User'),(3,4185,'App\\User'),(3,4186,'App\\User'),(3,4187,'App\\User'),(3,4188,'App\\User'),(3,4189,'App\\User'),(3,4190,'App\\User'),(3,4191,'App\\User'),(3,4192,'App\\User'),(3,4193,'App\\User'),(3,4194,'App\\User'),(3,4195,'App\\User'),(3,4196,'App\\User'),(3,4197,'App\\User'),(3,4198,'App\\User'),(3,4199,'App\\User'),(3,4200,'App\\User'),(3,4201,'App\\User'),(3,4202,'App\\User'),(3,4203,'App\\User'),(3,4204,'App\\User'),(3,4205,'App\\User'),(3,4206,'App\\User'),(3,4207,'App\\User'),(3,4208,'App\\User'),(3,4209,'App\\User'),(3,4210,'App\\User'),(3,4211,'App\\User'),(3,4212,'App\\User'),(3,4213,'App\\User'),(3,4214,'App\\User'),(3,4215,'App\\User'),(3,4216,'App\\User'),(3,4217,'App\\User'),(3,4218,'App\\User'),(3,4219,'App\\User'),(3,4220,'App\\User'),(3,4221,'App\\User'),(3,4222,'App\\User'),(3,4223,'App\\User'),(3,4224,'App\\User'),(3,4225,'App\\User'),(3,4226,'App\\User'),(3,4227,'App\\User'),(3,4228,'App\\User'),(3,4229,'App\\User'),(3,4230,'App\\User'),(3,4231,'App\\User'),(3,4232,'App\\User'),(3,4233,'App\\User'),(3,4234,'App\\User'),(3,4235,'App\\User'),(3,4236,'App\\User'),(3,4237,'App\\User'),(3,4238,'App\\User'),(3,4239,'App\\User'),(3,4240,'App\\User'),(3,4241,'App\\User'),(3,4242,'App\\User'),(3,4243,'App\\User'),(3,4244,'App\\User'),(3,4245,'App\\User'),(3,4246,'App\\User'),(3,4247,'App\\User'),(3,4248,'App\\User'),(3,4249,'App\\User'),(3,4250,'App\\User'),(3,4251,'App\\User'),(3,4252,'App\\User'),(3,4253,'App\\User'),(3,4254,'App\\User'),(3,4255,'App\\User'),(3,4256,'App\\User'),(3,4257,'App\\User'),(3,4258,'App\\User'),(3,4259,'App\\User'),(3,4260,'App\\User'),(3,4261,'App\\User'),(3,4262,'App\\User'),(3,4263,'App\\User'),(3,4264,'App\\User'),(3,4265,'App\\User'),(3,4266,'App\\User'),(3,4267,'App\\User'),(3,4268,'App\\User'),(3,4269,'App\\User'),(3,4270,'App\\User'),(3,4271,'App\\User'),(3,4272,'App\\User'),(3,4273,'App\\User'),(3,4274,'App\\User'),(3,4275,'App\\User'),(3,4276,'App\\User'),(3,4277,'App\\User'),(3,4278,'App\\User'),(3,4279,'App\\User'),(3,4280,'App\\User'),(3,4281,'App\\User'),(3,4282,'App\\User'),(3,4283,'App\\User'),(3,4284,'App\\User'),(3,4285,'App\\User'),(3,4286,'App\\User'),(3,4287,'App\\User'),(3,4288,'App\\User'),(3,4289,'App\\User'),(3,4290,'App\\User'),(3,4291,'App\\User'),(3,4292,'App\\User'),(3,4293,'App\\User'),(3,4294,'App\\User'),(3,4295,'App\\User'),(3,4296,'App\\User'),(3,4297,'App\\User'),(3,4298,'App\\User'),(3,4299,'App\\User'),(3,4300,'App\\User'),(3,4301,'App\\User'),(3,4302,'App\\User'),(3,4303,'App\\User'),(3,4304,'App\\User'),(3,4305,'App\\User'),(3,4306,'App\\User'),(3,4307,'App\\User'),(3,4308,'App\\User'),(3,4309,'App\\User'),(3,4310,'App\\User'),(3,4311,'App\\User'),(3,4312,'App\\User'),(3,4313,'App\\User'),(3,4314,'App\\User'),(3,4315,'App\\User'),(3,4316,'App\\User'),(3,4317,'App\\User'),(3,4318,'App\\User'),(3,4319,'App\\User'),(3,4320,'App\\User'),(3,4321,'App\\User'),(3,4322,'App\\User'),(3,4323,'App\\User'),(3,4324,'App\\User'),(3,4325,'App\\User'),(3,4326,'App\\User'),(3,4327,'App\\User'),(3,4328,'App\\User'),(3,4329,'App\\User'),(3,4330,'App\\User'),(3,4331,'App\\User'),(3,4332,'App\\User'),(3,4333,'App\\User'),(3,4334,'App\\User'),(3,4335,'App\\User'),(3,4336,'App\\User'),(3,4337,'App\\User'),(3,4338,'App\\User'),(3,4339,'App\\User'),(3,4340,'App\\User'),(3,4341,'App\\User'),(3,4342,'App\\User'),(3,4343,'App\\User'),(3,4344,'App\\User'),(3,4345,'App\\User'),(3,4346,'App\\User'),(3,4347,'App\\User'),(3,4348,'App\\User'),(3,4349,'App\\User'),(3,4350,'App\\User'),(3,4351,'App\\User'),(3,4352,'App\\User'),(3,4353,'App\\User'),(3,4354,'App\\User'),(3,4355,'App\\User'),(3,4356,'App\\User'),(3,4357,'App\\User'),(3,4358,'App\\User'),(3,4359,'App\\User'),(3,4360,'App\\User'),(3,4361,'App\\User'),(3,4362,'App\\User'),(3,4363,'App\\User'),(3,4364,'App\\User'),(3,4365,'App\\User'),(3,4366,'App\\User'),(3,4367,'App\\User'),(3,4368,'App\\User'),(3,4369,'App\\User'),(3,4370,'App\\User'),(3,4371,'App\\User'),(3,4372,'App\\User'),(3,4373,'App\\User'),(3,4374,'App\\User'),(3,4375,'App\\User'),(3,4376,'App\\User'),(3,4377,'App\\User'),(3,4378,'App\\User'),(3,4379,'App\\User'),(3,4380,'App\\User'),(3,4381,'App\\User'),(3,4382,'App\\User'),(3,4383,'App\\User'),(3,4384,'App\\User'),(3,4385,'App\\User'),(3,4386,'App\\User'),(3,4387,'App\\User'),(3,4388,'App\\User'),(3,4389,'App\\User'),(3,4390,'App\\User'),(3,4391,'App\\User'),(3,4392,'App\\User'),(3,4393,'App\\User'),(3,4394,'App\\User'),(3,4395,'App\\User'),(3,4396,'App\\User'),(3,4397,'App\\User'),(3,4398,'App\\User'),(3,4399,'App\\User'),(3,4400,'App\\User'),(3,4401,'App\\User'),(3,4402,'App\\User'),(3,4403,'App\\User'),(3,4404,'App\\User'),(3,4405,'App\\User'),(3,4406,'App\\User'),(3,4407,'App\\User'),(3,4408,'App\\User'),(3,4409,'App\\User'),(3,4410,'App\\User'),(3,4411,'App\\User'),(3,4412,'App\\User'),(3,4413,'App\\User'),(3,4414,'App\\User'),(3,4415,'App\\User'),(3,4416,'App\\User'),(3,4417,'App\\User'),(3,4418,'App\\User'),(3,4419,'App\\User'),(3,4420,'App\\User'),(3,4421,'App\\User'),(3,4422,'App\\User'),(3,4423,'App\\User'),(3,4424,'App\\User'),(3,4425,'App\\User'),(3,4426,'App\\User'),(3,4427,'App\\User'),(3,4428,'App\\User'),(3,4429,'App\\User'),(3,4430,'App\\User'),(3,4431,'App\\User'),(3,4432,'App\\User'),(3,4433,'App\\User'),(3,4434,'App\\User'),(3,4435,'App\\User'),(3,4436,'App\\User'),(3,4437,'App\\User'),(3,4438,'App\\User'),(3,4439,'App\\User'),(3,4440,'App\\User'),(3,4441,'App\\User'),(3,4442,'App\\User'),(3,4443,'App\\User'),(3,4444,'App\\User'),(3,4445,'App\\User'),(3,4446,'App\\User'),(3,4447,'App\\User'),(3,4448,'App\\User'),(3,4449,'App\\User'),(3,4450,'App\\User'),(3,4451,'App\\User'),(3,4452,'App\\User'),(3,4453,'App\\User'),(3,4454,'App\\User'),(3,4455,'App\\User'),(3,4456,'App\\User'),(3,4457,'App\\User'),(3,4458,'App\\User'),(3,4459,'App\\User'),(3,4460,'App\\User'),(3,4461,'App\\User'),(3,4462,'App\\User'),(3,4463,'App\\User'),(3,4464,'App\\User'),(3,4465,'App\\User'),(3,4466,'App\\User'),(3,4467,'App\\User'),(3,4468,'App\\User'),(3,4469,'App\\User'),(3,4470,'App\\User'),(3,4471,'App\\User'),(3,4472,'App\\User'),(3,4473,'App\\User'),(3,4474,'App\\User'),(3,4475,'App\\User'),(3,4476,'App\\User'),(3,4477,'App\\User'),(3,4478,'App\\User'),(3,4479,'App\\User'),(3,4480,'App\\User'),(3,4481,'App\\User'),(3,4482,'App\\User'),(3,4483,'App\\User'),(3,4484,'App\\User'),(3,4485,'App\\User'),(3,4486,'App\\User'),(3,4487,'App\\User'),(3,4488,'App\\User'),(3,4489,'App\\User'),(3,4490,'App\\User'),(3,4491,'App\\User'),(3,4492,'App\\User'),(3,4493,'App\\User'),(3,4494,'App\\User'),(3,4495,'App\\User'),(3,4496,'App\\User'),(3,4497,'App\\User'),(3,4498,'App\\User'),(3,4499,'App\\User'),(3,4500,'App\\User'),(3,4501,'App\\User'),(3,4502,'App\\User'),(3,4503,'App\\User'),(3,4504,'App\\User'),(3,4505,'App\\User'),(3,4506,'App\\User'),(3,4507,'App\\User'),(3,4508,'App\\User'),(3,4510,'App\\User'),(3,4511,'App\\User'),(3,4512,'App\\User'),(3,4513,'App\\User'),(3,4514,'App\\User'),(3,4515,'App\\User'),(3,4516,'App\\User'),(3,4517,'App\\User'),(3,4518,'App\\User'),(3,4519,'App\\User'),(3,4520,'App\\User'),(3,4521,'App\\User'),(3,4522,'App\\User'),(3,4523,'App\\User'),(3,4524,'App\\User'),(3,4525,'App\\User'),(3,4526,'App\\User'),(3,4527,'App\\User'),(3,4528,'App\\User'),(3,4529,'App\\User'),(3,4530,'App\\User'),(3,4531,'App\\User'),(3,4532,'App\\User'),(3,4533,'App\\User'),(3,4534,'App\\User'),(3,4535,'App\\User'),(3,4536,'App\\User'),(3,4537,'App\\User'),(3,4538,'App\\User'),(3,4539,'App\\User'),(3,4540,'App\\User'),(3,4541,'App\\User'),(3,4542,'App\\User'),(3,4543,'App\\User'),(3,4544,'App\\User'),(3,4545,'App\\User'),(3,4546,'App\\User'),(3,4547,'App\\User'),(3,4548,'App\\User'),(3,4549,'App\\User'),(3,4550,'App\\User'),(3,4551,'App\\User'),(3,4552,'App\\User'),(3,4553,'App\\User'),(3,4554,'App\\User'),(3,4555,'App\\User'),(3,4556,'App\\User'),(3,4557,'App\\User'),(3,4558,'App\\User'),(3,4559,'App\\User'),(3,4560,'App\\User'),(3,4561,'App\\User'),(3,4562,'App\\User'),(3,4563,'App\\User'),(3,4564,'App\\User'),(3,4565,'App\\User'),(3,4566,'App\\User'),(3,4567,'App\\User'),(3,4568,'App\\User'),(3,4569,'App\\User'),(3,4570,'App\\User'),(3,4571,'App\\User'),(3,4572,'App\\User'),(3,4573,'App\\User'),(3,4574,'App\\User'),(3,4575,'App\\User'),(3,4576,'App\\User'),(3,4577,'App\\User'),(3,4578,'App\\User'),(3,4579,'App\\User'),(3,4580,'App\\User'),(3,4581,'App\\User'),(3,4582,'App\\User'),(3,4583,'App\\User'),(3,4584,'App\\User'),(3,4585,'App\\User'),(3,4586,'App\\User'),(3,4587,'App\\User'),(3,4588,'App\\User'),(3,4589,'App\\User'),(3,4590,'App\\User'),(3,4591,'App\\User'),(3,4592,'App\\User'),(3,4593,'App\\User'),(3,4594,'App\\User'),(3,4595,'App\\User'),(3,4596,'App\\User'),(3,4597,'App\\User'),(3,4598,'App\\User'),(3,4599,'App\\User'),(3,4600,'App\\User'),(3,4601,'App\\User'),(3,4602,'App\\User'),(3,4603,'App\\User'),(3,4604,'App\\User'),(3,4605,'App\\User'),(3,4606,'App\\User'),(3,4607,'App\\User'),(3,4608,'App\\User'),(3,4609,'App\\User'),(3,4610,'App\\User'),(3,4611,'App\\User'),(3,4612,'App\\User'),(3,4613,'App\\User'),(3,4614,'App\\User'),(3,4615,'App\\User'),(3,4616,'App\\User'),(3,4617,'App\\User'),(3,4618,'App\\User'),(3,4619,'App\\User'),(3,4620,'App\\User'),(3,4621,'App\\User'),(3,4622,'App\\User'),(3,4623,'App\\User'),(3,4624,'App\\User'),(3,4625,'App\\User'),(3,4626,'App\\User'),(3,4627,'App\\User'),(3,4628,'App\\User'),(3,4629,'App\\User'),(3,4630,'App\\User'),(3,4631,'App\\User'),(3,4632,'App\\User'),(3,4633,'App\\User'),(3,4634,'App\\User'),(3,4635,'App\\User'),(3,4636,'App\\User'),(3,4637,'App\\User'),(3,4638,'App\\User'),(3,4639,'App\\User'),(3,4640,'App\\User'),(3,4641,'App\\User'),(3,4642,'App\\User'),(3,4643,'App\\User'),(3,4644,'App\\User'),(3,4645,'App\\User'),(3,4646,'App\\User'),(3,4647,'App\\User'),(3,4648,'App\\User'),(3,4649,'App\\User'),(3,4650,'App\\User'),(3,4651,'App\\User'),(3,4652,'App\\User'),(3,4653,'App\\User'),(3,4654,'App\\User'),(3,4655,'App\\User'),(3,4656,'App\\User'),(3,4657,'App\\User'),(3,4658,'App\\User'),(3,4659,'App\\User'),(3,4660,'App\\User'),(3,4661,'App\\User'),(3,4662,'App\\User'),(3,4663,'App\\User'),(3,4664,'App\\User'),(3,4665,'App\\User'),(3,4666,'App\\User'),(3,4667,'App\\User'),(3,4668,'App\\User'),(3,4669,'App\\User'),(3,4670,'App\\User'),(3,4671,'App\\User'),(3,4672,'App\\User'),(3,4673,'App\\User'),(3,4674,'App\\User'),(3,4675,'App\\User'),(3,4676,'App\\User'),(3,4677,'App\\User'),(3,4678,'App\\User'),(3,4679,'App\\User'),(3,4680,'App\\User'),(3,4681,'App\\User'),(3,4682,'App\\User'),(3,4683,'App\\User'),(3,4684,'App\\User'),(3,4685,'App\\User'),(3,4686,'App\\User'),(3,4687,'App\\User'),(3,4688,'App\\User'),(3,4689,'App\\User'),(3,4690,'App\\User'),(3,4691,'App\\User'),(3,4692,'App\\User'),(3,4693,'App\\User'),(3,4694,'App\\User'),(3,4695,'App\\User'),(3,4696,'App\\User'),(3,4697,'App\\User'),(3,4698,'App\\User'),(3,4699,'App\\User'),(3,4700,'App\\User'),(3,4701,'App\\User'),(3,4702,'App\\User'),(3,4703,'App\\User'),(3,4704,'App\\User'),(3,4705,'App\\User'),(3,4706,'App\\User'),(3,4707,'App\\User'),(3,4708,'App\\User'),(3,4709,'App\\User'),(3,4710,'App\\User'),(3,4711,'App\\User'),(3,4712,'App\\User'),(3,4713,'App\\User'),(3,4714,'App\\User'),(3,4715,'App\\User'),(3,4716,'App\\User'),(3,4717,'App\\User'),(3,4718,'App\\User'),(3,4719,'App\\User'),(3,4720,'App\\User'),(3,4721,'App\\User'),(3,4722,'App\\User'),(3,4723,'App\\User'),(3,4724,'App\\User'),(3,4725,'App\\User'),(3,4726,'App\\User'),(3,4727,'App\\User'),(3,4728,'App\\User'),(3,4729,'App\\User'),(3,4730,'App\\User'),(3,4731,'App\\User'),(3,4732,'App\\User'),(3,4733,'App\\User'),(3,4734,'App\\User'),(3,4735,'App\\User'),(3,4736,'App\\User'),(3,4737,'App\\User'),(3,4738,'App\\User'),(3,4739,'App\\User'),(3,4740,'App\\User'),(3,4741,'App\\User'),(3,4742,'App\\User'),(3,4743,'App\\User'),(3,4744,'App\\User'),(3,4745,'App\\User'),(3,4746,'App\\User'),(3,4747,'App\\User'),(3,4748,'App\\User'),(3,4749,'App\\User'),(3,4750,'App\\User'),(3,4751,'App\\User'),(3,4752,'App\\User'),(3,4753,'App\\User'),(3,4754,'App\\User'),(3,4755,'App\\User'),(3,4756,'App\\User'),(3,4757,'App\\User'),(3,4758,'App\\User'),(3,4759,'App\\User'),(3,4760,'App\\User'),(3,4761,'App\\User'),(3,4762,'App\\User'),(3,4763,'App\\User'),(3,4764,'App\\User'),(3,4765,'App\\User'),(3,4766,'App\\User'),(3,4767,'App\\User'),(3,4768,'App\\User'),(3,4769,'App\\User'),(3,4770,'App\\User'),(3,4771,'App\\User'),(3,4772,'App\\User'),(3,4773,'App\\User'),(3,4774,'App\\User'),(3,4775,'App\\User'),(3,4776,'App\\User'),(3,4777,'App\\User'),(3,4778,'App\\User'),(3,4779,'App\\User'),(3,4780,'App\\User'),(3,4781,'App\\User'),(3,4782,'App\\User'),(3,4783,'App\\User'),(3,4784,'App\\User'),(3,4785,'App\\User'),(3,4786,'App\\User'),(3,4787,'App\\User'),(3,4788,'App\\User'),(3,4789,'App\\User'),(3,4790,'App\\User'),(3,4791,'App\\User'),(3,4792,'App\\User'),(3,4793,'App\\User'),(3,4794,'App\\User'),(3,4795,'App\\User'),(3,4796,'App\\User'),(3,4797,'App\\User'),(3,4798,'App\\User'),(3,4799,'App\\User'),(3,4800,'App\\User'),(3,4801,'App\\User'),(3,4802,'App\\User'),(3,4803,'App\\User'),(3,4804,'App\\User'),(3,4805,'App\\User'),(3,4806,'App\\User'),(3,4807,'App\\User'),(3,4808,'App\\User'),(3,4809,'App\\User'),(3,4810,'App\\User'),(3,4811,'App\\User'),(3,4812,'App\\User'),(3,4813,'App\\User'),(3,4814,'App\\User'),(3,4815,'App\\User'),(3,4816,'App\\User'),(3,4817,'App\\User'),(3,4818,'App\\User'),(3,4819,'App\\User'),(3,4820,'App\\User'),(3,4821,'App\\User'),(3,4822,'App\\User'),(3,4823,'App\\User'),(3,4824,'App\\User'),(3,4825,'App\\User'),(3,4826,'App\\User'),(3,4827,'App\\User'),(3,4828,'App\\User'),(3,4829,'App\\User'),(3,4830,'App\\User'),(3,4831,'App\\User'),(3,4832,'App\\User'),(3,4833,'App\\User'),(3,4834,'App\\User'),(3,4835,'App\\User'),(3,4836,'App\\User'),(3,4837,'App\\User'),(3,4838,'App\\User'),(3,4839,'App\\User'),(3,4840,'App\\User'),(3,4841,'App\\User'),(3,4842,'App\\User'),(3,4843,'App\\User'),(3,4844,'App\\User'),(3,4845,'App\\User'),(3,4846,'App\\User'),(3,4847,'App\\User'),(3,4848,'App\\User'),(3,4849,'App\\User'),(3,4850,'App\\User'),(3,4851,'App\\User'),(3,4852,'App\\User'),(3,4853,'App\\User'),(3,4854,'App\\User'),(3,4855,'App\\User'),(3,4856,'App\\User'),(3,4857,'App\\User'),(3,4858,'App\\User'),(3,4859,'App\\User'),(3,4860,'App\\User'),(3,4861,'App\\User'),(3,4862,'App\\User'),(3,4863,'App\\User'),(3,4864,'App\\User'),(3,4865,'App\\User'),(3,4866,'App\\User'),(3,4867,'App\\User'),(3,4868,'App\\User'),(3,4869,'App\\User'),(3,4870,'App\\User'),(3,4871,'App\\User'),(3,4872,'App\\User'),(3,4873,'App\\User'),(3,4874,'App\\User'),(3,4875,'App\\User'),(3,4876,'App\\User'),(3,4877,'App\\User'),(3,4878,'App\\User'),(3,4879,'App\\User'),(3,4880,'App\\User'),(3,4881,'App\\User'),(3,4882,'App\\User'),(3,4883,'App\\User'),(3,4884,'App\\User'),(3,4885,'App\\User'),(3,4886,'App\\User'),(3,4887,'App\\User'),(3,4888,'App\\User'),(3,4889,'App\\User'),(3,4890,'App\\User'),(3,4891,'App\\User'),(3,4892,'App\\User'),(3,4893,'App\\User'),(3,4894,'App\\User'),(3,4895,'App\\User'),(3,4896,'App\\User'),(3,4897,'App\\User'),(3,4898,'App\\User'),(3,4899,'App\\User'),(3,4900,'App\\User'),(3,4901,'App\\User'),(3,4902,'App\\User'),(3,4903,'App\\User'),(3,4904,'App\\User'),(3,4905,'App\\User'),(3,4906,'App\\User'),(3,4907,'App\\User'),(3,4908,'App\\User'),(3,4909,'App\\User'),(3,4910,'App\\User'),(3,4911,'App\\User'),(3,4912,'App\\User'),(3,4913,'App\\User'),(3,4914,'App\\User'),(3,4915,'App\\User'),(3,4916,'App\\User'),(3,4917,'App\\User'),(3,4918,'App\\User'),(3,4919,'App\\User'),(3,4920,'App\\User'),(3,4921,'App\\User'),(3,4922,'App\\User'),(3,4923,'App\\User'),(3,4924,'App\\User'),(3,4925,'App\\User'),(3,4926,'App\\User'),(3,4927,'App\\User'),(3,4928,'App\\User'),(3,4929,'App\\User'),(3,4930,'App\\User'),(3,4931,'App\\User'),(3,4932,'App\\User'),(3,4933,'App\\User'),(3,4934,'App\\User'),(3,4935,'App\\User'),(3,4936,'App\\User'),(3,4937,'App\\User'),(3,4938,'App\\User'),(3,4939,'App\\User'),(3,4940,'App\\User'),(3,4941,'App\\User'),(3,4942,'App\\User'),(3,4943,'App\\User'),(3,4944,'App\\User'),(3,4945,'App\\User'),(3,4946,'App\\User'),(3,4947,'App\\User'),(3,4948,'App\\User'),(3,4949,'App\\User'),(3,4950,'App\\User'),(3,4951,'App\\User'),(3,4952,'App\\User'),(3,4953,'App\\User'),(3,4954,'App\\User'),(3,4955,'App\\User'),(3,4956,'App\\User'),(3,4957,'App\\User'),(3,4958,'App\\User'),(3,4959,'App\\User'),(3,4960,'App\\User'),(3,4961,'App\\User'),(3,4962,'App\\User'),(3,4963,'App\\User'),(3,4964,'App\\User'),(3,4965,'App\\User'),(3,4966,'App\\User'),(3,4967,'App\\User'),(3,4968,'App\\User'),(3,4969,'App\\User'),(3,4970,'App\\User'),(3,4971,'App\\User'),(3,4972,'App\\User'),(3,4973,'App\\User'),(3,4974,'App\\User'),(3,4975,'App\\User'),(3,4976,'App\\User'),(3,4977,'App\\User'),(3,4978,'App\\User'),(3,4979,'App\\User'),(3,4980,'App\\User'),(3,4981,'App\\User'),(3,4987,'App\\User'),(3,4990,'App\\User'),(3,5001,'App\\User'),(3,5002,'App\\User'),(3,5003,'App\\User'),(3,5005,'App\\User'),(3,5006,'App\\User'),(3,5007,'App\\User'),(3,5011,'App\\User'),(3,5013,'App\\User'),(3,5015,'App\\User'),(3,5016,'App\\User'),(3,5017,'App\\User'),(3,5018,'App\\User'),(3,5019,'App\\User'),(3,5020,'App\\User'),(3,5021,'App\\User'),(3,5023,'App\\User'),(3,5024,'App\\User'),(3,5036,'App\\User'),(3,5037,'App\\User'),(3,5038,'App\\User'),(3,5039,'App\\User'),(3,5040,'App\\User'),(3,5041,'App\\User'),(3,5042,'App\\User'),(3,5043,'App\\User'),(3,5044,'App\\User'),(3,5045,'App\\User'),(3,5046,'App\\User'),(3,5047,'App\\User'),(3,5048,'App\\User'),(3,5050,'App\\User'),(3,5051,'App\\User'),(3,5054,'App\\User'),(3,5056,'App\\User'),(3,5057,'App\\User'),(3,5058,'App\\User'),(3,5059,'App\\User'),(3,5060,'App\\User'),(3,5061,'App\\User'),(3,5062,'App\\User'),(3,5063,'App\\User'),(3,5064,'App\\User'),(3,5065,'App\\User'),(3,5066,'App\\User'),(3,5068,'App\\User'),(3,5069,'App\\User'),(3,5070,'App\\User'),(3,5071,'App\\User'),(3,5072,'App\\User'),(3,5073,'App\\User'),(3,5074,'App\\User'),(3,5075,'App\\User'),(3,5076,'App\\User'),(3,5078,'App\\User'),(3,5080,'App\\User'),(3,5081,'App\\User'),(3,5082,'App\\User'),(3,5083,'App\\User'),(3,5084,'App\\User'),(3,5085,'App\\User'),(3,5086,'App\\User'),(3,5087,'App\\User'),(3,5089,'App\\User'),(3,5090,'App\\User'),(3,5091,'App\\User'),(3,5092,'App\\User'),(3,5093,'App\\User'),(3,5094,'App\\User'),(3,5095,'App\\User'),(3,5096,'App\\User'),(3,5097,'App\\User'),(3,5098,'App\\User'),(3,5099,'App\\User'),(3,5101,'App\\User'),(3,5102,'App\\User'),(3,5103,'App\\User'),(3,5105,'App\\User'),(3,5106,'App\\User'),(3,5107,'App\\User'),(3,5108,'App\\User'),(3,5109,'App\\User'),(3,5110,'App\\User'),(3,5111,'App\\User'),(3,5112,'App\\User'),(3,5113,'App\\User'),(3,5114,'App\\User'),(3,5115,'App\\User'),(3,5117,'App\\User'),(3,5118,'App\\User'),(3,5119,'App\\User'),(3,5120,'App\\User'),(3,5121,'App\\User'),(3,5122,'App\\User'),(3,5123,'App\\User'),(3,5124,'App\\User'),(3,5125,'App\\User'),(3,5126,'App\\User'),(3,5127,'App\\User'),(3,5128,'App\\User'),(3,5129,'App\\User'),(3,5130,'App\\User'),(3,5131,'App\\User'),(3,5132,'App\\User'),(3,5133,'App\\User'),(3,5135,'App\\User'),(3,5137,'App\\User'),(3,5138,'App\\User'),(3,5139,'App\\User'),(3,5140,'App\\User'),(3,5141,'App\\User'),(3,5142,'App\\User'),(3,5143,'App\\User'),(3,5144,'App\\User'),(3,5145,'App\\User'),(3,5147,'App\\User'),(3,5150,'App\\User'),(3,5152,'App\\User'),(3,5153,'App\\User'),(3,5155,'App\\User'),(3,5156,'App\\User'),(3,5157,'App\\User'),(3,5158,'App\\User'),(3,5159,'App\\User'),(3,5160,'App\\User'),(3,5161,'App\\User'),(3,5162,'App\\User'),(3,5163,'App\\User'),(3,5165,'App\\User'),(3,5166,'App\\User'),(3,5167,'App\\User'),(3,5168,'App\\User'),(3,5170,'App\\User'),(3,5171,'App\\User'),(3,5172,'App\\User'),(3,5174,'App\\User'),(3,5175,'App\\User'),(3,5176,'App\\User'),(3,5177,'App\\User'),(3,5178,'App\\User'),(3,5180,'App\\User'),(3,5181,'App\\User'),(3,5182,'App\\User'),(3,5183,'App\\User'),(3,5184,'App\\User'),(3,5185,'App\\User'),(3,5186,'App\\User'),(3,5187,'App\\User'),(3,5188,'App\\User'),(3,5189,'App\\User'),(3,5190,'App\\User'),(3,5191,'App\\User'),(3,5192,'App\\User'),(3,5193,'App\\User'),(3,5194,'App\\User'),(3,5195,'App\\User'),(3,5196,'App\\User'),(3,5197,'App\\User'),(3,5198,'App\\User'),(3,5199,'App\\User'),(3,5200,'App\\User'),(3,5201,'App\\User'),(3,5202,'App\\User'),(3,5203,'App\\User'),(3,5204,'App\\User'),(3,5205,'App\\User'),(3,5206,'App\\User'),(3,5207,'App\\User'),(3,5208,'App\\User'),(3,5209,'App\\User'),(3,5210,'App\\User'),(3,5211,'App\\User'),(3,5212,'App\\User'),(3,5213,'App\\User'),(3,5214,'App\\User'),(3,5215,'App\\User'),(3,5216,'App\\User'),(3,5217,'App\\User'),(3,5218,'App\\User'),(3,5219,'App\\User'),(3,5220,'App\\User'),(3,5221,'App\\User'),(3,5222,'App\\User'),(3,5224,'App\\User'),(3,5225,'App\\User'),(3,5226,'App\\User'),(3,5227,'App\\User'),(3,5229,'App\\User'),(3,5230,'App\\User'),(3,5231,'App\\User'),(3,5232,'App\\User'),(3,5233,'App\\User'),(3,5234,'App\\User'),(3,5235,'App\\User'),(3,5236,'App\\User'),(3,5238,'App\\User'),(3,5239,'App\\User'),(3,5240,'App\\User'),(3,5241,'App\\User'),(3,5242,'App\\User'),(3,5243,'App\\User'),(3,5244,'App\\User'),(3,5245,'App\\User'),(3,5246,'App\\User'),(3,5247,'App\\User'),(3,5248,'App\\User'),(3,5249,'App\\User'),(3,5250,'App\\User'),(3,5251,'App\\User'),(3,5252,'App\\User'),(3,5253,'App\\User'),(3,5254,'App\\User'),(3,5255,'App\\User'),(3,5256,'App\\User'),(3,5257,'App\\User'),(3,5258,'App\\User'),(3,5259,'App\\User'),(3,5260,'App\\User'),(3,5261,'App\\User'),(3,5262,'App\\User'),(3,5263,'App\\User'),(3,5264,'App\\User'),(3,5265,'App\\User'),(3,5266,'App\\User'),(3,5267,'App\\User'),(3,5268,'App\\User'),(3,5269,'App\\User'),(3,5271,'App\\User'),(3,5272,'App\\User'),(3,5273,'App\\User'),(3,5274,'App\\User'),(3,5276,'App\\User'),(3,5277,'App\\User'),(3,5278,'App\\User'),(3,5279,'App\\User'),(3,5280,'App\\User'),(3,5281,'App\\User'),(3,5282,'App\\User'),(3,5283,'App\\User'),(3,5284,'App\\User'),(3,5285,'App\\User'),(3,5286,'App\\User'),(3,5287,'App\\User'),(3,5288,'App\\User'),(3,5289,'App\\User'),(3,5290,'App\\User'),(3,5291,'App\\User'),(3,5292,'App\\User'),(3,5293,'App\\User'),(3,5294,'App\\User'),(3,5295,'App\\User'),(3,5296,'App\\User'),(3,5297,'App\\User'),(3,5298,'App\\User'),(3,5299,'App\\User'),(3,5300,'App\\User'),(3,5301,'App\\User'),(3,5302,'App\\User'),(3,5303,'App\\User'),(3,5304,'App\\User'),(3,5305,'App\\User'),(3,5306,'App\\User'),(3,5307,'App\\User'),(3,5308,'App\\User'),(3,5309,'App\\User'),(3,5310,'App\\User'),(3,5311,'App\\User'),(3,5312,'App\\User'),(3,5313,'App\\User'),(3,5314,'App\\User'),(3,5315,'App\\User'),(3,5316,'App\\User'),(3,5319,'App\\User'),(3,5320,'App\\User'),(3,5321,'App\\User'),(3,5322,'App\\User'),(3,5323,'App\\User'),(3,5324,'App\\User'),(3,5325,'App\\User'),(3,5326,'App\\User'),(3,5327,'App\\User'),(3,5328,'App\\User'),(3,5329,'App\\User'),(3,5330,'App\\User'),(3,5331,'App\\User'),(3,5332,'App\\User'),(3,5333,'App\\User'),(3,5334,'App\\User'),(3,5335,'App\\User'),(3,5336,'App\\User'),(3,5337,'App\\User'),(3,5338,'App\\User'),(3,5339,'App\\User'),(3,5340,'App\\User'),(3,5341,'App\\User'),(3,5342,'App\\User'),(3,5344,'App\\User'),(3,5346,'App\\User'),(3,5347,'App\\User'),(3,5348,'App\\User'),(3,5349,'App\\User'),(3,5350,'App\\User'),(3,5351,'App\\User'),(3,5352,'App\\User'),(3,5353,'App\\User'),(3,5355,'App\\User'),(3,5356,'App\\User'),(3,5358,'App\\User'),(3,5359,'App\\User'),(3,5360,'App\\User'),(3,5361,'App\\User'),(3,5362,'App\\User'),(3,5363,'App\\User'),(3,5364,'App\\User'),(3,5365,'App\\User'),(3,5366,'App\\User'),(3,5367,'App\\User'),(3,5368,'App\\User'),(3,5369,'App\\User'),(3,5370,'App\\User'),(3,5371,'App\\User'),(3,5372,'App\\User'),(3,5373,'App\\User'),(3,5374,'App\\User'),(3,5375,'App\\User'),(3,5376,'App\\User'),(3,5377,'App\\User'),(3,5378,'App\\User'),(3,5379,'App\\User'),(3,5380,'App\\User'),(3,5381,'App\\User'),(3,5382,'App\\User'),(3,5383,'App\\User'),(3,5384,'App\\User'),(3,5385,'App\\User'),(3,5386,'App\\User'),(3,5387,'App\\User'),(3,5388,'App\\User'),(3,5389,'App\\User'),(3,5391,'App\\User'),(3,5392,'App\\User'),(3,5393,'App\\User'),(3,5394,'App\\User'),(3,5395,'App\\User'),(3,5396,'App\\User'),(3,5398,'App\\User'),(3,5399,'App\\User'),(3,5400,'App\\User'),(3,5401,'App\\User'),(3,5402,'App\\User'),(3,5403,'App\\User'),(3,5404,'App\\User'),(3,5405,'App\\User'),(3,5406,'App\\User'),(3,5407,'App\\User'),(3,5408,'App\\User'),(3,5409,'App\\User'),(3,5410,'App\\User'),(3,5412,'App\\User'),(3,5413,'App\\User'),(3,5414,'App\\User'),(3,5415,'App\\User'),(3,5416,'App\\User'),(3,5417,'App\\User'),(3,5418,'App\\User'),(3,5420,'App\\User'),(3,5422,'App\\User'),(3,5423,'App\\User'),(3,5424,'App\\User'),(3,5425,'App\\User'),(3,5426,'App\\User'),(3,5427,'App\\User'),(3,5428,'App\\User'),(3,5429,'App\\User'),(3,5432,'App\\User'),(3,5433,'App\\User'),(3,5435,'App\\User'),(3,5436,'App\\User'),(3,5437,'App\\User'),(3,5438,'App\\User'),(3,5439,'App\\User'),(3,5440,'App\\User'),(3,5441,'App\\User'),(3,5442,'App\\User'),(3,5443,'App\\User'),(3,5444,'App\\User'),(3,5445,'App\\User'),(3,5446,'App\\User'),(3,5448,'App\\User'),(3,5449,'App\\User'),(3,5450,'App\\User'),(3,5451,'App\\User'),(3,5452,'App\\User'),(3,5453,'App\\User'),(3,5454,'App\\User'),(3,5455,'App\\User'),(3,5456,'App\\User'),(3,5457,'App\\User'),(3,5458,'App\\User'),(3,5459,'App\\User'),(3,5460,'App\\User'),(3,5461,'App\\User'),(3,5470,'App\\User'),(3,5471,'App\\User'),(3,5472,'App\\User'),(3,5473,'App\\User'),(3,5474,'App\\User'),(3,5475,'App\\User'),(3,5476,'App\\User'),(3,5477,'App\\User'),(3,5478,'App\\User'),(3,5479,'App\\User'),(3,5480,'App\\User'),(3,5481,'App\\User'),(3,5482,'App\\User'),(3,5484,'App\\User'),(3,5485,'App\\User'),(3,5486,'App\\User'),(3,5487,'App\\User'),(3,5489,'App\\User'),(3,5490,'App\\User'),(3,5491,'App\\User'),(3,5492,'App\\User'),(3,5493,'App\\User'),(3,5494,'App\\User'),(3,5495,'App\\User'),(3,5496,'App\\User'),(3,5497,'App\\User'),(3,5498,'App\\User'),(3,5499,'App\\User'),(3,5500,'App\\User'),(3,5501,'App\\User'),(3,5502,'App\\User'),(3,5503,'App\\User'),(3,5504,'App\\User'),(3,5505,'App\\User'),(3,5506,'App\\User'),(3,5507,'App\\User'),(3,5508,'App\\User'),(3,5509,'App\\User'),(3,5510,'App\\User'),(3,5511,'App\\User'),(3,5513,'App\\User'),(3,5514,'App\\User'),(3,5515,'App\\User'),(3,5516,'App\\User'),(3,5517,'App\\User'),(3,5518,'App\\User'),(3,5519,'App\\User'),(3,5520,'App\\User'),(3,5521,'App\\User'),(3,5523,'App\\User'),(3,5524,'App\\User'),(3,5525,'App\\User'),(3,5526,'App\\User'),(3,5527,'App\\User'),(3,5528,'App\\User'),(3,5529,'App\\User'),(3,5530,'App\\User'),(3,5531,'App\\User'),(3,5533,'App\\User'),(3,5535,'App\\User'),(3,5536,'App\\User'),(3,5537,'App\\User'),(3,5539,'App\\User'),(3,5540,'App\\User'),(3,5541,'App\\User'),(3,5542,'App\\User'),(3,5543,'App\\User'),(3,5545,'App\\User'),(3,5546,'App\\User'),(3,5547,'App\\User'),(3,5548,'App\\User'),(3,5549,'App\\User'),(3,5550,'App\\User'),(3,5551,'App\\User'),(3,5552,'App\\User'),(3,5553,'App\\User'),(3,5554,'App\\User'),(3,5555,'App\\User'),(3,5556,'App\\User'),(3,5558,'App\\User'),(3,5559,'App\\User'),(3,5560,'App\\User'),(3,5561,'App\\User'),(3,5562,'App\\User'),(3,5563,'App\\User'),(3,5564,'App\\User'),(3,5566,'App\\User'),(3,5567,'App\\User'),(3,5568,'App\\User'),(3,5569,'App\\User'),(3,5571,'App\\User'),(3,5572,'App\\User'),(3,5573,'App\\User'),(3,5574,'App\\User'),(3,5575,'App\\User'),(3,5576,'App\\User'),(3,5577,'App\\User'),(3,5578,'App\\User'),(3,5579,'App\\User'),(3,5580,'App\\User'),(3,5581,'App\\User'),(3,5585,'App\\User'),(3,5586,'App\\User'),(3,5587,'App\\User'),(3,5588,'App\\User'),(3,5589,'App\\User'),(3,5591,'App\\User'),(3,5592,'App\\User'),(3,5593,'App\\User'),(3,5594,'App\\User'),(3,5596,'App\\User'),(3,5597,'App\\User'),(3,5598,'App\\User'),(3,5599,'App\\User'),(3,5600,'App\\User'),(3,5601,'App\\User'),(3,5602,'App\\User'),(3,5603,'App\\User'),(3,5604,'App\\User'),(3,5605,'App\\User'),(3,5606,'App\\User'),(3,5607,'App\\User'),(3,5608,'App\\User'),(3,5609,'App\\User'),(3,5610,'App\\User'),(3,5611,'App\\User'),(3,5612,'App\\User'),(3,5614,'App\\User'),(3,5615,'App\\User'),(3,5616,'App\\User'),(3,5617,'App\\User'),(3,5618,'App\\User'),(3,5620,'App\\User'),(3,5621,'App\\User'),(3,5622,'App\\User'),(3,5623,'App\\User'),(3,5624,'App\\User'),(3,5625,'App\\User'),(3,5626,'App\\User'),(3,5627,'App\\User'),(3,5628,'App\\User'),(3,5629,'App\\User'),(3,5630,'App\\User'),(3,5631,'App\\User'),(3,5632,'App\\User'),(3,5633,'App\\User'),(3,5634,'App\\User'),(3,5635,'App\\User'),(3,5636,'App\\User'),(3,5637,'App\\User'),(3,5638,'App\\User'),(3,5639,'App\\User'),(3,5640,'App\\User'),(3,5641,'App\\User'),(3,5642,'App\\User'),(3,5643,'App\\User'),(3,5644,'App\\User'),(3,5645,'App\\User'),(3,5646,'App\\User'),(3,5648,'App\\User'),(3,5649,'App\\User'),(3,5650,'App\\User'),(3,5651,'App\\User'),(3,5652,'App\\User'),(3,5653,'App\\User'),(3,5654,'App\\User'),(3,5655,'App\\User'),(3,5657,'App\\User'),(3,5660,'App\\User'),(3,5661,'App\\User'),(3,5662,'App\\User'),(3,5663,'App\\User'),(3,5664,'App\\User'),(3,5665,'App\\User'),(3,5666,'App\\User'),(3,5669,'App\\User'),(3,5670,'App\\User'),(3,5671,'App\\User'),(3,5672,'App\\User'),(3,5673,'App\\User'),(3,5674,'App\\User'),(3,5675,'App\\User'),(3,5677,'App\\User'),(3,5678,'App\\User'),(3,5679,'App\\User'),(3,5680,'App\\User'),(3,5681,'App\\User'),(3,5682,'App\\User'),(3,5683,'App\\User'),(3,5684,'App\\User'),(3,5686,'App\\User'),(3,5687,'App\\User'),(3,5688,'App\\User'),(3,5689,'App\\User'),(3,5690,'App\\User'),(3,5691,'App\\User'),(3,5692,'App\\User'),(3,5693,'App\\User'),(3,5694,'App\\User'),(3,5695,'App\\User'),(3,5696,'App\\User'),(3,5697,'App\\User'),(3,5698,'App\\User'),(3,5699,'App\\User'),(3,5700,'App\\User'),(3,5701,'App\\User'),(3,5703,'App\\User'),(3,5704,'App\\User'),(3,5705,'App\\User'),(3,5706,'App\\User'),(3,5707,'App\\User'),(3,5708,'App\\User'),(3,5709,'App\\User'),(3,5710,'App\\User'),(3,5711,'App\\User'),(3,5712,'App\\User'),(3,5713,'App\\User'),(3,5714,'App\\User'),(3,5715,'App\\User'),(3,5716,'App\\User'),(3,5717,'App\\User'),(3,5719,'App\\User'),(3,5720,'App\\User'),(3,5721,'App\\User'),(3,5722,'App\\User'),(3,5723,'App\\User'),(3,5724,'App\\User'),(3,5725,'App\\User'),(3,5726,'App\\User'),(3,5727,'App\\User'),(3,5728,'App\\User'),(3,5729,'App\\User'),(3,5730,'App\\User'),(3,5731,'App\\User'),(3,5733,'App\\User'),(3,5734,'App\\User'),(3,5735,'App\\User'),(3,5736,'App\\User'),(3,5738,'App\\User'),(3,5739,'App\\User'),(3,5740,'App\\User'),(3,5741,'App\\User'),(3,5742,'App\\User'),(3,5744,'App\\User'),(3,5746,'App\\User'),(3,5747,'App\\User'),(3,5748,'App\\User'),(3,5749,'App\\User'),(3,5750,'App\\User'),(3,5751,'App\\User'),(3,5752,'App\\User'),(3,5753,'App\\User'),(3,5754,'App\\User'),(3,5755,'App\\User'),(3,5756,'App\\User'),(3,5759,'App\\User'),(3,5760,'App\\User'),(3,5761,'App\\User'),(3,5762,'App\\User'),(3,5763,'App\\User'),(3,5764,'App\\User'),(3,5765,'App\\User'),(3,5766,'App\\User'),(3,5767,'App\\User'),(3,5768,'App\\User'),(3,5769,'App\\User'),(3,5770,'App\\User'),(3,5771,'App\\User'),(3,5772,'App\\User'),(3,5773,'App\\User'),(3,5774,'App\\User'),(3,5775,'App\\User'),(3,5776,'App\\User'),(3,5777,'App\\User'),(3,5779,'App\\User'),(3,5780,'App\\User'),(3,5781,'App\\User'),(3,5782,'App\\User'),(3,5783,'App\\User'),(3,5785,'App\\User'),(3,5786,'App\\User'),(3,5787,'App\\User'),(3,5788,'App\\User'),(3,5789,'App\\User'),(3,5790,'App\\User'),(3,5791,'App\\User'),(3,5792,'App\\User'),(3,5793,'App\\User'),(3,5795,'App\\User'),(3,5796,'App\\User'),(3,5798,'App\\User'),(3,5799,'App\\User'),(3,5800,'App\\User'),(3,5801,'App\\User'),(3,5802,'App\\User'),(3,5803,'App\\User'),(3,5804,'App\\User'),(3,5805,'App\\User'),(3,5806,'App\\User'),(3,5807,'App\\User'),(3,5808,'App\\User'),(3,5809,'App\\User'),(3,5811,'App\\User'),(3,5812,'App\\User'),(3,5814,'App\\User'),(3,5815,'App\\User'),(3,5816,'App\\User'),(3,5817,'App\\User'),(3,5818,'App\\User'),(3,5819,'App\\User'),(3,5820,'App\\User'),(3,5821,'App\\User'),(3,5822,'App\\User'),(3,5823,'App\\User'),(3,5824,'App\\User'),(3,5825,'App\\User'),(3,5827,'App\\User'),(3,5828,'App\\User'),(3,5829,'App\\User'),(3,5830,'App\\User'),(3,5831,'App\\User'),(3,5832,'App\\User'),(3,5833,'App\\User'),(3,5834,'App\\User'),(3,5835,'App\\User'),(3,5836,'App\\User'),(3,5837,'App\\User'),(3,5838,'App\\User'),(3,5840,'App\\User'),(3,5841,'App\\User'),(3,5842,'App\\User'),(3,5843,'App\\User'),(3,5844,'App\\User'),(3,5845,'App\\User'),(3,5846,'App\\User'),(3,5847,'App\\User'),(3,5848,'App\\User'),(3,5849,'App\\User'),(3,5850,'App\\User'),(3,5851,'App\\User'),(3,5852,'App\\User'),(3,5853,'App\\User'),(3,5854,'App\\User'),(3,5855,'App\\User'),(3,5856,'App\\User'),(3,5857,'App\\User'),(3,5858,'App\\User'),(3,5859,'App\\User'),(3,5861,'App\\User'),(3,5862,'App\\User'),(3,5863,'App\\User'),(3,5864,'App\\User'),(3,5865,'App\\User'),(3,5867,'App\\User'),(3,5868,'App\\User'),(3,5869,'App\\User'),(3,5870,'App\\User'),(3,5871,'App\\User'),(3,5872,'App\\User'),(3,5873,'App\\User'),(3,5874,'App\\User'),(3,5875,'App\\User'),(3,5876,'App\\User'),(3,5877,'App\\User'),(3,5878,'App\\User'),(3,5881,'App\\User'),(3,5883,'App\\User'),(3,5884,'App\\User'),(3,5885,'App\\User'),(3,5886,'App\\User'),(3,5887,'App\\User'),(3,5888,'App\\User'),(3,5889,'App\\User'),(3,5890,'App\\User'),(3,5892,'App\\User'),(3,5893,'App\\User'),(3,5894,'App\\User'),(3,5895,'App\\User'),(3,5896,'App\\User'),(3,5897,'App\\User'),(3,5898,'App\\User'),(3,5899,'App\\User'),(3,5901,'App\\User'),(3,5902,'App\\User'),(3,5903,'App\\User'),(3,5904,'App\\User'),(3,5905,'App\\User'),(3,5906,'App\\User'),(3,5907,'App\\User'),(3,5908,'App\\User'),(3,5909,'App\\User'),(3,5910,'App\\User'),(3,5911,'App\\User'),(3,5912,'App\\User'),(3,5913,'App\\User'),(3,5914,'App\\User'),(3,5915,'App\\User'),(3,5917,'App\\User'),(3,5918,'App\\User'),(3,5919,'App\\User'),(3,5920,'App\\User'),(3,5921,'App\\User'),(3,5922,'App\\User'),(3,5923,'App\\User'),(3,5924,'App\\User'),(3,5925,'App\\User'),(3,5926,'App\\User'),(3,5927,'App\\User'),(3,5928,'App\\User'),(3,5929,'App\\User'),(3,5930,'App\\User'),(3,5931,'App\\User'),(3,5932,'App\\User'),(3,5933,'App\\User'),(3,5954,'App\\User'),(3,5956,'App\\User'),(3,5957,'App\\User'),(3,5958,'App\\User'),(3,5959,'App\\User'),(3,5960,'App\\User'),(3,5961,'App\\User'),(3,5963,'App\\User'),(3,5964,'App\\User'),(3,5965,'App\\User'),(3,5966,'App\\User'),(3,5969,'App\\User'),(3,5970,'App\\User'),(3,5971,'App\\User'),(3,5972,'App\\User'),(3,5973,'App\\User'),(3,5974,'App\\User'),(3,5975,'App\\User'),(3,5976,'App\\User'),(3,5981,'App\\User'),(3,5982,'App\\User'),(3,5983,'App\\User'),(3,5984,'App\\User'),(3,5985,'App\\User'),(3,5986,'App\\User'),(3,5987,'App\\User'),(3,5988,'App\\User'),(3,5989,'App\\User'),(3,5990,'App\\User'),(3,5991,'App\\User'),(3,5992,'App\\User'),(3,5993,'App\\User'),(3,5994,'App\\User'),(3,5995,'App\\User'),(3,5996,'App\\User'),(3,5997,'App\\User'),(3,5998,'App\\User'),(3,5999,'App\\User'),(3,6002,'App\\User'),(3,6003,'App\\User'),(3,6004,'App\\User'),(3,6005,'App\\User'),(23,5948,'App\\User'),(23,5949,'App\\User'),(23,5950,'App\\User'),(23,5967,'App\\User'),(23,5977,'App\\User'),(23,5978,'App\\User'),(23,5979,'App\\User'),(23,5980,'App\\User'),(23,6000,'App\\User'),(23,6001,'App\\User');

--
-- Table structure for table `roles`
--

CREATE TABLE `roles` (
  `id` int unsigned NOT NULL AUTO_INCREMENT,
  `name` varchar(191) CHARACTER SET utf8mb4 COLLATE utf8mb4_unicode_ci NOT NULL,
  `display_name` varchar(191) CHARACTER SET utf8mb4 COLLATE utf8mb4_unicode_ci DEFAULT NULL,
  `description` varchar(191) CHARACTER SET utf8mb4 COLLATE utf8mb4_unicode_ci DEFAULT NULL,
  `created_at` timestamp NULL DEFAULT NULL,
  `updated_at` timestamp NULL DEFAULT NULL,
  PRIMARY KEY (`id`),
  UNIQUE KEY `roles_name_unique` (`name`)
) ENGINE=InnoDB AUTO_INCREMENT=25 DEFAULT CHARSET=utf8mb4 COLLATE=utf8mb4_unicode_ci;

--
-- Dumping data for table `roles`
--

INSERT INTO `roles` (`id`, `name`, `display_name`, `description`, `created_at`, `updated_at`) VALUES (1,'super_admin','Super Admin','Super Admin','2020-06-02 05:32:54','2020-06-02 05:32:54'),(2,'admin','Admin','Admin','2020-06-02 05:32:55','2020-06-02 05:32:55'),(3,'clients','Clients','Clients','2020-06-02 05:32:55','2020-06-02 05:32:55'),(23,'Tager',NULL,NULL,'2021-08-27 15:07:00','2021-08-27 15:07:00'),(24,'موظف',NULL,NULL,'2021-10-30 19:30:08','2021-10-30 19:30:08');

--
-- Table structure for table `search_keywords`
--

CREATE TABLE `search_keywords` (
  `id` bigint unsigned NOT NULL AUTO_INCREMENT,
  `keywords` varchar(191) CHARACTER SET utf8mb4 COLLATE utf8mb4_unicode_ci DEFAULT NULL,
  `count` int NOT NULL DEFAULT '0',
  `created_at` timestamp NULL DEFAULT NULL,
  `updated_at` timestamp NULL DEFAULT NULL,
  PRIMARY KEY (`id`)
) ENGINE=InnoDB AUTO_INCREMENT=10470 DEFAULT CHARSET=utf8mb4 COLLATE=utf8mb4_unicode_ci;

--
-- Dumping data for table `search_keywords`
--

INSERT INTO `search_keywords` (`id`, `keywords`, `count`, `created_at`, `updated_at`) VALUES (62,'iPhone',3199,'2020-09-05 18:15:47','2021-05-15 15:15:33'),(63,'Doctor',2076,'2020-09-05 19:53:22','2021-05-14 22:05:50'),(64,'Airline',1011,'2020-09-05 19:54:02','2021-05-14 22:09:49'),(65,'an',65,'2020-09-06 11:28:54','2021-05-04 21:26:30'),(66,'gshock',659,'2020-09-06 12:52:57','2021-05-15 21:11:27'),(67,'rado',63,'2020-09-06 14:00:05','2021-05-07 05:15:05'),(68,'nike',80,'2020-09-06 14:35:58','2021-04-14 22:02:30'),(69,'fair',605,'2020-09-06 22:44:19','2021-05-09 02:37:00'),(70,'fair',0,'2020-09-06 22:44:19','2020-09-06 22:44:19'),(71,'klapp',349,'2020-09-06 22:44:33','2021-05-10 04:25:35'),(72,'ساعات ابل',2666,'2020-09-07 09:28:15','2021-05-16 02:32:11'),(74,'aus',61,'2020-09-07 15:40:54','2021-05-06 03:02:30'),(75,'auf',0,'2020-09-07 15:40:56','2020-09-07 15:40:56'),(76,'aufh',0,'2020-09-07 15:41:01','2020-09-07 15:41:01'),(77,'ag',9,'2020-09-07 15:44:31','2021-03-30 12:26:45'),(78,'agjdbxc',533,'2020-09-07 15:44:33','2021-05-14 00:29:55'),(79,'ga',9,'2020-09-07 17:01:38','2021-04-14 22:02:32'),(80,'agkj',3,'2020-09-07 17:03:12','2021-05-02 19:53:39'),(81,'airpods',93,'2020-09-07 21:43:59','2021-05-09 17:07:02'),(82,'airpods',0,'2020-09-07 21:43:59','2020-09-07 21:43:59'),(83,'عدساا',488,'2020-09-07 23:32:31','2021-05-16 00:26:20'),(84,'عدسات',241,'2020-09-07 23:32:32','2021-05-12 19:27:27'),(85,'fixiz',51,'2020-09-08 13:35:34','2021-05-01 23:29:37'),(86,'شمغ',1679,'2020-09-08 20:18:47','2021-05-16 10:03:58'),(87,'cartirr',322,'2020-09-08 21:35:28','2021-05-12 21:21:03'),(88,'cartire',300,'2020-09-08 21:35:32','2021-05-07 23:21:10'),(89,'cartier',25,'2020-09-08 21:35:45','2021-05-12 21:21:03'),(90,'شماغ',1177,'2020-09-09 04:09:23','2021-05-15 11:33:44'),(91,'غتره',515,'2020-09-09 04:09:42','2021-05-15 16:50:03'),(92,'ac',20,'2020-09-09 10:50:45','2021-05-05 13:12:36'),(93,'eri',35,'2020-09-09 11:57:50','2021-04-27 15:43:55'),(94,'erigg',5,'2020-09-09 11:57:54','2021-05-08 18:58:11'),(95,'wrigglers',131,'2020-09-09 11:58:01','2021-05-10 23:30:14'),(96,'eo',0,'2020-09-09 11:58:47','2020-09-09 11:58:47'),(97,'eoj',0,'2020-09-09 11:58:48','2020-09-09 11:58:48'),(98,'eojk',0,'2020-09-09 11:58:50','2020-09-09 11:58:50'),(99,'eojkm',387,'2020-09-09 11:58:52','2021-05-12 11:04:13'),(100,'eojkmn',0,'2020-09-09 11:58:55','2020-09-09 11:58:55'),(101,'eojkmnj',5,'2020-09-09 11:58:57','2021-01-06 11:28:28'),(102,'yt',42,'2020-09-09 11:59:42','2021-05-02 23:51:48'),(103,'yth',72,'2020-09-09 12:00:00','2021-05-06 22:09:27'),(104,'Utah',28,'2020-09-09 12:00:15','2021-04-24 06:04:59'),(105,'gsi',24,'2020-09-09 12:00:27','2021-04-26 20:03:19'),(106,'amh',24,'2020-09-09 12:26:39','2021-04-22 05:31:15'),(108,'fjj',0,'2020-09-09 12:32:22','2020-09-09 12:32:22'),(109,'fjjf',2,'2020-09-09 12:32:24','2020-09-27 14:34:51'),(110,'agg',0,'2020-09-09 12:32:39','2020-09-09 12:32:39'),(111,'dy',9,'2020-09-09 13:07:04','2020-12-14 17:59:56'),(112,'dyh',0,'2020-09-09 13:07:06','2020-09-09 13:07:06'),(113,'dyj',0,'2020-09-09 13:07:23','2020-09-09 13:07:23'),(114,'mo',87,'2020-09-09 13:07:38','2021-04-27 22:08:54'),(115,'no',34,'2020-09-09 13:07:40','2021-04-29 21:17:28'),(116,'anker',191,'2020-09-09 14:06:12','2021-05-04 21:26:31'),(117,'jg',0,'2020-09-09 14:16:25','2020-09-09 14:16:25'),(118,'lai',0,'2020-09-09 14:57:55','2020-09-09 14:57:55'),(119,'gh',32,'2020-09-09 14:58:59','2020-10-04 16:11:16'),(120,'mm',2,'2020-09-09 15:40:57','2021-01-22 04:08:52'),(121,'aj',6,'2020-09-09 15:43:35','2021-05-14 22:09:50'),(123,'ak',2,'2020-09-09 15:45:27','2021-02-14 14:38:25'),(124,'ahiff',32,'2020-09-09 15:46:13','2021-04-26 15:34:15'),(125,'where',62,'2020-09-09 15:46:52','2021-05-10 13:11:21'),(127,'aahp',83,'2020-09-09 15:56:33','2020-12-14 21:41:03'),(128,'Aaron',38,'2020-09-09 15:56:55','2021-05-01 04:18:39'),(129,'akb',0,'2020-09-09 15:58:54','2020-09-09 15:58:54'),(130,'akh',0,'2020-09-09 15:58:59','2020-09-09 15:58:59'),(131,'akhj',2,'2020-09-09 15:59:09','2021-02-09 04:02:40'),(132,'akhjl',0,'2020-09-09 15:59:10','2020-09-09 15:59:10'),(133,'akhjlo',64,'2020-09-09 15:59:24','2021-05-11 11:44:29'),(134,'الشيخ',309,'2020-09-09 23:55:27','2021-05-15 22:55:29'),(135,'اطياب الشيخ',110,'2020-09-09 23:55:38','2021-05-10 14:35:39'),(136,'دروش',401,'2020-09-10 03:58:52','2021-05-14 21:15:03'),(137,'أطياب الشيخ',55,'2020-09-10 04:21:49','2021-05-10 16:00:39'),(138,'ملابس داخليه',605,'2020-09-10 09:03:55','2021-05-16 02:32:11'),(139,'الرجالي',367,'2020-09-10 13:18:31','2021-05-16 10:23:12'),(140,'‏عطور',249,'2020-09-10 16:35:30','2021-05-15 21:15:50'),(141,'ملابس داخلية اطفال',403,'2020-09-10 21:26:24','2021-05-14 04:26:04'),(142,'تي شيرت ابيض',92,'2020-09-11 07:44:54','2021-05-10 05:51:56'),(143,'t shart',117,'2020-09-11 07:45:19','2021-05-05 02:11:20'),(144,'نظارات',517,'2020-09-11 10:15:52','2021-05-13 02:10:38'),(145,'sunglasses',505,'2020-09-11 11:36:19','2021-05-11 05:12:27'),(146,'رموش',70,'2020-09-11 18:34:19','2021-05-04 20:42:22'),(147,'hazel',54,'2020-09-12 11:30:21','2021-05-05 11:39:21'),(148,'hazel',0,'2020-09-12 11:30:21','2020-09-12 11:30:21'),(149,'بروتين',91,'2020-09-12 16:35:22','2021-05-10 21:44:04'),(150,'hd',11,'2020-09-12 17:45:07','2021-04-07 18:14:29'),(151,'iphone x',1,'2020-09-12 18:10:07','2020-09-12 18:10:07'),(152,'iphone case',16,'2020-09-12 18:10:35','2021-04-26 22:08:05'),(153,'lozar',3,'2020-09-12 18:11:53','2020-09-13 12:24:26'),(154,'lenses',33,'2020-09-13 09:50:48','2021-05-10 23:30:14'),(155,'ليره',0,'2020-09-13 14:17:56','2020-09-13 14:17:56'),(156,'lancome',148,'2020-09-13 17:11:49','2021-05-07 14:09:29'),(157,'lences',12,'2020-09-14 12:20:13','2021-04-18 04:56:43'),(161,'Blleu',84,'2020-09-16 11:59:25','2021-05-08 00:27:07'),(162,'mens',32,'2020-09-16 12:00:04','2021-04-19 12:45:33'),(163,'mens berfum',87,'2020-09-16 12:00:14','2021-05-06 13:51:15'),(164,'Bleu chanel berfum',270,'2020-09-16 12:01:21','2021-05-02 01:35:53'),(190,'لسببل',9,'2020-09-17 14:39:15','2021-04-28 23:01:52'),(193,'samsung galaxy tab s6',177,'2020-09-17 21:49:25','2021-05-09 10:53:40'),(194,'هواوي',61,'2020-09-18 13:40:44','2021-05-03 03:02:56'),(195,'ساعة',109,'2020-09-18 13:40:50','2021-05-03 01:40:15'),(196,'ديور',421,'2020-09-18 14:15:24','2021-05-16 00:26:21'),(197,'الت',3,'2020-09-18 22:09:53','2021-01-21 14:24:08'),(198,'ايفون',427,'2020-09-19 12:46:57','2021-05-15 15:15:31'),(199,'شاحن',288,'2020-09-19 19:54:35','2021-05-16 10:03:59'),(200,'شاحن اصلي',59,'2020-09-19 19:54:57','2021-05-11 06:56:59'),(201,'https://www.instagram.com/p/CEnP00SHtXZ5YguQpsa7ymCEdtPeusEkW1LrP40/?igshid=864gdeznro11',486,'2020-09-20 00:02:45','2021-05-15 21:11:27'),(202,'‏طلاء أظافر',103,'2020-09-20 21:48:55','2021-05-07 17:57:16'),(203,'سكاكين',434,'2020-09-21 03:50:31','2021-05-13 13:50:28'),(204,'بلستيشن',59,'2020-09-21 03:52:57','2021-05-03 01:41:28'),(205,'شانيل',204,'2020-09-21 16:30:08','2021-05-16 10:04:00'),(206,'سماعة قران',470,'2020-09-22 09:21:42','2021-05-15 21:16:54'),(207,'كراميل',137,'2020-09-22 17:15:43','2021-05-10 07:12:56'),(208,'ايند',1,'2020-09-22 17:17:02','2020-09-22 17:17:02'),(209,'لومير',54,'2020-09-22 17:17:14','2021-05-10 04:21:56'),(210,'صبغ اطافر',37,'2020-09-23 01:14:16','2021-05-07 03:20:10'),(211,'nail',197,'2020-09-23 01:14:22','2021-05-15 05:28:04'),(212,'nail polish',72,'2020-09-23 01:14:29','2021-04-26 19:59:51'),(213,'Mancera Cedrat',299,'2020-09-23 16:50:31','2021-05-14 03:26:58'),(214,'لابتب',15,'2020-09-25 01:17:10','2021-05-16 02:32:11'),(215,'lkjfldhfkjldhfkjdhfdhfiudhfuhadilufhlaudhfaldu',390,'2020-09-25 01:29:38','2021-05-14 22:05:51'),(216,'short',2,'2020-09-25 04:35:06','2020-12-24 15:56:00'),(217,'ملابسنسائي',16,'2020-09-26 05:15:29','2021-05-07 02:44:59'),(218,'ملابس نسائي',33,'2020-09-26 05:15:48','2021-04-14 16:25:09'),(219,'‏قلم التلفون اربد',356,'2020-09-26 16:53:03','2021-05-15 21:16:55'),(220,'‏التلفون قلم',6,'2020-09-26 16:53:43','2021-05-15 21:15:50'),(221,'ipad',67,'2020-09-26 18:15:07','2021-05-15 15:15:34'),(222,'‏دق على أمك تقول غبي',89,'2020-09-26 18:56:30','2021-05-15 11:33:43'),(223,'lydaz wooden puzzles',81,'2020-09-26 21:49:17','2021-05-05 03:07:11'),(224,'لابتوب',34,'2020-09-26 23:29:26','2021-05-16 02:32:12'),(225,'لاب تب',1,'2020-09-27 00:02:03','2020-09-27 00:02:03'),(226,'ابل بنسل',24,'2020-09-27 00:40:15','2021-05-07 15:21:02'),(227,'ابل بينسل',9,'2020-09-27 00:40:22','2021-04-18 22:23:55'),(228,'ابل بنسيل',35,'2020-09-27 00:40:48','2021-04-05 15:55:22'),(229,'أبل بنسيل',1,'2020-09-27 00:42:49','2020-09-27 00:42:49'),(230,'Apple pincel',98,'2020-09-27 00:43:28','2021-05-12 03:05:33'),(231,'Apple pincle',54,'2020-09-27 00:43:39','2021-05-09 10:28:57'),(232,'fit bit',53,'2020-09-27 00:44:02','2021-05-10 07:47:02'),(233,'استاند حق الايباد',402,'2020-09-27 01:17:05','2021-05-15 15:15:31'),(234,'تيفون',1,'2020-09-27 01:17:57','2020-09-27 01:17:57'),(235,'ايفن',9,'2020-09-27 01:18:07','2021-04-30 19:34:18'),(236,'سماعه',21,'2020-09-27 01:19:57','2021-05-10 13:56:19'),(237,'ماسكارا',402,'2020-09-27 09:22:11','2021-05-09 10:48:49'),(238,'يا صباح الخير',8,'2020-09-27 13:41:14','2021-04-23 01:35:41'),(239,'محمد عبده',63,'2020-09-27 13:41:26','2021-04-22 03:23:04'),(240,'mob',12,'2020-09-27 14:33:41','2021-03-16 08:51:48'),(241,'mobi',7,'2020-09-27 14:33:45','2021-03-16 08:51:48'),(242,'jfd',1,'2020-09-27 14:34:53','2020-09-27 14:34:53'),(243,'fc',1,'2020-09-27 14:36:01','2020-09-27 14:36:01'),(244,'ae',2,'2020-09-27 14:37:14','2020-09-27 14:37:15'),(245,'aer',3,'2020-09-27 14:37:15','2020-09-27 14:37:21'),(246,'aerr',1,'2020-09-27 14:37:18','2020-09-27 14:37:18'),(247,'mf',5,'2020-09-27 14:37:49','2021-01-22 00:18:11'),(248,'mfr',18,'2020-09-27 14:37:51','2021-05-06 12:06:24'),(249,'mfrh',0,'2020-09-27 14:37:52','2020-09-27 14:37:52'),(250,'mfrhh',7,'2020-09-27 14:37:54','2021-05-05 14:31:36'),(251,'45',1,'2020-09-27 14:38:16','2020-09-27 14:38:16'),(252,'45r',0,'2020-09-27 14:38:17','2020-09-27 14:38:17'),(253,'ty',2,'2020-09-27 14:39:30','2020-09-27 14:39:31'),(254,'tyt',1,'2020-09-27 14:39:31','2020-09-27 14:39:31'),(255,'tyte',23,'2020-09-27 14:39:33','2021-05-03 15:24:12'),(256,'tytet',2,'2020-09-27 14:39:36','2021-02-13 15:59:51'),(257,'tytett',0,'2020-09-27 14:39:37','2020-09-27 14:39:37'),(258,'ahd',1,'2020-09-27 14:53:04','2020-09-27 14:53:10'),(259,'ahdj',4,'2020-09-27 14:53:04','2020-12-19 21:53:09'),(260,'mobil',9,'2020-09-27 14:53:18','2021-03-16 08:51:48'),(261,'mobile',11,'2020-09-27 14:53:19','2021-03-16 08:51:40'),(262,'ih',49,'2020-09-27 14:58:28','2020-10-19 14:36:28'),(263,'ipo',6,'2020-09-27 15:03:08','2020-11-19 05:17:55'),(264,'ifj',0,'2020-09-27 15:09:45','2020-09-27 15:09:45'),(265,'ifjf',0,'2020-09-27 15:09:45','2020-09-27 15:09:45'),(266,'ifjfj',0,'2020-09-27 15:09:45','2020-09-27 15:09:45'),(267,'ifjfjv',186,'2020-09-27 15:09:45','2021-05-11 12:32:08'),(268,'ifjfjvu',1,'2020-09-27 15:09:45','2020-09-27 15:09:45'),(269,'chc',1,'2020-09-27 15:11:19','2020-09-27 15:11:27'),(270,'chcj',5,'2020-09-27 15:11:19','2020-11-10 23:45:12'),(271,'chcjv',1,'2020-09-27 15:11:20','2020-09-27 15:11:25'),(272,'chcjvh',5,'2020-09-27 15:11:20','2020-09-27 15:11:25'),(273,'chcjvh d',0,'2020-09-27 15:11:22','2020-09-27 15:11:22'),(274,'تثبيت ابيباد',76,'2020-09-28 01:14:54','2021-05-10 05:51:56'),(275,'العاصمة',46,'2020-09-28 06:51:32','2021-04-18 15:38:50'),(276,'iphone 8plus',2,'2020-09-28 18:24:22','2021-04-07 15:10:56'),(277,'تابلت',4,'2020-09-29 12:56:49','2021-03-29 08:48:45'),(278,'سامسونج',147,'2020-09-29 12:56:55','2021-05-16 05:43:33'),(279,'wifi cam',15,'2020-09-29 15:18:12','2021-01-09 23:27:56'),(280,'wifi cam',0,'2020-09-29 15:18:12','2020-09-29 15:18:12'),(281,'camera',10,'2020-09-29 15:18:30','2021-05-03 07:48:37'),(282,'msj',4,'2020-09-29 15:52:22','2020-11-14 10:59:10'),(283,'msjd',1,'2020-09-29 15:52:22','2020-09-29 15:52:22'),(284,'hea',21,'2020-09-29 15:52:26','2021-04-26 14:12:56'),(285,'eva serum',530,'2020-09-29 16:03:12','2021-05-11 10:22:42'),(286,'sex',19,'2020-09-29 16:10:02','2021-03-14 15:53:03'),(287,'same',0,'2020-09-29 16:10:08','2020-09-29 16:10:08'),(288,'samer',4,'2020-09-29 16:10:08','2020-09-29 16:10:38'),(289,'gri',16,'2020-09-29 16:11:50','2021-04-27 01:18:19'),(290,'grip',10,'2020-09-29 16:11:57','2020-12-30 21:29:49'),(291,'grip2',13,'2020-09-29 16:11:59','2021-05-07 18:46:16'),(292,'grp',1,'2020-09-29 16:15:11','2020-09-29 16:15:11'),(293,'blu',24,'2020-09-29 16:15:35','2021-05-06 03:03:47'),(294,'blue',33,'2020-09-29 16:15:35','2021-05-06 03:04:15'),(295,'iphone 11',35,'2020-09-29 21:59:03','2021-05-10 12:55:20'),(296,'عطر ماح البحر',335,'2020-09-29 22:44:00','2021-05-10 04:21:23'),(297,'عطر ملح البحر',4,'2020-09-29 22:44:07','2021-01-24 04:40:26'),(298,'Under water oasis',110,'2020-09-29 22:45:14','2021-05-14 03:26:59'),(299,'Under water oasls',14,'2020-09-29 22:45:24','2021-05-03 18:06:53'),(300,'ماسك الوجه',26,'2020-09-29 22:46:26','2021-05-10 10:07:37'),(301,'ايباد ابرو',1,'2020-09-30 01:29:57','2020-09-30 01:29:57'),(302,'استكر',4,'2020-09-30 12:23:45','2021-02-09 12:44:23'),(303,'guerlain',55,'2020-09-30 12:32:13','2021-04-22 00:26:15'),(304,'thincL',1,'2020-09-30 12:35:35','2020-09-30 12:35:35'),(305,'thincal',31,'2020-09-30 12:35:50','2021-04-25 20:09:55'),(306,'ساعه ابل',45,'2020-09-30 16:42:41','2021-05-08 02:36:03'),(307,'tablets',2,'2020-09-30 19:06:06','2020-09-30 19:06:10'),(308,'ipads',1,'2020-09-30 19:06:23','2020-09-30 19:06:23'),(309,'شاشات حماية',70,'2020-09-30 22:09:07','2021-04-16 17:42:44'),(310,'اكيو',2,'2020-09-30 23:24:20','2021-05-09 03:04:17'),(311,'اكيوف',2,'2020-09-30 23:24:20','2020-09-30 23:24:21'),(312,'sc',20,'2020-10-01 14:09:39','2021-05-08 16:58:44'),(313,'scr',45,'2020-10-01 14:09:39','2021-05-09 20:31:45'),(314,'scre',57,'2020-10-01 14:09:39','2021-05-09 20:31:44'),(315,'scre',0,'2020-10-01 14:09:39','2020-10-01 14:09:39'),(316,'scren',1,'2020-10-01 14:09:40','2020-10-01 14:09:41'),(317,'screnn',2,'2020-10-01 14:09:40','2021-02-22 19:18:13'),(318,'scree',60,'2020-10-01 14:09:45','2021-05-09 20:31:44'),(319,'شاشه',1,'2020-10-01 14:10:18','2020-10-01 14:10:18'),(320,'dc',1,'2020-10-01 14:11:58','2020-10-01 14:11:58'),(321,'عدد',1,'2020-10-01 14:13:31','2020-10-01 14:13:31'),(322,'عدن',15,'2020-10-01 14:34:11','2021-05-15 16:49:57'),(323,'طعدس',4,'2020-10-01 14:35:31','2020-10-01 14:35:33'),(324,'تعدس',1,'2020-10-01 14:36:07','2020-10-01 14:36:08'),(325,'Fly grip edition one through one pro',63,'2020-10-01 17:02:55','2021-05-07 18:45:28'),(326,'Fly grip edition one pro',1,'2020-10-01 17:03:04','2020-10-01 17:03:04'),(327,'Flygrip edition one pro',5,'2020-10-01 17:03:11','2020-10-01 17:03:24'),(328,'acn',2,'2020-10-02 01:32:14','2020-11-10 04:21:06'),(329,'af',7,'2020-10-02 01:45:51','2020-10-04 16:35:05'),(330,'ihp',5,'2020-10-02 02:05:07','2020-10-14 01:12:52'),(331,'iho',10,'2020-10-02 02:05:47','2020-10-19 12:06:14'),(332,'ihon',7,'2020-10-02 02:05:48','2020-10-05 16:15:23'),(333,'iphoned',0,'2020-10-02 02:06:02','2020-10-02 02:06:02'),(334,'iphonee',0,'2020-10-02 02:06:13','2020-10-02 02:06:13'),(335,'ihone',6,'2020-10-03 11:39:15','2020-10-05 16:15:21'),(336,'iphh',0,'2020-10-03 14:10:23','2020-10-03 14:10:23'),(337,'ii',2,'2020-10-03 14:10:28','2020-10-03 14:10:30'),(338,'vjggg',3,'2020-10-03 14:11:17','2020-10-03 14:11:17'),(339,'vjgggg hi j',4,'2020-10-03 14:11:17','2020-10-03 14:11:18'),(340,'txhc',1,'2020-10-03 14:11:22','2020-10-03 14:11:22'),(341,'txhch',0,'2020-10-03 14:11:23','2020-10-03 14:11:23'),(342,'txhchc',0,'2020-10-03 14:11:23','2020-10-03 14:11:23'),(343,'txhchcu',3,'2020-10-03 14:11:23','2020-10-03 14:11:23'),(344,'shj',0,'2020-10-03 14:11:54','2020-10-03 14:11:54'),(345,'shjsb',4,'2020-10-03 14:11:54','2021-03-30 21:21:19'),(346,'shjsbs',1,'2020-10-03 14:11:54','2021-03-26 21:29:27'),(347,'shjsbsbs',1,'2020-10-03 14:11:54','2020-10-03 14:11:54'),(348,'shjsbsbsb',0,'2020-10-03 14:11:54','2020-10-03 14:11:54'),(349,'shjsbsbsbs',0,'2020-10-03 14:11:55','2020-10-03 14:11:55'),(350,'shjsbsbsbsk',10,'2020-10-03 14:11:55','2021-02-17 12:39:20'),(351,'shjsbsbsbska',21,'2020-10-03 14:11:55','2021-04-12 00:00:34'),(352,'shjsbsbsbskaa',0,'2020-10-03 14:11:55','2020-10-03 14:11:55'),(353,'shjsbsbsbskaah',2,'2020-10-03 14:11:55','2020-10-03 14:11:55'),(354,'ihpn',1,'2020-10-03 15:30:07','2020-10-03 15:30:08'),(355,'ihpne',0,'2020-10-03 15:30:07','2020-10-03 15:30:07'),(356,'glo',3,'2020-10-03 17:01:43','2021-04-17 11:24:21'),(357,'glow',22,'2020-10-03 17:01:44','2021-04-17 11:24:22'),(358,'glow r',1,'2020-10-03 17:02:20','2020-10-03 17:02:20'),(359,'glow re',1,'2020-10-03 17:02:20','2020-10-03 17:02:21'),(360,'glow rec',4,'2020-10-03 17:02:24','2021-05-11 10:22:41'),(361,'glow reci',2,'2020-10-03 17:02:26','2021-05-03 15:24:25'),(362,'glow recipe',3,'2020-10-03 17:02:26','2020-10-03 17:02:27'),(363,'ge',32,'2020-10-03 17:03:31','2021-04-16 22:02:33'),(364,'gel',14,'2020-10-03 17:03:31','2020-11-09 18:25:29'),(365,'iphone 11 6',1,'2020-10-03 17:06:06','2020-10-03 17:06:08'),(366,'iphone 11 64',0,'2020-10-03 17:06:06','2020-10-03 17:06:06'),(367,'‏اذكا',14,'2020-10-03 20:02:57','2021-05-09 21:16:14'),(368,'‏اذكار',0,'2020-10-03 20:02:57','2020-10-03 20:02:57'),(369,'‏زقاير￼',110,'2020-10-03 20:02:57','2021-05-07 08:39:18'),(370,'‏زقاير إلكترونية',13,'2020-10-03 20:02:57','2021-05-04 15:42:13'),(371,'‏زقاير إلكترونية￼',0,'2020-10-03 20:02:58','2020-10-03 20:02:58'),(372,'bel',13,'2020-10-04 08:16:02','2021-02-15 00:36:53'),(373,'bell',17,'2020-10-04 08:16:02','2021-05-05 11:39:21'),(374,'bella',34,'2020-10-04 08:16:03','2021-04-16 19:51:12'),(375,'bella b',1,'2020-10-04 08:16:46','2020-10-04 08:16:46'),(376,'bella br',62,'2020-10-04 08:16:46','2021-05-11 06:07:20'),(377,'bella bri',4,'2020-10-04 08:16:47','2021-01-05 23:03:34'),(378,'bella briw',1,'2020-10-04 08:16:48','2020-10-04 08:16:49'),(379,'bella briwn',0,'2020-10-04 08:16:48','2020-10-04 08:16:48'),(380,'bella bro',20,'2020-10-04 08:16:51','2021-01-08 12:29:06'),(381,'bella brow',18,'2020-10-04 08:16:52','2021-01-08 11:59:57'),(382,'bella brown',2,'2020-10-04 08:16:53','2020-10-04 08:16:54'),(383,'iPhoneb',3,'2020-10-04 14:35:51','2021-04-23 15:14:30'),(384,'iPhonebb',11,'2020-10-04 14:35:52','2021-05-02 19:51:40'),(385,'iPhonebbb',5,'2020-10-04 14:35:53','2021-01-21 19:50:40'),(386,'dd',3,'2020-10-04 15:25:12','2020-10-27 11:20:49'),(387,'ddf',2,'2020-10-04 15:25:12','2020-10-04 15:25:13'),(388,'ddfc',0,'2020-10-04 15:25:12','2020-10-04 15:25:12'),(389,'abb',1,'2020-10-04 15:25:19','2020-10-04 15:25:19'),(390,'abj',1,'2020-10-04 15:25:23','2020-10-04 15:25:24'),(391,'hua',20,'2020-10-04 15:25:51','2021-05-02 03:35:50'),(392,'افي',83,'2020-10-04 16:07:26','2021-05-02 20:43:51'),(393,'افل',44,'2020-10-04 16:07:27','2021-05-01 16:06:38'),(394,'اليف',2,'2020-10-04 16:07:30','2020-10-04 16:07:30'),(395,'اليفو',2,'2020-10-04 16:07:30','2020-10-04 16:07:30'),(396,'عدf',1,'2020-10-04 16:08:00','2020-10-04 16:08:00'),(397,'عدfr',0,'2020-10-04 16:08:00','2020-10-04 16:08:00'),(398,'gsm',45,'2020-10-04 16:08:25','2021-05-06 22:09:28'),(399,'hhs',5,'2020-10-04 16:08:38','2020-10-04 16:08:43'),(400,'jhhs',8,'2020-10-04 16:08:41','2020-11-10 10:51:23'),(401,'jahhs',21,'2020-10-04 16:08:41','2021-05-04 21:01:52'),(402,'fus',0,'2020-10-04 16:08:52','2020-10-04 16:08:52'),(403,'ابك',6,'2020-10-04 16:09:03','2021-04-11 11:20:44'),(404,'ابكل',32,'2020-10-04 16:09:03','2021-04-08 21:09:26'),(405,'ابكلن',4,'2020-10-04 16:09:08','2021-03-31 17:49:22'),(406,'ابكلنت',4,'2020-10-04 16:09:08','2021-02-09 04:13:14'),(407,'ابكلنتي',0,'2020-10-04 16:09:08','2020-10-04 16:09:08'),(408,'اليه',2,'2020-10-04 16:09:17','2020-10-04 16:09:22'),(409,'اليهن',3,'2020-10-04 16:09:17','2020-10-04 16:09:18'),(410,'ghd',2,'2020-10-04 16:11:07','2020-10-04 16:11:07'),(411,'الد',2,'2020-10-04 16:30:49','2021-01-13 20:18:06'),(412,'الدد',5,'2020-10-04 16:30:50','2020-10-04 16:30:50'),(413,'عدا',1,'2020-10-04 16:31:31','2020-10-04 16:31:33'),(414,'عداي',2,'2020-10-04 16:31:31','2020-10-04 16:31:31'),(415,'afs',2,'2020-10-04 16:35:03','2020-10-04 16:35:03'),(416,'\"\"',0,'2020-10-04 16:58:37','2020-10-04 16:58:37'),(417,'aaa',3,'2020-10-04 17:08:16','2020-12-14 21:41:01'),(418,'aaaa',1,'2020-10-04 17:09:24','2020-10-04 17:09:24'),(419,'fra',10,'2020-10-05 09:11:41','2020-12-29 08:59:47'),(420,'lip',186,'2020-10-05 09:16:45','2021-05-07 04:39:18'),(421,'lip m',3,'2020-10-05 09:16:46','2020-10-26 14:37:16'),(422,'lip ma',2,'2020-10-05 09:16:47','2020-10-26 14:37:16'),(423,'lip mas',48,'2020-10-05 09:16:47','2021-05-10 20:42:32'),(424,'lip mask',73,'2020-10-05 09:16:47','2021-05-10 20:42:33'),(425,'lips',80,'2020-10-05 09:16:54','2021-05-05 19:28:30'),(426,'lips m',1,'2020-10-05 09:16:56','2020-10-05 09:16:57'),(427,'lips ma',0,'2020-10-05 09:16:56','2020-10-05 09:16:56'),(428,'lip c',3,'2020-10-05 09:17:37','2020-11-30 16:34:37'),(429,'lip ca',1,'2020-10-05 09:17:37','2020-10-05 09:17:39'),(430,'lip car',1,'2020-10-05 09:17:37','2020-10-05 09:17:39'),(431,'lip care',0,'2020-10-05 09:17:37','2020-10-05 09:17:37'),(432,'aad',1,'2020-10-05 16:05:28','2020-10-05 16:05:30'),(433,'aads',0,'2020-10-05 16:05:29','2020-10-05 16:05:29'),(434,'ppp',2,'2020-10-05 16:06:25','2020-10-05 16:06:25'),(435,'عطورا',5,'2020-10-06 00:36:02','2021-05-03 22:12:54'),(436,'عطورات',9,'2020-10-06 00:36:02','2021-05-03 22:12:54'),(437,'عطورات د',1,'2020-10-06 00:36:03','2020-10-06 00:36:08'),(438,'عطورات دي',1,'2020-10-06 00:36:03','2020-10-06 00:36:08'),(439,'عطورات ديو',1,'2020-10-06 00:36:04','2020-10-06 00:36:07'),(440,'عطورات ديور',2,'2020-10-06 00:36:04','2020-10-06 00:36:04'),(441,'عدسات ر',2,'2020-10-07 03:00:52','2020-10-07 03:00:57'),(442,'عدسات رما',7,'2020-10-07 03:00:52','2020-10-07 03:01:09'),(443,'عدسات رمار',27,'2020-10-07 03:00:52','2021-04-24 13:57:19'),(444,'عدسات رمارا',0,'2020-10-07 03:00:53','2020-10-07 03:00:53'),(445,'عدسات م',1,'2020-10-07 03:01:00','2020-10-07 03:01:05'),(446,'عدسات ما',1,'2020-10-07 03:01:01','2020-10-07 03:01:05'),(447,'عدسات مار',1,'2020-10-07 03:01:01','2020-10-07 03:01:05'),(448,'عدسات مارد',10,'2020-10-07 03:01:02','2020-12-14 17:38:50'),(449,'عدسات ماردي',0,'2020-10-07 03:01:02','2020-10-07 03:01:02'),(450,'رماد',3,'2020-10-07 03:01:09','2020-10-07 03:01:09'),(451,'رمادي',15,'2020-10-07 03:01:09','2021-02-07 19:25:59'),(452,'رمادي م',16,'2020-10-07 03:01:11','2021-03-19 13:28:35'),(453,'رمادي مع',12,'2020-10-07 03:01:11','2021-02-14 17:02:37'),(454,'رمادي مع ت',0,'2020-10-07 03:01:13','2020-10-07 03:01:13'),(455,'رمادي مع اسود',7,'2020-10-07 03:01:13','2020-10-07 03:01:17'),(456,'رمادي مع اسة',0,'2020-10-07 03:01:17','2020-10-07 03:01:17'),(457,'con',13,'2020-10-07 15:00:13','2021-04-16 21:54:16'),(458,'conta',7,'2020-10-07 15:00:14','2021-03-15 20:54:42'),(459,'contac',4,'2020-10-07 15:00:14','2020-10-07 15:00:49'),(460,'contacy',3,'2020-10-07 15:00:14','2020-10-07 15:00:16'),(461,'contact',6,'2020-10-07 15:00:16','2020-10-07 15:00:50'),(462,'contact l',1,'2020-10-07 15:00:18','2020-10-07 15:00:49'),(463,'contact len',3,'2020-10-07 15:00:19','2020-10-07 15:00:49'),(464,'contact lens',1,'2020-10-07 15:00:19','2020-10-07 15:00:49'),(465,'contact lense',2,'2020-10-07 15:00:19','2020-10-07 15:00:48'),(466,'contact lenses',6,'2020-10-07 15:00:19','2020-10-07 15:00:20'),(467,'laz',1,'2020-10-07 18:58:41','2020-10-07 18:58:46'),(468,'lazo',1,'2020-10-07 18:58:41','2020-10-07 18:58:45'),(469,'lazor',1,'2020-10-07 18:58:41','2020-10-07 18:58:45'),(470,'lazord',5,'2020-10-07 18:58:41','2021-02-09 02:20:02'),(471,'lor',34,'2020-10-07 18:58:51','2021-05-10 03:12:05'),(472,'lora',1,'2020-10-07 18:58:53','2020-10-07 18:58:55'),(473,'loran',0,'2020-10-07 18:58:54','2020-10-07 18:58:54'),(474,'noo',2,'2020-10-07 18:58:57','2020-10-07 18:58:58'),(475,'noor',1,'2020-10-07 18:58:57','2020-10-07 18:58:57'),(476,'vi',42,'2020-10-07 18:59:06','2021-05-11 12:32:07'),(477,'vic',20,'2020-10-07 18:59:08','2021-05-07 08:34:52'),(478,'كع',4,'2020-10-07 23:52:05','2021-05-03 22:57:11'),(479,'كعب',5,'2020-10-07 23:52:06','2021-05-03 22:57:11'),(480,'ع😑😑',3,'2020-10-08 02:30:36','2020-10-08 02:30:38'),(481,'داز',80,'2020-10-08 02:30:41','2021-04-23 23:10:37'),(482,'ray',19,'2020-10-08 10:48:47','2021-04-18 18:34:28'),(483,'raya',1,'2020-10-08 10:48:49','2020-10-08 10:48:51'),(484,'rayan',0,'2020-10-08 10:48:49','2020-10-08 10:48:49'),(485,'rayb',1,'2020-10-08 10:48:52','2020-10-30 19:16:05'),(486,'rayba',45,'2020-10-08 10:48:52','2021-05-14 00:29:55'),(487,'rayban',5,'2020-10-08 10:48:52','2021-05-06 01:48:49'),(488,'باك',0,'2020-10-08 10:57:21','2020-10-08 10:57:21'),(489,'باكو',34,'2020-10-08 10:57:21','2021-05-12 03:08:17'),(490,'باكو ر',2,'2020-10-08 10:57:21','2020-10-08 10:57:22'),(491,'باكو رب',2,'2020-10-08 10:57:22','2020-10-08 10:57:22'),(492,'باكو ربا',2,'2020-10-08 10:57:22','2020-10-08 10:57:22'),(493,'باكو ربان',8,'2020-10-08 10:57:23','2021-05-09 08:15:58'),(494,'باكو ربان و',0,'2020-10-08 10:57:29','2020-10-08 10:57:29'),(495,'باكو ربان ون م',2,'2020-10-08 10:57:29','2020-10-08 10:57:30'),(496,'باكو ربان ون مل',0,'2020-10-08 10:57:30','2020-10-08 10:57:30'),(497,'باكو ربان ون ملي',0,'2020-10-08 10:57:30','2020-10-08 10:57:30'),(498,'باكو ربان ون مليو',1,'2020-10-08 10:57:30','2020-10-08 10:57:30'),(499,'باكو ربان ون مليون',2,'2020-10-08 10:57:30','2020-10-08 10:57:49'),(500,'ن￼',0,'2020-10-08 15:35:37','2020-10-08 15:35:37'),(501,'عدسزت',5,'2020-10-09 13:14:17','2020-10-09 13:14:18'),(502,'ميزا',3,'2020-10-09 17:35:37','2021-03-30 17:16:34'),(503,'ميزان',6,'2020-10-09 17:35:38','2021-04-19 16:54:57'),(504,'فرش',65,'2020-10-10 09:50:25','2021-04-07 21:33:36'),(505,'فرش م',5,'2020-10-10 09:50:30','2020-11-09 22:48:57'),(506,'فرش ما',1,'2020-10-10 09:50:30','2020-10-10 09:50:35'),(507,'فرش ماك',39,'2020-10-10 09:50:31','2021-05-15 11:33:45'),(508,'فرش ماكي',15,'2020-10-10 09:50:31','2021-05-15 11:33:45'),(509,'فرش ماكيا',1,'2020-10-10 09:50:32','2020-10-10 09:50:34'),(510,'فرش ماكياج',4,'2020-10-10 09:50:33','2021-05-03 22:12:29'),(511,'فرشا',15,'2020-10-10 09:51:06','2021-04-07 21:33:40'),(512,'فرشاة',18,'2020-10-10 09:51:06','2021-05-09 13:27:48'),(513,'أد',0,'2020-10-10 09:51:30','2020-10-10 09:51:30'),(514,'أدو',28,'2020-10-10 09:51:30','2021-05-11 22:27:37'),(515,'أدوات',5,'2020-10-10 09:51:31','2021-05-11 22:27:36'),(516,'أدوات م',2,'2020-10-10 09:51:32','2020-10-10 09:51:35'),(517,'أدوات ما',0,'2020-10-10 09:51:33','2020-10-10 09:51:33'),(518,'أدوات مك',0,'2020-10-10 09:51:35','2020-10-10 09:51:35'),(519,'أدوات مكي',32,'2020-10-10 09:51:36','2021-05-15 11:33:43'),(520,'أدوات مكيا',20,'2020-10-10 09:51:36','2021-04-22 11:03:14'),(521,'أدوات مكياج',49,'2020-10-10 09:51:37','2021-04-22 11:03:40'),(522,'أدوات مكياجء',1,'2020-10-10 09:51:46','2020-10-10 09:52:16'),(523,'ح ب',2,'2020-10-12 14:49:51','2020-10-12 14:49:53'),(524,'ح بذ',2,'2020-10-12 14:49:51','2020-10-12 14:49:51'),(525,'pup',32,'2020-10-13 12:36:03','2021-04-06 09:04:01'),(526,'pupa',78,'2020-10-13 12:36:03','2021-05-10 14:54:38'),(527,'fossilfossil it c',83,'2020-10-13 23:05:01','2021-05-05 19:02:35'),(528,'حذ',14,'2020-10-14 00:40:14','2021-05-03 01:36:57'),(529,'حذا',43,'2020-10-14 00:40:14','2021-05-09 21:16:15'),(530,'حذاء',34,'2020-10-14 00:40:16','2021-05-03 01:36:58'),(531,'ihpo',0,'2020-10-14 01:12:51','2020-10-14 01:12:51'),(532,'tin',24,'2020-10-14 14:35:20','2021-05-05 20:56:52'),(533,'tint',55,'2020-10-14 14:35:20','2021-05-05 20:56:56'),(534,'انك',6,'2020-10-14 16:33:49','2021-05-04 05:55:28'),(535,'انكر',37,'2020-10-14 16:33:49','2021-05-04 05:55:40'),(536,'eve',525,'2020-10-15 14:52:59','2021-05-11 13:08:49'),(537,'evel',329,'2020-10-15 14:53:00','2021-05-11 10:34:08'),(538,'eveli',255,'2020-10-15 14:53:04','2021-05-11 10:34:08'),(539,'evelin',339,'2020-10-15 14:53:06','2021-05-11 10:34:09'),(540,'eveline',1291,'2020-10-15 14:53:07','2021-05-15 04:31:52'),(541,'غن',7,'2020-10-18 01:45:30','2021-03-23 19:52:41'),(542,'غترة',45,'2020-10-18 01:45:37','2021-05-09 07:48:15'),(543,'Cry',2,'2020-10-18 10:35:55','2020-10-18 10:35:56'),(544,'Crys',15,'2020-10-18 10:35:56','2020-11-27 23:35:59'),(545,'Cryst',0,'2020-10-18 10:35:57','2020-10-18 10:35:57'),(546,'Crysta',0,'2020-10-18 10:35:57','2020-10-18 10:35:57'),(547,'Crystal',1,'2020-10-18 10:35:58','2020-10-18 10:35:58'),(548,'Crystal V',0,'2020-10-18 10:36:00','2020-10-18 10:36:00'),(549,'Crystal Vi',0,'2020-10-18 10:36:01','2020-10-18 10:36:01'),(550,'Crystal Vio',0,'2020-10-18 10:36:01','2020-10-18 10:36:01'),(551,'Crystal Viol',0,'2020-10-18 10:36:03','2020-10-18 10:36:03'),(552,'Crystal Viole',0,'2020-10-18 10:36:03','2020-10-18 10:36:03'),(553,'Crystal Violet',6,'2020-10-18 10:36:04','2020-10-18 10:36:28'),(554,'غنر',6,'2020-10-18 10:44:33','2021-02-12 18:26:11'),(555,'hie',3,'2020-10-18 10:45:15','2021-03-02 04:12:16'),(556,'hielr',5,'2020-10-18 10:45:16','2021-03-02 04:12:16'),(557,'hield',5,'2020-10-18 10:45:16','2021-03-02 04:12:15'),(558,'mar',25,'2020-10-18 10:45:19','2021-04-27 19:49:48'),(559,'marc',1,'2020-10-18 10:45:19','2020-10-18 10:45:22'),(560,'march',1,'2020-10-18 10:45:19','2020-10-18 10:45:21'),(561,'marche',4,'2020-10-18 10:45:19','2020-11-28 19:22:34'),(562,'marcheso',11,'2020-10-18 10:45:20','2021-04-27 09:08:34'),(563,'Dre',2,'2020-10-18 11:22:58','2020-10-18 11:23:14'),(564,'Drea',10,'2020-10-18 11:22:58','2021-04-29 15:53:31'),(565,'Dream',4,'2020-10-18 11:22:58','2020-10-18 11:23:21'),(566,'شنط',15,'2020-10-18 13:53:48','2021-02-12 13:25:06'),(567,'شنط ذ',0,'2020-10-18 13:53:54','2020-10-18 13:53:54'),(568,'شنط د',1,'2020-10-18 13:53:54','2020-10-18 13:53:55'),(569,'شنط دب',0,'2020-10-18 13:53:55','2020-10-18 13:53:55'),(570,'شنط دي',0,'2020-10-18 13:53:56','2020-10-18 13:53:56'),(571,'شنط ديو',0,'2020-10-18 13:53:56','2020-10-18 13:53:56'),(572,'شنط ديور',3,'2020-10-18 13:53:57','2020-10-18 13:53:59'),(573,'راي',6,'2020-10-18 20:39:44','2020-11-18 15:17:06'),(574,'راي ب',2,'2020-10-18 20:39:44','2020-11-18 15:17:10'),(575,'راي با',4,'2020-10-18 20:39:44','2020-11-18 15:17:09'),(576,'راي بان',11,'2020-10-18 20:39:44','2020-11-18 15:17:10'),(577,'https://www.instagram.com/tv/CGUbpd9jxsO/?igshid=185giv0dta85o',83,'2020-10-18 21:06:40','2021-05-02 17:22:07'),(578,'bu',17,'2020-10-19 08:37:35','2021-04-25 23:46:17'),(579,'buche',7,'2020-10-19 08:37:36','2020-10-19 08:37:42'),(580,'buc',0,'2020-10-19 08:37:36','2020-10-19 08:37:36'),(581,'bucher',2,'2020-10-19 08:37:36','2020-10-19 08:37:43'),(582,'buchero',5,'2020-10-19 08:37:36','2021-04-09 23:18:56'),(583,'bucheron',3,'2020-10-19 08:37:36','2021-02-28 23:41:30'),(584,'بالي',35,'2020-10-19 10:08:37','2021-05-14 00:30:03'),(585,'باليت',4,'2020-10-19 10:08:37','2021-02-26 04:04:04'),(586,'شماخ',5,'2020-10-19 12:06:44','2020-10-19 14:37:02'),(587,'mea',0,'2020-10-19 14:35:24','2020-10-19 14:35:24'),(588,'meas',0,'2020-10-19 14:35:26','2020-10-19 14:35:26'),(589,'measu',0,'2020-10-19 14:35:33','2020-10-19 14:35:33'),(590,'hy',4,'2020-10-19 14:35:36','2020-10-19 14:35:40'),(591,'measur',5,'2020-10-19 14:35:37','2021-04-19 10:36:43'),(592,'measuri',0,'2020-10-19 14:35:38','2020-10-19 14:35:38'),(593,'measurin',1,'2020-10-19 14:35:38','2021-04-07 15:13:09'),(594,'measuring',7,'2020-10-19 14:35:39','2021-04-07 15:13:10'),(595,'hyh',0,'2020-10-19 14:35:40','2020-10-19 14:35:40'),(596,'شنا',35,'2020-10-19 14:36:57','2021-05-08 05:31:22'),(597,'apple wa',10,'2020-10-19 16:27:47','2021-01-09 04:27:47'),(598,'apple wat',4,'2020-10-19 16:27:47','2021-01-09 04:27:48'),(599,'apple watc',5,'2020-10-19 16:27:47','2021-04-29 23:32:09'),(600,'apple watch',31,'2020-10-19 16:27:47','2021-04-29 23:32:51'),(601,'Ama',14,'2020-10-19 22:47:50','2021-03-15 02:20:22'),(602,'Amara',73,'2020-10-19 22:47:50','2021-03-26 02:56:17'),(603,'سكسي',9,'2020-10-20 10:14:56','2020-10-27 04:46:23'),(604,'جن',10,'2020-10-20 10:15:01','2021-02-22 19:58:16'),(605,'جنس',3,'2020-10-20 10:15:02','2020-10-30 23:35:30'),(606,'جنسي',3,'2020-10-20 10:15:02','2020-10-30 23:35:30'),(607,'جنسيه',4,'2020-10-20 10:15:02','2020-10-30 23:35:35'),(608,'مق',40,'2020-10-20 13:19:59','2021-05-08 04:55:04'),(609,'مقش',34,'2020-10-20 13:19:59','2021-05-06 17:55:41'),(610,'مقشر',53,'2020-10-20 13:20:02','2021-05-07 17:56:27'),(611,'توت',3,'2020-10-20 13:20:14','2020-10-20 13:20:15'),(612,'ديور ه',8,'2020-10-20 13:20:29','2021-04-25 02:39:27'),(613,'ديور ع',2,'2020-10-20 13:20:30','2020-10-20 13:20:30'),(614,'ديور عع',0,'2020-10-20 13:20:30','2020-10-20 13:20:30'),(615,'ديور عط',0,'2020-10-20 13:20:32','2020-10-20 13:20:32'),(616,'ديور عطر',1,'2020-10-20 13:20:32','2020-10-20 13:20:33'),(617,'tu',7,'2020-10-20 14:44:50','2021-04-05 23:16:46'),(618,'شرير',87,'2020-10-20 20:15:04','2021-04-30 06:09:24'),(619,'شريرة',0,'2020-10-20 20:15:07','2020-10-20 20:15:07'),(620,'شيري',1,'2020-10-20 20:15:14','2020-10-20 20:15:16'),(621,'شيرير',0,'2020-10-20 20:15:15','2020-10-20 20:15:15'),(622,'عطر s',1,'2020-10-20 20:15:31','2020-10-20 20:15:36'),(623,'عطر sc',1,'2020-10-20 20:15:32','2020-10-20 20:15:36'),(624,'عطر sch',3,'2020-10-20 20:15:32','2020-10-20 20:15:41'),(625,'sche',0,'2020-10-20 20:15:45','2020-10-20 20:15:45'),(626,'scher',2,'2020-10-20 20:15:45','2020-10-20 20:15:56'),(627,'ei',3,'2020-10-21 00:41:40','2020-11-16 22:13:38'),(628,'eie',2,'2020-10-21 00:41:41','2020-10-21 00:41:42'),(629,'eue',5,'2020-10-21 00:41:55','2021-04-16 00:01:55'),(630,'ey',53,'2020-10-21 00:41:56','2021-05-10 00:49:46'),(631,'eye',143,'2020-10-21 00:41:57','2021-05-10 00:49:47'),(632,'eyel',29,'2020-10-21 00:42:00','2021-05-10 00:49:47'),(633,'eyela',13,'2020-10-21 00:42:00','2021-02-25 11:55:36'),(634,'eyelas',13,'2020-10-21 00:42:02','2021-02-25 11:55:38'),(635,'eyelash',47,'2020-10-21 00:42:02','2021-05-07 05:15:03'),(636,'eyelashe',9,'2020-10-21 00:42:21','2021-05-12 04:54:33'),(637,'eyelashes',12,'2020-10-21 00:42:22','2021-02-25 11:55:38'),(638,'fac',19,'2020-10-21 00:57:47','2021-05-09 00:46:14'),(639,'face',57,'2020-10-21 00:57:47','2021-05-09 00:46:16'),(640,'face s',9,'2020-10-21 00:57:47','2021-05-09 00:46:17'),(641,'face sh',6,'2020-10-21 00:57:47','2021-05-09 00:46:17'),(642,'face sho',6,'2020-10-21 00:57:47','2021-05-09 00:46:17'),(643,'face shop',23,'2020-10-21 00:57:47','2021-05-09 00:46:18'),(644,'pee',10,'2020-10-21 00:58:42','2021-03-27 15:27:56'),(645,'peel',8,'2020-10-21 00:58:42','2021-03-27 15:27:51'),(646,'peeln',0,'2020-10-21 00:58:43','2020-10-21 00:58:43'),(647,'peelng',1,'2020-10-21 00:58:44','2020-10-21 00:58:45'),(648,'the',176,'2020-10-21 01:18:41','2021-05-06 22:09:06'),(649,'the f',34,'2020-10-21 01:18:41','2021-05-06 22:06:47'),(650,'the fac',83,'2020-10-21 01:18:42','2021-05-06 22:06:48'),(651,'the face',60,'2020-10-21 01:18:42','2021-05-06 22:06:50'),(652,'the face s',22,'2020-10-21 01:18:44','2021-05-06 22:06:50'),(653,'the face sh',17,'2020-10-21 01:18:45','2021-05-06 22:06:51'),(654,'the face shop',79,'2020-10-21 01:18:45','2021-05-06 22:06:51'),(655,'smi',54,'2020-10-21 01:21:31','2021-05-12 03:02:50'),(656,'smil',32,'2020-10-21 01:21:31','2021-05-05 17:23:50'),(657,'smile',35,'2020-10-21 01:21:33','2021-05-05 17:23:50'),(658,'العن',7,'2020-10-21 01:43:08','2021-05-08 15:10:39'),(659,'اال',0,'2020-10-21 01:43:27','2020-10-21 01:43:27'),(660,'الق',5,'2020-10-21 01:43:33','2021-04-06 21:10:27'),(661,'القد',6,'2020-10-21 01:43:33','2020-11-09 22:16:00'),(662,'القدم',7,'2020-10-21 01:43:33','2020-11-09 22:16:00'),(663,'انج',7,'2020-10-21 01:53:19','2020-11-20 02:18:52'),(664,'انجل',32,'2020-10-21 01:53:20','2021-04-02 21:34:46'),(665,'انجلو',1,'2020-10-21 01:53:20','2020-10-21 01:53:23'),(666,'انجلوت',0,'2020-10-21 01:53:20','2020-10-21 01:53:20'),(667,'سماي',7,'2020-10-21 02:00:13','2020-11-14 01:56:30'),(668,'سمايل',14,'2020-10-21 02:00:14','2021-05-05 20:59:14'),(669,'the fae',1,'2020-10-21 02:04:59','2020-10-21 02:05:00'),(670,'fe',32,'2020-10-21 02:42:22','2021-04-06 11:49:52'),(671,'fei',1,'2020-10-21 02:42:24','2020-10-21 02:42:26'),(672,'fein',0,'2020-10-21 02:42:25','2020-10-21 02:42:25'),(673,'fin',3,'2020-10-21 02:42:31','2020-10-21 02:42:33'),(674,'find',0,'2020-10-21 02:42:35','2020-10-21 02:42:35'),(675,'finde',2,'2020-10-21 02:42:37','2020-10-21 02:42:38'),(676,'foot',224,'2020-10-21 02:48:29','2021-05-05 19:02:37'),(677,'footb',0,'2020-10-21 02:48:37','2020-10-21 02:48:37'),(678,'foot bi',4,'2020-10-21 02:48:37','2020-11-17 23:22:33'),(679,'faces',1,'2020-10-21 02:58:24','2020-10-21 02:58:30'),(680,'faceshop',6,'2020-10-21 02:58:25','2020-10-21 02:58:30'),(681,'the c',8,'2020-10-21 03:14:34','2021-02-27 03:22:00'),(682,'them',5,'2020-10-21 03:15:14','2021-05-04 21:35:38'),(683,'ماسك ل',4,'2020-10-21 03:15:18','2020-11-09 18:43:02'),(684,'ماسك لل',19,'2020-10-21 03:15:19','2021-04-06 20:56:56'),(685,'ماسك للق',4,'2020-10-21 03:15:19','2020-11-09 18:43:01'),(686,'ماسك للقد',3,'2020-10-21 03:15:19','2020-11-09 18:43:01'),(687,'ماسك للقدم',2,'2020-10-21 03:15:20','2020-11-09 18:42:58'),(688,'ماسك للقدمي',2,'2020-10-21 03:15:21','2020-11-09 18:02:19'),(689,'ماسك للقدمين',0,'2020-10-21 03:15:21','2020-10-21 03:15:21'),(690,'ماسك م',5,'2020-10-21 03:15:26','2020-11-12 14:39:39'),(691,'ماسك مق',0,'2020-10-21 03:15:26','2020-10-21 03:15:26'),(692,'ماسك مقش',0,'2020-10-21 03:15:27','2020-10-21 03:15:27'),(693,'ماسك مقشر',1,'2020-10-21 03:15:27','2020-10-21 03:15:27'),(694,'thef',26,'2020-10-21 03:27:03','2021-05-06 22:08:07'),(695,'thefa',23,'2020-10-21 03:27:03','2021-05-06 22:08:07'),(696,'thefa',0,'2020-10-21 03:27:03','2020-10-21 03:27:03'),(697,'thefac',15,'2020-10-21 03:27:05','2021-05-06 22:08:07'),(698,'theface',20,'2020-10-21 03:27:06','2021-05-06 22:08:07'),(699,'theface s',5,'2020-10-21 03:27:07','2020-11-26 02:25:25'),(700,'theface sh',5,'2020-10-21 03:27:07','2020-11-26 02:25:26'),(701,'theface sho',5,'2020-10-21 03:27:08','2020-11-26 02:25:26'),(702,'theface shop',25,'2020-10-21 03:27:08','2020-11-26 02:25:39'),(703,'thefaces',4,'2020-10-21 03:27:18','2021-05-06 22:08:07'),(704,'thefacesh',4,'2020-10-21 03:27:19','2021-05-06 22:08:06'),(705,'thefacesho',4,'2020-10-21 03:27:20','2021-05-06 22:08:06'),(706,'thefaceshop',4,'2020-10-21 03:27:20','2021-05-06 22:08:02'),(707,'the faceshop',0,'2020-10-21 03:37:23','2020-10-21 03:37:23'),(708,'the fashop',6,'2020-10-21 03:37:24','2020-10-26 13:09:26'),(709,'the facshop',2,'2020-10-21 03:37:24','2021-03-14 15:53:33'),(710,'smile f',6,'2020-10-21 03:54:39','2021-05-05 17:23:15'),(711,'smile fo',6,'2020-10-21 03:54:39','2021-05-05 17:23:15'),(712,'smile foo',7,'2020-10-21 03:54:39','2021-05-05 17:23:15'),(713,'smile foot',7,'2020-10-21 03:54:39','2021-05-05 17:23:16'),(714,'smile foot p',8,'2020-10-21 03:55:13','2021-03-27 15:33:58'),(715,'smile foot pe',7,'2020-10-21 03:55:13','2021-03-27 15:33:59'),(716,'smile foot pee',4,'2020-10-21 03:55:13','2021-03-27 15:34:00'),(717,'smile foot peel',5,'2020-10-21 03:55:16','2021-03-27 15:34:00'),(718,'smile foot peeli',7,'2020-10-21 03:55:16','2021-03-27 15:34:01'),(719,'smile foot peelin',10,'2020-10-21 03:55:16','2021-03-27 15:34:00'),(720,'smile foot peeling',13,'2020-10-21 03:55:17','2021-03-27 15:34:02'),(721,'كيكو',10,'2020-10-21 04:01:11','2021-01-29 00:34:33'),(722,'foot per',18,'2020-10-21 04:04:29','2021-04-20 17:52:37'),(723,'foot perl',4,'2020-10-21 04:04:29','2021-04-05 22:54:30'),(724,'foot perli',1,'2020-10-21 04:04:29','2020-10-21 04:04:30'),(725,'foot perlin',1,'2020-10-21 04:04:30','2020-10-21 04:04:30'),(726,'foot perling',0,'2020-10-21 04:04:30','2020-10-21 04:04:30'),(727,'may',8,'2020-10-21 04:05:14','2021-03-16 12:00:07'),(728,'mayb',8,'2020-10-21 04:05:14','2021-03-16 12:00:08'),(729,'maybe',7,'2020-10-21 04:05:16','2020-12-05 16:59:11'),(730,'maybel',3,'2020-10-21 04:05:17','2020-12-05 16:59:13'),(731,'maybell',12,'2020-10-21 04:05:18','2020-12-05 16:59:34'),(732,'maybelli',4,'2020-10-21 04:05:18','2020-12-05 16:59:35'),(733,'maybellin',3,'2020-10-21 04:05:18','2020-12-05 16:59:35'),(734,'maybelline',10,'2020-10-21 04:05:18','2020-12-05 16:59:36'),(735,'maybelline co',1,'2020-10-21 04:05:29','2020-10-21 04:05:29'),(736,'maybelline con',0,'2020-10-21 04:05:29','2020-10-21 04:05:29'),(737,'maybelline conc',6,'2020-10-21 04:05:29','2021-04-16 21:54:16'),(738,'lfoot',3,'2020-10-21 05:00:51','2020-10-21 05:00:53'),(739,'nar',46,'2020-10-21 05:00:56','2021-04-07 00:57:47'),(740,'nars',18,'2020-10-21 05:00:56','2021-03-15 21:08:20'),(741,'thefacev',1,'2020-10-21 09:48:31','2020-10-21 09:48:33'),(742,'thefacevs',0,'2020-10-21 09:48:32','2020-10-21 09:48:32'),(743,'peelinh',0,'2020-10-21 11:42:15','2020-10-21 11:42:15'),(744,'للت',1,'2020-10-21 12:03:13','2020-10-21 12:03:13'),(745,'للتق',0,'2020-10-21 12:03:13','2020-10-21 12:03:13'),(746,'للتقش',8,'2020-10-21 12:03:14','2021-01-31 16:03:34'),(747,'للتقشس',2,'2020-10-21 12:03:14','2020-10-21 12:03:15'),(748,'للتقشسر',18,'2020-10-21 12:03:14','2021-05-03 00:54:58'),(749,'للتقشي',6,'2020-10-21 12:03:17','2021-01-31 16:03:34'),(750,'للتقشير',9,'2020-10-21 12:03:22','2021-04-06 09:52:25'),(751,'الرجل',0,'2020-10-21 12:03:38','2020-10-21 12:03:38'),(752,'فلو',1,'2020-10-21 12:23:16','2021-03-14 15:15:02'),(753,'فلوما',2,'2020-10-21 12:23:16','2020-10-21 12:23:17'),(754,'فلومار',3,'2020-10-21 12:23:17','2021-04-19 00:50:48'),(755,'كور',9,'2020-10-21 12:23:22','2021-03-28 17:58:50'),(756,'كوري',8,'2020-10-21 12:23:22','2021-01-31 15:57:31'),(757,'bea',6,'2020-10-21 14:22:56','2021-04-24 21:36:50'),(758,'beat',1,'2020-10-21 14:22:59','2020-10-21 14:23:05'),(759,'beats',1,'2020-10-21 14:22:59','2020-10-21 14:23:01'),(760,'head',19,'2020-10-21 14:23:12','2021-04-26 14:13:01'),(761,'smu',10,'2020-10-21 20:33:30','2021-04-12 00:00:35'),(762,'lq',1,'2020-10-21 21:04:51','2020-10-21 21:04:53'),(763,'lqu',1,'2020-10-21 21:04:52','2020-10-21 21:04:53'),(764,'lqur',2,'2020-10-21 21:04:52','2020-10-21 21:04:53'),(765,'lqura',0,'2020-10-21 21:04:52','2020-10-21 21:04:52'),(766,'laur',4,'2020-10-21 21:04:56','2020-12-29 13:27:47'),(767,'laura',5,'2020-10-21 21:04:58','2020-12-29 13:27:47'),(768,'laura m',2,'2020-10-21 21:05:00','2020-12-01 15:03:10'),(769,'laura mer',3,'2020-10-21 21:05:00','2020-12-01 15:03:11'),(770,'laura merc',1,'2020-10-21 21:05:01','2020-12-01 15:03:16'),(771,'laura merci',1,'2020-10-21 21:05:01','2020-12-01 15:03:17'),(772,'laura mercie',1,'2020-10-21 21:05:02','2020-12-01 15:03:17'),(773,'laura mercier',4,'2020-10-21 21:05:02','2020-12-01 15:03:23'),(774,'dl',1,'2020-10-21 23:34:46','2020-10-21 23:34:46'),(775,'dlo',1,'2020-10-21 23:34:46','2020-10-21 23:34:46'),(776,'flo',27,'2020-10-21 23:34:47','2021-05-03 04:59:31'),(777,'flom',6,'2020-10-21 23:34:48','2021-01-03 22:28:23'),(778,'flomt',2,'2020-10-21 23:34:48','2020-10-21 23:34:51'),(779,'floma',4,'2020-10-21 23:34:48','2020-11-22 06:42:40'),(780,'flomat',0,'2020-10-21 23:34:49','2020-10-21 23:34:49'),(781,'flor',12,'2020-10-21 23:34:51','2021-05-03 04:59:32'),(782,'florm',6,'2020-10-21 23:34:53','2021-05-03 04:59:32'),(783,'florma',4,'2020-10-21 23:34:53','2021-05-03 04:59:34'),(784,'flormat',0,'2020-10-21 23:34:54','2020-10-21 23:34:54'),(785,'alo',2,'2020-10-21 23:34:57','2020-10-21 23:34:57'),(786,'alov',0,'2020-10-21 23:34:58','2020-10-21 23:34:58'),(787,'alove',0,'2020-10-21 23:34:59','2020-10-21 23:34:59'),(788,'alover',30,'2020-10-21 23:34:59','2021-05-05 11:32:28'),(789,'alovera',2,'2020-10-21 23:34:59','2020-10-21 23:35:01'),(790,'ko',11,'2020-10-22 00:35:08','2021-05-06 13:17:51'),(791,'kor',14,'2020-10-22 00:35:09','2021-05-06 13:17:51'),(792,'kore',7,'2020-10-22 00:35:09','2021-01-18 09:23:18'),(793,'korea',12,'2020-10-22 00:35:09','2021-01-18 09:23:19'),(794,'فيس',12,'2020-10-22 00:56:52','2021-04-22 02:01:24'),(795,'فيس ش',3,'2020-10-22 00:56:54','2020-10-22 00:56:57'),(796,'فيس شو',13,'2020-10-22 00:56:55','2021-04-30 15:05:46'),(797,'فيس شوب',6,'2020-10-22 00:56:56','2021-04-30 15:05:47'),(798,'fio',0,'2020-10-22 01:06:43','2020-10-22 01:06:43'),(799,'foot peeling m',0,'2020-10-22 06:02:54','2020-10-22 06:02:54'),(800,'foot peeling ma',0,'2020-10-22 06:02:54','2020-10-22 06:02:54'),(801,'foot peeling mas',0,'2020-10-22 06:02:55','2020-10-22 06:02:55'),(802,'foot peeling mask',2,'2020-10-22 06:02:55','2020-10-22 06:02:55'),(803,'klaa',15,'2020-10-22 13:11:39','2021-04-06 15:37:25'),(804,'klas',2,'2020-10-22 13:11:49','2020-10-22 13:11:49'),(805,'klaap',8,'2020-10-22 13:11:51','2021-04-06 15:37:20'),(806,'klac',1,'2020-10-22 13:11:57','2020-10-22 13:11:58'),(807,'klacp',0,'2020-10-22 13:11:58','2020-10-22 13:11:58'),(808,'kal',2,'2020-10-22 13:12:08','2020-11-10 17:58:21'),(809,'cla',33,'2020-10-22 13:12:12','2021-05-09 10:29:00'),(810,'clab',0,'2020-10-22 13:12:13','2020-10-22 13:12:13'),(811,'قهو',3,'2020-10-22 13:41:33','2021-04-26 15:56:23'),(812,'قهوة',3,'2020-10-22 13:41:33','2021-04-26 15:56:24'),(813,'UMA',5,'2020-10-24 00:44:55','2020-10-24 00:45:01'),(814,'UMA o',2,'2020-10-24 00:44:55','2020-10-24 00:45:00'),(815,'UMA oi',1,'2020-10-24 00:44:55','2020-10-24 00:45:00'),(816,'UMA oil',1,'2020-10-24 00:44:56','2020-10-24 00:45:00'),(817,'UMA oils',2,'2020-10-24 00:44:56','2020-10-24 00:44:57'),(818,'vers',10,'2020-10-24 00:47:20','2021-05-05 11:32:35'),(819,'verse',0,'2020-10-24 00:47:20','2020-10-24 00:47:20'),(820,'versed',7,'2020-10-24 00:47:21','2021-02-12 22:50:45'),(821,'pau',5,'2020-10-24 00:55:17','2021-04-07 21:58:29'),(822,'paul',6,'2020-10-24 00:55:18','2021-04-07 21:58:42'),(823,'paula',1,'2020-10-24 00:55:25','2020-11-17 00:32:32'),(824,'paulas',1,'2020-10-24 00:55:25','2020-10-24 00:55:26'),(825,'paulas c',0,'2020-10-24 00:55:26','2020-10-24 00:55:26'),(826,'paulas ch',0,'2020-10-24 00:55:27','2020-10-24 00:55:27'),(827,'paulas cho',19,'2020-10-24 00:55:27','2021-05-02 01:35:54'),(828,'paulas choi',0,'2020-10-24 00:55:27','2020-10-24 00:55:27'),(829,'paulas choic',0,'2020-10-24 00:55:27','2020-10-24 00:55:27'),(830,'paulas choice',16,'2020-10-24 00:55:28','2021-05-07 08:34:52'),(831,'جلك',6,'2020-10-24 06:19:47','2020-10-24 06:19:57'),(832,'جلكس',0,'2020-10-24 06:19:47','2020-10-24 06:19:47'),(833,'جلكسي',2,'2020-10-24 06:19:48','2020-10-24 06:19:49'),(834,'سامي',2,'2020-10-24 06:20:03','2020-10-24 06:20:04'),(835,'سامين',1,'2020-10-24 06:20:04','2020-10-24 06:20:04'),(836,'A1',2,'2020-10-24 06:20:48','2020-10-24 06:20:49'),(837,'A10',0,'2020-10-24 06:20:48','2020-10-24 06:20:48'),(838,'A9',5,'2020-10-24 06:20:52','2020-10-24 06:21:15'),(839,'A91',1,'2020-10-24 06:20:53','2020-10-24 06:20:53'),(840,'A0',9,'2020-10-24 06:20:54','2020-10-24 06:21:12'),(841,'A01',0,'2020-10-24 06:20:55','2020-10-24 06:20:55'),(842,'A09',0,'2020-10-24 06:21:05','2020-10-24 06:21:05'),(843,'A3',14,'2020-10-24 06:21:18','2021-03-12 20:46:06'),(844,'A31',16,'2020-10-24 06:21:19','2020-11-07 21:12:34'),(845,'dio',79,'2020-10-24 13:39:52','2021-05-09 15:53:14'),(846,'dior',168,'2020-10-24 13:39:52','2021-05-14 14:03:58'),(847,'فير ا',155,'2020-10-24 13:45:12','2021-05-02 20:43:53'),(848,'فير ان',28,'2020-10-24 13:45:12','2021-05-01 16:10:37'),(849,'فير اند',53,'2020-10-24 13:45:13','2021-05-01 16:10:38'),(850,'فير اند و',17,'2020-10-24 13:45:14','2021-05-01 16:10:38'),(851,'فير اند وا',16,'2020-10-24 13:45:14','2021-05-01 16:10:38'),(852,'فير اند وايت',94,'2020-10-24 13:45:15','2021-05-01 16:10:39'),(853,'the face a',3,'2020-10-24 14:27:07','2020-10-27 16:03:14'),(854,'the face ah',3,'2020-10-24 14:27:08','2020-10-27 16:03:14'),(855,'the face aho',3,'2020-10-24 14:27:09','2020-10-27 16:03:14'),(856,'عدسات ب',3,'2020-10-25 13:51:28','2021-05-03 00:00:16'),(857,'عدسات بيا',6,'2020-10-25 13:51:28','2021-05-03 00:00:15'),(858,'عدسات بياا',0,'2020-10-25 13:51:28','2020-10-25 13:51:28'),(859,'عدسات بيل',32,'2020-10-25 13:51:29','2021-05-07 14:34:55'),(860,'عدسات بيلا',46,'2020-10-25 13:51:29','2021-05-07 14:34:56'),(861,'كف',11,'2020-10-25 13:55:54','2021-05-03 10:25:35'),(862,'كفر',54,'2020-10-25 13:55:54','2021-05-03 10:25:36'),(863,'جلا',20,'2020-10-25 17:37:43','2021-04-02 21:35:17'),(864,'جلام',9,'2020-10-25 17:37:43','2020-10-27 10:11:19'),(865,'جلامر',9,'2020-10-25 17:37:44','2021-05-04 22:13:34'),(866,'جلامز',33,'2020-10-25 17:37:44','2021-05-05 13:50:35'),(867,'ki',21,'2020-10-26 02:04:01','2021-05-11 04:29:18'),(868,'kil',5,'2020-10-26 02:04:02','2021-04-05 23:44:04'),(869,'kilia',6,'2020-10-26 02:04:02','2021-04-05 23:44:06'),(870,'kilian',1,'2020-10-26 02:04:04','2020-10-26 02:04:07'),(871,'بو',96,'2020-10-26 03:40:30','2021-05-04 02:21:55'),(872,'بوبو',23,'2020-10-26 03:40:31','2021-05-03 22:13:55'),(873,'بوبو ب',0,'2020-10-26 03:40:33','2020-10-26 03:40:33'),(874,'بوبو بي',0,'2020-10-26 03:40:34','2020-10-26 03:40:34'),(875,'بوبو بير',7,'2020-10-26 03:40:36','2021-01-25 09:21:34'),(876,'بوبو بيرد',1,'2020-10-26 03:40:37','2020-10-26 03:40:37'),(877,'fast',5,'2020-10-26 13:09:19','2020-10-26 13:09:22'),(878,'fast s',3,'2020-10-26 13:09:19','2020-10-26 13:09:21'),(879,'fast sh',1,'2020-10-26 13:09:20','2020-10-26 13:09:21'),(880,'fast sha',0,'2020-10-26 13:09:20','2020-10-26 13:09:20'),(881,'sham',23,'2020-10-26 13:09:29','2021-04-06 15:42:49'),(882,'shamp',22,'2020-10-26 13:09:29','2021-04-06 15:42:49'),(883,'shampoo',38,'2020-10-26 13:09:30','2021-04-06 15:42:50'),(884,'footm',0,'2020-10-26 13:48:45','2020-10-26 13:48:45'),(885,'footma',0,'2020-10-26 13:48:46','2020-10-26 13:48:46'),(886,'footmas',0,'2020-10-26 13:48:46','2020-10-26 13:48:46'),(887,'footmask',2,'2020-10-26 13:48:47','2020-10-26 13:48:47'),(888,'serm',3,'2020-10-26 14:39:34','2020-10-26 14:39:34'),(889,'bag',23,'2020-10-26 14:44:49','2021-03-29 12:51:36'),(890,'bags',0,'2020-10-26 14:44:49','2020-10-26 14:44:49'),(891,'prest',9,'2020-10-26 14:45:39','2021-05-10 04:21:32'),(892,'presti',2,'2020-10-26 14:45:40','2021-02-16 22:54:05'),(893,'prestig',4,'2020-10-26 14:45:40','2021-02-16 22:54:08'),(894,'prestige',8,'2020-10-26 14:45:41','2021-02-16 22:54:09'),(895,'بلو',44,'2020-10-26 17:21:27','2021-03-10 20:36:30'),(896,'بلوف',1,'2020-10-26 17:21:27','2020-10-26 17:21:29'),(897,'بلوفر',3,'2020-10-26 17:21:27','2020-10-26 17:21:28'),(898,'🇸🇦',0,'2020-10-26 18:45:37','2020-10-26 18:45:37'),(899,'sv',3,'2020-10-26 20:18:51','2021-05-03 18:06:57'),(900,'svr',8,'2020-10-26 20:18:51','2021-04-26 02:54:53'),(901,'سي ف',1,'2020-10-26 20:19:44','2020-10-26 20:19:46'),(902,'سي في',1,'2020-10-26 20:19:44','2020-10-26 20:19:45'),(903,'real',8,'2020-10-26 22:39:11','2021-04-29 15:53:32'),(904,'real',0,'2020-10-26 22:39:11','2020-10-26 22:39:11'),(905,'real n',2,'2020-10-26 22:39:11','2021-04-29 15:53:32'),(906,'real na',3,'2020-10-26 22:39:11','2021-04-29 15:53:35'),(907,'real nat',2,'2020-10-26 22:39:12','2021-04-29 15:53:35'),(908,'real natu',4,'2020-10-26 22:39:12','2021-04-29 15:53:36'),(909,'real natur',2,'2020-10-26 22:39:12','2021-04-29 15:53:36'),(910,'real nature',8,'2020-10-26 22:39:13','2021-04-29 15:53:36'),(911,'كسا',2,'2020-10-27 04:46:20','2020-10-27 04:46:21'),(912,'الرم',3,'2020-10-27 04:46:27','2021-03-05 01:59:54'),(913,'الرمو',3,'2020-10-27 04:46:27','2021-03-05 01:59:54'),(914,'الرموش',4,'2020-10-27 04:46:32','2021-03-05 01:59:55'),(915,'الرموش م',1,'2020-10-27 04:46:34','2020-10-27 04:46:40'),(916,'الرموش من',38,'2020-10-27 04:46:34','2021-04-18 23:49:22'),(917,'الرموش من د',1,'2020-10-27 04:46:35','2020-10-27 04:46:39'),(918,'الرموش من دي',1,'2020-10-27 04:46:36','2020-10-27 04:46:39'),(919,'الرموش من ديو',1,'2020-10-27 04:46:37','2020-10-27 04:46:39'),(920,'الرموش من ديور',0,'2020-10-27 04:46:38','2020-10-27 04:46:38'),(921,'مكياج م',0,'2020-10-27 04:47:14','2020-10-27 04:47:14'),(922,'مكياج ما',0,'2020-10-27 04:47:14','2020-10-27 04:47:14'),(923,'مكياج ماك',2,'2020-10-27 04:47:15','2020-10-27 04:47:16'),(924,'جبا',4,'2020-10-27 10:11:12','2020-10-27 10:11:14'),(925,'ddv',3,'2020-10-27 11:20:50','2020-10-27 11:20:54'),(926,'the face ahop',1,'2020-10-27 16:03:11','2020-10-27 16:03:11'),(927,'شماغ ز',0,'2020-10-27 22:22:35','2020-10-27 22:22:35'),(928,'شماغ زي',13,'2020-10-27 22:22:35','2021-05-02 15:43:29'),(929,'شماغ زين',7,'2020-10-27 22:22:36','2021-01-01 23:41:30'),(930,'شماغ زيني',7,'2020-10-27 22:22:36','2021-01-01 23:41:37'),(931,'شماغ زينيا',9,'2020-10-27 22:22:36','2021-05-10 10:58:48'),(932,'gt',1,'2020-10-27 23:22:30','2020-10-27 23:22:30'),(933,'cor',9,'2020-10-27 23:54:30','2021-04-26 12:54:01'),(934,'cors',1,'2020-10-27 23:54:31','2020-10-27 23:54:32'),(935,'corse',0,'2020-10-27 23:54:33','2020-10-27 23:54:33'),(936,'corset',17,'2020-10-27 23:54:34','2021-03-20 10:29:37'),(937,'دار',4,'2020-10-28 20:45:43','2020-10-28 20:45:44'),(938,'دار ا',0,'2020-10-28 20:45:46','2020-10-28 20:45:46'),(939,'دار ال',0,'2020-10-28 20:45:46','2020-10-28 20:45:46'),(940,'دار الط',0,'2020-10-28 20:45:47','2020-10-28 20:45:47'),(941,'دار الطي',0,'2020-10-28 20:45:47','2020-10-28 20:45:47'),(942,'دار الطيب',1,'2020-10-28 20:45:47','2020-10-28 20:45:49'),(943,'برس',5,'2020-10-29 20:13:13','2021-05-10 21:44:04'),(944,'برستي',11,'2020-10-29 20:13:13','2021-05-10 21:44:04'),(945,'برستيج',12,'2020-10-29 20:13:13','2021-05-10 21:44:04'),(946,'تول',1,'2020-10-29 20:13:23','2020-10-29 20:13:51'),(947,'تولي',1,'2020-10-29 20:13:23','2020-10-29 20:13:51'),(948,'توليب',10,'2020-10-29 20:13:23','2021-03-08 00:06:15'),(949,'فار',27,'2020-10-29 21:05:39','2021-05-14 04:26:04'),(950,'فارن',1,'2020-10-29 21:05:40','2020-11-11 01:36:42'),(951,'فاو',3,'2020-10-29 21:05:41','2020-12-20 12:33:14'),(952,'فاون',5,'2020-10-29 21:05:41','2020-12-20 12:33:15'),(953,'فاوند',5,'2020-10-29 21:05:41','2020-12-20 12:33:15'),(954,'فاوندي',6,'2020-10-29 21:05:42','2020-12-20 12:33:15'),(955,'فاونديش',5,'2020-10-29 21:05:42','2020-12-20 12:33:15'),(956,'فاونديشن',16,'2020-10-29 21:05:42','2021-03-13 22:23:44'),(957,'فاونديشن ب',2,'2020-10-29 21:05:43','2020-10-29 21:05:47'),(958,'فاونديشن بو',1,'2020-10-29 21:05:43','2020-10-29 21:05:46'),(959,'فاونديشن بور',21,'2020-10-29 21:05:43','2021-03-20 04:38:08'),(960,'فاونديشن بورج',5,'2020-10-29 21:05:43','2021-03-20 04:38:09'),(961,'فاونديشن بورجو',55,'2020-10-29 21:05:44','2021-05-11 07:01:00'),(962,'فاونديشن بورجوا',21,'2020-10-29 21:05:44','2021-04-26 01:01:04'),(963,'nyx',32,'2020-10-30 01:09:59','2021-05-04 12:44:41'),(964,'ben',29,'2020-10-30 02:27:06','2021-04-24 14:48:01'),(965,'beng',1,'2020-10-30 02:27:07','2021-02-06 10:31:35'),(966,'benf',2,'2020-10-30 02:27:09','2020-10-30 02:27:13'),(967,'bin',3,'2020-10-30 02:27:17','2020-10-30 02:27:17'),(968,'شار',0,'2020-10-30 05:23:12','2020-10-30 05:23:12'),(969,'شارل',1,'2020-10-30 05:23:12','2020-10-30 05:23:13'),(970,'شارلو',0,'2020-10-30 05:23:14','2020-10-30 05:23:14'),(971,'شارلوت',1,'2020-10-30 05:23:14','2020-10-30 05:23:15'),(972,'نار',30,'2020-10-30 09:53:31','2021-04-27 04:02:44'),(973,'نارس',18,'2020-10-30 09:53:36','2021-04-27 04:02:44'),(974,'نارسي',5,'2020-10-30 09:53:37','2021-02-12 18:25:59'),(975,'نارسيس',4,'2020-10-30 09:53:37','2021-02-12 18:25:59'),(976,'نارسيسو',8,'2020-10-30 09:53:38','2021-03-26 20:17:54'),(977,'شانيا',0,'2020-10-30 10:39:10','2020-10-30 10:39:10'),(978,'sp',10,'2020-10-30 12:19:01','2021-04-16 22:06:04'),(979,'spo',7,'2020-10-30 12:19:01','2021-04-16 22:06:05'),(980,'spor',11,'2020-10-30 12:19:01','2021-04-19 12:45:23'),(981,'sport',16,'2020-10-30 12:19:01','2021-03-02 16:13:55'),(982,'lio',0,'2020-10-30 12:20:28','2020-10-30 12:20:28'),(983,'lios',1,'2020-10-30 12:20:28','2020-10-30 12:20:28'),(984,'liost',0,'2020-10-30 12:20:28','2020-10-30 12:20:28'),(985,'liosti',2,'2020-10-30 12:20:28','2020-10-30 12:20:29'),(986,'liostic',0,'2020-10-30 12:20:29','2020-10-30 12:20:29'),(987,'liostick',1,'2020-10-30 12:20:29','2020-10-30 12:20:29'),(988,'lipst',7,'2020-10-30 12:20:35','2021-04-16 05:36:48'),(989,'lipsti',10,'2020-10-30 12:20:42','2021-04-16 05:36:48'),(990,'lipstic',14,'2020-10-30 12:20:45','2021-04-16 05:36:49'),(991,'lipstick',5,'2020-10-30 12:20:46','2021-04-16 05:36:50'),(992,'vela',4,'2020-10-30 14:43:42','2020-10-30 14:43:44'),(993,'velan',0,'2020-10-30 14:43:42','2020-10-30 14:43:42'),(994,'facia',4,'2020-10-30 16:39:05','2021-02-20 00:05:07'),(995,'facial',6,'2020-10-30 16:39:06','2021-02-20 00:05:07'),(996,'facial k',1,'2020-10-30 16:39:06','2020-10-30 16:39:12'),(997,'facial ki',2,'2020-10-30 16:39:06','2020-10-30 16:39:11'),(998,'facial kit',3,'2020-10-30 16:39:07','2020-10-30 16:39:10'),(999,'كتب',7,'2020-10-30 16:58:37','2020-11-16 12:41:16'),(1000,'قص',2,'2020-10-30 16:58:42','2020-11-28 18:04:04'),(1001,'قصص',2,'2020-10-30 16:58:43','2020-10-30 16:58:44'),(1002,'روا',2,'2020-10-30 16:58:56','2020-10-30 16:58:59'),(1003,'رواي',2,'2020-10-30 16:58:57','2020-10-30 16:58:59'),(1004,'روايات',2,'2020-10-30 16:58:57','2020-10-30 16:58:58'),(1005,'الروا',8,'2020-10-30 18:59:39','2020-10-30 18:59:49'),(1006,'الرواس',3,'2020-10-30 18:59:40','2020-10-30 18:59:48'),(1007,'بودر',78,'2020-10-30 23:18:24','2021-04-07 18:12:07'),(1008,'بودري',5,'2020-10-30 23:18:24','2020-10-30 23:18:27'),(1009,'بودري د',0,'2020-10-30 23:18:26','2020-10-30 23:18:26'),(1010,'بودري دي',2,'2020-10-30 23:18:27','2020-10-30 23:18:30'),(1011,'بودري دي و',1,'2020-10-30 23:18:28','2020-10-30 23:18:29'),(1012,'بودري دي وو',1,'2020-10-30 23:18:28','2020-10-30 23:18:29'),(1013,'بودري دي ووز',2,'2020-10-30 23:18:28','2020-10-30 23:18:29'),(1014,'بودري دي ر',0,'2020-10-30 23:18:30','2020-10-30 23:18:30'),(1015,'بودري دي رو',0,'2020-10-30 23:18:31','2020-10-30 23:18:31'),(1016,'بودري دي روز',12,'2020-10-30 23:18:31','2021-05-01 04:18:27'),(1017,'pid',2,'2020-10-30 23:18:36','2020-10-30 23:18:37'),(1018,'pow',21,'2020-10-30 23:18:48','2021-04-16 21:54:25'),(1019,'powd',3,'2020-10-30 23:18:58','2021-02-21 16:32:43'),(1020,'powde',6,'2020-10-30 23:18:59','2021-02-21 16:32:43'),(1021,'powder',11,'2020-10-30 23:19:00','2021-04-19 21:26:07'),(1022,'العاب',17,'2020-10-30 23:35:07','2021-04-18 15:38:50'),(1023,'العاب ز',3,'2020-10-30 23:35:08','2020-10-30 23:35:13'),(1024,'العاب زو',1,'2020-10-30 23:35:08','2020-10-30 23:35:13'),(1025,'العاب زوج',1,'2020-10-30 23:35:08','2020-10-30 23:35:13'),(1026,'العاب زوجي',56,'2020-10-30 23:35:10','2021-05-16 10:23:12'),(1027,'العاب زوجيه',1,'2020-10-30 23:35:10','2020-10-30 23:35:10'),(1028,'اظ',12,'2020-10-31 05:38:04','2021-05-08 15:10:26'),(1029,'اظاف',43,'2020-10-31 05:38:05','2021-05-08 15:10:27'),(1030,'اظافر',42,'2020-10-31 05:38:05','2021-05-08 15:10:24'),(1031,'اظافر ت',0,'2020-10-31 05:38:25','2020-10-31 05:38:25'),(1032,'اظافر تر',0,'2020-10-31 05:38:25','2020-10-31 05:38:25'),(1033,'اظافر ترك',2,'2020-10-31 05:38:25','2020-12-06 19:25:15'),(1034,'اظافر تركي',0,'2020-10-31 05:38:25','2020-10-31 05:38:25'),(1035,'اظافر تركيب',6,'2020-10-31 05:38:26','2021-04-25 01:27:16'),(1036,'pupa l',8,'2020-10-31 15:12:58','2021-01-09 17:57:11'),(1037,'pupa li',4,'2020-10-31 15:12:59','2021-01-09 17:57:09'),(1038,'pupa lip',0,'2020-10-31 15:12:59','2020-10-31 15:12:59'),(1039,'ani',4,'2020-10-31 15:13:08','2020-10-31 15:13:11'),(1040,'anis',6,'2020-10-31 15:13:09','2021-03-17 22:57:49'),(1041,'anes',3,'2020-10-31 15:13:18','2020-10-31 15:13:19'),(1042,'anest',3,'2020-10-31 15:13:22','2020-10-31 15:13:26'),(1043,'anesta',1,'2020-10-31 15:13:23','2020-10-31 15:13:25'),(1044,'anestas',2,'2020-10-31 15:13:23','2020-10-31 15:13:24'),(1045,'anestasi',1,'2020-10-31 15:13:23','2020-10-31 15:13:24'),(1046,'anestasia',0,'2020-10-31 15:13:23','2020-10-31 15:13:23'),(1047,'anesth',0,'2020-10-31 15:13:31','2020-10-31 15:13:31'),(1048,'anesthe',1,'2020-10-31 15:13:32','2020-10-31 15:13:32'),(1049,'anesthesi',1,'2020-10-31 15:13:32','2020-10-31 15:13:32'),(1050,'anesthesia',4,'2020-10-31 15:13:33','2020-10-31 15:13:35'),(1051,'anesthesia l',0,'2020-10-31 15:13:35','2020-10-31 15:13:35'),(1052,'anesthesia li',2,'2020-10-31 15:13:36','2020-10-31 15:13:37'),(1053,'anesthesia lip',0,'2020-10-31 15:13:36','2020-10-31 15:13:36'),(1054,'ماركة',8,'2020-10-31 21:07:48','2020-10-31 21:07:56'),(1055,'ماركة ف',1,'2020-10-31 21:07:49','2020-10-31 21:07:56'),(1056,'ماركة فل',1,'2020-10-31 21:07:50','2020-10-31 21:07:56'),(1057,'ماركة فلو',1,'2020-10-31 21:07:50','2020-10-31 21:07:55'),(1058,'ماركة فلور',21,'2020-10-31 21:07:52','2021-05-03 04:18:33'),(1059,'ماركة فلورم',2,'2020-10-31 21:07:52','2021-03-14 15:15:03'),(1060,'ماركة فلورما',4,'2020-10-31 21:07:52','2021-03-14 15:15:03'),(1061,'ماركة فلورمار',3,'2020-10-31 21:07:53','2021-03-14 15:15:04'),(1062,'go',26,'2020-11-01 07:49:40','2021-05-08 21:21:50'),(1063,'gol',11,'2020-11-01 07:49:43','2021-03-12 14:57:41'),(1064,'gold',25,'2020-11-01 07:49:44','2021-03-12 14:58:41'),(1065,'مان',30,'2020-11-01 07:51:11','2021-04-30 15:07:48'),(1066,'مانس',25,'2020-11-01 07:51:11','2021-04-30 17:48:58'),(1067,'مانسي',19,'2020-11-01 07:51:11','2021-04-30 15:07:48'),(1068,'مانسير',24,'2020-11-01 07:51:11','2021-04-30 15:07:48'),(1069,'مانسيرا',22,'2020-11-01 07:51:12','2021-04-30 15:07:49'),(1070,'هاي',45,'2020-11-02 07:36:37','2021-05-06 22:11:59'),(1071,'هاي ك',4,'2020-11-02 07:36:38','2021-04-11 21:09:54'),(1072,'هاي كو',0,'2020-11-02 07:36:39','2020-11-02 07:36:39'),(1073,'hi q',1,'2020-11-02 07:36:45','2020-11-02 07:36:45'),(1074,'hi qu',0,'2020-11-02 07:36:46','2020-11-02 07:36:46'),(1075,'chann',14,'2020-11-02 11:29:32','2021-02-21 16:05:54'),(1076,'mac',37,'2020-11-02 11:29:54','2021-04-21 04:19:11'),(1077,'macc',21,'2020-11-02 11:29:54','2021-03-14 15:53:31'),(1078,'mak',21,'2020-11-02 11:29:58','2021-05-12 11:04:16'),(1079,'makb',2,'2020-11-02 11:29:59','2020-11-02 11:30:00'),(1080,'phyt',11,'2020-11-03 04:44:27','2021-04-06 16:14:12'),(1081,'phyto',3,'2020-11-03 04:44:28','2021-04-06 16:14:12'),(1082,'مودا',4,'2020-11-03 13:30:27','2020-11-03 13:30:28'),(1083,'مودااي',3,'2020-11-03 13:30:28','2020-11-03 13:30:28'),(1084,'كود',5,'2020-11-03 13:30:30','2021-04-19 22:30:43'),(1085,'كودا',0,'2020-11-03 13:30:31','2020-11-03 13:30:31'),(1086,'كودال',11,'2020-11-03 13:30:32','2021-04-05 17:11:26'),(1087,'كودالس',1,'2020-11-03 13:30:32','2021-05-05 20:59:12'),(1088,'كودالي',1,'2020-11-03 13:30:34','2020-11-03 13:30:34'),(1089,'cau',0,'2020-11-03 13:30:45','2020-11-03 13:30:45'),(1090,'هد',27,'2020-11-04 00:25:11','2021-04-19 10:36:32'),(1091,'هدى',19,'2020-11-04 00:25:11','2021-01-29 06:05:39'),(1092,'هدى ب',4,'2020-11-04 00:25:12','2021-01-04 14:21:28'),(1093,'هدى بي',4,'2020-11-04 00:25:12','2021-01-04 14:21:29'),(1094,'هدى بيو',16,'2020-11-04 00:25:12','2021-05-07 16:20:09'),(1095,'هدى بيوت',10,'2020-11-04 00:25:12','2021-01-04 14:21:30'),(1096,'هدى بيوتي',13,'2020-11-04 00:25:12','2021-01-04 14:21:31'),(1097,'هدي',1,'2020-11-04 00:25:17','2020-12-22 13:41:43'),(1098,'die',151,'2020-11-04 00:59:28','2021-04-16 21:47:27'),(1099,'diego',191,'2020-11-04 00:59:28','2021-04-17 00:25:29'),(1100,'جف',15,'2020-11-04 01:28:35','2021-05-16 10:10:19'),(1101,'جفن',8,'2020-11-04 01:28:36','2021-05-16 10:10:19'),(1102,'جفنش',8,'2020-11-04 01:28:37','2021-05-16 10:10:20'),(1103,'جفنشي',6,'2020-11-04 01:28:40','2021-05-16 10:10:20'),(1104,'BEy',2,'2020-11-04 13:26:14','2020-11-04 13:26:29'),(1105,'BEyo',4,'2020-11-04 13:26:14','2021-03-19 13:21:01'),(1106,'BEYON',0,'2020-11-04 13:26:35','2020-11-04 13:26:35'),(1107,'BEYOND',1,'2020-11-04 13:26:36','2020-11-04 13:26:37'),(1108,'عدسات ل',7,'2020-11-04 13:27:49','2021-05-02 23:59:21'),(1109,'عدسات لن',1,'2020-11-04 13:27:50','2020-11-04 13:27:55'),(1110,'عدسات لنس',11,'2020-11-04 13:27:50','2021-03-31 17:49:26'),(1111,'عدسات لنس م',3,'2020-11-04 13:27:51','2021-03-31 17:49:26'),(1112,'عدسات لنس مي',4,'2020-11-04 13:27:52','2021-03-31 17:49:27'),(1113,'ماسك الا',2,'2020-11-04 13:34:20','2020-11-04 13:34:25'),(1114,'ماسك الار',4,'2020-11-04 13:34:20','2021-05-10 04:25:38'),(1115,'ماسك الر',1,'2020-11-04 13:34:27','2020-11-04 13:34:30'),(1116,'ماسك الرج',1,'2020-11-04 13:34:27','2020-11-04 13:34:29'),(1117,'ماسك الرجل',0,'2020-11-04 13:34:28','2020-11-04 13:34:28'),(1118,'ميب',9,'2020-11-04 13:39:37','2021-04-25 11:37:37'),(1119,'ميبلي',9,'2020-11-04 13:39:38','2021-05-03 01:41:10'),(1120,'ميبلين',3,'2020-11-04 13:39:38','2021-05-09 20:57:21'),(1121,'dig',9,'2020-11-04 14:44:10','2020-11-12 09:01:03'),(1122,'digy',0,'2020-11-04 14:44:10','2020-11-04 14:44:10'),(1123,'dige',0,'2020-11-04 14:44:18','2020-11-04 14:44:18'),(1124,'diegoe',0,'2020-11-04 14:46:48','2020-11-04 14:46:48'),(1125,'diego e',1,'2020-11-04 14:46:49','2020-11-04 14:46:57'),(1126,'diego ey',1,'2020-11-04 14:46:49','2020-11-04 14:46:56'),(1127,'diego eye',3,'2020-11-04 14:46:50','2020-11-04 14:46:56'),(1128,'diego eye l',14,'2020-11-04 14:46:54','2021-03-13 02:24:24'),(1129,'diego eye li',7,'2020-11-04 14:46:54','2021-03-13 02:24:24'),(1130,'diego eye lin',2,'2020-11-04 14:46:55','2021-03-13 02:19:01'),(1131,'diego 3',0,'2020-11-04 14:47:06','2020-11-04 14:47:06'),(1132,'diego 33',1,'2020-11-04 14:47:06','2020-11-04 14:47:07'),(1133,'bene',14,'2020-11-04 14:48:53','2021-03-16 20:22:59'),(1134,'benef',5,'2020-11-04 14:48:53','2021-03-16 20:22:59'),(1135,'benefi',3,'2020-11-04 14:48:53','2021-03-16 20:23:00'),(1136,'benefit',3,'2020-11-04 14:48:54','2021-03-16 20:23:00'),(1137,'benefl',0,'2020-11-04 14:49:01','2020-11-04 14:49:01'),(1138,'channe',1,'2020-11-04 14:50:46','2020-11-04 14:50:48'),(1139,'channel',2,'2020-11-04 14:50:47','2021-02-14 09:43:38'),(1140,'aig',4,'2020-11-04 14:50:54','2021-03-30 12:26:40'),(1141,'aign',1,'2020-11-04 14:50:57','2021-03-30 12:26:40'),(1142,'ماسكر',9,'2020-11-04 18:29:02','2021-04-05 19:48:32'),(1143,'ماسكرا',22,'2020-11-04 18:29:02','2021-05-01 23:16:19'),(1144,'max',11,'2020-11-04 21:02:13','2020-11-04 21:02:25'),(1145,'max f',1,'2020-11-04 21:02:19','2020-11-04 21:02:23'),(1146,'max fa',1,'2020-11-04 21:02:20','2020-11-04 21:02:22'),(1147,'max fac',0,'2020-11-04 21:02:20','2020-11-04 21:02:20'),(1148,'اق',8,'2020-11-04 22:06:11','2021-05-12 03:20:36'),(1149,'اث',5,'2020-11-04 22:06:12','2021-01-24 04:40:42'),(1150,'اثاث',9,'2020-11-04 22:06:12','2021-01-24 04:40:42'),(1151,'طاو',2,'2020-11-04 22:06:21','2020-12-06 19:25:00'),(1152,'188',4,'2020-11-05 00:01:09','2020-11-05 00:01:21'),(1153,'1881',1,'2020-11-05 00:01:15','2020-11-05 00:01:22'),(1154,'col',7,'2020-11-05 07:38:10','2021-05-07 14:09:48'),(1155,'colo',6,'2020-11-05 07:38:10','2021-05-07 14:09:29'),(1156,'color',8,'2020-11-05 07:38:10','2020-11-05 07:38:13'),(1157,'color v',0,'2020-11-05 07:38:11','2020-11-05 07:38:11'),(1158,'vis',13,'2020-11-05 07:38:15','2021-01-25 23:13:45'),(1159,'visi',6,'2020-11-05 07:38:16','2021-02-01 23:35:52'),(1160,'visio',2,'2020-11-05 07:38:16','2020-11-05 07:38:16'),(1161,'vision',1,'2020-11-05 07:38:16','2020-11-05 07:38:16'),(1162,'dieg d',0,'2020-11-05 07:39:45','2020-11-05 07:39:45'),(1163,'dieg de',0,'2020-11-05 07:39:45','2020-11-05 07:39:45'),(1164,'العب',3,'2020-11-05 21:55:08','2020-11-21 02:32:54'),(1165,'lip p',20,'2020-11-07 01:15:54','2021-02-10 22:47:58'),(1166,'lip pe',9,'2020-11-07 01:15:54','2020-11-21 22:08:28'),(1167,'lip pen',45,'2020-11-07 01:15:55','2021-04-25 22:33:57'),(1168,'lip penc',10,'2020-11-07 01:15:56','2020-11-21 22:08:29'),(1169,'lip penci',4,'2020-11-07 01:15:58','2020-11-21 22:08:30'),(1170,'lip pencil',10,'2020-11-07 01:15:59','2020-11-21 22:08:30'),(1171,'lip pencil 4',1,'2020-11-07 01:16:01','2020-11-07 01:16:06'),(1172,'lip pencil 43',1,'2020-11-07 01:16:01','2020-11-07 01:16:02'),(1173,'ديغ',9,'2020-11-07 02:04:03','2021-04-06 01:23:06'),(1174,'ديغو',5,'2020-11-07 02:04:05','2021-04-06 19:05:35'),(1175,'اور',6,'2020-11-07 02:08:50','2020-11-07 02:09:16'),(1176,'اورد',3,'2020-11-07 02:08:51','2020-11-07 02:08:51'),(1177,'اوردي',0,'2020-11-07 02:08:54','2020-11-07 02:08:54'),(1178,'اورديت',0,'2020-11-07 02:08:54','2020-11-07 02:08:54'),(1179,'اورديتلي',2,'2020-11-07 02:08:55','2020-11-07 02:08:55'),(1180,'سيرو',6,'2020-11-07 02:09:27','2021-03-10 08:27:18'),(1181,'سيروم',46,'2020-11-07 02:09:27','2021-04-26 20:45:36'),(1182,'ديي',29,'2020-11-07 04:15:42','2021-04-06 03:02:47'),(1183,'دييغو',83,'2020-11-07 04:15:43','2021-04-14 09:19:50'),(1184,'دييغ',0,'2020-11-07 04:15:43','2020-11-07 04:15:43'),(1185,'اقلام',25,'2020-11-07 16:39:32','2021-05-07 08:35:24'),(1186,'اقل',0,'2020-11-07 16:39:32','2020-11-07 16:39:32'),(1187,'nil',2,'2020-11-07 18:27:12','2020-11-07 18:27:15'),(1188,'nile',0,'2020-11-07 18:27:13','2020-11-07 18:27:13'),(1189,'mir',0,'2020-11-07 19:25:27','2020-11-07 19:25:27'),(1190,'mirr',0,'2020-11-07 19:25:27','2020-11-07 19:25:27'),(1191,'mirro',2,'2020-11-07 19:25:27','2020-11-07 19:25:32'),(1192,'mirror',3,'2020-11-07 19:25:27','2021-05-11 21:01:14'),(1193,'lip g',6,'2020-11-07 20:53:35','2021-04-16 21:53:04'),(1194,'lip glo',6,'2020-11-07 20:53:36','2021-04-16 21:53:04'),(1195,'lip glos',4,'2020-11-07 20:53:36','2021-04-16 21:53:05'),(1196,'lip gloss',4,'2020-11-07 20:53:37','2021-04-16 21:53:06'),(1197,'eyeli',11,'2020-11-07 20:53:49','2021-05-10 00:49:47'),(1198,'eyelin',11,'2020-11-07 20:53:49','2021-05-10 00:49:48'),(1199,'eyeline',7,'2020-11-07 20:53:51','2021-05-10 00:49:48'),(1200,'eyeliner',15,'2020-11-07 20:53:51','2021-05-10 00:50:08'),(1201,'32',1,'2020-11-07 21:12:38','2020-11-07 21:12:38'),(1202,'بوكس',38,'2020-11-07 21:12:43','2021-05-12 13:18:10'),(1203,'هداي',9,'2020-11-07 21:12:48','2021-01-26 01:17:58'),(1204,'هدايا',6,'2020-11-07 21:12:49','2021-01-26 01:17:58'),(1205,'بوكس ر',0,'2020-11-07 22:41:59','2020-11-07 22:41:59'),(1206,'بوكس رج',0,'2020-11-07 22:41:59','2020-11-07 22:41:59'),(1207,'بوكس رجال',1,'2020-11-07 22:42:00','2020-11-07 22:42:00'),(1208,'بوكس رجالي',0,'2020-11-07 22:42:00','2020-11-07 22:42:00'),(1209,'bra',41,'2020-11-07 23:57:45','2021-05-11 06:07:23'),(1210,'brax',3,'2020-11-07 23:57:45','2020-11-07 23:57:46'),(1211,'braxl',0,'2020-11-07 23:57:45','2020-11-07 23:57:45'),(1212,'brac',1,'2020-11-07 23:57:47','2020-11-07 23:57:51'),(1213,'brace',0,'2020-11-07 23:57:49','2020-11-07 23:57:49'),(1214,'قلم ت',6,'2020-11-08 10:06:57','2020-12-23 22:48:36'),(1215,'قلم تح',3,'2020-11-08 10:06:57','2020-11-08 10:06:57'),(1216,'قلم تحد',1,'2020-11-08 10:06:58','2020-11-08 10:06:58'),(1217,'قلم تحدي',1,'2020-11-08 10:06:58','2020-11-08 10:06:59'),(1218,'قلم تحديد',54,'2020-11-08 10:06:59','2021-05-15 22:55:31'),(1219,'قلم تحديد ا',3,'2020-11-08 10:06:59','2020-11-08 10:07:09'),(1220,'قلم تحديد ال',4,'2020-11-08 10:07:00','2020-11-08 10:07:08'),(1221,'قلم تحديد الع',1,'2020-11-08 10:07:02','2020-11-08 10:07:08'),(1222,'قلم تحديد العي',6,'2020-11-08 10:07:02','2021-05-06 16:46:08'),(1223,'قلم تحديد العيو',2,'2020-11-08 10:07:03','2021-05-06 16:46:08'),(1224,'قلم تحديد العيون',0,'2020-11-08 10:07:05','2020-11-08 10:07:05'),(1225,'كح',25,'2020-11-08 11:19:47','2021-04-06 01:22:54'),(1226,'كحل',116,'2020-11-08 11:19:47','2021-05-10 20:51:50'),(1227,'قلم ك',13,'2020-11-08 12:08:26','2021-05-07 08:39:26'),(1228,'قلم كح',8,'2020-11-08 12:08:27','2021-01-24 01:07:27'),(1229,'msa',3,'2020-11-08 12:50:51','2020-11-08 12:50:52'),(1230,'msam',0,'2020-11-08 12:50:52','2020-11-08 12:50:52'),(1231,'ger',7,'2020-11-08 12:51:03','2020-12-13 23:04:36'),(1232,'gero',0,'2020-11-08 12:51:05','2020-11-08 12:51:05'),(1233,'gerl',4,'2020-11-08 12:51:07','2020-12-13 23:04:34'),(1234,'eyeb',1,'2020-11-08 12:52:23','2020-11-08 12:55:40'),(1235,'eyebr',2,'2020-11-08 12:52:23','2020-11-08 12:52:24'),(1236,'dei',13,'2020-11-08 12:55:42','2021-04-06 01:54:31'),(1237,'jea',43,'2020-11-08 13:16:04','2021-04-07 21:58:24'),(1238,'jean',44,'2020-11-08 13:16:07','2021-04-07 21:58:24'),(1239,'lol',14,'2020-11-08 13:16:57','2021-02-08 16:35:01'),(1240,'lak',3,'2020-11-08 13:17:10','2020-11-08 13:17:19'),(1241,'lakm',1,'2020-11-08 13:17:10','2020-11-08 13:17:20'),(1242,'lakme',5,'2020-11-08 13:17:10','2020-11-08 13:17:22'),(1243,'lole',4,'2020-11-08 13:19:19','2021-02-08 16:35:00'),(1244,'اكسج',21,'2020-11-08 13:55:26','2021-02-25 22:46:03'),(1245,'اكسجي',2,'2020-11-08 13:55:26','2020-11-08 13:55:27'),(1246,'اكسجين',0,'2020-11-08 13:55:26','2020-11-08 13:55:26'),(1247,'بودرة',29,'2020-11-08 13:55:31','2021-04-07 18:12:07'),(1248,'بودرة ج',4,'2020-11-08 13:55:58','2021-04-07 18:12:07'),(1249,'بودرة جس',2,'2020-11-08 13:55:59','2021-04-07 18:12:06'),(1250,'dia',39,'2020-11-08 14:07:39','2021-04-20 04:05:17'),(1251,'diag',16,'2020-11-08 14:07:40','2021-01-22 16:08:24'),(1252,'diago',11,'2020-11-08 14:07:41','2021-01-22 16:07:44'),(1253,'diea',3,'2020-11-08 14:07:56','2020-11-11 01:29:18'),(1254,'ملابس نسائيه',2,'2020-11-08 14:15:50','2021-04-06 04:52:12'),(1255,'قلم اس',1,'2020-11-08 14:55:20','2020-11-08 14:55:23'),(1256,'قلم اسو',3,'2020-11-08 14:55:20','2020-11-08 14:55:23'),(1257,'قلم اسود',1,'2020-11-08 14:55:21','2020-11-08 14:55:21'),(1258,'قلم م',5,'2020-11-08 15:17:55','2021-03-12 20:46:47'),(1259,'قلم محد',18,'2020-11-08 15:17:55','2021-04-05 17:12:30'),(1260,'قلم محدد',37,'2020-11-08 15:17:55','2021-04-05 17:12:31'),(1261,'قلم محدد ح',6,'2020-11-08 15:17:56','2021-01-21 12:59:04'),(1262,'قلم محدد حو',13,'2020-11-08 15:17:57','2021-05-11 06:56:40'),(1263,'قلم محدد حوا',14,'2020-11-08 15:17:57','2021-05-11 06:56:40'),(1264,'قلم محدد حواج',14,'2020-11-08 15:17:57','2021-05-11 06:56:40'),(1265,'قلم محدد حواجب',51,'2020-11-08 15:17:58','2021-05-11 06:56:17'),(1266,'قلم  ح',0,'2020-11-08 15:20:52','2020-11-08 15:20:52'),(1267,'فليكس',21,'2020-11-08 16:09:11','2021-05-01 16:06:39'),(1268,'ipad p',2,'2020-11-08 18:14:39','2020-11-08 18:14:39'),(1269,'ipad pr',1,'2020-11-08 18:14:39','2020-11-08 18:14:39'),(1270,'ipad pro',5,'2020-11-08 18:14:39','2021-05-16 07:42:59'),(1271,'ipad proc',1,'2020-11-08 18:14:42','2020-11-08 18:14:46'),(1272,'ipad proca',1,'2020-11-08 18:14:42','2020-11-08 18:14:46'),(1273,'ipad procas',0,'2020-11-08 18:14:43','2020-11-08 18:14:43'),(1274,'ipad pro c',2,'2020-11-08 18:14:48','2020-11-08 18:14:54'),(1275,'ipad pro ca',1,'2020-11-08 18:14:48','2020-11-08 18:14:52'),(1276,'ipad pro cas',0,'2020-11-08 18:14:48','2020-11-08 18:14:48'),(1277,'ipad pro co',0,'2020-11-08 18:14:54','2020-11-08 18:14:54'),(1278,'رجالي فا',4,'2020-11-08 18:25:21','2020-11-08 18:25:30'),(1279,'رجالي فان',28,'2020-11-08 18:25:22','2021-05-12 22:52:49'),(1280,'رجالي فاني',10,'2020-11-08 18:25:22','2021-05-12 22:52:47'),(1281,'رجالي فانيل',10,'2020-11-08 18:25:23','2021-05-09 04:50:57'),(1282,'رجالي فانيلة',6,'2020-11-08 18:25:23','2021-05-08 18:56:44'),(1283,'فانيلة ر',0,'2020-11-08 18:25:36','2020-11-08 18:25:36'),(1284,'فانيلة رج',0,'2020-11-08 18:25:37','2020-11-08 18:25:37'),(1285,'فانيلة رجال',1,'2020-11-08 18:25:37','2020-11-08 18:25:37'),(1286,'فانيلة رجالي',1,'2020-11-08 18:25:38','2020-11-08 18:25:42'),(1287,'diego d',14,'2020-11-08 20:39:34','2021-04-06 06:00:25'),(1288,'diego da',11,'2020-11-08 20:39:34','2021-04-06 06:00:25'),(1289,'diego dall',68,'2020-11-08 20:39:35','2021-05-07 21:00:54'),(1290,'قلوس',30,'2020-11-09 00:45:19','2021-03-26 17:01:13'),(1291,'قلوس و',1,'2020-11-09 00:45:21','2020-11-09 00:45:26'),(1292,'قلوس ور',1,'2020-11-09 00:45:21','2020-11-09 00:45:26'),(1293,'قلوس ورد',1,'2020-11-09 00:45:22','2020-11-09 00:45:25'),(1294,'قلوس وردي',0,'2020-11-09 00:45:23','2020-11-09 00:45:23'),(1295,'مب',25,'2020-11-09 03:35:49','2021-05-14 20:19:36'),(1296,'مبح',1,'2020-11-09 03:35:50','2020-11-09 03:35:50'),(1297,'مبحو',1,'2020-11-09 03:35:50','2020-11-09 03:35:50'),(1298,'مبخ',32,'2020-11-09 03:35:51','2021-05-14 20:19:36'),(1299,'مبخر',24,'2020-11-09 03:35:51','2021-05-14 20:19:37'),(1300,'فلك',5,'2020-11-09 03:36:37','2020-11-09 03:51:13'),(1301,'غي',1,'2020-11-09 05:56:44','2020-11-09 05:56:46'),(1302,'غير',1,'2020-11-09 05:56:44','2020-11-09 05:56:45'),(1303,'قي',4,'2020-11-09 05:56:50','2021-04-11 20:00:35'),(1304,'قير',2,'2020-11-09 05:56:50','2020-11-09 05:56:51'),(1305,'gir',8,'2020-11-09 05:56:56','2021-04-05 01:28:10'),(1306,'girl',3,'2020-11-09 05:56:57','2020-11-16 22:41:41'),(1307,'خو',1,'2020-11-09 09:18:42','2020-11-09 09:18:43'),(1308,'خوا',1,'2020-11-09 09:18:42','2020-11-09 09:18:43'),(1309,'خواج',1,'2020-11-09 09:18:42','2020-11-09 09:18:43'),(1310,'خواج',0,'2020-11-09 09:18:42','2020-11-09 09:18:42'),(1311,'خواجب',1,'2020-11-09 09:18:43','2020-11-09 09:18:43'),(1312,'airpods 2',0,'2020-11-09 10:14:30','2020-11-09 10:14:30'),(1313,'ميك',12,'2020-11-09 11:43:12','2021-05-06 22:17:18'),(1314,'ميكب',3,'2020-11-09 11:43:12','2021-04-04 23:15:03'),(1315,'tar',5,'2020-11-09 13:29:53','2021-04-06 12:23:49'),(1316,'انا',8,'2020-11-09 15:39:34','2021-04-06 04:07:54'),(1317,'أما',2,'2020-11-09 15:39:38','2020-11-09 15:39:38'),(1318,'أمار',4,'2020-11-09 15:39:38','2020-11-09 15:39:41'),(1319,'أمارا',3,'2020-11-09 15:39:38','2020-11-09 15:39:39'),(1320,'فرش مك',2,'2020-11-09 16:18:16','2020-11-09 22:48:56'),(1321,'dea',9,'2020-11-09 17:02:12','2021-04-06 05:56:21'),(1322,'صبغه',1,'2020-11-09 18:01:22','2020-11-09 18:01:22'),(1323,'شع',8,'2020-11-09 18:01:26','2021-05-02 17:55:35'),(1324,'شعر',18,'2020-11-09 18:01:26','2021-05-07 08:39:11'),(1325,'اليدي',14,'2020-11-09 18:07:04','2020-11-09 18:16:58'),(1326,'اليدين',13,'2020-11-09 18:07:05','2021-01-18 19:16:29'),(1327,'الها',18,'2020-11-09 18:13:01','2021-04-09 04:02:02'),(1328,'الهال',4,'2020-11-09 18:13:03','2021-03-13 22:03:41'),(1329,'الهالا',3,'2020-11-09 18:13:04','2021-03-13 22:03:43'),(1330,'الهالات',3,'2020-11-09 18:13:04','2020-12-25 14:09:46'),(1331,'ذا ف',1,'2020-11-09 18:15:55','2020-11-09 18:15:55'),(1332,'ذا فيس',3,'2020-11-09 18:15:56','2020-11-09 18:15:57'),(1333,'ذا فيس ش',1,'2020-11-09 18:15:58','2020-11-09 18:15:58'),(1334,'ذا فيس شو',0,'2020-11-09 18:15:59','2020-11-09 18:15:59'),(1335,'ذا فيس شوب',3,'2020-11-09 18:15:59','2020-11-09 18:16:01'),(1336,'fea',5,'2020-11-09 18:24:44','2020-12-29 10:37:38'),(1337,'Gev',2,'2020-11-09 18:28:33','2020-11-09 18:28:33'),(1338,'Gie',1,'2020-11-09 18:28:37','2020-11-09 18:28:38'),(1339,'Gv',3,'2020-11-09 18:28:40','2020-11-09 18:29:05'),(1340,'Gve',0,'2020-11-09 18:28:42','2020-11-09 18:28:42'),(1341,'Give',15,'2020-11-09 18:29:13','2021-05-02 17:22:05'),(1342,'gold bo',50,'2020-11-09 18:29:58','2021-04-26 12:39:17'),(1343,'gold bon',2,'2020-11-09 18:29:59','2021-03-25 20:32:01'),(1344,'gold bond',10,'2020-11-09 18:29:59','2021-03-25 20:32:02'),(1345,'الكو',12,'2020-11-09 18:39:53','2021-05-04 15:05:07'),(1346,'الكور',1,'2020-11-09 18:39:53','2020-11-09 18:40:00'),(1347,'الكوري',2,'2020-11-09 18:39:54','2020-11-09 18:39:58'),(1348,'الكوريه',4,'2020-11-09 18:39:54','2020-11-09 18:39:54'),(1349,'برج',13,'2020-11-09 18:45:15','2021-03-31 20:54:41'),(1350,'برجو',15,'2020-11-09 18:45:19','2021-03-31 20:54:41'),(1351,'اسل',1,'2020-11-09 18:51:06','2020-11-09 18:51:07'),(1352,'اسلا',1,'2020-11-09 18:51:06','2020-11-09 18:51:07'),(1353,'اسلاي',1,'2020-11-09 18:51:06','2020-11-09 18:51:07'),(1354,'اسلاين',2,'2020-11-09 18:51:06','2020-11-09 18:51:07'),(1355,'اسلاينر',3,'2020-11-09 18:51:06','2020-11-09 18:51:06'),(1356,'ايلا',3,'2020-11-09 18:51:09','2021-02-20 01:45:43'),(1357,'ايلاي',3,'2020-11-09 18:51:10','2021-02-20 01:45:43'),(1358,'ايلاين',6,'2020-11-09 18:51:10','2021-02-20 01:45:44'),(1359,'ايلاينر',15,'2020-11-09 18:51:10','2021-04-23 15:22:59'),(1360,'ايلاينر ب',1,'2020-11-09 18:51:11','2020-11-09 18:51:11'),(1361,'ايلاينر بن',0,'2020-11-09 18:51:11','2020-11-09 18:51:11'),(1362,'ايلاينر بني',4,'2020-11-09 18:51:11','2020-11-10 21:55:06'),(1363,'مص',2,'2020-11-09 18:51:36','2020-12-01 23:47:53'),(1364,'دروس',11,'2020-11-09 18:52:16','2021-04-26 05:39:30'),(1365,'دروش ف',1,'2020-11-09 18:52:18','2020-11-09 18:53:11'),(1366,'دروش فا',1,'2020-11-09 18:52:18','2020-11-09 18:53:10'),(1367,'دروش فان',1,'2020-11-09 18:52:19','2020-11-09 18:53:11'),(1368,'دروش فانله',5,'2020-11-09 18:52:19','2021-04-24 00:39:03'),(1369,'دروش ه',5,'2020-11-09 18:53:12','2021-04-15 11:39:15'),(1370,'دروش ها',5,'2020-11-09 18:53:12','2021-04-15 11:39:15'),(1371,'دروش هاف',12,'2020-11-09 18:53:12','2021-05-11 13:10:29'),(1372,'برجوا',24,'2020-11-09 18:59:03','2021-03-31 20:54:42'),(1373,'فيل',6,'2020-11-09 18:59:44','2020-11-10 11:52:48'),(1374,'فيلف',9,'2020-11-09 18:59:45','2020-11-10 11:52:49'),(1375,'فيلفت',2,'2020-11-09 18:59:45','2020-11-09 19:00:10'),(1376,'weveline',3,'2020-11-09 19:01:02','2020-12-02 01:25:26'),(1377,'eveline w',11,'2020-11-09 19:01:06','2021-05-11 10:34:18'),(1378,'eveline wh',8,'2020-11-09 19:01:07','2021-05-11 10:34:17'),(1379,'eveline whi',23,'2020-11-09 19:01:08','2021-05-11 10:34:17'),(1380,'eveline whit',23,'2020-11-09 19:01:08','2021-05-11 10:34:17'),(1381,'eveline white',28,'2020-11-09 19:01:09','2021-05-11 10:34:16'),(1382,'eveline 4',1,'2020-11-09 19:01:13','2020-11-09 19:01:14'),(1383,'برجوا كري',51,'2020-11-09 19:09:26','2021-05-10 07:12:56'),(1384,'برجوا ك',0,'2020-11-09 19:09:26','2020-11-09 19:09:26'),(1385,'برجوا كريم',178,'2020-11-09 19:09:26','2021-05-06 16:51:40'),(1386,'ايفي',32,'2020-11-09 19:09:31','2021-05-08 19:46:49'),(1387,'ايفيل',15,'2020-11-09 19:09:32','2021-05-08 19:46:49'),(1388,'ايفيلن',9,'2020-11-09 19:09:32','2021-05-05 07:26:15'),(1389,'chop',11,'2020-11-09 19:17:35','2021-05-02 01:35:58'),(1390,'chopar',21,'2020-11-09 19:17:39','2021-05-02 01:35:55'),(1391,'chopard',6,'2020-11-09 19:17:40','2021-04-11 16:31:37'),(1392,'bay',0,'2020-11-09 19:19:32','2020-11-09 19:19:32'),(1393,'Bio',13,'2020-11-09 19:20:00','2021-04-20 13:02:43'),(1394,'Biod',2,'2020-11-09 19:20:09','2021-04-20 13:02:42'),(1395,'Biode',2,'2020-11-09 19:20:09','2021-04-20 13:02:42'),(1396,'Bioder',2,'2020-11-09 19:20:10','2021-04-20 13:02:42'),(1397,'Bioderm',14,'2020-11-09 19:20:14','2021-04-29 10:37:41'),(1398,'Bioderma',10,'2020-11-09 19:20:14','2021-04-29 10:37:40'),(1399,'ديون',4,'2020-11-09 19:20:21','2020-11-09 19:20:22'),(1400,'ديس',6,'2020-11-09 19:20:31','2020-11-23 22:57:58'),(1401,'ديسغ',7,'2020-11-09 19:20:31','2020-11-23 22:57:58'),(1402,'ديسغو',3,'2020-11-09 19:20:31','2020-11-23 22:57:57'),(1403,'xr',5,'2020-11-09 19:22:02','2021-02-25 22:45:57'),(1404,'vene',4,'2020-11-09 19:45:55','2020-11-09 19:45:57'),(1405,'افين',1,'2020-11-09 19:46:01','2020-11-09 19:46:01'),(1406,'افينو',22,'2020-11-09 19:46:01','2021-05-11 16:00:35'),(1407,'مش',9,'2020-11-09 20:04:40','2021-03-04 15:51:37'),(1408,'it co',2,'2020-11-09 20:09:38','2020-11-09 20:09:43'),(1409,'it cos',3,'2020-11-09 20:09:40','2021-01-07 19:18:10'),(1410,'it cosm',0,'2020-11-09 20:09:41','2020-11-09 20:09:41'),(1411,'mab',3,'2020-11-09 20:22:00','2020-11-09 20:22:03'),(1412,'mabe',3,'2020-11-09 20:22:01','2021-05-03 22:03:03'),(1413,'can',1,'2020-11-09 20:23:34','2020-11-09 20:23:35'),(1414,'cana',4,'2020-11-09 20:23:34','2021-04-06 04:08:05'),(1415,'canar',2,'2020-11-09 20:23:35','2020-11-09 20:23:35'),(1416,'canara',2,'2020-11-09 20:23:35','2020-11-10 13:23:10'),(1417,'cama',1,'2020-11-09 20:23:39','2020-11-09 20:23:51'),(1418,'camara',2,'2020-11-09 20:23:41','2020-11-09 20:23:51'),(1419,'evo',9,'2020-11-09 20:23:53','2020-11-18 18:31:25'),(1420,'evol',4,'2020-11-09 20:23:54','2020-11-18 18:31:29'),(1421,'evolv',5,'2020-11-09 20:23:55','2021-03-16 02:03:40'),(1422,'evolve',1,'2020-11-09 20:23:55','2020-11-09 20:23:55'),(1423,'fair a',30,'2020-11-09 20:26:39','2021-05-09 02:36:59'),(1424,'fair and',86,'2020-11-09 20:26:39','2021-05-09 02:36:59'),(1425,'faira',5,'2020-11-09 20:26:42','2021-04-29 18:09:45'),(1426,'fairan',2,'2020-11-09 20:26:42','2021-04-29 18:09:45'),(1427,'fairand',3,'2020-11-09 20:26:43','2021-04-29 18:09:45'),(1428,'fairandw',2,'2020-11-09 20:26:43','2021-04-29 18:09:46'),(1429,'fairandwh',3,'2020-11-09 20:26:43','2021-04-29 18:09:52'),(1430,'fairandwhi',4,'2020-11-09 20:26:43','2021-04-29 18:09:53'),(1431,'fairandwhif',1,'2020-11-09 20:26:44','2020-11-09 20:26:45'),(1432,'fairandwhife',0,'2020-11-09 20:26:44','2020-11-09 20:26:44'),(1433,'fairandwhit',3,'2020-11-09 20:26:46','2021-04-29 18:09:52'),(1434,'fairandwhite',1,'2020-11-09 20:26:46','2021-04-29 18:09:47'),(1435,'exc',2,'2020-11-09 20:27:17','2020-11-09 20:27:18'),(1436,'excl',2,'2020-11-09 20:27:18','2020-11-09 20:27:19'),(1437,'exclu',8,'2020-11-09 20:27:19','2021-02-11 16:13:25'),(1438,'exclus',0,'2020-11-09 20:27:19','2020-11-09 20:27:19'),(1439,'exclusi',1,'2020-11-09 20:27:19','2020-11-09 20:27:20'),(1440,'exclusive whitenize',28,'2020-11-09 20:28:01','2021-05-09 02:38:55'),(1441,'ايفيلي',12,'2020-11-09 20:34:56','2021-05-08 19:46:48'),(1442,'ايفيلين',41,'2020-11-09 20:34:56','2021-05-08 19:46:22'),(1443,'fair and s',1,'2020-11-09 20:44:55','2020-11-09 20:44:58'),(1444,'fair and sh',1,'2020-11-09 20:44:55','2020-11-09 20:44:58'),(1445,'fair and shi',1,'2020-11-09 20:44:56','2020-11-09 20:44:58'),(1446,'fair and shit',1,'2020-11-09 20:44:56','2020-11-09 20:44:58'),(1447,'fair and shite',0,'2020-11-09 20:44:57','2020-11-09 20:44:57'),(1448,'soa',4,'2020-11-09 20:45:20','2021-04-27 09:08:34'),(1449,'soap',13,'2020-11-09 20:45:20','2021-04-27 09:08:37'),(1450,'too',10,'2020-11-09 21:30:23','2021-03-09 22:30:14'),(1451,'too f',1,'2020-11-09 21:30:23','2020-11-09 21:30:30'),(1452,'too fa',1,'2020-11-09 21:30:23','2020-11-09 21:30:30'),(1453,'too fac',1,'2020-11-09 21:30:25','2020-11-09 21:30:30'),(1454,'too face',1,'2020-11-09 21:30:26','2020-11-09 21:30:29'),(1455,'too faced',1,'2020-11-09 21:30:26','2021-04-30 20:51:33'),(1456,'acm',7,'2020-11-09 21:47:05','2021-04-11 02:17:22'),(1457,'mack',0,'2020-11-09 21:48:25','2020-11-09 21:48:25'),(1458,'evl',7,'2020-11-09 22:04:18','2021-05-07 19:54:49'),(1459,'evli',0,'2020-11-09 22:04:22','2020-11-09 22:04:22'),(1460,'evlin',0,'2020-11-09 22:04:22','2020-11-09 22:04:22'),(1461,'evline',5,'2020-11-09 22:04:22','2021-04-23 14:53:48'),(1462,'ايفل',20,'2020-11-09 22:04:29','2021-05-11 14:16:08'),(1463,'ايفلا',6,'2020-11-09 22:04:30','2021-04-23 22:52:59'),(1464,'zer',0,'2020-11-09 22:05:12','2020-11-09 22:05:12'),(1465,'zero',3,'2020-11-09 22:05:12','2020-11-09 22:05:12'),(1466,'lm',1,'2020-11-09 22:05:18','2021-05-03 07:46:22'),(1467,'mel',0,'2020-11-09 22:05:24','2020-11-09 22:05:24'),(1468,'melt',6,'2020-11-09 22:05:24','2021-03-12 11:28:09'),(1469,'melti',1,'2020-11-09 22:05:25','2020-11-09 22:05:25'),(1470,'meltin',0,'2020-11-09 22:05:27','2020-11-09 22:05:27'),(1471,'melting',2,'2020-11-09 22:05:27','2020-11-09 22:05:28'),(1472,'مزي',7,'2020-11-09 22:06:36','2021-05-05 13:50:35'),(1473,'مزيل',10,'2020-11-09 22:06:38','2021-05-05 13:50:35'),(1474,'مزيل م',1,'2020-11-09 22:06:56','2020-11-09 22:07:03'),(1475,'مزيل مك',1,'2020-11-09 22:06:56','2020-11-09 22:07:03'),(1476,'مزيل مكي',0,'2020-11-09 22:06:57','2020-11-09 22:06:57'),(1477,'عطر ا',32,'2020-11-09 22:08:13','2021-05-10 04:21:21'),(1478,'عطر ال',9,'2020-11-09 22:08:13','2021-03-13 21:20:38'),(1479,'عطر الش',2,'2020-11-09 22:08:14','2020-12-17 02:16:27'),(1480,'عطر الشع',4,'2020-11-09 22:08:14','2021-01-09 22:01:34'),(1481,'فلس',2,'2020-11-09 22:08:35','2020-11-09 22:08:36'),(1482,'فيلك',1,'2020-11-09 22:08:38','2020-11-09 22:08:45'),(1483,'فيلكس',6,'2020-11-09 22:08:38','2020-11-09 22:08:44'),(1484,'فيلكس ا',1,'2020-11-09 22:08:39','2020-11-09 22:08:42'),(1485,'فيلكس اي',1,'2020-11-09 22:08:39','2020-11-09 22:08:41'),(1486,'فيلكس ايز',6,'2020-11-09 22:08:39','2021-02-16 07:56:41'),(1487,'volo',1,'2020-11-09 22:08:39','2020-11-09 22:08:40'),(1488,'volor',0,'2020-11-09 22:08:43','2020-11-09 22:08:43'),(1489,'volori',14,'2020-11-09 22:08:43','2021-02-25 20:05:34'),(1490,'voloria',1,'2020-11-09 22:08:43','2020-11-09 22:08:44'),(1491,'قولدن',5,'2020-11-09 22:09:43','2021-04-01 11:38:16'),(1492,'قن',8,'2020-11-09 22:15:39','2021-04-11 12:34:56'),(1493,'قناع',39,'2020-11-09 22:15:39','2021-04-11 12:34:56'),(1494,'قناع ا',2,'2020-11-09 22:15:40','2020-11-09 22:15:52'),(1495,'قناع ال',6,'2020-11-09 22:15:40','2020-11-09 22:15:51'),(1496,'قناع الق',3,'2020-11-09 22:15:41','2020-11-09 22:15:46'),(1497,'قناع القد',1,'2020-11-09 22:15:42','2020-11-09 22:15:45'),(1498,'قناع القدم',0,'2020-11-09 22:15:43','2020-11-09 22:15:43'),(1499,'قناع الي',1,'2020-11-09 22:15:50','2020-11-09 22:15:51'),(1500,'قناع اليد',0,'2020-11-09 22:15:50','2020-11-09 22:15:50'),(1501,'dac',1,'2020-11-09 22:26:41','2020-11-09 22:26:41'),(1502,'dace',0,'2020-11-09 22:26:41','2020-11-09 22:26:41'),(1503,'face c',2,'2020-11-09 22:26:44','2020-11-09 22:26:44'),(1504,'face cr',2,'2020-11-09 22:26:44','2020-11-09 22:26:44'),(1505,'face cre',1,'2020-11-09 22:26:44','2020-11-09 22:26:45'),(1506,'face crea',8,'2020-11-09 22:26:44','2021-04-05 17:41:55'),(1507,'face cream',24,'2020-11-09 22:26:45','2021-05-06 16:51:35'),(1508,'مقا',0,'2020-11-09 22:35:05','2020-11-09 22:35:05'),(1509,'مقاس',2,'2020-11-09 22:35:05','2020-11-09 22:35:07'),(1510,'مقاس ١',1,'2020-11-09 22:35:06','2020-11-09 22:35:06'),(1511,'مقاس ١٣',1,'2020-11-09 22:35:06','2020-11-09 22:36:20'),(1512,'مقاس ١٣_',0,'2020-11-09 22:35:10','2020-11-09 22:35:10'),(1513,'مقاس ١٣_١',0,'2020-11-09 22:35:11','2020-11-09 22:35:11'),(1514,'مقاس ١٣_١٤',1,'2020-11-09 22:35:12','2020-11-09 22:35:12'),(1515,'طق',3,'2020-11-09 22:35:26','2021-05-10 14:35:39'),(1516,'طقم',13,'2020-11-09 22:35:26','2021-05-10 14:35:40'),(1517,'طقم ش',0,'2020-11-09 22:35:26','2020-11-09 22:35:26'),(1518,'طقم شب',2,'2020-11-09 22:35:27','2021-02-10 00:06:38'),(1519,'طقم شبا',2,'2020-11-09 22:35:27','2020-11-09 22:35:27'),(1520,'طقم شباب',11,'2020-11-09 22:35:27','2021-04-28 23:01:50'),(1521,'طقم شبابي',3,'2020-11-09 22:35:29','2021-05-02 21:43:44'),(1522,'13-',1,'2020-11-09 22:36:20','2020-11-09 22:36:20'),(1523,'13-1',0,'2020-11-09 22:36:21','2020-11-09 22:36:21'),(1524,'13-14',4,'2020-11-09 22:36:21','2020-11-09 22:36:31'),(1525,'13-14 س',1,'2020-11-09 22:36:23','2020-11-09 22:36:30'),(1526,'13-14 سن',2,'2020-11-09 22:36:23','2020-11-09 22:36:30'),(1527,'13-14 سنة',1,'2020-11-09 22:36:24','2020-11-09 22:36:25'),(1528,'13-14 سنه',1,'2020-11-09 22:36:28','2020-11-09 22:36:29'),(1529,'عدسات ي',1,'2020-11-09 22:39:12','2020-11-09 22:39:13'),(1530,'عدسات يو',1,'2020-11-09 22:39:12','2020-11-09 22:39:13'),(1531,'عدسات يوم',1,'2020-11-09 22:39:13','2020-11-09 22:39:13'),(1532,'عدسات يومي',1,'2020-11-09 22:39:14','2020-11-09 22:39:14'),(1533,'drq',0,'2020-11-09 22:40:00','2020-11-09 22:40:00'),(1534,'dr.',1,'2020-11-09 22:40:02','2020-11-09 22:40:03'),(1535,'عدسات د',2,'2020-11-09 22:40:16','2020-11-09 22:40:58'),(1536,'عدسات ديف',3,'2020-11-09 22:40:17','2020-11-09 22:40:58'),(1537,'عدسات ديفا',1,'2020-11-09 22:40:17','2020-11-09 22:40:58'),(1538,'عدسات ديفاي',1,'2020-11-09 22:40:17','2020-11-09 22:40:57'),(1539,'عدسات ديفاين',1,'2020-11-09 22:40:18','2020-11-09 22:40:18'),(1540,'mos',13,'2020-11-09 22:40:35','2021-04-01 08:00:50'),(1541,'mou',4,'2020-11-09 22:40:40','2021-02-27 04:07:46'),(1542,'mous',6,'2020-11-09 22:40:42','2021-01-24 23:59:45'),(1543,'moust',0,'2020-11-09 22:40:44','2020-11-09 22:40:44'),(1544,'most',0,'2020-11-09 22:40:46','2020-11-09 22:40:46'),(1545,'عدسات اكيوفيو ديفاين',6,'2020-11-09 22:41:02','2020-11-10 17:02:22'),(1546,'moi',7,'2020-11-09 22:41:26','2020-11-09 22:41:36'),(1547,'mois',5,'2020-11-09 22:41:27','2020-11-09 22:41:41'),(1548,'moist',2,'2020-11-09 22:41:29','2020-11-09 22:41:42'),(1549,'moistu',1,'2020-11-09 22:41:42','2020-11-09 22:41:42'),(1550,'moistur',0,'2020-11-09 22:41:42','2020-11-09 22:41:42'),(1551,'moisturi',2,'2020-11-09 22:41:43','2020-11-09 22:41:43'),(1552,'moisturiz',3,'2020-11-09 22:41:43','2020-11-09 22:41:44'),(1553,'moisturizi',2,'2020-11-09 22:41:44','2020-11-09 22:41:44'),(1554,'moisturizin',0,'2020-11-09 22:41:44','2020-11-09 22:41:44'),(1555,'moisturizing',2,'2020-11-09 22:41:44','2020-11-09 22:41:46'),(1556,'جً',1,'2020-11-09 22:55:53','2020-11-09 22:55:54'),(1557,'جًن',1,'2020-11-09 22:55:54','2020-11-09 22:55:54'),(1558,'جوتي',29,'2020-11-09 22:55:57','2021-05-11 07:00:59'),(1559,'بروج',45,'2020-11-09 23:05:29','2021-04-16 21:46:18'),(1560,'بروجك',3,'2020-11-09 23:05:30','2021-02-19 05:40:33'),(1561,'بروجكت',2,'2020-11-09 23:05:30','2021-02-19 05:40:34'),(1562,'بروجكتر',4,'2020-11-09 23:05:30','2021-02-19 05:40:35'),(1563,'داتا',6,'2020-11-09 23:05:35','2020-11-09 23:05:38'),(1564,'داتاش',1,'2020-11-09 23:05:36','2020-11-09 23:05:38'),(1565,'داتاشو',0,'2020-11-09 23:05:36','2020-11-09 23:05:36'),(1566,'عدسات لم',1,'2020-11-09 23:26:26','2020-11-09 23:26:28'),(1567,'عدسات لما',2,'2020-11-09 23:26:26','2020-11-09 23:26:28'),(1568,'عدسات لمار',1,'2020-11-09 23:26:26','2020-11-09 23:26:27'),(1569,'عدسات لماره',0,'2020-11-09 23:26:27','2020-11-09 23:26:27'),(1570,'عدسات ام',2,'2020-11-09 23:26:30','2020-11-09 23:26:34'),(1571,'عدسات اما',8,'2020-11-09 23:26:30','2021-04-02 01:26:40'),(1572,'عدسات امار',4,'2020-11-09 23:26:30','2020-11-10 04:33:33'),(1573,'عدسات اماره',0,'2020-11-09 23:26:30','2020-11-09 23:26:30'),(1574,'ستل',0,'2020-11-09 23:28:41','2020-11-09 23:28:41'),(1575,'سال',12,'2020-11-09 23:28:41','2021-05-03 18:06:32'),(1576,'سالو',5,'2020-11-09 23:28:42','2021-05-03 18:06:32'),(1577,'سالور',9,'2020-11-09 23:28:42','2021-05-10 10:07:38'),(1578,'سالورا',11,'2020-11-09 23:28:42','2021-05-03 18:06:32'),(1579,'سالورات',2,'2020-11-09 23:28:43','2020-11-09 23:28:43'),(1580,'سالوران',9,'2020-11-09 23:28:44','2021-05-03 18:06:29'),(1581,'شوبا',3,'2020-11-09 23:49:22','2021-04-30 15:05:48'),(1582,'شوبار',10,'2020-11-09 23:49:22','2021-05-01 09:02:40'),(1583,'شوبارد',8,'2020-11-09 23:49:23','2021-04-30 15:05:50'),(1584,'euc',11,'2020-11-10 00:06:34','2021-04-17 15:30:43'),(1585,'mem',1,'2020-11-10 00:14:08','2020-11-19 08:29:36'),(1586,'memo',10,'2020-11-10 00:14:08','2021-05-04 21:35:39'),(1587,'riv',4,'2020-11-10 00:14:14','2021-03-10 02:06:56'),(1588,'rive',1,'2020-11-10 00:14:15','2020-11-10 00:14:15'),(1589,'ماسكات',20,'2020-11-10 00:19:30','2021-05-01 21:00:08'),(1590,'Panasonic Es2235\" (‏',39,'2020-11-10 00:32:30','2021-05-09 07:53:56'),(1591,'sy',15,'2020-11-10 00:34:51','2021-05-11 21:37:37'),(1592,'syl',8,'2020-11-10 00:34:59','2021-05-11 21:37:38'),(1593,'سمايل ف',0,'2020-11-10 00:44:47','2020-11-10 00:44:47'),(1594,'سمايل فو',1,'2020-11-10 00:44:47','2020-11-10 00:44:50'),(1595,'سمايل فوت',7,'2020-11-10 00:44:48','2021-05-05 19:02:30'),(1596,'vit',10,'2020-11-10 01:31:30','2021-05-11 12:32:08'),(1597,'vita',8,'2020-11-10 01:31:31','2021-05-11 12:32:08'),(1598,'vitam',7,'2020-11-10 01:31:33','2021-05-11 12:32:08'),(1599,'vitami',8,'2020-11-10 01:31:39','2021-05-11 12:32:09'),(1600,'vitamin',14,'2020-11-10 01:31:39','2021-05-11 12:32:09'),(1601,'hai',18,'2020-11-10 01:32:16','2021-05-05 02:11:21'),(1602,'hair',72,'2020-11-10 01:32:16','2021-05-05 02:11:22'),(1603,'ajma',13,'2020-11-10 01:36:58','2021-05-14 22:09:51'),(1604,'fle',11,'2020-11-10 01:37:42','2020-12-16 00:41:25'),(1605,'flex',8,'2020-11-10 01:37:42','2020-12-16 00:41:25'),(1606,'ans',1,'2020-11-10 01:38:30','2020-11-10 01:38:31'),(1607,'anst',0,'2020-11-10 01:38:34','2020-11-10 01:38:34'),(1608,'مقس',0,'2020-11-10 02:02:01','2020-11-10 02:02:01'),(1609,'مقشر ل',2,'2020-11-10 02:02:02','2020-12-01 17:47:17'),(1610,'مقشر لل',1,'2020-11-10 02:02:03','2020-12-01 17:47:18'),(1611,'smmi',5,'2020-11-10 02:45:25','2020-11-10 02:45:27'),(1612,'smmil',1,'2020-11-10 02:45:25','2020-11-10 02:45:26'),(1613,'smmili',0,'2020-11-10 02:45:25','2020-11-10 02:45:25'),(1614,'ale',9,'2020-11-10 02:55:59','2021-03-17 18:18:44'),(1615,'alex',18,'2020-11-10 02:56:00','2021-03-17 18:18:44'),(1616,'alexa',6,'2020-11-10 02:56:04','2021-03-17 18:18:45'),(1617,'alexan',1,'2020-11-10 02:56:04','2020-11-10 02:56:04'),(1618,'fitne',2,'2020-11-10 02:57:58','2020-11-10 02:57:58'),(1619,'fitm',1,'2020-11-10 02:57:58','2020-11-10 02:57:59'),(1620,'fitme',0,'2020-11-10 02:57:58','2020-11-10 02:57:58'),(1621,'dies',13,'2020-11-10 02:59:42','2020-12-19 17:20:06'),(1622,'diese',4,'2020-11-10 02:59:43','2020-12-19 17:20:03'),(1623,'diesel',4,'2020-11-10 02:59:44','2020-12-19 17:20:01'),(1624,'korf',2,'2020-11-10 03:01:36','2021-03-28 17:59:00'),(1625,'fair l',1,'2020-11-10 03:03:36','2020-11-10 03:03:42'),(1626,'fair lo',2,'2020-11-10 03:03:36','2020-11-10 03:03:43'),(1627,'fair lot',3,'2020-11-10 03:03:37','2020-11-10 03:03:47'),(1628,'fair loto',1,'2020-11-10 03:03:38','2020-11-10 03:03:42'),(1629,'fair lotoi',2,'2020-11-10 03:03:38','2020-11-10 03:03:42'),(1630,'fair lotoit',0,'2020-11-10 03:03:38','2020-11-10 03:03:38'),(1631,'fair lotoin',0,'2020-11-10 03:03:40','2020-11-10 03:03:40'),(1632,'loti',0,'2020-11-10 03:03:47','2020-11-10 03:03:47'),(1633,'lotio',3,'2020-11-10 03:03:47','2020-11-10 03:03:48'),(1634,'lotion',2,'2020-11-10 03:03:48','2020-11-10 03:03:48'),(1635,'به',0,'2020-11-10 03:22:09','2020-11-10 03:22:09'),(1636,'بهل',2,'2020-11-10 03:22:09','2021-05-11 06:59:52'),(1637,'بهله',2,'2020-11-10 03:22:09','2020-11-10 03:22:10'),(1638,'عطر غ',4,'2020-11-10 04:05:33','2021-03-12 22:14:17'),(1639,'عطر غز',1,'2020-11-10 04:05:33','2020-11-10 04:05:35'),(1640,'عطر غزا',1,'2020-11-10 04:05:34','2020-11-10 04:05:35'),(1641,'عطر غزال',0,'2020-11-10 04:05:34','2020-11-10 04:05:34'),(1642,'عطر اب',1,'2020-11-10 04:05:37','2020-11-10 04:05:39'),(1643,'عطر ابو',1,'2020-11-10 04:05:38','2020-11-10 04:05:38'),(1644,'عطرb',1,'2020-11-10 04:10:44','2020-11-10 04:10:46'),(1645,'عطرbe',1,'2020-11-10 04:10:45','2020-11-10 04:10:46'),(1646,'عطرben',0,'2020-11-10 04:10:45','2020-11-10 04:10:45'),(1647,'benh',1,'2020-11-10 04:10:51','2020-11-10 04:46:32'),(1648,'benhe',0,'2020-11-10 04:10:52','2020-11-10 04:10:52'),(1649,'benhel',3,'2020-11-10 04:10:52','2021-04-27 11:23:08'),(1650,'benhelg',0,'2020-11-10 04:10:53','2020-11-10 04:10:53'),(1651,'benhelgo',0,'2020-11-10 04:10:54','2020-11-10 04:10:54'),(1652,'benhelgon',0,'2020-11-10 04:10:55','2020-11-10 04:10:55'),(1653,'benhelgonz',1,'2020-11-10 04:10:55','2020-11-10 04:10:56'),(1654,'perf',7,'2020-11-10 04:18:34','2021-04-20 17:52:36'),(1655,'bee',10,'2020-11-10 04:18:39','2021-05-06 13:51:15'),(1656,'acne',3,'2020-11-10 04:21:06','2020-11-10 04:21:07'),(1657,'انار',2,'2020-11-10 04:33:28','2020-11-10 04:33:28'),(1658,'انارا',2,'2020-11-10 04:33:28','2020-11-10 04:33:28'),(1659,'امارا',3,'2020-11-10 04:33:31','2021-05-03 17:57:55'),(1660,'امارا',0,'2020-11-10 04:33:31','2020-11-10 04:33:31'),(1661,'portr',18,'2020-11-10 04:46:09','2021-05-03 15:24:23'),(1662,'benhal',14,'2020-11-10 04:46:33','2021-04-11 22:07:00'),(1663,'benhali',0,'2020-11-10 04:46:34','2020-11-10 04:46:34'),(1664,'benhalio',0,'2020-11-10 04:46:35','2020-11-10 04:46:35'),(1665,'benhalion',0,'2020-11-10 04:46:35','2020-11-10 04:46:35'),(1666,'benhaliong',1,'2020-11-10 04:46:36','2020-11-10 04:46:37'),(1667,'بول',10,'2020-11-10 05:20:19','2021-01-12 19:28:20'),(1668,'بولغ',5,'2020-11-10 05:20:20','2021-01-09 04:04:57'),(1669,'بولغا',0,'2020-11-10 05:20:20','2020-11-10 05:20:20'),(1670,'due',1,'2020-11-10 06:36:20','2020-11-10 06:36:21'),(1671,'duego',4,'2020-11-10 06:36:20','2020-11-10 06:36:21'),(1672,'fre',7,'2020-11-10 06:36:23','2020-11-10 06:36:27'),(1673,'fres',5,'2020-11-10 06:36:24','2020-11-10 06:36:29'),(1674,'fresh',3,'2020-11-10 06:36:29','2020-11-10 06:37:23'),(1675,'fresh ll',3,'2020-11-10 06:37:23','2020-11-10 06:37:25'),(1676,'fresh llo',2,'2020-11-10 06:37:23','2020-11-10 06:37:25'),(1677,'fresh llok',0,'2020-11-10 06:37:24','2020-11-10 06:37:24'),(1678,'fresh lo',0,'2020-11-10 06:37:26','2020-11-10 06:37:26'),(1679,'fresh loo',2,'2020-11-10 06:37:26','2021-01-11 01:43:18'),(1680,'fresh loom',0,'2020-11-10 06:37:27','2020-11-10 06:37:27'),(1681,'fresh look',1,'2020-11-10 06:37:29','2020-11-10 06:37:30'),(1682,'fel',3,'2020-11-10 06:40:27','2020-11-10 06:40:33'),(1683,'felx',0,'2020-11-10 06:40:28','2020-11-10 06:40:28'),(1684,'rev',22,'2020-11-10 07:26:54','2021-04-13 12:26:19'),(1685,'revi',24,'2020-11-10 07:26:54','2021-05-05 19:30:35'),(1686,'revit',8,'2020-11-10 07:26:55','2021-03-10 02:07:06'),(1687,'revita',4,'2020-11-10 07:26:55','2021-03-10 02:08:40'),(1688,'revital',3,'2020-11-10 07:26:55','2020-12-24 17:34:10'),(1689,'بالا',1,'2020-11-10 08:06:19','2020-11-10 08:06:20'),(1690,'بالان',17,'2020-11-10 08:06:19','2021-04-12 08:34:04'),(1691,'بالانس',1,'2020-11-10 08:06:20','2020-11-10 08:06:20'),(1692,'كريم ب',4,'2020-11-10 08:06:34','2021-04-18 00:32:23'),(1693,'كريم با',1,'2020-11-10 08:06:35','2020-11-10 08:06:41'),(1694,'كريم بال',1,'2020-11-10 08:06:39','2020-11-10 08:06:40'),(1695,'كريم بالا',0,'2020-11-10 08:06:40','2020-11-10 08:06:40'),(1696,'pou',3,'2020-11-10 09:28:36','2020-11-10 09:28:39'),(1697,'pous',1,'2020-11-10 09:28:37','2020-11-10 09:28:37'),(1698,'pouf',2,'2020-11-10 09:28:37','2020-11-10 09:28:37'),(1699,'puf',4,'2020-11-10 09:28:41','2020-11-10 09:28:42'),(1700,'chai',3,'2020-11-10 09:28:45','2020-11-10 09:28:45'),(1701,'chair',2,'2020-11-10 09:28:46','2020-11-10 09:28:46'),(1702,'mor',5,'2020-11-10 10:06:14','2020-11-11 04:39:24'),(1703,'moro',3,'2020-11-10 10:06:15','2020-11-10 10:06:19'),(1704,'moroc',1,'2020-11-10 10:06:15','2020-11-10 10:06:18'),(1705,'moroca',2,'2020-11-10 10:06:15','2020-11-10 10:06:18'),(1706,'morocan',0,'2020-11-10 10:06:15','2020-11-10 10:06:15'),(1707,'av',9,'2020-11-10 10:15:03','2021-05-06 16:03:43'),(1708,'ave',5,'2020-11-10 10:15:04','2021-04-29 21:34:04'),(1709,'aven',1,'2020-11-10 10:15:07','2020-11-10 10:15:13'),(1710,'avene',1,'2020-11-10 10:15:10','2020-11-10 10:15:12'),(1711,'avenee',0,'2020-11-10 10:15:11','2020-11-10 10:15:11'),(1712,'gguc',23,'2020-11-10 10:41:36','2021-04-06 19:05:32'),(1713,'ggucc',20,'2020-11-10 10:41:36','2021-04-06 19:05:30'),(1714,'تف',4,'2020-11-10 11:21:23','2020-11-10 11:21:39'),(1715,'تفش',1,'2020-11-10 11:21:23','2020-11-10 11:21:35'),(1716,'تفشي',2,'2020-11-10 11:21:23','2020-11-10 11:21:35'),(1717,'تفشير',5,'2020-11-10 11:21:24','2020-11-10 11:21:32'),(1718,'تفشير ا',1,'2020-11-10 11:21:24','2020-11-10 11:21:30'),(1719,'تفشير ال',1,'2020-11-10 11:21:24','2020-11-10 11:21:29'),(1720,'تفشير الق',1,'2020-11-10 11:21:25','2020-11-10 11:21:29'),(1721,'تفشير القد',1,'2020-11-10 11:21:25','2020-11-10 11:21:29'),(1722,'تفشير القدم',1,'2020-11-10 11:21:25','2020-11-10 11:21:29'),(1723,'تفشير القدمي',1,'2020-11-10 11:21:25','2020-11-10 11:21:28'),(1724,'تفشير القدمين',0,'2020-11-10 11:21:26','2020-11-10 11:21:26'),(1725,'قلم ف',2,'2020-11-10 11:42:49','2020-11-10 11:46:49'),(1726,'قلم في',5,'2020-11-10 11:42:49','2020-11-10 11:46:51'),(1727,'بوبا',52,'2020-11-10 11:45:38','2021-05-09 22:41:22'),(1728,'حمر',24,'2020-11-10 11:45:56','2021-03-27 04:42:54'),(1729,'حمر ب',0,'2020-11-10 11:45:56','2020-11-10 11:45:56'),(1730,'حمر بو',1,'2020-11-10 11:45:57','2020-11-10 11:45:58'),(1731,'حمر بوي',3,'2020-11-10 11:45:57','2021-03-08 00:06:41'),(1732,'حمر بويا',3,'2020-11-10 11:45:57','2020-11-10 11:45:57'),(1733,'حمر بوب',0,'2020-11-10 11:45:59','2020-11-10 11:45:59'),(1734,'حمر بوبا',1,'2020-11-10 11:45:59','2020-11-10 11:46:00'),(1735,'bob',2,'2020-11-10 11:46:06','2020-11-10 11:46:06'),(1736,'قلم فيل',2,'2020-11-10 11:46:50','2020-11-10 11:46:50'),(1737,'فيلفي',0,'2020-11-10 11:52:50','2020-11-10 11:52:50'),(1738,'فيلفيت',16,'2020-11-10 11:52:50','2021-04-19 17:39:58'),(1739,'narsi',1,'2020-11-10 13:23:20','2020-11-10 23:50:11'),(1740,'narsisi',2,'2020-11-10 13:23:20','2020-11-10 13:23:20'),(1741,'sain',14,'2020-11-10 13:42:26','2021-05-04 20:21:32'),(1742,'saint',3,'2020-11-10 13:42:32','2021-05-04 20:21:32'),(1743,'hair s',5,'2020-11-10 13:45:27','2021-04-09 21:49:13'),(1744,'hair sh',0,'2020-11-10 13:45:28','2020-11-10 13:45:28'),(1745,'hair sha',1,'2020-11-10 13:45:28','2020-11-10 13:45:28'),(1746,'hair sham',0,'2020-11-10 13:45:29','2020-11-10 13:45:29'),(1747,'hair shamp',0,'2020-11-10 13:45:30','2020-11-10 13:45:30'),(1748,'hair shampo',0,'2020-11-10 13:45:30','2020-11-10 13:45:30'),(1749,'hair shampoo',0,'2020-11-10 13:45:30','2020-11-10 13:45:30'),(1750,'face w',7,'2020-11-10 13:45:35','2020-12-15 11:24:39'),(1751,'face wo',2,'2020-11-10 13:45:35','2020-11-10 13:45:36'),(1752,'face wa',0,'2020-11-10 13:45:36','2020-11-10 13:45:36'),(1753,'face was',4,'2020-11-10 13:45:38','2021-03-11 17:35:00'),(1754,'face wasg',0,'2020-11-10 13:45:38','2020-11-10 13:45:38'),(1755,'face wash',2,'2020-11-10 13:45:41','2021-03-11 17:35:00'),(1756,'Cale',3,'2020-11-10 13:55:48','2020-11-10 13:55:56'),(1757,'Calen',1,'2020-11-10 13:55:49','2020-11-10 13:55:56'),(1758,'Calend',1,'2020-11-10 13:55:53','2020-11-10 13:55:55'),(1759,'Calenda',1,'2020-11-10 13:55:53','2020-11-10 13:55:55'),(1760,'Calendar',9,'2020-11-10 13:55:53','2020-12-24 20:50:48'),(1761,'lore',10,'2020-11-10 13:58:48','2021-05-10 03:11:52'),(1762,'lorea',3,'2020-11-10 13:58:48','2021-04-06 19:29:35'),(1763,'loreal',4,'2020-11-10 13:58:49','2021-04-06 19:29:36'),(1764,'بخو',6,'2020-11-10 14:19:29','2021-03-10 04:15:07'),(1765,'بخور',12,'2020-11-10 14:19:29','2021-04-26 23:09:52'),(1766,'بخور م',0,'2020-11-10 14:19:29','2020-11-10 14:19:29'),(1767,'بخور مش',1,'2020-11-10 14:19:29','2020-11-10 14:19:29'),(1768,'بخور مشخ',0,'2020-11-10 14:19:29','2020-11-10 14:19:29'),(1769,'بخور مشخو',0,'2020-11-10 14:19:29','2020-11-10 14:19:29'),(1770,'بخور مشخول',5,'2020-11-10 14:19:30','2020-11-10 14:19:35'),(1771,'mash',3,'2020-11-10 14:20:10','2020-11-10 14:20:12'),(1772,'vitamin c',4,'2020-11-10 14:51:41','2021-05-11 12:32:10'),(1773,'bru',26,'2020-11-10 15:01:17','2021-04-06 09:06:34'),(1774,'brus',16,'2020-11-10 15:01:17','2021-04-06 09:06:35'),(1775,'brush',27,'2020-11-10 15:01:17','2021-04-06 09:06:08'),(1776,'تقشير ا',0,'2020-11-10 16:03:33','2020-11-10 16:03:33'),(1777,'تقشير ال',0,'2020-11-10 16:03:33','2020-11-10 16:03:33'),(1778,'تقشير الق',0,'2020-11-10 16:03:33','2020-11-10 16:03:33'),(1779,'toot',1,'2020-11-10 16:47:14','2020-11-10 16:47:23'),(1780,'toothb',5,'2020-11-10 16:47:15','2020-11-10 16:47:23'),(1781,'toothbr',1,'2020-11-10 16:47:15','2020-11-10 16:47:18'),(1782,'toothbru',1,'2020-11-10 16:47:15','2020-11-10 16:47:18'),(1783,'toothbrus',1,'2020-11-10 16:47:15','2020-11-10 16:47:18'),(1784,'toothbrush',0,'2020-11-10 16:47:15','2020-11-10 16:47:15'),(1785,'iphone 11 p',5,'2020-11-10 16:47:35','2020-11-10 20:55:16'),(1786,'iphone 11 pr',1,'2020-11-10 16:47:36','2020-11-10 20:55:17'),(1787,'iphone 11 pro',10,'2020-11-10 16:47:36','2021-04-13 02:25:54'),(1788,'waterb',0,'2020-11-10 16:48:48','2020-11-10 16:48:48'),(1789,'waterbo',0,'2020-11-10 16:48:48','2020-11-10 16:48:48'),(1790,'waterbot',3,'2020-11-10 16:48:49','2021-02-20 14:34:18'),(1791,'waterbott',3,'2020-11-10 16:48:49','2021-02-20 14:34:18'),(1792,'waterbottl',1,'2020-11-10 16:48:49','2020-11-10 16:48:55'),(1793,'waterbottle',4,'2020-11-10 16:48:49','2020-11-10 16:48:56'),(1794,'عدسات ان',2,'2020-11-10 17:02:19','2020-11-10 17:02:21'),(1795,'diego dalla',17,'2020-11-10 17:32:50','2021-04-06 06:00:26'),(1796,'diego dalla p',4,'2020-11-10 17:32:57','2021-04-06 06:00:27'),(1797,'diego dalla pa',4,'2020-11-10 17:32:57','2021-04-06 06:00:27'),(1798,'diego dalla pal',12,'2020-11-10 17:32:57','2021-04-06 06:00:27'),(1799,'diego dalla palm',11,'2020-11-10 17:32:58','2021-04-06 06:00:27'),(1800,'diego dalla palma',17,'2020-11-10 17:32:58','2021-04-22 02:59:35'),(1801,'calv',18,'2020-11-10 17:46:20','2021-04-25 20:09:56'),(1802,'calvn',0,'2020-11-10 17:46:26','2020-11-10 17:46:26'),(1803,'كال',3,'2020-11-10 17:46:32','2020-11-10 17:46:35'),(1804,'كالف',7,'2020-11-10 17:46:33','2021-04-28 07:53:53'),(1805,'كلف',2,'2020-11-10 17:46:37','2020-11-10 17:46:39'),(1806,'كلفن',2,'2020-11-10 17:46:38','2020-11-10 17:46:38'),(1807,'fair andw',1,'2020-11-10 17:46:47','2020-11-10 17:46:49'),(1808,'fair andwh',1,'2020-11-10 17:46:47','2020-11-10 17:46:50'),(1809,'fair andwha',7,'2020-11-10 17:46:48','2020-12-26 16:42:42'),(1810,'fair andwhai',2,'2020-11-10 17:46:48','2020-12-26 16:42:41'),(1811,'fair andwhait',5,'2020-11-10 17:46:49','2021-04-23 22:30:29'),(1812,'kall',2,'2020-11-10 17:58:19','2020-11-10 17:58:20'),(1813,'eveline l',22,'2020-11-10 18:02:33','2021-05-09 01:51:38'),(1814,'eveline lip',18,'2020-11-10 18:02:33','2021-05-05 19:31:13'),(1815,'البس',18,'2020-11-10 18:04:55','2021-05-09 20:21:15'),(1816,'البسا',21,'2020-11-10 18:04:55','2021-05-09 20:21:16'),(1817,'البسام',41,'2020-11-10 18:04:55','2021-05-10 22:12:15'),(1818,'٣دييغو',0,'2020-11-10 18:24:48','2020-11-10 18:24:48'),(1819,'٣١دييغو',3,'2020-11-10 18:24:48','2020-11-10 18:24:50'),(1820,'دييغو ٣',2,'2020-11-10 18:24:55','2020-11-10 18:24:57'),(1821,'دييغو ٣١',0,'2020-11-10 18:24:56','2020-11-10 18:24:56'),(1822,'died',3,'2020-11-10 18:25:50','2020-11-10 18:25:52'),(1823,'klab',0,'2020-11-10 18:30:09','2020-11-10 18:30:09'),(1824,'deh',2,'2020-11-10 18:56:21','2020-11-10 18:56:22'),(1825,'deiy',0,'2020-11-10 18:56:27','2020-11-10 18:56:27'),(1826,'كحل د',5,'2020-11-10 18:57:02','2021-04-06 01:21:30'),(1827,'كحل دي',4,'2020-11-10 18:57:02','2021-04-06 01:21:29'),(1828,'كحل ديف',1,'2020-11-10 18:57:05','2020-11-10 18:57:06'),(1829,'كحل ديفا',0,'2020-11-10 18:57:05','2020-11-10 18:57:05'),(1830,'كحل ديغ',0,'2020-11-10 18:57:06','2020-11-10 18:57:06'),(1831,'كحل ديغا',0,'2020-11-10 18:57:06','2020-11-10 18:57:06'),(1832,'keen',3,'2020-11-10 19:05:35','2020-11-10 19:05:36'),(1833,'keenz',0,'2020-11-10 19:05:38','2020-11-10 19:05:38'),(1834,'keenzo',0,'2020-11-10 19:05:41','2020-11-10 19:05:41'),(1835,'keenzoo',1,'2020-11-10 19:05:42','2020-11-10 19:05:42'),(1836,'toy',2,'2020-11-10 19:08:36','2020-11-10 19:08:36'),(1837,'toys',1,'2020-11-10 19:08:38','2020-11-10 19:08:40'),(1838,'قدييغو',1,'2020-11-10 19:32:59','2020-11-10 19:33:00'),(1839,'قلدييغو',1,'2020-11-10 19:32:59','2020-11-10 19:33:00'),(1840,'قلمدييغو',0,'2020-11-10 19:32:59','2020-11-10 19:32:59'),(1841,'كدييغو',1,'2020-11-10 19:33:02','2020-11-10 19:33:03'),(1842,'كحدييغو',1,'2020-11-10 19:33:02','2020-11-10 19:33:03'),(1843,'كحل دييغو',5,'2020-11-10 19:33:02','2021-04-06 01:21:29'),(1844,'كحلدييغو',1,'2020-11-10 19:33:02','2020-11-10 19:33:03'),(1845,'cet',12,'2020-11-10 19:49:04','2021-04-18 04:56:43'),(1846,'ceta',9,'2020-11-10 19:49:06','2021-04-18 04:56:44'),(1847,'لوش',20,'2020-11-10 19:49:11','2021-02-24 14:01:45'),(1848,'لوشن',61,'2020-11-10 19:49:11','2021-02-24 14:01:41'),(1849,'Revitol',10,'2020-11-10 19:50:06','2021-02-12 09:02:23'),(1850,'لوشن ت',2,'2020-11-10 19:50:16','2020-11-10 19:50:17'),(1851,'لوشن تف',2,'2020-11-10 19:50:16','2020-11-10 19:50:16'),(1852,'لوشن تفت',1,'2020-11-10 19:50:17','2020-11-10 19:50:17'),(1853,'لوشن تفتي',0,'2020-11-10 19:50:17','2020-11-10 19:50:17'),(1854,'لوشن تفتيح',3,'2020-11-10 19:50:17','2021-05-04 04:14:51'),(1855,'لوشن تفتيح ا',0,'2020-11-10 19:50:17','2020-11-10 19:50:17'),(1856,'لوشن تفتيح ال',0,'2020-11-10 19:50:17','2020-11-10 19:50:17'),(1857,'لوشن تفتيح الج',7,'2020-11-10 19:50:18','2021-05-02 20:21:29'),(1858,'لوشن تفتيح الجس',0,'2020-11-10 19:50:18','2020-11-10 19:50:18'),(1859,'لوشن تفتيح الجسم',2,'2020-11-10 19:50:18','2021-04-05 13:08:32'),(1860,'شام',61,'2020-11-10 20:53:03','2021-05-08 05:31:19'),(1861,'شامب',67,'2020-11-10 20:53:03','2021-05-08 05:31:19'),(1862,'شامبو',112,'2020-11-10 20:53:04','2021-05-08 05:31:18'),(1863,'blus',8,'2020-11-10 21:06:23','2021-03-25 08:30:34'),(1864,'blush',22,'2020-11-10 21:06:23','2021-03-25 08:30:34'),(1865,'blushe',5,'2020-11-10 21:06:31','2021-03-25 08:30:33'),(1866,'blusher',19,'2020-11-10 21:06:31','2021-03-30 15:07:52'),(1867,'sett',3,'2020-11-10 21:35:54','2020-11-10 21:36:12'),(1868,'setti',1,'2020-11-10 21:35:54','2020-11-10 21:36:12'),(1869,'settin',3,'2020-11-10 21:35:55','2020-11-10 21:36:14'),(1870,'setting',2,'2020-11-10 21:36:00','2020-11-10 21:36:15'),(1871,'setting sp',3,'2020-11-10 21:36:15','2021-03-22 17:04:42'),(1872,'setting spr',0,'2020-11-10 21:36:19','2020-11-10 21:36:19'),(1873,'setting spra',39,'2020-11-10 21:36:19','2021-05-07 04:19:06'),(1874,'setting spray',1,'2020-11-10 21:36:19','2020-11-10 21:36:20'),(1875,'masc',13,'2020-11-10 21:38:37','2021-02-25 22:36:32'),(1876,'mascr',1,'2020-11-10 21:38:38','2020-11-10 21:38:39'),(1877,'masca',11,'2020-11-10 21:39:20','2021-05-08 16:58:47'),(1878,'mascar',13,'2020-11-10 21:39:21','2021-04-09 12:44:34'),(1879,'mascara',27,'2020-11-10 21:39:22','2021-02-25 22:36:14'),(1880,'عطر g',0,'2020-11-10 21:39:29','2020-11-10 21:39:29'),(1881,'عطر gc',3,'2020-11-10 21:39:35','2021-03-22 17:08:52'),(1882,'عطر gcc',0,'2020-11-10 21:39:35','2020-11-10 21:39:35'),(1883,'عطر gcci',2,'2020-11-10 21:39:38','2020-11-10 21:39:40'),(1884,'عطر gccie',0,'2020-11-10 21:39:39','2020-11-10 21:39:39'),(1885,'mascara d',1,'2020-11-10 21:39:48','2020-11-10 21:39:51'),(1886,'mascara da',2,'2020-11-10 21:39:48','2020-11-10 21:39:52'),(1887,'mascara dal',1,'2020-11-10 21:39:49','2020-11-10 21:39:51'),(1888,'mascara dall',1,'2020-11-10 21:39:49','2020-11-10 21:39:51'),(1889,'mascara dalla',0,'2020-11-10 21:39:50','2020-11-10 21:39:50'),(1890,'stay',9,'2020-11-10 21:47:33','2020-11-30 17:18:11'),(1891,'stay o',1,'2020-11-10 21:47:38','2020-11-30 17:18:11'),(1892,'stay on',3,'2020-11-10 21:47:39','2020-11-30 17:18:12'),(1893,'stay on m',0,'2020-11-10 21:47:39','2020-11-10 21:47:39'),(1894,'stay on me',0,'2020-11-10 21:47:39','2020-11-10 21:47:39'),(1895,'بنت',12,'2020-11-10 21:54:53','2021-05-07 15:21:02'),(1896,'بنيف',3,'2020-11-10 21:55:01','2021-02-23 01:22:13'),(1897,'بنيفت',0,'2020-11-10 21:55:03','2020-11-10 21:55:03'),(1898,'فور',4,'2020-11-10 21:55:07','2020-11-10 21:55:09'),(1899,'palme',1,'2020-11-10 22:28:15','2021-05-03 07:46:22'),(1900,'palmer',1,'2020-11-10 22:28:16','2021-05-03 07:46:23'),(1901,'palmers',1,'2020-11-10 22:28:16','2020-11-10 22:28:17'),(1902,'bip',3,'2020-11-10 22:28:21','2020-11-10 22:28:22'),(1903,'bio o',3,'2020-11-10 22:28:25','2021-04-05 15:20:02'),(1904,'bio oi',3,'2020-11-10 22:28:25','2021-04-05 15:20:03'),(1905,'bio oil',2,'2020-11-10 22:28:25','2021-04-05 15:20:03'),(1906,'wome',31,'2020-11-10 22:32:59','2021-04-27 22:08:57'),(1907,'women',36,'2020-11-10 22:32:59','2021-04-27 22:08:59'),(1908,'headp',3,'2020-11-10 22:49:59','2021-04-26 03:45:04'),(1909,'برب',7,'2020-11-10 23:03:37','2021-03-19 13:24:08'),(1910,'بربر',2,'2020-11-10 23:03:38','2021-03-19 13:24:08'),(1911,'بربري',14,'2020-11-10 23:03:38','2021-05-06 12:18:08'),(1912,'tara',9,'2020-11-10 23:09:05','2021-04-06 12:23:51'),(1913,'تار',3,'2020-11-10 23:09:13','2021-05-12 03:08:15'),(1914,'تارا',3,'2020-11-10 23:09:13','2020-11-10 23:09:16'),(1915,'sound',3,'2020-11-10 23:10:31','2020-11-10 23:10:32'),(1916,'blen',1,'2020-11-10 23:40:38','2020-11-10 23:41:02'),(1917,'blend',6,'2020-11-10 23:40:38','2021-03-24 21:46:34'),(1918,'blende',0,'2020-11-10 23:40:41','2020-11-10 23:40:41'),(1919,'blender',2,'2020-11-10 23:40:42','2021-04-10 23:29:10'),(1920,'mix',3,'2020-11-10 23:40:45','2020-11-10 23:40:49'),(1921,'mixe',9,'2020-11-10 23:40:45','2021-05-03 09:07:12'),(1922,'mixer',19,'2020-11-10 23:40:45','2021-05-03 09:07:19'),(1923,'cjq',1,'2020-11-10 23:45:10','2020-11-10 23:45:12'),(1924,'cjqn',1,'2020-11-10 23:45:11','2020-11-10 23:45:11'),(1925,'cjqnr',1,'2020-11-10 23:45:11','2020-11-10 23:45:11'),(1926,'cjqnrl',3,'2020-11-10 23:45:11','2020-11-10 23:45:11'),(1927,'nard',1,'2020-11-10 23:50:07','2020-11-10 23:50:09'),(1928,'nardi',1,'2020-11-10 23:50:07','2020-11-10 23:50:09'),(1929,'nardico',2,'2020-11-10 23:50:08','2020-11-10 23:50:09'),(1930,'narsic',0,'2020-11-10 23:50:12','2020-11-10 23:50:12'),(1931,'narsico',0,'2020-11-10 23:50:13','2020-11-10 23:50:13'),(1932,'fer',1,'2020-11-11 00:17:57','2020-11-11 00:17:57'),(1933,'جيف',24,'2020-11-11 01:06:58','2021-05-16 10:23:13'),(1934,'جيفن',18,'2020-11-11 01:06:59','2021-05-16 10:23:13'),(1935,'جيفنش',16,'2020-11-11 01:07:04','2021-05-16 10:23:13'),(1936,'جيفنشي',48,'2020-11-11 01:07:04','2021-05-16 10:23:19'),(1937,'مانسيل',3,'2020-11-11 01:29:13','2020-11-11 01:29:13'),(1938,'dieag',0,'2020-11-11 01:29:19','2020-11-11 01:29:19'),(1939,'dieago',7,'2020-11-11 01:29:21','2020-11-11 01:29:47'),(1940,'dieago d',1,'2020-11-11 01:29:22','2020-11-11 01:29:23'),(1941,'dieago da',0,'2020-11-11 01:29:22','2020-11-11 01:29:22'),(1942,'فارند',1,'2020-11-11 01:36:43','2020-11-11 01:36:43'),(1943,'فارندي',0,'2020-11-11 01:36:43','2020-11-11 01:36:43'),(1944,'فارنديش',0,'2020-11-11 01:36:44','2020-11-11 01:36:44'),(1945,'فارنديشت',5,'2020-11-11 01:36:45','2021-04-06 13:13:37'),(1946,'فارنديشتً',0,'2020-11-11 01:36:46','2020-11-11 01:36:46'),(1947,'فارنديشتًف',0,'2020-11-11 01:37:00','2020-11-11 01:37:00'),(1948,'فارنديشتًفل',0,'2020-11-11 01:37:00','2020-11-11 01:37:00'),(1949,'فارنديشتًفلر',0,'2020-11-11 01:37:00','2020-11-11 01:37:00'),(1950,'فارنديشتًفلرت',0,'2020-11-11 01:37:01','2020-11-11 01:37:01'),(1951,'قلم اي',6,'2020-11-11 03:41:20','2021-02-27 23:03:14'),(1952,'قلم ايبا',17,'2020-11-11 03:41:21','2021-02-27 23:03:14'),(1953,'قلم ايباد',13,'2020-11-11 03:41:21','2021-04-26 02:48:29'),(1954,'tom',51,'2020-11-11 04:36:48','2021-05-02 01:39:59'),(1955,'tom f',10,'2020-11-11 04:36:49','2021-05-02 01:39:47'),(1956,'tom fo',8,'2020-11-11 04:36:49','2021-05-02 01:39:47'),(1957,'tom for',28,'2020-11-11 04:36:50','2021-05-02 01:39:47'),(1958,'morp',3,'2020-11-11 04:39:20','2020-11-11 04:39:24'),(1959,'morph',1,'2020-11-11 04:39:21','2020-11-11 04:39:23'),(1960,'morphe',0,'2020-11-11 04:39:21','2020-11-11 04:39:21'),(1961,'مور',3,'2020-11-11 04:39:29','2020-11-11 04:39:32'),(1962,'مورف',1,'2020-11-11 04:39:30','2020-11-11 04:39:31'),(1963,'مورفي',3,'2020-11-11 04:39:30','2020-11-11 04:39:30'),(1964,'تس',3,'2020-11-11 05:05:23','2020-11-11 05:05:29'),(1965,'تسا',1,'2020-11-11 05:05:23','2020-11-11 05:05:25'),(1966,'تساء',2,'2020-11-11 05:05:23','2020-11-11 05:05:23'),(1967,'فيتا',3,'2020-11-11 05:22:36','2021-04-06 20:56:10'),(1968,'فيتام',9,'2020-11-11 05:22:37','2021-04-06 20:56:10'),(1969,'فيتامي',6,'2020-11-11 05:22:37','2021-04-06 20:56:10'),(1970,'فيتامين',9,'2020-11-11 05:22:37','2021-04-06 20:56:11'),(1971,'فيتامين E',1,'2020-11-11 05:22:45','2020-11-11 05:22:46'),(1972,'كريم ك',6,'2020-11-11 05:23:49','2021-05-06 16:45:58'),(1973,'كريم كا',3,'2020-11-11 05:23:50','2020-11-11 05:23:51'),(1974,'كريم كاب',6,'2020-11-11 05:23:50','2021-04-01 07:03:38'),(1975,'غسو',18,'2020-11-11 05:26:01','2021-05-09 19:11:16'),(1976,'غسول',16,'2020-11-11 05:26:01','2021-05-09 19:11:26'),(1977,'غسول ن',1,'2020-11-11 05:26:10','2020-11-11 05:26:13'),(1978,'غسول نس',2,'2020-11-11 05:26:10','2020-11-11 05:26:13'),(1979,'غسول نسا',1,'2020-11-11 05:26:10','2020-11-11 05:26:11'),(1980,'By',4,'2020-11-11 05:39:36','2020-11-11 05:39:49'),(1981,'Byp',1,'2020-11-11 05:39:42','2020-11-11 05:39:49'),(1982,'Byph',0,'2020-11-11 05:39:48','2020-11-11 05:39:48'),(1983,'منا',3,'2020-11-11 05:39:51','2020-11-11 05:39:58'),(1984,'مناد',1,'2020-11-11 05:39:52','2020-11-11 05:39:58'),(1985,'منادي',2,'2020-11-11 05:39:52','2020-11-11 05:39:58'),(1986,'مناديل',5,'2020-11-11 05:39:52','2021-05-14 21:59:58'),(1987,'مند',0,'2020-11-11 05:40:02','2020-11-11 05:40:02'),(1988,'مندي',1,'2020-11-11 05:40:02','2020-11-11 05:40:02'),(1989,'منديل',2,'2020-11-11 05:40:02','2020-11-11 05:40:03'),(1990,'ريف',3,'2020-11-11 05:40:29','2020-12-07 04:54:25'),(1991,'ريفي',5,'2020-11-11 05:40:30','2020-12-07 04:54:25'),(1992,'ريفيت',3,'2020-11-11 05:40:30','2020-12-07 04:54:26'),(1993,'ريفيتو',0,'2020-11-11 05:40:30','2020-11-11 05:40:30'),(1994,'حقي',5,'2020-11-11 06:09:40','2021-03-26 19:52:40'),(1995,'حقيب',3,'2020-11-11 06:09:40','2021-03-26 19:52:40'),(1996,'توم',22,'2020-11-11 06:56:51','2021-05-13 13:50:34'),(1997,'eyec',3,'2020-11-11 07:10:04','2020-11-11 07:10:05'),(1998,'eye c',2,'2020-11-11 07:10:06','2020-11-11 07:10:27'),(1999,'eye cr',2,'2020-11-11 07:10:07','2020-11-11 07:10:27'),(2000,'eye cre',2,'2020-11-11 07:10:07','2020-11-11 07:10:27'),(2001,'eye crea',1,'2020-11-11 07:10:07','2020-11-11 07:10:26'),(2002,'eye cream',1,'2020-11-11 07:10:07','2020-11-11 07:10:10'),(2003,'اطق',1,'2020-11-11 07:37:10','2020-11-11 07:37:13'),(2004,'اطقم',2,'2020-11-11 07:37:10','2020-11-11 07:37:11'),(2005,'صي',1,'2020-11-11 07:37:52','2021-05-01 16:12:57'),(2006,'صيد',2,'2020-11-11 07:37:52','2021-05-01 16:12:58'),(2007,'صيدلي',6,'2020-11-11 07:37:52','2021-05-01 16:12:58'),(2008,'صيدلية',3,'2020-11-11 07:37:54','2021-05-01 16:13:00'),(2009,'علاج',7,'2020-11-11 07:37:59','2021-04-17 00:22:36'),(2010,'مرط',4,'2020-11-11 07:38:04','2021-05-04 22:13:34'),(2011,'مرطب',26,'2020-11-11 07:38:04','2021-05-04 22:13:35'),(2012,'صا',22,'2020-11-11 07:38:31','2021-05-11 06:56:58'),(2013,'صاي',0,'2020-11-11 07:38:32','2020-11-11 07:38:32'),(2014,'صايو',0,'2020-11-11 07:38:35','2020-11-11 07:38:35'),(2015,'صايون',1,'2020-11-11 07:38:35','2020-11-11 07:38:36'),(2016,'لً',0,'2020-11-11 07:43:07','2020-11-11 07:43:07'),(2017,'منت',6,'2020-11-11 07:43:09','2021-02-17 01:36:41'),(2018,'منتج',3,'2020-11-11 07:43:10','2021-02-17 01:36:40'),(2019,'منتجا',2,'2020-11-11 07:43:10','2021-02-17 01:36:40'),(2020,'منتجات',7,'2020-11-11 07:43:10','2021-02-17 01:36:40'),(2021,'منتجات ف',0,'2020-11-11 07:43:11','2020-11-11 07:43:11'),(2022,'منتجات في',2,'2020-11-11 07:43:12','2020-11-11 07:43:13'),(2023,'منتجات فير',1,'2020-11-11 07:43:14','2020-11-11 07:43:14'),(2024,'منتجات فير ا',0,'2020-11-11 07:43:15','2020-11-11 07:43:15'),(2025,'منتجات فير ان',1,'2020-11-11 07:43:15','2020-11-11 07:43:16'),(2026,'منتجات فير انت',0,'2020-11-11 07:43:16','2020-11-11 07:43:16'),(2027,'منتجات فير اند',1,'2020-11-11 07:43:17','2020-11-11 07:43:17'),(2028,'منتجات فير اند و',0,'2020-11-11 07:43:17','2020-11-11 07:43:17'),(2029,'منتجات فير اند وي',0,'2020-11-11 07:43:18','2020-11-11 07:43:18'),(2030,'منتجات فير اند ويا',0,'2020-11-11 07:43:18','2020-11-11 07:43:18'),(2031,'منتجات فير اند ويات',1,'2020-11-11 07:43:19','2020-11-11 07:43:19'),(2032,'روب',17,'2020-11-11 20:19:19','2020-12-27 06:10:19'),(2033,'روبرت',8,'2020-11-11 20:19:19','2021-03-26 18:05:00'),(2034,'روبرتو',10,'2020-11-11 20:19:20','2021-03-26 18:05:14'),(2035,'روبرتو ك',0,'2020-11-11 20:19:20','2020-11-11 20:19:20'),(2036,'روبرتو كف',0,'2020-11-11 20:19:21','2020-11-11 20:19:21'),(2037,'روبرتو كفا',0,'2020-11-11 20:19:21','2020-11-11 20:19:21'),(2038,'روبرتو كفال',0,'2020-11-11 20:19:21','2020-11-11 20:19:21'),(2039,'dro',32,'2020-11-11 20:56:18','2021-05-09 07:51:03'),(2040,'atel',2,'2020-11-11 21:10:28','2021-05-14 03:26:59'),(2041,'ateli',6,'2020-11-11 21:10:28','2021-05-14 03:27:02'),(2042,'atelie',8,'2020-11-11 21:10:28','2021-04-06 15:05:39'),(2043,'atelier',7,'2020-11-11 21:10:28','2021-04-06 15:05:39'),(2044,'atelier d',0,'2020-11-11 21:10:29','2020-11-11 21:10:29'),(2045,'aub',2,'2020-11-11 21:10:36','2020-11-11 21:10:38'),(2046,'aubu',2,'2020-11-11 21:10:37','2020-11-11 21:10:37'),(2047,'aubus',3,'2020-11-11 21:10:37','2020-11-11 21:10:37'),(2048,'aubi',0,'2020-11-11 21:10:38','2020-11-11 21:10:38'),(2049,'aubis',1,'2020-11-11 21:10:38','2020-11-11 21:10:38'),(2050,'aubis ru',1,'2020-11-11 21:10:39','2020-11-11 21:10:39'),(2051,'aubis rub',0,'2020-11-11 21:10:39','2020-11-11 21:10:39'),(2052,'aubis rubis',2,'2020-11-11 21:10:40','2020-11-11 21:10:40'),(2053,'بي ا',3,'2020-11-11 22:43:09','2020-11-11 22:43:15'),(2054,'بي ام',2,'2020-11-11 22:43:09','2020-11-11 22:43:09'),(2055,'eveline h',10,'2020-11-12 00:12:40','2021-05-11 10:34:14'),(2056,'eveline ha',6,'2020-11-12 00:12:40','2021-05-11 10:34:14'),(2057,'eveline han',6,'2020-11-12 00:12:41','2021-05-11 10:34:14'),(2058,'eveline hand',37,'2020-11-12 00:12:41','2021-05-11 10:34:14'),(2059,'cc c',4,'2020-11-12 11:05:42','2021-02-16 02:28:49'),(2060,'cc cr',2,'2020-11-12 11:05:43','2021-02-16 02:28:50'),(2061,'cc cre',2,'2020-11-12 11:05:43','2021-02-16 02:28:50'),(2062,'cc crea',2,'2020-11-12 11:05:43','2021-02-16 02:28:50'),(2063,'cc cream',4,'2020-11-12 11:05:44','2021-02-16 02:28:58'),(2064,'اعاب',3,'2020-11-12 12:59:56','2020-11-12 12:59:56'),(2065,'بنا',5,'2020-11-12 13:00:54','2020-11-13 04:25:18'),(2066,'بنات',4,'2020-11-12 13:00:54','2020-11-12 13:01:03'),(2067,'بناتي',2,'2020-11-12 13:00:55','2021-05-02 22:13:56'),(2068,'ysl',10,'2020-11-12 13:28:47','2021-03-20 18:46:07'),(2069,'mن',1,'2020-11-12 13:53:58','2020-11-12 13:54:00'),(2070,'mنا',1,'2020-11-12 13:53:58','2020-11-12 13:53:59'),(2071,'mنارس',3,'2020-11-12 13:53:58','2020-11-12 13:53:59'),(2072,'mنارسي',0,'2020-11-12 13:53:59','2020-11-12 13:53:59'),(2073,'ماسكات ي',2,'2020-11-12 14:34:46','2020-11-12 14:35:03'),(2074,'ماسكات ياب',4,'2020-11-12 14:34:46','2020-11-12 14:35:03'),(2075,'ماسكات يابل',1,'2020-11-12 14:34:47','2020-11-12 14:34:51'),(2076,'ماسكات يابلن',2,'2020-11-12 14:34:47','2020-11-12 14:34:50'),(2077,'ماسكات يابلني',3,'2020-11-12 14:34:47','2020-11-12 14:34:50'),(2078,'ماسكات يابلنيه',4,'2020-11-12 14:34:48','2020-11-12 14:34:49'),(2079,'ماسكات يابا',3,'2020-11-12 14:34:55','2021-04-16 17:47:01'),(2080,'ماسكات يابان',1,'2020-11-12 14:34:55','2020-11-12 14:35:02'),(2081,'ماسكات يابانيه',13,'2020-11-12 14:34:56','2020-11-12 14:35:02'),(2082,'ماسكاا',1,'2020-11-12 14:35:47','2020-11-12 14:35:47'),(2083,'mask j',0,'2020-11-12 14:36:19','2020-11-12 14:36:19'),(2084,'mask ja',0,'2020-11-12 14:36:20','2020-11-12 14:36:20'),(2085,'mask jab',0,'2020-11-12 14:36:22','2020-11-12 14:36:22'),(2086,'mask jaba',0,'2020-11-12 14:36:23','2020-11-12 14:36:23'),(2087,'mask jaban',17,'2020-11-12 14:36:23','2020-11-12 14:36:32'),(2088,'maskjaban',0,'2020-11-12 14:36:28','2020-11-12 14:36:28'),(2089,'masjaban',0,'2020-11-12 14:36:28','2020-11-12 14:36:28'),(2090,'majaban',7,'2020-11-12 14:36:28','2021-01-25 16:09:48'),(2091,'mjaban',0,'2020-11-12 14:36:29','2020-11-12 14:36:29'),(2092,'jaban ma',1,'2020-11-12 14:36:33','2020-11-12 14:36:33'),(2093,'jaban mas',0,'2020-11-12 14:36:33','2020-11-12 14:36:33'),(2094,'jaban mask',1,'2020-11-12 14:36:34','2020-11-12 14:36:35'),(2095,'ماسك من',1,'2020-11-12 14:39:37','2020-11-12 14:39:38'),(2096,'ماسك مني',0,'2020-11-12 14:39:37','2020-11-12 14:39:37'),(2097,'shd',0,'2020-11-12 14:39:39','2020-11-12 14:39:39'),(2098,'ماسك مي',0,'2020-11-12 14:39:40','2020-11-12 14:39:40'),(2099,'shad',2,'2020-11-12 14:39:40','2020-11-12 14:39:40'),(2100,'shado',2,'2020-11-12 14:39:40','2020-11-12 14:39:40'),(2101,'shadow',6,'2020-11-12 14:39:40','2020-11-12 14:39:49'),(2102,'ماسك مين',0,'2020-11-12 14:39:40','2020-11-12 14:39:40'),(2103,'ماسك ميني',1,'2020-11-12 14:39:41','2020-11-12 14:39:41'),(2104,'eyes',1,'2020-11-12 14:40:23','2021-03-18 10:13:17'),(2105,'eyesh',2,'2020-11-12 14:40:23','2021-03-18 10:13:18'),(2106,'eyesha',4,'2020-11-12 14:40:24','2021-03-18 10:13:19'),(2107,'eyeshad',1,'2020-11-12 14:40:25','2021-03-18 10:13:19'),(2108,'eyeshado',1,'2020-11-12 14:40:32','2021-03-18 10:13:19'),(2109,'eyeshadow',8,'2020-11-12 14:40:32','2021-03-18 10:13:20'),(2110,'mini',8,'2020-11-12 14:41:56','2021-04-26 01:52:13'),(2111,'mini m',2,'2020-11-12 14:41:57','2020-11-12 14:41:58'),(2112,'mini ma',0,'2020-11-12 14:41:59','2020-11-12 14:41:59'),(2113,'mini mas',0,'2020-11-12 14:41:59','2020-11-12 14:41:59'),(2114,'mini mask',0,'2020-11-12 14:42:01','2020-11-12 14:42:01'),(2115,'velv',12,'2020-11-12 19:04:03','2021-04-29 23:07:24'),(2116,'velve',0,'2020-11-12 19:04:05','2020-11-12 19:04:05'),(2117,'velvet',12,'2020-11-12 19:04:05','2021-04-06 01:25:36'),(2118,'fent',7,'2020-11-12 19:12:31','2021-04-06 03:32:25'),(2119,'دييي',2,'2020-11-12 19:48:22','2020-11-12 19:48:23'),(2120,'ديييق',0,'2020-11-12 19:48:22','2020-11-12 19:48:22'),(2121,'دييج',3,'2020-11-12 19:48:32','2021-04-05 17:11:34'),(2122,'دييجو',6,'2020-11-12 19:48:32','2021-04-05 17:11:31'),(2123,'كدييجو',1,'2020-11-12 19:48:51','2020-11-12 19:48:55'),(2124,'كحدييجو',1,'2020-11-12 19:48:51','2020-11-12 19:48:55'),(2125,'كحلدييجو',1,'2020-11-12 19:48:51','2020-11-12 19:48:55'),(2126,'كحل دييجو',0,'2020-11-12 19:48:52','2020-11-12 19:48:52'),(2127,'قدييجو',1,'2020-11-12 19:48:56','2020-11-12 19:49:00'),(2128,'قلدييجو',1,'2020-11-12 19:48:56','2020-11-12 19:49:00'),(2129,'قلمدييجو',1,'2020-11-12 19:48:56','2020-11-12 19:48:59'),(2130,'قلم دييجو',0,'2020-11-12 19:48:57','2020-11-12 19:48:57'),(2131,'vala',33,'2020-11-12 20:47:26','2021-04-22 01:20:15'),(2132,'valan',1,'2020-11-12 20:47:26','2020-11-12 20:47:27'),(2133,'valant',7,'2020-11-12 20:47:26','2021-04-01 19:26:20'),(2134,'vale',4,'2020-11-12 20:47:29','2021-03-04 15:42:09'),(2135,'valen',4,'2020-11-12 20:47:29','2021-03-04 15:42:10'),(2136,'fear',14,'2020-11-12 20:48:07','2021-02-05 11:48:13'),(2137,'fear a',1,'2020-11-12 20:48:08','2020-11-12 20:48:10'),(2138,'fear an',1,'2020-11-12 20:48:08','2020-11-12 20:48:09'),(2139,'fear and',0,'2020-11-12 20:48:08','2020-11-12 20:48:08'),(2140,'مزيل ع',0,'2020-11-12 21:54:30','2020-11-12 21:54:30'),(2141,'مزيل عر',0,'2020-11-12 21:54:30','2020-11-12 21:54:30'),(2142,'مزيل عرق',1,'2020-11-12 21:54:30','2021-03-04 20:53:39'),(2143,'فلن',3,'2020-11-13 00:27:31','2020-11-13 00:27:56'),(2144,'فلنت',3,'2020-11-13 00:27:32','2020-11-13 00:27:57'),(2145,'فلنتي',1,'2020-11-13 00:27:32','2020-11-13 00:27:57'),(2146,'فلنتين',0,'2020-11-13 00:27:58','2020-11-13 00:27:58'),(2147,'فلنتينو',1,'2020-11-13 00:27:59','2020-11-13 00:27:59'),(2148,'chr',2,'2020-11-13 00:33:09','2020-11-13 00:33:10'),(2149,'chri',0,'2020-11-13 00:33:10','2020-11-13 00:33:10'),(2150,'chris',0,'2020-11-13 00:33:12','2020-11-13 00:33:12'),(2151,'christ',0,'2020-11-13 00:33:13','2020-11-13 00:33:13'),(2152,'christm',0,'2020-11-13 00:33:14','2020-11-13 00:33:14'),(2153,'christma',0,'2020-11-13 00:33:14','2020-11-13 00:33:14'),(2154,'christmas',1,'2020-11-13 00:33:14','2020-11-13 00:33:15'),(2155,'gen',3,'2020-11-13 00:33:56','2021-02-26 12:17:13'),(2156,'gent',4,'2020-11-13 00:33:56','2020-11-13 00:34:01'),(2157,'genta',1,'2020-11-13 00:33:57','2020-11-13 00:34:00'),(2158,'gental',0,'2020-11-13 00:33:57','2020-11-13 00:33:57'),(2159,'cav',4,'2020-11-13 01:45:48','2021-05-05 11:34:05'),(2160,'cava',3,'2020-11-13 01:45:49','2021-05-05 11:34:06'),(2161,'caval',2,'2020-11-13 01:45:52','2021-05-05 11:34:09'),(2162,'cavall',1,'2020-11-13 01:45:52','2020-11-13 01:45:52'),(2163,'cavalli',0,'2020-11-13 01:45:53','2020-11-13 01:45:53'),(2164,'خد',0,'2020-11-13 04:24:50','2020-11-13 04:24:50'),(2165,'خدود',1,'2020-11-13 04:24:51','2020-11-13 04:24:52'),(2166,'خدو',0,'2020-11-13 04:24:51','2020-11-13 04:24:51'),(2167,'بنان',1,'2020-11-13 04:25:10','2020-11-13 04:25:18'),(2168,'بنانا',6,'2020-11-13 04:25:11','2020-11-13 04:25:18'),(2169,'بنانا بو',6,'2020-11-13 04:25:13','2020-11-13 04:25:17'),(2170,'بنانا بود',1,'2020-11-13 04:25:16','2020-11-13 04:25:17'),(2171,'بنانا بودر',0,'2020-11-13 04:25:17','2020-11-13 04:25:17'),(2172,'دول',12,'2020-11-13 12:16:57','2021-05-11 22:27:37'),(2173,'دولت',18,'2020-11-13 12:16:57','2021-05-11 22:27:37'),(2174,'دولتش',10,'2020-11-13 12:16:58','2021-05-11 22:27:37'),(2175,'دولتشي',12,'2020-11-13 12:16:58','2021-05-11 22:27:41'),(2176,'كحل ع',2,'2020-11-13 14:09:35','2020-11-13 14:09:48'),(2177,'كحل عي',4,'2020-11-13 14:09:35','2020-11-13 14:09:48'),(2178,'كحل عين',4,'2020-11-13 14:09:40','2021-05-07 05:03:37'),(2179,'كحل عين د',1,'2020-11-13 14:09:40','2020-11-13 14:09:47'),(2180,'كحل عين ديي',3,'2020-11-13 14:09:41','2020-11-13 14:09:47'),(2181,'كحل عين دييغ',1,'2020-11-13 14:09:41','2020-11-13 14:09:47'),(2182,'كحل عين دييغو',3,'2020-11-13 14:09:41','2020-11-13 14:09:47'),(2183,'كحل عين دييغو د',3,'2020-11-13 14:09:44','2020-11-23 22:59:26'),(2184,'كحل عين دييغو دا',3,'2020-11-13 14:09:44','2020-11-23 22:59:27'),(2185,'دييغوو',1,'2020-11-13 14:10:03','2020-11-13 14:10:03'),(2186,'دييغوو د',0,'2020-11-13 14:10:03','2020-11-13 14:10:03'),(2187,'دييغوو دا',0,'2020-11-13 14:10:03','2020-11-13 14:10:03'),(2188,'دييغوو دال',0,'2020-11-13 14:10:03','2020-11-13 14:10:03'),(2189,'دييغوو دالا',6,'2020-11-13 14:10:03','2021-04-05 17:11:25'),(2190,'دييغو دالا',5,'2020-11-13 14:10:35','2020-11-23 22:59:27'),(2191,'دييغو دالا ب',1,'2020-11-13 14:10:35','2020-11-13 14:10:35'),(2192,'دييغو دالا با',1,'2020-11-13 14:10:35','2020-11-13 14:10:36'),(2193,'دييغو دالا بال',1,'2020-11-13 14:10:36','2020-11-13 14:10:36'),(2194,'دييغو دالا بالم',8,'2020-11-13 14:10:36','2021-04-21 06:27:36'),(2195,'دييغو دالا بالما',2,'2020-11-13 14:10:36','2020-11-13 14:10:36'),(2196,'ميس',5,'2020-11-13 14:33:40','2021-05-10 01:11:10'),(2197,'ميس د',0,'2020-11-13 14:33:43','2020-11-13 14:33:43'),(2198,'ميس ديور',4,'2020-11-13 14:33:44','2020-11-13 14:33:46'),(2199,'هير',14,'2020-11-13 14:33:48','2021-05-02 23:39:27'),(2200,'هيرمست',18,'2020-11-13 14:33:49','2021-04-28 07:49:56'),(2201,'دروش هاف ق',0,'2020-11-13 15:41:52','2020-11-13 15:41:52'),(2202,'دروش هاف قم',0,'2020-11-13 15:41:53','2020-11-13 15:41:53'),(2203,'دروش هاف قما',0,'2020-11-13 15:41:53','2020-11-13 15:41:53'),(2204,'دروش هاف قماش',1,'2020-11-13 15:41:53','2020-11-13 15:41:53'),(2205,'sr',1,'2020-11-13 20:08:22','2020-11-13 20:08:26'),(2206,'sri',2,'2020-11-13 20:08:22','2020-11-13 20:08:25'),(2207,'sril',1,'2020-11-13 20:08:22','2020-11-13 20:08:24'),(2208,'srilo',1,'2020-11-13 20:08:23','2020-11-13 20:08:24'),(2209,'srilon',2,'2020-11-13 20:08:23','2021-04-20 04:05:21'),(2210,'srilone',0,'2020-11-13 20:08:23','2020-11-13 20:08:23'),(2211,'dron',2,'2020-11-13 20:08:27','2020-11-13 20:29:38'),(2212,'drone',6,'2020-11-13 20:08:28','2020-11-13 20:29:40'),(2213,'for w',3,'2020-11-13 20:38:24','2020-11-13 20:38:25'),(2214,'for wo',3,'2020-11-13 20:38:25','2020-11-13 20:38:25'),(2215,'for wom',0,'2020-11-13 20:38:28','2020-11-13 20:38:28'),(2216,'for women',8,'2020-11-13 20:38:29','2020-11-13 20:38:30'),(2217,'diap',1,'2020-11-13 20:47:08','2020-11-13 20:47:11'),(2218,'diape',2,'2020-11-13 20:47:08','2020-11-13 20:47:10'),(2219,'diaper',2,'2020-11-13 20:47:08','2020-11-13 20:47:09'),(2220,'تلب',1,'2020-11-13 23:02:57','2020-11-13 23:03:00'),(2221,'تلبيس',3,'2020-11-13 23:02:57','2020-11-13 23:02:59'),(2222,'جها',11,'2020-11-13 23:15:09','2021-05-09 22:57:52'),(2223,'جهاز',20,'2020-11-13 23:15:09','2021-05-09 22:57:53'),(2224,'جهاز و',1,'2020-11-13 23:15:10','2020-11-13 23:15:10'),(2225,'درا',0,'2020-11-13 23:15:13','2020-11-13 23:15:13'),(2226,'دراج',1,'2020-11-13 23:15:14','2020-11-13 23:15:14'),(2227,'دراجه',6,'2020-11-13 23:15:14','2020-12-14 16:08:50'),(2228,'f1',1,'2020-11-14 02:08:05','2020-11-14 02:08:05'),(2229,'f150',5,'2020-11-14 02:08:05','2020-11-14 02:08:12'),(2230,'ford',4,'2020-11-14 02:08:18','2020-11-14 02:08:19'),(2231,'sji',1,'2020-11-14 10:59:07','2020-11-14 10:59:10'),(2232,'sjin',2,'2020-11-14 10:59:08','2020-11-14 10:59:10'),(2233,'sjinc',1,'2020-11-14 10:59:08','2020-11-14 10:59:10'),(2234,'sjinca',1,'2020-11-14 10:59:08','2020-11-14 10:59:09'),(2235,'sjincar',1,'2020-11-14 10:59:08','2020-11-14 10:59:09'),(2236,'sjincare',0,'2020-11-14 10:59:08','2020-11-14 10:59:08'),(2237,'ski',2,'2020-11-14 10:59:11','2021-02-17 12:39:20'),(2238,'skin',6,'2020-11-14 10:59:11','2021-02-17 12:39:20'),(2239,'skinca',3,'2020-11-14 10:59:13','2020-11-14 10:59:19'),(2240,'skincar',1,'2020-11-14 10:59:14','2020-11-14 10:59:18'),(2241,'skincare',1,'2020-11-14 10:59:14','2020-11-14 10:59:14'),(2242,'فيرزا',7,'2020-11-14 22:16:24','2021-03-04 15:56:53'),(2243,'فيرزاج',3,'2020-11-14 22:16:25','2020-11-14 22:16:26'),(2244,'فيرزاجي',0,'2020-11-14 22:16:25','2020-11-14 22:16:25'),(2245,'عطر v',1,'2020-11-14 22:16:37','2020-11-14 22:16:39'),(2246,'عطر ve',1,'2020-11-14 22:16:37','2020-11-14 22:16:39'),(2247,'عطر ver',0,'2020-11-14 22:16:37','2020-11-14 22:16:37'),(2248,'rob',8,'2020-11-14 22:20:24','2021-03-18 00:41:09'),(2249,'robo',1,'2020-11-14 22:20:27','2020-11-14 22:20:29'),(2250,'robor',4,'2020-11-14 22:20:28','2021-04-24 14:37:33'),(2251,'robort',0,'2020-11-14 22:20:28','2020-11-14 22:20:28'),(2252,'روبي',7,'2020-11-14 22:21:09','2020-12-27 06:10:26'),(2253,'روبير',2,'2020-11-14 22:21:10','2020-12-27 06:10:27'),(2254,'روبيرت',4,'2020-11-14 22:21:10','2020-12-27 06:10:27'),(2255,'روبيرتو',11,'2020-11-14 22:21:10','2021-03-26 18:07:11'),(2256,'روبيرتوم',0,'2020-11-14 22:21:13','2020-11-14 22:21:13'),(2257,'روبيرتوك',5,'2020-11-14 22:21:14','2020-12-15 01:43:14'),(2258,'روبيرتوكف',1,'2020-11-14 22:21:14','2020-11-14 22:21:16'),(2259,'روبيرتوكفا',0,'2020-11-14 22:21:15','2020-11-14 22:21:15'),(2260,'روبيرتو ك',1,'2020-11-14 22:21:19','2020-11-14 22:21:20'),(2261,'روبيرتو كف',1,'2020-11-14 22:21:20','2020-11-14 22:21:20'),(2262,'روبيرتو كفا',1,'2020-11-14 22:21:20','2020-11-14 22:21:20'),(2263,'cro',1,'2020-11-14 22:25:14','2020-11-14 22:25:20'),(2264,'crom',6,'2020-11-14 22:25:15','2021-03-09 22:23:34'),(2265,'croma',3,'2020-11-14 22:25:15','2020-12-14 12:24:18'),(2266,'croman',6,'2020-11-14 22:25:16','2020-12-14 12:24:20'),(2267,'cromand',1,'2020-11-14 22:25:17','2020-11-14 22:25:19'),(2268,'cromande',1,'2020-11-14 22:25:17','2020-11-14 22:25:19'),(2269,'cromandel',22,'2020-11-14 22:25:17','2021-04-26 12:53:57'),(2270,'dey',0,'2020-11-14 23:00:03','2020-11-14 23:00:03'),(2271,'deag',3,'2020-11-14 23:00:07','2021-04-06 05:56:20'),(2272,'قلم ح',26,'2020-11-14 23:19:34','2021-04-19 16:19:02'),(2273,'قلم حو',18,'2020-11-14 23:19:34','2021-04-19 16:19:02'),(2274,'قلم حوا',22,'2020-11-14 23:19:34','2021-04-19 16:19:03'),(2275,'قلم حواج',16,'2020-11-14 23:19:36','2021-04-19 16:19:03'),(2276,'قلم حواجب',29,'2020-11-14 23:19:36','2021-04-29 03:15:42'),(2277,'mul',4,'2020-11-14 23:43:35','2020-11-14 23:43:40'),(2278,'mule',2,'2020-11-14 23:43:35','2020-11-14 23:43:37'),(2279,'mules',0,'2020-11-14 23:43:36','2020-11-14 23:43:36'),(2280,'قلم ط',2,'2020-11-14 23:46:59','2020-11-14 23:47:09'),(2281,'قلم طب',3,'2020-11-14 23:46:59','2020-11-14 23:47:09'),(2282,'قلم طبا',1,'2020-11-14 23:47:02','2020-11-14 23:47:09'),(2283,'قلم طباعه',6,'2020-11-14 23:47:02','2020-11-14 23:47:08'),(2284,'قلم طباعه ك',1,'2020-11-14 23:47:03','2020-11-14 23:47:08'),(2285,'قلم طباعه كح',1,'2020-11-14 23:47:04','2020-11-14 23:47:08'),(2286,'قلم طباعه كحل',1,'2020-11-14 23:47:04','2020-11-14 23:47:04'),(2287,'قلم كحل',11,'2020-11-14 23:47:13','2021-01-24 01:07:35'),(2288,'للع',6,'2020-11-15 00:11:05','2021-04-06 20:56:57'),(2289,'للعي',5,'2020-11-15 00:11:05','2021-04-06 20:56:57'),(2290,'للعين',10,'2020-11-15 00:11:07','2021-04-06 20:56:58'),(2291,'للعين م',1,'2020-11-15 00:11:11','2020-11-15 00:11:11'),(2292,'للعين مق',0,'2020-11-15 00:11:12','2020-11-15 00:11:12'),(2293,'للعين مقو',8,'2020-11-15 00:11:32','2021-05-08 04:55:05'),(2294,'للعين مقوى',1,'2020-11-15 00:11:33','2020-11-15 00:11:37'),(2295,'سروا',31,'2020-11-15 02:29:15','2021-05-02 17:58:28'),(2296,'سروال',27,'2020-11-15 02:29:16','2021-05-12 11:05:50'),(2297,'ste',7,'2020-11-15 04:29:45','2021-03-23 23:30:41'),(2298,'stee',6,'2020-11-15 04:29:45','2021-03-12 18:48:08'),(2299,'stel',1,'2020-11-15 04:29:45','2020-11-15 04:29:45'),(2300,'stell',2,'2020-11-15 04:29:45','2020-11-15 04:29:46'),(2301,'stella',1,'2020-11-15 04:30:13','2020-11-15 04:30:15'),(2302,'stella i',0,'2020-11-15 04:30:17','2020-11-15 04:30:17'),(2303,'stella in',1,'2020-11-15 04:30:18','2020-11-15 04:30:18'),(2304,'stella in tw',2,'2020-11-15 04:30:18','2021-02-19 00:25:00'),(2305,'stella in two',1,'2020-11-15 04:30:19','2020-11-15 04:30:19'),(2306,'bv',6,'2020-11-15 04:30:30','2021-05-07 07:32:47'),(2307,'جاك',11,'2020-11-15 05:53:33','2021-03-21 05:36:42'),(2308,'جاكي',6,'2020-11-15 05:53:33','2020-12-23 01:35:05'),(2309,'جاكيت',8,'2020-11-15 05:53:34','2021-02-10 17:30:20'),(2310,'pic',12,'2020-11-15 11:47:54','2021-04-04 21:53:58'),(2311,'pick',0,'2020-11-15 11:47:56','2020-11-15 11:47:56'),(2312,'pica',1,'2020-11-15 11:48:03','2020-11-15 11:48:06'),(2313,'picad',1,'2020-11-15 11:48:04','2020-11-15 11:48:06'),(2314,'picadi',0,'2020-11-15 11:48:05','2020-11-15 11:48:05'),(2315,'pm',2,'2020-11-15 11:48:16','2020-11-15 11:48:17'),(2316,'picc',1,'2020-11-15 12:48:41','2021-04-04 21:54:02'),(2317,'حمده',0,'2020-11-15 12:50:00','2020-11-15 12:50:00'),(2318,'حمره',12,'2020-11-15 12:50:02','2021-03-10 00:54:11'),(2319,'sup',10,'2020-11-15 15:39:10','2021-04-01 18:01:27'),(2320,'supe',6,'2020-11-15 15:39:10','2020-12-05 09:34:01'),(2321,'super',5,'2020-11-15 15:39:11','2020-12-05 09:34:02'),(2322,'super s',0,'2020-11-15 15:39:11','2020-11-15 15:39:11'),(2323,'super st',1,'2020-11-15 15:39:12','2020-11-15 15:39:12'),(2324,'super sta',0,'2020-11-15 15:39:12','2020-11-15 15:39:12'),(2325,'super stay',1,'2020-11-15 15:39:13','2020-11-15 15:39:16'),(2326,'choc',8,'2020-11-15 17:09:34','2021-03-22 17:09:10'),(2327,'choco',64,'2020-11-15 17:09:35','2021-05-07 22:44:50'),(2328,'مقشر و',0,'2020-11-15 18:39:17','2020-11-15 18:39:17'),(2329,'مقشر وم',0,'2020-11-15 18:39:17','2020-11-15 18:39:17'),(2330,'مقشر ومب',0,'2020-11-15 18:39:17','2020-11-15 18:39:17'),(2331,'مقشر ومبي',2,'2020-11-15 18:39:17','2021-03-10 13:51:13'),(2332,'مقشر ومبيض',6,'2020-11-15 18:39:18','2021-03-10 13:51:14'),(2333,'calvi',10,'2020-11-15 20:27:18','2021-04-25 20:09:56'),(2334,'calvin',17,'2020-11-15 20:27:19','2021-04-25 20:09:57'),(2335,'jo',13,'2020-11-15 20:28:49','2021-04-03 19:29:52'),(2336,'jou',8,'2020-11-15 20:28:50','2021-01-25 16:08:24'),(2337,'jour',8,'2020-11-15 20:28:51','2021-01-25 16:08:07'),(2338,'jour 5',1,'2020-11-15 20:28:58','2020-11-15 20:28:59'),(2339,'ajdd',3,'2020-11-15 23:06:45','2020-11-15 23:06:52'),(2340,'ajdduv',3,'2020-11-15 23:06:45','2020-11-15 23:06:52'),(2341,'ajdduvu',1,'2020-11-15 23:06:46','2020-11-15 23:06:51'),(2342,'ajdduvus',2,'2020-11-15 23:06:46','2020-11-15 23:06:47'),(2343,'شنب',1,'2020-11-15 23:07:02','2021-04-21 06:32:30'),(2344,'شنبا',1,'2020-11-15 23:07:02','2020-11-15 23:07:03'),(2345,'شنباي',6,'2020-11-15 23:07:03','2021-04-23 23:59:12'),(2346,'شنبايم',0,'2020-11-15 23:07:03','2020-11-15 23:07:03'),(2347,'شنبايمص',1,'2020-11-15 23:07:03','2020-11-15 23:07:03'),(2348,'شنبايمصحي',3,'2020-11-15 23:07:03','2020-11-15 23:07:07'),(2349,'brow p',2,'2020-11-16 01:54:03','2020-11-16 01:54:03'),(2350,'brow pe',1,'2020-11-16 01:54:04','2020-11-16 01:54:04'),(2351,'brow pen',1,'2020-11-16 01:54:15','2020-11-16 01:54:15'),(2352,'brow penc',0,'2020-11-16 01:54:16','2020-11-16 01:54:16'),(2353,'brow penci',0,'2020-11-16 01:54:16','2020-11-16 01:54:16'),(2354,'brow pencil',3,'2020-11-16 01:54:17','2020-11-16 01:54:19'),(2355,'lolet',3,'2020-11-16 03:23:24','2021-02-03 14:16:58'),(2356,'loleta',1,'2020-11-16 03:23:24','2021-02-03 14:16:56'),(2357,'ju',4,'2020-11-16 03:29:49','2021-01-05 01:13:26'),(2358,'jmm',3,'2020-11-16 03:29:53','2021-01-05 01:13:28'),(2359,'جم',0,'2020-11-16 03:30:18','2020-11-16 03:30:18'),(2360,'جمي',2,'2020-11-16 03:30:18','2020-11-16 03:30:19'),(2361,'هدى بيوتس',0,'2020-11-16 07:00:12','2020-11-16 07:00:12'),(2362,'هدى بيوس',2,'2020-11-16 07:00:13','2021-05-08 00:26:54'),(2363,'هدى بيوي',0,'2020-11-16 07:00:14','2020-11-16 07:00:14'),(2364,'eiss',1,'2020-11-16 22:13:38','2020-11-16 22:13:39'),(2365,'eisse',3,'2020-11-16 22:13:38','2020-11-16 22:13:39'),(2366,'girlt',1,'2020-11-16 22:41:36','2020-11-16 22:41:41'),(2367,'girltac',3,'2020-11-16 22:41:37','2020-11-16 22:41:41'),(2368,'girltack',0,'2020-11-16 22:41:39','2020-11-16 22:41:39'),(2369,'ula3',0,'2020-11-17 00:32:41','2020-11-17 00:32:41'),(2370,'عطر ه',1,'2020-11-17 00:37:27','2020-11-17 00:37:48'),(2371,'عطر هي',5,'2020-11-17 00:37:27','2020-11-17 00:37:48'),(2372,'عطر هير',3,'2020-11-17 00:37:28','2020-11-17 00:37:48'),(2373,'عطر هيرا',1,'2020-11-17 00:37:28','2020-11-17 00:37:31'),(2374,'عطر هيرار',1,'2020-11-17 00:37:28','2020-11-17 00:37:30'),(2375,'عطر هيرارا',0,'2020-11-17 00:37:30','2020-11-17 00:37:30'),(2376,'عطر هيري',1,'2020-11-17 00:37:44','2020-11-17 00:37:48'),(2377,'عطر هيرير',1,'2020-11-17 00:37:44','2020-11-17 00:37:47'),(2378,'عطر هيريرا',2,'2020-11-17 00:37:45','2021-05-02 16:54:38'),(2379,'عطر هر',5,'2020-11-17 00:37:49','2021-05-07 08:39:16'),(2380,'عطر هري',0,'2020-11-17 00:37:51','2020-11-17 00:37:51'),(2381,'عطر هرير',0,'2020-11-17 00:37:52','2020-11-17 00:37:52'),(2382,'عطر هريرا',1,'2020-11-17 00:37:52','2021-05-02 16:53:39'),(2383,'كارو',8,'2020-11-17 11:25:47','2021-02-26 23:29:48'),(2384,'دييق',2,'2020-11-17 11:26:19','2020-11-17 11:26:20'),(2385,'دييقو',1,'2020-11-17 11:26:21','2020-11-17 11:26:25'),(2386,'جوتش',2,'2020-11-17 14:35:29','2020-11-17 14:35:32'),(2387,'جوتشي',1,'2020-11-17 14:35:30','2020-11-17 14:35:30'),(2388,'عده',5,'2020-11-17 21:00:33','2020-11-17 21:00:39'),(2389,'عده ح',1,'2020-11-17 21:00:36','2020-11-17 21:00:38'),(2390,'عده حلا',7,'2020-11-17 21:00:36','2021-05-10 20:51:50'),(2391,'عده حلاق',7,'2020-11-17 21:00:36','2021-05-10 20:51:50'),(2392,'عده حلاقه',4,'2020-11-17 21:00:37','2021-04-06 00:24:35'),(2393,'مكين',15,'2020-11-17 21:00:46','2021-05-15 11:33:43'),(2394,'مكينة',14,'2020-11-17 21:00:47','2021-05-15 11:33:43'),(2395,'foot n',1,'2020-11-17 23:22:31','2020-11-17 23:22:31'),(2396,'foot ba',1,'2020-11-17 23:22:32','2020-11-17 23:22:33'),(2397,'foot bab',3,'2020-11-17 23:22:32','2021-05-10 05:51:53'),(2398,'foot baby',5,'2020-11-17 23:22:32','2021-05-10 05:51:53'),(2399,'كيل',1,'2020-11-18 09:36:18','2020-11-18 09:36:22'),(2400,'كيليا',3,'2020-11-18 09:36:18','2020-11-18 09:36:21'),(2401,'كيليان',4,'2020-11-18 09:36:19','2021-03-27 21:54:08'),(2402,'footp',2,'2020-11-18 15:07:07','2020-11-18 15:07:09'),(2403,'footpe',1,'2020-11-18 15:07:08','2020-11-18 15:07:08'),(2404,'footpee',1,'2020-11-18 15:07:08','2020-11-18 15:07:08'),(2405,'مظا',4,'2020-11-18 15:16:05','2020-11-18 15:16:16'),(2406,'مظار',0,'2020-11-18 15:16:06','2020-11-18 15:16:06'),(2407,'Voo',0,'2020-11-18 18:31:25','2020-11-18 18:31:25'),(2408,'Voll',4,'2020-11-18 18:31:25','2020-11-18 18:31:31'),(2409,'Vollb',1,'2020-11-18 18:31:26','2020-11-18 18:31:29'),(2410,'Vollba',1,'2020-11-18 18:31:27','2020-11-18 18:31:29'),(2411,'Vollbal',10,'2020-11-18 18:31:27','2021-05-14 00:29:54'),(2412,'Vollball',2,'2020-11-18 18:31:27','2021-04-03 09:10:11'),(2413,'Volle',0,'2020-11-18 18:31:33','2020-11-18 18:31:33'),(2414,'Volleb',1,'2020-11-18 18:31:33','2020-11-18 18:31:36'),(2415,'Vollebo',1,'2020-11-18 18:31:33','2020-11-18 18:31:36'),(2416,'Volleboll',2,'2020-11-18 18:31:34','2020-11-18 18:31:36'),(2417,'Volleba',0,'2020-11-18 18:31:37','2020-11-18 18:31:37'),(2418,'Vollebal',0,'2020-11-18 18:31:37','2020-11-18 18:31:37'),(2419,'Volleball',2,'2020-11-18 18:31:37','2020-11-18 18:31:39'),(2420,'Volleballl',0,'2020-11-18 18:31:37','2020-11-18 18:31:37'),(2421,'ايفون ا',1,'2020-11-18 21:50:18','2020-11-18 21:50:35'),(2422,'ايفون اح',1,'2020-11-18 21:50:22','2020-11-18 21:50:35'),(2423,'ايفون احد',5,'2020-11-18 21:50:23','2020-12-09 13:02:22'),(2424,'ايفون احدع',1,'2020-11-18 21:50:32','2020-11-18 21:50:34'),(2425,'ايفون احدعش',0,'2020-11-18 21:50:33','2020-11-18 21:50:33'),(2426,'ايبو',8,'2020-11-19 05:17:31','2021-01-25 13:21:15'),(2427,'ايبود',3,'2020-11-19 05:17:32','2021-01-25 13:21:06'),(2428,'ipod',1,'2020-11-19 05:17:41','2020-11-19 05:17:54'),(2429,'GRIG',0,'2020-11-19 13:28:02','2020-11-19 13:28:02'),(2430,'GRIGI',0,'2020-11-19 13:28:02','2020-11-19 13:28:02'),(2431,'GRIGIO',4,'2020-11-19 13:28:02','2020-12-14 12:24:53'),(2432,'mad',2,'2020-11-19 19:25:28','2020-11-19 19:25:30'),(2433,'madk',5,'2020-11-19 19:25:28','2021-03-14 15:54:21'),(2434,'maska',4,'2020-11-19 19:25:33','2020-12-03 11:42:05'),(2435,'maskar',4,'2020-11-19 19:25:33','2020-12-27 22:48:09'),(2436,'gucci',44,'2020-11-19 23:05:07','2021-02-18 16:49:01'),(2437,'lip pen cry',0,'2020-11-20 01:44:22','2020-11-20 01:44:22'),(2438,'whiti',4,'2020-11-20 03:03:44','2021-04-07 10:30:26'),(2439,'whitin',3,'2020-11-20 03:03:45','2021-04-07 10:30:24'),(2440,'whitini',5,'2020-11-20 03:03:51','2021-02-16 22:52:49'),(2441,'whitinin',1,'2020-11-20 03:03:51','2020-11-20 03:03:58'),(2442,'whitining',1,'2020-11-20 03:03:51','2020-11-20 03:03:52'),(2443,'pleas',3,'2020-11-20 11:55:58','2021-03-12 01:16:18'),(2444,'pleasu',1,'2020-11-20 11:55:58','2020-11-20 11:55:58'),(2445,'pleasur',1,'2020-11-20 11:55:58','2020-11-20 11:55:58'),(2446,'pleasure',1,'2020-11-20 11:55:58','2020-11-20 11:55:59'),(2447,'مشط',4,'2020-11-20 14:00:55','2021-03-04 15:51:38'),(2448,'فرشة',0,'2020-11-20 14:01:42','2020-11-20 14:01:42'),(2449,'فرشاه',5,'2020-11-20 14:02:12','2021-02-20 01:48:51'),(2450,'فرشاة ح',0,'2020-11-20 14:02:16','2020-11-20 14:02:16'),(2451,'اكسو',1,'2020-11-20 16:27:38','2020-11-20 16:27:42'),(2452,'اكسور',2,'2020-11-20 16:27:39','2021-01-03 14:53:32'),(2453,'اكسورا',1,'2020-11-20 16:27:40','2020-11-20 16:27:42'),(2454,'اكسورات',0,'2020-11-20 16:27:41','2020-11-20 16:27:41'),(2455,'55',1,'2020-11-20 18:57:04','2020-11-20 18:57:06'),(2456,'555',2,'2020-11-20 18:57:04','2020-11-20 18:57:08'),(2457,'الجز',10,'2020-11-20 18:58:38','2021-05-02 20:21:28'),(2458,'الجزي',3,'2020-11-20 18:58:38','2021-04-05 21:30:40'),(2459,'الجزير',11,'2020-11-20 18:58:39','2021-04-07 23:40:47'),(2460,'الجزيره',1,'2020-11-20 18:58:39','2021-04-05 21:30:40'),(2461,'sharp',3,'2020-11-21 14:53:03','2020-11-21 14:53:10'),(2462,'sharpe',1,'2020-11-21 14:53:06','2020-11-21 14:53:10'),(2463,'sharper',0,'2020-11-21 14:53:06','2020-11-21 14:53:06'),(2464,'براي',52,'2020-11-21 14:53:14','2021-05-07 06:01:41'),(2465,'برايه',2,'2020-11-21 14:53:14','2020-11-21 14:53:15'),(2466,'مكس',6,'2020-11-21 14:59:21','2021-05-11 12:54:11'),(2467,'مكسر',17,'2020-11-21 14:59:21','2021-05-12 00:45:20'),(2468,'headph',2,'2020-11-21 15:41:57','2021-04-26 03:45:05'),(2469,'headpho',2,'2020-11-21 15:41:57','2021-04-26 03:45:05'),(2470,'headphone',7,'2020-11-21 15:41:57','2021-04-26 03:45:07'),(2471,'كفر آ',1,'2020-11-21 22:02:17','2021-05-02 01:40:46'),(2472,'كفر آي',0,'2020-11-21 22:02:17','2020-11-21 22:02:17'),(2473,'كفر آيف',0,'2020-11-21 22:02:17','2020-11-21 22:02:17'),(2474,'كفر آيفون',3,'2020-11-21 22:02:17','2020-11-21 22:02:23'),(2475,'كفر آيفون ا',1,'2020-11-21 22:02:18','2020-11-21 22:02:23'),(2476,'كفر آيفون اك',1,'2020-11-21 22:02:19','2020-11-21 22:02:23'),(2477,'كفر آيفون اكس',3,'2020-11-21 22:02:19','2020-11-21 22:02:23'),(2478,'كفر آيفون اكس م',1,'2020-11-21 22:02:20','2020-11-21 22:02:22'),(2479,'كفر آيفون اكس ما',0,'2020-11-21 22:02:21','2020-11-21 22:02:21'),(2480,'كفر آيفون x',0,'2020-11-21 22:02:28','2020-11-21 22:02:28'),(2481,'كفر آيفون xs',1,'2020-11-21 22:02:28','2020-11-21 22:02:28'),(2482,'pencil l',1,'2020-11-21 22:07:52','2020-11-21 22:07:53'),(2483,'pencil lip',3,'2020-11-21 22:07:53','2020-11-21 22:08:01'),(2484,'pencil li',0,'2020-11-21 22:07:53','2020-11-21 22:07:53'),(2485,'عطر ب',7,'2020-11-21 22:32:48','2021-04-02 22:12:15'),(2486,'عطر بل',6,'2020-11-21 22:32:49','2020-12-24 04:37:47'),(2487,'عطر بلا',40,'2020-11-21 22:32:49','2021-05-15 22:56:03'),(2488,'عطر بلام',0,'2020-11-21 22:32:49','2020-11-21 22:32:49'),(2489,'عطر بلاك',50,'2020-11-21 22:32:50','2021-05-05 15:04:43'),(2490,'la ro',1,'2020-11-22 00:13:49','2020-11-22 00:13:49'),(2491,'la roc',0,'2020-11-22 00:13:49','2020-11-22 00:13:49'),(2492,'la roch',1,'2020-11-22 00:13:50','2020-11-22 00:13:50'),(2493,'حمره ل',1,'2020-11-22 01:02:33','2020-11-22 01:02:44'),(2494,'حمره لو',1,'2020-11-22 01:02:33','2020-11-22 01:02:44'),(2495,'حمره لون',3,'2020-11-22 01:02:33','2020-11-22 01:02:44'),(2496,'حمره لون ا',1,'2020-11-22 01:02:34','2020-11-22 01:02:44'),(2497,'حمره لون اح',1,'2020-11-22 01:02:34','2020-11-22 01:02:44'),(2498,'حمره لون احم',14,'2020-11-22 01:02:34','2021-04-20 11:31:54'),(2499,'حمره لون احمر',34,'2020-11-22 01:02:35','2021-05-14 18:40:49'),(2500,'حمره لون احمر م',1,'2020-11-22 01:02:35','2020-11-22 01:02:43'),(2501,'حمره لون احمر ما',1,'2020-11-22 01:02:36','2020-11-22 01:02:43'),(2502,'حمره لون احمر مات',1,'2020-11-22 01:02:36','2020-11-22 01:02:39'),(2503,'flomar',1,'2020-11-22 06:42:26','2020-11-22 06:42:27'),(2504,'بوبي',5,'2020-11-22 12:25:02','2020-11-22 12:25:05'),(2505,'mug',3,'2020-11-22 12:37:42','2020-11-22 12:37:50'),(2506,'mugl',1,'2020-11-22 12:37:43','2020-11-22 12:37:50'),(2507,'mugle',1,'2020-11-22 12:37:43','2020-11-22 12:37:50'),(2508,'mugler',1,'2020-11-22 12:37:44','2020-11-22 12:37:45'),(2509,'قلم آ',1,'2020-11-22 15:43:01','2020-11-22 15:43:02'),(2510,'قلم تا',3,'2020-11-22 16:03:53','2020-12-23 22:48:36'),(2511,'قلم تاب',5,'2020-11-22 16:03:53','2020-12-23 22:48:36'),(2512,'قلم تابل',5,'2020-11-22 16:03:54','2020-12-23 22:48:37'),(2513,'قلم تابلت',2,'2020-11-22 16:03:54','2020-12-23 22:48:37'),(2514,'diego m',2,'2020-11-22 19:12:18','2020-11-25 14:36:32'),(2515,'diego ma',2,'2020-11-22 19:12:18','2020-11-25 14:36:32'),(2516,'diego mas',3,'2020-11-22 19:12:19','2020-11-25 14:36:32'),(2517,'diego masc',2,'2020-11-22 19:12:19','2020-11-25 14:36:32'),(2518,'diego masca',2,'2020-11-22 19:12:19','2020-11-25 14:36:33'),(2519,'diego mascar',2,'2020-11-22 19:12:20','2020-11-25 14:36:33'),(2520,'diego mascara',2,'2020-11-22 19:12:20','2020-11-25 14:36:34'),(2521,'diego masl',1,'2020-11-22 19:12:36','2020-11-22 19:12:36'),(2522,'diego masll',0,'2020-11-22 19:12:37','2020-11-22 19:12:37'),(2523,'diego daa',1,'2020-11-22 19:12:39','2020-11-22 19:12:40'),(2524,'diego daal',0,'2020-11-22 19:12:40','2020-11-22 19:12:40'),(2525,'diego dalla palma m',1,'2020-11-22 19:12:43','2020-11-22 19:12:49'),(2526,'diego dalla palma ma',1,'2020-11-22 19:12:43','2020-11-22 19:12:49'),(2527,'diego dalla palma mas',1,'2020-11-22 19:12:44','2020-11-22 19:12:49'),(2528,'diego dalla palma masc',1,'2020-11-22 19:12:45','2020-11-22 19:12:49'),(2529,'diego dalla palma masca',1,'2020-11-22 19:12:45','2020-11-22 19:12:49'),(2530,'diego dalla palma mascar',1,'2020-11-22 19:12:45','2020-11-22 19:12:48'),(2531,'diego dalla palma mascara',1,'2020-11-22 19:12:45','2020-11-22 19:12:46'),(2532,'انستا',9,'2020-11-22 19:42:43','2021-04-30 17:48:57'),(2533,'mag',3,'2020-11-22 19:56:47','2021-02-22 20:07:42'),(2534,'magn',4,'2020-11-22 19:56:47','2021-03-30 12:26:46'),(2535,'magna',2,'2020-11-22 19:56:47','2020-11-22 19:56:48'),(2536,'magnat',0,'2020-11-22 19:56:50','2020-11-22 19:56:50'),(2537,'magnati',0,'2020-11-22 19:56:50','2020-11-22 19:56:50'),(2538,'magnatic',1,'2020-11-22 19:56:51','2020-11-22 19:56:51'),(2539,'magnatic e',0,'2020-11-22 19:56:51','2020-11-22 19:56:51'),(2540,'magnatic ey',0,'2020-11-22 19:56:52','2020-11-22 19:56:52'),(2541,'magnatic eye',0,'2020-11-22 19:56:52','2020-11-22 19:56:52'),(2542,'magnatic eyel',0,'2020-11-22 19:56:53','2020-11-22 19:56:53'),(2543,'magnatic eyela',0,'2020-11-22 19:56:53','2020-11-22 19:56:53'),(2544,'magnatic eyelas',0,'2020-11-22 19:56:53','2020-11-22 19:56:53'),(2545,'magnatic eyelash',0,'2020-11-22 19:56:54','2020-11-22 19:56:54'),(2546,'magnatic eyelashe',0,'2020-11-22 19:56:54','2020-11-22 19:56:54'),(2547,'magnatic eyelashes',2,'2020-11-22 19:56:54','2020-11-22 19:56:59'),(2548,'magnati eyelashes',0,'2020-11-22 19:57:01','2020-11-22 19:57:01'),(2549,'magna eyelashes',0,'2020-11-22 19:57:02','2020-11-22 19:57:02'),(2550,'magn eyelashes',0,'2020-11-22 19:57:02','2020-11-22 19:57:02'),(2551,'magnat eyelashes',0,'2020-11-22 19:57:02','2020-11-22 19:57:02'),(2552,'mag eyelashes',0,'2020-11-22 19:57:02','2020-11-22 19:57:02'),(2553,'ma eyelashes',0,'2020-11-22 19:57:02','2020-11-22 19:57:02'),(2554,'m eyelashes',0,'2020-11-22 19:57:02','2020-11-22 19:57:02'),(2555,'eye la',5,'2020-11-22 19:57:15','2021-02-26 07:31:30'),(2556,'eye las',3,'2020-11-22 19:57:15','2021-02-26 07:31:29'),(2557,'eye lash',3,'2020-11-22 19:57:15','2021-02-26 07:31:25'),(2558,'لول',1,'2020-11-22 21:30:22','2020-11-22 21:30:31'),(2559,'لولي',2,'2020-11-22 21:30:23','2020-11-22 21:30:31'),(2560,'لوليت',3,'2020-11-22 21:30:23','2020-11-22 21:30:30'),(2561,'لوليتا',0,'2020-11-22 21:30:23','2020-11-22 21:30:23'),(2562,'loli',2,'2020-11-22 21:30:38','2020-11-22 21:30:45'),(2563,'lolit',3,'2020-11-22 21:30:39','2020-12-25 17:07:32'),(2564,'lolita',0,'2020-11-22 21:30:39','2020-11-22 21:30:39'),(2565,'dros',31,'2020-11-22 23:55:52','2021-05-09 07:51:03'),(2566,'drosh',12,'2020-11-22 23:55:53','2021-05-09 07:51:03'),(2567,'ملابس  ا',0,'2020-11-23 01:18:37','2020-11-23 01:18:37'),(2568,'ملابس  اط',1,'2020-11-23 01:18:37','2020-11-23 01:18:38'),(2569,'ملابس  اطفا',1,'2020-11-23 01:18:38','2020-11-23 01:18:38'),(2570,'ملابس  اطفال',0,'2020-11-23 01:18:38','2020-11-23 01:18:38'),(2571,'نور',5,'2020-11-23 03:06:33','2021-05-11 16:00:35'),(2572,'نور ا',1,'2020-11-23 03:06:37','2021-05-11 16:00:35'),(2573,'نور ال',2,'2020-11-23 03:06:37','2021-05-11 16:00:35'),(2574,'نور الز',0,'2020-11-23 03:06:38','2020-11-23 03:06:38'),(2575,'نور الر',1,'2020-11-23 03:06:39','2021-05-11 16:00:36'),(2576,'نور الرش',1,'2020-11-23 03:06:40','2021-05-11 16:00:36'),(2577,'نور الرشي',3,'2020-11-23 03:06:40','2021-05-11 16:00:36'),(2578,'نور الرشيد',2,'2020-11-23 03:06:42','2021-05-11 16:00:38'),(2579,'مسك',38,'2020-11-23 04:28:53','2021-05-16 05:43:34'),(2580,'مسكر',13,'2020-11-23 04:28:56','2021-04-26 13:16:31'),(2581,'coa',2,'2020-11-23 04:51:02','2020-11-23 04:51:03'),(2582,'coac',0,'2020-11-23 04:51:03','2020-11-23 04:51:03'),(2583,'coach',1,'2020-11-23 04:51:03','2020-11-23 04:51:05'),(2584,'صبغ ش',1,'2020-11-23 06:24:14','2020-11-23 06:24:20'),(2585,'صبغ شع',1,'2020-11-23 06:24:14','2020-11-23 06:24:20'),(2586,'صبغ شعر',1,'2020-11-23 06:24:15','2020-11-23 06:24:16'),(2587,'خيم',3,'2020-11-23 15:37:13','2020-11-23 15:37:18'),(2588,'خيمة',0,'2020-11-23 15:37:14','2020-11-23 15:37:14'),(2589,'خيمه',1,'2020-11-23 15:37:15','2021-02-22 02:55:42'),(2590,'بخا',15,'2020-11-23 15:37:20','2021-04-25 20:46:27'),(2591,'بخار',26,'2020-11-23 15:37:21','2021-04-25 20:46:28'),(2592,'كلا',6,'2020-11-23 15:43:14','2021-04-08 21:09:26'),(2593,'كلار',2,'2020-11-23 15:43:17','2021-04-08 21:09:26'),(2594,'كلارنس',11,'2020-11-23 15:43:17','2021-04-08 21:09:31'),(2595,'diego de',4,'2020-11-24 00:43:41','2021-04-14 09:19:35'),(2596,'diego dell',6,'2020-11-24 00:43:42','2020-12-29 01:45:43'),(2597,'diego della',2,'2020-11-24 00:43:42','2020-12-29 01:45:41'),(2598,'ماسكرا ووندر فول مقاومة للماء',14,'2020-11-24 01:40:43','2021-03-12 01:08:52'),(2599,'boss',9,'2020-11-24 15:42:33','2021-04-24 22:52:47'),(2600,'bod',10,'2020-11-24 15:43:08','2021-04-18 02:18:06'),(2601,'bods',2,'2020-11-24 15:43:08','2020-11-24 15:43:09'),(2602,'https://www.instagram.com/p/CErV2ikHl7s/?igshid=tn54lan27qj7',3,'2020-11-25 02:25:56','2021-01-11 08:39:54'),(2603,'لوشن م',7,'2020-11-25 11:52:25','2020-11-25 12:00:25'),(2604,'لوشن مب',6,'2020-11-25 11:52:25','2020-11-25 12:00:25'),(2605,'لوشن مبي',5,'2020-11-25 11:52:26','2020-11-25 12:00:28'),(2606,'لوسم',2,'2020-11-25 11:58:47','2020-11-25 11:58:47'),(2607,'لوسن',12,'2020-11-25 11:58:47','2020-11-25 12:00:22'),(2608,'لوشن مبيض',1,'2020-11-25 11:58:54','2020-11-25 12:00:25'),(2609,'dri',3,'2020-11-25 14:09:22','2020-11-25 14:09:26'),(2610,'drio',1,'2020-11-25 14:09:22','2020-11-25 14:09:26'),(2611,'drios',1,'2020-11-25 14:09:23','2020-11-25 14:09:25'),(2612,'driosh',1,'2020-11-25 14:09:23','2020-11-25 14:09:24'),(2613,'LASH A',0,'2020-11-25 14:54:25','2020-11-25 14:54:25'),(2614,'LASH AR',0,'2020-11-25 14:54:30','2020-11-25 14:54:30'),(2615,'LASH ARC',0,'2020-11-25 14:54:37','2020-11-25 14:54:37'),(2616,'LASH ARCH',0,'2020-11-25 14:54:40','2020-11-25 14:54:40'),(2617,'LASH ARCHT',0,'2020-11-25 14:54:46','2020-11-25 14:54:46'),(2618,'LASH ARCHTE',6,'2020-11-25 14:54:47','2020-11-25 14:55:04'),(2619,'Gog',1,'2020-11-25 15:55:23','2020-11-25 15:55:28'),(2620,'Gogo',4,'2020-11-25 15:55:24','2020-11-25 15:55:28'),(2621,'dok',1,'2020-11-26 02:23:47','2020-11-26 02:23:47'),(2622,'dokt',0,'2020-11-26 02:23:47','2020-11-26 02:23:47'),(2623,'pw',1,'2020-11-26 02:25:41','2020-11-26 02:25:41'),(2624,'pwe',1,'2020-11-26 02:25:41','2020-11-26 02:25:41'),(2625,'بيودر',4,'2020-11-26 20:34:54','2020-11-26 20:34:55'),(2626,'بيودرم',2,'2020-11-26 20:34:54','2020-11-26 20:34:55'),(2627,'بيودرما',1,'2020-11-26 20:34:54','2020-11-26 20:34:56'),(2628,'ysl p',0,'2020-11-27 06:35:25','2020-11-27 06:35:25'),(2629,'ysl pe',0,'2020-11-27 06:35:25','2020-11-27 06:35:25'),(2630,'ysl perf',1,'2020-11-27 06:35:25','2020-11-27 06:35:26'),(2631,'ysl perfu',4,'2020-11-27 06:35:26','2021-04-20 17:52:36'),(2632,'ysl perfum',2,'2020-11-27 06:35:26','2021-04-20 17:52:36'),(2633,'ysl perfume',12,'2020-11-27 06:35:26','2021-04-20 17:52:36'),(2634,'drali',1,'2020-11-27 19:12:32','2020-11-27 19:12:32'),(2635,'dralis',0,'2020-11-27 19:12:33','2020-11-27 19:12:33'),(2636,'احذ',14,'2020-11-27 19:13:00','2021-01-22 12:39:50'),(2637,'احذي',12,'2020-11-27 19:13:00','2021-01-22 12:39:50'),(2638,'احذيه',3,'2020-11-27 19:13:01','2021-05-02 16:49:40'),(2639,'soh',1,'2020-11-27 19:13:32','2020-11-27 19:13:32'),(2640,'تراي',17,'2020-11-27 23:08:50','2021-05-10 02:07:38'),(2641,'lib',9,'2020-11-27 23:36:01','2021-01-25 07:02:09'),(2642,'libr',4,'2020-11-27 23:36:02','2020-11-27 23:36:45'),(2643,'libre',2,'2020-11-27 23:36:02','2020-11-27 23:36:03'),(2644,'sto',1,'2020-11-28 04:31:27','2020-11-28 04:31:30'),(2645,'stor',1,'2020-11-28 04:31:27','2020-11-28 04:31:30'),(2646,'storg',1,'2020-11-28 04:31:27','2020-11-28 04:31:30'),(2647,'storge',3,'2020-11-28 04:31:27','2020-11-28 04:31:27'),(2648,'box',5,'2020-11-28 04:31:33','2020-11-30 16:56:13'),(2649,'سماعا',9,'2020-11-28 12:47:04','2021-05-07 12:19:36'),(2650,'سماعات',28,'2020-11-28 12:47:04','2021-05-07 12:19:52'),(2651,'umm',2,'2020-11-28 16:07:36','2020-11-28 16:07:36'),(2652,'umm k',1,'2020-11-28 16:07:36','2020-11-28 16:07:37'),(2653,'umm ka',0,'2020-11-28 16:07:37','2020-11-28 16:07:37'),(2654,'umm kal',0,'2020-11-28 16:07:41','2020-11-28 16:07:41'),(2655,'umm kalt',0,'2020-11-28 16:07:42','2020-11-28 16:07:42'),(2656,'umm kalthu',4,'2020-11-28 16:07:42','2021-03-12 11:28:08'),(2657,'umm kalthum',1,'2020-11-28 16:07:42','2020-11-28 16:07:43'),(2658,'قصة',2,'2020-11-28 18:04:03','2021-03-22 23:36:20'),(2659,'qe',3,'2020-11-28 18:04:11','2021-03-20 10:33:06'),(2660,'qedd',2,'2020-11-28 18:04:11','2020-11-28 18:04:12'),(2661,'qes',1,'2020-11-28 18:04:14','2021-03-20 10:33:07'),(2662,'qess',8,'2020-11-28 18:04:14','2021-03-27 15:30:27'),(2663,'van',57,'2020-11-28 19:23:05','2021-05-07 08:34:12'),(2664,'van c',9,'2020-11-28 19:23:05','2021-04-06 14:18:22'),(2665,'van cl',14,'2020-11-28 19:23:05','2021-04-06 14:18:22'),(2666,'van cle',6,'2020-11-28 19:23:07','2021-04-06 14:18:22'),(2667,'van clee',8,'2020-11-28 19:23:08','2021-04-06 14:18:25'),(2668,'van cleeg',2,'2020-11-28 19:23:08','2021-04-06 14:18:23'),(2669,'van cleef',22,'2020-11-28 19:23:11','2021-04-06 14:18:26'),(2670,'chanel a',5,'2020-11-28 19:32:21','2021-04-28 12:10:09'),(2671,'chanel al',1,'2020-11-28 19:32:21','2020-11-28 19:32:41'),(2672,'chanel all',1,'2020-11-28 19:32:24','2020-11-28 19:32:41'),(2673,'chanel allu',3,'2020-11-28 19:32:25','2021-04-25 23:48:37'),(2674,'chanel allur',3,'2020-11-28 19:32:27','2021-04-25 23:48:37'),(2675,'chanel allure',6,'2020-11-28 19:32:28','2021-04-25 23:48:38'),(2676,'chanel d',0,'2020-11-28 19:32:48','2020-11-28 19:32:48'),(2677,'chanel deo',1,'2020-11-28 19:32:48','2020-11-28 19:32:48'),(2678,'marl',30,'2020-11-28 23:08:18','2021-04-27 19:49:48'),(2679,'marly',32,'2020-11-28 23:08:18','2021-04-03 07:03:15'),(2680,'given',16,'2020-11-29 00:08:06','2021-05-02 17:21:17'),(2681,'givenc',7,'2020-11-29 00:08:06','2021-04-27 15:54:23'),(2682,'givench',14,'2020-11-29 00:08:06','2021-04-27 15:54:22'),(2683,'givenchu',1,'2020-11-29 00:08:06','2020-11-29 00:08:06'),(2684,'givenchy',27,'2020-11-29 00:08:07','2021-05-08 15:24:27'),(2685,'givenchy dh',5,'2020-11-29 00:08:24','2020-11-29 00:08:40'),(2686,'givenchy dha',1,'2020-11-29 00:08:25','2020-11-29 00:08:27'),(2687,'givenchy dhal',1,'2020-11-29 00:08:25','2020-11-29 00:08:27'),(2688,'givenchy dhali',1,'2020-11-29 00:08:25','2020-11-29 00:08:27'),(2689,'givenchy dhalia',2,'2020-11-29 00:08:25','2020-11-29 00:08:27'),(2690,'givenchy da',1,'2020-11-29 00:08:30','2020-11-29 00:08:40'),(2691,'givenchy dah',1,'2020-11-29 00:08:31','2020-11-29 00:08:40'),(2692,'givenchy dahl',1,'2020-11-29 00:08:31','2020-11-29 00:08:40'),(2693,'givenchy dahli',1,'2020-11-29 00:08:32','2020-11-29 00:08:40'),(2694,'givenchy dahlia',3,'2020-11-29 00:08:32','2020-11-29 00:08:40'),(2695,'givenchy dahlia n',1,'2020-11-29 00:08:34','2020-11-29 00:08:39'),(2696,'givenchy dahlia no',1,'2020-11-29 00:08:34','2020-11-29 00:08:39'),(2697,'givenchy dahlia noir',7,'2020-11-29 00:08:35','2021-01-25 16:15:50'),(2698,'givenchy p',1,'2020-11-29 00:08:41','2020-11-29 00:08:42'),(2699,'givenchy pe',0,'2020-11-29 00:08:42','2020-11-29 00:08:42'),(2700,'givenchy per',0,'2020-11-29 00:08:42','2020-11-29 00:08:42'),(2701,'givenchy perf',0,'2020-11-29 00:08:43','2020-11-29 00:08:43'),(2702,'givenchy perfu',0,'2020-11-29 00:08:43','2020-11-29 00:08:43'),(2703,'givenchy perfum',0,'2020-11-29 00:08:43','2020-11-29 00:08:43'),(2704,'givenchy perfume',1,'2020-11-29 00:08:44','2020-11-29 00:08:44'),(2705,'gif',8,'2020-11-29 05:53:29','2021-04-19 10:36:39'),(2706,'gift',13,'2020-11-29 05:53:30','2021-04-16 16:52:29'),(2707,'ايرب',3,'2020-11-29 19:33:24','2021-04-25 02:18:16'),(2708,'صبغ ل',1,'2020-11-29 19:33:50','2020-11-29 19:33:51'),(2709,'صبغ لل',0,'2020-11-29 19:33:50','2020-11-29 19:33:50'),(2710,'مانا',2,'2020-11-29 19:34:02','2020-11-29 19:34:04'),(2711,'مانام',1,'2020-11-29 19:34:02','2020-11-29 19:34:04'),(2712,'مانامي',1,'2020-11-29 19:34:02','2020-11-29 19:34:04'),(2713,'مانامير',0,'2020-11-29 19:34:03','2020-11-29 19:34:03'),(2714,'مانك',2,'2020-11-29 19:34:09','2020-11-29 19:34:12'),(2715,'مانكي',1,'2020-11-29 19:34:10','2020-11-29 19:34:11'),(2716,'مانكير',0,'2020-11-29 19:34:11','2020-11-29 19:34:11'),(2717,'كحل ب',9,'2020-11-29 20:27:04','2021-04-06 01:21:52'),(2718,'كحل بر',0,'2020-11-29 20:27:05','2020-11-29 20:27:05'),(2719,'ESCENTRIC MOLECULES',48,'2020-11-29 20:38:18','2021-05-04 19:01:01'),(2720,'ايلي',4,'2020-11-29 23:26:30','2021-05-05 20:59:15'),(2721,'ايليف',7,'2020-11-29 23:26:31','2021-05-05 20:59:16'),(2722,'ايليفي',0,'2020-11-29 23:26:35','2020-11-29 23:26:35'),(2723,'ايليفين',1,'2020-11-29 23:26:35','2020-11-29 23:26:36'),(2724,'car o',1,'2020-11-30 00:36:23','2020-11-30 00:36:23'),(2725,'car or',3,'2020-11-30 00:36:23','2020-11-30 00:36:27'),(2726,'car ora',1,'2020-11-30 00:36:26','2020-11-30 00:36:27'),(2727,'car orag',0,'2020-11-30 00:36:26','2020-11-30 00:36:26'),(2728,'car org',0,'2020-11-30 00:36:28','2020-11-30 00:36:28'),(2729,'car organ',1,'2020-11-30 00:36:28','2020-11-30 00:36:29'),(2730,'car organi',0,'2020-11-30 00:36:29','2020-11-30 00:36:29'),(2731,'car organize',1,'2020-11-30 00:36:29','2020-11-30 00:36:29'),(2732,'car organizer',1,'2020-11-30 00:36:29','2020-11-30 00:36:30'),(2733,'كل ش',2,'2020-11-30 05:27:01','2020-11-30 05:27:02'),(2734,'ادو',5,'2020-11-30 14:12:34','2020-11-30 14:12:36'),(2735,'lp',1,'2020-11-30 16:33:57','2020-11-30 16:33:58'),(2736,'LIP C9',0,'2020-11-30 16:34:37','2020-11-30 16:34:37'),(2737,'LIP CO',0,'2020-11-30 16:34:39','2020-11-30 16:34:39'),(2738,'LIP CON',0,'2020-11-30 16:34:49','2020-11-30 16:34:49'),(2739,'LIP CONT',0,'2020-11-30 16:34:53','2020-11-30 16:34:53'),(2740,'LIP CONTO',2,'2020-11-30 16:34:57','2021-03-15 20:54:43'),(2741,'LIP CONTOU',3,'2020-11-30 16:34:57','2021-03-15 20:54:44'),(2742,'LIP CONTOUr',6,'2020-11-30 16:34:58','2021-03-15 20:54:44'),(2743,'boxl',1,'2020-11-30 16:56:13','2020-11-30 16:56:13'),(2744,'boxll',0,'2020-11-30 16:56:13','2020-11-30 16:56:13'),(2745,'بوكس م',1,'2020-11-30 16:56:20','2020-11-30 16:56:33'),(2746,'بوكس مي',4,'2020-11-30 16:56:21','2020-11-30 16:56:34'),(2747,'بوكس ميكي',7,'2020-11-30 16:56:22','2020-11-30 16:56:34'),(2748,'بوكس ميكيك',1,'2020-11-30 16:56:26','2020-11-30 16:56:28'),(2749,'بوكس ميكيكب',1,'2020-11-30 16:56:26','2020-11-30 16:56:28'),(2750,'بوكس ميكيكبك',2,'2020-11-30 16:56:27','2021-05-02 11:26:10'),(2751,'بوكس ميكيكبكك',0,'2020-11-30 16:56:28','2020-11-30 16:56:28'),(2752,'بوكس ميي',1,'2020-11-30 16:56:30','2020-11-30 16:56:32'),(2753,'بوكس مييك',1,'2020-11-30 16:56:31','2020-11-30 16:56:32'),(2754,'بوكس مييكي',1,'2020-11-30 16:56:31','2020-11-30 16:56:32'),(2755,'بوكس مييكيك',0,'2020-11-30 16:56:32','2020-11-30 16:56:32'),(2756,'بوكس ميكب',1,'2020-11-30 16:56:35','2020-11-30 16:56:36'),(2757,'men c',1,'2020-11-30 19:46:59','2020-11-30 19:47:05'),(2758,'men cl',1,'2020-11-30 19:47:00','2020-11-30 19:47:04'),(2759,'men clz',0,'2020-11-30 19:47:03','2020-11-30 19:47:03'),(2760,'men j',1,'2020-11-30 19:47:07','2020-11-30 19:47:08'),(2761,'men ja',1,'2020-11-30 19:47:07','2020-11-30 19:47:07'),(2762,'hod',3,'2020-11-30 19:47:11','2021-03-15 21:12:38'),(2763,'instan',19,'2020-11-30 20:46:57','2021-04-26 15:34:06'),(2764,'instant',2,'2020-11-30 20:47:00','2020-11-30 20:47:32'),(2765,'instant b',0,'2020-11-30 20:47:33','2020-11-30 20:47:33'),(2766,'instant bl',0,'2020-11-30 20:47:34','2020-11-30 20:47:34'),(2767,'instant blr',1,'2020-11-30 20:47:44','2020-11-30 20:47:45'),(2768,'mai',1,'2020-12-01 01:03:19','2021-02-10 21:41:46'),(2769,'mey',3,'2020-12-01 01:03:23','2020-12-01 01:03:23'),(2770,'mei',1,'2020-12-01 01:03:26','2020-12-01 01:03:26'),(2771,'laura ma',1,'2020-12-01 15:03:03','2020-12-01 15:03:09'),(2772,'laura mar',0,'2020-12-01 15:03:04','2020-12-01 15:03:04'),(2773,'edy',3,'2020-12-01 17:22:04','2020-12-01 17:22:07'),(2774,'edye',1,'2020-12-01 17:22:05','2020-12-01 17:22:07'),(2775,'edyen',0,'2020-12-01 17:22:06','2020-12-01 17:22:06'),(2776,'ede',3,'2020-12-01 17:22:13','2021-05-04 23:30:17'),(2777,'eden',4,'2020-12-01 17:22:14','2021-05-15 20:33:25'),(2778,'ide',6,'2020-12-01 17:22:27','2021-01-25 00:00:01'),(2779,'iden',0,'2020-12-01 17:22:28','2020-12-01 17:22:28'),(2780,'مقشر للق',0,'2020-12-01 17:47:18','2020-12-01 17:47:18'),(2781,'مقشر للقد',0,'2020-12-01 17:47:18','2020-12-01 17:47:18'),(2782,'مقشر للقدم',0,'2020-12-01 17:47:19','2020-12-01 17:47:19'),(2783,'مقشر للقدمي',0,'2020-12-01 17:47:19','2020-12-01 17:47:19'),(2784,'مقشر للقدمين',1,'2020-12-01 17:47:19','2020-12-01 17:47:20'),(2785,'bur',5,'2020-12-01 17:55:55','2021-02-21 13:52:47'),(2786,'burb',1,'2020-12-01 17:55:55','2020-12-01 17:55:56'),(2787,'adid',8,'2020-12-01 17:57:18','2021-04-07 07:35:27'),(2788,'adidas',15,'2020-12-01 17:57:18','2021-05-05 03:07:11'),(2789,'فيرس',2,'2020-12-01 22:56:53','2020-12-01 22:56:53'),(2790,'فيرسا',1,'2020-12-01 22:56:53','2020-12-01 22:56:53'),(2791,'فيرسات',0,'2020-12-01 22:56:53','2020-12-01 22:56:53'),(2792,'فيرساتش',0,'2020-12-01 22:56:54','2020-12-01 22:56:54'),(2793,'فيرساتشي',0,'2020-12-01 22:56:54','2020-12-01 22:56:54'),(2794,'ام ا',3,'2020-12-01 23:38:30','2021-04-25 17:58:09'),(2795,'ام اس',4,'2020-12-01 23:38:30','2021-04-25 17:58:10'),(2796,'ام اسا',9,'2020-12-01 23:38:30','2021-04-25 17:58:11'),(2797,'ام اسام',3,'2020-12-01 23:38:32','2021-04-25 17:58:11'),(2798,'مصفف',6,'2020-12-01 23:47:47','2020-12-01 23:47:53'),(2799,'مصفف ش',1,'2020-12-01 23:47:48','2020-12-01 23:47:53'),(2800,'مصفف شع',1,'2020-12-01 23:47:50','2020-12-01 23:47:52'),(2801,'مصفف شعر',1,'2020-12-01 23:47:50','2021-03-31 13:47:12'),(2802,'wet',3,'2020-12-02 01:25:26','2020-12-02 01:25:27'),(2803,'ويت',3,'2020-12-02 01:25:33','2020-12-02 01:25:35'),(2804,'ماني',2,'2020-12-02 07:36:19','2020-12-02 07:36:22'),(2805,'مانيي',2,'2020-12-02 07:36:19','2020-12-02 07:36:21'),(2806,'مانييك',1,'2020-12-02 07:36:19','2020-12-02 07:36:21'),(2807,'مانييكك',0,'2020-12-02 07:36:21','2020-12-02 07:36:21'),(2808,'قلم ل',4,'2020-12-02 08:13:50','2020-12-08 20:29:16'),(2809,'قلم لل',3,'2020-12-02 08:13:50','2020-12-08 20:29:16'),(2810,'شالات',21,'2020-12-03 03:58:07','2021-02-21 00:06:12'),(2811,'age',3,'2020-12-03 04:26:41','2020-12-03 04:26:42'),(2812,'agen',1,'2020-12-03 04:26:43','2020-12-03 04:26:43'),(2813,'agent',0,'2020-12-03 04:26:45','2020-12-03 04:26:45'),(2814,'كيبو',0,'2020-12-03 05:45:15','2020-12-03 05:45:15'),(2815,'كيبور',0,'2020-12-03 05:45:15','2020-12-03 05:45:15'),(2816,'كيبورد',1,'2020-12-03 05:45:16','2020-12-03 05:45:38'),(2817,'لوح',3,'2020-12-03 05:45:42','2021-04-18 01:54:48'),(2818,'لوحة',12,'2020-12-03 05:45:42','2021-04-18 01:54:52'),(2819,'لوحة م',3,'2020-12-03 05:45:44','2021-04-05 05:49:55'),(2820,'لوحة ما',0,'2020-12-03 05:45:45','2020-12-03 05:45:45'),(2821,'msk',1,'2020-12-03 11:42:14','2020-12-03 11:42:15'),(2822,'جوار',3,'2020-12-04 02:55:10','2021-04-26 01:01:05'),(2823,'جوارب',15,'2020-12-04 02:55:10','2021-05-08 11:42:14'),(2824,'قمي',1,'2020-12-04 02:55:21','2020-12-04 02:55:24'),(2825,'قميص',2,'2020-12-04 02:55:22','2020-12-04 02:55:22'),(2826,'ازي',6,'2020-12-04 19:37:57','2020-12-14 03:03:12'),(2827,'ازيا',9,'2020-12-04 19:37:57','2020-12-14 03:03:11'),(2828,'ازياء',4,'2020-12-04 19:37:58','2020-12-14 03:03:09'),(2829,'superh',0,'2020-12-05 09:33:43','2020-12-05 09:33:43'),(2830,'superhe',0,'2020-12-05 09:33:44','2020-12-05 09:33:44'),(2831,'superhero',5,'2020-12-05 09:33:45','2020-12-05 09:33:50'),(2832,'محدد ج',0,'2020-12-05 16:54:33','2020-12-05 16:54:33'),(2833,'قمحدد حواجب',1,'2020-12-05 16:54:41','2020-12-05 16:54:45'),(2834,'قلمحدد حواجب',1,'2020-12-05 16:54:42','2020-12-05 16:54:44'),(2835,'قلممحدد حواجب',9,'2020-12-05 16:54:42','2021-05-04 20:48:12'),(2836,'maybelle',16,'2020-12-05 16:59:17','2021-05-05 11:39:28'),(2837,'maybellen',1,'2020-12-05 16:59:17','2020-12-05 16:59:19'),(2838,'maybellene',0,'2020-12-05 16:59:17','2020-12-05 16:59:17'),(2839,'imaybell',0,'2020-12-05 16:59:32','2020-12-05 16:59:32'),(2840,'لوي',5,'2020-12-06 02:32:26','2021-05-03 03:38:44'),(2841,'lowy',0,'2020-12-06 02:32:45','2020-12-06 02:32:45'),(2842,'lowe',6,'2020-12-06 02:32:49','2020-12-06 02:33:19'),(2843,'lowey',1,'2020-12-06 02:32:50','2020-12-06 02:33:17'),(2844,'lowei',0,'2020-12-06 02:33:14','2020-12-06 02:33:14'),(2845,'طاول',4,'2020-12-06 19:25:00','2021-05-03 03:02:56'),(2846,'طاوله',1,'2020-12-06 19:25:00','2020-12-06 19:25:02'),(2847,'طاوله ق',0,'2020-12-06 19:25:03','2020-12-06 19:25:03'),(2848,'طاوله قه',0,'2020-12-06 19:25:03','2020-12-06 19:25:03'),(2849,'طاوله قهو',0,'2020-12-06 19:25:04','2020-12-06 19:25:04'),(2850,'طاوله قهوه',3,'2020-12-06 19:25:04','2021-04-09 04:01:53'),(2851,'ركن',12,'2020-12-06 19:25:15','2021-04-12 16:23:21'),(2852,'ركن ق',0,'2020-12-06 19:25:17','2020-12-06 19:25:17'),(2853,'ركن قه',0,'2020-12-06 19:25:18','2020-12-06 19:25:18'),(2854,'ركن قهو',0,'2020-12-06 19:25:18','2020-12-06 19:25:18'),(2855,'ركن قهوه',1,'2020-12-06 19:25:19','2020-12-06 19:25:19'),(2856,'روبة',1,'2020-12-07 01:53:35','2020-12-07 01:53:35'),(2857,'احدي',4,'2020-12-07 03:30:44','2020-12-09 13:02:21'),(2858,'احدية',4,'2020-12-07 03:30:47','2020-12-09 13:02:24'),(2859,'معط',2,'2020-12-07 03:31:09','2020-12-07 03:31:14'),(2860,'معطف',2,'2020-12-07 03:31:10','2020-12-07 03:31:11'),(2861,'revitala',0,'2020-12-07 04:54:17','2020-12-07 04:54:17'),(2862,'revitalash',2,'2020-12-07 04:54:18','2020-12-07 04:54:19'),(2863,'ريفيتال',2,'2020-12-07 04:54:26','2020-12-07 04:54:27'),(2864,'brida',3,'2020-12-08 00:42:10','2020-12-08 00:42:12'),(2865,'bridal',2,'2020-12-08 00:42:11','2020-12-08 00:42:11'),(2866,'بودره',9,'2020-12-08 11:21:50','2021-02-25 16:10:39'),(2867,'for a',0,'2020-12-08 12:06:14','2020-12-08 12:06:14'),(2868,'for e',1,'2020-12-08 12:06:18','2020-12-08 12:06:19'),(2869,'fore',0,'2020-12-08 12:06:25','2020-12-08 12:06:25'),(2870,'forev',0,'2020-12-08 12:06:26','2020-12-08 12:06:26'),(2871,'foreve',1,'2020-12-08 12:06:27','2021-02-14 10:27:52'),(2872,'forever',1,'2020-12-08 12:06:34','2020-12-08 12:06:35'),(2873,'بى',3,'2020-12-08 12:07:08','2020-12-30 17:49:59'),(2874,'بودره f',0,'2020-12-08 12:07:29','2020-12-08 12:07:29'),(2875,'بودره fo',0,'2020-12-08 12:07:30','2020-12-08 12:07:30'),(2876,'بودره for',0,'2020-12-08 12:07:30','2020-12-08 12:07:30'),(2877,'بودره fore',0,'2020-12-08 12:07:39','2020-12-08 12:07:39'),(2878,'بودره forev',0,'2020-12-08 12:07:40','2020-12-08 12:07:40'),(2879,'بودره foreve',0,'2020-12-08 12:07:40','2020-12-08 12:07:40'),(2880,'بودره forever',1,'2020-12-08 12:07:40','2020-12-08 12:07:41'),(2881,'قلم للا',4,'2020-12-08 20:29:10','2020-12-08 20:29:16'),(2882,'قلم للاي',1,'2020-12-08 20:29:12','2020-12-08 20:29:16'),(2883,'قلم للايب',1,'2020-12-08 20:29:12','2020-12-08 20:29:16'),(2884,'قلم للايبا',1,'2020-12-08 20:29:13','2020-12-08 20:29:15'),(2885,'قلم للايباد',2,'2020-12-08 20:29:13','2021-03-05 22:59:08'),(2886,'prad',12,'2020-12-09 01:49:46','2021-05-07 04:19:07'),(2887,'prada',16,'2020-12-09 01:49:47','2021-05-11 14:15:23'),(2888,'بيتا',3,'2020-12-09 02:47:15','2020-12-09 02:47:18'),(2889,'بيتاد',1,'2020-12-09 02:47:16','2020-12-09 02:47:17'),(2890,'بيتادي',0,'2020-12-09 02:47:16','2020-12-09 02:47:16'),(2891,'اقن',4,'2020-12-09 03:33:27','2021-05-12 03:20:35'),(2892,'اقنز',1,'2020-12-09 03:33:27','2020-12-09 03:33:27'),(2893,'اقنر',2,'2020-12-09 03:33:27','2021-04-07 10:05:00'),(2894,'ستر',2,'2020-12-09 06:21:51','2020-12-09 06:21:52'),(2895,'ستر',0,'2020-12-09 06:21:51','2020-12-09 06:21:51'),(2896,'سترا',0,'2020-12-09 06:21:58','2020-12-09 06:21:58'),(2897,'سترات',0,'2020-12-09 06:21:59','2020-12-09 06:21:59'),(2898,'ستراتو',1,'2020-12-09 06:21:59','2020-12-09 06:21:59'),(2899,'ستراتوس',1,'2020-12-09 06:22:02','2020-12-09 06:22:04'),(2900,'ستراتوسي',0,'2020-12-09 06:22:03','2020-12-09 06:22:03'),(2901,'ستراتوسف',0,'2020-12-09 06:22:05','2020-12-09 06:22:05'),(2902,'ستراتوسفي',0,'2020-12-09 06:22:06','2020-12-09 06:22:06'),(2903,'ستراتوسفير',1,'2020-12-09 06:22:06','2020-12-09 06:22:10'),(2904,'ingl',0,'2020-12-09 08:33:24','2020-12-09 08:33:24'),(2905,'انق',6,'2020-12-09 08:33:31','2020-12-09 08:33:40'),(2906,'انقا',1,'2020-12-09 08:33:32','2020-12-09 08:33:34'),(2907,'انقب',0,'2020-12-09 08:33:36','2020-12-09 08:33:36'),(2908,'انقل',1,'2020-12-09 08:33:41','2020-12-09 08:33:41'),(2909,'انقلو',0,'2020-12-09 08:33:41','2020-12-09 08:33:41'),(2910,'انقلوت',1,'2020-12-09 08:33:42','2020-12-09 08:33:43'),(2911,'احدية ن',0,'2020-12-09 13:02:24','2020-12-09 13:02:24'),(2912,'احدية نس',0,'2020-12-09 13:02:25','2020-12-09 13:02:25'),(2913,'احدية نسا',0,'2020-12-09 13:02:26','2020-12-09 13:02:26'),(2914,'احدية نسائ',0,'2020-12-09 13:02:31','2020-12-09 13:02:31'),(2915,'احدية نسائي',0,'2020-12-09 13:02:32','2020-12-09 13:02:32'),(2916,'احدية نسائية',1,'2020-12-09 13:02:33','2020-12-09 13:02:34'),(2917,'بلو ف',0,'2020-12-09 14:04:45','2020-12-09 14:04:45'),(2918,'بلو في',0,'2020-12-09 14:04:45','2020-12-09 14:04:45'),(2919,'بلو فير',0,'2020-12-09 14:04:46','2020-12-09 14:04:46'),(2920,'بلو فيرس',0,'2020-12-09 14:04:48','2020-12-09 14:04:48'),(2921,'بلو فيرسا',0,'2020-12-09 14:04:49','2020-12-09 14:04:49'),(2922,'بلو فيرسات',0,'2020-12-09 14:04:49','2020-12-09 14:04:49'),(2923,'بلو فيرساتش',0,'2020-12-09 14:04:49','2020-12-09 14:04:49'),(2924,'بلو فيرساتشي',1,'2020-12-09 14:04:49','2020-12-09 14:04:50'),(2925,'فرس',3,'2020-12-09 14:04:54','2021-02-12 12:39:58'),(2926,'فرسا',1,'2020-12-09 14:04:54','2020-12-09 14:04:54'),(2927,'فرسانش',45,'2020-12-09 14:04:55','2021-04-01 18:10:51'),(2928,'فرسانشي',1,'2020-12-09 14:04:55','2020-12-09 14:04:56'),(2929,'dis',4,'2020-12-09 20:33:38','2021-04-06 00:29:23'),(2930,'disn',5,'2020-12-09 20:33:38','2021-05-06 22:09:28'),(2931,'disne',0,'2020-12-09 20:33:38','2020-12-09 20:33:38'),(2932,'disney',1,'2020-12-09 20:33:39','2020-12-09 20:33:40'),(2933,'ملابس ا',5,'2020-12-09 21:33:32','2021-04-03 17:38:45'),(2934,'ملابس اط',2,'2020-12-09 21:33:32','2021-04-03 17:38:45'),(2935,'ملابس اطف',2,'2020-12-09 21:33:33','2021-04-03 17:38:45'),(2936,'ملابس اطفا',3,'2020-12-09 21:33:33','2021-04-03 17:38:44'),(2937,'ملابس اطفال',5,'2020-12-09 21:33:33','2021-04-03 17:38:43'),(2938,'ملابس اطفال',0,'2020-12-09 21:33:33','2020-12-09 21:33:33'),(2939,'sal',4,'2020-12-10 04:20:43','2021-04-04 19:09:46'),(2940,'salv',4,'2020-12-10 04:20:43','2021-04-04 19:09:48'),(2941,'salva',0,'2020-12-10 04:20:43','2020-12-10 04:20:43'),(2942,'salvat',0,'2020-12-10 04:20:43','2020-12-10 04:20:43'),(2943,'salvato',0,'2020-12-10 04:20:43','2020-12-10 04:20:43'),(2944,'salvator',0,'2020-12-10 04:20:43','2020-12-10 04:20:43'),(2945,'salvatore',2,'2020-12-10 04:20:43','2020-12-10 04:20:44'),(2946,'face m',0,'2020-12-11 12:47:05','2020-12-11 12:47:05'),(2947,'face ma',0,'2020-12-11 12:47:06','2020-12-11 12:47:06'),(2948,'face mas',0,'2020-12-11 12:47:06','2020-12-11 12:47:06'),(2949,'face mask',5,'2020-12-11 12:47:06','2020-12-11 12:47:07'),(2950,'face mask',0,'2020-12-11 12:47:06','2020-12-11 12:47:06'),(2951,'منظ',6,'2020-12-11 16:04:02','2021-04-18 23:49:23'),(2952,'منظم',10,'2020-12-11 16:04:02','2021-02-13 10:44:35'),(2953,'تون',6,'2020-12-12 05:54:44','2020-12-12 05:55:19'),(2954,'تونك',0,'2020-12-12 05:55:16','2020-12-12 05:55:16'),(2955,'nailp',0,'2020-12-12 19:51:25','2020-12-12 19:51:25'),(2956,'nailpo',0,'2020-12-12 19:51:25','2020-12-12 19:51:25'),(2957,'nailpol',0,'2020-12-12 19:51:25','2020-12-12 19:51:25'),(2958,'nailpols',0,'2020-12-12 19:51:28','2020-12-12 19:51:28'),(2959,'nailpolsh',1,'2020-12-12 19:51:29','2020-12-12 19:51:29'),(2960,'adf',0,'2020-12-13 14:37:07','2020-12-13 14:37:07'),(2961,'عطر ر',0,'2020-12-13 19:55:08','2020-12-13 19:55:08'),(2962,'عطر رد',2,'2020-12-13 19:55:09','2020-12-13 19:55:09'),(2963,'عطر رد ر',3,'2020-12-13 19:55:09','2020-12-13 19:55:46'),(2964,'عطر رد رو',0,'2020-12-13 19:55:12','2020-12-13 19:55:12'),(2965,'عطر رد روز',1,'2020-12-13 19:55:13','2020-12-13 19:55:13'),(2966,'رد رز',1,'2020-12-13 19:55:43','2020-12-13 19:55:45'),(2967,'رد رزو',3,'2020-12-13 19:55:43','2020-12-13 19:55:44'),(2968,'gerla',1,'2020-12-13 23:04:33','2020-12-13 23:04:34'),(2969,'جيب',3,'2020-12-13 23:04:40','2021-04-24 05:08:05'),(2970,'جيل',4,'2020-12-13 23:04:41','2021-04-11 02:12:45'),(2971,'جير',13,'2020-12-13 23:04:46','2021-05-03 22:03:03'),(2972,'جيرل',7,'2020-12-13 23:04:47','2021-05-03 22:03:04'),(2973,'جيرلن',0,'2020-12-13 23:04:48','2020-12-13 23:04:48'),(2974,'shm',6,'2020-12-13 23:13:24','2021-03-18 15:40:00'),(2975,'shma',1,'2020-12-13 23:13:24','2021-03-18 15:40:00'),(2976,'دييغو ق',1,'2020-12-14 01:01:57','2020-12-14 01:02:00'),(2977,'دييغو قل',1,'2020-12-14 01:01:58','2020-12-14 01:02:00'),(2978,'دييغو قلم',0,'2020-12-14 01:01:58','2020-12-14 01:01:58'),(2979,'مسا',8,'2020-12-14 05:34:28','2021-05-11 06:57:58'),(2980,'مسابي',1,'2020-12-14 05:34:28','2020-12-14 05:34:28'),(2981,'اساط',0,'2020-12-14 09:29:14','2020-12-14 09:29:14'),(2982,'اساطي',2,'2020-12-14 09:29:14','2020-12-14 09:29:15'),(2983,'اساطير',2,'2020-12-14 09:29:15','2020-12-14 09:29:15'),(2984,'club',7,'2020-12-14 12:22:24','2021-02-11 16:13:26'),(2985,'club d',3,'2020-12-14 12:22:30','2021-02-11 16:13:29'),(2986,'club de',8,'2020-12-14 12:22:30','2021-02-11 16:13:29'),(2987,'club de n',1,'2020-12-14 12:22:38','2021-02-11 16:13:30'),(2988,'ramo',0,'2020-12-14 12:24:40','2020-12-14 12:24:40'),(2989,'ramon',25,'2020-12-14 12:24:40','2021-04-21 02:31:14'),(2990,'hampot',0,'2020-12-14 12:27:00','2020-12-14 12:27:00'),(2991,'hampots',1,'2020-12-14 12:27:00','2020-12-14 12:27:01'),(2992,'كارون',0,'2020-12-14 12:37:47','2020-12-14 12:37:47'),(2993,'caro',3,'2020-12-14 12:38:13','2021-04-16 18:05:59'),(2994,'caron',1,'2020-12-14 12:38:13','2020-12-14 12:38:13'),(2995,'very',8,'2020-12-14 14:11:37','2020-12-14 22:15:48'),(2996,'very m',8,'2020-12-14 14:11:41','2020-12-14 22:15:49'),(2997,'very mu',2,'2020-12-14 14:11:41','2020-12-14 14:11:59'),(2998,'very mud',1,'2020-12-14 14:11:53','2020-12-14 14:11:58'),(2999,'very mudra',3,'2020-12-14 14:11:54','2020-12-14 14:11:58'),(3000,'very mudrak',9,'2020-12-14 14:11:54','2020-12-14 22:15:46'),(3001,'very mudrako',6,'2020-12-14 14:11:54','2020-12-14 22:15:46'),(3002,'incen',1,'2020-12-14 14:12:26','2020-12-14 14:12:27'),(3003,'اجهز',1,'2020-12-14 16:08:47','2020-12-14 16:08:50'),(3004,'اجهزه',6,'2020-12-14 16:08:47','2021-04-24 00:33:25'),(3005,'الكت',3,'2020-12-14 16:08:52','2020-12-27 20:19:21'),(3006,'الكتر',2,'2020-12-14 16:08:53','2020-12-27 20:19:21'),(3007,'الكترو',2,'2020-12-14 16:08:53','2020-12-27 20:19:21'),(3008,'الكترون',1,'2020-12-14 16:08:53','2020-12-27 20:19:21'),(3009,'الكتروني',1,'2020-12-14 16:08:54','2020-12-27 20:19:22'),(3010,'الكترونيا',1,'2020-12-14 16:08:54','2020-12-27 20:19:22'),(3011,'الكترونيات',1,'2020-12-14 16:08:54','2020-12-27 20:19:23'),(3012,'رد م',0,'2020-12-14 17:38:51','2020-12-14 17:38:51'),(3013,'رد ما',0,'2020-12-14 17:38:51','2020-12-14 17:38:51'),(3014,'رد ماج',0,'2020-12-14 17:38:52','2020-12-14 17:38:52'),(3015,'رد ماجي',0,'2020-12-14 17:38:52','2020-12-14 17:38:52'),(3016,'رد ماجيك',1,'2020-12-14 17:38:53','2020-12-14 17:38:53'),(3017,'drakon',5,'2020-12-14 17:48:08','2020-12-14 22:15:23'),(3018,'dyp',0,'2020-12-14 17:59:48','2020-12-14 17:59:48'),(3019,'dip',5,'2020-12-14 18:00:13','2021-03-14 15:56:36'),(3020,'dipt',2,'2020-12-14 18:00:13','2020-12-14 18:00:29'),(3021,'dipty',0,'2020-12-14 18:00:26','2020-12-14 18:00:26'),(3022,'veru',1,'2020-12-14 18:05:13','2020-12-14 18:05:19'),(3023,'veruy',1,'2020-12-14 18:05:15','2020-12-14 18:05:20'),(3024,'veruy m',1,'2020-12-14 18:05:16','2020-12-14 18:05:18'),(3025,'veruy mu',0,'2020-12-14 18:05:16','2020-12-14 18:05:16'),(3026,'heal',2,'2020-12-14 21:05:53','2020-12-14 21:05:55'),(3027,'heald',2,'2020-12-14 21:05:56','2020-12-14 21:05:56'),(3028,'الكس',0,'2020-12-14 22:34:22','2020-12-14 22:34:22'),(3029,'الكسن',0,'2020-12-14 22:34:22','2020-12-14 22:34:22'),(3030,'الكسندر',2,'2020-12-14 22:34:23','2020-12-14 22:34:23'),(3031,'قتر',6,'2020-12-14 23:33:05','2020-12-18 02:56:33'),(3032,'قتره',0,'2020-12-14 23:33:05','2020-12-14 23:33:05'),(3033,'شماع',14,'2020-12-14 23:33:10','2021-05-04 06:39:09'),(3034,'bla',16,'2020-12-15 00:36:50','2021-03-30 05:16:54'),(3035,'blac',16,'2020-12-15 00:36:50','2021-03-30 05:16:58'),(3036,'black',61,'2020-12-15 00:36:50','2021-04-22 14:41:04'),(3037,'black af',4,'2020-12-15 00:36:54','2020-12-19 16:56:43'),(3038,'عطر ت',2,'2020-12-15 01:43:02','2020-12-15 01:43:11'),(3039,'عطر تو',1,'2020-12-15 01:43:02','2020-12-15 01:43:11'),(3040,'عطر توك',1,'2020-12-15 01:43:04','2020-12-15 01:43:11'),(3041,'عطر توكسي',5,'2020-12-15 01:43:05','2020-12-15 01:43:14'),(3042,'عطر توكسيد',7,'2020-12-15 01:43:05','2021-04-05 15:55:23'),(3043,'عطر توكسيدو',3,'2020-12-15 01:43:06','2020-12-15 01:43:19'),(3044,'منظما',4,'2020-12-15 03:22:20','2020-12-20 00:32:59'),(3045,'منظمات',2,'2020-12-15 03:22:21','2020-12-20 00:32:59'),(3046,'MAJO',6,'2020-12-15 06:26:53','2021-01-25 16:09:48'),(3047,'MAJOu',7,'2020-12-15 06:27:01','2021-01-25 16:09:47'),(3048,'MAJOUr',5,'2020-12-15 06:27:09','2021-01-25 16:09:46'),(3049,'MAJOURI',3,'2020-12-15 06:27:12','2021-01-25 15:59:42'),(3050,'face wi',3,'2020-12-15 11:24:39','2020-12-15 11:24:40'),(3051,'face wh',0,'2020-12-15 11:24:42','2020-12-15 11:24:42'),(3052,'face whi',0,'2020-12-15 11:24:42','2020-12-15 11:24:42'),(3053,'face whit',0,'2020-12-15 11:24:43','2020-12-15 11:24:43'),(3054,'face white',1,'2020-12-15 11:24:43','2020-12-15 11:24:43'),(3055,'توم ف',3,'2020-12-15 14:59:45','2021-05-13 13:50:34'),(3056,'توم فو',2,'2020-12-15 14:59:45','2021-05-13 13:50:35'),(3057,'توم فور',3,'2020-12-15 14:59:46','2021-05-13 13:50:40'),(3058,'توم فورد',5,'2020-12-15 14:59:47','2021-05-13 13:50:41'),(3059,'بش',7,'2020-12-16 01:00:28','2021-05-06 23:51:01'),(3060,'بشت',14,'2020-12-16 01:00:29','2021-05-06 23:51:06'),(3061,'دنه',19,'2020-12-16 01:04:57','2021-05-15 16:49:57'),(3062,'دنهل',36,'2020-12-16 01:04:57','2021-05-15 16:49:58'),(3063,'text',30,'2020-12-16 01:17:37','2021-04-18 06:17:40'),(3064,'شماغ د',17,'2020-12-16 02:41:45','2021-05-03 21:15:10'),(3065,'شماغ دنه',26,'2020-12-16 02:41:45','2021-05-03 21:15:16'),(3066,'شماغ دنهل',13,'2020-12-16 02:41:46','2021-05-03 21:15:11'),(3067,'جنف',2,'2020-12-16 06:14:06','2020-12-16 06:14:07'),(3068,'براون',49,'2020-12-16 14:48:40','2021-05-09 15:43:30'),(3069,'شماغ دي',1,'2020-12-16 15:19:29','2020-12-16 15:19:32'),(3070,'شماغ ديهن',3,'2020-12-16 15:19:30','2020-12-16 15:19:32'),(3071,'شماغ ديهني',2,'2020-12-16 15:19:30','2020-12-16 15:19:32'),(3072,'شماغ ديهنيد',2,'2020-12-16 15:19:30','2020-12-16 15:19:31'),(3073,'شماغ ديهنيل',2,'2020-12-16 15:19:31','2020-12-16 15:19:32'),(3074,'شماغ دنهد',0,'2020-12-16 15:19:45','2020-12-16 15:19:45'),(3075,'شماغ دنهل ا',1,'2020-12-16 15:19:47','2021-05-03 21:15:11'),(3076,'شماغ دنهل اح',1,'2020-12-16 15:19:47','2021-05-03 21:15:11'),(3077,'شماغ دنهل احم',1,'2020-12-16 15:19:47','2021-05-03 21:15:13'),(3078,'شماغ دنهل احمر',6,'2020-12-16 15:19:48','2021-05-03 21:15:15'),(3079,'diego dallap',1,'2020-12-16 15:23:57','2020-12-16 15:23:57'),(3080,'diego dallapa',1,'2020-12-16 15:23:57','2020-12-16 15:23:57'),(3081,'diego dallapal',0,'2020-12-16 15:23:57','2020-12-16 15:23:57'),(3082,'diego dalla pall',0,'2020-12-16 15:23:59','2020-12-16 15:23:59'),(3083,'هاين',0,'2020-12-16 15:30:28','2020-12-16 15:30:28'),(3084,'هاينك',2,'2020-12-16 15:30:28','2020-12-16 15:30:29'),(3085,'عطر ف',7,'2020-12-16 15:39:36','2021-03-12 22:14:21'),(3086,'عطر فا',6,'2020-12-16 15:39:36','2020-12-23 20:58:18'),(3087,'عطر فان',10,'2020-12-16 15:39:36','2021-02-25 16:33:33'),(3088,'عطر فان ك',4,'2020-12-16 15:39:40','2021-04-17 13:33:20'),(3089,'عطر فان كلي',14,'2020-12-16 15:39:40','2021-04-17 13:33:23'),(3090,'عطر فان كليب',1,'2020-12-16 15:39:42','2020-12-16 15:39:44'),(3091,'عطر فان كليبف',0,'2020-12-16 15:39:44','2020-12-16 15:39:44'),(3092,'عطر ڤ',1,'2020-12-16 15:40:02','2021-03-04 15:56:37'),(3093,'عطر مي',4,'2020-12-16 15:40:10','2021-04-02 22:12:47'),(3094,'عطر ميم',4,'2020-12-16 15:40:15','2021-04-02 22:15:20'),(3095,'عطر ميمو',2,'2020-12-16 15:40:15','2021-04-02 22:15:21'),(3096,'غتر رج',7,'2020-12-16 15:56:09','2021-05-07 04:36:24'),(3097,'غتر رجا',2,'2020-12-16 15:56:10','2020-12-19 17:45:25'),(3098,'غتر رجالي',6,'2020-12-16 15:56:10','2020-12-19 17:45:27'),(3099,'غتر رجالية',1,'2020-12-16 15:56:10','2020-12-16 15:56:10'),(3100,'dun',11,'2020-12-16 16:51:04','2021-04-17 02:59:29'),(3101,'كفرا',14,'2020-12-16 18:35:59','2021-05-06 08:27:19'),(3102,'كفرات',8,'2020-12-16 18:36:00','2021-05-03 10:25:37'),(3103,'yez',1,'2020-12-16 19:10:40','2020-12-16 19:10:58'),(3104,'yezz',2,'2020-12-16 19:10:40','2020-12-16 19:10:57'),(3105,'yezze',0,'2020-12-16 19:10:40','2020-12-16 19:10:40'),(3106,'yezza',0,'2020-12-16 19:10:43','2020-12-16 19:10:43'),(3107,'حبر',8,'2020-12-16 20:51:27','2021-03-31 16:11:55'),(3108,'طاب',5,'2020-12-16 20:51:33','2020-12-16 20:51:39'),(3109,'طابع',1,'2020-12-16 20:51:34','2020-12-16 20:51:39'),(3110,'https://youtu.be/iUaY6HSaEAg',6,'2020-12-16 21:32:24','2021-03-19 13:21:02'),(3111,'di m',3,'2020-12-17 00:53:42','2020-12-17 00:53:43'),(3112,'sw',3,'2020-12-17 00:53:51','2021-04-15 14:46:33'),(3113,'swa',1,'2020-12-17 00:53:51','2020-12-17 00:53:52'),(3114,'swat',1,'2020-12-17 00:53:51','2020-12-17 00:53:52'),(3115,'swatc',0,'2020-12-17 00:53:52','2020-12-17 00:53:52'),(3116,'swatch',1,'2020-12-17 00:53:52','2020-12-17 00:53:52'),(3117,'عطر الشي',0,'2020-12-17 02:16:28','2020-12-17 02:16:28'),(3118,'عطر الشيخ',0,'2020-12-17 02:16:28','2020-12-17 02:16:28'),(3119,'KLl',1,'2020-12-17 05:14:48','2020-12-17 05:14:48'),(3120,'KLAl',2,'2020-12-17 05:14:49','2021-03-16 11:48:09'),(3121,'KLAAl',0,'2020-12-17 05:14:50','2020-12-17 05:14:50'),(3122,'KLAAPl',2,'2020-12-17 05:14:51','2020-12-17 05:14:53'),(3123,'تيشي',1,'2020-12-17 06:25:15','2020-12-17 06:25:18'),(3124,'تيشير',2,'2020-12-17 06:25:15','2020-12-17 06:25:18'),(3125,'تيشيرا',0,'2020-12-17 06:25:16','2020-12-17 06:25:16'),(3126,'تيشيرت',0,'2020-12-17 06:25:18','2020-12-17 06:25:18'),(3127,'سماغ',1,'2020-12-17 08:35:52','2020-12-17 08:35:52'),(3128,'كريد',9,'2020-12-17 22:07:15','2021-03-19 09:08:10'),(3129,'جر',13,'2020-12-17 22:07:20','2021-03-29 09:16:38'),(3130,'جريد',6,'2020-12-17 22:07:23','2020-12-17 22:07:23'),(3131,'شماغ  ب',1,'2020-12-17 23:27:12','2020-12-17 23:27:16'),(3132,'شماغ  بن',2,'2020-12-17 23:27:12','2020-12-17 23:27:13'),(3133,'شماغ  بنت',0,'2020-12-17 23:27:12','2020-12-17 23:27:12'),(3134,'احذية',6,'2020-12-17 23:38:31','2021-02-13 12:46:35'),(3135,'شوز',3,'2020-12-17 23:38:44','2021-03-15 13:56:56'),(3136,'شوزا',1,'2020-12-17 23:38:44','2020-12-17 23:38:45'),(3137,'شوزات',2,'2020-12-17 23:38:45','2020-12-17 23:38:45'),(3138,'أح',17,'2020-12-17 23:41:55','2021-04-29 17:26:05'),(3139,'أحذ',4,'2020-12-17 23:41:55','2021-04-29 17:26:05'),(3140,'أحذي',4,'2020-12-17 23:41:55','2021-04-29 17:26:05'),(3141,'أحذية',4,'2020-12-17 23:41:56','2021-04-29 17:26:06'),(3142,'أحذية ا',0,'2020-12-17 23:41:58','2020-12-17 23:41:58'),(3143,'أحذية اط',0,'2020-12-17 23:41:58','2020-12-17 23:41:58'),(3144,'أحذية اطف',0,'2020-12-17 23:41:59','2020-12-17 23:41:59'),(3145,'أحذية اطفال',2,'2020-12-17 23:41:59','2020-12-17 23:42:00'),(3146,'الن',0,'2020-12-18 00:28:33','2020-12-18 00:28:33'),(3147,'النوخ',3,'2020-12-18 00:28:34','2020-12-18 00:28:34'),(3148,'النوخذ',1,'2020-12-18 00:28:34','2020-12-18 00:28:39'),(3149,'النوخذه',1,'2020-12-18 00:28:34','2020-12-18 00:28:36'),(3150,'النوخذة',1,'2020-12-18 00:28:39','2020-12-18 00:28:39'),(3151,'اليزا',3,'2020-12-18 01:29:27','2020-12-18 01:29:40'),(3152,'اليزاب',1,'2020-12-18 01:29:28','2020-12-18 01:29:40'),(3153,'اليزابي',2,'2020-12-18 01:29:28','2020-12-18 01:29:39'),(3154,'اليزابيث',1,'2020-12-18 01:29:28','2020-12-18 01:29:29'),(3155,'وايت ت',1,'2020-12-18 01:29:44','2020-12-18 01:29:45'),(3156,'وايت تي',1,'2020-12-18 01:29:45','2020-12-18 01:29:46'),(3157,'جي ش',3,'2020-12-18 03:16:25','2020-12-18 03:16:26'),(3158,'جي شو',0,'2020-12-18 03:16:26','2020-12-18 03:16:26'),(3159,'جي شوك',2,'2020-12-18 03:16:26','2020-12-18 03:16:27'),(3160,'قوت',2,'2020-12-18 07:11:43','2021-04-11 02:16:03'),(3161,'قوتش',3,'2020-12-18 07:11:46','2021-04-11 02:16:03'),(3162,'قوتشي',11,'2020-12-18 07:11:47','2021-04-15 22:58:17'),(3163,'amara g',4,'2020-12-18 11:04:06','2020-12-18 11:04:58'),(3164,'amara go',2,'2020-12-18 11:04:06','2020-12-18 11:04:14'),(3165,'amara d',1,'2020-12-18 11:05:00','2020-12-18 11:05:00'),(3166,'amara de',0,'2020-12-18 11:05:02','2020-12-18 11:05:02'),(3167,'الغ',2,'2020-12-18 16:24:18','2020-12-18 16:24:18'),(3168,'الغت',0,'2020-12-18 16:24:21','2020-12-18 16:24:21'),(3169,'الغتر',1,'2020-12-18 16:24:21','2020-12-18 16:24:23'),(3170,'الشم',2,'2020-12-18 16:24:29','2020-12-18 16:24:29'),(3171,'الشمغ',1,'2020-12-18 16:24:29','2020-12-18 16:24:30'),(3172,'foa',3,'2020-12-18 17:37:33','2020-12-18 21:08:44'),(3173,'foam',7,'2020-12-18 17:37:34','2020-12-18 21:08:42'),(3174,'foam c',1,'2020-12-18 17:37:34','2020-12-18 17:37:38'),(3175,'foam cl',1,'2020-12-18 17:37:34','2020-12-18 17:37:37'),(3176,'foam cle',2,'2020-12-18 17:37:34','2020-12-18 17:37:36'),(3177,'foam clea',9,'2020-12-18 17:37:34','2021-04-01 19:26:43'),(3178,'foam clean',13,'2020-12-18 17:37:35','2021-04-01 19:26:44'),(3179,'شماغ ا',22,'2020-12-18 18:36:04','2021-05-09 20:31:52'),(3180,'شماغ ال',14,'2020-12-18 18:36:04','2021-05-09 20:31:52'),(3181,'شماغ الاب',18,'2020-12-18 18:36:04','2021-02-16 10:17:27'),(3182,'شماغ الابس',7,'2020-12-18 18:36:04','2020-12-18 18:42:47'),(3183,'شماغ الابسام',6,'2020-12-18 18:36:05','2020-12-18 18:42:42'),(3184,'الابي',4,'2020-12-18 18:42:27','2021-02-16 10:17:25'),(3185,'الابيا',1,'2020-12-18 18:42:27','2020-12-18 18:42:30'),(3186,'الابيام',0,'2020-12-18 18:42:28','2020-12-18 18:42:28'),(3187,'الابسم',1,'2020-12-18 18:42:46','2020-12-18 18:42:46'),(3188,'on p',1,'2020-12-18 19:08:27','2020-12-18 19:08:27'),(3189,'on pl',0,'2020-12-18 19:08:28','2020-12-18 19:08:28'),(3190,'on plu',0,'2020-12-18 19:08:29','2020-12-18 19:08:29'),(3191,'on plus',2,'2020-12-18 19:08:30','2020-12-18 19:08:32'),(3192,'شناغ',2,'2020-12-18 19:59:35','2020-12-21 13:39:03'),(3193,'deng',0,'2020-12-18 19:59:45','2020-12-18 19:59:45'),(3194,'dunh',3,'2020-12-18 19:59:54','2021-04-17 02:59:29'),(3195,'faim',0,'2020-12-18 21:08:39','2020-12-18 21:08:39'),(3196,'creed',39,'2020-12-18 21:42:13','2021-05-09 20:31:42'),(3197,'رول',8,'2020-12-18 22:36:27','2021-04-02 22:47:15'),(3198,'رولك',6,'2020-12-18 22:36:28','2021-04-02 22:47:13'),(3199,'رولكس',6,'2020-12-18 22:36:28','2021-04-02 22:47:11'),(3200,'rol',3,'2020-12-18 22:37:35','2021-03-17 21:55:44'),(3201,'كارت',18,'2020-12-18 22:37:46','2021-05-09 10:48:49'),(3202,'كارت',0,'2020-12-18 22:37:46','2020-12-18 22:37:46'),(3203,'كارتي',5,'2020-12-18 22:37:47','2021-05-09 10:48:51'),(3204,'كارتير',18,'2020-12-18 22:37:48','2021-05-09 23:24:22'),(3205,'coll',1,'2020-12-19 00:00:01','2020-12-19 00:00:02'),(3206,'colle',0,'2020-12-19 00:00:02','2020-12-19 00:00:02'),(3207,'collec',0,'2020-12-19 00:00:03','2020-12-19 00:00:03'),(3208,'collect',0,'2020-12-19 00:00:03','2020-12-19 00:00:03'),(3209,'collecti',0,'2020-12-19 00:00:03','2020-12-19 00:00:03'),(3210,'collectio',0,'2020-12-19 00:00:04','2020-12-19 00:00:04'),(3211,'collection',1,'2020-12-19 00:00:04','2020-12-19 00:00:05'),(3212,'جفي',1,'2020-12-19 00:29:00','2020-12-19 00:29:01'),(3213,'جفين',0,'2020-12-19 00:29:01','2020-12-19 00:29:01'),(3214,'شك',11,'2020-12-19 00:29:09','2021-05-03 09:04:58'),(3215,'شكاغ',13,'2020-12-19 00:29:09','2021-05-03 09:04:58'),(3216,'iphone 12',11,'2020-12-19 05:45:57','2021-05-10 12:55:38'),(3217,'شكع',3,'2020-12-19 09:05:45','2021-02-18 03:04:36'),(3218,'سوني',11,'2020-12-19 09:35:29','2021-05-03 01:41:07'),(3219,'بلاي',13,'2020-12-19 09:36:16','2021-05-15 22:56:04'),(3220,'dav',2,'2020-12-19 13:24:31','2020-12-19 13:24:46'),(3221,'dave',0,'2020-12-19 13:24:32','2020-12-19 13:24:32'),(3222,'dave d',0,'2020-12-19 13:24:33','2020-12-19 13:24:33'),(3223,'Arm',16,'2020-12-19 13:37:24','2021-03-19 13:22:16'),(3224,'Arma',8,'2020-12-19 13:37:26','2021-03-19 13:22:17'),(3225,'Arman',5,'2020-12-19 13:37:27','2021-03-19 13:22:18'),(3226,'Armani',13,'2020-12-19 13:37:27','2021-05-11 14:13:46'),(3227,'شاحن س',6,'2020-12-19 14:28:01','2021-05-07 09:33:20'),(3228,'شاحن سز',1,'2020-12-19 14:28:02','2020-12-19 14:28:03'),(3229,'شاحن سزي',2,'2020-12-19 14:28:02','2020-12-19 14:28:03'),(3230,'شاحن سزية',1,'2020-12-19 14:28:02','2020-12-19 14:28:03'),(3231,'شاحن سزيةة',0,'2020-12-19 14:28:02','2020-12-19 14:28:02'),(3232,'شاحن سر',0,'2020-12-19 14:28:04','2020-12-19 14:28:04'),(3233,'شاحن سريع',6,'2020-12-19 14:28:04','2021-05-03 00:54:59'),(3234,'افرد',2,'2020-12-19 16:53:22','2020-12-19 16:53:26'),(3235,'افردو',1,'2020-12-19 16:53:22','2020-12-19 16:53:25'),(3236,'افردوز',3,'2020-12-19 16:53:22','2020-12-19 16:53:23'),(3237,'lvr',0,'2020-12-19 16:53:34','2020-12-19 16:53:34'),(3238,'blan',3,'2020-12-19 16:56:27','2020-12-19 16:56:27'),(3239,'black s',2,'2020-12-19 16:56:44','2020-12-19 16:56:49'),(3240,'black sa',0,'2020-12-19 16:56:45','2020-12-19 16:56:45'),(3241,'aب',1,'2020-12-19 16:57:49','2020-12-19 16:57:50'),(3242,'aبل',1,'2020-12-19 16:57:50','2020-12-19 16:57:50'),(3243,'aبلغ',0,'2020-12-19 16:57:50','2020-12-19 16:57:50'),(3244,'بلاك س',1,'2020-12-19 16:58:01','2020-12-19 16:58:03'),(3245,'بلاك سا',1,'2020-12-19 16:58:01','2020-12-19 16:58:03'),(3246,'بلاك ساف',0,'2020-12-19 16:58:02','2020-12-19 16:58:02'),(3247,'ملابس او',1,'2020-12-19 17:05:38','2020-12-19 17:05:38'),(3248,'ملابس اول',0,'2020-12-19 17:05:41','2020-12-19 17:05:41'),(3249,'ملابس اولا',8,'2020-12-19 17:05:41','2021-05-03 08:30:32'),(3250,'ملابس اولاد',16,'2020-12-19 17:05:41','2021-05-03 08:30:32'),(3251,'ديز',1,'2020-12-19 17:06:39','2020-12-19 17:06:43'),(3252,'ديزل',3,'2020-12-19 17:06:39','2020-12-19 17:06:40'),(3253,'des',2,'2020-12-19 17:06:56','2020-12-19 17:06:57'),(3254,'نعا',7,'2020-12-19 17:20:13','2021-05-07 08:37:22'),(3255,'نعال',21,'2020-12-19 17:20:13','2021-05-09 07:49:14'),(3256,'ملابس ر',0,'2020-12-19 17:45:44','2020-12-19 17:45:44'),(3257,'ملابس رج',1,'2020-12-19 17:45:44','2020-12-19 17:45:45'),(3258,'ملابس رجا',0,'2020-12-19 17:45:45','2020-12-19 17:45:45'),(3259,'ملابس رجال',0,'2020-12-19 17:45:45','2020-12-19 17:45:45'),(3260,'ملابس رجالي',0,'2020-12-19 17:45:46','2020-12-19 17:45:46'),(3261,'ملابس رجاليه',7,'2020-12-19 17:45:46','2021-04-26 09:09:51'),(3262,'trus',12,'2020-12-19 20:39:05','2021-01-17 18:35:27'),(3263,'truss',2,'2020-12-19 20:39:06','2020-12-19 20:39:25'),(3264,'trussr',1,'2020-12-19 20:39:07','2020-12-19 20:39:15'),(3265,'trussrd',0,'2020-12-19 20:39:08','2020-12-19 20:39:08'),(3266,'trussa',0,'2020-12-19 20:39:25','2020-12-19 20:39:25'),(3267,'trussar',3,'2020-12-19 20:39:26','2021-03-13 14:16:44'),(3268,'trussard',0,'2020-12-19 20:39:27','2020-12-19 20:39:27'),(3269,'trussardi',0,'2020-12-19 20:39:28','2020-12-19 20:39:28'),(3270,'وشاح',5,'2020-12-19 20:52:26','2020-12-19 20:52:30'),(3271,'ملابس  ج',2,'2020-12-19 20:53:19','2020-12-19 20:53:25'),(3272,'ملابس  جال',3,'2020-12-19 20:53:20','2020-12-19 20:53:25'),(3273,'ملابس  جالي',0,'2020-12-19 20:53:23','2020-12-19 20:53:23'),(3274,'dji',5,'2020-12-19 21:53:10','2020-12-19 21:53:19'),(3275,'dji t',1,'2020-12-19 21:53:10','2020-12-19 21:53:18'),(3276,'dji te',1,'2020-12-19 21:53:11','2020-12-19 21:53:17'),(3277,'dji tel',1,'2020-12-19 21:53:11','2020-12-19 21:53:17'),(3278,'dji tell',1,'2020-12-19 21:53:11','2020-12-19 21:53:17'),(3279,'dji tello',1,'2020-12-19 21:53:12','2020-12-19 21:53:12'),(3280,'samsung galaxy y',0,'2020-12-19 21:53:38','2020-12-19 21:53:38'),(3281,'samsung galaxy yab',1,'2020-12-19 21:53:39','2020-12-19 21:53:39'),(3282,'whitenin',2,'2020-12-19 23:44:22','2021-05-09 02:38:48'),(3283,'whitening',8,'2020-12-19 23:44:22','2021-05-09 02:38:45'),(3284,'سوفا',3,'2020-12-19 23:47:12','2020-12-19 23:47:15'),(3285,'سوفاج',3,'2020-12-19 23:47:12','2021-03-27 03:13:49'),(3286,'سان ل',9,'2020-12-19 23:47:23','2021-04-01 18:10:50'),(3287,'سان لو',6,'2020-12-19 23:47:24','2021-04-01 18:02:12'),(3288,'سان لور',5,'2020-12-19 23:47:25','2021-03-27 21:54:17'),(3289,'سان لورا',4,'2020-12-19 23:47:25','2021-03-27 21:54:16'),(3290,'سان لوران',1,'2020-12-19 23:47:26','2021-03-27 21:54:15'),(3291,'ايتو',3,'2020-12-19 23:50:17','2020-12-19 23:50:21'),(3292,'ايتود',4,'2020-12-19 23:50:17','2020-12-19 23:50:20'),(3293,'ايتود ه',0,'2020-12-19 23:50:19','2020-12-19 23:50:19'),(3294,'امن',1,'2020-12-19 23:50:32','2020-12-19 23:50:32'),(3295,'امنت',0,'2020-12-19 23:50:33','2020-12-19 23:50:33'),(3296,'امنتج',0,'2020-12-19 23:50:33','2020-12-19 23:50:33'),(3297,'امنتجا',0,'2020-12-19 23:50:34','2020-12-19 23:50:34'),(3298,'امنتجات',1,'2020-12-19 23:50:35','2020-12-19 23:50:37'),(3299,'امنتجات ك',0,'2020-12-19 23:50:38','2020-12-19 23:50:38'),(3300,'امنتجات كو',0,'2020-12-19 23:50:38','2020-12-19 23:50:38'),(3301,'امنتجات كور',0,'2020-12-19 23:50:39','2020-12-19 23:50:39'),(3302,'امنتجات كوري',0,'2020-12-19 23:50:39','2020-12-19 23:50:39'),(3303,'امنتجات كوريه',1,'2020-12-19 23:50:40','2020-12-19 23:50:40'),(3304,'تخ',2,'2020-12-20 00:33:05','2020-12-20 00:33:06'),(3305,'تخزي',2,'2020-12-20 00:33:09','2020-12-20 00:33:11'),(3306,'تخزين',0,'2020-12-20 00:33:10','2020-12-20 00:33:10'),(3307,'شماغ الب',5,'2020-12-20 01:20:29','2021-04-29 01:19:27'),(3308,'شماغ البس',5,'2020-12-20 01:20:31','2021-04-29 01:19:27'),(3309,'شماا',1,'2020-12-20 01:20:39','2020-12-20 01:20:42'),(3310,'شمااغ',1,'2020-12-20 01:20:39','2020-12-20 01:20:39'),(3311,'اديد',0,'2020-12-20 02:11:18','2020-12-20 02:11:18'),(3312,'حذاء ر',9,'2020-12-20 03:06:50','2021-05-03 01:36:58'),(3313,'حذاء رج',1,'2020-12-20 03:06:51','2021-05-03 01:36:50'),(3314,'حذاء رجا',0,'2020-12-20 03:06:52','2020-12-20 03:06:52'),(3315,'حذاء رجال',0,'2020-12-20 03:06:52','2020-12-20 03:06:52'),(3316,'حذاء رجالي',1,'2020-12-20 03:06:53','2021-03-15 13:57:23'),(3317,'حذاء را',0,'2020-12-20 03:07:33','2020-12-20 03:07:33'),(3318,'حذاء رالي',1,'2020-12-20 03:07:34','2020-12-20 03:07:34'),(3319,'روج و',2,'2020-12-20 10:25:33','2020-12-20 10:25:39'),(3320,'روج ور',1,'2020-12-20 10:25:34','2020-12-20 10:25:38'),(3321,'روج ورد',1,'2020-12-20 10:25:35','2020-12-20 10:25:38'),(3322,'روج وردي',1,'2020-12-20 10:25:35','2020-12-20 10:25:36'),(3323,'روج ب',1,'2020-12-20 10:25:48','2020-12-20 10:25:50'),(3324,'روج بي',1,'2020-12-20 10:25:48','2020-12-20 10:25:50'),(3325,'روج بين',1,'2020-12-20 10:25:49','2020-12-20 10:25:49'),(3326,'روج بينك',0,'2020-12-20 10:25:49','2020-12-20 10:25:49'),(3327,'Jad',2,'2020-12-20 11:37:33','2020-12-20 11:38:02'),(3328,'Jade',1,'2020-12-20 11:37:33','2021-02-15 15:13:13'),(3329,'WAN',1,'2020-12-20 11:38:24','2020-12-20 11:38:24'),(3330,'WANT',0,'2020-12-20 11:38:28','2020-12-20 11:38:28'),(3331,'WANTE',0,'2020-12-20 11:38:28','2020-12-20 11:38:28'),(3332,'WANTED',2,'2020-12-20 11:38:28','2021-02-11 01:50:01'),(3333,'عذر',5,'2020-12-20 11:43:13','2021-05-01 05:52:56'),(3334,'وان',1,'2020-12-20 11:43:28','2020-12-20 11:43:30'),(3335,'وانت',2,'2020-12-20 11:43:28','2020-12-20 11:43:30'),(3336,'وانتي',1,'2020-12-20 11:43:28','2020-12-20 11:43:30'),(3337,'وانتيد',2,'2020-12-20 11:43:28','2020-12-20 11:43:29'),(3338,'ديك',3,'2020-12-20 11:43:32','2020-12-20 11:43:32'),(3339,'ديكو',1,'2020-12-20 11:43:33','2020-12-20 11:43:33'),(3340,'فاونديشن د',1,'2020-12-20 12:33:20','2020-12-20 12:33:28'),(3341,'فاونديشن دو',2,'2020-12-20 12:33:20','2020-12-20 12:33:28'),(3342,'فاونديشن دول',1,'2020-12-20 12:33:21','2020-12-20 12:33:28'),(3343,'فاونديشن دولت',1,'2020-12-20 12:33:21','2020-12-20 12:33:28'),(3344,'فاونديشن دولتش',1,'2020-12-20 12:33:22','2020-12-20 12:33:27'),(3345,'فاونديشن دولتشي',1,'2020-12-20 12:33:22','2020-12-20 12:33:22'),(3346,'ملابسا',0,'2020-12-20 19:46:03','2020-12-20 19:46:03'),(3347,'ملابسار',0,'2020-12-20 19:46:04','2020-12-20 19:46:04'),(3348,'ملابساروا',1,'2020-12-20 19:46:05','2020-12-20 19:46:06'),(3349,'ملابسارواب',0,'2020-12-20 19:46:06','2020-12-20 19:46:06'),(3350,'ملابساارواب',0,'2020-12-20 19:46:15','2020-12-20 19:46:15'),(3351,'احءا',2,'2020-12-21 00:57:38','2020-12-21 00:57:38'),(3352,'off',2,'2020-12-21 01:41:26','2020-12-21 01:41:28'),(3353,'offe',0,'2020-12-21 01:41:28','2020-12-21 01:41:28'),(3354,'offer',1,'2020-12-21 01:41:29','2020-12-21 01:41:29'),(3355,'سد',2,'2020-12-21 03:13:54','2020-12-21 03:13:59'),(3356,'سدر',1,'2020-12-21 03:13:55','2020-12-21 03:13:59'),(3357,'سدري',0,'2020-12-21 03:13:56','2020-12-21 03:13:56'),(3358,'بنتل',12,'2020-12-21 05:33:16','2021-05-07 15:21:02'),(3359,'بنتلي',18,'2020-12-21 05:33:16','2021-05-07 15:21:03'),(3360,'frag',0,'2020-12-21 09:17:08','2020-12-21 09:17:08'),(3361,'frago',0,'2020-12-21 09:17:09','2020-12-21 09:17:09'),(3362,'اشم',1,'2020-12-21 10:53:23','2021-01-03 08:32:50'),(3363,'اشما',0,'2020-12-21 10:53:23','2020-12-21 10:53:23'),(3364,'اشماق',0,'2020-12-21 10:53:25','2020-12-21 10:53:25'),(3365,'غتره ك',0,'2020-12-21 13:41:31','2020-12-21 13:41:31'),(3366,'فير ات',3,'2020-12-21 16:10:52','2020-12-21 16:10:52'),(3367,'فير اا',1,'2020-12-21 16:10:55','2020-12-21 16:10:56'),(3368,'فير اان',1,'2020-12-21 16:10:55','2020-12-21 16:10:56'),(3369,'فير ااند',0,'2020-12-21 16:10:55','2020-12-21 16:10:55'),(3370,'فير اند وايا',1,'2020-12-21 16:11:01','2020-12-21 16:11:01'),(3371,'ساعة ا',23,'2020-12-21 17:56:38','2021-05-03 01:40:15'),(3372,'ساعة اب',19,'2020-12-21 17:56:38','2021-05-03 01:40:16'),(3373,'ساعة ابل',34,'2020-12-21 17:56:38','2021-05-03 01:40:19'),(3374,'ساعة اي',2,'2020-12-21 17:57:00','2020-12-21 17:57:01'),(3375,'ساعة ايل',2,'2020-12-21 17:57:00','2020-12-21 17:57:01'),(3376,'sos',13,'2020-12-21 21:06:48','2021-04-14 14:46:02'),(3377,'sosk',8,'2020-12-21 21:07:19','2021-04-14 14:46:02'),(3378,'soski',6,'2020-12-21 21:07:19','2021-04-14 14:46:01'),(3379,'soskin',4,'2020-12-21 21:07:20','2021-05-08 02:10:38'),(3380,'زيرج',5,'2020-12-22 00:14:04','2021-04-07 23:40:47'),(3381,'زيرجو',6,'2020-12-22 00:14:04','2021-04-07 23:40:46'),(3382,'زيرجوف',15,'2020-12-22 00:14:04','2021-04-07 23:40:43'),(3383,'versa',12,'2020-12-22 01:50:27','2021-05-05 11:32:36'),(3384,'versac',11,'2020-12-22 01:50:28','2021-05-05 11:32:36'),(3385,'versace',20,'2020-12-22 01:50:28','2021-05-05 11:32:37'),(3386,'pla',0,'2020-12-22 01:55:29','2020-12-22 01:55:29'),(3387,'plays',8,'2020-12-22 01:55:29','2021-04-20 17:52:51'),(3388,'bik',0,'2020-12-22 02:34:07','2020-12-22 02:34:07'),(3389,'biker',3,'2020-12-22 02:34:07','2020-12-22 02:34:07'),(3390,'mot',3,'2020-12-22 02:34:14','2020-12-22 02:34:18'),(3391,'moto',0,'2020-12-22 02:34:16','2020-12-22 02:34:16'),(3392,'powe',9,'2020-12-22 02:41:58','2021-02-21 16:32:38'),(3393,'power',23,'2020-12-22 02:41:58','2021-01-08 01:50:21'),(3394,'add',4,'2020-12-22 04:57:06','2021-01-06 09:16:52'),(3395,'power b',0,'2020-12-22 06:26:26','2020-12-22 06:26:26'),(3396,'كلو',2,'2020-12-22 10:15:16','2020-12-22 10:15:18'),(3397,'كلود',3,'2020-12-22 10:15:16','2021-05-10 04:21:56'),(3398,'كول',8,'2020-12-22 10:15:20','2021-03-21 14:42:14'),(3399,'كولد',3,'2020-12-22 10:15:21','2020-12-22 10:15:21'),(3400,'coi',0,'2020-12-22 10:15:43','2020-12-22 10:15:43'),(3401,'coil',0,'2020-12-22 10:15:43','2020-12-22 10:15:43'),(3402,'coild',1,'2020-12-22 10:15:46','2020-12-22 10:15:47'),(3403,'معم',4,'2020-12-22 10:37:40','2021-05-08 15:10:31'),(3404,'معمو',3,'2020-12-22 10:37:40','2021-01-03 15:03:11'),(3405,'معمول',4,'2020-12-22 10:37:45','2021-01-03 15:03:14'),(3406,'معمول د',0,'2020-12-22 10:37:48','2020-12-22 10:37:48'),(3407,'معمول دو',0,'2020-12-22 10:37:48','2020-12-22 10:37:48'),(3408,'معمول دوس',0,'2020-12-22 10:37:48','2020-12-22 10:37:48'),(3409,'معمول دوسري',1,'2020-12-22 10:37:49','2020-12-22 10:37:49'),(3410,'din',2,'2020-12-22 12:54:27','2020-12-22 12:54:28'),(3411,'dinh',0,'2020-12-22 12:54:29','2020-12-22 12:54:29'),(3412,'dinhi',0,'2020-12-22 12:54:31','2020-12-22 12:54:31'),(3413,'dinhil',6,'2020-12-22 12:54:31','2021-04-26 15:34:15'),(3414,'شال و',2,'2020-12-22 13:30:06','2020-12-22 13:30:09'),(3415,'شال وش',2,'2020-12-22 13:30:06','2020-12-22 13:30:09'),(3416,'شال وشم',1,'2020-12-22 13:30:06','2020-12-22 13:30:09'),(3417,'شال وشما',1,'2020-12-22 13:30:07','2020-12-22 13:30:09'),(3418,'شال وشماغ',0,'2020-12-22 13:30:07','2020-12-22 13:30:07'),(3419,'هدية',2,'2020-12-22 13:41:43','2020-12-22 13:41:44'),(3420,'بوليس',15,'2020-12-22 14:09:13','2021-01-12 19:28:27'),(3421,'jjj',0,'2020-12-22 16:38:18','2020-12-22 16:38:18'),(3422,'شسيشسي',2,'2020-12-22 17:53:48','2021-02-28 13:53:29'),(3423,'new',2,'2020-12-23 00:01:51','2020-12-23 00:01:52'),(3424,'newr',0,'2020-12-23 00:01:52','2020-12-23 00:01:52'),(3425,'newro',0,'2020-12-23 00:01:53','2020-12-23 00:01:53'),(3426,'newroz',0,'2020-12-23 00:01:53','2020-12-23 00:01:53'),(3427,'هات',4,'2020-12-23 01:33:48','2021-02-20 02:22:12'),(3428,'هاتف',8,'2020-12-23 01:33:49','2021-02-20 02:22:13'),(3429,'حز',1,'2020-12-23 04:01:08','2020-12-23 04:01:12'),(3430,'حزا',1,'2020-12-23 04:01:08','2020-12-23 04:01:12'),(3431,'حزام',2,'2020-12-23 04:01:08','2021-02-15 04:07:12'),(3432,'Fougere Royale Perfume',22,'2020-12-23 14:22:05','2021-04-16 21:54:11'),(3433,'hou',0,'2020-12-23 14:22:20','2020-12-23 14:22:20'),(3434,'hoube',1,'2020-12-23 14:22:21','2020-12-23 14:22:21'),(3435,'houbeg',0,'2020-12-23 14:22:22','2020-12-23 14:22:22'),(3436,'houbega',0,'2020-12-23 14:22:22','2020-12-23 14:22:22'),(3437,'houbegan',0,'2020-12-23 14:22:22','2020-12-23 14:22:22'),(3438,'houbegant',0,'2020-12-23 14:22:22','2020-12-23 14:22:22'),(3439,'atk',6,'2020-12-23 14:22:57','2021-03-07 22:50:06'),(3440,'atki',5,'2020-12-23 14:22:58','2021-03-07 22:50:06'),(3441,'بلو دي',5,'2020-12-23 14:36:11','2020-12-23 14:36:15'),(3442,'بلو دي ش',1,'2020-12-23 14:36:11','2020-12-23 14:36:15'),(3443,'بلو دي شا',1,'2020-12-23 14:36:11','2020-12-23 14:36:15'),(3444,'بلو دي شان',1,'2020-12-23 14:36:11','2020-12-23 14:36:14'),(3445,'بلو دي شاني',1,'2020-12-23 14:36:11','2020-12-23 14:36:14'),(3446,'بلو دي شانيل',0,'2020-12-23 14:36:12','2020-12-23 14:36:12'),(3447,'Bleu de channe',10,'2020-12-23 14:36:20','2020-12-23 14:36:28'),(3448,'Bleu de channel',4,'2020-12-23 14:36:20','2020-12-23 14:36:23'),(3449,'Bleu de channel￼',0,'2020-12-23 14:36:22','2020-12-23 14:36:22'),(3450,'عطر ش',2,'2020-12-23 14:37:05','2021-03-10 04:07:43'),(3451,'عطر شا',2,'2020-12-23 14:37:05','2020-12-23 14:37:05'),(3452,'عطر شان',2,'2020-12-23 14:37:05','2020-12-23 14:37:06'),(3453,'عطر شاني',1,'2020-12-23 14:37:06','2020-12-23 14:37:06'),(3454,'عطر شانيل',1,'2020-12-23 14:37:06','2020-12-23 14:37:06'),(3455,'بلاك ا',4,'2020-12-23 14:41:02','2021-03-30 05:02:45'),(3456,'بلاك اف',2,'2020-12-23 14:41:02','2020-12-23 14:41:05'),(3457,'بلاك افغ',2,'2020-12-23 14:41:02','2020-12-23 14:41:04'),(3458,'بلاك افغا',1,'2020-12-23 14:41:03','2020-12-23 14:41:03'),(3459,'بلاك افغان',1,'2020-12-23 14:41:03','2020-12-23 14:41:03'),(3460,'بلاك افغانى',0,'2020-12-23 14:41:03','2020-12-23 14:41:03'),(3461,'شماغ اح',5,'2020-12-23 14:45:39','2021-03-13 00:16:01'),(3462,'شماغ احم',5,'2020-12-23 14:45:40','2021-03-13 00:16:00'),(3463,'شماغ احمر',8,'2020-12-23 14:45:40','2021-04-06 19:39:19'),(3464,'قلم حواجب ر',2,'2020-12-23 18:02:45','2020-12-23 18:02:55'),(3465,'قلم حواجب ريم',4,'2020-12-23 18:02:46','2020-12-23 18:02:52'),(3466,'قلم حواجب ريمي',13,'2020-12-23 18:02:46','2021-04-06 19:06:23'),(3467,'قلم حواجب ريميل',4,'2020-12-23 18:02:46','2021-04-06 19:06:13'),(3468,'ساعات ر',1,'2020-12-23 18:47:10','2020-12-23 18:47:16'),(3469,'ساعات رج',1,'2020-12-23 18:47:11','2020-12-23 18:47:15'),(3470,'ساعات رجا',1,'2020-12-23 18:47:12','2020-12-23 18:47:15'),(3471,'ساعات رجالي',2,'2020-12-23 18:47:12','2020-12-23 18:47:15'),(3472,'pink',12,'2020-12-23 18:50:38','2021-05-12 03:05:35'),(3473,'pink s',2,'2020-12-23 18:50:40','2020-12-23 18:50:42'),(3474,'pink su',1,'2020-12-23 18:50:40','2020-12-23 18:50:42'),(3475,'pink suga',2,'2020-12-23 18:50:40','2020-12-23 18:50:42'),(3476,'pink sug',0,'2020-12-23 18:50:40','2020-12-23 18:50:40'),(3477,'pink sugar',0,'2020-12-23 18:50:41','2020-12-23 18:50:41'),(3478,'loe',7,'2020-12-23 21:32:20','2021-02-22 01:15:44'),(3479,'loew',1,'2020-12-23 21:32:22','2020-12-23 21:32:41'),(3480,'loewe',0,'2020-12-23 21:32:42','2020-12-23 21:32:42'),(3481,'atkin',5,'2020-12-23 21:33:00','2021-03-07 22:50:07'),(3482,'قلف',4,'2020-12-24 00:00:03','2021-04-08 13:53:30'),(3483,'قلفز',3,'2020-12-24 00:00:04','2021-04-08 13:53:30'),(3484,'فند',0,'2020-12-24 00:18:45','2020-12-24 00:18:45'),(3485,'فندي',3,'2020-12-24 00:18:45','2020-12-24 00:18:45'),(3486,'قلم حوت',1,'2020-12-24 00:55:40','2020-12-24 00:55:41'),(3487,'fair and w',10,'2020-12-24 02:33:27','2021-04-29 18:09:43'),(3488,'fair and wh',7,'2020-12-24 02:33:27','2021-04-29 18:09:43'),(3489,'fair and whi',6,'2020-12-24 02:33:27','2021-04-29 18:09:42'),(3490,'fair and whit',3,'2020-12-24 02:33:27','2021-04-29 18:09:42'),(3491,'fair and  w',1,'2020-12-24 02:33:31','2020-12-24 02:33:35'),(3492,'fair and  wh',1,'2020-12-24 02:33:31','2020-12-24 02:33:35'),(3493,'fair and  whi',1,'2020-12-24 02:33:31','2020-12-24 02:33:35'),(3494,'fair and  whit',1,'2020-12-24 02:33:31','2020-12-24 02:33:35'),(3495,'fair and  white',1,'2020-12-24 02:33:31','2020-12-24 02:33:32'),(3496,'st d',3,'2020-12-24 02:49:41','2021-04-23 17:59:23'),(3497,'st de',1,'2020-12-24 02:49:47','2020-12-24 02:49:57'),(3498,'st depo',8,'2020-12-24 02:49:48','2021-04-09 23:18:59'),(3499,'st depon',0,'2020-12-24 02:49:49','2020-12-24 02:49:49'),(3500,'dup',2,'2020-12-24 02:53:01','2020-12-24 02:55:58'),(3501,'dupo',2,'2020-12-24 02:53:04','2020-12-24 02:56:01'),(3502,'dupon',2,'2020-12-24 02:53:13','2020-12-24 02:56:02'),(3503,'dupont',2,'2020-12-24 02:53:14','2020-12-24 02:56:04'),(3504,'s.',5,'2020-12-24 02:53:32','2020-12-24 02:53:53'),(3505,'s. t',1,'2020-12-24 02:53:48','2020-12-24 02:53:52'),(3506,'s. t.',0,'2020-12-24 02:53:49','2020-12-24 02:53:49'),(3507,'عطربل',1,'2020-12-24 04:30:22','2020-12-24 04:30:23'),(3508,'عطربلو',0,'2020-12-24 04:30:23','2020-12-24 04:30:23'),(3509,'عطربلو ك',2,'2020-12-24 04:30:24','2020-12-24 04:36:48'),(3510,'عطربلو كل',1,'2020-12-24 04:30:25','2020-12-24 04:36:45'),(3511,'عطربلو كلب',0,'2020-12-24 04:30:25','2020-12-24 04:30:25'),(3512,'عبلو',0,'2020-12-24 04:37:12','2020-12-24 04:37:12'),(3513,'عكربلو',2,'2020-12-24 04:37:13','2020-12-24 04:37:19'),(3514,'عكبلو',0,'2020-12-24 04:37:13','2020-12-24 04:37:13'),(3515,'عكر بلو',2,'2020-12-24 04:37:13','2020-12-24 04:37:18'),(3516,'عطر بلز',0,'2020-12-24 04:37:29','2020-12-24 04:37:29'),(3517,'عطر بلو',1,'2020-12-24 04:37:31','2020-12-24 04:37:47'),(3518,'عطر بلو ك',0,'2020-12-24 04:37:51','2020-12-24 04:37:51'),(3519,'عطر بلو كل',0,'2020-12-24 04:37:52','2020-12-24 04:37:52'),(3520,'عطر بلو كلب',0,'2020-12-24 04:37:52','2020-12-24 04:37:52'),(3521,'RAS',4,'2020-12-24 04:40:43','2021-01-09 07:41:17'),(3522,'RASع',0,'2020-12-24 04:40:49','2020-12-24 04:40:49'),(3523,'RASعط',0,'2020-12-24 04:40:50','2020-12-24 04:40:50'),(3524,'RASعطر',0,'2020-12-24 04:40:50','2020-12-24 04:40:50'),(3525,'طط',1,'2020-12-24 04:41:05','2020-12-24 04:41:06'),(3526,'ططط',0,'2020-12-24 04:41:05','2020-12-24 04:41:05'),(3527,'صن',2,'2020-12-24 09:53:23','2021-04-14 02:47:23'),(3528,'صناد',4,'2020-12-24 09:53:24','2020-12-24 09:53:28'),(3529,'صنادي',1,'2020-12-24 09:53:25','2020-12-24 09:53:28'),(3530,'صنادي',0,'2020-12-24 09:53:25','2020-12-24 09:53:25'),(3531,'صناديق',2,'2020-12-24 09:53:25','2020-12-24 09:53:27'),(3532,'gucci p',2,'2020-12-24 09:53:44','2020-12-24 09:53:49'),(3533,'gucci pe',3,'2020-12-24 09:53:45','2020-12-24 09:53:49'),(3534,'gucci per',0,'2020-12-24 09:53:45','2020-12-24 09:53:45'),(3535,'gucci o',3,'2020-12-24 09:53:54','2020-12-24 09:53:55'),(3536,'مشاغ',7,'2020-12-24 10:54:08','2020-12-28 02:20:38'),(3537,'جفو',1,'2020-12-24 10:54:11','2020-12-24 10:54:13'),(3538,'جفوش',1,'2020-12-24 10:54:12','2020-12-24 10:54:13'),(3539,'جفوشي',0,'2020-12-24 10:54:12','2020-12-24 10:54:12'),(3540,'لال',15,'2020-12-24 12:15:55','2021-04-11 02:24:39'),(3541,'لالي',13,'2020-12-24 12:15:56','2021-04-11 02:24:39'),(3542,'لاليك',25,'2020-12-24 12:15:56','2021-04-11 02:24:40'),(3543,'orto',1,'2020-12-24 15:56:00','2020-12-24 15:56:01'),(3544,'صاب',25,'2020-12-24 16:43:50','2021-05-11 06:56:58'),(3545,'صابو',18,'2020-12-24 16:43:50','2021-05-11 06:56:58'),(3546,'صابون',47,'2020-12-24 16:43:51','2021-05-11 06:56:57'),(3547,'كريم  ت',0,'2020-12-24 16:47:28','2020-12-24 16:47:28'),(3548,'كريم  تف',0,'2020-12-24 16:47:29','2020-12-24 16:47:29'),(3549,'كريم  تفت',0,'2020-12-24 16:47:29','2020-12-24 16:47:29'),(3550,'كريم  تفتي',0,'2020-12-24 16:47:30','2020-12-24 16:47:30'),(3551,'كريم  تفتيح',0,'2020-12-24 16:47:30','2020-12-24 16:47:30'),(3552,'mis',7,'2020-12-24 17:27:48','2021-04-18 21:04:48'),(3553,'miss',16,'2020-12-24 17:27:48','2021-04-18 21:04:59'),(3554,'misso',4,'2020-12-24 17:27:48','2021-03-30 17:59:04'),(3555,'misson',1,'2020-12-24 17:27:49','2020-12-24 17:27:50'),(3556,'missony',0,'2020-12-24 17:27:49','2020-12-24 17:27:49'),(3557,'missoni',0,'2020-12-24 17:27:50','2020-12-24 17:27:50'),(3558,'itali',1,'2020-12-24 17:34:03','2020-12-24 17:34:09'),(3559,'italia',3,'2020-12-24 17:34:03','2020-12-24 17:34:09'),(3560,'italian',1,'2020-12-24 17:34:05','2020-12-24 17:34:08'),(3561,'italy',0,'2020-12-24 17:34:11','2020-12-24 17:34:11'),(3562,'huw',1,'2020-12-24 17:36:43','2020-12-24 17:36:44'),(3563,'Bt',0,'2020-12-24 17:54:10','2020-12-24 17:54:10'),(3564,'Bts',2,'2020-12-24 17:54:10','2020-12-24 17:54:11'),(3565,'شماغش',1,'2020-12-24 18:46:50','2020-12-24 18:47:11'),(3566,'شماغشم',1,'2020-12-24 18:46:52','2020-12-24 18:47:12'),(3567,'شماغشما',1,'2020-12-24 18:46:53','2020-12-24 18:47:12'),(3568,'شماغشماغ',1,'2020-12-24 18:46:54','2020-12-24 18:47:11'),(3569,'شماغشماغ ا',1,'2020-12-24 18:46:55','2020-12-24 18:47:11'),(3570,'شماغشماغ الب',3,'2020-12-24 18:46:56','2020-12-24 18:47:11'),(3571,'شماغشماغ البسا',7,'2020-12-24 18:46:57','2021-04-29 01:19:26'),(3572,'شماغشماغ البسام',14,'2020-12-24 18:46:58','2021-05-02 16:24:37'),(3573,'dar a',3,'2020-12-24 20:50:41','2020-12-24 20:50:46'),(3574,'dar al',3,'2020-12-24 20:50:42','2020-12-24 20:50:45'),(3575,'شمت',13,'2020-12-25 13:03:59','2021-05-06 23:50:17'),(3576,'روح',5,'2020-12-25 14:09:39','2021-03-18 17:37:15'),(3577,'عو',1,'2020-12-25 14:09:55','2020-12-25 14:10:05'),(3578,'عود',8,'2020-12-25 14:09:55','2021-04-02 04:52:14'),(3579,'عود ا',1,'2020-12-25 14:09:57','2020-12-25 14:10:04'),(3580,'عود اص',0,'2020-12-25 14:09:57','2020-12-25 14:09:57'),(3581,'هيل',12,'2020-12-25 14:10:07','2021-05-02 23:39:32'),(3582,'هيلد',15,'2020-12-25 14:10:09','2021-05-02 23:39:33'),(3583,'z za',0,'2020-12-25 17:06:57','2020-12-25 17:06:57'),(3584,'camp',1,'2020-12-25 17:07:04','2020-12-25 17:07:15'),(3585,'campin',1,'2020-12-25 17:07:15','2020-12-25 17:07:15'),(3586,'camping',0,'2020-12-25 17:07:15','2020-12-25 17:07:15'),(3587,'little',2,'2020-12-25 17:07:31','2020-12-25 17:07:31'),(3588,'lig',3,'2020-12-25 17:07:34','2021-05-06 03:03:45'),(3589,'ligh',3,'2020-12-25 17:07:35','2021-05-06 03:03:45'),(3590,'light',10,'2020-12-25 17:07:35','2021-05-06 03:03:43'),(3591,'bond9',0,'2020-12-25 17:15:08','2020-12-25 17:15:08'),(3592,'bond 9',0,'2020-12-25 17:15:11','2020-12-25 17:15:11'),(3593,'سانب',14,'2020-12-25 18:27:33','2021-02-25 12:44:24'),(3594,'سانبو',6,'2020-12-25 18:27:33','2021-02-25 12:44:27'),(3595,'سانلو',2,'2020-12-25 18:27:36','2021-02-02 15:13:05'),(3596,'سانلور',0,'2020-12-25 18:27:36','2020-12-25 18:27:36'),(3597,'سانلورا',0,'2020-12-25 18:27:36','2020-12-25 18:27:36'),(3598,'سانلوران',0,'2020-12-25 18:27:37','2020-12-25 18:27:37'),(3599,'سروال د',0,'2020-12-25 20:56:01','2020-12-25 20:56:01'),(3600,'سروال در',0,'2020-12-25 20:56:01','2020-12-25 20:56:01'),(3601,'سروال درو',0,'2020-12-25 20:56:01','2020-12-25 20:56:01'),(3602,'سروال دروش',7,'2020-12-25 20:56:02','2021-05-02 03:54:03'),(3603,'سروال دروش r',1,'2020-12-25 20:56:07','2020-12-25 20:56:10'),(3604,'سروال دروش m',0,'2020-12-25 20:56:14','2020-12-25 20:56:14'),(3605,'star',5,'2020-12-26 07:16:58','2021-05-15 21:11:26'),(3606,'starb',1,'2020-12-26 07:16:58','2020-12-26 07:16:58'),(3607,'starbu',0,'2020-12-26 07:16:58','2020-12-26 07:16:58'),(3608,'شماغ ج',9,'2020-12-26 17:48:23','2021-04-27 00:09:11'),(3609,'شماغ جي',2,'2020-12-26 17:48:23','2020-12-26 17:48:25'),(3610,'شماغ جيف',0,'2020-12-26 17:48:24','2020-12-26 17:48:24'),(3611,'جيفنشي ش',2,'2020-12-26 17:48:38','2021-04-26 21:51:50'),(3612,'جيفنشي شم',3,'2020-12-26 17:48:38','2021-04-26 21:51:50'),(3613,'جيفنشي شماغ',8,'2020-12-26 17:48:38','2021-04-26 21:51:51'),(3614,'طقم د',1,'2020-12-26 17:57:09','2020-12-26 17:57:10'),(3615,'طقم درو',3,'2020-12-26 17:57:10','2020-12-26 17:57:10'),(3616,'طقم دروش',1,'2020-12-26 17:57:10','2020-12-26 17:57:11'),(3617,'therm',7,'2020-12-26 18:06:00','2021-05-07 18:45:52'),(3618,'therma',2,'2020-12-26 18:06:01','2020-12-26 18:06:01'),(3619,'thermal',0,'2020-12-26 18:06:01','2020-12-26 18:06:01'),(3620,'قط',3,'2020-12-26 19:30:46','2020-12-26 19:31:07'),(3621,'قطط',1,'2020-12-26 19:30:47','2020-12-26 19:31:03'),(3622,'حا',11,'2020-12-26 19:34:43','2021-03-18 10:53:37'),(3623,'حاف',5,'2020-12-26 19:34:43','2021-02-27 00:54:24'),(3624,'حافظ',3,'2020-12-26 19:34:44','2021-02-27 00:54:23'),(3625,'حافظة',2,'2020-12-26 19:34:44','2020-12-26 19:34:44'),(3626,'حافظة ا',0,'2020-12-26 19:34:45','2020-12-26 19:34:45'),(3627,'حافظة ال',0,'2020-12-26 19:34:45','2020-12-26 19:34:45'),(3628,'حافظة الس',0,'2020-12-26 19:34:45','2020-12-26 19:34:45'),(3629,'حافظة السا',0,'2020-12-26 19:34:46','2020-12-26 19:34:46'),(3630,'حافظة الساع',0,'2020-12-26 19:34:46','2020-12-26 19:34:46'),(3631,'حافظة الساعا',0,'2020-12-26 19:34:47','2020-12-26 19:34:47'),(3632,'حافظة الساعات',1,'2020-12-26 19:34:47','2020-12-26 19:34:47'),(3633,'mav',8,'2020-12-26 22:06:04','2021-04-02 19:47:52'),(3634,'mava',9,'2020-12-26 22:06:04','2021-04-02 19:47:53'),(3635,'mavala',15,'2020-12-26 22:06:04','2021-04-03 16:55:28'),(3636,'mavalam',1,'2020-12-26 22:06:07','2020-12-26 22:06:08'),(3637,'mavalama',0,'2020-12-26 22:06:07','2020-12-26 22:06:07'),(3638,'كم',20,'2020-12-27 03:29:28','2021-05-12 03:20:44'),(3639,'كمر',1,'2020-12-27 03:29:31','2020-12-27 03:29:35'),(3640,'كمرب',2,'2020-12-27 03:29:32','2021-04-17 07:27:32'),(3641,'كمربم',0,'2020-12-27 03:29:32','2020-12-27 03:29:32'),(3642,'fait',2,'2020-12-27 05:49:48','2020-12-27 05:49:48'),(3643,'fair w',1,'2020-12-27 05:50:02','2020-12-27 05:50:05'),(3644,'fair wn',1,'2020-12-27 05:50:02','2020-12-27 05:50:04'),(3645,'fair wnd',1,'2020-12-27 05:50:02','2020-12-27 05:50:03'),(3646,'fair andf',0,'2020-12-27 09:21:49','2020-12-27 09:21:49'),(3647,'fair andfa',0,'2020-12-27 09:21:50','2020-12-27 09:21:50'),(3648,'fair andfai',0,'2020-12-27 09:21:50','2020-12-27 09:21:50'),(3649,'fair andfair',0,'2020-12-27 09:21:51','2020-12-27 09:21:51'),(3650,'fair andfair a',0,'2020-12-27 09:21:52','2020-12-27 09:21:52'),(3651,'fair andfair an',0,'2020-12-27 09:21:53','2020-12-27 09:21:53'),(3652,'fair andfair and',0,'2020-12-27 09:21:54','2020-12-27 09:21:54'),(3653,'fair andfair and w',0,'2020-12-27 09:21:54','2020-12-27 09:21:54'),(3654,'fair andfair and wh',0,'2020-12-27 09:21:55','2020-12-27 09:21:55'),(3655,'fair andfair and whi',0,'2020-12-27 09:21:56','2020-12-27 09:21:56'),(3656,'fair andfair and whit',0,'2020-12-27 09:21:56','2020-12-27 09:21:56'),(3657,'fair andfair and white',16,'2020-12-27 09:21:57','2021-05-09 02:32:28'),(3658,'calvin k',3,'2020-12-27 10:31:47','2021-04-05 21:25:47'),(3659,'calvin ke',1,'2020-12-27 10:31:47','2020-12-27 10:31:49'),(3660,'calvin kel',0,'2020-12-27 10:31:49','2020-12-27 10:31:49'),(3661,'calvin kl',2,'2020-12-27 10:31:50','2021-04-05 21:25:47'),(3662,'calvin kle',0,'2020-12-27 10:31:52','2020-12-27 10:31:52'),(3663,'calvin klei',1,'2020-12-27 10:31:52','2020-12-27 10:31:52'),(3664,'calvin klein',6,'2020-12-27 10:31:53','2021-05-03 22:20:51'),(3665,'عذي',1,'2020-12-27 11:09:43','2020-12-27 11:09:45'),(3666,'عذيات',4,'2020-12-27 11:09:43','2020-12-27 11:09:45'),(3667,'عدي',2,'2020-12-27 11:09:47','2020-12-27 11:09:47'),(3668,'insa',2,'2020-12-27 12:43:03','2020-12-27 12:43:12'),(3669,'insan',3,'2020-12-27 12:43:03','2020-12-27 12:43:08'),(3670,'insans',1,'2020-12-27 12:43:04','2020-12-27 12:43:07'),(3671,'insanse',0,'2020-12-27 12:43:04','2020-12-27 12:43:04'),(3672,'givenchy i',0,'2020-12-27 12:43:29','2020-12-27 12:43:29'),(3673,'givenchy in',0,'2020-12-27 12:43:30','2020-12-27 12:43:30'),(3674,'givenchy ins',1,'2020-12-27 12:43:33','2020-12-27 12:43:38'),(3675,'givenchy insa',1,'2020-12-27 12:43:33','2020-12-27 12:43:38'),(3676,'givenchy insal',1,'2020-12-27 12:43:35','2020-12-27 12:43:38'),(3677,'givenchy insale',6,'2020-12-27 12:43:35','2021-04-20 22:32:46'),(3678,'givenchy insales',1,'2020-12-27 12:43:36','2020-12-27 12:43:37'),(3679,'givenchy insalesl',0,'2020-12-27 12:43:36','2020-12-27 12:43:36'),(3680,'givenchy inse',0,'2020-12-27 12:43:39','2020-12-27 12:43:39'),(3681,'givenchy insen',1,'2020-12-27 12:43:40','2021-04-29 18:12:43'),(3682,'givenchy insens',1,'2020-12-27 12:43:40','2021-04-29 18:12:42'),(3683,'givenchy insense',2,'2020-12-27 12:43:40','2021-04-29 18:12:42'),(3684,'شش',2,'2020-12-27 15:39:11','2021-02-17 15:40:21'),(3685,'ششم',1,'2020-12-27 15:39:13','2020-12-27 15:39:18'),(3686,'ششما',0,'2020-12-27 15:39:16','2020-12-27 15:39:16'),(3687,'چ',0,'2020-12-27 16:45:31','2020-12-27 16:45:31'),(3688,'احذية ر',1,'2020-12-27 16:45:57','2021-01-22 12:39:56'),(3689,'احذية رج',1,'2020-12-27 16:45:57','2021-01-22 12:39:56'),(3690,'احذية رجا',1,'2020-12-27 16:45:58','2021-01-22 12:39:56'),(3691,'احذية رجال',2,'2020-12-27 16:45:59','2021-01-22 12:39:58'),(3692,'احذية رجالي',2,'2020-12-27 16:45:59','2021-01-22 12:40:00'),(3693,'احذية رجالية',3,'2020-12-27 16:46:00','2021-01-22 12:40:02'),(3694,'جوات',3,'2020-12-27 22:10:25','2020-12-27 22:10:27'),(3695,'جواتي',1,'2020-12-27 22:10:26','2021-03-15 13:57:36'),(3696,'أحد',0,'2020-12-27 22:10:32','2020-12-27 22:10:32'),(3697,'أحذيه',0,'2020-12-27 22:10:37','2020-12-27 22:10:37'),(3698,'kerst',5,'2020-12-27 22:47:56','2020-12-27 22:47:59'),(3699,'kares',3,'2020-12-27 22:48:07','2020-12-27 22:48:09'),(3700,'kir',2,'2020-12-27 22:48:15','2020-12-27 22:48:16'),(3701,'lighte',5,'2020-12-27 22:48:37','2020-12-27 22:48:40'),(3702,'lighten',5,'2020-12-27 22:48:37','2020-12-27 22:49:03'),(3703,'lighten u',1,'2020-12-27 22:49:00','2020-12-27 22:49:02'),(3704,'lighten up',0,'2020-12-27 22:49:01','2020-12-27 22:49:01'),(3705,'rober',9,'2020-12-28 01:29:49','2021-03-18 00:41:09'),(3706,'roberr',0,'2020-12-28 01:29:56','2020-12-28 01:29:56'),(3707,'robert',7,'2020-12-28 01:30:16','2021-03-18 00:41:12'),(3708,'roberto',14,'2020-12-28 01:30:17','2021-04-05 15:01:52'),(3709,'roberrr',0,'2020-12-28 01:30:52','2020-12-28 01:30:52'),(3710,'roberrro',0,'2020-12-28 01:30:53','2020-12-28 01:30:53'),(3711,'roberrrob',0,'2020-12-28 01:30:53','2020-12-28 01:30:53'),(3712,'roberrrobe',0,'2020-12-28 01:30:54','2020-12-28 01:30:54'),(3713,'roberrrober',0,'2020-12-28 01:30:54','2020-12-28 01:30:54'),(3714,'roberrrobert',0,'2020-12-28 01:30:55','2020-12-28 01:30:55'),(3715,'roberrroberto',0,'2020-12-28 01:30:55','2020-12-28 01:30:55'),(3716,'roberrrobertob',2,'2020-12-28 01:30:57','2021-02-22 20:07:42'),(3717,'roberrrobertobi',0,'2020-12-28 01:30:57','2020-12-28 01:30:57'),(3718,'roberrrobertobig',2,'2020-12-28 01:30:58','2020-12-28 01:32:19'),(3719,'roberrrobertobigg',1,'2020-12-28 01:30:58','2020-12-28 01:32:16'),(3720,'roberrrrobertobigg',0,'2020-12-28 01:31:06','2020-12-28 01:31:06'),(3721,'roberto b',0,'2020-12-28 01:31:23','2020-12-28 01:31:23'),(3722,'roberto bi',1,'2020-12-28 01:31:23','2020-12-28 01:31:26'),(3723,'roberto big',1,'2020-12-28 01:31:23','2020-12-28 01:31:26'),(3724,'roberto bigg',0,'2020-12-28 01:31:24','2020-12-28 01:31:24'),(3725,'brr',0,'2020-12-28 01:33:03','2020-12-28 01:33:03'),(3726,'brro',0,'2020-12-28 01:33:05','2020-12-28 01:33:05'),(3727,'brrob',0,'2020-12-28 01:33:06','2020-12-28 01:33:06'),(3728,'brrobe',0,'2020-12-28 01:33:07','2020-12-28 01:33:07'),(3729,'brrober',0,'2020-12-28 01:33:07','2020-12-28 01:33:07'),(3730,'ديود',1,'2020-12-28 01:54:05','2020-12-29 10:39:39'),(3731,'ديودر',1,'2020-12-28 01:54:06','2020-12-29 10:39:39'),(3732,'ديودرن',5,'2020-12-28 01:54:06','2020-12-29 10:39:40'),(3733,'gucci b',1,'2020-12-28 08:20:57','2020-12-28 08:20:57'),(3734,'gucci bl',0,'2020-12-28 08:20:58','2020-12-28 08:20:58'),(3735,'قاعد',69,'2020-12-28 10:58:52','2021-03-29 08:45:09'),(3736,'قاعدة',75,'2020-12-28 10:58:52','2021-05-04 16:34:19'),(3737,'قاعدة ت',8,'2020-12-28 10:58:53','2021-03-28 23:29:32'),(3738,'قاعدة تث',11,'2020-12-28 10:58:53','2021-03-28 23:29:32'),(3739,'قاعدة تثب',7,'2020-12-28 10:58:53','2021-03-28 23:29:33'),(3740,'قاعدة تثبي',8,'2020-12-28 10:58:53','2021-03-28 23:29:33'),(3741,'قاعدة تثبيت',37,'2020-12-28 10:58:53','2021-05-04 00:59:03'),(3742,'armaf',1,'2020-12-28 17:36:30','2021-03-12 18:19:15'),(3743,'oud',42,'2020-12-28 17:37:52','2021-05-02 16:03:38'),(3744,'oud w',2,'2020-12-28 17:37:57','2020-12-28 17:38:01'),(3745,'oud wo',1,'2020-12-28 17:37:57','2020-12-28 17:38:00'),(3746,'oud wod',0,'2020-12-28 17:37:59','2020-12-28 17:37:59'),(3747,'تومف',4,'2020-12-28 17:38:08','2021-05-06 08:27:38'),(3748,'تومفو',1,'2020-12-28 17:38:08','2020-12-28 17:38:10'),(3749,'تومفور',0,'2020-12-28 17:38:09','2020-12-28 17:38:09'),(3750,'فه',6,'2020-12-28 17:40:27','2021-04-06 04:46:32'),(3751,'فهر',4,'2020-12-28 17:40:27','2021-04-06 04:46:33'),(3752,'فهرن',2,'2020-12-28 17:40:28','2021-04-06 04:46:33'),(3753,'فهرنا',1,'2020-12-28 17:40:28','2020-12-28 17:40:31'),(3754,'فهرناي',1,'2020-12-28 17:40:28','2020-12-28 17:40:30'),(3755,'فهرنايت',0,'2020-12-28 17:40:29','2020-12-28 17:40:29'),(3756,'تات',4,'2020-12-28 19:01:28','2021-05-12 03:08:13'),(3757,'تاتو',2,'2020-12-28 19:01:28','2020-12-28 19:01:33'),(3758,'قلم الح',3,'2020-12-28 19:01:43','2021-03-20 09:41:01'),(3759,'car t',0,'2020-12-28 20:44:04','2020-12-28 20:44:04'),(3760,'car tr',0,'2020-12-28 20:44:04','2020-12-28 20:44:04'),(3761,'car tru',1,'2020-12-28 20:44:04','2020-12-28 20:44:04'),(3762,'car trus',0,'2020-12-28 20:44:05','2020-12-28 20:44:05'),(3763,'car trush',1,'2020-12-28 20:44:05','2020-12-28 20:44:05'),(3764,'hol',15,'2020-12-28 23:38:52','2021-05-03 19:45:25'),(3765,'holl',9,'2020-12-28 23:38:52','2021-04-05 00:13:12'),(3766,'holli',1,'2020-12-28 23:38:54','2020-12-28 23:39:01'),(3767,'hollis',2,'2020-12-28 23:38:54','2020-12-28 23:39:00'),(3768,'hollisr',0,'2020-12-28 23:38:55','2020-12-28 23:38:55'),(3769,'hollist',1,'2020-12-28 23:38:57','2020-12-28 23:39:00'),(3770,'holliste',1,'2020-12-28 23:38:58','2020-12-28 23:39:00'),(3771,'hollister',0,'2020-12-28 23:38:59','2020-12-28 23:38:59'),(3772,'diego dells',0,'2020-12-29 01:45:40','2020-12-29 01:45:40'),(3773,'اطياب الشب',3,'2020-12-29 03:23:59','2021-02-22 19:00:04'),(3774,'اطياب الشبه',0,'2020-12-29 03:23:59','2020-12-29 03:23:59'),(3775,'فران',4,'2020-12-29 08:59:28','2021-03-12 22:14:24'),(3776,'فرانك',6,'2020-12-29 08:59:31','2021-03-12 22:16:32'),(3777,'fran',1,'2020-12-29 08:59:41','2020-12-29 08:59:46'),(3778,'frank',0,'2020-12-29 08:59:44','2020-12-29 08:59:44'),(3779,'wai',3,'2020-12-29 10:37:40','2020-12-29 10:37:40'),(3780,'wait',0,'2020-12-29 10:37:41','2020-12-29 10:37:41'),(3781,'ديوز',2,'2020-12-29 10:39:37','2021-04-26 09:09:40'),(3782,'دش',19,'2020-12-29 15:01:11','2021-05-09 00:42:28'),(3783,'دشد',12,'2020-12-29 15:01:15','2021-05-09 00:42:29'),(3784,'دشداش',24,'2020-12-29 15:01:15','2021-05-09 00:42:29'),(3785,'دشداشه',15,'2020-12-29 15:01:16','2021-05-09 00:42:31'),(3786,'huaw',4,'2020-12-29 17:25:43','2021-05-02 03:35:50'),(3787,'huawe',3,'2020-12-29 17:25:44','2021-05-02 03:35:45'),(3788,'huawei',4,'2020-12-29 17:25:44','2021-05-02 03:35:53'),(3789,'tab c',1,'2020-12-29 17:25:51','2020-12-29 17:25:55'),(3790,'tab co',3,'2020-12-29 17:25:51','2020-12-29 17:25:55'),(3791,'tab cov',3,'2020-12-29 17:25:52','2021-02-14 14:50:56'),(3792,'tab cover',9,'2020-12-29 17:25:52','2021-02-14 14:50:57'),(3793,'tab covers',1,'2020-12-29 17:25:52','2020-12-29 17:25:52'),(3794,'عطر ج',5,'2020-12-30 14:11:29','2021-02-24 14:01:38'),(3795,'عطر جف',4,'2020-12-30 14:11:29','2020-12-30 14:11:39'),(3796,'عطر جفن',1,'2020-12-30 14:11:30','2020-12-30 14:11:39'),(3797,'عطر جفنش',1,'2020-12-30 14:11:31','2020-12-30 14:11:39'),(3798,'عطر جفنشي',3,'2020-12-30 14:11:31','2020-12-30 14:11:39'),(3799,'عطر جفنشي ا',1,'2020-12-30 14:11:32','2020-12-30 14:11:39'),(3800,'عطر جفنشي ام',1,'2020-12-30 14:11:32','2020-12-30 14:11:39'),(3801,'عطر جفنشي اما',1,'2020-12-30 14:11:32','2020-12-30 14:11:38'),(3802,'عطر جفنشي امار',1,'2020-12-30 14:11:33','2020-12-30 14:11:38'),(3803,'عطر جفنشي اماري',4,'2020-12-30 14:11:33','2021-04-24 13:57:18'),(3804,'عطر جفنشي اماريج',65,'2020-12-30 14:11:34','2021-04-30 06:09:23'),(3805,'belo',2,'2020-12-30 15:33:40','2020-12-30 15:33:40'),(3806,'bek',1,'2020-12-30 15:33:40','2020-12-30 15:33:40'),(3807,'beko',2,'2020-12-30 15:33:40','2020-12-30 15:33:41'),(3808,'بىس',1,'2020-12-30 17:49:57','2020-12-30 17:49:59'),(3809,'بىست',1,'2020-12-30 17:49:57','2020-12-30 17:49:59'),(3810,'بىستي',0,'2020-12-30 17:49:57','2020-12-30 17:49:57'),(3811,'ببر',0,'2020-12-30 17:50:05','2020-12-30 17:50:05'),(3812,'the b',2,'2020-12-30 19:02:50','2020-12-30 19:02:50'),(3813,'the ba',1,'2020-12-30 19:02:50','2020-12-30 19:02:50'),(3814,'the bal',2,'2020-12-30 19:02:51','2021-03-30 17:44:24'),(3815,'the balm',5,'2020-12-30 19:02:54','2021-03-30 17:45:11'),(3816,'grip2u',2,'2020-12-30 21:29:51','2021-04-23 05:26:36'),(3817,'givenv',1,'2020-12-31 23:23:33','2020-12-31 23:23:38'),(3818,'givenvhy',4,'2020-12-31 23:23:33','2020-12-31 23:23:37'),(3819,'yee',3,'2020-12-31 23:35:07','2021-03-14 16:01:11'),(3820,'yeez',3,'2020-12-31 23:35:07','2021-03-14 16:01:11'),(3821,'yeezy',17,'2020-12-31 23:35:08','2021-05-01 23:29:38'),(3822,'instaz',0,'2021-01-01 04:05:56','2021-01-01 04:05:56'),(3823,'isa',8,'2021-01-01 04:06:24','2021-02-16 07:57:04'),(3824,'isad',1,'2021-01-01 04:06:26','2021-01-01 04:06:28'),(3825,'isado',1,'2021-01-01 04:06:26','2021-01-01 04:06:28'),(3826,'isador',1,'2021-01-01 04:06:27','2021-01-01 04:06:28'),(3827,'isadora',0,'2021-01-01 04:06:27','2021-01-01 04:06:27'),(3828,'isd',6,'2021-01-01 04:06:33','2021-02-16 07:56:25'),(3829,'isdo',2,'2021-01-01 04:06:34','2021-02-16 07:56:23'),(3830,'kid',4,'2021-01-01 11:49:51','2021-05-11 04:29:18'),(3831,'kids',11,'2021-01-01 11:49:51','2021-05-11 04:29:19'),(3832,'tea',1,'2021-01-01 12:09:20','2021-01-01 12:09:21'),(3833,'tea se',1,'2021-01-01 12:09:21','2021-01-01 12:09:21'),(3834,'tea set',2,'2021-01-01 12:09:21','2021-01-01 12:09:21'),(3835,'chanee',0,'2021-01-01 23:47:42','2021-01-01 23:47:42'),(3836,'ليج',2,'2021-01-02 03:48:16','2021-01-02 03:48:17'),(3837,'ليجن',0,'2021-01-02 03:48:17','2021-01-02 03:48:17'),(3838,'ليجند',1,'2021-01-02 03:48:18','2021-01-02 03:48:21'),(3839,'مون',4,'2021-01-02 03:49:06','2021-04-23 17:01:28'),(3840,'مونت',9,'2021-01-02 03:49:07','2021-04-23 17:01:28'),(3841,'مونت ب',3,'2021-01-02 03:49:10','2021-04-23 17:01:28'),(3842,'مونت بل',3,'2021-01-02 03:49:11','2021-04-23 17:01:28'),(3843,'مونت بلا',5,'2021-01-02 03:49:15','2021-04-23 17:01:29'),(3844,'مونت بلان',8,'2021-01-02 03:49:15','2021-04-23 17:01:29'),(3845,'مونت بلانك',23,'2021-01-02 03:49:15','2021-04-23 17:01:30'),(3846,'ساعة و',2,'2021-01-02 10:01:50','2021-01-02 10:01:55'),(3847,'ساعة وات',8,'2021-01-02 10:01:51','2021-01-02 10:01:55'),(3848,'ساعة واتش',0,'2021-01-02 10:01:54','2021-01-02 10:01:54'),(3849,'ساعة الكتر',9,'2021-01-02 10:02:07','2021-05-01 19:10:03'),(3850,'ساعة الكترو',1,'2021-01-02 10:02:08','2021-01-02 10:02:10'),(3851,'ساعة الكترون',1,'2021-01-02 10:02:09','2021-01-02 10:02:10'),(3852,'ساعة الكتروني',1,'2021-01-02 10:02:09','2021-01-02 10:02:10'),(3853,'ساعة الكترونيه',0,'2021-01-02 10:02:10','2021-01-02 10:02:10'),(3854,'دشداشة',9,'2021-01-02 11:21:03','2021-05-04 02:44:22'),(3855,'pac',1,'2021-01-03 03:35:42','2021-01-03 03:35:42'),(3856,'paci',4,'2021-01-03 03:35:42','2021-01-03 03:35:43'),(3857,'pacig',0,'2021-01-03 03:35:43','2021-01-03 03:35:43'),(3858,'كما',8,'2021-01-03 09:26:44','2021-05-12 03:20:44'),(3859,'كمام',9,'2021-01-03 09:26:47','2021-05-12 03:20:48'),(3860,'برسا',2,'2021-01-03 10:02:58','2021-01-03 10:02:58'),(3861,'برساي',1,'2021-01-03 10:02:58','2021-01-03 10:02:58'),(3862,'برسايج',1,'2021-01-03 10:02:58','2021-01-03 10:02:58'),(3863,'liq',4,'2021-01-03 12:17:35','2021-05-03 17:56:36'),(3864,'liqui',3,'2021-01-03 12:17:36','2021-01-03 12:17:36'),(3865,'liquid',4,'2021-01-03 12:17:37','2021-03-11 09:34:04'),(3866,'liquid ey',2,'2021-01-03 12:17:41','2021-01-03 12:17:42'),(3867,'liquid eyek',3,'2021-01-03 12:17:42','2021-01-03 12:17:45'),(3868,'liquid eyeki',1,'2021-01-03 12:17:42','2021-01-03 12:17:44'),(3869,'liquid eyekin',1,'2021-01-03 12:17:42','2021-01-03 12:17:43'),(3870,'liquid eyekine',1,'2021-01-03 12:17:42','2021-01-03 12:17:43'),(3871,'liquid eyekiner',0,'2021-01-03 12:17:42','2021-01-03 12:17:42'),(3872,'liquid eyel',0,'2021-01-03 12:17:46','2021-01-03 12:17:46'),(3873,'liquid eyeli',0,'2021-01-03 12:17:46','2021-01-03 12:17:46'),(3874,'liquid eyelin',0,'2021-01-03 12:17:46','2021-01-03 12:17:46'),(3875,'liquid eyeline',0,'2021-01-03 12:17:47','2021-01-03 12:17:47'),(3876,'liquid eyeliner',1,'2021-01-03 12:17:47','2021-01-03 12:17:48'),(3877,'بيبي',26,'2021-01-03 12:38:37','2021-05-10 05:51:59'),(3878,'بلاند',2,'2021-01-03 13:04:28','2021-01-03 13:04:31'),(3879,'بلاندو',0,'2021-01-03 13:04:29','2021-01-03 13:04:29'),(3880,'بلاندر',0,'2021-01-03 13:04:30','2021-01-03 13:04:30'),(3881,'سوا',2,'2021-01-03 14:53:24','2021-01-03 14:53:33'),(3882,'سوار',1,'2021-01-03 14:53:25','2021-01-03 14:53:33'),(3883,'ستاند س',0,'2021-01-03 15:05:00','2021-01-03 15:05:00'),(3884,'m a',1,'2021-01-03 17:04:38','2021-04-13 17:29:13'),(3885,'m asa',8,'2021-01-03 17:04:38','2021-04-13 17:29:17'),(3886,'m asam',2,'2021-01-03 17:04:38','2021-04-13 17:29:18'),(3887,'kera',3,'2021-01-03 18:40:34','2021-01-03 18:40:35'),(3888,'keras',0,'2021-01-03 18:40:39','2021-01-03 18:40:39'),(3889,'kerast',0,'2021-01-03 18:40:39','2021-01-03 18:40:39'),(3890,'kerasta',0,'2021-01-03 18:40:39','2021-01-03 18:40:39'),(3891,'kerastas',0,'2021-01-03 18:40:42','2021-01-03 18:40:42'),(3892,'kerastase',3,'2021-01-03 18:40:42','2021-01-03 18:40:46'),(3893,'flormar',7,'2021-01-03 22:28:07','2021-05-07 23:34:24'),(3894,'fll',2,'2021-01-03 22:28:16','2021-04-05 18:32:14'),(3895,'أحذية ر',0,'2021-01-04 11:45:52','2021-01-04 11:45:52'),(3896,'أحذية رج',0,'2021-01-04 11:45:52','2021-01-04 11:45:52'),(3897,'أحذية رجا',0,'2021-01-04 11:45:52','2021-01-04 11:45:52'),(3898,'أحذية رجال',0,'2021-01-04 11:45:52','2021-01-04 11:45:52'),(3899,'أحذية رجالي',0,'2021-01-04 11:45:53','2021-01-04 11:45:53'),(3900,'أحذية رجالية',1,'2021-01-04 11:45:53','2021-01-04 11:45:54'),(3901,'NUDE OBSESSION LIPSTICK NUDE LOOK LIP FLUID-009',7,'2021-01-04 21:34:38','2021-04-20 13:02:52'),(3902,'بربا',0,'2021-01-04 21:40:25','2021-01-04 21:40:25'),(3903,'زن',2,'2021-01-04 23:46:36','2021-01-04 23:46:36'),(3904,'زنذ',1,'2021-01-04 23:46:36','2021-01-04 23:46:40'),(3905,'زند',0,'2021-01-04 23:46:55','2021-01-04 23:46:55'),(3906,'زندو',0,'2021-01-04 23:46:55','2021-01-04 23:46:55'),(3907,'زندور',2,'2021-01-04 23:46:55','2021-04-15 11:32:48'),(3908,'jum',1,'2021-01-05 01:13:24','2021-01-05 01:13:26'),(3909,'jumm',2,'2021-01-05 01:13:25','2021-01-05 01:13:25'),(3910,'عطورام',0,'2021-01-05 01:22:26','2021-01-05 01:22:26'),(3911,'عطورام ر',4,'2021-01-05 01:22:27','2021-03-17 22:01:31'),(3912,'عطورام رو',3,'2021-01-05 01:22:28','2021-03-17 22:01:32'),(3913,'عطورام روز',2,'2021-01-05 01:22:28','2021-03-17 22:01:32'),(3914,'wall',12,'2021-01-05 02:35:47','2021-01-08 01:53:18'),(3915,'ورق',8,'2021-01-05 02:35:52','2021-02-18 03:04:43'),(3916,'جد',0,'2021-01-05 02:36:01','2021-01-05 02:36:01'),(3917,'جدر',0,'2021-01-05 02:36:02','2021-01-05 02:36:02'),(3918,'جدرا',0,'2021-01-05 02:36:02','2021-01-05 02:36:02'),(3919,'جدران',1,'2021-01-05 02:36:02','2021-01-05 02:36:02'),(3920,'كريمم',1,'2021-01-05 09:31:53','2021-01-05 09:31:58'),(3921,'كريمما',1,'2021-01-05 09:31:53','2021-01-05 09:31:58'),(3922,'كريمماجيك',5,'2021-01-05 09:31:54','2021-01-05 09:31:58'),(3923,'كريم م',0,'2021-01-05 09:32:02','2021-01-05 09:32:02'),(3924,'كريم ما',1,'2021-01-05 09:32:02','2021-01-05 09:32:04'),(3925,'كريم ماج',0,'2021-01-05 09:32:03','2021-01-05 09:32:03'),(3926,'كريم ماجي',2,'2021-01-05 09:32:04','2021-01-05 09:32:04'),(3927,'كريم ماجيك',1,'2021-01-05 09:32:04','2021-01-05 09:32:04'),(3928,'روجي',2,'2021-01-05 15:32:07','2021-01-05 15:32:11'),(3929,'روجين',2,'2021-01-05 15:32:07','2021-01-05 15:32:10'),(3930,'روجينا',1,'2021-01-05 15:32:08','2021-01-05 15:32:08'),(3931,'ثابت',5,'2021-01-05 21:21:18','2021-01-05 21:21:25'),(3932,'قاعده',26,'2021-01-05 21:21:27','2021-04-21 03:54:11'),(3933,'قاعده ت',1,'2021-01-05 21:21:28','2021-01-05 21:21:34'),(3934,'قاعده تث',1,'2021-01-05 21:21:29','2021-01-05 21:21:33'),(3935,'قاعده تثب',1,'2021-01-05 21:21:29','2021-01-05 21:21:32'),(3936,'قاعده تثبي',1,'2021-01-05 21:21:29','2021-01-05 21:21:31'),(3937,'قاعده تثبيت',2,'2021-01-05 21:21:30','2021-03-18 21:48:19'),(3938,'brin',1,'2021-01-05 23:03:34','2021-01-05 23:03:35'),(3939,'mop',2,'2021-01-05 23:29:45','2021-01-05 23:29:50'),(3940,'mopl',1,'2021-01-05 23:29:45','2021-01-05 23:29:46'),(3941,'mopi',0,'2021-01-05 23:29:51','2021-01-05 23:29:51'),(3942,'mopil',0,'2021-01-05 23:29:51','2021-01-05 23:29:51'),(3943,'mopile',2,'2021-01-05 23:29:51','2021-01-05 23:30:03'),(3944,'mopile s',1,'2021-01-05 23:29:52','2021-01-05 23:30:03'),(3945,'mopile st',1,'2021-01-05 23:29:53','2021-01-05 23:30:02'),(3946,'mopile sta',1,'2021-01-05 23:29:53','2021-01-05 23:30:02'),(3947,'mopile stan',1,'2021-01-05 23:29:54','2021-01-05 23:30:02'),(3948,'mopile stand',16,'2021-01-05 23:29:54','2021-04-26 15:34:04'),(3949,'mopile c',0,'2021-01-05 23:30:06','2021-01-05 23:30:06'),(3950,'mopile ca',0,'2021-01-05 23:30:06','2021-01-05 23:30:06'),(3951,'mopile cat',5,'2021-01-05 23:30:07','2021-03-15 09:32:14'),(3952,'mopile cat s',0,'2021-01-05 23:30:11','2021-01-05 23:30:11'),(3953,'mopile cat st',0,'2021-01-05 23:30:11','2021-01-05 23:30:11'),(3954,'mopile cat sta',0,'2021-01-05 23:30:12','2021-01-05 23:30:12'),(3955,'mopile cat stan',0,'2021-01-05 23:30:12','2021-01-05 23:30:12'),(3956,'mopile cat stand',0,'2021-01-05 23:30:13','2021-01-05 23:30:13'),(3957,'ca5',11,'2021-01-06 01:34:15','2021-02-25 22:33:13'),(3958,'ca50',7,'2021-01-06 01:34:15','2021-01-24 12:01:43'),(3959,'ca50@',0,'2021-01-06 01:34:20','2021-01-06 01:34:20'),(3960,'addi',2,'2021-01-06 09:16:46','2021-01-06 09:16:51'),(3961,'addid',0,'2021-01-06 09:16:49','2021-01-06 09:16:49'),(3962,'cx',1,'2021-01-06 11:13:35','2021-01-06 11:13:39'),(3963,'cxb',1,'2021-01-06 11:13:35','2021-01-06 11:13:39'),(3964,'cxbcxb',5,'2021-01-06 11:13:35','2021-01-06 11:13:38'),(3965,'cxbcxbx',0,'2021-01-06 11:13:36','2021-01-06 11:13:36'),(3966,'عصا',6,'2021-01-06 16:42:05','2021-01-06 16:42:11'),(3967,'عصاء',0,'2021-01-06 16:42:09','2021-01-06 16:42:09'),(3968,'عج',1,'2021-01-06 16:42:18','2021-01-06 16:42:18'),(3969,'orig',0,'2021-01-06 19:11:50','2021-01-06 19:11:50'),(3970,'origi',1,'2021-01-06 19:11:50','2021-01-06 19:11:51'),(3971,'origin',0,'2021-01-06 19:11:52','2021-01-06 19:11:52'),(3972,'origins',2,'2021-01-06 19:11:53','2021-01-06 19:11:56'),(3973,'origins l',0,'2021-01-06 19:12:00','2021-01-06 19:12:00'),(3974,'origins li',0,'2021-01-06 19:12:00','2021-01-06 19:12:00'),(3975,'origins lif',0,'2021-01-06 19:12:01','2021-01-06 19:12:01'),(3976,'origins lift',0,'2021-01-06 19:12:02','2021-01-06 19:12:02'),(3977,'origins lifti',0,'2021-01-06 19:12:03','2021-01-06 19:12:03'),(3978,'origins liftin',0,'2021-01-06 19:12:03','2021-01-06 19:12:03'),(3979,'origins lifting',1,'2021-01-06 19:12:04','2021-01-06 19:12:04'),(3980,'origins lifting c',0,'2021-01-06 19:12:05','2021-01-06 19:12:05'),(3981,'origins lifting cr',0,'2021-01-06 19:12:09','2021-01-06 19:12:09'),(3982,'origins lifting cre',0,'2021-01-06 19:12:09','2021-01-06 19:12:09'),(3983,'origins lifting crea',0,'2021-01-06 19:12:09','2021-01-06 19:12:09'),(3984,'origins lifting cream',0,'2021-01-06 19:12:10','2021-01-06 19:12:10'),(3985,'joy',2,'2021-01-07 07:32:07','2021-01-07 07:32:08'),(3986,'عت',3,'2021-01-07 09:01:35','2021-05-09 12:16:39'),(3987,'عتر',2,'2021-01-07 09:01:36','2021-05-09 12:16:39'),(3988,'عتره',4,'2021-01-07 09:01:36','2021-05-09 12:16:40'),(3989,'شماغ اب',4,'2021-01-07 09:03:04','2021-03-31 22:08:25'),(3990,'شماغ ابيي',7,'2021-01-07 09:03:04','2021-03-31 22:08:23'),(3991,'شماغ ابيض',16,'2021-01-07 09:03:05','2021-05-16 10:34:49'),(3992,'di p',0,'2021-01-07 11:07:49','2021-01-07 11:07:49'),(3993,'di pa',0,'2021-01-07 11:07:49','2021-01-07 11:07:49'),(3994,'di pal',1,'2021-01-07 11:07:49','2021-01-07 11:07:49'),(3995,'di palm',0,'2021-01-07 11:07:49','2021-01-07 11:07:49'),(3996,'di palma',0,'2021-01-07 11:07:49','2021-01-07 11:07:49'),(3997,'كفر ج',3,'2021-01-07 17:00:59','2021-01-07 17:01:07'),(3998,'كفر جل',1,'2021-01-07 17:01:00','2021-01-07 17:01:06'),(3999,'كفر جلك',2,'2021-01-07 17:01:00','2021-01-07 17:01:06'),(4000,'كفر جلكس',1,'2021-01-07 17:01:01','2021-01-07 17:01:06'),(4001,'كفر جلكسي',3,'2021-01-07 17:01:01','2021-01-07 17:01:06'),(4002,'كفر جلكسي تا',3,'2021-01-07 17:01:04','2021-01-07 17:01:05'),(4003,'كفر جلكسي تاب',0,'2021-01-07 17:01:05','2021-01-07 17:01:05'),(4004,'كوست',4,'2021-01-07 19:18:01','2021-01-07 19:18:05'),(4005,'كوستم',0,'2021-01-07 19:18:01','2021-01-07 19:18:01'),(4006,'cost',0,'2021-01-07 19:18:10','2021-01-07 19:18:10'),(4007,'costu',0,'2021-01-07 19:18:11','2021-01-07 19:18:11'),(4008,'costum',0,'2021-01-07 19:18:11','2021-01-07 19:18:11'),(4009,'mao',1,'2021-01-07 20:34:15','2021-01-07 20:34:15'),(4010,'maon',1,'2021-01-07 20:34:15','2021-01-07 20:34:15'),(4011,'maono',1,'2021-01-07 20:34:16','2021-01-07 20:34:16'),(4012,'شق',1,'2021-01-07 23:50:04','2021-01-07 23:50:05'),(4013,'شف',21,'2021-01-07 23:50:06','2021-04-16 23:36:01'),(4014,'شفر',1,'2021-01-07 23:50:08','2021-01-07 23:50:08'),(4015,'powerp',0,'2021-01-08 01:50:23','2021-01-08 01:50:23'),(4016,'powerpo',0,'2021-01-08 01:50:23','2021-01-08 01:50:23'),(4017,'powerpor',0,'2021-01-08 01:50:32','2021-01-08 01:50:32'),(4018,'powerport',1,'2021-01-08 01:50:32','2021-01-08 01:50:33'),(4019,'wall c',0,'2021-01-08 01:53:12','2021-01-08 01:53:12'),(4020,'wallc',1,'2021-01-08 01:53:15','2021-01-08 01:53:17'),(4021,'wallch',0,'2021-01-08 01:53:15','2021-01-08 01:53:15'),(4022,'lux',2,'2021-01-08 03:59:30','2021-01-08 03:59:30'),(4023,'لوشن ف',0,'2021-01-08 03:59:44','2021-01-08 03:59:44'),(4024,'carme',5,'2021-01-08 04:00:38','2021-01-08 04:00:42'),(4025,'carmes',1,'2021-01-08 04:00:38','2021-02-28 15:26:25'),(4026,'carmex',1,'2021-01-08 04:00:39','2021-01-08 04:00:39'),(4027,'مرطب ا',0,'2021-01-08 04:00:56','2021-01-08 04:00:56'),(4028,'مرطب ال',0,'2021-01-08 04:00:56','2021-01-08 04:00:56'),(4029,'مرطب الش',1,'2021-01-08 04:00:56','2021-01-08 04:00:56'),(4030,'مرطب الشف',2,'2021-01-08 04:00:57','2021-04-26 12:52:26'),(4031,'مرطب الشفا',37,'2021-01-08 04:00:57','2021-04-26 12:53:14'),(4032,'مرطب الشفاه',7,'2021-01-08 04:00:57','2021-05-03 21:02:17'),(4033,'مرطب الشفاة',6,'2021-01-08 04:00:59','2021-05-04 23:28:29'),(4034,'eye b',3,'2021-01-08 11:57:12','2021-01-08 11:57:13'),(4035,'eye br',2,'2021-01-08 11:57:16','2021-01-08 11:57:25'),(4036,'eye brr',0,'2021-01-08 11:57:19','2021-01-08 11:57:19'),(4037,'eye bro',1,'2021-01-08 11:57:21','2021-01-08 11:57:24'),(4038,'eye brow',0,'2021-01-08 11:57:23','2021-01-08 11:57:23'),(4039,'قاعدة ه',1,'2021-01-08 12:03:29','2021-01-08 12:03:30'),(4040,'قاعدة ها',0,'2021-01-08 12:03:29','2021-01-08 12:03:29'),(4041,'sas',1,'2021-01-08 15:46:32','2021-01-08 15:46:32'),(4042,'ثثو',11,'2021-01-08 17:53:31','2021-05-05 05:22:55'),(4043,'ثثوي',0,'2021-01-08 17:53:32','2021-01-08 17:53:32'),(4044,'ثثون',1,'2021-01-08 17:53:33','2021-01-08 17:53:38'),(4045,'ثثونن',1,'2021-01-08 17:53:33','2021-01-08 17:53:38'),(4046,'ثثوننب',1,'2021-01-08 17:53:33','2021-01-08 17:53:37'),(4047,'ثثوننبنبن',5,'2021-01-08 17:53:34','2021-01-08 17:53:37'),(4048,'ثثوننبنبني',1,'2021-01-08 17:53:34','2021-01-08 17:53:37'),(4049,'ثثوننبنبنيمه',3,'2021-01-08 17:53:34','2021-01-08 17:53:36'),(4050,'ثثوننبنبنيمهي',1,'2021-01-08 17:53:35','2021-01-08 17:53:36'),(4051,'ثثوننبنبنيمهين',1,'2021-01-08 17:53:35','2021-01-08 17:53:36'),(4052,'ثثوننبنبنيمهيني',0,'2021-01-08 17:53:35','2021-01-08 17:53:35'),(4053,'ثوب',7,'2021-01-08 17:53:39','2021-05-05 05:22:55'),(4054,'كورف',4,'2021-01-09 02:51:26','2021-03-28 17:58:38'),(4055,'عطا',2,'2021-01-09 03:40:43','2021-01-09 03:40:45'),(4056,'عطار',2,'2021-01-09 03:40:43','2021-01-09 03:40:44'),(4057,'عطارة',0,'2021-01-09 03:40:44','2021-01-09 03:40:44'),(4058,'صبار',2,'2021-01-09 03:41:08','2021-04-03 17:54:15'),(4059,'بولغر',3,'2021-01-09 04:04:53','2021-01-09 04:04:56'),(4060,'بولغري',0,'2021-01-09 04:04:55','2021-01-09 04:04:55'),(4061,'BVL',1,'2021-01-09 04:05:22','2021-05-07 07:32:48'),(4062,'BVLQ',0,'2021-01-09 04:05:25','2021-01-09 04:05:25'),(4063,'BVLQA',0,'2021-01-09 04:05:27','2021-01-09 04:05:27'),(4064,'BVLQAR',0,'2021-01-09 04:05:30','2021-01-09 04:05:30'),(4065,'BVLQARI',1,'2021-01-09 04:05:30','2021-01-09 04:05:31'),(4066,'apple watch ba',3,'2021-01-09 04:27:51','2021-01-09 04:27:54'),(4067,'apple watch ban',1,'2021-01-09 04:27:51','2021-01-09 04:27:53'),(4068,'apple watch band',0,'2021-01-09 04:27:51','2021-01-09 04:27:51'),(4069,'apple watch  4',1,'2021-01-09 04:27:56','2021-01-09 04:28:03'),(4070,'apple watch  44',1,'2021-01-09 04:27:57','2021-01-09 04:28:02'),(4071,'apple watch  44m',1,'2021-01-09 04:27:58','2021-01-09 04:28:00'),(4072,'al w',2,'2021-01-09 07:41:01','2021-01-09 07:41:05'),(4073,'al wi',1,'2021-01-09 07:41:01','2021-01-09 07:41:04'),(4074,'al wis',6,'2021-01-09 07:41:02','2021-01-09 07:41:08'),(4075,'al wisa',2,'2021-01-09 07:41:03','2021-01-09 07:41:07'),(4076,'raa',0,'2021-01-09 07:41:11','2021-01-09 07:41:11'),(4077,'rasa',1,'2021-01-09 07:41:14','2021-01-09 07:41:17'),(4078,'rasas',1,'2021-01-09 07:41:14','2021-01-09 07:41:17'),(4079,'rasasi',2,'2021-01-09 07:41:15','2021-03-31 20:52:33'),(4080,'روز م',4,'2021-01-09 13:25:34','2021-01-09 13:25:59'),(4081,'روز ما',2,'2021-01-09 13:25:34','2021-01-09 13:25:35'),(4082,'روز ماك',1,'2021-01-09 13:25:35','2021-01-09 13:25:35'),(4083,'روز مل',1,'2021-01-09 13:25:35','2021-01-09 13:25:37'),(4084,'روز ملك',0,'2021-01-09 13:25:36','2021-01-09 13:25:36'),(4085,'روز مس',1,'2021-01-09 13:25:40','2021-01-09 13:25:59'),(4086,'روز مسك',0,'2021-01-09 13:25:40','2021-01-09 13:25:40'),(4087,'ماء ت',0,'2021-01-09 13:26:05','2021-01-09 13:26:05'),(4088,'ماء تو',0,'2021-01-09 13:26:05','2021-01-09 13:26:05'),(4089,'oud i',2,'2021-01-09 13:28:50','2021-02-16 22:31:44'),(4090,'oud is',2,'2021-01-09 13:28:51','2021-02-16 22:31:44'),(4091,'طبل',3,'2021-01-09 16:09:31','2021-01-12 10:03:31'),(4092,'طبلو',3,'2021-01-09 16:09:31','2021-01-12 10:03:31'),(4093,'طبلون',6,'2021-01-09 16:09:31','2021-01-12 10:03:25'),(4094,'pua',0,'2021-01-09 17:56:40','2021-01-09 17:56:40'),(4095,'pupa 3',2,'2021-01-09 17:57:13','2021-01-09 17:57:15'),(4096,'pupa 30',0,'2021-01-09 17:57:14','2021-01-09 17:57:14'),(4097,'nau',2,'2021-01-09 19:56:27','2021-01-09 19:56:27'),(4098,'naul',1,'2021-01-09 19:56:27','2021-01-09 19:56:27'),(4099,'lips s',1,'2021-01-09 19:58:15','2021-01-09 19:58:19'),(4100,'lips st',1,'2021-01-09 19:58:15','2021-01-09 19:58:19'),(4101,'lips stic',3,'2021-01-09 19:58:16','2021-01-09 19:58:18'),(4102,'lips stick',0,'2021-01-09 19:58:16','2021-01-09 19:58:16'),(4103,'الشعر',8,'2021-01-09 22:01:10','2021-04-03 17:55:34'),(4104,'بودرة ش',2,'2021-01-09 22:01:44','2021-01-09 22:01:44'),(4105,'بودرة شع',0,'2021-01-09 22:01:44','2021-01-09 22:01:44'),(4106,'بودرة شعر',0,'2021-01-09 22:01:45','2021-01-09 22:01:45'),(4107,'win',2,'2021-01-09 23:27:56','2021-01-09 23:27:56'),(4108,'wint',0,'2021-01-09 23:27:56','2021-01-09 23:27:56'),(4109,'winte',0,'2021-01-09 23:27:57','2021-01-09 23:27:57'),(4110,'winter',1,'2021-01-09 23:27:57','2021-01-09 23:27:59'),(4111,'winter i',0,'2021-01-09 23:28:00','2021-01-09 23:28:00'),(4112,'winter in',1,'2021-01-09 23:28:01','2021-01-09 23:28:01'),(4113,'winter in m',0,'2021-01-09 23:28:02','2021-01-09 23:28:02'),(4114,'winter in me',0,'2021-01-09 23:28:02','2021-01-09 23:28:02'),(4115,'winter in men',1,'2021-01-09 23:28:02','2021-01-09 23:28:03'),(4116,'fir',1,'2021-01-09 23:32:23','2021-01-09 23:32:23'),(4117,'fire',1,'2021-01-09 23:32:24','2021-01-09 23:32:24'),(4118,'fires',0,'2021-01-09 23:32:24','2021-01-09 23:32:24'),(4119,'firest',0,'2021-01-09 23:32:25','2021-01-09 23:32:25'),(4120,'firesto',0,'2021-01-09 23:32:26','2021-01-09 23:32:26'),(4121,'firestor',0,'2021-01-09 23:32:26','2021-01-09 23:32:26'),(4122,'firestorm',1,'2021-01-09 23:32:27','2021-01-09 23:32:32'),(4123,'فيرلن',4,'2021-01-10 07:12:55','2021-01-10 07:12:58'),(4124,'فيرلند',2,'2021-01-10 07:12:56','2021-01-10 07:12:56'),(4125,'فيرا',0,'2021-01-10 07:13:00','2021-01-10 07:13:00'),(4126,'فيران',0,'2021-01-10 07:13:00','2021-01-10 07:13:00'),(4127,'فيراند',3,'2021-01-10 07:13:00','2021-01-10 07:13:01'),(4128,'suva',6,'2021-01-10 20:24:31','2021-01-10 20:24:44'),(4129,'suvag',0,'2021-01-10 20:24:33','2021-01-10 20:24:33'),(4130,'iphone w',1,'2021-01-10 20:30:11','2021-01-10 20:30:11'),(4131,'adis',1,'2021-01-10 22:24:50','2021-01-10 22:24:50'),(4132,'adisa',0,'2021-01-10 22:24:51','2021-01-10 22:24:51'),(4133,'screen',0,'2021-01-10 23:06:27','2021-01-10 23:06:27'),(4134,'pows',1,'2021-01-11 01:43:04','2021-02-20 07:57:27'),(4135,'loos',0,'2021-01-11 01:43:18','2021-01-11 01:43:18'),(4136,'loose',0,'2021-01-11 01:43:18','2021-01-11 01:43:18'),(4137,'loose p',1,'2021-01-11 01:43:18','2021-01-11 01:43:19'),(4138,'loose powder',1,'2021-01-11 01:43:21','2021-01-11 01:43:21'),(4139,'كرف',1,'2021-01-11 08:39:43','2021-01-11 08:39:43'),(4140,'كرفان',3,'2021-01-11 08:39:43','2021-01-11 08:39:45'),(4141,'body',32,'2021-01-11 11:47:32','2021-04-18 02:18:07'),(4142,'body m',8,'2021-01-11 11:47:32','2021-04-18 02:18:07'),(4143,'body mi',5,'2021-01-11 11:47:33','2021-04-18 02:18:08'),(4144,'body mis',2,'2021-01-11 11:47:33','2021-04-18 02:18:08'),(4145,'body mist',7,'2021-01-11 11:47:33','2021-04-18 02:18:08'),(4146,'body mist c',1,'2021-01-11 11:47:47','2021-01-11 11:47:53'),(4147,'body mist cl',1,'2021-01-11 11:47:48','2021-01-11 11:47:53'),(4148,'body mist cle',1,'2021-01-11 11:47:48','2021-01-11 11:47:53'),(4149,'body mist clea',1,'2021-01-11 11:47:48','2021-01-11 11:47:52'),(4150,'body mist clean',0,'2021-01-11 11:47:48','2021-01-11 11:47:48'),(4151,'clean b',0,'2021-01-11 11:47:58','2021-01-11 11:47:58'),(4152,'clean bo',1,'2021-01-11 11:47:58','2021-01-11 11:47:59'),(4153,'clean bod',0,'2021-01-11 11:47:59','2021-01-11 11:47:59'),(4154,'clean body',1,'2021-01-11 11:47:59','2021-01-11 11:47:59'),(4155,'clean body m',1,'2021-01-11 11:48:01','2021-01-11 11:48:06'),(4156,'clean body mi',1,'2021-01-11 11:48:01','2021-01-11 11:48:06'),(4157,'clean body mis',1,'2021-01-11 11:48:02','2021-01-11 11:48:05'),(4158,'clean body mist',0,'2021-01-11 11:48:02','2021-01-11 11:48:02'),(4159,'DKN',6,'2021-01-11 12:40:54','2021-05-09 04:19:53'),(4160,'DKNY',4,'2021-01-11 12:40:56','2021-03-14 15:54:18'),(4161,'كفر ا',2,'2021-01-11 12:52:29','2021-04-24 22:04:57'),(4162,'كفر اي',2,'2021-01-11 12:52:29','2021-04-24 22:04:58'),(4163,'كفر ايف',2,'2021-01-11 12:52:29','2021-04-24 22:04:58'),(4164,'كفر ايفو',4,'2021-01-11 12:52:30','2021-04-24 22:04:58'),(4165,'كفر ايفون',5,'2021-01-11 12:52:30','2021-04-24 22:04:59'),(4166,'كفر ش',2,'2021-01-11 12:52:35','2021-01-11 12:52:36'),(4167,'كفر شف',0,'2021-01-11 12:52:35','2021-01-11 12:52:35'),(4168,'كفر شفا',2,'2021-01-11 12:52:35','2021-01-11 12:52:36'),(4169,'كفر شفاق',2,'2021-01-11 12:52:36','2021-02-02 09:33:05'),(4170,'كفر شفاف',5,'2021-01-11 12:52:36','2021-02-02 09:33:55'),(4171,'visa',6,'2021-01-11 13:32:21','2021-01-25 23:13:42'),(4172,'ساعة ار',2,'2021-01-11 17:30:41','2021-01-11 17:30:44'),(4173,'ساعة ارمن',18,'2021-01-11 17:30:42','2021-05-12 03:33:15'),(4174,'ساعة ارمني',2,'2021-01-11 17:30:42','2021-04-03 09:10:16'),(4175,'نظارات ر',4,'2021-01-11 17:31:09','2021-01-11 17:31:15'),(4176,'نظارات رج',4,'2021-01-11 17:31:10','2021-01-11 17:31:15'),(4177,'نظارات رجا',2,'2021-01-11 17:31:10','2021-01-11 17:31:15'),(4178,'نظارات رجاا',0,'2021-01-11 17:31:11','2021-01-11 17:31:11'),(4179,'نظارات رجال',1,'2021-01-11 17:31:12','2021-01-11 17:31:15'),(4180,'نظارات رجالي',1,'2021-01-11 17:31:12','2021-01-11 17:31:15'),(4181,'نظارات رجالية',1,'2021-01-11 17:31:12','2021-01-11 17:31:13'),(4182,'hw',0,'2021-01-11 22:32:52','2021-01-11 22:32:52'),(4183,'hwa',1,'2021-01-11 22:32:52','2021-01-11 22:32:52'),(4184,'comm',4,'2021-01-11 23:25:31','2021-01-17 23:58:00'),(4185,'comme',4,'2021-01-11 23:25:32','2021-01-17 23:58:00'),(4186,'كوم',5,'2021-01-11 23:25:42','2021-02-14 18:36:10'),(4187,'كومي',0,'2021-01-11 23:25:46','2021-01-11 23:25:46'),(4188,'ديج',0,'2021-01-11 23:26:00','2021-01-11 23:26:00'),(4189,'ديجا',0,'2021-01-11 23:26:00','2021-01-11 23:26:00'),(4190,'ديجار',0,'2021-01-11 23:26:01','2021-01-11 23:26:01'),(4191,'كارول',3,'2021-01-12 09:58:58','2021-02-26 23:29:48'),(4192,'كارولي',3,'2021-01-12 09:58:59','2021-02-26 23:29:48'),(4193,'كارولين',4,'2021-01-12 09:59:00','2021-02-26 23:29:49'),(4194,'كارولينا',5,'2021-01-12 09:59:01','2021-02-26 23:29:52'),(4195,'فاع',0,'2021-01-12 10:03:32','2021-01-12 10:03:32'),(4196,'فاعد',2,'2021-01-12 10:03:33','2021-01-12 10:03:33'),(4197,'فاعدة',2,'2021-01-12 10:03:33','2021-01-12 10:03:34'),(4198,'فاعدة ت',0,'2021-01-12 10:03:34','2021-01-12 10:03:34'),(4199,'فاعدة تث',0,'2021-01-12 10:03:34','2021-01-12 10:03:34'),(4200,'فاعدة تثب',0,'2021-01-12 10:03:34','2021-01-12 10:03:34'),(4201,'فاعدة تثبي',0,'2021-01-12 10:03:35','2021-01-12 10:03:35'),(4202,'فاعدة تثبيت',1,'2021-01-12 10:03:35','2021-01-12 10:03:36'),(4203,'jeje',13,'2021-01-12 13:12:18','2021-01-19 17:59:55'),(4204,'jeje a',0,'2021-01-12 13:12:20','2021-01-12 13:12:20'),(4205,'jeje al',0,'2021-01-12 13:12:21','2021-01-12 13:12:21'),(4206,'jeje alo',0,'2021-01-12 13:12:21','2021-01-12 13:12:21'),(4207,'jeje aloe',1,'2021-01-12 13:12:21','2021-04-29 21:34:28'),(4208,'</script>\"><script>prompt(1)</script>',3,'2021-01-12 14:06:26','2021-01-19 13:20:22'),(4209,'<script>alert(1)</script>',0,'2021-01-12 14:06:29','2021-01-12 14:06:29'),(4210,'tes',1,'2021-01-12 14:47:03','2021-01-12 14:47:04'),(4211,'teso',1,'2021-01-12 14:47:04','2021-01-12 14:47:04'),(4212,'tesore',1,'2021-01-12 14:47:08','2021-01-12 14:47:08'),(4213,'fila',4,'2021-01-13 01:01:59','2021-01-13 01:02:01'),(4214,'جيج',1,'2021-01-13 20:15:46','2021-01-13 20:15:48'),(4215,'جيجو',3,'2021-01-13 20:15:47','2021-01-13 20:15:47'),(4216,'jejo',2,'2021-01-13 20:15:52','2021-01-13 20:15:53'),(4217,'jeju',8,'2021-01-13 20:17:08','2021-01-19 17:59:55'),(4218,'الدهن',5,'2021-01-13 20:18:02','2021-01-13 20:18:06'),(4219,'الدهني',2,'2021-01-13 20:18:02','2021-01-13 20:18:05'),(4220,'الدهنية',0,'2021-01-13 20:18:02','2021-01-13 20:18:02'),(4221,'المسام',5,'2021-01-13 20:18:09','2021-01-13 20:18:11'),(4222,'exn',0,'2021-01-16 17:17:53','2021-01-16 17:17:53'),(4223,'exp',2,'2021-01-16 17:18:01','2021-01-16 17:18:09'),(4224,'expl',0,'2021-01-16 17:18:13','2021-01-16 17:18:13'),(4225,'explo',1,'2021-01-16 17:18:14','2021-01-16 17:18:14'),(4226,'explor',0,'2021-01-16 17:18:18','2021-01-16 17:18:18'),(4227,'explorw',1,'2021-01-16 17:18:18','2021-04-06 13:49:59'),(4228,'explorwr',0,'2021-01-16 17:18:19','2021-01-16 17:18:19'),(4229,'ml',0,'2021-01-16 17:19:31','2021-01-16 17:19:31'),(4230,'mlo',0,'2021-01-16 17:19:31','2021-01-16 17:19:31'),(4231,'mont',47,'2021-01-16 17:19:43','2021-04-21 02:31:18'),(4232,'mont b',10,'2021-01-16 17:19:57','2021-04-14 16:37:46'),(4233,'mont bl',12,'2021-01-16 17:19:57','2021-04-14 16:37:47'),(4234,'mont bla',7,'2021-01-16 17:19:58','2021-04-14 16:37:47'),(4235,'mont blanc',17,'2021-01-16 17:19:58','2021-04-14 16:37:48'),(4236,'موت',1,'2021-01-16 17:25:19','2021-01-16 17:25:23'),(4237,'موتن',8,'2021-01-16 17:25:20','2021-04-11 21:19:41'),(4238,'موتن ب',0,'2021-01-16 17:25:27','2021-01-16 17:25:27'),(4239,'موتن بل',0,'2021-01-16 17:25:28','2021-01-16 17:25:28'),(4240,'موتن بلا',0,'2021-01-16 17:25:29','2021-01-16 17:25:29'),(4241,'موتن بلاك',0,'2021-01-16 17:25:29','2021-01-16 17:25:29'),(4242,'سش',1,'2021-01-17 14:43:55','2021-01-17 14:43:59'),(4243,'سشو',1,'2021-01-17 14:43:55','2021-01-17 14:43:59'),(4244,'سشوار',5,'2021-01-17 14:43:55','2021-01-17 14:43:59'),(4245,'سشوار ب',1,'2021-01-17 14:43:56','2021-01-17 14:43:58'),(4246,'سشوار بك',0,'2021-01-17 14:43:58','2021-01-17 14:43:58'),(4247,'braun',75,'2021-01-17 14:44:11','2021-05-11 06:07:30'),(4248,'أر',5,'2021-01-17 16:34:47','2021-05-09 21:19:55'),(4249,'أر',0,'2021-01-17 16:34:47','2021-01-17 16:34:47'),(4250,'أرخ',3,'2021-01-17 16:34:47','2021-01-17 16:34:49'),(4251,'أرخص',1,'2021-01-17 16:34:48','2021-05-09 12:30:00'),(4252,'بور ب',0,'2021-01-17 16:34:58','2021-01-17 16:34:58'),(4253,'بور با',0,'2021-01-17 16:34:59','2021-01-17 16:34:59'),(4254,'بور بان',0,'2021-01-17 16:34:59','2021-01-17 16:34:59'),(4255,'بور بانك',1,'2021-01-17 16:35:00','2021-01-17 16:35:00'),(4256,'some',5,'2021-01-17 18:35:11','2021-01-17 18:35:20'),(4257,'some by',5,'2021-01-17 18:35:11','2021-01-17 18:35:19'),(4258,'some by m',2,'2021-01-17 18:35:12','2021-01-17 18:35:17'),(4259,'some by me',3,'2021-01-17 18:35:12','2021-01-17 18:35:13'),(4260,'some by mi',3,'2021-01-17 18:35:16','2021-01-17 18:35:17'),(4261,'true',0,'2021-01-17 18:35:22','2021-01-17 18:35:22'),(4262,'snai',1,'2021-01-17 18:35:27','2021-01-17 18:35:28'),(4263,'snail',1,'2021-01-17 18:35:28','2021-01-17 18:35:28'),(4264,'snail t',2,'2021-01-17 18:35:29','2021-02-13 15:35:34'),(4265,'snail tr',0,'2021-01-17 18:35:29','2021-01-17 18:35:29'),(4266,'snail tru',1,'2021-01-17 18:35:29','2021-01-17 18:35:30'),(4267,'snail true',0,'2021-01-17 18:35:30','2021-01-17 18:35:30'),(4268,'snail trui',1,'2021-01-17 18:35:30','2021-01-17 18:35:30'),(4269,'snail trueci',0,'2021-01-17 18:35:31','2021-01-17 18:35:31'),(4270,'snail truec',0,'2021-01-17 18:35:31','2021-01-17 18:35:31'),(4271,'snail truecica',2,'2021-01-17 18:35:31','2021-01-17 18:35:32'),(4272,'buea',6,'2021-01-17 19:06:27','2021-01-17 19:06:41'),(4273,'buear',1,'2021-01-17 19:06:27','2021-01-17 19:06:28'),(4274,'bueary',1,'2021-01-17 19:06:27','2021-01-17 19:06:28'),(4275,'bau',4,'2021-01-17 19:06:29','2021-01-17 19:06:30'),(4276,'baur',1,'2021-01-17 19:06:30','2021-01-17 19:06:30'),(4277,'baurt',0,'2021-01-17 19:06:30','2021-01-17 19:06:30'),(4278,'baw',1,'2021-01-17 19:06:31','2021-01-17 19:06:32'),(4279,'bawa',1,'2021-01-17 19:06:32','2021-01-17 19:06:32'),(4280,'bae',4,'2021-01-17 19:06:33','2021-01-17 19:06:46'),(4281,'bah',2,'2021-01-17 19:06:41','2021-01-17 19:06:42'),(4282,'bahe',1,'2021-01-17 19:06:42','2021-01-17 19:06:42'),(4283,'baei',0,'2021-01-17 19:06:45','2021-01-17 19:06:45'),(4284,'buaet',3,'2021-01-17 19:07:37','2021-01-17 19:07:38'),(4285,'buaety',0,'2021-01-17 19:07:37','2021-01-17 19:07:37'),(4286,'دي مارلي',420,'2021-01-17 20:01:24','2021-05-12 17:02:57'),(4287,'de marly',160,'2021-01-17 20:06:33','2021-05-09 23:31:18'),(4288,'comme d',1,'2021-01-17 23:57:56','2021-01-17 23:57:59'),(4289,'comme de',0,'2021-01-17 23:57:57','2021-01-17 23:57:57'),(4290,'ارما',12,'2021-01-17 23:58:53','2021-05-12 03:33:16'),(4291,'ارمان',9,'2021-01-17 23:58:54','2021-05-12 03:33:19'),(4292,'ارماني',20,'2021-01-17 23:58:55','2021-05-12 03:33:20'),(4293,'korean',6,'2021-01-18 09:23:03','2021-01-18 09:23:20'),(4294,'korean c',2,'2021-01-18 09:23:10','2021-01-18 09:23:21'),(4295,'korean co',2,'2021-01-18 09:23:10','2021-01-18 09:23:21'),(4296,'korean cos',2,'2021-01-18 09:23:10','2021-01-18 09:23:21'),(4297,'korean cosme',5,'2021-01-18 09:23:10','2021-01-18 09:23:22'),(4298,'korean cosmet',4,'2021-01-18 09:23:11','2021-02-15 14:17:51'),(4299,'korean cosmeti',2,'2021-01-18 09:23:11','2021-01-18 09:23:22'),(4300,'korean cosmetic',3,'2021-01-18 09:23:11','2021-01-18 09:23:23'),(4301,'korean cosmetics',1,'2021-01-18 09:23:24','2021-01-18 09:23:24'),(4302,'coms',2,'2021-01-18 18:09:14','2021-01-18 18:09:22'),(4303,'comsm',1,'2021-01-18 18:09:15','2021-01-18 18:09:21'),(4304,'comsme',1,'2021-01-18 18:09:15','2021-01-18 18:09:15'),(4305,'دين د',1,'2021-01-18 19:16:24','2021-01-18 19:16:29'),(4306,'دين دل',2,'2021-01-18 19:16:24','2021-01-18 19:16:29'),(4307,'دين دلو',2,'2021-01-18 19:16:24','2021-01-18 19:16:29'),(4308,'دين دلوك',1,'2021-01-18 19:16:24','2021-01-18 19:16:28'),(4309,'دين دلوكا',1,'2021-01-18 19:16:25','2021-01-18 19:16:25'),(4310,'اربن',2,'2021-01-18 19:16:31','2021-01-18 19:16:31'),(4311,'ديلينا',7,'2021-01-18 22:21:10','2021-01-21 08:43:49'),(4312,'مج',0,'2021-01-19 09:06:22','2021-01-19 09:06:22'),(4313,'مجم',0,'2021-01-19 09:06:22','2021-01-19 09:06:22'),(4314,'مجموع',1,'2021-01-19 09:06:22','2021-01-19 09:06:22'),(4315,'مجمو',0,'2021-01-19 09:06:22','2021-01-19 09:06:22'),(4316,'مجموعة',3,'2021-01-19 09:06:22','2021-03-11 10:41:35'),(4317,'بروم',1,'2021-01-19 13:16:07','2021-01-19 13:17:29'),(4318,'بروما',3,'2021-01-19 13:16:07','2021-01-19 13:16:07'),(4319,'بروماي',2,'2021-01-19 13:16:08','2021-01-19 13:16:09'),(4320,'برومايت',4,'2021-01-19 13:16:08','2021-01-19 13:16:10'),(4321,'برومي',0,'2021-01-19 13:17:29','2021-01-19 13:17:29'),(4322,'بروميت',2,'2021-01-19 13:17:30','2021-01-19 13:17:57'),(4323,'Promate mobile holder',76,'2021-01-19 13:17:54','2021-05-03 19:45:26'),(4324,'Promr',4,'2021-01-19 13:20:20','2021-05-04 03:45:52'),(4325,'زايروس',5,'2021-01-19 14:01:05','2021-05-11 23:49:01'),(4326,'jeh',2,'2021-01-19 17:59:47','2021-01-19 17:59:48'),(4327,'euce',2,'2021-01-19 22:24:33','2021-04-17 15:30:57'),(4328,'eucer',2,'2021-01-19 22:24:34','2021-04-17 15:30:57'),(4329,'euceri',2,'2021-01-19 22:24:35','2021-04-17 15:30:57'),(4330,'eucerin',10,'2021-01-19 22:24:35','2021-05-08 00:27:08'),(4331,'car h',27,'2021-01-20 03:41:13','2021-04-21 04:46:11'),(4332,'car ho',13,'2021-01-20 03:41:13','2021-04-21 04:46:11'),(4333,'car hol',10,'2021-01-20 03:41:14','2021-04-21 04:46:11'),(4334,'car hold',6,'2021-01-20 03:41:14','2021-02-25 22:33:22'),(4335,'car holde',2,'2021-01-20 03:41:14','2021-01-24 12:01:48'),(4336,'car holder',8,'2021-01-20 03:41:15','2021-03-30 08:43:06'),(4337,'sle',2,'2021-01-20 03:41:38','2021-01-20 03:41:46'),(4338,'slee',2,'2021-01-20 03:41:38','2021-01-20 03:41:46'),(4339,'sleev',8,'2021-01-20 03:41:39','2021-05-05 19:30:31'),(4340,'sleeve',1,'2021-01-20 03:41:39','2021-02-09 04:01:30'),(4341,'CH Beasts Carolina Herrera',5,'2021-01-20 23:03:06','2021-04-16 18:05:59'),(4342,'xg',0,'2021-01-20 23:36:05','2021-01-20 23:36:05'),(4343,'xgj',0,'2021-01-20 23:36:08','2021-01-20 23:36:08'),(4344,'بيرف',4,'2021-01-21 08:43:37','2021-01-21 09:43:28'),(4345,'بيرفي',5,'2021-01-21 08:43:38','2021-01-21 09:43:29'),(4346,'بيرفيو',8,'2021-01-21 08:43:39','2021-01-21 09:43:33'),(4347,'بيرفيوم',3,'2021-01-21 08:43:40','2021-01-21 08:43:42'),(4348,'بيرفيومز',2,'2021-01-21 08:43:40','2021-01-21 08:43:41'),(4349,'بيرفيون',2,'2021-01-21 09:43:29','2021-01-21 09:43:30'),(4350,'بيرفيونز',0,'2021-01-21 09:43:30','2021-01-21 09:43:30'),(4351,'royal e',0,'2021-01-21 11:07:00','2021-01-21 11:07:00'),(4352,'royal es',0,'2021-01-21 11:07:01','2021-01-21 11:07:01'),(4353,'royal ess',0,'2021-01-21 11:07:01','2021-01-21 11:07:01'),(4354,'royal esse',4,'2021-01-21 11:07:06','2021-03-14 16:48:38'),(4355,'royal essen',6,'2021-01-21 11:07:07','2021-03-14 16:48:37'),(4356,'royal essenc',4,'2021-01-21 11:07:08','2021-03-14 16:48:37'),(4357,'royal essence',6,'2021-01-21 11:07:09','2021-03-14 16:48:28'),(4358,'nroyal essence',0,'2021-01-21 11:07:15','2021-01-21 11:07:15'),(4359,'proyal essence',0,'2021-01-21 11:07:19','2021-01-21 11:07:19'),(4360,'paroyal essence',0,'2021-01-21 11:07:19','2021-01-21 11:07:19'),(4361,'parroyal essence',0,'2021-01-21 11:07:20','2021-01-21 11:07:20'),(4362,'parfroyal essence',5,'2021-01-21 11:07:20','2021-04-26 22:26:19'),(4363,'parfuroyal essence',5,'2021-01-21 11:07:21','2021-04-26 22:26:19'),(4364,'parfumroyal essence',9,'2021-01-21 11:07:21','2021-05-04 03:45:54'),(4365,'parfume royal essence',0,'2021-01-21 11:07:21','2021-01-21 11:07:21'),(4366,'parfumeroyal essence',0,'2021-01-21 11:07:22','2021-01-21 11:07:22'),(4367,'parfume droyal essence',0,'2021-01-21 11:07:25','2021-01-21 11:07:25'),(4368,'parfume deroyal essence',0,'2021-01-21 11:07:25','2021-01-21 11:07:25'),(4369,'parfume de royal essence',0,'2021-01-21 11:07:26','2021-01-21 11:07:26'),(4370,'parfume de mroyal essence',0,'2021-01-21 11:07:26','2021-01-21 11:07:26'),(4371,'parfume de maroyal essence',0,'2021-01-21 11:07:26','2021-01-21 11:07:26'),(4372,'parfume de marroyal essence',0,'2021-01-21 11:07:27','2021-01-21 11:07:27'),(4373,'parfume de marlroyal essence',0,'2021-01-21 11:07:27','2021-01-21 11:07:27'),(4374,'parfume de marlyroyal essence',1,'2021-01-21 11:07:27','2021-01-21 11:07:28'),(4375,'parfume de marly royal essence',8,'2021-01-21 11:07:27','2021-01-21 11:07:32'),(4376,'ايفن 11',0,'2021-01-21 12:24:54','2021-01-21 12:24:54'),(4377,'كحل ح',5,'2021-01-21 12:58:52','2021-03-08 04:35:48'),(4378,'كحل ح',0,'2021-01-21 12:58:52','2021-01-21 12:58:52'),(4379,'كحل حو',4,'2021-01-21 12:58:53','2021-03-08 04:35:48'),(4380,'كحل حوا',3,'2021-01-21 12:58:53','2021-03-08 04:35:48'),(4381,'كحل حواج',3,'2021-01-21 12:58:54','2021-03-08 04:35:47'),(4382,'كحل حواجب',1,'2021-01-21 12:58:54','2021-03-08 04:35:46'),(4383,'محدد حواجب ب',1,'2021-01-21 12:59:21','2021-01-21 12:59:25'),(4384,'محدد حواجب بال',3,'2021-01-21 12:59:21','2021-01-21 12:59:25'),(4385,'محدد حواجب بالم',1,'2021-01-21 12:59:22','2021-01-21 12:59:24'),(4386,'محدد حواجب بالما',0,'2021-01-21 12:59:22','2021-01-21 12:59:22'),(4387,'لتليك',3,'2021-01-21 14:23:56','2021-01-21 14:24:08'),(4388,'لتليكل',1,'2021-01-21 14:24:06','2021-01-21 14:24:07'),(4389,'لتليكلت',0,'2021-01-21 14:24:06','2021-01-21 14:24:06'),(4390,'dioe',0,'2021-01-21 14:47:38','2021-01-21 14:47:38'),(4391,'dior m',2,'2021-01-21 14:47:41','2021-01-21 14:47:52'),(4392,'dior mi',1,'2021-01-21 14:47:41','2021-01-21 14:47:52'),(4393,'dior mid',1,'2021-01-21 14:47:41','2021-01-21 14:47:52'),(4394,'dior midn',2,'2021-01-21 14:47:42','2021-01-21 14:47:52'),(4395,'dior midni',2,'2021-01-21 14:47:42','2021-01-21 14:47:52'),(4396,'dior midnig',1,'2021-01-21 14:47:44','2021-01-21 14:47:51'),(4397,'dior midnigh',1,'2021-01-21 14:47:44','2021-01-21 14:47:46'),(4398,'marle',7,'2021-01-21 14:48:58','2021-04-27 19:49:48'),(4399,'marley',14,'2021-01-21 14:48:58','2021-04-27 19:49:51'),(4400,'lali',3,'2021-01-21 14:49:33','2021-03-16 11:48:09'),(4401,'laliq',5,'2021-01-21 14:49:33','2021-03-16 11:48:10'),(4402,'شاليم',3,'2021-01-21 16:46:17','2021-01-21 16:46:47'),(4403,'شاليما',1,'2021-01-21 16:46:18','2021-01-21 16:46:47'),(4404,'شاليمار',6,'2021-01-21 16:46:18','2021-01-21 16:46:47'),(4405,'شاليمار ج',0,'2021-01-21 16:46:26','2021-01-21 16:46:26'),(4406,'شاليمار جي',0,'2021-01-21 16:46:26','2021-01-21 16:46:26'),(4407,'شاليمار جيرل',1,'2021-01-21 16:46:27','2021-01-21 16:46:27'),(4408,'شاليمار جيرلان',29,'2021-01-21 16:46:27','2021-05-03 22:03:33'),(4409,'شاليمار جيرلا',0,'2021-01-21 16:46:27','2021-01-21 16:46:27'),(4410,'brs',1,'2021-01-21 19:50:21','2021-01-21 19:50:21'),(4411,'شاشات ل',1,'2021-01-21 19:58:39','2021-01-21 19:58:40'),(4412,'شاشات لس',1,'2021-01-21 19:58:39','2021-01-21 19:58:39'),(4413,'شاشات س',0,'2021-01-21 19:58:40','2021-01-21 19:58:40'),(4414,'شاشات سي',0,'2021-01-21 19:58:40','2021-01-21 19:58:40'),(4415,'شاشات سيار',9,'2021-01-21 19:58:40','2021-01-25 13:32:01'),(4416,'شاشات سيارا',0,'2021-01-21 19:58:40','2021-01-21 19:58:40'),(4417,'شاشات سيارات',2,'2021-01-21 19:58:40','2021-02-10 22:26:33'),(4418,'ske',1,'2021-01-21 23:58:25','2021-01-21 23:58:28'),(4419,'sket',3,'2021-01-21 23:58:27','2021-03-22 22:51:58'),(4420,'hok',1,'2021-01-21 23:58:31','2021-01-21 23:58:35'),(4421,'hoke',0,'2021-01-21 23:58:34','2021-01-21 23:58:34'),(4422,'mart',1,'2021-01-22 00:18:02','2021-01-22 00:18:03'),(4423,'marti',3,'2021-01-22 00:18:02','2021-01-22 00:18:02'),(4424,'moleculg',1,'2021-01-22 04:08:49','2021-01-22 04:08:50'),(4425,'moleculgg',1,'2021-01-22 04:08:49','2021-01-22 04:08:50'),(4426,'moleculggc',0,'2021-01-22 04:08:50','2021-01-22 04:08:50'),(4427,'mee',1,'2021-01-22 11:12:56','2021-01-22 11:12:56'),(4428,'men p',2,'2021-01-22 11:12:59','2021-01-22 11:13:14'),(4429,'men pe',1,'2021-01-22 11:12:59','2021-01-22 11:13:14'),(4430,'men per',2,'2021-01-22 11:12:59','2021-01-22 11:13:14'),(4431,'men perf',4,'2021-01-22 11:13:00','2021-01-22 11:13:14'),(4432,'men perfu',2,'2021-01-22 11:13:01','2021-01-22 11:13:13'),(4433,'men perfum',7,'2021-01-22 11:13:02','2021-01-22 11:13:06'),(4434,'men\'',0,'2021-01-22 11:13:15','2021-01-22 11:13:15'),(4435,'GRE',3,'2021-01-22 11:24:44','2021-01-22 11:24:50'),(4436,'GREE',1,'2021-01-22 11:24:44','2021-01-22 11:24:49'),(4437,'GREED',3,'2021-01-22 11:24:44','2021-01-22 11:24:44'),(4438,'كوك',0,'2021-01-22 13:42:54','2021-01-22 13:42:54'),(4439,'كوكو',3,'2021-01-22 13:42:54','2021-01-22 13:42:55'),(4440,'كمك',0,'2021-01-22 21:12:13','2021-01-22 21:12:13'),(4441,'كمكك',0,'2021-01-22 21:12:16','2021-01-22 21:12:16'),(4442,'كمككح',0,'2021-01-22 21:12:17','2021-01-22 21:12:17'),(4443,'كمككحل',0,'2021-01-22 21:12:17','2021-01-22 21:12:17'),(4444,'متر',2,'2021-01-22 23:47:32','2021-01-22 23:47:32'),(4445,'مترل',0,'2021-01-22 23:47:32','2021-01-22 23:47:32'),(4446,'ديور ك',0,'2021-01-23 00:17:48','2021-01-23 00:17:48'),(4447,'ملابس س',2,'2021-01-23 00:26:06','2021-01-23 00:26:08'),(4448,'ملابس سن',1,'2021-01-23 00:26:06','2021-01-23 00:26:07'),(4449,'ملابس سنر',4,'2021-01-23 00:26:07','2021-01-23 00:26:07'),(4450,'ملابس سنرة',2,'2021-01-23 00:26:07','2021-01-23 00:26:08'),(4451,'ملابس سه',0,'2021-01-23 00:26:09','2021-01-23 00:26:09'),(4452,'ملابس سهر',0,'2021-01-23 00:26:10','2021-01-23 00:26:10'),(4453,'ملابس سهرة',1,'2021-01-23 00:26:10','2021-01-23 00:26:11'),(4454,'اكسر',0,'2021-01-23 01:38:58','2021-01-23 01:38:58'),(4455,'اكسرج',0,'2021-01-23 01:38:59','2021-01-23 01:38:59'),(4456,'اكسرجو',0,'2021-01-23 01:39:00','2021-01-23 01:39:00'),(4457,'اكسرجوف',0,'2021-01-23 01:39:00','2021-01-23 01:39:00'),(4458,'فالا',3,'2021-01-23 03:00:30','2021-01-23 03:00:32'),(4459,'فالات',0,'2021-01-23 03:00:31','2021-01-23 03:00:31'),(4460,'sir',6,'2021-01-23 04:19:35','2021-01-23 04:21:18'),(4461,'sirr',0,'2021-01-23 04:21:15','2021-01-23 04:21:15'),(4462,'قاعدة س',0,'2021-01-23 13:17:34','2021-01-23 13:17:34'),(4463,'قاعدة سي',0,'2021-01-23 13:17:34','2021-01-23 13:17:34'),(4464,'قاعدة سيا',0,'2021-01-23 13:17:34','2021-01-23 13:17:34'),(4465,'قاعدة سياره',3,'2021-01-23 13:17:35','2021-01-25 13:32:01'),(4466,'red',8,'2021-01-23 14:50:24','2021-03-24 08:13:40'),(4467,'red t',2,'2021-01-23 14:50:27','2021-03-24 08:13:40'),(4468,'red to',5,'2021-01-23 14:50:28','2021-03-24 08:13:44'),(4469,'revo',1,'2021-01-24 00:33:53','2021-01-24 00:33:53'),(4470,'revol',0,'2021-01-24 00:33:53','2021-01-24 00:33:53'),(4471,'revolu',0,'2021-01-24 00:33:56','2021-01-24 00:33:56'),(4472,'revolut',0,'2021-01-24 00:33:57','2021-01-24 00:33:57'),(4473,'revoluti',0,'2021-01-24 00:33:58','2021-01-24 00:33:58'),(4474,'revolutio',0,'2021-01-24 00:33:58','2021-01-24 00:33:58'),(4475,'revolution',1,'2021-01-24 00:33:58','2021-01-24 00:33:58'),(4476,'بحاف',3,'2021-01-24 04:40:20','2021-01-24 04:40:20'),(4477,'لحا',2,'2021-01-24 04:40:23','2021-01-24 04:40:25'),(4478,'لحاف',2,'2021-01-24 04:40:23','2021-01-24 04:40:23'),(4479,'ديب',3,'2021-01-24 04:40:29','2021-05-06 08:27:07'),(4480,'ديبا',2,'2021-01-24 04:40:29','2021-05-06 08:27:07'),(4481,'ديباج',4,'2021-01-24 04:40:29','2021-05-06 08:27:08'),(4482,'ناري',4,'2021-01-24 09:18:48','2021-04-06 04:46:58'),(4483,'div',5,'2021-01-24 12:31:27','2021-05-14 22:05:52'),(4484,'diva',2,'2021-01-24 12:31:28','2021-05-14 22:05:52'),(4485,'اليكس',6,'2021-01-24 13:10:13','2021-02-27 03:22:12'),(4486,'اليكسا',4,'2021-01-24 13:10:14','2021-01-25 09:13:11'),(4487,'اليكسان',2,'2021-01-24 13:10:14','2021-01-25 09:13:11'),(4488,'قلم محدد العيون',15,'2021-01-24 13:37:59','2021-03-31 13:48:02'),(4489,'قلم محدد العيون 34',0,'2021-01-24 13:50:52','2021-01-24 13:50:52'),(4490,'دنها',0,'2021-01-24 15:18:24','2021-01-24 15:18:24'),(4491,'دنهل ك',1,'2021-01-24 15:18:24','2021-01-24 15:18:28'),(4492,'دنهل كل',1,'2021-01-24 15:18:24','2021-01-24 15:18:28'),(4493,'دنهل كلا',2,'2021-01-24 15:18:25','2021-01-24 15:18:26'),(4494,'دنهل كلاس',2,'2021-01-24 15:18:25','2021-01-24 15:18:25'),(4495,'دنهل كلاسك',0,'2021-01-24 15:18:25','2021-01-24 15:18:25'),(4496,'الفه',3,'2021-01-24 15:20:02','2021-04-28 07:53:53'),(4497,'الفهد',7,'2021-01-24 15:20:03','2021-04-28 07:53:53'),(4498,'مانسيرت',2,'2021-01-24 15:21:21','2021-01-24 15:21:22'),(4499,'mub',1,'2021-01-24 15:41:25','2021-01-24 15:41:40'),(4500,'mubk',2,'2021-01-24 15:41:28','2021-01-24 15:41:40'),(4501,'mubka',1,'2021-01-24 15:41:29','2021-01-24 15:41:31'),(4502,'mubkar',0,'2021-01-24 15:41:30','2021-01-24 15:41:30'),(4503,'mubkh',1,'2021-01-24 15:41:34','2021-01-24 15:41:40'),(4504,'mubkha',1,'2021-01-24 15:41:35','2021-01-24 15:41:39'),(4505,'mubkhar',1,'2021-01-24 15:41:36','2021-01-24 15:41:37'),(4506,'ايفون 1',8,'2021-01-24 18:30:35','2021-04-19 03:32:12'),(4507,'ايفون 11',5,'2021-01-24 18:30:36','2021-02-04 12:35:28'),(4508,'ايفون 12',6,'2021-01-24 18:30:41','2021-04-19 03:32:13'),(4509,'faire',1,'2021-01-24 19:01:25','2021-01-24 19:01:26'),(4510,'faire a',0,'2021-01-24 19:01:26','2021-01-24 19:01:26'),(4511,'faire an',0,'2021-01-24 19:01:26','2021-01-24 19:01:26'),(4512,'faire and',3,'2021-01-24 19:01:26','2021-01-24 19:01:31'),(4513,'faire and wh',5,'2021-01-24 19:01:26','2021-01-24 19:01:31'),(4514,'faire and whi',1,'2021-01-24 19:01:27','2021-01-24 19:01:30'),(4515,'faire and whit',1,'2021-01-24 19:01:27','2021-01-24 19:01:30'),(4516,'faire and white',1,'2021-01-24 19:01:28','2021-01-24 19:01:28'),(4517,'أوبر',7,'2021-01-24 19:22:34','2021-05-10 16:00:40'),(4518,'balma',2,'2021-01-24 20:50:05','2021-01-24 20:50:06'),(4519,'xerjoff',22,'2021-01-24 22:41:09','2021-05-03 09:07:24'),(4520,'exr',0,'2021-01-24 22:41:32','2021-01-24 22:41:32'),(4521,'tiz',4,'2021-01-24 22:41:37','2021-02-12 18:16:59'),(4522,'tizi',2,'2021-01-24 22:41:38','2021-02-12 18:17:00'),(4523,'tizia',1,'2021-01-24 22:41:39','2021-02-12 18:17:00'),(4524,'تيز',2,'2021-01-24 22:41:43','2021-01-24 22:41:49'),(4525,'تيزي',2,'2021-01-24 22:41:44','2021-01-24 22:41:49'),(4526,'تيزيا',1,'2021-01-24 22:41:45','2021-01-24 22:41:49'),(4527,'تيزيان',1,'2021-01-24 22:41:46','2021-01-24 22:41:48'),(4528,'تيزيانا',0,'2021-01-24 22:41:46','2021-01-24 22:41:46'),(4529,'tom ford',6,'2021-01-24 23:37:46','2021-05-02 01:39:47'),(4530,'miz',13,'2021-01-24 23:40:24','2021-05-12 03:02:50'),(4531,'mizen',29,'2021-01-24 23:40:24','2021-05-12 03:02:51'),(4532,'mizens',11,'2021-01-24 23:40:24','2021-05-12 03:02:51'),(4533,'mizensi',11,'2021-01-24 23:40:24','2021-05-12 03:02:51'),(4534,'mizensir',28,'2021-01-24 23:40:25','2021-05-12 03:02:53'),(4535,'tos',0,'2021-01-24 23:42:01','2021-01-24 23:42:01'),(4536,'tose',0,'2021-01-24 23:42:02','2021-01-24 23:42:02'),(4537,'tosen',0,'2021-01-24 23:42:02','2021-01-24 23:42:02'),(4538,'tosend',0,'2021-01-24 23:42:02','2021-01-24 23:42:02'),(4539,'tosendo',0,'2021-01-24 23:42:03','2021-01-24 23:42:03'),(4540,'rose',13,'2021-01-24 23:42:23','2021-04-26 20:43:18'),(4541,'rosen',11,'2021-01-24 23:42:23','2021-04-02 01:54:45'),(4542,'rosend',12,'2021-01-24 23:42:23','2021-04-02 01:54:45'),(4543,'rosendo',14,'2021-01-24 23:42:23','2021-04-02 01:54:45'),(4544,'no5',0,'2021-01-24 23:52:42','2021-01-24 23:52:42'),(4545,'no.',6,'2021-01-24 23:52:45','2021-03-09 19:55:52'),(4546,'no.5',0,'2021-01-24 23:52:45','2021-01-24 23:52:45'),(4547,'inir',0,'2021-01-24 23:55:08','2021-01-24 23:55:08'),(4548,'init',8,'2021-01-24 23:55:08','2021-04-26 01:52:14'),(4549,'initi',4,'2021-01-24 23:55:09','2021-04-26 01:52:15'),(4550,'initio',18,'2021-01-24 23:55:09','2021-04-26 01:52:16'),(4551,'ousd',0,'2021-01-24 23:59:42','2021-01-24 23:59:42'),(4552,'idea',0,'2021-01-25 00:00:01','2021-01-25 00:00:01'),(4553,'ideal',1,'2021-01-25 00:00:01','2021-01-25 00:00:02'),(4554,'layto',8,'2021-01-25 00:10:16','2021-04-20 17:52:51'),(4555,'layton',7,'2021-01-25 00:10:16','2021-04-20 17:52:42'),(4556,'ايفون 7',1,'2021-01-25 01:15:13','2021-01-25 01:15:15'),(4557,'ايفون7',0,'2021-01-25 01:15:20','2021-01-25 01:15:20'),(4558,'pargu',9,'2021-01-25 01:15:51','2021-03-28 16:55:29'),(4559,'pargum',0,'2021-01-25 01:15:51','2021-01-25 01:15:51'),(4560,'pargums',0,'2021-01-25 01:15:54','2021-01-25 01:15:54'),(4561,'parfums',9,'2021-01-25 01:16:05','2021-04-26 22:26:09'),(4562,'oak',2,'2021-01-25 01:16:28','2021-01-25 01:16:32'),(4563,'oaka',1,'2021-01-25 01:16:29','2021-01-25 01:16:31'),(4564,'oakan',0,'2021-01-25 01:16:30','2021-01-25 01:16:30'),(4565,'no.4',0,'2021-01-25 01:19:28','2021-01-25 01:19:28'),(4566,'no4',6,'2021-01-25 01:19:30','2021-03-19 23:40:27'),(4567,'opu',0,'2021-01-25 06:05:09','2021-01-25 06:05:09'),(4568,'opum',0,'2021-01-25 06:05:09','2021-01-25 06:05:09'),(4569,'شاحن و',1,'2021-01-25 07:15:48','2021-01-25 07:15:52'),(4570,'شاحن و',0,'2021-01-25 07:15:48','2021-01-25 07:15:48'),(4571,'شاحن وا',1,'2021-01-25 07:15:48','2021-01-25 07:15:51'),(4572,'شاحن واي',1,'2021-01-25 07:15:49','2021-01-25 07:15:49'),(4573,'lال',1,'2021-01-25 09:12:57','2021-01-25 09:12:58'),(4574,'lالي',1,'2021-01-25 09:12:58','2021-01-25 09:12:58'),(4575,'lاليك',0,'2021-01-25 09:12:58','2021-01-25 09:12:58'),(4576,'lاليكس',0,'2021-01-25 09:12:58','2021-01-25 09:12:58'),(4577,'lاليكسا',2,'2021-01-25 09:12:58','2021-01-25 09:13:01'),(4578,'lاليكسان',1,'2021-01-25 09:12:58','2021-01-25 09:13:00'),(4579,'lاليكساند',3,'2021-01-25 09:12:59','2021-01-25 09:13:11'),(4580,'lاليكساندر',0,'2021-01-25 09:12:59','2021-01-25 09:12:59'),(4581,'صابون بي',2,'2021-01-25 09:21:24','2021-01-25 09:21:26'),(4582,'بيز',9,'2021-01-25 09:21:35','2021-04-20 04:03:40'),(4583,'بيزا',2,'2021-01-25 09:21:35','2021-01-25 09:21:36'),(4584,'بيزاي',2,'2021-01-25 09:21:36','2021-01-25 09:21:36'),(4585,'بيزاين',0,'2021-01-25 09:21:36','2021-01-25 09:21:36'),(4586,'بيزل',4,'2021-01-25 09:21:37','2021-04-20 04:03:40'),(4587,'بيزلي',4,'2021-01-25 09:21:37','2021-04-20 04:03:41'),(4588,'بيزلين',1,'2021-01-25 09:21:37','2021-04-04 08:47:04'),(4589,'palo',3,'2021-01-25 11:52:41','2021-01-25 11:52:46'),(4590,'palom',1,'2021-01-25 11:52:42','2021-01-25 11:52:45'),(4591,'paloma',0,'2021-01-25 11:52:43','2021-01-25 11:52:43'),(4592,'make',33,'2021-01-25 11:52:52','2021-05-12 11:04:19'),(4593,'make u',7,'2021-01-25 11:52:55','2021-04-23 17:01:00'),(4594,'make up',9,'2021-01-25 11:52:56','2021-04-23 17:01:01'),(4595,'أيفون',14,'2021-01-25 13:19:27','2021-01-25 13:21:44'),(4596,'ايبوا',2,'2021-01-25 13:21:15','2021-05-01 09:02:33'),(4597,'ايبواد',0,'2021-01-25 13:21:16','2021-01-25 13:21:16'),(4598,'أيفون  ٧',2,'2021-01-25 13:21:30','2021-01-25 13:21:40'),(4599,'أيفون  ٦',0,'2021-01-25 13:21:31','2021-01-25 13:21:31'),(4600,'أيفون  ٨',0,'2021-01-25 13:21:35','2021-01-25 13:21:35'),(4601,'سع',0,'2021-01-25 13:23:53','2021-01-25 13:23:53'),(4602,'سعل',1,'2021-01-25 13:23:54','2021-01-25 13:23:55'),(4603,'سعلت',0,'2021-01-25 13:23:54','2021-01-25 13:23:54'),(4604,'سعلة',0,'2021-01-25 13:23:55','2021-01-25 13:23:55'),(4605,'سعلة ا',0,'2021-01-25 13:23:56','2021-01-25 13:23:56'),(4606,'سعلة اب',0,'2021-01-25 13:23:57','2021-01-25 13:23:57'),(4607,'سعلة ابل',0,'2021-01-25 13:23:57','2021-01-25 13:23:57'),(4608,'اكسس',2,'2021-01-25 13:31:41','2021-01-25 13:31:45'),(4609,'اكسسو',1,'2021-01-25 13:31:41','2021-01-25 13:31:45'),(4610,'اكسسوا',3,'2021-01-25 13:31:42','2021-01-25 13:31:45'),(4611,'اكسسوار',1,'2021-01-25 13:31:42','2021-01-25 13:31:45'),(4612,'اكسسوارت',0,'2021-01-25 13:31:42','2021-01-25 13:31:42'),(4613,'jour²',0,'2021-01-25 15:58:50','2021-01-25 15:58:50'),(4614,'silk',4,'2021-01-25 16:00:20','2021-04-03 14:21:18'),(4615,'silky',7,'2021-01-25 16:00:20','2021-03-22 22:51:54'),(4616,'swe',0,'2021-01-25 16:00:42','2021-01-25 16:00:42'),(4617,'swee',0,'2021-01-25 16:00:42','2021-01-25 16:00:42'),(4618,'sweet',2,'2021-01-25 16:00:42','2021-01-25 16:00:43'),(4619,'sig',3,'2021-01-25 16:06:40','2021-01-25 16:17:22'),(4620,'sign',3,'2021-01-25 16:06:40','2021-01-25 16:17:22'),(4621,'signa',4,'2021-01-25 16:06:40','2021-01-25 16:17:22'),(4622,'signat',3,'2021-01-25 16:06:41','2021-01-25 16:17:22'),(4623,'signatu',4,'2021-01-25 16:06:41','2021-01-25 16:17:22'),(4624,'signatur',3,'2021-01-25 16:06:42','2021-01-25 16:17:21'),(4625,'signature',3,'2021-01-25 16:06:42','2021-01-25 16:17:19'),(4626,'blue d',1,'2021-01-25 16:08:37','2021-01-25 16:09:07'),(4627,'blue de',1,'2021-01-25 16:08:38','2021-01-25 16:08:38'),(4628,'19',9,'2021-01-25 16:09:09','2021-01-25 16:09:37'),(4629,'198',6,'2021-01-25 16:09:09','2021-01-25 16:09:35'),(4630,'1987',0,'2021-01-25 16:09:09','2021-01-25 16:09:09'),(4631,'1982',4,'2021-01-25 16:09:21','2021-03-26 22:03:05'),(4632,'one of',6,'2021-01-25 16:16:47','2021-01-25 16:16:58'),(4633,'one of a',0,'2021-01-25 16:16:47','2021-01-25 16:16:47'),(4634,'the o',7,'2021-01-25 16:17:24','2021-03-30 00:42:33'),(4635,'the on',0,'2021-01-25 16:17:24','2021-01-25 16:17:24'),(4636,'the one',1,'2021-01-25 16:17:24','2021-01-25 16:17:25'),(4637,'Uag',0,'2021-01-25 17:16:48','2021-01-25 17:16:48'),(4638,'كريم ا',13,'2021-01-26 12:59:48','2021-05-06 16:46:08'),(4639,'كريم اسا',3,'2021-01-26 12:59:48','2021-03-20 04:38:55'),(4640,'كريم اساس',30,'2021-01-26 12:59:48','2021-05-09 01:34:39'),(4641,'كريم اساس ت',2,'2021-01-26 12:59:50','2021-01-26 12:59:50'),(4642,'كريم اساس تغ',0,'2021-01-26 12:59:50','2021-01-26 12:59:50'),(4643,'كريم اساس تغطي',5,'2021-01-26 12:59:51','2021-05-06 08:27:26'),(4644,'كريم اساس تغطية',0,'2021-01-26 12:59:51','2021-01-26 12:59:51'),(4645,'exe',1,'2021-01-26 14:20:15','2021-01-26 14:20:22'),(4646,'exte',1,'2021-01-26 14:20:18','2021-01-26 14:20:22'),(4647,'extffge',1,'2021-01-26 14:20:18','2021-01-26 14:20:21'),(4648,'extfe',1,'2021-01-26 14:20:18','2021-01-26 14:20:21'),(4649,'extffe',1,'2021-01-26 14:20:19','2021-01-26 14:20:21'),(4650,'extffgghe',2,'2021-01-26 14:20:19','2021-05-08 18:58:11'),(4651,'extffgghhe',2,'2021-01-26 14:20:19','2021-05-08 18:58:11'),(4652,'extffgge',1,'2021-01-26 14:20:19','2021-01-26 14:20:21'),(4653,'extffgghhhhe',4,'2021-01-26 14:20:19','2021-05-08 18:58:11'),(4654,'extffgghhhhje',6,'2021-01-26 14:20:19','2021-04-03 21:15:14'),(4655,'extffgghhhe',1,'2021-01-26 14:20:19','2021-01-26 14:20:21'),(4656,'extffgghhhhjje',3,'2021-01-26 14:20:19','2021-02-09 04:02:40'),(4657,'extffgghhhhjjje',0,'2021-01-26 14:20:19','2021-01-26 14:20:19'),(4658,'exg',1,'2021-01-26 14:20:51','2021-01-26 14:20:54'),(4659,'exgf',1,'2021-01-26 14:20:52','2021-01-26 14:20:54'),(4660,'exgfvh',1,'2021-01-26 14:20:52','2021-01-26 14:20:54'),(4661,'exgfv',0,'2021-01-26 14:20:52','2021-01-26 14:20:52'),(4662,'exgfvhh',1,'2021-01-26 14:20:53','2021-01-26 14:20:54'),(4663,'exgfvhhb',0,'2021-01-26 14:20:53','2021-01-26 14:20:53'),(4664,'حامل دراجة نارية \"CA73 Flying\"',30,'2021-01-26 14:50:13','2021-04-06 03:02:48'),(4665,'https://mobax.com.kw/product/hoco-ca73-bicycle-motorcycle-holder/',14,'2021-01-26 14:53:12','2021-05-10 07:47:03'),(4666,'https://hocotech.com/product/home-office/bicycle-accessories/bicycle-motorcycle-holder-ca73-flying/',7,'2021-01-26 14:58:45','2021-04-28 11:28:58'),(4667,'Diego del palma',0,'2021-01-26 15:00:11','2021-01-26 15:00:11'),(4668,'ديغو دالا بالما',16,'2021-01-26 15:00:44','2021-04-12 00:53:42'),(4669,'jo m',0,'2021-01-26 16:05:00','2021-01-26 16:05:00'),(4670,'macbook',9,'2021-01-26 17:24:42','2021-02-14 14:50:53'),(4671,'macbok pro',0,'2021-01-26 17:24:52','2021-01-26 17:24:52'),(4672,'Aramis',3,'2021-01-26 19:47:56','2021-03-15 23:01:23'),(4673,'clo',2,'2021-01-26 20:56:21','2021-01-26 20:56:29'),(4674,'clot',2,'2021-01-26 20:56:22','2021-01-26 20:56:29'),(4675,'cloth',0,'2021-01-26 20:56:22','2021-01-26 20:56:22'),(4676,'womem',1,'2021-01-26 20:56:36','2021-01-26 20:56:36'),(4677,'women c',1,'2021-01-26 20:56:42','2021-01-26 20:56:49'),(4678,'women cl',1,'2021-01-26 20:56:43','2021-01-26 20:56:49'),(4679,'women clo',1,'2021-01-26 20:56:43','2021-01-26 20:56:49'),(4680,'women clot',1,'2021-01-26 20:56:43','2021-01-26 20:56:49'),(4681,'women cloth',1,'2021-01-26 20:56:44','2021-01-26 20:56:46'),(4682,'fidg',3,'2021-01-26 21:27:49','2021-01-26 21:27:49'),(4683,'fidget',1,'2021-01-26 21:27:49','2021-01-26 21:27:49'),(4684,'عرب',1,'2021-01-26 22:19:52','2021-01-26 22:19:52'),(4685,'عربي',4,'2021-01-26 22:19:52','2021-04-01 06:20:35'),(4686,'avee',0,'2021-01-26 22:40:16','2021-01-26 22:40:16'),(4687,'aveeno',1,'2021-01-26 22:40:17','2021-04-29 21:33:56'),(4688,'penha',11,'2021-01-26 23:50:29','2021-04-25 22:33:57'),(4689,'بنه',0,'2021-01-26 23:50:51','2021-01-26 23:50:51'),(4690,'بنها',2,'2021-01-26 23:50:52','2021-01-26 23:50:52'),(4691,'guerlau',2,'2021-01-26 23:51:02','2021-01-26 23:51:03'),(4692,'guerlaun',0,'2021-01-26 23:51:03','2021-01-26 23:51:03'),(4693,'شماغ ب',5,'2021-01-27 00:39:14','2021-05-07 15:21:13'),(4694,'شماغ بي',1,'2021-01-27 00:39:14','2021-01-27 00:39:18'),(4695,'شماغ بيج',11,'2021-01-27 00:39:14','2021-04-11 14:26:57'),(4696,'واك',1,'2021-01-27 06:23:25','2021-01-27 06:23:28'),(4697,'واكس',3,'2021-01-27 06:23:25','2021-01-27 06:23:26'),(4698,'شمع',10,'2021-01-27 06:23:32','2021-02-18 03:04:37'),(4699,'do yo',3,'2021-01-27 10:07:39','2021-01-27 10:07:39'),(4700,'do you',3,'2021-01-27 10:07:39','2021-01-27 10:07:41'),(4701,'do you h',1,'2021-01-27 10:07:40','2021-01-27 10:07:41'),(4702,'do you hs',0,'2021-01-27 10:07:40','2021-01-27 10:07:40'),(4703,'شنطة',10,'2021-01-27 12:47:31','2021-01-27 12:47:58'),(4704,'شنطة خ',3,'2021-01-27 12:47:58','2021-01-27 12:47:58'),(4705,'شنطة خص',1,'2021-01-27 12:47:59','2021-01-27 12:47:59'),(4706,'شنطة خصر',1,'2021-01-27 12:48:00','2021-01-27 12:48:00'),(4707,'فان كليف',8,'2021-01-27 17:28:18','2021-04-17 13:33:23'),(4708,'وص',6,'2021-01-27 18:01:31','2021-04-19 22:47:26'),(4709,'وصل',11,'2021-01-27 18:01:31','2021-04-19 22:47:29'),(4710,'وصله',13,'2021-01-27 18:01:31','2021-04-19 22:47:28'),(4711,'the or',9,'2021-01-28 05:15:27','2021-03-30 00:42:32'),(4712,'the ord',4,'2021-01-28 05:15:27','2021-03-30 00:42:32'),(4713,'the ordi',2,'2021-01-28 05:15:29','2021-02-13 06:51:36'),(4714,'coc',3,'2021-01-28 08:24:55','2021-04-25 23:39:38'),(4715,'فرز',21,'2021-01-28 10:17:02','2021-05-04 21:57:36'),(4716,'نوار',4,'2021-01-28 10:17:12','2021-01-28 10:17:15'),(4717,'kik',8,'2021-01-29 00:34:40','2021-04-11 23:48:45'),(4718,'kiko',12,'2021-01-29 00:34:40','2021-04-11 23:48:47'),(4719,'باو',0,'2021-01-29 17:03:29','2021-01-29 17:03:29'),(4720,'باور',4,'2021-01-29 17:03:29','2021-01-29 17:03:31'),(4721,'باور ب',0,'2021-01-29 17:03:31','2021-01-29 17:03:31'),(4722,'باور با',1,'2021-01-29 17:03:31','2021-01-29 17:03:32'),(4723,'باور بان',1,'2021-01-29 17:03:32','2021-01-29 17:03:32'),(4724,'باور بانك',2,'2021-01-29 17:03:32','2021-01-29 17:04:01'),(4725,'كباور بانك',0,'2021-01-29 17:04:01','2021-01-29 17:04:01'),(4726,'beb',1,'2021-01-29 18:51:26','2021-01-29 18:51:26'),(4727,'bebe',2,'2021-01-29 18:51:27','2021-03-22 03:44:13'),(4728,'bebea',0,'2021-01-29 18:51:27','2021-01-29 18:51:27'),(4729,'bebeat',0,'2021-01-29 18:51:30','2021-01-29 18:51:30'),(4730,'bebeaty',1,'2021-01-29 18:51:30','2021-01-29 18:51:31'),(4731,'فرزا',8,'2021-01-29 19:39:53','2021-05-04 21:57:37'),(4732,'فرزات',5,'2021-01-29 19:39:53','2021-05-04 21:57:36'),(4733,'سيدب',5,'2021-01-29 19:41:37','2021-05-04 07:19:23'),(4734,'سيدبر',0,'2021-01-29 19:41:37','2021-01-29 19:41:37'),(4735,'oud for greatness',34,'2021-01-29 19:46:24','2021-03-22 17:57:24'),(4736,'ايسن',9,'2021-01-29 23:38:31','2021-05-09 04:41:44'),(4737,'ايسنس',1,'2021-01-29 23:38:31','2021-01-29 23:38:32'),(4738,'شماغ م',5,'2021-01-30 01:21:03','2021-05-08 17:22:47'),(4739,'شماغ ما',5,'2021-01-30 01:21:03','2021-05-08 17:22:48'),(4740,'شماغ مار',2,'2021-01-30 01:21:04','2021-05-08 17:22:48'),(4741,'شماغ ماري',3,'2021-01-30 01:21:04','2021-05-08 17:22:49'),(4742,'شماغ ماريو',15,'2021-01-30 01:21:04','2021-05-11 23:52:17'),(4743,'ثلجي',0,'2021-01-30 11:13:07','2021-01-30 11:13:07'),(4744,'قلم تحديد العيون الالي ضد الماء - بلون اسود داكن 100',0,'2021-01-30 12:27:35','2021-01-30 12:27:35'),(4745,'fol',1,'2021-01-30 14:30:25','2021-01-30 14:30:38'),(4746,'fold',2,'2021-01-30 14:30:25','2021-02-16 21:14:48'),(4747,'استد',8,'2021-01-30 23:05:48','2021-05-11 06:57:52'),(4748,'استدي',0,'2021-01-30 23:05:48','2021-01-30 23:05:48'),(4749,'استديو',4,'2021-01-30 23:05:48','2021-01-30 23:05:49'),(4750,'بيبي ف',1,'2021-01-31 15:56:24','2021-01-31 15:56:25'),(4751,'بيبي فو',1,'2021-01-31 15:56:24','2021-01-31 15:56:25'),(4752,'بيبي فوت',0,'2021-01-31 15:56:24','2021-01-31 15:56:24'),(4753,'جورا',6,'2021-01-31 15:56:32','2021-04-05 01:26:28'),(4754,'جورال',2,'2021-01-31 15:56:32','2021-01-31 15:56:33'),(4755,'جوراب',0,'2021-01-31 15:56:34','2021-01-31 15:56:34'),(4756,'الاق',0,'2021-01-31 16:03:54','2021-01-31 16:03:54'),(4757,'الاقد',1,'2021-01-31 16:03:54','2021-01-31 16:03:54'),(4758,'الاقدا',1,'2021-01-31 16:03:54','2021-01-31 16:03:54'),(4759,'الاقدام',2,'2021-01-31 16:03:55','2021-01-31 16:03:59'),(4760,'أحمر خدود كريمي',113,'2021-02-01 14:06:32','2021-05-07 15:52:09'),(4761,'احمر خدود كريمي فل اتش دي بلاش - 04',88,'2021-02-01 14:08:28','2021-05-14 18:41:07'),(4762,'أحمر خدود كريمي فل اتش دي بلاش - 01',6,'2021-02-01 14:11:33','2021-04-29 15:36:41'),(4763,'لوحة ظلال العيون 12 لونًا شامينغ موكا',24,'2021-02-01 14:17:25','2021-04-29 15:37:55'),(4764,'إيفلين ايلاينر المشاهير / اسود',22,'2021-02-01 14:18:16','2021-05-07 16:08:26'),(4765,'إيفلين ايلاينر المشاهير  اسود',0,'2021-02-01 14:20:27','2021-02-01 14:20:27'),(4766,'إيفلين محدد عيون سائل دقيق أسود غير لامع',12,'2021-02-01 14:20:33','2021-04-29 15:33:23'),(4767,'إيفلين ايلاينر المشاهير اسود',6,'2021-02-01 14:20:50','2021-04-29 15:34:04'),(4768,'لوحة ظلال العيون الكل في 1 بيرن',6,'2021-02-01 14:22:15','2021-05-04 15:05:04'),(4769,'هايلايتر جلو أند جو 02',15,'2021-02-01 14:23:28','2021-04-29 15:39:56'),(4770,'كريم أساس Ideal Cover Full HD Matt and Covering No 210',8,'2021-02-01 14:24:45','2021-04-29 15:37:17'),(4771,'لوحة ظلال العيون الكل في واحد رقم 02',3,'2021-02-01 14:25:51','2021-04-29 15:38:35'),(4772,'مجموعة احمر الشفاه OH my Lips Matt Sweet Lips 04',22,'2021-02-01 14:27:10','2021-04-29 15:35:03'),(4773,'بي ب',1,'2021-02-01 21:07:27','2021-02-16 02:28:17'),(4774,'بي بي',6,'2021-02-01 21:07:27','2021-02-16 02:28:22'),(4775,'بي بيو',1,'2021-02-01 21:07:27','2021-02-01 21:07:27'),(4776,'بي بيوت',1,'2021-02-01 21:07:27','2021-02-01 21:07:27'),(4777,'بي بيوتي',1,'2021-02-01 21:07:27','2021-02-01 21:07:28'),(4778,'isis',2,'2021-02-01 23:35:47','2021-02-01 23:35:47'),(4779,'مسكره',5,'2021-02-02 09:30:49','2021-05-05 11:15:20'),(4780,'كحل ا',7,'2021-02-02 09:34:43','2021-04-06 01:21:44'),(4781,'كحل بي',2,'2021-02-02 09:34:49','2021-02-02 09:35:04'),(4782,'كحل بيج',2,'2021-02-02 09:34:49','2021-02-02 09:34:55'),(4783,'كحل بيجة',0,'2021-02-02 09:34:55','2021-02-02 09:34:55'),(4784,'كحا',2,'2021-02-02 09:34:59','2021-02-02 09:35:00'),(4785,'علاج تكبير الشفاه - 7 مل',16,'2021-02-02 13:25:39','2021-05-04 23:28:37'),(4786,'مقشر الشفاه بالسكر لتكبير الشفاه',6,'2021-02-02 13:33:18','2021-05-01 18:13:49'),(4787,'مقشر الشفاه بالسكر لتكبير الشفاه - 7 مل',7,'2021-02-02 13:33:33','2021-04-14 12:38:19'),(4788,'سيروم رويال كافيار 18 مل',5,'2021-02-02 13:44:06','2021-03-07 13:25:11'),(4789,'سيروم لتحفيز نمو الرموش 3 مل',55,'2021-02-02 13:49:54','2021-04-22 02:01:30'),(4790,'زيت أرجان إليكسير 8 في 1 للبشرة والأظافر 12 مل',20,'2021-02-02 13:57:19','2021-04-27 15:48:18'),(4791,'كريم النهار رويال بالعلاج بالكافيار 50مل',15,'2021-02-02 14:07:19','2021-05-06 16:46:06'),(4792,'مرطب الشفاة - أحمر',6,'2021-02-02 14:18:06','2021-04-14 12:40:16'),(4793,'علاج الأظافر - للأظافر الهشة والمكسورة 12 مل',6,'2021-02-02 14:23:24','2021-04-06 20:00:03'),(4794,'مرطب لعلاج الشفاه - شفاف',4,'2021-02-02 14:46:18','2021-03-07 13:45:36'),(4795,'علاج الأظافر بالكيراتين برو 5 مل',6,'2021-02-02 14:47:16','2021-04-14 13:08:02'),(4796,'سكين كير إكسبرت دبل وايت كريم النهار والليل 50 مل',11,'2021-02-02 14:53:33','2021-03-16 23:48:01'),(4797,'عروض',1,'2021-02-02 14:59:21','2021-03-11 19:06:30'),(4798,'عطر س',1,'2021-02-02 15:13:17','2021-02-02 15:13:28'),(4799,'عطر سا',1,'2021-02-02 15:13:20','2021-02-02 15:13:27'),(4800,'عطر سان',0,'2021-02-02 15:13:26','2021-02-02 15:13:26'),(4801,'عطر ار',7,'2021-02-02 15:13:43','2021-02-25 16:22:46'),(4802,'car hi',1,'2021-02-02 17:12:10','2021-02-02 17:12:11'),(4803,'half',2,'2021-02-03 03:08:02','2021-02-03 03:08:04'),(4804,'halft',1,'2021-02-03 03:08:03','2021-02-03 03:08:04'),(4805,'halfti',0,'2021-02-03 03:08:03','2021-02-03 03:08:03'),(4806,'halfe',1,'2021-02-03 03:08:05','2021-02-03 03:08:05'),(4807,'halfet',1,'2021-02-03 03:08:05','2021-02-13 15:59:52'),(4808,'halfeti',1,'2021-02-03 03:08:06','2021-02-03 03:08:06'),(4809,'بينه',1,'2021-02-03 03:08:12','2021-02-03 03:08:13'),(4810,'بينها',2,'2021-02-03 03:08:12','2021-02-03 03:08:12'),(4811,'كريم الي',4,'2021-02-03 03:29:10','2021-05-05 13:48:37'),(4812,'كريم اليدي',5,'2021-02-03 03:29:11','2021-05-05 13:48:39'),(4813,'كريم اليدين',6,'2021-02-03 03:29:11','2021-05-05 13:48:41'),(4814,'فرر',2,'2021-02-03 03:35:13','2021-02-03 03:35:15'),(4815,'فررة',1,'2021-02-03 03:35:14','2021-02-03 03:35:14'),(4816,'فرم',0,'2021-02-03 03:35:16','2021-02-03 03:35:16'),(4817,'فرمو',0,'2021-02-03 03:35:16','2021-02-03 03:35:16'),(4818,'فرمون',2,'2021-02-03 03:35:17','2021-02-03 03:35:17'),(4819,'هيلاري',0,'2021-02-03 05:27:05','2021-02-03 05:27:05'),(4820,'هلاري',0,'2021-02-03 05:27:13','2021-02-03 05:27:13'),(4821,'دف',0,'2021-02-03 05:27:17','2021-02-03 05:27:17'),(4822,'Hellary',8,'2021-02-03 05:27:33','2021-05-02 16:55:51'),(4823,'diam',4,'2021-02-03 08:09:36','2021-02-03 08:11:28'),(4824,'diamo',1,'2021-02-03 08:09:36','2021-02-03 08:09:37'),(4825,'diamon',2,'2021-02-03 08:09:36','2021-02-03 08:09:36'),(4826,'اسف',5,'2021-02-03 09:16:34','2021-02-20 01:46:58'),(4827,'اسفن',3,'2021-02-03 09:16:34','2021-02-20 01:46:58'),(4828,'اسفنج',5,'2021-02-03 09:16:35','2021-02-20 01:46:59'),(4829,'اسفنجه',2,'2021-02-03 09:16:35','2021-02-20 01:47:00'),(4830,'محدد شفاة',0,'2021-02-03 12:25:27','2021-02-03 12:25:27'),(4831,'فاونديشن كريم - 224',5,'2021-02-03 12:29:59','2021-05-07 18:46:17'),(4832,'قلم الحواجب - مقاوم للماء - يدوم طويلا 13',1,'2021-02-03 12:32:34','2021-03-16 23:43:17'),(4833,'مسكرا غوغو اكسترا 91',15,'2021-02-03 12:36:18','2021-05-01 23:18:39'),(4834,'قلم محدد للعين طويل الامد مقاوم للماء 32 من دييغو دالا بالما بني',0,'2021-02-03 12:41:57','2021-02-03 12:41:57'),(4835,'قلم تحديد الشفاه فيلفت موف - 162',1,'2021-02-03 12:45:23','2021-02-22 12:02:10'),(4836,'أحمر الشفاه سائل - 05',10,'2021-02-03 13:15:16','2021-03-18 15:47:47'),(4837,'قلم تحديد الشفاه بيج - 96',0,'2021-02-03 13:18:23','2021-02-03 13:18:23'),(4838,'كريم اساس - 304',0,'2021-02-03 13:22:08','2021-02-03 13:22:08'),(4839,'كونسيلر جيشا ليفت 123',32,'2021-02-03 13:25:43','2021-05-13 06:49:12'),(4840,'ملمع الشفاه 52',0,'2021-02-03 13:31:26','2021-02-03 13:31:26'),(4841,'eveline m',9,'2021-02-03 15:53:32','2021-04-04 13:22:28'),(4842,'eveline ma',4,'2021-02-03 15:53:32','2021-04-04 13:22:27'),(4843,'eveline mak',2,'2021-02-03 15:53:33','2021-04-04 13:22:27'),(4844,'ايفون x',0,'2021-02-03 17:36:50','2021-02-03 17:36:50'),(4845,'ايفون xs',1,'2021-02-03 17:36:51','2021-02-03 17:36:52'),(4846,'evek',3,'2021-02-03 20:55:58','2021-02-03 20:56:02'),(4847,'eveki',2,'2021-02-03 20:55:58','2021-02-03 20:56:02'),(4848,'evekin',1,'2021-02-03 20:55:58','2021-02-03 20:55:58'),(4849,'منتج لنفخ الشفاه',3,'2021-02-03 21:37:24','2021-04-06 04:46:30'),(4850,'rim',16,'2021-02-03 23:47:20','2021-04-27 15:43:55'),(4851,'عطر لابيربلا',9,'2021-02-04 07:04:15','2021-04-11 02:24:53'),(4852,'لوشن تفتيح الجسم بفيتامين سي',5,'2021-02-04 10:53:41','2021-04-06 20:56:42'),(4853,'لوشن الجسم مع AHA',6,'2021-02-04 10:58:10','2021-05-04 04:17:48'),(4854,'كريم الهيالورونيك النهاري والليلي 50 مل',13,'2021-02-04 11:03:12','2021-04-07 01:42:20'),(4855,'ماسك لزيادة انتاج الكولاجين بالبشرة',9,'2021-02-04 11:10:47','2021-03-21 14:42:17'),(4856,'سيروم لزيادة كثافة الحواجب',37,'2021-02-04 11:15:23','2021-02-08 14:23:11'),(4857,'فير اندوايت صابونة جولد بزيت الأرجان لتفتيح وإزالة الخلايا الميتة للبشرة',12,'2021-02-04 11:45:40','2021-05-11 06:56:52'),(4858,'رول مزيل عرق سو وايت للجيب',1,'2021-02-04 11:48:48','2021-02-08 14:18:22'),(4859,'فير اند وايت للتقشير والتبيض للوجه والجسم',4,'2021-02-04 11:51:58','2021-04-26 20:42:00'),(4860,'صابون مقشر ومبيض',4,'2021-02-04 11:54:49','2021-03-12 01:08:38'),(4861,'فير اند وايت للتقشير والتفتيح بحمض الألفا هيدروكسى',10,'2021-02-04 11:55:34','2021-05-06 22:12:12'),(4862,'قاعدة تثبيت للدراجة النارية',6,'2021-02-04 15:29:13','2021-03-22 13:56:48'),(4863,'حامل السيارة \"CA56 Metal armor\" لمخرج الهواء',8,'2021-02-04 15:31:52','2021-05-05 20:59:12'),(4864,'CA45A حامل السيارة المغناطيسي',0,'2021-02-04 15:35:04','2021-02-04 15:35:04'),(4865,'HOCO CA74 حامل مغناطيسي للسيارة',4,'2021-02-04 15:43:03','2021-02-10 22:40:16'),(4866,'هوكو. CA70 حامل هاتف لمرآة الرؤية الخلفية أسود',21,'2021-02-04 15:44:24','2021-04-24 04:00:35'),(4867,'حامل السيارة على لوحة القيادة من سلسلة بقضيب قابل للتمدد (CA42)',6,'2021-02-04 15:47:01','2021-02-22 02:59:59'),(4868,'مشبك تلسكوبي لحامل السيارة \"CA26 Kingcrab\"',2,'2021-02-04 15:51:02','2021-02-15 00:09:19'),(4869,'قاعدة تثبيت للهواتف قوية من hoco',6,'2021-02-04 15:54:55','2021-04-06 20:56:56'),(4870,'قاعدة تثبيت للهواتف تُركب على منفذ cd ممغنطة',3,'2021-02-04 15:56:31','2021-04-06 09:55:40'),(4871,'شاحن وستاند سيارة واير لس من هوكو',2,'2021-02-04 15:58:05','2021-03-21 21:37:37'),(4872,'mosc',2,'2021-02-04 22:28:48','2021-04-01 08:00:51'),(4873,'ديور ب',1,'2021-02-04 22:49:50','2021-02-04 22:49:54'),(4874,'ديور بو',1,'2021-02-04 22:49:50','2021-02-04 22:49:54'),(4875,'ديور بوي',1,'2021-02-04 22:49:50','2021-02-04 22:49:54'),(4876,'ديور بويز',2,'2021-02-04 22:49:50','2021-03-08 00:06:41'),(4877,'ديور بويزن',5,'2021-02-04 22:49:50','2021-03-08 00:06:42'),(4878,'كحل اس',4,'2021-02-05 00:25:16','2021-04-06 01:21:44'),(4879,'كحل اسو',3,'2021-02-05 00:25:17','2021-04-06 01:21:44'),(4880,'كحل اسود',1,'2021-02-05 00:25:17','2021-04-06 01:21:43'),(4881,'بي بي كريم',6,'2021-02-05 01:19:34','2021-02-17 23:42:54'),(4882,'قاعده اكواب',7,'2021-02-05 03:57:33','2021-03-07 09:00:19'),(4883,'عطور ا',0,'2021-02-05 20:13:04','2021-02-05 20:13:04'),(4884,'عطور ام',0,'2021-02-05 20:13:05','2021-02-05 20:13:05'),(4885,'عطور ام ر',0,'2021-02-05 20:13:07','2021-02-05 20:13:07'),(4886,'عطور ام رو',0,'2021-02-05 20:13:08','2021-02-05 20:13:08'),(4887,'عطور ام روز',0,'2021-02-05 20:13:08','2021-02-05 20:13:08'),(4888,'ps5',15,'2021-02-05 21:08:23','2021-05-06 02:02:58'),(4889,'Hook',3,'2021-02-05 21:37:56','2021-04-02 11:00:05'),(4890,'مكياج ديور',0,'2021-02-05 23:16:00','2021-02-05 23:16:00'),(4891,'قاعده تلفون',0,'2021-02-05 23:16:19','2021-02-05 23:16:19'),(4892,'ساعات ريتش',0,'2021-02-06 00:12:16','2021-02-06 00:12:16'),(4893,'قاعده طبلون',0,'2021-02-06 00:42:49','2021-02-06 00:42:49'),(4894,'كوج',2,'2021-02-06 01:24:11','2021-02-06 01:24:12'),(4895,'كوجي',0,'2021-02-06 01:24:12','2021-02-06 01:24:12'),(4896,'xw',0,'2021-02-06 01:25:36','2021-02-06 01:25:36'),(4897,'محا',0,'2021-02-06 04:09:16','2021-02-06 04:09:16'),(4898,'محف',16,'2021-02-06 04:09:19','2021-04-22 03:23:04'),(4899,'محفظ',10,'2021-02-06 04:09:19','2021-04-22 03:23:04'),(4900,'محفظه',5,'2021-02-06 04:09:22','2021-04-22 03:23:05'),(4901,'بيبان',5,'2021-02-06 06:08:07','2021-02-07 21:24:29'),(4902,'بيبانث',4,'2021-02-06 06:08:10','2021-02-10 22:40:14'),(4903,'بيبانثو',3,'2021-02-06 06:08:11','2021-02-07 21:24:26'),(4904,'بيبانثول',3,'2021-02-06 06:08:11','2021-02-07 21:24:24'),(4905,'engl',0,'2021-02-06 10:31:35','2021-02-06 10:31:35'),(4906,'engli',0,'2021-02-06 10:31:36','2021-02-06 10:31:36'),(4907,'englis',0,'2021-02-06 10:31:36','2021-02-06 10:31:36'),(4908,'english',7,'2021-02-06 10:31:36','2021-04-20 22:51:55'),(4909,'OUD INTENSE',0,'2021-02-06 11:37:59','2021-02-06 11:37:59'),(4910,'لوريال',51,'2021-02-06 13:12:36','2021-05-14 08:57:07'),(4911,'CA45A Triumph Center Console Magnetic Car Holder',9,'2021-02-06 17:48:06','2021-03-30 12:26:46'),(4912,'براون MultiToast HT 550 - محمصة خبز سوداء ذات فتحة طويلة أصلية جديدة',7,'2021-02-06 18:11:04','2021-04-23 21:46:34'),(4913,'evei',1,'2021-02-06 18:52:00','2021-02-06 18:52:02'),(4914,'eveil',1,'2021-02-06 18:52:00','2021-02-06 18:52:02'),(4915,'eveili',0,'2021-02-06 18:52:00','2021-02-06 18:52:00'),(4916,'حقا',6,'2021-02-06 18:52:13','2021-04-28 17:50:21'),(4917,'حقائ',2,'2021-02-06 18:52:13','2021-04-28 17:50:23'),(4918,'حقائب',2,'2021-02-06 18:52:14','2021-04-28 17:50:23'),(4919,'ايفلين',134,'2021-02-06 23:10:56','2021-05-11 14:16:13'),(4920,'عرز',0,'2021-02-07 08:01:48','2021-02-07 08:01:48'),(4921,'عرزض',0,'2021-02-07 08:01:49','2021-02-07 08:01:49'),(4922,'حمرا',7,'2021-02-07 12:03:21','2021-03-26 17:01:28'),(4923,'حمرا',0,'2021-02-07 12:03:21','2021-02-07 12:03:21'),(4924,'أحنر',2,'2021-02-07 12:07:48','2021-02-07 12:07:48'),(4925,'أحمر الشفت',3,'2021-02-07 12:07:55','2021-02-18 16:12:41'),(4926,'أحمر الشفته',1,'2021-02-07 12:07:55','2021-02-07 12:07:55'),(4927,'Pen eyelinar',0,'2021-02-07 12:21:23','2021-02-07 12:21:23'),(4928,'Eye linar',2,'2021-02-07 12:21:32','2021-02-10 12:14:22'),(4929,'أكوا ذهب',2,'2021-02-07 12:21:42','2021-05-14 11:25:16'),(4930,'للمرآة',0,'2021-02-07 12:21:45','2021-02-07 12:21:45'),(4931,'https://instadeal.co/ar/single/products/472/%D8%B3%D9%8A%D8%B1%D9%88%D9%85%20%D8%B1%D9%88%D9%8A%D8%A7%D9%84%20%D9%83%D8%A7%D9%81%D9%8A%D8%A7%D8%B1%2018%20%D9%85%D9%84',7,'2021-02-07 14:58:47','2021-04-16 22:03:09'),(4932,'مکیاج',0,'2021-02-07 15:51:16','2021-02-07 15:51:16'),(4933,'فلان',3,'2021-02-07 16:09:14','2021-03-15 07:18:58'),(4934,'فلانت',0,'2021-02-07 16:09:14','2021-02-07 16:09:14'),(4935,'فلانتي',0,'2021-02-07 16:09:15','2021-02-07 16:09:15'),(4936,'فلانتين',0,'2021-02-07 16:09:15','2021-02-07 16:09:15'),(4937,'فلانتينو',3,'2021-02-07 16:09:15','2021-05-11 04:02:52'),(4938,'evelyn',1,'2021-02-07 16:29:31','2021-03-12 23:11:59'),(4939,'tomf',4,'2021-02-07 17:33:14','2021-02-08 15:57:17'),(4940,'اديك',2,'2021-02-07 19:25:55','2021-02-07 19:25:59'),(4941,'اديكت',3,'2021-02-07 19:25:56','2021-02-07 19:25:58'),(4942,'اديكتر',0,'2021-02-07 19:25:57','2021-02-07 19:25:57'),(4943,'واه',0,'2021-02-07 20:53:57','2021-02-07 20:53:57'),(4944,'واهل',3,'2021-02-07 20:53:57','2021-02-07 20:53:58'),(4945,'بيبانثوب',0,'2021-02-07 21:24:23','2021-02-07 21:24:23'),(4946,'Sosi',0,'2021-02-08 02:27:50','2021-02-08 02:27:50'),(4947,'فرزاتش',2,'2021-02-08 07:07:17','2021-05-04 21:57:37'),(4948,'فرزاتشي',5,'2021-02-08 07:07:17','2021-05-04 21:57:38'),(4949,'اكسوارات سيارة',0,'2021-02-08 10:07:04','2021-02-08 10:07:04'),(4950,'فرزة',0,'2021-02-08 12:19:00','2021-02-08 12:19:00'),(4951,'phone cases',0,'2021-02-08 12:22:13','2021-02-08 12:22:13'),(4952,'قاعدة تثبيت للسياره',0,'2021-02-08 12:50:03','2021-02-08 12:50:03'),(4953,'tomfo',0,'2021-02-08 15:57:15','2021-02-08 15:57:15'),(4954,'Eveline blush',0,'2021-02-08 18:54:09','2021-02-08 18:54:09'),(4955,'ميلور',0,'2021-02-08 18:58:20','2021-02-08 18:58:20'),(4956,'water pe',3,'2021-02-08 19:43:20','2021-02-08 19:43:22'),(4957,'water peo',2,'2021-02-08 19:43:20','2021-02-08 19:43:21'),(4958,'water peoo',1,'2021-02-08 19:43:20','2021-02-08 19:43:21'),(4959,'water peoof',0,'2021-02-08 19:43:20','2021-02-08 19:43:20'),(4960,'water pr',0,'2021-02-08 19:43:23','2021-02-08 19:43:23'),(4961,'water pro',0,'2021-02-08 19:43:23','2021-02-08 19:43:23'),(4962,'water proo',0,'2021-02-08 19:43:23','2021-02-08 19:43:23'),(4963,'water proof',1,'2021-02-08 19:43:23','2021-02-08 19:43:25'),(4964,'elle s',0,'2021-02-08 19:44:59','2021-02-08 19:44:59'),(4965,'elie i',0,'2021-02-08 20:09:05','2021-02-08 20:09:05'),(4966,'eveline las',18,'2021-02-08 20:50:48','2021-05-09 01:51:37'),(4967,'eveline lash',8,'2021-02-08 20:50:49','2021-05-09 01:51:36'),(4968,'احمر  خدود',0,'2021-02-08 21:42:17','2021-02-08 21:42:17'),(4969,'مافالا',11,'2021-02-09 00:10:38','2021-03-15 03:28:21'),(4970,'قيرلان',0,'2021-02-09 00:20:15','2021-02-09 00:20:15'),(4971,'مكبر الشفاه',21,'2021-02-09 00:51:01','2021-05-09 01:12:01'),(4972,'مقشر شفاه',1,'2021-02-09 00:51:16','2021-05-04 23:28:14'),(4973,'evelen',22,'2021-02-09 00:59:25','2021-04-29 23:06:33'),(4974,'ordin',0,'2021-02-09 02:20:01','2021-02-09 02:20:01'),(4975,'ordina',0,'2021-02-09 02:20:02','2021-02-09 02:20:02'),(4976,'ordinar',0,'2021-02-09 02:20:02','2021-02-09 02:20:02'),(4977,'ordinary',3,'2021-02-09 02:20:02','2021-02-09 02:20:02'),(4978,'toner',4,'2021-02-09 02:22:32','2021-02-09 02:22:32'),(4979,'Fair & white',1,'2021-02-09 02:45:30','2021-02-12 06:05:05'),(4980,'even',1,'2021-02-09 04:00:47','2021-02-09 04:00:47'),(4981,'evene',0,'2021-02-09 04:00:50','2021-02-09 04:00:50'),(4982,'evenev',0,'2021-02-09 04:00:51','2021-02-09 04:00:51'),(4983,'eveneve',0,'2021-02-09 04:00:52','2021-02-09 04:00:52'),(4984,'eveneven',0,'2021-02-09 04:00:52','2021-02-09 04:00:52'),(4985,'evenevene',0,'2021-02-09 04:00:56','2021-02-09 04:00:56'),(4986,'evenevenee',0,'2021-02-09 04:00:58','2021-02-09 04:00:58'),(4987,'eveneveneefgh',2,'2021-02-09 04:00:59','2021-02-09 04:00:59'),(4988,'eeven',0,'2021-02-09 04:01:30','2021-02-09 04:01:30'),(4989,'hjjk',1,'2021-02-09 04:02:35','2021-02-09 04:02:39'),(4990,'hjjkj',1,'2021-02-09 04:02:36','2021-02-09 04:02:39'),(4991,'hjjkjr',1,'2021-02-09 04:02:37','2021-02-09 04:02:39'),(4992,'hjjkjrg',1,'2021-02-09 04:02:37','2021-02-09 04:02:39'),(4993,'hjjkjrgh',1,'2021-02-09 04:02:37','2021-02-09 04:02:39'),(4994,'hjjkjrghn',1,'2021-02-09 04:02:37','2021-02-09 04:02:39'),(4995,'hjjkjrghnh',0,'2021-02-09 04:02:38','2021-02-09 04:02:38'),(4996,'vb',1,'2021-02-09 04:05:22','2021-02-09 04:05:24'),(4997,'vbn',1,'2021-02-09 04:05:22','2021-02-09 04:05:24'),(4998,'vbnn',0,'2021-02-09 04:05:23','2021-02-09 04:05:23'),(4999,'تكبير ش',0,'2021-02-09 04:08:22','2021-02-09 04:08:22'),(5000,'تكبير شف',0,'2021-02-09 04:08:22','2021-02-09 04:08:22'),(5001,'تكبير شفا',0,'2021-02-09 04:08:23','2021-02-09 04:08:23'),(5002,'تكبير شفاف',0,'2021-02-09 04:08:24','2021-02-09 04:08:24'),(5003,'نتة',0,'2021-02-09 04:13:15','2021-02-09 04:13:15'),(5004,'احمر شفايف',3,'2021-02-09 05:14:27','2021-03-30 23:06:05'),(5005,'دريل',0,'2021-02-09 06:18:02','2021-02-09 06:18:02'),(5006,'Lipsticks',0,'2021-02-09 06:22:15','2021-02-09 06:22:15'),(5007,'عطر د',7,'2021-02-09 11:27:30','2021-03-22 19:31:31'),(5008,'عطر دي',7,'2021-02-09 11:27:31','2021-03-13 21:20:20'),(5009,'عطر دي م',0,'2021-02-09 11:27:34','2021-02-09 11:27:34'),(5010,'عطر دي ما',0,'2021-02-09 11:27:34','2021-02-09 11:27:34'),(5011,'عطر دي مار',0,'2021-02-09 11:27:35','2021-02-09 11:27:35'),(5012,'عطر دي مارل',0,'2021-02-09 11:27:35','2021-02-09 11:27:35'),(5013,'عطر دي مارلي',0,'2021-02-09 11:27:36','2021-02-09 11:27:36'),(5014,'اسفنجة',2,'2021-02-09 16:36:46','2021-05-09 13:26:43'),(5015,'اسفنجة ت',0,'2021-02-09 16:36:48','2021-02-09 16:36:48'),(5016,'اسفنجة تن',0,'2021-02-09 16:36:48','2021-02-09 16:36:48'),(5017,'اسفنجة تنظ',0,'2021-02-09 16:36:51','2021-02-09 16:36:51'),(5018,'اسفنجة تنظي',0,'2021-02-09 16:36:51','2021-02-09 16:36:51'),(5019,'اسفنجة تنظيف',0,'2021-02-09 16:36:52','2021-02-09 16:36:52'),(5020,'Manicure',0,'2021-02-09 16:51:41','2021-02-09 16:51:41'),(5021,'أحمرخ',1,'2021-02-09 19:48:38','2021-02-09 19:48:41'),(5022,'أحمرخد',0,'2021-02-09 19:48:39','2021-02-09 19:48:39'),(5023,'أخ',0,'2021-02-09 19:48:46','2021-02-09 19:48:46'),(5024,'أخم',0,'2021-02-09 19:48:46','2021-02-09 19:48:46'),(5025,'أخمر',0,'2021-02-09 19:48:47','2021-02-09 19:48:47'),(5026,'لانكو',8,'2021-02-09 21:11:04','2021-04-12 08:34:05'),(5027,'لانكوم',5,'2021-02-09 21:11:05','2021-04-12 08:34:12'),(5028,'تنت',19,'2021-02-10 00:05:23','2021-04-26 20:45:52'),(5029,'شبش',0,'2021-02-10 00:06:38','2021-02-10 00:06:38'),(5030,'شبشب',0,'2021-02-10 00:06:38','2021-02-10 00:06:38'),(5031,'منشر',1,'2021-02-10 03:35:51','2021-02-10 03:35:52'),(5032,'جان ب',2,'2021-02-10 05:58:57','2021-02-10 16:36:08'),(5033,'جان بول',12,'2021-02-10 05:58:58','2021-05-11 15:10:51'),(5034,'Burberry',0,'2021-02-10 06:39:38','2021-02-10 06:39:38'),(5035,'Slim',32,'2021-02-10 07:32:40','2021-05-14 19:58:31'),(5036,'Fitness',0,'2021-02-10 07:38:53','2021-02-10 07:38:53'),(5037,'Dite',0,'2021-02-10 07:39:04','2021-02-10 07:39:04'),(5038,'Eye liner',4,'2021-02-10 11:07:25','2021-03-13 02:19:19'),(5039,'eye e',0,'2021-02-10 11:29:26','2021-02-10 11:29:26'),(5040,'eye ee',0,'2021-02-10 11:29:30','2021-02-10 11:29:30'),(5041,'eye eeye',1,'2021-02-10 11:29:31','2021-02-10 11:29:31'),(5042,'ete',1,'2021-02-10 11:57:36','2021-02-10 11:57:37'),(5043,'ete l',0,'2021-02-10 11:57:38','2021-02-10 11:57:38'),(5044,'ete li',0,'2021-02-10 11:57:38','2021-02-10 11:57:38'),(5045,'ete lia',0,'2021-02-10 11:57:39','2021-02-10 11:57:39'),(5046,'ete liar',0,'2021-02-10 11:57:40','2021-02-10 11:57:40'),(5047,'عطر دي مارلي بيجاسوس للرجال أو دو برفان - 125 مل',1,'2021-02-10 12:12:00','2021-04-19 04:40:03'),(5048,'بارفيومز دي مارلي جودلفين - او دي بارفان 125 مل',0,'2021-02-10 12:13:05','2021-02-10 12:13:05'),(5049,'مارلي سيدلي 125 مل او دي بارفان',0,'2021-02-10 12:14:10','2021-02-10 12:14:10'),(5050,'بيرفيومز دي مارلي لايتون إكسكلوسيف للرجال برفوم 4.2 أونصة 125 مل سبراي',1,'2021-02-10 12:15:03','2021-02-10 12:15:17'),(5051,'عطر Parfums De Marly Kalan Eau De Parfum Spray 125ml',7,'2021-02-10 12:16:23','2021-04-20 17:54:42'),(5052,'عطر دي مارلي هيرود للرجال او دي بارفان - 125 مل',0,'2021-02-10 12:17:34','2021-02-10 12:17:34'),(5053,'بارفيومز دي مارلي جالواي 125 مل - او دى بارفان',0,'2021-02-10 12:18:31','2021-02-10 12:18:31'),(5054,'كارلايل من بارفيومز دي مارلي للرجال - او دي بارفان ، 125 مل',3,'2021-02-10 12:19:36','2021-04-22 19:33:16'),(5055,'عطر بيرفيومز دي مارلي بيرسيفال رويال إيسنس أو دو برفوم سبراي 125 مل',0,'2021-02-10 12:21:08','2021-02-10 12:21:08'),(5056,'رويال اسينس اكستر او دي بارفان',0,'2021-02-10 12:23:08','2021-02-10 12:23:08'),(5057,'فرزاتشي بور هوم من للرجال - او دو تواليت، 100مل',0,'2021-02-10 13:20:17','2021-02-10 13:20:17'),(5058,'فرزاتشي إيروس ماء تواليت بخاخ 3.4 أونصة',1,'2021-02-10 13:21:08','2021-05-07 16:19:53'),(5059,'فرزاتشي ايروس فليم - او دي بارفان للرجال - بخاخ 50 مل',0,'2021-02-10 13:22:04','2021-02-10 13:22:04'),(5060,'فرزاتشي مان او فريش 100مل',0,'2021-02-10 13:22:47','2021-02-10 13:22:47'),(5061,'فرزاتشي ديلان بلو نسائي 100 مل',0,'2021-02-10 13:23:21','2021-02-10 13:23:21'),(5062,'فرزاتشي ديلان بلو رجالي 100 مل',0,'2021-02-10 13:24:02','2021-02-10 13:24:02'),(5063,'فرزاتشي ماء عطر كريستال نوار، 90 ملل',8,'2021-02-10 13:26:08','2021-05-04 23:30:42'),(5064,'فرزاتشي ماء تواليت برايت كريستال، 90 ملل',0,'2021-02-10 13:26:48','2021-02-10 13:26:48'),(5065,'فرزاتشي يلو دايمند انتنس بارفيوم',0,'2021-02-10 13:27:35','2021-02-10 13:27:35'),(5066,'فرزاتشي ماء عطر إيروس للنساء، 50 ملل',0,'2021-02-10 13:28:27','2021-02-10 13:28:27'),(5067,'fair am',0,'2021-02-10 15:24:58','2021-02-10 15:24:58'),(5068,'fair amd',0,'2021-02-10 15:24:58','2021-02-10 15:24:58'),(5069,'fair amd w',0,'2021-02-10 15:25:00','2021-02-10 15:25:00'),(5070,'fair amd wh',0,'2021-02-10 15:25:00','2021-02-10 15:25:00'),(5071,'fair amd whi',0,'2021-02-10 15:25:01','2021-02-10 15:25:01'),(5072,'fair amd whit',0,'2021-02-10 15:25:02','2021-02-10 15:25:02'),(5073,'fair amd white',0,'2021-02-10 15:25:02','2021-02-10 15:25:02'),(5074,'cetap',1,'2021-02-10 15:52:14','2021-04-18 04:56:31'),(5075,'cetaph',1,'2021-02-10 15:52:15','2021-04-18 04:56:31'),(5076,'cetaphi',2,'2021-02-10 15:52:15','2021-04-23 21:53:08'),(5077,'cetaphil',4,'2021-02-10 15:52:15','2021-04-23 21:53:09'),(5078,'سانت',2,'2021-02-10 16:36:13','2021-02-10 16:36:14'),(5079,'جورجيو',19,'2021-02-10 16:36:34','2021-04-06 09:37:52'),(5080,'اكوا د',0,'2021-02-10 16:36:56','2021-02-10 16:36:56'),(5081,'اكوا دي',3,'2021-02-10 16:36:56','2021-02-10 16:36:57'),(5082,'uomo intense',4,'2021-02-10 17:04:54','2021-04-04 19:10:05'),(5083,'valentino',6,'2021-02-10 17:05:18','2021-05-11 23:27:49'),(5084,'بنطلون',0,'2021-02-10 17:30:10','2021-02-10 17:30:10'),(5085,'حلق',0,'2021-02-10 17:30:27','2021-02-10 17:30:27'),(5086,'Necklace',0,'2021-02-10 17:30:49','2021-02-10 17:30:49'),(5087,'Private collection',0,'2021-02-10 19:00:50','2021-02-10 19:00:50'),(5088,'برايفت',7,'2021-02-10 19:01:19','2021-04-02 22:12:25'),(5089,'mais',0,'2021-02-10 21:41:46','2021-02-10 21:41:46'),(5090,'maiso',0,'2021-02-10 21:41:46','2021-02-10 21:41:46'),(5091,'maison',3,'2021-02-10 21:41:46','2021-02-10 21:41:47'),(5092,'maison f',0,'2021-02-10 21:41:48','2021-02-10 21:41:48'),(5093,'maison fr',0,'2021-02-10 21:41:48','2021-02-10 21:41:48'),(5094,'maison fra',0,'2021-02-10 21:41:48','2021-02-10 21:41:48'),(5095,'maison fran',0,'2021-02-10 21:41:48','2021-02-10 21:41:48'),(5096,'maison franc',0,'2021-02-10 21:41:49','2021-02-10 21:41:49'),(5097,'maison franci',0,'2021-02-10 21:41:49','2021-02-10 21:41:49'),(5098,'maison francis',1,'2021-02-10 21:41:49','2021-02-10 21:41:49'),(5099,'bac',1,'2021-02-10 21:41:54','2021-02-10 21:41:54'),(5100,'bacca',2,'2021-02-10 21:41:55','2021-02-10 21:41:55'),(5101,'baccar',0,'2021-02-10 21:41:55','2021-02-10 21:41:55'),(5102,'baccara',0,'2021-02-10 21:41:55','2021-02-10 21:41:55'),(5103,'baccarat',1,'2021-02-10 21:41:55','2021-02-10 21:41:57'),(5104,'baccarat r',0,'2021-02-10 21:41:58','2021-02-10 21:41:58'),(5105,'baccarat ro',0,'2021-02-10 21:41:59','2021-02-10 21:41:59'),(5106,'baccarat rou',0,'2021-02-10 21:41:59','2021-02-10 21:41:59'),(5107,'baccarat roug',0,'2021-02-10 21:41:59','2021-02-10 21:41:59'),(5108,'baccarat rouge',1,'2021-02-10 21:41:59','2021-02-10 21:41:59'),(5109,'baccarat rouge 5',0,'2021-02-10 21:42:01','2021-02-10 21:42:01'),(5110,'baccarat rouge 54',1,'2021-02-10 21:42:02','2021-02-10 21:42:02'),(5111,'baccarat rouge 540',5,'2021-02-10 21:42:05','2021-02-10 21:42:08'),(5112,'dol',8,'2021-02-10 21:45:13','2021-04-09 14:44:17'),(5113,'dolc',7,'2021-02-10 21:45:13','2021-04-09 14:44:17'),(5114,'dolce',18,'2021-02-10 21:45:13','2021-05-12 12:59:16'),(5115,'لارو',3,'2021-02-10 22:24:41','2021-05-10 04:25:39'),(5116,'ستنا',4,'2021-02-10 22:38:52','2021-02-10 22:38:53'),(5117,'شتا',1,'2021-02-10 22:38:55','2021-02-10 22:39:00'),(5118,'شتان',1,'2021-02-10 22:38:55','2021-02-10 22:38:59'),(5119,'شتاند',0,'2021-02-10 22:38:56','2021-02-10 22:38:56'),(5120,'شيا',1,'2021-02-10 22:39:15','2021-02-10 22:39:22'),(5121,'شيار',1,'2021-02-10 22:39:15','2021-02-10 22:39:21'),(5122,'شيارة',0,'2021-02-10 22:39:15','2021-02-10 22:39:15'),(5123,'نثب',1,'2021-02-10 22:40:04','2021-02-10 22:40:13'),(5124,'نثبي',1,'2021-02-10 22:40:05','2021-02-10 22:40:09'),(5125,'نثبيت',0,'2021-02-10 22:40:05','2021-02-10 22:40:05'),(5126,'lip pl',0,'2021-02-10 22:47:55','2021-02-10 22:47:55'),(5127,'lip pu',0,'2021-02-10 22:48:04','2021-02-10 22:48:04'),(5128,'lip pus',0,'2021-02-10 22:48:04','2021-02-10 22:48:04'),(5129,'lip push',0,'2021-02-10 22:48:04','2021-02-10 22:48:04'),(5130,'Toy boy',0,'2021-02-11 01:49:08','2021-02-11 01:49:08'),(5131,'Light blue',1,'2021-02-11 01:49:25','2021-02-11 01:50:47'),(5132,'Eros',1,'2021-02-11 01:49:34','2021-03-27 00:29:18'),(5133,'Voyage',0,'2021-02-11 01:50:31','2021-02-11 01:50:31'),(5134,'hoco s',0,'2021-02-11 03:24:20','2021-02-11 03:24:20'),(5135,'hoco st',0,'2021-02-11 03:24:20','2021-02-11 03:24:20'),(5136,'hoco sta',0,'2021-02-11 03:24:21','2021-02-11 03:24:21'),(5137,'hoco stan',0,'2021-02-11 03:24:21','2021-02-11 03:24:21'),(5138,'hoco stand',1,'2021-02-11 03:24:21','2021-02-11 03:24:43'),(5139,'hoc stand',1,'2021-02-11 03:24:36','2021-02-11 03:24:43'),(5140,'ho stand',3,'2021-02-11 03:24:36','2021-02-11 03:24:42'),(5141,'h stand',3,'2021-02-11 03:24:37','2021-02-11 03:24:41'),(5142,'hoo stand',1,'2021-02-11 03:24:38','2021-02-11 03:24:39'),(5143,'hooo stand',1,'2021-02-11 03:24:38','2021-02-11 03:24:39'),(5144,'hoooo stand',0,'2021-02-11 03:24:39','2021-02-11 03:24:39'),(5145,'Hoco  stand',0,'2021-02-11 03:24:43','2021-02-11 03:24:43'),(5146,'Hoco s stand',0,'2021-02-11 03:24:45','2021-02-11 03:24:45'),(5147,'Hoco st stand',0,'2021-02-11 03:24:46','2021-02-11 03:24:46'),(5148,'Hoco sta stand',0,'2021-02-11 03:24:46','2021-02-11 03:24:46'),(5149,'Hoco stam stand',0,'2021-02-11 03:24:46','2021-02-11 03:24:46'),(5150,'Hoco stamd stand',1,'2021-02-11 03:24:46','2021-02-11 03:25:02'),(5151,'Hoco stamd Hock stand stand',0,'2021-02-11 03:25:02','2021-02-11 03:25:02'),(5152,'فرند اند وايت',8,'2021-02-11 08:51:31','2021-05-06 22:17:27'),(5153,'perfume d',3,'2021-02-11 10:17:06','2021-04-20 17:52:36'),(5154,'perfume de m',10,'2021-02-11 10:17:07','2021-04-20 17:52:36'),(5155,'perfume de ma',3,'2021-02-11 10:17:08','2021-04-20 17:52:35'),(5156,'perfume de mar',4,'2021-02-11 10:17:09','2021-04-20 17:52:35'),(5157,'عطر لؤي ٧',0,'2021-02-11 11:30:07','2021-02-11 11:30:07'),(5158,'Hommme Dior',0,'2021-02-11 11:37:24','2021-02-11 11:37:24'),(5159,'ديور هوم',7,'2021-02-11 11:38:46','2021-04-25 02:39:29'),(5160,'جيفنشب',0,'2021-02-11 11:39:02','2021-02-11 11:39:02'),(5161,'سيدبري من بيرفيومز دي مارلي للنساء 75 مل',3,'2021-02-11 12:19:43','2021-03-18 10:58:10'),(5162,'عطر دي مارلي ميليورا 75 مل',2,'2021-02-11 12:21:32','2021-03-16 09:24:42'),(5163,'بيرفيومز دي مارلي او دو برفيوم مارلي ديلينا اكسكلوسيف للنساء - 75 مل',2,'2021-02-11 12:23:55','2021-03-18 10:58:59'),(5164,'بارفيومز دي مارلي كاسيلي 2.5 أونصة أو دي بارفان للنساء',1,'2021-02-11 12:25:01','2021-03-16 09:22:55'),(5165,'بيرفيومز دي مارلي سفند للجنسين 75 مل - او دى بارفان',1,'2021-02-11 12:25:45','2021-03-16 09:25:38'),(5166,'بارفمس دي مارلي دارسي ماء عطر للنساء 75 مل',3,'2021-02-11 12:26:49','2021-03-18 10:57:24'),(5167,'دي مارلي ديلينا للنساء او دي بارفان 75 مل',2,'2021-02-11 12:29:31','2021-03-16 09:23:45'),(5168,'Mansera',11,'2021-02-11 12:50:07','2021-05-01 04:19:26'),(5169,'Mancera vanila',4,'2021-02-11 12:52:02','2021-05-07 08:34:12'),(5170,'for so',1,'2021-02-11 14:33:36','2021-02-11 14:33:36'),(5171,'for so w',0,'2021-02-11 14:33:36','2021-02-11 14:33:36'),(5172,'for so wh',0,'2021-02-11 14:33:37','2021-02-11 14:33:37'),(5173,'for so whi',0,'2021-02-11 14:33:37','2021-02-11 14:33:37'),(5174,'for so whit',0,'2021-02-11 14:33:38','2021-02-11 14:33:38'),(5175,'for so white',0,'2021-02-11 14:33:38','2021-02-11 14:33:38'),(5176,'club de nu',0,'2021-02-11 16:13:30','2021-02-11 16:13:30'),(5177,'club de nui',0,'2021-02-11 16:13:30','2021-02-11 16:13:30'),(5178,'club de nuit',0,'2021-02-11 16:13:31','2021-02-11 16:13:31'),(5179,'Noble vetiver',0,'2021-02-11 17:13:48','2021-02-11 17:13:48'),(5180,'Malaki',0,'2021-02-11 17:13:57','2021-02-11 17:13:57'),(5181,'escada',0,'2021-02-11 20:39:38','2021-02-11 20:39:38'),(5182,'الاظافر',12,'2021-02-12 00:38:10','2021-05-05 13:49:38'),(5183,'Blushing',2,'2021-02-12 00:52:51','2021-02-24 15:46:55'),(5184,'Blush up',0,'2021-02-12 00:53:02','2021-02-12 00:53:02'),(5185,'Evenline',0,'2021-02-12 01:54:03','2021-02-12 01:54:03'),(5186,'Fehrenheit',0,'2021-02-12 09:42:02','2021-02-12 09:42:02'),(5187,'Farehnheit',5,'2021-02-12 09:42:51','2021-04-08 17:04:06'),(5188,'Fahrenheit',0,'2021-02-12 09:43:03','2021-02-12 09:43:03'),(5189,'eveln',2,'2021-02-12 09:51:01','2021-02-12 09:51:04'),(5190,'evelne',3,'2021-02-12 09:51:01','2021-02-12 09:51:02'),(5191,'ايباد ج',1,'2021-02-12 11:22:44','2021-02-12 11:22:47'),(5192,'ايباد جه',1,'2021-02-12 11:22:44','2021-02-12 11:22:47'),(5193,'ايباد جها',1,'2021-02-12 11:22:45','2021-02-12 11:22:47'),(5194,'ايباد جهاز',1,'2021-02-12 11:22:45','2021-02-12 11:22:45'),(5195,'جهاز ا',0,'2021-02-12 11:22:52','2021-02-12 11:22:52'),(5196,'جهاز اي',1,'2021-02-12 11:22:53','2021-02-12 11:22:55'),(5197,'جهاز ايا',1,'2021-02-12 11:22:53','2021-02-12 11:22:55'),(5198,'جهاز اياب',0,'2021-02-12 11:22:53','2021-02-12 11:22:53'),(5199,'جهاز ايب',0,'2021-02-12 11:22:57','2021-02-12 11:22:57'),(5200,'جهاز ايبا',0,'2021-02-12 11:22:57','2021-02-12 11:22:57'),(5201,'جهاز ايباد',1,'2021-02-12 11:22:57','2021-02-12 11:22:58'),(5202,'phone h',0,'2021-02-12 12:20:43','2021-02-12 12:20:43'),(5203,'phone ho',0,'2021-02-12 12:20:44','2021-02-12 12:20:44'),(5204,'phone hol',0,'2021-02-12 12:20:44','2021-02-12 12:20:44'),(5205,'phone hold',0,'2021-02-12 12:20:45','2021-02-12 12:20:45'),(5206,'phone holde',0,'2021-02-12 12:20:45','2021-02-12 12:20:45'),(5207,'phone holder',2,'2021-02-12 12:20:46','2021-03-25 12:51:46'),(5208,'شنطه يد نسائي',0,'2021-02-12 13:35:38','2021-02-12 13:35:38'),(5209,'احذية نسائية',0,'2021-02-12 13:37:16','2021-02-12 13:37:16'),(5210,'eya',1,'2021-02-12 14:47:50','2021-02-12 14:47:52'),(5211,'eyas',1,'2021-02-12 14:47:51','2021-02-12 14:47:52'),(5212,'eyas',0,'2021-02-12 14:47:51','2021-02-12 14:47:51'),(5213,'eyashe',1,'2021-02-12 14:47:51','2021-02-12 14:47:51'),(5214,'eyash',0,'2021-02-12 14:47:51','2021-02-12 14:47:51'),(5215,'لوليتا بونيتا',0,'2021-02-12 16:55:08','2021-02-12 16:55:08'),(5216,'لوفالكون',0,'2021-02-12 16:56:05','2021-02-12 16:56:05'),(5217,'لو فالكون',0,'2021-02-12 16:56:18','2021-02-12 16:56:18'),(5218,'Chanel blu',0,'2021-02-12 17:45:20','2021-02-12 17:45:20'),(5219,'tize',1,'2021-02-12 18:16:30','2021-02-12 18:16:36'),(5220,'tizeya',3,'2021-02-12 18:16:32','2021-02-12 18:16:37'),(5221,'tizeyan',1,'2021-02-12 18:16:33','2021-02-12 18:16:35'),(5222,'tizeyana',0,'2021-02-12 18:16:33','2021-02-12 18:16:33'),(5223,'tizian',0,'2021-02-12 18:17:01','2021-02-12 18:17:01'),(5224,'tiziana',0,'2021-02-12 18:17:01','2021-02-12 18:17:01'),(5225,'roja',1,'2021-02-12 18:17:20','2021-02-12 18:17:21'),(5226,'نرس',2,'2021-02-12 18:26:09','2021-02-12 18:26:10'),(5227,'sedl',3,'2021-02-12 22:50:09','2021-02-12 22:50:13'),(5228,'sedly',0,'2021-02-12 22:50:10','2021-02-12 22:50:10'),(5229,'tem',2,'2021-02-12 22:50:47','2021-02-12 22:50:54'),(5230,'temb',1,'2021-02-12 22:50:48','2021-02-12 22:50:54'),(5231,'tembl',1,'2021-02-12 22:50:52','2021-02-12 22:50:53'),(5232,'temble',0,'2021-02-12 22:50:52','2021-02-12 22:50:52'),(5233,'dior h',11,'2021-02-12 22:51:05','2021-05-03 23:14:38'),(5234,'Olympea',1,'2021-02-12 23:25:40','2021-03-24 11:10:52'),(5235,'blo',4,'2021-02-13 03:21:55','2021-04-05 23:24:09'),(5236,'blou',5,'2021-02-13 03:21:55','2021-04-06 08:58:12'),(5237,'blouv',1,'2021-02-13 03:21:56','2021-02-13 03:22:31'),(5238,'blouve',1,'2021-02-13 03:21:56','2021-02-13 03:22:30'),(5239,'blouver',0,'2021-02-13 03:21:56','2021-02-13 03:21:56'),(5240,'pul',0,'2021-02-13 03:22:35','2021-02-13 03:22:35'),(5241,'pull',2,'2021-02-13 03:22:35','2021-02-13 03:22:35'),(5242,'pullo',0,'2021-02-13 03:22:36','2021-02-13 03:22:36'),(5243,'pullov',0,'2021-02-13 03:22:36','2021-02-13 03:22:36'),(5244,'pullove',0,'2021-02-13 03:22:37','2021-02-13 03:22:37'),(5245,'pullover',0,'2021-02-13 03:22:37','2021-02-13 03:22:37'),(5246,'fak',1,'2021-02-13 03:43:14','2021-02-13 03:43:14'),(5247,'fake',4,'2021-02-13 03:43:14','2021-02-13 03:43:16'),(5248,'Amouage',1,'2021-02-13 04:14:10','2021-04-22 00:28:05'),(5249,'the ordin',0,'2021-02-13 06:51:37','2021-02-13 06:51:37'),(5250,'the ordina',0,'2021-02-13 06:51:37','2021-02-13 06:51:37'),(5251,'the ordinar',0,'2021-02-13 06:51:37','2021-02-13 06:51:37'),(5252,'the ordinary',1,'2021-02-13 06:51:38','2021-02-13 06:51:38'),(5253,'evelina',2,'2021-02-13 09:17:46','2021-03-31 10:37:51'),(5254,'evelinar',1,'2021-02-13 09:17:47','2021-02-13 09:17:50'),(5255,'evelinarg',1,'2021-02-13 09:17:47','2021-02-13 09:17:50'),(5256,'evelinarga',7,'2021-02-13 09:17:47','2021-03-28 16:55:29'),(5257,'evelinargan',6,'2021-02-13 09:17:47','2021-03-28 16:56:40'),(5258,'بوت',2,'2021-02-13 10:48:04','2021-02-20 14:33:54'),(5259,'La vi',0,'2021-02-13 13:32:40','2021-02-13 13:32:40'),(5260,'ايستي لودر',1,'2021-02-13 13:39:06','2021-05-10 04:21:53'),(5261,'خش',0,'2021-02-13 14:33:06','2021-02-13 14:33:06'),(5262,'خشب',2,'2021-02-13 14:33:06','2021-02-13 14:33:07'),(5263,'خشب ا',0,'2021-02-13 14:33:07','2021-02-13 14:33:07'),(5264,'خشب ال',0,'2021-02-13 14:33:07','2021-02-13 14:33:07'),(5265,'خشب الص',3,'2021-02-13 14:33:08','2021-05-04 23:42:28'),(5266,'خشب الصن',0,'2021-02-13 14:33:09','2021-02-13 14:33:09'),(5267,'خشب الصند',2,'2021-02-13 14:33:09','2021-04-14 02:47:23'),(5268,'خشب الصندل',0,'2021-02-13 14:33:09','2021-02-13 14:33:09'),(5269,'nail th',0,'2021-02-13 15:35:35','2021-02-13 15:35:35'),(5270,'nail ther',0,'2021-02-13 15:35:35','2021-02-13 15:35:35'),(5271,'nail the',0,'2021-02-13 15:35:35','2021-02-13 15:35:35'),(5272,'nail therapy',19,'2021-02-13 15:35:35','2021-05-07 05:15:05'),(5273,'nail thera',0,'2021-02-13 15:35:35','2021-02-13 15:35:35'),(5274,'nail therap',0,'2021-02-13 15:35:35','2021-02-13 15:35:35'),(5275,'nail therapy',0,'2021-02-13 15:35:35','2021-02-13 15:35:35'),(5276,'all s',2,'2021-02-13 15:57:50','2021-05-07 21:00:55'),(5277,'all sc',0,'2021-02-13 15:57:51','2021-02-13 15:57:51'),(5278,'all sce',0,'2021-02-13 15:57:51','2021-02-13 15:57:51'),(5279,'all scen',0,'2021-02-13 15:57:51','2021-02-13 15:57:51'),(5280,'all scent',0,'2021-02-13 15:57:51','2021-02-13 15:57:51'),(5281,'all scents',1,'2021-02-13 15:57:52','2021-02-13 15:57:52'),(5282,'suns',4,'2021-02-13 15:58:35','2021-04-14 23:01:05'),(5283,'sunse',1,'2021-02-13 15:58:35','2021-02-13 15:58:37'),(5284,'sunset',1,'2021-02-13 15:58:37','2021-02-13 15:58:38'),(5285,'sunet',0,'2021-02-13 15:59:51','2021-02-13 15:59:51'),(5286,'suet',0,'2021-02-13 15:59:51','2021-02-13 15:59:51'),(5287,'flet',0,'2021-02-13 15:59:51','2021-02-13 15:59:51'),(5288,'floret',4,'2021-02-13 15:59:51','2021-03-11 17:28:13'),(5289,'floet',0,'2021-02-13 15:59:51','2021-02-13 15:59:51'),(5290,'floraet',1,'2021-02-13 15:59:52','2021-02-13 16:00:03'),(5291,'ستيلا',2,'2021-02-13 22:32:46','2021-02-13 22:33:20'),(5292,'revel',1,'2021-02-14 10:27:52','2021-02-14 10:27:52'),(5293,'revela',0,'2021-02-14 10:27:52','2021-02-14 10:27:52'),(5294,'revelash',4,'2021-02-14 10:27:53','2021-02-14 10:27:56'),(5295,'soft',4,'2021-02-14 10:33:42','2021-02-14 10:33:49'),(5296,'softn',1,'2021-02-14 10:33:46','2021-02-14 10:33:48'),(5297,'softne',1,'2021-02-14 10:33:46','2021-02-14 10:33:48'),(5298,'softner',0,'2021-02-14 10:33:47','2021-02-14 10:33:47'),(5299,'أنكر',0,'2021-02-14 12:10:25','2021-02-14 12:10:25'),(5300,'شانس',1,'2021-02-14 12:31:09','2021-02-14 12:31:12'),(5301,'شانسل',3,'2021-02-14 12:31:09','2021-02-14 12:31:10'),(5302,'فلم تحديد',0,'2021-02-14 12:47:10','2021-02-14 12:47:10'),(5303,'أحمر شفاه بوبا فوليوم رابيد أكشن رقم - 406',2,'2021-02-14 13:05:15','2021-03-15 09:02:26'),(5304,'أحمر شفاه بوبا فوليوم رابيد أكشن رقم - 304',1,'2021-02-14 13:06:19','2021-03-15 09:04:08'),(5305,'أحمر شفاه بوبا فوليوم رابيد أكشن رقم - 400',1,'2021-02-14 13:07:06','2021-03-15 09:04:52'),(5306,'أحمر شفاه بوبا فوليوم رابيد أكشن رقم - 102',1,'2021-02-14 13:07:45','2021-03-15 09:06:06'),(5307,'أحمر شفاه بوبا فوليوم رابيد أكشن رقم - 104',1,'2021-02-14 13:08:57','2021-03-15 09:07:39'),(5308,'أحمر شفاه بوبا فوليوم رابيد أكشن رقم - 105',1,'2021-02-14 13:09:56','2021-03-15 09:08:41'),(5309,'كريم اساس للتغطية - بلون رملي خفيف SPF15-030',5,'2021-02-14 13:10:39','2021-03-15 09:27:43'),(5310,'اسفنجة الاساس',9,'2021-02-14 13:11:41','2021-05-08 23:20:22'),(5311,'بودرة التثبيت غير المرئية - 003 - بلون بيج طبيعي',3,'2021-02-14 13:12:17','2021-04-21 06:27:35'),(5312,'طلاء أظافر بقطرات جافة سريعة 001',1,'2021-02-14 13:13:22','2021-02-21 11:39:40'),(5313,'càke',3,'2021-02-14 14:38:12','2021-02-14 14:38:23'),(5314,'ake m',0,'2021-02-14 14:38:26','2021-02-14 14:38:26'),(5315,'ake mo',0,'2021-02-14 14:38:26','2021-02-14 14:38:26'),(5316,'ake mou',0,'2021-02-14 14:38:27','2021-02-14 14:38:27'),(5317,'ake moul',0,'2021-02-14 14:38:27','2021-02-14 14:38:27'),(5318,'ake mould',0,'2021-02-14 14:38:27','2021-02-14 14:38:27'),(5319,'Aqva',15,'2021-02-14 14:52:25','2021-05-09 03:04:11'),(5320,'Perfumes',0,'2021-02-14 15:20:11','2021-02-14 15:20:11'),(5321,'اسما',3,'2021-02-14 17:02:25','2021-02-14 17:02:26'),(5322,'اسمان',1,'2021-02-14 17:02:25','2021-02-14 17:02:26'),(5323,'اسن',2,'2021-02-14 17:02:26','2021-02-14 17:02:30'),(5324,'اسنا',2,'2021-02-14 17:02:26','2021-02-14 17:02:30'),(5325,'اسنان',1,'2021-02-14 17:02:26','2021-02-14 17:02:27'),(5326,'الاسن',7,'2021-02-14 17:02:33','2021-05-08 23:20:22'),(5327,'الاسنا',7,'2021-02-14 17:02:33','2021-05-08 23:20:22'),(5328,'الاسنان',9,'2021-02-14 17:02:33','2021-05-08 23:20:23'),(5329,'معج',0,'2021-02-14 17:02:37','2021-02-14 17:02:37'),(5330,'معجون',7,'2021-02-14 17:02:37','2021-03-19 17:06:42'),(5331,'ريجوف',106,'2021-02-14 18:19:35','2021-04-30 06:09:23'),(5332,'ريجوفي',71,'2021-02-14 18:19:35','2021-04-14 02:27:52'),(5333,'كومب',0,'2021-02-14 18:36:10','2021-02-14 18:36:10'),(5334,'كومبا',4,'2021-02-14 18:36:10','2021-05-04 20:41:39'),(5335,'كومبان',0,'2021-02-14 18:36:10','2021-02-14 18:36:10'),(5336,'كومباني',0,'2021-02-14 18:36:11','2021-02-14 18:36:11'),(5337,'شماغ الام',0,'2021-02-14 20:04:59','2021-02-14 20:04:59'),(5338,'شماغ بن',3,'2021-02-14 20:05:02','2021-05-07 15:21:13'),(5339,'شماغ بنت',4,'2021-02-14 20:05:03','2021-05-07 15:21:12'),(5340,'شماغ بنتل',3,'2021-02-14 20:05:03','2021-05-07 15:21:13'),(5341,'نظارات د',5,'2021-02-14 20:21:30','2021-05-11 22:27:28'),(5342,'نظارات دي',6,'2021-02-14 20:21:31','2021-05-11 22:27:27'),(5343,'نظارات ديو',2,'2021-02-14 20:21:33','2021-05-11 22:27:28'),(5344,'نظارات ديور',3,'2021-02-14 20:21:33','2021-05-11 22:27:28'),(5345,'212',4,'2021-02-14 21:50:45','2021-04-01 16:45:55'),(5346,'sexy',0,'2021-02-14 21:50:56','2021-02-14 21:50:56'),(5347,'قمصان نوم',2,'2021-02-14 21:54:26','2021-04-06 21:10:20'),(5348,'Moisturizer',0,'2021-02-15 03:56:55','2021-02-15 03:56:55'),(5349,'طلي أظافر',0,'2021-02-15 03:59:51','2021-02-15 03:59:51'),(5350,'احزمه رجالي',1,'2021-02-15 04:07:31','2021-05-02 15:43:26'),(5351,'رباط',0,'2021-02-15 04:07:38','2021-02-15 04:07:38'),(5352,'فيرزات',0,'2021-02-15 07:58:34','2021-02-15 07:58:34'),(5353,'فيرزاتش',0,'2021-02-15 07:58:35','2021-02-15 07:58:35'),(5354,'فيرزاتشي',1,'2021-02-15 07:58:35','2021-03-30 04:34:39'),(5355,'حامل سطح الطاولة \"PH34 Excelente\" قابل للطي',1,'2021-02-15 11:58:38','2021-02-15 12:00:13'),(5356,'قاعدة تثبيت علي الطبلون',0,'2021-02-15 12:01:52','2021-02-15 12:01:52'),(5357,'قاعدة تثبيت للسيارة',5,'2021-02-15 12:02:13','2021-03-21 19:28:03'),(5358,'قاعدة تثبيت للسيارة على الزجاج الأمامي',3,'2021-02-15 12:43:58','2021-04-06 09:44:49'),(5359,'قاعدة تثبيت مغناطيس على الطبلون',2,'2021-02-15 12:46:53','2021-04-06 09:46:05'),(5360,'قاعدة تثبيت مغناطيس للسيارة متعدد الوظائف',2,'2021-02-15 12:50:06','2021-04-06 09:47:56'),(5361,'قاعدة تثبيت قابلة للطي لللهواتف والكمبيوتر',0,'2021-02-15 12:52:39','2021-02-15 12:52:39'),(5362,'lip t',6,'2021-02-15 12:55:37','2021-03-23 09:05:43'),(5363,'lip te',0,'2021-02-15 12:55:39','2021-02-15 12:55:39'),(5364,'lip ten',0,'2021-02-15 12:55:39','2021-02-15 12:55:39'),(5365,'lip tent',5,'2021-02-15 12:55:40','2021-02-19 00:25:02'),(5366,'قاعدة تثبيت للسيارة لمرآة الرؤية الخلفية',6,'2021-02-15 12:58:25','2021-04-06 09:43:55'),(5367,'قاعدة تثبيت للسيارة على منفذ تكييف الهواء',9,'2021-02-15 13:00:21','2021-04-06 09:53:56'),(5368,'قاعدة تثبيت للسيارة على الطبلون',10,'2021-02-15 13:02:16','2021-04-06 09:51:45'),(5369,'قاعدة تثبيت على الطبلون مميزة CA50',2,'2021-02-15 13:06:33','2021-03-22 13:53:46'),(5370,'Base',15,'2021-02-15 13:25:10','2021-05-05 21:05:40'),(5371,'اتل',2,'2021-02-15 13:32:56','2021-02-15 13:33:03'),(5372,'اتلخ',1,'2021-02-15 13:32:58','2021-02-15 13:33:03'),(5373,'اتلخب',1,'2021-02-15 13:32:58','2021-02-15 13:33:02'),(5374,'اتلخبغيا',5,'2021-02-15 13:32:59','2021-02-15 13:33:02'),(5375,'اتلخبغياق',1,'2021-02-15 13:32:59','2021-02-15 13:33:01'),(5376,'اتلخبغياقا',1,'2021-02-15 13:32:59','2021-02-15 13:33:01'),(5377,'اتلخبغياقاا',0,'2021-02-15 13:32:59','2021-02-15 13:32:59'),(5378,'metal w',1,'2021-02-15 14:16:11','2021-02-15 14:17:51'),(5379,'metal wa',1,'2021-02-15 14:16:11','2021-02-15 14:17:50'),(5380,'metal wav',1,'2021-02-15 14:16:11','2021-02-15 14:16:12'),(5381,'alls',4,'2021-02-15 14:17:53','2021-03-06 01:30:51'),(5382,'allsa',3,'2021-02-15 14:17:56','2021-03-06 01:30:52'),(5383,'allsai',3,'2021-02-15 14:17:57','2021-03-06 01:30:53'),(5384,'allsain',3,'2021-02-15 14:17:57','2021-03-06 01:30:53'),(5385,'allsaint',2,'2021-02-15 14:17:57','2021-03-06 01:30:54'),(5386,'أول',13,'2021-02-15 14:18:35','2021-05-10 12:06:15'),(5387,'كريم اساس للتغطية - SPF15-020',2,'2021-02-15 14:45:46','2021-03-15 09:12:28'),(5388,'https://instadeal.co/ar/single/products/4372/%D9%83%D8%B1%D9%8A%D9%85%20%D8%A7%D8%B3%D8%A7%D8%B3%20%D9%84%D9%84%D8%AA%D8%BA%D8%B7%D9%8A%D8%A9%20-%20SPF15-020',0,'2021-02-15 14:46:38','2021-02-15 14:46:38'),(5389,'كريم اساس للتغطية - بلون عسلي متوسط SPF15-040',1,'2021-02-15 14:48:02','2021-03-15 09:15:05'),(5390,'كريم اساس للتغطية بلون العاج الداكن - SPF15-003',1,'2021-02-15 14:48:38','2021-03-15 09:11:27'),(5391,'azz',0,'2021-02-15 15:12:19','2021-02-15 15:12:19'),(5392,'dunhill',15,'2021-02-15 15:12:34','2021-04-27 16:57:02'),(5393,'jes',0,'2021-02-15 15:28:59','2021-02-15 15:28:59'),(5394,'jesn',0,'2021-02-15 15:29:00','2021-02-15 15:29:00'),(5395,'jesn p',0,'2021-02-15 15:29:04','2021-02-15 15:29:04'),(5396,'jesn pa',0,'2021-02-15 15:29:04','2021-02-15 15:29:04'),(5397,'jesn paul',1,'2021-02-15 15:29:05','2021-02-15 15:29:05'),(5398,'zerjoff',0,'2021-02-15 15:35:54','2021-02-15 15:35:54'),(5399,'naxos',0,'2021-02-15 15:36:14','2021-02-15 15:36:14'),(5400,'ألين',0,'2021-02-15 15:38:19','2021-02-15 15:38:19'),(5401,'Alien',0,'2021-02-15 15:38:30','2021-02-15 15:38:30'),(5402,'jean Paul',39,'2021-02-15 16:02:29','2021-04-07 21:58:23'),(5403,'jean Paul ultra',0,'2021-02-15 16:02:33','2021-02-15 16:02:33'),(5404,'jean Paul ultra male',0,'2021-02-15 16:02:34','2021-02-15 16:02:34'),(5405,'Dark spot pills',0,'2021-02-15 18:05:49','2021-02-15 18:05:49'),(5406,'xern',1,'2021-02-15 18:13:30','2021-02-15 18:13:31'),(5407,'B cream',0,'2021-02-16 02:29:00','2021-02-16 02:29:00'),(5408,'BB cream',12,'2021-02-16 02:29:00','2021-05-02 19:51:42'),(5409,'رييان',0,'2021-02-16 06:58:30','2021-02-16 06:58:30'),(5410,'ريبان',3,'2021-02-16 06:58:34','2021-05-04 21:18:13'),(5411,'قرتشي',4,'2021-02-16 07:07:07','2021-02-16 07:07:07'),(5412,'ايزا',2,'2021-02-16 07:50:43','2021-02-16 07:56:39'),(5413,'ايزاد',0,'2021-02-16 07:50:45','2021-02-16 07:50:45'),(5414,'isdor',1,'2021-02-16 07:56:20','2021-02-16 07:56:21'),(5415,'isdora',0,'2021-02-16 07:56:20','2021-02-16 07:56:20'),(5416,'مستل',2,'2021-02-16 08:03:28','2021-02-16 08:03:38'),(5417,'مستلز',0,'2021-02-16 08:03:29','2021-02-16 08:03:29'),(5418,'استي لودر',9,'2021-02-16 10:02:08','2021-05-10 04:21:51'),(5419,'Estee lodar',0,'2021-02-16 10:03:15','2021-02-16 10:03:15'),(5420,'‏البار',2,'2021-02-16 10:17:39','2021-02-16 10:17:39'),(5421,'‏البارد',0,'2021-02-16 10:17:40','2021-02-16 10:17:40'),(5422,'‏iPad',2,'2021-02-16 10:17:40','2021-02-16 10:17:43'),(5423,'‏iPad￼',1,'2021-02-16 10:17:43','2021-02-16 10:17:43'),(5424,'v t',6,'2021-02-16 11:05:55','2021-02-16 11:06:15'),(5425,'إيفلين محدد عيون سائل مقاوم للماء أسود',0,'2021-02-16 11:52:41','2021-02-16 11:52:41'),(5426,'احمر خدود كريمي فل اتش دي بلاش - 03',2,'2021-02-16 12:02:34','2021-04-29 15:36:00'),(5427,'احمر خدود كريمي فل اتش دي بلاش - 02',1,'2021-02-16 12:03:58','2021-03-24 10:07:46'),(5428,'هايلايتر جلو أند جو 01',0,'2021-02-16 12:07:15','2021-02-16 12:07:15'),(5429,'بودرة برونزر لتصحيح لون اللؤلؤ Full HD',22,'2021-02-16 12:12:13','2021-04-28 23:00:13'),(5430,'لوحة ظلال العيون الكل في واحد رقم 01',1,'2021-02-16 12:33:35','2021-03-24 09:50:58'),(5431,'كريم أساس قطرات غير لامعة للتحكم في السوائل 040',3,'2021-02-16 12:42:29','2021-04-28 23:58:44'),(5432,'lip b',2,'2021-02-16 12:45:38','2021-02-16 12:45:44'),(5433,'lip ba',1,'2021-02-16 12:45:39','2021-02-16 12:45:44'),(5434,'lip bal',1,'2021-02-16 12:45:39','2021-02-16 12:45:43'),(5435,'lip balm',2,'2021-02-16 12:45:39','2021-04-02 20:19:53'),(5436,'lip ti',1,'2021-02-16 12:45:46','2021-02-16 12:45:50'),(5437,'lip tin',1,'2021-02-16 12:45:47','2021-02-16 12:45:50'),(5438,'lip tint',0,'2021-02-16 12:45:47','2021-02-16 12:45:47'),(5439,'مىط',1,'2021-02-16 12:45:54','2021-02-16 12:45:54'),(5440,'مىطب',0,'2021-02-16 12:45:54','2021-02-16 12:45:54'),(5441,'مىطب ش',0,'2021-02-16 12:45:55','2021-02-16 12:45:55'),(5442,'مىطب شف',0,'2021-02-16 12:45:55','2021-02-16 12:45:55'),(5443,'مىطب شفا',0,'2021-02-16 12:45:55','2021-02-16 12:45:55'),(5444,'مىطب شفاه',0,'2021-02-16 12:45:56','2021-02-16 12:45:56'),(5445,'اسفنجة ماجيك بلندر',0,'2021-02-16 13:09:30','2021-02-16 13:09:30'),(5446,'مصفف شعر بني متعدد الوظائف 01 بني متوسط',0,'2021-02-16 13:10:34','2021-02-16 13:10:34'),(5447,'بخاخ مثبت مكياج 50 مل',14,'2021-02-16 13:30:18','2021-03-30 08:03:16'),(5448,'ايفلين كونتور سينسيشن',3,'2021-02-16 13:46:01','2021-05-05 19:22:24'),(5449,'مرطب الشفاة - وردي',0,'2021-02-16 14:43:44','2021-02-16 14:43:44'),(5450,'ماسك مقشر للأظافر 12 مل',0,'2021-02-16 14:52:07','2021-02-16 14:52:07'),(5451,'علاج الأظافر - 9 في 1',2,'2021-02-16 14:58:54','2021-04-14 13:04:12'),(5452,'كريم للأظافر واليدين - 100ml',7,'2021-02-16 15:21:19','2021-05-06 16:45:56'),(5453,'كريم تبييض اليدين - 100 مل',10,'2021-02-16 15:22:40','2021-05-10 14:05:32'),(5454,'مرطب لعلاج الشفاه - أحمر',0,'2021-02-16 15:34:13','2021-02-16 15:34:13'),(5455,'سيروم لتكبير الشفاه',0,'2021-02-16 15:46:31','2021-02-16 15:46:31'),(5456,'كريم العين رويال كافيار - 15 ml',14,'2021-02-16 15:50:45','2021-05-06 16:46:06'),(5457,'جل التبييض اليومي وايت برستيج 4D 250 مل',3,'2021-02-16 15:53:31','2021-03-28 11:07:29'),(5458,'نيكولا',5,'2021-02-16 16:08:16','2021-04-07 01:42:20'),(5459,'عطر لدار ديور',1,'2021-02-16 17:54:07','2021-02-16 17:54:13'),(5460,'Eveline lips',2,'2021-02-16 19:46:47','2021-05-01 22:07:52'),(5461,'Feme hier',0,'2021-02-16 19:54:41','2021-02-16 19:54:41'),(5462,'سيفورا',0,'2021-02-16 20:36:59','2021-02-16 20:36:59'),(5463,'Lenovo v7 cover',4,'2021-02-16 21:14:37','2021-04-23 12:22:55'),(5464,'مسكة',7,'2021-02-16 21:15:46','2021-04-27 01:17:51'),(5465,'حماية شاشة 10.2',0,'2021-02-16 21:49:27','2021-02-16 21:49:27'),(5466,'oud isp',0,'2021-02-16 22:31:44','2021-02-16 22:31:44'),(5467,'ماسك الشعر',0,'2021-02-16 22:36:55','2021-02-16 22:36:55'),(5468,'بسلم',0,'2021-02-16 22:38:39','2021-02-16 22:38:39'),(5469,'Rausch',0,'2021-02-16 22:49:11','2021-02-16 22:49:11'),(5470,'ميبيلين',0,'2021-02-16 23:07:41','2021-02-16 23:07:41'),(5471,'شامبر',1,'2021-02-16 23:45:42','2021-02-16 23:45:43'),(5472,'ماسك ش',2,'2021-02-16 23:47:53','2021-02-16 23:47:56'),(5473,'ماسك شع',1,'2021-02-16 23:47:54','2021-02-16 23:47:56'),(5474,'ماسك شعر',0,'2021-02-16 23:47:55','2021-02-16 23:47:55'),(5475,'عطر ديور سوفاج',14,'2021-02-17 00:41:25','2021-04-24 18:18:32'),(5476,'كريما',2,'2021-02-17 01:35:33','2021-02-17 01:35:46'),(5477,'كريمات',8,'2021-02-17 01:35:33','2021-05-11 04:26:14'),(5478,'كريمات ك',1,'2021-02-17 01:35:37','2021-02-17 01:35:46'),(5479,'كريمات كو',1,'2021-02-17 01:35:38','2021-02-17 01:35:46'),(5480,'كريمات كور',1,'2021-02-17 01:35:38','2021-02-17 01:35:46'),(5481,'كريمات كوري',1,'2021-02-17 01:35:38','2021-02-17 01:35:45'),(5482,'كريمات كوريه',1,'2021-02-17 01:35:39','2021-02-17 01:35:40'),(5483,'منتجات ع',1,'2021-02-17 01:36:18','2021-02-17 01:36:35'),(5484,'منتجات عن',1,'2021-02-17 01:36:18','2021-02-17 01:36:35'),(5485,'منتجات عنا',7,'2021-02-17 01:36:18','2021-05-08 15:10:39'),(5486,'منتجات عناي',7,'2021-02-17 01:36:19','2021-05-08 15:10:39'),(5487,'منتجات عنايه',9,'2021-02-17 01:36:19','2021-05-08 15:10:38'),(5488,'skin h',3,'2021-02-17 12:39:20','2021-02-17 12:39:21'),(5489,'skin he',1,'2021-02-17 12:39:21','2021-02-17 12:39:21'),(5490,'skin hea',0,'2021-02-17 12:39:22','2021-02-17 12:39:22'),(5491,'skin heal',0,'2021-02-17 12:39:22','2021-02-17 12:39:22'),(5492,'skin healt',0,'2021-02-17 12:39:23','2021-02-17 12:39:23'),(5493,'skin health',2,'2021-02-17 12:39:23','2021-02-17 12:39:25'),(5494,'oskin health',0,'2021-02-17 12:39:26','2021-02-17 12:39:26'),(5495,'o2skin health',0,'2021-02-17 12:39:27','2021-02-17 12:39:27'),(5496,'o2 skin health',2,'2021-02-17 12:39:29','2021-02-17 12:39:29'),(5497,'eveline e',3,'2021-02-17 12:50:53','2021-05-06 23:16:58'),(5498,'eveline ey',2,'2021-02-17 12:50:54','2021-02-17 12:50:54'),(5499,'eveline eye',0,'2021-02-17 12:50:54','2021-02-17 12:50:54'),(5500,'eveline eyel',0,'2021-02-17 12:50:55','2021-02-17 12:50:55'),(5501,'eveline eyeli',0,'2021-02-17 12:50:55','2021-02-17 12:50:55'),(5502,'eveline eyelin',0,'2021-02-17 12:50:55','2021-02-17 12:50:55'),(5503,'eveline eyeline',0,'2021-02-17 12:50:56','2021-02-17 12:50:56'),(5504,'eveline eyeliner',1,'2021-02-17 12:50:56','2021-02-17 12:50:56'),(5505,'جيفنشي شماغ ابيض',1,'2021-02-17 13:34:21','2021-03-14 10:07:39'),(5506,'جيفنشي شماغ احمر',4,'2021-02-17 13:36:35','2021-04-08 11:40:08'),(5507,'بنتلي شماغ ابيض',2,'2021-02-17 13:38:40','2021-04-08 11:41:47'),(5508,'دنهل شماغ احمر كلاسيك',8,'2021-02-17 13:40:14','2021-04-08 11:38:08'),(5509,'جروفنر شماغ احمر',16,'2021-02-17 13:41:49','2021-05-10 14:08:14'),(5510,'الامراء شماغ ابيض',2,'2021-02-17 13:43:54','2021-05-02 16:10:25'),(5511,'دنهل شماغ ابيض كلاسيك',1,'2021-02-17 13:45:34','2021-03-14 10:03:14'),(5512,'زينيا شماغ احمر & رمادي',3,'2021-02-17 13:46:48','2021-03-16 23:06:35'),(5513,'زينيا شماغ ابيض',1,'2021-02-17 13:48:13','2021-03-14 10:13:32'),(5514,'elf',3,'2021-02-17 21:44:37','2021-02-17 21:44:38'),(5515,'BB كريم',0,'2021-02-17 23:42:18','2021-02-17 23:42:18'),(5516,'بى بى كريم',0,'2021-02-17 23:42:37','2021-02-17 23:42:37'),(5517,'fair &white',0,'2021-02-18 00:15:00','2021-02-18 00:15:00'),(5518,'fair &white body',0,'2021-02-18 00:15:03','2021-02-18 00:15:03'),(5519,'fair &white body lotion',0,'2021-02-18 00:15:04','2021-02-18 00:15:04'),(5520,'سوار ساعه ابل',0,'2021-02-18 02:04:35','2021-02-18 02:04:35'),(5521,'سير ساعه ابل',0,'2021-02-18 02:04:50','2021-02-18 02:04:50'),(5522,'صابون الجزر الأصلي للتقشير',5,'2021-02-18 12:02:33','2021-04-11 09:51:19'),(5523,'لوشن الجسم الأصلي كاروت لتفتيح وتنقية البشرة',1,'2021-02-18 12:22:38','2021-04-11 09:55:21'),(5524,'لوشن من فير اند وايت على هيئة كريم',1,'2021-02-18 12:25:10','2021-04-11 09:57:00'),(5525,'لوشن الجسم الأصلي بالحليب لتفتيح الجسم',6,'2021-02-18 12:26:46','2021-04-11 09:53:27'),(5526,'صابون مبيض ومقشر بفيتامين سي',3,'2021-02-18 12:28:27','2021-04-11 09:58:10'),(5527,'لوشن مبيض على هيئة كريم',1,'2021-02-18 12:32:58','2021-04-11 09:54:25'),(5528,'مزيل عرق بوكيت دو',6,'2021-02-18 12:34:19','2021-04-17 19:01:33'),(5529,'صابون مقشر الغلوتاثيون الاصلي',8,'2021-02-18 12:35:47','2021-05-08 22:41:14'),(5530,'سيروم فيتامين سي من فير اند وايت',0,'2021-02-18 12:38:17','2021-02-18 12:38:17'),(5531,'كريم ارغان للشعر',2,'2021-02-18 12:43:03','2021-03-29 10:10:42'),(5532,'ماسك الارغان للشعر',0,'2021-02-18 12:43:31','2021-02-18 12:43:31'),(5533,'مسكرة',10,'2021-02-18 13:28:05','2021-03-22 04:46:40'),(5534,'مسكا',2,'2021-02-18 13:28:09','2021-02-18 13:28:12'),(5535,'مسكار',1,'2021-02-18 13:28:10','2021-02-18 13:28:12'),(5536,'مسكارة',1,'2021-02-18 13:28:10','2021-02-18 13:28:10'),(5537,'برايم',18,'2021-02-18 16:12:26','2021-04-12 16:23:09'),(5538,'برايمر',46,'2021-02-18 16:12:26','2021-04-12 16:22:04'),(5539,'برايمر ش',3,'2021-02-18 16:12:27','2021-02-18 16:12:33'),(5540,'برايمر شف',1,'2021-02-18 16:12:27','2021-02-18 16:12:33'),(5541,'viva',6,'2021-02-18 16:20:51','2021-02-18 16:20:58'),(5542,'Gucci envy me',0,'2021-02-18 16:47:43','2021-02-18 16:47:43'),(5543,'Gucci perfume',0,'2021-02-18 16:49:25','2021-02-18 16:49:25'),(5544,'Narciso',11,'2021-02-18 16:54:14','2021-04-07 00:57:43'),(5545,'مكينه حلاقه',2,'2021-02-18 18:41:46','2021-04-02 13:39:26'),(5546,'Shaver',10,'2021-02-18 19:10:29','2021-04-07 01:14:28'),(5547,'فيراند وايت',0,'2021-02-18 19:51:13','2021-02-18 19:51:13'),(5548,'سماعات بلوتوث',4,'2021-02-18 20:30:56','2021-05-07 12:19:52'),(5549,'عطور شوبارد',0,'2021-02-19 00:19:42','2021-02-19 00:19:42'),(5550,'ستاند زي',3,'2021-02-19 00:19:51','2021-02-19 00:19:51'),(5551,'ستاند زيا',0,'2021-02-19 00:19:51','2021-02-19 00:19:51'),(5552,'ستاند ا',1,'2021-02-19 00:19:51','2021-02-19 00:19:59'),(5553,'ستاند اي',2,'2021-02-19 00:19:51','2021-02-19 00:19:58'),(5554,'ستاند ايا',0,'2021-02-19 00:19:52','2021-02-19 00:19:52'),(5555,'ستاند ايب',1,'2021-02-19 00:19:52','2021-02-19 00:19:58'),(5556,'ستاند ايبا',1,'2021-02-19 00:19:54','2021-02-19 00:19:58'),(5557,'ستاند ايباد',1,'2021-02-19 00:19:54','2021-02-19 00:19:55'),(5558,'wax',3,'2021-02-19 00:30:13','2021-02-19 00:30:15'),(5559,'مكياج جيرلان',0,'2021-02-19 00:40:38','2021-02-19 00:40:38'),(5560,'فس',5,'2021-02-19 02:15:25','2021-02-19 02:15:29'),(5561,'فسا',3,'2021-02-19 02:15:25','2021-02-19 02:15:27'),(5562,'فسات',0,'2021-02-19 02:15:26','2021-02-19 02:15:26'),(5563,'فست',0,'2021-02-19 02:15:30','2021-02-19 02:15:30'),(5564,'فستا',0,'2021-02-19 02:15:32','2021-02-19 02:15:32'),(5565,'Face cleanser',10,'2021-02-19 19:34:44','2021-04-01 19:26:43'),(5566,'جورج ر',1,'2021-02-19 20:35:22','2021-02-19 20:35:22'),(5567,'جوى',0,'2021-02-19 20:57:25','2021-02-19 20:57:25'),(5568,'مكاين حلاقه',2,'2021-02-19 23:14:01','2021-03-27 16:25:47'),(5569,'ايفون كمرتبن احمر رخيص',2,'2021-02-19 23:48:03','2021-04-11 21:19:43'),(5570,'stea',6,'2021-02-20 00:04:05','2021-03-23 23:30:41'),(5571,'steam',9,'2021-02-20 00:04:05','2021-03-23 23:30:42'),(5572,'steame',1,'2021-02-20 00:04:08','2021-02-20 00:04:14'),(5573,'steamer',1,'2021-02-20 00:04:08','2021-02-20 00:04:11'),(5574,'ترط',1,'2021-02-20 00:04:41','2021-02-20 00:04:42'),(5575,'ترطي',1,'2021-02-20 00:04:42','2021-02-20 00:04:42'),(5576,'ترطيب',5,'2021-02-20 00:04:42','2021-04-06 19:52:30'),(5577,'sau',2,'2021-02-20 00:05:10','2021-03-07 00:15:51'),(5578,'saun',2,'2021-02-20 00:05:10','2021-02-20 00:05:10'),(5579,'sauna',1,'2021-02-20 00:05:12','2021-02-20 00:05:13'),(5580,'فرشاهه',0,'2021-02-20 01:48:27','2021-02-20 01:48:27'),(5581,'فرشاه م',0,'2021-02-20 01:49:07','2021-02-20 01:49:07'),(5582,'فرشاه مك',0,'2021-02-20 01:49:07','2021-02-20 01:49:07'),(5583,'فرشاه مكي',0,'2021-02-20 01:49:07','2021-02-20 01:49:07'),(5584,'فرشاه مكيت',0,'2021-02-20 01:49:08','2021-02-20 01:49:08'),(5585,'فرشاه مكيتج',0,'2021-02-20 01:49:09','2021-02-20 01:49:09'),(5586,'ساعة أ',2,'2021-02-20 02:21:27','2021-02-20 02:21:28'),(5587,'ساعة أبل',1,'2021-02-20 02:21:28','2021-02-20 02:21:28'),(5588,'هاتف أ',0,'2021-02-20 02:22:16','2021-02-20 02:22:16'),(5589,'هاتف أي',0,'2021-02-20 02:22:17','2021-02-20 02:22:17'),(5590,'هاتف أيف',0,'2021-02-20 02:22:17','2021-02-20 02:22:17'),(5591,'هاتف أيفون',2,'2021-02-20 02:22:17','2021-02-20 02:22:17'),(5592,'ويف',0,'2021-02-20 07:57:14','2021-02-20 07:57:14'),(5593,'ويفي',0,'2021-02-20 07:57:14','2021-02-20 07:57:14'),(5594,'Foundation',41,'2021-02-20 09:10:38','2021-04-16 21:38:00'),(5595,'بوتي',1,'2021-02-20 14:33:50','2021-02-20 14:33:53'),(5596,'بوتيغ',1,'2021-02-20 14:33:51','2021-02-20 14:33:53'),(5597,'بوتيغا',0,'2021-02-20 14:33:51','2021-02-20 14:33:51'),(5598,'bou',38,'2021-02-20 14:34:01','2021-04-26 12:47:10'),(5599,'bout',3,'2021-02-20 14:34:02','2021-02-20 14:34:16'),(5600,'boute',0,'2021-02-20 14:34:04','2021-02-20 14:34:04'),(5601,'botte',0,'2021-02-20 14:34:18','2021-02-20 14:34:18'),(5602,'botteg',0,'2021-02-20 14:34:22','2021-02-20 14:34:22'),(5603,'bottega',2,'2021-02-20 14:34:22','2021-02-20 14:35:20'),(5604,'ستاند موبيل',6,'2021-02-20 18:30:07','2021-05-04 20:42:25'),(5605,'بورجوا م',0,'2021-02-20 20:34:45','2021-02-20 20:34:45'),(5606,'بورجوا ماس',2,'2021-02-20 20:34:45','2021-02-20 20:34:46'),(5607,'بورجوا ماسك',0,'2021-02-20 20:34:45','2021-02-20 20:34:45'),(5608,'بورجوا ماسكر',0,'2021-02-20 20:34:46','2021-02-20 20:34:46'),(5609,'بورجوا ماسكرا',1,'2021-02-20 20:34:47','2021-02-20 20:34:47'),(5610,'monta',3,'2021-02-21 00:04:26','2021-04-06 05:29:42'),(5611,'montal',5,'2021-02-21 00:04:26','2021-04-06 05:29:43'),(5612,'montale',1,'2021-02-21 00:04:27','2021-02-21 00:04:28'),(5613,'مونتا',0,'2021-02-21 00:04:32','2021-02-21 00:04:32'),(5614,'مونتال',2,'2021-02-21 00:04:32','2021-02-21 00:04:33'),(5615,'اضاءة',14,'2021-02-21 02:22:04','2021-04-19 16:23:57'),(5616,'ايفيلين ايلينر',1,'2021-02-21 07:18:43','2021-03-13 21:57:13'),(5617,'ايفلين ايلاينر',2,'2021-02-21 07:19:50','2021-05-05 19:21:21'),(5618,'mp4',5,'2021-02-21 07:55:23','2021-02-21 07:55:30'),(5619,'مشغل',4,'2021-02-21 07:55:34','2021-02-21 07:55:34'),(5620,'ماسكرا حواجب',0,'2021-02-21 09:05:28','2021-02-21 09:05:28'),(5621,'ماسكارا VAMP SEXY LASHES MASCARA VOLUME AUDACE EFFETTO CURVY-011',0,'2021-02-21 11:37:29','2021-02-21 11:37:29'),(5622,'لوحة مكياج ظلال العيون 7 - متعددة اللمسات - 003',0,'2021-02-21 11:40:32','2021-02-21 11:40:32'),(5623,'ماسكر الكل في واحد - بلون اسود داكن 101',0,'2021-02-21 11:46:58','2021-02-21 11:46:58'),(5624,'قلم التحديد - مع عصا مرنة - بلون بني 200',0,'2021-02-21 11:47:46','2021-02-21 11:47:46'),(5625,'نفخة بودرة',0,'2021-02-21 11:48:41','2021-02-21 11:48:41'),(5626,'مجموعة ماسكرا Vamp All in One+ قلم اسود',0,'2021-02-21 11:49:48','2021-02-21 11:49:48'),(5627,'كريم تحديد الحاجب - 002',5,'2021-02-21 11:51:53','2021-03-20 09:41:03'),(5628,'طلاء أظافر 001',0,'2021-02-21 11:52:57','2021-02-21 11:52:57'),(5629,'مثبت المكياج الرياضي - رشاش -001',4,'2021-02-21 11:58:33','2021-03-22 04:46:47'),(5630,'مزيل طلاء الاظافر 190 مل',4,'2021-02-21 12:05:53','2021-04-24 21:26:09'),(5631,'مرطب الشفاة - نود',0,'2021-02-21 12:12:17','2021-02-21 12:12:17'),(5632,'مرطب لعلاج الشفاه - وردي',0,'2021-02-21 13:00:55','2021-02-21 13:00:55'),(5633,'Incense City',3,'2021-02-21 16:02:11','2021-03-06 01:32:15'),(5634,'powder p',0,'2021-02-21 16:32:45','2021-02-21 16:32:45'),(5635,'powder pu',1,'2021-02-21 16:32:46','2021-02-21 16:32:46'),(5636,'powder puf',0,'2021-02-21 16:32:46','2021-02-21 16:32:46'),(5637,'powder puff',1,'2021-02-21 16:32:46','2021-02-21 16:32:47'),(5638,'pblush',2,'2021-02-21 16:36:02','2021-02-21 16:36:02'),(5639,'poblush',2,'2021-02-21 16:36:02','2021-02-21 16:36:02'),(5640,'powblush',0,'2021-02-21 16:36:02','2021-02-21 16:36:02'),(5641,'powdblush',0,'2021-02-21 16:36:03','2021-02-21 16:36:03'),(5642,'powdeblush',0,'2021-02-21 16:36:03','2021-02-21 16:36:03'),(5643,'powderblush',0,'2021-02-21 16:36:03','2021-02-21 16:36:03'),(5644,'powder blush',2,'2021-02-21 16:36:03','2021-02-21 16:36:04'),(5645,'Besilli',0,'2021-02-21 19:28:13','2021-02-21 19:28:13'),(5646,'Note9',0,'2021-02-21 21:04:09','2021-02-21 21:04:09'),(5647,'Eveline face wash',4,'2021-02-21 22:40:05','2021-05-06 16:48:12'),(5648,'مهب',1,'2021-02-22 02:55:42','2021-02-22 02:56:03'),(5649,'مهبل',5,'2021-02-22 02:55:42','2021-02-22 02:56:04'),(5650,'مهبل ص',1,'2021-02-22 02:55:42','2021-02-22 02:56:02'),(5651,'مهبل صنا',3,'2021-02-22 02:55:42','2021-02-22 02:56:02'),(5652,'مهبل صناع',1,'2021-02-22 02:55:43','2021-02-22 02:56:02'),(5653,'مهبل صناعي',2,'2021-02-22 02:55:43','2021-02-22 02:55:43'),(5654,'فضيب',6,'2021-02-22 02:59:47','2021-02-22 02:59:54'),(5655,'Shemagh',30,'2021-02-22 06:23:24','2021-05-12 04:56:02'),(5656,'نوت٩',0,'2021-02-22 07:53:04','2021-02-22 07:53:04'),(5657,'Not 9',0,'2021-02-22 07:53:19','2021-02-22 07:53:19'),(5658,'evn',0,'2021-02-22 08:04:15','2021-02-22 08:04:15'),(5659,'lev',1,'2021-02-22 08:04:38','2021-02-22 08:04:39'),(5660,'llev',1,'2021-02-22 08:04:39','2021-02-22 08:04:39'),(5661,'قناع لون الكيراتين من هير كلينيك 300 مل',0,'2021-02-22 10:17:28','2021-02-22 10:17:28'),(5662,'قاعدة تثبيت للسيارة على لوحة العداد',3,'2021-02-22 11:00:39','2021-03-22 14:21:05'),(5663,'قلم تحديد الشفاه بوليود بيرى 163',1,'2021-02-22 12:03:46','2021-02-22 12:04:18'),(5664,'قلم تحديد الشفاه بوليود بيرى 171',0,'2021-02-22 12:05:15','2021-02-22 12:05:15'),(5665,'قلم تحديد الشفاه صن ست ريد 166',0,'2021-02-22 12:05:59','2021-02-22 12:05:59'),(5666,'قلم تحديد الشفاه كراميل 161',0,'2021-02-22 12:09:49','2021-02-22 12:09:49'),(5667,'قلم تحديد الشفاه تروبيكال روز 165',5,'2021-02-22 12:10:36','2021-04-04 21:53:55'),(5668,'فاونديشن كريم - 222',0,'2021-02-22 12:11:30','2021-02-22 12:11:30'),(5669,'فاونديشن كريم - 223',0,'2021-02-22 12:12:17','2021-02-22 12:12:17'),(5670,'فاونديشن كريم - 225',0,'2021-02-22 12:13:46','2021-02-22 12:13:46'),(5671,'ماكينة حلاقه',86,'2021-02-22 16:24:14','2021-05-15 11:33:49'),(5672,'ماكينة حلاقة',34,'2021-02-22 16:24:25','2021-05-10 20:52:01'),(5673,'جميع المنتجات',0,'2021-02-22 17:41:47','2021-02-22 17:41:47'),(5674,'M31',2,'2021-02-22 18:31:19','2021-03-08 20:40:11'),(5675,'كيبل',7,'2021-02-22 18:52:03','2021-04-25 01:27:16'),(5676,'eleven',7,'2021-02-22 18:59:16','2021-04-29 23:06:32'),(5677,'elevene',1,'2021-02-22 18:59:27','2021-02-22 18:59:30'),(5678,'elevenel',0,'2021-02-22 18:59:27','2021-02-22 18:59:27'),(5679,'eele',1,'2021-02-22 18:59:37','2021-02-22 18:59:38'),(5680,'الشبخ',3,'2021-02-22 19:00:01','2021-02-22 19:00:02'),(5681,'رمم',3,'2021-02-22 19:00:07','2021-02-22 19:00:09'),(5682,'رممب',2,'2021-02-22 19:00:07','2021-02-22 19:00:09'),(5683,'رممبر',2,'2021-02-22 19:00:08','2021-02-22 19:00:08'),(5684,'nna',2,'2021-02-22 19:18:08','2021-02-22 19:18:13'),(5685,'nnai',1,'2021-02-22 19:18:09','2021-02-22 19:18:13'),(5686,'nnail',0,'2021-02-22 19:18:09','2021-02-22 19:18:09'),(5687,'طلاء اظ',1,'2021-02-22 19:18:26','2021-02-22 19:18:36'),(5688,'طلاء اظا',1,'2021-02-22 19:18:26','2021-02-22 19:18:36'),(5689,'طلاء اظاف',1,'2021-02-22 19:18:27','2021-02-22 19:18:36'),(5690,'طلاء اظافر',2,'2021-02-22 19:18:27','2021-02-22 19:18:29'),(5691,'trr',1,'2021-02-22 19:20:18','2021-02-22 19:20:21'),(5692,'trre',0,'2021-02-22 19:20:18','2021-02-22 19:20:18'),(5693,'tera',3,'2021-02-22 19:20:32','2021-02-22 19:21:10'),(5694,'terap',2,'2021-02-22 19:20:33','2021-02-22 19:20:50'),(5695,'terapi',6,'2021-02-22 19:20:34','2021-05-07 05:15:05'),(5696,'terapia',2,'2021-02-22 19:20:35','2021-02-22 19:21:11'),(5697,'eveline t',0,'2021-02-22 19:21:24','2021-02-22 19:21:24'),(5698,'eveline te',0,'2021-02-22 19:21:24','2021-02-22 19:21:24'),(5699,'eveline ter',0,'2021-02-22 19:21:24','2021-02-22 19:21:24'),(5700,'eveline tera',0,'2021-02-22 19:21:25','2021-02-22 19:21:25'),(5701,'eveline terap',0,'2021-02-22 19:21:25','2021-02-22 19:21:25'),(5702,'eveline terapi',0,'2021-02-22 19:21:26','2021-02-22 19:21:26'),(5703,'eveline terapia',0,'2021-02-22 19:21:26','2021-02-22 19:21:26'),(5704,'reti',2,'2021-02-22 19:24:14','2021-03-11 17:28:14'),(5705,'retin',2,'2021-02-22 19:24:16','2021-03-11 17:28:14'),(5706,'eveline s',0,'2021-02-22 19:25:14','2021-02-22 19:25:14'),(5707,'eveline se',0,'2021-02-22 19:25:14','2021-02-22 19:25:14'),(5708,'eveline ser',0,'2021-02-22 19:25:15','2021-02-22 19:25:15'),(5709,'eveline seru',0,'2021-02-22 19:25:18','2021-02-22 19:25:18'),(5710,'eveline serum',0,'2021-02-22 19:25:18','2021-02-22 19:25:18'),(5711,'evelinep',0,'2021-02-22 19:25:52','2021-02-22 19:25:52'),(5712,'المكيف',0,'2021-02-22 19:39:06','2021-02-22 19:39:06'),(5713,'جنا',0,'2021-02-22 19:58:16','2021-02-22 19:58:16'),(5714,'جناط',2,'2021-02-22 19:58:17','2021-02-22 19:58:17'),(5715,'toba',1,'2021-02-22 20:02:03','2021-02-22 20:07:41'),(5716,'tobac',1,'2021-02-22 20:02:03','2021-02-22 20:07:41'),(5717,'tobacc',1,'2021-02-22 20:02:04','2021-02-22 20:07:41'),(5718,'tobacco',1,'2021-02-22 20:02:04','2021-02-22 20:02:05'),(5719,'سيرم',12,'2021-02-22 20:02:07','2021-02-22 22:16:59'),(5720,'سيرم ا',0,'2021-02-22 20:04:22','2021-02-22 20:04:22'),(5721,'سيرم ال',0,'2021-02-22 20:04:23','2021-02-22 20:04:23'),(5722,'سيرم الشع',2,'2021-02-22 20:04:23','2021-02-22 20:04:24'),(5723,'سيرم الشعو',0,'2021-02-22 20:04:23','2021-02-22 20:04:23'),(5724,'سيرم الشعر',2,'2021-02-22 20:04:24','2021-02-22 20:04:32'),(5725,'سير الشعر',0,'2021-02-22 20:04:32','2021-02-22 20:04:32'),(5726,'سي الشعر',0,'2021-02-22 20:04:33','2021-02-22 20:04:33'),(5727,'س الشعر',0,'2021-02-22 20:04:33','2021-02-22 20:04:33'),(5728,'ماسك الع',0,'2021-02-22 20:19:20','2021-02-22 20:19:20'),(5729,'ماسك العي',0,'2021-02-22 20:19:21','2021-02-22 20:19:21'),(5730,'ماسك العين',1,'2021-02-22 20:19:21','2021-02-22 20:19:22'),(5731,'A32',0,'2021-02-22 21:24:11','2021-02-22 21:24:11'),(5732,'A 32',0,'2021-02-22 21:24:19','2021-02-22 21:24:19'),(5733,'nails',5,'2021-02-22 21:34:05','2021-03-30 15:03:10'),(5734,'Portable blender',7,'2021-02-22 21:48:24','2021-03-02 16:13:56'),(5735,'فوائد المنتج بالعربي',9,'2021-02-22 22:12:54','2021-05-07 19:55:51'),(5736,'hair c',3,'2021-02-22 22:13:55','2021-05-01 01:07:19'),(5737,'hair cl',1,'2021-02-22 22:13:56','2021-02-22 22:16:46'),(5738,'hair cli',1,'2021-02-22 22:13:56','2021-02-22 22:16:46'),(5739,'hair clin',4,'2021-02-22 22:13:56','2021-02-22 22:16:46'),(5740,'hair clin be',0,'2021-02-22 22:16:37','2021-02-22 22:16:37'),(5741,'hair clin س',1,'2021-02-22 22:16:44','2021-02-22 22:16:45'),(5742,'hair clin سي',1,'2021-02-22 22:16:44','2021-02-22 22:16:45'),(5743,'hair clin سير',1,'2021-02-22 22:16:44','2021-02-22 22:16:45'),(5744,'hair clin سيرك',2,'2021-02-22 22:16:44','2021-02-22 22:16:45'),(5745,'سيرم.',3,'2021-02-22 22:16:57','2021-02-22 22:16:59'),(5746,'puba',3,'2021-02-22 23:34:41','2021-02-22 23:34:42'),(5747,'niv',3,'2021-02-23 01:22:04','2021-02-23 01:22:06'),(5748,'niva',0,'2021-02-23 01:22:05','2021-02-23 01:22:05'),(5749,'نيفي',3,'2021-02-23 01:22:11','2021-02-23 01:22:13'),(5750,'نيفيا',0,'2021-02-23 01:22:11','2021-02-23 01:22:11'),(5751,'Battery',0,'2021-02-23 03:54:16','2021-02-23 03:54:16'),(5752,'Mask foot',0,'2021-02-23 03:54:35','2021-02-23 03:54:35'),(5753,'Eveline nail',3,'2021-02-23 03:56:33','2021-03-17 19:56:06'),(5754,'jag',3,'2021-02-23 04:08:36','2021-02-28 05:09:56'),(5755,'jagu',1,'2021-02-23 04:08:36','2021-02-28 05:10:03'),(5756,'jagua',5,'2021-02-23 04:08:37','2021-03-12 13:22:05'),(5757,'jaguar',9,'2021-02-23 04:08:37','2021-03-12 13:22:05'),(5758,'كرت',3,'2021-02-23 04:40:56','2021-02-23 04:40:57'),(5759,'كرت ص',0,'2021-02-23 04:40:58','2021-02-23 04:40:58'),(5760,'كرت صو',0,'2021-02-23 04:40:59','2021-02-23 04:40:59'),(5761,'كرت صوت',1,'2021-02-23 04:40:59','2021-02-23 04:41:00'),(5762,'juicy couture',3,'2021-02-23 11:30:52','2021-03-15 21:02:14'),(5763,'استاند ايباد',0,'2021-02-23 12:39:26','2021-02-23 12:39:26'),(5764,'Note10',0,'2021-02-23 12:43:30','2021-02-23 12:43:30'),(5765,'samsung galaxy note10',0,'2021-02-23 12:44:32','2021-02-23 12:44:32'),(5766,'m31s',2,'2021-02-23 13:28:01','2021-03-04 15:13:16'),(5767,'محول HB11 من النوع C إلى ثلاثة منافذ USB',1,'2021-02-23 13:56:55','2021-03-02 15:42:05'),(5768,'كابل 4 في 1 “S22 Magic cube” شحن مزامنة البيانات',46,'2021-02-23 13:57:48','2021-05-05 03:24:13'),(5769,'قلم أسود ستايلس للتابلت من Joyroom',3,'2021-02-23 13:58:59','2021-04-21 16:44:30'),(5770,'Bronze earbuds',12,'2021-02-23 14:08:09','2021-04-20 12:49:54'),(5771,'fair&white',7,'2021-02-23 14:19:07','2021-05-08 13:35:12'),(5772,'منكير',1,'2021-02-23 14:26:08','2021-05-08 20:10:17'),(5773,'Samsung s21',4,'2021-02-23 17:57:00','2021-05-09 01:11:35'),(5774,'maybeline',1,'2021-02-23 19:13:04','2021-02-25 23:11:22'),(5775,'rimmel',37,'2021-02-23 19:21:33','2021-04-27 15:43:56'),(5776,'موسيكينو',5,'2021-02-23 21:47:33','2021-04-21 18:00:30'),(5777,'zwine',0,'2021-02-23 22:49:03','2021-02-23 22:49:03'),(5778,'صابونه مغربيه',5,'2021-02-23 22:49:15','2021-05-11 06:56:57'),(5779,'Lash serum',11,'2021-02-23 23:35:27','2021-05-07 05:15:03'),(5780,'غسول للبشرة',0,'2021-02-24 00:06:21','2021-02-24 00:06:21'),(5781,'جل غسول',0,'2021-02-24 00:07:01','2021-02-24 00:07:01'),(5782,'Whal',0,'2021-02-24 00:09:02','2021-02-24 00:09:02'),(5783,'show',0,'2021-02-24 00:54:41','2021-02-24 00:54:41'),(5784,'showe',1,'2021-02-24 00:54:42','2021-02-24 00:54:42'),(5785,'shower',2,'2021-02-24 00:54:43','2021-05-06 15:55:57'),(5786,'ملابس نساء',3,'2021-02-24 06:18:35','2021-04-14 16:25:08'),(5787,'أمبريت الحلو',0,'2021-02-24 10:47:50','2021-02-24 10:47:50'),(5788,'جور 8',0,'2021-02-24 10:49:16','2021-02-24 10:49:16'),(5789,'جور 5',0,'2021-02-24 10:51:16','2021-02-24 10:51:16'),(5790,'Tendenza',0,'2021-02-24 10:51:27','2021-02-24 10:51:27'),(5791,'مجنون في الحب',0,'2021-02-24 10:52:51','2021-02-24 10:52:51'),(5792,'نوار ذهبي',0,'2021-02-24 10:55:09','2021-02-24 10:55:09'),(5793,'جور 9',0,'2021-02-24 10:55:59','2021-02-24 10:55:59'),(5794,'حب خاص',0,'2021-02-24 10:57:18','2021-02-24 10:57:18'),(5795,'جور 11',0,'2021-02-24 10:58:07','2021-02-24 10:58:07'),(5796,'الصحراء الزرقاء',0,'2021-02-24 10:59:58','2021-02-24 10:59:58'),(5797,'اصيل',0,'2021-02-24 11:36:44','2021-02-24 11:36:44'),(5798,'الاصيل',0,'2021-02-24 11:36:52','2021-02-24 11:36:52'),