--
-- Host: localhost    Database: topappkw_gold
-- ------------------------------------------------------


--
-- Current Database: `topappkw_gold`
--


--
-- Table structure for table `arrival_prices`
--

CREATE TABLE `arrival_prices` (
  `id` int unsigned NOT NULL AUTO_INCREMENT,
  `region_id` int DEFAULT NULL,
  `price` double DEFAULT NULL,
  `created_at` timestamp NULL DEFAULT NULL,
  `updated_at` timestamp NULL DEFAULT NULL,
  PRIMARY KEY (`id`)
) ENGINE=InnoDB AUTO_INCREMENT=134 DEFAULT CHARSET=utf8mb4 COLLATE=utf8mb4_unicode_ci;

--
-- Dumping data for table `arrival_prices`
--

INSERT INTO `arrival_prices` (`id`, `region_id`, `price`, `created_at`, `updated_at`) VALUES (1,1,0,'2022-12-06 13:53:46','2022-12-06 13:59:21'),(2,19,1,'2022-12-10 06:34:34','2022-12-10 06:34:34'),(3,20,1,'2022-12-10 06:34:34','2022-12-10 06:34:34'),(4,21,1,'2022-12-10 06:34:34','2022-12-10 06:34:34'),(5,22,1,'2022-12-10 06:34:34','2022-12-10 06:34:34'),(6,23,1,'2022-12-10 06:34:34','2022-12-10 06:34:34'),(7,24,1,'2022-12-10 06:34:34','2022-12-10 06:34:34'),(8,25,1,'2022-12-10 06:34:34','2022-12-10 06:34:34'),(9,26,1,'2022-12-10 06:34:34','2022-12-10 06:34:34'),(10,27,1,'2022-12-10 06:34:34','2022-12-10 06:34:34'),(11,28,1,'2022-12-10 06:34:34','2022-12-10 06:34:34'),(12,29,1,'2022-12-10 06:34:34','2022-12-10 06:34:34'),(13,30,1,'2022-12-10 06:34:34','2022-12-10 06:34:34'),(14,31,1,'2022-12-10 06:34:34','2022-12-10 06:34:34'),(15,32,1,'2022-12-10 06:34:34','2022-12-10 06:34:34'),(16,33,1,'2022-12-10 06:34:34','2022-12-10 06:34:34'),(17,34,1,'2022-12-10 06:34:34','2022-12-10 06:34:34'),(18,35,1,'2022-12-10 06:34:34','2022-12-10 06:34:34'),(19,36,1,'2022-12-10 06:34:34','2022-12-10 06:34:34'),(20,37,1,'2022-12-10 06:34:34','2022-12-10 06:34:34'),(21,38,1,'2022-12-10 06:34:34','2022-12-10 06:34:34'),(22,39,1,'2022-12-10 06:34:34','2022-12-10 06:34:34'),(23,40,1,'2022-12-10 06:34:34','2022-12-10 06:34:34'),(24,41,1,'2022-12-10 06:34:34','2022-12-10 06:34:34'),(25,42,1,'2022-12-10 06:34:34','2022-12-10 06:34:34'),(26,43,1,'2022-12-10 06:34:34','2022-12-10 06:34:34'),(27,44,1,'2022-12-10 06:34:34','2022-12-10 06:34:34'),(28,45,1,'2022-12-10 06:34:34','2022-12-10 06:34:34'),(29,46,1,'2022-12-10 06:34:34','2022-12-10 06:34:34'),(30,47,1,'2022-12-10 06:34:34','2022-12-10 06:34:34'),(31,48,1,'2022-12-10 06:34:34','2022-12-10 06:34:34'),(32,49,1,'2022-12-10 06:34:34','2022-12-10 06:34:34'),(33,50,1,'2022-12-10 06:34:34','2022-12-10 06:34:34'),(34,51,1,'2022-12-10 06:34:34','2022-12-10 06:34:34'),(35,52,1,'2022-12-10 06:34:34','2022-12-10 06:34:34'),(36,53,1,'2022-12-10 06:34:34','2022-12-10 06:34:34'),(37,54,1,'2022-12-10 06:34:34','2022-12-10 06:34:34'),(38,55,1,'2022-12-10 06:34:34','2022-12-10 06:34:34'),(39,56,1,'2022-12-10 06:34:34','2022-12-10 06:34:34'),(40,57,1,'2022-12-10 06:34:34','2022-12-10 06:34:34'),(41,58,1,'2022-12-10 06:34:34','2022-12-10 06:34:34'),(42,59,1,'2022-12-10 06:34:34','2022-12-10 06:34:34'),(43,60,1,'2022-12-10 06:34:34','2022-12-10 06:34:34'),(44,61,1,'2022-12-10 06:34:34','2022-12-10 06:34:34'),(45,62,1,'2022-12-10 06:34:34','2022-12-10 06:34:34'),(46,63,1,'2022-12-10 06:34:34','2022-12-10 06:34:34'),(47,64,1,'2022-12-10 06:34:34','2022-12-10 06:34:34'),(48,65,1,'2022-12-10 06:34:34','2022-12-10 06:34:34'),(49,66,1,'2022-12-10 06:34:34','2022-12-10 06:34:34'),(50,67,1,'2022-12-10 06:34:34','2022-12-10 06:34:34'),(51,68,1,'2022-12-10 06:34:34','2022-12-10 06:34:34'),(52,69,1,'2022-12-10 06:34:34','2022-12-10 06:34:34'),(53,70,1,'2022-12-10 06:34:34','2022-12-10 06:34:34'),(54,71,1,'2022-12-10 06:34:34','2022-12-10 06:34:34'),(55,72,1,'2022-12-10 06:34:34','2022-12-10 06:34:34'),(56,73,1,'2022-12-10 06:34:34','2022-12-10 06:34:34'),(57,74,1,'2022-12-10 06:34:34','2022-12-10 06:34:34'),(58,75,1,'2022-12-10 06:34:34','2022-12-10 06:34:34'),(59,76,1,'2022-12-10 06:34:34','2022-12-10 06:34:34'),(60,77,1,'2022-12-10 06:34:34','2022-12-10 06:34:34'),(61,78,1,'2022-12-10 06:34:34','2022-12-10 06:34:34'),(62,79,1,'2022-12-10 06:34:34','2022-12-10 06:34:34'),(63,80,1,'2022-12-10 06:34:34','2022-12-10 06:34:34'),(64,81,1,'2022-12-10 06:34:34','2022-12-10 06:34:34'),(65,82,1,'2022-12-10 06:34:34','2022-12-10 06:34:34'),(66,83,1,'2022-12-10 06:34:34','2022-12-10 06:34:34'),(67,84,1,'2022-12-10 06:34:34','2022-12-10 06:34:34'),(68,85,1,'2022-12-10 06:34:34','2022-12-10 06:34:34'),(69,86,1,'2022-12-10 06:34:34','2022-12-10 06:34:34'),(70,87,1,'2022-12-10 06:34:34','2022-12-10 06:34:34'),(71,88,1,'2022-12-10 06:34:34','2022-12-10 06:34:34'),(72,89,1,'2022-12-10 06:34:34','2022-12-10 06:34:34'),(73,90,1,'2022-12-10 06:34:34','2022-12-10 06:34:34'),(74,91,1,'2022-12-10 06:34:34','2022-12-10 06:34:34'),(75,92,1,'2022-12-10 06:34:34','2022-12-10 06:34:34'),(76,93,1,'2022-12-10 06:34:34','2022-12-10 06:34:34'),(77,94,1,'2022-12-10 06:34:34','2022-12-10 06:34:34'),(78,95,1,'2022-12-10 06:34:34','2022-12-10 06:34:34'),(79,96,1,'2022-12-10 06:34:34','2022-12-10 06:34:34'),(80,97,1,'2022-12-10 06:34:34','2022-12-10 06:34:34'),(81,98,1,'2022-12-10 06:34:34','2022-12-10 06:34:34'),(82,99,1,'2022-12-10 06:34:34','2022-12-10 06:34:34'),(83,100,1,'2022-12-10 06:34:34','2022-12-10 06:34:34'),(84,101,1,'2022-12-10 06:34:34','2022-12-10 06:34:34'),(85,102,1,'2022-12-10 06:34:34','2022-12-10 06:34:34'),(86,103,1,'2022-12-10 06:34:34','2022-12-10 06:34:34'),(87,104,1,'2022-12-10 06:34:34','2022-12-10 06:34:34'),(88,105,1,'2022-12-10 06:34:34','2022-12-10 06:34:34'),(89,106,1,'2022-12-10 06:34:34','2022-12-10 06:34:34'),(90,107,1,'2022-12-10 06:34:34','2022-12-10 06:34:34'),(91,108,1,'2022-12-10 06:34:34','2022-12-10 06:34:34'),(92,109,1,'2022-12-10 06:34:34','2022-12-10 06:34:34'),(93,110,1,'2022-12-10 06:34:34','2022-12-10 06:34:34'),(94,111,1,'2022-12-10 06:34:34','2022-12-10 06:34:34'),(95,112,1,'2022-12-10 06:34:34','2022-12-10 06:34:34'),(96,113,1,'2022-12-10 06:34:34','2022-12-10 06:34:34'),(97,114,1,'2022-12-10 06:34:34','2022-12-10 06:34:34'),(98,115,1,'2022-12-10 06:34:34','2022-12-10 06:34:34'),(99,116,1,'2022-12-10 06:34:34','2022-12-10 06:34:34'),(100,117,1,'2022-12-10 06:34:34','2022-12-10 06:34:34'),(101,118,1,'2022-12-10 06:34:34','2022-12-10 06:34:34'),(102,119,1,'2022-12-10 06:34:34','2022-12-10 06:34:34'),(103,120,1,'2022-12-10 06:34:34','2022-12-10 06:34:34'),(104,121,1,'2022-12-10 06:34:34','2022-12-10 06:34:34'),(105,122,1,'2022-12-10 06:34:34','2022-12-10 06:34:34'),(106,123,1,'2022-12-10 06:34:34','2022-12-10 06:34:34'),(107,124,1,'2022-12-10 06:34:34','2022-12-10 06:34:34'),(108,125,1,'2022-12-10 06:34:34','2022-12-10 06:34:34'),(109,126,1,'2022-12-10 06:34:34','2022-12-10 06:34:34'),(110,127,1,'2022-12-10 06:34:34','2022-12-10 06:34:34'),(111,128,1,'2022-12-10 06:34:34','2022-12-10 06:34:34'),(112,129,1,'2022-12-10 06:34:34','2022-12-10 06:34:34'),(113,130,1,'2022-12-10 06:34:34','2022-12-10 06:34:34'),(114,131,1,'2022-12-10 06:34:34','2022-12-10 06:34:34'),(115,132,1,'2022-12-10 06:34:34','2022-12-10 06:34:34'),(116,133,1,'2022-12-10 06:34:34','2022-12-10 06:34:34'),(117,134,1,'2022-12-10 06:34:34','2022-12-10 06:34:34'),(118,135,1,'2022-12-10 06:34:34','2022-12-10 06:34:34'),(119,136,1,'2022-12-10 06:34:34','2022-12-10 06:34:34'),(120,137,1,'2022-12-10 06:34:34','2022-12-10 06:34:34'),(121,138,1,'2022-12-10 06:34:34','2022-12-10 06:34:34'),(122,139,1,'2022-12-10 06:34:34','2022-12-10 06:34:34'),(123,140,1,'2022-12-10 06:34:34','2022-12-10 06:34:34'),(124,141,1,'2022-12-10 06:34:34','2022-12-10 06:34:34'),(125,142,1,'2022-12-10 06:34:35','2022-12-10 06:34:35'),(126,143,1,'2022-12-10 06:34:35','2022-12-10 06:34:35'),(127,144,1,'2022-12-10 06:34:35','2022-12-10 06:34:35'),(128,145,1,'2022-12-10 06:34:35','2022-12-10 06:34:35'),(129,146,1,'2022-12-10 06:34:35','2022-12-10 06:34:35'),(130,147,1,'2022-12-10 06:34:35','2022-12-10 06:34:35'),(131,148,1,'2022-12-10 06:34:35','2022-12-10 06:34:35'),(132,149,1,'2022-12-10 06:34:35','2022-12-10 06:34:35'),(133,151,1,'2022-12-10 06:34:35','2022-12-10 06:34:35');

--
-- Table structure for table `arrival_times`
--

CREATE TABLE `arrival_times` (
  `id` int unsigned NOT NULL AUTO_INCREMENT,
  `arrival_id` int unsigned NOT NULL,
  `from` varchar(255) CHARACTER SET utf8mb4 COLLATE utf8mb4_unicode_ci NOT NULL,
  `to` varchar(255) CHARACTER SET utf8mb4 COLLATE utf8mb4_unicode_ci NOT NULL,
  `created_at` timestamp NULL DEFAULT NULL,
  `updated_at` timestamp NULL DEFAULT NULL,
  PRIMARY KEY (`id`),
  KEY `arrival_times_arrival_id_foreign` (`arrival_id`),
  CONSTRAINT `arrival_times_arrival_id_foreign` FOREIGN KEY (`arrival_id`) REFERENCES `arrivals` (`id`) ON DELETE CASCADE
) ENGINE=InnoDB AUTO_INCREMENT=22 DEFAULT CHARSET=utf8mb4 COLLATE=utf8mb4_unicode_ci;

--
-- Dumping data for table `arrival_times`
--

INSERT INTO `arrival_times` (`id`, `arrival_id`, `from`, `to`, `created_at`, `updated_at`) VALUES (11,2,'15:00','19:00','2022-12-20 21:36:18','2022-12-20 21:36:18'),(12,3,'15:00','19:00','2022-12-20 21:36:42','2022-12-20 21:36:42'),(13,4,'15:00','19:00','2022-12-20 21:37:05','2022-12-20 21:37:05'),(14,5,'15:00','19:00','2022-12-20 21:37:27','2022-12-20 21:37:27'),(15,6,'15:00','19:00','2022-12-20 21:37:47','2022-12-20 21:37:47'),(20,1,'15:00','19:00','2023-03-06 14:03:34','2023-03-06 14:03:34'),(21,1,'19:00','21:00','2023-03-06 14:03:34','2023-03-06 14:03:34');

--
-- Table structure for table `arrivals`
--

CREATE TABLE `arrivals` (
  `id` int unsigned NOT NULL AUTO_INCREMENT,
  `day` varchar(255) CHARACTER SET utf8mb4 COLLATE utf8mb4_unicode_ci NOT NULL,
  `avalibale` int NOT NULL DEFAULT '1',
  `created_at` timestamp NULL DEFAULT NULL,
  `updated_at` timestamp NULL DEFAULT NULL,
  PRIMARY KEY (`id`)
) ENGINE=InnoDB AUTO_INCREMENT=7 DEFAULT CHARSET=utf8mb4 COLLATE=utf8mb4_unicode_ci;

--
-- Dumping data for table `arrivals`
--

INSERT INTO `arrivals` (`id`, `day`, `avalibale`, `created_at`, `updated_at`) VALUES (1,'Saturday',1,'2022-06-23 07:18:36','2022-12-20 21:35:56'),(2,'Sunday',1,'2022-12-20 21:36:18','2022-12-20 21:36:18'),(3,'Monday',1,'2022-12-20 21:36:42','2022-12-20 21:36:42'),(4,'Tuesday',1,'2022-12-20 21:37:05','2022-12-20 21:37:05'),(5,'Wednesday',1,'2022-12-20 21:37:27','2022-12-20 21:37:27'),(6,'Thursday',1,'2022-12-20 21:37:47','2022-12-20 21:37:47');

--
-- Table structure for table `branche_translations`
--

CREATE TABLE `branche_translations` (
  `id` int unsigned NOT NULL AUTO_INCREMENT,
  `branche_id` int unsigned NOT NULL,
  `address` varchar(255) CHARACTER SET utf8mb4 COLLATE utf8mb4_unicode_ci NOT NULL,
  `locale` varchar(255) CHARACTER SET utf8mb4 COLLATE utf8mb4_unicode_ci NOT NULL,
  `created_at` timestamp NULL DEFAULT NULL,
  `updated_at` timestamp NULL DEFAULT NULL,
  PRIMARY KEY (`id`),
  UNIQUE KEY `branche_translations_branche_id_locale_unique` (`branche_id`,`locale`),
  KEY `branche_translations_locale_index` (`locale`),
  CONSTRAINT `branche_translations_branche_id_foreign` FOREIGN KEY (`branche_id`) REFERENCES `branches` (`id`) ON DELETE CASCADE
) ENGINE=InnoDB AUTO_INCREMENT=3 DEFAULT CHARSET=utf8mb4 COLLATE=utf8mb4_unicode_ci;

--
-- Dumping data for table `branche_translations`
--

INSERT INTO `branche_translations` (`id`, `branche_id`, `address`, `locale`, `created_at`, `updated_at`) VALUES (1,1,'asdafasdadadd','ar',NULL,NULL),(2,1,'asdasdasdqwq','en',NULL,NULL);

--
-- Table structure for table `branches`
--

CREATE TABLE `branches` (
  `id` int unsigned NOT NULL AUTO_INCREMENT,
  `status` int NOT NULL DEFAULT '1',
  `address_address` varchar(255) CHARACTER SET utf8mb4 COLLATE utf8mb4_unicode_ci DEFAULT NULL,
  `address_latitude` double NOT NULL,
  `address_longitude` double NOT NULL,
  `created_at` timestamp NULL DEFAULT NULL,
  `updated_at` timestamp NULL DEFAULT NULL,
  `phone` varchar(191) CHARACTER SET utf8mb4 COLLATE utf8mb4_unicode_ci DEFAULT NULL,
  `phone2` varchar(111) CHARACTER SET utf8mb4 COLLATE utf8mb4_unicode_ci DEFAULT NULL,
  PRIMARY KEY (`id`)
) ENGINE=InnoDB AUTO_INCREMENT=2 DEFAULT CHARSET=utf8mb4 COLLATE=utf8mb4_unicode_ci;

--
-- Dumping data for table `branches`
--

INSERT INTO `branches` (`id`, `status`, `address_address`, `address_latitude`, `address_longitude`, `created_at`, `updated_at`, `phone`, `phone2`) VALUES (1,1,'Daseburg, فاربورغ، ألمانيا',51.51161949999999,9.2205247,'2023-03-21 06:36:30','2023-03-30 15:20:29','55022324',NULL);

--
-- Table structure for table `categories`
--

CREATE TABLE `categories` (
  `id` int unsigned NOT NULL AUTO_INCREMENT,
  `image` varchar(255) CHARACTER SET utf8mb4 COLLATE utf8mb4_unicode_ci DEFAULT NULL,
  `status` tinyint(1) NOT NULL DEFAULT '0',
  `parent_id` int NOT NULL,
  `color_name` varchar(255) CHARACTER SET utf8mb4 COLLATE utf8mb4_unicode_ci NOT NULL,
  `created_at` timestamp NULL DEFAULT NULL,
  `updated_at` timestamp NULL DEFAULT NULL,
  `deleted_at` timestamp NULL DEFAULT NULL,
  `main` int DEFAULT '0',
  PRIMARY KEY (`id`)
) ENGINE=InnoDB AUTO_INCREMENT=69 DEFAULT CHARSET=utf8mb4 COLLATE=utf8mb4_unicode_ci;

--
-- Dumping data for table `categories`
--

INSERT INTO `categories` (`id`, `image`, `status`, `parent_id`, `color_name`, `created_at`, `updated_at`, `deleted_at`, `main`) VALUES (1,'2022-11-06-os0sha5y1beyz8zrfoez.jpg',1,0,'#000000','2022-11-06 19:18:23','2022-11-08 06:24:42','2022-11-08 06:24:42',0),(2,'2022-11-19-2022-11-08-8bfcd73f-e2dc-4f88-aad2-f9c4384c4e99-thumbnail-370x370-70 (2).avif',1,0,'#000000','2022-11-08 06:24:58','2022-11-20 14:10:45','2022-11-20 14:10:45',0),(3,'2022-11-08-courses1.png',0,0,'#000000','2022-11-08 06:32:04','2022-11-08 09:23:55','2022-11-08 09:23:55',0),(4,'2022-11-17-38236c1e5c168201cf5d4cd9029b9fb7.jpg',1,0,'#000000','2022-11-08 09:24:31','2022-11-30 09:17:15','2022-11-30 09:17:15',0),(5,'2022-11-17-0856c82a8449cb3a9346486114df5c7e.jpg',1,0,'#000000','2022-11-08 09:24:57','2022-11-30 09:17:29','2022-11-30 09:17:29',0),(6,'2022-11-17-cbab0d3aaf2de778dedeaccdb6d685ae.jpg',1,0,'#000000','2022-11-08 09:25:19','2022-11-30 09:17:25','2022-11-30 09:17:25',0),(7,'2022-11-20-WhatsApp Image 2022-11-20 at 6.24.20 PM.jpeg',1,0,'#000000','2022-11-20 13:47:43','2022-11-20 14:10:55','2022-11-20 14:10:55',0),(8,'2022-11-20-WhatsApp Image 2022-11-20 at 6.24.20 PM.jpeg',1,2,'#000000','2022-11-20 13:48:34','2022-11-20 13:48:47',NULL,0),(9,'2022-11-20-Screen Shot 2022-11-20 at 7.06.03 PM.png',1,0,'#000000','2022-11-20 14:06:16','2022-11-20 14:10:51','2022-11-20 14:10:51',0),(10,'2022-11-20-RYBT564-1.png',1,0,'#000000','2022-11-20 14:12:18','2022-11-30 09:17:21','2022-11-30 09:17:21',0),(11,'2022-11-30-RYMT424-1.png',1,0,'#000000','2022-11-30 10:22:17','2022-12-20 22:12:25','2022-12-20 22:12:25',0),(12,'2022-11-30-cover.png',1,11,'#000000','2022-11-30 10:33:09','2022-11-30 15:03:30','2022-11-30 15:03:30',0),(13,'2022-11-30-RYMGN1-1.png',1,11,'#000000','2022-11-30 10:37:10','2022-11-30 15:03:26','2022-11-30 15:03:26',0),(14,'2022-12-21-kahraman.jpg',1,0,'#000000','2022-11-30 10:39:49','2023-01-01 19:45:23',NULL,0),(15,'2022-12-25-polish.jpg',1,14,'#000000','2022-11-30 10:41:38','2022-12-25 06:42:32',NULL,0),(16,'2022-12-24-rosi.jpg',1,14,'#000000','2022-11-30 10:44:16','2022-12-24 21:18:14',NULL,0),(17,'2022-12-24-khrman-ukrani.jpg',1,14,'#000000','2022-11-30 10:46:29','2022-12-24 21:11:33',NULL,0),(18,'2022-12-24-khrman-caribi.jpg',1,14,'#000000','2022-11-30 10:49:32','2022-12-24 21:11:57',NULL,0),(19,'2022-12-24-khrman-kalngradi.jpg',1,14,'#000000','2022-11-30 10:52:19','2022-12-24 21:12:17',NULL,0),(20,'2022-12-21-Aag.jpg',1,0,'#000000','2022-11-30 10:57:05','2022-12-22 22:26:53',NULL,0),(21,'2022-12-21-Mistika.jpg',1,0,'#000000','2022-11-30 11:05:03','2022-12-20 22:27:52',NULL,0),(22,'2022-12-21-baklit.jpg',1,0,'#000000','2022-11-30 11:08:08','2022-12-20 22:34:56',NULL,0),(23,'2022-11-30-RYTS47-1.png',1,0,'#000000','2022-11-30 11:11:30','2022-12-20 22:42:13','2022-12-20 22:42:13',0),(24,'2022-12-21-yosor.jpg',1,0,'#000000','2022-11-30 11:14:42','2022-12-20 22:47:55',NULL,0),(25,'2022-12-21-zaafaran.jpg',1,0,'#000000','2022-11-30 11:15:50','2022-12-20 22:50:38',NULL,0),(26,'2022-12-21-Sndalos.jpg',1,0,'#000000','2022-11-30 11:17:42','2022-12-20 22:53:29',NULL,0),(27,'2022-11-30-RYYN66-1.png',1,0,'#000000','2022-11-30 11:20:42','2022-12-20 22:41:33','2022-12-20 22:41:33',0),(28,'2022-12-21-kook.jpg',1,0,'#000000','2022-11-30 11:22:39','2022-12-20 22:54:51',NULL,0),(29,'2022-12-21-coffe.jpg',1,0,'#000000','2022-11-30 11:26:09','2022-12-20 23:01:19',NULL,0),(30,'2022-12-21-darseen.jpg',1,0,'#000000','2022-11-30 11:28:02','2022-12-20 23:01:30',NULL,0),(31,'2022-12-21-ynson.jpg',1,0,'#000000','2022-11-30 11:32:15','2022-12-20 23:01:42',NULL,0),(32,'2022-12-21-hail.jpg',1,0,'#000000','2022-11-30 11:34:01','2022-12-20 23:01:57',NULL,0),(33,'2022-12-21-qrnfl.jpg',1,0,'#000000','2022-11-30 11:37:04','2022-12-20 23:02:09',NULL,0),(34,'2022-12-21-znjbel.jpg',1,0,'#000000','2022-11-30 11:38:29','2022-12-20 23:02:21',NULL,0),(35,'2022-11-30-RYCU70-1.png',1,0,'#000000','2022-11-30 11:44:18','2022-12-20 23:02:30','2022-12-20 23:02:30',0),(36,'2022-11-30-RYSG79-1.png',1,26,'#000000','2022-11-30 11:47:22','2022-11-30 11:48:21',NULL,0),(37,'2022-11-30-RYST232-1.png',1,26,'#000000','2022-11-30 11:48:10','2022-11-30 11:49:55',NULL,0),(38,'2022-12-06-Untitled-2-copy-2_0002_Layer-11.png',1,0,'#000000','2022-12-06 15:05:22','2022-12-11 13:02:14','2022-12-11 13:02:14',0),(39,'2022-12-06-Untitled-2-copy-2_0001_Layer-10.png',1,38,'#000000','2022-12-06 15:07:31','2022-12-06 15:07:58',NULL,0),(40,'2022-12-08-cover.png',1,0,'#000000','2022-12-08 00:00:51','2022-12-08 00:31:40','2022-12-08 00:31:40',0),(41,'2022-12-08-275-2759829_delivery-van-construction-transportation-transport-truck-vector-icons.png',0,40,'#000000','2022-12-08 00:28:15','2022-12-08 00:28:15',NULL,0),(42,NULL,1,0,'#000000','2022-12-12 12:15:34','2022-12-20 22:45:05','2022-12-20 22:45:05',0),(43,'2022-12-17-promo 54.png',0,0,'#000000','2022-12-17 08:29:30','2022-12-17 08:39:05','2022-12-17 08:39:05',1),(44,'2022-12-17-promo 47.png',0,43,'#000000','2022-12-17 08:30:59','2022-12-17 08:30:59',NULL,0),(45,'2022-12-17-promo 57.png',0,43,'#000000','2022-12-17 08:32:12','2022-12-17 08:32:12',NULL,0),(46,'2022-12-17-promo 30.png',0,43,'#000000','2022-12-17 08:33:31','2022-12-17 08:33:31',NULL,0),(47,'2022-12-17-promo 36.png',0,43,'#000000','2022-12-17 08:33:59','2022-12-17 08:33:59',NULL,0),(48,'2022-12-21-yosor.jpg',0,0,'#000000','2022-12-20 22:46:06','2022-12-20 22:46:39','2022-12-20 22:46:39',0),(49,'2022-12-21-ood.jpg',1,0,'#000000','2022-12-20 23:02:50','2022-12-20 23:07:33',NULL,0),(50,'2022-12-21-gazal.jpg',1,0,'#000000','2022-12-20 23:04:29','2022-12-20 23:07:33',NULL,0),(51,'2022-12-21-jamos.jpg',1,0,'#000000','2022-12-20 23:04:57','2022-12-20 23:07:38',NULL,0),(52,'2022-12-21-aan.jpg',1,0,'#000000','2022-12-20 23:05:41','2022-12-20 23:07:35',NULL,0),(53,'2022-12-21-fatoran.jpg',1,0,'#000000','2022-12-20 23:06:51','2022-12-20 23:07:35',NULL,0),(54,'2022-12-21-cast.jpg',1,0,'#000000','2022-12-20 23:07:19','2022-12-20 23:07:36',NULL,0),(55,'2022-12-24-kahraman cover new test.png',1,0,'#000000','2022-12-24 08:10:05','2022-12-24 08:12:21','2022-12-24 08:12:21',0),(56,'2022-12-24-offer icon Rosaryn.png',0,55,'#000000','2022-12-24 08:10:22','2022-12-24 08:10:22',NULL,0),(57,'2022-12-25-promo-44.jpg',1,0,'#da2eaf','2022-12-25 06:24:41','2022-12-25 06:34:37','2022-12-25 06:34:37',1),(58,'2022-12-25-promo 43.png',0,57,'#000000','2022-12-25 06:26:30','2022-12-25 06:26:30',NULL,0),(59,'2022-12-25-promo 32.png',0,57,'#000000','2022-12-25 06:27:18','2022-12-25 06:27:18',NULL,0),(60,'2022-12-25-promo 55.png',0,57,'#000000','2022-12-25 06:28:01','2022-12-25 06:28:01',NULL,0),(61,'2022-12-25-promo 28.png',0,57,'#000000','2022-12-25 06:28:25','2022-12-25 06:28:25',NULL,0),(62,'2023-01-01-catleen.jpg',1,0,'#000000','2023-01-01 19:34:35','2023-01-01 19:34:59',NULL,0),(63,'2023-01-01-amberweet.jpg',1,0,'#000000','2023-01-01 19:35:19','2023-01-01 19:35:25',NULL,0),(64,'2023-01-01-gifts1.jpg',1,0,'#000000','2023-01-01 19:39:46','2023-01-01 19:45:25',NULL,1),(65,'2023-01-01-gifts2.jpg',1,64,'#000000','2023-01-01 19:45:09','2023-01-01 19:45:19',NULL,0),(66,'2023-01-01-gifts3.jpg',1,64,'#000000','2023-01-01 20:01:46','2023-01-01 20:01:58',NULL,0),(67,'2023-01-01-gifts4.jpg',1,64,'#000000','2023-01-01 20:02:45','2023-01-01 20:03:18',NULL,0),(68,'2023-01-01-gifts5.jpg',1,64,'#000000','2023-01-01 20:03:10','2023-01-01 20:03:18',NULL,0);

--
-- Table structure for table `category_translations`
--

CREATE TABLE `category_translations` (
  `id` int unsigned NOT NULL AUTO_INCREMENT,
  `category_id` int unsigned NOT NULL,
  `name` varchar(255) CHARACTER SET utf8mb4 COLLATE utf8mb4_unicode_ci NOT NULL,
  `locale` varchar(255) CHARACTER SET utf8mb4 COLLATE utf8mb4_unicode_ci NOT NULL,
  `created_at` timestamp NULL DEFAULT NULL,
  `updated_at` timestamp NULL DEFAULT NULL,
  PRIMARY KEY (`id`),
  UNIQUE KEY `category_translations_category_id_locale_unique` (`category_id`,`locale`),
  KEY `category_translations_locale_index` (`locale`),
  CONSTRAINT `category_translations_category_id_foreign` FOREIGN KEY (`category_id`) REFERENCES `categories` (`id`) ON DELETE CASCADE
) ENGINE=InnoDB AUTO_INCREMENT=137 DEFAULT CHARSET=utf8mb4 COLLATE=utf8mb4_unicode_ci;

--
-- Dumping data for table `category_translations`
--

INSERT INTO `category_translations` (`id`, `category_id`, `name`, `locale`, `created_at`, `updated_at`) VALUES (1,1,'السبح','ar',NULL,NULL),(2,1,'السبح','en',NULL,NULL),(3,2,'قسم جديد','ar',NULL,NULL),(4,2,'Silver trellis','en',NULL,NULL),(5,3,'sad','ar',NULL,NULL),(6,3,'asdas','en',NULL,NULL),(7,4,'خامات بتمليكه','ar',NULL,NULL),(8,4,'خامات بتمليكه','en',NULL,NULL),(9,5,'مسابيح مـستكه تركي','ar',NULL,NULL),(10,5,'مسابيح مـستكه تركي','en',NULL,NULL),(11,6,'مسابيح كـوك','ar',NULL,NULL),(12,6,'مسابيح كـوك','en',NULL,NULL),(13,7,'هختخ','ar',NULL,NULL),(14,7,'عختاعهخاعه','en',NULL,NULL),(15,8,'متتن','ar',NULL,NULL),(16,8,'هختمهت','en',NULL,NULL),(17,9,'قسم احمد','ar',NULL,NULL),(18,9,'act ahmed','en',NULL,NULL),(19,10,'مسابيح بكلايت تركي','ar',NULL,NULL),(20,10,'Bacalat turki','en',NULL,NULL),(21,11,'مسابيح المستكة التركي','ar',NULL,NULL),(22,11,'Mistika Rosary','en',NULL,NULL),(23,12,'مسابيح مستكة تركي','ar',NULL,NULL),(24,12,'Mistika Turky','en',NULL,NULL),(25,13,'مسابيح مستكة ألماني','ar',NULL,NULL),(26,13,'Mistika Germain','en',NULL,NULL),(27,14,'مسابيح الكهرمان','ar',NULL,NULL),(28,14,'Royal Amber','en',NULL,NULL),(29,15,'كهرمان بولندي','ar',NULL,NULL),(30,15,'Polish amber Rosarys','en',NULL,NULL),(31,16,'كهرمان روسي','ar',NULL,NULL),(32,16,'Russian amber Rosarys','en',NULL,NULL),(33,17,'كهرمان اوكراني','ar',NULL,NULL),(34,17,'Ukrainian amber Rosarys','en',NULL,NULL),(35,18,'كهرمان كاريبي','ar',NULL,NULL),(36,18,'Caribbean amber Rosarys','en',NULL,NULL),(37,19,'كهرمان كالينغرادي','ar',NULL,NULL),(38,19,'Kaingrad amber beads','en',NULL,NULL),(39,20,'مسابيح عاج الفيل','ar',NULL,NULL),(40,20,'AAG Rosarys','en',NULL,NULL),(41,21,'مسابيح المستكة','ar',NULL,NULL),(42,21,'Mistika','en',NULL,NULL),(43,22,'مسابيح البكلايت','ar',NULL,NULL),(44,22,'Baklite','en',NULL,NULL),(45,23,'مسابيح ظهر السلحفاة','ar',NULL,NULL),(46,23,'Turtle Shell Rosary','en',NULL,NULL),(47,24,'مسابيح اليسـر','ar',NULL,NULL),(48,24,'Yosur','en',NULL,NULL),(49,25,'مسابيح الزعفران','ar',NULL,NULL),(50,25,'saffron','en',NULL,NULL),(51,26,'مسابيح السندلوس','ar',NULL,NULL),(52,26,'sandalus rosary','en',NULL,NULL),(53,27,'مسابيح اليسر','ar',NULL,NULL),(54,27,'Yosur rosary','en',NULL,NULL),(55,28,'مسابيح ثمرة الكوك','ar',NULL,NULL),(56,28,'Kook Wood Rosary','en',NULL,NULL),(57,29,'مسابيح القهوة','ar',NULL,NULL),(58,29,'Coffee Rosary','en',NULL,NULL),(59,30,'مسابيح الدارسين','ar',NULL,NULL),(60,30,'Darseen Rosary','en',NULL,NULL),(61,31,'مسابيح اليانسون','ar',NULL,NULL),(62,31,'yansoon Rsaory','en',NULL,NULL),(63,32,'مسابيح الهيل','ar',NULL,NULL),(64,32,'HEEL ROSARY','en',NULL,NULL),(65,33,'مسابيح القرنفل','ar',NULL,NULL),(66,33,'َQORANFIL ROSARY','en',NULL,NULL),(67,34,'مسباح الزنجبيل','ar',NULL,NULL),(68,34,'ZANJABEEL ROSARY','en',NULL,NULL),(69,35,'مسابيح كاست امريكي','ar',NULL,NULL),(70,35,'American cast ROSARY','en',NULL,NULL),(71,36,'سندلوس الماني','ar',NULL,NULL),(72,36,'German sandalus Rosary','en',NULL,NULL),(73,37,'سندلوس تركي','ar',NULL,NULL),(74,37,'Turkish Sandalous Rosary','en',NULL,NULL),(75,38,'انور','ar',NULL,NULL),(76,38,'anwar','en',NULL,NULL),(77,39,'kljlkjlk','ar',NULL,NULL),(78,39,'kljkl;jk;','en',NULL,NULL),(79,40,'تيسيت','ar',NULL,NULL),(80,40,'تيست','en',NULL,NULL),(81,41,'تييست2','ar',NULL,NULL),(82,41,'test2','en',NULL,NULL),(83,42,'test','ar',NULL,NULL),(84,42,'test','en',NULL,NULL),(85,43,'هدايا','ar',NULL,NULL),(86,43,'gifts','en',NULL,NULL),(87,44,'هدايا للأب','ar',NULL,NULL),(88,44,'Dad','en',NULL,NULL),(89,45,'هدايا مناسبات','ar',NULL,NULL),(90,45,'Gift','en',NULL,NULL),(91,46,'صديق','ar',NULL,NULL),(92,46,'testt','en',NULL,NULL),(93,47,'مناسبات','ar',NULL,NULL),(94,47,'gifff','en',NULL,NULL),(95,48,'مسابيح','ar',NULL,NULL),(96,48,'mmm','en',NULL,NULL),(97,49,'مسابيح العود','ar',NULL,NULL),(98,49,'Oud','en',NULL,NULL),(99,50,'مسابيح قرن الغزال','ar',NULL,NULL),(100,50,'Deer Horn','en',NULL,NULL),(101,51,'مسابيح قرن الجاموس','ar',NULL,NULL),(102,51,'Baffalo horn','en',NULL,NULL),(103,52,'مسابيح قرن الضأن','ar',NULL,NULL),(104,52,'lamb horn','en',NULL,NULL),(105,53,'مسابيخ الفاتوران','ar',NULL,NULL),(106,53,'Fatoran','en',NULL,NULL),(107,54,'مسابيح الكاست','ar',NULL,NULL),(108,54,'cast','en',NULL,NULL),(109,55,'22test','ar',NULL,NULL),(110,55,'22test','en',NULL,NULL),(111,56,'rrr','ar',NULL,NULL),(112,56,'rrr','en',NULL,NULL),(113,57,'هدايا مختارة لك','ar',NULL,NULL),(114,57,'Gifts for you','en',NULL,NULL),(115,58,'هدايا1','ar',NULL,NULL),(116,58,'gifts1','en',NULL,NULL),(117,59,'هدايا2','ar',NULL,NULL),(118,59,'gifts2','en',NULL,NULL),(119,60,'3','ar',NULL,NULL),(120,60,'3','en',NULL,NULL),(121,61,'4','ar',NULL,NULL),(122,61,'4','en',NULL,NULL),(123,62,'كاتلين','ar',NULL,NULL),(124,62,'Catleen','en',NULL,NULL),(125,63,'امبرويت','ar',NULL,NULL),(126,63,'amberwet','en',NULL,NULL),(127,64,'هدايا - مختارة لَك','ar',NULL,NULL),(128,64,'Selected gifts','en',NULL,NULL),(129,65,'هدايا مختارة لك 1','ar',NULL,NULL),(130,65,'gifts-1','en',NULL,NULL),(131,66,'هدايا مختارة لك 2','ar',NULL,NULL),(132,66,'gifts-2','en',NULL,NULL),(133,67,'هدايا مختارة لك 3','ar',NULL,NULL),(134,67,'gifts-3','en',NULL,NULL),(135,68,'هدايا مختارة لك 4','ar',NULL,NULL),(136,68,'gifts-4','en',NULL,NULL);

--
-- Table structure for table `contacts`
--

CREATE TABLE `contacts` (
  `id` int unsigned NOT NULL AUTO_INCREMENT,
  `name` varchar(255) CHARACTER SET utf8mb4 COLLATE utf8mb4_unicode_ci NOT NULL,
  `email` varchar(255) CHARACTER SET utf8mb4 COLLATE utf8mb4_unicode_ci NOT NULL,
  `comment` text CHARACTER SET utf8mb4 COLLATE utf8mb4_unicode_ci NOT NULL,
  `phone` varchar(255) CHARACTER SET utf8mb4 COLLATE utf8mb4_unicode_ci NOT NULL,
  `created_at` timestamp NULL DEFAULT NULL,
  `updated_at` timestamp NULL DEFAULT NULL,
  `status` int DEFAULT '0',
  PRIMARY KEY (`id`)
) ENGINE=InnoDB AUTO_INCREMENT=6 DEFAULT CHARSET=utf8mb4 COLLATE=utf8mb4_unicode_ci;

--
-- Dumping data for table `contacts`
--

INSERT INTO `contacts` (`id`, `name`, `email`, `comment`, `phone`, `created_at`, `updated_at`, `status`) VALUES (1,'samer','samer@gmail.com','asdasdasd','4365345','2022-06-26 11:13:47','2022-06-26 11:39:22',1),(2,'cvbb','ffhjvh@ghh.com','shigella','vvv','2022-06-28 08:15:57','2022-06-28 08:15:57',0),(3,'adada','asdsd@gmail.com','sdfsdf','234234','2022-11-03 23:02:52','2022-11-03 23:02:52',0),(4,'dsfsf','sdfds@gmail.com','dsfsdfsdf','3242342','2022-11-03 23:04:04','2022-11-03 23:04:04',0),(5,'asdasd','asdasd@gmail.com','asdfasd','3234','2022-11-03 23:04:32','2022-11-03 23:04:32',0);

--
-- Table structure for table `countries`
--

CREATE TABLE `countries` (
  `id` int unsigned NOT NULL AUTO_INCREMENT,
  `status` tinyint(1) NOT NULL DEFAULT '1',
  `image` varchar(191) CHARACTER SET utf8mb4 COLLATE utf8mb4_unicode_ci DEFAULT NULL,
  `code` varchar(191) CHARACTER SET utf8mb4 COLLATE utf8mb4_unicode_ci DEFAULT NULL,
  `currency` varchar(191) CHARACTER SET utf8mb4 COLLATE utf8mb4_unicode_ci DEFAULT NULL,
  `address_address` varchar(191) CHARACTER SET utf8mb4 COLLATE utf8mb4_unicode_ci NOT NULL,
  `address_latitude` double NOT NULL,
  `address_longitude` double NOT NULL,
  `created_at` timestamp NULL DEFAULT NULL,
  `updated_at` timestamp NULL DEFAULT NULL,
  `prices` float NOT NULL,
  `key` varchar(191) CHARACTER SET utf8mb4 COLLATE utf8mb4_unicode_ci DEFAULT NULL,
  `shipper` varchar(11) CHARACTER SET utf8mb4 COLLATE utf8mb4_unicode_ci DEFAULT NULL,
  PRIMARY KEY (`id`)
) ENGINE=InnoDB AUTO_INCREMENT=8 DEFAULT CHARSET=utf8mb4 COLLATE=utf8mb4_unicode_ci;

--
-- Dumping data for table `countries`
--

INSERT INTO `countries` (`id`, `status`, `image`, `code`, `currency`, `address_address`, `address_latitude`, `address_longitude`, `created_at`, `updated_at`, `prices`, `key`, `shipper`) VALUES (1,1,'vvBbzHHZDdEbPGgHbbrF3nYfARVqffCyLAOF5oKv.png','KWD','KWD','مدينة الكويت، Kuwait',29.375859,47.9774052,'2020-07-29 23:06:29','2023-03-13 12:30:03',1,'+965',NULL),(2,1,'Jf0lu2CuQ7q5H1rfTHMQ6aKaUW80u1WcrgRJTwgx.png','SAR','SAR','Saudi Arabia',23.885942,45.079162,'2022-04-25 17:22:01','2023-09-27 17:05:03',12.0769,'+966','10'),(3,1,'oDrty4kRyxsgSxmLAe7zXbHKWs84OEjVPX1ZQkMQ.jpg','QAR','ريال قطري','Tehran Province, Tehran, خیابان وزرا، Iran',35.7373583,51.4125621,'2022-11-20 13:41:51','2023-09-27 17:05:04',11.7233,NULL,'12'),(4,1,'fOxYPIAf1yBMBi4JDmn8x6AQJNq0jh8gGpDxObZ6.png','AED','AED','الإمارات العربية المتحدة',23.424076,53.847818,'2022-12-05 08:55:34','2023-09-27 05:20:03',11.827,NULL,NULL),(6,1,'uW8rovTlH1s97FAjL1GKzCkS1oQt7nsF7UOXwTDq.png','BHD','BHD','البحرين',26.0667,50.5577,'2022-12-06 13:39:21','2023-09-27 17:05:05',1.21421,NULL,NULL),(7,1,'RHYIml9mZoz7pAUJuuqxUUDaIku2cQXfoPZCitbm.png','OMR','OMR','Oman',21.4735329,55.975413,'2022-12-20 21:28:24','2023-09-27 17:05:05',1.23833,NULL,NULL);

--
-- Table structure for table `country_translations`
--

CREATE TABLE `country_translations` (
  `id` int unsigned NOT NULL AUTO_INCREMENT,
  `country_id` int unsigned NOT NULL,
  `name` varchar(191) CHARACTER SET utf8mb4 COLLATE utf8mb4_unicode_ci NOT NULL,
  `locale` varchar(191) CHARACTER SET utf8mb4 COLLATE utf8mb4_unicode_ci NOT NULL,
  `created_at` timestamp NULL DEFAULT NULL,
  `updated_at` timestamp NULL DEFAULT NULL,
  PRIMARY KEY (`id`),
  UNIQUE KEY `country_translations_country_id_locale_unique` (`country_id`,`locale`),
  KEY `country_translations_locale_index` (`locale`),
  CONSTRAINT `country_translations_country_id_foreign` FOREIGN KEY (`country_id`) REFERENCES `countries` (`id`) ON DELETE CASCADE
) ENGINE=InnoDB AUTO_INCREMENT=15 DEFAULT CHARSET=utf8mb4 COLLATE=utf8mb4_unicode_ci;

--
-- Dumping data for table `country_translations`
--

INSERT INTO `country_translations` (`id`, `country_id`, `name`, `locale`, `created_at`, `updated_at`) VALUES (1,1,'الكويت','ar',NULL,NULL),(2,1,'kuwait','en',NULL,NULL),(3,2,'السعودية','ar',NULL,NULL),(4,2,'Saudi Arabia','en',NULL,NULL),(5,3,'قطر','ar',NULL,NULL),(6,3,'Qater','en',NULL,NULL),(7,4,'الإمارات','ar',NULL,NULL),(8,4,'United Arab Emirates','en',NULL,NULL),(11,6,'البحرين','ar',NULL,NULL),(12,6,'Bahrain','en',NULL,NULL),(13,7,'عُمان','ar',NULL,NULL),(14,7,'Oman','en',NULL,NULL);

--
-- Table structure for table `coupone_relateds`
--

CREATE TABLE `coupone_relateds` (
  `id` int unsigned NOT NULL AUTO_INCREMENT,
  `coupons_id` int unsigned NOT NULL,
  `related_id` int NOT NULL,
  `created_at` timestamp NULL DEFAULT NULL,
  `updated_at` timestamp NULL DEFAULT NULL,
  PRIMARY KEY (`id`),
  KEY `coupone_relateds_coupons_id_foreign` (`coupons_id`),
  CONSTRAINT `coupone_relateds_coupons_id_foreign` FOREIGN KEY (`coupons_id`) REFERENCES `coupons` (`id`) ON DELETE CASCADE
) ENGINE=InnoDB AUTO_INCREMENT=12 DEFAULT CHARSET=utf8mb4 COLLATE=utf8mb4_unicode_ci;

--
-- Dumping data for table `coupone_relateds`
--

INSERT INTO `coupone_relateds` (`id`, `coupons_id`, `related_id`, `created_at`, `updated_at`) VALUES (3,1,2,NULL,NULL),(4,1,4,NULL,NULL),(5,1,5,NULL,NULL),(6,1,6,NULL,NULL),(7,2,2,NULL,NULL),(8,2,4,NULL,NULL),(9,2,5,NULL,NULL),(10,2,6,NULL,NULL),(11,3,6,NULL,NULL);

--
-- Table structure for table `coupons`
--

CREATE TABLE `coupons` (
  `id` int unsigned NOT NULL AUTO_INCREMENT,
  `user_id` int unsigned DEFAULT NULL,
  `name` varchar(255) CHARACTER SET utf8mb4 COLLATE utf8mb4_unicode_ci NOT NULL,
  `code` varchar(255) CHARACTER SET utf8mb4 COLLATE utf8mb4_unicode_ci NOT NULL,
  `type` varchar(255) CHARACTER SET utf8mb4 COLLATE utf8mb4_unicode_ci NOT NULL,
  `value` varchar(255) CHARACTER SET utf8mb4 COLLATE utf8mb4_unicode_ci NOT NULL,
  `count` int NOT NULL DEFAULT '0',
  `status` int NOT NULL DEFAULT '1',
  `created_at` timestamp NULL DEFAULT NULL,
  `updated_at` timestamp NULL DEFAULT NULL,
  PRIMARY KEY (`id`),
  KEY `coupons_user_id_foreign` (`user_id`),
  CONSTRAINT `coupons_user_id_foreign` FOREIGN KEY (`user_id`) REFERENCES `users` (`id`) ON DELETE CASCADE
) ENGINE=InnoDB AUTO_INCREMENT=5 DEFAULT CHARSET=utf8mb4 COLLATE=utf8mb4_unicode_ci;

--
-- Dumping data for table `coupons`
--

INSERT INTO `coupons` (`id`, `user_id`, `name`, `code`, `type`, `value`, `count`, `status`, `created_at`, `updated_at`) VALUES (1,1,'asds','sa','category','10',1,0,'2022-09-24 17:17:33','2023-03-07 07:15:59'),(2,1,'جمعية','9821','category','10',7,0,'2022-10-02 09:01:16','2023-03-07 07:16:05'),(3,1,'لفاا','mm','product','10',10,0,'2022-11-20 14:06:28','2023-03-07 07:16:02'),(4,1,'كود خصم كلي','sasa','total','12',10,0,'2022-12-14 07:01:33','2023-03-07 07:16:03');

--
-- Table structure for table `failed_jobs`
--

CREATE TABLE `failed_jobs` (
  `id` bigint unsigned NOT NULL AUTO_INCREMENT,
  `uuid` varchar(255) CHARACTER SET utf8mb4 COLLATE utf8mb4_unicode_ci NOT NULL,
  `connection` text CHARACTER SET utf8mb4 COLLATE utf8mb4_unicode_ci NOT NULL,
  `queue` text CHARACTER SET utf8mb4 COLLATE utf8mb4_unicode_ci NOT NULL,
  `payload` longtext CHARACTER SET utf8mb4 COLLATE utf8mb4_unicode_ci NOT NULL,
  `exception` longtext CHARACTER SET utf8mb4 COLLATE utf8mb4_unicode_ci NOT NULL,
  `failed_at` timestamp NOT NULL DEFAULT CURRENT_TIMESTAMP,
  PRIMARY KEY (`id`),
  UNIQUE KEY `failed_jobs_uuid_unique` (`uuid`)
) ENGINE=InnoDB DEFAULT CHARSET=utf8mb4 COLLATE=utf8mb4_unicode_ci;

--
-- Dumping data for table `failed_jobs`
--


--
-- Table structure for table `feature_option_translations`
--

CREATE TABLE `feature_option_translations` (
  `id` int unsigned NOT NULL AUTO_INCREMENT,
  `feature_option_id` int unsigned NOT NULL,
  `title` varchar(255) CHARACTER SET utf8mb4 COLLATE utf8mb4_unicode_ci DEFAULT NULL,
  `locale` varchar(255) CHARACTER SET utf8mb4 COLLATE utf8mb4_unicode_ci NOT NULL,
  `created_at` timestamp NULL DEFAULT NULL,
  `updated_at` timestamp NULL DEFAULT NULL,
  PRIMARY KEY (`id`),
  UNIQUE KEY `feature_option_translations_feature_option_id_locale_unique` (`feature_option_id`,`locale`),
  CONSTRAINT `feature_option_translations_feature_option_id_foreign` FOREIGN KEY (`feature_option_id`) REFERENCES `feature_options` (`id`) ON DELETE CASCADE
) ENGINE=InnoDB AUTO_INCREMENT=93 DEFAULT CHARSET=utf8mb4 COLLATE=utf8mb4_unicode_ci;

--
-- Dumping data for table `feature_option_translations`
--

INSERT INTO `feature_option_translations` (`id`, `feature_option_id`, `title`, `locale`, `created_at`, `updated_at`) VALUES (1,1,'xl','ar',NULL,NULL),(2,1,'xl','en',NULL,NULL),(3,2,'l','ar',NULL,NULL),(4,2,'l','en',NULL,NULL),(23,12,'erterwt','ar',NULL,NULL),(24,12,'ewrtwert','en',NULL,NULL),(25,13,'erwtwret','ar',NULL,NULL),(26,13,'ewrtwert','en',NULL,NULL),(27,14,'erterwt','ar',NULL,NULL),(28,14,'wertewrt','en',NULL,NULL),(29,15,'werterwtrwe','ar',NULL,NULL),(30,15,'wertwertew','en',NULL,NULL),(31,16,'33','ar',NULL,NULL),(32,16,'33','en',NULL,NULL),(33,17,'66','ar',NULL,NULL),(34,17,'66','en',NULL,NULL),(35,18,'76','ar',NULL,NULL),(36,18,'76','en',NULL,NULL),(37,19,'احمر','ar',NULL,NULL),(38,19,'احمر','en',NULL,NULL),(39,20,'عدد الخزر 66','ar',NULL,NULL),(40,20,'66','en',NULL,NULL),(45,23,'عدد الخزر 99','ar',NULL,NULL),(46,23,'99','en',NULL,NULL),(49,25,'الاحمر','ar',NULL,NULL),(50,25,'قث','en',NULL,NULL),(51,26,'33','ar',NULL,NULL),(52,26,'33','en',NULL,NULL),(53,27,'45','ar',NULL,NULL),(54,27,'45','en',NULL,NULL),(55,28,'51','ar',NULL,NULL),(56,28,'51','en',NULL,NULL),(57,31,'fdsgsd','ar',NULL,NULL),(58,31,'gdfsg','en',NULL,NULL),(59,32,'احمر','ar',NULL,NULL),(60,32,'dfdd','en',NULL,NULL),(61,33,'اصفر','ar',NULL,NULL),(62,33,'dfsgfds','en',NULL,NULL),(75,43,'اسود','ar',NULL,NULL),(76,43,NULL,'en',NULL,NULL),(77,44,'احمر','ar',NULL,NULL),(78,44,NULL,'en',NULL,NULL),(79,45,'اسود','ar',NULL,NULL),(80,45,'black','en',NULL,NULL),(81,46,'احمر','ar',NULL,NULL),(82,46,'red','en',NULL,NULL),(87,49,'اسود','ar',NULL,NULL),(88,49,'black','en',NULL,NULL),(89,50,'احمر','ar',NULL,NULL),(90,50,'red','en',NULL,NULL),(91,51,'ازرق','ar',NULL,NULL),(92,51,'blue','en',NULL,NULL);

--
-- Table structure for table `feature_options`
--

CREATE TABLE `feature_options` (
  `id` int unsigned NOT NULL AUTO_INCREMENT,
  `price` decimal(8,2) DEFAULT '0.00',
  `count` int DEFAULT '0',
  `feature_id` int unsigned DEFAULT NULL,
  `created_at` timestamp NULL DEFAULT NULL,
  `updated_at` timestamp NULL DEFAULT NULL,
  `color` varchar(191) CHARACTER SET utf8mb4 COLLATE utf8mb4_unicode_ci DEFAULT NULL,
  PRIMARY KEY (`id`),
  KEY `feature_options_feature_id_foreign` (`feature_id`),
  CONSTRAINT `feature_options_feature_id_foreign` FOREIGN KEY (`feature_id`) REFERENCES `features` (`id`) ON DELETE CASCADE
) ENGINE=InnoDB AUTO_INCREMENT=52 DEFAULT CHARSET=utf8mb4 COLLATE=utf8mb4_unicode_ci;

--
-- Dumping data for table `feature_options`
--

INSERT INTO `feature_options` (`id`, `price`, `count`, `feature_id`, `created_at`, `updated_at`, `color`) VALUES (1,NULL,NULL,1,'2022-11-06 19:22:52','2022-11-06 19:22:52','#000000'),(2,NULL,NULL,1,'2022-11-06 19:23:10','2022-11-06 19:23:10','#602929'),(12,NULL,NULL,5,'2022-11-08 07:42:58','2022-11-08 07:42:58','#000000'),(13,NULL,NULL,5,'2022-11-08 07:43:05','2022-11-08 07:43:05','#ff0000'),(14,NULL,NULL,5,'2022-11-08 07:43:12','2022-11-08 07:43:12','#03fcb1'),(15,NULL,NULL,5,'2022-11-08 07:43:20','2022-11-08 07:43:20','#ff7e05'),(16,NULL,NULL,7,'2022-11-20 13:59:55','2022-11-20 13:59:55','#000000'),(17,NULL,NULL,7,'2022-11-20 14:00:02','2022-11-20 14:00:02','#000000'),(18,NULL,NULL,7,'2022-11-20 14:00:14','2022-11-20 14:00:14','#000000'),(19,NULL,NULL,8,'2022-11-20 14:00:49','2022-11-20 14:00:49','#db0000'),(20,NULL,NULL,10,'2022-11-20 14:48:29','2022-11-20 14:48:29','#000000'),(23,NULL,NULL,10,'2022-11-20 14:48:46','2022-11-20 14:48:46','#000000'),(25,NULL,NULL,11,'2022-11-20 14:49:45','2022-11-20 14:49:45','#e10e0e'),(26,NULL,NULL,12,'2022-11-20 14:53:20','2022-11-20 14:53:20','#000000'),(27,NULL,NULL,12,'2022-11-20 14:53:34','2022-11-20 14:53:34','#000000'),(28,NULL,NULL,12,'2022-11-20 14:53:39','2022-11-20 14:53:39','#000000'),(31,NULL,NULL,12,'2022-11-20 14:56:07','2022-11-20 14:56:07','#000000'),(32,NULL,NULL,13,'2022-11-20 14:56:58','2022-11-20 14:56:58','#ff0000'),(33,NULL,NULL,13,'2022-11-20 14:57:50','2022-11-20 14:57:50','#ffea00'),(43,NULL,NULL,19,'2022-12-08 00:06:17','2022-12-08 00:06:17','#000000'),(44,NULL,NULL,19,'2022-12-08 00:06:28','2022-12-08 00:06:28','#d60116'),(45,NULL,NULL,20,'2022-12-08 00:15:31','2022-12-08 00:15:31','#000000'),(46,NULL,NULL,20,'2022-12-08 00:15:32','2022-12-08 00:15:32','#d0091d'),(49,NULL,NULL,22,'2022-12-08 06:32:43','2022-12-08 06:32:43','#000000'),(50,NULL,NULL,22,'2022-12-08 06:32:59','2022-12-08 06:32:59','#e20532'),(51,NULL,NULL,22,'2022-12-08 06:33:15','2022-12-08 06:33:15','#31caf7');

--
-- Table structure for table `feature_translations`
--

CREATE TABLE `feature_translations` (
  `id` int unsigned NOT NULL AUTO_INCREMENT,
  `feature_id` int unsigned NOT NULL,
  `title` varchar(255) CHARACTER SET utf8mb4 COLLATE utf8mb4_unicode_ci NOT NULL,
  `locale` varchar(255) CHARACTER SET utf8mb4 COLLATE utf8mb4_unicode_ci NOT NULL,
  `created_at` timestamp NULL DEFAULT NULL,
  `updated_at` timestamp NULL DEFAULT NULL,
  PRIMARY KEY (`id`),
  UNIQUE KEY `feature_translations_feature_id_locale_unique` (`feature_id`,`locale`),
  KEY `feature_translations_locale_index` (`locale`),
  CONSTRAINT `feature_translations_feature_id_foreign` FOREIGN KEY (`feature_id`) REFERENCES `features` (`id`) ON DELETE CASCADE
) ENGINE=InnoDB AUTO_INCREMENT=41 DEFAULT CHARSET=utf8mb4 COLLATE=utf8mb4_unicode_ci;

--
-- Dumping data for table `feature_translations`
--

INSERT INTO `feature_translations` (`id`, `feature_id`, `title`, `locale`, `created_at`, `updated_at`) VALUES (1,1,'الاحجام','ar',NULL,NULL),(2,1,'الاحجام','en',NULL,NULL),(9,5,'ytreytre','ar',NULL,NULL),(10,5,'etryrety','en',NULL,NULL),(13,7,'عدد الخرز','ar',NULL,NULL),(14,7,'عدد الخرز','en',NULL,NULL),(15,8,'الالوان','ar',NULL,NULL),(16,8,'الالوتن','en',NULL,NULL),(19,10,'عدد الخزر 51','ar',NULL,NULL),(20,10,'51','en',NULL,NULL),(21,11,'الالوان','ar',NULL,NULL),(22,11,'COLOR','en',NULL,NULL),(23,12,'عدد يبلبي','ar',NULL,NULL),(24,12,'بيسليبس','en',NULL,NULL),(25,13,'treyter','ar',NULL,NULL),(26,13,'treye','en',NULL,NULL),(35,20,'لون الكركوشة','ar',NULL,NULL),(36,20,'karkosha color','en',NULL,NULL),(39,22,'لون الكركوشة','ar',NULL,NULL),(40,22,'karkosha color','en',NULL,NULL);

--
-- Table structure for table `features`
--

CREATE TABLE `features` (
  `id` int unsigned NOT NULL AUTO_INCREMENT,
  `product_id` int unsigned DEFAULT NULL,
  `created_at` timestamp NULL DEFAULT NULL,
  `updated_at` timestamp NULL DEFAULT NULL,
  `type` varchar(191) CHARACTER SET utf8mb4 COLLATE utf8mb4_unicode_ci DEFAULT NULL,
  PRIMARY KEY (`id`),
  KEY `features_product_id_foreign` (`product_id`),
  CONSTRAINT `features_product_id_foreign` FOREIGN KEY (`product_id`) REFERENCES `products` (`id`) ON DELETE CASCADE
) ENGINE=InnoDB AUTO_INCREMENT=25 DEFAULT CHARSET=utf8mb4 COLLATE=utf8mb4_unicode_ci;

--
-- Dumping data for table `features`
--

INSERT INTO `features` (`id`, `product_id`, `created_at`, `updated_at`, `type`) VALUES (1,1,'2022-11-06 19:22:44','2022-11-06 19:23:43','normal'),(5,2,'2022-11-08 07:42:41','2022-11-08 07:42:41',NULL),(7,6,'2022-11-20 13:59:45','2022-11-20 13:59:45','normal'),(8,6,'2022-11-20 14:00:32','2022-11-20 14:00:32','color'),(10,11,'2022-11-20 14:48:13','2022-11-20 14:48:13','normal'),(11,11,'2022-11-20 14:49:18','2022-11-20 14:49:18','color'),(12,10,'2022-11-20 14:52:30','2022-11-20 14:52:30','normal'),(13,10,'2022-11-20 14:56:14','2022-11-20 14:56:14','color'),(14,15,'2022-12-03 09:49:03','2022-12-03 09:49:03','color'),(19,35,'2022-12-08 00:04:28','2022-12-08 00:04:28','normal'),(20,37,'2022-12-08 00:14:46','2022-12-08 00:14:46','color'),(22,39,'2022-12-08 06:32:32','2022-12-08 06:32:32','color'),(23,42,'2022-12-12 15:25:13','2022-12-12 15:25:13','normal'),(24,42,'2022-12-12 15:25:14','2022-12-12 15:25:14','normal');

--
-- Table structure for table `files`
--

CREATE TABLE `files` (
  `id` int unsigned NOT NULL AUTO_INCREMENT,
  `image` varchar(255) CHARACTER SET utf8mb4 COLLATE utf8mb4_unicode_ci DEFAULT NULL,
  `main` tinyint NOT NULL DEFAULT '0',
  `tag` varchar(255) CHARACTER SET utf8mb4 COLLATE utf8mb4_unicode_ci DEFAULT NULL,
  `fileable_id` bigint unsigned DEFAULT NULL,
  `fileable_type` varchar(255) CHARACTER SET utf8mb4 COLLATE utf8mb4_unicode_ci DEFAULT NULL,
  `created_at` timestamp NULL DEFAULT NULL,
  `updated_at` timestamp NULL DEFAULT NULL,
  PRIMARY KEY (`id`)
) ENGINE=InnoDB AUTO_INCREMENT=1142 DEFAULT CHARSET=utf8mb4 COLLATE=utf8mb4_unicode_ci;

--
-- Dumping data for table `files`
--

INSERT INTO `files` (`id`, `image`, `main`, `tag`, `fileable_id`, `fileable_type`, `created_at`, `updated_at`) VALUES (1,'/uploads/product/1/1667769712download.jpeg',1,'1667769712download.jpeg',1,'App\\Models\\Product','2022-11-06 19:21:52','2022-11-06 19:21:52'),(2,'/uploads/product/1/1667769715download.jpeg',3,'1667769715download.jpeg',1,'App\\Models\\Product','2022-11-06 19:21:55','2022-11-06 19:21:55'),(24,'/uploads/product/2/1668674167product_additional_image_58274_1.jpg',3,'1668674167product_additional_image_58274_1.jpg',2,'App\\Models\\Product','2022-11-17 06:36:07','2022-11-17 06:36:07'),(25,'/uploads/product/2/1668674167product_additional_image_57743_1.jpg',3,'1668674167product_additional_image_57743_1.jpg',2,'App\\Models\\Product','2022-11-17 06:36:07','2022-11-17 06:36:07'),(26,'/uploads/product/2/1668674168product_additional_image_43913.jpg',3,'1668674168product_additional_image_43913.jpg',2,'App\\Models\\Product','2022-11-17 06:36:08','2022-11-17 06:36:08'),(27,'/uploads/product/2/1668674170product_additional_image_58274_1.jpg',1,'1668674170product_additional_image_58274_1.jpg',2,'App\\Models\\Product','2022-11-17 06:36:10','2022-11-17 06:36:10'),(28,'/uploads/product/2/1668674170product_additional_image_57743_1.jpg',1,'1668674170product_additional_image_57743_1.jpg',2,'App\\Models\\Product','2022-11-17 06:36:10','2022-11-17 06:36:10'),(29,'/uploads/product/2/1668674170product_additional_image_43913.jpg',1,'1668674170product_additional_image_43913.jpg',2,'App\\Models\\Product','2022-11-17 06:36:10','2022-11-17 06:36:10'),(30,'/uploads/product/2/1668674174product_additional_image_58274_1.jpg',4,'1668674174product_additional_image_58274_1.jpg',2,'App\\Models\\Product','2022-11-17 06:36:14','2022-11-17 06:36:14'),(31,'/uploads/product/2/1668674174product_additional_image_57743_1.jpg',4,'1668674174product_additional_image_57743_1.jpg',2,'App\\Models\\Product','2022-11-17 06:36:14','2022-11-17 06:36:14'),(32,'/uploads/product/2/1668674175product_additional_image_43913.jpg',4,'1668674175product_additional_image_43913.jpg',2,'App\\Models\\Product','2022-11-17 06:36:15','2022-11-17 06:36:15'),(33,'/uploads/product/2/1668674176product_additional_image_57743_1.jpg',2,'1668674176product_additional_image_57743_1.jpg',2,'App\\Models\\Product','2022-11-17 06:36:16','2022-11-17 06:36:16'),(34,'/uploads/product/2/1668674176product_additional_image_58274_1.jpg',2,'1668674176product_additional_image_58274_1.jpg',2,'App\\Models\\Product','2022-11-17 06:36:16','2022-11-17 06:36:16'),(35,'/uploads/product/2/1668674177product_additional_image_43913.jpg',2,'1668674177product_additional_image_43913.jpg',2,'App\\Models\\Product','2022-11-17 06:36:17','2022-11-17 06:36:17'),(36,'/uploads/product/2/1668674184product_additional_image_57743_1.jpg',0,'1668674184product_additional_image_57743_1.jpg',2,'App\\Models\\Product','2022-11-17 06:36:24','2022-11-17 06:36:24'),(37,'/uploads/product/2/1668674184product_additional_image_58274_1.jpg',0,'1668674184product_additional_image_58274_1.jpg',2,'App\\Models\\Product','2022-11-17 06:36:24','2022-11-17 06:36:24'),(38,'/uploads/product/2/1668674185product_additional_image_43913.jpg',0,'1668674185product_additional_image_43913.jpg',2,'App\\Models\\Product','2022-11-17 06:36:25','2022-11-17 06:36:25'),(39,'/uploads/product/3/1668674215product_additional_image_56667_1.jpg',0,'1668674215product_additional_image_56667_1.jpg',3,'App\\Models\\Product','2022-11-17 06:36:55','2022-11-17 06:36:55'),(40,'/uploads/product/3/1668674216product_additional_image_52341.jpg',0,'1668674216product_additional_image_52341.jpg',3,'App\\Models\\Product','2022-11-17 06:36:56','2022-11-17 06:36:56'),(41,'/uploads/product/4/1668674235product_additional_image_56667_1.jpg',0,'1668674235product_additional_image_56667_1.jpg',4,'App\\Models\\Product','2022-11-17 06:37:15','2022-11-17 06:37:15'),(42,'/uploads/product/4/1668674236product_additional_image_52341.jpg',0,'1668674236product_additional_image_52341.jpg',4,'App\\Models\\Product','2022-11-17 06:37:16','2022-11-17 06:37:16'),(43,'/uploads/product/4/1668674236product_additional_image_58274_1.jpg',0,'1668674236product_additional_image_58274_1.jpg',4,'App\\Models\\Product','2022-11-17 06:37:16','2022-11-17 06:37:16'),(47,'/uploads/product/5/1668881364aa.jpg',0,'1668881364aa.jpg',5,'App\\Models\\Product','2022-11-19 16:09:24','2022-11-19 16:09:24'),(48,'/uploads/product/5/1668881365asd.jpg',0,'1668881365asd.jpg',5,'App\\Models\\Product','2022-11-19 16:09:25','2022-11-19 16:09:25'),(49,'/uploads/product/5/1668881365ddd.jpg',0,'1668881365ddd.jpg',5,'App\\Models\\Product','2022-11-19 16:09:25','2022-11-19 16:09:25'),(50,'/uploads/product/6/1668959586WhatsApp Image 2022-11-20 at 6.24.20 PM.jpeg',1,'1668959586WhatsApp Image 2022-11-20 at 6.24.20 PM.jpeg',6,'App\\Models\\Product','2022-11-20 13:53:06','2022-11-20 13:53:06'),(51,'/uploads/product/6/1668959587WhatsApp Image 2022-11-20 at 6.22.43 PM.jpeg',1,'1668959587WhatsApp Image 2022-11-20 at 6.22.43 PM.jpeg',6,'App\\Models\\Product','2022-11-20 13:53:07','2022-11-20 13:53:07'),(52,'/uploads/product/6/1668959587WhatsApp Image 2022-11-20 at 5.54.07 PM.jpeg',1,'1668959587WhatsApp Image 2022-11-20 at 5.54.07 PM.jpeg',6,'App\\Models\\Product','2022-11-20 13:53:07','2022-11-20 13:53:07'),(53,'/uploads/product/6/1668959588WhatsApp Image 2022-11-20 at 5.58.50 PM.jpeg',1,'1668959588WhatsApp Image 2022-11-20 at 5.58.50 PM.jpeg',6,'App\\Models\\Product','2022-11-20 13:53:08','2022-11-20 13:53:08'),(54,'/uploads/product/6/1668959588WhatsApp Image 2022-11-19 at 10.04.44 PM.jpeg',1,'1668959588WhatsApp Image 2022-11-19 at 10.04.44 PM.jpeg',6,'App\\Models\\Product','2022-11-20 13:53:08','2022-11-20 13:53:08'),(55,'/uploads/product/6/1668959621WhatsApp Image 2022-11-20 at 6.24.20 PM.jpeg',3,'1668959621WhatsApp Image 2022-11-20 at 6.24.20 PM.jpeg',6,'App\\Models\\Product','2022-11-20 13:53:41','2022-11-20 13:53:41'),(56,'/uploads/product/6/1668959621WhatsApp Image 2022-11-20 at 6.22.43 PM.jpeg',3,'1668959621WhatsApp Image 2022-11-20 at 6.22.43 PM.jpeg',6,'App\\Models\\Product','2022-11-20 13:53:41','2022-11-20 13:53:41'),(57,'/uploads/product/6/1668959622WhatsApp Image 2022-11-19 at 10.04.44 PM.jpeg',3,'1668959622WhatsApp Image 2022-11-19 at 10.04.44 PM.jpeg',6,'App\\Models\\Product','2022-11-20 13:53:42','2022-11-20 13:53:42'),(58,'/uploads/product/6/1668959932WhatsApp Image 2022-11-20 at 6.24.20 PM.jpeg',0,'1668959932WhatsApp Image 2022-11-20 at 6.24.20 PM.jpeg',6,'App\\Models\\Product','2022-11-20 13:58:52','2022-11-20 13:58:52'),(59,'/uploads/product/6/1668959932WhatsApp Image 2022-11-20 at 6.22.43 PM.jpeg',0,'1668959932WhatsApp Image 2022-11-20 at 6.22.43 PM.jpeg',6,'App\\Models\\Product','2022-11-20 13:58:52','2022-11-20 13:58:52'),(60,'/uploads/product/6/1668959933WhatsApp Image 2022-11-20 at 5.54.07 PM.jpeg',0,'1668959933WhatsApp Image 2022-11-20 at 5.54.07 PM.jpeg',6,'App\\Models\\Product','2022-11-20 13:58:53','2022-11-20 13:58:53'),(61,'/uploads/product/6/1668959933WhatsApp Image 2022-11-19 at 10.04.44 PM.jpeg',0,'1668959933WhatsApp Image 2022-11-19 at 10.04.44 PM.jpeg',6,'App\\Models\\Product','2022-11-20 13:58:53','2022-11-20 13:58:53'),(62,'/uploads/product/7/1668960810Screen Shot 2022-11-20 at 7.06.03 PM.png',0,'1668960810Screen Shot 2022-11-20 at 7.06.03 PM.png',7,'App\\Models\\Product','2022-11-20 14:13:30','2022-11-20 14:13:30'),(63,'/uploads/product/7/1668960903product_additional_image_58910_1.jpeg',0,'1668960903product_additional_image_58910_1.jpeg',7,'App\\Models\\Product','2022-11-20 14:15:03','2022-11-20 14:15:03'),(64,'/uploads/product/7/1668960903product_additional_image_58924.jpeg',0,'1668960903product_additional_image_58924.jpeg',7,'App\\Models\\Product','2022-11-20 14:15:03','2022-11-20 14:15:03'),(65,'/uploads/product/7/1668960904product_additional_image_58925.jpeg',0,'1668960904product_additional_image_58925.jpeg',7,'App\\Models\\Product','2022-11-20 14:15:04','2022-11-20 14:15:04'),(66,'/uploads/product/8/1668960933الكويت.PNG',1,'1668960933الكويت.PNG',8,'App\\Models\\Product','2022-11-20 14:15:33','2022-11-20 14:15:33'),(67,'/uploads/product/8/1668960955الكويت.PNG',3,'1668960955الكويت.PNG',8,'App\\Models\\Product','2022-11-20 14:15:55','2022-11-20 14:15:55'),(68,'/uploads/product/8/1668961054RYBT564-1.png',0,'1668961054RYBT564-1.png',8,'App\\Models\\Product','2022-11-20 14:17:34','2022-11-20 14:17:34'),(69,'/uploads/product/8/1668961055RYBT564-2.png',0,'1668961055RYBT564-2.png',8,'App\\Models\\Product','2022-11-20 14:17:35','2022-11-20 14:17:35'),(70,'/uploads/product/9/1668961762product_additional_image_58910_1.jpeg',0,'1668961762product_additional_image_58910_1.jpeg',9,'App\\Models\\Product','2022-11-20 14:29:22','2022-11-20 14:29:22'),(71,'/uploads/product/9/1668961763product_additional_image_58924.jpeg',0,'1668961763product_additional_image_58924.jpeg',9,'App\\Models\\Product','2022-11-20 14:29:23','2022-11-20 14:29:23'),(72,'/uploads/product/9/1668961763product_additional_image_58925.jpeg',0,'1668961763product_additional_image_58925.jpeg',9,'App\\Models\\Product','2022-11-20 14:29:23','2022-11-20 14:29:23'),(73,'/uploads/product/10/1668962254download-2.jpg',1,'1668962254download-2.jpg',10,'App\\Models\\Product','2022-11-20 14:37:34','2022-11-20 14:37:34'),(74,'/uploads/product/10/1668962254download.jpg',1,'1668962254download.jpg',10,'App\\Models\\Product','2022-11-20 14:37:34','2022-11-20 14:37:34'),(75,'/uploads/product/10/1668962257download-1.jpg',3,'1668962257download-1.jpg',10,'App\\Models\\Product','2022-11-20 14:37:37','2022-11-20 14:37:37'),(76,'/uploads/product/10/1668962298product_additional_image_58469.jpeg',0,'1668962298product_additional_image_58469.jpeg',10,'App\\Models\\Product','2022-11-20 14:38:18','2022-11-20 14:38:18'),(77,'/uploads/product/10/1668962299product_additional_image_58470.jpeg',0,'1668962299product_additional_image_58470.jpeg',10,'App\\Models\\Product','2022-11-20 14:38:19','2022-11-20 14:38:19'),(78,'/uploads/product/10/1668962299product_additional_image_58789.jpeg',0,'1668962299product_additional_image_58789.jpeg',10,'App\\Models\\Product','2022-11-20 14:38:19','2022-11-20 14:38:19'),(79,'/uploads/product/11/1668962613Qater.PNG',1,'1668962613Qater.PNG',11,'App\\Models\\Product','2022-11-20 14:43:33','2022-11-20 14:43:33'),(80,'/uploads/product/10/1668962687download-2.jpg',2,'1668962687download-2.jpg',10,'App\\Models\\Product','2022-11-20 14:44:47','2022-11-20 14:44:47'),(81,'/uploads/product/10/1668962687download.jpg',2,'1668962687download.jpg',10,'App\\Models\\Product','2022-11-20 14:44:47','2022-11-20 14:44:47'),(82,'/uploads/product/10/1668962690download-2.jpg',4,'1668962690download-2.jpg',10,'App\\Models\\Product','2022-11-20 14:44:50','2022-11-20 14:44:50'),(83,'/uploads/product/10/1668962690download.jpg',4,'1668962690download.jpg',10,'App\\Models\\Product','2022-11-20 14:44:50','2022-11-20 14:44:50'),(84,'/uploads/product/11/1668962811RYMT417-1.png',0,'1668962811RYMT417-1.png',11,'App\\Models\\Product','2022-11-20 14:46:51','2022-11-20 14:46:51'),(85,'/uploads/product/11/1668962812RYMT417-2.png',0,'1668962812RYMT417-2.png',11,'App\\Models\\Product','2022-11-20 14:46:52','2022-11-20 14:46:52'),(86,'/uploads/product/11/1668962815RYMT417-3.png',0,'1668962815RYMT417-3.png',11,'App\\Models\\Product','2022-11-20 14:46:55','2022-11-20 14:46:55'),(87,'/uploads/product/14/1669908523Untitled-2 copy 2_0000_Layer 2.jpg',1,'1669908523Untitled-2 copy 2_0000_Layer 2.jpg',14,'App\\Models\\Product','2022-12-01 13:28:43','2022-12-01 13:28:43'),(88,'/uploads/product/14/1669908524Untitled-2 copy 2_0001_Layer 3.jpg',1,'1669908524Untitled-2 copy 2_0001_Layer 3.jpg',14,'App\\Models\\Product','2022-12-01 13:28:44','2022-12-01 13:28:44'),(89,'/uploads/product/14/1669908524Untitled-2 copy 2_0002_Layer 4.jpg',1,'1669908524Untitled-2 copy 2_0002_Layer 4.jpg',14,'App\\Models\\Product','2022-12-01 13:28:44','2022-12-01 13:28:44'),(90,'/uploads/product/14/1669908525Untitled-2 copy 2_0003_Layer 5.jpg',1,'1669908525Untitled-2 copy 2_0003_Layer 5.jpg',14,'App\\Models\\Product','2022-12-01 13:28:45','2022-12-01 13:28:45'),(91,'/uploads/product/14/1669908525Untitled-2 copy 2_0004_Layer 6.jpg',1,'1669908525Untitled-2 copy 2_0004_Layer 6.jpg',14,'App\\Models\\Product','2022-12-01 13:28:45','2022-12-01 13:28:45'),(92,'/uploads/product/14/1669908526Untitled-2 copy 2_0005_Layer 7.jpg',1,'1669908526Untitled-2 copy 2_0005_Layer 7.jpg',14,'App\\Models\\Product','2022-12-01 13:28:46','2022-12-01 13:28:46'),(93,'/uploads/product/14/1669908526Untitled-2 copy 2_0006_Layer 8.jpg',1,'1669908526Untitled-2 copy 2_0006_Layer 8.jpg',14,'App\\Models\\Product','2022-12-01 13:28:46','2022-12-01 13:28:46'),(94,'/uploads/product/14/1669908527Untitled-2 copy 2_0007_Layer 9.jpg',1,'1669908527Untitled-2 copy 2_0007_Layer 9.jpg',14,'App\\Models\\Product','2022-12-01 13:28:47','2022-12-01 13:28:47'),(95,'/uploads/product/14/1669908527Untitled-2 copy 2_0008_Layer 10.jpg',1,'1669908527Untitled-2 copy 2_0008_Layer 10.jpg',14,'App\\Models\\Product','2022-12-01 13:28:47','2022-12-01 13:28:47'),(96,'/uploads/product/14/1669908528Untitled-2 copy 2_0009_Layer 11.jpg',1,'1669908528Untitled-2 copy 2_0009_Layer 11.jpg',14,'App\\Models\\Product','2022-12-01 13:28:48','2022-12-01 13:28:48'),(97,'/uploads/product/14/1669908593RYKHP152-1.jpg',0,'1669908593RYKHP152-1.jpg',14,'App\\Models\\Product','2022-12-01 13:29:53','2022-12-01 13:29:53'),(98,'/uploads/product/15/1670068050Untitled-2 copy 2_0000_Layer 2.jpg',1,'1670068050Untitled-2 copy 2_0000_Layer 2.jpg',15,'App\\Models\\Product','2022-12-03 09:47:30','2022-12-03 09:47:30'),(99,'/uploads/product/15/1670068051Untitled-2 copy 2_0001_Layer 3.jpg',1,'1670068051Untitled-2 copy 2_0001_Layer 3.jpg',15,'App\\Models\\Product','2022-12-03 09:47:31','2022-12-03 09:47:31'),(100,'/uploads/product/15/1670068051Untitled-2 copy 2_0002_Layer 4.jpg',1,'1670068051Untitled-2 copy 2_0002_Layer 4.jpg',15,'App\\Models\\Product','2022-12-03 09:47:31','2022-12-03 09:47:31'),(101,'/uploads/product/15/1670068052Untitled-2 copy 2_0003_Layer 5.jpg',1,'1670068052Untitled-2 copy 2_0003_Layer 5.jpg',15,'App\\Models\\Product','2022-12-03 09:47:32','2022-12-03 09:47:32'),(102,'/uploads/product/15/1670068052Untitled-2 copy 2_0004_Layer 6.jpg',1,'1670068052Untitled-2 copy 2_0004_Layer 6.jpg',15,'App\\Models\\Product','2022-12-03 09:47:32','2022-12-03 09:47:32'),(103,'/uploads/product/15/1670068053Untitled-2 copy 2_0005_Layer 7.jpg',1,'1670068053Untitled-2 copy 2_0005_Layer 7.jpg',15,'App\\Models\\Product','2022-12-03 09:47:33','2022-12-03 09:47:33'),(104,'/uploads/product/15/1670068053Untitled-2 copy 2_0006_Layer 8.jpg',1,'1670068053Untitled-2 copy 2_0006_Layer 8.jpg',15,'App\\Models\\Product','2022-12-03 09:47:33','2022-12-03 09:47:33'),(105,'/uploads/product/15/1670068054Untitled-2 copy 2_0007_Layer 9.jpg',1,'1670068054Untitled-2 copy 2_0007_Layer 9.jpg',15,'App\\Models\\Product','2022-12-03 09:47:34','2022-12-03 09:47:34'),(106,'/uploads/product/15/1670068054Untitled-2 copy 2_0008_Layer 10.jpg',1,'1670068054Untitled-2 copy 2_0008_Layer 10.jpg',15,'App\\Models\\Product','2022-12-03 09:47:34','2022-12-03 09:47:34'),(107,'/uploads/product/15/1670068055Untitled-2 copy 2_0009_Layer 11.jpg',1,'1670068055Untitled-2 copy 2_0009_Layer 11.jpg',15,'App\\Models\\Product','2022-12-03 09:47:35','2022-12-03 09:47:35'),(108,'/uploads/product/15/1670068106RYKHP104-1.jpg',0,'1670068106RYKHP104-1.jpg',15,'App\\Models\\Product','2022-12-03 09:48:26','2022-12-03 09:48:26'),(109,'/uploads/product/15/1670068107RYKHP104-2.jpg',0,'1670068107RYKHP104-2.jpg',15,'App\\Models\\Product','2022-12-03 09:48:27','2022-12-03 09:48:27'),(110,'/uploads/product/15/1670068107RYKHP104-3.jpg',0,'1670068107RYKHP104-3.jpg',15,'App\\Models\\Product','2022-12-03 09:48:27','2022-12-03 09:48:27'),(111,'/uploads/product/15/1670068108RYKHP104-4.jpg',0,'1670068108RYKHP104-4.jpg',15,'App\\Models\\Product','2022-12-03 09:48:28','2022-12-03 09:48:28'),(112,'/uploads/product/16/1670069175RYKHP106-1.jpg',0,'1670069175RYKHP106-1.jpg',16,'App\\Models\\Product','2022-12-03 10:06:15','2022-12-03 10:06:15'),(113,'/uploads/product/16/1670069176RYKHP106-2.jpg',0,'1670069176RYKHP106-2.jpg',16,'App\\Models\\Product','2022-12-03 10:06:16','2022-12-03 10:06:16'),(114,'/uploads/product/16/1670069176RYKHP106-3.jpg',0,'1670069176RYKHP106-3.jpg',16,'App\\Models\\Product','2022-12-03 10:06:16','2022-12-03 10:06:16'),(115,'/uploads/product/16/1670069177RYKHP106-4.jpg',0,'1670069177RYKHP106-4.jpg',16,'App\\Models\\Product','2022-12-03 10:06:17','2022-12-03 10:06:17'),(116,'/uploads/product/17/1670069766RYKHP138-1.jpg',0,'1670069766RYKHP138-1.jpg',17,'App\\Models\\Product','2022-12-03 10:16:06','2022-12-03 10:16:06'),(117,'/uploads/product/17/1670069767RYKHP138-2.jpg',0,'1670069767RYKHP138-2.jpg',17,'App\\Models\\Product','2022-12-03 10:16:07','2022-12-03 10:16:07'),(118,'/uploads/product/17/1670069767RYKHP138-3.jpg',0,'1670069767RYKHP138-3.jpg',17,'App\\Models\\Product','2022-12-03 10:16:07','2022-12-03 10:16:07'),(119,'/uploads/product/18/1670070692RYKHP144-1.jpg',0,'1670070692RYKHP144-1.jpg',18,'App\\Models\\Product','2022-12-03 10:31:32','2022-12-03 10:31:32'),(120,'/uploads/product/18/1670070693RYKHP144-2.jpg',0,'1670070693RYKHP144-2.jpg',18,'App\\Models\\Product','2022-12-03 10:31:33','2022-12-03 10:31:33'),(121,'/uploads/product/18/1670070695RYKHP144-3.jpg',0,'1670070695RYKHP144-3.jpg',18,'App\\Models\\Product','2022-12-03 10:31:35','2022-12-03 10:31:35'),(122,'/uploads/product/18/1670070697RYKHP144-4.jpg',0,'1670070697RYKHP144-4.jpg',18,'App\\Models\\Product','2022-12-03 10:31:37','2022-12-03 10:31:37'),(123,'/uploads/product/19/1670071009RYKHP145-1.jpg',0,'1670071009RYKHP145-1.jpg',19,'App\\Models\\Product','2022-12-03 10:36:49','2022-12-03 10:36:49'),(124,'/uploads/product/19/1670071009RYKHP145-2.jpg',0,'1670071009RYKHP145-2.jpg',19,'App\\Models\\Product','2022-12-03 10:36:49','2022-12-03 10:36:49'),(125,'/uploads/product/19/1670071010RYKHP145-3.jpg',0,'1670071010RYKHP145-3.jpg',19,'App\\Models\\Product','2022-12-03 10:36:50','2022-12-03 10:36:50'),(126,'/uploads/product/19/1670071011RYKHP145-4.jpg',0,'1670071011RYKHP145-4.jpg',19,'App\\Models\\Product','2022-12-03 10:36:51','2022-12-03 10:36:51'),(127,'/uploads/product/20/1670076230RYKHP151-1.jpg',0,'1670076230RYKHP151-1.jpg',20,'App\\Models\\Product','2022-12-03 12:03:50','2022-12-03 12:03:50'),(128,'/uploads/product/20/1670076230RYKHP151-2.jpg',0,'1670076230RYKHP151-2.jpg',20,'App\\Models\\Product','2022-12-03 12:03:50','2022-12-03 12:03:50'),(129,'/uploads/product/20/1670076231RYKHP151-3.jpg',0,'1670076231RYKHP151-3.jpg',20,'App\\Models\\Product','2022-12-03 12:03:51','2022-12-03 12:03:51'),(130,'/uploads/product/20/1670076231RYKHP151-4.jpg',0,'1670076231RYKHP151-4.jpg',20,'App\\Models\\Product','2022-12-03 12:03:51','2022-12-03 12:03:51'),(131,'/uploads/product/21/1670076547RYKHP152-1.jpg',0,'1670076547RYKHP152-1.jpg',21,'App\\Models\\Product','2022-12-03 12:09:07','2022-12-03 12:09:07'),(132,'/uploads/product/21/1670076548RYKHP152-2.jpg',0,'1670076548RYKHP152-2.jpg',21,'App\\Models\\Product','2022-12-03 12:09:08','2022-12-03 12:09:08'),(133,'/uploads/product/21/1670076548RYKHP152-3.jpg',0,'1670076548RYKHP152-3.jpg',21,'App\\Models\\Product','2022-12-03 12:09:08','2022-12-03 12:09:08'),(134,'/uploads/product/21/1670076549RYKHP152-4.jpg',0,'1670076549RYKHP152-4.jpg',21,'App\\Models\\Product','2022-12-03 12:09:09','2022-12-03 12:09:09'),(135,'/uploads/product/22/1670076800RYKHP153-1.jpg',0,'1670076800RYKHP153-1.jpg',22,'App\\Models\\Product','2022-12-03 12:13:20','2022-12-03 12:13:20'),(136,'/uploads/product/22/1670076800RYKHP153-2.jpg',0,'1670076800RYKHP153-2.jpg',22,'App\\Models\\Product','2022-12-03 12:13:20','2022-12-03 12:13:20'),(137,'/uploads/product/22/1670076801RYKHP153-3.jpg',0,'1670076801RYKHP153-3.jpg',22,'App\\Models\\Product','2022-12-03 12:13:21','2022-12-03 12:13:21'),(138,'/uploads/product/22/1670076801RYKHP153-4.jpg',0,'1670076801RYKHP153-4.jpg',22,'App\\Models\\Product','2022-12-03 12:13:21','2022-12-03 12:13:21'),(139,'/uploads/product/23/1670077407RYKHP154-1.jpg',0,'1670077407RYKHP154-1.jpg',23,'App\\Models\\Product','2022-12-03 12:23:27','2022-12-03 12:23:27'),(140,'/uploads/product/23/1670077408RYKHP154-2.jpg',0,'1670077408RYKHP154-2.jpg',23,'App\\Models\\Product','2022-12-03 12:23:28','2022-12-03 12:23:28'),(141,'/uploads/product/23/1670077408RYKHP154-3.jpg',0,'1670077408RYKHP154-3.jpg',23,'App\\Models\\Product','2022-12-03 12:23:28','2022-12-03 12:23:28'),(142,'/uploads/product/23/1670077409RYKHP154-4.jpg',0,'1670077409RYKHP154-4.jpg',23,'App\\Models\\Product','2022-12-03 12:23:29','2022-12-03 12:23:29'),(143,'/uploads/product/24/1670078142RYKHP173-1.jpg',0,'1670078142RYKHP173-1.jpg',24,'App\\Models\\Product','2022-12-03 12:35:42','2022-12-03 12:35:42'),(144,'/uploads/product/24/1670078142RYKHP173-2.jpg',0,'1670078142RYKHP173-2.jpg',24,'App\\Models\\Product','2022-12-03 12:35:42','2022-12-03 12:35:42'),(145,'/uploads/product/24/1670078143RYKHP173-3.jpg',0,'1670078143RYKHP173-3.jpg',24,'App\\Models\\Product','2022-12-03 12:35:43','2022-12-03 12:35:43'),(146,'/uploads/product/25/1670078546RYKHP186-1.jpg',0,'1670078546RYKHP186-1.jpg',25,'App\\Models\\Product','2022-12-03 12:42:26','2022-12-03 12:42:26'),(147,'/uploads/product/25/1670078547RYKHP186-2.jpg',0,'1670078547RYKHP186-2.jpg',25,'App\\Models\\Product','2022-12-03 12:42:27','2022-12-03 12:42:27'),(148,'/uploads/product/25/1670078547RYKHP186-3.jpg',0,'1670078547RYKHP186-3.jpg',25,'App\\Models\\Product','2022-12-03 12:42:27','2022-12-03 12:42:27'),(149,'/uploads/product/26/1670078848RYKHP185-1.jpg',0,'1670078848RYKHP185-1.jpg',26,'App\\Models\\Product','2022-12-03 12:47:28','2022-12-03 12:47:28'),(150,'/uploads/product/26/1670078849RYKHP185-2.jpg',0,'1670078849RYKHP185-2.jpg',26,'App\\Models\\Product','2022-12-03 12:47:29','2022-12-03 12:47:29'),(151,'/uploads/product/26/1670078849RYKHP185-3.jpg',0,'1670078849RYKHP185-3.jpg',26,'App\\Models\\Product','2022-12-03 12:47:29','2022-12-03 12:47:29'),(152,'/uploads/product/26/1670078850RYKHP185-4.jpg',0,'1670078850RYKHP185-4.jpg',26,'App\\Models\\Product','2022-12-03 12:47:30','2022-12-03 12:47:30'),(153,'/uploads/product/27/1670239681RYKHP187-1.jpg',0,'1670239681RYKHP187-1.jpg',27,'App\\Models\\Product','2022-12-05 09:28:02','2022-12-05 09:28:02'),(154,'/uploads/product/27/1670239682RYKHP187-2.jpg',0,'1670239682RYKHP187-2.jpg',27,'App\\Models\\Product','2022-12-05 09:28:02','2022-12-05 09:28:02'),(155,'/uploads/product/27/1670239683RYKHP187-3.jpg',0,'1670239683RYKHP187-3.jpg',27,'App\\Models\\Product','2022-12-05 09:28:03','2022-12-05 09:28:03'),(156,'/uploads/product/27/1670239684RYKHP187-4.jpg',0,'1670239684RYKHP187-4.jpg',27,'App\\Models\\Product','2022-12-05 09:28:04','2022-12-05 09:28:04'),(157,'/uploads/product/28/1670241191RYKHP191-1.jpg',0,'1670241191RYKHP191-1.jpg',28,'App\\Models\\Product','2022-12-05 09:53:11','2022-12-05 09:53:11'),(158,'/uploads/product/28/1670241192RYKHP191-2.jpg',0,'1670241192RYKHP191-2.jpg',28,'App\\Models\\Product','2022-12-05 09:53:12','2022-12-05 09:53:12'),(159,'/uploads/product/28/1670241192RYKHP191-3.jpg',0,'1670241192RYKHP191-3.jpg',28,'App\\Models\\Product','2022-12-05 09:53:12','2022-12-05 09:53:12'),(160,'/uploads/product/28/1670241193RYKHP191-4.jpg',0,'1670241193RYKHP191-4.jpg',28,'App\\Models\\Product','2022-12-05 09:53:13','2022-12-05 09:53:13'),(161,'/uploads/product/29/1670241431RYKHP189-1.jpg',0,'1670241431RYKHP189-1.jpg',29,'App\\Models\\Product','2022-12-05 09:57:11','2022-12-05 09:57:11'),(162,'/uploads/product/29/1670241432RYKHP189-2.jpg',0,'1670241432RYKHP189-2.jpg',29,'App\\Models\\Product','2022-12-05 09:57:12','2022-12-05 09:57:12'),(163,'/uploads/product/29/1670241432RYKHP189-3.jpg',0,'1670241432RYKHP189-3.jpg',29,'App\\Models\\Product','2022-12-05 09:57:12','2022-12-05 09:57:12'),(164,'/uploads/product/29/1670241433RYKHP189-4.jpg',0,'1670241433RYKHP189-4.jpg',29,'App\\Models\\Product','2022-12-05 09:57:13','2022-12-05 09:57:13'),(165,'/uploads/product/30/1670241625RYKHP193-1.jpg',0,'1670241625RYKHP193-1.jpg',30,'App\\Models\\Product','2022-12-05 10:00:25','2022-12-05 10:00:25'),(166,'/uploads/product/30/1670241625RYKHP193-2.jpg',0,'1670241625RYKHP193-2.jpg',30,'App\\Models\\Product','2022-12-05 10:00:25','2022-12-05 10:00:25'),(167,'/uploads/product/30/1670241626RYKHP193-3.jpg',0,'1670241626RYKHP193-3.jpg',30,'App\\Models\\Product','2022-12-05 10:00:26','2022-12-05 10:00:26'),(168,'/uploads/product/30/1670241626RYKHP193-4.jpg',0,'1670241626RYKHP193-4.jpg',30,'App\\Models\\Product','2022-12-05 10:00:26','2022-12-05 10:00:26'),(169,'/uploads/product/31/1670241804RYKHP197-1.jpg',0,'1670241804RYKHP197-1.jpg',31,'App\\Models\\Product','2022-12-05 10:03:24','2022-12-05 10:03:24'),(170,'/uploads/product/31/1670241805RYKHP197-2.jpg',0,'1670241805RYKHP197-2.jpg',31,'App\\Models\\Product','2022-12-05 10:03:25','2022-12-05 10:03:25'),(171,'/uploads/product/31/1670241806RYKHP197-3.jpg',0,'1670241806RYKHP197-3.jpg',31,'App\\Models\\Product','2022-12-05 10:03:26','2022-12-05 10:03:26'),(172,'/uploads/product/31/1670241806RYKHP197-4.jpg',0,'1670241806RYKHP197-4.jpg',31,'App\\Models\\Product','2022-12-05 10:03:26','2022-12-05 10:03:26'),(173,'/uploads/product/32/1670242068RYKHP202-1.jpg',0,'1670242068RYKHP202-1.jpg',32,'App\\Models\\Product','2022-12-05 10:07:48','2022-12-05 10:07:48'),(174,'/uploads/product/32/1670242070RYKHP202-2.jpg',0,'1670242070RYKHP202-2.jpg',32,'App\\Models\\Product','2022-12-05 10:07:50','2022-12-05 10:07:50'),(175,'/uploads/product/32/1670242071RYKHP202-3.jpg',0,'1670242071RYKHP202-3.jpg',32,'App\\Models\\Product','2022-12-05 10:07:51','2022-12-05 10:07:51'),(176,'/uploads/product/32/1670242072RYKHP202-4.jpg',0,'1670242072RYKHP202-4.jpg',32,'App\\Models\\Product','2022-12-05 10:07:52','2022-12-05 10:07:52'),(177,'/uploads/product/33/1670242196RYKHP192-1.jpg',0,'1670242196RYKHP192-1.jpg',33,'App\\Models\\Product','2022-12-05 10:09:56','2022-12-05 10:09:56'),(178,'/uploads/product/33/1670242197RYKHP192-2.jpg',0,'1670242197RYKHP192-2.jpg',33,'App\\Models\\Product','2022-12-05 10:09:57','2022-12-05 10:09:57'),(179,'/uploads/product/33/1670242197RYKHP192-3.jpg',0,'1670242197RYKHP192-3.jpg',33,'App\\Models\\Product','2022-12-05 10:09:57','2022-12-05 10:09:57'),(180,'/uploads/product/33/1670242198RYKHP192-4.jpg',0,'1670242198RYKHP192-4.jpg',33,'App\\Models\\Product','2022-12-05 10:09:58','2022-12-05 10:09:58'),(191,'/uploads/product/33/1670344526Untitled-2 copy 2_0005_Layer 7.jpg',1,'1670344526Untitled-2 copy 2_0005_Layer 7.jpg',33,'App\\Models\\Product','2022-12-06 14:35:26','2022-12-06 14:35:26'),(192,'/uploads/product/33/1670344526Untitled-2 copy 2_0006_Layer 8.jpg',1,'1670344526Untitled-2 copy 2_0006_Layer 8.jpg',33,'App\\Models\\Product','2022-12-06 14:35:26','2022-12-06 14:35:26'),(193,'/uploads/product/33/1670344527Untitled-2 copy 2_0009_Layer 11.jpg',1,'1670344527Untitled-2 copy 2_0009_Layer 11.jpg',33,'App\\Models\\Product','2022-12-06 14:35:27','2022-12-06 14:35:27'),(194,'/uploads/product/33/1670344528Untitled-2 copy 2_0010_Layer 12.jpg',1,'1670344528Untitled-2 copy 2_0010_Layer 12.jpg',33,'App\\Models\\Product','2022-12-06 14:35:28','2022-12-06 14:35:28'),(205,'/uploads/product/33/1670344915Untitled-2-copy-2_0007_Hue_Saturation-1.png',3,'1670344915Untitled-2-copy-2_0007_Hue_Saturation-1.png',33,'App\\Models\\Product','2022-12-06 14:41:55','2022-12-06 14:41:55'),(206,'/uploads/product/33/1670344915Untitled-2-copy-2_0008_Layer-14.png',3,'1670344915Untitled-2-copy-2_0008_Layer-14.png',33,'App\\Models\\Product','2022-12-06 14:41:55','2022-12-06 14:41:55'),(207,'/uploads/product/33/1670344916Untitled-2-copy-2_0009_Layer-16.png',3,'1670344916Untitled-2-copy-2_0009_Layer-16.png',33,'App\\Models\\Product','2022-12-06 14:41:56','2022-12-06 14:41:56'),(208,'/uploads/product/33/1670344916Untitled-2-copy-2_0010_Layer-18.png',3,'1670344916Untitled-2-copy-2_0010_Layer-18.png',33,'App\\Models\\Product','2022-12-06 14:41:56','2022-12-06 14:41:56'),(209,'/uploads/product/33/1670344916Untitled-2-copy-2_0011_Layer-20.png',3,'1670344916Untitled-2-copy-2_0011_Layer-20.png',33,'App\\Models\\Product','2022-12-06 14:41:56','2022-12-06 14:41:56'),(210,'/uploads/product/33/1670345092Untitled-2 copy 2_0046_Layer 48.jpg',2,'1670345092Untitled-2 copy 2_0046_Layer 48.jpg',33,'App\\Models\\Product','2022-12-06 14:44:52','2022-12-06 14:44:52'),(211,'/uploads/product/33/1670345093Untitled-2 copy 2_0047_Layer 49.jpg',2,'1670345093Untitled-2 copy 2_0047_Layer 49.jpg',33,'App\\Models\\Product','2022-12-06 14:44:53','2022-12-06 14:44:53'),(212,'/uploads/product/33/1670345093Untitled-2 copy 2_0048_Layer 50.jpg',2,'1670345093Untitled-2 copy 2_0048_Layer 50.jpg',33,'App\\Models\\Product','2022-12-06 14:44:53','2022-12-06 14:44:53'),(213,'/uploads/product/33/1670345098Untitled-2-copy-2_0007_Hue_Saturation-1.png',4,'1670345098Untitled-2-copy-2_0007_Hue_Saturation-1.png',33,'App\\Models\\Product','2022-12-06 14:44:58','2022-12-06 14:44:58'),(214,'/uploads/product/33/1670345099Untitled-2-copy-2_0008_Layer-14.png',4,'1670345099Untitled-2-copy-2_0008_Layer-14.png',33,'App\\Models\\Product','2022-12-06 14:44:59','2022-12-06 14:44:59'),(217,'/uploads/product/37/1670465978promo-12-1.jpg',0,'1670465978promo-12-1.jpg',37,'App\\Models\\Product','2022-12-08 00:19:38','2022-12-08 00:19:38'),(218,'/uploads/product/39/1670488329RYKHP145-2.jpg',0,'1670488329RYKHP145-2.jpg',39,'App\\Models\\Product','2022-12-08 06:32:09','2022-12-08 06:32:09'),(219,'/uploads/product/39/1670488330RYKHP145-3.jpg',0,'1670488330RYKHP145-3.jpg',39,'App\\Models\\Product','2022-12-08 06:32:10','2022-12-08 06:32:10'),(220,'/uploads/product/39/1670488330RYKHP145-4.jpg',0,'1670488330RYKHP145-4.jpg',39,'App\\Models\\Product','2022-12-08 06:32:10','2022-12-08 06:32:10'),(221,'/uploads/product/42/1670865757Untitled-2-copy-2_0003_Layer-12.png',1,'1670865757Untitled-2-copy-2_0003_Layer-12.png',42,'App\\Models\\Product','2022-12-12 15:22:37','2022-12-12 15:22:37'),(222,'/uploads/product/42/1670865773Untitled-2-copy-2_0003_Layer-12.png',3,'1670865773Untitled-2-copy-2_0003_Layer-12.png',42,'App\\Models\\Product','2022-12-12 15:22:53','2022-12-12 15:22:53'),(223,'/uploads/product/42/1670865802Untitled-2 copy 2_0007_Layer 9.jpg',1,'1670865802Untitled-2 copy 2_0007_Layer 9.jpg',42,'App\\Models\\Product','2022-12-12 15:23:22','2022-12-12 15:23:22'),(224,'/uploads/product/42/1670865803Untitled-2 copy 2_0014_Layer 16.jpg',1,'1670865803Untitled-2 copy 2_0014_Layer 16.jpg',42,'App\\Models\\Product','2022-12-12 15:23:23','2022-12-12 15:23:23'),(225,'/uploads/product/42/1670865803Untitled-2 copy 2_0017_Layer 19.jpg',1,'1670865803Untitled-2 copy 2_0017_Layer 19.jpg',42,'App\\Models\\Product','2022-12-12 15:23:23','2022-12-12 15:23:23'),(226,'/uploads/product/42/1670865803Untitled-2 copy 2_0022_Layer 24.jpg',1,'1670865803Untitled-2 copy 2_0022_Layer 24.jpg',42,'App\\Models\\Product','2022-12-12 15:23:23','2022-12-12 15:23:23'),(227,'/uploads/product/42/1670865804Untitled-2 copy 2_0064_Layer 65.jpg',1,'1670865804Untitled-2 copy 2_0064_Layer 65.jpg',42,'App\\Models\\Product','2022-12-12 15:23:24','2022-12-12 15:23:24'),(228,'/uploads/product/42/1670865819Untitled-2 copy 2_0041_Layer 43.jpg',1,'1670865819Untitled-2 copy 2_0041_Layer 43.jpg',42,'App\\Models\\Product','2022-12-12 15:23:39','2022-12-12 15:23:39'),(229,'/uploads/product/42/1670865868rydn37-1.jpg',0,'1670865868rydn37-1.jpg',42,'App\\Models\\Product','2022-12-12 15:24:28','2022-12-12 15:24:28'),(230,'/uploads/product/42/1670865869rydn37-2.jpg',0,'1670865869rydn37-2.jpg',42,'App\\Models\\Product','2022-12-12 15:24:29','2022-12-12 15:24:29'),(231,'/uploads/product/42/1670865869rydn37-3.jpg',0,'1670865869rydn37-3.jpg',42,'App\\Models\\Product','2022-12-12 15:24:29','2022-12-12 15:24:29'),(232,'/uploads/product/43/1670866256rydn37-2.jpg',0,'1670866256rydn37-2.jpg',43,'App\\Models\\Product','2022-12-12 15:30:56','2022-12-12 15:30:56'),(233,'/uploads/product/43/1670866257rydn37-3.jpg',0,'1670866257rydn37-3.jpg',43,'App\\Models\\Product','2022-12-12 15:30:57','2022-12-12 15:30:57'),(234,'/uploads/product/43/1670866330rydn37-1.jpg',0,'1670866330rydn37-1.jpg',43,'App\\Models\\Product','2022-12-12 15:32:10','2022-12-12 15:32:10'),(235,'/uploads/product/45/1670924453RYHL1-2.jpg',0,'1670924453RYHL1-2.jpg',45,'App\\Models\\Product','2022-12-13 07:40:53','2022-12-13 07:40:53'),(236,'/uploads/product/45/1670924453RYHL1-3.jpg',0,'1670924453RYHL1-3.jpg',45,'App\\Models\\Product','2022-12-13 07:40:53','2022-12-13 07:40:53'),(237,'/uploads/product/45/1670924603RYHL1-1.jpg',0,'1670924603RYHL1-1.jpg',45,'App\\Models\\Product','2022-12-13 07:43:23','2022-12-13 07:43:23'),(238,'/uploads/product/47/1670964258RYHL1-1.jpg',0,'1670964258RYHL1-1.jpg',47,'App\\Models\\Product','2022-12-13 18:44:18','2022-12-13 18:44:18'),(241,'/uploads/product/47/1670964603RYHL1-4.jpg',0,'1670964603RYHL1-4.jpg',47,'App\\Models\\Product','2022-12-13 18:50:03','2022-12-13 18:50:03'),(242,'/uploads/product/47/1670964631RYHL1-2.jpg',0,'1670964631RYHL1-2.jpg',47,'App\\Models\\Product','2022-12-13 18:50:31','2022-12-13 18:50:31'),(243,'/uploads/product/47/1670964632RYHL1-3.jpg',0,'1670964632RYHL1-3.jpg',47,'App\\Models\\Product','2022-12-13 18:50:32','2022-12-13 18:50:32'),(244,'/uploads/product/47/1670964632RYHL1-4.jpg',0,'1670964632RYHL1-4.jpg',47,'App\\Models\\Product','2022-12-13 18:50:32','2022-12-13 18:50:32'),(245,'/uploads/product/48/1670965172RYHL2-1.jpg',0,'1670965172RYHL2-1.jpg',48,'App\\Models\\Product','2022-12-13 18:59:32','2022-12-13 18:59:32'),(246,'/uploads/product/48/1670965173RYHL2-2.jpg',0,'1670965173RYHL2-2.jpg',48,'App\\Models\\Product','2022-12-13 18:59:33','2022-12-13 18:59:33'),(247,'/uploads/product/48/1670965173RYHL2-3.jpg',0,'1670965173RYHL2-3.jpg',48,'App\\Models\\Product','2022-12-13 18:59:33','2022-12-13 18:59:33'),(248,'/uploads/product/48/1670965174RYHL2-4.jpg',0,'1670965174RYHL2-4.jpg',48,'App\\Models\\Product','2022-12-13 18:59:34','2022-12-13 18:59:34'),(257,'/uploads/product/49/1670967221RYHL4-1.jpg',0,'1670967221RYHL4-1.jpg',49,'App\\Models\\Product','2022-12-13 19:33:41','2022-12-13 19:33:41'),(258,'/uploads/product/49/1670967221RYHL4-2.jpg',0,'1670967221RYHL4-2.jpg',49,'App\\Models\\Product','2022-12-13 19:33:41','2022-12-13 19:33:41'),(265,'/uploads/product/50/1670969492RYHL3-1.jpg',0,'1670969492RYHL3-1.jpg',50,'App\\Models\\Product','2022-12-13 20:11:32','2022-12-13 20:11:32'),(266,'/uploads/product/50/1670969492RYHL3-2.jpg',0,'1670969492RYHL3-2.jpg',50,'App\\Models\\Product','2022-12-13 20:11:32','2022-12-13 20:11:32'),(267,'/uploads/product/50/1670969493RYHL3-3.jpg',0,'1670969493RYHL3-3.jpg',50,'App\\Models\\Product','2022-12-13 20:11:33','2022-12-13 20:11:33'),(268,'/uploads/product/50/1670969493RYHL3-4.jpg',0,'1670969493RYHL3-4.jpg',50,'App\\Models\\Product','2022-12-13 20:11:33','2022-12-13 20:11:33'),(269,'/uploads/product/51/1670970440RYHL5-1.jpg',0,'1670970440RYHL5-1.jpg',51,'App\\Models\\Product','2022-12-13 20:27:20','2022-12-13 20:27:20'),(270,'/uploads/product/51/1670970441RYHL5-2.jpg',0,'1670970441RYHL5-2.jpg',51,'App\\Models\\Product','2022-12-13 20:27:21','2022-12-13 20:27:21'),(277,'/uploads/product/52/1670971458RYHL6-1.jpg',0,'1670971458RYHL6-1.jpg',52,'App\\Models\\Product','2022-12-13 20:44:18','2022-12-13 20:44:18'),(278,'/uploads/product/52/1670971458RYHL6-2.jpg',0,'1670971458RYHL6-2.jpg',52,'App\\Models\\Product','2022-12-13 20:44:18','2022-12-13 20:44:18'),(279,'/uploads/product/52/1670971459RYHL6-3.jpg',0,'1670971459RYHL6-3.jpg',52,'App\\Models\\Product','2022-12-13 20:44:19','2022-12-13 20:44:19'),(287,'/uploads/product/53/1670972407rydn37-1.jpg',0,'1670972407rydn37-1.jpg',53,'App\\Models\\Product','2022-12-13 21:00:07','2022-12-13 21:00:07'),(288,'/uploads/product/53/1670972408rydn37-2.jpg',0,'1670972408rydn37-2.jpg',53,'App\\Models\\Product','2022-12-13 21:00:08','2022-12-13 21:00:08'),(289,'/uploads/product/53/1670972408rydn37-3.jpg',0,'1670972408rydn37-3.jpg',53,'App\\Models\\Product','2022-12-13 21:00:08','2022-12-13 21:00:08'),(298,'/uploads/product/54/1670973321rydn36-1.jpg',0,'1670973321rydn36-1.jpg',54,'App\\Models\\Product','2022-12-13 21:15:21','2022-12-13 21:15:21'),(299,'/uploads/product/54/1670973322rydn36-2.jpg',0,'1670973322rydn36-2.jpg',54,'App\\Models\\Product','2022-12-13 21:15:22','2022-12-13 21:15:22'),(300,'/uploads/product/54/1670973322rydn36-3.jpg',0,'1670973322rydn36-3.jpg',54,'App\\Models\\Product','2022-12-13 21:15:22','2022-12-13 21:15:22'),(302,'/uploads/product/56/1671009463ttt2.png',0,'1671009463ttt2.png',56,'App\\Models\\Product','2022-12-14 07:17:43','2022-12-14 07:17:43'),(303,'/uploads/product/54/1671012896download-1.jpg',2,'1671012896download-1.jpg',54,'App\\Models\\Product','2022-12-14 08:14:56','2022-12-14 08:14:56'),(304,'/uploads/product/54/1671012896download-2.jpg',2,'1671012896download-2.jpg',54,'App\\Models\\Product','2022-12-14 08:14:56','2022-12-14 08:14:56'),(305,'/uploads/product/54/1671012897download-3.jpg',2,'1671012897download-3.jpg',54,'App\\Models\\Product','2022-12-14 08:14:57','2022-12-14 08:14:57'),(306,'/uploads/product/54/1671012897download.jpg',2,'1671012897download.jpg',54,'App\\Models\\Product','2022-12-14 08:14:57','2022-12-14 08:14:57'),(307,'/uploads/product/54/1671012899download-1.jpg',4,'1671012899download-1.jpg',54,'App\\Models\\Product','2022-12-14 08:14:59','2022-12-14 08:14:59'),(308,'/uploads/product/54/1671012899download-2.jpg',4,'1671012899download-2.jpg',54,'App\\Models\\Product','2022-12-14 08:14:59','2022-12-14 08:14:59'),(309,'/uploads/product/54/1671012899download-3.jpg',4,'1671012899download-3.jpg',54,'App\\Models\\Product','2022-12-14 08:14:59','2022-12-14 08:14:59'),(310,'/uploads/product/54/1671012900download.jpg',4,'1671012900download.jpg',54,'App\\Models\\Product','2022-12-14 08:15:00','2022-12-14 08:15:00'),(311,'/uploads/product/58/1671052281rydn35-1.jpg',0,'1671052281rydn35-1.jpg',58,'App\\Models\\Product','2022-12-14 19:11:21','2022-12-14 19:11:21'),(312,'/uploads/product/58/1671052282rydn35-2.jpg',0,'1671052282rydn35-2.jpg',58,'App\\Models\\Product','2022-12-14 19:11:22','2022-12-14 19:11:22'),(313,'/uploads/product/58/1671052282rydn35-3.jpg',0,'1671052282rydn35-3.jpg',58,'App\\Models\\Product','2022-12-14 19:11:22','2022-12-14 19:11:22'),(322,'/uploads/product/59/1671052974rydn34-1.jpg',0,'1671052974rydn34-1.jpg',59,'App\\Models\\Product','2022-12-14 19:22:54','2022-12-14 19:22:54'),(323,'/uploads/product/59/1671052974rydn34-2.jpg',0,'1671052974rydn34-2.jpg',59,'App\\Models\\Product','2022-12-14 19:22:54','2022-12-14 19:22:54'),(324,'/uploads/product/59/1671052974rydn34-3.jpg',0,'1671052974rydn34-3.jpg',59,'App\\Models\\Product','2022-12-14 19:22:54','2022-12-14 19:22:54'),(332,'/uploads/product/60/1671053527rydn33-1.jpg',0,'1671053527rydn33-1.jpg',60,'App\\Models\\Product','2022-12-14 19:32:07','2022-12-14 19:32:07'),(333,'/uploads/product/60/1671053527rydn33-2.jpg',0,'1671053527rydn33-2.jpg',60,'App\\Models\\Product','2022-12-14 19:32:07','2022-12-14 19:32:07'),(334,'/uploads/product/60/1671053527rydn33-3.jpg',0,'1671053527rydn33-3.jpg',60,'App\\Models\\Product','2022-12-14 19:32:07','2022-12-14 19:32:07'),(335,'/uploads/product/61/1671057819rydn32-1.jpg',0,'1671057819rydn32-1.jpg',61,'App\\Models\\Product','2022-12-14 20:43:39','2022-12-14 20:43:39'),(336,'/uploads/product/61/1671057820rydn32-2.jpg',0,'1671057820rydn32-2.jpg',61,'App\\Models\\Product','2022-12-14 20:43:40','2022-12-14 20:43:40'),(337,'/uploads/product/61/1671057820rydn32-3.jpg',0,'1671057820rydn32-3.jpg',61,'App\\Models\\Product','2022-12-14 20:43:40','2022-12-14 20:43:40'),(344,'/uploads/product/62/1671060356rydn31-1.jpg',0,'1671060356rydn31-1.jpg',62,'App\\Models\\Product','2022-12-14 21:25:56','2022-12-14 21:25:56'),(345,'/uploads/product/62/1671060357rydn31-2.jpg',0,'1671060357rydn31-2.jpg',62,'App\\Models\\Product','2022-12-14 21:25:57','2022-12-14 21:25:57'),(346,'/uploads/product/62/1671060357rydn31-3.jpg',0,'1671060357rydn31-3.jpg',62,'App\\Models\\Product','2022-12-14 21:25:57','2022-12-14 21:25:57'),(357,'/uploads/product/63/1671061032rydn27-1.jpg',0,'1671061032rydn27-1.jpg',63,'App\\Models\\Product','2022-12-14 21:37:12','2022-12-14 21:37:12'),(358,'/uploads/product/63/1671061033rydn27-2.jpg',0,'1671061033rydn27-2.jpg',63,'App\\Models\\Product','2022-12-14 21:37:13','2022-12-14 21:37:13'),(359,'/uploads/product/63/1671061033rydn27-3.jpg',0,'1671061033rydn27-3.jpg',63,'App\\Models\\Product','2022-12-14 21:37:13','2022-12-14 21:37:13'),(360,'/uploads/product/64/1671061493rydn25-1.jpg',0,'1671061493rydn25-1.jpg',64,'App\\Models\\Product','2022-12-14 21:44:53','2022-12-14 21:44:53'),(361,'/uploads/product/64/1671061493rydn25-2.jpg',0,'1671061493rydn25-2.jpg',64,'App\\Models\\Product','2022-12-14 21:44:53','2022-12-14 21:44:53'),(362,'/uploads/product/64/1671061494rydn25-3.jpg',0,'1671061494rydn25-3.jpg',64,'App\\Models\\Product','2022-12-14 21:44:54','2022-12-14 21:44:54'),(371,'/uploads/product/65/1671062288rydn24-1.jpg',0,'1671062288rydn24-1.jpg',65,'App\\Models\\Product','2022-12-14 21:58:08','2022-12-14 21:58:08'),(372,'/uploads/product/65/1671062288rydn24-2.jpg',0,'1671062288rydn24-2.jpg',65,'App\\Models\\Product','2022-12-14 21:58:08','2022-12-14 21:58:08'),(373,'/uploads/product/65/1671062289rydn24-3.jpg',0,'1671062289rydn24-3.jpg',65,'App\\Models\\Product','2022-12-14 21:58:09','2022-12-14 21:58:09'),(382,'/uploads/product/66/1671062810rydn23-1.jpg',0,'1671062810rydn23-1.jpg',66,'App\\Models\\Product','2022-12-14 22:06:50','2022-12-14 22:06:50'),(383,'/uploads/product/66/1671062811rydn23-2.jpg',0,'1671062811rydn23-2.jpg',66,'App\\Models\\Product','2022-12-14 22:06:51','2022-12-14 22:06:51'),(384,'/uploads/product/66/1671062811rydn23-3.jpg',0,'1671062811rydn23-3.jpg',66,'App\\Models\\Product','2022-12-14 22:06:51','2022-12-14 22:06:51'),(385,'/uploads/product/68/1671273427RYKHK25-1.png',0,'1671273427RYKHK25-1.png',68,'App\\Models\\Product','2022-12-17 08:37:07','2022-12-17 08:37:07'),(386,'/uploads/product/68/1671273431RYKHK25-2.png',0,'1671273431RYKHK25-2.png',68,'App\\Models\\Product','2022-12-17 08:37:11','2022-12-17 08:37:11'),(392,'/uploads/product/69/1671317117ryco19-1.jpg',0,'1671317117ryco19-1.jpg',69,'App\\Models\\Product','2022-12-17 20:45:17','2022-12-17 20:45:17'),(393,'/uploads/product/69/1671317118ryco19-2.jpg',0,'1671317118ryco19-2.jpg',69,'App\\Models\\Product','2022-12-17 20:45:18','2022-12-17 20:45:18'),(394,'/uploads/product/69/1671317118ryco19-3.jpg',0,'1671317118ryco19-3.jpg',69,'App\\Models\\Product','2022-12-17 20:45:18','2022-12-17 20:45:18'),(399,'/uploads/product/70/1671318090ryco18-1.jpg',0,'1671318090ryco18-1.jpg',70,'App\\Models\\Product','2022-12-17 21:01:30','2022-12-17 21:01:30'),(400,'/uploads/product/70/1671318091ryco18-2.jpg',0,'1671318091ryco18-2.jpg',70,'App\\Models\\Product','2022-12-17 21:01:31','2022-12-17 21:01:31'),(401,'/uploads/product/70/1671318091ryco18-3.jpg',0,'1671318091ryco18-3.jpg',70,'App\\Models\\Product','2022-12-17 21:01:31','2022-12-17 21:01:31'),(408,'/uploads/product/71/1671318719ryco17-1.jpg',0,'1671318719ryco17-1.jpg',71,'App\\Models\\Product','2022-12-17 21:11:59','2022-12-17 21:11:59'),(409,'/uploads/product/71/1671318720ryco17-2.jpg',0,'1671318720ryco17-2.jpg',71,'App\\Models\\Product','2022-12-17 21:12:00','2022-12-17 21:12:00'),(410,'/uploads/product/71/1671318720ryco17-3.jpg',0,'1671318720ryco17-3.jpg',71,'App\\Models\\Product','2022-12-17 21:12:00','2022-12-17 21:12:00'),(417,'/uploads/product/72/1671319219ryco16-1.jpg',0,'1671319219ryco16-1.jpg',72,'App\\Models\\Product','2022-12-17 21:20:19','2022-12-17 21:20:19'),(418,'/uploads/product/72/1671319220ryco16-2.jpg',0,'1671319220ryco16-2.jpg',72,'App\\Models\\Product','2022-12-17 21:20:20','2022-12-17 21:20:20'),(419,'/uploads/product/72/1671319220ryco16-3.jpg',0,'1671319220ryco16-3.jpg',72,'App\\Models\\Product','2022-12-17 21:20:20','2022-12-17 21:20:20'),(420,'/uploads/product/73/1671319650ryco14-1.jpg',0,'1671319650ryco14-1.jpg',73,'App\\Models\\Product','2022-12-17 21:27:30','2022-12-17 21:27:30'),(421,'/uploads/product/73/1671319650ryco14-2.jpg',0,'1671319650ryco14-2.jpg',73,'App\\Models\\Product','2022-12-17 21:27:30','2022-12-17 21:27:30'),(422,'/uploads/product/73/1671319651ryco14-3.jpg',0,'1671319651ryco14-3.jpg',73,'App\\Models\\Product','2022-12-17 21:27:31','2022-12-17 21:27:31'),(430,'/uploads/product/74/1671320216ryco13-1.jpg',0,'1671320216ryco13-1.jpg',74,'App\\Models\\Product','2022-12-17 21:36:56','2022-12-17 21:36:56'),(431,'/uploads/product/74/1671320216ryco13-2.jpg',0,'1671320216ryco13-2.jpg',74,'App\\Models\\Product','2022-12-17 21:36:56','2022-12-17 21:36:56'),(432,'/uploads/product/74/1671320217ryco13-3.jpg',0,'1671320217ryco13-3.jpg',74,'App\\Models\\Product','2022-12-17 21:36:57','2022-12-17 21:36:57'),(440,'/uploads/product/75/1671320725ryco12-1.jpg',0,'1671320725ryco12-1.jpg',75,'App\\Models\\Product','2022-12-17 21:45:25','2022-12-17 21:45:25'),(441,'/uploads/product/75/1671320726ryco12-2.jpg',0,'1671320726ryco12-2.jpg',75,'App\\Models\\Product','2022-12-17 21:45:26','2022-12-17 21:45:26'),(442,'/uploads/product/75/1671320726ryco12-3.jpg',0,'1671320726ryco12-3.jpg',75,'App\\Models\\Product','2022-12-17 21:45:26','2022-12-17 21:45:26'),(456,'/uploads/product/76/1671321410ryco11-1.jpg',0,'1671321410ryco11-1.jpg',76,'App\\Models\\Product','2022-12-17 21:56:50','2022-12-17 21:56:50'),(457,'/uploads/product/76/1671321410ryco11-2.jpg',0,'1671321410ryco11-2.jpg',76,'App\\Models\\Product','2022-12-17 21:56:50','2022-12-17 21:56:50'),(465,'/uploads/product/77/1671322523ryco10-1.jpg',0,'1671322523ryco10-1.jpg',77,'App\\Models\\Product','2022-12-17 22:15:23','2022-12-17 22:15:23'),(466,'/uploads/product/77/1671322524ryco10-2.jpg',0,'1671322524ryco10-2.jpg',77,'App\\Models\\Product','2022-12-17 22:15:24','2022-12-17 22:15:24'),(474,'/uploads/product/78/1671322861ryco8-1.jpg',0,'1671322861ryco8-1.jpg',78,'App\\Models\\Product','2022-12-17 22:21:01','2022-12-17 22:21:01'),(475,'/uploads/product/78/1671322862ryco8-2.jpg',0,'1671322862ryco8-2.jpg',78,'App\\Models\\Product','2022-12-17 22:21:02','2022-12-17 22:21:02'),(476,'/uploads/product/78/1671322862ryco8-3.jpg',0,'1671322862ryco8-3.jpg',78,'App\\Models\\Product','2022-12-17 22:21:02','2022-12-17 22:21:02'),(477,'/uploads/product/49/1671353465g.aamateurs-gold.jpg',1,'1671353465g.aamateurs-gold.jpg',49,'App\\Models\\Product','2022-12-18 06:51:05','2022-12-18 06:51:05'),(478,'/uploads/product/49/1671353466names-new_0005_Vector-Smart-Object.jpg',1,'1671353466names-new_0005_Vector-Smart-Object.jpg',49,'App\\Models\\Product','2022-12-18 06:51:06','2022-12-18 06:51:06'),(479,'/uploads/product/49/1671353466names-new_0007_Vector-Smart-Object.jpg',1,'1671353466names-new_0007_Vector-Smart-Object.jpg',49,'App\\Models\\Product','2022-12-18 06:51:06','2022-12-18 06:51:06'),(480,'/uploads/product/49/1671353467names-new_0009_Vector-Smart-Object.jpg',1,'1671353467names-new_0009_Vector-Smart-Object.jpg',49,'App\\Models\\Product','2022-12-18 06:51:07','2022-12-18 06:51:07'),(481,'/uploads/product/49/1671353467names-new_0011_Vector-Smart-Object.jpg',1,'1671353467names-new_0011_Vector-Smart-Object.jpg',49,'App\\Models\\Product','2022-12-18 06:51:07','2022-12-18 06:51:07'),(482,'/uploads/product/49/1671353468names-new_0013_Vector-Smart-Object.jpg',1,'1671353468names-new_0013_Vector-Smart-Object.jpg',49,'App\\Models\\Product','2022-12-18 06:51:08','2022-12-18 06:51:08'),(483,'/uploads/product/49/1671353468names-new_0015_Vector-Smart-Object.jpg',1,'1671353468names-new_0015_Vector-Smart-Object.jpg',49,'App\\Models\\Product','2022-12-18 06:51:08','2022-12-18 06:51:08'),(484,'/uploads/product/49/1671353489g.aamateurs-gold.jpg',1,'1671353489g.aamateurs-gold.jpg',49,'App\\Models\\Product','2022-12-18 06:51:29','2022-12-18 06:51:29'),(485,'/uploads/product/49/1671353490names-new_0005_Vector-Smart-Object.jpg',1,'1671353490names-new_0005_Vector-Smart-Object.jpg',49,'App\\Models\\Product','2022-12-18 06:51:30','2022-12-18 06:51:30'),(486,'/uploads/product/49/1671353490names-new_0007_Vector-Smart-Object.jpg',1,'1671353490names-new_0007_Vector-Smart-Object.jpg',49,'App\\Models\\Product','2022-12-18 06:51:30','2022-12-18 06:51:30'),(487,'/uploads/product/49/1671353491names-new_0009_Vector-Smart-Object.jpg',1,'1671353491names-new_0009_Vector-Smart-Object.jpg',49,'App\\Models\\Product','2022-12-18 06:51:31','2022-12-18 06:51:31'),(488,'/uploads/product/49/1671353491names-new_0011_Vector-Smart-Object.jpg',1,'1671353491names-new_0011_Vector-Smart-Object.jpg',49,'App\\Models\\Product','2022-12-18 06:51:31','2022-12-18 06:51:31'),(489,'/uploads/product/49/1671353492names-new_0013_Vector-Smart-Object.jpg',1,'1671353492names-new_0013_Vector-Smart-Object.jpg',49,'App\\Models\\Product','2022-12-18 06:51:32','2022-12-18 06:51:32'),(490,'/uploads/product/49/1671353492names-new_0015_Vector-Smart-Object.jpg',1,'1671353492names-new_0015_Vector-Smart-Object.jpg',49,'App\\Models\\Product','2022-12-18 06:51:32','2022-12-18 06:51:32'),(491,'/uploads/product/49/1671353528names-new_0003_إسْمَك-هُنــَــا-copy-3.jpg',3,'1671353528names-new_0003_إسْمَك-هُنــَــا-copy-3.jpg',49,'App\\Models\\Product','2022-12-18 06:52:08','2022-12-18 06:52:08'),(492,'/uploads/product/49/1671353882names-new2.jpg',3,'1671353882names-new2.jpg',49,'App\\Models\\Product','2022-12-18 06:58:02','2022-12-18 06:58:02'),(493,'/uploads/product/50/1671353919g.aamateurs-gold.jpg',1,'1671353919g.aamateurs-gold.jpg',50,'App\\Models\\Product','2022-12-18 06:58:39','2022-12-18 06:58:39'),(494,'/uploads/product/50/1671353920names-new_0005_Vector-Smart-Object.jpg',1,'1671353920names-new_0005_Vector-Smart-Object.jpg',50,'App\\Models\\Product','2022-12-18 06:58:40','2022-12-18 06:58:40'),(495,'/uploads/product/50/1671353920names-new_0007_Vector-Smart-Object.jpg',1,'1671353920names-new_0007_Vector-Smart-Object.jpg',50,'App\\Models\\Product','2022-12-18 06:58:40','2022-12-18 06:58:40'),(496,'/uploads/product/50/1671353921names-new_0009_Vector-Smart-Object.jpg',1,'1671353921names-new_0009_Vector-Smart-Object.jpg',50,'App\\Models\\Product','2022-12-18 06:58:41','2022-12-18 06:58:41'),(497,'/uploads/product/50/1671353921names-new_0011_Vector-Smart-Object.jpg',1,'1671353921names-new_0011_Vector-Smart-Object.jpg',50,'App\\Models\\Product','2022-12-18 06:58:41','2022-12-18 06:58:41'),(498,'/uploads/product/50/1671353921names-new_0013_Vector-Smart-Object.jpg',1,'1671353921names-new_0013_Vector-Smart-Object.jpg',50,'App\\Models\\Product','2022-12-18 06:58:41','2022-12-18 06:58:41'),(499,'/uploads/product/50/1671353922names-new_0015_Vector-Smart-Object.jpg',1,'1671353922names-new_0015_Vector-Smart-Object.jpg',50,'App\\Models\\Product','2022-12-18 06:58:42','2022-12-18 06:58:42'),(502,'/uploads/product/50/1671354204names-new3.jpg',3,'1671354204names-new3.jpg',50,'App\\Models\\Product','2022-12-18 07:03:24','2022-12-18 07:03:24'),(503,'/uploads/product/60/1671354254g.aamateurs-gold.jpg',1,'1671354254g.aamateurs-gold.jpg',60,'App\\Models\\Product','2022-12-18 07:04:14','2022-12-18 07:04:14'),(504,'/uploads/product/60/1671354255names-new_0005_Vector-Smart-Object.jpg',1,'1671354255names-new_0005_Vector-Smart-Object.jpg',60,'App\\Models\\Product','2022-12-18 07:04:15','2022-12-18 07:04:15'),(505,'/uploads/product/60/1671354255names-new_0007_Vector-Smart-Object.jpg',1,'1671354255names-new_0007_Vector-Smart-Object.jpg',60,'App\\Models\\Product','2022-12-18 07:04:15','2022-12-18 07:04:15'),(506,'/uploads/product/60/1671354256names-new_0009_Vector-Smart-Object.jpg',1,'1671354256names-new_0009_Vector-Smart-Object.jpg',60,'App\\Models\\Product','2022-12-18 07:04:16','2022-12-18 07:04:16'),(507,'/uploads/product/60/1671354256names-new_0011_Vector-Smart-Object.jpg',1,'1671354256names-new_0011_Vector-Smart-Object.jpg',60,'App\\Models\\Product','2022-12-18 07:04:16','2022-12-18 07:04:16'),(508,'/uploads/product/60/1671354256names-new_0013_Vector-Smart-Object.jpg',1,'1671354256names-new_0013_Vector-Smart-Object.jpg',60,'App\\Models\\Product','2022-12-18 07:04:16','2022-12-18 07:04:16'),(509,'/uploads/product/60/1671354257names-new_0015_Vector-Smart-Object.jpg',1,'1671354257names-new_0015_Vector-Smart-Object.jpg',60,'App\\Models\\Product','2022-12-18 07:04:17','2022-12-18 07:04:17'),(510,'/uploads/product/60/1671354263names-new_0003_إسْمَك-هُنــَــا-copy-3.jpg',3,'1671354263names-new_0003_إسْمَك-هُنــَــا-copy-3.jpg',60,'App\\Models\\Product','2022-12-18 07:04:23','2022-12-18 07:04:23'),(511,'/uploads/product/59/1671354296names-new_0005_Vector-Smart-Object.jpg',1,'1671354296names-new_0005_Vector-Smart-Object.jpg',59,'App\\Models\\Product','2022-12-18 07:04:56','2022-12-18 07:04:56'),(512,'/uploads/product/59/1671354297names-new_0007_Vector-Smart-Object.jpg',1,'1671354297names-new_0007_Vector-Smart-Object.jpg',59,'App\\Models\\Product','2022-12-18 07:04:57','2022-12-18 07:04:57'),(513,'/uploads/product/59/1671354297names-new_0009_Vector-Smart-Object.jpg',1,'1671354297names-new_0009_Vector-Smart-Object.jpg',59,'App\\Models\\Product','2022-12-18 07:04:57','2022-12-18 07:04:57'),(514,'/uploads/product/59/1671354298names-new_0011_Vector-Smart-Object.jpg',1,'1671354298names-new_0011_Vector-Smart-Object.jpg',59,'App\\Models\\Product','2022-12-18 07:04:58','2022-12-18 07:04:58'),(515,'/uploads/product/59/1671354298names-new_0013_Vector-Smart-Object.jpg',1,'1671354298names-new_0013_Vector-Smart-Object.jpg',59,'App\\Models\\Product','2022-12-18 07:04:58','2022-12-18 07:04:58'),(516,'/uploads/product/59/1671354299names-new_0015_Vector-Smart-Object.jpg',1,'1671354299names-new_0015_Vector-Smart-Object.jpg',59,'App\\Models\\Product','2022-12-18 07:04:59','2022-12-18 07:04:59'),(517,'/uploads/product/59/1671354299names-new_0003_إسْمَك-هُنــَــا-copy-3.jpg',3,'1671354299names-new_0003_إسْمَك-هُنــَــا-copy-3.jpg',59,'App\\Models\\Product','2022-12-18 07:04:59','2022-12-18 07:04:59'),(518,'/uploads/product/53/1671354349g.aamateurs-gold.jpg',1,'1671354349g.aamateurs-gold.jpg',53,'App\\Models\\Product','2022-12-18 07:05:49','2022-12-18 07:05:49'),(519,'/uploads/product/53/1671354349names-new_0005_Vector-Smart-Object.jpg',1,'1671354349names-new_0005_Vector-Smart-Object.jpg',53,'App\\Models\\Product','2022-12-18 07:05:49','2022-12-18 07:05:49'),(520,'/uploads/product/53/1671354350names-new_0007_Vector-Smart-Object.jpg',1,'1671354350names-new_0007_Vector-Smart-Object.jpg',53,'App\\Models\\Product','2022-12-18 07:05:50','2022-12-18 07:05:50'),(521,'/uploads/product/53/1671354350names-new_0009_Vector-Smart-Object.jpg',1,'1671354350names-new_0009_Vector-Smart-Object.jpg',53,'App\\Models\\Product','2022-12-18 07:05:50','2022-12-18 07:05:50'),(522,'/uploads/product/53/1671354350names-new_0011_Vector-Smart-Object.jpg',1,'1671354350names-new_0011_Vector-Smart-Object.jpg',53,'App\\Models\\Product','2022-12-18 07:05:50','2022-12-18 07:05:50'),(523,'/uploads/product/53/1671354351names-new_0013_Vector-Smart-Object.jpg',1,'1671354351names-new_0013_Vector-Smart-Object.jpg',53,'App\\Models\\Product','2022-12-18 07:05:51','2022-12-18 07:05:51'),(524,'/uploads/product/53/1671354351names-new_0001_إسْمَك-هُنــَــا-copy.jpg',3,'1671354351names-new_0001_إسْمَك-هُنــَــا-copy.jpg',53,'App\\Models\\Product','2022-12-18 07:05:51','2022-12-18 07:05:51'),(525,'/uploads/product/53/1671354352names-new_0015_Vector-Smart-Object.jpg',1,'1671354352names-new_0015_Vector-Smart-Object.jpg',53,'App\\Models\\Product','2022-12-18 07:05:52','2022-12-18 07:05:52'),(526,'/uploads/product/52/1671354383g.aamateurs-gold.jpg',1,'1671354383g.aamateurs-gold.jpg',52,'App\\Models\\Product','2022-12-18 07:06:23','2022-12-18 07:06:23'),(527,'/uploads/product/52/1671354383names-new_0005_Vector-Smart-Object.jpg',1,'1671354383names-new_0005_Vector-Smart-Object.jpg',52,'App\\Models\\Product','2022-12-18 07:06:23','2022-12-18 07:06:23'),(528,'/uploads/product/52/1671354384names-new_0007_Vector-Smart-Object.jpg',1,'1671354384names-new_0007_Vector-Smart-Object.jpg',52,'App\\Models\\Product','2022-12-18 07:06:24','2022-12-18 07:06:24'),(529,'/uploads/product/52/1671354384names-new_0009_Vector-Smart-Object.jpg',1,'1671354384names-new_0009_Vector-Smart-Object.jpg',52,'App\\Models\\Product','2022-12-18 07:06:24','2022-12-18 07:06:24'),(530,'/uploads/product/52/1671354385names-new_0011_Vector-Smart-Object.jpg',1,'1671354385names-new_0011_Vector-Smart-Object.jpg',52,'App\\Models\\Product','2022-12-18 07:06:25','2022-12-18 07:06:25'),(531,'/uploads/product/52/1671354385names-new_0013_Vector-Smart-Object.jpg',1,'1671354385names-new_0013_Vector-Smart-Object.jpg',52,'App\\Models\\Product','2022-12-18 07:06:25','2022-12-18 07:06:25'),(532,'/uploads/product/52/1671354385names-new_0015_Vector-Smart-Object.jpg',1,'1671354385names-new_0015_Vector-Smart-Object.jpg',52,'App\\Models\\Product','2022-12-18 07:06:25','2022-12-18 07:06:25'),(533,'/uploads/product/52/1671354386names-new_0003_إسْمَك-هُنــَــا-copy-3.jpg',3,'1671354386names-new_0003_إسْمَك-هُنــَــا-copy-3.jpg',52,'App\\Models\\Product','2022-12-18 07:06:26','2022-12-18 07:06:26'),(534,'/uploads/product/51/1671354970names-new5.jpg',3,'1671354970names-new5.jpg',51,'App\\Models\\Product','2022-12-18 07:16:10','2022-12-18 07:16:10'),(535,'/uploads/product/54/1671355163g.aamateurs-gold.jpg',1,'1671355163g.aamateurs-gold.jpg',54,'App\\Models\\Product','2022-12-18 07:19:23','2022-12-18 07:19:23'),(536,'/uploads/product/54/1671355163names-new_0005_Vector-Smart-Object.jpg',1,'1671355163names-new_0005_Vector-Smart-Object.jpg',54,'App\\Models\\Product','2022-12-18 07:19:23','2022-12-18 07:19:23'),(537,'/uploads/product/54/1671355164names-new_0007_Vector-Smart-Object.jpg',1,'1671355164names-new_0007_Vector-Smart-Object.jpg',54,'App\\Models\\Product','2022-12-18 07:19:24','2022-12-18 07:19:24'),(538,'/uploads/product/54/1671355164names-new_0009_Vector-Smart-Object.jpg',1,'1671355164names-new_0009_Vector-Smart-Object.jpg',54,'App\\Models\\Product','2022-12-18 07:19:24','2022-12-18 07:19:24'),(539,'/uploads/product/54/1671355165names-new_0011_Vector-Smart-Object.jpg',1,'1671355165names-new_0011_Vector-Smart-Object.jpg',54,'App\\Models\\Product','2022-12-18 07:19:25','2022-12-18 07:19:25'),(540,'/uploads/product/54/1671355165names-new_0013_Vector-Smart-Object.jpg',1,'1671355165names-new_0013_Vector-Smart-Object.jpg',54,'App\\Models\\Product','2022-12-18 07:19:25','2022-12-18 07:19:25'),(541,'/uploads/product/54/1671355212names-new_0001_إسْمَك-هُنــَــا-copy.jpg',3,'1671355212names-new_0001_إسْمَك-هُنــَــا-copy.jpg',54,'App\\Models\\Product','2022-12-18 07:20:12','2022-12-18 07:20:12'),(542,'/uploads/product/63/1671355249names-new_0005_Vector-Smart-Object.jpg',1,'1671355249names-new_0005_Vector-Smart-Object.jpg',63,'App\\Models\\Product','2022-12-18 07:20:49','2022-12-18 07:20:49'),(543,'/uploads/product/63/1671355249names-new_0007_Vector-Smart-Object.jpg',1,'1671355249names-new_0007_Vector-Smart-Object.jpg',63,'App\\Models\\Product','2022-12-18 07:20:49','2022-12-18 07:20:49'),(544,'/uploads/product/63/1671355249names-new_0009_Vector-Smart-Object.jpg',1,'1671355249names-new_0009_Vector-Smart-Object.jpg',63,'App\\Models\\Product','2022-12-18 07:20:49','2022-12-18 07:20:49'),(545,'/uploads/product/63/1671355250names-new_0011_Vector-Smart-Object.jpg',1,'1671355250names-new_0011_Vector-Smart-Object.jpg',63,'App\\Models\\Product','2022-12-18 07:20:50','2022-12-18 07:20:50'),(546,'/uploads/product/63/1671355250names-new_0013_Vector-Smart-Object.jpg',1,'1671355250names-new_0013_Vector-Smart-Object.jpg',63,'App\\Models\\Product','2022-12-18 07:20:50','2022-12-18 07:20:50'),(547,'/uploads/product/63/1671355251names-new_0015_Vector-Smart-Object.jpg',1,'1671355251names-new_0015_Vector-Smart-Object.jpg',63,'App\\Models\\Product','2022-12-18 07:20:51','2022-12-18 07:20:51'),(548,'/uploads/product/63/1671355251names-new_0003_إسْمَك-هُنــَــا-copy-3.jpg',3,'1671355251names-new_0003_إسْمَك-هُنــَــا-copy-3.jpg',63,'App\\Models\\Product','2022-12-18 07:20:51','2022-12-18 07:20:51'),(549,'/uploads/product/62/1671355292g.aamateurs-gold.jpg',1,'1671355292g.aamateurs-gold.jpg',62,'App\\Models\\Product','2022-12-18 07:21:32','2022-12-18 07:21:32'),(550,'/uploads/product/62/1671355293names-new_0005_Vector-Smart-Object.jpg',1,'1671355293names-new_0005_Vector-Smart-Object.jpg',62,'App\\Models\\Product','2022-12-18 07:21:33','2022-12-18 07:21:33'),(551,'/uploads/product/62/1671355293names-new_0007_Vector-Smart-Object.jpg',1,'1671355293names-new_0007_Vector-Smart-Object.jpg',62,'App\\Models\\Product','2022-12-18 07:21:33','2022-12-18 07:21:33'),(552,'/uploads/product/62/1671355293names-new_0009_Vector-Smart-Object.jpg',1,'1671355293names-new_0009_Vector-Smart-Object.jpg',62,'App\\Models\\Product','2022-12-18 07:21:33','2022-12-18 07:21:33'),(553,'/uploads/product/62/1671355294names-new_0011_Vector-Smart-Object.jpg',1,'1671355294names-new_0011_Vector-Smart-Object.jpg',62,'App\\Models\\Product','2022-12-18 07:21:34','2022-12-18 07:21:34'),(554,'/uploads/product/62/1671355294names-new_0013_Vector-Smart-Object.jpg',1,'1671355294names-new_0013_Vector-Smart-Object.jpg',62,'App\\Models\\Product','2022-12-18 07:21:34','2022-12-18 07:21:34'),(555,'/uploads/product/62/1671355294names-new_0003_إسْمَك-هُنــَــا-copy-3.jpg',3,'1671355294names-new_0003_إسْمَك-هُنــَــا-copy-3.jpg',62,'App\\Models\\Product','2022-12-18 07:21:34','2022-12-18 07:21:34'),(556,'/uploads/product/70/1671374605g.aamateurs-gold.jpg',1,'1671374605g.aamateurs-gold.jpg',70,'App\\Models\\Product','2022-12-18 12:43:25','2022-12-18 12:43:25'),(557,'/uploads/product/70/1671374605names-new_0005_Vector-Smart-Object.jpg',1,'1671374605names-new_0005_Vector-Smart-Object.jpg',70,'App\\Models\\Product','2022-12-18 12:43:25','2022-12-18 12:43:25'),(558,'/uploads/product/70/1671374606names-new_0007_Vector-Smart-Object.jpg',1,'1671374606names-new_0007_Vector-Smart-Object.jpg',70,'App\\Models\\Product','2022-12-18 12:43:26','2022-12-18 12:43:26'),(559,'/uploads/product/70/1671374606names-new_0009_Vector-Smart-Object.jpg',1,'1671374606names-new_0009_Vector-Smart-Object.jpg',70,'App\\Models\\Product','2022-12-18 12:43:26','2022-12-18 12:43:26'),(560,'/uploads/product/70/1671374607names-new_0011_Vector-Smart-Object.jpg',1,'1671374607names-new_0011_Vector-Smart-Object.jpg',70,'App\\Models\\Product','2022-12-18 12:43:27','2022-12-18 12:43:27'),(561,'/uploads/product/70/1671374607names-new_0001_إسْمَك-هُنــَــا-copy.jpg',3,'1671374607names-new_0001_إسْمَك-هُنــَــا-copy.jpg',70,'App\\Models\\Product','2022-12-18 12:43:27','2022-12-18 12:43:27'),(562,'/uploads/product/70/1671374608names-new_0013_Vector-Smart-Object.jpg',1,'1671374608names-new_0013_Vector-Smart-Object.jpg',70,'App\\Models\\Product','2022-12-18 12:43:28','2022-12-18 12:43:28'),(563,'/uploads/product/70/1671374608names-new_0015_Vector-Smart-Object.jpg',1,'1671374608names-new_0015_Vector-Smart-Object.jpg',70,'App\\Models\\Product','2022-12-18 12:43:28','2022-12-18 12:43:28'),(564,'/uploads/product/69/1671374631g.aamateurs-gold.jpg',1,'1671374631g.aamateurs-gold.jpg',69,'App\\Models\\Product','2022-12-18 12:43:51','2022-12-18 12:43:51'),(565,'/uploads/product/69/1671374632names-new_0005_Vector-Smart-Object.jpg',1,'1671374632names-new_0005_Vector-Smart-Object.jpg',69,'App\\Models\\Product','2022-12-18 12:43:52','2022-12-18 12:43:52'),(566,'/uploads/product/69/1671374632names-new_0007_Vector-Smart-Object.jpg',1,'1671374632names-new_0007_Vector-Smart-Object.jpg',69,'App\\Models\\Product','2022-12-18 12:43:52','2022-12-18 12:43:52'),(567,'/uploads/product/69/1671374632names-new_0009_Vector-Smart-Object.jpg',1,'1671374632names-new_0009_Vector-Smart-Object.jpg',69,'App\\Models\\Product','2022-12-18 12:43:52','2022-12-18 12:43:52'),(568,'/uploads/product/69/1671374633names-new_0011_Vector-Smart-Object.jpg',1,'1671374633names-new_0011_Vector-Smart-Object.jpg',69,'App\\Models\\Product','2022-12-18 12:43:53','2022-12-18 12:43:53'),(569,'/uploads/product/69/1671374633names-new_0001_إسْمَك-هُنــَــا-copy.jpg',3,'1671374633names-new_0001_إسْمَك-هُنــَــا-copy.jpg',69,'App\\Models\\Product','2022-12-18 12:43:53','2022-12-18 12:43:53'),(570,'/uploads/product/69/1671374633names-new_0013_Vector-Smart-Object.jpg',1,'1671374633names-new_0013_Vector-Smart-Object.jpg',69,'App\\Models\\Product','2022-12-18 12:43:53','2022-12-18 12:43:53'),(571,'/uploads/product/69/1671374634names-new_0015_Vector-Smart-Object.jpg',1,'1671374634names-new_0015_Vector-Smart-Object.jpg',69,'App\\Models\\Product','2022-12-18 12:43:54','2022-12-18 12:43:54'),(572,'/uploads/product/66/1671374666g.aamateurs-gold.jpg',1,'1671374666g.aamateurs-gold.jpg',66,'App\\Models\\Product','2022-12-18 12:44:26','2022-12-18 12:44:26'),(573,'/uploads/product/66/1671374666names-new_0005_Vector-Smart-Object.jpg',1,'1671374666names-new_0005_Vector-Smart-Object.jpg',66,'App\\Models\\Product','2022-12-18 12:44:26','2022-12-18 12:44:26'),(574,'/uploads/product/66/1671374667names-new_0007_Vector-Smart-Object.jpg',1,'1671374667names-new_0007_Vector-Smart-Object.jpg',66,'App\\Models\\Product','2022-12-18 12:44:27','2022-12-18 12:44:27'),(575,'/uploads/product/66/1671374668names-new_0009_Vector-Smart-Object.jpg',1,'1671374668names-new_0009_Vector-Smart-Object.jpg',66,'App\\Models\\Product','2022-12-18 12:44:28','2022-12-18 12:44:28'),(576,'/uploads/product/66/1671374668names-new_0011_Vector-Smart-Object.jpg',1,'1671374668names-new_0011_Vector-Smart-Object.jpg',66,'App\\Models\\Product','2022-12-18 12:44:28','2022-12-18 12:44:28'),(577,'/uploads/product/66/1671374669names-new_0013_Vector-Smart-Object.jpg',1,'1671374669names-new_0013_Vector-Smart-Object.jpg',66,'App\\Models\\Product','2022-12-18 12:44:29','2022-12-18 12:44:29'),(578,'/uploads/product/66/1671374669names-new_0015_Vector-Smart-Object.jpg',1,'1671374669names-new_0015_Vector-Smart-Object.jpg',66,'App\\Models\\Product','2022-12-18 12:44:29','2022-12-18 12:44:29'),(579,'/uploads/product/66/1671374670names-new_0003_إسْمَك-هُنــَــا-copy-3.jpg',3,'1671374670names-new_0003_إسْمَك-هُنــَــا-copy-3.jpg',66,'App\\Models\\Product','2022-12-18 12:44:30','2022-12-18 12:44:30'),(588,'/uploads/product/65/1671374707names-new_0003_إسْمَك-هُنــَــا-copy-3.jpg',3,'1671374707names-new_0003_إسْمَك-هُنــَــا-copy-3.jpg',65,'App\\Models\\Product','2022-12-18 12:45:07','2022-12-18 12:45:07'),(589,'/uploads/product/74/1671375079g.aamateurs-gold.jpg',1,'1671375079g.aamateurs-gold.jpg',74,'App\\Models\\Product','2022-12-18 12:51:19','2022-12-18 12:51:19'),(590,'/uploads/product/74/1671375080names-new_0005_Vector-Smart-Object.jpg',1,'1671375080names-new_0005_Vector-Smart-Object.jpg',74,'App\\Models\\Product','2022-12-18 12:51:20','2022-12-18 12:51:20'),(591,'/uploads/product/74/1671375080names-new_0007_Vector-Smart-Object.jpg',1,'1671375080names-new_0007_Vector-Smart-Object.jpg',74,'App\\Models\\Product','2022-12-18 12:51:20','2022-12-18 12:51:20'),(592,'/uploads/product/74/1671375081names-new_0009_Vector-Smart-Object.jpg',1,'1671375081names-new_0009_Vector-Smart-Object.jpg',74,'App\\Models\\Product','2022-12-18 12:51:21','2022-12-18 12:51:21'),(593,'/uploads/product/74/1671375081names-new_0011_Vector-Smart-Object.jpg',1,'1671375081names-new_0011_Vector-Smart-Object.jpg',74,'App\\Models\\Product','2022-12-18 12:51:21','2022-12-18 12:51:21'),(594,'/uploads/product/74/1671375082names-new_0013_Vector-Smart-Object.jpg',1,'1671375082names-new_0013_Vector-Smart-Object.jpg',74,'App\\Models\\Product','2022-12-18 12:51:22','2022-12-18 12:51:22'),(595,'/uploads/product/74/1671375082names-new_0015_Vector-Smart-Object.jpg',1,'1671375082names-new_0015_Vector-Smart-Object.jpg',74,'App\\Models\\Product','2022-12-18 12:51:22','2022-12-18 12:51:22'),(596,'/uploads/product/74/1671375083names-new_0003_إسْمَك-هُنــَــا-copy-3.jpg',3,'1671375083names-new_0003_إسْمَك-هُنــَــا-copy-3.jpg',74,'App\\Models\\Product','2022-12-18 12:51:23','2022-12-18 12:51:23'),(597,'/uploads/product/72/1671375173g.aamateurs-gold.jpg',1,'1671375173g.aamateurs-gold.jpg',72,'App\\Models\\Product','2022-12-18 12:52:53','2022-12-18 12:52:53'),(598,'/uploads/product/72/1671375174names-new_0005_Vector-Smart-Object.jpg',1,'1671375174names-new_0005_Vector-Smart-Object.jpg',72,'App\\Models\\Product','2022-12-18 12:52:54','2022-12-18 12:52:54'),(599,'/uploads/product/72/1671375174names-new_0007_Vector-Smart-Object.jpg',1,'1671375174names-new_0007_Vector-Smart-Object.jpg',72,'App\\Models\\Product','2022-12-18 12:52:54','2022-12-18 12:52:54'),(600,'/uploads/product/72/1671375174names-new_0009_Vector-Smart-Object.jpg',1,'1671375174names-new_0009_Vector-Smart-Object.jpg',72,'App\\Models\\Product','2022-12-18 12:52:54','2022-12-18 12:52:54'),(601,'/uploads/product/72/1671375176names-new_0011_Vector-Smart-Object.jpg',1,'1671375176names-new_0011_Vector-Smart-Object.jpg',72,'App\\Models\\Product','2022-12-18 12:52:56','2022-12-18 12:52:56'),(602,'/uploads/product/72/1671375176names-new_0013_Vector-Smart-Object.jpg',1,'1671375176names-new_0013_Vector-Smart-Object.jpg',72,'App\\Models\\Product','2022-12-18 12:52:56','2022-12-18 12:52:56'),(603,'/uploads/product/72/1671375177names-new_0015_Vector-Smart-Object.jpg',1,'1671375177names-new_0015_Vector-Smart-Object.jpg',72,'App\\Models\\Product','2022-12-18 12:52:57','2022-12-18 12:52:57'),(604,'/uploads/product/72/1671375177names-new_0003_إسْمَك-هُنــَــا-copy-3.jpg',3,'1671375177names-new_0003_إسْمَك-هُنــَــا-copy-3.jpg',72,'App\\Models\\Product','2022-12-18 12:52:57','2022-12-18 12:52:57'),(605,'/uploads/product/71/1671375221g.aamateurs-gold.jpg',1,'1671375221g.aamateurs-gold.jpg',71,'App\\Models\\Product','2022-12-18 12:53:41','2022-12-18 12:53:41'),(606,'/uploads/product/71/1671375222names-new_0005_Vector-Smart-Object.jpg',1,'1671375222names-new_0005_Vector-Smart-Object.jpg',71,'App\\Models\\Product','2022-12-18 12:53:42','2022-12-18 12:53:42'),(607,'/uploads/product/71/1671375223names-new_0007_Vector-Smart-Object.jpg',1,'1671375223names-new_0007_Vector-Smart-Object.jpg',71,'App\\Models\\Product','2022-12-18 12:53:43','2022-12-18 12:53:43'),(608,'/uploads/product/71/1671375223names-new_0009_Vector-Smart-Object.jpg',1,'1671375223names-new_0009_Vector-Smart-Object.jpg',71,'App\\Models\\Product','2022-12-18 12:53:43','2022-12-18 12:53:43'),(609,'/uploads/product/71/1671375224names-new_0011_Vector-Smart-Object.jpg',1,'1671375224names-new_0011_Vector-Smart-Object.jpg',71,'App\\Models\\Product','2022-12-18 12:53:44','2022-12-18 12:53:44'),(610,'/uploads/product/71/1671375224names-new_0013_Vector-Smart-Object.jpg',1,'1671375224names-new_0013_Vector-Smart-Object.jpg',71,'App\\Models\\Product','2022-12-18 12:53:44','2022-12-18 12:53:44'),(611,'/uploads/product/71/1671375232names-new_0001_إسْمَك-هُنــَــا-copy.jpg',3,'1671375232names-new_0001_إسْمَك-هُنــَــا-copy.jpg',71,'App\\Models\\Product','2022-12-18 12:53:52','2022-12-18 12:53:52'),(612,'/uploads/product/75/1671404782g.aamateurs-gold.jpg',1,'1671404782g.aamateurs-gold.jpg',75,'App\\Models\\Product','2022-12-18 21:06:22','2022-12-18 21:06:22'),(613,'/uploads/product/75/1671404782names-new_0005_Vector-Smart-Object.jpg',1,'1671404782names-new_0005_Vector-Smart-Object.jpg',75,'App\\Models\\Product','2022-12-18 21:06:22','2022-12-18 21:06:22'),(614,'/uploads/product/75/1671404782names-new_0007_Vector-Smart-Object.jpg',1,'1671404782names-new_0007_Vector-Smart-Object.jpg',75,'App\\Models\\Product','2022-12-18 21:06:22','2022-12-18 21:06:22'),(615,'/uploads/product/75/1671404783names-new_0009_Vector-Smart-Object.jpg',1,'1671404783names-new_0009_Vector-Smart-Object.jpg',75,'App\\Models\\Product','2022-12-18 21:06:23','2022-12-18 21:06:23'),(616,'/uploads/product/75/1671404783names-new_0011_Vector-Smart-Object.jpg',1,'1671404783names-new_0011_Vector-Smart-Object.jpg',75,'App\\Models\\Product','2022-12-18 21:06:23','2022-12-18 21:06:23'),(617,'/uploads/product/75/1671404784names-new_0013_Vector-Smart-Object.jpg',1,'1671404784names-new_0013_Vector-Smart-Object.jpg',75,'App\\Models\\Product','2022-12-18 21:06:24','2022-12-18 21:06:24'),(618,'/uploads/product/75/1671404784names-new_0015_Vector-Smart-Object.jpg',1,'1671404784names-new_0015_Vector-Smart-Object.jpg',75,'App\\Models\\Product','2022-12-18 21:06:24','2022-12-18 21:06:24'),(619,'/uploads/product/75/1671404785names-new_0003_إسْمَك-هُنــَــا-copy-3.jpg',3,'1671404785names-new_0003_إسْمَك-هُنــَــا-copy-3.jpg',75,'App\\Models\\Product','2022-12-18 21:06:25','2022-12-18 21:06:25'),(620,'/uploads/product/76/1671404818g.aamateurs-gold.jpg',1,'1671404818g.aamateurs-gold.jpg',76,'App\\Models\\Product','2022-12-18 21:06:58','2022-12-18 21:06:58'),(621,'/uploads/product/76/1671404819names-new_0005_Vector-Smart-Object.jpg',1,'1671404819names-new_0005_Vector-Smart-Object.jpg',76,'App\\Models\\Product','2022-12-18 21:06:59','2022-12-18 21:06:59'),(622,'/uploads/product/76/1671404819names-new_0007_Vector-Smart-Object.jpg',1,'1671404819names-new_0007_Vector-Smart-Object.jpg',76,'App\\Models\\Product','2022-12-18 21:06:59','2022-12-18 21:06:59'),(623,'/uploads/product/76/1671404820names-new_0009_Vector-Smart-Object.jpg',1,'1671404820names-new_0009_Vector-Smart-Object.jpg',76,'App\\Models\\Product','2022-12-18 21:07:00','2022-12-18 21:07:00'),(624,'/uploads/product/76/1671404820names-new_0011_Vector-Smart-Object.jpg',1,'1671404820names-new_0011_Vector-Smart-Object.jpg',76,'App\\Models\\Product','2022-12-18 21:07:00','2022-12-18 21:07:00'),(625,'/uploads/product/76/1671404820names-new_0013_Vector-Smart-Object.jpg',1,'1671404820names-new_0013_Vector-Smart-Object.jpg',76,'App\\Models\\Product','2022-12-18 21:07:00','2022-12-18 21:07:00'),(626,'/uploads/product/76/1671404821names-new_0015_Vector-Smart-Object.jpg',1,'1671404821names-new_0015_Vector-Smart-Object.jpg',76,'App\\Models\\Product','2022-12-18 21:07:01','2022-12-18 21:07:01'),(627,'/uploads/product/76/1671404821names-new_0001_إسْمَك-هُنــَــا-copy.jpg',3,'1671404821names-new_0001_إسْمَك-هُنــَــا-copy.jpg',76,'App\\Models\\Product','2022-12-18 21:07:01','2022-12-18 21:07:01'),(628,'/uploads/product/77/1671404844g.aamateurs-gold.jpg',1,'1671404844g.aamateurs-gold.jpg',77,'App\\Models\\Product','2022-12-18 21:07:24','2022-12-18 21:07:24'),(629,'/uploads/product/77/1671404845names-new_0005_Vector-Smart-Object.jpg',1,'1671404845names-new_0005_Vector-Smart-Object.jpg',77,'App\\Models\\Product','2022-12-18 21:07:25','2022-12-18 21:07:25'),(630,'/uploads/product/77/1671404845names-new_0007_Vector-Smart-Object.jpg',1,'1671404845names-new_0007_Vector-Smart-Object.jpg',77,'App\\Models\\Product','2022-12-18 21:07:25','2022-12-18 21:07:25'),(631,'/uploads/product/77/1671404845names-new_0009_Vector-Smart-Object.jpg',1,'1671404845names-new_0009_Vector-Smart-Object.jpg',77,'App\\Models\\Product','2022-12-18 21:07:25','2022-12-18 21:07:25'),(632,'/uploads/product/77/1671404846names-new_0011_Vector-Smart-Object.jpg',1,'1671404846names-new_0011_Vector-Smart-Object.jpg',77,'App\\Models\\Product','2022-12-18 21:07:26','2022-12-18 21:07:26'),(633,'/uploads/product/77/1671404846names-new_0013_Vector-Smart-Object.jpg',1,'1671404846names-new_0013_Vector-Smart-Object.jpg',77,'App\\Models\\Product','2022-12-18 21:07:26','2022-12-18 21:07:26'),(635,'/uploads/product/77/1671404847names-new_0015_Vector-Smart-Object.jpg',1,'1671404847names-new_0015_Vector-Smart-Object.jpg',77,'App\\Models\\Product','2022-12-18 21:07:27','2022-12-18 21:07:27'),(637,'/uploads/product/78/1671404884g.aamateurs-gold.jpg',1,'1671404884g.aamateurs-gold.jpg',78,'App\\Models\\Product','2022-12-18 21:08:04','2022-12-18 21:08:04'),(638,'/uploads/product/78/1671404884names-new_0005_Vector-Smart-Object.jpg',1,'1671404884names-new_0005_Vector-Smart-Object.jpg',78,'App\\Models\\Product','2022-12-18 21:08:04','2022-12-18 21:08:04'),(639,'/uploads/product/78/1671404884names-new_0007_Vector-Smart-Object.jpg',1,'1671404884names-new_0007_Vector-Smart-Object.jpg',78,'App\\Models\\Product','2022-12-18 21:08:04','2022-12-18 21:08:04'),(640,'/uploads/product/78/1671404885names-new_0009_Vector-Smart-Object.jpg',1,'1671404885names-new_0009_Vector-Smart-Object.jpg',78,'App\\Models\\Product','2022-12-18 21:08:05','2022-12-18 21:08:05'),(641,'/uploads/product/78/1671404885names-new_0011_Vector-Smart-Object.jpg',1,'1671404885names-new_0011_Vector-Smart-Object.jpg',78,'App\\Models\\Product','2022-12-18 21:08:05','2022-12-18 21:08:05'),(642,'/uploads/product/78/1671404886names-new_0013_Vector-Smart-Object.jpg',1,'1671404886names-new_0013_Vector-Smart-Object.jpg',78,'App\\Models\\Product','2022-12-18 21:08:06','2022-12-18 21:08:06'),(643,'/uploads/product/78/1671404886names-new_0015_Vector-Smart-Object.jpg',1,'1671404886names-new_0015_Vector-Smart-Object.jpg',78,'App\\Models\\Product','2022-12-18 21:08:06','2022-12-18 21:08:06'),(644,'/uploads/product/78/1671404893names-new_0003_إسْمَك-هُنــَــا-copy-3.jpg',3,'1671404893names-new_0003_إسْمَك-هُنــَــا-copy-3.jpg',78,'App\\Models\\Product','2022-12-18 21:08:13','2022-12-18 21:08:13'),(645,'/uploads/product/77/1671404988names-new3.jpg',3,'1671404988names-new3.jpg',77,'App\\Models\\Product','2022-12-18 21:09:48','2022-12-18 21:09:48'),(646,'/uploads/product/62/1671405070names-new_0015_Vector-Smart-Object.jpg',1,'1671405070names-new_0015_Vector-Smart-Object.jpg',62,'App\\Models\\Product','2022-12-18 21:11:10','2022-12-18 21:11:10'),(647,'/uploads/product/63/1671405102g.aamateurs-gold.jpg',1,'1671405102g.aamateurs-gold.jpg',63,'App\\Models\\Product','2022-12-18 21:11:42','2022-12-18 21:11:42'),(648,'/uploads/product/54/1671405136names-new_0015_Vector-Smart-Object.jpg',1,'1671405136names-new_0015_Vector-Smart-Object.jpg',54,'App\\Models\\Product','2022-12-18 21:12:16','2022-12-18 21:12:16'),(649,'/uploads/product/60/1671405179g.aamateurs-gold.jpg',1,'1671405179g.aamateurs-gold.jpg',60,'App\\Models\\Product','2022-12-18 21:12:59','2022-12-18 21:12:59'),(650,'/uploads/product/59/1671405209g.aamateurs-gold.jpg',1,'1671405209g.aamateurs-gold.jpg',59,'App\\Models\\Product','2022-12-18 21:13:29','2022-12-18 21:13:29'),(651,'/uploads/product/79/1671406214RYKHP228-1.jpg',0,'1671406214RYKHP228-1.jpg',79,'App\\Models\\Product','2022-12-18 21:30:14','2022-12-18 21:30:14'),(652,'/uploads/product/79/1671406215RYKHP228-2.jpg',0,'1671406215RYKHP228-2.jpg',79,'App\\Models\\Product','2022-12-18 21:30:15','2022-12-18 21:30:15'),(653,'/uploads/product/79/1671406215RYKHP228-3.jpg',0,'1671406215RYKHP228-3.jpg',79,'App\\Models\\Product','2022-12-18 21:30:15','2022-12-18 21:30:15'),(654,'/uploads/product/79/1671406215RYKHP228-4.jpg',0,'1671406215RYKHP228-4.jpg',79,'App\\Models\\Product','2022-12-18 21:30:15','2022-12-18 21:30:15'),(655,'/uploads/product/80/1671406554RYKHP227-1.jpg',0,'1671406554RYKHP227-1.jpg',80,'App\\Models\\Product','2022-12-18 21:35:54','2022-12-18 21:35:54'),(656,'/uploads/product/80/1671406555RYKHP227-2.jpg',0,'1671406555RYKHP227-2.jpg',80,'App\\Models\\Product','2022-12-18 21:35:55','2022-12-18 21:35:55'),(657,'/uploads/product/80/1671406555RYKHP227-3.jpg',0,'1671406555RYKHP227-3.jpg',80,'App\\Models\\Product','2022-12-18 21:35:55','2022-12-18 21:35:55'),(658,'/uploads/product/80/1671406556RYKHP227-4.jpg',0,'1671406556RYKHP227-4.jpg',80,'App\\Models\\Product','2022-12-18 21:35:56','2022-12-18 21:35:56'),(659,'/uploads/product/81/1671407513RYKHP224-1.jpg',0,'1671407513RYKHP224-1.jpg',81,'App\\Models\\Product','2022-12-18 21:51:53','2022-12-18 21:51:53'),(660,'/uploads/product/81/1671407514RYKHP224-2.jpg',0,'1671407514RYKHP224-2.jpg',81,'App\\Models\\Product','2022-12-18 21:51:54','2022-12-18 21:51:54'),(661,'/uploads/product/81/1671407514RYKHP224-3.jpg',0,'1671407514RYKHP224-3.jpg',81,'App\\Models\\Product','2022-12-18 21:51:54','2022-12-18 21:51:54'),(662,'/uploads/product/82/1671408333RYKHP223-1.jpg',0,'1671408333RYKHP223-1.jpg',82,'App\\Models\\Product','2022-12-18 22:05:33','2022-12-18 22:05:33'),(663,'/uploads/product/82/1671408333RYKHP223-2.jpg',0,'1671408333RYKHP223-2.jpg',82,'App\\Models\\Product','2022-12-18 22:05:33','2022-12-18 22:05:33'),(664,'/uploads/product/82/1671408334RYKHP223-3.jpg',0,'1671408334RYKHP223-3.jpg',82,'App\\Models\\Product','2022-12-18 22:05:34','2022-12-18 22:05:34'),(665,'/uploads/product/82/1671408334RYKHP223-4.jpg',0,'1671408334RYKHP223-4.jpg',82,'App\\Models\\Product','2022-12-18 22:05:34','2022-12-18 22:05:34'),(666,'/uploads/product/83/1671408615RYKHP222-1.jpg',0,'1671408615RYKHP222-1.jpg',83,'App\\Models\\Product','2022-12-18 22:10:15','2022-12-18 22:10:15'),(667,'/uploads/product/83/1671408616RYKHP222-2.jpg',0,'1671408616RYKHP222-2.jpg',83,'App\\Models\\Product','2022-12-18 22:10:16','2022-12-18 22:10:16'),(668,'/uploads/product/83/1671408616RYKHP222-3.jpg',0,'1671408616RYKHP222-3.jpg',83,'App\\Models\\Product','2022-12-18 22:10:16','2022-12-18 22:10:16'),(669,'/uploads/product/66/1671525702kuwait 5fils gold2.jpg',1,'1671525702kuwait 5fils gold2.jpg',66,'App\\Models\\Product','2022-12-20 06:41:42','2022-12-20 06:41:42'),(670,'/uploads/product/85/1671576587RYKHP221-1.jpg',0,'1671576587RYKHP221-1.jpg',85,'App\\Models\\Product','2022-12-20 20:49:47','2022-12-20 20:49:47'),(671,'/uploads/product/85/1671576588RYKHP221-2.jpg',0,'1671576588RYKHP221-2.jpg',85,'App\\Models\\Product','2022-12-20 20:49:48','2022-12-20 20:49:48'),(672,'/uploads/product/85/1671576588RYKHP221-3.jpg',0,'1671576588RYKHP221-3.jpg',85,'App\\Models\\Product','2022-12-20 20:49:48','2022-12-20 20:49:48'),(673,'/uploads/product/85/1671576588RYKHP221-4.jpg',0,'1671576588RYKHP221-4.jpg',85,'App\\Models\\Product','2022-12-20 20:49:48','2022-12-20 20:49:48'),(674,'/uploads/product/86/1671577177RYKHP219-1.jpg',0,'1671577177RYKHP219-1.jpg',86,'App\\Models\\Product','2022-12-20 20:59:37','2022-12-20 20:59:37'),(675,'/uploads/product/86/1671577178RYKHP219-2.jpg',0,'1671577178RYKHP219-2.jpg',86,'App\\Models\\Product','2022-12-20 20:59:38','2022-12-20 20:59:38'),(676,'/uploads/product/86/1671577178RYKHP219-3.jpg',0,'1671577178RYKHP219-3.jpg',86,'App\\Models\\Product','2022-12-20 20:59:38','2022-12-20 20:59:38'),(677,'/uploads/product/86/1671577179RYKHP219-4.jpg',0,'1671577179RYKHP219-4.jpg',86,'App\\Models\\Product','2022-12-20 20:59:39','2022-12-20 20:59:39'),(678,'/uploads/product/87/1671577480RYKHP218-1.jpg',0,'1671577480RYKHP218-1.jpg',87,'App\\Models\\Product','2022-12-20 21:04:40','2022-12-20 21:04:40'),(679,'/uploads/product/87/1671577480RYKHP218-2.jpg',0,'1671577480RYKHP218-2.jpg',87,'App\\Models\\Product','2022-12-20 21:04:40','2022-12-20 21:04:40'),(680,'/uploads/product/87/1671577481RYKHP218-3.jpg',0,'1671577481RYKHP218-3.jpg',87,'App\\Models\\Product','2022-12-20 21:04:41','2022-12-20 21:04:41'),(681,'/uploads/product/87/1671577481RYKHP218-4.jpg',0,'1671577481RYKHP218-4.jpg',87,'App\\Models\\Product','2022-12-20 21:04:41','2022-12-20 21:04:41'),(682,'/uploads/product/88/1671577784RYKHP217-1.jpg',0,'1671577784RYKHP217-1.jpg',88,'App\\Models\\Product','2022-12-20 21:09:44','2022-12-20 21:09:44'),(683,'/uploads/product/88/1671577785RYKHP217-2.jpg',0,'1671577785RYKHP217-2.jpg',88,'App\\Models\\Product','2022-12-20 21:09:45','2022-12-20 21:09:45'),(684,'/uploads/product/88/1671577785RYKHP217-3.jpg',0,'1671577785RYKHP217-3.jpg',88,'App\\Models\\Product','2022-12-20 21:09:45','2022-12-20 21:09:45'),(685,'/uploads/product/89/1671578230RYKHP216-1.jpg',0,'1671578230RYKHP216-1.jpg',89,'App\\Models\\Product','2022-12-20 21:17:10','2022-12-20 21:17:10'),(686,'/uploads/product/89/1671578230RYKHP216-2.jpg',0,'1671578230RYKHP216-2.jpg',89,'App\\Models\\Product','2022-12-20 21:17:10','2022-12-20 21:17:10'),(687,'/uploads/product/89/1671578231RYKHP216-3.jpg',0,'1671578231RYKHP216-3.jpg',89,'App\\Models\\Product','2022-12-20 21:17:11','2022-12-20 21:17:11'),(688,'/uploads/product/17/1671580200g.aamateurs-gold.jpg',1,'1671580200g.aamateurs-gold.jpg',17,'App\\Models\\Product','2022-12-20 21:50:00','2022-12-20 21:50:00'),(689,'/uploads/product/17/1671580201names-new_0005_Vector-Smart-Object.jpg',1,'1671580201names-new_0005_Vector-Smart-Object.jpg',17,'App\\Models\\Product','2022-12-20 21:50:01','2022-12-20 21:50:01'),(690,'/uploads/product/17/1671580201names-new_0007_Vector-Smart-Object.jpg',1,'1671580201names-new_0007_Vector-Smart-Object.jpg',17,'App\\Models\\Product','2022-12-20 21:50:01','2022-12-20 21:50:01'),(691,'/uploads/product/17/1671580202names-new_0009_Vector-Smart-Object.jpg',1,'1671580202names-new_0009_Vector-Smart-Object.jpg',17,'App\\Models\\Product','2022-12-20 21:50:02','2022-12-20 21:50:02'),(692,'/uploads/product/17/1671580202names-new_0011_Vector-Smart-Object.jpg',1,'1671580202names-new_0011_Vector-Smart-Object.jpg',17,'App\\Models\\Product','2022-12-20 21:50:02','2022-12-20 21:50:02'),(693,'/uploads/product/17/1671580203names-new_0015_Vector-Smart-Object.jpg',1,'1671580203names-new_0015_Vector-Smart-Object.jpg',17,'App\\Models\\Product','2022-12-20 21:50:03','2022-12-20 21:50:03'),(694,'/uploads/product/17/1671580459names-new_0003_إسْمَك-هُنــَــا-copy-3.jpg',3,'1671580459names-new_0003_إسْمَك-هُنــَــا-copy-3.jpg',17,'App\\Models\\Product','2022-12-20 21:54:19','2022-12-20 21:54:19'),(695,'/uploads/product/65/1671696710g.aamateurs-gold.jpg',1,'1671696710g.aamateurs-gold.jpg',65,'App\\Models\\Product','2022-12-22 06:11:50','2022-12-22 06:11:50'),(696,'/uploads/product/65/1671696710names-new_0005_Vector-Smart-Object.jpg',1,'1671696710names-new_0005_Vector-Smart-Object.jpg',65,'App\\Models\\Product','2022-12-22 06:11:50','2022-12-22 06:11:50'),(697,'/uploads/product/65/1671696710names-new_0007_Vector-Smart-Object.jpg',1,'1671696710names-new_0007_Vector-Smart-Object.jpg',65,'App\\Models\\Product','2022-12-22 06:11:50','2022-12-22 06:11:50'),(698,'/uploads/product/65/1671696711names-new_0009_Vector-Smart-Object.jpg',1,'1671696711names-new_0009_Vector-Smart-Object.jpg',65,'App\\Models\\Product','2022-12-22 06:11:51','2022-12-22 06:11:51'),(699,'/uploads/product/65/1671696711names-new_0011_Vector-Smart-Object.jpg',1,'1671696711names-new_0011_Vector-Smart-Object.jpg',65,'App\\Models\\Product','2022-12-22 06:11:51','2022-12-22 06:11:51'),(700,'/uploads/product/65/1671696712names-new_0013_Vector-Smart-Object.jpg',1,'1671696712names-new_0013_Vector-Smart-Object.jpg',65,'App\\Models\\Product','2022-12-22 06:11:52','2022-12-22 06:11:52'),(701,'/uploads/product/65/1671696712names-new_0015_Vector-Smart-Object.jpg',1,'1671696712names-new_0015_Vector-Smart-Object.jpg',65,'App\\Models\\Product','2022-12-22 06:11:52','2022-12-22 06:11:52'),(702,'/uploads/product/91/1671755081RYAG269-1.jpg',0,'1671755081RYAG269-1.jpg',91,'App\\Models\\Product','2022-12-22 22:24:41','2022-12-22 22:24:41'),(703,'/uploads/product/91/1671755082RYAG269-2.jpg',0,'1671755082RYAG269-2.jpg',91,'App\\Models\\Product','2022-12-22 22:24:42','2022-12-22 22:24:42'),(704,'/uploads/product/91/1671755083RYAG269-3.jpg',0,'1671755083RYAG269-3.jpg',91,'App\\Models\\Product','2022-12-22 22:24:43','2022-12-22 22:24:43'),(708,'/uploads/product/92/1671755747RYAG268-1.jpg',0,'1671755747RYAG268-1.jpg',92,'App\\Models\\Product','2022-12-22 22:35:47','2022-12-22 22:35:47'),(709,'/uploads/product/92/1671755748RYAG268-2.jpg',0,'1671755748RYAG268-2.jpg',92,'App\\Models\\Product','2022-12-22 22:35:48','2022-12-22 22:35:48'),(710,'/uploads/product/92/1671755749RYAG268-3.jpg',0,'1671755749RYAG268-3.jpg',92,'App\\Models\\Product','2022-12-22 22:35:49','2022-12-22 22:35:49'),(711,'/uploads/product/95/1671756048RYAG267-1.jpg',0,'1671756048RYAG267-1.jpg',95,'App\\Models\\Product','2022-12-22 22:40:48','2022-12-22 22:40:48'),(712,'/uploads/product/95/1671756049RYAG267-2.jpg',0,'1671756049RYAG267-2.jpg',95,'App\\Models\\Product','2022-12-22 22:40:49','2022-12-22 22:40:49'),(713,'/uploads/product/95/1671756050RYAG267-3.jpg',0,'1671756050RYAG267-3.jpg',95,'App\\Models\\Product','2022-12-22 22:40:50','2022-12-22 22:40:50'),(714,'/uploads/product/96/1671756510RYAG265-1.jpg',0,'1671756510RYAG265-1.jpg',96,'App\\Models\\Product','2022-12-22 22:48:30','2022-12-22 22:48:30'),(715,'/uploads/product/96/1671756511RYAG265-2.jpg',0,'1671756511RYAG265-2.jpg',96,'App\\Models\\Product','2022-12-22 22:48:31','2022-12-22 22:48:31'),(716,'/uploads/product/96/1671756511RYAG265-3.jpg',0,'1671756511RYAG265-3.jpg',96,'App\\Models\\Product','2022-12-22 22:48:31','2022-12-22 22:48:31'),(717,'/uploads/product/97/1671756836RYAG263-1.jpg',0,'1671756836RYAG263-1.jpg',97,'App\\Models\\Product','2022-12-22 22:53:56','2022-12-22 22:53:56'),(718,'/uploads/product/97/1671756836RYAG263-2.jpg',0,'1671756836RYAG263-2.jpg',97,'App\\Models\\Product','2022-12-22 22:53:56','2022-12-22 22:53:56'),(719,'/uploads/product/97/1671756836RYAG263-3.jpg',0,'1671756836RYAG263-3.jpg',97,'App\\Models\\Product','2022-12-22 22:53:56','2022-12-22 22:53:56'),(720,'/uploads/product/97/1671756837RYAG263-4.jpg',0,'1671756837RYAG263-4.jpg',97,'App\\Models\\Product','2022-12-22 22:53:57','2022-12-22 22:53:57'),(721,'/uploads/product/98/1671833706RYAG262-1.jpg',0,'1671833706RYAG262-1.jpg',98,'App\\Models\\Product','2022-12-23 20:15:06','2022-12-23 20:15:06'),(722,'/uploads/product/98/1671833706RYAG262-2.jpg',0,'1671833706RYAG262-2.jpg',98,'App\\Models\\Product','2022-12-23 20:15:06','2022-12-23 20:15:06'),(723,'/uploads/product/98/1671833707RYAG262-3.jpg',0,'1671833707RYAG262-3.jpg',98,'App\\Models\\Product','2022-12-23 20:15:07','2022-12-23 20:15:07'),(724,'/uploads/product/98/1671833707RYAG262-4.jpg',0,'1671833707RYAG262-4.jpg',98,'App\\Models\\Product','2022-12-23 20:15:07','2022-12-23 20:15:07'),(725,'/uploads/product/99/1671835464RYAG261-1.jpg',0,'1671835464RYAG261-1.jpg',99,'App\\Models\\Product','2022-12-23 20:44:24','2022-12-23 20:44:24'),(726,'/uploads/product/99/1671835465RYAG261-2.jpg',0,'1671835465RYAG261-2.jpg',99,'App\\Models\\Product','2022-12-23 20:44:25','2022-12-23 20:44:25'),(727,'/uploads/product/99/1671835466RYAG261-3.jpg',0,'1671835466RYAG261-3.jpg',99,'App\\Models\\Product','2022-12-23 20:44:26','2022-12-23 20:44:26'),(728,'/uploads/product/99/1671835466RYAG261-4.jpg',0,'1671835466RYAG261-4.jpg',99,'App\\Models\\Product','2022-12-23 20:44:26','2022-12-23 20:44:26'),(729,'/uploads/product/101/1671914807RYAG260-1.jpg',0,'1671914807RYAG260-1.jpg',101,'App\\Models\\Product','2022-12-24 18:46:47','2022-12-24 18:46:47'),(730,'/uploads/product/101/1671914807RYAG260-2.jpg',0,'1671914807RYAG260-2.jpg',101,'App\\Models\\Product','2022-12-24 18:46:47','2022-12-24 18:46:47'),(731,'/uploads/product/101/1671914807RYAG260-3.jpg',0,'1671914807RYAG260-3.jpg',101,'App\\Models\\Product','2022-12-24 18:46:47','2022-12-24 18:46:47'),(732,'/uploads/product/101/1671914808RYAG260-4.jpg',0,'1671914808RYAG260-4.jpg',101,'App\\Models\\Product','2022-12-24 18:46:48','2022-12-24 18:46:48'),(733,'/uploads/product/102/1671915077RYAG258-1.jpg',0,'1671915077RYAG258-1.jpg',102,'App\\Models\\Product','2022-12-24 18:51:17','2022-12-24 18:51:17'),(734,'/uploads/product/102/1671915078RYAG258-2.jpg',0,'1671915078RYAG258-2.jpg',102,'App\\Models\\Product','2022-12-24 18:51:18','2022-12-24 18:51:18'),(735,'/uploads/product/102/1671915078RYAG258-3.jpg',0,'1671915078RYAG258-3.jpg',102,'App\\Models\\Product','2022-12-24 18:51:18','2022-12-24 18:51:18'),(736,'/uploads/product/102/1671915078RYAG258-4.jpg',0,'1671915078RYAG258-4.jpg',102,'App\\Models\\Product','2022-12-24 18:51:18','2022-12-24 18:51:18'),(737,'/uploads/product/103/1671915323RYAG257-1.jpg',0,'1671915323RYAG257-1.jpg',103,'App\\Models\\Product','2022-12-24 18:55:23','2022-12-24 18:55:23'),(738,'/uploads/product/103/1671915324RYAG257-2.jpg',0,'1671915324RYAG257-2.jpg',103,'App\\Models\\Product','2022-12-24 18:55:24','2022-12-24 18:55:24'),(739,'/uploads/product/103/1671915324RYAG257-3.jpg',0,'1671915324RYAG257-3.jpg',103,'App\\Models\\Product','2022-12-24 18:55:24','2022-12-24 18:55:24'),(740,'/uploads/product/103/1671915325RYAG257-4.jpg',0,'1671915325RYAG257-4.jpg',103,'App\\Models\\Product','2022-12-24 18:55:25','2022-12-24 18:55:25'),(741,'/uploads/product/104/1671916150RYYN78-1.jpg',0,'1671916150RYYN78-1.jpg',104,'App\\Models\\Product','2022-12-24 19:09:10','2022-12-24 19:09:10'),(742,'/uploads/product/104/1671916151RYYN78-2.jpg',0,'1671916151RYYN78-2.jpg',104,'App\\Models\\Product','2022-12-24 19:09:11','2022-12-24 19:09:11'),(743,'/uploads/product/104/1671916151RYYN78-3.jpg',0,'1671916151RYYN78-3.jpg',104,'App\\Models\\Product','2022-12-24 19:09:11','2022-12-24 19:09:11'),(744,'/uploads/product/104/1671916151RYYN78-4.jpg',0,'1671916151RYYN78-4.jpg',104,'App\\Models\\Product','2022-12-24 19:09:11','2022-12-24 19:09:11'),(745,'/uploads/product/105/1671916551RYYN73-1.jpg',0,'1671916551RYYN73-1.jpg',105,'App\\Models\\Product','2022-12-24 19:15:51','2022-12-24 19:15:51'),(746,'/uploads/product/105/1671916552RYYN73-2.jpg',0,'1671916552RYYN73-2.jpg',105,'App\\Models\\Product','2022-12-24 19:15:52','2022-12-24 19:15:52'),(747,'/uploads/product/105/1671916552RYYN73-3.jpg',0,'1671916552RYYN73-3.jpg',105,'App\\Models\\Product','2022-12-24 19:15:52','2022-12-24 19:15:52'),(748,'/uploads/product/105/1671916553RYYN73-4.jpg',0,'1671916553RYYN73-4.jpg',105,'App\\Models\\Product','2022-12-24 19:15:53','2022-12-24 19:15:53'),(749,'/uploads/product/106/1671917301RYYN77-1.jpg',0,'1671917301RYYN77-1.jpg',106,'App\\Models\\Product','2022-12-24 19:28:21','2022-12-24 19:28:21'),(750,'/uploads/product/106/1671917301RYYN77-2.jpg',0,'1671917301RYYN77-2.jpg',106,'App\\Models\\Product','2022-12-24 19:28:21','2022-12-24 19:28:21'),(751,'/uploads/product/106/1671917301RYYN77-3.jpg',0,'1671917301RYYN77-3.jpg',106,'App\\Models\\Product','2022-12-24 19:28:21','2022-12-24 19:28:21'),(752,'/uploads/product/106/1671917302RYYN77-4.jpg',0,'1671917302RYYN77-4.jpg',106,'App\\Models\\Product','2022-12-24 19:28:22','2022-12-24 19:28:22'),(753,'/uploads/product/107/1671918360RYYN75-1.jpg',0,'1671918360RYYN75-1.jpg',107,'App\\Models\\Product','2022-12-24 19:46:00','2022-12-24 19:46:00'),(754,'/uploads/product/107/1671918361RYYN75-2.jpg',0,'1671918361RYYN75-2.jpg',107,'App\\Models\\Product','2022-12-24 19:46:01','2022-12-24 19:46:01'),(755,'/uploads/product/107/1671918361RYYN75-3.jpg',0,'1671918361RYYN75-3.jpg',107,'App\\Models\\Product','2022-12-24 19:46:01','2022-12-24 19:46:01'),(756,'/uploads/product/107/1671918361RYYN75-4.jpg',0,'1671918361RYYN75-4.jpg',107,'App\\Models\\Product','2022-12-24 19:46:01','2022-12-24 19:46:01'),(757,'/uploads/product/108/1671918849RYYN74-1.jpg',0,'1671918849RYYN74-1.jpg',108,'App\\Models\\Product','2022-12-24 19:54:09','2022-12-24 19:54:09'),(758,'/uploads/product/108/1671918849RYYN74-2.jpg',0,'1671918849RYYN74-2.jpg',108,'App\\Models\\Product','2022-12-24 19:54:09','2022-12-24 19:54:09'),(759,'/uploads/product/108/1671918850RYYN74-3.jpg',0,'1671918850RYYN74-3.jpg',108,'App\\Models\\Product','2022-12-24 19:54:10','2022-12-24 19:54:10'),(760,'/uploads/product/108/1671918850RYYN74-4.jpg',0,'1671918850RYYN74-4.jpg',108,'App\\Models\\Product','2022-12-24 19:54:10','2022-12-24 19:54:10'),(761,'/uploads/product/109/1671919195RYYN71-1.jpg',0,'1671919195RYYN71-1.jpg',109,'App\\Models\\Product','2022-12-24 19:59:55','2022-12-24 19:59:55'),(762,'/uploads/product/109/1671919195RYYN71-2.jpg',0,'1671919195RYYN71-2.jpg',109,'App\\Models\\Product','2022-12-24 19:59:55','2022-12-24 19:59:55'),(763,'/uploads/product/109/1671919196RYYN71-3.jpg',0,'1671919196RYYN71-3.jpg',109,'App\\Models\\Product','2022-12-24 19:59:56','2022-12-24 19:59:56'),(764,'/uploads/product/109/1671919196RYYN71-4.jpg',0,'1671919196RYYN71-4.jpg',109,'App\\Models\\Product','2022-12-24 19:59:56','2022-12-24 19:59:56'),(765,'/uploads/product/110/1671919516RYYN72-1.jpg',0,'1671919516RYYN72-1.jpg',110,'App\\Models\\Product','2022-12-24 20:05:16','2022-12-24 20:05:16'),(766,'/uploads/product/110/1671919517RYYN72-2.jpg',0,'1671919517RYYN72-2.jpg',110,'App\\Models\\Product','2022-12-24 20:05:17','2022-12-24 20:05:17'),(767,'/uploads/product/110/1671919517RYYN72-3.jpg',0,'1671919517RYYN72-3.jpg',110,'App\\Models\\Product','2022-12-24 20:05:17','2022-12-24 20:05:17'),(768,'/uploads/product/110/1671919517RYYN72-4.jpg',0,'1671919517RYYN72-4.jpg',110,'App\\Models\\Product','2022-12-24 20:05:17','2022-12-24 20:05:17'),(769,'/uploads/product/111/1671920164RYYN69-1.jpg',0,'1671920164RYYN69-1.jpg',111,'App\\Models\\Product','2022-12-24 20:16:04','2022-12-24 20:16:04'),(770,'/uploads/product/111/1671920165RYYN69-2.jpg',0,'1671920165RYYN69-2.jpg',111,'App\\Models\\Product','2022-12-24 20:16:05','2022-12-24 20:16:05'),(771,'/uploads/product/111/1671920165RYYN69-3.jpg',0,'1671920165RYYN69-3.jpg',111,'App\\Models\\Product','2022-12-24 20:16:05','2022-12-24 20:16:05'),(772,'/uploads/product/111/1671920165RYYN69-4.jpg',0,'1671920165RYYN69-4.jpg',111,'App\\Models\\Product','2022-12-24 20:16:05','2022-12-24 20:16:05'),(773,'/uploads/product/112/1671921335RYYN68-1.jpg',0,'1671921335RYYN68-1.jpg',112,'App\\Models\\Product','2022-12-24 20:35:35','2022-12-24 20:35:35'),(774,'/uploads/product/112/1671921335RYYN68-2.jpg',0,'1671921335RYYN68-2.jpg',112,'App\\Models\\Product','2022-12-24 20:35:35','2022-12-24 20:35:35'),(775,'/uploads/product/112/1671921336RYYN68-3.jpg',0,'1671921336RYYN68-3.jpg',112,'App\\Models\\Product','2022-12-24 20:35:36','2022-12-24 20:35:36'),(776,'/uploads/product/113/1671957083RYKHK27-1.png',0,'1671957083RYKHK27-1.png',113,'App\\Models\\Product','2022-12-25 06:31:23','2022-12-25 06:31:23'),(777,'/uploads/product/113/1671957084RYKHK27-2.png',0,'1671957084RYKHK27-2.png',113,'App\\Models\\Product','2022-12-25 06:31:24','2022-12-25 06:31:24'),(778,'/uploads/product/113/1671957086RYKHK27-3.png',0,'1671957086RYKHK27-3.png',113,'App\\Models\\Product','2022-12-25 06:31:26','2022-12-25 06:31:26'),(779,'/uploads/product/113/1671957094RYKHK27-2.png',0,'1671957094RYKHK27-2.png',113,'App\\Models\\Product','2022-12-25 06:31:34','2022-12-25 06:31:34'),(780,'/uploads/product/114/1672009628RYKHC132-1.jpg',0,'1672009628RYKHC132-1.jpg',114,'App\\Models\\Product','2022-12-25 21:07:08','2022-12-25 21:07:08'),(781,'/uploads/product/114/1672009629RYKHC132-2.jpg',0,'1672009629RYKHC132-2.jpg',114,'App\\Models\\Product','2022-12-25 21:07:09','2022-12-25 21:07:09'),(782,'/uploads/product/114/1672009630RYKHC132-3.jpg',0,'1672009630RYKHC132-3.jpg',114,'App\\Models\\Product','2022-12-25 21:07:10','2022-12-25 21:07:10'),(783,'/uploads/product/115/1672009888RYKHC130-1.jpg',0,'1672009888RYKHC130-1.jpg',115,'App\\Models\\Product','2022-12-25 21:11:28','2022-12-25 21:11:28'),(784,'/uploads/product/115/1672009889RYKHC130-2.jpg',0,'1672009889RYKHC130-2.jpg',115,'App\\Models\\Product','2022-12-25 21:11:29','2022-12-25 21:11:29'),(785,'/uploads/product/115/1672009889RYKHC130-3.jpg',0,'1672009889RYKHC130-3.jpg',115,'App\\Models\\Product','2022-12-25 21:11:29','2022-12-25 21:11:29'),(786,'/uploads/product/116/1672010189RYKHC129-1.jpg',0,'1672010189RYKHC129-1.jpg',116,'App\\Models\\Product','2022-12-25 21:16:29','2022-12-25 21:16:29'),(787,'/uploads/product/116/1672010190RYKHC129-2.jpg',0,'1672010190RYKHC129-2.jpg',116,'App\\Models\\Product','2022-12-25 21:16:30','2022-12-25 21:16:30'),(788,'/uploads/product/116/1672010190RYKHC129-3.jpg',0,'1672010190RYKHC129-3.jpg',116,'App\\Models\\Product','2022-12-25 21:16:30','2022-12-25 21:16:30'),(789,'/uploads/product/117/1672010519RYKHC128-1.jpg',0,'1672010519RYKHC128-1.jpg',117,'App\\Models\\Product','2022-12-25 21:21:59','2022-12-25 21:21:59'),(790,'/uploads/product/117/1672010520RYKHC128-2.jpg',0,'1672010520RYKHC128-2.jpg',117,'App\\Models\\Product','2022-12-25 21:22:00','2022-12-25 21:22:00'),(791,'/uploads/product/117/1672010520RYKHC128-3.jpg',0,'1672010520RYKHC128-3.jpg',117,'App\\Models\\Product','2022-12-25 21:22:00','2022-12-25 21:22:00'),(792,'/uploads/product/118/1672010784RYKHC127-1.jpg',0,'1672010784RYKHC127-1.jpg',118,'App\\Models\\Product','2022-12-25 21:26:24','2022-12-25 21:26:24'),(793,'/uploads/product/118/1672010785RYKHC127-2.jpg',0,'1672010785RYKHC127-2.jpg',118,'App\\Models\\Product','2022-12-25 21:26:25','2022-12-25 21:26:25'),(794,'/uploads/product/118/1672010785RYKHC127-3.jpg',0,'1672010785RYKHC127-3.jpg',118,'App\\Models\\Product','2022-12-25 21:26:25','2022-12-25 21:26:25'),(795,'/uploads/product/119/1672011030RYKHC126-1.jpg',0,'1672011030RYKHC126-1.jpg',119,'App\\Models\\Product','2022-12-25 21:30:30','2022-12-25 21:30:30'),(796,'/uploads/product/119/1672011031RYKHC126-2.jpg',0,'1672011031RYKHC126-2.jpg',119,'App\\Models\\Product','2022-12-25 21:30:31','2022-12-25 21:30:31'),(797,'/uploads/product/119/1672011031RYKHC126-3.jpg',0,'1672011031RYKHC126-3.jpg',119,'App\\Models\\Product','2022-12-25 21:30:31','2022-12-25 21:30:31'),(798,'/uploads/product/120/1672011607RYKHC125-1.jpg',0,'1672011607RYKHC125-1.jpg',120,'App\\Models\\Product','2022-12-25 21:40:07','2022-12-25 21:40:07'),(799,'/uploads/product/120/1672011607RYKHC125-2.jpg',0,'1672011607RYKHC125-2.jpg',120,'App\\Models\\Product','2022-12-25 21:40:07','2022-12-25 21:40:07'),(800,'/uploads/product/120/1672011608RYKHC125-3.jpg',0,'1672011608RYKHC125-3.jpg',120,'App\\Models\\Product','2022-12-25 21:40:08','2022-12-25 21:40:08'),(801,'/uploads/product/121/1672012094RYKHC124-1.jpg',0,'1672012094RYKHC124-1.jpg',121,'App\\Models\\Product','2022-12-25 21:48:14','2022-12-25 21:48:14'),(802,'/uploads/product/121/1672012094RYKHC124-2.jpg',0,'1672012094RYKHC124-2.jpg',121,'App\\Models\\Product','2022-12-25 21:48:14','2022-12-25 21:48:14'),(803,'/uploads/product/121/1672012095RYKHC124-3.jpg',0,'1672012095RYKHC124-3.jpg',121,'App\\Models\\Product','2022-12-25 21:48:15','2022-12-25 21:48:15'),(804,'/uploads/product/122/1672012333RYKHC123-1.jpg',0,'1672012333RYKHC123-1.jpg',122,'App\\Models\\Product','2022-12-25 21:52:13','2022-12-25 21:52:13'),(805,'/uploads/product/122/1672012333RYKHC123-2.jpg',0,'1672012333RYKHC123-2.jpg',122,'App\\Models\\Product','2022-12-25 21:52:13','2022-12-25 21:52:13'),(806,'/uploads/product/122/1672012334RYKHC123-3.jpg',0,'1672012334RYKHC123-3.jpg',122,'App\\Models\\Product','2022-12-25 21:52:14','2022-12-25 21:52:14'),(807,'/uploads/product/123/1672012585RYKHC122-1.jpg',0,'1672012585RYKHC122-1.jpg',123,'App\\Models\\Product','2022-12-25 21:56:25','2022-12-25 21:56:25'),(808,'/uploads/product/123/1672012585RYKHC122-2.jpg',0,'1672012585RYKHC122-2.jpg',123,'App\\Models\\Product','2022-12-25 21:56:25','2022-12-25 21:56:25'),(809,'/uploads/product/123/1672012586RYKHC122-3.jpg',0,'1672012586RYKHC122-3.jpg',123,'App\\Models\\Product','2022-12-25 21:56:26','2022-12-25 21:56:26'),(810,'/uploads/product/124/1672183644RYKHK156-1.jpg',0,'1672183644RYKHK156-1.jpg',124,'App\\Models\\Product','2022-12-27 21:27:24','2022-12-27 21:27:24'),(811,'/uploads/product/124/1672183644RYKHK156-2.jpg',0,'1672183644RYKHK156-2.jpg',124,'App\\Models\\Product','2022-12-27 21:27:24','2022-12-27 21:27:24'),(812,'/uploads/product/124/1672183645RYKHK156-3.jpg',0,'1672183645RYKHK156-3.jpg',124,'App\\Models\\Product','2022-12-27 21:27:25','2022-12-27 21:27:25'),(813,'/uploads/product/124/1672183646RYKHK156-4.jpg',0,'1672183646RYKHK156-4.jpg',124,'App\\Models\\Product','2022-12-27 21:27:26','2022-12-27 21:27:26'),(814,'/uploads/product/125/1672183931RYKHK155-1.jpg',0,'1672183931RYKHK155-1.jpg',125,'App\\Models\\Product','2022-12-27 21:32:11','2022-12-27 21:32:11'),(815,'/uploads/product/125/1672183931RYKHK155-2.jpg',0,'1672183931RYKHK155-2.jpg',125,'App\\Models\\Product','2022-12-27 21:32:11','2022-12-27 21:32:11'),(816,'/uploads/product/125/1672183931RYKHK155-3.jpg',0,'1672183931RYKHK155-3.jpg',125,'App\\Models\\Product','2022-12-27 21:32:11','2022-12-27 21:32:11'),(817,'/uploads/product/125/1672183932RYKHK155-4.jpg',0,'1672183932RYKHK155-4.jpg',125,'App\\Models\\Product','2022-12-27 21:32:12','2022-12-27 21:32:12'),(818,'/uploads/product/126/1672184223RYKHK154-1.jpg',0,'1672184223RYKHK154-1.jpg',126,'App\\Models\\Product','2022-12-27 21:37:03','2022-12-27 21:37:03'),(819,'/uploads/product/126/1672184223RYKHK154-2.jpg',0,'1672184223RYKHK154-2.jpg',126,'App\\Models\\Product','2022-12-27 21:37:03','2022-12-27 21:37:03'),(820,'/uploads/product/126/1672184224RYKHK154-3.jpg',0,'1672184224RYKHK154-3.jpg',126,'App\\Models\\Product','2022-12-27 21:37:04','2022-12-27 21:37:04'),(821,'/uploads/product/126/1672184224RYKHK154-4.jpg',0,'1672184224RYKHK154-4.jpg',126,'App\\Models\\Product','2022-12-27 21:37:04','2022-12-27 21:37:04'),(822,'/uploads/product/127/1672184581RYKHK153-1.jpg',0,'1672184581RYKHK153-1.jpg',127,'App\\Models\\Product','2022-12-27 21:43:01','2022-12-27 21:43:01'),(823,'/uploads/product/127/1672184581RYKHK153-2.jpg',0,'1672184581RYKHK153-2.jpg',127,'App\\Models\\Product','2022-12-27 21:43:01','2022-12-27 21:43:01'),(824,'/uploads/product/127/1672184582RYKHK153-3.jpg',0,'1672184582RYKHK153-3.jpg',127,'App\\Models\\Product','2022-12-27 21:43:02','2022-12-27 21:43:02'),(825,'/uploads/product/128/1672184931RYKHK152-1.jpg',0,'1672184931RYKHK152-1.jpg',128,'App\\Models\\Product','2022-12-27 21:48:51','2022-12-27 21:48:51'),(826,'/uploads/product/128/1672184932RYKHK152-2.jpg',0,'1672184932RYKHK152-2.jpg',128,'App\\Models\\Product','2022-12-27 21:48:52','2022-12-27 21:48:52'),(827,'/uploads/product/128/1672184932RYKHK152-3.jpg',0,'1672184932RYKHK152-3.jpg',128,'App\\Models\\Product','2022-12-27 21:48:52','2022-12-27 21:48:52'),(828,'/uploads/product/129/1672185208RYKHK151-1.jpg',0,'1672185208RYKHK151-1.jpg',129,'App\\Models\\Product','2022-12-27 21:53:28','2022-12-27 21:53:28'),(829,'/uploads/product/129/1672185209RYKHK151-2.jpg',0,'1672185209RYKHK151-2.jpg',129,'App\\Models\\Product','2022-12-27 21:53:29','2022-12-27 21:53:29'),(830,'/uploads/product/129/1672185209RYKHK151-3.jpg',0,'1672185209RYKHK151-3.jpg',129,'App\\Models\\Product','2022-12-27 21:53:29','2022-12-27 21:53:29'),(831,'/uploads/product/130/1672185749RYKHK150-1.jpg',0,'1672185749RYKHK150-1.jpg',130,'App\\Models\\Product','2022-12-27 22:02:29','2022-12-27 22:02:29'),(832,'/uploads/product/130/1672185750RYKHK150-2.jpg',0,'1672185750RYKHK150-2.jpg',130,'App\\Models\\Product','2022-12-27 22:02:30','2022-12-27 22:02:30'),(833,'/uploads/product/130/1672185750RYKHK150-3.jpg',0,'1672185750RYKHK150-3.jpg',130,'App\\Models\\Product','2022-12-27 22:02:30','2022-12-27 22:02:30'),(834,'/uploads/product/131/1672273300RYKHK149-1.jpg',0,'1672273300RYKHK149-1.jpg',131,'App\\Models\\Product','2022-12-28 22:21:40','2022-12-28 22:21:40'),(835,'/uploads/product/131/1672273301RYKHK149-2.jpg',0,'1672273301RYKHK149-2.jpg',131,'App\\Models\\Product','2022-12-28 22:21:41','2022-12-28 22:21:41'),(836,'/uploads/product/131/1672273301RYKHK149-3.jpg',0,'1672273301RYKHK149-3.jpg',131,'App\\Models\\Product','2022-12-28 22:21:41','2022-12-28 22:21:41'),(837,'/uploads/product/132/1672273555RYKHK148-1.jpg',0,'1672273555RYKHK148-1.jpg',132,'App\\Models\\Product','2022-12-28 22:25:55','2022-12-28 22:25:55'),(838,'/uploads/product/132/1672273556RYKHK148-2.jpg',0,'1672273556RYKHK148-2.jpg',132,'App\\Models\\Product','2022-12-28 22:25:56','2022-12-28 22:25:56'),(839,'/uploads/product/132/1672273556RYKHK148-3.jpg',0,'1672273556RYKHK148-3.jpg',132,'App\\Models\\Product','2022-12-28 22:25:56','2022-12-28 22:25:56'),(840,'/uploads/product/132/1672273560RYKHK148-4.jpg',0,'1672273560RYKHK148-4.jpg',132,'App\\Models\\Product','2022-12-28 22:26:00','2022-12-28 22:26:00'),(841,'/uploads/product/133/1672273887RYKHK147-1.jpg',0,'1672273887RYKHK147-1.jpg',133,'App\\Models\\Product','2022-12-28 22:31:27','2022-12-28 22:31:27'),(842,'/uploads/product/133/1672273888RYKHK147-2.jpg',0,'1672273888RYKHK147-2.jpg',133,'App\\Models\\Product','2022-12-28 22:31:28','2022-12-28 22:31:28'),(843,'/uploads/product/133/1672273888RYKHK147-3.jpg',0,'1672273888RYKHK147-3.jpg',133,'App\\Models\\Product','2022-12-28 22:31:28','2022-12-28 22:31:28'),(844,'/uploads/product/135/1672437995RYKHR139-1.jpg',0,'1672437995RYKHR139-1.jpg',135,'App\\Models\\Product','2022-12-30 20:06:35','2022-12-30 20:06:35'),(845,'/uploads/product/135/1672437995RYKHR139-2.jpg',0,'1672437995RYKHR139-2.jpg',135,'App\\Models\\Product','2022-12-30 20:06:35','2022-12-30 20:06:35'),(846,'/uploads/product/135/1672437995RYKHR139-3.jpg',0,'1672437995RYKHR139-3.jpg',135,'App\\Models\\Product','2022-12-30 20:06:35','2022-12-30 20:06:35'),(847,'/uploads/product/135/1672437996RYKHR139-4.jpg',0,'1672437996RYKHR139-4.jpg',135,'App\\Models\\Product','2022-12-30 20:06:36','2022-12-30 20:06:36'),(848,'/uploads/product/136/1672438504RYKHR137-1.jpg',0,'1672438504RYKHR137-1.jpg',136,'App\\Models\\Product','2022-12-30 20:15:04','2022-12-30 20:15:04'),(849,'/uploads/product/136/1672438504RYKHR137-2.jpg',0,'1672438504RYKHR137-2.jpg',136,'App\\Models\\Product','2022-12-30 20:15:04','2022-12-30 20:15:04'),(850,'/uploads/product/136/1672438504RYKHR137-3.jpg',0,'1672438504RYKHR137-3.jpg',136,'App\\Models\\Product','2022-12-30 20:15:05','2022-12-30 20:15:05'),(851,'/uploads/product/136/16724386141-kuwait-fils-gold.jpg',1,'16724386141-kuwait-fils-gold.jpg',136,'App\\Models\\Product','2022-12-30 20:16:54','2022-12-30 20:16:54'),(852,'/uploads/product/136/1672438614ksa-gold.jpg',1,'1672438614ksa-gold.jpg',136,'App\\Models\\Product','2022-12-30 20:16:54','2022-12-30 20:16:54'),(853,'/uploads/product/136/1672438615names-new_0005_Vector-Smart-Object.jpg',1,'1672438615names-new_0005_Vector-Smart-Object.jpg',136,'App\\Models\\Product','2022-12-30 20:16:55','2022-12-30 20:16:55'),(854,'/uploads/product/136/1672438615names-new_0007_Vector-Smart-Object.jpg',1,'1672438615names-new_0007_Vector-Smart-Object.jpg',136,'App\\Models\\Product','2022-12-30 20:16:55','2022-12-30 20:16:55'),(855,'/uploads/product/136/1672438615names-new_0011_Vector-Smart-Object.jpg',1,'1672438615names-new_0011_Vector-Smart-Object.jpg',136,'App\\Models\\Product','2022-12-30 20:16:55','2022-12-30 20:16:55'),(856,'/uploads/product/136/1672438616names-new_0013_Vector-Smart-Object.jpg',1,'1672438616names-new_0013_Vector-Smart-Object.jpg',136,'App\\Models\\Product','2022-12-30 20:16:56','2022-12-30 20:16:56'),(857,'/uploads/product/136/1672438616names-new_0015_Vector-Smart-Object.jpg',1,'1672438616names-new_0015_Vector-Smart-Object.jpg',136,'App\\Models\\Product','2022-12-30 20:16:56','2022-12-30 20:16:56'),(858,'/uploads/product/137/1672438898RYKHR136-1.jpg',0,'1672438898RYKHR136-1.jpg',137,'App\\Models\\Product','2022-12-30 20:21:38','2022-12-30 20:21:38'),(859,'/uploads/product/137/1672438898RYKHR136-2.jpg',0,'1672438898RYKHR136-2.jpg',137,'App\\Models\\Product','2022-12-30 20:21:38','2022-12-30 20:21:38'),(860,'/uploads/product/137/1672438899RYKHR136-3.jpg',0,'1672438899RYKHR136-3.jpg',137,'App\\Models\\Product','2022-12-30 20:21:39','2022-12-30 20:21:39'),(861,'/uploads/product/137/1672438899RYKHR136-4.jpg',0,'1672438899RYKHR136-4.jpg',137,'App\\Models\\Product','2022-12-30 20:21:39','2022-12-30 20:21:39'),(862,'/uploads/product/136/1672438933names-new_0003_إسْمَك-هُنــَــا-copy-3.jpg',3,'1672438933names-new_0003_إسْمَك-هُنــَــا-copy-3.jpg',136,'App\\Models\\Product','2022-12-30 20:22:13','2022-12-30 20:22:13'),(863,'/uploads/product/138/1672439296RYKHR135-1.jpg',0,'1672439296RYKHR135-1.jpg',138,'App\\Models\\Product','2022-12-30 20:28:16','2022-12-30 20:28:16'),(864,'/uploads/product/138/1672439298RYKHR135-2.jpg',0,'1672439298RYKHR135-2.jpg',138,'App\\Models\\Product','2022-12-30 20:28:18','2022-12-30 20:28:18'),(865,'/uploads/product/138/1672439299RYKHR135-3.jpg',0,'1672439299RYKHR135-3.jpg',138,'App\\Models\\Product','2022-12-30 20:28:19','2022-12-30 20:28:19'),(866,'/uploads/product/139/1672439627RYKHR134-1.jpg',0,'1672439627RYKHR134-1.jpg',139,'App\\Models\\Product','2022-12-30 20:33:47','2022-12-30 20:33:47'),(867,'/uploads/product/139/1672439627RYKHR134-2.jpg',0,'1672439627RYKHR134-2.jpg',139,'App\\Models\\Product','2022-12-30 20:33:47','2022-12-30 20:33:47'),(868,'/uploads/product/139/1672439628RYKHR134-3.jpg',0,'1672439628RYKHR134-3.jpg',139,'App\\Models\\Product','2022-12-30 20:33:48','2022-12-30 20:33:48'),(869,'/uploads/product/140/16724401161-kuwait-fils-gold.jpg',1,'16724401161-kuwait-fils-gold.jpg',140,'App\\Models\\Product','2022-12-30 20:41:56','2022-12-30 20:41:56'),(870,'/uploads/product/140/1672440117ksa-gold.jpg',1,'1672440117ksa-gold.jpg',140,'App\\Models\\Product','2022-12-30 20:41:57','2022-12-30 20:41:57'),(871,'/uploads/product/140/1672440117names-new_0005_Vector-Smart-Object.jpg',1,'1672440117names-new_0005_Vector-Smart-Object.jpg',140,'App\\Models\\Product','2022-12-30 20:41:57','2022-12-30 20:41:57'),(872,'/uploads/product/140/1672440118names-new_0007_Vector-Smart-Object.jpg',1,'1672440118names-new_0007_Vector-Smart-Object.jpg',140,'App\\Models\\Product','2022-12-30 20:41:58','2022-12-30 20:41:58'),(873,'/uploads/product/140/1672440118names-new_0011_Vector-Smart-Object.jpg',1,'1672440118names-new_0011_Vector-Smart-Object.jpg',140,'App\\Models\\Product','2022-12-30 20:41:58','2022-12-30 20:41:58'),(874,'/uploads/product/140/1672440118names-new_0013_Vector-Smart-Object.jpg',1,'1672440118names-new_0013_Vector-Smart-Object.jpg',140,'App\\Models\\Product','2022-12-30 20:41:58','2022-12-30 20:41:58'),(875,'/uploads/product/140/1672440119names-new_0015_Vector-Smart-Object.jpg',1,'1672440119names-new_0015_Vector-Smart-Object.jpg',140,'App\\Models\\Product','2022-12-30 20:41:59','2022-12-30 20:41:59'),(876,'/uploads/product/140/1672440123names-new_0003_إسْمَك-هُنــَــا-copy-3.jpg',3,'1672440123names-new_0003_إسْمَك-هُنــَــا-copy-3.jpg',140,'App\\Models\\Product','2022-12-30 20:42:03','2022-12-30 20:42:03'),(877,'/uploads/product/140/1672440275RYKHR132-1.jpg',0,'1672440275RYKHR132-1.jpg',140,'App\\Models\\Product','2022-12-30 20:44:35','2022-12-30 20:44:35'),(878,'/uploads/product/140/1672440275RYKHR132-2.jpg',0,'1672440275RYKHR132-2.jpg',140,'App\\Models\\Product','2022-12-30 20:44:35','2022-12-30 20:44:35'),(879,'/uploads/product/140/1672440276RYKHR132-3.jpg',0,'1672440276RYKHR132-3.jpg',140,'App\\Models\\Product','2022-12-30 20:44:36','2022-12-30 20:44:36'),(880,'/uploads/product/141/1672440548RYKHR130-1.jpg',0,'1672440548RYKHR130-1.jpg',141,'App\\Models\\Product','2022-12-30 20:49:08','2022-12-30 20:49:08'),(881,'/uploads/product/141/1672440548RYKHR130-2.jpg',0,'1672440548RYKHR130-2.jpg',141,'App\\Models\\Product','2022-12-30 20:49:08','2022-12-30 20:49:08'),(882,'/uploads/product/141/1672440549RYKHR130-3.jpg',0,'1672440549RYKHR130-3.jpg',141,'App\\Models\\Product','2022-12-30 20:49:09','2022-12-30 20:49:09'),(883,'/uploads/product/142/1672440789RYKHR128-1.jpg',0,'1672440789RYKHR128-1.jpg',142,'App\\Models\\Product','2022-12-30 20:53:09','2022-12-30 20:53:09'),(884,'/uploads/product/142/1672440789RYKHR128-2.jpg',0,'1672440789RYKHR128-2.jpg',142,'App\\Models\\Product','2022-12-30 20:53:09','2022-12-30 20:53:09'),(885,'/uploads/product/142/1672440790RYKHR128-3.jpg',0,'1672440790RYKHR128-3.jpg',142,'App\\Models\\Product','2022-12-30 20:53:10','2022-12-30 20:53:10'),(886,'/uploads/product/143/1672441125RYKHR127-1.jpg',0,'1672441125RYKHR127-1.jpg',143,'App\\Models\\Product','2022-12-30 20:58:45','2022-12-30 20:58:45'),(887,'/uploads/product/143/1672441125RYKHR127-2.jpg',0,'1672441125RYKHR127-2.jpg',143,'App\\Models\\Product','2022-12-30 20:58:45','2022-12-30 20:58:45'),(888,'/uploads/product/143/1672441125RYKHR127-3.jpg',0,'1672441125RYKHR127-3.jpg',143,'App\\Models\\Product','2022-12-30 20:58:45','2022-12-30 20:58:45'),(889,'/uploads/product/144/1672441341RYKHR126-1.jpg',0,'1672441341RYKHR126-1.jpg',144,'App\\Models\\Product','2022-12-30 21:02:21','2022-12-30 21:02:21'),(890,'/uploads/product/144/1672441342RYKHR126-2.jpg',0,'1672441342RYKHR126-2.jpg',144,'App\\Models\\Product','2022-12-30 21:02:22','2022-12-30 21:02:22'),(891,'/uploads/product/144/1672441342RYKHR126-3.jpg',0,'1672441342RYKHR126-3.jpg',144,'App\\Models\\Product','2022-12-30 21:02:22','2022-12-30 21:02:22'),(892,'/uploads/product/145/1672441605RYKHR125-1.jpg',0,'1672441605RYKHR125-1.jpg',145,'App\\Models\\Product','2022-12-30 21:06:45','2022-12-30 21:06:45'),(893,'/uploads/product/145/1672441606RYKHR125-2.jpg',0,'1672441606RYKHR125-2.jpg',145,'App\\Models\\Product','2022-12-30 21:06:46','2022-12-30 21:06:46'),(894,'/uploads/product/145/1672441606RYKHR125-3.jpg',0,'1672441606RYKHR125-3.jpg',145,'App\\Models\\Product','2022-12-30 21:06:46','2022-12-30 21:06:46'),(895,'/uploads/product/146/1672606743RYKHU73-1.jpg',0,'1672606743RYKHU73-1.jpg',146,'App\\Models\\Product','2023-01-01 18:59:03','2023-01-01 18:59:03'),(896,'/uploads/product/146/1672606744RYKHU73-2.jpg',0,'1672606744RYKHU73-2.jpg',146,'App\\Models\\Product','2023-01-01 18:59:04','2023-01-01 18:59:04'),(897,'/uploads/product/146/1672606744RYKHU73-3.jpg',0,'1672606744RYKHU73-3.jpg',146,'App\\Models\\Product','2023-01-01 18:59:04','2023-01-01 18:59:04'),(898,'/uploads/product/146/1672606745RYKHU73-4.jpg',0,'1672606745RYKHU73-4.jpg',146,'App\\Models\\Product','2023-01-01 18:59:05','2023-01-01 18:59:05'),(899,'/uploads/product/147/1672607147g.aamateurs-gold.jpg',1,'1672607147g.aamateurs-gold.jpg',147,'App\\Models\\Product','2023-01-01 19:05:47','2023-01-01 19:05:47'),(900,'/uploads/product/147/1672607147ksa-gold.jpg',1,'1672607147ksa-gold.jpg',147,'App\\Models\\Product','2023-01-01 19:05:47','2023-01-01 19:05:47'),(901,'/uploads/product/147/1672607148names-new_0005_Vector-Smart-Object.jpg',1,'1672607148names-new_0005_Vector-Smart-Object.jpg',147,'App\\Models\\Product','2023-01-01 19:05:48','2023-01-01 19:05:48'),(902,'/uploads/product/147/1672607148names-new_0007_Vector-Smart-Object.jpg',1,'1672607148names-new_0007_Vector-Smart-Object.jpg',147,'App\\Models\\Product','2023-01-01 19:05:48','2023-01-01 19:05:48'),(903,'/uploads/product/147/1672607149names-new_0011_Vector-Smart-Object.jpg',1,'1672607149names-new_0011_Vector-Smart-Object.jpg',147,'App\\Models\\Product','2023-01-01 19:05:49','2023-01-01 19:05:49'),(904,'/uploads/product/147/1672607149names-new_0013_Vector-Smart-Object.jpg',1,'1672607149names-new_0013_Vector-Smart-Object.jpg',147,'App\\Models\\Product','2023-01-01 19:05:49','2023-01-01 19:05:49'),(905,'/uploads/product/147/1672607149names-new_0015_Vector-Smart-Object.jpg',1,'1672607149names-new_0015_Vector-Smart-Object.jpg',147,'App\\Models\\Product','2023-01-01 19:05:49','2023-01-01 19:05:49'),(906,'/uploads/product/147/1672607153names-new_0003_إسْمَك-هُنــَــا-copy-3.jpg',3,'1672607153names-new_0003_إسْمَك-هُنــَــا-copy-3.jpg',147,'App\\Models\\Product','2023-01-01 19:05:53','2023-01-01 19:05:53'),(907,'/uploads/product/147/1672607157names-new_0001_إسْمَك-هُنــَــا-copy.jpg',3,'1672607157names-new_0001_إسْمَك-هُنــَــا-copy.jpg',147,'App\\Models\\Product','2023-01-01 19:05:57','2023-01-01 19:05:57'),(908,'/uploads/product/147/1672607237RYKHU72-1.jpg',0,'1672607237RYKHU72-1.jpg',147,'App\\Models\\Product','2023-01-01 19:07:17','2023-01-01 19:07:17'),(909,'/uploads/product/147/1672607237RYKHU72-2.jpg',0,'1672607237RYKHU72-2.jpg',147,'App\\Models\\Product','2023-01-01 19:07:17','2023-01-01 19:07:17'),(910,'/uploads/product/147/1672607238RYKHU72-3.jpg',0,'1672607238RYKHU72-3.jpg',147,'App\\Models\\Product','2023-01-01 19:07:18','2023-01-01 19:07:18'),(911,'/uploads/product/149/1672608281RYKHU67-1.jpg',0,'1672608281RYKHU67-1.jpg',149,'App\\Models\\Product','2023-01-01 19:24:41','2023-01-01 19:24:41'),(912,'/uploads/product/149/1672608281RYKHU67-2.jpg',0,'1672608281RYKHU67-2.jpg',149,'App\\Models\\Product','2023-01-01 19:24:41','2023-01-01 19:24:41'),(913,'/uploads/product/149/1672608282RYKHU67-3.jpg',0,'1672608282RYKHU67-3.jpg',149,'App\\Models\\Product','2023-01-01 19:24:42','2023-01-01 19:24:42'),(914,'/uploads/product/150/1672608615RYKHU66-1.jpg',0,'1672608615RYKHU66-1.jpg',150,'App\\Models\\Product','2023-01-01 19:30:15','2023-01-01 19:30:15'),(915,'/uploads/product/150/1672608615RYKHU66-2.jpg',0,'1672608615RYKHU66-2.jpg',150,'App\\Models\\Product','2023-01-01 19:30:15','2023-01-01 19:30:15'),(916,'/uploads/product/150/1672608616RYKHU66-3.jpg',0,'1672608616RYKHU66-3.jpg',150,'App\\Models\\Product','2023-01-01 19:30:16','2023-01-01 19:30:16'),(917,'/uploads/product/51/16726976556.png',1,'16726976556.png',51,'App\\Models\\Product','2023-01-02 20:14:15','2023-01-02 20:14:15'),(918,'/uploads/product/151/1673036958ryod28-1.jpg',0,'1673036958ryod28-1.jpg',151,'App\\Models\\Product','2023-01-06 18:29:18','2023-01-06 18:29:18'),(919,'/uploads/product/151/1673036958ryod28-2.jpg',0,'1673036958ryod28-2.jpg',151,'App\\Models\\Product','2023-01-06 18:29:18','2023-01-06 18:29:18'),(920,'/uploads/product/151/1673036959ryod28-3.jpg',0,'1673036959ryod28-3.jpg',151,'App\\Models\\Product','2023-01-06 18:29:19','2023-01-06 18:29:19'),(921,'/uploads/product/152/1673037295ryod27-1.jpg',0,'1673037295ryod27-1.jpg',152,'App\\Models\\Product','2023-01-06 18:34:55','2023-01-06 18:34:55'),(922,'/uploads/product/152/1673037295ryod27-2.jpg',0,'1673037295ryod27-2.jpg',152,'App\\Models\\Product','2023-01-06 18:34:55','2023-01-06 18:34:55'),(923,'/uploads/product/152/1673037296ryod27-3.jpg',0,'1673037296ryod27-3.jpg',152,'App\\Models\\Product','2023-01-06 18:34:56','2023-01-06 18:34:56'),(924,'/uploads/product/153/1673037610ryod26-1.jpg',0,'1673037610ryod26-1.jpg',153,'App\\Models\\Product','2023-01-06 18:40:10','2023-01-06 18:40:10'),(925,'/uploads/product/153/1673037610ryod26-2.jpg',0,'1673037610ryod26-2.jpg',153,'App\\Models\\Product','2023-01-06 18:40:10','2023-01-06 18:40:10'),(926,'/uploads/product/153/1673037611ryod26-3.jpg',0,'1673037611ryod26-3.jpg',153,'App\\Models\\Product','2023-01-06 18:40:11','2023-01-06 18:40:11'),(927,'/uploads/product/154/1673038211ryod24-1.jpg',0,'1673038211ryod24-1.jpg',154,'App\\Models\\Product','2023-01-06 18:50:11','2023-01-06 18:50:11'),(928,'/uploads/product/154/1673038212ryod24-2.jpg',0,'1673038212ryod24-2.jpg',154,'App\\Models\\Product','2023-01-06 18:50:12','2023-01-06 18:50:12'),(929,'/uploads/product/154/1673038212ryod24-3.jpg',0,'1673038212ryod24-3.jpg',154,'App\\Models\\Product','2023-01-06 18:50:12','2023-01-06 18:50:12'),(930,'/uploads/product/155/1673038716ryod23-1.jpg',0,'1673038716ryod23-1.jpg',155,'App\\Models\\Product','2023-01-06 18:58:36','2023-01-06 18:58:36'),(931,'/uploads/product/155/1673038717ryod23-2.jpg',0,'1673038717ryod23-2.jpg',155,'App\\Models\\Product','2023-01-06 18:58:37','2023-01-06 18:58:37'),(932,'/uploads/product/155/1673038717ryod23-3.jpg',0,'1673038717ryod23-3.jpg',155,'App\\Models\\Product','2023-01-06 18:58:37','2023-01-06 18:58:37'),(933,'/uploads/product/154/1673038767ksa-gold.jpg',1,'1673038767ksa-gold.jpg',154,'App\\Models\\Product','2023-01-06 18:59:27','2023-01-06 18:59:27'),(934,'/uploads/product/154/1673038767names-new_0005_Vector-Smart-Object.jpg',1,'1673038767names-new_0005_Vector-Smart-Object.jpg',154,'App\\Models\\Product','2023-01-06 18:59:27','2023-01-06 18:59:27'),(935,'/uploads/product/154/1673038768names-new_0007_Vector-Smart-Object.jpg',1,'1673038768names-new_0007_Vector-Smart-Object.jpg',154,'App\\Models\\Product','2023-01-06 18:59:28','2023-01-06 18:59:28'),(936,'/uploads/product/154/1673038768names-new_0011_Vector-Smart-Object.jpg',1,'1673038768names-new_0011_Vector-Smart-Object.jpg',154,'App\\Models\\Product','2023-01-06 18:59:28','2023-01-06 18:59:28'),(937,'/uploads/product/154/1673038769names-new_0013_Vector-Smart-Object.jpg',1,'1673038769names-new_0013_Vector-Smart-Object.jpg',154,'App\\Models\\Product','2023-01-06 18:59:29','2023-01-06 18:59:29'),(938,'/uploads/product/154/1673038769names-new_0015_Vector-Smart-Object.jpg',1,'1673038769names-new_0015_Vector-Smart-Object.jpg',154,'App\\Models\\Product','2023-01-06 18:59:29','2023-01-06 18:59:29'),(939,'/uploads/product/154/1673038769names-new_0003_إسْمَك-هُنــَــا-copy-3.jpg',3,'1673038769names-new_0003_إسْمَك-هُنــَــا-copy-3.jpg',154,'App\\Models\\Product','2023-01-06 18:59:29','2023-01-06 18:59:29'),(940,'/uploads/product/155/1673038798ksa-gold.jpg',1,'1673038798ksa-gold.jpg',155,'App\\Models\\Product','2023-01-06 18:59:58','2023-01-06 18:59:58'),(941,'/uploads/product/155/1673038798names-new_0005_Vector-Smart-Object.jpg',1,'1673038798names-new_0005_Vector-Smart-Object.jpg',155,'App\\Models\\Product','2023-01-06 18:59:58','2023-01-06 18:59:58'),(942,'/uploads/product/155/1673038799names-new_0007_Vector-Smart-Object.jpg',1,'1673038799names-new_0007_Vector-Smart-Object.jpg',155,'App\\Models\\Product','2023-01-06 18:59:59','2023-01-06 18:59:59'),(943,'/uploads/product/155/1673038799names-new_0011_Vector-Smart-Object.jpg',1,'1673038799names-new_0011_Vector-Smart-Object.jpg',155,'App\\Models\\Product','2023-01-06 18:59:59','2023-01-06 18:59:59'),(944,'/uploads/product/155/1673038799names-new_0013_Vector-Smart-Object.jpg',1,'1673038799names-new_0013_Vector-Smart-Object.jpg',155,'App\\Models\\Product','2023-01-06 18:59:59','2023-01-06 18:59:59'),(945,'/uploads/product/155/1673038800names-new_0015_Vector-Smart-Object.jpg',1,'1673038800names-new_0015_Vector-Smart-Object.jpg',155,'App\\Models\\Product','2023-01-06 19:00:00','2023-01-06 19:00:00'),(946,'/uploads/product/155/1673038802names-new_0003_إسْمَك-هُنــَــا-copy-3.jpg',3,'1673038802names-new_0003_إسْمَك-هُنــَــا-copy-3.jpg',155,'App\\Models\\Product','2023-01-06 19:00:02','2023-01-06 19:00:02'),(947,'/uploads/product/155/1673218087g.aamateurs-gold.jpg',1,'1673218087g.aamateurs-gold.jpg',155,'App\\Models\\Product','2023-01-08 20:48:07','2023-01-08 20:48:07'),(948,'/uploads/product/154/1673218102g.aamateurs-gold.jpg',1,'1673218102g.aamateurs-gold.jpg',154,'App\\Models\\Product','2023-01-08 20:48:22','2023-01-08 20:48:22'),(949,'/uploads/product/156/16732182831-kuwait-fils-gold.jpg',1,'16732182831-kuwait-fils-gold.jpg',156,'App\\Models\\Product','2023-01-08 20:51:23','2023-01-08 20:51:23'),(950,'/uploads/product/156/1673218284g.aamateurs-gold.jpg',1,'1673218284g.aamateurs-gold.jpg',156,'App\\Models\\Product','2023-01-08 20:51:24','2023-01-08 20:51:24'),(951,'/uploads/product/156/1673218284ksa-gold.jpg',1,'1673218284ksa-gold.jpg',156,'App\\Models\\Product','2023-01-08 20:51:24','2023-01-08 20:51:24'),(952,'/uploads/product/156/1673218284names-new_0005_Vector-Smart-Object.jpg',1,'1673218284names-new_0005_Vector-Smart-Object.jpg',156,'App\\Models\\Product','2023-01-08 20:51:24','2023-01-08 20:51:24'),(953,'/uploads/product/156/1673218285names-new_0007_Vector-Smart-Object.jpg',1,'1673218285names-new_0007_Vector-Smart-Object.jpg',156,'App\\Models\\Product','2023-01-08 20:51:25','2023-01-08 20:51:25'),(954,'/uploads/product/156/1673218285names-new_0011_Vector-Smart-Object.jpg',1,'1673218285names-new_0011_Vector-Smart-Object.jpg',156,'App\\Models\\Product','2023-01-08 20:51:25','2023-01-08 20:51:25'),(955,'/uploads/product/156/1673218285names-new_0013_Vector-Smart-Object.jpg',1,'1673218285names-new_0013_Vector-Smart-Object.jpg',156,'App\\Models\\Product','2023-01-08 20:51:25','2023-01-08 20:51:25'),(956,'/uploads/product/156/1673218286names-new_0015_Vector-Smart-Object.jpg',1,'1673218286names-new_0015_Vector-Smart-Object.jpg',156,'App\\Models\\Product','2023-01-08 20:51:26','2023-01-08 20:51:26'),(957,'/uploads/product/156/1673218292names-new_0003_إسْمَك-هُنــَــا-copy-3.jpg',3,'1673218292names-new_0003_إسْمَك-هُنــَــا-copy-3.jpg',156,'App\\Models\\Product','2023-01-08 20:51:32','2023-01-08 20:51:32'),(958,'/uploads/product/156/1673218354ryod22-1.jpg',0,'1673218354ryod22-1.jpg',156,'App\\Models\\Product','2023-01-08 20:52:34','2023-01-08 20:52:34'),(959,'/uploads/product/156/1673218354ryod22-2.jpg',0,'1673218354ryod22-2.jpg',156,'App\\Models\\Product','2023-01-08 20:52:34','2023-01-08 20:52:34'),(960,'/uploads/product/156/1673218355ryod22-3.jpg',0,'1673218355ryod22-3.jpg',156,'App\\Models\\Product','2023-01-08 20:52:35','2023-01-08 20:52:35'),(961,'/uploads/product/157/1673218601names-new5.jpg',3,'1673218601names-new5.jpg',157,'App\\Models\\Product','2023-01-08 20:56:41','2023-01-08 20:56:41'),(962,'/uploads/product/157/1673218674ryod20-1.jpg',0,'1673218674ryod20-1.jpg',157,'App\\Models\\Product','2023-01-08 20:57:54','2023-01-08 20:57:54'),(963,'/uploads/product/157/1673218675ryod20-2.jpg',0,'1673218675ryod20-2.jpg',157,'App\\Models\\Product','2023-01-08 20:57:55','2023-01-08 20:57:55'),(964,'/uploads/product/158/1673218871names-new5.jpg',1,'1673218871names-new5.jpg',158,'App\\Models\\Product','2023-01-08 21:01:11','2023-01-08 21:01:11'),(965,'/uploads/product/158/1673218876names-new5.jpg',3,'1673218876names-new5.jpg',158,'App\\Models\\Product','2023-01-08 21:01:16','2023-01-08 21:01:16'),(966,'/uploads/product/158/1673218960ryod19-1.jpg',0,'1673218960ryod19-1.jpg',158,'App\\Models\\Product','2023-01-08 21:02:40','2023-01-08 21:02:40'),(967,'/uploads/product/158/1673218961ryod19-2.jpg',0,'1673218961ryod19-2.jpg',158,'App\\Models\\Product','2023-01-08 21:02:41','2023-01-08 21:02:41'),(968,'/uploads/product/159/1673219485ryod18-1.jpg',0,'1673219485ryod18-1.jpg',159,'App\\Models\\Product','2023-01-08 21:11:25','2023-01-08 21:11:25'),(969,'/uploads/product/159/1673219485ryod18-2.jpg',0,'1673219485ryod18-2.jpg',159,'App\\Models\\Product','2023-01-08 21:11:25','2023-01-08 21:11:25'),(970,'/uploads/product/159/1673219488ryod18-3.jpg',0,'1673219488ryod18-3.jpg',159,'App\\Models\\Product','2023-01-08 21:11:28','2023-01-08 21:11:28'),(971,'/uploads/product/160/1673732536bahs.jpg',1,'1673732536bahs.jpg',160,'App\\Models\\Product','2023-01-14 19:42:16','2023-01-14 19:42:16'),(972,'/uploads/product/160/1673732536ksas.jpg',1,'1673732536ksas.jpg',160,'App\\Models\\Product','2023-01-14 19:42:16','2023-01-14 19:42:16'),(973,'/uploads/product/160/1673732537kuwaits.jpg',1,'1673732537kuwaits.jpg',160,'App\\Models\\Product','2023-01-14 19:42:17','2023-01-14 19:42:17'),(974,'/uploads/product/160/1673732537qatars.jpg',1,'1673732537qatars.jpg',160,'App\\Models\\Product','2023-01-14 19:42:17','2023-01-14 19:42:17'),(975,'/uploads/product/160/1673732538uaes.jpg',1,'1673732538uaes.jpg',160,'App\\Models\\Product','2023-01-14 19:42:18','2023-01-14 19:42:18'),(976,'/uploads/product/160/1673732545g.aamateurs-silver.jpg',1,'1673732545g.aamateurs-silver.jpg',160,'App\\Models\\Product','2023-01-14 19:42:25','2023-01-14 19:42:25'),(977,'/uploads/product/160/1673732552names-new_0000_إسْمَك-هُنــَــا.jpg',3,'1673732552names-new_0000_إسْمَك-هُنــَــا.jpg',160,'App\\Models\\Product','2023-01-14 19:42:32','2023-01-14 19:42:32'),(978,'/uploads/product/160/1673732597RYBT589-1.jpg',0,'1673732597RYBT589-1.jpg',160,'App\\Models\\Product','2023-01-14 19:43:17','2023-01-14 19:43:17'),(979,'/uploads/product/160/1673732597RYBT589-2.jpg',0,'1673732597RYBT589-2.jpg',160,'App\\Models\\Product','2023-01-14 19:43:17','2023-01-14 19:43:17'),(980,'/uploads/product/160/1673732598RYBT589-3.jpg',0,'1673732598RYBT589-3.jpg',160,'App\\Models\\Product','2023-01-14 19:43:18','2023-01-14 19:43:18'),(981,'/uploads/product/162/1673732722bahs.jpg',1,'1673732722bahs.jpg',162,'App\\Models\\Product','2023-01-14 19:45:22','2023-01-14 19:45:22'),(982,'/uploads/product/162/1673732723ksas.jpg',1,'1673732723ksas.jpg',162,'App\\Models\\Product','2023-01-14 19:45:23','2023-01-14 19:45:23'),(983,'/uploads/product/162/1673732724kuwaits.jpg',1,'1673732724kuwaits.jpg',162,'App\\Models\\Product','2023-01-14 19:45:24','2023-01-14 19:45:24'),(984,'/uploads/product/162/1673732724qatars.jpg',1,'1673732724qatars.jpg',162,'App\\Models\\Product','2023-01-14 19:45:24','2023-01-14 19:45:24'),(985,'/uploads/product/162/1673732724uaes.jpg',1,'1673732724uaes.jpg',162,'App\\Models\\Product','2023-01-14 19:45:24','2023-01-14 19:45:24'),(986,'/uploads/product/162/1673732764g.aamateurs-silver.jpg',1,'1673732764g.aamateurs-silver.jpg',162,'App\\Models\\Product','2023-01-14 19:46:04','2023-01-14 19:46:04'),(987,'/uploads/product/162/1673732764names-new_0004_Vector-Smart-Object.jpg',1,'1673732764names-new_0004_Vector-Smart-Object.jpg',162,'App\\Models\\Product','2023-01-14 19:46:04','2023-01-14 19:46:04'),(988,'/uploads/product/162/1673732770names-new_0000_إسْمَك-هُنــَــا.jpg',3,'1673732770names-new_0000_إسْمَك-هُنــَــا.jpg',162,'App\\Models\\Product','2023-01-14 19:46:10','2023-01-14 19:46:10'),(989,'/uploads/product/162/1673732827RYBT589-1.jpg',0,'1673732827RYBT589-1.jpg',162,'App\\Models\\Product','2023-01-14 19:47:07','2023-01-14 19:47:07'),(990,'/uploads/product/162/1673732827RYBT589-2.jpg',0,'1673732827RYBT589-2.jpg',162,'App\\Models\\Product','2023-01-14 19:47:07','2023-01-14 19:47:07'),(991,'/uploads/product/162/1673732827RYBT589-3.jpg',0,'1673732827RYBT589-3.jpg',162,'App\\Models\\Product','2023-01-14 19:47:07','2023-01-14 19:47:07'),(992,'/uploads/product/163/1673733189g.aamateurs-gold.jpg',1,'1673733189g.aamateurs-gold.jpg',163,'App\\Models\\Product','2023-01-14 19:53:09','2023-01-14 19:53:09'),(993,'/uploads/product/163/1673733190ksa-gold.jpg',1,'1673733190ksa-gold.jpg',163,'App\\Models\\Product','2023-01-14 19:53:10','2023-01-14 19:53:10'),(994,'/uploads/product/163/1673733190names-new_0005_Vector-Smart-Object.jpg',1,'1673733190names-new_0005_Vector-Smart-Object.jpg',163,'App\\Models\\Product','2023-01-14 19:53:10','2023-01-14 19:53:10'),(995,'/uploads/product/163/1673733191names-new_0007_Vector-Smart-Object.jpg',1,'1673733191names-new_0007_Vector-Smart-Object.jpg',163,'App\\Models\\Product','2023-01-14 19:53:11','2023-01-14 19:53:11'),(996,'/uploads/product/163/1673733191names-new_0011_Vector-Smart-Object.jpg',1,'1673733191names-new_0011_Vector-Smart-Object.jpg',163,'App\\Models\\Product','2023-01-14 19:53:11','2023-01-14 19:53:11'),(997,'/uploads/product/163/1673733191names-new_0013_Vector-Smart-Object.jpg',1,'1673733191names-new_0013_Vector-Smart-Object.jpg',163,'App\\Models\\Product','2023-01-14 19:53:11','2023-01-14 19:53:11'),(998,'/uploads/product/163/1673733192names-new_0015_Vector-Smart-Object.jpg',1,'1673733192names-new_0015_Vector-Smart-Object.jpg',163,'App\\Models\\Product','2023-01-14 19:53:12','2023-01-14 19:53:12'),(999,'/uploads/product/163/1673733197names-new_0001_إسْمَك-هُنــَــا-copy.jpg',3,'1673733197names-new_0001_إسْمَك-هُنــَــا-copy.jpg',163,'App\\Models\\Product','2023-01-14 19:53:17','2023-01-14 19:53:17'),(1000,'/uploads/product/163/1673733259RYBT588-1.jpg',0,'1673733259RYBT588-1.jpg',163,'App\\Models\\Product','2023-01-14 19:54:19','2023-01-14 19:54:19'),(1001,'/uploads/product/163/1673733259RYBT588-2.jpg',0,'1673733259RYBT588-2.jpg',163,'App\\Models\\Product','2023-01-14 19:54:19','2023-01-14 19:54:19'),(1002,'/uploads/product/163/1673733260RYBT588-3.jpg',0,'1673733260RYBT588-3.jpg',163,'App\\Models\\Product','2023-01-14 19:54:20','2023-01-14 19:54:20'),(1003,'/uploads/product/164/1673733522g.aamateurs-silver.jpg',1,'1673733522g.aamateurs-silver.jpg',164,'App\\Models\\Product','2023-01-14 19:58:42','2023-01-14 19:58:42'),(1004,'/uploads/product/164/1673733522names-new_0004_Vector-Smart-Object.jpg',1,'1673733522names-new_0004_Vector-Smart-Object.jpg',164,'App\\Models\\Product','2023-01-14 19:58:42','2023-01-14 19:58:42'),(1005,'/uploads/product/164/1673733523names-new_0006_Vector-Smart-Object.jpg',1,'1673733523names-new_0006_Vector-Smart-Object.jpg',164,'App\\Models\\Product','2023-01-14 19:58:43','2023-01-14 19:58:43'),(1006,'/uploads/product/164/1673733523names-new_0008_Vector-Smart-Object.jpg',1,'1673733523names-new_0008_Vector-Smart-Object.jpg',164,'App\\Models\\Product','2023-01-14 19:58:43','2023-01-14 19:58:43'),(1007,'/uploads/product/164/1673733523names-new_0010_Vector-Smart-Object.jpg',1,'1673733523names-new_0010_Vector-Smart-Object.jpg',164,'App\\Models\\Product','2023-01-14 19:58:43','2023-01-14 19:58:43'),(1008,'/uploads/product/164/1673733524names-new_0012_Vector-Smart-Object.jpg',1,'1673733524names-new_0012_Vector-Smart-Object.jpg',164,'App\\Models\\Product','2023-01-14 19:58:44','2023-01-14 19:58:44'),(1009,'/uploads/product/164/1673733524names-new_0014_Vector-Smart-Object.jpg',1,'1673733524names-new_0014_Vector-Smart-Object.jpg',164,'App\\Models\\Product','2023-01-14 19:58:44','2023-01-14 19:58:44'),(1010,'/uploads/product/164/1673733527names-new_0000_إسْمَك-هُنــَــا.jpg',3,'1673733527names-new_0000_إسْمَك-هُنــَــا.jpg',164,'App\\Models\\Product','2023-01-14 19:58:47','2023-01-14 19:58:47'),(1011,'/uploads/product/164/1673733598RYBT585-1.jpg',0,'1673733598RYBT585-1.jpg',164,'App\\Models\\Product','2023-01-14 19:59:58','2023-01-14 19:59:58'),(1012,'/uploads/product/164/1673733598RYBT585-2.jpg',0,'1673733598RYBT585-2.jpg',164,'App\\Models\\Product','2023-01-14 19:59:58','2023-01-14 19:59:58'),(1013,'/uploads/product/164/1673733599RYBT585-3.jpg',0,'1673733599RYBT585-3.jpg',164,'App\\Models\\Product','2023-01-14 19:59:59','2023-01-14 19:59:59'),(1014,'/uploads/product/165/1673733833g.aamateurs-gold.jpg',1,'1673733833g.aamateurs-gold.jpg',165,'App\\Models\\Product','2023-01-14 20:03:53','2023-01-14 20:03:53'),(1015,'/uploads/product/165/1673733833kuwait-5fils-gold2.jpg',1,'1673733833kuwait-5fils-gold2.jpg',165,'App\\Models\\Product','2023-01-14 20:03:53','2023-01-14 20:03:53'),(1016,'/uploads/product/165/1673733834names-new_0005_Vector-Smart-Object.jpg',1,'1673733834names-new_0005_Vector-Smart-Object.jpg',165,'App\\Models\\Product','2023-01-14 20:03:54','2023-01-14 20:03:54'),(1017,'/uploads/product/165/1673733834names-new_0007_Vector-Smart-Object.jpg',1,'1673733834names-new_0007_Vector-Smart-Object.jpg',165,'App\\Models\\Product','2023-01-14 20:03:54','2023-01-14 20:03:54'),(1018,'/uploads/product/165/1673733834names-new_0009_Vector-Smart-Object.jpg',1,'1673733834names-new_0009_Vector-Smart-Object.jpg',165,'App\\Models\\Product','2023-01-14 20:03:54','2023-01-14 20:03:54'),(1019,'/uploads/product/165/1673733835names-new_0011_Vector-Smart-Object.jpg',1,'1673733835names-new_0011_Vector-Smart-Object.jpg',165,'App\\Models\\Product','2023-01-14 20:03:55','2023-01-14 20:03:55'),(1020,'/uploads/product/165/1673733835names-new_0013_Vector-Smart-Object.jpg',1,'1673733835names-new_0013_Vector-Smart-Object.jpg',165,'App\\Models\\Product','2023-01-14 20:03:55','2023-01-14 20:03:55'),(1021,'/uploads/product/165/1673733836names-new_0015_Vector-Smart-Object.jpg',1,'1673733836names-new_0015_Vector-Smart-Object.jpg',165,'App\\Models\\Product','2023-01-14 20:03:56','2023-01-14 20:03:56'),(1022,'/uploads/product/165/1673733838names-new_0001_إسْمَك-هُنــَــا-copy.jpg',3,'1673733838names-new_0001_إسْمَك-هُنــَــا-copy.jpg',165,'App\\Models\\Product','2023-01-14 20:03:58','2023-01-14 20:03:58'),(1023,'/uploads/product/165/1673733897RYBT584-1.jpg',0,'1673733897RYBT584-1.jpg',165,'App\\Models\\Product','2023-01-14 20:04:57','2023-01-14 20:04:57'),(1024,'/uploads/product/165/1673733898RYBT584-2.jpg',0,'1673733898RYBT584-2.jpg',165,'App\\Models\\Product','2023-01-14 20:04:58','2023-01-14 20:04:58'),(1025,'/uploads/product/165/1673733898RYBT584-3.jpg',0,'1673733898RYBT584-3.jpg',165,'App\\Models\\Product','2023-01-14 20:04:58','2023-01-14 20:04:58'),(1026,'/uploads/product/166/1673734134g.aamateurs-silver.jpg',1,'1673734134g.aamateurs-silver.jpg',166,'App\\Models\\Product','2023-01-14 20:08:54','2023-01-14 20:08:54'),(1027,'/uploads/product/166/1673734134ksa-silver.jpg',1,'1673734134ksa-silver.jpg',166,'App\\Models\\Product','2023-01-14 20:08:54','2023-01-14 20:08:54'),(1028,'/uploads/product/166/1673734135names-new_0004_Vector-Smart-Object.jpg',1,'1673734135names-new_0004_Vector-Smart-Object.jpg',166,'App\\Models\\Product','2023-01-14 20:08:55','2023-01-14 20:08:55'),(1029,'/uploads/product/166/1673734135names-new_0006_Vector-Smart-Object.jpg',1,'1673734135names-new_0006_Vector-Smart-Object.jpg',166,'App\\Models\\Product','2023-01-14 20:08:55','2023-01-14 20:08:55'),(1030,'/uploads/product/166/1673734136names-new_0010_Vector-Smart-Object.jpg',1,'1673734136names-new_0010_Vector-Smart-Object.jpg',166,'App\\Models\\Product','2023-01-14 20:08:56','2023-01-14 20:08:56'),(1031,'/uploads/product/166/1673734136names-new_0000_إسْمَك-هُنــَــا.jpg',3,'1673734136names-new_0000_إسْمَك-هُنــَــا.jpg',166,'App\\Models\\Product','2023-01-14 20:08:56','2023-01-14 20:08:56'),(1032,'/uploads/product/166/1673734136names-new_0012_Vector-Smart-Object.jpg',1,'1673734136names-new_0012_Vector-Smart-Object.jpg',166,'App\\Models\\Product','2023-01-14 20:08:56','2023-01-14 20:08:56'),(1033,'/uploads/product/166/1673734137names-new_0014_Vector-Smart-Object.jpg',1,'1673734137names-new_0014_Vector-Smart-Object.jpg',166,'App\\Models\\Product','2023-01-14 20:08:57','2023-01-14 20:08:57'),(1034,'/uploads/product/166/1673734195RYBT583-1.jpg',0,'1673734195RYBT583-1.jpg',166,'App\\Models\\Product','2023-01-14 20:09:55','2023-01-14 20:09:55'),(1035,'/uploads/product/166/1673734195RYBT583-2.jpg',0,'1673734195RYBT583-2.jpg',166,'App\\Models\\Product','2023-01-14 20:09:55','2023-01-14 20:09:55'),(1036,'/uploads/product/166/1673734196RYBT583-3.jpg',0,'1673734196RYBT583-3.jpg',166,'App\\Models\\Product','2023-01-14 20:09:56','2023-01-14 20:09:56'),(1037,'/uploads/product/167/1673822813bahs.jpg',1,'1673822813bahs.jpg',167,'App\\Models\\Product','2023-01-15 20:46:53','2023-01-15 20:46:53'),(1038,'/uploads/product/167/1673822813ksas.jpg',1,'1673822813ksas.jpg',167,'App\\Models\\Product','2023-01-15 20:46:53','2023-01-15 20:46:53'),(1039,'/uploads/product/167/1673822814kuwaits.jpg',1,'1673822814kuwaits.jpg',167,'App\\Models\\Product','2023-01-15 20:46:54','2023-01-15 20:46:54'),(1040,'/uploads/product/167/1673822814qatars.jpg',1,'1673822814qatars.jpg',167,'App\\Models\\Product','2023-01-15 20:46:54','2023-01-15 20:46:54'),(1041,'/uploads/product/167/1673822815uaes.jpg',1,'1673822815uaes.jpg',167,'App\\Models\\Product','2023-01-15 20:46:55','2023-01-15 20:46:55'),(1042,'/uploads/product/167/1673822817g.aamateurs-silver.jpg',1,'1673822817g.aamateurs-silver.jpg',167,'App\\Models\\Product','2023-01-15 20:46:57','2023-01-15 20:46:57'),(1043,'/uploads/product/167/1673822830names-new_0000_إسْمَك-هُنــَــا.jpg',3,'1673822830names-new_0000_إسْمَك-هُنــَــا.jpg',167,'App\\Models\\Product','2023-01-15 20:47:10','2023-01-15 20:47:10'),(1044,'/uploads/product/167/1673822906RYBT581-1.jpg',0,'1673822906RYBT581-1.jpg',167,'App\\Models\\Product','2023-01-15 20:48:26','2023-01-15 20:48:26'),(1045,'/uploads/product/167/1673822907RYBT581-2.jpg',0,'1673822907RYBT581-2.jpg',167,'App\\Models\\Product','2023-01-15 20:48:27','2023-01-15 20:48:27'),(1046,'/uploads/product/167/1673822908RYBT581-3.jpg',0,'1673822908RYBT581-3.jpg',167,'App\\Models\\Product','2023-01-15 20:48:28','2023-01-15 20:48:28'),(1047,'/uploads/product/168/1673823150g.aamateurs-silver.jpg',1,'1673823150g.aamateurs-silver.jpg',168,'App\\Models\\Product','2023-01-15 20:52:30','2023-01-15 20:52:30'),(1048,'/uploads/product/168/1673823150ksa-silver.jpg',1,'1673823150ksa-silver.jpg',168,'App\\Models\\Product','2023-01-15 20:52:30','2023-01-15 20:52:30'),(1049,'/uploads/product/168/1673823151names-new_0004_Vector-Smart-Object.jpg',1,'1673823151names-new_0004_Vector-Smart-Object.jpg',168,'App\\Models\\Product','2023-01-15 20:52:31','2023-01-15 20:52:31'),(1050,'/uploads/product/168/1673823151names-new_0006_Vector-Smart-Object.jpg',1,'1673823151names-new_0006_Vector-Smart-Object.jpg',168,'App\\Models\\Product','2023-01-15 20:52:31','2023-01-15 20:52:31'),(1051,'/uploads/product/168/1673823151names-new_0010_Vector-Smart-Object.jpg',1,'1673823151names-new_0010_Vector-Smart-Object.jpg',168,'App\\Models\\Product','2023-01-15 20:52:31','2023-01-15 20:52:31'),(1052,'/uploads/product/168/1673823152names-new_0012_Vector-Smart-Object.jpg',1,'1673823152names-new_0012_Vector-Smart-Object.jpg',168,'App\\Models\\Product','2023-01-15 20:52:32','2023-01-15 20:52:32'),(1053,'/uploads/product/168/1673823152names-new_0014_Vector-Smart-Object.jpg',1,'1673823152names-new_0014_Vector-Smart-Object.jpg',168,'App\\Models\\Product','2023-01-15 20:52:32','2023-01-15 20:52:32'),(1054,'/uploads/product/168/1673823154names-new_0000_إسْمَك-هُنــَــا.jpg',3,'1673823154names-new_0000_إسْمَك-هُنــَــا.jpg',168,'App\\Models\\Product','2023-01-15 20:52:34','2023-01-15 20:52:34'),(1055,'/uploads/product/168/1673823234RYBT580-1.jpg',0,'1673823234RYBT580-1.jpg',168,'App\\Models\\Product','2023-01-15 20:53:54','2023-01-15 20:53:54'),(1056,'/uploads/product/168/1673823234RYBT580-2.jpg',0,'1673823234RYBT580-2.jpg',168,'App\\Models\\Product','2023-01-15 20:53:54','2023-01-15 20:53:54'),(1057,'/uploads/product/168/1673823235RYBT580-3.jpg',0,'1673823235RYBT580-3.jpg',168,'App\\Models\\Product','2023-01-15 20:53:55','2023-01-15 20:53:55'),(1058,'/uploads/product/169/1673823405bahs.jpg',1,'1673823405bahs.jpg',169,'App\\Models\\Product','2023-01-15 20:56:45','2023-01-15 20:56:45'),(1059,'/uploads/product/169/1673823405ksas.jpg',1,'1673823405ksas.jpg',169,'App\\Models\\Product','2023-01-15 20:56:45','2023-01-15 20:56:45'),(1060,'/uploads/product/169/1673823406kuwaits.jpg',1,'1673823406kuwaits.jpg',169,'App\\Models\\Product','2023-01-15 20:56:46','2023-01-15 20:56:46'),(1061,'/uploads/product/169/1673823406polices.jpg',1,'1673823406polices.jpg',169,'App\\Models\\Product','2023-01-15 20:56:46','2023-01-15 20:56:46'),(1062,'/uploads/product/169/1673823407qatars.jpg',1,'1673823407qatars.jpg',169,'App\\Models\\Product','2023-01-15 20:56:47','2023-01-15 20:56:47'),(1063,'/uploads/product/169/1673823407uaes.jpg',1,'1673823407uaes.jpg',169,'App\\Models\\Product','2023-01-15 20:56:47','2023-01-15 20:56:47'),(1064,'/uploads/product/169/1673823410g.aamateurs-silver.jpg',1,'1673823410g.aamateurs-silver.jpg',169,'App\\Models\\Product','2023-01-15 20:56:50','2023-01-15 20:56:50'),(1065,'/uploads/product/169/1673823410names-new_0004_Vector-Smart-Object.jpg',1,'1673823410names-new_0004_Vector-Smart-Object.jpg',169,'App\\Models\\Product','2023-01-15 20:56:50','2023-01-15 20:56:50'),(1066,'/uploads/product/169/1673823416names-new_0000_إسْمَك-هُنــَــا.jpg',3,'1673823416names-new_0000_إسْمَك-هُنــَــا.jpg',169,'App\\Models\\Product','2023-01-15 20:56:56','2023-01-15 20:56:56'),(1067,'/uploads/product/169/1673823479RYBT579-1.jpg',0,'1673823479RYBT579-1.jpg',169,'App\\Models\\Product','2023-01-15 20:57:59','2023-01-15 20:57:59'),(1068,'/uploads/product/169/1673823479RYBT579-2.jpg',0,'1673823479RYBT579-2.jpg',169,'App\\Models\\Product','2023-01-15 20:57:59','2023-01-15 20:57:59'),(1069,'/uploads/product/169/1673823479RYBT579-3.jpg',0,'1673823479RYBT579-3.jpg',169,'App\\Models\\Product','2023-01-15 20:57:59','2023-01-15 20:57:59'),(1070,'/uploads/product/167/1673823497names-new_0004_Vector-Smart-Object.jpg',1,'1673823497names-new_0004_Vector-Smart-Object.jpg',167,'App\\Models\\Product','2023-01-15 20:58:17','2023-01-15 20:58:17'),(1071,'/uploads/product/170/1673823884bahg.jpg',1,'1673823884bahg.jpg',170,'App\\Models\\Product','2023-01-15 21:04:44','2023-01-15 21:04:44'),(1072,'/uploads/product/170/1673823885ksag.jpg',1,'1673823885ksag.jpg',170,'App\\Models\\Product','2023-01-15 21:04:45','2023-01-15 21:04:45'),(1073,'/uploads/product/170/1673823886kuwaitg.jpg',1,'1673823886kuwaitg.jpg',170,'App\\Models\\Product','2023-01-15 21:04:46','2023-01-15 21:04:46'),(1074,'/uploads/product/170/1673823886qatarg.jpg',1,'1673823886qatarg.jpg',170,'App\\Models\\Product','2023-01-15 21:04:46','2023-01-15 21:04:46'),(1075,'/uploads/product/170/1673823887uaeg.jpg',1,'1673823887uaeg.jpg',170,'App\\Models\\Product','2023-01-15 21:04:47','2023-01-15 21:04:47'),(1076,'/uploads/product/170/1673823891g.aamateurs-gold.jpg',1,'1673823891g.aamateurs-gold.jpg',170,'App\\Models\\Product','2023-01-15 21:04:51','2023-01-15 21:04:51'),(1077,'/uploads/product/170/1673823891names-new_0005_Vector-Smart-Object.jpg',1,'1673823891names-new_0005_Vector-Smart-Object.jpg',170,'App\\Models\\Product','2023-01-15 21:04:51','2023-01-15 21:04:51'),(1080,'/uploads/product/170/1673823979RYMT441-1w.jpg',0,'1673823979RYMT441-1w.jpg',170,'App\\Models\\Product','2023-01-15 21:06:19','2023-01-15 21:06:19'),(1081,'/uploads/product/170/1673823979RYMT441-2.jpg',0,'1673823979RYMT441-2.jpg',170,'App\\Models\\Product','2023-01-15 21:06:19','2023-01-15 21:06:19'),(1082,'/uploads/product/170/1673823980RYMT441-3.jpg',0,'1673823980RYMT441-3.jpg',170,'App\\Models\\Product','2023-01-15 21:06:20','2023-01-15 21:06:20'),(1083,'/uploads/product/170/1673824023names-new_0001_إسْمَك-هُنــَــا-copy.jpg',3,'1673824023names-new_0001_إسْمَك-هُنــَــا-copy.jpg',170,'App\\Models\\Product','2023-01-15 21:07:03','2023-01-15 21:07:03'),(1084,'/uploads/product/171/1673824379bahg.jpg',1,'1673824379bahg.jpg',171,'App\\Models\\Product','2023-01-15 21:12:59','2023-01-15 21:12:59'),(1085,'/uploads/product/171/1673824379ksag.jpg',1,'1673824379ksag.jpg',171,'App\\Models\\Product','2023-01-15 21:12:59','2023-01-15 21:12:59'),(1086,'/uploads/product/171/1673824379kuwaitg.jpg',1,'1673824379kuwaitg.jpg',171,'App\\Models\\Product','2023-01-15 21:12:59','2023-01-15 21:12:59'),(1087,'/uploads/product/171/1673824380qatarg.jpg',1,'1673824380qatarg.jpg',171,'App\\Models\\Product','2023-01-15 21:13:00','2023-01-15 21:13:00'),(1088,'/uploads/product/171/1673824380uaeg.jpg',1,'1673824380uaeg.jpg',171,'App\\Models\\Product','2023-01-15 21:13:00','2023-01-15 21:13:00'),(1089,'/uploads/product/171/1673824385g.aamateurs-gold.jpg',1,'1673824385g.aamateurs-gold.jpg',171,'App\\Models\\Product','2023-01-15 21:13:05','2023-01-15 21:13:05'),(1090,'/uploads/product/171/1673824385names-new_0005_Vector-Smart-Object.jpg',1,'1673824385names-new_0005_Vector-Smart-Object.jpg',171,'App\\Models\\Product','2023-01-15 21:13:05','2023-01-15 21:13:05'),(1091,'/uploads/product/171/1673824394names-new_0003_إسْمَك-هُنــَــا-copy-3.jpg',3,'1673824394names-new_0003_إسْمَك-هُنــَــا-copy-3.jpg',171,'App\\Models\\Product','2023-01-15 21:13:14','2023-01-15 21:13:14'),(1092,'/uploads/product/171/1673824451RYMT440-1w.jpg',0,'1673824451RYMT440-1w.jpg',171,'App\\Models\\Product','2023-01-15 21:14:11','2023-01-15 21:14:11'),(1093,'/uploads/product/171/1673824451RYMT440-2.jpg',0,'1673824451RYMT440-2.jpg',171,'App\\Models\\Product','2023-01-15 21:14:11','2023-01-15 21:14:11'),(1094,'/uploads/product/171/1673824451RYMT440-3.jpg',0,'1673824451RYMT440-3.jpg',171,'App\\Models\\Product','2023-01-15 21:14:11','2023-01-15 21:14:11'),(1095,'/uploads/product/172/1673991504g.aamateurs-gold.jpg',1,'1673991504g.aamateurs-gold.jpg',172,'App\\Models\\Product','2023-01-17 19:38:24','2023-01-17 19:38:24'),(1096,'/uploads/product/172/1673991505names-new_0005_Vector-Smart-Object.jpg',1,'1673991505names-new_0005_Vector-Smart-Object.jpg',172,'App\\Models\\Product','2023-01-17 19:38:25','2023-01-17 19:38:25'),(1097,'/uploads/product/172/1673991505names-new_0007_Vector-Smart-Object.jpg',1,'1673991505names-new_0007_Vector-Smart-Object.jpg',172,'App\\Models\\Product','2023-01-17 19:38:25','2023-01-17 19:38:25'),(1098,'/uploads/product/172/1673991505names-new_0009_Vector-Smart-Object.jpg',1,'1673991505names-new_0009_Vector-Smart-Object.jpg',172,'App\\Models\\Product','2023-01-17 19:38:25','2023-01-17 19:38:25'),(1099,'/uploads/product/172/1673991506names-new_0011_Vector-Smart-Object.jpg',1,'1673991506names-new_0011_Vector-Smart-Object.jpg',172,'App\\Models\\Product','2023-01-17 19:38:26','2023-01-17 19:38:26'),(1100,'/uploads/product/172/1673991506names-new_0013_Vector-Smart-Object.jpg',1,'1673991506names-new_0013_Vector-Smart-Object.jpg',172,'App\\Models\\Product','2023-01-17 19:38:26','2023-01-17 19:38:26'),(1101,'/uploads/product/172/1673991507names-new_0015_Vector-Smart-Object.jpg',1,'1673991507names-new_0015_Vector-Smart-Object.jpg',172,'App\\Models\\Product','2023-01-17 19:38:27','2023-01-17 19:38:27'),(1102,'/uploads/product/172/1673991510names-new_0001_إسْمَك-هُنــَــا-copy.jpg',3,'1673991510names-new_0001_إسْمَك-هُنــَــا-copy.jpg',172,'App\\Models\\Product','2023-01-17 19:38:30','2023-01-17 19:38:30'),(1103,'/uploads/product/172/1673991594RYMT439-1w.jpg',0,'1673991594RYMT439-1w.jpg',172,'App\\Models\\Product','2023-01-17 19:39:54','2023-01-17 19:39:54'),(1104,'/uploads/product/172/1673991595RYMT439-2.jpg',0,'1673991595RYMT439-2.jpg',172,'App\\Models\\Product','2023-01-17 19:39:55','2023-01-17 19:39:55'),(1105,'/uploads/product/172/1673991595RYMT439-3.jpg',0,'1673991595RYMT439-3.jpg',172,'App\\Models\\Product','2023-01-17 19:39:55','2023-01-17 19:39:55'),(1106,'/uploads/product/173/1673991851RYMT438-1.jpg',0,'1673991851RYMT438-1.jpg',173,'App\\Models\\Product','2023-01-17 19:44:11','2023-01-17 19:44:11'),(1107,'/uploads/product/173/1673991852RYMT438-2.jpg',0,'1673991852RYMT438-2.jpg',173,'App\\Models\\Product','2023-01-17 19:44:12','2023-01-17 19:44:12'),(1108,'/uploads/product/173/1673991852RYMT438-3.jpg',0,'1673991852RYMT438-3.jpg',173,'App\\Models\\Product','2023-01-17 19:44:12','2023-01-17 19:44:12'),(1109,'/uploads/product/174/1673992225RYMT435-1.jpg',0,'1673992225RYMT435-1.jpg',174,'App\\Models\\Product','2023-01-17 19:50:25','2023-01-17 19:50:25'),(1110,'/uploads/product/174/1673992226RYMT435-2.jpg',0,'1673992226RYMT435-2.jpg',174,'App\\Models\\Product','2023-01-17 19:50:26','2023-01-17 19:50:26'),(1111,'/uploads/product/174/1673992226RYMT435-3.jpg',0,'1673992226RYMT435-3.jpg',174,'App\\Models\\Product','2023-01-17 19:50:26','2023-01-17 19:50:26'),(1112,'/uploads/product/175/1673992430RYMT437-1.jpg',0,'1673992430RYMT437-1.jpg',175,'App\\Models\\Product','2023-01-17 19:53:51','2023-01-17 19:53:51'),(1113,'/uploads/product/175/1673992432RYMT437-2.jpg',0,'1673992432RYMT437-2.jpg',175,'App\\Models\\Product','2023-01-17 19:53:52','2023-01-17 19:53:52'),(1114,'/uploads/product/175/1673992432RYMT437-3.jpg',0,'1673992432RYMT437-3.jpg',175,'App\\Models\\Product','2023-01-17 19:53:52','2023-01-17 19:53:52'),(1115,'/uploads/product/176/1673992639RYMT434-1.jpg',0,'1673992639RYMT434-1.jpg',176,'App\\Models\\Product','2023-01-17 19:57:19','2023-01-17 19:57:19'),(1116,'/uploads/product/176/1673992640RYMT434-2.jpg',0,'1673992640RYMT434-2.jpg',176,'App\\Models\\Product','2023-01-17 19:57:20','2023-01-17 19:57:20'),(1117,'/uploads/product/176/1673992640RYMT434-3.jpg',0,'1673992640RYMT434-3.jpg',176,'App\\Models\\Product','2023-01-17 19:57:20','2023-01-17 19:57:20'),(1118,'/uploads/product/177/1673993285RYMT433-1.jpg',0,'1673993285RYMT433-1.jpg',177,'App\\Models\\Product','2023-01-17 20:08:05','2023-01-17 20:08:05'),(1119,'/uploads/product/177/1673993285RYMT433-2.jpg',0,'1673993285RYMT433-2.jpg',177,'App\\Models\\Product','2023-01-17 20:08:05','2023-01-17 20:08:05'),(1120,'/uploads/product/177/1673993286RYMT433-3.jpg',0,'1673993286RYMT433-3.jpg',177,'App\\Models\\Product','2023-01-17 20:08:06','2023-01-17 20:08:06'),(1121,'/uploads/product/179/1673993482RYMT427-1.jpg',0,'1673993482RYMT427-1.jpg',179,'App\\Models\\Product','2023-01-17 20:11:22','2023-01-17 20:11:22'),(1122,'/uploads/product/179/1673993483RYMT427-2.jpg',0,'1673993483RYMT427-2.jpg',179,'App\\Models\\Product','2023-01-17 20:11:23','2023-01-17 20:11:23'),(1123,'/uploads/product/179/1673993483RYMT427-3.jpg',0,'1673993483RYMT427-3.jpg',179,'App\\Models\\Product','2023-01-17 20:11:23','2023-01-17 20:11:23'),(1124,'/uploads/product/180/1673993625bahg.jpg',1,'1673993625bahg.jpg',180,'App\\Models\\Product','2023-01-17 20:13:45','2023-01-17 20:13:45'),(1125,'/uploads/product/180/1673993626ksag.jpg',1,'1673993626ksag.jpg',180,'App\\Models\\Product','2023-01-17 20:13:46','2023-01-17 20:13:46'),(1126,'/uploads/product/180/1673993627kuwaitg.jpg',1,'1673993627kuwaitg.jpg',180,'App\\Models\\Product','2023-01-17 20:13:47','2023-01-17 20:13:47'),(1127,'/uploads/product/180/1673993628qatarg.jpg',1,'1673993628qatarg.jpg',180,'App\\Models\\Product','2023-01-17 20:13:48','2023-01-17 20:13:48'),(1128,'/uploads/product/180/1673993630uaeg.jpg',1,'1673993630uaeg.jpg',180,'App\\Models\\Product','2023-01-17 20:13:50','2023-01-17 20:13:50'),(1129,'/uploads/product/180/1673993631g.aamateurs-gold.jpg',1,'1673993631g.aamateurs-gold.jpg',180,'App\\Models\\Product','2023-01-17 20:13:51','2023-01-17 20:13:51'),(1130,'/uploads/product/180/1673993632names-new_0005_Vector-Smart-Object.jpg',1,'1673993632names-new_0005_Vector-Smart-Object.jpg',180,'App\\Models\\Product','2023-01-17 20:13:52','2023-01-17 20:13:52'),(1131,'/uploads/product/180/1673993638names-new_0005_Vector-Smart-Object.jpg',1,'1673993638names-new_0005_Vector-Smart-Object.jpg',180,'App\\Models\\Product','2023-01-17 20:13:58','2023-01-17 20:13:58'),(1132,'/uploads/product/180/1673993642g.aamateurs-gold.jpg',1,'1673993642g.aamateurs-gold.jpg',180,'App\\Models\\Product','2023-01-17 20:14:02','2023-01-17 20:14:02'),(1133,'/uploads/product/180/1673993642names-new_0003_إسْمَك-هُنــَــا-copy-3.jpg',3,'1673993642names-new_0003_إسْمَك-هُنــَــا-copy-3.jpg',180,'App\\Models\\Product','2023-01-17 20:14:02','2023-01-17 20:14:02'),(1134,'/uploads/product/180/1673993697RYMT422-1w.jpg',0,'1673993697RYMT422-1w.jpg',180,'App\\Models\\Product','2023-01-17 20:14:57','2023-01-17 20:14:57'),(1135,'/uploads/product/180/1673993698RYMT422-2.jpg',0,'1673993698RYMT422-2.jpg',180,'App\\Models\\Product','2023-01-17 20:14:58','2023-01-17 20:14:58'),(1136,'/uploads/product/180/1673993698RYMT422-3.jpg',0,'1673993698RYMT422-3.jpg',180,'App\\Models\\Product','2023-01-17 20:14:58','2023-01-17 20:14:58'),(1137,'/uploads/product/180/16760503612337.jpg_860.jpg',2,'16760503612337.jpg_860.jpg',180,'App\\Models\\Product','2023-02-10 15:32:41','2023-02-10 15:32:41'),(1138,'/uploads/product/180/16760503662337.jpg_860.jpg',4,'16760503662337.jpg_860.jpg',180,'App\\Models\\Product','2023-02-10 15:32:46','2023-02-10 15:32:46'),(1139,'/uploads/product/181/1683014946RYKHK226-1.jpg',0,'1683014946RYKHK226-1.jpg',181,'App\\Models\\Product','2023-05-02 05:09:06','2023-05-02 05:09:06'),(1140,'/uploads/product/181/1683014947RYKHK226-2.jpg',0,'1683014947RYKHK226-2.jpg',181,'App\\Models\\Product','2023-05-02 05:09:07','2023-05-02 05:09:07'),(1141,'/uploads/product/181/1683014947RYKHK226-3.jpg',0,'1683014947RYKHK226-3.jpg',181,'App\\Models\\Product','2023-05-02 05:09:07','2023-05-02 05:09:07');

--
-- Table structure for table `government_translations`
--

CREATE TABLE `government_translations` (
  `id` int unsigned NOT NULL AUTO_INCREMENT,
  `government_id` int unsigned NOT NULL,
  `name` varchar(255) CHARACTER SET utf8mb4 COLLATE utf8mb4_unicode_ci NOT NULL,
  `locale` varchar(255) CHARACTER SET utf8mb4 COLLATE utf8mb4_unicode_ci NOT NULL,
  `created_at` timestamp NULL DEFAULT NULL,
  `updated_at` timestamp NULL DEFAULT NULL,
  PRIMARY KEY (`id`),
  UNIQUE KEY `government_translations_government_id_locale_unique` (`government_id`,`locale`),
  KEY `government_translations_locale_index` (`locale`),
  CONSTRAINT `government_translations_government_id_foreign` FOREIGN KEY (`government_id`) REFERENCES `governments` (`id`) ON DELETE CASCADE
) ENGINE=InnoDB AUTO_INCREMENT=133 DEFAULT CHARSET=utf8mb4 COLLATE=utf8mb4_unicode_ci;

--
-- Dumping data for table `government_translations`
--

INSERT INTO `government_translations` (`id`, `government_id`, `name`, `locale`, `created_at`, `updated_at`) VALUES (15,8,'العاصمة','ar',NULL,NULL),(16,8,'Capital Governorate','en',NULL,NULL),(17,9,'الأحمدي','ar',NULL,NULL),(18,9,'Ahmadi Governorate','en',NULL,NULL),(19,10,'الفروانية','ar',NULL,NULL),(20,10,'Farwaniya Governorate','en',NULL,NULL),(21,11,'الجهراء','ar',NULL,NULL),(22,11,'Jahra Governorate','en',NULL,NULL),(23,12,'حولي','ar',NULL,NULL),(24,12,'Hawalli Governorate','en',NULL,NULL),(25,13,'مبارك الكبير','ar',NULL,NULL),(26,13,'Mubarak Al-Kabeer Governorate','en',NULL,NULL),(27,14,'الرياض','ar',NULL,NULL),(28,14,'RIYAD','en',NULL,NULL),(29,15,'مكة المكرمة','ar',NULL,NULL),(30,15,'MAKKAH AL MUKARRAMAH','en',NULL,NULL),(31,16,'المدينة المنورة','ar',NULL,NULL),(32,16,'MADINA EL MONAWARA','en',NULL,NULL),(33,17,'القصيم','ar',NULL,NULL),(34,17,'QASSIM','en',NULL,NULL),(35,18,'المنطقة الشرقية','ar',NULL,NULL),(36,18,'Eastern Province','en',NULL,NULL),(37,19,'عسير','ar',NULL,NULL),(38,19,'Asir','en',NULL,NULL),(39,20,'تبوك','ar',NULL,NULL),(40,20,'TABOUK','en',NULL,NULL),(41,21,'حائل','ar',NULL,NULL),(42,21,'Hail','en',NULL,NULL),(43,22,'عرعر','ar',NULL,NULL),(44,22,'Arar','en',NULL,NULL),(45,23,'رفحاء','ar',NULL,NULL),(46,23,'Rafha','en',NULL,NULL),(47,24,'العويقيلة','ar',NULL,NULL),(48,24,'Al Aqilah','en',NULL,NULL),(49,25,'طريف','ar',NULL,NULL),(50,25,'TURAIF','en',NULL,NULL),(51,26,'جازان','ar',NULL,NULL),(52,26,'GIZAN','en',NULL,NULL),(53,27,'نجران','ar',NULL,NULL),(54,27,'NAJRAN','en',NULL,NULL),(55,28,'الباحة','ar',NULL,NULL),(56,28,'AL BAHA','en',NULL,NULL),(57,29,'الجوف','ar',NULL,NULL),(58,29,'JOUF','en',NULL,NULL),(59,30,'الريان','ar',NULL,NULL),(60,30,'RAYYAN','en',NULL,NULL),(61,31,'الدوحة','ar',NULL,NULL),(62,31,'DOHA','en',NULL,NULL),(63,32,'الخور','ar',NULL,NULL),(64,32,'AL KHOR','en',NULL,NULL),(65,33,'الوكرة','ar',NULL,NULL),(66,33,'WAKRAH','en',NULL,NULL),(67,34,'الشمال','ar',NULL,NULL),(68,34,'AL SHAMAL','en',NULL,NULL),(69,35,'ام صلال علي','ar',NULL,NULL),(70,35,'UM SALAL ALI','en',NULL,NULL),(71,36,'ام صلال محمد','ar',NULL,NULL),(72,36,'UM SALAL MOHAMMED','en',NULL,NULL),(73,37,'الضعاين','ar',NULL,NULL),(74,37,'AL DAAYAEN','en',NULL,NULL),(75,38,'دبي','ar',NULL,NULL),(76,38,'DUBAI','en',NULL,NULL),(77,39,'أبوظبي','ar',NULL,NULL),(78,39,'ABU DHABI','en',NULL,NULL),(79,40,'الشارقة','ar',NULL,NULL),(80,40,'Sharjah','en',NULL,NULL),(81,41,'العين','ar',NULL,NULL),(82,41,'AL AIN','en',NULL,NULL),(83,42,'عجمان','ar',NULL,NULL),(84,42,'Ajman','en',NULL,NULL),(85,43,'رأس الخيمة','ar',NULL,NULL),(86,43,'Ras al Khaimah','en',NULL,NULL),(87,44,'الفجيرة','ar',NULL,NULL),(88,44,'Fujairah','en',NULL,NULL),(89,45,'ام القيوين','ar',NULL,NULL),(90,45,'Umm Al Quawain','en',NULL,NULL),(91,46,'دبا الفجيرة','ar',NULL,NULL),(92,46,'Dibba Al Fujairah','en',NULL,NULL),(93,47,'خورفكان','ar',NULL,NULL),(94,47,'KHORFAKAN','en',NULL,NULL),(95,48,'كلباء','ar',NULL,NULL),(96,48,'KALBA','en',NULL,NULL),(97,49,'مدينة زايد','ar',NULL,NULL),(98,49,'Zayed City','en',NULL,NULL),(99,50,'الرويس','ar',NULL,NULL),(100,50,'Ruwais','en',NULL,NULL),(101,51,'دبا الحصن','ar',NULL,NULL),(102,51,'Dibba Al Hisn','en',NULL,NULL),(103,52,'الرمس','ar',NULL,NULL),(104,52,'Rams','en',NULL,NULL),(105,53,'الداخلية','ar',NULL,NULL),(106,53,'Al Dakhiliyah','en',NULL,NULL),(107,54,'الظاهرة','ar',NULL,NULL),(108,54,'Al Dhahirah','en',NULL,NULL),(109,55,'شمال الباطنة','ar',NULL,NULL),(110,55,'Al Batinah North','en',NULL,NULL),(111,56,'جنوب الباطنة','ar',NULL,NULL),(112,56,'Al Batinah South','en',NULL,NULL),(113,57,'البريمي','ar',NULL,NULL),(114,57,'Buraimi','en',NULL,NULL),(115,58,'الوسطى','ar',NULL,NULL),(116,58,'Al Wusta','en',NULL,NULL),(117,59,'شمال الشرقية','ar',NULL,NULL),(118,59,'North Sharqiyah','en',NULL,NULL),(119,60,'جنوب الشرقية','ar',NULL,NULL),(120,60,'South-Eastern','en',NULL,NULL),(121,61,'ظفار','ar',NULL,NULL),(122,61,'Dhofar','en',NULL,NULL),(123,62,'مسقط','ar',NULL,NULL),(124,62,'Muscat','en',NULL,NULL),(125,63,'مسندم','ar',NULL,NULL),(126,63,'Musandam','en',NULL,NULL),(127,64,'محافظة العاصمة','ar',NULL,NULL),(128,64,'Capital Governorate','en',NULL,NULL),(129,65,'المحرق','ar',NULL,NULL),(130,65,'Muharraq','en',NULL,NULL),(131,66,'المحافظة الشمالية','ar',NULL,NULL),(132,66,'Northern Governorate','en',NULL,NULL);

--
-- Table structure for table `governments`
--

CREATE TABLE `governments` (
  `id` int unsigned NOT NULL AUTO_INCREMENT,
  `status` int NOT NULL DEFAULT '1',
  `address_address` varchar(255) CHARACTER SET utf8mb4 COLLATE utf8mb4_unicode_ci NOT NULL,
  `address_latitude` double NOT NULL,
  `address_longitude` double NOT NULL,
  `created_at` timestamp NULL DEFAULT NULL,
  `updated_at` timestamp NULL DEFAULT NULL,
  `country_id` int DEFAULT NULL,
  PRIMARY KEY (`id`)
) ENGINE=InnoDB AUTO_INCREMENT=67 DEFAULT CHARSET=utf8mb4 COLLATE=utf8mb4_unicode_ci;

--
-- Dumping data for table `governments`
--

INSERT INTO `governments` (`id`, `status`, `address_address`, `address_latitude`, `address_longitude`, `created_at`, `updated_at`, `country_id`) VALUES (8,1,'العاصمة، Kuwait',29.3342457,47.9812152,'2022-08-24 14:00:00','2022-12-10 06:48:49',1),(9,1,'الأحمدي',0,0,'2022-08-24 14:01:23','2022-08-24 14:01:23',1),(10,1,'الفروانية',0,0,'2022-08-24 14:01:45','2022-08-24 14:01:45',1),(11,1,'الجهراء',0,0,'2022-08-24 14:02:14','2022-08-24 14:02:14',1),(12,1,'حولي',0,0,'2022-08-24 14:02:34','2022-08-24 14:02:34',1),(13,1,'مبارك الكبير',0,0,'2022-08-24 14:02:50','2022-08-24 14:02:50',1),(14,1,'الرياض Saudi Arabia',24.7135517,46.6752957,'2023-05-04 09:24:23','2023-05-04 09:24:23',2),(15,1,'Makkah al-Mukarramah Saudi Arabia',21.3890824,39.8579118,'2023-05-04 09:28:57','2023-05-04 09:30:09',2),(16,1,'Madina El Monawara, Diriyah Saudi Arabia',24.7621277,46.5759892,'2023-05-04 09:30:51','2023-05-04 09:30:51',2),(17,1,'Qassim Saudi Arabia',26.207826,43.483738,'2023-05-04 09:31:27','2023-05-04 09:31:27',2),(18,1,'المنطقة الشرقية Saudi Arabia',23.5681347,50.6793759,'2023-05-04 09:33:26','2023-05-04 09:33:26',2),(19,1,'Asir Saudi Arabia',19.0969062,42.8637875,'2023-05-04 09:36:03','2023-05-04 09:36:26',2),(20,1,'Tabuk Saudi Arabia',28.3835079,36.5661908,'2023-05-04 09:39:59','2023-05-04 09:39:59',2),(21,1,'Hail Saudi Arabia',27.5114102,41.7208243,'2023-05-04 09:41:31','2023-05-04 09:41:31',2),(22,1,'Araraquara, State of São Paulo, Brazil',-21.7790843,-48.1792643,'2023-05-04 09:42:06','2023-05-04 09:42:06',2),(23,1,'Rafha Saudi Arabia',29.62728449999999,43.5192704,'2023-05-04 09:44:41','2023-05-04 09:44:41',NULL),(24,1,'Al Aqilah, Riyadh Saudi Arabia',24.7392522,46.6668795,'2023-05-04 09:46:45','2023-05-04 09:46:45',2),(25,1,'طريف‎ Saudi Arabia',31.6660775,38.6634693,'2023-05-04 09:47:36','2023-05-04 09:47:59',2),(26,1,'Gizan Saudi Arabia',16.8893586,42.57056740000001,'2023-05-04 09:49:12','2023-05-04 09:49:12',2),(27,1,'Najran Saudi Arabia',17.5656036,44.2289441,'2023-05-04 09:53:02','2023-05-04 09:53:02',2),(28,1,'الباحة Saudi Arabia',20.0217407,41.4712733,'2023-05-04 09:54:50','2023-05-04 09:54:50',2),(29,1,'الجوف Saudi Arabia',29.887356,39.3206241,'2023-05-04 09:56:31','2023-05-04 09:56:31',2),(30,1,'Qatar Foundation, Ar-Rayyan, Qatar',25.3193477,51.43620809999999,'2023-05-04 10:01:19','2023-05-04 10:01:19',3),(31,1,'Doha, Qatar',25.2854473,51.53103979999999,'2023-05-04 10:02:26','2023-05-04 10:02:26',3),(32,1,'الخور، Qatar',25.6804078,51.4968502,'2023-05-04 10:03:05','2023-05-04 10:03:05',3),(33,1,'Wakrah, Qatar',24.7815867,51.2631813,'2023-05-04 10:04:17','2023-05-04 10:04:17',3),(34,1,'Al Shamal, Qatar',26.0056463,51.2213044,'2023-05-04 10:05:03','2023-05-04 10:05:03',3),(35,1,'أم صلال عل، Qatar',25.4695749,51.3968437,'2023-05-04 10:05:29','2023-05-04 10:05:29',NULL),(36,1,'أم صلال محمد، Qatar',25.3983615,51.4247485,'2023-05-04 10:05:55','2023-05-04 10:05:55',NULL),(37,1,'مركز الظعاين الصحي، Qatar',25.5634402,51.4538182,'2023-05-04 10:07:13','2023-05-04 10:07:13',NULL),(38,1,'Dubai - United Arab Emirates',25.2048493,55.2707828,'2023-05-04 10:08:18','2023-05-04 10:08:18',4),(39,1,'Abu Dhabi - United Arab Emirates',24.453884,54.3773438,'2023-05-04 10:12:02','2023-05-04 10:59:57',4),(40,1,'الشارقة - Sharjah - United Arab Emirates',25.3461555,55.42109319999999,'2023-05-04 10:12:22','2023-05-04 10:59:31',4),(41,1,'4 طريق العين - Abu Dhabi - United Arab Emirates',24.285115,54.6410752,'2023-05-04 10:12:48','2023-05-04 10:59:15',4),(42,1,'عجمان - Ajman - United Arab Emirates',25.4052165,55.5136433,'2023-05-04 10:13:13','2023-05-04 10:58:59',4),(43,1,'رأس الخيمة - Ras al Khaimah - United Arab Emirates',25.8006926,55.9761994,'2023-05-04 10:13:26','2023-05-04 10:58:43',4),(44,1,'الفجيرة - Fujairah - United Arab Emirates',25.1288099,56.3264849,'2023-05-04 10:13:40','2023-05-04 10:58:22',4),(45,1,'أم القيوين - Umm Al Quawain - United Arab Emirates',25.5507975,55.5524476,'2023-05-04 10:13:55','2023-05-04 10:58:11',4),(46,1,'Dibba Al-Fujairah - Fujairah - United Arab Emirates',25.594046,56.2625744,'2023-05-04 10:15:52','2023-05-04 10:57:58',4),(47,1,'Khorfakkan Waterfalls - Sharjah - United Arab Emirates',25.3669781,56.3481254,'2023-05-04 10:17:19','2023-05-04 10:57:48',4),(48,1,'Kalba - Sharjah - United Arab Emirates',25.057898,56.3546378,'2023-05-04 10:18:19','2023-05-04 10:57:34',4),(49,1,'مدينة زايد - Abu Dhabi - United Arab Emirates',23.6568306,53.7033803,'2023-05-04 10:28:23','2023-05-04 10:57:24',4),(50,1,'Ruwais - Abu Dhabi - United Arab Emirates',24.0974844,52.7347149,'2023-05-04 10:29:00','2023-05-04 10:29:00',NULL),(51,1,'Dibba Al-Hisn - Sharjah - United Arab Emirates',25.615171,56.2673582,'2023-05-04 10:29:40','2023-05-04 10:29:40',NULL),(52,1,'Rams - Ras al Khaimah - United Arab Emirates',25.8782807,56.0250625,'2023-05-04 10:31:32','2023-05-04 10:57:10',4),(53,1,'محافظة الداخلية، Oman',22.8588758,57.5394356,'2023-05-04 10:37:26','2023-05-04 10:37:26',7),(54,1,'الظاهرة للعقارات ومقاولات البناء، Al Buraimi, عمان',24.2496788,55.7852067,'2023-05-04 10:38:15','2023-05-04 10:38:34',7),(55,1,'شمال الباطنه، Oman',21.4735329,55.975413,'2023-05-04 10:39:19','2023-05-04 10:39:19',7),(56,1,'Al Batinah South Governorate, Oman',23.4314903,57.4239796,'2023-05-04 10:39:37','2023-05-04 10:55:04',7),(57,1,'البريمي، Oman',24.2815207,55.8245558,'2023-05-04 10:40:08','2023-05-04 10:53:50',7),(58,1,'محافظة الوسطى، Oman',19.9571078,56.2756846,'2023-05-04 10:41:15','2023-05-04 10:53:10',7),(59,1,'شمال الشرقيه إبراء، الفليج،، Oman',23.2227578,58.79818210000001,'2023-05-04 10:41:43','2023-05-04 10:52:57',7),(60,1,'جنوب الشرقية، 35, Al Kamil Wal Wafi, Oman',22.2231668,59.20378599999999,'2023-05-04 10:42:07','2023-05-04 10:52:29',7),(61,1,'ظفار، Oman',17.0322121,54.1425214,'2023-05-04 10:42:27','2023-05-04 10:52:13',7),(62,1,'مسقط، Oman',23.5880307,58.3828717,'2023-05-04 10:42:48','2023-05-04 10:51:52',7),(63,1,'مسندم، Oman',26.1986144,56.2460949,'2023-05-04 10:43:20','2023-05-04 10:43:20',NULL),(64,1,'Capital Governorate, Bahrain',26.2217634,50.5653294,'2023-05-04 10:46:05','2023-05-04 10:46:05',6),(65,1,'Muharraq, Bahrain',26.2534919,50.60825579999999,'2023-05-04 10:46:36','2023-05-04 10:49:38',6),(66,1,'المحافظة الشمالية، Bahrain',26.1882301,50.4928628,'2023-05-04 10:47:35','2023-05-04 10:49:02',6);

--
-- Table structure for table `migrations`
--

CREATE TABLE `migrations` (
  `id` int unsigned NOT NULL AUTO_INCREMENT,
  `migration` varchar(255) CHARACTER SET utf8mb4 COLLATE utf8mb4_unicode_ci NOT NULL,
  `batch` int NOT NULL,
  PRIMARY KEY (`id`)
) ENGINE=InnoDB AUTO_INCREMENT=64 DEFAULT CHARSET=utf8mb4 COLLATE=utf8mb4_unicode_ci;

--
-- Dumping data for table `migrations`
--

INSERT INTO `migrations` (`id`, `migration`, `batch`) VALUES (1,'2014_10_12_000000_create_users_table',1),(2,'2014_10_12_100000_create_password_resets_table',1),(3,'2016_06_01_000001_create_oauth_auth_codes_table',1),(4,'2016_06_01_000002_create_oauth_access_tokens_table',1),(5,'2016_06_01_000003_create_oauth_refresh_tokens_table',1),(6,'2016_06_01_000004_create_oauth_clients_table',1),(7,'2016_06_01_000005_create_oauth_personal_access_clients_table',1),(8,'2019_08_19_000000_create_failed_jobs_table',1),(9,'2019_12_14_000001_create_personal_access_tokens_table',1),(10,'2022_02_06_071010_laratrust_setup_tables',1),(11,'2022_02_07_073030_create_public_notifcations_table',1),(12,'2022_02_07_131228_create_topics_table',1),(13,'2022_02_07_131335_create_topic_subscripts_table',1),(14,'2022_02_10_131840_create_short_terms_table',1),(15,'2022_03_24_101035_create_sliders_table',1),(16,'2022_03_24_114417_create_slider_translations_table',1),(17,'2022_05_29_115314_create_categories_table',1),(18,'2022_05_29_115351_create_category_translations_table',1),(19,'2022_05_31_082944_create_products_tables',1),(20,'2022_05_31_083136_create_product_translations_table',1),(21,'2022_05_31_084033_create_features_table',1),(22,'2022_05_31_084050_create_feature_translations_table',1),(23,'2022_05_31_084308_create_feature_options_table',1),(24,'2022_05_31_084333_create_feature_option_translations_table',1),(25,'2022_05_31_085551_create_files_table',1),(26,'2022_05_31_112821_create_product_categories_table',1),(27,'2022_06_02_080435_create_payment_methods_table',1),(28,'2022_06_02_080436_create_shipping_types_table',1),(29,'2022_06_02_080440_create_orders_table',1),(30,'2022_06_02_081214_create_product_orders_table',1),(31,'2022_06_02_081356_create_order_product_features_table',1),(32,'2022_06_02_082600_create_payment_method_translations_table',1),(33,'2022_06_02_082610_create_shipping_type_translations_table',1),(34,'2022_06_02_122112_create_governments_table',1),(35,'2022_06_02_122142_create_government_translations_table',1),(36,'2022_06_02_122214_create_regions_table',1),(37,'2022_06_02_122222_create_region_translations_table',1),(38,'2022_06_02_133202_create_arrival_prices_table',1),(39,'2022_06_04_091835_added_checked_to_products_table',1),(40,'2022_06_05_073619_create_coupons_table',1),(41,'2022_06_05_074500_create_coupone_relateds_table',1),(42,'2022_06_05_081404_create_user_products_table',1),(43,'2022_06_05_113923_create_user_addresses_table',1),(44,'2022_06_08_101900_create_arrivals_table',1),(45,'2022_06_08_102003_create_arrival_times_table',1),(46,'2022_06_09_132916_create_order_coupons_table',1),(47,'2022_06_09_134805_add_category_id_to_product_orders_table',1),(48,'2022_06_11_093816_added_checked_to_user_addresses_table',1),(49,'2022_06_11_102956_added_delivery_date_time_to_orders_table',1),(50,'2022_06_11_103215_create_order_shippings_table',1),(51,'2022_06_18_093322_create_order_comments_table',1),(52,'2022_06_19_082401_create_tagers_table',1),(53,'2022_06_20_102847_added_latـlang_table',1),(54,'2022_06_20_135514_create_user_categories_table',1),(55,'2022_06_21_073606_added_image_to_user_table',1),(56,'2022_06_25_095040_create_refund_products_table',2),(57,'2022_06_26_105000_create_user_orders_table',3),(58,'2022_06_26_125130_create_contacts_table',4),(59,'2022_06_28_111636_create_pages_table',5),(60,'2022_06_28_111731_create_page_translations_table',5),(61,'2022_07_17_122026_create_order_options_table',6),(62,'2023_03_21_070405_create_branches_table',7),(63,'2023_03_21_072239_create_branche_translations_table',7);

--
-- Table structure for table `oauth_access_tokens`
--

CREATE TABLE `oauth_access_tokens` (
  `id` varchar(100) CHARACTER SET utf8mb4 COLLATE utf8mb4_unicode_ci NOT NULL,
  `user_id` bigint unsigned DEFAULT NULL,
  `client_id` bigint unsigned NOT NULL,
  `name` varchar(255) CHARACTER SET utf8mb4 COLLATE utf8mb4_unicode_ci DEFAULT NULL,
  `scopes` text CHARACTER SET utf8mb4 COLLATE utf8mb4_unicode_ci,
  `revoked` tinyint(1) NOT NULL,
  `created_at` timestamp NULL DEFAULT NULL,
  `updated_at` timestamp NULL DEFAULT NULL,
  `expires_at` datetime DEFAULT NULL,
  PRIMARY KEY (`id`),
  KEY `oauth_access_tokens_user_id_index` (`user_id`)
) ENGINE=InnoDB DEFAULT CHARSET=utf8mb4 COLLATE=utf8mb4_unicode_ci;

--
-- Dumping data for table `oauth_access_tokens`
--

INSERT INTO `oauth_access_tokens` (`id`, `user_id`, `client_id`, `name`, `scopes`, `revoked`, `created_at`, `updated_at`, `expires_at`) VALUES ('04c5783973d49237e263303d40d3d2e9f17a41ddfb98b934cdf0e859072814b1e3398baf45293433',73,1,'mazraa','[]',0,'2022-09-28 09:10:32','2022-09-28 09:10:32','2023-09-28 11:10:32'),('06d6a47b866c6ecc39e78b9b665b031f3b2642520c31cc8e4b04ee85a59877e4e68b08aa1c10411e',71,1,'mazraa','[]',0,'2022-07-06 11:16:28','2022-07-06 11:16:28','2023-07-06 13:16:28'),('06da447d74de85c8b73410de9d75a0ec9a6125cfed910acb0b79e0c7a11b361e95a4d02bd65ee305',1,1,'gold','[]',0,'2022-12-10 08:23:25','2022-12-10 08:23:25','2023-12-10 10:23:25'),('0770119bbc9a6dc7d9fb4fa5026d9fe581552532d6b788f330c193433dd20801c00285fa8e5e2a6f',62,1,'mazraa','[]',0,'2022-07-01 12:26:25','2022-07-01 12:26:25','2023-07-01 14:26:25'),('094f5f3fd50f7cca02992d3e1f98ec6e5937431dadd8e32ee65817bc5099dc7aa16b445c0f1a0939',78,1,'gold','[]',0,'2022-10-29 06:57:43','2022-10-29 06:57:43','2023-10-29 08:57:43'),('097819e9b7d5769f0f9b075da44afb0d8b483a69f01ccbd2a452b6a46741e3ea89448565290bf209',1,1,'gold','[]',0,'2022-11-15 09:34:30','2022-11-15 09:34:30','2023-11-15 11:34:30'),('0bf126d7633fae011ddb030611a11fc43214551e9d32fdd8fb9deabed29f9c2812bb3c53f2e101e8',1,1,'gold','[]',0,'2022-12-06 05:38:39','2022-12-06 05:38:39','2023-12-06 07:38:39'),('0c4be3baec2bb77d7b065d4f8f1eb9de25fd92cf587f7aa2cdf5a01f0491687928cd8685bc51fbcb',77,1,'mazraa','[]',0,'2022-09-29 06:35:57','2022-09-29 06:35:57','2023-09-29 08:35:57'),('0ef5ca99cc9668ddb0ee559dbba5014a1caea5662e83f4bb7a6914bbdf6fd6f9e31cf390870f1df5',82,1,'salwat','[]',0,'2025-03-09 12:01:42','2025-03-09 12:01:42','2026-03-09 12:01:42'),('0f2756793a7aee37a3325c852792d60aa946387f14b0e3bd524933cfe50a4a0b2f0575b275883645',9,1,'mazraa','[]',0,'2022-09-28 08:49:49','2022-09-28 08:49:49','2023-09-28 10:49:49'),('0f4ba37f9ca35241ebb31c9657e066acb01c71225244a9d201c893a4088078a6126a4f29fa274350',77,1,'mazraa','[]',0,'2022-09-29 06:34:50','2022-09-29 06:34:50','2023-09-29 08:34:50'),('0fe2ce712b05c6d4840bc53b66a7f3590efc04cf8d90a6212712e6e560e531e72b6ac3726f41ff13',73,1,'mazraa','[]',0,'2022-10-01 16:16:08','2022-10-01 16:16:08','2023-10-01 18:16:08'),('11e4e3c3d5546eeb00367f099262c4fe488a1aba1a644938f6a8c5ba2785dd52081789fd6ff91aa0',11,1,'mazraa','[]',0,'2022-06-23 08:02:47','2022-06-23 08:02:47','2023-06-23 10:02:47'),('121f3960f28da2ab5e18e54051c96cb5ef994cddacbb6aaa6855f38daa042bfbe689ee2d441b4ba5',73,1,'mazraa','[]',0,'2022-10-02 05:21:48','2022-10-02 05:21:48','2023-10-02 07:21:48'),('12ebd141d29b06674b7af8f36abdaf26934dbf828e7f134c3d3ed5e34a946913be025e3dd7c4ef90',73,1,'mazraa','[]',0,'2022-11-17 08:05:03','2022-11-17 08:05:03','2023-11-17 10:05:03'),('135d1c9e6ab9ac3e682562f753f7f6e521f6ecfac88a951d3f4ec43f680bd2584e4aa9344c938806',82,1,'gold','[]',0,'2022-11-28 10:50:29','2022-11-28 10:50:29','2023-11-28 12:50:29'),('1455211b53b1e4e6becd2dde88ed8ff502edb18f37883d4d6f0e5c2823972863426a489987ab6ce9',76,1,'mazraa','[]',0,'2022-09-29 06:18:30','2022-09-29 06:18:30','2023-09-29 08:18:30'),('15a65942ead48cf920c419b317f5bda965ddd12f529d50880c2da3bd6304c40922cd13bc4297f187',43,1,'mazraa','[]',0,'2022-06-23 09:31:29','2022-06-23 09:31:29','2023-06-23 11:31:29'),('169128135ffbf069c55f8e7fff450f6c589eac7905efdffce3e1ac61b449b9a537c8c57a2e0beedc',76,1,'mazraa','[]',0,'2022-09-29 06:30:03','2022-09-29 06:30:03','2023-09-29 08:30:03'),('16ab442674f11633f651293b08aedb67d098e64a17d6a5c922cfb7418d9ef8f4c74ea519bc9ce7d3',57,1,'mazraa','[]',0,'2022-06-26 05:30:30','2022-06-26 05:30:30','2023-06-26 07:30:30'),('16c58257a012cdca0682407d0fd215d0d26df646762f7fcd77b9574a5f16b61ecbb5d157654720ce',45,1,'mazraa','[]',0,'2022-06-23 09:54:18','2022-06-23 09:54:18','2023-06-23 11:54:18'),('194f8bce0f06c6a6d73ea4d076c4637e478a260a85e6763d67ec58291a391ca659e4e7588b7195bf',11,1,'mazraa','[]',0,'2022-06-23 08:03:59','2022-06-23 08:03:59','2023-06-23 10:03:59'),('1a9c43a3593cca2448c9921cc354f90ff8404ad2e17bbd199b499b7f35f9ba09aa690adca78edb0b',71,1,'mazraa','[]',0,'2022-07-06 11:19:42','2022-07-06 11:19:42','2023-07-06 13:19:42'),('1b1596fa0d5cebf24c26586a036030962be8592dc31a4b33b2dff14f9c6f135439520d78f2142a7b',65,1,'mazraa','[]',0,'2022-07-03 04:39:55','2022-07-03 04:39:55','2023-07-03 06:39:55'),('1b5c2f353de7aafecacfd98b40312b5b28660d6b15089560b6595e4dfaa67b4f524c4b6495ac4ace',18,1,'mazraa','[]',0,'2022-06-23 08:25:17','2022-06-23 08:25:17','2023-06-23 10:25:17'),('1ba2360b77d3e29b2fccf95cd62fdaeb39a757cc1e0309fc0971a530219557ba273ad556af3f5b0f',43,1,'mazraa','[]',0,'2022-06-23 09:31:14','2022-06-23 09:31:14','2023-06-23 11:31:14'),('1d5778efde8834b8c8cf37a8a37c9c8d925a1a72ab148980610702281cff5924113357b299d35f57',82,1,'mazraa','[]',0,'2025-03-09 12:00:02','2025-03-09 12:00:02','2026-03-09 12:00:02'),('1e49c47a0b5f7ce9e8bd8f4b358a7c5d90bfebf707649ad8c721e7a9633f2c02602ae4f1a992151c',11,1,'mazraa','[]',0,'2022-06-23 08:06:13','2022-06-23 08:06:13','2023-06-23 10:06:13'),('1ec0fabcee6ba1485def34b013fd3d5878355b4f1ea6315f1f4479f80240925bbfd81c238ed5ce74',73,1,'mazraa','[]',0,'2022-10-01 08:44:15','2022-10-01 08:44:15','2023-10-01 10:44:15'),('20b3dda2783262ae7e7a56b101a30b58bf89c209bff9ec18a715c68818ad529a72144dfa32f733c0',11,1,'mazraa','[]',0,'2022-06-23 08:06:26','2022-06-23 08:06:26','2023-06-23 10:06:26'),('21609e89ea57c036fbe46d6088a92d9b4aaec6070dd29f84db9e2a91fdbed5c66e043dc8d8855e1c',81,1,'mazraa','[]',0,'2022-10-30 08:06:35','2022-10-30 08:06:35','2023-10-30 10:06:35'),('216b7f4038ff4ff0a73506c21d31f9d6d2df68283bfe87ad2db7d2a5e3f3d690a7d418730ed4e1b6',73,1,'mazraa','[]',0,'2022-10-01 15:57:35','2022-10-01 15:57:35','2023-10-01 17:57:35'),('26a279b19322161216c323a9a0798133bda672c398957a84735776b8912759d3718d3ba653cd3436',72,1,'mazraa','[]',0,'2022-09-24 08:52:42','2022-09-24 08:52:42','2023-09-24 10:52:42'),('27cfbb2f9f8975b4495ed6d99f3893851febcbc7a035384f8dafd0d2791a087c699b2e7c5ba0b150',73,1,'mazraa','[]',0,'2022-10-01 06:05:19','2022-10-01 06:05:19','2023-10-01 08:05:19'),('299c66937fcb2e125ed6cf126710b1162511d0e81e28d23c85e0f1c683bf2a9331f36dff581bf503',73,1,'mazraa','[]',0,'2022-11-17 06:26:32','2022-11-17 06:26:32','2023-11-17 08:26:32'),('2da5e289aa4d330fa441a4ab0321fbda54cc43a81f500ff2513bfcf9c51b23f9fb02493eaa5d8ed1',9,1,'mazraa','[]',0,'2022-07-04 07:33:06','2022-07-04 07:33:06','2023-07-04 09:33:06'),('2e3481d95f5a5ccabab1bbd9a6e73e3e35c46c0b18cc617ea70a625abb0bb2656a557e3586219034',71,1,'mazraa','[]',0,'2022-07-06 09:07:56','2022-07-06 09:07:56','2023-07-06 11:07:56'),('2ed9dcda1272bd3693b3cb32140efeeaf1266b2e1c21b8538ebac5d8a94f74f22ec81808deb757b3',80,1,'gold','[]',0,'2022-10-29 08:20:31','2022-10-29 08:20:31','2023-10-29 10:20:31'),('3105a118c0b05b5725d5fc2fb61e18422fe87a320912a97409121e4500e32758088b0ce908c22552',77,1,'mazraa','[]',0,'2022-09-29 06:34:17','2022-09-29 06:34:17','2023-09-29 08:34:17'),('311cb5a95f49884aa2011509065857cf18a1485b4f0f675eca7e2a9103fba32b8c2b5c6f1a58fe9f',73,1,'mazraa','[]',0,'2022-09-28 09:01:11','2022-09-28 09:01:11','2023-09-28 11:01:11'),('3133cfe757d1dcc560d46d6f3a2c522ddc73e719635b512407e768829de9da9380a2da1948fadb98',9,1,'mazraa','[]',0,'2022-10-01 15:52:34','2022-10-01 15:52:34','2023-10-01 17:52:34'),('3313c36c4f41dacb2d103a6dac5715acd4e8cc745adfc32fbfc2a8969ff582a5a7062db2e54e34ea',9,1,'mazraa','[]',0,'2022-07-04 06:30:41','2022-07-04 06:30:41','2023-07-04 08:30:41'),('344ece9f8612b98e8e18fe42db5d182bfe35a98ed15edef75683de40468fb8cb388820d5796f83d8',73,1,'mazraa','[]',0,'2022-09-29 08:38:35','2022-09-29 08:38:35','2023-09-29 10:38:35'),('34f12873c26e726b6c5af96f45423473a7d6ce7465e25d18de8f677045502a6a086bb121c234f6bf',71,1,'mazraa','[]',0,'2022-07-06 09:09:14','2022-07-06 09:09:14','2023-07-06 11:09:14'),('37e6c6bf69fe823824aef2fc417562ab89bfb031a31695be83557cf7a5398aef7dc1ddf35362146c',73,1,'mazraa','[]',0,'2022-10-02 07:43:26','2022-10-02 07:43:26','2023-10-02 09:43:26'),('39366a083a68e5527b7083e7705060a66be525f339a2a083e171bc7728e8b438fd7c709c6342d73f',72,1,'mazraa','[]',0,'2022-09-25 09:21:35','2022-09-25 09:21:35','2023-09-25 11:21:35'),('3a88e0dcb94998f37fd0390fc6fbed3b98615b0ccad38b7f0802b564d22d9ae9c6c7720957187072',40,1,'mazraa','[]',0,'2022-06-23 09:30:17','2022-06-23 09:30:17','2023-06-23 11:30:17'),('3d2e702406f90e315f72162f2de7e36dd15ae6ba8d8336e5649f714c484c01942a9847a8db8a78b0',73,1,'mazraa','[]',0,'2022-11-08 07:34:06','2022-11-08 07:34:06','2023-11-08 09:34:06'),('3d68b896e27a05e84eb90f263c5a2f6c8f450219dee3704771f7888d9f062e80b14cb3cd9a586530',11,1,'mazraa','[]',0,'2022-06-23 08:05:33','2022-06-23 08:05:33','2023-06-23 10:05:33'),('3efddcbb13096ca0735241d6073805a2a660f944b35b8fa9180f5dca610478be160abdf22883f9a5',9,1,'mazraa','[]',0,'2022-06-27 11:49:22','2022-06-27 11:49:22','2023-06-27 13:49:22'),('40e46dadd5b2c57a962f59d8827e002855e8bc9e00fefe80fdcba761c98c7bee0817a17a94b313c7',73,1,'mazraa','[]',0,'2022-10-02 07:46:40','2022-10-02 07:46:40','2023-10-02 09:46:40'),('419806b888bafe7d2d14864f1949f5d3c8f6954d60bdb9bf79b41aa7c0ff530ecfcac897dc6039ea',81,1,'gold','[]',0,'2022-11-02 18:50:02','2022-11-02 18:50:02','2023-11-02 20:50:02'),('41ce822c1b015230b3bfa8284cde36a9fdb1d7713d261e253ac3f41b8e0d575311003f2c6295b028',64,1,'mazraa','[]',0,'2022-07-02 09:28:58','2022-07-02 09:28:58','2023-07-02 11:28:58'),('44b65737ba67b5a729e7b73227df23d9bfff18b1b5601e74b8cbafed9f09eb13bc377527ca747e2f',81,1,'gold','[]',0,'2022-10-31 06:11:27','2022-10-31 06:11:27','2023-10-31 08:11:27'),('450cd12a2b5009e701d341f30dced2472b09de67111a1c02d7c2d45895eeaa5c70314a14fa15e957',73,1,'mazraa','[]',0,'2022-10-01 17:32:28','2022-10-01 17:32:28','2023-10-01 19:32:28'),('45dfc301338c97ea78924e1808759a8f9224cd5cbda16327e50c9b8a9a8bd2a741510e00d8b34215',11,1,'mazraa','[]',0,'2022-06-23 08:04:21','2022-06-23 08:04:21','2023-06-23 10:04:21'),('468369144d0951d5ca808c2a2242a4ac2b1d58baf0ad6d33f721939e89f64317b01adfd7238af2bc',76,1,'mazraa','[]',0,'2022-09-29 06:22:50','2022-09-29 06:22:50','2023-09-29 08:22:50'),('4799365296a88fa738bfebe64b96f79b7815326d4efa5158aa9a2fb53d6d99ff2a490f97d83d2d3b',11,1,'mazraa','[]',0,'2022-06-23 08:04:29','2022-06-23 08:04:29','2023-06-23 10:04:29'),('4958584584d281882b2b63a14f73af39d421857dc7d9fadc6d4b221d4da93e884b6419d7d5b53546',24,1,'mazraa','[]',0,'2022-06-23 08:27:07','2022-06-23 08:27:07','2023-06-23 10:27:07'),('49938f76b16d984df7d5b06ac3b8a0bbd4ce6b3d2d099a46d71cf0c79fc619436ab34cb5398625e4',3,1,'mazraa','[]',0,'2022-06-23 06:47:52','2022-06-23 06:47:52','2023-06-23 08:47:52'),('4a845c855325b6254a26832ab1d0c7fb221c1c0d036a4ae30bd908aee71b5c915599ee5259652d83',74,1,'mazraa','[]',0,'2022-09-29 05:46:05','2022-09-29 05:46:05','2023-09-29 07:46:05'),('4aa4ed91475f5bff6dd22f3684f8cb765fe8873dc873820b8cddb69c74c95d38fbbb49ad950476ce',81,1,'gold','[]',0,'2022-10-30 08:06:52','2022-10-30 08:06:52','2023-10-30 10:06:52'),('5021dd07a66901f01322f3ef96cc8fd9b1efb2552366f1950458ad062c0ca16b46035d4d668e65f3',76,1,'mazraa','[]',0,'2022-09-29 06:18:17','2022-09-29 06:18:17','2023-09-29 08:18:17'),('50dc643c15526b613a72c9a5386b4888f413e9be1f78a06a8a7add390c0d0b4f4f0f7a8dd2733063',43,1,'mazraa','[]',0,'2022-06-23 09:30:46','2022-06-23 09:30:46','2023-06-23 11:30:46'),('513b12c075439fdf6be0f39215cf7323d2a5c4dbf8911da9478517660f0d24b78c7982d8e0345e23',3,1,'mazraa','[]',0,'2022-06-23 08:34:33','2022-06-23 08:34:33','2023-06-23 10:34:33'),('54adc381ffe5013dbeffb0c309c875f34abf032475e1e12c1dce69b62dd0a1951d0125bcdf36ecf0',12,1,'mazraa','[]',0,'2022-06-23 08:11:05','2022-06-23 08:11:05','2023-06-23 10:11:05'),('569892d3ea07736d9126f5a6fca47078f669564f55925263636df9383d5103eec456d0c089de46f8',73,1,'mazraa','[]',0,'2022-11-03 05:59:46','2022-11-03 05:59:46','2023-11-03 07:59:46'),('58556b978a9c7d7f017d544978ff1228c66474d5d95232d9f96a218e80ba339ce896a17303004058',82,1,'salwat','[]',0,'2025-03-09 12:03:49','2025-03-09 12:03:49','2026-03-09 12:03:49'),('588ae856b104f19a5ae100a76a9b735f63dfb19166816056e0f67fffb764c44ed9a0440809ca9cb9',73,1,'mazraa','[]',0,'2022-11-01 07:44:29','2022-11-01 07:44:29','2023-11-01 09:44:29'),('59e74542ae7077bf773502ca80789dcf6c0a0d6c9a412e32fd47d849c0af9b9d3cc408a07d86f009',73,1,'mazraa','[]',0,'2022-11-18 08:10:49','2022-11-18 08:10:49','2023-11-18 10:10:49'),('5a754051f1e92c1910aae79f9434da882be73b642c49eee9d2219878c39bcc4f157d3dbb8d30d5d5',43,1,'mazraa','[]',0,'2022-06-23 09:31:26','2022-06-23 09:31:26','2023-06-23 11:31:26'),('5ac68e3ac3e2fb9cf366f441ca48886b2c1cc1ea481308d4c12752487006c573a68c287f75560134',61,1,'mazraa','[]',0,'2022-06-28 09:59:48','2022-06-28 09:59:48','2023-06-28 11:59:48'),('5c7355dd11c8aac12cd180feba02529208d40cba953fe033d669e0d85aef409458d3d066afaeffd0',60,1,'mazraa','[]',0,'2022-06-27 08:37:33','2022-06-27 08:37:33','2023-06-27 10:37:33'),('5e9902ae23bc32cc64f3a75998a627beb83e2ddbe8e290bba5c5b433dc61e42105254502e963da3e',73,1,'mazraa','[]',0,'2022-10-01 18:58:05','2022-10-01 18:58:05','2023-10-01 20:58:05'),('61730597520a7c8cbf62faa4953c5fd72a5a3d938824083d75549c9dfe4f7d3fbd31d24717c39489',3,1,'mazraa','[]',0,'2022-06-23 07:39:54','2022-06-23 07:39:54','2023-06-23 09:39:54'),('620b1882e187621ce2aa80e128b49daa36de7e97b98c0f6eab0524fd13bf2d3734ce0698e2b5a7be',46,1,'mazraa','[]',0,'2022-06-23 09:57:14','2022-06-23 09:57:14','2023-06-23 11:57:14'),('6229c3bc858c941ff6040291190168e12717681ea599c1537da70e20e7733fa8688cbf7b2f67023a',6,1,'mazraa','[]',0,'2022-06-22 10:14:57','2022-06-22 10:14:57','2023-06-22 12:14:57'),('62fad415f9d41597e55b751522a83e2ee8271d41f31b98b52d4d3e40d3f4449ea56dfd9208111ec4',11,1,'mazraa','[]',0,'2022-06-23 07:59:13','2022-06-23 07:59:13','2023-06-23 09:59:13'),('634257169214a9ee3e618c7108217cd5f1b3227fcc4b04e6e7ba9ab8c6b080c2ddcc570b2dcc432c',11,1,'mazraa','[]',0,'2022-06-23 08:03:43','2022-06-23 08:03:43','2023-06-23 10:03:43'),('6430bd1bce32be86a87cb055a21b5a32dfe46f2bdac0b336d6a6cf919310f34b4c40b460fb2c6fa1',41,1,'mazraa','[]',0,'2022-06-23 09:17:00','2022-06-23 09:17:00','2023-06-23 11:17:00'),('65e36ca8fbd4e4a41b6699f5c3d16992ea9ad36d98a1868ee0d59263590be6e4eda270c82df018b3',8,1,'mazraa','[]',0,'2022-06-22 10:16:50','2022-06-22 10:16:50','2023-06-22 12:16:50'),('663dc5c36f941846187d41e295ef8c17aec60fd8acf948712a086684cb5baea1ad74b5aac49504d9',77,1,'mazraa','[]',0,'2022-09-29 06:34:43','2022-09-29 06:34:43','2023-09-29 08:34:43'),('67c134fe3eb21966061598e02a8ed18c592e99bf82dd52a375f2c417ba8882ddb2cd79d270a75491',73,1,'mazraa','[]',0,'2022-11-08 06:55:19','2022-11-08 06:55:19','2023-11-08 08:55:19'),('6981b883e2c80c53faf22351907cb9635577dba3a8910595df6dc72fae5b5550ca49594210eb2134',81,1,'gold','[]',0,'2022-10-29 08:32:25','2022-10-29 08:32:25','2023-10-29 10:32:25'),('69ade6e956e13ebfd45f381b0c2277cac080981ec58c5bb0b00548819c51c7da219bf98d7f445990',73,1,'mazraa','[]',0,'2022-09-29 06:22:05','2022-09-29 06:22:05','2023-09-29 08:22:05'),('6c1fd3a4e8e7d0f1101e9a75069612b8c53ec80480cf157a3a8a2f810f9308e84ebf0d429c72923d',73,1,'mazraa','[]',0,'2022-11-03 05:56:29','2022-11-03 05:56:29','2023-11-03 07:56:29'),('6e5efeb1122e035d0d82129c31d65a7c601f921b193a39f9eecd7fbdac1337cf5c14c5d566c97864',45,1,'mazraa','[]',0,'2022-06-23 09:55:42','2022-06-23 09:55:42','2023-06-23 11:55:42'),('71f0e0a1ce44a15f213716f13278835690ce7c05f6f2fec373681222aa45350fe6fecc8b13984023',69,1,'mazraa','[]',0,'2022-07-05 12:13:21','2022-07-05 12:13:21','2023-07-05 14:13:21'),('72dc474c964ebd6a8b8a8b56fcfb8b0c886fab4b8c1e5054ef29a07d97cfab661bf62f7ddd01bdd7',40,1,'mazraa','[]',0,'2022-06-23 09:14:24','2022-06-23 09:14:24','2023-06-23 11:14:24'),('74a8a1af5cf00c216d57c479080f33abd84292f6ae493c205cc045939993c114370435bf84406775',11,1,'mazraa','[]',0,'2022-06-23 08:03:06','2022-06-23 08:03:06','2023-06-23 10:03:06'),('74f87b871fd11555c0792e02740cffb22523813a11a23e317a5266005a4e2a7fbac8c87147d5c751',81,1,'gold','[]',0,'2022-10-31 10:05:12','2022-10-31 10:05:12','2023-10-31 12:05:12'),('75f393de7da16003334b8e2b3c6ea74a9afc45b2c089df47046fc062330b03deadfbad66dc349025',63,1,'mazraa','[]',0,'2022-07-02 09:09:22','2022-07-02 09:09:22','2023-07-02 11:09:22'),('766696083d78f5e47f7b44a5f287bc8f26d01d22690cbbd1f084e4f731c443002e666cd3b4c19c26',73,1,'mazraa','[]',0,'2022-11-19 14:05:21','2022-11-19 14:05:21','2023-11-19 16:05:21'),('7959cb7fda61e86c6dba7085b6162803f7bd58aae9009eb059a2c5d3085701349d16e02734e5b5eb',73,1,'mazraa','[]',0,'2022-11-03 04:45:35','2022-11-03 04:45:35','2023-11-03 06:45:35'),('7a0ea66d1d3b55397daa622012089abdf1d12fa1ed2852bd69c2317d8dc00cef79d808e767773e94',73,1,'mazraa','[]',0,'2022-11-09 08:57:22','2022-11-09 08:57:22','2023-11-09 10:57:22'),('7a4c5040c7f32efe4fe3d4ef4f8f58bebc9e68f6f383a5646c519bda6d4af3e73891298737d1e652',11,1,'mazraa','[]',0,'2022-06-23 08:04:16','2022-06-23 08:04:16','2023-06-23 10:04:16'),('7a55c9849dfc03134ab40c41632370ca02df563630adc4e95d31477ea6d23627a7edb8a8d4047eb7',73,1,'mazraa','[]',0,'2022-11-17 07:00:45','2022-11-17 07:00:45','2023-11-17 09:00:45'),('7c6fc498767643804a4bb9b1e23594739709d6f043466145a284a0531655a4ad11bc058bd8474f2b',73,1,'mazraa','[]',0,'2022-11-19 15:45:09','2022-11-19 15:45:09','2023-11-19 17:45:09'),('7ce0030a88a9cc88e4be9908a8da82b12e0427467f7172c186215e2e8786e5a8518df4a630bdd6bd',45,1,'mazraa','[]',0,'2022-06-23 10:21:08','2022-06-23 10:21:08','2023-06-23 12:21:08'),('7d0be8f80ad9af1d23c2bd19c5f50b790bb48e5070943a6483e42e5bfb4c745ac501a35abce379d5',9,1,'mazraa','[]',0,'2022-06-27 10:01:18','2022-06-27 10:01:18','2023-06-27 12:01:18'),('7de4b75062e3e35047704eaea4a39e72a05d5124274f97bbf98f15c9018da83e93ce7689a890f34e',71,1,'mazraa','[]',0,'2022-07-06 11:21:10','2022-07-06 11:21:10','2023-07-06 13:21:10'),('7ee5e381d31a22198d431c15eaeef6ac5d761a20a315551f0745d623d8637f0f965bd6e27f1444bb',11,1,'mazraa','[]',0,'2022-06-23 08:04:39','2022-06-23 08:04:39','2023-06-23 10:04:39'),('7f4d3c67e6b52da4fbec6d751425df20e48a154c10d21007cb3ea468425b865f22f894ff87ec90b3',10,1,'mazraa','[]',0,'2022-06-23 06:50:53','2022-06-23 06:50:53','2023-06-23 08:50:53'),('7f8e3bf68719eeab9798c2590f3578693da7b21d13aa36c98b4206def67dfa1d178a6de14f77ece7',39,1,'mazraa','[]',0,'2022-06-23 09:03:16','2022-06-23 09:03:16','2023-06-23 11:03:16'),('7fdaa14102b9477d207c86839aef7c1a00ce3f38ac93a278aa6ed3afc135eefb3bee41bef000a6bd',71,1,'mazraa','[]',0,'2022-07-06 11:18:34','2022-07-06 11:18:34','2023-07-06 13:18:34'),('804420db0a5ee3bee90a35234cc270e5d05c8c9b4da93a4ebe8d858e598f962a3f9084e7ea843859',73,1,'mazraa','[]',0,'2022-11-02 18:18:35','2022-11-02 18:18:35','2023-11-02 20:18:35'),('814f0ed92b557a09b4e03aaa08ead996231cea1f9956d0df15d06ac1c6f04d7ca26f577ee07912ba',71,1,'mazraa','[]',0,'2022-07-06 09:08:58','2022-07-06 09:08:58','2023-07-06 11:08:58'),('816f4cd12a0c9da8df231ad94df9aff35eb005d523ea58c692ec88f9f3e7781e13578c907dcf79fb',73,1,'mazraa','[]',0,'2022-09-28 08:51:27','2022-09-28 08:51:27','2023-09-28 10:51:27'),('8383f4061423bfd6bf0c3eafc396c2a4299a451a5c9d42e86c6522d969033574d3d86ee78b7d1de3',71,1,'mazraa','[]',0,'2022-07-06 11:08:23','2022-07-06 11:08:23','2023-07-06 13:08:23'),('83c043c8392ec90feac3d3e4a91e519f72e53c5fc78b873fe60864333865a972251dfe1ce9257fd0',11,1,'mazraa','[]',0,'2022-06-23 08:09:29','2022-06-23 08:09:29','2023-06-23 10:09:29'),('85db7147aa5b7f8705c4f9cc005b2463f1a1cd8508017a7fd12ce7ce21cd51103c2a361e8dc8dddf',82,1,'salwat','[]',0,'2025-03-09 12:01:34','2025-03-09 12:01:34','2026-03-09 12:01:34'),('8644c101435cabf45b8b3de46a12cefcc3e7a14ec85910c11714a6c5ed39aef9fba3b3fc9235dc57',11,1,'mazraa','[]',0,'2022-06-23 08:04:54','2022-06-23 08:04:54','2023-06-23 10:04:54'),('89ffcf36e0e1079d951f1c30db012aba029f561946c18a1608c71489cf35cbb395db4068f99dbf4f',42,1,'mazraa','[]',0,'2022-06-23 09:19:09','2022-06-23 09:19:09','2023-06-23 11:19:09'),('8a9e27fc783f7c1dda05ecafa8a7f4a82d2a67487d3c347d372cfc6aa9354b921fc499da853e3af3',43,1,'mazraa','[]',0,'2022-06-23 09:45:38','2022-06-23 09:45:38','2023-06-23 11:45:38'),('8ac2fe5c85ade22161db3eb07cb0e4cc682a1c5a812f46bd02e2b80ea364d957247e7fbbc08f9c79',71,1,'mazraa','[]',0,'2022-07-06 11:17:07','2022-07-06 11:17:07','2023-07-06 13:17:07'),('8c8720cf9900d1574020453d82936c6ba2ed9cda9f87b1c7c039b0c4ab4ef831adf91a6ac90c9b7a',73,1,'mazraa','[]',0,'2022-10-01 16:54:17','2022-10-01 16:54:17','2023-10-01 18:54:17'),('8e6c192472cd12eedc2731493f1bd0741579827e5787a5049845b5b2073ae966ccde845f880e3434',81,1,'gold','[]',0,'2022-11-01 20:28:29','2022-11-01 20:28:29','2023-11-01 22:28:29'),('8e78551e73f865ea1c271c76071807ff13c3b6d7ff57db4e697b87ce774f2601deb97baf77d6ee1f',9,1,'mazraa','[]',0,'2022-10-01 08:05:53','2022-10-01 08:05:53','2023-10-01 10:05:53'),('9055f6b0889575b337050cf6225c9962b58103e49e3fa8318dd21ecc035096e349635f3244530936',11,1,'mazraa','[]',0,'2022-06-23 08:02:30','2022-06-23 08:02:30','2023-06-23 10:02:30'),('925e38b9d03cfe5972a7b3a561ad2efb8f4bbc06b45bbaa9edc463b15d3a346595ed5dc78a7a72c2',11,1,'mazraa','[]',0,'2022-06-23 08:08:51','2022-06-23 08:08:51','2023-06-23 10:08:51'),('93b8472b0caee54e59f8d598cfe14eec41ee9638660743a04d5a346254a8c2a0b20b21a7114632ad',73,1,'mazraa','[]',0,'2022-09-28 08:51:05','2022-09-28 08:51:05','2023-09-28 10:51:05'),('93e567dd0a05e4cc2beeb23ae850484417870bb3bc63e7a57fc1a4dd7d5d125efef4bf1d708139d3',73,1,'mazraa','[]',0,'2022-11-17 08:06:18','2022-11-17 08:06:18','2023-11-17 10:06:18'),('94c7e6c34dbdc3cdbde7b925a2aa316f62036669e502c7291e2f006c4901b9ba57f307769dab3d7f',73,1,'mazraa','[]',0,'2022-11-02 18:31:27','2022-11-02 18:31:27','2023-11-02 20:31:27'),('95440b71ee183e4b770cf60836c2e06a8c6803e7ab9af3d4d48b863e3bb2008dd9b912ab8d74d945',86,1,'mazraa','[]',0,'2025-03-09 11:55:34','2025-03-09 11:55:34','2026-03-09 11:55:34'),('998e75263735514f4059610e920e70cde29ecb7d6a2582abded01e73effbd69edc594bbbe28e9b20',11,1,'mazraa','[]',0,'2022-06-23 08:07:08','2022-06-23 08:07:08','2023-06-23 10:07:08'),('9ad209624a2cb471234b0850be0b9c2623f89c179b30388242edb9de2881d610cf1062bef2c33723',84,1,'mazraa','[]',0,'2022-11-20 15:10:45','2022-11-20 15:10:45','2023-11-20 17:10:45'),('a0d0cf3535a263ddab982cb9118f80f3a837d282aa4f4939ba2f3261695594a990037d683172111d',70,1,'mazraa','[]',0,'2022-07-06 06:25:06','2022-07-06 06:25:06','2023-07-06 08:25:06'),('a1e503e99f87232da95fbbcd5e29239ccbf7bdecdb03959c653b8fb7e9a5daee5251e0b4fc3a09fe',73,1,'mazraa','[]',0,'2022-11-17 06:03:30','2022-11-17 06:03:30','2023-11-17 08:03:30'),('a1eaeb7c2959c5045cfddb94dd7278f9252f44970d33611605fb0fd15811c2f910a539791762d50a',75,1,'mazraa','[]',0,'2022-09-29 06:09:54','2022-09-29 06:09:54','2023-09-29 08:09:54'),('a4cb306ad634b75250675fd285a0245668d0890c9a2794a88aa2e874677a1cfb01526a5a481dcc58',3,1,'mazraa','[]',0,'2022-06-23 07:55:37','2022-06-23 07:55:37','2023-06-23 09:55:37'),('a4edbd59fab369be0cb4a5d68f9185e8ffe12497e2d12c165df82d3c60981959602e2c0369e196ac',73,1,'mazraa','[]',0,'2022-09-28 08:50:48','2022-09-28 08:50:48','2023-09-28 10:50:48'),('a650a032af8729b9c5ee17577673d42666b50d917b97b3ac1de31b9b05ed788bf69891c861ac3d79',11,1,'mazraa','[]',0,'2022-06-23 07:56:19','2022-06-23 07:56:19','2023-06-23 09:56:19'),('a70ca0b1d3f5de3fe7cd5914b080f51b6cf634832e7cbc065fd677a99bd15460fa44e734fe53c258',73,1,'mazraa','[]',0,'2022-09-28 09:00:24','2022-09-28 09:00:24','2023-09-28 11:00:24'),('a8643d88c8107bc2d157babdbcfa80d405f5d3a489c44a7a7d2dcf4286e618ce1db38e4fe3989aca',7,1,'mazraa','[]',0,'2022-06-22 10:16:25','2022-06-22 10:16:25','2023-06-22 12:16:25'),('aa3813e78585961696de9a0026ac29fae342197e0fbf6759d62b7a558e60e9d288d28c4d0c872db8',11,1,'mazraa','[]',0,'2022-06-23 08:06:35','2022-06-23 08:06:35','2023-06-23 10:06:35'),('ab94419973969f3e986c784ff61a6ae13d912c03ffae54200c181479959171440c65506fb92b7a6d',73,1,'mazraa','[]',0,'2022-11-01 09:26:37','2022-11-01 09:26:37','2023-11-01 11:26:37'),('ac63b8e84ef3f091f4f8f4fa197469b7a9f3abd8a1b089d12b2c0b09adcba7a80065f36b087d809b',11,1,'mazraa','[]',0,'2022-06-23 08:01:42','2022-06-23 08:01:42','2023-06-23 10:01:42'),('ae2ba51e641e817c6cdee5c9e487500e18fabbbd900c2729af7683c09a23e609f7564179aa7ddbdf',71,1,'mazraa','[]',0,'2022-07-06 11:18:27','2022-07-06 11:18:27','2023-07-06 13:18:27'),('af4062d25f56d77176fe742e1db752be427bc43c5c74e39e4b3b9444b665a32fe143c2a469b5508b',9,1,'mazraa','[]',0,'2022-07-06 08:51:33','2022-07-06 08:51:33','2023-07-06 10:51:33'),('b066eaadde1521d31cc682c79e408f104187cefd123fc5e2b17a602692ab1230018d54393b62258e',73,1,'mazraa','[]',0,'2022-11-02 09:51:21','2022-11-02 09:51:21','2023-11-02 11:51:21'),('b14ad02331fdedcee3282c92d6f8487096272774042c0979a90d3c03116b3efd1c40c870cbd01c45',73,1,'mazraa','[]',0,'2022-09-28 08:58:45','2022-09-28 08:58:45','2023-09-28 10:58:45'),('b1e9f3eba1662b40f712bd7c3d10fea9d22b2237680408281562c1eb44cd8d69df28720febffbef9',73,1,'mazraa','[]',0,'2022-11-17 08:26:16','2022-11-17 08:26:16','2023-11-17 10:26:16'),('b248b659639e91061bfa335192ebe479da9d57b34e61daa6f17dae20d89ed02d9728d81ea0b45003',81,1,'gold','[]',0,'2022-10-29 08:32:41','2022-10-29 08:32:41','2023-10-29 10:32:41'),('b573d65f6c4d83563b87a176f5bb74d3743b27b6f14bce449b53012a802dd950325d06ce4e245910',79,1,'gold','[]',0,'2022-10-29 07:27:11','2022-10-29 07:27:11','2023-10-29 09:27:11'),('b65012ab78117f099861c87999ead30118c00ea781182ed629c2ee232799b6fff7c31dcfae9b83e7',71,1,'mazraa','[]',0,'2022-07-06 11:21:12','2022-07-06 11:21:12','2023-07-06 13:21:12'),('b90aa5f9976175cf954f33471bd2d6574e386fe96ab762b3758365e1deeb742ab66ff3b5448af5b5',83,1,'mazraa','[]',0,'2022-11-20 14:23:47','2022-11-20 14:23:47','2023-11-20 16:23:47'),('bac476380657dbb46523454aa70b573ee350b02951e5161ce6a57775056f115f29ced520c7579235',11,1,'mazraa','[]',0,'2022-06-23 08:07:23','2022-06-23 08:07:23','2023-06-23 10:07:23'),('bb99ba908dd2ef3682e9de5d0ea0c8b9a5a8c03bb45cea645862d284bfbbfee1469d3cf423788ae4',67,1,'mazraa','[]',0,'2022-07-04 17:23:29','2022-07-04 17:23:29','2023-07-04 19:23:29'),('c1af6ffc9cf5899344ffede1da64d2a02bc8634c4662e821b69bb8dab4d65e5217dd7a16579ebfe4',45,1,'mazraa','[]',0,'2022-06-23 09:54:03','2022-06-23 09:54:03','2023-06-23 11:54:03'),('c1d0fc8b4dae690d5d41591b9e0f160b4ed2019decaa13a2ab5f2d9dda0a9c8604720806a316e829',82,1,'gold','[]',0,'2022-12-03 07:38:27','2022-12-03 07:38:27','2023-12-03 09:38:27'),('c29a2fdf3669b565d06ee21c98fc33dbfb928ff2707d86ab7b3eea7763503636319bf1c4f745fd85',73,1,'mazraa','[]',0,'2022-09-28 09:16:33','2022-09-28 09:16:33','2023-09-28 11:16:33'),('c306b3ab9820786f4a45d721b60c793e1761decc466968e29163fd51fd9c33e7d5d5c06e0cb845fc',11,1,'mazraa','[]',0,'2022-06-23 08:08:28','2022-06-23 08:08:28','2023-06-23 10:08:28'),('c37aabe8a7c0183294525b40387862294a738536a6d644f6d8002b4205a0781e30a5e85f7946847d',86,1,'mazraa','[]',0,'2025-03-09 11:54:49','2025-03-09 11:54:49','2026-03-09 11:54:49'),('c39dcd129536be45cf366e4462b403a8b9ce32976c1c2826c3c2f09971e18583c2db0799c853bc64',73,1,'mazraa','[]',0,'2022-09-28 09:11:06','2022-09-28 09:11:06','2023-09-28 11:11:06'),('c45345434033191329580dfbfecf1e536b5d9fbe7d6d6a7c581f2ac19ddd906d452ba8c504a43bb8',81,1,'gold','[]',0,'2022-10-29 08:32:12','2022-10-29 08:32:12','2023-10-29 10:32:12'),('c6203778f676e7fe8f869b36e44abc7742b8a4c902174318f91d8229b1444b21a64f5c294b8ede45',43,1,'mazraa','[]',0,'2022-06-23 09:32:02','2022-06-23 09:32:02','2023-06-23 11:32:02'),('c745ea2b478a8e6e1a3f4f98704588e62fc2c474bd85b657bf0fd0d0396a339c6bdd302fb43d9ffe',45,1,'mazraa','[]',0,'2022-06-23 09:53:38','2022-06-23 09:53:38','2023-06-23 11:53:38'),('c75d29ed3b0eba10a06d78863649ee94f563f6a0bf2f88c234e31de66aa2f6df149b66091348e035',80,1,'gold','[]',0,'2022-10-29 08:21:10','2022-10-29 08:21:10','2023-10-29 10:21:10'),('c864b06debe184181dca878781117bb627824bc4aa4f665ba881c39d4e2c7a04f1eb7eab6e9a89c2',82,1,'gold','[]',0,'2022-11-20 04:42:41','2022-11-20 04:42:41','2023-11-20 06:42:41'),('c94e0cda760f56009d930a67a211c2e6c541309bcac17c669cd9962df57b5935dc96679ceaab49a1',45,1,'mazraa','[]',0,'2022-06-23 10:19:13','2022-06-23 10:19:13','2023-06-23 12:19:13'),('c9b84b73b57c06e3ddde37884294919d5198bc889a5d479af297185d027151e2b3055433737705e0',85,1,'mazraa','[]',0,'2022-12-14 11:56:53','2022-12-14 11:56:53','2023-12-14 13:56:53'),('c9b8739b8b5f3c69cc8fa9e95a94d585cbb349d22ffb7335711424bbe9156266c9010ebf84c50820',68,1,'mazraa','[]',0,'2022-07-05 10:29:38','2022-07-05 10:29:38','2023-07-05 12:29:38'),('cd64e651c08ff0c5a95506fd60375e345b0701d528b62d7a27154ffbbd6590481eb86933853f249b',45,1,'mazraa','[]',0,'2022-06-23 09:53:57','2022-06-23 09:53:57','2023-06-23 11:53:57'),('d396a7b8a3c43fee303f2b74dabbc735a606bfd4af45dbae24bed92e679249b441b285566acac7b8',69,1,'mazraa','[]',0,'2022-07-05 12:54:28','2022-07-05 12:54:28','2023-07-05 14:54:28'),('d4d76218b21ce411430759fb34ce4da25ff71f307fafc1ec4bdee918f6ca28d4b8d5919e0d15ca15',72,1,'mazraa','[]',0,'2022-09-24 08:51:59','2022-09-24 08:51:59','2023-09-24 10:51:59'),('d5dd49ae370106426c6e51aede4cdaaa376c442ddba0b4e6211a809d9ef08ff8805660af17452fff',73,1,'mazraa','[]',0,'2022-11-18 09:21:40','2022-11-18 09:21:40','2023-11-18 11:21:40'),('d812332341ad6dc81303fead0a64f08310e604afceca6ac57773a1c2035015b18eaf1b96ebf81848',71,1,'mazraa','[]',0,'2022-07-06 11:15:59','2022-07-06 11:15:59','2023-07-06 13:15:59'),('d9ce270f5bf143663d61a6518cd9539046c26f6620a3aa4668129a023cdc4583cdcea94f582c8405',11,1,'mazraa','[]',0,'2022-06-23 08:09:16','2022-06-23 08:09:16','2023-06-23 10:09:16'),('d9daeefdd92b0a61d8f63f487cde78df3ac66b4616cb6a3cd32d1af03c214115724274f877a98362',73,1,'mazraa','[]',0,'2022-09-28 09:24:56','2022-09-28 09:24:56','2023-09-28 11:24:56'),('dc34256fe5a0a439db8d728d9c57d48f114509ac982141fdaa4567083cb56d3fc860ca6d599f09c5',73,1,'mazraa','[]',0,'2022-09-29 11:04:36','2022-09-29 11:04:36','2023-09-29 13:04:36'),('dc8768117c5ab1447884bf8ce98e01ea0813573fb55e76dae05eaff9d25f10caefb02bd6da3879cd',73,1,'mazraa','[]',0,'2022-10-01 07:41:20','2022-10-01 07:41:20','2023-10-01 09:41:20'),('dcc26ef7b6dd08734a2e1eb58b3f96241d0a5915e65d532efdf31df8668d3ad830c21f8f8e65ef57',79,1,'gold','[]',0,'2022-10-29 07:50:49','2022-10-29 07:50:49','2023-10-29 09:50:49'),('df5d5df84d6dd8eb9762b76ba3045c571a7cadc4d047f5757c06207705151f4e4271780952e8cd6f',82,1,'gold','[]',0,'2022-11-20 04:43:30','2022-11-20 04:43:30','2023-11-20 06:43:30'),('dfb242d38fd3831116c7a8d0a55294d564f3ada060b08a89fc0a1d563abfc93f004497a41eb87bc7',73,1,'mazraa','[]',0,'2022-11-17 08:37:30','2022-11-17 08:37:30','2023-11-17 10:37:30'),('e1c69633ccc5b393d34bf613be8b82bafd923f98864f350ecca69d9ce9f3f5ca4369f68b5298932e',11,1,'mazraa','[]',0,'2022-06-23 08:03:49','2022-06-23 08:03:49','2023-06-23 10:03:49'),('e296aa8088924eed2fd7199d0f9ef336322b542a594c940811692e1db655fd48fc0e53b7dacf2d3b',73,1,'mazraa','[]',0,'2022-11-01 07:24:23','2022-11-01 07:24:23','2023-11-01 09:24:23'),('e323ea6ce0c789996e91d0b39f61a3591f8040fd9510768e68a83e86040984348442a42df047c3e9',11,1,'mazraa','[]',0,'2022-06-23 08:06:59','2022-06-23 08:06:59','2023-06-23 10:06:59'),('e46d7989bccd9f96ab410f92536d38738f995688e274ade2cff5193a0da265212771c443886d7eda',81,1,'gold','[]',0,'2022-10-29 08:50:07','2022-10-29 08:50:07','2023-10-29 10:50:07'),('e4b6820dadd332def4afb6dab79dfe284adfb47f6e1843090e696a52a28ac33588d3e133782bc780',73,1,'mazraa','[]',0,'2022-11-01 18:45:22','2022-11-01 18:45:22','2023-11-01 20:45:22'),('e529d6207dc548be2d9826efc94c8fef42fc6d93b1d5479543d0f54a04ac5cb7baa3ef58974d7fc2',43,1,'mazraa','[]',0,'2022-06-23 09:31:32','2022-06-23 09:31:32','2023-06-23 11:31:32'),('e54ddfff1688ce8bce303c9b75b9527e800e798f1b28a442bf74bd1f2faf32dca8775db6e7bc8c26',11,1,'mazraa','[]',0,'2022-06-23 08:02:49','2022-06-23 08:02:49','2023-06-23 10:02:49'),('e681093ff41aba08c04c36994f73e4381c074da2440cfdddcae28bd13a5cc805a018408d087c10af',9,1,'mazraa','[]',0,'2022-06-22 10:17:54','2022-06-22 10:17:54','2023-06-22 12:17:54'),('e6be750fa3896fdbb264773e389ed60eb8af1b5d31683d4d7ea18f93f20ceb55ff1ed4c089ec9b55',43,1,'mazraa','[]',0,'2022-06-23 09:50:56','2022-06-23 09:50:56','2023-06-23 11:50:56'),('e886fc503c555caa58d35bfe0f5927092f82104a7ffd9da9c8bb366402bcb056847f826ea8017a0a',44,1,'mazraa','[]',0,'2022-06-23 09:39:52','2022-06-23 09:39:52','2023-06-23 11:39:52'),('e9a0ad4ff61e8ef2e69d324865724ea8273f6a1416091d8ab4229422dd2aacb70cfee7962dc75e03',15,1,'mazraa','[]',0,'2022-06-23 08:14:41','2022-06-23 08:14:41','2023-06-23 10:14:41'),('eb9b51402c35738b51892d30a6d8f3b086553bc26f3023fe1d452ae8882985c1d33c267a4d2b30c0',59,1,'mazraa','[]',0,'2022-06-27 07:58:28','2022-06-27 07:58:28','2023-06-27 09:58:28'),('eba79678bf6013d904fc46cc18c50522d553733079abf52711ffb716fee7b463e8e1b99f3cdd237a',11,1,'mazraa','[]',0,'2022-06-23 08:07:45','2022-06-23 08:07:45','2023-06-23 10:07:45'),('ec7b2d8e3fc7cea65ed5c403d89e11fe1e9778866a10237625f7478eb1a713354fbb75528c941e14',73,1,'mazraa','[]',0,'2022-10-01 15:53:14','2022-10-01 15:53:14','2023-10-01 17:53:14'),('ece00d9f84a4543f6fec5555fda2a16a4a9e28af5a2918e5a4ff74dcce9c2c0bee419b4feaca1622',86,1,'mazraa','[]',0,'2025-03-09 11:54:20','2025-03-09 11:54:20','2026-03-09 11:54:20'),('f0f33ed03ac8b99e195c5dc8b014af222e6b03ea81dda424872808374c13fd139f87af3642877d10',9,1,'mazraa','[]',0,'2022-06-22 10:17:35','2022-06-22 10:17:35','2023-06-22 12:17:35'),('f13159781d519375c450b6ceb8f5d897bf3e904611fe6898618efa91863695737ebd51f83e4290bd',73,1,'mazraa','[]',0,'2022-09-29 05:44:59','2022-09-29 05:44:59','2023-09-29 07:44:59'),('f1609eaa7aa93a02fc58d503a391f09ecbd2a2f8af64997fbb9e1aeb9b8cbe27a9fbda38e00bcb8d',73,1,'mazraa','[]',0,'2022-11-17 08:05:07','2022-11-17 08:05:07','2023-11-17 10:05:07'),('f23884be8aa22475ade170b6f827ce05b645e91ff01ae5816ec59e42ad6f84cae172dcccd2df3658',73,1,'mazraa','[]',0,'2022-11-17 08:10:29','2022-11-17 08:10:29','2023-11-17 10:10:29'),('f61c3f4b2425707e03e623992647b69a8dbc2a1aa23c29e15f7c2eb72c50592979f558a8c5ef6933',81,1,'gold','[]',0,'2022-10-30 08:04:54','2022-10-30 08:04:54','2023-10-30 10:04:54'),('f6428351e9b7ecfb7653245e36f3205631a64d2b8a59768865c2d885cfe427e447d91a809a7e2a53',71,1,'mazraa','[]',0,'2022-07-06 11:15:24','2022-07-06 11:15:24','2023-07-06 13:15:24'),('f6836a6ba1026909923019dd6cf36e2c214f0e61a19f0644d6023d3dc6b585d4193b157ee4f7cfcd',9,1,'mazraa','[]',0,'2022-10-01 08:15:48','2022-10-01 08:15:48','2023-10-01 10:15:48'),('f78a37d8dbe9d97b86926d468a4e6c9a41a163b8f78406372e6445092a7c589fce30981086712728',66,1,'mazraa','[]',0,'2022-07-03 10:43:49','2022-07-03 10:43:49','2023-07-03 12:43:49'),('f8ec4c9b8bbfd78ede685e057605340d9153970263d7b7f00c9ee5144e787c4acf8a007e94be9fa1',19,1,'mazraa','[]',0,'2022-06-23 08:25:52','2022-06-23 08:25:52','2023-06-23 10:25:52'),('f99ca1c83a6d8c0600e49a8d93f6b2b86ce5ce4743e1c4a4725678d86309bb455045de563c232212',73,1,'mazraa','[]',0,'2022-09-28 11:38:53','2022-09-28 11:38:53','2023-09-28 13:38:53'),('fbfb3b219cb472a775c711b0a845809c84c118fe7896db058c34582fda377441a4b15a9b90fec674',73,1,'mazraa','[]',0,'2022-10-25 19:02:54','2022-10-25 19:02:54','2023-10-25 21:02:54'),('fcb2a51eeb54991cd82e76b57dd200b1ee37ec5c22d9c883da8137df34a51a01544b3b7bd08c7d36',27,1,'mazraa','[]',0,'2022-06-23 08:41:40','2022-06-23 08:41:40','2023-06-23 10:41:40'),('ff3a2dac6d7d57efc124c4300bfbb0abcb93a429e822535531b0aef4e3ea4cab0d9941f220db4b60',71,1,'mazraa','[]',0,'2022-07-06 11:18:53','2022-07-06 11:18:53','2023-07-06 13:18:53'),('fff47bc64a4c08865be4963f84bb7c6d4e835056f7b98e5d6673fb511f4b2526e0822a26723c5edc',73,1,'mazraa','[]',0,'2022-10-01 17:10:06','2022-10-01 17:10:06','2023-10-01 19:10:06');

--
-- Table structure for table `oauth_auth_codes`
--

CREATE TABLE `oauth_auth_codes` (
  `id` varchar(100) CHARACTER SET utf8mb4 COLLATE utf8mb4_unicode_ci NOT NULL,
  `user_id` bigint unsigned NOT NULL,
  `client_id` bigint unsigned NOT NULL,
  `scopes` text CHARACTER SET utf8mb4 COLLATE utf8mb4_unicode_ci,
  `revoked` tinyint(1) NOT NULL,
  `expires_at` datetime DEFAULT NULL,
  PRIMARY KEY (`id`),
  KEY `oauth_auth_codes_user_id_index` (`user_id`)
) ENGINE=InnoDB DEFAULT CHARSET=utf8mb4 COLLATE=utf8mb4_unicode_ci;

--
-- Dumping data for table `oauth_auth_codes`
--


--
-- Table structure for table `oauth_clients`
--

