
--
-- Table structure for table `product_otherdatas`
--

CREATE TABLE `product_otherdatas` (
  `id` bigint unsigned NOT NULL AUTO_INCREMENT,
  `product_id` int unsigned DEFAULT NULL,
  `input_key_ar` varchar(191) COLLATE utf8mb4_unicode_ci NOT NULL,
  `input_value_ar` varchar(191) COLLATE utf8mb4_unicode_ci NOT NULL,
  `input_key_en` varchar(191) COLLATE utf8mb4_unicode_ci DEFAULT NULL,
  `input_value_en` varchar(191) COLLATE utf8mb4_unicode_ci DEFAULT NULL,
  `created_at` timestamp NULL DEFAULT NULL,
  `updated_at` timestamp NULL DEFAULT NULL,
  PRIMARY KEY (`id`),
  KEY `product_otherdatas_product_id_foreign` (`product_id`)
) ENGINE=InnoDB DEFAULT CHARSET=utf8mb4 COLLATE=utf8mb4_unicode_ci;

--
-- Dumping data for table `product_otherdatas`
--


--
-- Table structure for table `product_pwrs`
--

CREATE TABLE `product_pwrs` (
  `id` int unsigned NOT NULL AUTO_INCREMENT,
  `product_id` int unsigned DEFAULT NULL,
  `pwr_id` int unsigned DEFAULT NULL,
  `in_stock` int NOT NULL DEFAULT '1',
  `status` int NOT NULL DEFAULT '1',
  `created_at` timestamp NULL DEFAULT NULL,
  `updated_at` timestamp NULL DEFAULT NULL,
  PRIMARY KEY (`id`),
  KEY `product_pwrs_product_id_foreign` (`product_id`),
  KEY `product_pwrs_pwr_id_foreign` (`pwr_id`)
) ENGINE=InnoDB DEFAULT CHARSET=utf8mb4 COLLATE=utf8mb4_unicode_ci;

--
-- Dumping data for table `product_pwrs`
--


--
-- Table structure for table `product_translations`
--

CREATE TABLE `product_translations` (
  `id` int unsigned NOT NULL AUTO_INCREMENT,
  `product_id` int unsigned NOT NULL,
  `name` varchar(255) COLLATE utf8mb4_unicode_ci NOT NULL,
  `content` text COLLATE utf8mb4_unicode_ci,
  `meta_keywords` text COLLATE utf8mb4_unicode_ci,
  `locale` varchar(255) COLLATE utf8mb4_unicode_ci NOT NULL,
  `created_at` timestamp NULL DEFAULT NULL,
  `updated_at` timestamp NULL DEFAULT NULL,
  `monthly` varchar(191) COLLATE utf8mb4_unicode_ci DEFAULT NULL,
  PRIMARY KEY (`id`),
  UNIQUE KEY `product_translations_product_id_locale_unique` (`product_id`,`locale`),
  KEY `product_translations_locale_index` (`locale`)
) ENGINE=InnoDB AUTO_INCREMENT=245 DEFAULT CHARSET=utf8mb4 COLLATE=utf8mb4_unicode_ci;

--
-- Dumping data for table `product_translations`
--

INSERT INTO `product_translations` (`id`, `product_id`, `name`, `content`, `meta_keywords`, `locale`, `created_at`, `updated_at`, `monthly`) VALUES (1,1,'asdasd','<p>asdasdasdas</p>','asdasd','ar',NULL,NULL,NULL),(2,1,'asdasdasd','<p>asdasdasd</p>','as','en',NULL,NULL,NULL),(3,2,'asdasdad','<p>asdasdadasd</p>','asdasdasd','ar',NULL,NULL,NULL),(4,2,'asdasd','<p>asdasdasdad</p>','asdasdasd','en',NULL,NULL,NULL),(5,4,'asdasd','<p>asdasd</p>','asd','ar',NULL,NULL,NULL),(6,4,'das','<p>asd</p>','3','en',NULL,NULL,NULL),(7,5,'Agate Brown','<h2>Agate Brown</h2>',NULL,'ar',NULL,NULL,NULL),(8,5,'Agate Brown','<h2>Agate Brown</h2>','Agate Brown','en',NULL,NULL,NULL),(9,7,'Agate Brown3','<p dir=\"RTL\"><span style=\"color:#e67e22\"><strong>عدسات بيلا باللون اغانيت براون هي المزيج المثالي بين اللون البني والأخضر. مثالية للأشخاص الذين يعانون من جفاف العين.</strong></span></p>\r\n\r\n<p>&nbsp;</p>\r\n\r\n<table align=\"right\" border=\"0\" cellpadding=\"0\" cellspacing=\"0\" dir=\"rtl\">\r\n	<tbody>\r\n		<tr>\r\n			<td>\r\n			<p dir=\"RTL\"><strong>اسم المنتج</strong></p>\r\n			</td>\r\n			<td>\r\n			<p dir=\"RTL\">اغايت براون</p>\r\n			</td>\r\n		</tr>\r\n		<tr>\r\n			<td>\r\n			<p dir=\"RTL\"><strong>التعبئة</strong>&nbsp;<strong>والتغليف</strong></p>\r\n			</td>\r\n			<td>\r\n			<p dir=\"RTL\">علبة تحتوي على عدستين</p>\r\n			</td>\r\n		</tr>\r\n		<tr>\r\n			<td>\r\n			<p dir=\"RTL\"><strong>مدة&nbsp;الاستخدام</strong></p>\r\n			</td>\r\n			<td>\r\n			<p dir=\"RTL\">3 أشهر مؤقتة</p>\r\n			</td>\r\n		</tr>\r\n		<tr>\r\n			<td>\r\n			<p dir=\"RTL\"><strong>مادة العدسة</strong></p>\r\n			</td>\r\n			<td>\r\n			<p dir=\"RTL\">38% ماء، 62% بوليماكون</p>\r\n			</td>\r\n		</tr>\r\n		<tr>\r\n			<td>\r\n			<p dir=\"RTL\"><strong>نوع العدسة</strong></p>\r\n			</td>\r\n			<td>\r\n			<p dir=\"RTL\">عدسة ملونة</p>\r\n			</td>\r\n		</tr>\r\n		<tr>\r\n			<td>\r\n			<p dir=\"RTL\"><strong>قطر العدسة</strong></p>\r\n			</td>\r\n			<td>\r\n			<p dir=\"RTL\">14.5</p>\r\n			</td>\r\n		</tr>\r\n		<tr>\r\n			<td>\r\n			<p dir=\"RTL\"><strong>انحناء العدسة</strong></p>\r\n			</td>\r\n			<td>\r\n			<p dir=\"RTL\">8.6</p>\r\n			</td>\r\n		</tr>\r\n	</tbody>\r\n</table>\r\n\r\n<p dir=\"RTL\">&nbsp;</p>\r\n\r\n<p dir=\"RTL\">*عدسات بيلا مصنوعة من مواد عالية الجودة لتكون العدسة اللاصقة الملونة رقيقة ومريحة لإرتدائها طوال اليوم. جميع المجموعات من عدسات بيلا مرخصة من إدارة الغذاء والدواء الأمريكية لضمان سلامتك. مثالية لمن يعانون من جفاف العيون.</p>\r\n\r\n<p dir=\"RTL\">&nbsp;</p>\r\n\r\n<p dir=\"RTL\">*مجموعة دايموند من عدسات بيلا صممت بعدة ألوان لتناسب جميع ألوان البشرة. هذه العدسات اللاصقة الملونة ستعطي لمعة مميزة لعينيكِ لإطلالة خلابة.</p>\r\n\r\n<p>قوة النظر</p>','Agate Brown3','ar',NULL,NULL,'wqq'),(10,7,'Agate Brown3','<p dir=\"RTL\">عدسات بيلا باللون اغانيت براون هي المزيج المثالي بين اللون البني والأخضر. مثالية للأشخاص الذين يعانون من جفاف العين.</p>\r\n\r\n<p>&nbsp;</p>\r\n\r\n<table align=\"right\" border=\"0\" cellpadding=\"0\" cellspacing=\"0\" dir=\"rtl\">\r\n	<tbody>\r\n		<tr>\r\n			<td>\r\n			<p dir=\"RTL\"><strong>اسم المنتج</strong></p>\r\n			</td>\r\n			<td>\r\n			<p dir=\"RTL\">اغايت براون</p>\r\n			</td>\r\n		</tr>\r\n		<tr>\r\n			<td>\r\n			<p dir=\"RTL\"><strong>التعبئة</strong>&nbsp;<strong>والتغليف</strong></p>\r\n			</td>\r\n			<td>\r\n			<p dir=\"RTL\">علبة تحتوي على عدستين</p>\r\n			</td>\r\n		</tr>\r\n		<tr>\r\n			<td>\r\n			<p dir=\"RTL\"><strong>مدة&nbsp;الاستخدام</strong></p>\r\n			</td>\r\n			<td>\r\n			<p dir=\"RTL\">3 أشهر مؤقتة</p>\r\n			</td>\r\n		</tr>\r\n		<tr>\r\n			<td>\r\n			<p dir=\"RTL\"><strong>مادة العدسة</strong></p>\r\n			</td>\r\n			<td>\r\n			<p dir=\"RTL\">38% ماء، 62% بوليماكون</p>\r\n			</td>\r\n		</tr>\r\n		<tr>\r\n			<td>\r\n			<p dir=\"RTL\"><strong>نوع العدسة</strong></p>\r\n			</td>\r\n			<td>\r\n			<p dir=\"RTL\">عدسة ملونة</p>\r\n			</td>\r\n		</tr>\r\n		<tr>\r\n			<td>\r\n			<p dir=\"RTL\"><strong>قطر العدسة</strong></p>\r\n			</td>\r\n			<td>\r\n			<p dir=\"RTL\">14.5</p>\r\n			</td>\r\n		</tr>\r\n		<tr>\r\n			<td>\r\n			<p dir=\"RTL\"><strong>انحناء العدسة</strong></p>\r\n			</td>\r\n			<td>\r\n			<p dir=\"RTL\">8.6</p>\r\n			</td>\r\n		</tr>\r\n	</tbody>\r\n</table>\r\n\r\n<p dir=\"RTL\">&nbsp;</p>\r\n\r\n<p dir=\"RTL\">*عدسات بيلا مصنوعة من مواد عالية الجودة لتكون العدسة اللاصقة الملونة رقيقة ومريحة لإرتدائها طوال اليوم. جميع المجموعات من عدسات بيلا مرخصة من إدارة الغذاء والدواء الأمريكية لضمان سلامتك. مثالية لمن يعانون من جفاف العيون.</p>\r\n\r\n<p dir=\"RTL\">&nbsp;</p>\r\n\r\n<p dir=\"RTL\">*مجموعة دايموند من عدسات بيلا صممت بعدة ألوان لتناسب جميع ألوان البشرة. هذه العدسات اللاصقة الملونة ستعطي لمعة مميزة لعينيكِ لإطلالة خلابة.</p>\r\n\r\n<p>قوة النظر</p>','Agate Brown3','en',NULL,NULL,'qwdq33'),(11,8,'asd','asd',NULL,'ar',NULL,NULL,'adasd'),(12,8,'asd','asd',NULL,'en',NULL,NULL,'asdas'),(13,10,'ثبصب','<p>صثبصثبثص</p>','صثب','ar',NULL,NULL,NULL),(14,10,'صثثصق','<p>صثقصثقصثقصثقصثق</p>',NULL,'en',NULL,NULL,NULL),(15,14,'اسم المنتج يكتب هنا','<p>هذا النص هو مثال لنص يمكن أن يستبدل في نفس المساحة، لقد تم توليد هذا النص من مولد النص العربى، حيث يمكنك أن تولد مثل هذا النص أو العديد من النصوص الأخرى إضافة إلى زيادة عدد الحروف التى يولدها التطبيق.</p>','منتج4','ar',NULL,NULL,NULL),(16,14,'اسم المنتج يكتب هنا','<p>هذا النص هو مثال لنص يمكن أن يستبدل في نفس المساحة، لقد تم توليد هذا النص من مولد النص العربى، حيث يمكنك أن تولد مثل هذا النص أو العديد من النصوص الأخرى إضافة إلى زيادة عدد الحروف التى يولدها التطبيق.</p>','منتج4','en',NULL,NULL,NULL),(17,13,'منتج23','<p>منتج23</p>','منتج23','ar',NULL,NULL,NULL),(18,13,'منتج23','<p>منتج23</p>','منتج23','en',NULL,NULL,NULL),(19,12,'منتج22','<p>منتج22</p>','منتج22','ar',NULL,NULL,NULL),(20,12,'منتج22','<p>منتج22</p>','منتج22','en',NULL,NULL,NULL),(21,11,'منتج25','<p>منتج25</p>','منتج25','ar',NULL,NULL,NULL),(22,11,'منتج25','<p>منتج25</p>','منتج25','en',NULL,NULL,NULL),(23,18,'asd','<p>asdad</p>',NULL,'ar',NULL,NULL,NULL),(24,18,'asdads','<p>asd</p>',NULL,'en',NULL,NULL,NULL),(25,19,'كرواسون بالجبن','<p>كرواسون جبن اللايت الخس وطماطم. كالوري: 155، دهون: 7، كارب: 14 وبروتين: 9</p>',NULL,'ar',NULL,NULL,NULL),(26,19,'Cheese Croissant','<p>Light cheese croissant, lettuce and tomato. Calories: 155 , fats: 7 , carbs: 14 and protein: 9</p>',NULL,'en',NULL,NULL,NULL),(27,20,'بيض كارواسون','<p>بيض سكرمبل مع الماشروم عالي بالبروتين الكالوري 223 بروتين 26 كارب 14 الدهون الصحيه 7&nbsp;</p>',NULL,'ar',NULL,NULL,NULL),(28,20,'Croissant Eggs','<pre>\r\nScrambled eggs with mushrooms, high in protein,\r\n calories 223, protein 26, carbs 14, healthy fats 7</pre>\r\n\r\n<p>&nbsp;</p>',NULL,'en',NULL,NULL,NULL),(29,21,'إفطار إيطالي','<p>بيض أومليت بحشو ايطالي، جبنة تقدم مع بطاطس مهروسة، فواكه جرانولا. كال. 348، دهون الصحيه 12 ، كربوهيدرات. 28 والبروتين 32.5.<br />\r\n&nbsp;</p>',NULL,'ar',NULL,NULL,NULL),(30,21,'Italian Breakfast','<p>Omelet eggs with Italian filling, cheese served with mashed potatoes, fruit granola. Cal.348 , fats 12 , carb. 28 and protein 32.5.</p>',NULL,'en',NULL,NULL,NULL),(31,22,'حلومي ساندويتش','<p>الحلومي مع صمون حبوب القمح الكامله مع الزعتر، الطماط والخس الطازج، الكالوري 181، بروتين 19 &nbsp;, الكاربوهيدرات 16.6، الدهون الصحيه &nbsp;4،&nbsp;</p>',NULL,'ar',NULL,NULL,NULL),(32,22,'Halloumi Sandwich','<p>Halloumi with whole wheat samoon with thyme, tomatoes and fresh lettuce, calories 181, protein 19, carbohydrates 16.6, healthy fats 4.</p>',NULL,'en',NULL,NULL,NULL),(33,23,'جرانولا','<p>.حبوب جرانولا مع روب وقطع فواكه طازجة<br />\r\n&nbsp;كالوري: 230، دهون: 3، كارب: 44.1 وبروتين: 6.8</p>',NULL,'ar',NULL,NULL,NULL),(34,23,'Granola','<p>Granola beans with yogurt and fresh fruit pieces. Cal.: 230, Fats: 3, Carb.: 44.1 and Protein: 6.8</p>',NULL,'en',NULL,NULL,NULL),(35,24,'مشروم اند سويس برجر','<p>مشروم، برجر سويسري صحي، خليط من اللحم، مشروم ياتي مع طبق جانبي من اختيارك كالوري. 281 ، دهون الصحية 9 &nbsp;، كربوهيدرات. 12 والبروتين 39 . السعرات الحراريه بدون الصنف الجانبي يقدم مع طبق جانبي من اختيارك&nbsp;<br />\r\n&nbsp;</p>',NULL,'ar',NULL,NULL,NULL),(36,24,'Mushroom And Swiss Burger','<p>Mushroom, healthy Swiss burger, mixture of meat, mushrooms comes with a side dish of your choice (calorie). 281, healthy fats 9, carbohydrates. 12 and protein 39. Calories without the side dish served with a side dish of your choice</p>',NULL,'en',NULL,NULL,NULL),(37,25,'سندويتش جريليا تشيكن','<p>ساندوتش صدر دجاج متبل لأكثر من 24 ساعة على طريقة بياتو سانو الخاصة ومشوي بطريقة صحية ولذيذة، يحتوي على 252 سعره حراريه , الكاربوهيدرات 11 , البروتين&nbsp; 32 الدهون 6 , يقدم &nbsp;اختيارك من الطبق الجانبي والخبز الذي تفضله الماكروز من غير الصنف الجانبي&nbsp;</p>',NULL,'ar',NULL,NULL,NULL),(38,25,'Griglia Chicken Sandwich','<p>&nbsp;chicken breast sandwich, marinated for more than 24 hours in the special Piatto Sano style and grilled in a healthy and delicious way. It contains 252 calories, carbohydrates 11, protein 32, fat 6. Served with your choice of side dish and the bread you prefer, macros without the side item.</p>',NULL,'en',NULL,NULL,NULL),(39,26,'سندويتش دجاج ستربس','<p>دجاج الستربس بالقسماط الصحيه مطهو بالهواء الساخن مع جبن الشيدر وخبز البطاط ويقدم مع طبق جانبي من اخيتارك. الكالوري 263، الكاربوهيدرات 18.5، الفات 7 و بروتين 32 الماكروز من غير الصنف الجانبي سبايسي متوسط&nbsp;</p>',NULL,'ar',NULL,NULL,NULL),(40,26,'Chicken Strips Sandwich','<p>Chicken strips with healthy breadcrumbs cooked in hot air with cheddar cheese and potato bread and served with a side dish of your choice. Calories 263, carbohydrates 18.5, fats 7 and protein 32 Macros without side items spicy medium&nbsp;</p>',NULL,'en',NULL,NULL,NULL),(41,27,'دونتس الدجاج','<p>دونتس الدجاج محضره بطريقه صحيه بضغط &nbsp;الهواء مع شريحه جبت شيدر مع الدونت الصحيه بالاضافه الي طبق جانبي . والكالوري &nbsp;276 البروتين 28، الكاربوهيدرات 21 ، الدهون الصحيه &nbsp;8 الماكروز من غير الصنف الجانبي يقدم مع طبق الجانبي و الصوص سبايسي متوسط&nbsp;</p>',NULL,'ar',NULL,NULL,NULL),(42,27,'Chicken Donuts','<p>Chicken donuts prepared in a healthy way using air pressure, with a slice of cheddar cheese, healthy donuts, and a side dish. Calories 276, protein 28, carbohydrates 21, healthy fats 8, macros without side items served with side dish and sauce. spicy medium&nbsp;&nbsp; &nbsp; &nbsp;</p>\r\n\r\n<pre>\r\n\r\n&nbsp;</pre>',NULL,'en',NULL,NULL,NULL),(43,28,'سندويتش برجر ترافل','<p>برجر لحم بقري صافي مع صلصة الكمأة الحامضة اللذيذة بطريقة بياتو سانو السرية، جبنة خفيفة، خبز الحبوب الكاملة. كال. 281 ، دهون صحية 9، كربوهيدرات. 11.8 والبروتين 39 السعرات الحراريه من غير الصنف الجانبي يقدم مع طبق جانبي من اختيارك :&nbsp;<br />\r\n&nbsp;</p>',NULL,'ar',NULL,NULL,NULL),(44,28,'Truffle Burger Sandwich','<p>Pure beef burger with delicious Piatto Sano secret sour truffle sauce, light cheese, whole grain bread. Cal. 281, healthy fats 9, carbohydrates. 11.8 protein, 39 calories, excluding side dishes, served with a side dish of your choice:</p>',NULL,'en',NULL,NULL,NULL),(45,29,'سندويتش برجر لحم بقري','<p>برجر لحم بياتو سانو المميز مع الجبن يقدم في خبز الحبوب الكاملة. كال. 294، دهون 10.5، كربوهيدرات12 والبروتين 39. السعرات الحرارية من غير الصنف الجانبي يقدم مع صنف جانبي من اختيارك :<br />\r\n&nbsp;</p>',NULL,'ar',NULL,NULL,NULL),(46,29,'Beef Burger Sandwich','<p>Special piatto sano beef burger with cheese served in whole grains bread. Cal. 294, fats 10.5, carb. 12 and protein 39 Calories Outside of the side item served with a side item of your choice:</p>',NULL,'en',NULL,NULL,NULL),(47,30,'سندويتش برجر دجاج','<p>برجر دجاج بياتو سانو المميز مع الجبن يقدم في خبز الحبوب الكاملة. كال. 259، دهون 7، كربوهيدرات 14 والبروتين 35 , السعرات الحراريه من غير الصنف الجانبي&nbsp;</p>',NULL,'ar',NULL,NULL,NULL),(48,30,'Chicken Burger Sandwich','<p>Special piatto sano chicken burger with cheese served in whole grains bread. Cal. 259, fats 7, carb. 14 and protein 35 Calories other than side items</p>',NULL,'en',NULL,NULL,NULL),(49,31,'ساندوتش فاهيتا ربيان','<p>روبيان بياتو سانو بخلطة ايطالية خاصة في خبز الحبوب الكاملة كالوري. 170، دهون 2.5، كربوهيدرات. 19 والبروتين 18.<br />\r\n&nbsp;</p>',NULL,'ar',NULL,NULL,NULL),(50,31,'Shrimp Fajita Sandwich','<p>Piatto sano shrimp with a special Italian mixture, in whole-grain bread cal. 170, fats 2.5, carb. 19 and protein 18.</p>',NULL,'en',NULL,NULL,NULL),(51,32,'سندويتش فاهيتا الحم','<p>فاهيتا لحم بياتو سانو تقدم في خبز أسمر، كالوري 309، دهون صحية &nbsp;13.9، كربوهيدرات. 11 والبروتين 34.1 السعرات الحراري من غير الصنف الجانبي يقدم مع طبق جانبي من اختيارك :&nbsp;<br />\r\n&nbsp;</p>',NULL,'ar',NULL,NULL,NULL),(52,32,'Beef Fajita Sandwich','<p>Piatto sano beef fajita served in brown flour bread, cal.309,Healthy fats 13.9, carb. 11 and protein 34.1. Calories outside of the side item served with a side item of your choice:</p>',NULL,'en',NULL,NULL,NULL),(53,33,'سندويتش فاهيتا دجاج','<p>فاهيتا دجاج بياتو سانو تقدم في خبز دقيق بني كال. 274، دهون 11.5، كربوهيدرات. 43.1 والبروتين 24.5.<br />\r\n&nbsp;</p>',NULL,'ar',NULL,NULL,NULL),(54,33,'Chicken Fajita Sandwich','<p>Piatto sano chicken fajita served in brown flour bread. cal. 274, fats 11.5, carb. 43.1 and protein 24.5.</p>',NULL,'en',NULL,NULL,NULL),(55,34,'لازانيا','<p>شرائح اللازانيا الايطالية محشوة باللحم المفروم المتبل وصلصة البياتو سانو الايطالية كالوري. 327، دهون 7، كربوهيدرات. 42 والبروتين 24.</p>',NULL,'ar',NULL,NULL,NULL),(56,34,'Lasagna','<p>Italian lasagna sheets stuffing of seasoned minced meat, Italian piatto sano sauce cal. 327, fats 7, carb. 42 and protein 24</p>',NULL,'en',NULL,NULL,NULL),(57,35,'سمك سي باس','<p>سي باس مطبوخ بطريقة صحية، يقدم مع صوص حامض صحي، يقدم مع طبق من اختيارك سعرات حرارية 186، كربوهيدرات 0 ، دهون 3.5، بروتين 36<br />\r\n&nbsp;</p>',NULL,'ar',NULL,NULL,NULL),(58,35,'Seabas Fish','<p>Seabass cooked in a healthy way, served with healthy sour sauce, served with a plate of your choice Calories 186, carbs 0, fats 3.5, protein 36</p>',NULL,'en',NULL,NULL,NULL),(59,36,'رزيتو زعفران','<p>&nbsp;ريزوتو إيطالي مع زعفران صحي وفطر عضوي ومصدر بروتين من اختيارك سعرات الحرارية 222، الدهون 6 ، الكربوهيدرات 40.1 والبروتين 2 السعرات الحراريه من غير صنف البروتين&nbsp;<br />\r\n&nbsp;</p>',NULL,'ar',NULL,NULL,NULL),(60,36,'Risotto Saffron','<p>Italian risotto with healthy saffron, organic mushrooms and a protein source of your choice. Calories 222, fat 6 carb. 40.1 and protein 2 &nbsp;Calories without protein</p>',NULL,'en',NULL,NULL,NULL),(61,37,'باستا كاربونارا','<p>مزيج لذيذ من الباستا السبقتي مع جبن البارمزان، الببروني، البروتين 4، الكاربوهيدرات 46، الفات 7 والسعرات الحراريه 263. القيمه الغذائيه من غير اضافه البروتين&nbsp;</p>',NULL,'ar',NULL,NULL,NULL),(62,37,'Carbonara Pasta','<p>A delicious combination of scoop pasta with parmesan cheese, pepperoni, protein 4, carbs 46, fat 7 and exact calories 263. Calories are without toppings protien</p>',NULL,'en',NULL,NULL,NULL),(63,38,'ريزيتو ايطالي','<p>150 جم مزيج من الريزوتو الإيطالي الصحي مع فطر عضوي مع مصدر بروتين من اختيارك. كال. 230، دهون 6.7، كارب. 40.1 والبروتين 0.0.<br />\r\n&nbsp;</p>',NULL,'ar',NULL,NULL,NULL),(64,38,'Italian Risotto','<p>150 g of a mixture of healthy Italian risotto with organic mushroom choice with a protein source of your choice. cal. 230, fats 6.7, carb. 40.1 and protein 0.0.</p>',NULL,'en',NULL,NULL,NULL),(65,39,'باستا بيني بصوص البيستو','<p>مكرونة بيني مع صوص البيستو الايطالي، كال. 246 دهون الصحيه 6 ، كربوهيدرات. 46 والبروتين 2 السعرات الحراريه من غير صنف البرةوتين&nbsp;</p>',NULL,'ar',NULL,NULL,NULL),(66,39,'Penne Pasta With Pesto Sauce','<p>Penne pasta with Italian pesto sauce, cal. 246 Healthy fats 6, carbohydrates. 46 and protein 2 calories without protein</p>',NULL,'en',NULL,NULL,NULL),(67,40,'باستا فيتوتشيني بصوص بيستو','<p>باستا الفيتوتشيني بصلصة البيستو الايطالية على طريقة البياتو سانو واي الخاصة كال. 246، دهون 6، كربوهيدرات. 46 والبروتين 2. السعرات الحراريه من غير صنف البروتين المضاف&nbsp;</p>',NULL,'ar',NULL,NULL,NULL),(68,40,'Fettuccine Pasta With Pesto Sauce','<p>Fettuccine pasta with Italian pesto sauce on the special piatto sano way cal. 264, fats 6, carb. 46 and protein 2 Calories without protein</p>',NULL,'en',NULL,NULL,NULL),(69,41,'جريليا تشيكن','<p>صدر دجاج 150 جرام متبل لأكثر من 24 ساعة على طريقة بياتو سانو الخاصة ومشوي بطريقة صحية ولذيذة، يقدم مع اختيارك من الطبق الجانبي اما العيش او البطاط</p>',NULL,'ar',NULL,NULL,NULL),(70,41,'Griglia Chicken','<p>Chicken breast 150gm marinated for more than 24 hours on the special Piatto Sano way and grilled in a healthy and delicious way, served with your choice of side dish either rice or potatoes</p>',NULL,'en',NULL,NULL,NULL),(71,42,'باستا بيني بالصوص الأبيض','<p>صلصة البياتو سانو البيضاء الخاصة. كال. 215، دهون 3.7، كربوهيدرات. 42.9 والبروتين 27.1.</p>',NULL,'ar',NULL,NULL,NULL),(72,42,'Penne Pasta With White Sauce','<p>White special piatto sano sauce. cal. 215, fats 3.7, carb. 42.9 and protein 27.1.</p>',NULL,'en',NULL,NULL,NULL),(73,44,'باستا بيني بالصوص الوردي','<p>مكرونة بيني مع صلصة بياتو سانو الخاصة، كالوريز 215، دهون 3.7، كربوهيدرات. 42.9 والبروتين 27.1.<br />\r\n&nbsp;</p>',NULL,'ar',NULL,NULL,NULL),(74,44,'Penne Past With Pink Sauce','<p>Penne pasta with piatto sano special sauce, cal. 215, fats 3.7, carb. 42.9 and protein 27.1.</p>',NULL,'en',NULL,NULL,NULL),(75,45,'باستا فوتشيني بالصوص الأبيض','<p>باستا فيتوتشيني مع صلصة البياتو سانو البيضاء الخاصة. كال. 227، دهون 7.1، كربوهيدرات. 34.3 والبروتين 27.<br />\r\n&nbsp;</p>',NULL,'ar',NULL,NULL,NULL),(76,45,'Fettuccine Pasta With White Sauce','<p>Fettuccine pasta with special piatto sano white sauce. cal. 227, fats 7.1, carb. 34.3 and protein 27.</p>',NULL,'en',NULL,NULL,NULL),(77,46,'باستا فوتشيني بالصوص الوردي','<p>باستا فيتوتشيني مع صلصة بياتو سانو الخاصة. كال. 247، دهون 7.1، كربوهيدرات. 44 والبروتين 2 السعرات الحراريه بدون صنف البروتين&nbsp;</p>',NULL,'ar',NULL,NULL,NULL),(78,46,'Fettuccine Pasta With Pink Sauce','<p>Fettuccine pasta with special piato sano sauce. Cal. 247, fat 7.1, carbohydrates. 44 and protein 2 calories without protein</p>',NULL,'en',NULL,NULL,NULL),(79,47,'السلمون الإيطالي','<p>قطع السلمون مع صوص البياتو سانو الخاص مع اختيارك من البطاطا المهروسة او الارز. الكالوري 297، دهون الصحيه 17، كربوهيدرات. 4 والبروتين 32 السعرات الحراريه بدون مصدر الكارب&nbsp;<br />\r\n&nbsp;</p>',NULL,'ar',NULL,NULL,NULL),(80,47,'Italian Salmon','<p>Salmon pieces with special pitato sano sauce with your choice of mashed potatoes or rice. Calories 297, healthy fats 17, carbohydrates. 4 and protein 32 calories without a source of carbs</p>',NULL,'en',NULL,NULL,NULL),(81,48,'ترياكي سالمون','<p>السالمون الصحي المليء بالاوميقا ثري بصلصه الترياكي يقدم مع طبق جانبي من اختيارك السعرات الحراريه 228، الكاربوهيدرات 1.2، الفات 8.9 وبروتين 32.4.&nbsp;</p>',NULL,'ar',NULL,NULL,NULL),(82,48,'Teriyaki Salmon','<p>Healthy salmon rich in omega 3 with teriyaki sauce served with a side dish of your choice calories 228, carbs 1.2, fat 8.9 and protein 32.4.</p>',NULL,'en',NULL,NULL,NULL),(83,49,'نودلز صيني','<p>نودلز بياتو سانو الصينية مع الخضار الطازجة. كال. 338، دهون 2.1، كارب.&nbsp; 54والبروتين 36</p>',NULL,'ar',NULL,NULL,NULL),(84,49,'Chinese Noodles','<pre>\r\nChinese piato sano noodles with fresh vegetables. Cal. 338, fat 2.1, carbs. 54 and protein 36</pre>',NULL,'en',NULL,NULL,NULL),(85,50,'روبيان إيطالي','<p>روبيان ايطالي مشوي مع اختيارك من البطاطا المهروسة او الارز. كال. 118، دهون 1.8 ، كربوهيدرات. 2.1 والبروتين 27.4.<br />\r\n&nbsp;</p>',NULL,'ar',NULL,NULL,NULL),(86,50,'Italian Shrimp','<p>Italian grilled shrimp with your choice from mashed potato or rice. cal. 118, fats 1.8, carb. 2.1 and protein 27.4.</p>',NULL,'en',NULL,NULL,NULL),(87,51,'دجاج بيتو','<p>صدور دجاج مشوية بحشو ايطالي مع اختيارك من البطاطا المهروسة او الارز. كال. 247 ، دهون 5.4 ، كربوهيدرات. 0.0 والبروتين 46.5.</p>',NULL,'ar',NULL,NULL,NULL),(88,51,'Petto Chicken','<p>Grilled chicken breasts with Italian filling, with your choice of mashed potato or rice. cal. 247, fats 5.4, carb. 0.0 and protein 46.5.</p>',NULL,'en',NULL,NULL,NULL),(89,52,'لحم ستيك إيطالي','<p>لحم ستيك الشهي من بياتو سانو بالصوص الخاص 150 جرام السعرات الحراريه 312 البروتين 51 الكارب 3 الدهون الصحيه 16 من غير الطبق الجانبي&nbsp;<br />\r\nويقدم مع طبق جانبي من اختيارك&nbsp;</p>',NULL,'ar',NULL,NULL,NULL),(90,52,'Italian Beef','<pre>\r\nDelicious beef steak from Piatto Sano with special sauce 150 grams, calories 312, protein 51, carbs 3, healthy fats 16, without the side dish.\r\nServed with a side dish of your choice</pre>',NULL,'en',NULL,NULL,NULL),(91,53,'بيتزا مارجريتا','<p>بيتزا مارغريتا على الطريقة الإيطالية، العجينه الصحيه الخاصه الممزوجه بالشوفان ، كال. 233 دهون 7، كربوهيدرات. 29 والبروتين 13.</p>',NULL,'ar',NULL,NULL,NULL),(92,53,'Margherita Pizza','<p>Italian style margherita pizza, special healthy dough mixed with oats, cal. 233 fat 7 , carbohydrates. 29 and protein 13.</p>',NULL,'en',NULL,NULL,NULL),(93,54,'بيتزا بيبروني','<p>بيتزا بيبروني على الطريقة الإيطالية الأصلية، عجينه الشوفان كالوري 285، &nbsp;كربوهيدرات. 29 والبروتين 22 الدهون الصحيه 9</p>',NULL,'ar',NULL,NULL,NULL),(94,54,'Pepperoni Pizza','<pre>\r\nPepperoni pizza, original Italian style, oat dough, \r\ncalories 285, carbs. 29, protein 22, healthy fats 9\r\n</pre>\r\n\r\n<p>&nbsp;</p>',NULL,'en',NULL,NULL,NULL),(95,55,'بيتزا بيستو','<p>عجينة بيتزا بياتو سانو مع صلصة البيستو الايطالية الخاصة، جبنة موزاريلا لايت، شرائح مشروم، كالوري. 243، دهون 7.7، كربوهيدرات. 28.7 والبروتين 14.8.<br />\r\n&nbsp;</p>',NULL,'ar',NULL,NULL,NULL),(96,55,'Pesto Pizza','<p>Piatto sano pizza dough with special Italian pesto sauce, light mozzarella cheese, mushroom slices, cal. 243, fats 7.7, carb. 28.7 and protein 14.8.</p>',NULL,'en',NULL,NULL,NULL),(97,56,'بيتزا البروتين','<p>بيتزا بياتو سانو اللذيذة العجينه الخاصهالممزوجه بالشوفان &nbsp;مع 150 جرام ستيك، مشروم، حلقات زيتون، صلصة بياتو سانو الخاصة. كال. 387، دهون 11.3، كربوهيدرات. 32 والبروتين 40.9.</p>',NULL,'ar',NULL,NULL,NULL),(98,56,'Protein Pizza','<p>Delicious Piatto Sano pizza, special dough mixed with oats, 150 grams of steak, mushrooms, olive rings, and Piatto Sano special sauce. Cal. 387, fat 11.3, carbohydrates. 32 and protein 40.9.</p>',NULL,'en',NULL,NULL,NULL),(99,57,'بيتزا التيركي والمشروم','<p>مزيج من عجينه البيتزا الصحيه والخفيفه مع الاجبان، الصوص، التيركي والمشروم. البروتين 28، الكاربوهيدرات 32، فات 8.8 والسعرات الحراريه 312.</p>',NULL,'ar',NULL,NULL,NULL),(100,57,'Pizza Turkey And Mushroom','<p>A mix of healthy and light pizza dough with cheese, sauce, turkey and mushroom. Protein 28, carbs 32, fat 8.8 and calories 312.</p>',NULL,'en',NULL,NULL,NULL),(101,58,'روبيان ديناميت','<p>روبيان حار محضر في مقلاة هوائية مع صلصة الديناميت الحارة بطريقة سرية بياتو سانو كال. 172، دهون 8.1، كربوهيدرات. 4 والبروتين 21. سبايسي جداً</p>',NULL,'ar',NULL,NULL,NULL),(102,58,'Dynamite Shrimps','<p>Shrimp prepared in an air fryer with spicy dynamite sauce, the secret way of piatto sano cal. 172, fats 8.1, carb. 4 and protein 21. very spicy&nbsp;</p>',NULL,'en',NULL,NULL,NULL),(103,59,'بطاطا كروكيت','<p>بطاطا الكروكيت الخاص ببياتو سانو مع القليل من الجبن والمحضر على طريقة بياتو سانو الصحية والمطهو بالهواء الحار الكالوري 273 الكارب 44 البروتين 4 الدهون الصحيه 9</p>',NULL,'ar',NULL,NULL,NULL),(104,59,'Kroket Potato','<p>Piatto Sano&#39;s special potato croquettes with a little cheese, prepared in the healthy Piatto Sano style and cooked with curry curry paste 273 Carbs 44 Protein 4 Healthy fats 9</p>',NULL,'en',NULL,NULL,NULL),(105,60,'بطاطا لا نوازيت','<p>&nbsp;بطاطا لانوازيت الخاص بياتو سانو المطهو بطريقة خاصة في الهواء الحار الكالوري 208 الكارب 44 البروتين 0 الدهون الصحيه 6</p>',NULL,'ar',NULL,NULL,NULL),(106,60,'La Noisette Potato','<p>Special Lanoisette Potato Sano cooked in a special way in hot air Calories 208 Carbs 44 Protein 0 Healthy Fats 6ش</p>',NULL,'en',NULL,NULL,NULL),(107,61,'4 قطع اصابع دجاج','<p>اصابع الدجاج محضره بضغط الهواء الحار تقدرم مع صوص سبايسي جانبي البروتين 38 الفات 4 الكاربوهيدرات 4 السعرات الحرايه 204</p>',NULL,'ar',NULL,NULL,NULL),(108,61,'4 Pieces Of Chicken Fingers','<p>Chicken fingers prepared with hot air pressure, served with spicy sauce on the side. Protein 38, fat 4 , carbs 4, calories 204.</p>',NULL,'en',NULL,NULL,NULL),(109,62,'سلطة ناتشوز','<p>خليط الخضار مع قطع الناتشوز وصوص جبنة الشيدر. كال. 183، دهون 10.1، كربوهيدرات. 29.5 والبروتين 6.4.<br />\r\n&nbsp;</p>',NULL,'ar',NULL,NULL,NULL),(110,62,'Nachos Salad','<p>Vegetable mixture with nachos pieces, cheddar cheese sauce. cal. 183, fats 10.1, carb. 29.5 and protein 6.4.</p>',NULL,'en',NULL,NULL,NULL),(111,63,'سلطة حلومي','<p>مزيج خضروات مع مكعبات حلوم وصوص خاص. كال. 92، دهون 2، كربوهيدرات. 11 والبروتين 7.</p>',NULL,'ar',NULL,NULL,NULL),(112,63,'Halloumi Salad','<p>Vegetables mixture with halloumi cubes, special sauce. cal. 92, fats 2, carb. 11 and protein 7</p>',NULL,'en',NULL,NULL,NULL),(113,64,'سلطة سيزار','<p>شرائح دجاج مشوي، خليط خس، خبز محمص ، جبنة بارميزان. كال. 167، دهون 4.5، كربوهيدرات. 4.1 والبروتين 28.</p>',NULL,'ar',NULL,NULL,NULL),(114,64,'Caesar Salad','<p>Grilled chicken slices, lettuce mixture, roasted bread, parmesan cheese. cal. 167, fats 4.5, carb. 4.1 and protein 28.</p>',NULL,'en',NULL,NULL,NULL),(115,65,'سلطة كينوا','<p>خليط بذور الكينوا، خضروات، رمان، عين الجمل. كال. 279، دهون 9.4، كربوهيدرات. 42.3 والبروتين 10.4.<br />\r\n&nbsp;</p>',NULL,'ar',NULL,NULL,NULL),(116,65,'Quinoa Salad','<p>Quinoa seeds mixture, vegetables, pomegranate seeds, walnuts. cal. 279, fats 9.4, carb. 42.3 and protein 10.4.</p>',NULL,'en',NULL,NULL,NULL),(117,66,'سلطه الشيف','<p>مزيج من الخضراوات الطازجه مع شرائح جبن الشيدر و الديك الرومي 152 سعره حراريه، كارب 11، فات 4، بروتين 19.5</p>',NULL,'ar',NULL,NULL,NULL),(118,66,'Chef\'s Salad','<p>Mix of fresh vegetables with slices of cheddar cheese and turkey, 152 calories, carb 11, fat 4, protein 19.5</p>',NULL,'en',NULL,NULL,NULL),(119,67,'سلطة جرجير بيبي','<p>خلطة جرجير صغيرة، خس، رمان، صلصتنا الخاصة. كال.132 ، دهون 6.2، كربوهيدرات. 18.1 والبروتين 2.8.<br />\r\n&nbsp;</p>',NULL,'ar',NULL,NULL,NULL),(120,67,'Baby Rocca Salad','<p>Baby rocca mixture, lettuce, pomegranate seeds, our special sauce. cal. 132, fats 6.2, carb. 18.1 and protein 2.8.</p>',NULL,'en',NULL,NULL,NULL),(121,68,'أرز أبيض','<p>أرز بسمتي أبيض مطبوخ بطريقة صحية ولذيذة. السعرات الحرارية 323، دهون 0.7، كربوهيدرات 69.1 وبروتين 6.65.</p>',NULL,'ar',NULL,NULL,NULL),(122,68,'White Rice','<p>White Basmati rice cooked with saffron in a healthy and delicious way. Calorie 323, fat 0.7, carbs 69.1 and protein 6.65.</p>',NULL,'en',NULL,NULL,NULL),(123,69,'أرز أصفر','<p>أرز بسمتي أبيض مطبوخ بالزعفران بطريقة صحية ولذيذة. كالوري 323، دهون 0.7، كربوهيدرات 69.1 والبروتين 6.65.</p>',NULL,'ar',NULL,NULL,NULL),(124,69,'Yellow Rice','<p>White Basmati rice cooked with saffron in a healthy and delicious way. Calorie 323, fat 0.7, carbs 69.1 and protein 6.65.<br />\r\n&nbsp;</p>',NULL,'en',NULL,NULL,NULL),(125,70,'اصابع بطاطا بالفرن 250 جرام','<p>250 جرام أصابع بطاطس صحية لذيذة مطبوخه بالهواء الساخن. 260، دهون 3.5، كربوهيدرات 48.4 والبروتين 4.2.</p>',NULL,'ar',NULL,NULL,NULL),(126,70,'Potato Fingers In Oven 250 Grams','<p>250 gm delicious healthy potato sticks cooked with air frying. 260, fat 3.5, carbohydrates 48.4 and protein 4.2.</p>',NULL,'en',NULL,NULL,NULL),(127,71,'بطاطا حلوة بالفرن 250 جرام','<p>250 جرام أصابع بطاطا حلوة صحية ولذيذة مطبوخة بالهواء. السعرات الحراريه 215، دهون 0.12، كربوهيدرات 50 والبروتين 4.1<br />\r\n&nbsp;</p>',NULL,'ar',NULL,NULL,NULL),(128,71,'Sweet Potato In Oven 250 Grams','<p>250 gm healthy delicious sweet potato sticks cooked with air frying calories 215 fats 0.12, carb50 and protein 4.1</p>',NULL,'en',NULL,NULL,NULL),(129,72,'بطاطس مهروسة','<p>250 جرام بطاطس مهروسة مع بياتو سانو ستايل كال. 247 ، دهون 1.6، كربوهيدرات. 53.9 والبروتين 6.3.<br />\r\n&nbsp;</p>',NULL,'ar',NULL,NULL,NULL),(130,72,'Mashed Potatoes','<p>250 gm of mashed potatoes, with piatto sano style cal. 247, fats 1.6, carb. 53.9 and protein 6.3.</p>',NULL,'en',NULL,NULL,NULL),(131,73,'صوص كاتشب مايو','<p>كاتشب بدون سكر ومايونيز خفيف وكالوريز : 36 .</p>',NULL,'ar',NULL,NULL,NULL),(132,73,'Ketchup Mayo Sauce','<p>Ketchup without sugar, light mayonnaise and cal. 36 .</p>',NULL,'en',NULL,NULL,NULL),(133,74,'صوص كاتشب','<p>بدون سكر كالوريز. 12&nbsp;<br />\r\n&nbsp;</p>',NULL,'ar',NULL,NULL,NULL),(134,74,'Ketchup Sauce','<p>Without sugar cal. 12.</p>',NULL,'en',NULL,NULL,NULL),(135,75,'صوص رانش','<p>صوص رانش لايت بدون سكر وكالوريز 20 .</p>',NULL,'ar',NULL,NULL,NULL),(136,75,'Ranch Sauce','<p>Light ranch sauce without sugar cal. 20.</p>',NULL,'en',NULL,NULL,NULL),(137,76,'صوص مشروم','<p>صوص مشروم بياتو سانو المميز وكالوريز 20&nbsp;</p>',NULL,'ar',NULL,NULL,NULL),(138,76,'Mushroom Sauce','<p>The special, delicious, secret piatto sano mushroom sauce and cal 20&nbsp;</p>',NULL,'en',NULL,NULL,NULL),(139,77,'براوني','<p>عجينه البراوني محضره بطريقه صحيه وغنية بالبروتين، السعرات الحراريه 191، الكاربوهيدرات 22.4، الفات 9، البروتيين 12</p>',NULL,'ar',NULL,NULL,NULL),(140,77,'Brownie','<p>Brownie dough prepared in a healthy way and rich in protein, calories 191, carbs 22.4, fat 9, protein 12&nbsp; &nbsp;&nbsp;</p>',NULL,'en',NULL,NULL,NULL),(141,78,'تشيز كيك زعفران الصحي','<p>تشيز كيك الزعفران الصحي الخالي من القلوتين&nbsp;السعرات الحرارية من الغلوتين. 230، دهون 11.2، كربوهيدرات. 30.6، بروتين 4، سكر 10.7.<br />\r\n&nbsp;</p>',NULL,'ar',NULL,NULL,NULL),(142,78,'Healthy Saffron Cheesecake','<p>The healthy saffron cheesecake, free of gluten cal. 230, fats 11.2, carb. 30.6, protein 4 and sugar 10.7.</p>',NULL,'en',NULL,NULL,NULL),(143,79,'تشيز كيك ريد فيلفت الصحي','<p>تشيز كيك الريد فيلفت الصحي، خالي من الجلوتين كالوري. 243، دهون 9.8، كربوهيدرات. 34.2، بروتين 4.8، سكر 12.2.<br />\r\n&nbsp;</p>',NULL,'ar',NULL,NULL,NULL),(144,79,'Healthy Red Velvet Cheesecake','<p>The healthy red velvet cheesecake، free of gluten cal. 243, fats 9.8, carb. 34.2, protein 4.8 and sugar 12.2.</p>',NULL,'en',NULL,NULL,NULL),(145,80,'كيكة الشوكولاتة الإيطالية الصحية','<p>مزيج إيطالي من البراوني وكيك الشوكولاتة مع الجبن الخالي من الغلوتين، كالوري. 291، دهون 14، كربوهيدرات. 41، بروتين 2.5 وسكر 21.2.</p>',NULL,'ar',NULL,NULL,NULL),(146,80,'Italian Healthy Chocolate Cake','<p>An Italian blend of brownie, chocolate cake with gluten-free cheese, cal. 291, fats 14, carb. 41, protein 2.5 and sugar 21.2.</p>',NULL,'en',NULL,NULL,NULL),(147,81,'تشيز كيك المانجو الصحي','<p>تشيز كيك المانجو الصحية، خالية من الغلوتين كالوري. 225، دهون 2، كربوهيدرات. 37 ، بروتين 10 وسكر 18.<br />\r\n&nbsp;</p>',NULL,'ar',NULL,NULL,NULL),(148,81,'Mango Healthy Cheesecake','<p>The healthy mango cheesecake, gluten-free cal. 225, fats 2, carb. 37, protein 10 and sugar 18.</p>',NULL,'en',NULL,NULL,NULL),(149,82,'عصير برتقال طازج','<p>يحضر عند الطلب 250 مل</p>',NULL,'ar',NULL,NULL,NULL),(150,82,'Fresh Orange Juice','<p>Prepared upon your order 250 ml</p>',NULL,'en',NULL,NULL,NULL),(151,83,'مياه فودا فودا','<p>500 مل</p>',NULL,'ar',NULL,NULL,NULL),(152,83,'Vodavoda Water','<p>500 ml.&nbsp;</p>',NULL,'en',NULL,NULL,NULL),(153,84,'بي سي ايه ايه مانجو',NULL,NULL,'ar',NULL,NULL,NULL),(154,84,'Bcaa Mango',NULL,NULL,'en',NULL,NULL,NULL),(155,85,'بي سي ايه ايه توت العليق',NULL,NULL,'ar',NULL,NULL,NULL),(156,85,'Bcaa Raspberry',NULL,NULL,'en',NULL,NULL,NULL),(157,86,'بي سي ايه ايه اناناس',NULL,NULL,'ar',NULL,NULL,NULL),(158,86,'Bcaa Pineapple',NULL,NULL,'en',NULL,NULL,NULL),(159,87,'كوكاكولا لايت','<p>250 مل</p>',NULL,'ar',NULL,NULL,NULL),(160,87,'Coca-Cola Light','<p>250 ml.</p>',NULL,'en',NULL,NULL,NULL),(161,88,'كوكاكولا زيرو','<pre>\r\nمشروب غازي خالي من السكر والسعرات الحرارية</pre>',NULL,'ar',NULL,NULL,NULL),(162,88,'Coca-Cola Zero','<p>Carbonated soft drink with zero sugar &amp; zero calories</p>',NULL,'en',NULL,NULL,NULL),(163,89,'سبرايت لايت','<p>250 ml</p>',NULL,'ar',NULL,NULL,NULL),(164,89,'Sprite Light','<p>250 ml</p>',NULL,'en',NULL,NULL,NULL),(165,92,'تشيز كيك الجزر الصحي','<p>تشيز كيك جزر صحية ، خالية من الغلوتين، كالوري. 240، دهون 8.2، كربوهيدرات. 32.4، بروتين 4، سكر 9.8.</p>',NULL,'ar',NULL,NULL,NULL),(166,92,'Healthy Carrot Cheesecake','<p>Healthy carrot cheesecake, free of gluten, cal. 240, fats 8.2, carb. 32.4, protein 4 and sugar 9.8.</p>',NULL,'en',NULL,NULL,NULL),(167,93,'سوبر فلافل',NULL,NULL,'ar',NULL,NULL,NULL),(168,93,'Super falafel',NULL,NULL,'en',NULL,NULL,NULL),(169,94,'حلومي راب','<p>خبزه الراب الصحيه مع الحلوم الجانبي، الزيتون، الزعتر والطماط، الكالوري 164 البروتين 12 الكارب 11 الدهون الصحيه 8</p>',NULL,'ar',NULL,NULL,NULL),(170,94,'Halloumi wrap','<pre>\r\nHealthy wrap bread with side halloumi, olives, thyme and tomatoes, calories 164, protein 12, carbs 11, healthy fats 8\r\n</pre>',NULL,'en',NULL,NULL,NULL),(171,95,'سوبر فلافل',NULL,NULL,'ar',NULL,NULL,NULL),(172,95,'Super falafel',NULL,NULL,'en',NULL,NULL,NULL),(173,96,'حلومي توست','<p>توست البطاط الصحي مع الحلوم الجانب و &nbsp;الزيتو و الزعتر &nbsp;الكالوري 178 بروتين 11, كارب 12 و الدهون الصحية 9</p>',NULL,'ar',NULL,NULL,NULL),(174,96,'Halloumi toast','<pre>\r\nHealthy potato toast with side halloumi, olives and thyme. Calories 178, protein 11, carbs 12 and healthy fats 9\r\n</pre>',NULL,'en',NULL,NULL,NULL),(175,97,'تيركي توست','<pre>\r\nتوست البطاط الصحي مع التيركي الجانبي و الجبن الصحي الكالوري 167 بروتين 17 كارب 12 الدهون الصحيه 6\r\n</pre>',NULL,'ar',NULL,NULL,NULL),(176,97,'Turkey Toast','<pre>\r\nHealthy potato toast with a side of turkey and healthy cheese, calories 167, protein 17, carbs 12, healthy fats 6</pre>\r\n\r\n<pre>\r\n\r\n&nbsp;</pre>\r\n\r\n<p>&nbsp;</p>',NULL,'en',NULL,NULL,NULL),(177,98,'سوبر فلافل','<p>خبزه التورتيلا الصحيه مع الفلافل و البيبي روكا و الصلصه الخاصه الكالوري 167 بروتين 12 كارب 11 الدهون الصحيه 9&nbsp;</p>',NULL,'ar',NULL,NULL,NULL),(178,98,'Super Flafel','<pre>\r\nHealthy tortilla bread with falafel, baby rocca and special sauce, calories 167, protein 12, carbs 11, healthy fats 9</pre>',NULL,'en',NULL,NULL,NULL),(179,99,'فلافل توست','<p>توست البطاط الصحي مع الفلافل و البيبي روكا و الصلصه الخاصه &nbsp;السعرات 168 بروتين 11 الكارب 13 الدهون الصحيه 8&nbsp;</p>',NULL,'ar',NULL,NULL,NULL),(180,99,'Falafel toast','<pre>\r\nHealthy potato toast with falafel, baby rocca and special sauce. Calories 168. Protein 11. Carbs 13. Healthy fats 8.</pre>',NULL,'en',NULL,NULL,NULL),(181,100,'بيض سكرمبل توست','<p>توست البطاط الصحي مع بيض السكرمبل الكالوري 176 بروتين 16 كارب 12 الدهون الصحيه 6&nbsp;</p>',NULL,'ar',NULL,NULL,NULL),(182,100,'Scrambled eggs toast','<pre>\r\nHealthy potato toast with scrambled eggs. Calories 176, protein 16, carbs 12, healthy fats 6</pre>',NULL,'en',NULL,NULL,NULL),(183,101,'بيني اربياتا','<p>مزيج من الباستا البيني &nbsp;و الصوص الاحمر الايطالي وزيتون واختيارك من البروتين الكارب 40 البروتين 4 السعرات الحراريه 389</p>',NULL,'ar',NULL,NULL,NULL),(184,101,'Penne arrabbiata','<pre>\r\nA mixture of penne pasta , Italian red sauce, olives and your choice of protein. Carb 40. Protein 4. Calories 389.</pre>',NULL,'en',NULL,NULL,NULL),(185,102,'بنك ريزيتو','<p>مزيج من الرزيتو مع الصوص الوردي و المشروم واختيارك من البروتين الكارب 40 البروتين 2 الدهون الصحيه 7 السعرات الحراريه 231 السعرات الحراريه بدون صنف البروتين الاضافي&nbsp;</p>',NULL,'ar',NULL,NULL,NULL),(186,102,'Pink risotto','<pre>\r\nMix of risotto with pink sauce, mushrooms and your choice of protein, carb 40, protein 2 , Healthy Fats 7 calories 231 . Calories without protein</pre>',NULL,'en',NULL,NULL,NULL),(187,103,'برجر نباتي','<p>برجر نباتي بنكهه اللحم و الباربيكو مكون من التوفو امريكي&nbsp;البروتين 21 الكارب 11 السعرات 278</p>',NULL,'ar',NULL,NULL,NULL),(188,103,'Veggie burger','<pre>\r\nVegetarian burger flavored with meat and barbecue, made of American tofu Protein 21 Carb 11 Calories 278</pre>',NULL,'en',NULL,NULL,NULL),(189,104,'راب ستريبس','<pre>\r\n<span style=\"font-family:Comic Sans MS,cursive\"><span style=\"font-size:14px\">خبزه الراب الصحيه مع تشكن ستريبس الحار محضره بالهواء الحار\r\n الكالوري 184 البروتين 21 الكارب 11 الدهون الصحيه 6 &nbsp;\r\n الماكروز من غير الصنف الجانبي يقدم \r\nمع طبق جانبي من اختيارك و الصوص الخاص&nbsp;</span></span>\r\n</pre>',NULL,'ar',NULL,NULL,NULL),(190,104,'Wrap Strips','<pre>\r\nHealthy wrap bread with spicy chicken strips, prepared with hot air,\r\n calories 184, protein 21, carbs 11,\r\n healthy fats 6, macros without side items, \r\nserved with a side dish of your choice and special sauce.</pre>',NULL,'en',NULL,NULL,NULL),(191,105,'فيجي بيتزا','<p>بيتزا العجينه الصحيه بالشوفان مع الاجبان و الخضار بروتين 14، كربوهيدرات 32، دهون 8 والسعرات حرارية 252</p>',NULL,'ar',NULL,NULL,NULL),(192,105,'Veggie Pizza','<pre>\r\nHealthy pizza with oats, cheese and vegetables protein 14, carbohydrates 32, fats 8 and calories 252</pre>',NULL,'en',NULL,NULL,NULL),(193,106,'اصابع موزيرلا','<p>4 اصابع جبن الموزيرلا محضره بالهواء من غير زيوت، الكالوري 161 &nbsp;بروتين 12، كارب 8 الدهون الصحيه 9 &nbsp;تأتي مع الصوص الرانش الجانبي.</p>',NULL,'ar',NULL,NULL,NULL),(194,106,'Mozzarella Sticks','<pre>\r\n4 Sticks of mozzarella cheese, air-cooked without oil, calories 161, protein 12, carbs 8, healthy fats 9, comes with side ranch sauce.\r\n</pre>',NULL,'en',NULL,NULL,NULL),(195,107,'هالبينو بوب','<p>4 اصابع هالبينو مقليه بالهواء من غير الزيوت. البروتين 9، الكارب 6 الدهون الصحيه 12 الكالوري &nbsp;168 تأتي مع الصوص الرانش الجانبي&nbsp;</p>',NULL,'ar',NULL,NULL,NULL),(196,107,'Jalapeno pop','<pre>\r\n4 Jalapeno sticks, air fried without oil. Protein 9, carbs 6 and healthy fats 12 calories 168 Comes with side ranch sauce</pre>',NULL,'en',NULL,NULL,NULL),(197,108,'شيدر صوص','<p>صوص الشيدر الصحي قليل الدهون و السعرات&nbsp;</p>',NULL,'ar',NULL,NULL,NULL),(198,108,'Cheddar sauce','<pre>\r\nHealthy, low-fat cheddar sauce and Calories</pre>',NULL,'en',NULL,NULL,NULL),(199,109,'باربيكو صوص','<p>صلصة الباربيكيو ذات النكهة الغنية والمدخنة مع توازن مثالي بين المكونات الحلوة والحارة والمالحة.</p>',NULL,'ar',NULL,NULL,NULL),(200,109,'BBQ sauce','<pre>\r\nSmokey flavor bbq sauce made with perfect balance of sweet, spicy and savory ingredients</pre>',NULL,'en',NULL,NULL,NULL),(201,110,'جريل تشكن ساندويتش ماشروم صوص','<p>سندوتش صدر دجاج متبل لأكثر من 24 ساعة على طريقة بياتو سانو الخاصة ومشوي بطريقة صحية ولذيذة، يحتوي على&nbsp;<br />\r\n&nbsp;الكالوري 268 &nbsp;, الكاربوهيدرات 11 &nbsp;جرام, &nbsp;الدهون الصحيه 7 البروتين 38, المكاروز من غير الصنف الجانبي يقدم مع اختيارك من الطبق الجانبي والخبز الذي تفضله&nbsp;يقدم مع صوص جانبي&nbsp;</p>',NULL,'ar',NULL,NULL,NULL),(202,110,'Grill chicken mushroom sauce','<pre>\r\nChicken breast sandwich marinated for more than 24 hours in the special Piatto Sano style and grilled in a healthy and delicious way. It contains\r\n&nbsp;Calories 268, carbohydrates 11 grams, healthy fats 7, protein 38, macaroni without a side, served with your choice of side dish and your favorite bread, served with side sauce.</pre>',NULL,'en',NULL,NULL,NULL),(203,111,'تشيزي راب','<p>خليط من الاجبان الموزرلا و الشيدر و القشقوان و البرمزان في خبزه الراب الصحيه السعرات الحراريه 208 بروتين 16 كارب 12 الدهون الصحيه 8</p>',NULL,'ar',NULL,NULL,NULL),(204,111,'Cheesy Wrap','<p>A mixture of mozzarella, cheddar, kashkaval and parmesan cheeses in a healthy wrap bread. Calories 208 , protein 16, carbs 12, healthy fats 8</p>',NULL,'en',NULL,NULL,NULL),(205,112,'تويستر راب','<p>راب التويستر الصحي راب، دجاج الستريبس المحضر في الفرن مع صوص الرانش الصحي، الجبنه اللايت، مع الخس وقطع الطماط، الكالوري 223، الكارب 12، البروتين 28، الدهون الصحيه 7</p>\r\n\r\n<p>من غير الصنف الجانبي يقدم مع طبق من اختيارك سبايسي متوسط&nbsp;</p>',NULL,'ar',NULL,NULL,NULL),(206,112,'Twister Wrap','<pre>\r\nHealthy twister wrap, oven-prepared chicken strips with healthy ranch sauce, light cheese, lettuce and tomato pieces, calories 223 , carbs 12, protein 28, healthy fats 7 and without a side item served with a dish of your choice. medium Spicy&nbsp;\r\n</pre>',NULL,'en',NULL,NULL,NULL),(207,113,'دوريتس راب ستربس','<p>الراب الصحي، دجاج الستريبس المحضر في الفرن مع صوص الخاص الصحي،</p>\r\n\r\n<p>الجبنه اللايت و مع قرمشه بطاط الدوريتس الكالوري 292 الكارب 32 البروتين 38 الدهون الصحيه 8 &nbsp;الماكروز من غير الصنف الجانبي&nbsp;<br />\r\nيقدم مع طبق من اختيارك&nbsp;</p>',NULL,'ar',NULL,NULL,NULL),(208,113,'Dorits Wrap Strips','<p>Healthy wrap, oven-prepared chicken strips with healthy special sauce,</p>\r\n\r\n<p>light cheese and the crunch of Doritos fries.</p>\r\n\r\n<p>Calories 292, carbs 32, protein 38, healthy fats 8, macros without the side item.<br />\r\n&nbsp;</p>',NULL,'en',NULL,NULL,NULL),(209,114,'بيتزا تشكن ستريبس','<pre>\r\nبيتزا بالعجينة الصحية الخاصة ممزوجة بالشوفان \r\nمع أصابع الدجاج مغطاة بصوص الرانش الصحي.\r\nسعرات حرارية 343، بروتين 32، كربوهيدرات 38، دهون صحية 7\r\nسبايسي قليل \r\n</pre>',NULL,'ar',NULL,NULL,NULL),(210,114,'Pizza Chicken Strips','<p>Pizza with special healthy dough mixed with oats with chicken fingers and strips topped with healthy ranch sauce. Calories 343, protein 32, carbs 38, healthy fats 7</p>\r\n\r\n<pre>\r\na little spicy </pre>',NULL,'en',NULL,NULL,NULL),(211,115,'بتر تشكن','<p>تشكن بصوص البتر الصحي الخاص لبياتو سانو السعرات الحراريه 272 البروتين 48 الكارب 2 الدهون الصحيه 8 الماكروز من غير الطبق الجانبي ويقدم مع طبق جانبي من اختيارك :&nbsp;</p>',NULL,'ar',NULL,NULL,NULL),(212,115,'Chicken Butter','<p>Chicken with Piato Sano&#39;s special healthy butter sauce, calories 272, protein 48, carbs 2, healthy fats 8 macros, without the side dish and served with a side dish of your choice:</p>',NULL,'en',NULL,NULL,NULL),(213,117,'بافلو 4 قطع اصابع دجاج','<p>اصابع الدجاج البافلو محضره بضغط الهواء الحار تقدرم مع صوص الرانش جانبي السعرات الحرارية 208 &nbsp;البروتين 38 &nbsp;الكاربوهيدرات 5 الدهون الصحيه 4 وتقدم مع صوص الرانش الصحي سبايسي جدا</p>',NULL,'ar',NULL,NULL,NULL),(214,117,'Buffalo 4 Pieces Of Chicken Fingers','<p>Buffalo chicken fingers prepared under hot air pressure, served with ranch sauce on the side. Calories 208 protein 38 carbohydrates 5 healthy fats 4 Served with healthy ranch sauce very spicy&nbsp;</p>',NULL,'en',NULL,NULL,NULL),(215,118,'بافلو تشكن ساندويتش','<p>تشكن ساندويتش بصوص البافلو الحار و الذيذ مع خبز البطاط السعرات الحراريه 268 البروتين 35 الكاربوهيدرات 14 الدهون الصحيه 8 السعرات الحراريه من غير الصنف الجانبي وتقدم مع صنف جانبي من اختيارك و الصوص الخاص&nbsp; سبايسي جداً</p>',NULL,'ar',NULL,NULL,NULL),(216,118,'Buffalo Chicken Sandwich','<p>Chicken sandwich with hot and delicious buffalo sauce with potato bread. Calories 268. Protein 35. Carbohydrates 14. Healthy fats 8. Calories without the side item Served with a side item of your choice and special souce very spicy&nbsp;</p>',NULL,'en',NULL,NULL,NULL),(217,119,'بافلو صوص','<p>صلصة البافالو الحارة 4 سعرات حرارية</p>',NULL,'ar',NULL,NULL,NULL),(218,119,'Buffalo Sauce','<p>Spicy buffalo sauce. calories 4&nbsp;</p>',NULL,'en',NULL,NULL,NULL),(219,120,'بوكس الراب','<p>ثلاث انواع من الراب الصحي على اختيارك مع البطاطا الحلوه و البطاطا العاديه و تقدم مع صوص الشيدر و صوص الرانش&nbsp;</p>',NULL,'ar',NULL,NULL,NULL),(220,120,'Wrap box','<p>Three types of healthy wrap of your choice, with sweet potatoes and regular potatoes, served with cheddar sauce and ranch sauce.</p>',NULL,'en',NULL,NULL,NULL),(221,121,'سوبريم تشكن','<p>تشكن سوبريم الشهي قطعه اسكالوب دجاج مع شرائح الديك الرومي والخس و جبنه الشيدر و الصوص الخاص سبايسي متوسط<br />\r\nالسعرات الحراريه 263 الكارب 16 البروتين 34 الدهون الصحيه 7&nbsp;</p>',NULL,'ar',NULL,NULL,NULL),(222,121,'Supreme Chicken','<pre>\r\nThe delicious Chicken Supreme is a piece of chicken escalope with turkey slices, lettuce, cheddar cheese and special medium spicy sauce.\r\nCalories 263 Carbs 16 Protein 34 Healthy fats 7 </pre>\r\n\r\n<p>&nbsp;</p>',NULL,'en',NULL,NULL,NULL),(223,122,'ترفل صوص','<p>صوص الترافل الصحي القليل بالدهون و السعرات كالوري 36</p>',NULL,'ar',NULL,NULL,NULL),(224,122,'Truffle sauce','<p>Healthy truffle sauce, low in fat and 36 calories</p>',NULL,'en',NULL,NULL,NULL),(225,123,'وافل فرايز','<p>بطاط الوافل المحضر بطريقه صحيه بالهواء الحار منزوع الدهون المهدرجه الكارب 45 البروتين 1 الدهون الصحيه 4 الكالوري 220&nbsp;</p>',NULL,'ar',NULL,NULL,NULL),(226,123,'Waffle fries','<p>Waffle fries prepared in a healthy way in hot air, without hydrogenated fats, carbs 45, protein 1, healthy fats 4, calories 220</p>',NULL,'en',NULL,NULL,NULL),(227,124,'حلومي كارواسون','<p>حلومي كارواسون الصحي الخالي من الدهون المهدرجه حلوم وزعتر ولبنه والزيتون الكارب 14 البروتين 7 الدهون الصحية 12 الكالوري 192&nbsp;</p>',NULL,'ar',NULL,NULL,NULL),(228,124,'Halloumi croissant','<p>Healthy halloumi croissants free of hydrogenated fats Halloumi, thyme, labneh and olives Carb 14 Protein 7 Healthy fats 12 Calories 192<br />\r\n&nbsp;</p>',NULL,'en',NULL,NULL,NULL),(229,125,'تركي كارواسون','<p>الكارواسون الصحي مع شريحه التريكي و شريحه الجبن الكارب 14 البروتين 18 الدهون الصحيه 6 الكالوري 182&nbsp;</p>',NULL,'ar',NULL,NULL,NULL),(230,125,'Turkey Caroisson','<p>Healthy croissant with teriyaki slice and cheese slice Carbs 14 Protein 18 Healthy fats 6 Calories 182</p>',NULL,'en',NULL,NULL,NULL),(231,126,'بتر روبيان','<p>بتر الروبيان المحضر بطريقه صحيه منزوع الدهون&nbsp;<br />\r\n&nbsp;المهدرجه يقدم مع صنف جانبي من اختيارك الكارب 46 البروتين 32 الدهون الصحيه 12 الكالوري 420&nbsp;</p>',NULL,'ar',NULL,NULL,NULL),(232,126,'Butter shrimp','<p>Butter shrimp prepared in a healthy way, without fat&nbsp;<br />\r\n&nbsp;Hydrolyzed served with a side item of your choice: Carbs 46, Protein 32, Healthy fats 12, Calories 420</p>',NULL,'en',NULL,NULL,NULL),(233,127,'كاري تشكن','<p>صدور الدجاج الشهية المتبله لاكثر من 24 ساعه بصلصله الكاري الحاره تقدم بطريقه صحيه الكارب 46 البروتين 42 الدهون الصحيه 7 الكالوري 415&nbsp;</p>',NULL,'ar',NULL,NULL,NULL),(234,127,'Curry Chicken','<p>Delicious chicken breasts marinated for more than 24 hours with hot curry sauce, served in a healthy way. Carbs 46, protein 42, healthy fats 7, calories 415</p>',NULL,'en',NULL,NULL,NULL),(235,128,'كاري روبيان','<p>روبيان صحي محضر مع صلصله كاري حاره بطريقه صحيه كارب 46، بروتين 32، دهون صحيه 12 وكالوري 420&nbsp;</p>',NULL,'ar',NULL,NULL,NULL),(236,128,'Curry Shrimp','<p>Healthy shrimp prepared with hot curry sauce in a healthy way, carbs 46, protein 32, healthy fats 12 and calories 420</p>',NULL,'en',NULL,NULL,NULL),(237,129,'سان سيبستيان تشيز كيك','<p>السعرات الحرارية لكل قطعه 255 الكاربوهيدرات 32 البروتين 7 قرام الدهون الصحيه 11&nbsp;</p>',NULL,'ar',NULL,NULL,NULL),(238,129,'San sebastian cheesecake','<pre>\r\nCalories per piece 255 Carbohydrates 32 Protein 7 grams Healthy fats 11</pre>',NULL,'en',NULL,NULL,NULL),(239,130,'تشيز كيك ساده','<p>السعرات الحراريه لكل به 255 الكاربوهيدرات 32 بروتين 7 الفات 11</p>',NULL,'ar',NULL,NULL,NULL),(240,130,'Plain cheesecake','<pre>\r\nCalories per 255, carbohydrates 32, protein 7, fats 11\r\n</pre>\r\n\r\n<p>&nbsp;</p>',NULL,'en',NULL,NULL,NULL),(241,131,'سكريمبل بيض','<p>عدد 2 بيضتين مخلوطه مع المزوررلا محضره بطريقه صحيه البروتين 17 الكارب 0 الدهون الصحيه 12 السعرات الحراريه 176&nbsp;<br />\r\nمن غير الصنف الجانبي تقدم مع نوع من البطاط من اختيارك&nbsp;</p>',NULL,'ar',NULL,NULL,NULL),(242,131,'Scramble eggs','<p>&nbsp;2 eggs mixed with mozzarella, prepared in a healthy way, protein 17, carbs 0, healthy fats 12, calories 176&nbsp; Other than the side dish, served with a type of potato of your choice</p>',NULL,'en',NULL,NULL,NULL),(243,132,'دونت لحم','<p>&nbsp;شريحه لحم الصحيه بمقدرا 110 جرام مع شريحه جبن سلايس شيدر واضافه الميونيز قليل الدهون و الخس وخبز الدونت&nbsp;<br />\r\nالبروتين 34 الكارب 16 الدهون الصحيه 14 السعرات الحراريه 326 من غير الصنف الجانبي&nbsp;</p>',NULL,'ar',NULL,NULL,NULL),(244,132,'Meat donut','<pre>\r\nA healthy steak of 110 grams with a slice of cheddar cheese, low-fat mayonnaise, lettuce, and donut bread . \r\nProtein 34, carbs 16, healthy fats 14, calories 326, excluding side items</pre>',NULL,'en',NULL,NULL,NULL);

--
-- Table structure for table `products`
--

CREATE TABLE `products` (
  `id` int unsigned NOT NULL AUTO_INCREMENT,
  `image` varchar(255) COLLATE utf8mb4_unicode_ci DEFAULT NULL,
  `user_id` int unsigned DEFAULT NULL,
  `mainprice` decimal(8,2) NOT NULL DEFAULT '0.00',
  `discount` decimal(8,2) NOT NULL DEFAULT '0.00',
  `stoke` int NOT NULL DEFAULT '0',
  `option` enum('true','false') COLLATE utf8mb4_unicode_ci DEFAULT NULL,
  `code` varchar(255) COLLATE utf8mb4_unicode_ci DEFAULT NULL,
  `status` enum('pending','reject','active') COLLATE utf8mb4_unicode_ci NOT NULL DEFAULT 'pending',
  `reason` longtext COLLATE utf8mb4_unicode_ci,
  `deleted_at` timestamp NULL DEFAULT NULL,
  `created_at` timestamp NULL DEFAULT NULL,
  `updated_at` timestamp NULL DEFAULT NULL,
  `checked` int NOT NULL DEFAULT '1',
  `knetPay` int NOT NULL DEFAULT '0',
  `arrivalTime` varchar(191) COLLATE utf8mb4_unicode_ci DEFAULT NULL,
  `news` int DEFAULT NULL,
  `const` int NOT NULL DEFAULT '0',
  `brand_id` int DEFAULT NULL,
  `category_id` int DEFAULT NULL,
  `pwr_price` decimal(10,0) DEFAULT NULL,
  `original` tinyint NOT NULL DEFAULT '0',
  `hasPwr` tinyint NOT NULL DEFAULT '0',
  `monthly` tinyint NOT NULL DEFAULT '0',
  `carbs` varchar(111) COLLATE utf8mb4_unicode_ci DEFAULT NULL,
  `pro` varchar(111) COLLATE utf8mb4_unicode_ci DEFAULT NULL,
  `fat` varchar(111) COLLATE utf8mb4_unicode_ci DEFAULT NULL,
  `cal` varchar(111) COLLATE utf8mb4_unicode_ci DEFAULT NULL,
  PRIMARY KEY (`id`),
  KEY `products_user_id_foreign` (`user_id`)
) ENGINE=InnoDB AUTO_INCREMENT=133 DEFAULT CHARSET=utf8mb4 COLLATE=utf8mb4_unicode_ci;

--
-- Dumping data for table `products`
--

INSERT INTO `products` (`id`, `image`, `user_id`, `mainprice`, `discount`, `stoke`, `option`, `code`, `status`, `reason`, `deleted_at`, `created_at`, `updated_at`, `checked`, `knetPay`, `arrivalTime`, `news`, `const`, `brand_id`, `category_id`, `pwr_price`, `original`, `hasPwr`, `monthly`, `carbs`, `pro`, `fat`, `cal`) VALUES (1,'2023-01-31-product11667898683.png',1,23.00,21.85,-86,NULL,'23rqdsd','active',NULL,'2023-02-28 10:14:31','2023-01-22 05:31:04','2023-02-28 10:14:31',1,0,NULL,NULL,0,74,84,2,0,0,0,NULL,NULL,NULL,NULL),(2,'2023-01-31-product11667898548.png',1,32.00,30.40,-136,NULL,'23dqwd','active',NULL,'2023-02-28 10:14:29','2023-01-25 06:42:00','2023-02-28 10:14:29',1,0,NULL,NULL,0,74,84,32,0,0,0,NULL,NULL,NULL,NULL),(3,NULL,NULL,0.00,0.00,0,NULL,NULL,'pending',NULL,'2023-01-27 12:22:16','2023-01-27 12:21:18','2023-01-27 12:22:16',1,0,NULL,NULL,0,NULL,NULL,NULL,0,0,0,NULL,NULL,NULL,NULL),(4,'2023-01-30-product11643538023.jpg',1,10.00,10.00,-14,NULL,'3ascascas','active',NULL,'2023-02-28 10:14:38','2023-01-27 12:21:26','2023-02-28 10:14:38',1,0,NULL,NULL,0,91,94,20,0,0,0,NULL,NULL,NULL,NULL),(5,'2023-01-31-product11667898579.png',1,10.00,9.50,0,NULL,'9821','active',NULL,'2023-02-28 10:14:40','2023-01-31 09:41:50','2023-02-28 10:14:40',1,0,NULL,NULL,0,74,84,14,0,0,0,NULL,NULL,NULL,NULL),(6,'2023-01-31-product11667898708.png',1,12.00,12.00,28,NULL,'0664','active',NULL,'2023-02-28 10:14:36','2023-01-31 09:45:21','2023-02-28 10:14:36',1,0,NULL,NULL,0,91,94,14,0,0,0,NULL,NULL,NULL,NULL),(7,'2023-01-31-product11667898726.png',1,12.00,11.88,150,NULL,'2333','active',NULL,'2023-02-28 10:14:34','2023-01-31 09:46:39','2023-02-28 10:14:34',1,0,NULL,NULL,0,74,91,16,1,1,0,NULL,NULL,NULL,NULL),(8,NULL,1,23.00,3.00,11,NULL,'1212','pending',NULL,'2023-02-21 07:12:43','2023-02-21 07:12:11','2023-02-21 07:12:43',1,0,NULL,NULL,0,2,3,22,1,1,0,NULL,NULL,NULL,NULL),(9,NULL,NULL,0.00,0.00,0,NULL,NULL,'pending',NULL,'2023-02-21 13:47:00','2023-02-21 13:39:30','2023-02-21 13:47:00',1,0,NULL,NULL,0,NULL,NULL,NULL,0,0,0,NULL,NULL,NULL,NULL),(10,'2023-02-28-١.jpeg',1,3.00,2.00,23,NULL,'234','active',NULL,'2023-03-16 08:30:18','2023-02-28 10:43:13','2023-03-16 08:30:18',1,0,NULL,NULL,0,NULL,0,NULL,0,0,0,NULL,NULL,NULL,NULL),(11,'2023-03-16-asd.avif',1,13.00,12.00,0,NULL,'0664','active',NULL,'2023-03-29 19:51:57','2023-03-16 08:41:29','2023-03-29 19:51:57',1,0,NULL,NULL,0,NULL,0,NULL,0,0,0,NULL,NULL,NULL,NULL),(12,'2023-03-16-asd.avif',1,23.00,23.00,11,NULL,'0664','active',NULL,'2023-03-29 19:51:53','2023-03-16 08:44:19','2023-03-29 19:51:53',1,0,NULL,NULL,0,NULL,0,NULL,0,0,0,NULL,NULL,NULL,NULL),(13,'2023-03-16-asd.avif',1,223.00,32.00,0,NULL,'0664','active',NULL,'2023-03-29 19:51:51','2023-03-16 08:46:08','2023-03-29 19:51:51',1,0,NULL,NULL,0,NULL,0,NULL,0,0,0,NULL,NULL,NULL,NULL),(14,'2023-03-29-salmon-518032_1280.jpg',1,12.00,23.00,20,NULL,'9821','active',NULL,'2023-04-12 01:38:05','2023-03-16 08:46:49','2023-04-12 01:38:05',1,0,NULL,NULL,0,NULL,0,NULL,0,0,0,NULL,NULL,NULL,NULL),(15,NULL,NULL,0.00,0.00,0,NULL,NULL,'pending',NULL,'2023-03-16 11:35:09','2023-03-16 08:58:47','2023-03-16 11:35:09',1,0,NULL,NULL,0,NULL,NULL,NULL,0,0,0,NULL,NULL,NULL,NULL),(16,NULL,NULL,0.00,0.00,0,NULL,NULL,'pending',NULL,'2023-04-11 13:54:46','2023-04-04 17:56:43','2023-04-11 13:54:46',1,0,NULL,NULL,0,NULL,NULL,NULL,0,0,0,NULL,NULL,NULL,NULL),(17,NULL,NULL,0.00,0.00,0,NULL,NULL,'pending',NULL,'2023-04-11 13:54:43','2023-04-09 22:59:37','2023-04-11 13:54:43',1,0,NULL,NULL,0,NULL,NULL,NULL,0,0,0,NULL,NULL,NULL,NULL),(18,'2023-04-10-blob_637587090061498313.webp',1,1.55,1.00,20,NULL,'220070001','active',NULL,'2023-04-12 01:30:46','2023-04-09 23:06:50','2023-04-12 01:30:46',1,0,NULL,NULL,0,NULL,0,NULL,0,0,0,NULL,NULL,NULL,NULL),(19,'2023-04-12-blob_637587090061498313.webp',1,1.55,1.55,1000,NULL,'00220070001','active',NULL,NULL,'2023-04-12 01:28:47','2024-05-20 21:05:00',1,0,NULL,NULL,0,NULL,0,NULL,0,0,0,NULL,NULL,NULL,NULL),(20,'2023-04-12-mmw_638083555805002173.webp',1,1.85,1.85,1000,NULL,'00220070002','active',NULL,NULL,'2023-04-12 01:32:39','2024-05-14 20:02:00',1,0,NULL,NULL,0,NULL,0,NULL,0,0,0,NULL,NULL,NULL,NULL),(21,'2023-04-12-blob_637587523679027602.webp',1,2.60,2.60,0,NULL,'00220070003','active',NULL,NULL,'2023-04-12 01:34:25','2024-05-18 21:24:32',1,0,NULL,NULL,0,NULL,0,NULL,0,0,0,NULL,NULL,NULL,NULL),(22,'2023-04-12-mmw_638020610056919142.webp',1,1.75,1.75,0,NULL,'00220070004','active',NULL,NULL,'2023-04-12 01:36:17','2024-05-18 21:25:16',1,0,NULL,NULL,0,NULL,0,NULL,0,0,0,NULL,NULL,NULL,NULL),(23,'2023-04-12-blob_637587523963039798.webp',1,2.00,2.00,0,NULL,'00220070005','active',NULL,NULL,'2023-04-12 01:38:09','2023-08-31 12:14:46',1,0,NULL,NULL,0,NULL,0,NULL,0,0,0,NULL,NULL,NULL,NULL),(24,'2024-08-08-1A4A7963_edited.jpg',1,3.35,3.35,0,NULL,'00220070006','active',NULL,NULL,'2023-04-12 01:39:37','2024-09-14 20:52:05',1,0,NULL,NULL,0,NULL,0,NULL,0,0,0,NULL,NULL,NULL,NULL),(25,'2024-05-14-Thu.221020005630_229060_edited.jpg',1,3.10,3.10,0,NULL,'00220070007','active',NULL,NULL,'2023-04-12 23:19:36','2024-05-16 06:58:27',1,0,NULL,NULL,0,NULL,0,NULL,0,0,0,NULL,NULL,NULL,NULL),(26,'2023-04-13-mmw_638020697714454214.webp',1,3.20,3.20,0,NULL,'0022007008','active',NULL,NULL,'2023-04-12 23:21:18','2024-07-17 15:11:18',1,0,NULL,NULL,0,NULL,0,NULL,0,0,0,NULL,NULL,NULL,NULL),(27,'2023-04-13-mmw_638083578627884121.webp',1,3.45,3.45,0,NULL,'00220070009','active',NULL,NULL,'2023-04-12 23:22:42','2024-07-17 15:12:32',1,0,NULL,NULL,0,NULL,0,NULL,0,0,0,NULL,NULL,NULL,NULL),(28,'2023-04-13-mmw_637825033781692200.webp',1,3.35,3.35,0,NULL,'0022000700010','active',NULL,NULL,'2023-04-12 23:24:12','2024-05-28 21:54:36',1,0,NULL,NULL,0,NULL,0,NULL,0,0,0,NULL,NULL,NULL,NULL),(29,'2023-04-13-blob_637587540776558454.webp',1,3.15,3.15,0,NULL,'002200700011','active',NULL,NULL,'2023-04-12 23:25:16','2024-10-05 00:21:04',1,0,NULL,NULL,0,NULL,0,NULL,0,0,0,NULL,NULL,NULL,NULL),(30,'2023-04-13-blob_637587542468756136.webp',1,3.15,3.15,0,NULL,'002200700012','active',NULL,NULL,'2023-04-12 23:26:35','2024-05-23 20:18:34',1,0,NULL,NULL,0,NULL,0,NULL,0,0,0,NULL,NULL,NULL,NULL),(31,'2023-04-13-mmw_637825041969117813.webp',1,2.90,2.90,0,NULL,'002200700013','active',NULL,NULL,'2023-04-12 23:27:55','2024-08-08 04:25:30',1,0,NULL,NULL,0,NULL,0,NULL,0,0,0,NULL,NULL,NULL,NULL),(32,'2023-04-13-blob_637587544435394410.webp',1,2.60,2.60,0,NULL,'0022000700014','active',NULL,NULL,'2023-04-12 23:29:30','2024-05-28 22:05:45',1,0,NULL,NULL,0,NULL,0,NULL,0,0,0,NULL,NULL,NULL,NULL),(33,'2023-04-13-blob_637587544773145547.webp',1,2.20,2.20,0,NULL,'002200700014','active',NULL,NULL,'2023-04-12 23:30:39','2024-06-27 21:22:15',1,0,NULL,NULL,0,NULL,0,NULL,0,0,0,NULL,NULL,NULL,NULL),(34,'2023-04-14-blob_637587554727156937.webp',1,3.85,3.85,0,NULL,'00220070016','active',NULL,NULL,'2023-04-13 22:48:05','2024-05-20 20:52:42',1,0,NULL,NULL,0,NULL,0,NULL,0,0,0,NULL,NULL,NULL,NULL),(35,'2023-04-14-mmw_638021429062314096.webp',1,4.85,4.85,0,NULL,'002200700017','active',NULL,NULL,'2023-04-13 22:49:26','2024-05-08 23:58:16',1,0,NULL,NULL,0,NULL,0,NULL,0,0,0,NULL,NULL,NULL,NULL),(36,'2023-04-14-mmw_638021429165451641.webp',1,2.85,2.85,0,NULL,'002200700017','active',NULL,NULL,'2023-04-13 22:50:47','2024-05-20 19:55:06',1,0,NULL,NULL,0,NULL,0,NULL,0,0,0,NULL,NULL,NULL,NULL),(37,'2023-04-14-mmw_638083559857255472.webp',1,3.85,3.85,0,NULL,'002200700018','active',NULL,NULL,'2023-04-13 22:52:01','2024-05-20 19:42:41',1,0,NULL,NULL,0,NULL,0,NULL,0,0,0,NULL,NULL,NULL,NULL),(38,'2023-04-14-blob_637587572542251445.webp',1,2.85,2.85,0,NULL,'002200700019','active',NULL,NULL,'2023-04-13 22:53:39','2023-07-18 08:33:21',1,0,NULL,NULL,0,NULL,0,NULL,0,0,0,NULL,NULL,NULL,NULL),(39,'2023-04-14-mmw_637825108254217855.webp',1,2.85,2.85,0,NULL,'002200700020','active',NULL,NULL,'2023-04-13 22:55:01','2024-05-20 19:43:47',1,0,NULL,NULL,0,NULL,0,NULL,0,0,0,NULL,NULL,NULL,NULL),(40,'2023-04-14-mmw_637825109422731113.webp',1,2.85,2.85,0,NULL,'002200700021','active',NULL,NULL,'2023-04-13 22:56:40','2024-05-20 20:10:20',1,0,NULL,NULL,0,NULL,0,NULL,0,0,0,NULL,NULL,NULL,NULL),(41,'2023-11-01-Screenshot 2023-11-01 210454.png',1,3.20,3.20,0,NULL,'002200700022','active',NULL,NULL,'2023-04-13 22:57:45','2023-11-04 03:46:41',1,0,NULL,NULL,0,NULL,0,NULL,0,0,0,NULL,NULL,NULL,NULL),(42,'2023-04-14-blob_637587573085522256.webp',1,2.85,2.85,0,NULL,'002200700023','active',NULL,NULL,'2023-04-13 22:58:56','2023-07-09 13:35:07',1,0,NULL,NULL,0,NULL,0,NULL,0,0,0,NULL,NULL,NULL,NULL),(43,NULL,NULL,0.00,0.00,0,NULL,NULL,'pending',NULL,'2023-04-13 23:01:17','2023-04-13 23:00:00','2023-04-13 23:01:17',1,0,NULL,NULL,0,NULL,NULL,NULL,0,0,0,NULL,NULL,NULL,NULL),(44,'2023-04-14-blob_637587574619759101.webp',1,2.85,2.85,0,NULL,'002200700024','active',NULL,NULL,'2023-04-13 23:00:16','2023-10-28 15:06:56',1,0,NULL,NULL,0,NULL,0,NULL,0,0,0,NULL,NULL,NULL,NULL),(45,'2023-04-14-blob_637587574953875718.webp',1,2.85,2.85,0,NULL,'002200700025','active',NULL,NULL,'2023-04-13 23:02:00','2023-07-18 07:59:38',1,0,NULL,NULL,0,NULL,0,NULL,0,0,0,NULL,NULL,NULL,NULL),(46,'2023-04-14-blob_637587575342309256.webp',1,2.85,2.85,0,NULL,'002200700026','active',NULL,NULL,'2023-04-13 23:03:30','2024-05-20 20:05:50',1,0,NULL,NULL,0,NULL,0,NULL,0,0,0,NULL,NULL,NULL,NULL),(47,'2023-04-14-blob_637587575961924603.webp',1,4.85,4.85,0,NULL,'002200700027','active',NULL,NULL,'2023-04-13 23:04:37','2024-05-20 20:48:56',1,0,NULL,NULL,0,NULL,0,NULL,0,0,0,NULL,NULL,NULL,NULL),(48,'2023-04-14-mmw_638020677658172731.webp',1,5.20,5.20,0,NULL,'002200700027','active',NULL,NULL,'2023-04-13 23:05:42','2023-07-18 08:10:15',1,0,NULL,NULL,0,NULL,0,NULL,0,0,0,NULL,NULL,NULL,NULL),(49,'2023-04-14-blob_637587582253485171.webp',1,2.85,2.85,0,NULL,'002200700028','active',NULL,NULL,'2023-04-13 23:07:00','2023-11-26 02:16:44',1,0,NULL,NULL,0,NULL,0,NULL,0,0,0,NULL,NULL,NULL,NULL),(50,'2023-04-14-blob_637587583405036747.webp',1,3.85,3.85,0,NULL,'002200700029','active',NULL,NULL,'2023-04-13 23:07:56','2023-07-18 08:20:27',1,0,NULL,NULL,0,NULL,0,NULL,0,0,0,NULL,NULL,NULL,NULL),(51,'2023-04-14-blob_637587589610472498.webp',1,3.20,3.20,0,NULL,'0022000700030','active',NULL,NULL,'2023-04-13 23:09:16','2023-07-18 08:24:25',1,0,NULL,NULL,0,NULL,0,NULL,0,0,0,NULL,NULL,NULL,NULL),(52,'2023-04-14-blob_637587590893108273.webp',1,4.85,4.85,0,NULL,'002200700031','active',NULL,NULL,'2023-04-13 23:10:18','2024-08-18 18:59:33',1,0,NULL,NULL,0,NULL,0,NULL,0,0,0,NULL,NULL,NULL,NULL),(53,'2023-04-15-blob_637615984428621422 (1).webp',1,2.00,2.00,0,NULL,'002200700032','active',NULL,NULL,'2023-04-14 22:19:04','2024-05-18 21:51:27',1,0,NULL,NULL,0,NULL,0,NULL,0,0,0,NULL,NULL,NULL,NULL),(54,'2023-04-15-blob_637615987475290410.webp',1,2.25,2.25,0,NULL,'002200700033','active',NULL,NULL,'2023-04-14 22:20:17','2024-05-14 22:01:13',1,0,NULL,NULL,0,NULL,0,NULL,0,0,0,NULL,NULL,NULL,NULL),(55,'2023-04-15-mmw_637825034039206885.webp',1,2.45,2.45,0,NULL,'002200700034','active',NULL,NULL,'2023-04-14 22:21:21','2024-05-18 03:13:05',1,0,NULL,NULL,0,NULL,0,NULL,0,0,0,NULL,NULL,NULL,NULL),(56,'2023-04-15-blob_637758683823079868.webp',1,3.95,3.95,0,NULL,'002200700034','active',NULL,NULL,'2023-04-14 22:22:34','2024-05-14 21:49:26',1,0,NULL,NULL,0,NULL,0,NULL,0,0,0,NULL,NULL,NULL,NULL),(57,'2023-04-15-mmw_638083562617615934.webp',1,2.85,2.85,0,NULL,'002200700035','active',NULL,NULL,'2023-04-14 22:23:28','2024-05-14 22:14:54',1,0,NULL,NULL,0,NULL,0,NULL,0,0,0,NULL,NULL,NULL,NULL),(58,'2024-05-14-Sun.220724164316_229060_edited.jpg',1,2.90,2.90,0,NULL,'002200700036','active',NULL,NULL,'2023-04-14 22:26:29','2024-07-17 15:09:25',1,0,NULL,NULL,0,NULL,0,NULL,0,0,0,NULL,NULL,NULL,NULL),(59,'2023-04-15-mmw_637940309243893404.webp',1,1.60,1.60,0,NULL,'002200700037','active',NULL,NULL,'2023-04-14 22:27:45','2024-05-18 22:20:59',1,0,NULL,NULL,0,NULL,0,NULL,0,0,0,NULL,NULL,NULL,NULL),(60,'2023-04-15-mmw_637940312951640346.webp',1,1.60,1.60,0,NULL,'002200700038','active',NULL,NULL,'2023-04-14 22:28:55','2024-05-18 22:26:14',1,0,NULL,NULL,0,NULL,0,NULL,0,0,0,NULL,NULL,NULL,NULL),(61,'2023-04-15-mmw_638083580596155814.webp',1,3.15,3.15,0,NULL,'002200700039','active',NULL,NULL,'2023-04-14 22:30:02','2024-05-15 22:44:13',1,0,NULL,NULL,0,NULL,0,NULL,0,0,0,NULL,NULL,NULL,NULL),(62,'2023-04-15-blob_637587594521631484.webp',1,2.40,2.40,0,NULL,'002200700040','active',NULL,NULL,'2023-04-14 22:31:05','2024-04-29 03:22:23',1,0,NULL,NULL,0,NULL,0,NULL,0,0,0,NULL,NULL,NULL,NULL),(63,'2023-04-15-blob_637587594284763205 (1).webp',1,2.00,2.00,0,NULL,'002200700041','active',NULL,NULL,'2023-04-14 22:32:17','2024-07-08 17:19:13',1,0,NULL,NULL,0,NULL,0,NULL,0,0,0,NULL,NULL,NULL,NULL),(64,'2023-04-15-blob_637587594067604278.webp',1,2.50,2.50,0,NULL,'002200700042','active',NULL,NULL,'2023-04-14 22:33:24','2024-04-29 03:19:41',1,0,NULL,NULL,0,NULL,0,NULL,0,0,0,NULL,NULL,NULL,NULL),(65,'2023-04-15-blob_637587593849331662.webp',1,2.50,2.50,0,NULL,'002200700043','active',NULL,NULL,'2023-04-14 22:35:19','2024-04-29 03:23:41',1,0,NULL,NULL,0,NULL,0,NULL,0,0,0,NULL,NULL,NULL,NULL),(66,'2023-04-15-mmw_638020612737261600.webp',1,2.50,2.50,0,NULL,'002200700044','active',NULL,NULL,'2023-04-14 22:36:30','2024-04-29 03:23:21',1,0,NULL,NULL,0,NULL,0,NULL,0,0,0,NULL,NULL,NULL,NULL),(67,'2023-04-15-blob_637587593594168020.webp',1,2.10,2.10,0,NULL,'002200700045','active',NULL,NULL,'2023-04-14 22:38:25','2024-04-29 03:23:00',1,0,NULL,NULL,0,NULL,0,NULL,0,0,0,NULL,NULL,NULL,NULL),(68,'2023-04-16-blob_637587603720581309.webp',1,1.45,1.45,0,NULL,'002200700039','active',NULL,NULL,'2023-04-16 13:49:41','2023-06-06 07:06:08',1,0,NULL,NULL,0,NULL,0,NULL,0,0,0,NULL,NULL,NULL,NULL),(69,'2023-04-16-blob_637587603428586153.webp',1,1.45,1.45,0,NULL,'002200700048','active',NULL,NULL,'2023-04-16 13:51:11','2023-06-06 07:05:51',1,0,NULL,NULL,0,NULL,0,NULL,0,0,0,NULL,NULL,NULL,NULL),(70,'2023-04-16-blob_637587596536664583.webp',1,1.45,1.45,0,NULL,'002200700050','active',NULL,NULL,'2023-04-16 13:52:25','2023-06-06 07:04:35',1,0,NULL,NULL,0,NULL,0,NULL,0,0,0,NULL,NULL,NULL,NULL),(71,'2023-04-16-blob_637587596246096489.webp',1,1.65,1.65,0,NULL,'002200700050','active',NULL,NULL,'2023-04-16 13:53:32','2023-06-06 07:04:13',1,0,NULL,NULL,0,NULL,0,NULL,0,0,0,NULL,NULL,NULL,NULL),(72,'2023-04-16-blob_637587608531240164.webp',1,1.35,1.35,0,NULL,'002200700051','active',NULL,NULL,'2023-04-16 13:54:41','2023-06-06 07:03:21',1,0,NULL,NULL,0,NULL,0,NULL,0,0,0,NULL,NULL,NULL,NULL),(73,'2023-04-17-blob_637690328573105374.webp',1,0.15,0.15,0,NULL,'002200700052','active',NULL,NULL,'2023-04-16 22:16:45','2024-01-22 14:14:41',1,0,NULL,NULL,0,NULL,0,NULL,0,0,0,NULL,NULL,NULL,NULL),(74,'2023-04-17-blob_637690330457270224.webp',1,0.15,0.15,0,NULL,'002200700053','active',NULL,NULL,'2023-04-16 22:18:24','2024-01-22 14:15:04',1,0,NULL,NULL,0,NULL,0,NULL,0,0,0,NULL,NULL,NULL,NULL),(75,'2023-04-17-blob_637690332249404635.webp',1,0.25,0.25,0,NULL,'002200700054','active',NULL,NULL,'2023-04-16 22:19:44','2024-01-22 14:15:23',1,0,NULL,NULL,0,NULL,0,NULL,0,0,0,NULL,NULL,NULL,NULL),(76,'2023-04-17-blob_637690333403929201 (1).webp',1,0.35,0.35,0,NULL,'002200700055','active',NULL,NULL,'2023-04-16 22:21:03','2024-01-22 14:17:06',1,0,NULL,NULL,0,NULL,0,NULL,0,0,0,NULL,NULL,NULL,NULL),(77,'2023-04-17-mmw_638020666713095429.webp',1,1.75,1.75,0,NULL,'002200700045','active',NULL,NULL,'2023-04-16 22:22:35','2024-03-31 20:47:27',1,0,NULL,NULL,0,NULL,0,NULL,0,0,0,NULL,NULL,NULL,NULL),(78,'2023-04-17-blob_637587612577005972 (1).webp',1,2.25,2.25,0,NULL,'002200700055','active',NULL,NULL,'2023-04-16 22:24:44','2024-03-31 20:46:53',1,0,NULL,NULL,0,NULL,0,NULL,0,0,0,NULL,NULL,NULL,NULL),(79,'2023-04-17-blob_637587609061443107.webp',1,2.50,2.50,0,NULL,'002200700056','active',NULL,NULL,'2023-04-16 22:26:05','2024-04-01 23:41:53',1,0,NULL,NULL,0,NULL,0,NULL,0,0,0,NULL,NULL,NULL,NULL),(80,'2023-04-17-blob_637587611897531753.webp',1,2.25,2.25,0,NULL,'002200700056','active',NULL,NULL,'2023-04-16 22:27:34','2024-08-02 19:59:19',1,0,NULL,NULL,0,NULL,0,NULL,0,0,0,NULL,NULL,NULL,NULL),(81,'2023-04-17-blob_637666990698773380.webp',1,2.25,2.25,0,NULL,'002200700056','active',NULL,NULL,'2023-04-16 22:29:04','2024-03-31 20:46:49',1,0,NULL,NULL,0,NULL,0,NULL,0,0,0,NULL,NULL,NULL,NULL),(82,'2023-04-17-blob_637617716284962879.webp',1,1.00,1.00,0,NULL,'002200700057','active',NULL,NULL,'2023-04-16 22:30:53','2024-06-06 05:40:02',1,0,NULL,NULL,0,NULL,0,NULL,0,0,0,NULL,NULL,NULL,NULL),(83,'2024-01-14-127604946_1234955643552701_1529958088809885873_n.png',1,0.50,0.50,0,NULL,'002200700057','active',NULL,NULL,'2023-04-16 22:32:18','2024-01-14 02:55:12',1,0,NULL,NULL,0,NULL,0,NULL,0,0,0,NULL,NULL,NULL,NULL),(84,'2023-04-17-blob_637568711686795573.webp',1,1.50,1.50,0,NULL,'002200700058','active',NULL,'2023-10-25 16:36:45','2023-04-16 22:33:38','2023-10-25 16:36:45',1,0,NULL,NULL,0,NULL,0,NULL,0,0,0,NULL,NULL,NULL,NULL),(85,'2023-04-17-blob_637568713026679124.webp',1,1.50,1.50,0,NULL,'002200700058','active',NULL,'2023-10-25 16:36:46','2023-04-16 22:34:36','2023-10-25 16:36:46',1,0,NULL,NULL,0,NULL,0,NULL,0,0,0,NULL,NULL,NULL,NULL),(86,'2023-04-17-blob_637568726249777585.webp',1,1.50,1.50,0,NULL,'002200700058','active',NULL,'2023-10-25 16:37:01','2023-04-16 22:36:05','2023-10-25 16:37:01',1,0,NULL,NULL,0,NULL,0,NULL,0,0,0,NULL,NULL,NULL,NULL),(87,'2023-04-17-كولا_دايت_637537464703076934.webp',1,0.35,0.35,0,NULL,'002200700059','active',NULL,NULL,'2023-04-16 22:38:21','2023-06-06 06:57:08',1,0,NULL,NULL,0,NULL,0,NULL,0,0,0,NULL,NULL,NULL,NULL),(88,'2023-04-17-blob_637546480721304062.webp',1,0.35,0.35,0,NULL,'002200700060','active',NULL,NULL,'2023-04-16 22:40:08','2023-11-05 19:44:30',1,0,NULL,NULL,0,NULL,0,NULL,0,0,0,NULL,NULL,NULL,NULL),(89,'2023-04-17-سبرايت_لايت_637537464709362350.webp',1,0.35,0.35,0,NULL,'002200700061','active',NULL,NULL,'2023-04-16 22:42:44','2023-06-06 06:56:21',1,0,NULL,NULL,0,NULL,0,NULL,0,0,0,NULL,NULL,NULL,NULL),(90,NULL,NULL,0.00,0.00,0,NULL,NULL,'pending',NULL,'2023-04-17 18:06:12','2023-04-17 18:05:46','2023-04-17 18:06:12',1,0,NULL,NULL,0,NULL,NULL,NULL,0,0,0,NULL,NULL,NULL,NULL),(91,NULL,NULL,0.00,0.00,0,NULL,NULL,'pending',NULL,'2023-08-30 09:11:10','2023-08-29 20:48:53','2023-08-30 09:11:10',1,0,NULL,NULL,0,NULL,NULL,NULL,0,0,0,NULL,NULL,NULL,NULL),(92,'2023-08-30-كاروت كيك.jpg',1,2.25,2.25,0,NULL,'002200700070','active',NULL,NULL,'2023-08-30 09:00:43','2024-01-22 14:06:35',1,0,NULL,NULL,0,NULL,0,NULL,0,0,0,NULL,NULL,NULL,NULL),(93,'2023-11-05-1A4A4386.JPG',1,1.55,1.55,0,NULL,'2200700089','',NULL,'2023-11-05 15:52:39','2023-11-05 15:39:56','2023-11-05 15:52:39',1,0,NULL,NULL,0,NULL,0,NULL,0,0,0,NULL,NULL,NULL,NULL),(94,'2023-11-06-Screenshot 2023-11-01 212301_edited.jpg',1,1.75,1.75,0,NULL,'2200700090','active',NULL,NULL,'2023-11-05 15:47:36','2024-05-14 20:13:28',1,0,NULL,NULL,0,NULL,0,NULL,0,0,0,NULL,NULL,NULL,NULL),(95,'2023-11-05-1A4A4386.JPG',1,1.55,1.55,0,NULL,'2200700089','',NULL,'2023-11-05 16:04:15','2023-11-05 15:52:41','2023-11-05 16:04:15',1,0,NULL,NULL,0,NULL,0,NULL,0,0,0,NULL,NULL,NULL,NULL),(96,'2023-11-06-Screenshot 2023-11-01 212315_edited.jpg',1,1.75,1.75,0,NULL,'2200700091','active',NULL,NULL,'2023-11-05 15:54:17','2024-05-14 20:00:41',1,0,NULL,NULL,0,NULL,0,NULL,0,0,0,NULL,NULL,NULL,NULL),(97,'2023-11-06-Screenshot 2023-11-01 212321_edited.jpg',1,1.75,1.75,0,NULL,'2200700094','active',NULL,NULL,'2023-11-05 16:00:47','2024-05-14 19:58:05',1,0,NULL,NULL,0,NULL,0,NULL,0,0,0,NULL,NULL,NULL,NULL),(98,'2023-11-06-Screenshot 2023-11-01 212308_edited.jpg',1,1.55,1.55,0,NULL,'2200700093','active',NULL,NULL,'2023-11-05 16:02:44','2024-05-14 20:06:42',1,0,NULL,NULL,0,NULL,0,NULL,0,0,0,NULL,NULL,NULL,NULL),(99,'2023-11-06-Screenshot 2023-11-01 212327_edited.jpg',1,1.55,1.55,0,NULL,'220090001','active',NULL,NULL,'2023-11-05 16:04:39','2024-05-18 21:28:46',1,0,NULL,NULL,0,NULL,0,NULL,0,0,0,NULL,NULL,NULL,NULL),(100,'2023-11-06-Screenshot 2023-11-01 212333_edited.jpg',1,1.60,1.60,0,NULL,'220090002','active',NULL,NULL,'2023-11-05 16:06:17','2024-05-14 19:49:17',1,0,NULL,NULL,0,NULL,0,NULL,0,0,0,NULL,NULL,NULL,NULL),(101,'2023-11-06-Screenshot 2023-11-01 212206_edited.jpg',1,2.85,2.85,0,NULL,'220090004','active',NULL,NULL,'2023-11-05 16:08:32','2024-01-22 14:09:51',1,0,NULL,NULL,0,NULL,0,NULL,0,0,0,NULL,NULL,NULL,NULL),(102,'2023-11-06-1A4A4350_edited.jpg',1,2.85,2.85,0,NULL,'220090005','active',NULL,NULL,'2023-11-05 16:21:12','2024-05-20 19:48:47',1,0,NULL,NULL,0,NULL,0,NULL,0,0,0,NULL,NULL,NULL,NULL),(103,'2023-11-06-1A4A7974_edited.jpg',1,3.75,3.75,0,NULL,'220090007','pending',NULL,'2024-09-08 01:15:19','2023-11-05 16:25:23','2024-09-08 01:15:19',1,0,NULL,NULL,0,NULL,0,NULL,0,0,0,NULL,NULL,NULL,NULL),(104,'2023-11-06-Screenshot 2023-11-01 212229_edited.jpg',1,2.95,2.95,0,NULL,'220090008','active',NULL,NULL,'2023-11-05 16:31:55','2024-05-17 21:34:07',1,0,NULL,NULL,0,NULL,0,NULL,0,0,0,NULL,NULL,NULL,NULL),(105,'2023-11-06-Screenshot 2023-11-05 163027_edited.jpg',1,2.10,2.10,0,NULL,'200900010','active',NULL,NULL,'2023-11-05 16:34:02','2024-05-15 22:53:08',1,0,NULL,NULL,0,NULL,0,NULL,0,0,0,NULL,NULL,NULL,NULL),(106,'2023-11-06-1A4A7900_edited.jpg',1,1.65,1.65,0,NULL,'2200900012','active',NULL,NULL,'2023-11-05 16:35:20','2024-05-18 22:14:14',1,0,NULL,NULL,0,NULL,0,NULL,0,0,0,NULL,NULL,NULL,NULL),(107,'2023-11-06-1A4A7896_edited.jpg',1,1.65,1.65,0,NULL,'2200900013','active',NULL,NULL,'2023-11-05 16:38:29','2024-05-18 22:10:55',1,0,NULL,NULL,0,NULL,0,NULL,0,0,0,NULL,NULL,NULL,NULL),(108,'2024-05-08-1A4A4376_edited.jpg',1,0.30,0.30,0,NULL,'2200900014','active',NULL,NULL,'2023-11-05 16:40:08','2024-05-09 00:34:31',1,0,NULL,NULL,0,NULL,0,NULL,0,0,0,NULL,NULL,NULL,NULL),(109,'2024-05-08-1A4A4377_edited.jpg',1,0.25,0.25,0,NULL,'2200900015','active',NULL,NULL,'2023-11-05 16:42:20','2024-05-09 00:26:43',1,0,NULL,NULL,0,NULL,0,NULL,0,0,0,NULL,NULL,NULL,NULL),(110,'2023-11-09-Screenshot 2023-11-01 212237_edited.jpg',1,3.20,3.20,0,NULL,'220090016','active',NULL,NULL,'2023-11-05 17:58:28','2024-10-14 04:20:35',1,0,NULL,NULL,0,NULL,0,NULL,0,0,0,'1','2','2','22'),(111,'2024-05-08-تشيزي راب_edited.jpg',1,1.65,1.65,0,NULL,'2200700095','active',NULL,NULL,'2024-05-08 20:33:42','2024-05-20 20:58:46',1,0,NULL,NULL,0,NULL,0,NULL,0,0,0,NULL,NULL,NULL,NULL),(112,'2024-05-08-توستر راب .jpg',1,3.10,3.10,0,NULL,'0022007000100','active',NULL,NULL,'2024-05-08 20:49:41','2024-07-17 15:02:37',1,0,NULL,NULL,0,NULL,0,NULL,0,0,0,NULL,NULL,NULL,NULL),(113,'2024-05-08-دوريتوس تشكن راب_edited.jpg',1,3.10,3.10,0,NULL,'22007000101','active',NULL,NULL,'2024-05-08 22:10:50','2024-05-14 21:20:05',1,0,NULL,NULL,0,NULL,0,NULL,0,0,0,NULL,NULL,NULL,NULL),(114,'2024-05-08-بيتزا ستريبس_edited.jpg',1,3.10,3.10,0,NULL,'22007000102','active',NULL,NULL,'2024-05-08 23:19:07','2024-07-17 15:05:25',1,0,NULL,NULL,0,NULL,0,NULL,0,0,0,NULL,NULL,NULL,NULL),(115,'2024-05-08-بتر تشكن .jpg',1,3.45,3.45,0,NULL,'2200700104','active',NULL,NULL,'2024-05-08 23:50:29','2024-08-20 04:28:17',1,0,NULL,NULL,0,NULL,0,NULL,0,0,0,NULL,NULL,NULL,NULL),(116,NULL,NULL,0.00,0.00,0,NULL,NULL,'pending',NULL,'2024-05-23 20:47:30','2024-05-23 20:28:21','2024-05-23 20:47:30',1,0,NULL,NULL,0,NULL,NULL,NULL,0,0,0,NULL,NULL,NULL,NULL),(117,'2024-06-08-3_edited.jpg',1,3.35,3.35,0,NULL,'22007000110','active',NULL,NULL,'2024-05-25 19:55:31','2024-07-17 15:03:51',1,0,NULL,NULL,0,NULL,0,NULL,0,0,0,NULL,NULL,NULL,NULL),(118,'2024-06-08-4_edited.jpg',1,3.35,3.35,0,NULL,'22007000111','active',NULL,NULL,'2024-05-25 19:58:25','2024-07-17 15:03:16',1,0,NULL,NULL,0,NULL,0,NULL,0,0,0,NULL,NULL,NULL,NULL),(119,'2024-08-12-30_edited.jpg',1,0.35,0.35,0,NULL,'22007000112','active',NULL,NULL,'2024-05-25 20:24:33','2024-08-12 17:58:42',1,0,NULL,NULL,0,NULL,0,NULL,0,0,0,NULL,NULL,NULL,NULL),(120,'2024-07-22-2_edited.jpg',1,7.65,7.65,0,NULL,'22007000103','pending',NULL,NULL,'2024-07-02 09:29:56','2024-09-16 23:37:06',1,0,NULL,NULL,0,NULL,0,NULL,0,0,0,NULL,NULL,NULL,NULL),(121,'2024-08-12-28_edited.jpg',1,3.65,3.65,0,NULL,'22007000104','active',NULL,NULL,'2024-07-27 01:30:06','2024-08-12 17:57:40',1,0,NULL,NULL,0,NULL,0,NULL,0,0,0,NULL,NULL,NULL,NULL),(122,'2024-08-18-31_edited.jpg',1,0.35,0.35,0,NULL,'22007000105','active',NULL,NULL,'2024-08-18 18:12:26','2024-08-18 18:13:59',1,0,NULL,NULL,0,NULL,0,NULL,0,0,0,NULL,NULL,NULL,NULL),(123,'2024-08-18-24_edited.jpg',1,1.85,1.85,0,NULL,'22007000106','active',NULL,NULL,'2024-08-18 18:17:14','2024-08-18 18:19:11',1,0,NULL,NULL,0,NULL,0,NULL,0,0,0,NULL,NULL,NULL,NULL),(124,'2024-08-18-23_edited.jpg',1,1.85,1.85,0,NULL,'22007000108','active',NULL,NULL,'2024-08-18 18:19:17','2024-08-18 18:21:47',1,0,NULL,NULL,0,NULL,0,NULL,0,0,0,NULL,NULL,NULL,NULL),(125,'2024-08-18-22_edited.jpg',1,1.85,1.85,0,NULL,'22007000107','active',NULL,NULL,'2024-08-18 18:21:55','2024-08-18 18:24:33',1,0,NULL,NULL,0,NULL,0,NULL,0,0,0,NULL,NULL,NULL,NULL),(126,'2024-08-18-25_edited.jpg',1,3.95,3.95,0,NULL,'22007000107','active',NULL,NULL,'2024-08-18 18:42:41','2024-08-18 18:49:18',1,0,NULL,NULL,0,NULL,0,NULL,0,0,0,NULL,NULL,NULL,NULL),(127,'2024-08-18-27_edited.jpg',1,3.45,3.45,0,NULL,'22007000109','active',NULL,NULL,'2024-08-18 18:49:56','2024-08-20 04:32:12',1,0,NULL,NULL,0,NULL,0,NULL,0,0,0,NULL,NULL,NULL,NULL),(128,'2024-08-20-26_edited.jpg',1,3.95,3.95,0,NULL,'22007000110','active',NULL,NULL,'2024-08-18 19:00:32','2024-08-20 04:31:44',1,0,NULL,NULL,0,NULL,0,NULL,0,0,0,NULL,NULL,NULL,NULL),(129,'2024-10-04-1_edited.jpg',1,2.75,2.75,0,NULL,'220070001113','active',NULL,NULL,'2024-09-29 01:54:06','2024-10-05 00:27:12',1,0,NULL,NULL,0,NULL,0,NULL,0,0,0,NULL,NULL,NULL,NULL),(130,'2024-09-28-thumbnail_image0_edited.jpg',1,2.65,2.65,0,NULL,'22007000114','active',NULL,NULL,'2024-09-29 02:02:03','2024-09-29 02:06:01',1,0,NULL,NULL,0,NULL,0,NULL,0,0,0,NULL,NULL,NULL,NULL),(131,'2024-10-04-11_edited.jpg',1,2.65,2.65,0,NULL,'22007000115','active',NULL,NULL,'2024-10-04 23:58:57','2024-10-07 18:17:06',1,0,NULL,NULL,0,NULL,0,NULL,0,0,0,NULL,NULL,NULL,NULL),(132,'2024-10-04-7_edited.jpg',1,3.65,3.65,0,NULL,'22007000116','active',NULL,NULL,'2024-10-05 00:10:13','2024-10-14 04:20:10',1,0,NULL,NULL,0,NULL,0,NULL,0,0,0,'1','1','2','1');

--
-- Table structure for table `public_notifcations`
--

CREATE TABLE `public_notifcations` (
  `id` int unsigned NOT NULL AUTO_INCREMENT,
  `user_id` int unsigned DEFAULT NULL,
  `title` varchar(255) COLLATE utf8mb4_unicode_ci NOT NULL,
  `message` text COLLATE utf8mb4_unicode_ci NOT NULL,
  `data` text COLLATE utf8mb4_unicode_ci NOT NULL,
  `created_at` timestamp NULL DEFAULT NULL,
  `updated_at` timestamp NULL DEFAULT NULL,
  PRIMARY KEY (`id`),
  KEY `public_notifcations_user_id_foreign` (`user_id`)
) ENGINE=InnoDB AUTO_INCREMENT=181 DEFAULT CHARSET=utf8mb4 COLLATE=utf8mb4_unicode_ci;

--
-- Dumping data for table `public_notifcations`
--

INSERT INTO `public_notifcations` (`id`, `user_id`, `title`, `message`, `data`, `created_at`, `updated_at`) VALUES (55,1,'بياتو ساانو','اهلا بكم بتطبيق بياتو','{\"image\":null}','2023-07-02 14:00:04','2023-07-02 14:00:04'),(66,1,'بياتو سانو','ثقلت بالاكل  على الغدا  ؟ خلك صحي على العشا .','{\"image\":null}','2023-09-18 20:58:43','2023-09-18 20:58:43'),(98,1,'piatto sano','بس حبينا نجرب عشان ندزلكم اخر العروض .','{\"image\":null}','2023-09-20 18:22:26','2023-09-20 18:22:26'),(99,1,'بياتو سانو','استخدم كود sep23 واحصل على خصم على طلبك اليومي او اشتراكك','{\"image\":null}','2023-09-23 21:06:43','2023-09-23 21:06:43'),(100,1,'CIOA','خلك معانا على الخط وسو الابديت','{\"image\":null}','2023-10-11 13:51:44','2023-10-11 13:51:44'),(101,1,'SATURDAY PIATTO SANO','عرض اكتوبر وصل الكود OCT13 خصم اكثر من 20 دينار على الاشتراكات \r\nOctober offer has arrived code OCT13 , a discount of more than 20 dinars on subscriptions','{\"image\":null}','2023-10-14 16:55:55','2023-10-14 16:55:55'),(102,1,'Free delivery 🛻','اطلب اي طلب ورسوم التوصيل علينا ... توصيل مجاني  من خلال التطبيق 😎','{\"image\":null}','2023-10-20 19:25:58','2023-10-20 19:25:58'),(103,1,'HURRY UP','رسوم التوصيل علينا .... تعشى خفيف وحافظ على صحتك 😎\r\nDelivery fees are on us.... Have a light dinner and stay healthy','{\"image\":null}','2023-10-22 21:03:27','2023-10-22 21:03:27'),(104,1,'OCTOBOR OFEER  🤩','استخدم كود oct23 واحصل على العرض 😎','{\"image\":null}','2023-10-23 18:35:01','2023-10-23 18:35:01'),(105,1,'OCTOBOR OFEER  🤩','استخدم كود oct23 واحصل على العرض 😎','{\"image\":null}','2023-10-23 18:35:03','2023-10-23 18:35:03'),(106,1,'hurry up! 🤩','Three days left for October offers\r\nCode: OCT23','{\"image\":null}','2023-10-28 16:01:23','2023-10-28 16:01:23'),(107,1,'Hurry up !! 🤩','اخر يوم لعرض شهر اكتوبر كود : OCT23 !! \r\nLast day of October offer code : OCT23!!','{\"image\":null}','2023-10-31 16:06:26','2023-10-31 16:06:26'),(108,1,'PIATTO SANO','خل العشى خفيف ورسوم التوصيل علينا 😎🛻','{\"image\":null}','2023-11-04 21:17:34','2023-11-04 21:17:34'),(109,1,'NEW ITEMS','الاطباق اليديده صارت موجوده بالطلبات اليومية 🤩\r\nWith free delivery 🛻','{\"image\":null}','2023-11-06 15:21:03','2023-11-06 15:21:03'),(110,1,'The vegetarian community','الفيجتيريان كومينتي  ترى مانسيناكم و نزلنالكم الفيجي برغر و الفيجي بيتزا 🌱','{\"image\":null}','2023-11-08 16:01:25','2023-11-08 16:01:25'),(111,1,'PIATTO SANO','لا تخربها بالويكند وخلك مسيطر …😎','{\"image\":null}','2023-11-09 21:45:47','2023-11-09 21:45:47'),(112,1,'Piatto Sano Top Selling','جربتوا من الاصناف اليديده الجريل تشكن ساندوتش ماشروم صوص ؟ 😎\r\nجربوها وتوصيل علينا 🤩🛻','{\"image\":null}','2023-11-14 17:24:56','2023-11-14 17:24:56'),(113,1,'PIATTO SANO','يوصلك طلبك حار وطازج حتى لو الجو مطر وبارد  🚀⛈️','{\"image\":null}','2023-11-23 19:53:34','2023-11-23 19:53:34'),(114,1,'PIATTO SANO BLACK FRIDAY','اطلب خصم البلاك فرايدي واستفيد من العرض 🤩','{\"image\":null}','2023-11-28 17:47:13','2023-11-28 17:47:13'),(115,1,'Piatto sano offer','استخدم كود Dec23 واستفيد من الخصم للاشتراكات 🤩','{\"image\":null}','2023-12-06 15:46:16','2023-12-06 15:46:16'),(116,1,'PIATTO SANO OFFER','استخدم كود DEC23 واستفيد من الخصم للاشتراكات 🤩','{\"image\":null}','2023-12-06 15:48:27','2023-12-06 15:48:27'),(117,1,'Rest in Peace','يَا أَيَّتُهَا النَّفْسُ الْمُطْمَئِنَّةُ ارْجِعِي إِلَى رَبِّكِ رَاضِيَةً مَرْضِيَّةً فَادْخُلِي فِي عِبَادِي وَادْخُلِي جَنَّتِي','{\"image\":null}','2023-12-16 14:19:24','2023-12-16 14:19:24'),(118,1,'PIATTO SANO','لا تخربها بالويكند وخلك مسيطر …😎','{\"image\":null}','2024-01-11 23:21:21','2024-01-11 23:21:21'),(119,1,'Piatto Sano news','Delivery fees are free 🤩','{\"image\":null}','2024-01-13 16:08:35','2024-01-13 16:08:35'),(120,1,'PIATTO SANO NEWS','كود الخصم للأشتراكات JUN24  .... 🌱','{\"image\":null}','2024-01-14 15:50:29','2024-01-14 15:50:29'),(121,1,'Piatto Sano motivation','الغدا كان محسوب السعرات ولا مخربينها 🎯 ؟','{\"image\":null}','2024-01-17 16:27:45','2024-01-17 16:27:45'),(122,1,'Discount code: JAN24','اصناف جديده لكل يوم من اشتراكك 😍\r\nنتحدى بالجوده و الخدمه وهذا كود الخصم \r\nلأول 300 مشترك فقط 👏🏻','{\"image\":null}','2024-01-23 23:32:05','2024-01-23 23:32:05'),(123,1,'Happy Valentines ♥️','الحب وجبه صحيه من بياتو 🍔🌹','{\"image\":null}','2024-02-14 17:52:10','2024-02-14 17:52:10'),(124,1,'Piatto Sano Ramadan','اطباق يديدm ومتنوعة لأشتراكات رمضان 🌛⭐\r\nكود : RAMADAN24','{\"image\":null}','2024-03-03 18:08:02','2024-03-03 18:08:02'),(125,1,'Piatto sano Ramadan','اطباق يديدة ومتنوعة لأشتراكات رمضان 🌛⭐ \r\nكود : RAMADAN24','{\"image\":null}','2024-03-03 18:10:06','2024-03-03 18:10:06'),(126,1,'خصم على الطلبات اليوميه السريعه فقط اليوم 🤩','استخدم كود order20 واستفيد من الخصم مع رسوم توصيل مجانيه 🤩','{\"image\":null}','2024-03-05 20:19:29','2024-03-05 20:19:29'),(127,1,'Piatto Sano Ramadan','الأطباق الجديدة لرمضان جاهزه على التطبيق 🌛⭐\r\nكود : RAMADAN24','{\"image\":null}','2024-03-06 20:21:55','2024-03-06 20:21:55'),(128,1,'مبارك عليكم الشهر 🌛🌟','ساعات العمل في رمضان \r\n12Pm - 4Am\r\n جاهزين لأستقبال طلباتكم','{\"image\":null}','2024-03-10 21:59:45','2024-03-10 21:59:45'),(129,1,'خل رمضان يفيدك وتخسر دهون','وجبة سحورك علينا 🤩','{\"image\":null}','2024-03-12 01:11:21','2024-03-12 01:11:21'),(130,1,'8/ رمضان 🌙⭐️','تقبل الله طاعتكم \r\nRAMADAN24 ✨','{\"image\":null}','2024-03-18 21:16:34','2024-03-18 21:16:34'),(131,1,'Happy Mother Day ❤️','سو اشتراك حق الوالدة واخذ خصم 40 دينار تستاهل الغالية ❤️🫶','{\"image\":null}','2024-03-20 22:59:34','2024-03-20 22:59:34'),(132,1,'PIATTO SANO','الاكثار من الفواكة في شهر رمضان يساعدك على فقدان الوزن لأحتوائها على السكريات الطبيعيه والألياف و السوائل وتغنيك عن السكريات المصنعة  🍏','{\"image\":null}','2024-03-24 22:47:03','2024-03-24 22:47:03'),(133,1,'PIATTO SANO RAMADAN','لاتنسى شرب الماي على فترات متقطعه طول الفتره بين الفطور إلى السحور عشان الجسم يستقيد منه ويكون في ترطيب مستمر وتعويض لفتره الصيام  💧','{\"image\":null}','2024-03-27 22:56:20','2024-03-27 22:56:20'),(134,1,'PIATTO SANO','خل سحورك خفيف وصحي معانا 😍🤝','{\"image\":null}','2024-03-30 00:45:53','2024-03-30 00:45:53'),(135,1,'PIATTO SANO','السويت الي تحبونه رجع من بعد ماكان سولد اوت 😍','{\"image\":null}','2024-03-31 23:27:52','2024-03-31 23:27:52'),(136,1,'PIATTO SANO 🇰🇼','صوتك أمانة 🇰🇼⭐️\r\nصوت و لك من بياتو خصم \r\nاستخدم كود vote24','{\"image\":null}','2024-04-04 19:53:47','2024-04-04 19:53:47'),(137,1,'EID MUBARK','عيدكم مبارك وعساكم من عواده 🌙','{\"image\":null}','2024-04-09 19:04:13','2024-04-09 19:04:13'),(138,1,'EID MUBARK','العيديه صارت جاهزه ، للطلبات و الاشتراكات \r\nCODE: EID24✨','{\"image\":null}','2024-04-09 22:54:37','2024-04-09 22:54:37'),(139,1,'Discount code 🌙','استخدم كود الخصم للطلبات و الاشتراكات \r\nCode: EID24 ✨','{\"image\":null}','2024-04-11 01:02:59','2024-04-11 01:02:59'),(140,1,'PIATTO SANO','قرار التغير يبدأ بخطوة ..\r\nانطلق بنظام صحي يساعدك للوصول الى \r\nهدفك الصحي و الرياضي  🍏😍','{\"image\":null}','2024-04-13 17:58:25','2024-04-13 17:58:25'),(141,1,'Piatto sano Order','استقبال الطلبات من الساعة 10 صباحاً حتى الساعة 2 فجراً 🎯\r\nReceiving orders from 10am to 2am 🎯','{\"image\":null}','2024-04-14 22:07:22','2024-04-14 22:07:22'),(142,1,'PIATTO SANO','Breakfast awaits you 🥗','{\"image\":null}','2024-04-16 10:52:11','2024-04-16 10:52:11'),(143,1,'PIATTO SANO','Summer mood on 🏖️☀️\r\nNew discount code \r\nSummer24','{\"image\":null}','2024-04-22 21:03:27','2024-04-22 21:03:27'),(144,1,'Piatto sano','اشترك بأفضل الباقات وتمتع باكثر من ٤٠٠ طبق صحي \r\nلا تنسون كود الخصم sumer24 🏖️☀️','{\"image\":null}','2024-04-25 05:28:00','2024-04-25 05:28:00'),(145,1,'PIATTO SANO','اشترك بافضل الباقات وتمتع باكثر من ٤٠٠ طبق صحي \r\nلا تنسون كود الخصم Summer24☀️🏖️','{\"image\":null}','2024-04-25 05:29:49','2024-04-25 05:29:49'),(146,1,'Piatto sano Wallet','سو الأبديت واستفيد من المحفظه واخذ عليها كاش باك 💰','{\"image\":null}','2024-04-29 17:02:17','2024-04-29 17:02:17'),(147,1,'PIATTO SANO UPDATE','تحديث جديد يلبي كل احتياجاتكم 🚀 لخدمتكم بشكل افضل حدث التطبيق 🛠️','{\"image\":null}','2024-05-03 20:27:36','2024-05-03 20:27:36'),(148,1,'PIATTO SANO','Order now healthy way 🍔','{\"image\":null}','2024-05-06 01:58:16','2024-05-06 01:58:16'),(149,1,'PIATTO SANO','البيتزا الستريبس الي ناطرينها وصلت تقدر تطلبها الحين 😍🚀\r\nتوصل فرش وبنفس الوقت 🆕⛔️','{\"image\":null}','2024-05-09 01:12:13','2024-05-09 01:12:13'),(150,1,'PIATTO SANO DAILY ORDER','انهي يومك بوجبة صحية من بياتو 😍🍏','{\"image\":null}','2024-05-14 23:40:39','2024-05-14 23:40:39'),(151,1,'PIATTO SANO 🍏','تويستر الصحي غير خفيف ولذيذ 😍🌯','{\"image\":null}','2024-05-21 23:08:30','2024-05-21 23:08:30'),(152,1,'PIATTO SANO ⚠️⛔️','Summer subscription with piatto ☀️🏖️','{\"image\":null}','2024-05-23 20:50:19','2024-05-23 20:50:19'),(153,1,'PIATTO SANO NEW ITEM 🌶️','اصناف جديدة بصوص البافلو الشهي مع سعرات حرارية قليلة للطلبات اليومية  🌶️😍','{\"image\":null}','2024-05-25 20:41:00','2024-05-25 20:41:00'),(154,1,'PIATTO SANO SOLD OUT 📛','اذا مالحقت راح نصير سولد اوت على الاشتراكات و عليكم بالعافية 😍','{\"image\":null}','2024-05-26 21:31:18','2024-05-26 21:31:18'),(155,1,'PAUSE SUBSCRIPTION','وقف اشتراكك وقت ماتحب وتفعل وقت ماتحب و الايام محفوظة بالتطبيق 😍⛔️🛫','{\"image\":null}','2024-05-29 23:54:21','2024-05-29 23:54:21'),(156,1,'PIATTO SANO','خل غداك خفيف ولذيذ معانا 🤝🍏','{\"image\":null}','2024-06-05 18:32:07','2024-06-05 18:32:07'),(157,1,'EID MUBARK✨','عيدكم مبارك وكل عام وانتم بخير ❤️','{\"image\":null}','2024-06-15 23:29:53','2024-06-15 23:29:53'),(158,1,'ننفذ طلبك بعناية وحب ❤️🤝','We make your orders with care and love❤️','{\"image\":null}','2024-06-21 04:40:44','2024-06-21 04:40:44'),(159,1,'CODE ; SUMMER24','ردينا فعلنا الكود استخدم الكود وسجل اشتراكك واستفيد من الخصم 🍉⛱️','{\"image\":null}','2024-06-25 20:42:12','2024-06-25 20:42:12'),(160,1,'PIATTO SANO WALLET 💳','تقدر تعبي المحفظه وتستفيد من الكاش باك لطلباتك اليومية السريعة 💸🚗🚀','{\"image\":null}','2024-07-14 22:54:37','2024-07-14 22:54:37'),(161,1,'PIATTO SANO','اشتراكات متنوعة واطباق يديدة 🌯🍏\r\nاسأل عن عروض الصيف ☀️ ⛱️','{\"image\":null}','2024-07-22 20:57:04','2024-07-22 20:57:04'),(162,1,'NEW ITEM','Supreme Chicken Its available Now 😍\r\nسوبريم تشكن صارت جاهزه 😍🌯','{\"image\":null}','2024-07-27 03:00:29','2024-07-27 03:00:29'),(163,1,'ORDER NOW','Have you tried the new Supreme Chicken? 😍🌯\r\nجربتوا سوبريم تشكن الجديدة 😍🌯','{\"image\":null}','2024-08-05 23:57:19','2024-08-05 23:57:19'),(164,1,'PIATTO SANO','Code : ( Summer24 ) 10% discount for subscription 😍','{\"image\":null}','2024-08-13 22:08:51','2024-08-13 22:08:51'),(165,1,'We miss you','اشتقنالكم 💚','{\"image\":null}','2024-08-22 00:45:35','2024-08-22 00:45:35'),(166,1,'PIATTO SANO SUBSCRIPTION','توصيلنا صار على فترتين للاشتراكات فترة صباحية وفترة مسائية ✨🚙','{\"image\":null}','2024-08-22 21:30:07','2024-08-22 21:30:07'),(167,1,'PIATTO SANO 💚','Healthy weekend with us order now ! 👏🏻','{\"image\":null}','2024-08-30 23:45:58','2024-08-30 23:45:58'),(168,1,'PIATTO SANO 💚','Healthy weekend with us order now !👏🏻','{\"image\":null}','2024-08-31 00:02:03','2024-08-31 00:02:03'),(169,1,'خصم بياتو سانو للطلبات اليوميه','خصم ٢٠ ٪؜ للطلبات السريعة اليومية لمده ٤ ساعات فقط \r\nCode : Sunday','{\"image\":null}','2024-09-01 22:48:48','2024-09-01 22:48:48'),(170,1,'هذا الازرق 🩵🌊','استمتع بالاكل الصحي اللذيذ من بياتو مع تشجيع المنتخب واحصل على خصم ٢٥٪؜ استخدم كود blue waves \r\nللطلبات اليومية 👏🏻','{\"image\":null}','2024-09-10 22:04:49','2024-09-10 22:04:49'),(171,1,'هذا الازرق 🩵🌊','استمتع بالاكل الصحي اللذيذ من بياتو مع تشجيع المنتخب واحصل على خصم ٢٥٪؜ استخدم كود blue waves للطلبات اليومية','{\"image\":null}','2024-09-10 22:12:28','2024-09-10 22:12:28'),(172,1,'هذا الازرق 🩵🌊','استمتع بالاكل الصحي اللذيذ من بياتو مع تشجيع المنتخب واحصل على خصم ٢٥٪؜ استخدم كود blue waves للطلبات اليومية 👏🏻','{\"image\":null}','2024-09-10 22:22:23','2024-09-10 22:22:23'),(173,1,'هذا الازرق 🩵🌊','استمتع بالاكل الصحي اللذيذ من بياتو مع تشجيع المنتخب واحصل على خصم ٢٥٪؜ استخدم كود blue waves للطلبات اليومية 👏🏻','{\"image\":null}','2024-09-10 23:48:29','2024-09-10 23:48:29'),(174,1,'Piatto sano','Blue waves 🌊 استمتع بالخصم للطلبات اليومية مع تشجيع الأزرق 🩵','{\"image\":null}','2024-09-11 00:49:18','2024-09-11 00:49:18'),(175,1,'PIATTOSANO','Have a healthy weekend 🫡','{\"image\":null}','2024-09-13 19:03:13','2024-09-13 19:03:13'),(176,1,'Test','Test','{\"image\":null}','2024-09-24 00:15:11','2024-09-24 00:15:11'),(177,1,'بياتو سانو','بس حبينا نجرب عشان ندزلكم اخر العروض .','{\"image\":null}','2024-10-04 04:46:41','2024-10-04 04:46:41'),(178,1,'Meat donut 🍩','لحم الدونت صارت متوفره بس عن طريق التطبيق جربها الحين وتمتع بطعم لذيذ وصحي من بياتو 🍩🤤','{\"image\":null}','2024-10-05 00:41:06','2024-10-05 00:41:06'),(179,1,'دونت لحم الصحية من بياتو سانو 🍩','جرب اليديد معانا دونت لحم خفيفة وصحية 🍩🤤\r\nصارت موجودة بالطلبات اليومية 💨','{\"image\":null}','2024-10-09 02:06:29','2024-10-09 02:06:29'),(180,1,'PIATTO SANO','Enjoy a healthy weekend with us\r\nOrder now /\r\nتمتع بعطلة نهاية أسبوع صحية معانا\r\nاطلب الآن 🤩','{\"image\":null}','2024-10-19 01:26:27','2024-10-19 01:26:27');

--
-- Table structure for table `pwrs`
--

CREATE TABLE `pwrs` (
  `id` int unsigned NOT NULL AUTO_INCREMENT,
  `name` varchar(255) COLLATE utf8mb4_unicode_ci NOT NULL,
  `stoke` int NOT NULL DEFAULT '1',
  `stoke_staus` int NOT NULL DEFAULT '1',
  `created_at` timestamp NULL DEFAULT NULL,
  `updated_at` timestamp NULL DEFAULT NULL,
  PRIMARY KEY (`id`)
) ENGINE=InnoDB DEFAULT CHARSET=utf8mb4 COLLATE=utf8mb4_unicode_ci;

--
-- Dumping data for table `pwrs`
--


--
-- Table structure for table `refund_products`
--

CREATE TABLE `refund_products` (
  `id` int unsigned NOT NULL AUTO_INCREMENT,
  `user_id` int unsigned DEFAULT NULL,
  `product_order_id` int unsigned DEFAULT NULL,
  `product_id` int unsigned DEFAULT NULL,
  `type` varchar(255) COLLATE utf8mb4_unicode_ci DEFAULT NULL,
  `notes` text COLLATE utf8mb4_unicode_ci,
  `created_at` timestamp NULL DEFAULT NULL,
  `updated_at` timestamp NULL DEFAULT NULL,
  `restore` int DEFAULT '0',
  PRIMARY KEY (`id`),
  KEY `refund_products_user_id_foreign` (`user_id`),
  KEY `refund_products_product_id_foreign` (`product_id`),
  KEY `refund_products_product_order_id_foreign` (`product_order_id`)
) ENGINE=InnoDB DEFAULT CHARSET=utf8mb4 COLLATE=utf8mb4_unicode_ci;

--
-- Dumping data for table `refund_products`
--


--
-- Table structure for table `region_translations`
--

CREATE TABLE `region_translations` (
  `id` int unsigned NOT NULL AUTO_INCREMENT,
  `region_id` int unsigned NOT NULL,
  `name` varchar(255) COLLATE utf8mb4_unicode_ci NOT NULL,
  `locale` varchar(255) COLLATE utf8mb4_unicode_ci NOT NULL,
  `created_at` timestamp NULL DEFAULT NULL,
  `updated_at` timestamp NULL DEFAULT NULL,
  `arrival` varchar(191) COLLATE utf8mb4_unicode_ci DEFAULT NULL,
  PRIMARY KEY (`id`),
  UNIQUE KEY `region_translations_region_id_locale_unique` (`region_id`,`locale`),
  KEY `region_translations_locale_index` (`locale`)
) ENGINE=InnoDB AUTO_INCREMENT=309 DEFAULT CHARSET=utf8mb4 COLLATE=utf8mb4_unicode_ci;

--
-- Dumping data for table `region_translations`
--

INSERT INTO `region_translations` (`id`, `region_id`, `name`, `locale`, `created_at`, `updated_at`, `arrival`) VALUES (37,19,'مدينة الكويت','ar',NULL,NULL,'بعد ٢٤ ساعة'),(38,19,'kuwait City','en',NULL,NULL,'After 24 Hours'),(39,20,'دسمان','ar',NULL,NULL,'بعد ٢٤ ساعة'),(40,20,'Dasman','en',NULL,NULL,'After 24 Hours'),(41,21,'شرق','ar',NULL,NULL,'بعد ٢٤ ساعة'),(42,21,'Sharq','en',NULL,NULL,'After 24 Hours'),(43,22,'الصوابر','ar',NULL,NULL,'بعد ٢٤ ساعة'),(44,22,'Sawber','en',NULL,NULL,'After 24 Hours'),(45,23,'المرقاب','ar',NULL,NULL,'بعد ٢٤ ساعة'),(46,23,'Mirqab','en',NULL,NULL,'After 24 Hours'),(47,24,'القبلة','ar',NULL,NULL,'بعد ٢٤ ساعة'),(48,24,'Qibla','en',NULL,NULL,'After 24 Hours'),(49,25,'الصالحية','ar',NULL,NULL,'بعد ٢٤ ساعة'),(50,25,'Salhiya','en',NULL,NULL,'After 24 Hours'),(51,26,'الوطية','ar',NULL,NULL,'بعد ٢٤ ساعة'),(52,26,'Watiya','en',NULL,NULL,'After 24 Hours'),(53,27,'بنيد القار','ar',NULL,NULL,'بعد ٢٤ ساعة'),(54,27,'Binid elgar','en',NULL,NULL,'After 24 Hours'),(55,28,'كيفان','ar',NULL,NULL,'بعد ٢٤ ساعة'),(56,28,'Kefan','en',NULL,NULL,'After 24 Hours'),(57,29,'الدوحة','ar',NULL,NULL,'بعد ٢٤ ساعة'),(58,29,'Douha','en',NULL,NULL,'After 24 Hours'),(59,30,'الدسمة','ar',NULL,NULL,'بعد ٢٤ ساعة'),(60,30,'Dasma','en',NULL,NULL,'After 24 Hours'),(61,31,'الدعية','ar',NULL,NULL,'بعد ٢٤ ساعة'),(62,31,'Daiya','en',NULL,NULL,'After 24 Hours'),(63,32,'المنصورية','ar',NULL,NULL,'بعد ٢٤ ساعة'),(64,32,'Mansoriya','en',NULL,NULL,'After 24 Hours'),(65,33,'ضاحية عبد الله السالم','ar',NULL,NULL,'بعد ٢٤ ساعة'),(66,33,'Abdulallah al-salem','en',NULL,NULL,'After 24 Hours'),(67,34,'النزهة','ar',NULL,NULL,'بعد ٢٤ ساعة'),(68,34,'Nuzha','en',NULL,NULL,'After 24 Hours'),(69,35,'الفيحاء','ar',NULL,NULL,'بعد ٢٤ ساعة'),(70,35,'Fayha','en',NULL,NULL,'After 24 Hours'),(71,36,'الشامية','ar',NULL,NULL,'بعد ٢٤ ساعة'),(72,36,'Shamiya','en',NULL,NULL,'After 24 Hours'),(73,37,'الروضة','ar',NULL,NULL,'بعد ٢٤ ساعة'),(74,37,'Rowda','en',NULL,NULL,'After 24 Hours'),(75,38,'العديلية','ar',NULL,NULL,'بعد ٢٤ ساعة'),(76,38,'Adileya','en',NULL,NULL,'After 24 Hours'),(77,39,'الخالدية','ar',NULL,NULL,'بعد ٢٤ ساعة'),(78,39,'khaldiya','en',NULL,NULL,'After 24 Hours'),(79,40,'القادسية','ar',NULL,NULL,'بعد ٢٤ ساعة'),(80,40,'Qadisya','en',NULL,NULL,'After 24 Hours'),(81,41,'قرطبة','ar',NULL,NULL,'بعد ٢٤ ساعة'),(82,41,'Qurtoba','en',NULL,NULL,'After 24 Hours'),(83,42,'السرة','ar',NULL,NULL,'بعد ٢٤ ساعة'),(84,42,'Sorra','en',NULL,NULL,'After 24 Hours'),(85,43,'اليرموك','ar',NULL,NULL,'بعد ٢٤ ساعة'),(86,43,'Yarmouk','en',NULL,NULL,'After 24 Hours'),(87,44,'الشويخ','ar',NULL,NULL,'بعد ٢٤ ساعة'),(88,44,'Shiwayakh','en',NULL,NULL,'After 24 Hours'),(89,45,'الري','ar',NULL,NULL,'بعد ٢٤ ساعة'),(90,45,'Alrai','en',NULL,NULL,'After 24 Hours'),(91,46,'غرناطة','ar',NULL,NULL,'بعد ٢٤ ساعة'),(92,46,'Granada','en',NULL,NULL,'After 24 Hours'),(93,47,'الصليبيخات','ar',NULL,NULL,'بعد ٢٤ ساعة'),(94,47,'Sulibkhat','en',NULL,NULL,'After 24 Hours'),(95,48,'النهضة','ar',NULL,NULL,'بعد ٢٤ ساعة'),(96,48,'Nahda','en',NULL,NULL,'After 24 Hours'),(97,49,'مدينة جابر الأحمد','ar',NULL,NULL,'بعد ٢٤ ساعة'),(98,49,'Jaber Al-ahmed city','en',NULL,NULL,'After 24 Hours'),(99,50,'القيروان','ar',NULL,NULL,'بعد ٢٤ ساعة'),(100,50,'Qairawan','en',NULL,NULL,'After 24 Hours'),(101,51,'شمال غرب الصليبيخات','ar',NULL,NULL,'بعد ٢٤ ساعة'),(102,51,'East Sulibkhat','en',NULL,NULL,'After 24 Hours'),(103,52,'الفنطاس','ar',NULL,NULL,'بعد ٢٤ ساعة'),(104,52,'Fintas','en',NULL,NULL,'After 24 Hours'),(105,53,'العقيلة','ar',NULL,NULL,'بعد ٢٤ ساعة'),(106,53,'Eqaila','en',NULL,NULL,'After 24 Hours'),(107,54,'الظهر','ar',NULL,NULL,'بعد ٢٤ ساعة'),(108,54,'Zuhor','en',NULL,NULL,'After 24 Hours'),(109,55,'المقوع','ar',NULL,NULL,'بعد ٢٤ ساعة'),(110,55,'Moqwa','en',NULL,NULL,'After 24 Hours'),(111,56,'المهبولة','ar',NULL,NULL,'بعد ٢٤ ساعة'),(112,56,'Mahbola','en',NULL,NULL,'After 24 Hours'),(113,57,'الرقة','ar',NULL,NULL,'بعد ٢٤ ساعة'),(114,57,'Riqa','en',NULL,NULL,'After 24 Hours'),(115,58,'هدية','ar',NULL,NULL,'بعد ٢٤ ساعة'),(116,58,'Hadiya','en',NULL,NULL,'After 24 Hours'),(117,59,'أبو حليفة','ar',NULL,NULL,'بعد ٢٤ ساعة'),(118,59,'Abu helifa','en',NULL,NULL,'After 24 Hours'),(119,60,'الصباحية','ar',NULL,NULL,'بعد ٢٤ ساعة'),(120,60,'Sabhiya','en',NULL,NULL,'After 24 Hours'),(121,61,'المنقف','ar',NULL,NULL,'بعد ٢٤ ساعة'),(122,61,'Manqaf','en',NULL,NULL,'After 24 Hours'),(123,62,'الفحيحيل','ar',NULL,NULL,'بعد ٢٤ ساعة'),(124,62,'Fahahel','en',NULL,NULL,'After 24 Hours'),(125,63,'الأحمدي','ar',NULL,NULL,'بعد ٢٤ ساعة'),(126,63,'Ahmadi','en',NULL,NULL,'After 24 Hours'),(127,64,'الوفرة','ar',NULL,NULL,'بعد ٢٤ ساعة'),(128,64,'Wafra','en',NULL,NULL,'After 24 Hours'),(129,65,'الزور','ar',NULL,NULL,'بعد ٢٤ ساعة'),(130,65,'Zoor','en',NULL,NULL,'After 24 Hours'),(131,66,'الخيران','ar',NULL,NULL,'بعد ٢٤ ساعة'),(132,66,'Khiyran','en',NULL,NULL,'After 24 Hours'),(133,67,'ميناء عبد الله','ar',NULL,NULL,'بعد ٢٤ ساعة'),(134,67,'Menaa Abdulallah','en',NULL,NULL,'After 24 Hours'),(135,68,'الوفرة الزراعية','ar',NULL,NULL,'بعد ٢٤ ساعة'),(136,68,'Wafra ziraeya','en',NULL,NULL,'After 24 Hours'),(137,69,'بنيدر','ar',NULL,NULL,'بعد ٢٤ ساعة'),(138,69,'Binder','en',NULL,NULL,'After 24 Hours'),(139,70,'الجليعة','ar',NULL,NULL,'بعد ٢٤ ساعة'),(140,70,'Gelaya','en',NULL,NULL,'After 24 Hours'),(141,71,'الضباعية','ar',NULL,NULL,'بعد ٢٤ ساعة'),(142,71,'Dabiya','en',NULL,NULL,'After 24 Hours'),(143,72,'ضاحية جابر العلي','ar',NULL,NULL,'بعد ٢٤ ساعة'),(144,72,'Jaber Al-ali','en',NULL,NULL,'بعد ٢٤ ساعة'),(145,73,'ضاحية فهد الأحمد','ar',NULL,NULL,'بعد ٢٤ ساعة'),(146,73,'Fahd Al-ahmed','en',NULL,NULL,'After 24 Hours'),(147,74,'الشعيبة','ar',NULL,NULL,'بعد ٢٤ ساعة'),(148,74,'Sheeyba','en',NULL,NULL,'After 24 Hours'),(149,75,'واره','ar',NULL,NULL,'بعد ٢٤ ساعة'),(150,75,'Waaraa','en',NULL,NULL,'After 24 Hours'),(151,76,'مدينة صباح الأحمد','ar',NULL,NULL,'بعد ٢٤ ساعة'),(152,76,'Sobah Al-ahmed','en',NULL,NULL,'After 24 Hours'),(153,77,'النويصيب','ar',NULL,NULL,'بعد ٢٤ ساعة'),(154,77,'Nouyseb','en',NULL,NULL,'After 24 Hours'),(155,78,'مدينة الخيران','ar',NULL,NULL,'بعد ٢٤ ساعة'),(156,78,'Khiran City','en',NULL,NULL,'After 24 Hours'),(157,79,'ضاحية علي صباح السالم أم الهيمان سابقاً','ar',NULL,NULL,'بعد ٢٤ ساعة'),(158,79,'Ali Subah Al-salem','en',NULL,NULL,'After 24 Hours'),(159,80,'مدينة صباح الأحمد البحرية','ar',NULL,NULL,'بعد ٢٤ ساعة'),(160,80,'Subah Al-ahmed bahrya','en',NULL,NULL,'After 24 Hours'),(161,81,'أبرق خيطان','ar',NULL,NULL,'بعد ٢٤ ساعة'),(162,81,'Abrq Khitan','en',NULL,NULL,'After 24 Hours'),(163,82,'الأندلس','ar',NULL,NULL,'بعد ٢٤ ساعة'),(164,82,'Andalus','en',NULL,NULL,'After 24 Hours'),(165,83,'اشبيلية','ar',NULL,NULL,'بعد ٢٤ ساعة'),(166,83,'Ashbilya','en',NULL,NULL,'After 24 Hours'),(167,84,'جليب الشيوخ','ar',NULL,NULL,'بعد ٢٤ ساعة'),(168,84,'Jeleeb Al-shwikh','en',NULL,NULL,'After 24 Hours'),(169,85,'خيطان','ar',NULL,NULL,'بعد ٢٤ ساعة'),(170,85,'Khitan','en',NULL,NULL,'After 24 Hours'),(171,86,'خيطان الجديدة','ar',NULL,NULL,'بعد ٢٤ ساعة'),(172,86,'New Khitan','en',NULL,NULL,'After 24 Hours'),(173,87,'العمرية','ar',NULL,NULL,'بعد ٢٤ ساعة'),(174,87,'Omarya','en',NULL,NULL,'After 24 Hours'),(175,88,'العارضية','ar',NULL,NULL,'بعد ٢٤ ساعة'),(176,88,'Ardiya','en',NULL,NULL,'After 24 Hours'),(177,89,'العارضية الصناعية','ar',NULL,NULL,'بعد ٢٤ ساعة'),(178,89,'Ardiya Senaya','en',NULL,NULL,'After 24 Hours'),(179,90,'العباسية','ar',NULL,NULL,'بعد ٢٤ ساعة'),(180,90,'Abasiya','en',NULL,NULL,'After 24 Hours'),(181,91,'الفردوس','ar',NULL,NULL,'بعد ٢٤ ساعة'),(182,91,'Fardaus','en',NULL,NULL,'After 24 Hours'),(183,92,'الفروانية','ar',NULL,NULL,'بعد ٢٤ ساعة'),(184,92,'Farwaniya','en',NULL,NULL,'After 24 Hours'),(185,93,'الحساوي','ar',NULL,NULL,'بعد ٢٤ ساعة'),(186,93,'Hasawi','en',NULL,NULL,'After 24 Hours'),(187,94,'الشدادية','ar',NULL,NULL,'بعد ٢٤ ساعة'),(188,94,'Shadadya','en',NULL,NULL,'After 24 Hours'),(189,95,'الرابية','ar',NULL,NULL,'بعد ٢٤ ساعة'),(190,95,'Rabya','en',NULL,NULL,'After 24 Hours'),(191,96,'الرحاب','ar',NULL,NULL,'بعد ٢٤ ساعة'),(192,96,'Rehab','en',NULL,NULL,'After 24 Hours'),(193,97,'الرقعي','ar',NULL,NULL,'بعد ٢٤ ساعة'),(194,97,'Reqai','en',NULL,NULL,'After 24 Hours'),(195,98,'الري الصناعية','ar',NULL,NULL,'بعد ٢٤ ساعة'),(196,98,'Al-rai senya','en',NULL,NULL,'After 24 Hours'),(197,99,'ضاحية صباح الناصر','ar',NULL,NULL,'بعد ٢٤ ساعة'),(198,99,'Sobah - Al-nasser','en',NULL,NULL,'After 24 Hours'),(199,100,'ضاحية عبد الله المبارك','ar',NULL,NULL,'بعد ٢٤ ساعة'),(200,100,'Abdulallh Mubarak','en',NULL,NULL,'After 24 Hours'),(201,101,'الضجيج','ar',NULL,NULL,'بعد ٢٤ ساعة'),(202,101,'Dagej','en',NULL,NULL,'After 24 Hours'),(203,102,'الصليبية','ar',NULL,NULL,'بعد ٢٤ ساعة'),(204,102,'Salibiya','en',NULL,NULL,'After 24 Hours'),(205,103,'أمغرة','ar',NULL,NULL,'بعد ٢٤ ساعة'),(206,103,'Amgra','en',NULL,NULL,'After 24 Hours'),(207,104,'النعيم','ar',NULL,NULL,'بعد ٢٤ ساعة'),(208,104,'Naeem','en',NULL,NULL,'After 24 Hours'),(209,105,'القصر','ar',NULL,NULL,'بعد ٢٤ ساعة'),(210,105,'Qasr','en',NULL,NULL,'After 24 Hours'),(211,106,'الواحة','ar',NULL,NULL,'بعد ٢٤ ساعة'),(212,106,'Waha','en',NULL,NULL,'After 24 Hours'),(213,107,'تيماء','ar',NULL,NULL,'بعد ٢٤ ساعة'),(214,107,'Tayma','en',NULL,NULL,'After 24 Hours'),(215,108,'النسيم','ar',NULL,NULL,'بعد ٢٤ ساعة'),(216,108,'Nassem','en',NULL,NULL,'After 24 Hours'),(217,109,'العيون','ar',NULL,NULL,'بعد ٢٤ ساعة'),(218,109,'Eyoun','en',NULL,NULL,'After 24 Hours'),(219,110,'القيصرية','ar',NULL,NULL,'بعد ٢٤ ساعة'),(220,110,'Qaysarya','en',NULL,NULL,'After 24 Hours'),(221,111,'العبدلي','ar',NULL,NULL,'بعد ٢٤ ساعة'),(222,111,'Abali','en',NULL,NULL,'After 24 Hours'),(223,112,'الجهراء القديمة','ar',NULL,NULL,'بعد ٢٤ ساعة'),(224,112,'Old Jahra','en',NULL,NULL,'After 24 Hours'),(225,113,'الجهراء الجديدة','ar',NULL,NULL,'بعد ٢٤ ساعة'),(226,113,'New jahra','en',NULL,NULL,'After 24 Hours'),(227,114,'كاظمة','ar',NULL,NULL,'بعد ٢٤ ساعة'),(228,114,'Kazma','en',NULL,NULL,'After 24 Hours'),(229,115,'مدينة سعد العبد الله','ar',NULL,NULL,'بعد ٢٤ ساعة'),(230,115,'Saad - Al-abdullah','en',NULL,NULL,'After 24 Hours'),(231,116,'السالمي','ar',NULL,NULL,'بعد ٢٤ ساعة'),(232,116,'Alsalmi','en',NULL,NULL,'After 24 Hours'),(233,117,'المطلاع','ar',NULL,NULL,'بعد ٢٤ ساعة'),(234,117,'Metlah','en',NULL,NULL,'After 24 Hours'),(235,118,'مدينة الحرير','ar',NULL,NULL,'بعد ٢٤ ساعة'),(236,118,'Harir city','en',NULL,NULL,'After 24 Hours'),(237,119,'كبد','ar',NULL,NULL,'بعد ٢٤ ساعة'),(238,119,'Kabad','en',NULL,NULL,'After 24 Hours'),(239,120,'الروضتين','ar',NULL,NULL,'بعد ٢٤ ساعة'),(240,120,'Rawdaten','en',NULL,NULL,'After 24 Hours'),(241,121,'الصبية','ar',NULL,NULL,'بعد ٢٤ ساعة'),(242,121,'Subya','en',NULL,NULL,'After 24 Hours'),(243,122,'حولي','ar',NULL,NULL,'بعد ٢٤ ساعة'),(244,122,'Hawalli','en',NULL,NULL,'After 24 Hours'),(245,123,'الشعب','ar',NULL,NULL,'بعد ٢٤ ساعة'),(246,123,'Shaab','en',NULL,NULL,'After 24 Hours'),(247,124,'السالمية','ar',NULL,NULL,'بعد ٢٤ ساعة'),(248,124,'Salmya','en',NULL,NULL,'After 24 Hours'),(249,125,'الرميثية','ar',NULL,NULL,'بعد ٢٤ ساعة'),(250,125,'Romythiya','en',NULL,NULL,'After 24 Hours'),(251,126,'الجابرية','ar',NULL,NULL,'بعد ٢٤ ساعة'),(252,126,'Jabrya','en',NULL,NULL,'After 24 Hours'),(253,127,'مشرف','ar',NULL,NULL,'بعد ٢٤ ساعة'),(254,127,'Meshrif','en',NULL,NULL,'After 24 Hours'),(255,128,'بيان','ar',NULL,NULL,'بعد ٢٤ ساعة'),(256,128,'Bayan','en',NULL,NULL,'After 24 Hours'),(257,129,'آلبدع','ar',NULL,NULL,'بعد ٢٤ ساعة'),(258,129,'Albedaa','en',NULL,NULL,'After 24 Hours'),(259,130,'النقرة','ar',NULL,NULL,'بعد ٢٤ ساعة'),(260,130,'Noqra','en',NULL,NULL,'After 24 Hours'),(261,131,'ميدان حولي','ar',NULL,NULL,'بعد ٢٤ ساعة'),(262,131,'Medaan Hawalli','en',NULL,NULL,'After 24 Hours'),(263,132,'ضاحية مبارك العبد الله الجابر','ar',NULL,NULL,'بعد ٢٤ ساعة'),(264,132,'Mubarak Al-adbullah Algaber','en',NULL,NULL,'After 24 Hours'),(265,133,'سلوى','ar',NULL,NULL,'بعد ٢٤ ساعة'),(266,133,'Salwa','en',NULL,NULL,'After 24 Hours'),(267,134,'جنوب السرة','ar',NULL,NULL,'بعد ٢٤ ساعة'),(268,134,'Ganub Al-Surra','en',NULL,NULL,'After 24 Hours'),(269,135,'الزهراء','ar',NULL,NULL,'بعد ٢٤ ساعة'),(270,135,'Al-zahra','en',NULL,NULL,'After 24 Hours'),(271,136,'الصديق','ar',NULL,NULL,'بعد ٢٤ ساعة'),(272,136,'Sedeq','en',NULL,NULL,'After 24 Hours'),(273,137,'حطين','ar',NULL,NULL,'بعد ٢٤ ساعة'),(274,137,'Hiten','en',NULL,NULL,'After 24 Hours'),(275,138,'السلام','ar',NULL,NULL,'بعد ٢٤ ساعة'),(276,138,'Alsalam','en',NULL,NULL,'After 24 Hours'),(277,139,'الشهداء','ar',NULL,NULL,'بعد ٢٤ ساعة'),(278,139,'Showhada','en',NULL,NULL,'After 24 Hours'),(279,140,'العدان','ar',NULL,NULL,'بعد ٢٤ ساعة'),(280,140,'Adan','en',NULL,NULL,'After 24 Hours'),(281,141,'القصور','ar',NULL,NULL,'بعد ٢٤ ساعة'),(282,141,'Qusor','en',NULL,NULL,'After 24 Hours'),(283,142,'القرين','ar',NULL,NULL,'بعد ٢٤ ساعة'),(284,142,'Quren','en',NULL,NULL,'After 24 Hours'),(285,143,'ضاحية صباح السالم','ar',NULL,NULL,'بعد ٢٤ ساعة'),(286,143,'Subah Al-salem','en',NULL,NULL,'After 24 Hours'),(287,144,'المسيلة','ar',NULL,NULL,'بعد ٢٤ ساعة'),(288,144,'Mesilya','en',NULL,NULL,'After 24 Hours'),(289,145,'المسايل','ar',NULL,NULL,'بعد ٢٤ ساعة'),(290,145,'Masayel','en',NULL,NULL,'After 24 Hours'),(291,146,'أبو فطيرة','ar',NULL,NULL,'بعد ٢٤ ساعة'),(292,146,'Abu fetra','en',NULL,NULL,'After 24 Hours'),(293,147,'أبو الحصانية','ar',NULL,NULL,'بعد ٢٤ ساعة'),(294,147,'Abu Alhusanya','en',NULL,NULL,'After 24 Hours'),(295,148,'صبحان','ar',NULL,NULL,'بعد ٢٤ ساعة'),(296,148,'Sabhan','en',NULL,NULL,'After 24 Hours'),(297,149,'الفنيطيس','ar',NULL,NULL,'بعد ٢٤ ساعة'),(298,149,'Fintes','en',NULL,NULL,'After 24 Hours'),(301,151,'ضاحيه مبارك الكبير','ar',NULL,NULL,'ضاحيه مبارك الكبير'),(302,151,'ضاحيه مبارك الكبير','en',NULL,NULL,'ضاحيه مبارك الكبير'),(303,152,'شارع فهد السالم','ar',NULL,NULL,NULL),(304,152,'Fahad alsalem st','en',NULL,NULL,NULL),(305,153,'غرب عبداللة مبارك','ar',NULL,NULL,NULL),(306,153,'Weast Abdullah Mubark','en',NULL,NULL,NULL),(307,154,'جنوب عبدالله مبارك','ar',NULL,NULL,NULL),(308,154,'South abdullah mubark','en',NULL,NULL,NULL);

--
-- Table structure for table `regions`
--

CREATE TABLE `regions` (
  `id` int unsigned NOT NULL AUTO_INCREMENT,
  `status` tinyint(1) NOT NULL DEFAULT '1',
  `address_address` varchar(255) COLLATE utf8mb4_unicode_ci NOT NULL,
  `address_latitude` double NOT NULL,
  `address_longitude` double NOT NULL,
  `governments_id` int unsigned NOT NULL,
  `created_at` timestamp NULL DEFAULT NULL,
  `updated_at` timestamp NULL DEFAULT NULL,
  PRIMARY KEY (`id`),
  KEY `regions_governments_id_foreign` (`governments_id`)
) ENGINE=InnoDB AUTO_INCREMENT=155 DEFAULT CHARSET=utf8mb4 COLLATE=utf8mb4_unicode_ci;

--
-- Dumping data for table `regions`
--

INSERT INTO `regions` (`id`, `status`, `address_address`, `address_latitude`, `address_longitude`, `governments_id`, `created_at`, `updated_at`) VALUES (19,1,'مدينة الكويت',0,0,8,'2022-08-25 10:34:31','2022-08-25 10:34:31'),(20,1,'دسمان',0,0,8,'2022-08-25 10:36:00','2022-08-25 10:36:00'),(21,1,'شرق',0,0,8,'2022-08-25 10:36:31','2022-08-25 10:36:31'),(22,1,'الصوابر',0,0,8,'2022-08-25 10:41:53','2022-08-25 10:41:53'),(23,1,'المرقاب',0,0,8,'2022-08-25 10:42:29','2022-08-25 10:42:29'),(24,1,'القبلة',0,0,8,'2022-08-25 10:42:56','2022-08-25 10:42:56'),(25,1,'الصالحية',0,0,8,'2022-08-25 10:43:27','2022-08-25 10:43:27'),(26,1,'الوطية',0,0,8,'2022-08-25 10:43:58','2022-08-25 10:43:58'),(27,1,'بنيد القار',0,0,8,'2022-08-25 10:44:54','2022-08-25 10:44:54'),(28,1,'كيفان',0,0,8,'2022-08-25 10:45:21','2022-08-25 10:45:21'),(29,1,'الدوحة',0,0,8,'2022-08-25 10:46:27','2022-08-25 10:46:27'),(30,1,'الدسمة',0,0,8,'2022-08-25 10:46:52','2022-08-25 10:46:52'),(31,1,'الدعية',0,0,8,'2022-08-25 10:48:10','2022-08-25 10:48:10'),(32,1,'المنصورية',0,0,8,'2022-08-25 10:48:40','2022-08-25 10:48:40'),(33,1,'ضاحية عبد الله السالم',0,0,8,'2022-08-25 10:49:23','2022-08-25 10:49:23'),(34,1,'النزهة',0,0,8,'2022-08-25 10:49:56','2022-08-25 10:49:56'),(35,1,'الفيحاء',0,0,8,'2022-08-25 10:50:29','2022-08-25 10:50:29'),(36,1,'الشامية',0,0,8,'2022-08-25 10:51:07','2022-08-25 10:51:07'),(37,1,'الروضة',0,0,8,'2022-08-25 10:51:48','2022-08-25 10:51:48'),(38,1,'العديلية',0,0,8,'2022-08-25 10:52:21','2022-08-25 10:52:21'),(39,1,'الخالدية',0,0,8,'2022-08-25 10:53:18','2022-08-25 10:53:18'),(40,1,'القادسية',0,0,8,'2022-08-25 10:53:43','2022-08-25 10:53:43'),(41,1,'قرطبة',0,0,8,'2022-08-25 10:54:11','2022-08-25 10:54:11'),(42,1,'السرة',0,0,8,'2022-08-25 10:54:40','2022-08-25 10:54:40'),(43,1,'اليرموك',0,0,8,'2022-08-25 10:55:09','2022-08-25 10:55:09'),(44,1,'الشويخ',0,0,8,'2022-08-25 10:55:54','2022-08-25 10:55:54'),(45,1,'الري',0,0,8,'2022-08-25 10:56:14','2022-08-25 10:56:14'),(46,1,'غرناطة، Kuwait',29.312521,47.8785532,8,'2022-08-25 10:57:53','2022-08-25 10:57:53'),(47,1,'الصليبيخات',29.312521,47.8785532,8,'2022-08-25 10:59:18','2022-08-25 10:59:18'),(48,1,'النهضة',29.312521,47.8785532,8,'2022-08-25 10:59:50','2022-08-25 10:59:50'),(49,1,'مدينة جابر الأحمد',29.312521,47.8785532,8,'2022-08-25 11:00:29','2022-08-25 11:00:29'),(50,1,'القيروان',29.312521,47.8785532,8,'2022-08-25 11:01:01','2022-08-25 11:01:01'),(51,1,'شمال غرب الصليبيخات',29.312521,47.8785532,8,'2022-08-25 11:02:03','2022-08-25 11:02:03'),(52,1,'الفنطاس',29.312521,47.8785532,9,'2022-08-25 11:02:23','2022-08-25 11:02:23'),(53,1,'العقيلة',29.312521,47.8785532,9,'2022-08-25 11:02:49','2022-08-25 11:02:49'),(54,1,'الظهر',29.312521,47.8785532,9,'2022-08-25 11:03:15','2022-08-25 11:03:15'),(55,0,'المقوع',29.312521,47.8785532,9,'2022-08-25 11:03:52','2023-05-30 04:44:19'),(56,1,'المهبولة',29.312521,47.8785532,9,'2022-08-25 11:08:24','2022-08-25 11:08:24'),(57,1,'الرقة',29.312521,47.8785532,9,'2022-08-25 11:08:46','2022-08-25 11:08:46'),(58,1,'هدية',29.312521,47.8785532,9,'2022-08-25 11:09:06','2022-08-25 11:09:06'),(59,1,'أبو حليفة',29.312521,47.8785532,9,'2022-08-25 11:09:46','2022-08-25 11:09:46'),(60,1,'الصباحية',29.312521,47.8785532,9,'2022-08-25 11:10:14','2022-08-25 11:10:14'),(61,1,'المنقف',29.312521,47.8785532,9,'2022-08-25 11:10:44','2022-08-25 11:10:44'),(62,1,'الفحيحيل',29.312521,47.8785532,9,'2022-08-25 11:11:17','2022-08-25 11:11:17'),(63,1,'الأحمدي',29.312521,47.8785532,9,'2022-08-25 11:11:52','2022-08-25 11:11:52'),(64,0,'الوفرة',29.312521,47.8785532,9,'2022-08-25 11:12:12','2023-05-30 04:44:10'),(65,0,'الزور',29.312521,47.8785532,9,'2022-08-25 11:12:36','2023-05-30 04:43:57'),(66,1,'الخيران',29.312521,47.8785532,9,'2022-08-25 11:13:08','2022-08-25 11:13:08'),(67,0,'ميناء عبد الله',29.312521,47.8785532,9,'2022-08-25 11:13:55','2023-05-30 04:43:52'),(68,0,'الوفرة الزراعية',29.312521,47.8785532,9,'2022-08-25 11:14:28','2023-05-30 04:43:49'),(69,0,'بنيدر',29.312521,47.8785532,9,'2022-08-25 11:14:58','2023-05-30 04:43:46'),(70,1,'الجليعة',29.312521,47.8785532,9,'2022-08-25 11:15:37','2022-08-25 11:15:37'),(71,0,'الضباعية',29.312521,47.8785532,9,'2022-08-25 11:16:05','2023-05-30 04:43:43'),(72,1,'ضاحية جابر العلي',29.312521,47.8785532,9,'2022-08-25 11:16:38','2022-08-25 11:16:38'),(73,0,'ضاحية فهد الأحمد',29.312521,47.8785532,9,'2022-08-25 11:17:13','2023-05-30 04:43:22'),(74,0,'الشعيبة',29.312521,47.8785532,9,'2022-08-25 11:17:41','2023-05-30 04:43:30'),(75,0,'واره',29.312521,47.8785532,9,'2022-08-25 11:18:02','2023-05-30 04:43:20'),(76,1,'مدينة صباح الأحمد',29.312521,47.8785532,9,'2022-08-25 11:18:43','2022-08-25 11:18:43'),(77,1,'النويصيب',29.312521,47.8785532,9,'2022-08-25 11:19:20','2022-08-25 11:19:20'),(78,1,'مدينة الخيران',29.312521,47.8785532,9,'2022-08-25 11:19:53','2022-08-25 11:19:53'),(79,1,'ضاحية علي صباح السالم أم الهيمان سابقاً',29.312521,47.8785532,9,'2022-08-25 11:20:38','2022-08-25 11:20:38'),(80,1,'مدينة صباح الأحمد البحرية',29.312521,47.8785532,9,'2022-08-25 11:21:22','2022-08-25 11:21:22'),(81,1,'Abrq Khitan',29.312521,47.8785532,10,'2022-08-25 11:22:08','2022-08-25 11:22:08'),(82,1,'الأندلس',29.312521,47.8785532,10,'2022-08-25 11:22:29','2022-08-25 11:22:29'),(83,1,'اشبيلية',29.312521,47.8785532,10,'2022-08-25 11:23:08','2022-08-25 11:23:08'),(84,1,'جليب الشيوخ',29.312521,47.8785532,10,'2022-08-25 11:23:43','2022-08-25 11:23:43'),(85,1,'خيطان',29.312521,47.8785532,10,'2022-08-25 11:24:06','2022-08-25 11:24:06'),(86,0,'خيطان الجديدة',29.312521,47.8785532,10,'2022-08-25 11:24:30','2023-05-30 04:44:37'),(87,1,'العمرية',29.312521,47.8785532,10,'2022-08-25 11:24:58','2022-08-25 11:24:58'),(88,1,'العارضية',29.312521,47.8785532,10,'2022-08-25 11:25:22','2022-08-25 11:25:22'),(89,1,'العارضية الصناعية',29.312521,47.8785532,10,'2022-08-25 11:26:01','2022-08-25 11:26:01'),(90,1,'العباسية',29.312521,47.8785532,10,'2022-08-25 11:26:30','2022-08-25 11:26:30'),(91,1,'الفردوس',29.312521,47.8785532,10,'2022-08-25 11:27:01','2022-08-25 11:27:01'),(92,1,'الفروانية',29.312521,47.8785532,10,'2022-08-25 11:27:27','2022-08-25 11:27:27'),(93,1,'الحساوي',29.312521,47.8785532,10,'2022-08-25 11:27:52','2022-08-25 11:27:52'),(94,1,'الشدادية',0,0,10,'2022-08-25 11:31:28','2022-08-25 11:31:28'),(95,1,'الرابية',0,0,10,'2022-08-25 11:31:56','2022-08-25 11:31:56'),(96,1,'الرحاب',0,0,10,'2022-08-25 11:32:37','2022-08-25 11:32:37'),(97,1,'الرقعي',0,0,10,'2022-08-25 11:34:15','2022-08-25 11:34:15'),(98,1,'الري الصناعية',0,0,10,'2022-08-25 11:34:49','2022-08-25 11:34:49'),(99,1,'ضاحية صباح الناصر',0,0,10,'2022-08-25 11:35:48','2022-08-25 11:35:48'),(100,1,'ضاحية عبد الله المبارك',0,0,10,'2022-08-25 11:36:25','2022-08-25 11:36:25'),(101,1,'Dagej',0,0,10,'2022-08-25 11:37:32','2022-08-25 11:37:32'),(102,1,'الصليبية',0,0,11,'2022-08-25 11:38:04','2022-08-25 11:38:04'),(103,1,'أمغرة',0,0,11,'2022-08-25 11:38:29','2022-08-25 11:38:29'),(104,1,'Naeem',0,0,11,'2022-08-25 11:39:03','2022-08-25 11:39:03'),(105,1,'القصر',0,0,11,'2022-08-25 11:42:07','2022-08-25 11:42:07'),(106,1,'الواحة',0,0,11,'2022-08-25 11:42:30','2022-08-25 11:42:30'),(107,1,'تيماء',0,0,11,'2022-08-25 11:42:50','2022-08-25 11:42:50'),(108,1,'النسيم',0,0,11,'2022-08-25 11:43:13','2022-08-25 11:43:13'),(109,1,'العيون',0,0,11,'2022-08-25 11:43:44','2022-08-25 11:43:44'),(110,1,'القيصرية',0,0,11,'2022-08-25 11:44:37','2022-08-25 11:44:37'),(111,1,'العبدلي',0,0,11,'2022-08-25 11:45:06','2022-08-25 11:45:06'),(112,0,'الجهراء القديمة',0,0,11,'2022-08-25 11:46:42','2023-05-30 04:42:48'),(113,0,'New jahra',0,0,11,'2022-08-25 11:47:31','2023-05-30 04:42:44'),(114,0,'كاظمة',0,0,11,'2022-08-25 11:47:48','2023-05-30 04:42:33'),(115,1,'مدينة سعد العبد الله',0,0,11,'2022-08-25 11:48:22','2022-08-25 11:48:22'),(116,0,'السالمي',0,0,11,'2022-08-25 11:48:52','2023-05-30 04:42:27'),(117,1,'المطلاع',0,0,11,'2022-08-25 11:49:24','2022-08-25 11:49:24'),(118,0,'مدينة الحرير',0,0,11,'2022-08-25 11:50:13','2023-05-30 04:42:24'),(119,0,'كبد',0,0,11,'2022-08-25 11:50:44','2023-05-30 04:44:59'),(120,0,'الروضتين',0,0,11,'2022-08-25 11:51:21','2023-05-30 04:45:13'),(121,0,'الصبية',0,0,11,'2022-08-25 11:51:47','2023-05-30 04:47:15'),(122,1,'حولي',0,0,12,'2022-08-25 11:52:26','2022-08-25 11:52:26'),(123,1,'الشعب',0,0,12,'2022-08-25 11:52:47','2022-08-25 11:52:47'),(124,1,'السالمية',0,0,12,'2022-08-25 11:53:07','2022-08-25 11:53:07'),(125,1,'الرميثية',0,0,12,'2022-08-25 11:53:52','2022-08-25 11:53:52'),(126,1,'الجابرية',0,0,12,'2022-08-25 11:54:15','2022-08-25 11:54:15'),(127,1,'مشرف',0,0,12,'2022-08-25 11:54:39','2022-08-25 11:54:39'),(128,1,'بيان',0,0,12,'2022-08-25 11:54:57','2022-08-25 11:54:57'),(129,1,'آلبدع',0,0,12,'2022-08-25 11:55:23','2022-08-25 11:55:23'),(130,1,'النقرة',0,0,12,'2022-08-25 11:55:53','2022-08-25 11:55:53'),(131,1,'ميدان حولي',0,0,12,'2022-08-25 11:56:15','2022-08-25 11:56:15'),(132,1,'ضاحية مبارك العبد الله الجابر',0,0,12,'2022-08-25 11:57:05','2022-08-25 11:57:05'),(133,1,'سلوى',0,0,12,'2022-08-25 11:57:23','2022-08-25 11:57:23'),(134,1,'جنوب السرة',0,0,12,'2022-08-25 11:57:54','2022-08-25 11:57:54'),(135,1,'الزهراء',0,0,12,'2022-08-25 11:58:27','2022-08-25 11:58:27'),(136,1,'الصديق',0,0,12,'2022-08-25 11:59:17','2022-08-25 11:59:17'),(137,1,'حطين',0,0,12,'2022-08-25 11:59:57','2022-08-25 11:59:57'),(138,1,'السلام',0,0,12,'2022-08-25 12:01:35','2022-08-25 12:01:35'),(139,1,'الشهداء',0,0,12,'2022-08-25 12:02:07','2022-08-25 12:02:07'),(140,1,'العدان',0,0,13,'2022-08-25 12:02:29','2022-08-25 12:02:29'),(141,1,'القصور',0,0,13,'2022-08-25 12:02:59','2022-08-25 12:02:59'),(142,1,'القرين',0,0,13,'2022-08-25 12:03:31','2022-08-25 12:03:31'),(143,1,'ضاحية صباح السالم',0,0,13,'2022-08-25 12:04:02','2022-08-25 12:04:02'),(144,1,'المسيلة',0,0,13,'2022-08-25 12:04:27','2022-08-25 12:04:27'),(145,1,'المسايل',0,0,13,'2022-08-25 12:04:54','2022-08-25 12:04:54'),(146,1,'أبو فطيرة',0,0,13,'2022-08-25 12:05:20','2022-08-25 12:05:20'),(147,1,'أبو الحصانية',0,0,13,'2022-08-25 12:05:57','2022-08-25 12:05:57'),(148,1,'صبحان',0,0,13,'2022-08-25 12:06:25','2022-08-25 12:06:25'),(149,1,'الفنيطيس',0,0,13,'2022-08-25 12:06:55','2022-08-25 12:06:55'),(151,1,'مبارك الكبير، الكويت‎',29.1886698,48.0806909,13,'2022-08-28 01:58:47','2022-08-28 01:58:47'),(152,1,'Fahad Al-Salem Street, Kuwait City, Kuwait',29.3673691,47.9677177,8,'2023-05-29 14:16:50','2023-05-29 14:16:50'),(153,1,'غرب عبدالله المبارك، Kuwait',29.2467529,47.8543663,10,'2024-01-24 22:56:20','2024-01-24 22:56:20'),(154,1,'https://maps.app.goo.gl/4XVzowYpDQTeB4my8?g_st=ic',0,0,10,'2024-03-01 16:07:26','2024-03-01 16:07:26');

--
-- Table structure for table `role_user`
--

CREATE TABLE `role_user` (
  `role_id` bigint unsigned NOT NULL,
  `user_id` bigint unsigned NOT NULL,
  `user_type` varchar(255) COLLATE utf8mb4_unicode_ci NOT NULL,
  PRIMARY KEY (`user_id`,`role_id`,`user_type`),
  KEY `role_user_role_id_foreign` (`role_id`)
) ENGINE=InnoDB DEFAULT CHARSET=utf8mb4 COLLATE=utf8mb4_unicode_ci;

--
-- Dumping data for table `role_user`
--

INSERT INTO `role_user` (`role_id`, `user_id`, `user_type`) VALUES (1,1,'App\\Models\\User'),(3,55,'App\\Models\\User'),(3,58,'App\\Models\\User'),(3,147,'App\\Models\\User'),(3,149,'App\\Models\\User'),(3,156,'App\\Models\\User'),(3,159,'App\\Models\\User'),(3,171,'App\\Models\\User'),(3,478,'App\\Models\\User'),(3,479,'App\\Models\\User'),(3,480,'App\\Models\\User'),(3,481,'App\\Models\\User'),(3,482,'App\\Models\\User'),(3,483,'App\\Models\\User'),(3,484,'App\\Models\\User'),(3,485,'App\\Models\\User'),(3,486,'App\\Models\\User'),(3,487,'App\\Models\\User'),(3,488,'App\\Models\\User'),(8,106,'App\\Models\\User'),(8,107,'App\\Models\\User'),(8,108,'App\\Models\\User'),(8,109,'App\\Models\\User'),(8,111,'App\\Models\\User'),(8,127,'App\\Models\\User'),(8,128,'App\\Models\\User'),(8,130,'App\\Models\\User'),(8,131,'App\\Models\\User'),(8,132,'App\\Models\\User'),(8,133,'App\\Models\\User'),(8,134,'App\\Models\\User'),(8,135,'App\\Models\\User'),(8,137,'App\\Models\\User'),(8,138,'App\\Models\\User'),(8,139,'App\\Models\\User'),(8,140,'App\\Models\\User'),(8,141,'App\\Models\\User'),(8,142,'App\\Models\\User'),(8,143,'App\\Models\\User'),(8,144,'App\\Models\\User'),(8,145,'App\\Models\\User'),(8,150,'App\\Models\\User'),(8,152,'App\\Models\\User'),(8,153,'App\\Models\\User'),(8,155,'App\\Models\\User'),(8,157,'App\\Models\\User'),(8,158,'App\\Models\\User'),(8,161,'App\\Models\\User'),(8,163,'App\\Models\\User'),(8,164,'App\\Models\\User'),(8,165,'App\\Models\\User'),(8,166,'App\\Models\\User'),(8,167,'App\\Models\\User'),(8,172,'App\\Models\\User'),(8,173,'App\\Models\\User'),(8,174,'App\\Models\\User'),(8,175,'App\\Models\\User'),(8,176,'App\\Models\\User'),(8,177,'App\\Models\\User'),(8,178,'App\\Models\\User'),(8,179,'App\\Models\\User'),(8,180,'App\\Models\\User'),(8,181,'App\\Models\\User'),(8,182,'App\\Models\\User'),(8,183,'App\\Models\\User'),(8,184,'App\\Models\\User'),(8,185,'App\\Models\\User'),(8,186,'App\\Models\\User'),(8,187,'App\\Models\\User'),(8,188,'App\\Models\\User'),(8,189,'App\\Models\\User'),(8,190,'App\\Models\\User'),(8,191,'App\\Models\\User'),(8,192,'App\\Models\\User'),(8,193,'App\\Models\\User'),(8,194,'App\\Models\\User'),(8,195,'App\\Models\\User'),(8,196,'App\\Models\\User'),(8,197,'App\\Models\\User'),(8,198,'App\\Models\\User'),(8,199,'App\\Models\\User'),(8,200,'App\\Models\\User'),(8,201,'App\\Models\\User'),(8,202,'App\\Models\\User'),(8,203,'App\\Models\\User'),(8,204,'App\\Models\\User'),(8,205,'App\\Models\\User'),(8,206,'App\\Models\\User'),(8,207,'App\\Models\\User'),(8,208,'App\\Models\\User'),(8,209,'App\\Models\\User'),(8,210,'App\\Models\\User'),(8,212,'App\\Models\\User'),(8,213,'App\\Models\\User'),(8,214,'App\\Models\\User'),(8,215,'App\\Models\\User'),(8,216,'App\\Models\\User'),(8,217,'App\\Models\\User'),(8,218,'App\\Models\\User'),(8,219,'App\\Models\\User'),(8,220,'App\\Models\\User'),(8,221,'App\\Models\\User'),(8,222,'App\\Models\\User'),(8,223,'App\\Models\\User'),(8,224,'App\\Models\\User'),(8,225,'App\\Models\\User'),(8,226,'App\\Models\\User'),(8,227,'App\\Models\\User'),(8,228,'App\\Models\\User'),(8,229,'App\\Models\\User'),(8,230,'App\\Models\\User'),(8,231,'App\\Models\\User'),(8,232,'App\\Models\\User'),(8,233,'App\\Models\\User'),(8,234,'App\\Models\\User'),(8,235,'App\\Models\\User'),(8,236,'App\\Models\\User'),(8,237,'App\\Models\\User'),(8,238,'App\\Models\\User'),(8,239,'App\\Models\\User'),(8,240,'App\\Models\\User'),(8,241,'App\\Models\\User'),(8,242,'App\\Models\\User'),(8,243,'App\\Models\\User'),(8,244,'App\\Models\\User'),(8,245,'App\\Models\\User'),(8,246,'App\\Models\\User'),(8,247,'App\\Models\\User'),(8,248,'App\\Models\\User'),(8,249,'App\\Models\\User'),(8,250,'App\\Models\\User'),(8,251,'App\\Models\\User'),(8,252,'App\\Models\\User'),(8,253,'App\\Models\\User'),(8,254,'App\\Models\\User'),(8,255,'App\\Models\\User'),(8,256,'App\\Models\\User'),(8,257,'App\\Models\\User'),(8,258,'App\\Models\\User'),(8,259,'App\\Models\\User'),(8,260,'App\\Models\\User'),(8,261,'App\\Models\\User'),(8,262,'App\\Models\\User'),(8,263,'App\\Models\\User'),(8,264,'App\\Models\\User'),(8,265,'App\\Models\\User'),(8,266,'App\\Models\\User'),(8,267,'App\\Models\\User'),(8,268,'App\\Models\\User'),(8,269,'App\\Models\\User'),(8,270,'App\\Models\\User'),(8,271,'App\\Models\\User'),(8,272,'App\\Models\\User'),(8,273,'App\\Models\\User'),(8,274,'App\\Models\\User'),(8,275,'App\\Models\\User'),(8,276,'App\\Models\\User'),(8,277,'App\\Models\\User'),(8,278,'App\\Models\\User'),(8,280,'App\\Models\\User'),(8,281,'App\\Models\\User'),(8,282,'App\\Models\\User'),(8,283,'App\\Models\\User'),(8,284,'App\\Models\\User'),(8,285,'App\\Models\\User'),(8,286,'App\\Models\\User'),(8,287,'App\\Models\\User'),(8,288,'App\\Models\\User'),(8,289,'App\\Models\\User'),(8,290,'App\\Models\\User'),(8,291,'App\\Models\\User'),(8,292,'App\\Models\\User'),(8,293,'App\\Models\\User'),(8,294,'App\\Models\\User'),(8,295,'App\\Models\\User'),(8,296,'App\\Models\\User'),(8,297,'App\\Models\\User'),(8,298,'App\\Models\\User'),(8,299,'App\\Models\\User'),(8,300,'App\\Models\\User'),(8,301,'App\\Models\\User'),(8,302,'App\\Models\\User'),(8,303,'App\\Models\\User'),(8,304,'App\\Models\\User'),(8,305,'App\\Models\\User'),(8,306,'App\\Models\\User'),(8,307,'App\\Models\\User'),(8,308,'App\\Models\\User'),(8,309,'App\\Models\\User'),(8,310,'App\\Models\\User'),(8,311,'App\\Models\\User'),(8,312,'App\\Models\\User'),(8,313,'App\\Models\\User'),(8,314,'App\\Models\\User'),(8,315,'App\\Models\\User'),(8,316,'App\\Models\\User'),(8,317,'App\\Models\\User'),(8,318,'App\\Models\\User'),(8,319,'App\\Models\\User'),(8,320,'App\\Models\\User'),(8,321,'App\\Models\\User'),(8,322,'App\\Models\\User'),(8,323,'App\\Models\\User'),(8,324,'App\\Models\\User'),(8,325,'App\\Models\\User'),(8,326,'App\\Models\\User'),(8,327,'App\\Models\\User'),(8,328,'App\\Models\\User'),(8,329,'App\\Models\\User'),(8,330,'App\\Models\\User'),(8,331,'App\\Models\\User'),(8,332,'App\\Models\\User'),(8,333,'App\\Models\\User'),(8,334,'App\\Models\\User'),(8,335,'App\\Models\\User'),(8,336,'App\\Models\\User'),(8,337,'App\\Models\\User'),(8,338,'App\\Models\\User'),(8,339,'App\\Models\\User'),(8,340,'App\\Models\\User'),(8,341,'App\\Models\\User'),(8,342,'App\\Models\\User'),(8,343,'App\\Models\\User'),(8,344,'App\\Models\\User'),(8,345,'App\\Models\\User'),(8,346,'App\\Models\\User'),(8,347,'App\\Models\\User'),(8,348,'App\\Models\\User'),(8,349,'App\\Models\\User'),(8,350,'App\\Models\\User'),(8,351,'App\\Models\\User'),(8,352,'App\\Models\\User'),(8,353,'App\\Models\\User'),(8,354,'App\\Models\\User'),(8,355,'App\\Models\\User'),(8,356,'App\\Models\\User'),(8,357,'App\\Models\\User'),(8,358,'App\\Models\\User'),(8,359,'App\\Models\\User'),(8,360,'App\\Models\\User'),(8,361,'App\\Models\\User'),(8,362,'App\\Models\\User'),(8,363,'App\\Models\\User'),(8,364,'App\\Models\\User'),(8,365,'App\\Models\\User'),(8,367,'App\\Models\\User'),(8,368,'App\\Models\\User'),(8,369,'App\\Models\\User'),(8,370,'App\\Models\\User'),(8,371,'App\\Models\\User'),(8,372,'App\\Models\\User'),(8,373,'App\\Models\\User'),(8,374,'App\\Models\\User'),(8,375,'App\\Models\\User'),(8,376,'App\\Models\\User'),(8,377,'App\\Models\\User'),(8,378,'App\\Models\\User'),(8,379,'App\\Models\\User'),(8,380,'App\\Models\\User'),(8,381,'App\\Models\\User'),(8,382,'App\\Models\\User'),(8,383,'App\\Models\\User'),(8,384,'App\\Models\\User'),(8,385,'App\\Models\\User'),(8,386,'App\\Models\\User'),(8,387,'App\\Models\\User'),(8,388,'App\\Models\\User'),(8,389,'App\\Models\\User'),(8,390,'App\\Models\\User'),(8,391,'App\\Models\\User'),(8,392,'App\\Models\\User'),(8,393,'App\\Models\\User'),(8,394,'App\\Models\\User'),(8,395,'App\\Models\\User'),(8,396,'App\\Models\\User'),(8,397,'App\\Models\\User'),(8,398,'App\\Models\\User'),(8,399,'App\\Models\\User'),(8,400,'App\\Models\\User'),(8,401,'App\\Models\\User'),(8,402,'App\\Models\\User'),(8,403,'App\\Models\\User'),(8,404,'App\\Models\\User'),(8,405,'App\\Models\\User'),(8,406,'App\\Models\\User'),(8,407,'App\\Models\\User'),(8,408,'App\\Models\\User'),(8,409,'App\\Models\\User'),(8,410,'App\\Models\\User'),(8,411,'App\\Models\\User'),(8,412,'App\\Models\\User'),(8,413,'App\\Models\\User'),(8,414,'App\\Models\\User'),(8,415,'App\\Models\\User'),(8,416,'App\\Models\\User'),(8,417,'App\\Models\\User'),(8,418,'App\\Models\\User'),(8,419,'App\\Models\\User'),(8,420,'App\\Models\\User'),(8,421,'App\\Models\\User'),(8,422,'App\\Models\\User'),(8,423,'App\\Models\\User'),(8,424,'App\\Models\\User'),(8,425,'App\\Models\\User'),(8,426,'App\\Models\\User'),(8,427,'App\\Models\\User'),(8,428,'App\\Models\\User'),(8,429,'App\\Models\\User'),(8,430,'App\\Models\\User'),(8,431,'App\\Models\\User'),(8,432,'App\\Models\\User'),(8,433,'App\\Models\\User'),(8,434,'App\\Models\\User'),(8,435,'App\\Models\\User'),(8,436,'App\\Models\\User'),(8,437,'App\\Models\\User'),(8,438,'App\\Models\\User'),(8,439,'App\\Models\\User'),(8,440,'App\\Models\\User'),(8,441,'App\\Models\\User'),(8,442,'App\\Models\\User'),(8,443,'App\\Models\\User'),(8,444,'App\\Models\\User'),(8,445,'App\\Models\\User'),(8,446,'App\\Models\\User'),(8,447,'App\\Models\\User'),(8,448,'App\\Models\\User'),(8,449,'App\\Models\\User'),(8,450,'App\\Models\\User'),(8,451,'App\\Models\\User'),(8,452,'App\\Models\\User'),(8,453,'App\\Models\\User'),(8,454,'App\\Models\\User'),(8,455,'App\\Models\\User'),(8,456,'App\\Models\\User'),(8,457,'App\\Models\\User'),(8,458,'App\\Models\\User'),(8,459,'App\\Models\\User'),(8,460,'App\\Models\\User'),(8,461,'App\\Models\\User'),(8,462,'App\\Models\\User'),(8,463,'App\\Models\\User'),(8,464,'App\\Models\\User'),(8,465,'App\\Models\\User'),(8,466,'App\\Models\\User'),(8,467,'App\\Models\\User'),(8,468,'App\\Models\\User'),(8,469,'App\\Models\\User'),(8,470,'App\\Models\\User'),(8,472,'App\\Models\\User'),(8,473,'App\\Models\\User'),(8,474,'App\\Models\\User'),(8,475,'App\\Models\\User'),(8,476,'App\\Models\\User'),(8,477,'App\\Models\\User'),(8,478,'App\\Models\\User'),(8,479,'App\\Models\\User'),(8,480,'App\\Models\\User'),(8,481,'App\\Models\\User'),(8,482,'App\\Models\\User'),(8,483,'App\\Models\\User'),(8,484,'App\\Models\\User'),(8,485,'App\\Models\\User'),(8,486,'App\\Models\\User'),(8,487,'App\\Models\\User'),(8,488,'App\\Models\\User'),(8,489,'App\\Models\\User'),(8,490,'App\\Models\\User'),(8,491,'App\\Models\\User'),(8,492,'App\\Models\\User'),(8,493,'App\\Models\\User'),(8,494,'App\\Models\\User'),(8,495,'App\\Models\\User'),(8,496,'App\\Models\\User'),(8,497,'App\\Models\\User'),(8,498,'App\\Models\\User'),(8,499,'App\\Models\\User'),(8,500,'App\\Models\\User'),(8,501,'App\\Models\\User'),(8,502,'App\\Models\\User'),(8,503,'App\\Models\\User'),(8,504,'App\\Models\\User'),(8,505,'App\\Models\\User'),(8,506,'App\\Models\\User'),(8,507,'App\\Models\\User'),(8,508,'App\\Models\\User'),(8,509,'App\\Models\\User'),(8,510,'App\\Models\\User'),(8,511,'App\\Models\\User'),(8,512,'App\\Models\\User'),(8,513,'App\\Models\\User'),(8,514,'App\\Models\\User'),(8,515,'App\\Models\\User'),(8,516,'App\\Models\\User'),(8,517,'App\\Models\\User'),(8,518,'App\\Models\\User'),(8,519,'App\\Models\\User'),(8,520,'App\\Models\\User'),(8,521,'App\\Models\\User'),(8,522,'App\\Models\\User'),(8,523,'App\\Models\\User'),(8,524,'App\\Models\\User'),(8,525,'App\\Models\\User'),(8,526,'App\\Models\\User'),(8,527,'App\\Models\\User'),(8,528,'App\\Models\\User'),(8,529,'App\\Models\\User'),(8,530,'App\\Models\\User'),(8,531,'App\\Models\\User'),(8,532,'App\\Models\\User'),(8,533,'App\\Models\\User'),(8,534,'App\\Models\\User'),(8,535,'App\\Models\\User'),(8,536,'App\\Models\\User'),(8,537,'App\\Models\\User'),(8,538,'App\\Models\\User'),(8,539,'App\\Models\\User'),(8,540,'App\\Models\\User'),(8,541,'App\\Models\\User'),(8,542,'App\\Models\\User'),(8,543,'App\\Models\\User'),(8,544,'App\\Models\\User'),(8,545,'App\\Models\\User'),(8,546,'App\\Models\\User'),(8,547,'App\\Models\\User'),(8,548,'App\\Models\\User'),(8,549,'App\\Models\\User'),(8,550,'App\\Models\\User'),(8,551,'App\\Models\\User'),(8,552,'App\\Models\\User'),(8,553,'App\\Models\\User'),(8,554,'App\\Models\\User'),(8,555,'App\\Models\\User'),(8,557,'App\\Models\\User'),(8,558,'App\\Models\\User'),(8,559,'App\\Models\\User'),(8,560,'App\\Models\\User'),(8,561,'App\\Models\\User'),(8,562,'App\\Models\\User'),(8,563,'App\\Models\\User'),(8,564,'App\\Models\\User'),(8,565,'App\\Models\\User'),(8,566,'App\\Models\\User'),(8,567,'App\\Models\\User'),(8,568,'App\\Models\\User'),(8,569,'App\\Models\\User'),(8,570,'App\\Models\\User'),(8,571,'App\\Models\\User'),(8,572,'App\\Models\\User'),(8,573,'App\\Models\\User'),(8,574,'App\\Models\\User'),(8,575,'App\\Models\\User'),(8,576,'App\\Models\\User'),(8,577,'App\\Models\\User'),(8,578,'App\\Models\\User'),(8,579,'App\\Models\\User'),(8,580,'App\\Models\\User'),(8,581,'App\\Models\\User'),(8,582,'App\\Models\\User'),(8,583,'App\\Models\\User'),(8,585,'App\\Models\\User'),(8,586,'App\\Models\\User'),(8,587,'App\\Models\\User'),(8,588,'App\\Models\\User'),(8,589,'App\\Models\\User'),(8,590,'App\\Models\\User'),(8,591,'App\\Models\\User'),(8,592,'App\\Models\\User'),(8,593,'App\\Models\\User'),(8,594,'App\\Models\\User'),(8,596,'App\\Models\\User'),(8,598,'App\\Models\\User'),(8,599,'App\\Models\\User'),(8,600,'App\\Models\\User'),(8,601,'App\\Models\\User'),(8,605,'App\\Models\\User'),(8,606,'App\\Models\\User'),(8,607,'App\\Models\\User'),(8,608,'App\\Models\\User'),(8,609,'App\\Models\\User'),(8,610,'App\\Models\\User'),(8,611,'App\\Models\\User'),(8,612,'App\\Models\\User'),(8,613,'App\\Models\\User'),(8,614,'App\\Models\\User'),(8,615,'App\\Models\\User'),(8,616,'App\\Models\\User'),(8,617,'App\\Models\\User'),(8,618,'App\\Models\\User'),(8,619,'App\\Models\\User'),(8,620,'App\\Models\\User'),(8,621,'App\\Models\\User'),(8,622,'App\\Models\\User'),(8,623,'App\\Models\\User'),(8,624,'App\\Models\\User'),(8,625,'App\\Models\\User'),(8,626,'App\\Models\\User'),(8,628,'App\\Models\\User'),(8,629,'App\\Models\\User'),(8,634,'App\\Models\\User'),(8,635,'App\\Models\\User'),(8,636,'App\\Models\\User'),(8,637,'App\\Models\\User'),(8,638,'App\\Models\\User'),(8,639,'App\\Models\\User'),(8,640,'App\\Models\\User'),(8,641,'App\\Models\\User'),(8,642,'App\\Models\\User'),(8,643,'App\\Models\\User'),(8,644,'App\\Models\\User'),(8,645,'App\\Models\\User'),(8,646,'App\\Models\\User'),(8,647,'App\\Models\\User'),(8,648,'App\\Models\\User'),(8,649,'App\\Models\\User'),(8,650,'App\\Models\\User'),(8,651,'App\\Models\\User'),(8,652,'App\\Models\\User'),(8,653,'App\\Models\\User'),(8,655,'App\\Models\\User'),(8,656,'App\\Models\\User'),(8,657,'App\\Models\\User'),(8,658,'App\\Models\\User'),(8,659,'App\\Models\\User'),(8,660,'App\\Models\\User'),(8,661,'App\\Models\\User'),(8,662,'App\\Models\\User'),(8,663,'App\\Models\\User'),(8,664,'App\\Models\\User'),(8,665,'App\\Models\\User'),(8,666,'App\\Models\\User'),(8,667,'App\\Models\\User'),(8,668,'App\\Models\\User'),(8,669,'App\\Models\\User'),(8,670,'App\\Models\\User'),(8,671,'App\\Models\\User'),(8,672,'App\\Models\\User'),(8,673,'App\\Models\\User'),(8,674,'App\\Models\\User'),(8,675,'App\\Models\\User'),(8,676,'App\\Models\\User'),(8,677,'App\\Models\\User'),(8,678,'App\\Models\\User'),(8,679,'App\\Models\\User'),(8,680,'App\\Models\\User'),(8,681,'App\\Models\\User'),(8,682,'App\\Models\\User'),(8,683,'App\\Models\\User'),(8,684,'App\\Models\\User'),(8,685,'App\\Models\\User'),(8,686,'App\\Models\\User'),(8,687,'App\\Models\\User'),(8,688,'App\\Models\\User'),(8,689,'App\\Models\\User'),(8,690,'App\\Models\\User'),(8,691,'App\\Models\\User'),(8,692,'App\\Models\\User'),(8,693,'App\\Models\\User'),(8,694,'App\\Models\\User'),(8,695,'App\\Models\\User'),(8,696,'App\\Models\\User'),(8,697,'App\\Models\\User'),(8,698,'App\\Models\\User'),(8,699,'App\\Models\\User'),(8,700,'App\\Models\\User'),(8,701,'App\\Models\\User'),(8,702,'App\\Models\\User'),(8,703,'App\\Models\\User'),(8,704,'App\\Models\\User'),(8,705,'App\\Models\\User'),(8,706,'App\\Models\\User'),(8,707,'App\\Models\\User'),(8,708,'App\\Models\\User'),(8,709,'App\\Models\\User'),(8,710,'App\\Models\\User'),(8,711,'App\\Models\\User'),(8,712,'App\\Models\\User'),(8,713,'App\\Models\\User'),(8,714,'App\\Models\\User'),(8,717,'App\\Models\\User'),(8,718,'App\\Models\\User'),(8,719,'App\\Models\\User'),(8,720,'App\\Models\\User'),(8,721,'App\\Models\\User'),(8,722,'App\\Models\\User'),(8,723,'App\\Models\\User'),(8,724,'App\\Models\\User'),(8,725,'App\\Models\\User'),(8,726,'App\\Models\\User'),(8,727,'App\\Models\\User'),(8,728,'App\\Models\\User'),(8,729,'App\\Models\\User'),(8,730,'App\\Models\\User'),(8,731,'App\\Models\\User'),(8,732,'App\\Models\\User'),(8,733,'App\\Models\\User'),(8,734,'App\\Models\\User'),(8,735,'App\\Models\\User'),(8,736,'App\\Models\\User'),(8,737,'App\\Models\\User'),(8,738,'App\\Models\\User'),(8,739,'App\\Models\\User'),(8,740,'App\\Models\\User'),(8,741,'App\\Models\\User'),(8,742,'App\\Models\\User'),(8,743,'App\\Models\\User'),(8,744,'App\\Models\\User'),(8,745,'App\\Models\\User'),(8,746,'App\\Models\\User'),(8,747,'App\\Models\\User'),(8,748,'App\\Models\\User'),(8,749,'App\\Models\\User'),(8,750,'App\\Models\\User'),(8,751,'App\\Models\\User'),(8,752,'App\\Models\\User'),(8,753,'App\\Models\\User'),(8,754,'App\\Models\\User'),(8,755,'App\\Models\\User'),(8,756,'App\\Models\\User'),(8,757,'App\\Models\\User'),(8,758,'App\\Models\\User'),(8,759,'App\\Models\\User'),(8,760,'App\\Models\\User'),(8,761,'App\\Models\\User'),(8,762,'App\\Models\\User'),(8,763,'App\\Models\\User'),(8,764,'App\\Models\\User'),(8,765,'App\\Models\\User'),(8,766,'App\\Models\\User'),(8,767,'App\\Models\\User'),(8,768,'App\\Models\\User'),(8,769,'App\\Models\\User'),(8,770,'App\\Models\\User'),(8,771,'App\\Models\\User'),(8,772,'App\\Models\\User'),(8,773,'App\\Models\\User'),(8,774,'App\\Models\\User'),(8,775,'App\\Models\\User'),(8,776,'App\\Models\\User'),(8,777,'App\\Models\\User'),(8,778,'App\\Models\\User'),(8,779,'App\\Models\\User'),(8,780,'App\\Models\\User'),(8,781,'App\\Models\\User'),(8,782,'App\\Models\\User'),(8,783,'App\\Models\\User'),(8,784,'App\\Models\\User'),(8,785,'App\\Models\\User'),(8,786,'App\\Models\\User'),(8,787,'App\\Models\\User'),(8,788,'App\\Models\\User'),(8,789,'App\\Models\\User'),(8,790,'App\\Models\\User'),(8,791,'App\\Models\\User'),(8,792,'App\\Models\\User'),(8,793,'App\\Models\\User'),(8,794,'App\\Models\\User'),(8,795,'App\\Models\\User'),(8,796,'App\\Models\\User'),(8,797,'App\\Models\\User'),(8,798,'App\\Models\\User'),(8,799,'App\\Models\\User'),(8,800,'App\\Models\\User'),(8,801,'App\\Models\\User'),(8,802,'App\\Models\\User'),(8,803,'App\\Models\\User'),(8,804,'App\\Models\\User'),(8,805,'App\\Models\\User'),(8,806,'App\\Models\\User'),(8,807,'App\\Models\\User'),(8,808,'App\\Models\\User'),(8,809,'App\\Models\\User'),(8,810,'App\\Models\\User'),(8,811,'App\\Models\\User'),(8,812,'App\\Models\\User'),(8,813,'App\\Models\\User'),(8,814,'App\\Models\\User'),(8,815,'App\\Models\\User'),(8,816,'App\\Models\\User'),(8,817,'App\\Models\\User'),(8,818,'App\\Models\\User'),(8,819,'App\\Models\\User'),(8,820,'App\\Models\\User'),(8,821,'App\\Models\\User'),(8,822,'App\\Models\\User'),(8,823,'App\\Models\\User'),(8,824,'App\\Models\\User'),(8,825,'App\\Models\\User'),(8,826,'App\\Models\\User'),(8,827,'App\\Models\\User'),(8,828,'App\\Models\\User'),(8,829,'App\\Models\\User'),(8,830,'App\\Models\\User'),(8,831,'App\\Models\\User'),(8,832,'App\\Models\\User'),(8,833,'App\\Models\\User'),(8,834,'App\\Models\\User'),(8,835,'App\\Models\\User'),(8,836,'App\\Models\\User'),(8,837,'App\\Models\\User'),(8,838,'App\\Models\\User'),(8,839,'App\\Models\\User'),(8,840,'App\\Models\\User'),(8,841,'App\\Models\\User'),(8,842,'App\\Models\\User'),(8,843,'App\\Models\\User'),(8,844,'App\\Models\\User'),(8,845,'App\\Models\\User'),(8,846,'App\\Models\\User'),(8,847,'App\\Models\\User'),(8,848,'App\\Models\\User'),(8,849,'App\\Models\\User'),(8,850,'App\\Models\\User'),(8,851,'App\\Models\\User'),(8,852,'App\\Models\\User'),(8,853,'App\\Models\\User'),(8,854,'App\\Models\\User'),(8,855,'App\\Models\\User'),(8,856,'App\\Models\\User'),(8,857,'App\\Models\\User'),(8,858,'App\\Models\\User'),(8,859,'App\\Models\\User'),(8,860,'App\\Models\\User'),(8,861,'App\\Models\\User'),(8,862,'App\\Models\\User'),(8,863,'App\\Models\\User'),(8,864,'App\\Models\\User'),(8,865,'App\\Models\\User'),(8,866,'App\\Models\\User'),(8,867,'App\\Models\\User'),(8,868,'App\\Models\\User'),(8,869,'App\\Models\\User'),(8,870,'App\\Models\\User'),(8,871,'App\\Models\\User'),(8,872,'App\\Models\\User'),(8,873,'App\\Models\\User'),(8,874,'App\\Models\\User'),(8,875,'App\\Models\\User'),(8,876,'App\\Models\\User'),(8,877,'App\\Models\\User'),(8,878,'App\\Models\\User'),(8,880,'App\\Models\\User'),(8,881,'App\\Models\\User'),(8,882,'App\\Models\\User'),(8,883,'App\\Models\\User'),(8,884,'App\\Models\\User'),(8,885,'App\\Models\\User'),(8,886,'App\\Models\\User'),(8,887,'App\\Models\\User'),(8,888,'App\\Models\\User'),(8,889,'App\\Models\\User'),(8,890,'App\\Models\\User'),(8,891,'App\\Models\\User'),(8,892,'App\\Models\\User'),(8,893,'App\\Models\\User'),(8,894,'App\\Models\\User'),(8,897,'App\\Models\\User'),(8,898,'App\\Models\\User'),(8,899,'App\\Models\\User'),(8,900,'App\\Models\\User'),(8,901,'App\\Models\\User'),(8,902,'App\\Models\\User'),(8,903,'App\\Models\\User'),(8,905,'App\\Models\\User'),(8,906,'App\\Models\\User'),(8,907,'App\\Models\\User'),(8,908,'App\\Models\\User'),(8,909,'App\\Models\\User'),(8,910,'App\\Models\\User'),(8,911,'App\\Models\\User'),(8,912,'App\\Models\\User'),(8,913,'App\\Models\\User'),(8,914,'App\\Models\\User'),(8,915,'App\\Models\\User'),(8,916,'App\\Models\\User'),(8,917,'App\\Models\\User'),(8,918,'App\\Models\\User'),(8,919,'App\\Models\\User'),(8,920,'App\\Models\\User'),(8,921,'App\\Models\\User'),(8,922,'App\\Models\\User'),(8,923,'App\\Models\\User'),(8,924,'App\\Models\\User'),(8,925,'App\\Models\\User'),(8,926,'App\\Models\\User'),(8,927,'App\\Models\\User'),(8,928,'App\\Models\\User'),(8,929,'App\\Models\\User'),(8,931,'App\\Models\\User'),(8,932,'App\\Models\\User'),(8,933,'App\\Models\\User'),(8,934,'App\\Models\\User'),(8,935,'App\\Models\\User'),(8,936,'App\\Models\\User'),(8,937,'App\\Models\\User'),(8,938,'App\\Models\\User'),(8,939,'App\\Models\\User'),(8,940,'App\\Models\\User'),(8,941,'App\\Models\\User'),(8,942,'App\\Models\\User'),(8,943,'App\\Models\\User'),(8,944,'App\\Models\\User'),(8,945,'App\\Models\\User'),(8,946,'App\\Models\\User'),(8,947,'App\\Models\\User'),(8,948,'App\\Models\\User'),(8,949,'App\\Models\\User'),(8,950,'App\\Models\\User'),(8,951,'App\\Models\\User'),(8,952,'App\\Models\\User'),(8,953,'App\\Models\\User'),(8,954,'App\\Models\\User'),(8,955,'App\\Models\\User'),(8,956,'App\\Models\\User'),(8,957,'App\\Models\\User'),(8,958,'App\\Models\\User'),(8,959,'App\\Models\\User'),(8,960,'App\\Models\\User'),(8,962,'App\\Models\\User'),(8,963,'App\\Models\\User'),(8,964,'App\\Models\\User'),(8,965,'App\\Models\\User'),(8,966,'App\\Models\\User'),(8,967,'App\\Models\\User'),(8,968,'App\\Models\\User'),(8,969,'App\\Models\\User'),(8,970,'App\\Models\\User'),(8,971,'App\\Models\\User'),(8,972,'App\\Models\\User'),(8,975,'App\\Models\\User'),(8,976,'App\\Models\\User'),(8,977,'App\\Models\\User'),(8,978,'App\\Models\\User'),(8,979,'App\\Models\\User'),(8,980,'App\\Models\\User'),(8,981,'App\\Models\\User'),(8,982,'App\\Models\\User'),(8,983,'App\\Models\\User'),(8,984,'App\\Models\\User'),(8,985,'App\\Models\\User'),(8,986,'App\\Models\\User'),(8,987,'App\\Models\\User'),(8,988,'App\\Models\\User'),(8,989,'App\\Models\\User'),(8,990,'App\\Models\\User'),(8,991,'App\\Models\\User'),(8,992,'App\\Models\\User'),(8,993,'App\\Models\\User'),(8,994,'App\\Models\\User'),(8,996,'App\\Models\\User'),(8,997,'App\\Models\\User'),(8,998,'App\\Models\\User'),(8,999,'App\\Models\\User'),(8,1000,'App\\Models\\User'),(8,1001,'App\\Models\\User'),(8,1002,'App\\Models\\User'),(8,1003,'App\\Models\\User'),(8,1004,'App\\Models\\User'),(8,1005,'App\\Models\\User'),(8,1006,'App\\Models\\User'),(8,1007,'App\\Models\\User'),(8,1008,'App\\Models\\User'),(8,1009,'App\\Models\\User'),(8,1010,'App\\Models\\User'),(8,1011,'App\\Models\\User'),(8,1012,'App\\Models\\User'),(8,1013,'App\\Models\\User'),(8,1014,'App\\Models\\User'),(8,1015,'App\\Models\\User'),(8,1016,'App\\Models\\User'),(8,1017,'App\\Models\\User'),(8,1018,'App\\Models\\User'),(8,1019,'App\\Models\\User'),(8,1020,'App\\Models\\User'),(8,1021,'App\\Models\\User'),(8,1022,'App\\Models\\User'),(8,1023,'App\\Models\\User'),(8,1024,'App\\Models\\User'),(8,1025,'App\\Models\\User'),(8,1026,'App\\Models\\User'),(8,1027,'App\\Models\\User'),(8,1028,'App\\Models\\User'),(8,1029,'App\\Models\\User'),(8,1030,'App\\Models\\User'),(8,1031,'App\\Models\\User'),(8,1032,'App\\Models\\User'),(8,1033,'App\\Models\\User'),(8,1034,'App\\Models\\User'),(8,1035,'App\\Models\\User'),(8,1036,'App\\Models\\User'),(8,1037,'App\\Models\\User'),(8,1038,'App\\Models\\User'),(8,1039,'App\\Models\\User'),(8,1040,'App\\Models\\User'),(8,1041,'App\\Models\\User'),(8,1042,'App\\Models\\User'),(8,1043,'App\\Models\\User'),(8,1044,'App\\Models\\User'),(8,1045,'App\\Models\\User'),(8,1046,'App\\Models\\User'),(8,1047,'App\\Models\\User'),(8,1048,'App\\Models\\User'),(8,1049,'App\\Models\\User'),(8,1050,'App\\Models\\User'),(8,1051,'App\\Models\\User'),(8,1052,'App\\Models\\User'),(8,1053,'App\\Models\\User'),(8,1054,'App\\Models\\User'),(8,1055,'App\\Models\\User'),(8,1056,'App\\Models\\User'),(8,1057,'App\\Models\\User'),(8,1058,'App\\Models\\User'),(8,1059,'App\\Models\\User'),(8,1060,'App\\Models\\User'),(8,1061,'App\\Models\\User'),(8,1062,'App\\Models\\User'),(8,1063,'App\\Models\\User'),(8,1064,'App\\Models\\User'),(8,1065,'App\\Models\\User'),(8,1066,'App\\Models\\User'),(8,1067,'App\\Models\\User'),(8,1068,'App\\Models\\User'),(8,1069,'App\\Models\\User'),(8,1070,'App\\Models\\User'),(8,1071,'App\\Models\\User'),(8,1072,'App\\Models\\User'),(8,1073,'App\\Models\\User'),(8,1074,'App\\Models\\User'),(8,1075,'App\\Models\\User'),(8,1076,'App\\Models\\User'),(8,1077,'App\\Models\\User'),(8,1078,'App\\Models\\User'),(8,1079,'App\\Models\\User'),(8,1080,'App\\Models\\User'),(8,1081,'App\\Models\\User'),(8,1082,'App\\Models\\User'),(8,1083,'App\\Models\\User'),(8,1084,'App\\Models\\User'),(8,1085,'App\\Models\\User'),(8,1086,'App\\Models\\User'),(8,1087,'App\\Models\\User'),(8,1088,'App\\Models\\User'),(8,1089,'App\\Models\\User'),(8,1090,'App\\Models\\User'),(8,1091,'App\\Models\\User'),(8,1092,'App\\Models\\User'),(8,1093,'App\\Models\\User'),(8,1094,'App\\Models\\User'),(8,1095,'App\\Models\\User'),(8,1096,'App\\Models\\User'),(8,1097,'App\\Models\\User'),(8,1098,'App\\Models\\User'),(8,1099,'App\\Models\\User'),(8,1100,'App\\Models\\User'),(8,1101,'App\\Models\\User'),(8,1103,'App\\Models\\User'),(8,1104,'App\\Models\\User'),(8,1105,'App\\Models\\User'),(8,1106,'App\\Models\\User'),(8,1107,'App\\Models\\User'),(8,1108,'App\\Models\\User'),(8,1109,'App\\Models\\User'),(8,1110,'App\\Models\\User'),(8,1111,'App\\Models\\User'),(8,1112,'App\\Models\\User'),(8,1113,'App\\Models\\User'),(8,1114,'App\\Models\\User'),(8,1115,'App\\Models\\User'),(8,1116,'App\\Models\\User'),(8,1117,'App\\Models\\User'),(8,1118,'App\\Models\\User'),(8,1119,'App\\Models\\User'),(8,1120,'App\\Models\\User'),(8,1122,'App\\Models\\User'),(8,1123,'App\\Models\\User'),(8,1124,'App\\Models\\User'),(8,1125,'App\\Models\\User'),(8,1126,'App\\Models\\User'),(8,1127,'App\\Models\\User'),(8,1128,'App\\Models\\User'),(8,1129,'App\\Models\\User'),(8,1130,'App\\Models\\User'),(8,1131,'App\\Models\\User'),(8,1132,'App\\Models\\User'),(8,1133,'App\\Models\\User'),(8,1134,'App\\Models\\User'),(8,1135,'App\\Models\\User'),(8,1136,'App\\Models\\User'),(8,1137,'App\\Models\\User'),(8,1138,'App\\Models\\User'),(8,1141,'App\\Models\\User'),(8,1142,'App\\Models\\User'),(8,1143,'App\\Models\\User'),(8,1144,'App\\Models\\User'),(8,1145,'App\\Models\\User'),(8,1146,'App\\Models\\User'),(8,1147,'App\\Models\\User'),(8,1148,'App\\Models\\User'),(8,1150,'App\\Models\\User'),(8,1151,'App\\Models\\User'),(8,1152,'App\\Models\\User'),(8,1153,'App\\Models\\User'),(8,1154,'App\\Models\\User'),(8,1155,'App\\Models\\User'),(8,1156,'App\\Models\\User'),(8,1157,'App\\Models\\User'),(8,1158,'App\\Models\\User'),(8,1161,'App\\Models\\User'),(8,1162,'App\\Models\\User'),(8,1163,'App\\Models\\User'),(8,1164,'App\\Models\\User'),(8,1165,'App\\Models\\User'),(8,1166,'App\\Models\\User'),(8,1167,'App\\Models\\User'),(8,1168,'App\\Models\\User'),(8,1169,'App\\Models\\User'),(8,1170,'App\\Models\\User'),(8,1171,'App\\Models\\User'),(8,1172,'App\\Models\\User'),(8,1173,'App\\Models\\User'),(8,1174,'App\\Models\\User'),(8,1175,'App\\Models\\User'),(8,1176,'App\\Models\\User'),(8,1177,'App\\Models\\User'),(8,1178,'App\\Models\\User'),(8,1179,'App\\Models\\User'),(8,1180,'App\\Models\\User'),(8,1181,'App\\Models\\User'),(8,1182,'App\\Models\\User'),(8,1183,'App\\Models\\User'),(8,1184,'App\\Models\\User'),(8,1185,'App\\Models\\User'),(8,1186,'App\\Models\\User'),(8,1187,'App\\Models\\User'),(8,1188,'App\\Models\\User'),(8,1189,'App\\Models\\User'),(8,1190,'App\\Models\\User'),(8,1191,'App\\Models\\User'),(8,1192,'App\\Models\\User'),(8,1193,'App\\Models\\User'),(8,1194,'App\\Models\\User'),(8,1195,'App\\Models\\User'),(8,1196,'App\\Models\\User'),(8,1197,'App\\Models\\User'),(8,1198,'App\\Models\\User'),(8,1199,'App\\Models\\User'),(8,1200,'App\\Models\\User'),(8,1201,'App\\Models\\User'),(8,1202,'App\\Models\\User'),(8,1203,'App\\Models\\User'),(8,1204,'App\\Models\\User'),(8,1205,'App\\Models\\User'),(8,1206,'App\\Models\\User'),(8,1207,'App\\Models\\User'),(8,1208,'App\\Models\\User'),(8,1209,'App\\Models\\User'),(8,1210,'App\\Models\\User'),(8,1213,'App\\Models\\User'),(8,1214,'App\\Models\\User'),(8,1216,'App\\Models\\User'),(8,1217,'App\\Models\\User'),(8,1218,'App\\Models\\User'),(8,1219,'App\\Models\\User'),(8,1220,'App\\Models\\User'),(8,1221,'App\\Models\\User'),(8,1222,'App\\Models\\User'),(8,1223,'App\\Models\\User'),(8,1224,'App\\Models\\User'),(8,1226,'App\\Models\\User'),(8,1227,'App\\Models\\User'),(8,1228,'App\\Models\\User'),(8,1229,'App\\Models\\User'),(8,1230,'App\\Models\\User'),(8,1231,'App\\Models\\User'),(8,1232,'App\\Models\\User'),(8,1233,'App\\Models\\User'),(8,1234,'App\\Models\\User'),(8,1235,'App\\Models\\User'),(8,1236,'App\\Models\\User'),(8,1237,'App\\Models\\User'),(8,1238,'App\\Models\\User'),(8,1239,'App\\Models\\User'),(8,1240,'App\\Models\\User'),(8,1241,'App\\Models\\User'),(8,1242,'App\\Models\\User'),(8,1243,'App\\Models\\User'),(8,1244,'App\\Models\\User'),(8,1245,'App\\Models\\User'),(8,1246,'App\\Models\\User'),(8,1247,'App\\Models\\User'),(8,1248,'App\\Models\\User'),(8,1249,'App\\Models\\User'),(8,1250,'App\\Models\\User'),(8,1251,'App\\Models\\User'),(8,1252,'App\\Models\\User'),(8,1253,'App\\Models\\User'),(8,1254,'App\\Models\\User'),(8,1255,'App\\Models\\User'),(8,1256,'App\\Models\\User'),(8,1257,'App\\Models\\User'),(8,1258,'App\\Models\\User'),(8,1259,'App\\Models\\User'),(8,1260,'App\\Models\\User'),(8,1261,'App\\Models\\User'),(8,1262,'App\\Models\\User'),(8,1263,'App\\Models\\User'),(8,1264,'App\\Models\\User'),(8,1265,'App\\Models\\User'),(8,1266,'App\\Models\\User'),(8,1267,'App\\Models\\User'),(8,1268,'App\\Models\\User'),(8,1269,'App\\Models\\User'),(8,1270,'App\\Models\\User'),(8,1271,'App\\Models\\User'),(8,1272,'App\\Models\\User'),(8,1273,'App\\Models\\User'),(8,1274,'App\\Models\\User'),(8,1275,'App\\Models\\User'),(8,1276,'App\\Models\\User'),(8,1277,'App\\Models\\User'),(8,1278,'App\\Models\\User'),(8,1279,'App\\Models\\User'),(8,1280,'App\\Models\\User'),(8,1281,'App\\Models\\User'),(8,1282,'App\\Models\\User'),(8,1283,'App\\Models\\User'),(10,149,'App\\Models\\User'),(11,147,'App\\Models\\User'),(12,156,'App\\Models\\User'),(13,171,'App\\Models\\User');

--
-- Table structure for table `roles`
--

CREATE TABLE `roles` (
  `id` bigint unsigned NOT NULL AUTO_INCREMENT,
  `name` varchar(255) COLLATE utf8mb4_unicode_ci NOT NULL,
  `display_name` varchar(255) COLLATE utf8mb4_unicode_ci DEFAULT NULL,
  `description` varchar(255) COLLATE utf8mb4_unicode_ci DEFAULT NULL,
  `created_at` timestamp NULL DEFAULT NULL,
  `updated_at` timestamp NULL DEFAULT NULL,
  PRIMARY KEY (`id`),
  UNIQUE KEY `roles_name_unique` (`name`)
) ENGINE=InnoDB AUTO_INCREMENT=14 DEFAULT CHARSET=utf8mb4 COLLATE=utf8mb4_unicode_ci;

--
-- Dumping data for table `roles`
--

INSERT INTO `roles` (`id`, `name`, `display_name`, `description`, `created_at`, `updated_at`) VALUES (1,'super_admin','Super Admin','Super Admin','2022-06-21 09:32:18','2022-06-21 09:32:18'),(3,'admin','Admin','Admin','2022-06-21 09:32:18','2022-06-21 09:32:18'),(8,'clients',NULL,NULL,'2023-02-28 10:41:51','2023-02-28 10:41:51'),(10,'MOHAMAD',NULL,NULL,'2023-08-19 18:35:45','2023-08-19 18:35:45'),(11,'محمود شوكت',NULL,NULL,'2023-08-28 09:29:37','2023-08-28 09:29:37'),(12,'أ. كرم',NULL,NULL,'2023-09-02 15:54:30','2023-09-02 15:54:30'),(13,'call canter',NULL,NULL,'2023-09-11 21:12:39','2023-09-11 21:12:39');

--
-- Table structure for table `shipping_type_translations`
--

CREATE TABLE `shipping_type_translations` (
  `id` int unsigned NOT NULL AUTO_INCREMENT,
  `shipping_type_id` int unsigned NOT NULL,
  `title` varchar(255) COLLATE utf8mb4_unicode_ci DEFAULT NULL,
  `locale` varchar(255) COLLATE utf8mb4_unicode_ci NOT NULL,
  `created_at` timestamp NULL DEFAULT NULL,
  `updated_at` timestamp NULL DEFAULT NULL,
  PRIMARY KEY (`id`),
  UNIQUE KEY `shipping_type_translations_shipping_type_id_locale_unique` (`shipping_type_id`,`locale`)
) ENGINE=InnoDB DEFAULT CHARSET=utf8mb4 COLLATE=utf8mb4_unicode_ci;

--
-- Dumping data for table `shipping_type_translations`
--


--
-- Table structure for table `shipping_types`
--

CREATE TABLE `shipping_types` (
  `id` int unsigned NOT NULL AUTO_INCREMENT,
  `image` varchar(255) COLLATE utf8mb4_unicode_ci DEFAULT NULL,
  `type` int NOT NULL DEFAULT '0',
  `status` int NOT NULL DEFAULT '0',
  `created_at` timestamp NULL DEFAULT NULL,
  `updated_at` timestamp NULL DEFAULT NULL,
  PRIMARY KEY (`id`)
) ENGINE=InnoDB DEFAULT CHARSET=utf8mb4 COLLATE=utf8mb4_unicode_ci;

--
-- Dumping data for table `shipping_types`
--


--
-- Table structure for table `short_terms`
--

CREATE TABLE `short_terms` (
  `id` int unsigned NOT NULL AUTO_INCREMENT,
  `Ticket` varchar(255) COLLATE utf8mb4_unicode_ci NOT NULL,
  `AccountNo` varchar(255) COLLATE utf8mb4_unicode_ci NOT NULL,
  `Action` varchar(255) COLLATE utf8mb4_unicode_ci NOT NULL,
  `FirstSymbol` varchar(255) COLLATE utf8mb4_unicode_ci NOT NULL,
  `PriceCurrent` varchar(255) COLLATE utf8mb4_unicode_ci NOT NULL,
  `PriceOpen` varchar(255) COLLATE utf8mb4_unicode_ci NOT NULL,
  `PriceSL` varchar(255) COLLATE utf8mb4_unicode_ci NOT NULL,
  `PriceTP` varchar(255) COLLATE utf8mb4_unicode_ci NOT NULL,
  `Profit` varchar(255) COLLATE utf8mb4_unicode_ci NOT NULL,
  `SecondSymbol` varchar(255) COLLATE utf8mb4_unicode_ci NOT NULL,
  `Symbol` varchar(255) COLLATE utf8mb4_unicode_ci DEFAULT NULL,
  `Time` varchar(255) COLLATE utf8mb4_unicode_ci NOT NULL,
  `Volume` varchar(255) COLLATE utf8mb4_unicode_ci NOT NULL,
  `created_at` timestamp NULL DEFAULT NULL,
  `updated_at` timestamp NULL DEFAULT NULL,
  PRIMARY KEY (`id`)
) ENGINE=InnoDB DEFAULT CHARSET=utf8mb4 COLLATE=utf8mb4_unicode_ci;

--
-- Dumping data for table `short_terms`
--


--
-- Table structure for table `slider_translations`
--

CREATE TABLE `slider_translations` (
  `id` int unsigned NOT NULL AUTO_INCREMENT,
  `slider_id` int unsigned NOT NULL,
  `name` varchar(255) COLLATE utf8mb4_unicode_ci DEFAULT NULL,
  `content` varchar(255) COLLATE utf8mb4_unicode_ci DEFAULT NULL,
  `locale` varchar(255) COLLATE utf8mb4_unicode_ci NOT NULL,
  `created_at` timestamp NULL DEFAULT NULL,
  `updated_at` timestamp NULL DEFAULT NULL,
  PRIMARY KEY (`id`),
  UNIQUE KEY `slider_translations_slider_id_locale_unique` (`slider_id`,`locale`),
  KEY `slider_translations_locale_index` (`locale`)
) ENGINE=InnoDB AUTO_INCREMENT=9 DEFAULT CHARSET=utf8mb4 COLLATE=utf8mb4_unicode_ci;

--
-- Dumping data for table `slider_translations`
--

INSERT INTO `slider_translations` (`id`, `slider_id`, `name`, `content`, `locale`, `created_at`, `updated_at`) VALUES (1,8,'اختيار الوجبات','<p>اختر وجباتك من بين أكثر من 400 وجبة صحية، وهي متنوعة إلى أكثر من 12 صنف يومي من قائمة اشتراكاتي بعد الاشتراك.</p>','ar',NULL,NULL),(2,8,'Choice of meals','<pre>\r\nChoose your meals from more than 400 healthy meals, which are varied into more than 12 daily items from my subscription list after subscribing.\r\n</pre>\r\n\r\n<p>&nbsp;</p>','en',NULL,NULL),(3,4,NULL,NULL,'ar',NULL,NULL),(4,4,NULL,NULL,'en',NULL,NULL),(5,9,'طلبات يومية','<p>طلبات يومية سريعة التوصيل حار وطازج توصلك وين ماتكون باقل من 50 دقيقة&nbsp;</p>','ar',NULL,NULL),(6,9,'Daily order','<pre>\r\nFast daily orders, hot and fresh, delivered to you wherever you are in less than 50 minutes</pre>','en',NULL,NULL),(7,10,NULL,'<p>طلبات يومية سريعة التوصيل حار وطازج توصلك وين ماتكون باقل من 50 دقيقة&nbsp;</p>','ar',NULL,NULL),(8,10,NULL,'<pre>\r\nFast daily orders, hot and fresh, delivered to you wherever you are in less than 50 minutes</pre>','en',NULL,NULL);

--
-- Table structure for table `sliders`
--

CREATE TABLE `sliders` (
  `id` int unsigned NOT NULL AUTO_INCREMENT,
  `image` varchar(255) COLLATE utf8mb4_unicode_ci NOT NULL,
  `type` enum('none','category','product') COLLATE utf8mb4_unicode_ci NOT NULL DEFAULT 'none',
  `id_number` int DEFAULT NULL,
  `status` varchar(255) COLLATE utf8mb4_unicode_ci NOT NULL DEFAULT '1',
  `created_at` timestamp NULL DEFAULT NULL,
  `updated_at` timestamp NULL DEFAULT NULL,
  `banner` int DEFAULT '0',
  PRIMARY KEY (`id`)
) ENGINE=InnoDB AUTO_INCREMENT=11 DEFAULT CHARSET=utf8mb4 COLLATE=utf8mb4_unicode_ci;

--
-- Dumping data for table `sliders`
--

INSERT INTO `sliders` (`id`, `image`, `type`, `id_number`, `status`, `created_at`, `updated_at`, `banner`) VALUES (4,'167379-You are what you eat_edited.jpg','category',4444,'1','2022-11-08 09:06:43','2024-01-14 22:52:38',0),(5,'614197-Healthy Choice_edited.jpg','product',2,'1','2022-11-08 09:14:52','2024-01-14 22:52:53',1),(7,'807458-غذاءك أساس صحتك_edited.jpg','none',NULL,'1','2023-07-19 15:22:15','2024-01-14 22:53:10',0),(8,'656884-Untitled-1_03_edited.jpg','none',NULL,'1','2024-04-16 19:47:13','2024-05-27 22:00:47',2),(9,'832103-Untitled-1_05_edited.jpg','none',NULL,'1','2024-05-27 21:57:47','2024-05-27 22:01:54',2);

--
-- Table structure for table `subscribe_types`
--

CREATE TABLE `subscribe_types` (
  `id` bigint unsigned NOT NULL AUTO_INCREMENT,
  `subscription_id` bigint unsigned NOT NULL,
  `meals` int DEFAULT NULL,
  `snacks` int DEFAULT NULL,
  `created_at` timestamp NULL DEFAULT NULL,
  `updated_at` timestamp NULL DEFAULT NULL,
  `image` varchar(191) COLLATE utf8mb4_unicode_ci DEFAULT NULL,
  PRIMARY KEY (`id`),
  KEY `subscribe_types_subscription_id_foreign` (`subscription_id`),
  CONSTRAINT `subscribe_types_subscription_id_foreign` FOREIGN KEY (`subscription_id`) REFERENCES `subscriptions` (`id`) ON DELETE CASCADE
) ENGINE=InnoDB AUTO_INCREMENT=22 DEFAULT CHARSET=utf8mb4 COLLATE=utf8mb4_unicode_ci;

--
-- Dumping data for table `subscribe_types`
--

INSERT INTO `subscribe_types` (`id`, `subscription_id`, `meals`, `snacks`, `created_at`, `updated_at`, `image`) VALUES (4,4,2,1,'2023-04-09 12:18:04','2024-01-14 02:43:40','2024-01-14-1_edited.jpg'),(7,4,3,1,'2023-05-02 04:42:12','2024-01-14 02:43:53','2024-01-14-2_edited.jpg'),(8,4,4,1,'2023-05-02 04:42:29','2024-01-14 02:44:06','2024-01-14-3_edited.jpg'),(9,4,5,1,'2023-05-02 10:02:05','2024-01-14 02:44:19','2024-01-14-4_edited.jpg'),(10,19,2,1,'2023-05-02 10:02:36','2024-01-14 02:44:31','2024-01-14-1_edited.jpg'),(11,19,3,1,'2023-05-02 10:03:13','2024-01-14 02:44:43','2024-01-14-2_edited.jpg'),(12,19,4,1,'2023-05-02 10:03:56','2024-01-14 02:44:58','2024-01-14-3_edited.jpg'),(13,19,5,1,'2023-05-02 10:04:42','2024-01-14 02:45:11','2024-01-14-4_edited.jpg'),(14,20,2,1,'2023-05-02 10:05:12','2024-01-14 02:45:46','2024-01-14-1_edited.jpg'),(15,20,3,1,'2023-05-02 10:05:39','2024-01-14 02:45:33','2024-01-14-2_edited.jpg'),(16,20,4,1,'2023-05-02 10:06:20','2024-01-14 02:46:03','2024-01-14-3_edited.jpg'),(17,20,5,1,'2023-05-02 10:06:42','2024-01-14 02:46:16','2024-01-14-4_edited.jpg'),(18,21,2,1,'2023-05-02 10:07:46','2023-05-02 10:07:46','2023-05-02-0e40e63c-ecb6-461c-96be-cb2a13c8c11b.JPG'),(19,21,3,1,'2023-05-02 10:08:17','2023-05-02 10:08:17','2023-05-02-39e12f5b-4d8a-4f66-aa3b-d0dc6318a0cc.JPG'),(20,21,4,1,'2023-05-02 10:08:47','2023-05-02 10:08:47','2023-05-02-097f12f4-021b-4b8a-8c75-a1c96242c5b6.JPG'),(21,21,5,1,'2023-05-02 10:09:14','2023-05-02 10:09:35','2023-05-02-d0f40752-b343-4fc7-93ed-61dae60b57e8.JPG');

--
-- Table structure for table `subscription_days`
--

CREATE TABLE `subscription_days` (
  `id` bigint unsigned NOT NULL AUTO_INCREMENT,
  `subscription_type_id` bigint unsigned NOT NULL,
  `amount` decimal(8,2) DEFAULT NULL,
  `day` int DEFAULT NULL,
  `boxes` varchar(191) COLLATE utf8mb4_unicode_ci DEFAULT NULL,
  `created_at` timestamp NULL DEFAULT NULL,
  `updated_at` timestamp NULL DEFAULT NULL,
  PRIMARY KEY (`id`),
  KEY `subscription_days_subscription_id_foreign` (`subscription_type_id`),
  CONSTRAINT `subscription_days_subscription_id_foreign` FOREIGN KEY (`subscription_type_id`) REFERENCES `subscribe_types` (`id`) ON DELETE CASCADE
) ENGINE=InnoDB AUTO_INCREMENT=266 DEFAULT CHARSET=utf8mb4 COLLATE=utf8mb4_unicode_ci;

--
-- Dumping data for table `subscription_days`
--

INSERT INTO `subscription_days` (`id`, `subscription_type_id`, `amount`, `day`, `boxes`, `created_at`, `updated_at`) VALUES (109,18,8.25,1,'1','2023-05-02 10:07:46','2024-02-19 18:14:15'),(110,18,80.00,14,'12','2023-05-02 10:07:46','2024-02-19 18:14:15'),(111,18,145.00,30,'26','2023-05-02 10:07:46','2024-02-19 18:14:15'),(112,19,10.25,1,'1','2023-05-02 10:08:17','2024-02-19 18:15:59'),(113,19,100.00,14,'12','2023-05-02 10:08:17','2024-02-19 18:15:59'),(114,19,175.00,30,'26','2023-05-02 10:08:17','2024-02-19 18:15:59'),(115,20,12.25,1,'1','2023-05-02 10:08:47','2024-02-19 18:16:16'),(116,20,110.00,14,'12','2023-05-02 10:08:47','2024-02-19 18:16:16'),(117,20,195.00,30,'26','2023-05-02 10:08:47','2024-02-19 18:16:16'),(121,21,15.25,1,'1','2023-05-02 10:09:35','2024-02-19 18:16:26'),(122,21,120.00,14,'12','2023-05-02 10:09:35','2024-02-19 18:16:26'),(123,21,210.00,30,'26','2023-05-02 10:09:35','2024-02-19 18:16:26'),(158,7,10.25,1,'1','2023-07-17 15:48:39','2024-01-14 02:43:53'),(159,7,90.00,14,'12','2023-07-17 15:48:39','2024-01-14 02:43:53'),(160,7,165.00,30,'26','2023-07-17 15:48:39','2024-01-14 02:43:53'),(161,8,12.25,1,'1','2023-07-17 15:49:02','2024-01-14 02:44:06'),(162,8,100.00,14,'12','2023-07-17 15:49:02','2024-01-14 02:44:06'),(163,8,185.00,30,'26','2023-07-17 15:49:02','2024-01-14 02:44:06'),(164,9,15.25,1,'1','2023-07-17 15:49:28','2024-01-14 02:44:19'),(165,9,110.00,14,'12','2023-07-17 15:49:28','2024-01-14 02:44:19'),(166,9,205.00,30,'26','2023-07-17 15:49:28','2024-01-14 02:44:19'),(233,15,12.25,1,'1','2023-09-12 22:28:21','2024-01-14 02:45:33'),(234,15,110.00,14,'12','2023-09-12 22:28:21','2024-01-14 02:45:33'),(235,15,195.00,30,'26','2023-09-12 22:28:21','2024-01-14 02:45:33'),(236,14,10.25,1,'1','2023-09-12 22:28:37','2024-01-14 02:45:46'),(237,14,100.00,14,'12','2023-09-12 22:28:37','2024-01-14 02:45:46'),(238,14,165.00,30,'26','2023-09-12 22:28:37','2024-01-14 02:45:46'),(239,16,14.25,1,'1','2023-09-12 22:29:08','2024-01-14 02:46:03'),(240,16,120.00,14,'12','2023-09-12 22:29:08','2024-01-14 02:46:03'),(241,16,215.00,30,'26','2023-09-12 22:29:08','2024-01-14 02:46:03'),(248,10,145.00,30,'26','2023-09-12 22:29:45','2024-01-14 02:44:31'),(249,10,90.00,14,'12','2023-09-12 22:29:45','2024-01-14 02:44:31'),(250,10,9.25,1,'1','2023-09-12 22:29:45','2024-01-14 02:44:31'),(251,11,11.25,1,'1','2023-09-12 22:30:00','2024-01-14 02:44:43'),(252,11,100.00,14,'12','2023-09-12 22:30:00','2024-01-14 02:44:43'),(253,11,175.00,30,'26','2023-09-12 22:30:00','2024-01-14 02:44:43'),(254,12,13.25,1,'1','2023-09-12 22:30:18','2024-01-14 02:44:58'),(255,12,110.00,14,'12','2023-09-12 22:30:18','2024-01-14 02:44:58'),(256,12,195.00,30,'26','2023-09-12 22:30:18','2024-01-14 02:44:58'),(257,13,15.25,1,'1','2023-09-12 22:30:30','2024-01-14 02:45:11'),(258,13,120.00,14,'12','2023-09-12 22:30:30','2024-01-14 02:45:11'),(259,13,215.00,30,'26','2023-09-12 22:30:30','2024-01-14 02:45:11'),(260,17,16.25,1,'1','2023-09-12 22:30:43','2024-01-14 02:46:16'),(261,17,120.00,14,'12','2023-09-12 22:30:43','2024-01-14 02:46:16'),(262,17,230.00,30,'26','2023-09-12 22:30:43','2024-01-14 02:46:16'),(263,4,8.25,1,'1','2023-09-13 00:00:49','2024-01-14 02:43:40'),(264,4,80.00,14,'12','2023-09-13 00:00:49','2024-01-14 02:43:40'),(265,4,135.00,30,'26','2023-09-13 00:00:49','2024-01-14 02:43:40');

--
-- Table structure for table `subscription_orders`
--

CREATE TABLE `subscription_orders` (
  `id` bigint unsigned NOT NULL AUTO_INCREMENT,
  `order_number` varchar(191) COLLATE utf8mb4_unicode_ci DEFAULT NULL,
  `user_id` int unsigned NOT NULL,
  `menu_id` bigint unsigned DEFAULT NULL,
  `subscription_id` bigint unsigned DEFAULT NULL,
  `address_id` int DEFAULT NULL,
  `date` date NOT NULL,
  `days` varchar(255) COLLATE utf8mb4_unicode_ci NOT NULL,
  `original_days` varchar(191) COLLATE utf8mb4_unicode_ci DEFAULT NULL,
  `status` varchar(255) COLLATE utf8mb4_unicode_ci DEFAULT NULL,
  `salary` double NOT NULL DEFAULT '0',
  `payment_id` int DEFAULT NULL,
  `created_at` timestamp NULL DEFAULT NULL,
  `updated_at` timestamp NULL DEFAULT NULL,
  `subscribe_type_id` int DEFAULT NULL,
  `extrasnack_id` int DEFAULT NULL,
  `expireDate` date DEFAULT NULL,
  `RestartDate` date DEFAULT NULL,
  `remaining_days` int DEFAULT NULL,
  `active` int NOT NULL DEFAULT '1',
  `change_address` date DEFAULT NULL,
  `new_address_id` int DEFAULT NULL,
  `payment_method` varchar(11) COLLATE utf8mb4_unicode_ci DEFAULT NULL,
  `inCart` int NOT NULL DEFAULT '0',
  `mac_address` varchar(191) COLLATE utf8mb4_unicode_ci DEFAULT NULL,
  `discount_price` varchar(191) COLLATE utf8mb4_unicode_ci DEFAULT NULL,
  `dicount_value` varchar(191) COLLATE utf8mb4_unicode_ci DEFAULT NULL,
  `discount_name` varchar(111) COLLATE utf8mb4_unicode_ci DEFAULT NULL,
  `subscribe_start` varchar(191) COLLATE utf8mb4_unicode_ci DEFAULT NULL,
  `subscribe_expire` varchar(191) COLLATE utf8mb4_unicode_ci DEFAULT NULL,
  `subsribe_restore` varchar(191) COLLATE utf8mb4_unicode_ci DEFAULT NULL,
  PRIMARY KEY (`id`),
  KEY `subscription_orders_user_id_foreign` (`user_id`),
  KEY `subscription_orders_menu_id_foreign` (`menu_id`),
  KEY `subscription_orders_subscription_id_foreign` (`subscription_id`),
  CONSTRAINT `subscription_orders_menu_id_foreign` FOREIGN KEY (`menu_id`) REFERENCES `menus` (`id`) ON DELETE CASCADE,
  CONSTRAINT `subscription_orders_subscription_id_foreign` FOREIGN KEY (`subscription_id`) REFERENCES `subscriptions` (`id`) ON DELETE CASCADE,
  CONSTRAINT `subscription_orders_user_id_foreign` FOREIGN KEY (`user_id`) REFERENCES `users` (`id`) ON DELETE CASCADE
) ENGINE=InnoDB AUTO_INCREMENT=834 DEFAULT CHARSET=utf8mb4 COLLATE=utf8mb4_unicode_ci;

--
-- Dumping data for table `subscription_orders`
--

INSERT INTO `subscription_orders` (`id`, `order_number`, `user_id`, `menu_id`, `subscription_id`, `address_id`, `date`, `days`, `original_days`, `status`, `salary`, `payment_id`, `created_at`, `updated_at`, `subscribe_type_id`, `extrasnack_id`, `expireDate`, `RestartDate`, `remaining_days`, `active`, `change_address`, `new_address_id`, `payment_method`, `inCart`, `mac_address`, `discount_price`, `dicount_value`, `discount_name`, `subscribe_start`, `subscribe_expire`, `subsribe_restore`) VALUES (1,'762416',161,8,4,71,'2023-09-17','14',NULL,'pending',87,NULL,'2023-09-13 20:00:24','2023-10-18 12:31:02',4,71,NULL,NULL,NULL,0,NULL,NULL,'1',1,NULL,NULL,NULL,NULL,NULL,NULL,NULL),(3,'50923',186,7,19,112,'2023-09-19','1',NULL,'pending',13.25,NULL,'2023-09-17 07:12:00','2023-10-18 12:31:02',11,78,NULL,NULL,NULL,0,NULL,NULL,'2',1,NULL,NULL,NULL,NULL,NULL,NULL,NULL),(16,'212609',189,7,19,119,'2023-09-24','30',NULL,'pending',195,NULL,'2023-09-18 23:19:32','2023-10-23 00:00:02',12,NULL,NULL,NULL,NULL,0,NULL,NULL,'1',1,NULL,NULL,NULL,NULL,NULL,NULL,NULL),(18,'444921',192,7,19,122,'2023-09-23','30',NULL,'pending',175,NULL,'2023-09-20 17:46:35','2023-10-22 00:00:02',11,NULL,NULL,NULL,NULL,0,NULL,NULL,'2',1,NULL,NULL,NULL,NULL,NULL,NULL,NULL),(20,'268662',193,7,19,127,'2023-09-22','30',NULL,'pending',205,NULL,'2023-09-20 18:14:40','2023-10-21 00:00:02',12,83,NULL,NULL,NULL,0,NULL,NULL,'2',1,NULL,'190.650','7',NULL,NULL,NULL,NULL),(21,'220089',194,7,19,128,'2023-09-24','30',NULL,'pending',175,NULL,'2023-09-21 03:35:47','2023-10-23 00:00:02',11,NULL,NULL,NULL,NULL,0,NULL,NULL,'2',1,NULL,NULL,NULL,NULL,NULL,NULL,NULL),(22,'305455',188,9,20,130,'2023-09-23','30',NULL,'pending',195,NULL,'2023-09-21 13:38:57','2023-10-22 00:00:02',15,NULL,NULL,NULL,NULL,0,NULL,NULL,'2',1,NULL,NULL,NULL,NULL,NULL,NULL,NULL),(25,'326152',207,9,20,139,'2023-10-29','8',NULL,'pending',215,NULL,'2023-09-22 13:41:00','2023-11-05 00:00:02',16,NULL,NULL,NULL,8,0,NULL,NULL,'2',1,NULL,'199.950','7',NULL,NULL,NULL,NULL),(26,'314255',210,8,4,143,'2023-09-30','30',NULL,'pending',165,NULL,'2023-09-24 13:18:10','2023-10-29 00:00:02',7,6,NULL,NULL,NULL,0,NULL,NULL,'2',1,NULL,'156.750','5',NULL,NULL,NULL,NULL),(27,'627866',212,7,19,146,'2023-09-26','30',NULL,'pending',175,NULL,'2023-09-24 14:06:21','2023-10-25 00:00:02',11,NULL,NULL,NULL,NULL,0,NULL,NULL,'2',1,NULL,'166.250','5',NULL,NULL,NULL,NULL),(28,'820291',213,7,19,147,'2023-09-27','1',NULL,'pending',9.25,NULL,'2023-09-25 00:15:06','2023-09-28 00:00:03',10,NULL,NULL,NULL,NULL,0,NULL,NULL,'1',1,NULL,NULL,NULL,NULL,NULL,NULL,NULL),(33,'242578',206,9,20,138,'2023-11-04','3',NULL,'pending',175,NULL,'2023-09-25 22:29:09','2023-11-18 23:05:03',14,101,NULL,NULL,NULL,0,NULL,NULL,'3',1,NULL,'157.500','10',NULL,NULL,NULL,NULL),(34,'911282',219,7,19,159,'2023-10-01','30',NULL,'pending',175,NULL,'2023-09-26 21:50:55','2023-10-30 00:00:02',11,NULL,NULL,NULL,NULL,0,NULL,NULL,'3',1,NULL,NULL,NULL,NULL,NULL,NULL,NULL),(35,'760846',220,8,4,160,'2023-09-29','30',NULL,'pending',165,NULL,'2023-09-27 08:48:33','2023-10-28 00:00:02',7,NULL,NULL,NULL,NULL,0,NULL,NULL,'2',1,NULL,'153.450','7',NULL,NULL,NULL,NULL),(36,'567917',222,8,4,163,'2023-10-01','1',NULL,'pending',10.25,NULL,'2023-09-29 09:40:48','2023-10-18 12:31:02',7,NULL,NULL,NULL,NULL,0,NULL,NULL,'2',1,NULL,NULL,NULL,NULL,NULL,NULL,NULL),(37,'369512',223,8,4,164,'2023-10-01','14',NULL,'pending',100,NULL,'2023-09-29 10:56:16','2023-10-18 12:31:02',8,NULL,NULL,NULL,NULL,0,NULL,NULL,'2',1,NULL,NULL,NULL,NULL,NULL,NULL,NULL),(39,'140117',230,9,20,170,'2023-10-03','14',NULL,'pending',117,NULL,'2023-10-01 08:34:13','2023-10-18 12:31:02',15,91,NULL,NULL,NULL,0,NULL,NULL,'2',1,NULL,NULL,NULL,NULL,NULL,NULL,NULL),(40,'70728',232,9,20,172,'2023-10-08','30',NULL,'pending',195,NULL,'2023-10-01 12:21:46','2023-11-06 00:00:02',15,NULL,NULL,NULL,NULL,0,NULL,NULL,'2',1,NULL,'185.250','5',NULL,NULL,NULL,NULL),(41,'967522',224,9,20,166,'2023-10-29','4',NULL,'pending',195,NULL,'2023-10-01 14:00:34','2023-11-01 00:00:04',15,92,NULL,NULL,4,0,NULL,NULL,'2',1,NULL,'181.350','7',NULL,NULL,NULL,NULL),(42,'654330',239,9,20,176,'2023-10-07','14',NULL,'pending',120,NULL,'2023-10-01 23:01:20','2023-10-20 00:00:02',16,NULL,NULL,NULL,NULL,0,NULL,NULL,'2',1,NULL,NULL,NULL,NULL,NULL,NULL,NULL),(44,'203232',246,8,4,162,'2023-10-05','30',NULL,'pending',165,NULL,'2023-10-02 20:13:16','2023-11-03 00:00:04',7,NULL,NULL,NULL,NULL,0,NULL,NULL,'2',1,NULL,NULL,NULL,NULL,NULL,NULL,NULL),(45,'590025',249,8,4,186,'2023-10-07','1',NULL,'pending',12.25,NULL,'2023-10-04 10:01:01','2023-10-18 12:31:02',8,NULL,NULL,NULL,NULL,0,NULL,NULL,'2',1,NULL,NULL,NULL,NULL,NULL,NULL,NULL),(47,'103119',252,8,4,194,'2023-10-07','30',NULL,'pending',175,NULL,'2023-10-05 14:16:32','2023-11-05 00:00:02',7,6,NULL,NULL,NULL,0,NULL,NULL,'2',1,NULL,'162.750','7',NULL,NULL,NULL,NULL),(50,'942170',257,8,4,198,'2023-10-08','30',NULL,'pending',165,NULL,'2023-10-05 20:16:34','2023-11-06 00:00:02',7,NULL,NULL,NULL,NULL,0,NULL,NULL,'2',1,NULL,'153.450','7',NULL,NULL,NULL,NULL),(52,'685362',260,8,4,203,'2023-11-11','5',NULL,'pending',165,NULL,'2023-10-06 21:53:55','2023-11-18 23:05:03',7,NULL,NULL,NULL,NULL,0,NULL,NULL,'3',1,NULL,NULL,NULL,NULL,NULL,NULL,NULL),(54,'638820',249,8,4,186,'2023-10-09','30',NULL,'pending',175,NULL,'2023-10-07 17:08:52','2023-11-07 00:00:02',7,6,NULL,NULL,NULL,0,NULL,NULL,'2',1,NULL,NULL,NULL,NULL,NULL,NULL,NULL),(60,'922425',263,7,19,226,'2023-10-14','14','14','pending',110,NULL,'2023-10-10 16:21:07','2023-10-27 00:00:02',12,NULL,NULL,NULL,NULL,0,NULL,NULL,'2',1,NULL,'104.500','5',NULL,NULL,NULL,NULL),(61,'665992',269,8,4,227,'2023-10-12','14','14','pending',90,NULL,'2023-10-10 17:08:33','2023-10-25 00:00:02',7,NULL,NULL,NULL,NULL,0,NULL,NULL,'2',1,NULL,NULL,NULL,NULL,NULL,NULL,NULL),(62,'572830',270,8,4,228,'2023-10-12','14','14','pending',90,NULL,'2023-10-10 17:29:20','2023-10-25 00:00:02',7,NULL,NULL,NULL,NULL,0,NULL,NULL,'2',1,NULL,NULL,NULL,NULL,NULL,NULL,NULL),(63,'793482',268,7,19,225,'2023-10-12','14','14','pending',90,NULL,'2023-10-10 20:43:37','2023-10-25 00:00:02',10,NULL,NULL,NULL,NULL,0,NULL,NULL,'12',1,NULL,'83.700','7',NULL,NULL,NULL,NULL),(64,'284034',262,8,4,215,'2023-10-13','30','30','pending',185,NULL,'2023-10-11 09:49:21','2023-11-11 00:00:04',8,NULL,NULL,NULL,NULL,0,NULL,NULL,'2',1,NULL,'172.050','7',NULL,NULL,NULL,NULL),(65,'835210',276,7,19,239,'2023-10-15','30','30','pending',185,NULL,'2023-10-13 23:03:52','2023-11-13 00:00:03',11,80,NULL,NULL,NULL,0,NULL,NULL,'2',1,NULL,'157.250','15','Oct13',NULL,NULL,NULL),(66,'963951',278,8,4,242,'2023-11-19','1','30','pending',165,NULL,'2023-10-14 14:53:05','2023-11-19 00:00:02',7,NULL,NULL,NULL,NULL,0,NULL,NULL,'2',1,NULL,'140.250','15','OCT13',NULL,NULL,NULL),(67,'360956',277,8,4,243,'2023-11-19','1','30','pending',135,NULL,'2023-10-14 15:14:26','2023-11-19 00:00:02',4,NULL,NULL,NULL,NULL,0,NULL,NULL,'12',1,NULL,'114.750','15','OCT13',NULL,NULL,NULL),(69,'74611',283,9,20,248,'2023-10-17','30','30','pending',195,NULL,'2023-10-15 00:43:03','2023-11-15 00:00:04',15,NULL,NULL,NULL,NULL,0,NULL,NULL,'12',1,NULL,'165.750','15','Oct13',NULL,NULL,NULL),(70,'288849',221,7,19,249,'2023-10-17','30','30','pending',175,NULL,'2023-10-15 01:32:49','2023-11-15 00:00:04',11,NULL,NULL,NULL,NULL,0,NULL,NULL,'2',1,NULL,'148.750','15','oct13',NULL,NULL,NULL),(71,'836190',284,8,4,250,'2023-10-17','30','30','pending',165,NULL,'2023-10-15 10:19:28','2023-11-15 00:00:04',7,NULL,NULL,NULL,NULL,0,NULL,NULL,'2',1,NULL,'140.250','15','oct13',NULL,NULL,NULL),(72,'749288',274,8,4,235,'2023-10-18','1','1','pending',10.25,NULL,'2023-10-16 18:51:27','2023-10-18 12:34:01',4,72,NULL,NULL,NULL,0,NULL,NULL,'12',1,NULL,'8.713','15','OCT13',NULL,NULL,NULL),(76,'933400',295,7,19,267,'2023-10-21','30','30','pending',175,NULL,'2023-10-19 20:48:28','2023-11-19 00:00:02',11,NULL,NULL,NULL,NULL,0,NULL,NULL,'2',1,NULL,'148.750','15','Oct13',NULL,NULL,NULL),(77,'379336',299,7,19,245,'2023-10-24','1','1','pending',9.25,NULL,'2023-10-21 01:16:47','2023-10-24 00:00:02',10,NULL,NULL,NULL,NULL,0,NULL,NULL,'2',1,NULL,'7.863','15','Oct13',NULL,NULL,NULL),(78,'596853',298,7,19,270,'2023-10-24','30','30','pending',175,NULL,'2023-10-22 09:49:15','2023-11-22 00:00:03',11,NULL,NULL,NULL,NULL,0,NULL,NULL,'12',1,NULL,'162.750','7','Khalafz',NULL,NULL,NULL),(79,'493320',307,8,4,277,'2023-10-24','14','14','pending',80,NULL,'2023-10-22 15:43:12','2023-11-06 00:00:02',4,NULL,NULL,NULL,NULL,0,NULL,NULL,'2',1,NULL,'68.000','15','oct13',NULL,NULL,NULL),(80,'469336',262,8,4,215,'2023-11-19','25','30','pending',185,NULL,'2023-10-22 16:37:26','2023-12-13 00:00:03',8,9,NULL,NULL,NULL,0,NULL,NULL,'12',1,NULL,'157.250','15','oct13',NULL,NULL,NULL),(81,'402949',308,7,19,279,'2023-10-24','30','30','pending',195,NULL,'2023-10-22 18:43:57','2023-11-22 00:00:03',12,NULL,NULL,NULL,NULL,0,NULL,NULL,'2',1,NULL,NULL,NULL,NULL,NULL,NULL,NULL),(82,'815488',315,8,4,284,'2023-10-25','30','30','pending',135,NULL,'2023-10-23 12:29:26','2023-11-23 00:00:03',4,NULL,NULL,NULL,NULL,0,NULL,NULL,'2',1,NULL,'114.750','15','Oct13',NULL,NULL,NULL),(83,'758351',286,8,4,255,'2023-10-25','14','14','pending',80,NULL,'2023-10-23 15:20:04','2023-11-07 00:00:02',4,NULL,NULL,NULL,NULL,0,NULL,NULL,'2',1,NULL,'74.400','7','Fjs',NULL,NULL,NULL),(84,'438428',270,8,4,228,'2023-10-29','30','30','pending',165,NULL,'2023-10-23 20:25:13','2023-11-27 00:00:03',7,NULL,NULL,NULL,NULL,0,NULL,NULL,'2',1,NULL,'140.250','15','oct13',NULL,NULL,NULL),(85,'322990',269,8,4,227,'2023-10-28','30','30','pending',165,NULL,'2023-10-23 20:26:04','2023-11-26 00:00:05',7,NULL,NULL,NULL,NULL,0,NULL,NULL,'2',1,NULL,'140.250','15',NULL,NULL,NULL,NULL),(86,'457248',265,8,4,217,'2023-10-26','30','30','pending',135,NULL,'2023-10-24 16:03:42','2023-11-24 00:00:03',4,NULL,NULL,NULL,NULL,0,NULL,NULL,'12',1,NULL,'125.550','7','fjs',NULL,NULL,NULL),(87,'353414',320,8,4,294,'2023-10-28','30','30','pending',135,NULL,'2023-10-24 21:29:42','2023-11-26 00:00:05',4,NULL,NULL,NULL,NULL,0,NULL,NULL,'12',1,NULL,'128.250','5','oct23',NULL,NULL,NULL),(88,'274730',322,8,4,295,'2023-10-28','30','30','pending',135,NULL,'2023-10-25 11:30:15','2023-11-26 00:00:05',4,NULL,NULL,NULL,NULL,0,NULL,NULL,'2',1,NULL,'125.550','7','fjs',NULL,NULL,NULL),(89,'603697',323,8,4,296,'2023-11-11','22','30','pending',165,NULL,'2023-10-25 15:11:49','2023-12-02 00:00:03',7,NULL,NULL,NULL,NULL,0,NULL,NULL,'3',1,NULL,'153.450','7','fjs',NULL,NULL,NULL),(90,'388818',324,8,4,297,'2023-10-28','14','14','pending',100,NULL,'2023-10-25 17:17:21','2023-11-10 00:00:04',8,8,NULL,NULL,NULL,0,NULL,NULL,'2',1,NULL,'95.000','5','oct23',NULL,NULL,NULL),(91,'248717',327,7,19,301,'2023-10-30','30','30','pending',185,NULL,'2023-10-26 15:33:52','2023-11-28 00:00:02',11,80,NULL,NULL,NULL,0,NULL,NULL,'12',1,NULL,'157.250','15','OCT13',NULL,NULL,NULL),(92,'319436',318,7,19,291,'2023-10-28','30','30','pending',175,NULL,'2023-10-26 19:27:51','2023-11-26 00:00:05',11,NULL,NULL,NULL,NULL,0,NULL,NULL,'2',1,NULL,'166.250','5','oct23',NULL,NULL,NULL),(93,'180782',333,8,4,308,'2023-10-30','30','30','pending',165,NULL,'2023-10-28 10:08:57','2023-11-28 00:00:02',7,NULL,NULL,NULL,NULL,0,NULL,NULL,'12',1,NULL,NULL,NULL,NULL,NULL,NULL,NULL),(94,'854431',326,8,4,310,'2023-12-03','4','30','pending',165,NULL,'2023-10-28 11:11:35','2023-12-06 00:00:02',7,NULL,NULL,NULL,NULL,0,NULL,NULL,'3',1,NULL,'156.750','5','oct23',NULL,'2023-11-30','2023-12-03'),(97,'952713',335,7,19,313,'2023-11-25','8','30','pending',175,NULL,'2023-10-29 07:43:09','2023-12-02 00:00:03',11,NULL,NULL,NULL,NULL,0,NULL,NULL,'2',1,NULL,'148.750','15','OCT13',NULL,NULL,NULL),(98,'598422',338,7,19,315,'2023-11-01','1','1','pending',17.25,NULL,'2023-10-29 12:45:42','2023-11-01 00:00:04',13,84,NULL,NULL,NULL,0,NULL,NULL,'3',1,NULL,NULL,NULL,NULL,NULL,NULL,NULL),(99,'704959',340,7,19,316,'2023-10-31','30','30','pending',155,NULL,'2023-10-29 19:20:36','2023-11-29 00:00:03',10,77,NULL,NULL,NULL,0,NULL,NULL,'2',1,NULL,'147.250','5','oct23',NULL,NULL,NULL),(100,'529821',344,8,4,320,'2023-11-01','30','30','pending',135,NULL,'2023-10-30 16:08:31','2023-11-30 00:00:02',4,NULL,NULL,NULL,NULL,0,NULL,NULL,'3',1,NULL,'114.750','15','oct13',NULL,NULL,NULL),(101,'217425',345,9,20,323,'2023-11-19','16','30','pending',215,NULL,'2023-10-30 19:33:45','2023-12-04 00:00:03',16,NULL,NULL,NULL,NULL,0,NULL,NULL,'2',1,NULL,'193.500','10','Khs662',NULL,NULL,NULL),(102,'322594',347,7,19,329,'2023-12-02','30','30','pending',185,NULL,'2023-11-01 13:50:30','2023-11-01 13:50:30',11,80,NULL,NULL,NULL,0,NULL,NULL,'2',1,NULL,'157.250','15','oct13',NULL,NULL,NULL),(103,'460098',207,7,19,332,'2023-11-06','14','14','pending',110,NULL,'2023-11-02 16:20:09','2023-11-19 00:00:03',12,NULL,NULL,NULL,NULL,0,NULL,NULL,'12',1,NULL,'102.300','7',NULL,NULL,NULL,NULL),(104,'159276',351,8,4,335,'2023-11-05','30','30','pending',135,NULL,'2023-11-03 18:47:32','2023-12-04 00:00:03',4,NULL,NULL,NULL,NULL,0,NULL,NULL,'12',1,NULL,NULL,NULL,NULL,NULL,NULL,NULL),(105,'13775',224,9,20,166,'2023-11-05','30','30','pending',195,NULL,'2023-11-03 22:57:49','2023-12-04 00:00:03',15,NULL,NULL,NULL,NULL,0,NULL,NULL,'2',1,NULL,'181.350','7','Abo23',NULL,NULL,NULL),(106,'472598',349,8,4,326,'2023-12-04','8','30','pending',165,NULL,'2023-11-04 07:10:57','2023-12-11 00:00:03',7,NULL,NULL,NULL,NULL,0,NULL,NULL,'12',1,NULL,'140.250','15','oct13',NULL,'2023-11-30','2023-12-04'),(107,'827836',292,7,19,336,'2023-11-06','30','30','pending',195,NULL,'2023-11-04 16:05:44','2023-12-05 00:00:02',12,NULL,NULL,NULL,NULL,0,NULL,NULL,'12',1,NULL,NULL,NULL,NULL,NULL,NULL,NULL),(108,'40281',206,9,20,138,'2023-11-07','30','30','pending',165,NULL,'2023-11-05 21:05:58','2023-12-06 00:00:02',14,NULL,NULL,NULL,NULL,0,NULL,NULL,'12',1,NULL,'148.500','10','Khs662',NULL,NULL,NULL),(110,'630200',249,8,4,186,'2023-11-08','30','30','pending',165,NULL,'2023-11-06 20:20:59','2023-12-07 00:00:02',7,NULL,NULL,NULL,NULL,0,NULL,NULL,'12',1,NULL,NULL,NULL,NULL,NULL,NULL,NULL),(111,'290727',357,7,19,346,'2023-11-09','30','30','pending',195,NULL,'2023-11-07 21:46:58','2023-12-08 00:00:03',12,NULL,NULL,NULL,NULL,0,NULL,NULL,'2',1,NULL,'175.500','10','nov23',NULL,NULL,NULL),(112,'693921',358,8,4,349,'2023-11-11','30','30','pending',165,NULL,'2023-11-07 23:15:54','2023-12-10 00:00:02',7,NULL,NULL,NULL,NULL,0,NULL,NULL,'3',1,NULL,'153.450','7','Fjs',NULL,NULL,NULL),(113,'383963',361,8,4,352,'2023-11-12','30','30','pending',165,NULL,'2023-11-08 08:14:35','2023-12-11 00:00:03',7,NULL,NULL,NULL,NULL,0,NULL,NULL,'2',1,NULL,'153.450','7','fjs',NULL,NULL,NULL),(114,'705897',312,9,20,283,'2023-11-20','24','30','pending',215,NULL,'2023-11-08 19:28:42','2023-12-13 00:00:03',16,NULL,NULL,NULL,NULL,0,NULL,NULL,'2',1,NULL,'182.750','15','oct13',NULL,NULL,NULL),(115,'584344',356,8,4,363,'2023-11-12','30','30','pending',165,NULL,'2023-11-09 21:46:21','2023-12-11 00:00:03',7,NULL,NULL,NULL,NULL,0,'2023-11-11',363,'2',1,NULL,'148.500','10','Nov23',NULL,NULL,NULL),(116,'787074',252,8,4,194,'2023-11-12','30','30','pending',175,NULL,'2023-11-10 13:59:00','2023-12-11 00:00:03',7,6,NULL,NULL,NULL,0,NULL,NULL,'2',1,NULL,'162.750','7',NULL,NULL,NULL,NULL),(117,'525275',365,8,4,294,'2023-11-12','30','30','pending',135,NULL,'2023-11-10 18:52:31','2023-12-11 00:00:03',4,NULL,NULL,NULL,NULL,0,NULL,NULL,'12',1,NULL,'121.500','10','Nov23',NULL,NULL,NULL),(118,'985758',369,8,4,321,'2023-11-13','30','30','pending',145,NULL,'2023-11-11 03:31:06','2023-11-26 17:53:02',4,73,'2023-11-27',NULL,16,0,NULL,NULL,'12',1,NULL,NULL,NULL,NULL,NULL,NULL,NULL),(119,'429306',141,7,19,370,'2024-01-20','9','30','pending',185,NULL,'2023-11-11 11:02:16','2024-01-27 23:00:02',11,80,NULL,NULL,NULL,0,NULL,NULL,'2',1,NULL,'166.500','10','Nov23',NULL,'2023-12-12','2024-01-20'),(120,'716198',167,7,19,372,'2023-11-13','30','30','pending',175,NULL,'2023-11-11 19:36:04','2023-12-12 00:00:04',11,NULL,NULL,NULL,NULL,0,NULL,NULL,'12',1,NULL,'157.500','10','nov23',NULL,NULL,NULL),(121,'792006',372,8,4,373,'2023-11-13','1','1','pending',12.25,NULL,'2023-11-11 20:41:25','2023-11-18 23:05:03',7,13,NULL,NULL,NULL,0,NULL,NULL,'2',1,NULL,NULL,NULL,NULL,NULL,NULL,NULL),(122,'520336',374,8,4,376,'2023-11-14','1','1','pending',8.25,NULL,'2023-11-12 19:03:47','2023-11-14 00:00:03',4,NULL,NULL,NULL,NULL,0,NULL,NULL,'2',1,NULL,NULL,NULL,NULL,NULL,NULL,NULL),(123,'966239',283,9,20,248,'2023-11-16','30','30','pending',195,NULL,'2023-11-14 21:26:01','2023-12-15 00:00:02',15,NULL,NULL,NULL,NULL,0,NULL,NULL,'12',1,NULL,'175.500','10','NOV23',NULL,NULL,NULL),(124,'494883',348,7,19,330,'2023-12-23','2','30','pending',185,NULL,'2023-11-16 15:24:27','2023-12-24 00:00:04',11,80,NULL,NULL,NULL,0,NULL,NULL,'3',1,NULL,'166.500','10','Nov23',NULL,'2023-12-21','2023-12-23'),(125,'596159',379,7,19,387,'2023-11-19','30','30','pending',175,NULL,'2023-11-17 18:10:01','2023-12-18 00:00:03',11,NULL,NULL,NULL,NULL,0,NULL,NULL,'12',1,NULL,'157.500','10','Nov23',NULL,NULL,NULL),(126,'941226',381,8,4,388,'2023-11-19','30','30','pending',135,NULL,'2023-11-17 18:25:43','2023-12-18 00:00:03',4,NULL,NULL,NULL,NULL,0,NULL,NULL,'2',1,NULL,NULL,NULL,NULL,NULL,NULL,NULL),(129,'814186',386,8,4,395,'2023-11-21','14','14','pending',90,NULL,'2023-11-19 11:51:26','2023-12-04 00:00:03',7,NULL,NULL,NULL,NULL,0,NULL,NULL,'12',1,NULL,'81.000','10','nov23',NULL,NULL,NULL),(130,'814323',306,7,19,410,'2023-11-23','30','30','pending',185,NULL,'2023-11-21 11:02:14','2023-12-20 17:11:02',11,80,'2023-12-21',NULL,2,0,NULL,NULL,'2',1,NULL,'166.500','10','Nov23',NULL,'2023-12-21',NULL),(131,'867305',387,8,4,396,'2023-11-25','30','30','pending',165,NULL,'2023-11-22 11:25:08','2023-12-24 00:00:04',7,13,NULL,NULL,NULL,0,NULL,NULL,'12',1,NULL,'148.500','10','nov23',NULL,NULL,NULL),(132,'147294',277,8,4,243,'2023-11-26','30','30','pending',135,NULL,'2023-11-22 15:06:23','2024-01-13 18:51:02',4,NULL,NULL,NULL,NULL,0,NULL,NULL,'2',1,NULL,'121.500','10','NOV23',NULL,NULL,NULL),(133,'327006',384,8,4,416,'2023-11-25','14','14','pending',90,NULL,'2023-11-22 18:27:51','2023-12-08 00:00:03',7,NULL,NULL,NULL,NULL,0,NULL,NULL,'2',1,NULL,NULL,NULL,NULL,NULL,NULL,NULL),(134,'84068',396,7,19,418,'2023-11-25','30','30','pending',175,NULL,'2023-11-22 19:13:24','2023-12-24 00:00:04',11,NULL,NULL,NULL,NULL,0,'2023-11-24',418,'12',1,NULL,'157.500','10','Nov23',NULL,NULL,NULL),(135,'853557',269,8,4,227,'2023-11-27','30','30','pending',165,NULL,'2023-11-22 19:16:59','2024-01-13 18:51:02',7,NULL,NULL,NULL,NULL,0,NULL,NULL,'2',1,NULL,'148.500','10','Nov23',NULL,NULL,NULL),(136,'867177',270,8,4,228,'2023-11-28','30','30','pending',165,NULL,'2023-11-22 19:18:50','2024-01-13 18:51:02',7,NULL,NULL,NULL,NULL,0,NULL,NULL,'2',1,NULL,'148.500','10','Nov23',NULL,NULL,NULL),(137,'928223',397,8,4,420,'2023-12-03','14','14','pending',90,NULL,'2023-11-23 17:59:56','2023-12-16 00:00:03',7,NULL,NULL,NULL,NULL,0,NULL,NULL,'2',1,NULL,NULL,NULL,NULL,NULL,NULL,NULL),(138,'259792',401,8,4,423,'2023-12-22','14','30','pending',135,NULL,'2023-11-24 00:07:04','2024-01-13 18:51:02',4,NULL,NULL,NULL,NULL,0,NULL,NULL,'13',1,NULL,NULL,NULL,NULL,NULL,'2023-12-21','2023-12-22'),(139,'178930',403,8,4,425,'2023-11-27','1','1','pending',8.25,NULL,'2023-11-24 18:15:34','2023-11-27 00:00:03',4,NULL,NULL,NULL,NULL,0,NULL,NULL,'2',1,NULL,NULL,NULL,NULL,NULL,NULL,NULL),(140,'669729',363,7,19,424,'2023-11-26','30','30','pending',185,NULL,'2023-11-24 19:45:25','2024-01-13 18:51:02',11,80,NULL,NULL,NULL,0,NULL,NULL,'2',1,NULL,'166.500','10','nov23',NULL,NULL,NULL),(141,'460409',405,7,19,428,'2023-11-27','30','30','pending',175,NULL,'2023-11-24 23:03:36','2024-01-13 18:51:02',11,NULL,NULL,NULL,NULL,0,NULL,NULL,'12',1,NULL,'157.500','10',NULL,NULL,NULL,NULL),(142,'721014',212,7,19,429,'2023-11-27','30','30','pending',175,NULL,'2023-11-25 11:47:02','2024-01-13 18:51:02',11,NULL,NULL,NULL,NULL,0,NULL,NULL,'12',1,NULL,'157.500','10','Nov23',NULL,NULL,NULL),(143,'786250',339,9,20,430,'2023-11-27','30','30','pending',195,NULL,'2023-11-25 12:20:15','2024-01-13 18:51:02',15,NULL,NULL,NULL,NULL,0,NULL,NULL,'2',1,NULL,'175.500','10','Nov23',NULL,NULL,NULL),(144,'257000',320,8,4,294,'2023-11-27','14','14','pending',80,NULL,'2023-11-25 20:36:51','2023-12-10 00:00:02',4,NULL,NULL,NULL,NULL,0,NULL,NULL,'12',1,NULL,'72.000','10','Nov23',NULL,NULL,NULL),(145,'576819',408,8,4,433,'2023-11-29','1','1','pending',10.25,NULL,'2023-11-26 09:10:41','2023-11-29 00:00:04',7,13,NULL,NULL,NULL,0,NULL,NULL,'12',1,NULL,NULL,NULL,NULL,NULL,NULL,NULL),(149,'421722',413,8,4,440,'2023-11-29','30','30','pending',145,NULL,'2023-11-27 16:10:21','2023-12-23 11:28:02',4,73,'2023-12-24',NULL,5,0,NULL,NULL,'13',1,NULL,NULL,NULL,NULL,'2023-11-29','2023-12-24',NULL),(152,'151070',415,9,20,439,'2024-02-08','19','30','pending',195,NULL,'2023-11-27 20:52:18','2024-02-26 00:00:03',15,NULL,NULL,NULL,NULL,0,NULL,NULL,'13',1,NULL,'175.500','10','Nov23','2023-11-29','2024-01-29','2024-02-08'),(153,'625916',416,7,19,446,'2023-11-30','30','30','pending',175,NULL,'2023-11-28 03:25:46','2024-01-13 18:51:02',11,NULL,NULL,NULL,NULL,0,NULL,NULL,'2',1,NULL,'157.500','10',NULL,'2023-11-30',NULL,NULL),(155,'125866',296,9,20,269,'2023-11-30','30','30','pending',195,NULL,'2023-11-28 14:09:42','2024-01-13 18:51:02',15,NULL,NULL,NULL,NULL,0,NULL,NULL,'2',1,NULL,'175.500','10','Nov23','2023-11-30',NULL,NULL),(159,'950964',333,8,4,308,'2023-12-03','28','30','pending',165,NULL,'2023-11-28 17:40:08','2024-01-13 18:51:02',7,NULL,NULL,NULL,NULL,0,NULL,NULL,'12',1,NULL,'148.500','10','NOV23','2023-11-30','2023-12-02','2023-12-03'),(161,'979366',418,8,4,441,'2023-12-02','30','30','pending',165,NULL,'2023-11-28 19:43:14','2024-01-13 18:51:02',7,NULL,NULL,NULL,NULL,0,NULL,NULL,'13',1,NULL,NULL,NULL,NULL,'2023-12-02',NULL,NULL),(162,'531908',419,7,19,453,'2023-12-02','30','30','pending',145,NULL,'2023-11-29 10:40:08','2024-01-13 18:51:02',10,NULL,NULL,NULL,NULL,0,NULL,NULL,'12',1,NULL,'130.500','10',NULL,'2023-12-02',NULL,NULL),(163,'267288',421,7,19,454,'2023-12-02','30','30','pending',195,NULL,'2023-11-29 19:02:39','2024-01-13 18:51:02',12,NULL,NULL,NULL,NULL,0,NULL,NULL,'12',1,NULL,'175.500','10','nov23','2023-12-02',NULL,NULL),(164,'776947',423,8,4,458,'2023-12-03','30','30','pending',175,NULL,'2023-11-29 22:37:03','2024-01-13 18:51:02',7,6,NULL,NULL,NULL,0,NULL,NULL,'13',1,NULL,NULL,NULL,NULL,'2023-12-03',NULL,NULL),(165,'586747',424,8,4,467,'2024-01-25','3','30','pending',165,NULL,'2023-11-30 23:10:41','2024-01-26 23:00:02',7,NULL,NULL,NULL,NULL,0,NULL,NULL,'13',1,NULL,NULL,NULL,NULL,'2024-01-01','2024-01-19','2024-01-25'),(166,'639586',427,8,4,471,'2023-12-04','30','30','pending',165,NULL,'2023-12-02 16:47:09','2024-01-13 18:51:02',7,NULL,NULL,NULL,NULL,0,NULL,NULL,'12',1,NULL,NULL,NULL,NULL,'2023-12-04',NULL,NULL),(167,'322599',428,8,4,472,'2023-12-04','30','30','pending',135,NULL,'2023-12-02 17:15:00','2024-01-13 18:51:02',4,NULL,NULL,NULL,NULL,0,NULL,NULL,'12',1,NULL,'121.500','10','NOV23','2023-12-04',NULL,NULL),(168,'326322',322,8,4,295,'2023-12-05','30','30','pending',135,NULL,'2023-12-03 10:59:26','2024-01-13 18:51:02',4,NULL,NULL,NULL,NULL,0,NULL,NULL,'2',1,NULL,'125.550','7','fjs','2023-12-05',NULL,NULL),(169,'909457',434,9,20,478,'2023-12-06','30','30','pending',215,NULL,'2023-12-05 00:00:43','2023-12-23 17:26:00',16,NULL,'2023-12-24',NULL,12,0,NULL,NULL,'12',1,NULL,'193.500','10','Nov23','2023-12-06','2023-12-24',NULL),(170,'45068',384,8,4,416,'2023-12-09','14','14','pending',90,NULL,'2023-12-06 21:10:41','2023-12-22 00:00:02',7,NULL,NULL,NULL,NULL,0,NULL,NULL,'2',1,NULL,'83.700','7','DEC23','2023-12-09',NULL,NULL),(171,'627462',440,8,4,486,'2023-12-23','30','30','pending',145,NULL,'2023-12-07 10:27:29','2024-01-20 23:00:02',4,73,NULL,NULL,NULL,0,NULL,NULL,'12',1,NULL,NULL,NULL,NULL,'2023-12-23',NULL,NULL),(172,'43978',442,8,4,490,'2023-12-09','30','30','pending',165,NULL,'2023-12-07 20:29:03','2024-01-13 18:51:02',7,NULL,NULL,NULL,NULL,0,NULL,NULL,'2',1,NULL,NULL,NULL,NULL,'2023-12-09',NULL,NULL),(173,'44837',444,8,4,491,'2023-12-09','14','14','pending',100,NULL,'2023-12-07 22:06:50','2023-12-22 00:00:02',8,NULL,NULL,NULL,NULL,0,NULL,NULL,'2',1,NULL,'93.000','7','dec23','2023-12-09',NULL,NULL),(174,'427858',441,8,4,492,'2023-12-10','14','14','pending',87,NULL,'2023-12-08 13:35:16','2023-12-23 00:00:02',4,71,NULL,NULL,NULL,0,NULL,NULL,'13',1,NULL,NULL,NULL,NULL,'2023-12-10',NULL,NULL),(175,'55337',445,8,4,495,'2023-12-11','14','14','pending',90,NULL,'2023-12-09 15:18:42','2023-12-24 00:00:04',7,NULL,NULL,NULL,NULL,0,NULL,NULL,'13',1,NULL,'83.700','7','Dec23','2023-12-11',NULL,NULL),(177,'669606',447,8,4,500,'2024-01-01','17','30','pending',135,NULL,'2023-12-10 14:12:14','2024-01-16 23:00:02',4,NULL,NULL,NULL,NULL,0,NULL,NULL,'2',1,NULL,NULL,NULL,NULL,'2023-12-12',NULL,NULL),(179,'453080',357,7,19,346,'2024-01-01','22','30','pending',195,NULL,'2023-12-11 09:03:03','2024-01-21 23:00:03',12,NULL,NULL,NULL,NULL,0,NULL,NULL,'2',1,NULL,'181.350','7','jmz','2023-12-13',NULL,NULL),(180,'529388',433,8,4,477,'2023-12-17','1','1','pending',10.25,NULL,'2023-12-12 13:05:39','2023-12-17 00:00:03',7,NULL,NULL,NULL,NULL,0,NULL,NULL,'12',1,NULL,NULL,NULL,NULL,'2023-12-17',NULL,NULL),(181,'971799',453,7,19,510,'2023-12-14','30','30','pending',225,NULL,'2023-12-12 23:24:20','2024-01-13 18:51:02',13,85,NULL,NULL,NULL,0,NULL,NULL,'3',1,NULL,'209.250','7','Jmz','2023-12-14',NULL,NULL),(188,'645921',283,9,20,248,'2023-12-19','30','30','pending',195,NULL,'2023-12-17 11:09:51','2024-01-16 23:00:02',15,NULL,NULL,NULL,NULL,0,NULL,NULL,'12',1,NULL,'181.350','7','DEC23','2023-12-19',NULL,NULL),(189,'541356',473,8,4,539,'2024-01-25','5','30','pending',165,NULL,'2023-12-21 00:26:46','2024-01-28 23:00:02',7,NULL,NULL,NULL,NULL,0,NULL,NULL,'12',1,NULL,'153.450','7','Dec23','2023-12-26','2024-01-20','2024-01-25'),(190,'455157',393,7,19,408,'2023-12-23','30','30','pending',175,NULL,'2023-12-21 11:20:20','2024-01-20 23:00:02',11,NULL,NULL,NULL,NULL,0,NULL,NULL,'12',1,NULL,'162.750','7','DEC23','2023-12-23',NULL,NULL),(191,'342751',216,7,19,533,'2024-01-27','7','30','pending',175,NULL,'2023-12-22 11:20:56','2024-02-02 00:00:02',11,NULL,NULL,NULL,NULL,0,NULL,NULL,'12',1,NULL,'162.750','7','DEC23','2023-12-24','2024-01-23','2024-01-27'),(192,'780766',445,8,4,495,'2024-02-26','4','30','pending',165,NULL,'2023-12-23 21:18:01','2024-02-29 00:00:02',7,NULL,NULL,NULL,NULL,0,NULL,NULL,'12',1,NULL,'153.450','7','Dec23','2023-12-25','2024-01-20','2024-02-26'),(193,'547805',437,8,4,483,'2023-12-26','30','30','pending',165,NULL,'2023-12-24 00:22:51','2024-01-23 23:00:02',7,NULL,NULL,NULL,NULL,0,NULL,NULL,'12',1,NULL,NULL,NULL,NULL,'2023-12-26',NULL,NULL),(194,'885902',477,7,19,547,'2023-12-26','30','30','pending',175,NULL,'2023-12-24 08:45:50','2024-01-23 23:00:02',11,NULL,NULL,NULL,NULL,0,NULL,NULL,'13',1,NULL,NULL,NULL,NULL,'2023-12-26',NULL,NULL),(196,'211433',296,9,20,549,'2023-12-30','30','30','pending',195,NULL,'2024-01-11 01:07:35','2024-01-27 23:00:02',15,NULL,NULL,NULL,NULL,0,NULL,NULL,'13',1,NULL,NULL,NULL,NULL,'2023-12-30',NULL,NULL),(197,'70228',333,8,4,550,'2023-12-31','30','30','pending',135,NULL,'2024-01-11 01:21:46','2024-01-28 23:00:02',4,NULL,NULL,NULL,NULL,0,NULL,NULL,'13',1,NULL,'125.550','7','Dec23','2023-12-31',NULL,NULL),(198,'710843',404,7,19,551,'2023-12-30','30','30','pending',175,NULL,'2024-01-11 01:27:52','2024-01-27 23:00:02',11,NULL,NULL,NULL,NULL,0,NULL,NULL,'13',1,NULL,NULL,NULL,NULL,'2023-12-30',NULL,NULL),(199,'857842',474,7,19,552,'2024-01-20','9','30','pending',175,NULL,'2024-01-11 01:33:18','2024-01-27 23:00:02',11,NULL,NULL,NULL,NULL,0,NULL,NULL,'13',1,NULL,NULL,NULL,NULL,'2023-12-28','2024-01-18','2024-01-20'),(200,'715430',478,7,19,553,'2023-12-31','30','30','pending',175,NULL,'2024-01-11 01:37:14','2024-01-28 23:00:02',11,NULL,NULL,NULL,NULL,0,NULL,NULL,'13',1,NULL,NULL,NULL,NULL,'2023-12-31',NULL,NULL),(201,'352666',455,9,20,554,'2024-01-29','7','30','pending',195,NULL,'2024-01-11 01:43:40','2024-02-04 00:00:02',15,NULL,NULL,NULL,NULL,0,NULL,NULL,'13',1,NULL,NULL,NULL,NULL,'2024-01-01','2024-01-24','2024-01-29'),(203,'558052',480,7,19,556,'2024-01-03','30','30','pending',175,NULL,'2024-01-11 01:51:25','2024-02-01 00:00:03',11,NULL,NULL,NULL,NULL,0,NULL,NULL,'13',1,NULL,NULL,NULL,NULL,'2024-01-03',NULL,NULL),(204,'826350',481,8,4,557,'2024-01-03','30','30','pending',145,NULL,'2024-01-11 01:54:37','2024-02-01 00:00:03',4,73,NULL,NULL,NULL,0,NULL,NULL,'13',1,NULL,NULL,NULL,NULL,'2024-01-03',NULL,NULL),(205,'470676',419,7,19,558,'2024-01-03','30','30','pending',195,NULL,'2024-01-11 01:59:02','2024-02-01 00:00:03',12,NULL,NULL,NULL,NULL,0,NULL,NULL,'13',1,NULL,NULL,NULL,NULL,'2024-01-03',NULL,NULL),(206,'310719',320,8,4,559,'2024-01-06','30','30','pending',135,NULL,'2024-01-11 02:02:57','2024-02-04 00:00:02',4,NULL,NULL,NULL,NULL,0,NULL,NULL,'13',1,NULL,NULL,NULL,NULL,'2024-01-06',NULL,NULL),(207,'214160',482,9,20,560,'2024-01-06','30','30','pending',215,NULL,'2024-01-11 02:06:23','2024-02-04 00:00:02',16,NULL,NULL,NULL,NULL,0,NULL,NULL,'13',1,NULL,NULL,NULL,NULL,'2024-01-06',NULL,NULL),(208,'556914',347,7,19,561,'2024-02-04','6','30','pending',155,NULL,'2024-01-11 02:14:22','2024-02-09 00:00:02',10,77,NULL,NULL,NULL,0,NULL,NULL,'13',1,NULL,NULL,NULL,NULL,'2024-01-06','2024-02-01','2024-02-04'),(209,'938262',483,7,19,562,'2024-02-18','8','30','pending',175,NULL,'2024-01-11 02:17:34','2024-02-25 00:00:02',11,NULL,NULL,NULL,NULL,0,NULL,NULL,'13',1,NULL,NULL,NULL,NULL,'2024-01-07','2024-01-29','2024-02-18'),(210,'160606',484,8,4,563,'2024-01-07','14','14','pending',90,NULL,'2024-01-11 02:21:09','2024-01-19 23:00:02',7,NULL,NULL,NULL,NULL,0,NULL,NULL,'13',1,NULL,NULL,NULL,NULL,'2024-01-07',NULL,NULL),(211,'37888',485,8,4,564,'2024-01-08','30','30','pending',175,NULL,'2024-01-11 02:24:26','2024-02-06 00:00:03',7,6,NULL,NULL,NULL,0,NULL,NULL,'13',1,NULL,NULL,NULL,NULL,'2024-01-08',NULL,NULL),(212,'594714',486,7,19,565,'2024-01-10','30','30','pending',175,NULL,'2024-01-11 02:27:23','2024-02-08 00:00:02',11,NULL,NULL,NULL,NULL,0,NULL,NULL,'13',1,NULL,NULL,NULL,NULL,'2024-01-10',NULL,NULL),(213,'280082',487,7,19,566,'2024-01-10','30','30','pending',145,NULL,'2024-01-11 02:30:08','2024-02-08 00:00:02',10,NULL,NULL,NULL,NULL,0,NULL,NULL,'13',1,NULL,NULL,NULL,NULL,'2024-01-10',NULL,NULL),(214,'514231',488,7,19,567,'2024-01-11','30','30','pending',175,NULL,'2024-01-11 02:33:28','2024-02-09 00:00:02',11,NULL,NULL,NULL,NULL,0,NULL,NULL,'13',1,NULL,NULL,NULL,NULL,'2024-01-11',NULL,NULL),(216,'758179',489,8,4,569,'2024-02-13','2','30','pending',135,NULL,'2024-01-11 14:04:31','2024-02-14 00:00:02',4,72,NULL,NULL,NULL,0,NULL,NULL,'13',1,NULL,NULL,NULL,NULL,'2024-01-13','2024-02-10','2024-02-13'),(217,'278896',490,7,19,577,'2024-01-14','1','1','pending',9.25,NULL,'2024-01-12 19:51:30','2024-01-13 23:00:02',10,NULL,NULL,NULL,NULL,0,NULL,NULL,'2',1,NULL,NULL,NULL,NULL,'2024-01-14',NULL,NULL),(218,'724798',384,8,4,416,'2024-01-14','14','14','pending',90,NULL,'2024-01-12 23:24:17','2024-01-26 23:00:02',7,NULL,NULL,NULL,NULL,0,NULL,NULL,'2',1,NULL,NULL,NULL,NULL,'2024-01-14',NULL,NULL),(219,'528045',492,7,19,587,'2024-01-15','30','30','pending',175,NULL,'2024-01-13 20:45:44','2024-02-13 00:00:02',11,NULL,NULL,NULL,NULL,0,'2024-01-15',587,'3',1,NULL,'157.500','10','Jun24','2024-01-15',NULL,NULL),(220,'892080',495,8,4,595,'2024-01-16','14','14','pending',80,NULL,'2024-01-14 16:35:40','2024-01-28 23:00:02',4,NULL,NULL,NULL,NULL,0,NULL,NULL,'3',1,NULL,'72.000','10','JUN24','2024-01-16',NULL,NULL),(222,'650934',497,8,4,603,'2024-01-17','30','30','pending',165,NULL,'2024-01-15 17:07:22','2024-02-15 00:00:02',7,NULL,NULL,NULL,NULL,0,NULL,NULL,'13',1,NULL,NULL,NULL,NULL,'2024-01-17',NULL,NULL),(223,'468382',501,8,4,616,'2024-01-21','30','30','pending',165,NULL,'2024-01-17 01:58:16','2024-02-19 00:00:02',7,NULL,NULL,NULL,NULL,0,NULL,NULL,'12',1,NULL,'148.500','10','KHS662','2024-01-21',NULL,NULL),(224,'355269',502,9,20,621,'2024-02-15','11','30','pending',230,NULL,'2024-01-17 20:30:29','2024-02-25 00:00:02',17,NULL,NULL,NULL,NULL,0,NULL,NULL,'2',1,NULL,NULL,NULL,NULL,'2024-01-20','2024-02-08','2024-02-15'),(225,'629390',504,8,4,623,'2024-01-20','1','1','pending',10.25,NULL,'2024-01-18 12:37:10','2024-01-19 23:00:02',7,NULL,NULL,NULL,NULL,0,NULL,NULL,'13',1,NULL,NULL,NULL,NULL,'2024-01-20',NULL,NULL),(226,'385293',505,7,19,624,'2024-01-22','1','1','pending',15.25,NULL,'2024-01-18 14:41:36','2024-01-22 23:00:02',13,NULL,NULL,NULL,NULL,0,NULL,NULL,'2',1,NULL,NULL,NULL,NULL,'2024-01-20','2024-01-21','2024-01-22'),(227,'142365',509,9,20,632,'2024-01-24','30','30','pending',205,NULL,'2024-01-21 10:52:24','2024-02-22 00:00:02',15,92,NULL,NULL,NULL,0,NULL,NULL,'12',1,NULL,'184.500','10','jun24','2024-01-24',NULL,NULL),(229,'248148',512,8,4,638,'2024-01-23','30','30','pending',185,NULL,'2024-01-21 20:15:02','2024-02-21 00:00:03',8,NULL,NULL,NULL,NULL,0,NULL,NULL,'13',1,NULL,NULL,NULL,NULL,'2024-01-23',NULL,NULL),(230,'548963',357,7,19,639,'2024-01-23','30','30','pending',195,NULL,'2024-01-21 21:05:49','2024-02-21 00:00:03',12,NULL,NULL,NULL,NULL,0,NULL,NULL,'2',1,NULL,'175.500','10','jun24','2024-01-23',NULL,NULL),(231,'634053',376,7,19,645,'2024-01-24','1','1','pending',9.25,NULL,'2024-01-22 06:39:37','2024-01-23 23:00:02',10,NULL,NULL,NULL,NULL,0,NULL,NULL,'12',1,NULL,NULL,NULL,NULL,'2024-01-24',NULL,NULL),(233,'313799',516,8,4,651,'2024-01-25','30','30','pending',135,NULL,'2024-01-23 12:12:46','2024-02-23 00:00:02',4,NULL,NULL,NULL,NULL,0,NULL,NULL,'2',1,NULL,NULL,NULL,NULL,'2024-01-25',NULL,NULL),(235,'650516',522,7,19,657,'2024-01-28','30','30','pending',175,NULL,'2024-01-23 19:11:16','2024-02-26 00:00:03',11,NULL,NULL,NULL,NULL,0,NULL,NULL,'12',1,NULL,'157.500','10','JAN24','2024-01-28',NULL,NULL),(236,'271192',524,9,20,658,'2024-02-01','30','30','pending',205,NULL,'2024-01-24 10:50:33','2024-03-01 00:00:03',15,92,NULL,NULL,NULL,0,'2024-01-26',658,'12',1,NULL,NULL,NULL,NULL,'2024-02-01',NULL,NULL),(237,'398294',297,8,4,660,'2024-02-29','3','30','pending',135,NULL,'2024-01-24 22:24:47','2024-03-02 00:00:03',4,NULL,NULL,NULL,NULL,0,NULL,NULL,'13',1,NULL,NULL,NULL,NULL,'2024-01-27','2024-02-29','2024-02-29'),(238,'738941',526,7,19,664,'2024-02-17','19','30','pending',175,NULL,'2024-01-25 16:56:17','2024-03-06 00:00:03',11,NULL,NULL,NULL,NULL,0,NULL,NULL,'12',1,NULL,'157.500','10','khs662','2024-01-27','2024-02-07','2024-02-17'),(239,'315307',527,7,19,665,'2024-01-27','30','30','pending',205,NULL,'2024-01-25 17:14:31','2024-02-25 00:00:02',12,83,NULL,NULL,NULL,0,NULL,NULL,'12',1,NULL,'184.500','10','jan24','2024-01-27',NULL,NULL),(240,'145316',523,8,4,636,'2024-02-29','2','30','pending',175,NULL,'2024-01-25 18:11:50','2024-03-01 00:00:03',7,6,NULL,NULL,NULL,0,NULL,NULL,'3',1,NULL,'157.500','10','jan24','2024-01-27','2024-02-24','2024-02-29'),(241,'358780',283,7,19,647,'2024-01-27','30','30','pending',175,NULL,'2024-01-25 19:53:13','2024-02-25 00:00:02',11,NULL,NULL,NULL,NULL,0,NULL,NULL,'12',1,NULL,'157.500','10','jan24','2024-01-27',NULL,NULL),(242,'222976',528,9,20,667,'2024-01-28','30','30','pending',195,NULL,'2024-01-26 11:56:31','2024-02-26 00:00:03',15,90,NULL,NULL,NULL,0,NULL,NULL,'2',1,NULL,'175.500','10','JAN24','2024-01-28',NULL,NULL),(243,'743922',530,8,4,674,'2024-02-16','10','30','pending',175,NULL,'2024-01-27 13:00:57','2024-02-27 00:00:02',7,6,'2024-02-28',NULL,2,0,NULL,NULL,'2',1,NULL,'157.500','10','jan24','2024-02-04','2024-02-28','2024-02-16'),(244,'499387',531,7,19,676,'2024-02-07','14','14','pending',100,NULL,'2024-01-27 16:03:39','2024-02-20 00:00:03',11,NULL,NULL,NULL,NULL,0,NULL,NULL,'2',1,NULL,NULL,NULL,NULL,'2024-02-07',NULL,NULL),(245,'665005',384,8,4,416,'2024-01-29','14','14','pending',90,NULL,'2024-01-27 18:53:56','2024-02-11 00:00:02',7,NULL,NULL,NULL,NULL,0,NULL,NULL,'2',1,NULL,NULL,NULL,NULL,'2024-01-29',NULL,NULL),(246,'723006',515,8,4,650,'2024-02-12','30','30','pending',195,NULL,'2024-01-29 13:46:33','2024-03-12 00:00:03',8,9,NULL,NULL,NULL,0,NULL,NULL,'13',1,NULL,NULL,NULL,NULL,'2024-02-12',NULL,NULL),(247,'64487',536,9,20,689,'2024-01-31','30','30','pending',215,NULL,'2024-01-29 14:44:42','2024-02-29 00:00:02',16,NULL,NULL,NULL,NULL,0,NULL,NULL,'13',1,NULL,NULL,NULL,NULL,'2024-01-31',NULL,NULL),(248,'667199',538,7,19,693,'2024-01-31','30','30','pending',215,NULL,'2024-01-29 19:02:01','2024-02-29 00:00:02',13,NULL,NULL,NULL,NULL,0,NULL,NULL,'12',1,NULL,NULL,NULL,NULL,'2024-01-31',NULL,NULL),(249,'507153',296,9,20,576,'2024-02-01','30','30','pending',195,NULL,'2024-01-30 10:39:10','2024-03-01 00:00:03',15,NULL,NULL,NULL,NULL,0,NULL,NULL,'2',1,NULL,'175.500','10','jan24','2024-02-01',NULL,NULL),(251,'983907',547,9,20,708,'2024-02-05','30','30','pending',215,NULL,'2024-02-03 04:58:53','2024-03-05 00:00:02',16,NULL,NULL,NULL,NULL,0,NULL,NULL,'13',1,NULL,'193.500','10','FEB24','2024-02-05',NULL,NULL),(252,'686209',548,7,19,610,'2024-02-05','14','14','pending',100,NULL,'2024-02-03 08:45:39','2024-02-18 00:00:02',11,NULL,NULL,NULL,NULL,0,NULL,NULL,'12',1,NULL,'90.000','10','M_fit88','2024-02-05',NULL,NULL),(253,'120489',419,8,4,710,'2024-02-26','13','30','pending',165,NULL,'2024-02-03 19:58:14','2024-03-09 00:00:02',7,NULL,NULL,NULL,NULL,0,NULL,NULL,'13',1,NULL,NULL,NULL,NULL,'2024-02-05','2024-02-22','2024-02-26'),(254,'955021',549,8,4,711,'2024-02-05','30','30','pending',165,NULL,'2024-02-03 20:36:00','2024-03-05 00:00:02',7,NULL,NULL,NULL,NULL,0,NULL,NULL,'2',1,NULL,'148.500','10','FEB24','2024-02-05',NULL,NULL),(255,'331274',550,8,4,714,'2024-02-06','30','30','pending',145,NULL,'2024-02-04 00:05:24','2024-03-06 00:00:03',4,73,NULL,NULL,NULL,0,NULL,NULL,'12',1,NULL,NULL,NULL,NULL,'2024-02-06',NULL,NULL),(256,'325531',455,9,20,716,'2024-02-06','30','30','pending',195,NULL,'2024-02-04 20:08:58','2024-03-06 00:00:03',15,NULL,NULL,NULL,NULL,0,NULL,NULL,'12',1,NULL,'175.500','10','FEB24','2024-02-06',NULL,NULL),(257,'409436',262,8,4,723,'2024-02-10','30','30','pending',165,NULL,'2024-02-06 19:37:53','2024-03-10 00:00:03',7,NULL,NULL,NULL,NULL,0,NULL,NULL,'2',1,NULL,'148.500','10','feb24','2024-02-10',NULL,NULL),(258,'292114',347,7,19,709,'2024-02-27','16','30','pending',155,NULL,'2024-02-07 12:44:31','2024-03-13 00:00:03',10,77,NULL,NULL,NULL,0,NULL,NULL,'12',1,NULL,'139.500','10','FEB24','2024-02-10','2024-02-24','2024-02-27'),(259,'133568',503,7,19,727,'2024-02-10','14','14','pending',100,NULL,'2024-02-08 16:05:53','2024-02-23 00:00:02',11,NULL,NULL,NULL,NULL,0,NULL,NULL,'2',1,NULL,NULL,NULL,NULL,'2024-02-10',NULL,NULL),(260,'987327',474,7,19,730,'2024-02-12','30','30','pending',145,NULL,'2024-02-10 18:33:23','2024-03-12 00:00:03',10,NULL,NULL,NULL,NULL,0,NULL,NULL,'2',1,NULL,'130.500','10','FEB24','2024-02-12',NULL,NULL),(261,'750018',557,8,4,731,'2024-02-17','1','1','pending',10.25,NULL,'2024-02-11 10:54:35','2024-02-17 00:00:02',7,NULL,NULL,NULL,NULL,0,NULL,NULL,'2',1,NULL,'9.225','10','FEB24','2024-02-17',NULL,NULL),(262,'843546',384,8,4,416,'2024-02-14','14','14','pending',90,NULL,'2024-02-12 10:03:27','2024-02-27 00:00:02',7,NULL,NULL,NULL,NULL,0,NULL,NULL,'2',1,NULL,NULL,NULL,NULL,'2024-02-14',NULL,NULL),(263,'591966',563,8,4,738,'2024-02-14','1','1','pending',8.25,NULL,'2024-02-12 11:03:29','2024-02-14 00:00:02',4,NULL,NULL,NULL,NULL,0,NULL,NULL,'13',1,NULL,NULL,NULL,NULL,'2024-02-14',NULL,NULL),(264,'512389',568,7,19,751,'2024-02-22','14','14','pending',90,NULL,'2024-02-15 18:19:35','2024-03-06 00:00:03',10,NULL,NULL,NULL,NULL,0,NULL,NULL,'12',1,NULL,NULL,NULL,NULL,'2024-02-22',NULL,NULL),(265,'713629',558,7,19,732,'2024-05-05','13','30','pending',175,NULL,'2024-02-17 20:49:40','2024-05-17 04:00:01',11,NULL,NULL,NULL,NULL,0,NULL,NULL,'12',1,NULL,'157.500','10','feb24','2024-02-19','2024-03-21','2024-05-05'),(266,'378880',488,9,20,756,'2024-02-19','14','14','pending',100,NULL,'2024-02-17 21:33:33','2024-03-03 00:00:02',14,NULL,NULL,NULL,NULL,0,NULL,NULL,'2',1,NULL,'90.000','10','FEB24','2024-02-19',NULL,NULL),(267,'347236',572,8,4,759,'2024-02-27','14','14','pending',90,NULL,'2024-02-18 10:28:59','2024-03-11 00:00:02',7,NULL,NULL,NULL,NULL,0,NULL,NULL,'2',1,NULL,'81.000','10','FEB24','2024-02-27',NULL,NULL),(268,'105738',253,7,19,755,'2024-02-21','30','30','pending',205,NULL,'2024-02-18 13:46:28','2024-03-21 00:00:02',12,83,NULL,NULL,NULL,0,NULL,NULL,'12',1,NULL,'184.500','10','FEB24','2024-02-21',NULL,NULL),(269,'422787',577,7,19,765,'2024-03-11','15','30','pending',175,NULL,'2024-02-20 16:12:25','2024-03-25 00:00:05',11,NULL,NULL,NULL,NULL,0,NULL,NULL,'12',1,NULL,'157.500','10','FEB24','2024-02-22','2024-03-09','2024-03-11'),(270,'726028',576,7,19,767,'2024-02-22','30','30','pending',145,NULL,'2024-02-20 19:07:11','2024-03-22 00:00:02',10,NULL,NULL,NULL,NULL,0,NULL,NULL,'12',1,NULL,'130.500','10','FEB24','2024-02-22',NULL,NULL),(271,'190816',291,8,4,574,'2024-03-12','30','30','pending',145,NULL,'2024-02-20 19:39:11','2024-04-10 00:00:04',4,73,NULL,NULL,NULL,0,NULL,NULL,'2',1,NULL,'130.500','10','FEB24','2024-03-12',NULL,NULL),(272,'427898',512,7,19,638,'2024-02-24','14','14','pending',100,NULL,'2024-02-21 16:11:49','2024-03-08 00:00:02',11,NULL,NULL,NULL,NULL,0,NULL,NULL,'2',1,NULL,'90.000','10','FEB24','2024-02-24',NULL,NULL),(273,'772957',582,7,19,773,'2024-02-24','30','30','pending',175,NULL,'2024-02-21 22:09:19','2024-03-24 00:00:03',11,NULL,NULL,NULL,NULL,0,NULL,NULL,'12',1,NULL,'157.500','10','feb24','2024-02-24',NULL,NULL),(274,'919941',581,9,20,774,'2024-04-14','14','30','pending',195,NULL,'2024-02-21 22:26:25','2024-04-27 04:00:01',15,NULL,NULL,NULL,NULL,0,NULL,NULL,'13',1,NULL,NULL,NULL,NULL,'2024-02-24','2024-03-11','2024-04-14'),(276,'463867',586,7,19,777,'2024-02-24','30','30','pending',145,NULL,'2024-02-22 00:46:43','2024-03-24 00:00:03',10,NULL,NULL,NULL,NULL,0,NULL,NULL,'13',1,NULL,NULL,NULL,NULL,'2024-02-24',NULL,NULL),(277,'149568',585,7,19,778,'2024-08-25','15','30','pending',175,NULL,'2024-02-22 02:09:09','2024-08-30 09:35:01',11,NULL,'2024-08-31',NULL,9,0,NULL,NULL,'12',1,NULL,'157.500','10','FEB24','2024-02-24','2024-08-31','2024-08-25'),(278,'107270',587,7,19,779,'2024-02-24','30','30','pending',175,NULL,'2024-02-22 16:51:40','2024-03-24 00:00:03',11,NULL,NULL,NULL,NULL,0,NULL,NULL,'12',1,NULL,'157.500','10','FEB24','2024-02-24',NULL,NULL),(279,'203439',583,9,20,776,'2024-05-25','7','30','pending',195,NULL,'2024-02-22 21:05:15','2024-05-31 04:00:02',15,NULL,NULL,NULL,NULL,0,NULL,NULL,'13',1,NULL,NULL,NULL,NULL,'2024-02-25','2024-03-19','2024-05-25'),(280,'798545',589,8,4,770,'2024-03-03','30','30','pending',135,NULL,'2024-02-23 12:46:14','2024-04-01 00:00:06',4,NULL,NULL,NULL,NULL,0,NULL,NULL,'2',1,NULL,'121.500','10','FEB24','2024-03-03',NULL,NULL),(281,'371871',592,7,19,787,'2024-03-02','30','30','pending',175,NULL,'2024-02-24 10:09:57','2024-03-31 00:00:04',11,NULL,NULL,NULL,NULL,0,NULL,NULL,'12',1,NULL,'157.500','10','FEB24','2024-03-02',NULL,NULL),(282,'26621',593,9,20,788,'2024-02-26','14','14','pending',110,NULL,'2024-02-24 14:47:25','2024-03-10 00:00:03',15,91,NULL,NULL,NULL,0,NULL,NULL,'2',1,NULL,'99.000','10','FEB24','2024-02-26',NULL,NULL),(283,'602670',373,8,4,789,'2024-04-14','17','30','pending',165,NULL,'2024-02-24 16:51:52','2024-04-30 04:00:02',7,NULL,NULL,NULL,NULL,0,NULL,NULL,'2',1,NULL,'148.500','10','FEB24','2024-03-02','2024-04-03','2024-04-14'),(285,'506398',596,8,4,792,'2024-02-27','14','14','pending',90,NULL,'2024-02-24 22:03:41','2024-03-11 00:00:02',7,NULL,NULL,NULL,NULL,0,NULL,NULL,'2',1,NULL,'81.000','10','feb24','2024-02-27',NULL,NULL),(286,'925876',598,7,19,793,'2024-02-27','30','30','pending',175,NULL,'2024-02-25 00:20:20','2024-03-27 00:00:05',11,NULL,NULL,NULL,NULL,0,NULL,NULL,'2',1,NULL,'157.500','10','FEB24','2024-02-27',NULL,NULL),(287,'198631',403,8,4,591,'2024-02-29','1','1','pending',8.25,NULL,'2024-02-25 16:23:09','2024-03-01 00:00:03',4,NULL,NULL,NULL,NULL,0,NULL,NULL,'2',1,NULL,NULL,NULL,NULL,'2024-02-27','2024-02-28','2024-02-29'),(288,'435438',298,7,19,796,'2024-02-28','30','30','pending',175,NULL,'2024-02-26 17:49:32','2024-03-28 00:00:03',11,NULL,NULL,NULL,NULL,0,NULL,NULL,'12',1,NULL,'157.500','10','FEB24','2024-02-28',NULL,NULL),(289,'691377',601,7,19,801,'2024-02-29','14','14','pending',117,NULL,'2024-02-27 12:14:16','2024-03-13 00:00:03',12,82,NULL,NULL,NULL,0,NULL,NULL,'2',1,NULL,NULL,NULL,NULL,'2024-02-29',NULL,NULL),(290,'557678',605,7,19,802,'2024-03-03','30','30','pending',175,NULL,'2024-02-27 17:12:52','2024-04-01 00:00:06',11,NULL,NULL,NULL,NULL,0,NULL,NULL,'13',1,NULL,NULL,NULL,NULL,'2024-03-03',NULL,NULL),(292,'510222',538,7,19,693,'2024-03-03','30','30','pending',175,NULL,'2024-02-28 21:34:52','2024-04-01 00:00:06',11,NULL,NULL,NULL,NULL,0,NULL,NULL,'12',1,NULL,NULL,NULL,NULL,'2024-03-03',NULL,NULL),(294,'542516',523,8,4,636,'2024-03-09','26','30','pending',135,NULL,'2024-02-29 21:29:25','2024-04-03 00:00:04',4,NULL,NULL,NULL,NULL,0,NULL,NULL,'3',1,NULL,'121.500','10','FEB24','2024-03-02','2024-03-06','2024-03-09'),(295,'941218',610,8,4,810,'2024-03-02','1','1','pending',10.25,NULL,'2024-02-29 22:43:02','2024-03-02 00:00:03',7,NULL,NULL,NULL,NULL,0,NULL,NULL,'13',1,NULL,NULL,NULL,NULL,'2024-03-02',NULL,NULL),(296,'552315',611,8,4,816,'2024-03-03','14','14','pending',90,NULL,'2024-03-01 20:25:25','2024-03-16 00:00:02',7,NULL,NULL,NULL,NULL,0,NULL,NULL,'3',1,NULL,NULL,NULL,NULL,'2024-03-03',NULL,NULL),(297,'512407',612,8,4,818,'2024-03-11','30','30','pending',135,NULL,'2024-03-02 01:21:53','2024-04-09 00:00:02',4,NULL,NULL,NULL,NULL,0,NULL,NULL,'2',1,NULL,'121.500','10','Ramadan24','2024-03-11',NULL,NULL),(299,'903390',296,9,20,696,'2024-03-04','30','30','pending',195,NULL,'2024-03-02 22:35:58','2024-04-02 00:00:06',15,NULL,NULL,NULL,NULL,0,NULL,NULL,'2',1,NULL,'175.500','10','Ramadan24','2024-03-04',NULL,NULL),(300,'100988',445,8,4,768,'2024-03-11','29','30','pending',135,NULL,'2024-03-03 20:22:54','2024-04-05 00:00:03',4,NULL,'2024-04-06',NULL,3,0,NULL,NULL,'2',1,NULL,'121.500','10','RAMADAN24','2024-03-05','2024-04-06','2024-03-11'),(301,'540980',615,7,19,823,'2024-03-06','30','30','pending',175,NULL,'2024-03-04 17:07:31','2024-04-04 00:00:05',11,NULL,NULL,NULL,NULL,0,NULL,NULL,'12',1,NULL,NULL,NULL,NULL,'2024-03-06',NULL,NULL),(302,'711904',606,7,19,807,'2024-03-07','1','1','pending',9.25,NULL,'2024-03-05 09:31:17','2024-03-08 00:00:02',10,NULL,NULL,NULL,NULL,0,NULL,NULL,'2',1,NULL,'8.325','10','RAMADAN24','2024-03-07','2024-03-07','2024-03-07'),(309,'970446',618,7,19,831,'2024-05-09','18','30','pending',175,NULL,'2024-03-06 10:39:45','2024-05-26 04:00:02',11,NULL,NULL,NULL,NULL,0,NULL,NULL,'12',1,NULL,'157.500','10','Ramadan24','2024-03-11','2024-04-09','2024-05-09'),(310,'379746',347,7,19,709,'2024-05-11','4','30','pending',155,NULL,'2024-03-07 11:54:45','2024-05-14 04:00:05',10,77,NULL,NULL,NULL,0,NULL,NULL,'12',1,NULL,'139.500','10','RAMADAN24','2024-03-14','2024-05-01','2024-05-11'),(311,'646977',619,7,19,837,'2024-03-09','14','14','pending',100,NULL,'2024-03-07 12:57:24','2024-03-22 00:00:02',11,NULL,NULL,NULL,NULL,0,NULL,NULL,'2',1,NULL,NULL,NULL,NULL,'2024-03-09',NULL,NULL),(312,'671659',490,7,19,846,'2024-03-11','14','14','pending',100,NULL,'2024-03-09 12:38:19','2024-03-24 00:00:03',11,NULL,NULL,NULL,NULL,0,NULL,NULL,'2',1,NULL,'90.000','10','FEB24','2024-03-11',NULL,NULL),(313,'515414',623,7,19,849,'2024-03-11','30','30','pending',145,NULL,'2024-03-09 17:16:36','2024-04-09 00:00:03',10,NULL,NULL,NULL,NULL,0,NULL,NULL,'12',1,NULL,'130.500','10','Ramadan24','2024-03-11',NULL,NULL),(314,'983791',624,9,20,853,'2024-03-12','30','30','pending',205,NULL,'2024-03-10 01:00:18','2024-04-10 00:00:04',15,92,NULL,NULL,NULL,0,NULL,NULL,'12',1,NULL,'184.500','10','RAMADAN24','2024-03-12',NULL,NULL),(315,'552600',625,8,4,854,'2024-03-12','30','30','pending',135,NULL,'2024-03-10 16:09:11','2024-04-10 00:00:04',4,NULL,NULL,NULL,NULL,0,NULL,NULL,'12',1,NULL,'121.500','10','RAMADAN24','2024-03-12',NULL,NULL),(316,'440776',389,7,19,858,'2024-03-13','30','30','pending',145,NULL,'2024-03-11 00:08:30','2024-04-11 00:00:03',10,NULL,NULL,NULL,NULL,0,NULL,NULL,'13',1,NULL,NULL,NULL,NULL,'2024-03-13',NULL,NULL),(318,'223315',263,7,19,713,'2024-03-13','30','30','pending',175,NULL,'2024-03-11 23:53:58','2024-04-11 00:00:03',11,NULL,NULL,NULL,NULL,0,NULL,NULL,'13',1,NULL,'157.500','10','RAMADAN24','2024-03-13',NULL,NULL),(321,'191076',635,9,20,862,'2024-03-14','30','30','pending',195,NULL,'2024-03-12 01:03:57','2024-04-12 00:00:02',15,NULL,NULL,NULL,NULL,0,NULL,NULL,'2',1,NULL,NULL,NULL,NULL,'2024-03-14',NULL,NULL),(322,'467714',637,7,19,865,'2024-03-14','30','30','pending',145,NULL,'2024-03-12 23:41:16','2024-04-12 00:00:03',10,NULL,NULL,NULL,NULL,0,NULL,NULL,'13',1,NULL,NULL,NULL,NULL,'2024-03-14',NULL,NULL),(323,'168127',639,8,4,868,'2024-04-15','5','30','pending',175,NULL,'2024-03-14 16:06:10','2024-04-19 04:00:02',7,6,NULL,NULL,NULL,0,NULL,NULL,'2',1,NULL,'157.500','10','Ramadan24','2024-03-16','2024-04-10','2024-04-15'),(324,'18005',536,9,20,689,'2024-03-18','30','30','pending',215,NULL,'2024-03-16 21:05:11','2024-04-16 00:00:03',16,NULL,NULL,NULL,NULL,0,NULL,NULL,'13',1,NULL,NULL,NULL,NULL,'2024-03-18',NULL,NULL),(326,'886354',404,7,19,570,'2024-03-23','30','30','pending',175,NULL,'2024-03-19 01:17:09','2024-04-21 04:00:06',11,NULL,NULL,NULL,NULL,0,NULL,NULL,'12',1,NULL,'157.500','10','RAMADAN24','2024-03-23',NULL,NULL),(327,'629698',577,7,19,765,'2024-04-27','8','30','pending',175,NULL,'2024-03-20 17:10:35','2024-05-04 04:00:02',11,NULL,NULL,NULL,NULL,0,NULL,NULL,'12',1,NULL,'157.500','10','Ramadan24','2024-03-27','2024-04-25','2024-04-27'),(328,'833900',291,8,4,574,'2024-04-11','30','30','pending',145,NULL,'2024-03-21 03:25:16','2024-05-10 04:00:04',4,73,NULL,NULL,NULL,0,NULL,NULL,'13',1,NULL,NULL,NULL,NULL,'2024-04-11',NULL,NULL),(329,'889513',643,9,20,876,'2024-03-23','30','30','pending',215,NULL,'2024-03-21 09:21:11','2024-04-21 04:00:06',16,NULL,NULL,NULL,NULL,0,NULL,NULL,'12',1,NULL,'193.500','10','RAMADAN24','2024-03-23',NULL,NULL),(330,'461485',253,7,19,755,'2024-04-06','22','30','pending',205,NULL,'2024-03-21 15:31:57','2024-04-27 04:00:01',12,83,NULL,NULL,NULL,0,NULL,NULL,'12',1,NULL,'184.500','10','RAMADAN24','2024-03-25','2024-04-02','2024-04-06'),(331,'843673',141,8,4,649,'2024-05-18','4','30','pending',165,NULL,'2024-03-21 23:46:07','2024-05-21 04:00:01',7,NULL,NULL,NULL,NULL,0,NULL,NULL,'2',1,NULL,'148.500','10','RAMADAN24','2024-03-23','2024-05-09','2024-05-18'),(332,'729213',152,9,20,597,'2024-04-14','10','30','pending',195,NULL,'2024-03-23 00:20:43','2024-04-23 04:00:01',15,NULL,NULL,NULL,NULL,0,NULL,NULL,'13',1,NULL,NULL,NULL,NULL,'2024-03-25','2024-04-14','2024-04-14'),(333,'578057',647,7,19,882,'2024-03-25','30','30','pending',175,NULL,'2024-03-23 02:19:58','2024-04-23 04:00:01',11,NULL,NULL,NULL,NULL,0,NULL,NULL,'2',1,NULL,'157.500','10','RAMADAN24','2024-03-25',NULL,NULL),(334,'505802',587,8,4,779,'2024-04-11','15','30','pending',165,NULL,'2024-03-24 14:31:15','2024-04-25 04:00:03',7,NULL,NULL,NULL,NULL,0,NULL,NULL,'2',1,NULL,'148.500','10','RAMADAN24','2024-03-26','2024-04-10','2024-04-11'),(335,'474996',580,7,19,784,'2024-03-26','30','30','pending',175,NULL,'2024-03-24 16:03:06','2024-04-24 04:00:01',11,NULL,NULL,NULL,NULL,0,NULL,NULL,'2',1,NULL,'157.500','10','Ramadan24','2024-03-26',NULL,NULL),(336,'628740',651,8,4,888,'2024-03-27','30','30','pending',135,NULL,'2024-03-25 02:07:36','2024-04-25 04:00:03',4,NULL,NULL,NULL,NULL,0,NULL,NULL,'2',1,NULL,'121.500','10','RAMADAN24','2024-03-27',NULL,NULL),(337,'305612',653,9,20,891,'2024-03-27','14','14','pending',100,NULL,'2024-03-25 22:51:55','2024-04-09 00:00:03',14,NULL,NULL,NULL,NULL,0,NULL,NULL,'12',1,NULL,'90.000','10','RAMADAN24','2024-03-27',NULL,NULL),(338,'736166',650,7,19,886,'2024-04-13','30','30','pending',185,NULL,'2024-03-26 14:27:41','2024-05-12 04:00:03',11,80,NULL,NULL,NULL,0,NULL,NULL,'3',1,NULL,'166.500','10','Ramadan24','2024-04-13',NULL,NULL),(340,'191031',298,7,19,796,'2024-04-13','20','30','pending',145,NULL,'2024-03-27 22:00:20','2024-05-02 04:00:02',10,NULL,NULL,NULL,NULL,0,NULL,NULL,'13',1,NULL,'130.500','10','RAMADAN24','2024-03-30','2024-04-09','2024-04-13'),(341,'867309',656,10,21,902,'2024-03-30','1','1','pending',10.25,NULL,'2024-03-28 02:01:36','2024-03-30 00:00:03',19,NULL,NULL,NULL,NULL,0,NULL,NULL,'2',1,NULL,'9.225','10',NULL,'2024-03-30',NULL,NULL),(342,'698361',657,8,4,904,'2024-03-30','30','30','pending',135,NULL,'2024-03-28 19:50:37','2024-04-28 04:00:01',4,NULL,NULL,NULL,NULL,0,NULL,NULL,'13',1,NULL,NULL,NULL,NULL,'2024-03-30',NULL,NULL),(343,'962338',658,8,4,905,'2024-03-30','14','14','pending',87,NULL,'2024-03-28 19:55:24','2024-04-12 00:00:03',4,71,NULL,NULL,NULL,0,NULL,NULL,'12',1,NULL,NULL,NULL,NULL,'2024-03-30',NULL,NULL),(344,'813317',598,7,19,793,'2024-04-01','30','30','pending',175,NULL,'2024-03-30 01:16:25','2024-04-30 04:00:02',11,NULL,NULL,NULL,NULL,0,NULL,NULL,'2',1,NULL,'157.500','10','‏RAMADAN24','2024-04-01',NULL,NULL),(345,'96141',662,7,19,913,'2024-04-21','11','14','pending',100,NULL,'2024-03-30 05:05:53','2024-05-01 04:00:01',11,NULL,NULL,NULL,NULL,0,NULL,NULL,'12',1,NULL,'90.000','10','Ramadan24','2024-04-01','2024-04-04','2024-04-21'),(346,'820049',538,7,19,693,'2024-04-06','27','30','pending',195,NULL,'2024-03-31 15:27:48','2024-05-02 04:00:02',12,NULL,NULL,NULL,NULL,0,NULL,NULL,'12',1,NULL,NULL,NULL,NULL,'2024-04-03','2024-04-06','2024-04-06'),(347,'270673',296,9,20,696,'2024-04-04','30','30','pending',195,NULL,'2024-04-02 15:44:18','2024-05-03 04:00:01',15,NULL,NULL,NULL,NULL,0,NULL,NULL,'2',1,NULL,'175.500','10','Ramadan24','2024-04-04',NULL,NULL),(349,'893269',670,8,4,925,'2024-04-15','13','14','pending',80,NULL,'2024-04-04 13:55:16','2024-04-27 04:00:01',4,NULL,NULL,NULL,NULL,0,NULL,NULL,'2',1,NULL,NULL,NULL,NULL,'2024-04-13','2024-04-14','2024-04-15'),(350,'134724',672,7,19,927,'2024-06-01','13','30','pending',175,NULL,'2024-04-04 20:31:25','2024-06-13 04:00:04',11,NULL,NULL,NULL,NULL,0,NULL,NULL,'3',1,NULL,'154.000','12','vote24','2024-04-06','2024-05-11','2024-06-01'),(351,'42597',674,7,19,930,'2024-04-13','30','30','pending',195,NULL,'2024-04-04 21:15:41','2024-05-12 04:00:03',12,NULL,NULL,NULL,NULL,0,NULL,NULL,'12',1,NULL,'171.600','12','vote24','2024-04-13',NULL,NULL),(352,'976095',529,8,4,939,'2024-05-30','7','30','pending',145,NULL,'2024-04-06 00:28:20','2024-06-05 04:00:02',4,73,NULL,NULL,NULL,0,NULL,NULL,'12',1,NULL,'127.600','12','vote24','2024-04-14','2024-05-28','2024-05-30'),(353,'940619',679,8,4,945,'2024-04-10','14','14','pending',97,NULL,'2024-04-08 20:56:22','2024-04-23 04:00:01',7,74,NULL,NULL,NULL,0,NULL,NULL,'2',1,NULL,'87.300','10','eid24','2024-04-10',NULL,NULL),(354,'740014',383,9,20,947,'2024-04-11','30','30','pending',195,NULL,'2024-04-09 04:20:20','2024-05-10 04:00:04',15,NULL,NULL,NULL,NULL,0,NULL,NULL,'12',1,NULL,'175.500','10','RAMADAN24','2024-04-11',NULL,NULL),(355,'138804',687,7,19,948,'2024-04-14','30','30','pending',185,NULL,'2024-04-09 20:32:45','2024-05-13 04:00:02',11,80,NULL,NULL,NULL,0,NULL,NULL,'13',1,NULL,NULL,NULL,NULL,'2024-04-14',NULL,NULL),(356,'462096',689,7,19,950,'2024-04-14','30','30','pending',185,NULL,'2024-04-09 22:23:42','2024-05-13 04:00:02',11,80,NULL,NULL,NULL,0,NULL,NULL,'13',1,NULL,NULL,NULL,NULL,'2024-04-14',NULL,NULL),(357,'770551',683,7,19,953,'2024-04-13','30','30','pending',185,NULL,'2024-04-10 01:02:22','2024-05-12 04:00:03',11,80,NULL,NULL,NULL,0,NULL,NULL,'12',1,NULL,'166.500','10','eid24','2024-04-13',NULL,NULL),(358,'634202',494,7,19,592,'2024-04-15','30','30','pending',185,NULL,'2024-04-11 17:24:37','2024-05-14 04:00:05',11,80,NULL,NULL,NULL,0,NULL,NULL,'12',1,NULL,'166.500','10','EID24','2024-04-15',NULL,NULL),(359,'15526',688,8,4,957,'2024-04-15','30','30','pending',135,NULL,'2024-04-11 17:31:46','2024-05-14 04:00:05',4,NULL,NULL,NULL,NULL,0,NULL,NULL,'12',1,NULL,'121.500','10','eid24','2024-04-15',NULL,NULL),(360,'718970',696,7,19,963,'2024-04-29','21','30','pending',145,NULL,'2024-04-12 02:26:24','2024-05-19 04:00:04',10,NULL,NULL,NULL,NULL,0,NULL,NULL,'12',1,NULL,'130.500','10','eid24','2024-04-14','2024-04-28','2024-04-29'),(361,'169445',697,7,19,965,'2024-04-16','30','30','pending',145,NULL,'2024-04-12 17:10:13','2024-05-15 04:00:03',10,NULL,NULL,NULL,NULL,0,NULL,NULL,'12',1,NULL,'130.500','10','EID24','2024-04-16',NULL,NULL),(362,'821158',281,7,19,949,'2024-04-14','30','30','pending',175,NULL,'2024-04-12 20:43:17','2024-05-13 04:00:02',11,NULL,NULL,NULL,NULL,0,NULL,NULL,'2',1,NULL,'157.500','10','eid24','2024-04-14',NULL,NULL),(363,'128794',685,8,4,944,'2024-04-15','30','30','pending',165,NULL,'2024-04-13 01:19:05','2024-05-14 04:00:05',7,NULL,NULL,NULL,NULL,0,NULL,NULL,'12',1,NULL,'148.500','10','RAMADAN24','2024-04-15',NULL,NULL),(366,'374076',512,7,19,638,'2024-04-16','30','30','pending',175,NULL,'2024-04-14 15:50:41','2024-05-15 04:00:03',11,NULL,NULL,NULL,NULL,0,NULL,NULL,'13',1,NULL,NULL,NULL,NULL,'2024-04-16',NULL,NULL),(369,'47132',705,7,19,980,'2024-04-17','30','30','pending',215,NULL,'2024-04-15 09:23:30','2024-05-16 04:00:01',13,NULL,NULL,NULL,NULL,0,NULL,NULL,'12',1,NULL,'193.500','10','EID24','2024-04-17',NULL,NULL),(370,'305410',706,7,19,981,'2024-04-17','30','30','pending',215,NULL,'2024-04-15 10:02:28','2024-05-16 04:00:02',13,NULL,NULL,NULL,NULL,0,NULL,NULL,'2',1,NULL,'193.500','10','EID24','2024-04-17',NULL,NULL),(371,'925323',707,7,19,982,'2024-04-17','30','30','pending',175,NULL,'2024-04-15 10:57:31','2024-05-16 04:00:02',11,NULL,NULL,NULL,NULL,0,NULL,NULL,'2',1,NULL,'157.500','10','EID24','2024-04-17',NULL,NULL),(373,'783993',702,7,19,977,'2024-04-17','30','30','pending',175,NULL,'2024-04-15 16:32:42','2024-05-16 04:00:02',11,NULL,NULL,NULL,NULL,0,NULL,NULL,'12',1,NULL,'157.500','10','eid24','2024-04-17',NULL,NULL),(376,'795261',708,7,19,989,'2024-04-20','30','30','pending',175,NULL,'2024-04-17 00:44:26','2024-05-19 04:00:04',11,NULL,NULL,NULL,NULL,0,NULL,NULL,'12',1,NULL,'157.500','10','Eid24','2024-04-20',NULL,NULL),(377,'113174',111,8,4,1132,'2024-04-22','30','30','pending',185,NULL,'2024-04-17 13:39:46','2024-05-21 04:00:01',8,9,NULL,NULL,NULL,0,'2024-04-23',1132,'13',1,NULL,NULL,NULL,NULL,'2024-04-20','2024-04-20','2024-04-22'),(378,'278056',285,8,4,995,'2024-05-25','11','30','pending',165,NULL,'2024-04-17 18:01:13','2024-06-04 04:00:04',7,NULL,NULL,NULL,NULL,0,NULL,NULL,'12',1,NULL,'148.500','10','Eid24','2024-04-27','2024-05-16','2024-05-25'),(379,'312784',111,9,20,1000,'2024-04-21','30','30','pending',195,NULL,'2024-04-18 18:36:25','2024-05-20 04:00:01',15,NULL,NULL,NULL,NULL,0,NULL,NULL,'13',1,NULL,NULL,NULL,NULL,'2024-04-20','2024-04-20','2024-04-21'),(380,'180330',710,7,19,1014,'2024-04-21','30','30','pending',175,NULL,'2024-04-19 13:35:03','2024-05-20 04:00:01',11,NULL,NULL,NULL,NULL,0,NULL,NULL,'13',1,NULL,NULL,NULL,NULL,'2024-04-21',NULL,NULL),(383,'534208',404,7,19,570,'2024-04-22','30','30','pending',175,NULL,'2024-04-20 16:51:26','2024-05-21 04:00:01',11,NULL,NULL,NULL,NULL,0,NULL,NULL,'12',1,NULL,'157.500','10','Eid24','2024-04-22',NULL,NULL),(384,'274169',725,8,4,1124,'2024-04-22','30','30','pending',165,NULL,'2024-04-20 22:18:43','2024-05-21 04:00:01',7,NULL,NULL,NULL,NULL,0,NULL,NULL,'12',1,NULL,'148.500','10','SUMMER24','2024-04-22',NULL,NULL),(385,'404036',728,8,4,1134,'2024-04-23','30','30','pending',205,NULL,'2024-04-21 17:43:25','2024-05-22 04:00:02',9,NULL,NULL,NULL,NULL,0,NULL,NULL,'12',1,NULL,'184.500','10','summer24','2024-04-23',NULL,NULL),(386,'740928',322,8,4,1135,'2024-04-23','30','30','pending',135,NULL,'2024-04-21 18:38:07','2024-05-22 04:00:02',4,NULL,NULL,NULL,NULL,0,NULL,NULL,'13',1,NULL,NULL,NULL,NULL,'2024-04-23',NULL,NULL),(387,'356418',691,8,4,1141,'2024-04-23','30','30','pending',175,NULL,'2024-04-22 03:29:16','2024-05-22 04:00:02',7,6,NULL,NULL,NULL,0,NULL,NULL,'2',1,NULL,'148.500','10',NULL,'2024-04-23',NULL,NULL),(388,'971958',730,7,19,1142,'2024-05-26','2','30','pending',145,NULL,'2024-04-22 03:37:55','2024-05-27 04:00:01',10,NULL,NULL,NULL,NULL,0,NULL,NULL,'12',1,NULL,'130.500','10','SUMMER24','2024-04-23','2024-05-23','2024-05-26'),(389,'934368',699,10,21,1137,'2024-04-25','14','14','pending',80,NULL,'2024-04-22 11:34:52','2024-05-08 04:00:02',18,NULL,NULL,NULL,NULL,0,NULL,NULL,'12',1,NULL,NULL,NULL,NULL,'2024-04-25','2024-04-25','2024-04-25'),(390,'554800',670,8,4,925,'2024-04-28','30','30','pending',135,NULL,'2024-04-22 14:04:09','2024-05-27 04:00:01',4,NULL,NULL,NULL,NULL,0,NULL,NULL,'2',1,NULL,NULL,NULL,NULL,'2024-04-28',NULL,NULL),(391,'652077',298,7,19,796,'2024-07-22','3','30','pending',175,NULL,'2024-04-22 22:18:43','2024-07-24 04:00:01',11,NULL,NULL,NULL,NULL,0,NULL,NULL,'12',1,NULL,'157.500','10','summer24','2024-05-04','2024-06-06','2024-07-22'),(392,'907912',111,8,4,992,'2024-04-30','30','30','pending',165,NULL,'2024-04-23 00:16:40','2024-05-29 04:00:02',7,NULL,NULL,NULL,NULL,0,NULL,NULL,'13',1,NULL,NULL,NULL,NULL,'2024-04-30',NULL,NULL),(393,'248007',736,7,19,1149,'2024-04-24','30','30','pending',205,NULL,'2024-04-23 01:55:31','2024-05-23 04:00:02',12,83,NULL,NULL,NULL,0,NULL,NULL,'3',1,NULL,'184.500','10','summer24','2024-04-24',NULL,NULL),(394,'830909',737,8,4,1153,'2024-04-25','1','1','pending',8.25,NULL,'2024-04-23 14:21:17','2024-04-25 04:00:03',4,NULL,NULL,NULL,NULL,0,NULL,NULL,'12',1,NULL,NULL,NULL,NULL,'2024-04-25',NULL,NULL),(395,'987165',600,9,20,798,'2024-04-27','30','30','pending',215,NULL,'2024-04-24 03:51:20','2024-05-26 04:00:02',16,NULL,NULL,NULL,NULL,0,NULL,NULL,'12',1,NULL,'199.950','7','MS','2024-04-27',NULL,NULL),(396,'35931',669,8,4,1164,'2024-04-27','30','30','pending',175,NULL,'2024-04-24 04:49:09','2024-05-26 04:00:02',7,6,NULL,NULL,NULL,0,NULL,NULL,'2',1,NULL,'157.500','10','SUMMER24','2024-04-27',NULL,NULL),(397,'835947',580,7,19,784,'2024-04-27','30','30','pending',175,NULL,'2024-04-24 14:14:22','2024-05-26 04:00:02',11,NULL,NULL,NULL,NULL,0,NULL,NULL,'2',1,NULL,'157.500','10','SUMMER24','2024-04-27',NULL,NULL),(399,'336405',741,7,19,1168,'2024-04-27','30','30','pending',175,NULL,'2024-04-25 07:01:34','2024-05-26 04:00:02',11,NULL,NULL,NULL,NULL,0,NULL,NULL,'2',1,NULL,NULL,NULL,NULL,'2024-04-27',NULL,NULL),(400,'820005',745,8,4,1171,'2024-04-27','1','1','pending',12.25,NULL,'2024-04-26 01:09:57','2024-04-27 04:00:01',7,13,NULL,NULL,NULL,0,NULL,NULL,'12',1,NULL,NULL,NULL,NULL,'2024-04-27',NULL,NULL),(401,'612915',747,8,4,1172,'2024-04-27','30','30','pending',135,NULL,'2024-04-26 02:21:10','2024-05-03 04:00:01',4,NULL,'2024-05-04',NULL,23,0,NULL,NULL,'13',1,NULL,NULL,NULL,NULL,'2024-04-27','2024-05-04',NULL),(402,'116211',749,7,19,1174,'2024-04-29','30','30','pending',145,NULL,'2024-04-26 17:32:46','2024-05-28 04:00:02',10,NULL,NULL,NULL,NULL,0,NULL,NULL,'13',1,NULL,NULL,NULL,NULL,'2024-04-29',NULL,NULL),(403,'171084',751,7,19,1177,'2024-04-28','30','30','pending',175,NULL,'2024-04-26 22:48:34','2024-05-27 04:00:01',11,NULL,NULL,NULL,NULL,0,NULL,NULL,'12',1,NULL,NULL,NULL,NULL,'2024-04-28',NULL,NULL),(404,'855538',647,7,19,882,'2024-04-28','30','30','pending',175,NULL,'2024-04-27 00:25:35','2024-05-27 04:00:01',11,NULL,NULL,NULL,NULL,0,NULL,NULL,'2',1,NULL,'157.500','10','SUMMER24','2024-04-28',NULL,NULL),(405,'919858',752,9,20,1178,'2024-06-01','4','30','pending',195,NULL,'2024-04-27 04:05:26','2024-06-04 04:00:04',15,NULL,NULL,NULL,NULL,0,NULL,NULL,'12',1,NULL,'175.500','10','SUMMER24','2024-04-29','2024-05-27','2024-06-01'),(406,'850313',753,8,4,1179,'2024-05-05','29','30','pending',165,NULL,'2024-04-27 14:51:09','2024-06-02 04:00:01',7,NULL,NULL,NULL,NULL,0,NULL,NULL,'2',1,NULL,'148.500','10','Summer24','2024-04-29','2024-04-30','2024-05-05'),(407,'725627',754,9,20,1181,'2024-04-29','30','30','pending',195,NULL,'2024-04-27 18:36:50','2024-05-28 04:00:02',15,NULL,NULL,NULL,NULL,0,NULL,NULL,'12',1,NULL,'175.500','10','eid24','2024-04-29',NULL,NULL),(408,'522001',536,9,20,689,'2024-04-29','30','30','pending',195,NULL,'2024-04-27 22:50:41','2024-05-28 04:00:02',15,NULL,NULL,NULL,NULL,0,NULL,NULL,'13',1,NULL,'175.500','10','SUMMER24','2024-04-29',NULL,NULL),(409,'85880',756,7,19,1184,'2024-06-08','10','30','pending',175,NULL,'2024-04-28 03:21:48','2024-06-17 04:00:02',11,NULL,NULL,NULL,NULL,0,NULL,NULL,'13',1,NULL,NULL,NULL,NULL,'2024-04-29','2024-05-19','2024-06-08'),(410,'448439',642,7,19,1185,'2024-04-30','30','30','pending',175,NULL,'2024-04-28 05:45:31','2024-05-29 04:00:02',11,NULL,NULL,NULL,NULL,0,NULL,NULL,'2',1,NULL,'157.500','10','SUMMER24','2024-04-30',NULL,NULL),(412,'22628',757,7,19,1151,'2024-04-30','30','30','pending',175,NULL,'2024-04-28 19:24:21','2024-05-29 04:00:02',11,NULL,NULL,NULL,NULL,0,NULL,NULL,'12',1,NULL,'157.500','10','summer24','2024-04-30',NULL,NULL),(413,'220897',658,10,21,905,'2024-05-01','14','14','pending',80,NULL,'2024-04-29 14:47:12','2024-05-14 04:00:05',18,NULL,NULL,NULL,NULL,0,NULL,NULL,'3',1,NULL,NULL,NULL,NULL,'2024-05-01',NULL,NULL),(414,'277117',760,7,19,1191,'2024-05-01','1','1','pending',13.25,NULL,'2024-04-29 16:00:48','2024-05-01 04:00:01',12,NULL,NULL,NULL,NULL,0,NULL,NULL,'13',1,NULL,NULL,NULL,NULL,'2024-05-01',NULL,NULL),(415,'729052',761,7,19,1192,'2024-05-09','30','30','pending',175,NULL,'2024-04-29 16:19:24','2024-06-07 04:00:01',11,NULL,NULL,NULL,NULL,0,NULL,NULL,'3',1,NULL,'157.500','10','SUMMER24','2024-05-09',NULL,NULL),(416,'684463',111,8,4,1182,'2024-05-01','30','30','pending',135,NULL,'2024-04-29 17:21:41','2024-05-30 04:00:03',4,NULL,NULL,NULL,NULL,0,NULL,NULL,'14',1,NULL,NULL,NULL,NULL,'2024-05-01',NULL,NULL),(417,'371982',767,7,19,1195,'2024-05-12','20','30','pending',175,NULL,'2024-04-30 00:25:03','2024-05-31 04:00:02',11,NULL,NULL,NULL,NULL,0,NULL,NULL,'13',1,NULL,'157.500','10','‏summer24','2024-05-01','2024-05-11','2024-05-12'),(418,'600859',111,8,4,1197,'2024-05-02','30','30','pending',185,NULL,'2024-05-01 00:54:37','2024-05-31 04:00:02',8,NULL,NULL,NULL,NULL,0,NULL,NULL,'13',1,NULL,NULL,NULL,NULL,'2024-05-02',NULL,NULL),(419,'311356',111,8,4,1202,'2024-05-02','30','30','pending',165,NULL,'2024-05-01 02:09:14','2024-05-31 04:00:02',7,NULL,NULL,NULL,NULL,0,NULL,NULL,'13',1,NULL,NULL,NULL,NULL,'2024-05-02',NULL,NULL),(420,'132550',759,8,4,1196,'2024-05-04','30','30','pending',165,NULL,'2024-05-01 16:21:33','2024-06-02 04:00:01',7,NULL,NULL,NULL,NULL,0,NULL,NULL,'12',1,NULL,'148.500','10','summer24','2024-05-04',NULL,NULL),(421,'49066',598,7,19,793,'2024-07-02','14','30','pending',195,NULL,'2024-05-01 20:37:34','2024-07-15 04:00:02',12,NULL,NULL,NULL,NULL,0,NULL,NULL,'3',1,NULL,'175.500','10','SUMMER24','2024-05-04','2024-05-25','2024-07-02'),(422,'776325',538,7,19,693,'2024-05-05','30','30','pending',195,NULL,'2024-05-01 21:17:07','2024-06-03 04:00:04',12,NULL,NULL,NULL,NULL,0,NULL,NULL,'12',1,NULL,NULL,NULL,NULL,'2024-05-05',NULL,NULL),(423,'112514',657,8,4,904,'2024-05-04','30','30','pending',135,NULL,'2024-05-01 23:13:31','2024-06-02 04:00:01',4,NULL,NULL,NULL,NULL,0,NULL,NULL,'3',1,NULL,'121.500','10','SUMMER24','2024-05-04',NULL,NULL),(424,'987889',296,9,20,696,'2024-05-04','30','30','pending',195,NULL,'2024-05-02 01:27:59','2024-06-02 04:00:01',15,NULL,NULL,NULL,NULL,0,NULL,NULL,'3',1,NULL,'175.500','10','SUMMER24','2024-05-04',NULL,NULL),(425,'761749',130,7,19,1221,'2024-05-05','30','30','pending',145,NULL,'2024-05-03 20:51:08','2024-06-03 04:00:04',10,NULL,NULL,NULL,NULL,0,NULL,NULL,'13',1,NULL,NULL,NULL,NULL,'2024-05-05',NULL,NULL),(426,'963382',724,7,19,1123,'2024-05-06','14','14','pending',100,NULL,'2024-05-04 13:15:41','2024-05-19 04:00:04',11,NULL,NULL,NULL,NULL,0,NULL,NULL,'12',1,NULL,NULL,NULL,NULL,'2024-05-06',NULL,NULL),(427,'588783',777,8,4,1225,'2024-05-06','30','30','pending',185,NULL,'2024-05-04 23:09:59','2024-06-04 04:00:04',8,NULL,NULL,NULL,NULL,0,NULL,NULL,'12',1,NULL,'166.500','10','SUMMER24','2024-05-06',NULL,NULL),(428,'668533',778,7,19,1227,'2024-05-06','30','30','pending',175,NULL,'2024-05-05 00:29:34','2024-06-04 04:00:04',11,NULL,NULL,NULL,NULL,0,NULL,NULL,'12',1,NULL,'157.500','10','SUMMER24','2024-05-06',NULL,NULL),(429,'395537',788,7,19,1233,'2024-05-08','30','30','pending',175,NULL,'2024-05-07 01:55:21','2024-06-06 04:00:04',11,NULL,NULL,NULL,NULL,0,NULL,NULL,'3',1,NULL,'157.500','10','SUMMER24','2024-05-08',NULL,NULL),(430,'347580',789,7,19,1235,'2024-05-09','30','30','pending',195,NULL,'2024-05-08 01:54:06','2024-06-07 04:00:01',12,NULL,NULL,NULL,NULL,0,NULL,NULL,'13',1,NULL,NULL,NULL,NULL,'2024-05-09',NULL,NULL),(431,'827085',702,9,20,977,'2024-05-18','14','14','pending',110,NULL,'2024-05-08 19:14:24','2024-05-31 04:00:02',15,NULL,NULL,NULL,NULL,0,NULL,NULL,'2',1,NULL,'99.000','10','summer24','2024-05-18',NULL,NULL),(432,'773670',699,7,19,1170,'2024-05-11','14','14','pending',90,NULL,'2024-05-08 19:33:06','2024-05-24 04:00:02',10,NULL,NULL,NULL,NULL,0,NULL,NULL,'3',1,NULL,NULL,NULL,NULL,'2024-05-11',NULL,NULL),(433,'916665',791,7,19,1236,'2024-05-11','30','30','pending',185,NULL,'2024-05-09 00:11:43','2024-06-09 04:00:01',11,80,NULL,NULL,NULL,0,NULL,NULL,'13',1,NULL,NULL,NULL,NULL,'2024-05-11',NULL,NULL),(435,'147115',795,8,4,1248,'2024-05-11','30','30','pending',165,NULL,'2024-05-09 19:26:19','2024-06-09 04:00:01',7,NULL,NULL,NULL,NULL,0,NULL,NULL,'3',1,NULL,'148.500','10','SUMMER24','2024-05-11',NULL,NULL),(436,'126205',797,7,19,1254,'2024-05-12','30','30','pending',175,NULL,'2024-05-10 20:05:38','2024-06-10 04:00:01',11,NULL,NULL,NULL,NULL,0,NULL,NULL,'3',1,NULL,'162.750','7','Ms','2024-05-12',NULL,NULL),(437,'503832',799,7,19,1255,'2024-06-22','5','30','pending',195,NULL,'2024-05-10 20:13:52','2024-06-26 04:00:04',12,NULL,NULL,NULL,NULL,0,NULL,NULL,'13',1,NULL,NULL,NULL,NULL,'2024-05-12','2024-06-06','2024-06-22'),(438,'903405',798,8,4,1256,'2024-05-12','14','14','pending',80,NULL,'2024-05-10 20:37:26','2024-05-25 04:00:02',4,NULL,NULL,NULL,NULL,0,NULL,NULL,'3',1,NULL,'74.400','7','ms','2024-05-12',NULL,NULL),(440,'809504',807,8,4,1267,'2024-05-14','1','1','pending',10.25,NULL,'2024-05-12 15:07:47','2024-05-14 04:00:05',7,NULL,NULL,NULL,NULL,0,NULL,NULL,'3',1,NULL,'9.225','10','SUMMER24','2024-05-14',NULL,NULL),(441,'121287',812,8,4,1273,'2024-05-15','14','14','pending',90,NULL,'2024-05-13 12:00:24','2024-05-28 04:00:02',7,NULL,NULL,NULL,NULL,0,NULL,NULL,'7',1,NULL,NULL,NULL,NULL,'2024-05-15',NULL,NULL),(442,'725474',809,7,19,1276,'2024-05-15','30','30','pending',175,NULL,'2024-05-13 18:24:15','2024-06-13 04:00:04',11,NULL,NULL,NULL,NULL,0,NULL,NULL,'13',1,NULL,NULL,NULL,NULL,'2024-05-15',NULL,NULL),(443,'61715',195,7,19,1282,'2024-06-01','21','30','pending',175,NULL,'2024-05-14 22:40:32','2024-06-21 04:00:05',11,NULL,NULL,NULL,NULL,0,NULL,NULL,'13',1,NULL,'162.750','7','fjs','2024-05-16','2024-05-25','2024-06-01'),(444,'404125',822,7,19,1285,'2024-06-11','9','30','pending',175,NULL,'2024-05-15 14:31:41','2024-06-19 04:00:02',11,NULL,NULL,NULL,NULL,0,NULL,NULL,'12',1,NULL,NULL,NULL,NULL,'2024-05-18','2024-06-08','2024-06-11'),(445,'699605',793,9,20,1246,'2024-05-18','14','14','pending',110,NULL,'2024-05-15 16:26:07','2024-05-31 04:00:02',15,NULL,NULL,NULL,NULL,0,NULL,NULL,'3',1,NULL,NULL,NULL,NULL,'2024-05-18',NULL,NULL),(446,'455143',824,8,4,1289,'2024-05-19','30','30','pending',165,NULL,'2024-05-15 21:44:43','2024-06-17 04:00:02',7,NULL,NULL,NULL,NULL,0,NULL,NULL,'3',1,NULL,'148.500','10','SUMMER24','2024-05-19',NULL,NULL),(449,'909187',708,7,19,989,'2024-05-20','30','30','pending',175,NULL,'2024-05-17 05:17:22','2024-06-18 04:00:01',11,NULL,NULL,NULL,NULL,0,NULL,NULL,'12',1,NULL,'157.500','10','SUMMER24','2024-05-20',NULL,NULL),(450,'375294',828,8,4,1299,'2024-05-21','30','30','pending',175,NULL,'2024-05-18 03:51:32','2024-06-19 04:00:02',7,6,NULL,NULL,NULL,0,NULL,NULL,'3',1,NULL,'157.500','10','summer24','2024-05-21',NULL,NULL),(451,'497907',725,8,4,1124,'2024-08-04','6','30','pending',135,NULL,'2024-05-18 19:46:37','2024-08-09 04:00:02',4,NULL,NULL,NULL,NULL,0,NULL,NULL,'12',1,NULL,'121.500','10','SUMMER24','2024-05-22','2024-06-19','2024-08-04'),(452,'843350',841,8,4,1308,'2024-05-20','14','14','pending',90,NULL,'2024-05-18 20:14:45','2024-06-02 04:00:01',7,NULL,NULL,NULL,NULL,0,NULL,NULL,'12',1,NULL,'81.000','10','summer24','2024-05-20',NULL,NULL),(453,'55835',696,9,20,963,'2024-05-20','30','30','pending',165,NULL,'2024-05-19 00:25:50','2024-06-18 04:00:01',14,NULL,NULL,NULL,NULL,0,NULL,NULL,'12',1,NULL,'148.500','10','SUMMER24','2024-05-20',NULL,NULL),(454,'857476',847,7,19,1317,'2024-05-23','30','30','pending',175,NULL,'2024-05-20 03:36:44','2024-06-21 04:00:05',11,NULL,NULL,NULL,NULL,0,NULL,NULL,'13',1,NULL,NULL,NULL,NULL,'2024-05-23',NULL,NULL),(455,'62177',850,7,19,1322,'2024-05-25','30','30','pending',145,NULL,'2024-05-20 19:04:41','2024-06-23 04:00:01',10,NULL,NULL,NULL,NULL,0,NULL,NULL,'13',1,NULL,NULL,NULL,NULL,'2024-05-25',NULL,NULL),(456,'321241',849,9,20,1320,'2024-06-20','6','30','pending',195,NULL,'2024-05-20 19:49:03','2024-06-25 04:00:01',15,NULL,NULL,NULL,NULL,0,NULL,NULL,'12',1,NULL,'175.500','10','SUMMER24','2024-05-22','2024-06-15','2024-06-20'),(457,'924820',851,7,19,1323,'2024-05-22','30','30','pending',145,NULL,'2024-05-20 23:26:05','2024-06-20 04:00:02',10,NULL,NULL,NULL,NULL,0,NULL,NULL,'12',1,NULL,NULL,NULL,NULL,'2024-05-22',NULL,NULL),(458,'856659',476,7,19,1324,'2024-06-08','3','14','pending',100,NULL,'2024-05-21 01:28:26','2024-06-10 04:00:01',11,NULL,NULL,NULL,NULL,0,NULL,NULL,'12',1,NULL,'90.000','10','Summer24','2024-05-22','2024-06-02','2024-06-08'),(459,'251877',852,8,4,1327,'2024-05-22','30','30','pending',185,NULL,'2024-05-21 03:52:41','2024-06-20 04:00:02',8,NULL,NULL,NULL,NULL,0,NULL,NULL,'13',1,NULL,NULL,NULL,NULL,'2024-05-22',NULL,NULL),(460,'970531',856,7,19,1331,'2024-05-25','30','30','pending',155,NULL,'2024-05-21 16:18:19','2024-06-23 04:00:01',10,77,NULL,NULL,NULL,0,NULL,NULL,'12',1,NULL,'139.500','10','SUMMER24','2024-05-25',NULL,NULL),(461,'685082',858,7,19,1313,'2024-06-02','29','30','pending',175,NULL,'2024-05-22 05:42:23','2024-06-30 04:00:01',11,NULL,NULL,NULL,NULL,0,NULL,NULL,'3',1,NULL,NULL,NULL,NULL,'2024-05-25','2024-05-26','2024-06-02'),(462,'329592',512,7,19,638,'2024-05-25','30','30','pending',195,NULL,'2024-05-22 18:18:44','2024-06-23 04:00:01',12,NULL,NULL,NULL,NULL,0,NULL,NULL,'13',1,NULL,NULL,NULL,NULL,'2024-05-25',NULL,NULL),(463,'223842',862,7,19,1336,'2024-05-27','30','30','pending',175,NULL,'2024-05-22 19:00:36','2024-06-25 04:00:01',11,NULL,NULL,NULL,NULL,0,NULL,NULL,'13',1,NULL,NULL,NULL,NULL,'2024-05-27',NULL,NULL),(464,'24216',865,10,21,1339,'2024-07-27','8','30','pending',195,NULL,'2024-05-23 04:12:31','2024-08-03 04:00:01',20,NULL,NULL,NULL,NULL,0,NULL,NULL,'13',1,NULL,NULL,NULL,NULL,'2024-05-25','2024-06-16','2024-07-27'),(465,'560430',855,8,4,1342,'2024-06-22','8','30','pending',175,NULL,'2024-05-23 13:53:11','2024-06-29 04:00:02',7,6,NULL,NULL,NULL,0,NULL,NULL,'7',1,NULL,'157.500','10','summer24','2024-05-26','2024-06-17','2024-06-22'),(466,'494108',863,8,4,1337,'2024-05-25','30','30','pending',135,NULL,'2024-05-23 15:33:20','2024-06-23 04:00:01',4,NULL,NULL,NULL,NULL,0,NULL,NULL,'3',1,NULL,NULL,NULL,NULL,'2024-05-25',NULL,NULL),(467,'856973',733,8,4,1145,'2024-05-25','30','30','pending',135,NULL,'2024-05-23 19:36:58','2024-06-23 04:00:01',4,NULL,NULL,NULL,NULL,0,NULL,NULL,'12',1,NULL,NULL,NULL,NULL,'2024-05-25',NULL,NULL),(468,'608047',842,8,4,1346,'2024-06-22','8','30','pending',165,NULL,'2024-05-23 20:30:20','2024-06-29 04:00:02',7,NULL,NULL,NULL,NULL,0,NULL,NULL,'7',1,NULL,NULL,NULL,NULL,'2024-05-26','2024-06-17','2024-06-22'),(469,'586922',870,8,4,1347,'2024-05-28','30','30','pending',165,NULL,'2024-05-23 20:33:43','2024-06-26 04:00:04',7,NULL,NULL,NULL,NULL,0,NULL,NULL,'12',1,NULL,'148.500','10','summer24','2024-05-25','2024-05-25','2024-05-28'),(470,'861424',872,9,20,1353,'2024-05-26','30','30','pending',195,NULL,'2024-05-24 12:52:03','2024-06-24 04:00:02',15,NULL,NULL,NULL,NULL,0,NULL,NULL,'12',1,NULL,'175.500','10','AF1','2024-05-26',NULL,NULL),(471,'679850',710,7,19,1010,'2024-05-26','14','14','pending',100,NULL,'2024-05-25 00:01:00','2024-06-08 04:00:01',11,NULL,NULL,NULL,NULL,0,NULL,NULL,'12',1,NULL,NULL,NULL,NULL,'2024-05-26',NULL,NULL),(472,'358400',618,8,4,831,'2024-06-01','26','30','pending',185,NULL,'2024-05-25 01:55:53','2024-06-18 12:25:03',8,NULL,'2024-06-19',NULL,8,0,NULL,NULL,'12',1,NULL,'166.500','10','SUMMER24','2024-05-26','2024-06-19','2024-06-01'),(473,'815979',877,8,4,1359,'2024-05-26','30','30','pending',135,NULL,'2024-05-25 02:23:06','2024-06-24 04:00:02',4,NULL,NULL,NULL,NULL,0,NULL,NULL,'3',1,NULL,NULL,NULL,NULL,'2024-05-26',NULL,NULL),(474,'352274',880,7,19,1360,'2024-05-27','30','30','pending',175,NULL,'2024-05-25 11:59:23','2024-06-25 04:00:01',11,NULL,NULL,NULL,NULL,0,NULL,NULL,'13',1,NULL,NULL,NULL,NULL,'2024-05-27',NULL,NULL),(475,'238564',580,7,19,784,'2024-05-27','30','30','pending',175,NULL,'2024-05-25 18:52:21','2024-06-25 04:00:01',11,NULL,NULL,NULL,NULL,0,NULL,NULL,'3',1,NULL,'157.500','10','SUMMER24','2024-05-27',NULL,NULL),(476,'368571',882,8,4,1361,'2024-06-01','30','30','pending',165,NULL,'2024-05-25 19:39:35','2024-06-30 04:00:01',7,NULL,NULL,NULL,NULL,0,NULL,NULL,'3',1,NULL,NULL,NULL,NULL,'2024-06-01',NULL,NULL),(477,'117841',884,9,20,1365,'2024-06-01','30','30','pending',195,NULL,'2024-05-26 02:44:28','2024-06-30 04:00:01',15,NULL,NULL,NULL,NULL,0,NULL,NULL,'12',1,NULL,'175.500','10','summer24','2024-06-01',NULL,NULL),(478,'949126',885,7,19,1366,'2024-05-28','30','30','pending',175,NULL,'2024-05-26 04:38:51','2024-06-26 04:00:04',11,NULL,NULL,NULL,NULL,0,NULL,NULL,'3',1,NULL,'157.500','10','summer24','2024-05-28',NULL,NULL),(479,'795451',853,7,19,1328,'2024-06-16','30','30','pending',185,NULL,'2024-05-26 13:44:50','2024-07-15 04:00:02',11,80,NULL,NULL,NULL,0,'2024-06-16',1328,'7',1,NULL,'166.500','10','SUMMER24','2024-06-15','2024-06-15','2024-06-16'),(480,'635798',887,8,4,1368,'2024-06-19','12','30','pending',165,NULL,'2024-05-26 18:52:18','2024-06-30 04:00:01',7,NULL,NULL,NULL,NULL,0,NULL,NULL,'12',1,NULL,NULL,NULL,NULL,'2024-05-28','2024-06-15','2024-06-19'),(481,'617021',888,8,4,1369,'2024-10-08','6','30','pending',145,NULL,'2024-05-26 19:33:20','2024-10-13 04:00:01',4,73,NULL,NULL,NULL,0,NULL,NULL,'12',1,NULL,NULL,NULL,NULL,'2024-05-29','2024-06-22','2024-10-08'),(482,'108115',889,8,4,1371,'2024-06-22','24','30','pending',165,NULL,'2024-05-26 22:04:52','2024-07-15 04:00:02',7,NULL,NULL,NULL,NULL,0,NULL,NULL,'12',1,NULL,'148.500','10','summer24','2024-06-09','2024-06-15','2024-06-22'),(484,'949204',536,9,20,689,'2024-05-30','30','30','pending',215,NULL,'2024-05-28 16:22:55','2024-06-28 04:00:01',16,NULL,NULL,NULL,NULL,0,NULL,NULL,'12',1,NULL,'193.500','10','SUMMER24','2024-05-30',NULL,NULL),(485,'463333',760,9,20,1379,'2024-05-30','30','30','pending',215,NULL,'2024-05-28 19:24:01','2024-06-28 04:00:01',16,NULL,NULL,NULL,NULL,0,NULL,NULL,'3',1,NULL,'193.500','10','SUMMER24','2024-05-30',NULL,NULL),(486,'880680',899,7,19,1380,'2024-05-30','30','30','pending',175,NULL,'2024-05-28 19:51:41','2024-06-28 04:00:01',11,NULL,NULL,NULL,NULL,0,NULL,NULL,'3',1,NULL,NULL,NULL,NULL,'2024-05-30',NULL,NULL),(487,'792904',876,7,19,1358,'2024-05-30','14','14','pending',100,NULL,'2024-05-29 01:18:42','2024-06-12 04:00:03',11,NULL,NULL,NULL,NULL,0,NULL,NULL,'3',1,NULL,'90.000','10','SUMMER24','2024-05-30',NULL,NULL),(489,'92886',901,7,19,1384,'2024-05-30','30','30','pending',175,NULL,'2024-05-29 03:44:12','2024-06-28 04:00:01',11,NULL,NULL,NULL,NULL,0,NULL,NULL,'12',1,NULL,'157.500','10','summer24','2024-05-30',NULL,NULL),(490,'84916',903,7,19,747,'2024-06-20','16','30','pending',155,NULL,'2024-05-29 06:11:01','2024-07-05 04:00:02',10,77,NULL,NULL,NULL,0,NULL,NULL,'13',1,NULL,NULL,NULL,NULL,'2024-06-01','2024-06-15','2024-06-20'),(491,'446323',818,7,19,1383,'2024-06-03','30','30','pending',175,NULL,'2024-05-29 23:20:39','2024-07-02 04:00:01',11,NULL,NULL,NULL,NULL,0,NULL,NULL,'13',1,NULL,NULL,NULL,NULL,'2024-06-03',NULL,NULL),(492,'49363',905,7,19,1387,'2024-06-01','30','30','pending',175,NULL,'2024-05-30 01:00:37','2024-06-30 04:00:01',11,NULL,NULL,NULL,NULL,0,NULL,NULL,'3',1,NULL,'157.500','10','SUMMER24','2024-06-01',NULL,NULL),(493,'284107',767,7,19,1195,'2024-06-01','30','30','pending',175,NULL,'2024-05-30 02:05:24','2024-06-30 04:00:01',11,NULL,NULL,NULL,NULL,0,NULL,NULL,'12',1,NULL,'157.500','10','SUMMER24','2024-06-01',NULL,NULL),(494,'366083',275,7,19,1281,'2024-06-01','30','30','pending',175,NULL,'2024-05-30 02:05:55','2024-06-30 04:00:01',11,NULL,NULL,NULL,NULL,0,NULL,NULL,'12',1,NULL,'157.500','10','summer24','2024-06-01',NULL,NULL),(496,'522363',913,9,20,1401,'2024-06-02','14','14','pending',100,NULL,'2024-05-31 22:40:15','2024-06-15 04:00:01',14,NULL,NULL,NULL,NULL,0,NULL,NULL,'7',1,NULL,'90.000','10','summer24','2024-06-02',NULL,NULL),(497,'632142',650,7,19,886,'2024-06-02','30','30','pending',175,NULL,'2024-05-31 23:24:41','2024-07-01 04:00:02',11,NULL,NULL,NULL,NULL,0,NULL,NULL,'7',1,NULL,'157.500','10','summer24','2024-06-02',NULL,NULL),(498,'21562',914,7,19,1405,'2024-06-02','30','30','pending',185,NULL,'2024-06-01 01:29:00','2024-07-01 04:00:02',11,80,NULL,NULL,NULL,0,NULL,NULL,'12',1,NULL,'166.500','10','summer24','2024-06-02',NULL,NULL),(499,'303057',647,7,19,882,'2024-06-03','30','30','pending',175,NULL,'2024-06-02 02:19:06','2024-07-02 04:00:01',11,NULL,NULL,NULL,NULL,0,NULL,NULL,'12',1,NULL,'157.500','10','SUMMER24','2024-06-03',NULL,NULL),(500,'416672',296,9,20,696,'2024-06-03','30','30','pending',195,NULL,'2024-06-02 02:24:11','2024-07-02 04:00:01',15,NULL,NULL,NULL,NULL,0,NULL,NULL,'3',1,NULL,'175.500','10','SUMMER24','2024-06-03',NULL,NULL),(501,'874707',741,7,19,1168,'2024-06-04','30','30','pending',175,NULL,'2024-06-02 13:21:49','2024-07-03 04:00:01',11,NULL,NULL,NULL,NULL,0,NULL,NULL,'3',1,NULL,NULL,NULL,NULL,'2024-06-04',NULL,NULL),(502,'592926',478,7,19,1412,'2024-06-24','19','30','pending',175,NULL,'2024-06-02 20:25:17','2024-07-08 15:02:02',11,NULL,'2024-07-09',NULL,4,0,NULL,NULL,'3',1,NULL,'157.500','10','summer24','2024-06-04','2024-07-09','2024-06-24'),(503,'255339',911,8,4,1391,'2024-06-04','30','30','pending',135,NULL,'2024-06-02 21:01:00','2024-07-03 04:00:01',4,NULL,NULL,NULL,NULL,0,NULL,NULL,'13',1,NULL,NULL,NULL,NULL,'2024-06-04',NULL,NULL),(504,'934371',538,7,19,693,'2024-06-04','30','30','pending',195,NULL,'2024-06-03 01:35:14','2024-07-03 04:00:01',12,NULL,NULL,NULL,NULL,0,NULL,NULL,'12',1,NULL,'175.500','10','SUMMER24','2024-06-04',NULL,NULL),(505,'658417',130,7,19,1221,'2024-06-04','30','30','pending',145,NULL,'2024-06-03 01:35:16','2024-07-03 04:00:01',10,NULL,NULL,NULL,NULL,0,NULL,NULL,'13',1,NULL,NULL,NULL,NULL,'2024-06-04',NULL,NULL),(506,'453665',920,8,4,1417,'2024-07-08','15','30','pending',175,NULL,'2024-06-03 05:22:23','2024-07-22 04:00:02',7,6,NULL,NULL,NULL,0,NULL,NULL,'3',1,NULL,NULL,NULL,NULL,'2024-06-09','2024-06-30','2024-07-08'),(507,'495674',923,7,19,1419,'2024-06-06','30','30','pending',145,NULL,'2024-06-03 16:45:10','2024-07-05 04:00:02',10,NULL,NULL,NULL,NULL,0,NULL,NULL,'3',1,NULL,NULL,NULL,NULL,'2024-06-06',NULL,NULL),(508,'907484',347,7,19,1420,'2024-06-19','30','30','pending',155,NULL,'2024-06-03 22:01:45','2024-07-18 04:00:01',10,77,NULL,NULL,NULL,0,NULL,NULL,'3',1,NULL,'139.500','10','summer24','2024-06-19',NULL,NULL),(509,'649981',786,8,4,1415,'2024-06-11','14','14','pending',90,NULL,'2024-06-03 23:43:52','2024-06-24 04:00:02',7,NULL,NULL,NULL,NULL,0,NULL,NULL,'12',1,NULL,'81.000','10','summer24','2024-06-11',NULL,NULL),(510,'274921',404,7,19,570,'2024-06-05','30','30','pending',175,NULL,'2024-06-03 23:45:57','2024-07-04 04:00:01',11,NULL,NULL,NULL,NULL,0,NULL,NULL,'2',1,NULL,NULL,NULL,NULL,'2024-06-05',NULL,NULL),(511,'549345',384,8,4,416,'2024-06-05','14','14','pending',90,NULL,'2024-06-04 00:11:09','2024-06-18 04:00:01',7,NULL,NULL,NULL,NULL,0,NULL,NULL,'3',1,NULL,NULL,NULL,NULL,'2024-06-05',NULL,NULL),(512,'834284',926,7,19,1425,'2024-08-15','4','30','pending',145,NULL,'2024-06-04 02:10:15','2024-08-18 04:00:02',10,NULL,NULL,NULL,NULL,0,NULL,NULL,'13',1,NULL,NULL,NULL,NULL,'2024-06-05','2024-07-13','2024-08-15'),(513,'810543',449,8,4,1426,'2024-07-08','4','30','pending',165,NULL,'2024-06-04 17:40:24','2024-07-11 04:00:01',7,NULL,NULL,NULL,NULL,0,NULL,NULL,'3',1,NULL,'148.500','10','summer24','2024-06-06','2024-07-04','2024-07-08'),(514,'647236',928,7,19,1429,'2024-06-06','30','30','pending',145,NULL,'2024-06-04 23:22:06','2024-07-05 04:00:02',10,NULL,NULL,NULL,NULL,0,NULL,NULL,'13',1,NULL,NULL,NULL,NULL,'2024-06-06',NULL,NULL),(515,'66592',929,9,20,1431,'2024-06-08','30','30','pending',195,NULL,'2024-06-05 04:20:35','2024-07-07 04:00:01',15,NULL,NULL,NULL,NULL,0,NULL,NULL,'3',1,NULL,'175.500','10','SUMMER24','2024-06-08',NULL,NULL),(516,'528424',657,8,4,1434,'2024-06-15','30','30','pending',135,NULL,'2024-06-05 14:37:48','2024-07-14 04:00:03',4,NULL,NULL,NULL,NULL,0,NULL,NULL,'7',1,NULL,'121.500','10','SUMMER24','2024-06-15',NULL,NULL),(517,'58507',749,7,19,1174,'2024-06-22','23','30','pending',145,NULL,'2024-06-05 15:12:43','2024-07-14 04:00:03',10,NULL,NULL,NULL,NULL,0,NULL,NULL,'3',1,NULL,'130.500','10','SUMMER24','2024-06-08','2024-06-15','2024-06-22'),(518,'891956',436,7,19,822,'2024-06-08','30','30','pending',145,NULL,'2024-06-05 18:49:26','2024-07-07 04:00:01',10,NULL,NULL,NULL,NULL,0,NULL,NULL,'3',1,NULL,'130.500','10','summer24','2024-06-08',NULL,NULL),(519,'402258',934,8,4,1436,'2024-07-08','9','30','pending',165,NULL,'2024-06-05 19:23:35','2024-07-16 04:00:01',7,NULL,NULL,NULL,NULL,0,NULL,NULL,'7',1,NULL,'148.500','10','summer24','2024-06-16','2024-07-07','2024-07-08'),(520,'988821',935,10,21,1437,'2024-06-18','7','14','pending',100,NULL,'2024-06-05 20:24:44','2024-06-24 04:00:02',19,NULL,NULL,NULL,NULL,0,NULL,NULL,'3',1,NULL,'90.000','10','Summer24','2024-06-08','2024-06-15','2024-06-18'),(521,'431474',937,7,19,1442,'2024-06-22','30','30','pending',175,NULL,'2024-06-07 06:50:01','2024-07-21 04:00:01',11,NULL,NULL,NULL,NULL,0,NULL,NULL,'3',1,NULL,'157.500','10','summer24','2024-06-18','2024-06-18','2024-06-22'),(522,'990348',720,8,4,1050,'2024-06-11','14','14','pending',90,NULL,'2024-06-09 05:56:33','2024-06-24 04:00:02',7,NULL,NULL,NULL,NULL,0,NULL,NULL,'13',1,NULL,'81.000','10','summer24','2024-06-11',NULL,NULL),(523,'857957',617,8,4,1454,'2024-07-02','12','30','pending',165,NULL,'2024-06-09 05:59:29','2024-07-13 04:00:01',7,NULL,NULL,NULL,NULL,0,NULL,NULL,'3',1,NULL,'148.500','10','SUMMER24','2024-06-11','2024-06-29','2024-07-02'),(524,'460456',946,8,4,1456,'2024-06-11','30','30','pending',175,NULL,'2024-06-10 01:38:12','2024-07-10 04:00:02',7,6,NULL,NULL,NULL,0,NULL,NULL,'13',1,NULL,NULL,NULL,NULL,'2024-06-11',NULL,NULL),(525,'604537',577,7,19,765,'2024-06-20','23','30','pending',175,NULL,'2024-06-10 03:18:39','2024-07-12 04:00:01',11,NULL,NULL,NULL,NULL,0,NULL,NULL,'12',1,NULL,'157.500','10','SUMMER24','2024-06-11','2024-06-18','2024-06-20'),(526,'440388',947,7,19,1459,'2024-06-12','30','30','pending',175,NULL,'2024-06-10 16:38:20','2024-07-11 04:00:01',11,NULL,NULL,NULL,NULL,0,NULL,NULL,'3',1,NULL,'157.500','10','summer24','2024-06-12',NULL,NULL),(527,'419886',950,8,4,1461,'2024-06-16','30','30','pending',175,NULL,'2024-06-10 16:38:47','2024-07-15 04:00:02',7,6,NULL,NULL,NULL,0,NULL,NULL,'3',1,NULL,NULL,NULL,NULL,'2024-06-16',NULL,NULL),(528,'470978',944,7,19,1455,'2024-06-18','25','30','pending',175,NULL,'2024-06-10 16:51:57','2024-07-12 04:00:01',11,NULL,NULL,NULL,NULL,0,'2024-06-17',1455,'7',1,NULL,NULL,NULL,NULL,'2024-06-12','2024-06-17','2024-06-18'),(530,'969624',779,8,4,1261,'2024-09-01','25','30','pending',165,NULL,'2024-06-10 23:34:01','2024-09-25 04:00:02',7,NULL,NULL,NULL,NULL,0,NULL,NULL,'13',1,NULL,NULL,NULL,NULL,'2024-06-17','2024-06-22','2024-09-01'),(531,'524433',709,7,19,1257,'2024-06-15','30','30','pending',175,NULL,'2024-06-12 17:19:39','2024-06-14 04:00:01',11,NULL,'2024-06-15',NULL,30,0,NULL,NULL,'13',1,NULL,NULL,NULL,NULL,'2024-06-15','2024-06-15',NULL),(532,'982548',953,8,4,1472,'2024-06-20','1','1','pending',10.25,NULL,'2024-06-12 22:05:55','2024-06-20 04:00:02',7,NULL,NULL,NULL,NULL,0,NULL,NULL,'3',1,NULL,NULL,NULL,NULL,'2024-06-20',NULL,NULL),(533,'777386',954,8,4,1476,'2024-06-17','30','30','pending',135,NULL,'2024-06-13 01:02:39','2024-07-16 04:00:01',4,NULL,NULL,NULL,NULL,0,NULL,NULL,'13',1,NULL,NULL,NULL,NULL,'2024-06-17',NULL,NULL),(534,'729328',956,7,19,1481,'2024-06-15','14','14','pending',100,NULL,'2024-06-13 06:11:28','2024-06-28 04:00:01',11,NULL,NULL,NULL,NULL,0,NULL,NULL,'12',1,NULL,NULL,NULL,NULL,'2024-06-15',NULL,NULL),(535,'566906',959,7,19,1487,'2024-06-17','30','30','pending',175,NULL,'2024-06-15 05:30:59','2024-07-16 04:00:01',11,NULL,NULL,NULL,NULL,0,NULL,NULL,'3',1,NULL,'157.500','10','summer24','2024-06-17',NULL,NULL),(536,'695130',557,8,4,1488,'2024-06-25','30','30','pending',175,NULL,'2024-06-16 13:18:51','2024-07-24 04:00:01',7,6,NULL,NULL,NULL,0,NULL,NULL,'7',1,NULL,'157.500','10','SUMMER24','2024-06-25',NULL,NULL),(537,'880304',809,7,19,1633,'2024-06-19','30','30','pending',175,NULL,'2024-06-18 01:02:08','2024-07-18 04:00:01',11,NULL,NULL,NULL,NULL,0,'2024-07-10',1633,'13',1,NULL,NULL,NULL,NULL,'2024-06-19',NULL,NULL),(538,'185115',673,8,4,929,'2024-07-04','23','30','pending',165,NULL,'2024-06-18 21:05:18','2024-07-26 04:00:01',7,NULL,NULL,NULL,NULL,0,NULL,NULL,'12',1,NULL,'148.500','10','Summer24','2024-06-22','2024-06-29','2024-07-04'),(539,'310121',966,7,19,1501,'2024-06-22','30','30','pending',185,NULL,'2024-06-18 22:33:55','2024-07-21 04:00:01',11,80,NULL,NULL,NULL,0,NULL,NULL,'12',1,NULL,'166.500','10','summer24','2024-06-22',NULL,NULL),(540,'247447',828,8,4,1299,'2024-06-22','30','30','pending',175,NULL,'2024-06-20 03:46:19','2024-07-21 04:00:01',7,6,NULL,NULL,NULL,0,NULL,NULL,'3',1,NULL,'157.500','10','summer24','2024-06-22',NULL,NULL),(542,'367900',691,8,4,1141,'2024-06-22','30','30','pending',175,NULL,'2024-06-20 18:22:02','2024-07-21 04:00:01',7,6,NULL,NULL,NULL,0,NULL,NULL,'3',1,NULL,'157.500','10','SUMMER24','2024-06-22',NULL,NULL),(543,'12328',968,8,4,1506,'2024-06-22','30','30','pending',165,NULL,'2024-06-20 18:23:08','2024-07-21 04:00:01',7,NULL,NULL,NULL,NULL,0,NULL,NULL,'13',1,NULL,NULL,NULL,NULL,'2024-06-22',NULL,NULL),(544,'660007',902,9,20,1508,'2024-08-03','6','30','pending',225,NULL,'2024-06-20 23:10:46','2024-08-08 04:00:01',16,97,NULL,NULL,NULL,0,NULL,NULL,'3',1,NULL,'202.500','10','summer24','2024-06-23','2024-07-17','2024-08-03'),(545,'792103',912,8,4,1398,'2024-06-22','1','1','pending',10.25,NULL,'2024-06-21 01:40:45','2024-06-22 04:00:02',7,NULL,NULL,NULL,NULL,0,NULL,NULL,'3',1,NULL,NULL,NULL,NULL,'2024-06-22',NULL,NULL),(546,'800289',912,8,4,1398,'2024-06-22','1','1','pending',10.25,NULL,'2024-06-21 01:43:59','2024-06-22 04:00:02',7,NULL,NULL,NULL,NULL,0,NULL,NULL,'2',1,NULL,NULL,NULL,NULL,'2024-06-22',NULL,NULL),(547,'314939',877,8,4,1359,'2024-06-25','30','30','pending',135,NULL,'2024-06-21 05:10:53','2024-07-24 04:00:01',4,NULL,NULL,NULL,NULL,0,NULL,NULL,'12',1,NULL,NULL,NULL,NULL,'2024-06-25',NULL,NULL),(548,'945948',964,8,4,1498,'2024-06-23','30','30','pending',165,NULL,'2024-06-21 21:52:12','2024-07-22 04:00:02',7,NULL,NULL,NULL,NULL,0,NULL,NULL,'12',1,NULL,'148.500','10','SUMMER24','2024-06-23',NULL,NULL),(549,'650123',972,8,4,1515,'2024-06-23','1','1','pending',10.25,NULL,'2024-06-21 23:55:53','2024-06-23 04:00:01',7,NULL,NULL,NULL,NULL,0,NULL,NULL,'12',1,NULL,NULL,NULL,NULL,'2024-06-23',NULL,NULL),(550,'218862',976,8,4,1517,'2024-06-23','14','14','pending',80,NULL,'2024-06-22 01:29:19','2024-07-06 04:00:01',4,NULL,NULL,NULL,NULL,0,NULL,NULL,'13',1,NULL,NULL,NULL,NULL,'2024-06-23',NULL,NULL),(551,'567182',977,9,20,1519,'2024-06-23','30','30','pending',195,NULL,'2024-06-22 03:31:39','2024-07-22 04:00:02',15,NULL,NULL,NULL,NULL,0,NULL,NULL,'12',1,NULL,NULL,NULL,NULL,'2024-06-23',NULL,NULL),(552,'174901',786,8,4,1415,'2024-06-25','30','30','pending',135,NULL,'2024-06-22 10:34:28','2024-07-24 04:00:01',4,NULL,NULL,NULL,NULL,0,NULL,NULL,'12',1,NULL,'121.500','10','summer24','2024-06-25',NULL,NULL),(553,'321974',978,7,19,1520,'2024-06-30','30','30','pending',175,NULL,'2024-06-22 15:29:33','2024-07-29 04:00:02',11,NULL,NULL,NULL,NULL,0,NULL,NULL,'12',1,NULL,NULL,NULL,NULL,'2024-06-30',NULL,NULL),(554,'498445',979,8,4,1521,'2024-08-10','14','30','pending',165,NULL,'2024-06-22 15:38:39','2024-08-23 04:00:01',7,NULL,NULL,NULL,NULL,0,NULL,NULL,'12',1,NULL,'148.500','10','Summer24','2024-06-24','2024-07-10','2024-08-10'),(555,'750693',933,9,20,1525,'2024-06-30','30','30','pending',195,NULL,'2024-06-22 18:56:17','2024-07-29 04:00:02',15,NULL,NULL,NULL,NULL,0,NULL,NULL,'12',1,NULL,'175.500','10','summer24','2024-06-30',NULL,NULL),(556,'587671',587,7,19,779,'2024-06-24','30','30','pending',175,NULL,'2024-06-23 00:13:42','2024-07-23 04:00:02',11,NULL,NULL,NULL,NULL,0,NULL,NULL,'13',1,NULL,'157.500','10','RAMADAN24','2024-06-24',NULL,NULL),(557,'836030',850,7,19,1322,'2024-06-24','30','30','pending',145,NULL,'2024-06-23 03:15:12','2024-07-23 04:00:02',10,NULL,NULL,NULL,NULL,0,NULL,NULL,'13',1,NULL,NULL,NULL,NULL,'2024-06-24',NULL,NULL),(558,'862845',863,8,4,1337,'2024-06-25','30','30','pending',135,NULL,'2024-06-23 15:42:42','2024-07-24 04:00:01',4,NULL,NULL,NULL,NULL,0,NULL,NULL,'3',1,NULL,'121.500','10','SUMMER24','2024-06-25',NULL,NULL),(559,'56302',696,9,20,963,'2024-07-13','19','30','pending',195,NULL,'2024-06-23 16:06:27','2024-07-31 04:00:01',15,NULL,NULL,NULL,NULL,0,NULL,NULL,'12',1,NULL,'175.500','10','SUMMER24','2024-06-25','2024-07-06','2024-07-13'),(560,'82756',984,9,20,1534,'2024-06-25','14','14','pending',120,NULL,'2024-06-23 17:28:24','2024-07-08 04:00:02',17,NULL,NULL,NULL,NULL,0,NULL,NULL,'12',1,NULL,NULL,NULL,NULL,'2024-06-25',NULL,NULL),(561,'332375',987,7,19,1537,'2024-06-29','30','30','pending',185,NULL,'2024-06-23 19:39:02','2024-07-28 04:00:02',11,80,NULL,NULL,NULL,0,NULL,NULL,'12',1,NULL,'166.500','10','Amar','2024-06-26','2024-06-26','2024-06-29'),(562,'383827',111,8,4,1538,'2024-06-26','30','30','pending',145,NULL,'2024-06-24 04:03:05','2024-07-25 04:00:02',4,73,NULL,NULL,NULL,0,NULL,NULL,'13',1,NULL,NULL,NULL,NULL,'2024-06-26',NULL,NULL),(563,'783654',943,8,4,1540,'2024-06-26','30','30','pending',185,NULL,'2024-06-24 10:08:26','2024-07-25 04:00:02',8,NULL,NULL,NULL,NULL,0,NULL,NULL,'3',1,NULL,'166.500','10','Summer24','2024-06-26',NULL,NULL),(564,'769671',797,8,4,1254,'2024-07-20','27','30','pending',165,NULL,'2024-06-24 10:36:26','2024-08-15 04:00:02',7,NULL,NULL,NULL,NULL,0,NULL,NULL,'2',1,NULL,NULL,NULL,NULL,'2024-07-14','2024-07-17','2024-07-20'),(565,'899058',988,7,19,1542,'2024-06-26','30','30','pending',195,NULL,'2024-06-24 15:09:01','2024-07-25 04:00:02',12,NULL,NULL,NULL,NULL,0,NULL,NULL,'13',1,NULL,NULL,NULL,NULL,'2024-06-26',NULL,NULL),(566,'153528',580,7,19,784,'2024-06-26','30','30','pending',145,NULL,'2024-06-24 17:00:50','2024-07-25 04:00:02',10,NULL,NULL,NULL,NULL,0,NULL,NULL,'3',1,NULL,'130.500','10','SUMMER24','2024-06-26',NULL,NULL),(567,'508891',567,9,20,750,'2024-06-26','30','30','pending',225,NULL,'2024-06-24 18:05:10','2024-07-25 04:00:02',16,97,NULL,NULL,NULL,0,NULL,NULL,'3',1,NULL,'209.250','7','ms','2024-06-26',NULL,NULL),(568,'366342',195,7,19,1282,'2024-07-29','4','30','pending',175,NULL,'2024-06-24 23:09:35','2024-08-01 04:00:02',11,NULL,NULL,NULL,NULL,0,NULL,NULL,'13',1,NULL,'157.500','10','fjs','2024-06-26','2024-07-22','2024-07-29'),(569,'805285',849,9,20,1320,'2024-06-26','30','30','pending',195,NULL,'2024-06-25 03:21:35','2024-07-25 04:00:02',15,NULL,NULL,NULL,NULL,0,NULL,NULL,'12',1,NULL,'175.500','10','SUMMER24','2024-06-26',NULL,NULL),(570,'925886',989,7,19,1545,'2024-06-27','30','30','pending',175,NULL,'2024-06-25 04:44:54','2024-07-26 04:00:01',11,NULL,NULL,NULL,NULL,0,NULL,NULL,'13',1,NULL,NULL,NULL,NULL,'2024-06-27',NULL,NULL),(571,'413056',990,8,4,1547,'2024-06-27','30','30','pending',135,NULL,'2024-06-25 15:28:21','2024-07-26 04:00:01',4,NULL,NULL,NULL,NULL,0,NULL,NULL,'3',1,NULL,NULL,NULL,NULL,'2024-06-27',NULL,NULL),(572,'816108',991,7,19,1548,'2024-06-27','30','30','pending',145,NULL,'2024-06-25 16:14:28','2024-07-26 04:00:01',10,NULL,NULL,NULL,NULL,0,NULL,NULL,'12',1,NULL,'130.500','10','Summer24','2024-06-27',NULL,NULL),(573,'169757',996,7,19,1551,'2024-06-29','30','30','pending',205,NULL,'2024-06-25 21:46:51','2024-07-28 04:00:02',12,83,NULL,NULL,NULL,0,NULL,NULL,'7',1,NULL,'184.500','10','SUMMER24','2024-06-29',NULL,NULL),(574,'417370',997,7,19,1552,'2024-06-27','30','30','pending',145,NULL,'2024-06-25 23:19:54','2024-07-26 04:00:01',10,NULL,NULL,NULL,NULL,0,NULL,NULL,'12',1,NULL,'130.500','10','summer24','2024-06-27',NULL,NULL),(575,'557309',625,8,4,854,'2024-06-29','30','30','pending',165,NULL,'2024-06-25 23:43:58','2024-07-28 04:00:02',7,NULL,NULL,NULL,NULL,0,NULL,NULL,'12',1,NULL,NULL,NULL,NULL,'2024-06-29',NULL,NULL),(576,'456239',998,7,19,1553,'2024-08-10','8','30','pending',175,NULL,'2024-06-26 01:20:31','2024-08-17 04:00:02',11,NULL,NULL,NULL,NULL,0,NULL,NULL,'12',1,NULL,'157.500','10','Summer24','2024-06-29','2024-07-25','2024-08-10'),(577,'668188',665,8,4,1557,'2024-06-29','30','30','pending',165,NULL,'2024-06-26 15:21:22','2024-07-28 04:00:02',7,NULL,NULL,NULL,NULL,0,NULL,NULL,'12',1,NULL,NULL,NULL,NULL,'2024-06-29',NULL,NULL),(578,'487458',1001,8,4,1560,'2024-06-29','1','1','pending',12.25,NULL,'2024-06-26 17:29:05','2024-06-29 04:00:02',7,13,NULL,NULL,NULL,0,NULL,NULL,'3',1,NULL,NULL,NULL,NULL,'2024-06-29',NULL,NULL),(579,'59819',710,7,19,1010,'2024-06-29','30','30','pending',195,NULL,'2024-06-27 02:22:52','2024-07-28 04:00:02',12,NULL,NULL,NULL,NULL,0,NULL,NULL,'3',1,NULL,'175.500','10','SUMMER24','2024-06-29',NULL,NULL),(580,'192373',1006,7,19,1561,'2024-06-29','30','30','pending',175,NULL,'2024-06-27 03:19:05','2024-07-28 04:00:02',11,NULL,NULL,NULL,NULL,0,NULL,NULL,'13',1,NULL,NULL,NULL,NULL,'2024-06-29',NULL,NULL),(581,'725831',899,7,19,1380,'2024-07-14','23','30','pending',175,NULL,'2024-06-27 14:36:54','2024-08-05 04:00:02',11,NULL,NULL,NULL,NULL,0,NULL,NULL,'13',1,NULL,NULL,NULL,NULL,'2024-06-29','2024-07-06','2024-07-14'),(582,'422859',1010,7,19,1567,'2024-06-29','14','14','pending',90,NULL,'2024-06-27 19:04:01','2024-07-12 04:00:01',10,NULL,NULL,NULL,NULL,0,NULL,NULL,'12',1,NULL,'83.700','7','khalafz','2024-06-29',NULL,NULL),(583,'919992',1011,7,19,1568,'2024-07-07','30','30','pending',175,NULL,'2024-06-27 20:20:38','2024-08-05 04:00:02',11,NULL,NULL,NULL,NULL,0,NULL,NULL,'3',1,NULL,'157.500','10','summer24','2024-07-07',NULL,NULL),(584,'78071',852,9,20,1502,'2024-06-29','14','14','pending',110,NULL,'2024-06-27 21:09:43','2024-07-12 04:00:01',15,NULL,NULL,NULL,NULL,0,NULL,NULL,'12',1,NULL,NULL,NULL,NULL,'2024-06-29',NULL,NULL),(585,'845506',1009,8,4,1566,'2024-06-29','30','30','pending',165,NULL,'2024-06-28 00:45:05','2024-07-28 04:00:02',7,NULL,NULL,NULL,NULL,0,NULL,NULL,'3',1,NULL,NULL,NULL,NULL,'2024-06-29',NULL,NULL),(587,'521089',167,7,19,1571,'2024-06-30','30','30','pending',175,NULL,'2024-06-28 04:51:02','2024-07-29 04:00:02',11,NULL,NULL,NULL,NULL,0,NULL,NULL,'12',1,NULL,'157.500','10','SUMMER24','2024-06-30',NULL,NULL),(588,'690483',1014,7,19,1573,'2024-06-30','30','30','pending',175,NULL,'2024-06-28 16:45:37','2024-07-29 04:00:02',11,NULL,NULL,NULL,NULL,0,NULL,NULL,'12',1,NULL,'157.500','10','summer24','2024-06-30',NULL,NULL),(589,'534601',1008,9,20,1563,'2024-07-20','16','30','pending',205,NULL,'2024-06-28 20:53:17','2024-08-02 04:00:02',15,92,'2024-08-03',NULL,2,0,NULL,NULL,'13',1,NULL,'184.500','10','summer24','2024-06-30','2024-08-03','2024-07-20'),(590,'912294',482,7,19,1575,'2024-06-30','30','30','pending',175,NULL,'2024-06-28 21:30:37','2024-07-29 04:00:02',11,NULL,NULL,NULL,NULL,0,NULL,NULL,'12',1,NULL,'157.500','10','SUMMER24','2024-06-30',NULL,NULL),(591,'125780',1015,7,19,1578,'2024-07-15','14','14','pending',90,NULL,'2024-06-29 01:34:54','2024-07-28 04:00:02',10,NULL,NULL,NULL,NULL,0,NULL,NULL,'3',1,NULL,'81.000','10','summer24','2024-07-15',NULL,NULL),(592,'140983',1007,7,19,1562,'2024-07-01','30','30','pending',145,NULL,'2024-06-29 04:24:14','2024-07-30 04:00:03',10,NULL,NULL,NULL,NULL,0,NULL,NULL,'12',1,NULL,'130.500','10','summer24','2024-07-01',NULL,NULL),(593,'706465',512,7,19,638,'2024-07-01','30','30','pending',195,NULL,'2024-06-29 19:52:22','2024-07-30 04:00:03',12,NULL,NULL,NULL,NULL,0,NULL,NULL,'13',1,NULL,NULL,NULL,NULL,'2024-07-01',NULL,NULL),(595,'948619',1001,8,4,1560,'2024-07-01','14','14','pending',90,NULL,'2024-06-29 23:40:25','2024-07-14 04:00:03',7,NULL,NULL,NULL,NULL,0,NULL,NULL,'13',1,NULL,NULL,NULL,NULL,'2024-07-01',NULL,NULL),(596,'327606',767,7,19,1195,'2024-07-01','30','30','pending',175,NULL,'2024-06-30 02:59:26','2024-07-30 04:00:03',11,NULL,NULL,NULL,NULL,0,NULL,NULL,'12',1,NULL,'157.500','10','SUMMER24','2024-07-01',NULL,NULL),(597,'368101',536,9,20,689,'2024-07-02','14','14','pending',110,NULL,'2024-06-30 11:01:12','2024-07-15 04:00:02',15,NULL,NULL,NULL,NULL,0,NULL,NULL,'12',1,NULL,'99.000','10','SUMMER24','2024-07-02',NULL,NULL),(598,'63967',1023,9,20,1585,'2024-07-02','30','30','pending',165,NULL,'2024-06-30 14:20:06','2024-07-31 04:00:01',14,NULL,NULL,NULL,NULL,0,NULL,NULL,'13',1,NULL,NULL,NULL,NULL,'2024-07-02',NULL,NULL),(599,'519190',994,8,4,1584,'2024-07-29','13','30','pending',135,NULL,'2024-06-30 14:20:31','2024-08-10 04:00:02',4,NULL,NULL,NULL,NULL,0,NULL,NULL,'12',1,NULL,'121.500','10','summer24','2024-07-02','2024-07-23','2024-07-29'),(600,'972677',384,8,4,416,'2024-07-02','14','14','pending',90,NULL,'2024-07-01 00:16:54','2024-07-15 04:00:02',7,NULL,NULL,NULL,NULL,0,NULL,NULL,'3',1,NULL,NULL,NULL,NULL,'2024-07-02',NULL,NULL),(601,'420021',1026,8,4,1592,'2024-07-03','30','30','pending',165,NULL,'2024-07-01 16:45:59','2024-08-01 04:00:02',7,NULL,NULL,NULL,NULL,0,NULL,NULL,'12',1,NULL,NULL,NULL,NULL,'2024-07-03',NULL,NULL),(604,'449341',1032,9,20,1599,'2024-07-07','1','1','pending',12.25,NULL,'2024-07-02 21:08:43','2024-07-07 04:00:01',15,NULL,NULL,NULL,NULL,0,NULL,NULL,'12',1,NULL,NULL,NULL,NULL,'2024-07-07',NULL,NULL),(605,'999522',130,7,19,1221,'2024-07-04','30','30','pending',145,NULL,'2024-07-03 00:49:16','2024-08-02 04:00:03',10,NULL,NULL,NULL,NULL,0,NULL,NULL,'13',1,NULL,NULL,NULL,NULL,'2024-07-04',NULL,NULL),(606,'169193',741,7,19,1168,'2024-07-04','30','30','pending',175,NULL,'2024-07-03 01:20:46','2024-08-02 04:00:03',11,NULL,NULL,NULL,NULL,0,NULL,NULL,'3',1,NULL,NULL,NULL,NULL,'2024-07-04',NULL,NULL),(607,'492165',1033,9,20,1601,'2024-07-07','30','30','pending',165,NULL,'2024-07-03 02:30:27','2024-08-05 04:00:02',14,NULL,NULL,NULL,NULL,0,NULL,NULL,'13',1,NULL,NULL,NULL,NULL,'2024-07-07',NULL,NULL),(608,'715676',928,7,19,1429,'2024-07-06','30','30','pending',145,NULL,'2024-07-04 15:19:40','2024-08-04 04:00:02',10,NULL,NULL,NULL,NULL,0,NULL,NULL,'12',1,NULL,NULL,NULL,NULL,'2024-07-06',NULL,NULL),(609,'998781',1042,8,4,1609,'2024-07-09','14','14','pending',90,NULL,'2024-07-05 02:33:25','2024-07-22 04:00:02',7,NULL,NULL,NULL,NULL,0,NULL,NULL,'3',1,NULL,NULL,NULL,NULL,'2024-07-09',NULL,NULL),(610,'440780',296,9,20,696,'2024-07-07','30','30','pending',195,NULL,'2024-07-05 16:20:56','2024-08-05 04:00:02',15,NULL,NULL,NULL,NULL,0,NULL,NULL,'3',1,NULL,'175.500','10','SUMMER24','2024-07-07',NULL,NULL),(611,'155203',263,7,19,1504,'2024-07-08','30','30','pending',175,NULL,'2024-07-05 17:10:06','2024-08-06 04:00:02',11,NULL,NULL,NULL,NULL,0,NULL,NULL,'3',1,NULL,'157.500','10','SUMMER24','2024-07-08',NULL,NULL),(613,'558401',1047,7,19,1616,'2024-07-08','30','30','pending',175,NULL,'2024-07-06 14:14:48','2024-08-06 04:00:02',11,NULL,NULL,NULL,NULL,0,NULL,NULL,'13',1,NULL,NULL,NULL,NULL,'2024-07-08',NULL,NULL),(614,'230692',737,8,4,1153,'2024-08-17','15','30','pending',165,NULL,'2024-07-06 18:03:30','2024-08-26 04:00:02',7,NULL,'2024-08-27',NULL,5,0,NULL,NULL,'3',1,NULL,'148.500','10','SUMMER24','2024-07-08','2024-08-27','2024-08-17'),(615,'638577',1048,8,4,1618,'2024-07-08','14','14','pending',97,NULL,'2024-07-06 22:18:14','2024-07-21 04:00:01',7,74,NULL,NULL,NULL,0,NULL,NULL,'3',1,NULL,NULL,NULL,NULL,'2024-07-08',NULL,NULL),(616,'56982',449,8,4,1426,'2024-08-12','8','30','pending',165,NULL,'2024-07-07 23:48:25','2024-08-19 04:00:02',7,NULL,NULL,NULL,NULL,0,NULL,NULL,'3',1,NULL,'148.500','10','summer24','2024-07-13','2024-08-08','2024-08-12'),(617,'653785',1054,7,19,1630,'2024-07-10','30','30','pending',185,NULL,'2024-07-08 17:01:14','2024-08-08 04:00:01',11,80,NULL,NULL,NULL,0,NULL,NULL,'12',1,NULL,'166.500','10','SUMMER24','2024-07-10',NULL,NULL),(618,'627571',436,7,19,822,'2024-08-03','13','30','pending',175,NULL,'2024-07-09 02:38:16','2024-08-15 04:00:02',11,NULL,NULL,NULL,NULL,0,NULL,NULL,'3',1,NULL,'157.500','10','summer24','2024-07-10','2024-07-27','2024-08-03'),(619,'162580',1032,9,20,1599,'2024-07-11','30','30','pending',195,NULL,'2024-07-09 07:28:19','2024-08-09 04:00:02',15,NULL,NULL,NULL,NULL,0,NULL,NULL,'12',1,NULL,'175.500','10','summer24','2024-07-11',NULL,NULL),(620,'663228',953,8,4,1472,'2024-07-13','1','1','pending',10.25,NULL,'2024-07-09 21:48:55','2024-07-13 04:00:01',4,72,NULL,NULL,NULL,0,NULL,NULL,'3',1,NULL,NULL,NULL,NULL,'2024-07-13',NULL,NULL),(621,'140328',1061,8,4,1646,'2024-07-13','14','14','pending',80,NULL,'2024-07-10 15:42:17','2024-07-26 04:00:01',4,NULL,NULL,NULL,NULL,0,NULL,NULL,'3',1,NULL,NULL,NULL,NULL,'2024-07-13',NULL,NULL),(622,'731165',1062,8,4,1648,'2024-07-13','30','30','pending',165,NULL,'2024-07-10 22:07:47','2024-08-11 04:00:02',7,NULL,NULL,NULL,NULL,0,NULL,NULL,'12',1,NULL,NULL,NULL,NULL,'2024-07-13',NULL,NULL),(623,'18862',1063,7,19,1649,'2024-07-13','30','30','pending',175,NULL,'2024-07-11 03:28:28','2024-08-11 04:00:02',11,NULL,NULL,NULL,NULL,0,NULL,NULL,'12',1,NULL,NULL,NULL,NULL,'2024-07-13',NULL,NULL),(624,'812592',720,8,4,1050,'2024-07-13','14','14','pending',80,NULL,'2024-07-11 16:17:15','2024-07-26 04:00:01',4,NULL,NULL,NULL,NULL,0,NULL,NULL,'13',1,NULL,'72.000','10','summer24','2024-07-13',NULL,NULL),(625,'192144',322,8,4,1654,'2024-07-14','30','30','pending',135,NULL,'2024-07-12 10:44:18','2024-08-12 04:00:01',4,NULL,NULL,NULL,NULL,0,NULL,NULL,'3',1,NULL,'121.500','10','amar','2024-07-14',NULL,NULL),(626,'210627',510,8,4,825,'2024-08-11','14','30','pending',165,NULL,'2024-07-12 23:27:37','2024-08-24 04:00:02',7,NULL,NULL,NULL,NULL,0,NULL,NULL,'3',1,NULL,NULL,NULL,NULL,'2024-07-14','2024-08-08','2024-08-11'),(627,'745929',984,9,20,1534,'2024-07-15','14','14','pending',117,NULL,'2024-07-13 16:30:49','2024-07-28 04:00:02',15,91,NULL,NULL,NULL,0,NULL,NULL,'3',1,NULL,NULL,NULL,NULL,'2024-07-15',NULL,NULL),(628,'727093',950,7,19,1461,'2024-07-18','29','30','pending',185,NULL,'2024-07-13 17:09:53','2024-08-15 04:00:02',11,80,NULL,NULL,NULL,0,NULL,NULL,'3',1,NULL,'166.500','10','SUMMER24','2024-07-16','2024-07-17','2024-07-18'),(629,'904744',953,8,4,1472,'2024-07-28','18','30','pending',135,NULL,'2024-07-13 18:22:35','2024-08-14 04:00:01',4,NULL,NULL,NULL,NULL,0,NULL,NULL,'3',1,NULL,NULL,NULL,NULL,'2024-07-15','2024-07-27','2024-07-28'),(630,'443001',1066,8,4,1659,'2024-07-15','30','30','pending',135,NULL,'2024-07-13 19:39:58','2024-08-13 04:00:02',4,NULL,NULL,NULL,NULL,0,NULL,NULL,'12',1,NULL,'121.500','10','SUMMER24','2024-07-15',NULL,NULL),(631,'291669',1067,7,19,1660,'2024-07-15','30','30','pending',145,NULL,'2024-07-13 22:48:23','2024-08-13 04:00:02',10,NULL,NULL,NULL,NULL,0,NULL,NULL,'3',1,NULL,'130.500','10','summer24','2024-07-15',NULL,NULL),(632,'576585',934,8,4,1436,'2024-08-25','5','30','pending',165,NULL,'2024-07-14 15:05:56','2024-08-29 04:00:02',7,NULL,NULL,NULL,NULL,0,NULL,NULL,'2',1,NULL,NULL,NULL,NULL,'2024-07-21','2024-08-24','2024-08-25'),(633,'697616',1069,9,20,1665,'2024-07-16','14','14','pending',100,NULL,'2024-07-14 20:12:02','2024-07-29 04:00:02',14,NULL,NULL,NULL,NULL,0,NULL,NULL,'3',1,NULL,NULL,NULL,NULL,'2024-07-16',NULL,NULL),(634,'475421',1070,7,19,1666,'2024-07-16','30','30','pending',195,NULL,'2024-07-14 20:42:35','2024-08-14 04:00:01',12,NULL,NULL,NULL,NULL,0,NULL,NULL,'3',1,NULL,'175.500','10','SUMMER24','2024-07-16',NULL,NULL),(635,'238439',1072,8,4,1673,'2024-08-07','10','30','pending',165,NULL,'2024-07-15 20:20:36','2024-08-16 04:00:01',7,NULL,NULL,NULL,NULL,0,NULL,NULL,'12',1,NULL,NULL,NULL,NULL,'2024-07-17','2024-08-06','2024-08-07'),(636,'217111',384,8,4,416,'2024-07-17','14','14','pending',90,NULL,'2024-07-15 22:25:54','2024-07-30 04:00:03',7,NULL,NULL,NULL,NULL,0,NULL,NULL,'3',1,NULL,NULL,NULL,NULL,'2024-07-17',NULL,NULL),(637,'459374',1076,8,4,1678,'2024-07-20','14','14','pending',90,NULL,'2024-07-16 01:36:36','2024-08-02 04:00:03',7,NULL,NULL,NULL,NULL,0,NULL,NULL,'12',1,NULL,'81.000','10','summer24','2024-07-20',NULL,NULL),(638,'214267',1079,7,19,1682,'2024-07-18','30','30','pending',155,NULL,'2024-07-16 15:30:56','2024-08-16 04:00:01',10,77,NULL,NULL,NULL,0,NULL,NULL,'3',1,NULL,'139.500','10','SUMMER24','2024-07-18',NULL,NULL),(639,'429652',1080,8,4,1683,'2024-07-18','1','1','pending',10.25,NULL,'2024-07-16 20:40:33','2024-07-18 04:00:01',7,NULL,NULL,NULL,NULL,0,NULL,NULL,'3',1,NULL,NULL,NULL,NULL,'2024-07-18',NULL,NULL),(640,'541576',1081,8,4,1684,'2024-08-10','18','30','pending',165,NULL,'2024-07-16 22:31:51','2024-08-27 04:00:02',7,NULL,NULL,NULL,NULL,0,NULL,NULL,'13',1,NULL,NULL,NULL,NULL,'2024-07-20','2024-08-01','2024-08-10'),(641,'274306',1082,8,4,1686,'2024-07-18','1','1','pending',10.25,NULL,'2024-07-17 01:26:45','2024-07-18 04:00:01',7,NULL,NULL,NULL,NULL,0,NULL,NULL,'3',1,NULL,'9.225','10','SUMMER24','2024-07-18',NULL,NULL),(642,'989190',1078,7,19,1687,'2024-07-23','1','1','pending',13.25,NULL,'2024-07-17 09:30:25','2024-07-23 04:00:02',12,NULL,NULL,NULL,NULL,0,NULL,NULL,'13',1,NULL,'11.925','10','fjs','2024-07-23',NULL,NULL),(644,'725002',1090,9,20,1699,'2024-08-13','6','30','pending',165,NULL,'2024-07-19 01:16:23','2024-08-18 04:00:02',14,NULL,NULL,NULL,NULL,0,NULL,NULL,'3',1,NULL,NULL,NULL,NULL,'2024-07-20','2024-08-13','2024-08-13'),(646,'83659',791,7,19,1236,'2024-07-23','30','30','pending',175,NULL,'2024-07-19 22:41:21','2024-08-21 04:00:02',11,NULL,NULL,NULL,NULL,0,NULL,NULL,'13',1,NULL,NULL,NULL,NULL,'2024-07-21','2024-07-21','2024-07-23'),(647,'822393',1094,9,20,1709,'2024-07-22','14','14','pending',100,NULL,'2024-07-20 19:43:21','2024-08-04 04:00:02',14,NULL,NULL,NULL,NULL,0,NULL,NULL,'12',1,NULL,NULL,NULL,NULL,'2024-07-22',NULL,NULL),(648,'644599',966,7,19,1501,'2024-07-22','30','30','pending',175,NULL,'2024-07-20 22:46:49','2024-08-20 04:00:26',11,NULL,NULL,NULL,NULL,0,NULL,NULL,'12',1,NULL,'162.750','7','Khalafz','2024-07-22',NULL,NULL),(649,'98017',699,7,19,1710,'2024-07-22','14','14','pending',90,NULL,'2024-07-20 23:10:11','2024-08-04 04:00:02',10,NULL,NULL,NULL,NULL,0,NULL,NULL,'13',1,NULL,NULL,NULL,NULL,'2024-07-22',NULL,NULL),(652,'427148',985,7,19,1713,'2024-08-19','10','30','pending',175,NULL,'2024-07-22 01:04:40','2024-08-28 04:00:02',11,NULL,NULL,NULL,NULL,0,NULL,NULL,'12',1,NULL,'157.500','10','summer24','2024-07-28','2024-08-17','2024-08-19'),(653,'559248',1097,9,20,1715,'2024-07-24','30','30','pending',195,NULL,'2024-07-22 16:56:58','2024-08-25 04:00:02',15,NULL,'2024-08-26',NULL,3,0,NULL,NULL,'3',1,NULL,NULL,NULL,NULL,'2024-07-24','2024-08-26',NULL),(654,'66898',977,9,20,1519,'2024-07-24','30','30','pending',195,NULL,'2024-07-22 21:51:52','2024-08-22 04:00:03',15,NULL,NULL,NULL,NULL,0,NULL,NULL,'12',1,NULL,NULL,NULL,NULL,'2024-07-24',NULL,NULL),(655,'999728',111,8,4,1539,'2024-10-19','5','30','success',145,NULL,'2024-07-23 00:50:27','2024-10-20 04:00:02',4,73,NULL,NULL,NULL,1,NULL,NULL,'13',1,NULL,NULL,NULL,NULL,'2024-07-27','2024-08-21','2024-10-19'),(656,'36900',587,7,19,779,'2024-07-24','30','30','pending',175,NULL,'2024-07-23 01:57:48','2024-08-22 04:00:03',11,NULL,NULL,NULL,NULL,0,NULL,NULL,'13',1,NULL,'157.500','10','SUMMER24','2024-07-24',NULL,NULL),(657,'557246',1101,8,4,1658,'2024-07-25','14','14','pending',90,NULL,'2024-07-23 18:05:59','2024-08-07 04:00:04',7,NULL,NULL,NULL,NULL,0,NULL,NULL,'13',1,NULL,'81.000','10','SUMMER24','2024-07-25',NULL,NULL),(658,'961150',1104,7,19,1724,'2024-07-27','30','30','pending',185,NULL,'2024-07-23 22:47:34','2024-08-25 04:00:02',11,80,NULL,NULL,NULL,0,NULL,NULL,'12',1,NULL,'166.500','10','SUMMER24','2024-07-27',NULL,NULL),(659,'239338',863,8,4,1337,'2024-07-25','30','30','pending',135,NULL,'2024-07-24 00:53:53','2024-08-23 04:00:01',4,NULL,NULL,NULL,NULL,0,NULL,NULL,'3',1,NULL,'121.500','10','SUMMER24','2024-07-25',NULL,NULL),(660,'293685',1001,8,4,1560,'2024-07-27','1','1','pending',8.25,NULL,'2024-07-24 14:21:22','2024-07-27 04:00:02',4,NULL,NULL,NULL,NULL,0,NULL,NULL,'2',1,NULL,NULL,NULL,NULL,'2024-07-27',NULL,NULL),(661,'553065',1110,8,4,1744,'2024-07-27','14','14','pending',90,NULL,'2024-07-25 07:47:42','2024-08-09 04:00:02',7,NULL,NULL,NULL,NULL,0,'2024-07-29',1744,'13',1,NULL,NULL,NULL,NULL,'2024-07-27',NULL,NULL),(662,'637489',1109,9,20,1731,'2024-09-02','2','30','pending',195,NULL,'2024-07-25 14:22:43','2024-09-03 04:00:01',15,NULL,NULL,NULL,NULL,0,NULL,NULL,'3',1,NULL,'175.500','10','summer24','2024-07-27','2024-08-24','2024-09-02'),(663,'134729',1114,8,4,1735,'2024-07-28','30','30','pending',165,NULL,'2024-07-25 17:22:22','2024-08-26 04:00:02',7,NULL,NULL,NULL,NULL,0,NULL,NULL,'3',1,NULL,'148.500','10','SUMMER24','2024-07-28',NULL,NULL),(664,'352173',1100,7,19,1719,'2024-07-29','30','30','pending',175,NULL,'2024-07-26 04:19:13','2024-08-27 04:00:02',11,NULL,NULL,NULL,NULL,0,NULL,NULL,'13',1,NULL,NULL,NULL,NULL,'2024-07-29',NULL,NULL),(665,'772840',952,8,4,1738,'2024-08-21','16','30','pending',165,NULL,'2024-07-26 21:11:10','2024-09-05 04:00:02',7,NULL,NULL,NULL,NULL,0,NULL,NULL,'12',1,NULL,'148.500','10','SUMMER24','2024-07-28','2024-08-11','2024-08-21'),(666,'432135',665,8,4,1557,'2024-07-29','30','30','pending',165,NULL,'2024-07-27 10:05:11','2024-08-27 04:00:02',7,NULL,NULL,NULL,NULL,0,NULL,NULL,'12',1,NULL,'148.500','10','summer24','2024-07-29',NULL,NULL),(667,'613400',1074,8,4,1672,'2024-08-18','4','14','pending',80,NULL,'2024-07-27 21:11:41','2024-08-21 04:00:02',4,NULL,NULL,NULL,NULL,0,NULL,NULL,'3',1,NULL,'72.000','10','SUMMER24','2024-07-29','2024-08-08','2024-08-18'),(668,'165660',1117,7,19,1751,'2024-07-29','30','30','pending',175,NULL,'2024-07-28 02:56:59','2024-08-27 04:00:02',11,NULL,NULL,NULL,NULL,0,NULL,NULL,'2',1,NULL,NULL,NULL,NULL,'2024-07-29',NULL,NULL),(669,'581583',802,7,19,1260,'2024-07-30','30','30','pending',195,NULL,'2024-07-28 18:21:18','2024-08-28 04:00:02',12,NULL,NULL,NULL,NULL,0,NULL,NULL,'12',1,NULL,'175.500','10','SUMMER24','2024-07-30',NULL,NULL),(670,'672074',1118,7,19,1753,'2024-07-30','30','30','pending',195,NULL,'2024-07-28 18:37:13','2024-08-28 04:00:02',12,NULL,NULL,NULL,NULL,0,NULL,NULL,'13',1,NULL,NULL,NULL,NULL,'2024-07-30',NULL,NULL),(671,'603559',1009,8,4,1566,'2024-07-30','30','30','pending',175,NULL,'2024-07-28 20:28:53','2024-08-28 04:00:02',7,6,NULL,NULL,NULL,0,NULL,NULL,'12',1,NULL,'157.500','10','SUMMER24','2024-07-30',NULL,NULL),(672,'245943',1119,8,4,1754,'2024-07-30','30','30','pending',165,NULL,'2024-07-28 21:03:51','2024-08-28 04:00:02',7,NULL,NULL,NULL,NULL,0,NULL,NULL,'12',1,NULL,'148.500','10','summer24','2024-07-30',NULL,NULL),(673,'714480',666,7,19,1759,'2024-07-30','30','30','pending',175,NULL,'2024-07-29 03:15:17','2024-08-28 04:00:02',11,NULL,NULL,NULL,NULL,0,NULL,NULL,'13',1,NULL,NULL,NULL,NULL,'2024-07-30',NULL,NULL),(674,'116786',987,7,19,1537,'2024-07-31','30','30','pending',185,NULL,'2024-07-29 12:33:26','2024-08-29 04:00:02',11,80,NULL,NULL,NULL,0,NULL,NULL,'3',1,NULL,'166.500','10','amar','2024-07-31',NULL,NULL),(675,'953142',1122,8,4,1760,'2024-07-31','30','30','pending',165,NULL,'2024-07-29 17:22:47','2024-08-29 04:00:02',7,NULL,NULL,NULL,NULL,0,NULL,NULL,'12',1,NULL,NULL,NULL,NULL,'2024-07-31',NULL,NULL),(676,'422941',1123,8,4,1762,'2024-07-31','30','30','pending',185,NULL,'2024-07-29 17:46:19','2024-08-29 04:00:02',8,NULL,NULL,NULL,NULL,0,NULL,NULL,'3',1,NULL,NULL,NULL,NULL,'2024-07-31',NULL,NULL),(677,'107010',710,7,19,1010,'2024-08-03','30','30','pending',175,NULL,'2024-07-30 02:28:34','2024-09-01 04:00:02',11,NULL,NULL,NULL,NULL,0,NULL,NULL,'12',1,NULL,'157.500','10','SUMMER24','2024-08-03',NULL,NULL),(678,'578542',696,9,20,963,'2024-08-01','30','30','pending',195,NULL,'2024-07-30 16:09:17','2024-08-30 04:00:02',15,NULL,NULL,NULL,NULL,0,NULL,NULL,'12',1,NULL,'175.500','10','summer24','2024-08-01',NULL,NULL),(679,'340766',1130,7,19,1775,'2024-08-03','30','30','pending',185,NULL,'2024-07-31 22:44:47','2024-08-19 20:06:02',11,80,'2024-08-20',NULL,13,0,NULL,NULL,'13',1,NULL,NULL,NULL,NULL,'2024-08-03','2024-08-20',NULL),(680,'198707',195,7,19,1282,'2024-09-02','8','30','pending',175,NULL,'2024-08-01 02:16:12','2024-09-09 04:00:02',11,NULL,NULL,NULL,NULL,0,NULL,NULL,'13',1,NULL,'157.500','10','fjs','2024-08-03','2024-09-01','2024-09-02'),(681,'706329',130,7,19,1779,'2024-08-03','30','30','pending',145,NULL,'2024-08-01 02:46:03','2024-09-01 04:00:02',10,NULL,NULL,NULL,NULL,0,NULL,NULL,'13',1,NULL,NULL,NULL,NULL,'2024-08-03',NULL,NULL),(682,'26145',741,7,19,1168,'2024-08-03','30','30','pending',145,NULL,'2024-08-01 02:58:09','2024-09-01 04:00:02',10,NULL,NULL,NULL,NULL,0,NULL,NULL,'3',1,NULL,NULL,NULL,NULL,'2024-08-03',NULL,NULL),(683,'598508',1135,8,4,1784,'2024-08-03','14','14','pending',90,NULL,'2024-08-02 00:08:29','2024-08-16 04:00:01',7,NULL,NULL,NULL,NULL,0,NULL,NULL,'3',1,NULL,NULL,NULL,NULL,'2024-08-03',NULL,NULL),(684,'390969',1041,7,19,1789,'2024-08-05','14','14','pending',117,NULL,'2024-08-02 22:08:24','2024-08-16 04:00:01',12,82,'2024-08-17',NULL,2,0,NULL,NULL,'12',1,NULL,'105.300','10','summer24','2024-08-05','2024-08-17',NULL),(685,'113900',725,8,4,1124,'2024-08-10','30','30','pending',135,NULL,'2024-08-02 23:15:22','2024-09-08 04:00:02',4,NULL,NULL,NULL,NULL,0,NULL,NULL,'12',1,NULL,'121.500','10','SUMMER24','2024-08-10',NULL,NULL),(686,'364936',1023,7,19,1585,'2024-09-16','6','30','pending',145,NULL,'2024-08-03 15:29:02','2024-09-21 04:00:02',10,NULL,NULL,NULL,NULL,0,NULL,NULL,'13',1,NULL,NULL,NULL,NULL,'2024-08-05','2024-08-29','2024-09-16'),(687,'533945',699,7,19,1710,'2024-08-05','14','14','pending',100,NULL,'2024-08-04 00:34:18','2024-08-18 04:00:02',11,NULL,NULL,NULL,NULL,0,NULL,NULL,'12',1,NULL,NULL,NULL,NULL,'2024-08-05',NULL,NULL),(688,'637810',767,7,19,1195,'2024-08-06','30','30','pending',175,NULL,'2024-08-04 05:44:57','2024-09-04 04:00:01',11,NULL,NULL,NULL,NULL,0,NULL,NULL,'12',1,NULL,'157.500','10','‏SUMMER24','2024-08-06',NULL,NULL),(689,'870753',1141,7,19,1797,'2024-08-06','14','14','pending',100,NULL,'2024-08-04 23:14:29','2024-08-19 04:00:02',11,NULL,NULL,NULL,NULL,0,NULL,NULL,'3',1,NULL,'90.000','10','SUMMER24','2024-08-06',NULL,NULL),(690,'508190',902,9,20,1508,'2024-08-10','30','30','pending',225,NULL,'2024-08-05 16:30:50','2024-09-08 04:00:02',16,97,NULL,NULL,NULL,0,NULL,NULL,'12',1,NULL,'202.500','10','summer24','2024-08-10',NULL,NULL),(691,'456674',1146,8,4,1800,'2024-09-02','16','30','pending',165,NULL,'2024-08-05 17:14:14','2024-09-13 04:00:02',7,NULL,'2024-09-14',NULL,4,0,NULL,NULL,'13',1,NULL,NULL,NULL,NULL,'2024-08-07','2024-09-14','2024-09-02'),(692,'172613',1113,9,20,1803,'2024-08-20','17','30','pending',165,NULL,'2024-08-05 22:52:24','2024-09-05 04:00:02',14,NULL,NULL,NULL,NULL,0,NULL,NULL,'12',1,NULL,'148.500','10','SUMMER24','2024-08-07','2024-08-20','2024-08-20'),(693,'870229',296,9,20,696,'2024-08-08','30','30','pending',195,NULL,'2024-08-06 14:46:58','2024-09-06 04:00:02',15,NULL,NULL,NULL,NULL,0,NULL,NULL,'3',1,NULL,'175.500','10','SUMMER24','2024-08-08',NULL,NULL),(694,'661504',512,7,19,638,'2024-08-08','30','30','pending',175,NULL,'2024-08-06 17:06:56','2024-09-06 04:00:02',11,NULL,NULL,NULL,NULL,0,NULL,NULL,'13',1,NULL,'157.500','10','SUMMER24','2024-08-08',NULL,NULL),(695,'997747',1148,8,4,1809,'2024-08-08','30','30','pending',165,NULL,'2024-08-06 18:26:29','2024-09-06 04:00:02',7,NULL,NULL,NULL,NULL,0,NULL,NULL,'13',1,NULL,'148.500','10','SUMMER24','2024-08-08',NULL,NULL),(696,'403620',1150,8,4,1961,'2024-09-08','19','30','pending',165,NULL,'2024-08-06 19:03:53','2024-09-26 04:00:02',7,NULL,NULL,NULL,NULL,0,'2024-09-07',1961,'13',1,NULL,'148.500','10','SUMMER24','2024-08-08','2024-08-19','2024-09-08'),(697,'164182',1151,8,4,1811,'2024-08-11','30','30','pending',165,NULL,'2024-08-07 13:52:36','2024-08-27 04:00:02',7,NULL,'2024-08-28',NULL,13,0,NULL,NULL,'3',1,NULL,NULL,NULL,NULL,'2024-08-11','2024-08-28',NULL),(698,'956136',855,8,4,1342,'2024-08-10','14','14','pending',97,NULL,'2024-08-08 02:30:37','2024-08-23 04:00:01',7,74,NULL,NULL,NULL,0,NULL,NULL,'7',1,NULL,NULL,NULL,NULL,'2024-08-10',NULL,NULL),(699,'604340',1153,7,19,1821,'2024-08-10','14','14','pending',100,NULL,'2024-08-09 02:42:27','2024-08-23 04:00:01',11,NULL,NULL,NULL,NULL,0,NULL,NULL,'3',1,NULL,'90.000','10','SUMMER24','2024-08-10',NULL,NULL),(700,'602118',263,7,19,1504,'2024-08-11','30','30','pending',195,NULL,'2024-08-09 11:34:18','2024-09-09 04:00:02',12,NULL,NULL,NULL,NULL,0,NULL,NULL,'3',1,NULL,'175.500','10','SUMMER24','2024-08-11',NULL,NULL),(701,'138461',1156,9,20,1512,'2024-08-24','9','14','pending',110,NULL,'2024-08-10 07:16:45','2024-09-01 04:00:02',15,NULL,NULL,NULL,NULL,0,NULL,NULL,'3',1,NULL,NULL,NULL,NULL,'2024-08-12','2024-08-17','2024-08-24'),(703,'910419',1161,7,19,1834,'2024-08-13','14','14','pending',110,NULL,'2024-08-11 22:15:55','2024-08-26 04:00:02',12,NULL,NULL,NULL,NULL,0,NULL,NULL,'13',1,NULL,NULL,NULL,NULL,'2024-08-13',NULL,NULL),(704,'326845',797,8,4,1254,'2024-08-18','30','30','pending',165,NULL,'2024-08-14 16:40:10','2024-09-16 04:00:02',7,NULL,NULL,NULL,NULL,0,NULL,NULL,'2',1,NULL,NULL,NULL,NULL,'2024-08-18',NULL,NULL),(705,'758888',1072,7,19,1670,'2024-09-30','7','30','pending',185,NULL,'2024-08-15 00:26:37','2024-10-06 04:00:02',11,80,NULL,NULL,NULL,0,NULL,NULL,'3',1,NULL,'166.500','10','SUMMER24','2024-08-18','2024-09-19','2024-09-30'),(706,'144975',1166,7,19,1853,'2024-08-18','30','30','pending',145,NULL,'2024-08-16 21:20:29','2024-09-16 04:00:02',10,NULL,NULL,NULL,NULL,0,NULL,NULL,'12',1,NULL,'130.500','10','summer24','2024-08-18',NULL,NULL),(707,'912387',338,7,19,1863,'2024-08-19','1','1','pending',15.25,NULL,'2024-08-17 15:41:08','2024-08-19 04:00:02',13,NULL,NULL,NULL,NULL,0,NULL,NULL,'7',1,NULL,NULL,NULL,NULL,'2024-08-19',NULL,NULL),(708,'247584',699,8,4,1710,'2024-08-19','14','14','pending',90,NULL,'2024-08-18 03:35:12','2024-09-01 04:00:02',7,NULL,NULL,NULL,NULL,0,NULL,NULL,'12',1,NULL,NULL,NULL,NULL,'2024-08-19',NULL,NULL),(709,'675865',1170,8,4,1868,'2024-08-20','14','14','pending',90,NULL,'2024-08-18 21:17:56','2024-09-02 04:00:01',7,NULL,NULL,NULL,NULL,0,NULL,NULL,'12',1,NULL,'81.000','10','FJS','2024-08-20',NULL,NULL),(710,'676200',1169,8,4,1867,'2024-08-20','1','1','pending',8.25,NULL,'2024-08-18 21:28:00','2024-08-20 04:00:26',4,NULL,NULL,NULL,NULL,0,NULL,NULL,'3',1,NULL,NULL,NULL,NULL,'2024-08-20',NULL,NULL),(711,'383378',1171,8,4,1871,'2024-08-24','30','30','pending',185,NULL,'2024-08-19 04:04:38','2024-09-22 04:00:02',8,NULL,NULL,NULL,NULL,0,NULL,NULL,'7',1,NULL,'166.500','10','Summer24','2024-08-24',NULL,NULL),(712,'601266',1175,7,19,1884,'2024-08-22','30','30','pending',145,NULL,'2024-08-21 01:22:22','2024-09-20 04:00:01',10,NULL,NULL,NULL,NULL,0,NULL,NULL,'12',1,NULL,'130.500','10','SUMMER24','2024-08-22',NULL,NULL),(713,'898610',1178,7,19,1888,'2024-08-24','30','30','pending',175,NULL,'2024-08-21 13:47:29','2024-09-22 04:00:02',11,NULL,NULL,NULL,NULL,0,NULL,NULL,'12',1,NULL,'157.500','10','summer24','2024-08-24',NULL,NULL),(714,'912154',1167,8,4,1848,'2024-08-31','10','14','pending',80,NULL,'2024-08-21 16:39:15','2024-09-09 04:00:02',4,NULL,NULL,NULL,NULL,0,NULL,NULL,'3',1,NULL,NULL,NULL,NULL,'2024-08-25','2024-08-29','2024-08-31'),(715,'617139',1168,8,4,1866,'2024-09-18','14','30','pending',145,NULL,'2024-08-22 00:41:31','2024-10-01 04:00:02',4,73,NULL,NULL,NULL,0,NULL,NULL,'12',1,NULL,'134.850','7','ms','2024-09-01','2024-09-17','2024-09-18'),(716,'189704',111,7,19,1890,'2024-08-24','30','30','pending',175,NULL,'2024-08-22 01:10:52','2024-09-22 04:00:02',11,NULL,NULL,NULL,NULL,0,NULL,NULL,'13',1,NULL,NULL,NULL,NULL,'2024-08-24',NULL,NULL),(717,'941119',1180,8,4,1891,'2024-09-28','3','30','pending',165,NULL,'2024-08-22 14:54:56','2024-09-30 04:00:02',7,NULL,NULL,NULL,NULL,0,NULL,NULL,'12',1,NULL,'148.500','10','summer24','2024-08-24','2024-09-22','2024-09-28'),(718,'44346',1173,7,19,1877,'2024-08-26','30','30','pending',175,NULL,'2024-08-22 15:35:59','2024-09-24 04:00:01',11,NULL,NULL,NULL,NULL,0,NULL,NULL,'12',1,NULL,'157.500','10','summer24','2024-08-26',NULL,NULL),(719,'543568',1172,7,19,1874,'2024-08-27','13','14','pending',90,NULL,'2024-08-22 16:56:33','2024-09-08 04:00:02',10,NULL,NULL,NULL,NULL,0,NULL,NULL,'12',1,NULL,'81.000','10','summer24','2024-08-24','2024-08-25','2024-08-27'),(720,'66606',587,7,19,779,'2024-08-24','30','30','pending',195,NULL,'2024-08-22 20:05:35','2024-09-22 04:00:02',12,NULL,NULL,NULL,NULL,0,NULL,NULL,'12',1,NULL,'175.500','10','summer24','2024-08-24',NULL,NULL),(721,'893611',1182,7,19,1892,'2024-08-24','30','30','pending',195,NULL,'2024-08-23 03:16:03','2024-09-22 04:00:02',12,NULL,NULL,NULL,NULL,0,NULL,NULL,'3',1,NULL,'175.500','10','SUMMER24','2024-08-24',NULL,NULL),(722,'12426',863,8,4,1337,'2024-08-25','30','30','pending',135,NULL,'2024-08-23 19:35:59','2024-09-23 04:00:01',4,NULL,NULL,NULL,NULL,0,NULL,NULL,'3',1,NULL,'121.500','10','SUMMER24','2024-08-25',NULL,NULL),(723,'245328',1186,7,19,1896,'2024-08-26','30','30','pending',195,NULL,'2024-08-24 11:00:07','2024-09-24 04:00:01',12,NULL,NULL,NULL,NULL,0,NULL,NULL,'12',1,NULL,NULL,NULL,NULL,'2024-08-26',NULL,NULL),(724,'48148',1187,8,4,1899,'2024-08-26','14','14','pending',90,NULL,'2024-08-24 19:15:42','2024-09-08 04:00:02',7,NULL,NULL,NULL,NULL,0,NULL,NULL,'12',1,NULL,'81.000','10','summer24','2024-08-26',NULL,NULL),(725,'423589',1135,8,4,1784,'2024-08-27','30','30','pending',165,NULL,'2024-08-25 10:20:29','2024-09-25 04:00:02',7,NULL,NULL,NULL,NULL,0,NULL,NULL,'3',1,NULL,NULL,NULL,NULL,'2024-08-27',NULL,NULL),(726,'564821',890,8,4,1901,'2024-10-07','25','30','pending',165,NULL,'2024-08-25 13:23:59','2024-10-13 13:40:02',7,NULL,'2024-10-14',NULL,18,0,NULL,NULL,'12',1,NULL,NULL,NULL,NULL,'2024-08-27','2024-10-14','2024-10-07'),(727,'496482',1100,7,19,1719,'2024-08-28','30','30','pending',175,NULL,'2024-08-26 17:25:53','2024-09-26 04:00:02',11,NULL,NULL,NULL,NULL,0,NULL,NULL,'13',1,NULL,NULL,NULL,NULL,'2024-08-28',NULL,NULL),(728,'690235',666,7,19,1759,'2024-08-31','30','30','pending',175,NULL,'2024-08-27 14:30:22','2024-09-29 04:00:02',11,NULL,NULL,NULL,NULL,0,NULL,NULL,'13',1,NULL,NULL,NULL,NULL,'2024-08-31',NULL,NULL),(729,'257489',436,7,19,822,'2024-08-31','30','30','pending',145,NULL,'2024-08-28 02:38:34','2024-09-29 04:00:02',10,NULL,NULL,NULL,NULL,0,NULL,NULL,'3',1,NULL,'130.500','10','summer24','2024-08-31',NULL,NULL),(730,'481926',1123,9,20,1762,'2024-09-01','14','14','pending',110,NULL,'2024-08-28 17:53:29','2024-09-14 04:00:01',15,NULL,NULL,NULL,NULL,0,NULL,NULL,'3',1,NULL,NULL,NULL,NULL,'2024-09-01',NULL,NULL),(731,'658077',987,7,19,1537,'2024-08-31','30','30','pending',175,NULL,'2024-08-29 13:01:55','2024-09-10 16:48:01',11,NULL,'2024-09-11',NULL,19,0,NULL,NULL,'3',1,NULL,'157.500','10','amar','2024-08-31','2024-09-11',NULL),(732,'422097',1198,7,19,1929,'2024-09-01','30','30','pending',175,NULL,'2024-08-30 17:14:41','2024-09-30 04:00:02',11,NULL,NULL,NULL,NULL,0,NULL,NULL,'12',1,NULL,NULL,NULL,NULL,'2024-09-01',NULL,NULL),(733,'804097',696,9,20,963,'2024-09-02','30','30','pending',195,NULL,'2024-08-31 12:58:28','2024-10-01 04:00:02',15,NULL,NULL,NULL,NULL,0,NULL,NULL,'12',1,NULL,'175.500','10','SUMMER24','2024-09-02',NULL,NULL),(734,'11333',977,9,20,1519,'2024-09-02','30','30','pending',195,NULL,'2024-08-31 20:20:26','2024-10-01 04:00:02',15,NULL,NULL,NULL,NULL,0,NULL,NULL,'12',1,NULL,NULL,NULL,NULL,'2024-09-02',NULL,NULL),(735,'942829',1156,9,20,1512,'2024-09-02','14','14','pending',110,NULL,'2024-09-01 00:16:42','2024-09-15 04:00:01',15,NULL,NULL,NULL,NULL,0,NULL,NULL,'12',1,NULL,'99.000','10','SUMMER24','2024-09-02',NULL,NULL),(736,'521453',759,7,19,1196,'2024-10-08','11','30','pending',175,NULL,'2024-09-01 00:47:39','2024-10-18 04:00:02',11,NULL,NULL,NULL,NULL,0,NULL,NULL,'12',1,NULL,'157.500','10','summer24','2024-09-05','2024-09-24','2024-10-08'),(737,'392979',1201,7,19,1937,'2024-09-03','30','30','pending',175,NULL,'2024-09-01 06:21:48','2024-10-02 04:00:02',11,NULL,NULL,NULL,NULL,0,NULL,NULL,'12',1,NULL,'157.500','10','summer24','2024-09-03',NULL,NULL),(738,'647108',130,7,19,1779,'2024-10-05','5','30','pending',145,NULL,'2024-09-01 14:46:27','2024-10-09 04:00:02',10,NULL,NULL,NULL,NULL,0,NULL,NULL,'13',1,NULL,NULL,NULL,NULL,'2024-09-03','2024-09-28','2024-10-05'),(739,'584753',1199,8,4,1940,'2024-09-03','30','30','pending',135,NULL,'2024-09-01 20:42:57','2024-10-02 04:00:02',4,NULL,NULL,NULL,NULL,0,NULL,NULL,'12',1,NULL,'121.500','10','SUMMER24','2024-09-03',NULL,NULL),(740,'456863',1204,8,4,1943,'2024-09-07','30','30','pending',175,NULL,'2024-09-02 02:04:32','2024-10-06 04:00:02',7,6,NULL,NULL,NULL,0,NULL,NULL,'12',1,NULL,'157.500','10','summer24','2024-09-07',NULL,NULL),(741,'581369',482,7,19,1946,'2024-09-08','30','30','pending',185,NULL,'2024-09-02 10:54:26','2024-10-07 04:00:02',11,80,NULL,NULL,NULL,0,NULL,NULL,'12',1,NULL,'166.500','10','SUMMER24','2024-09-08',NULL,NULL),(742,'876918',1205,8,4,1948,'2024-09-04','14','14','pending',110,NULL,'2024-09-02 18:39:52','2024-09-17 04:00:02',9,NULL,NULL,NULL,NULL,0,NULL,NULL,'12',1,NULL,NULL,NULL,NULL,'2024-09-04',NULL,NULL),(743,'827023',710,7,19,1010,'2024-10-01','7','30','pending',215,NULL,'2024-09-03 01:21:41','2024-10-07 04:00:02',13,NULL,NULL,NULL,NULL,0,NULL,NULL,'12',1,NULL,'193.500','10','Summer24','2024-09-04','2024-10-01','2024-10-01'),(744,'133908',767,7,19,1195,'2024-09-07','30','30','pending',175,NULL,'2024-09-03 02:32:14','2024-10-06 04:00:02',11,NULL,NULL,NULL,NULL,0,NULL,NULL,'12',1,NULL,'157.500','10','‏Summer24','2024-09-07',NULL,NULL),(745,'567699',1206,8,4,1950,'2024-09-07','30','30','pending',175,NULL,'2024-09-03 02:42:54','2024-10-06 04:00:02',7,6,NULL,NULL,NULL,0,NULL,NULL,'7',1,NULL,'157.500','10','SUMMER24','2024-09-07',NULL,NULL),(746,'934384',737,7,19,1153,'2024-09-04','30','30','pending',175,NULL,'2024-09-03 03:21:33','2024-09-27 04:00:02',11,NULL,'2024-09-28',NULL,6,0,NULL,NULL,'12',1,NULL,NULL,NULL,NULL,'2024-09-04','2024-09-28',NULL),(747,'136988',253,9,20,1953,'2024-09-09','30','30','pending',225,NULL,'2024-09-03 13:53:24','2024-10-08 04:00:02',16,97,NULL,NULL,NULL,0,NULL,NULL,'12',1,NULL,'202.500','10','Summer24','2024-09-09',NULL,NULL),(748,'786534',1115,7,19,1748,'2024-09-07','30','30','pending',175,NULL,'2024-09-04 01:27:55','2024-10-06 04:00:02',11,NULL,NULL,NULL,NULL,0,NULL,NULL,'2',1,NULL,NULL,NULL,NULL,'2024-09-07',NULL,NULL),(749,'128596',1214,7,19,1962,'2024-09-11','30','30','pending',185,NULL,'2024-09-05 20:21:09','2024-10-10 04:00:02',11,80,NULL,NULL,NULL,0,NULL,NULL,'13',1,NULL,NULL,NULL,NULL,'2024-09-11',NULL,NULL),(750,'149379',281,8,4,949,'2024-09-07','30','30','pending',165,NULL,'2024-09-05 21:31:35','2024-10-06 04:00:02',7,NULL,NULL,NULL,NULL,0,NULL,NULL,'12',1,NULL,'148.500','10','SUMMER24','2024-09-07',NULL,NULL),(751,'585015',1079,7,19,1682,'2024-09-08','30','30','pending',155,NULL,'2024-09-06 04:21:47','2024-10-07 04:00:02',10,77,NULL,NULL,NULL,0,NULL,NULL,'3',1,NULL,NULL,NULL,NULL,'2024-09-08',NULL,NULL),(752,'378043',324,7,19,1969,'2024-09-08','30','30','pending',185,NULL,'2024-09-07 00:10:51','2024-10-07 04:00:02',11,80,NULL,NULL,NULL,0,NULL,NULL,'3',1,NULL,NULL,NULL,NULL,'2024-09-08',NULL,NULL),(753,'426510',512,7,19,638,'2024-09-09','30','30','pending',175,NULL,'2024-09-07 20:16:14','2024-10-08 04:00:02',11,NULL,NULL,NULL,NULL,0,NULL,NULL,'13',1,NULL,'157.500','10','SUMMER24','2024-09-09',NULL,NULL),(754,'949619',725,8,4,1124,'2024-09-10','30','30','pending',135,NULL,'2024-09-08 12:41:41','2024-10-09 04:00:02',4,NULL,NULL,NULL,NULL,0,NULL,NULL,'12',1,NULL,'121.500','10','SUMMER24','2024-09-10',NULL,NULL),(755,'660436',1219,7,19,1978,'2024-09-10','30','30','pending',175,NULL,'2024-09-08 18:59:50','2024-10-09 04:00:02',11,NULL,NULL,NULL,NULL,0,NULL,NULL,'12',1,NULL,'157.500','10','Summer24','2024-09-10',NULL,NULL),(756,'742259',855,8,4,1342,'2024-09-11','14','14','pending',97,NULL,'2024-09-09 02:13:28','2024-09-24 04:00:01',7,74,NULL,NULL,NULL,0,NULL,NULL,'7',1,NULL,NULL,NULL,NULL,'2024-09-11',NULL,NULL),(757,'951512',1222,8,4,1982,'2024-09-11','30','30','pending',165,NULL,'2024-09-09 21:04:43','2024-10-10 04:00:02',7,NULL,NULL,NULL,NULL,0,NULL,NULL,'13',1,NULL,NULL,NULL,NULL,'2024-09-11',NULL,NULL),(758,'829482',296,9,20,696,'2024-09-11','30','30','pending',195,NULL,'2024-09-09 21:45:12','2024-10-10 04:00:02',15,NULL,NULL,NULL,NULL,0,NULL,NULL,'3',1,NULL,'175.500','10','SUMMER24','2024-09-11',NULL,NULL),(759,'957231',367,8,4,1743,'2024-09-13','14','14','pending',80,NULL,'2024-09-10 00:18:50','2024-09-26 04:00:02',4,NULL,NULL,NULL,NULL,0,NULL,NULL,'13',1,NULL,'72.000','10','ps10','2024-09-12','2024-09-12','2024-09-13'),(760,'510185',1226,7,19,1989,'2024-09-14','30','30','pending',175,NULL,'2024-09-11 16:02:11','2024-10-13 04:00:01',11,NULL,NULL,NULL,NULL,0,NULL,NULL,'13',1,NULL,'157.500','10','SUMMER24','2024-09-14',NULL,NULL),(761,'370187',984,7,19,1534,'2024-09-14','14','14','pending',100,NULL,'2024-09-12 12:35:05','2024-09-27 04:00:02',11,NULL,NULL,NULL,NULL,0,NULL,NULL,'3',1,NULL,NULL,NULL,NULL,'2024-09-14',NULL,NULL),(762,'538466',797,10,21,1254,'2024-09-18','30','30','pending',175,NULL,'2024-09-16 00:28:01','2024-10-17 04:00:02',19,NULL,NULL,NULL,NULL,0,NULL,NULL,'2',1,NULL,NULL,NULL,NULL,'2024-09-18',NULL,NULL),(763,'906349',699,7,19,1710,'2024-09-18','14','14','pending',100,NULL,'2024-09-16 15:17:32','2024-10-01 04:00:02',11,NULL,NULL,NULL,NULL,0,NULL,NULL,'12',1,NULL,'90.000','10','summer24','2024-09-18',NULL,NULL),(764,'776708',1128,9,20,2005,'2024-09-18','30','30','pending',215,NULL,'2024-09-16 21:58:18','2024-10-17 04:00:02',16,NULL,NULL,NULL,NULL,0,NULL,NULL,'12',1,NULL,'193.500','10','SUMMER24','2024-09-18',NULL,NULL),(765,'152642',577,7,19,765,'2024-10-07','13','30','pending',175,NULL,'2024-09-17 02:47:36','2024-10-19 04:00:02',11,NULL,NULL,NULL,NULL,0,NULL,NULL,'12',1,NULL,'157.500','10','summer24','2024-09-18','2024-10-05','2024-10-07'),(766,'47085',1166,7,19,1853,'2024-10-06','21','30','success',145,NULL,'2024-09-17 20:50:02','2024-10-07 04:00:02',10,NULL,NULL,NULL,NULL,1,NULL,NULL,'3',1,NULL,'130.500','10','summer24','2024-09-21','2024-09-30','2024-10-06'),(767,'30789',195,7,19,1282,'2024-09-21','30','30','pending',175,NULL,'2024-09-18 10:54:05','2024-10-20 04:00:02',11,NULL,NULL,NULL,NULL,0,NULL,NULL,'13',1,NULL,'157.500','10','fjs','2024-09-21',NULL,NULL),(768,'804946',1236,7,19,2013,'2024-09-21','30','30','pending',175,NULL,'2024-09-18 23:44:35','2024-10-20 04:00:02',11,NULL,NULL,NULL,NULL,0,NULL,NULL,'3',1,NULL,'157.500','10','Ps10','2024-09-21',NULL,NULL),(769,'22841',1237,8,4,2012,'2024-09-21','30','30','pending',135,NULL,'2024-09-19 00:46:37','2024-10-20 04:00:02',4,NULL,NULL,NULL,NULL,0,NULL,NULL,'12',1,NULL,'121.500','10','Summer24','2024-09-21',NULL,NULL),(770,'895400',1223,9,20,2015,'2024-09-21','30','30','pending',195,NULL,'2024-09-19 21:10:42','2024-10-20 04:00:02',15,NULL,NULL,NULL,NULL,0,NULL,NULL,'3',1,NULL,'175.500','10','summer24','2024-09-21',NULL,NULL),(771,'44625',1023,7,19,1585,'2024-09-22','30','30','success',145,NULL,'2024-09-21 01:28:33','2024-09-21 01:28:33',10,NULL,NULL,NULL,NULL,1,NULL,NULL,'13',1,NULL,NULL,NULL,NULL,'2024-09-22',NULL,NULL),(772,'199517',587,7,19,779,'2024-09-24','30','30','success',195,NULL,'2024-09-22 14:09:44','2024-09-22 14:09:44',12,NULL,NULL,NULL,NULL,1,NULL,NULL,'13',1,NULL,'175.500','10','ps10','2024-09-24',NULL,NULL),(773,'197525',1240,8,4,2023,'2024-09-29','14','14','pending',80,NULL,'2024-09-22 15:32:16','2024-10-12 04:00:02',4,NULL,NULL,NULL,NULL,0,NULL,NULL,'7',1,NULL,'74.400','7','ms','2024-09-29',NULL,NULL),(774,'822970',951,7,19,1734,'2024-09-24','30','30','success',195,NULL,'2024-09-22 17:39:22','2024-09-22 17:39:22',12,NULL,NULL,NULL,NULL,1,NULL,NULL,'2',1,NULL,NULL,NULL,NULL,'2024-09-24',NULL,NULL),(775,'789749',1241,7,19,2026,'2024-09-24','14','14','pending',90,NULL,'2024-09-22 20:46:27','2024-10-07 04:00:02',10,NULL,NULL,NULL,NULL,0,NULL,NULL,'12',1,NULL,NULL,NULL,NULL,'2024-09-24',NULL,NULL),(776,'854232',1227,9,20,2027,'2024-09-24','30','30','success',165,NULL,'2024-09-22 21:14:52','2024-09-22 21:14:52',14,NULL,NULL,NULL,NULL,1,NULL,NULL,'12',1,NULL,'148.500','10','Summer24','2024-09-24',NULL,NULL),(777,'151215',863,8,4,1337,'2024-09-25','30','30','success',135,NULL,'2024-09-23 12:41:12','2024-09-23 12:41:12',4,NULL,NULL,NULL,NULL,1,NULL,NULL,'3',1,NULL,'121.500','10','SUMMER24','2024-09-25',NULL,NULL),(779,'158686',1245,7,19,2031,'2024-09-28','30','30','success',175,NULL,'2024-09-24 12:45:16','2024-09-24 12:45:16',11,NULL,NULL,NULL,NULL,1,NULL,NULL,'12',1,NULL,'157.500','10','ps10','2024-09-28',NULL,NULL),(780,'378529',855,8,4,1342,'2024-10-13','24','30','pending',175,NULL,'2024-09-24 14:46:20','2024-10-18 04:00:02',7,6,'2024-10-19',NULL,18,0,NULL,NULL,'13',1,NULL,'157.500','10','PS10','2024-09-26','2024-10-19','2024-10-13'),(781,'363633',1248,8,4,2034,'2024-09-26','1','1','pending',8.25,NULL,'2024-09-25 01:27:30','2024-09-26 04:00:02',4,NULL,NULL,NULL,NULL,0,NULL,NULL,'7',1,NULL,'7.425','10','ps10','2024-09-26',NULL,NULL),(782,'574000',1249,8,4,2036,'2024-09-28','1','1','pending',14.25,NULL,'2024-09-25 18:32:33','2024-09-28 04:00:01',8,7,NULL,NULL,NULL,0,NULL,NULL,'3',1,NULL,NULL,NULL,NULL,'2024-09-28',NULL,NULL),(783,'945906',485,7,19,2021,'2024-09-28','30','30','success',185,NULL,'2024-09-26 00:20:16','2024-09-26 16:49:52',11,80,'2025-04-19',NULL,173,1,NULL,NULL,'13',1,NULL,'166.500','10','ps10','2024-09-28','2025-04-19',NULL),(785,'258127',1254,8,4,2044,'2024-09-29','30','30','success',165,NULL,'2024-09-27 20:05:22','2024-09-27 20:05:22',7,NULL,NULL,NULL,NULL,1,NULL,NULL,'3',1,NULL,'148.500','10','ps10','2024-09-29',NULL,NULL),(786,'334231',1255,7,19,2046,'2024-09-30','30','30','success',175,NULL,'2024-09-28 04:37:23','2024-09-28 04:37:23',11,NULL,NULL,NULL,NULL,1,NULL,NULL,'12',1,NULL,NULL,NULL,NULL,'2024-09-30',NULL,NULL),(787,'642309',1123,8,4,1762,'2024-09-30','14','14','pending',90,NULL,'2024-09-28 13:50:28','2024-10-13 04:00:01',7,NULL,NULL,NULL,NULL,0,NULL,NULL,'3',1,NULL,NULL,NULL,NULL,'2024-09-30',NULL,NULL),(788,'202560',1192,7,19,1910,'2024-09-30','30','30','success',175,NULL,'2024-09-28 21:11:24','2024-09-28 21:11:24',11,NULL,NULL,NULL,NULL,1,NULL,NULL,'3',1,NULL,'162.750','7','JMZ','2024-09-30',NULL,NULL),(789,'59502',1258,7,19,2048,'2024-09-30','30','30','pending',175,NULL,'2024-09-28 21:32:33','2024-10-09 04:00:02',11,NULL,'2024-10-10',NULL,20,0,NULL,NULL,'12',1,NULL,'157.500','10','Ps10','2024-09-30','2024-10-10',NULL),(790,'763235',1259,9,20,1147,'2024-09-30','30','30','success',225,NULL,'2024-09-28 22:40:52','2024-09-28 22:40:52',16,97,NULL,NULL,NULL,1,NULL,NULL,'12',1,NULL,'202.500','10','ps10','2024-09-30',NULL,NULL),(791,'56347',1259,7,19,2051,'2024-09-30','30','30','success',185,NULL,'2024-09-28 22:47:23','2024-09-28 22:47:23',11,80,NULL,NULL,NULL,1,NULL,NULL,'7',1,NULL,'166.500','10','ps10','2024-09-30',NULL,NULL),(792,'274662',1182,7,19,1971,'2024-09-30','30','30','success',195,NULL,'2024-09-28 23:20:26','2024-09-28 23:20:26',12,NULL,NULL,NULL,NULL,1,NULL,NULL,'13',1,NULL,'175.500','10','Ps10','2024-09-30',NULL,NULL),(793,'639940',1261,7,19,2053,'2024-10-09','24','30','pending',175,NULL,'2024-09-29 01:19:58','2024-10-15 16:21:01',11,NULL,'2024-10-16',NULL,17,0,NULL,NULL,'13',1,NULL,NULL,NULL,NULL,'2024-09-30','2024-10-16','2024-10-09'),(794,'54182',1256,7,19,2054,'2024-10-01','14','14','pending',100,NULL,'2024-09-29 01:43:38','2024-10-14 04:00:02',11,NULL,NULL,NULL,NULL,0,NULL,NULL,'3',1,NULL,'90.000','10','PS10','2024-10-01',NULL,NULL),(795,'37989',263,7,19,2049,'2024-09-30','30','30','success',195,NULL,'2024-09-29 03:30:54','2024-09-29 03:30:54',12,NULL,NULL,NULL,NULL,1,NULL,NULL,'3',1,NULL,'175.500','10','Ps10','2024-09-30',NULL,NULL),(796,'499344',322,8,4,1654,'2024-10-20','12','30','success',135,NULL,'2024-09-29 17:16:58','2024-10-19 23:30:01',4,NULL,NULL,'2024-10-20',12,1,NULL,NULL,'3',1,NULL,'121.500','10','ps10','2024-10-01','2024-10-19','2024-10-20'),(797,'384945',1201,7,19,1937,'2024-10-03','30','30','success',175,NULL,'2024-09-29 18:46:14','2024-09-29 18:46:14',11,NULL,NULL,NULL,NULL,1,NULL,NULL,'12',1,NULL,'157.500','10','Ps10','2024-10-03',NULL,NULL),(798,'548161',1264,8,4,2056,'2024-10-02','14','14','pending',80,NULL,'2024-09-30 04:13:18','2024-10-15 04:00:02',4,NULL,NULL,NULL,NULL,0,NULL,NULL,'3',1,NULL,'72.000','10','ps10','2024-10-02',NULL,NULL),(799,'502555',699,7,19,1710,'2024-10-15','6','14','pending',100,NULL,'2024-09-30 20:53:31','2024-10-20 04:00:02',11,NULL,NULL,NULL,NULL,0,NULL,NULL,'12',1,NULL,'90.000','10','summer24','2024-10-02','2024-10-10','2024-10-15'),(800,'687658',977,7,19,1519,'2024-10-02','30','30','success',175,NULL,'2024-10-01 00:04:09','2024-10-01 00:04:09',11,NULL,NULL,NULL,NULL,1,NULL,NULL,'12',1,NULL,'157.500','10','Ps10','2024-10-02',NULL,NULL),(801,'906440',1263,8,4,2058,'2024-10-05','30','30','pending',165,NULL,'2024-10-01 01:30:32','2024-10-19 19:37:01',7,NULL,'2024-10-20',NULL,15,0,NULL,NULL,'3',1,NULL,'148.500','10','PS10','2024-10-05','2024-10-20',NULL),(802,'18652',1231,7,19,2057,'2024-10-06','30','30','success',175,NULL,'2024-10-01 02:13:18','2024-10-01 02:13:18',11,NULL,NULL,NULL,NULL,1,NULL,NULL,'12',1,NULL,'157.500','10','SUMMER24','2024-10-06',NULL,NULL),(803,'12987',1265,9,20,2059,'2024-10-03','30','30','success',195,NULL,'2024-10-01 11:43:14','2024-10-13 06:19:11',15,NULL,'2024-10-27',NULL,6,1,NULL,NULL,'12',1,NULL,'175.500','10','PS10','2024-10-03','2024-10-27',NULL),(804,'637534',1251,7,19,1995,'2024-10-03','14','14','pending',100,NULL,'2024-10-01 21:59:56','2024-10-16 04:00:02',11,NULL,NULL,NULL,NULL,0,NULL,NULL,'12',1,NULL,'90.000','10','ps10','2024-10-03',NULL,NULL),(805,'508893',741,7,19,1168,'2024-10-03','30','30','success',145,NULL,'2024-10-02 03:25:53','2024-10-02 03:25:53',10,NULL,NULL,NULL,NULL,1,NULL,NULL,'3',1,NULL,NULL,NULL,NULL,'2024-10-03',NULL,NULL),(807,'675193',281,8,4,949,'2024-10-08','30','30','success',165,NULL,'2024-10-05 02:26:32','2024-10-05 02:26:32',7,NULL,NULL,NULL,NULL,1,NULL,NULL,'12',1,NULL,'148.500','10','Ps10','2024-10-08',NULL,NULL),(808,'680417',1268,8,4,2069,'2024-10-07','30','30','success',135,NULL,'2024-10-05 04:54:56','2024-10-05 04:54:56',4,NULL,NULL,NULL,NULL,1,NULL,NULL,'13',1,NULL,NULL,NULL,NULL,'2024-10-07',NULL,NULL),(809,'355764',1239,9,20,2070,'2024-10-07','30','30','success',195,NULL,'2024-10-05 16:13:29','2024-10-05 16:13:29',15,NULL,NULL,NULL,NULL,1,NULL,NULL,'3',1,NULL,NULL,NULL,NULL,'2024-10-07',NULL,NULL),(810,'939574',1035,8,4,2071,'2024-10-07','30','30','success',165,NULL,'2024-10-05 18:06:49','2024-10-05 18:06:49',7,NULL,NULL,NULL,NULL,1,NULL,NULL,'13',1,NULL,NULL,NULL,NULL,'2024-10-07',NULL,NULL),(811,'200603',1267,7,19,2067,'2024-10-07','30','30','success',185,NULL,'2024-10-06 00:58:51','2024-10-06 00:58:51',11,80,NULL,NULL,NULL,1,NULL,NULL,'13',1,NULL,NULL,NULL,NULL,'2024-10-07',NULL,NULL),(812,'931299',767,7,19,1195,'2024-10-07','30','30','success',145,NULL,'2024-10-06 02:25:40','2024-10-06 02:25:40',10,NULL,NULL,NULL,NULL,1,NULL,NULL,'12',1,NULL,'130.500','10','Ps10','2024-10-07',NULL,NULL),(813,'686627',349,8,4,2073,'2024-10-07','14','14','pending',80,NULL,'2024-10-06 03:55:40','2024-10-20 04:00:02',4,NULL,NULL,NULL,NULL,0,NULL,NULL,'12',1,NULL,'72.000','10','ps10','2024-10-07',NULL,NULL),(814,'886447',1269,8,4,2074,'2024-10-08','14','14','success',90,NULL,'2024-10-06 23:18:03','2024-10-06 23:18:03',7,NULL,NULL,NULL,NULL,1,NULL,NULL,'3',1,NULL,'81.000','10','ps10','2024-10-08',NULL,NULL),(815,'135728',1156,9,20,1512,'2024-10-08','30','30','success',195,NULL,'2024-10-07 02:01:43','2024-10-07 02:01:43',15,NULL,NULL,NULL,NULL,1,NULL,NULL,'12',1,NULL,'175.500','10','PS10','2024-10-08',NULL,NULL),(816,'309312',1270,8,4,2077,'2024-10-09','30','30','success',165,NULL,'2024-10-07 10:45:48','2024-10-07 10:45:48',7,NULL,NULL,NULL,NULL,1,NULL,NULL,'12',1,NULL,'148.500','10','PS10','2024-10-09',NULL,NULL),(817,'49326',725,8,4,1124,'2024-10-10','30','30','pending',135,NULL,'2024-10-08 15:44:50','2024-10-15 04:00:02',4,NULL,'2024-10-16',NULL,24,0,NULL,NULL,'12',1,NULL,'121.500','10','Ps10','2024-10-10','2024-10-16',NULL),(818,'501011',130,7,19,1779,'2024-10-10','30','30','success',145,NULL,'2024-10-09 01:24:03','2024-10-09 01:24:03',10,NULL,NULL,NULL,NULL,1,NULL,NULL,'13',1,NULL,NULL,NULL,NULL,'2024-10-10',NULL,NULL),(819,'512174',1274,8,4,2083,'2024-10-15','30','30','success',165,NULL,'2024-10-09 18:33:18','2024-10-09 18:33:18',7,NULL,NULL,NULL,NULL,1,NULL,NULL,'13',1,NULL,NULL,NULL,NULL,'2024-10-15',NULL,NULL),(820,'267645',482,7,19,1946,'2024-10-12','30','30','success',175,NULL,'2024-10-09 21:35:48','2024-10-09 21:35:48',11,NULL,NULL,NULL,NULL,1,NULL,NULL,'12',1,NULL,'157.500','10','Ps10','2024-10-12',NULL,NULL),(821,'620089',899,9,20,1380,'2024-10-12','30','30','success',195,NULL,'2024-10-10 20:01:23','2024-10-10 20:01:23',15,NULL,NULL,NULL,NULL,1,NULL,NULL,'3',1,NULL,NULL,NULL,NULL,'2024-10-12',NULL,NULL),(822,'75102',1226,8,4,2090,'2024-10-14','30','30','success',165,NULL,'2024-10-11 17:36:16','2024-10-11 17:36:16',7,NULL,NULL,NULL,NULL,1,NULL,NULL,'3',1,NULL,'148.500','10','ps10','2024-10-14',NULL,NULL),(823,'527213',384,8,4,416,'2024-10-14','14','14','success',90,NULL,'2024-10-12 22:43:01','2024-10-12 22:43:01',7,NULL,NULL,NULL,NULL,1,NULL,NULL,'3',1,NULL,NULL,NULL,NULL,'2024-10-14',NULL,NULL),(824,'549589',253,9,20,2092,'2024-10-14','30','30','success',215,NULL,'2024-10-12 23:36:28','2024-10-12 23:36:28',16,NULL,NULL,NULL,NULL,1,NULL,NULL,'12',1,NULL,'193.500','10','SUMMER24','2024-10-14',NULL,NULL),(826,'22218',230,9,20,2094,'2024-10-15','14','14','success',110,NULL,'2024-10-13 22:17:11','2024-10-13 22:17:11',15,NULL,NULL,NULL,NULL,1,NULL,NULL,'3',1,NULL,NULL,NULL,NULL,'2024-10-15',NULL,NULL),(827,'890790',1280,7,19,2101,'2024-10-22','30','30','success',195,NULL,'2024-10-15 23:33:31','2024-10-15 23:33:31',12,NULL,NULL,NULL,NULL,1,NULL,NULL,'12',1,NULL,'175.500','10','PS10','2024-10-22',NULL,NULL),(828,'978326',1279,8,4,2102,'2024-10-19','30','30','success',175,NULL,'2024-10-15 23:36:25','2024-10-15 23:36:25',7,6,NULL,NULL,NULL,1,NULL,NULL,'3',1,NULL,'157.500','10','PS10','2024-10-19',NULL,NULL),(830,'306183',111,8,4,2105,'2024-10-19','1','1','pending',10.25,NULL,'2024-10-17 01:56:48','2024-10-18 04:00:02',7,NULL,'2024-10-19',NULL,1,0,NULL,NULL,'13',1,NULL,NULL,NULL,NULL,'2024-10-19','2024-10-19',NULL),(831,'763034',111,8,4,2105,'2024-10-19','30','30','success',205,NULL,'2024-10-17 02:04:05','2024-10-17 02:04:05',9,NULL,NULL,NULL,NULL,1,NULL,NULL,'13',1,NULL,NULL,NULL,NULL,'2024-10-19',NULL,NULL),(832,'814975',111,8,4,2105,'2024-10-19','14','14','success',100,NULL,'2024-10-17 02:49:07','2024-10-17 02:49:07',8,NULL,NULL,NULL,NULL,1,NULL,NULL,'13',1,NULL,NULL,NULL,NULL,'2024-10-19',NULL,NULL);

--
