--
-- Host: localhost    Database: topappkw_gym
-- ------------------------------------------------------


--
-- Current Database: `topappkw_gym`
--


--
-- Table structure for table `arrival_prices`
--

CREATE TABLE `arrival_prices` (
  `id` int unsigned NOT NULL AUTO_INCREMENT,
  `region_id` int DEFAULT NULL,
  `price` double DEFAULT NULL,
  `created_at` timestamp NULL DEFAULT NULL,
  `updated_at` timestamp NULL DEFAULT NULL,
  PRIMARY KEY (`id`)
) ENGINE=InnoDB AUTO_INCREMENT=137 DEFAULT CHARSET=utf8mb4 COLLATE=utf8mb4_unicode_ci;

--
-- Dumping data for table `arrival_prices`
--

INSERT INTO `arrival_prices` (`id`, `region_id`, `price`, `created_at`, `updated_at`) VALUES (1,1,0,'2022-12-06 13:53:46','2022-12-06 13:59:21'),(2,19,0.45,'2022-12-10 06:34:34','2024-04-13 16:56:02'),(3,20,0.45,'2022-12-10 06:34:34','2024-04-13 16:56:02'),(4,21,0.45,'2022-12-10 06:34:34','2024-04-13 16:56:02'),(5,22,0.45,'2022-12-10 06:34:34','2024-04-13 16:56:02'),(6,23,0.45,'2022-12-10 06:34:34','2024-04-13 16:56:02'),(7,24,0.45,'2022-12-10 06:34:34','2024-04-13 16:56:02'),(8,25,0.45,'2022-12-10 06:34:34','2024-04-13 16:56:02'),(9,26,0.45,'2022-12-10 06:34:34','2024-04-13 16:56:02'),(10,27,0.45,'2022-12-10 06:34:34','2024-04-13 16:56:02'),(11,28,0.45,'2022-12-10 06:34:34','2024-04-13 16:56:02'),(12,29,0.45,'2022-12-10 06:34:34','2024-04-13 16:56:02'),(13,30,0.45,'2022-12-10 06:34:34','2024-04-13 16:56:02'),(14,31,0.45,'2022-12-10 06:34:34','2024-04-13 16:56:02'),(15,32,0.45,'2022-12-10 06:34:34','2024-04-13 16:56:02'),(16,33,0.45,'2022-12-10 06:34:34','2024-04-13 16:56:02'),(17,34,0.45,'2022-12-10 06:34:34','2024-04-13 16:56:02'),(18,35,0.45,'2022-12-10 06:34:34','2024-04-13 16:56:02'),(19,36,0.45,'2022-12-10 06:34:34','2024-04-13 16:56:02'),(20,37,0.45,'2022-12-10 06:34:34','2024-04-13 16:56:02'),(21,38,0.45,'2022-12-10 06:34:34','2024-04-13 16:56:02'),(22,39,0.45,'2022-12-10 06:34:34','2024-04-13 16:56:02'),(23,40,0.45,'2022-12-10 06:34:34','2024-04-13 16:56:02'),(24,41,0.45,'2022-12-10 06:34:34','2024-04-13 16:56:02'),(25,42,0.45,'2022-12-10 06:34:34','2024-04-13 16:56:02'),(26,43,0.45,'2022-12-10 06:34:34','2024-04-13 16:56:02'),(27,44,0.45,'2022-12-10 06:34:34','2024-04-13 16:56:02'),(28,45,0.45,'2022-12-10 06:34:34','2024-04-13 16:56:02'),(29,46,0.45,'2022-12-10 06:34:34','2024-04-13 16:56:02'),(30,47,0.45,'2022-12-10 06:34:34','2024-04-13 16:56:02'),(31,48,0.45,'2022-12-10 06:34:34','2024-04-13 16:56:02'),(32,49,0.45,'2022-12-10 06:34:34','2024-04-13 16:56:02'),(33,50,0.45,'2022-12-10 06:34:34','2024-04-13 16:56:02'),(34,51,0.45,'2022-12-10 06:34:34','2024-04-13 16:56:02'),(35,52,0.45,'2022-12-10 06:34:34','2024-04-13 16:56:02'),(36,53,0.45,'2022-12-10 06:34:34','2024-04-13 16:56:02'),(37,54,0.45,'2022-12-10 06:34:34','2024-04-13 16:56:02'),(38,55,0,'2022-12-10 06:34:34','2024-04-13 16:56:02'),(39,56,0.45,'2022-12-10 06:34:34','2024-04-13 16:56:02'),(40,57,0.45,'2022-12-10 06:34:34','2024-04-13 16:56:02'),(41,58,0.45,'2022-12-10 06:34:34','2024-04-13 16:56:02'),(42,59,0.45,'2022-12-10 06:34:34','2024-04-13 16:56:02'),(43,60,0.45,'2022-12-10 06:34:34','2024-04-13 16:56:02'),(44,61,0.45,'2022-12-10 06:34:34','2024-04-13 16:56:02'),(45,62,1,'2022-12-10 06:34:34','2024-04-13 16:56:02'),(46,63,3,'2022-12-10 06:34:34','2024-04-13 16:56:02'),(47,64,10,'2022-12-10 06:34:34','2024-04-13 16:56:02'),(48,65,3,'2022-12-10 06:34:34','2024-04-13 16:56:02'),(49,66,10,'2022-12-10 06:34:34','2024-04-13 16:56:02'),(50,67,3,'2022-12-10 06:34:34','2024-04-13 16:56:02'),(51,68,10,'2022-12-10 06:34:34','2024-04-13 16:56:02'),(52,69,5,'2022-12-10 06:34:34','2024-04-13 16:56:02'),(53,70,5,'2022-12-10 06:34:34','2024-04-13 16:56:02'),(54,71,5,'2022-12-10 06:34:34','2024-04-13 16:56:02'),(55,72,0.45,'2022-12-10 06:34:34','2024-04-13 16:56:02'),(56,73,0.45,'2022-12-10 06:34:34','2024-04-13 16:56:02'),(57,74,0,'2022-12-10 06:34:34','2024-04-13 16:56:02'),(58,75,0,'2022-12-10 06:34:34','2024-04-13 16:56:02'),(59,76,10,'2022-12-10 06:34:34','2024-04-13 16:56:02'),(60,77,10,'2022-12-10 06:34:34','2024-04-13 16:56:02'),(61,78,10,'2022-12-10 06:34:34','2024-04-13 16:56:02'),(62,79,3,'2022-12-10 06:34:34','2024-04-13 16:56:02'),(63,80,3,'2022-12-10 06:34:34','2024-04-13 16:56:02'),(64,81,0.45,'2022-12-10 06:34:34','2024-04-13 16:56:02'),(65,82,0.45,'2022-12-10 06:34:34','2024-04-13 16:56:02'),(66,83,0.45,'2022-12-10 06:34:34','2024-04-13 16:56:02'),(67,84,0.45,'2022-12-10 06:34:34','2024-04-13 16:56:02'),(68,85,0.45,'2022-12-10 06:34:34','2024-04-13 16:56:02'),(69,86,0.45,'2022-12-10 06:34:34','2024-04-13 16:56:02'),(70,87,0.45,'2022-12-10 06:34:34','2024-04-13 16:56:02'),(71,88,0.45,'2022-12-10 06:34:34','2024-04-13 16:56:02'),(72,89,0.45,'2022-12-10 06:34:34','2024-04-13 16:56:02'),(73,90,0.45,'2022-12-10 06:34:34','2024-04-13 16:56:02'),(74,91,0.45,'2022-12-10 06:34:34','2024-04-13 16:56:02'),(75,92,0.45,'2022-12-10 06:34:34','2024-04-13 16:56:02'),(76,93,0.45,'2022-12-10 06:34:34','2024-04-13 16:56:02'),(77,94,0.45,'2022-12-10 06:34:34','2024-04-13 16:56:02'),(78,95,0.45,'2022-12-10 06:34:34','2024-04-13 16:56:02'),(79,96,0.45,'2022-12-10 06:34:34','2024-04-13 16:56:02'),(80,97,0.45,'2022-12-10 06:34:34','2024-04-13 16:56:02'),(81,98,0.45,'2022-12-10 06:34:34','2024-04-13 16:56:02'),(82,99,0.45,'2022-12-10 06:34:34','2024-04-13 16:56:02'),(83,100,0.45,'2022-12-10 06:34:34','2024-04-13 16:56:02'),(84,101,0.45,'2022-12-10 06:34:34','2024-04-13 16:56:02'),(85,102,0.45,'2022-12-10 06:34:34','2024-04-13 16:56:02'),(86,103,0.75,'2022-12-10 06:34:34','2024-04-13 16:56:02'),(87,104,0.75,'2022-12-10 06:34:34','2024-04-13 16:56:02'),(88,105,0.75,'2022-12-10 06:34:34','2024-04-13 16:56:02'),(89,106,0.75,'2022-12-10 06:34:34','2024-04-13 16:56:02'),(90,107,0.75,'2022-12-10 06:34:34','2024-04-13 16:56:02'),(91,108,0.75,'2022-12-10 06:34:34','2024-04-13 16:56:02'),(92,109,0.75,'2022-12-10 06:34:34','2024-04-13 16:56:02'),(93,110,0.45,'2022-12-10 06:34:34','2024-04-13 16:56:02'),(94,111,10,'2022-12-10 06:34:34','2024-04-13 16:56:02'),(95,112,0.75,'2022-12-10 06:34:34','2024-04-13 16:56:02'),(96,113,0.75,'2022-12-10 06:34:34','2024-04-13 16:56:02'),(97,114,10,'2022-12-10 06:34:34','2024-04-13 16:56:02'),(98,115,0.75,'2022-12-10 06:34:34','2024-04-13 16:56:02'),(99,116,0,'2022-12-10 06:34:34','2024-04-13 16:56:02'),(100,117,10,'2022-12-10 06:34:34','2024-04-13 16:56:02'),(101,118,0,'2022-12-10 06:34:34','2024-04-13 16:56:02'),(102,119,3,'2022-12-10 06:34:34','2024-04-13 16:56:02'),(103,120,0,'2022-12-10 06:34:34','2024-04-13 16:56:02'),(104,121,0,'2022-12-10 06:34:34','2024-04-13 16:56:02'),(105,122,0.45,'2022-12-10 06:34:34','2024-04-13 16:56:02'),(106,123,0.45,'2022-12-10 06:34:34','2024-04-13 16:56:02'),(107,124,0.45,'2022-12-10 06:34:34','2024-04-13 16:56:02'),(108,125,0.45,'2022-12-10 06:34:34','2024-04-13 16:56:02'),(109,126,0.45,'2022-12-10 06:34:34','2024-04-13 16:56:02'),(110,127,0.45,'2022-12-10 06:34:34','2024-04-13 16:56:02'),(111,128,0.45,'2022-12-10 06:34:34','2024-04-13 16:56:02'),(112,129,0.45,'2022-12-10 06:34:34','2024-04-13 16:56:02'),(113,130,0.45,'2022-12-10 06:34:34','2024-04-13 16:56:02'),(114,131,0.45,'2022-12-10 06:34:34','2024-04-13 16:56:02'),(115,132,0.45,'2022-12-10 06:34:34','2024-04-13 16:56:02'),(116,133,0.45,'2022-12-10 06:34:34','2024-04-13 16:56:02'),(117,134,0.45,'2022-12-10 06:34:34','2024-04-13 16:56:02'),(118,135,0.45,'2022-12-10 06:34:34','2024-04-13 16:56:02'),(119,136,0.45,'2022-12-10 06:34:34','2024-04-13 16:56:02'),(120,137,0.45,'2022-12-10 06:34:34','2024-04-13 16:56:02'),(121,138,0.45,'2022-12-10 06:34:34','2024-04-13 16:56:02'),(122,139,0.45,'2022-12-10 06:34:34','2024-04-13 16:56:02'),(123,140,0.45,'2022-12-10 06:34:34','2024-04-13 16:56:02'),(124,141,0.45,'2022-12-10 06:34:34','2024-04-13 16:56:02'),(125,142,0.45,'2022-12-10 06:34:35','2024-04-13 16:56:02'),(126,143,0.45,'2022-12-10 06:34:35','2024-04-13 16:56:02'),(127,144,0.45,'2022-12-10 06:34:35','2024-04-13 16:56:02'),(128,145,0.45,'2022-12-10 06:34:35','2024-04-13 16:56:02'),(129,146,0.45,'2022-12-10 06:34:35','2024-04-13 16:56:02'),(130,147,0.45,'2022-12-10 06:34:35','2024-04-13 16:56:02'),(131,148,0.45,'2022-12-10 06:34:35','2024-04-13 16:56:02'),(132,149,0.45,'2022-12-10 06:34:35','2024-04-13 16:56:02'),(133,151,0.45,'2022-12-10 06:34:35','2024-04-13 16:56:02'),(134,152,0.45,'2023-10-06 12:18:42','2024-04-13 16:56:02'),(135,153,0.45,'2024-01-24 22:57:32','2024-04-13 16:56:02'),(136,154,0.45,'2024-03-01 16:08:52','2024-04-13 16:56:02');

--
-- Table structure for table `arrival_times`
--

CREATE TABLE `arrival_times` (
  `id` int unsigned NOT NULL AUTO_INCREMENT,
  `arrival_id` int unsigned NOT NULL,
  `from` varchar(255) COLLATE utf8mb4_unicode_ci NOT NULL,
  `to` varchar(255) COLLATE utf8mb4_unicode_ci NOT NULL,
  `created_at` timestamp NULL DEFAULT NULL,
  `updated_at` timestamp NULL DEFAULT NULL,
  PRIMARY KEY (`id`),
  KEY `arrival_times_arrival_id_foreign` (`arrival_id`),
  CONSTRAINT `arrival_times_arrival_id_foreign` FOREIGN KEY (`arrival_id`) REFERENCES `arrivals` (`id`) ON DELETE CASCADE
) ENGINE=InnoDB AUTO_INCREMENT=39 DEFAULT CHARSET=utf8mb4 COLLATE=utf8mb4_unicode_ci;

--
-- Dumping data for table `arrival_times`
--

INSERT INTO `arrival_times` (`id`, `arrival_id`, `from`, `to`, `created_at`, `updated_at`) VALUES (29,2,'10:00','01:30','2023-10-03 01:40:03','2023-10-03 01:40:03'),(30,3,'10:00','01:30','2023-10-03 01:40:16','2023-10-03 01:40:16'),(32,4,'10:00','01:30','2023-10-03 01:40:40','2023-10-03 01:40:40'),(33,5,'10:00','01:30','2023-10-03 01:41:04','2023-10-03 01:41:04'),(36,1,'10:00','01:30','2023-10-08 15:41:44','2023-10-08 15:41:44'),(37,7,'13:00','01:00','2023-10-08 15:44:46','2023-10-08 15:44:46'),(38,8,'13:00','01:00','2023-10-08 15:45:19','2023-10-08 15:45:19');

--
-- Table structure for table `arrivals`
--

CREATE TABLE `arrivals` (
  `id` int unsigned NOT NULL AUTO_INCREMENT,
  `day` varchar(255) COLLATE utf8mb4_unicode_ci NOT NULL,
  `avalibale` int NOT NULL DEFAULT '1',
  `created_at` timestamp NULL DEFAULT NULL,
  `updated_at` timestamp NULL DEFAULT NULL,
  PRIMARY KEY (`id`)
) ENGINE=InnoDB AUTO_INCREMENT=9 DEFAULT CHARSET=utf8mb4 COLLATE=utf8mb4_unicode_ci;

--
-- Dumping data for table `arrivals`
--

INSERT INTO `arrivals` (`id`, `day`, `avalibale`, `created_at`, `updated_at`) VALUES (1,'Saturday',1,'2022-06-23 07:18:36','2023-10-03 01:39:47'),(2,'Sunday',1,'2022-12-20 21:36:18','2022-12-20 21:36:18'),(3,'Monday',1,'2022-12-20 21:36:42','2022-12-20 21:36:42'),(4,'Tuesday',1,'2022-12-20 21:37:05','2022-12-20 21:37:05'),(5,'Wednesday',1,'2022-12-20 21:37:27','2022-12-20 21:37:27'),(7,'Thursday',1,'2023-10-03 01:39:32','2023-10-03 01:39:32'),(8,'Friday',1,'2023-10-08 15:45:19','2023-10-08 15:45:19');

--
-- Table structure for table `branche_translations`
--

CREATE TABLE `branche_translations` (
  `id` int unsigned NOT NULL AUTO_INCREMENT,
  `branche_id` int unsigned NOT NULL,
  `title` varchar(255) COLLATE utf8mb4_unicode_ci NOT NULL,
  `content` text COLLATE utf8mb4_unicode_ci NOT NULL,
  `locale` varchar(255) COLLATE utf8mb4_unicode_ci NOT NULL,
  `created_at` timestamp NULL DEFAULT NULL,
  `updated_at` timestamp NULL DEFAULT NULL,
  `time` varchar(191) COLLATE utf8mb4_unicode_ci DEFAULT NULL,
  PRIMARY KEY (`id`),
  UNIQUE KEY `branche_translations_branch_id_locale_unique` (`branche_id`,`locale`),
  KEY `branche_translations_locale_index` (`locale`),
  CONSTRAINT `branche_translations_branch_id_foreign` FOREIGN KEY (`branche_id`) REFERENCES `branches` (`id`) ON DELETE CASCADE
) ENGINE=InnoDB AUTO_INCREMENT=11 DEFAULT CHARSET=utf8mb4 COLLATE=utf8mb4_unicode_ci;

--
-- Dumping data for table `branche_translations`
--

INSERT INTO `branche_translations` (`id`, `branche_id`, `title`, `content`, `locale`, `created_at`, `updated_at`, `time`) VALUES (5,4,'فرع صباح السالم','صباح السالم قطعه 1 شارع 128','ar',NULL,NULL,'من الساعه 10صباحا إلى الساعه2'),(6,4,'sabah Alsalem Branch','sabah alsalem blocl 1 street 128','en',NULL,NULL,'From 10 am to 2 pm'),(9,6,'فرع العارضيه','العارضيه الحرفيه - سكوير بارك - خلف كوستا كوفي','ar',NULL,NULL,'من الساعه 10صباحا إلى الساعه 4'),(10,6,'Ardiyah  Branch','Ardiyah - squwer park - back side of costa coffe','en',NULL,NULL,'From 10 am to 4 pm');

--
-- Table structure for table `branches`
--

CREATE TABLE `branches` (
  `id` int unsigned NOT NULL AUTO_INCREMENT,
  `phone` varchar(255) COLLATE utf8mb4_unicode_ci DEFAULT NULL,
  `address_latitude` varchar(255) COLLATE utf8mb4_unicode_ci DEFAULT NULL,
  `address_longitude` varchar(255) COLLATE utf8mb4_unicode_ci DEFAULT NULL,
  `link` varchar(255) COLLATE utf8mb4_unicode_ci DEFAULT NULL,
  `created_at` timestamp NULL DEFAULT NULL,
  `updated_at` timestamp NULL DEFAULT NULL,
  `address_address` varchar(111) COLLATE utf8mb4_unicode_ci DEFAULT NULL,
  PRIMARY KEY (`id`)
) ENGINE=InnoDB AUTO_INCREMENT=7 DEFAULT CHARSET=utf8mb4 COLLATE=utf8mb4_unicode_ci;

--
-- Dumping data for table `branches`
--

INSERT INTO `branches` (`id`, `phone`, `address_latitude`, `address_longitude`, `link`, `created_at`, `updated_at`, `address_address`) VALUES (4,'22007000','29.3833472','47.98972269999999','https://www.google.com/maps?ll=29.263728,48.077959&z=21&t=m&hl=en-US&gl=US&mapclient=apiv3&cid=15631576240663796949','2024-02-05 20:45:56','2024-02-17 17:07:36',NULL),(6,'22007000','0','0','https://www.google.com/maps?ll=29.295536,47.909334&z=20&t=m&hl=en-US&gl=US&mapclient=apiv3&cid=3279939371467054788','2024-02-17 17:10:56','2024-03-27 01:38:43','https://www.google.com/maps?ll=29.295536,47.909334&z=20&t=m&hl=en-US&gl=US&mapclient=apiv3&cid=3279939371467054');

--
-- Table structure for table `categories`
--

CREATE TABLE `categories` (
  `id` int unsigned NOT NULL AUTO_INCREMENT,
  `image` varchar(255) COLLATE utf8mb4_unicode_ci DEFAULT NULL,
  `status` tinyint(1) NOT NULL DEFAULT '0',
  `parent_id` int NOT NULL,
  `color_name` varchar(255) COLLATE utf8mb4_unicode_ci NOT NULL,
  `created_at` timestamp NULL DEFAULT NULL,
  `updated_at` timestamp NULL DEFAULT NULL,
  `deleted_at` timestamp NULL DEFAULT NULL,
  `main` int DEFAULT '0',
  `show` int NOT NULL DEFAULT '0',
  `offer_id` int DEFAULT NULL,
  `order` int DEFAULT NULL,
  PRIMARY KEY (`id`)
) ENGINE=InnoDB AUTO_INCREMENT=38 DEFAULT CHARSET=utf8mb4 COLLATE=utf8mb4_unicode_ci;

--
-- Dumping data for table `categories`
--

INSERT INTO `categories` (`id`, `image`, `status`, `parent_id`, `color_name`, `created_at`, `updated_at`, `deleted_at`, `main`, `show`, `offer_id`, `order`) VALUES (1,'2023-02-28-١.jpeg',1,0,'','2023-02-28 10:49:16','2023-03-16 08:19:10','2023-03-16 08:19:10',0,1,NULL,NULL),(2,NULL,0,0,'','2023-03-02 12:22:48','2023-03-02 12:22:48',NULL,0,0,NULL,NULL),(3,'2023-03-16-blob_637587594521631484.webp',1,0,'','2023-03-16 08:19:14','2023-04-04 23:06:21','2023-04-04 23:06:21',0,1,NULL,NULL),(4,'2023-03-16-blob_637758683823079868.png',1,0,'','2023-03-16 08:20:53','2023-04-04 23:10:25','2023-04-04 23:10:25',0,1,NULL,NULL),(5,'2023-03-16-blob_637587582253485171.webp',1,0,'','2023-03-16 08:21:18','2023-04-04 23:10:29','2023-04-04 23:10:29',0,1,NULL,NULL),(6,'2023-03-16-blob_637587594521631484.webp',1,0,'','2023-03-16 08:21:37','2023-04-04 23:10:32','2023-04-04 23:10:32',0,1,NULL,NULL),(7,'2023-03-16-blob_637758683823079868.png',1,0,'','2023-03-16 08:21:54','2023-04-04 23:10:35','2023-04-04 23:10:35',0,1,NULL,NULL),(8,'2023-03-16-blob_637587582253485171.webp',1,0,'','2023-03-16 08:23:53','2023-04-04 23:10:37','2023-04-04 23:10:37',0,1,NULL,NULL),(9,'2023-03-16-blob_637587582253485171.webp',1,0,'','2023-03-16 08:28:10','2023-04-04 23:10:40','2023-04-04 23:10:40',0,1,NULL,NULL),(10,'2023-03-16-blob_637587582253485171.webp',1,0,'','2023-03-16 08:28:43','2023-04-04 23:10:43','2023-04-04 23:10:43',0,1,NULL,NULL),(11,NULL,0,0,'','2023-03-21 11:19:23','2023-03-21 11:19:23',NULL,0,0,NULL,NULL),(12,'2023-04-05-image.jpeg',1,0,'','2023-04-04 23:03:29','2023-04-04 23:10:46','2023-04-04 23:10:46',0,1,NULL,NULL),(13,NULL,0,0,'','2023-04-04 23:10:47','2023-04-04 23:10:47',NULL,0,0,NULL,NULL),(14,NULL,0,0,'','2023-04-04 23:11:34','2023-04-04 23:11:34',NULL,0,0,NULL,NULL),(15,NULL,0,0,'','2023-04-04 23:12:02','2023-04-04 23:12:02',NULL,0,0,NULL,NULL),(16,NULL,0,0,'','2023-04-04 23:14:42','2023-04-04 23:14:42',NULL,0,0,NULL,NULL),(17,NULL,0,0,'','2023-04-04 23:15:48','2023-04-04 23:15:48',NULL,0,0,NULL,NULL),(18,NULL,0,0,'','2023-04-04 23:18:23','2023-04-04 23:18:23',NULL,0,0,NULL,NULL),(19,NULL,0,0,'','2023-04-04 23:19:21','2023-04-04 23:19:21',NULL,0,0,NULL,NULL),(20,NULL,0,0,'','2023-04-04 23:27:12','2023-04-04 23:27:12',NULL,0,0,NULL,NULL),(21,NULL,0,0,'','2023-04-07 23:02:02','2023-04-07 23:02:02',NULL,0,0,NULL,NULL),(22,NULL,0,0,'','2023-04-09 16:37:45','2023-04-09 16:39:01','2023-04-09 16:39:01',0,1,NULL,NULL),(23,'2023-05-30-الافطار.png',1,23,'','2023-04-09 22:48:43','2023-05-30 15:52:27',NULL,0,1,NULL,NULL),(24,'2023-04-10-mmw_638083578627884121.webp',1,0,'','2023-04-09 22:50:24','2024-07-02 09:29:30',NULL,0,1,NULL,5),(25,'2023-04-10-blob_637587554727156937.webp',1,0,'','2023-04-09 22:51:48','2024-07-02 09:29:30',NULL,0,1,NULL,3),(26,'2023-04-10-blob_637615984428621422.webp',1,0,'','2023-04-09 22:52:18','2024-07-02 09:29:30',NULL,0,1,NULL,4),(27,'2023-04-10-blob_637587593849331662 (1).webp',1,0,'','2023-04-09 22:53:16','2024-07-02 09:29:30',NULL,0,1,NULL,6),(28,'2023-04-10-blob_637587603720581309.webp',1,0,'','2023-04-09 22:54:27','2024-07-02 09:29:30',NULL,0,1,NULL,7),(29,'2023-04-10-blob_637690333403929201.webp',1,0,'','2023-04-09 22:56:03','2024-07-02 09:29:30',NULL,0,1,NULL,8),(30,'2023-04-10-blob_637587612577005972.webp',1,0,'','2023-04-09 22:56:47','2024-07-02 09:29:30',NULL,0,1,NULL,9),(31,'2023-04-10-blob_637617716284962879.webp',1,0,'','2023-04-09 22:57:28','2024-07-02 09:29:30',NULL,0,1,NULL,10),(32,NULL,0,0,'','2023-04-17 18:05:36','2023-04-17 18:05:36',NULL,0,0,NULL,NULL),(33,'2023-06-06-blob_637587523679027602.webp',1,0,'','2023-06-01 10:06:01','2024-07-02 09:39:00',NULL,0,1,NULL,2),(34,NULL,0,0,'','2023-06-03 05:22:35','2023-06-03 05:22:35',NULL,0,0,NULL,NULL),(35,NULL,0,0,'','2023-06-03 05:28:50','2023-06-03 05:28:50',NULL,0,0,NULL,NULL),(36,NULL,0,0,'','2024-07-02 09:28:03','2024-07-02 09:28:03',NULL,0,0,NULL,NULL),(37,'2024-07-02-box wrap_edited.jpg',1,0,'','2024-07-02 09:28:46','2024-07-02 09:39:00',NULL,0,1,NULL,1);

--
-- Table structure for table `category_translations`
--

CREATE TABLE `category_translations` (
  `id` int unsigned NOT NULL AUTO_INCREMENT,
  `category_id` int unsigned NOT NULL,
  `name` varchar(255) COLLATE utf8mb4_unicode_ci NOT NULL,
  `locale` varchar(255) COLLATE utf8mb4_unicode_ci NOT NULL,
  `created_at` timestamp NULL DEFAULT NULL,
  `updated_at` timestamp NULL DEFAULT NULL,
  PRIMARY KEY (`id`),
  UNIQUE KEY `category_translations_category_id_locale_unique` (`category_id`,`locale`),
  KEY `category_translations_locale_index` (`locale`),
  CONSTRAINT `category_translations_category_id_foreign` FOREIGN KEY (`category_id`) REFERENCES `categories` (`id`) ON DELETE CASCADE
) ENGINE=InnoDB AUTO_INCREMENT=45 DEFAULT CHARSET=utf8mb4 COLLATE=utf8mb4_unicode_ci;

--
-- Dumping data for table `category_translations`
--

INSERT INTO `category_translations` (`id`, `category_id`, `name`, `locale`, `created_at`, `updated_at`) VALUES (1,1,'الاكثر مبيعا','ar',NULL,NULL),(2,1,'الاكثر مبيعا','en',NULL,NULL),(3,3,'حلويات','ar',NULL,NULL),(4,3,'حلويات','en',NULL,NULL),(5,4,'اكلات خفيفة','ar',NULL,NULL),(6,4,'اكلات خفيفة','en',NULL,NULL),(7,5,'سلطات','ar',NULL,NULL),(8,5,'سلطات','en',NULL,NULL),(9,6,'مخبوزات','ar',NULL,NULL),(10,6,'مخبوزات','en',NULL,NULL),(11,7,'عصائر','ar',NULL,NULL),(12,7,'عصائر','en',NULL,NULL),(13,8,'مشويات','ar',NULL,NULL),(14,8,'مشويات','en',NULL,NULL),(15,9,'لحوم','ar',NULL,NULL),(16,9,'لحوم','en',NULL,NULL),(17,10,'جبن','ar',NULL,NULL),(18,10,'جبن','en',NULL,NULL),(19,12,'الأفطار','ar',NULL,NULL),(20,12,'Breakfast','en',NULL,NULL),(21,22,'sqwe','ar',NULL,NULL),(22,22,'asd','en',NULL,NULL),(23,23,'الأفطار','ar',NULL,NULL),(24,23,'Breakfast','en',NULL,NULL),(25,24,'السندويتشات','ar',NULL,NULL),(26,24,'Sandwiches','en',NULL,NULL),(27,25,'الأطباق الرئيسية','ar',NULL,NULL),(28,25,'Main Courses','en',NULL,NULL),(29,26,'البيتزا الايطالية','ar',NULL,NULL),(30,26,'Italian pizza','en',NULL,NULL),(31,27,'المقبلات والسلطات','ar',NULL,NULL),(32,27,'Appetizers and Salads','en',NULL,NULL),(33,28,'الأطباق الجانبية','ar',NULL,NULL),(34,28,'Side Dishes','en',NULL,NULL),(35,29,'الإضافات','ar',NULL,NULL),(36,29,'Extras','en',NULL,NULL),(37,30,'الحلويات','ar',NULL,NULL),(38,30,'Desserts','en',NULL,NULL),(39,31,'المشروبات','ar',NULL,NULL),(40,31,'Drinks','en',NULL,NULL),(41,33,'الأفطار','ar',NULL,NULL),(42,33,'Breakfast','en',NULL,NULL),(43,37,'عرض البوكس','ar',NULL,NULL),(44,37,'Box offer','en',NULL,NULL);

--
-- Table structure for table `consultation_categories`
--

CREATE TABLE `consultation_categories` (
  `id` bigint unsigned NOT NULL AUTO_INCREMENT,
  `image` varchar(255) COLLATE utf8mb4_unicode_ci NOT NULL,
  `created_at` timestamp NULL DEFAULT NULL,
  `updated_at` timestamp NULL DEFAULT NULL,
  `status` int NOT NULL DEFAULT '1',
  `payed` int NOT NULL DEFAULT '0',
  PRIMARY KEY (`id`)
) ENGINE=InnoDB AUTO_INCREMENT=6 DEFAULT CHARSET=utf8mb4 COLLATE=utf8mb4_unicode_ci;

--
-- Dumping data for table `consultation_categories`
--

INSERT INTO `consultation_categories` (`id`, `image`, `created_at`, `updated_at`, `status`, `payed`) VALUES (2,'2023-08-21-من-هو-أخصائي-التغذية-الرياضية.jpg','2023-06-14 14:27:18','2023-09-18 14:14:48',1,0),(4,'2023-09-12-من-هو-أخصائي-التغذية-الرياضية.jpg','2023-09-12 14:27:16','2023-09-12 14:27:16',1,0),(5,'2023-09-18-من-هو-أخصائي-التغذية-الرياضية.jpg','2023-09-18 14:14:37','2023-09-18 14:14:37',1,0);

--
-- Table structure for table `consultation_category_translations`
--

CREATE TABLE `consultation_category_translations` (
  `id` bigint unsigned NOT NULL AUTO_INCREMENT,
  `consultation_category_id` bigint unsigned NOT NULL,
  `name` varchar(255) COLLATE utf8mb4_unicode_ci NOT NULL,
  `section` varchar(255) COLLATE utf8mb4_unicode_ci NOT NULL,
  `locale` varchar(255) COLLATE utf8mb4_unicode_ci NOT NULL,
  `created_at` timestamp NULL DEFAULT NULL,
  `updated_at` timestamp NULL DEFAULT NULL,
  PRIMARY KEY (`id`),
  UNIQUE KEY `consultation_category_translations_consultation_id_locale_unique` (`consultation_category_id`,`locale`),
  KEY `consultation_category_translations_locale_index` (`locale`),
  CONSTRAINT `consultation_category_translations_consultation_id_foreign` FOREIGN KEY (`consultation_category_id`) REFERENCES `consultation_categories` (`id`) ON DELETE CASCADE
) ENGINE=InnoDB AUTO_INCREMENT=11 DEFAULT CHARSET=utf8mb4 COLLATE=utf8mb4_unicode_ci;

--
-- Dumping data for table `consultation_category_translations`
--

INSERT INTO `consultation_category_translations` (`id`, `consultation_category_id`, `name`, `section`, `locale`, `created_at`, `updated_at`) VALUES (3,2,'أ.خالد صباح','تغذيه رياضية','ar',NULL,NULL),(4,2,'Mr.Khalid Sabah','sport nutrison','en',NULL,NULL),(7,4,'أ.محمد الطاهر','تغذية رياضيه','ar',NULL,NULL),(8,4,'Mr.Mohammad Altaher','Sports nutrition','en',NULL,NULL),(9,5,'أ.عزيز الجبلي','تغذيه رياضيه','ar',NULL,NULL),(10,5,'Mr.aziz jbulii','Sports nutrition','en',NULL,NULL);

--
-- Table structure for table `consultations`
--

CREATE TABLE `consultations` (
  `id` bigint unsigned NOT NULL AUTO_INCREMENT,
  `name` varchar(255) COLLATE utf8mb4_unicode_ci NOT NULL,
  `phone` varchar(255) COLLATE utf8mb4_unicode_ci NOT NULL,
  `text` text COLLATE utf8mb4_unicode_ci,
  `status` varchar(255) COLLATE utf8mb4_unicode_ci NOT NULL,
  `consultation_category_id` bigint unsigned NOT NULL,
  `created_at` timestamp NULL DEFAULT NULL,
  `updated_at` timestamp NULL DEFAULT NULL,
  `readable` int NOT NULL DEFAULT '0',
  `address` varchar(191) COLLATE utf8mb4_unicode_ci DEFAULT NULL,
  `gender` varchar(191) COLLATE utf8mb4_unicode_ci DEFAULT NULL,
  `age` varchar(191) COLLATE utf8mb4_unicode_ci DEFAULT NULL,
  `height` varchar(191) COLLATE utf8mb4_unicode_ci DEFAULT NULL,
  `weight` varchar(191) COLLATE utf8mb4_unicode_ci DEFAULT NULL,
  `typeOfSports` varchar(191) COLLATE utf8mb4_unicode_ci DEFAULT NULL,
  `fat_precentage` varchar(191) COLLATE utf8mb4_unicode_ci DEFAULT NULL,
  `goal` varchar(191) COLLATE utf8mb4_unicode_ci DEFAULT NULL,
  `Any_chronic_diseases_if_any` varchar(191) COLLATE utf8mb4_unicode_ci DEFAULT NULL,
  `Sensitive_to_any_kind_of_cocktails_if_any` varchar(191) COLLATE utf8mb4_unicode_ci DEFAULT NULL,
  PRIMARY KEY (`id`),
  KEY `consultations_consultation_category_id_foreign` (`consultation_category_id`),
  CONSTRAINT `consultations_consultation_category_id_foreign` FOREIGN KEY (`consultation_category_id`) REFERENCES `consultation_categories` (`id`) ON DELETE CASCADE
) ENGINE=InnoDB AUTO_INCREMENT=54 DEFAULT CHARSET=utf8mb4 COLLATE=utf8mb4_unicode_ci;

--
-- Dumping data for table `consultations`
--

INSERT INTO `consultations` (`id`, `name`, `phone`, `text`, `status`, `consultation_category_id`, `created_at`, `updated_at`, `readable`, `address`, `gender`, `age`, `height`, `weight`, `typeOfSports`, `fat_precentage`, `goal`, `Any_chronic_diseases_if_any`, `Sensitive_to_any_kind_of_cocktails_if_any`) VALUES (16,'ابا','96662229','لا','Medical',4,'2023-09-12 14:28:31','2023-09-12 14:28:59',1,NULL,'ذكر','١٦','١١٦٦','٩٠','حديد','١٩','نزول وزن','لا','لا'),(17,'khaled','66161677','يفضل يمنعون البقوليات و اللحوم الحمرا','Medical',2,'2023-10-05 20:25:51','2024-04-18 23:14:55',1,NULL,'male','27','184','123',NULL,NULL,'losing weight','داء النقرس',NULL),(18,'Nora','99447695','-','Medical',2,'2023-10-06 10:31:01','2023-10-11 15:56:32',1,NULL,'Female','22','158','55','مقاومه+كارديو','-','تنشيف وانقاص وزن','-','لحم وفول سوداني'),(19,'عبدالله الشطي','98888357','اهم شي الابتعاد عن الذره والفطر تحسبب لي حساسيه جداً','Medical',4,'2023-10-23 15:23:32','2023-10-23 18:41:15',1,NULL,'ذكر','33','176','95','حديد وكارديو','لا اعرف','نزول الوزن','لايوجد','الذره / الفطر'),(20,'مسعود الجمعه','50279992','الاكل يكون بدون ملح','Medical',2,'2023-10-26 15:21:22','2023-10-28 21:52:18',1,NULL,'رجل','٣٠','١٧٣','٨٩','كروسفت',NULL,'نزول وزن','ضغط -ربو','طحينه -حمص-سمسم-تركي-افكادو-'),(21,'غازي علي غازي','66350066','لا','Medical',2,'2024-01-18 12:35:01','2024-01-23 16:15:26',1,NULL,'رجال','٢٥','١٦٨','٩٥','نادي','مدري','نزول وزن وفتنس','لايوجد','لا'),(22,'عمر فارس العنزي','98086362','لا','Medical',2,'2024-02-09 13:37:36','2024-02-12 17:18:02',1,NULL,'ذكر','21','180','100','كمال اجسام','لا اعلم','عندي دهون وعندي عضلات ابي ازيد العضلات وانزل دهون','لا','لا'),(23,'MASOUD','50279992','الاكل بدون ملح','Medical',4,'2024-02-26 17:05:45','2024-03-04 21:51:12',1,NULL,'ذكر','٣٢','١٧٣','٩٥','كروسفت',NULL,'نزول وزن','الضغط','من الحمص-سمس-هرده-طحينه-افكادو-التركي'),(24,'gf','96662229','لا','Medical',4,'2024-03-27 02:07:12','2024-03-29 22:03:48',1,NULL,'ذكر','16','60','70',NULL,'١٧','نزول@وزن','لا','لا'),(25,'دوشان','65184593','لا يوجد','Medical',2,'2024-03-27 07:08:19','2024-03-29 22:03:49',1,NULL,'ذكر','19','178','55','حديد','لا اعلم','زيادة وزن و بناء عضل','لا يوجد','لا يوجد'),(26,'samer','51007138',NULL,'Medical',2,'2024-03-27 09:48:15','2024-03-29 22:03:58',1,NULL,'1','q','w','k','nn','nn','n','mm','nn'),(27,'دوشان','65184593','لا يوجد','Medical',4,'2024-03-27 14:08:08','2024-03-29 22:03:59',1,NULL,'ذكر','19','178','55','بناء عضل','لا اعلم','زيادة وزن وبناء عضل','لا يوجد','لا يوجد'),(28,'خالد','96662229',NULL,'Medical',2,'2024-03-27 20:46:17','2024-03-29 22:03:59',1,NULL,'ذكر','٢٩','١٨١','١٩','حديد','١٩','نزول وزن',NULL,NULL),(29,'خالد','96662229',NULL,'Medical',2,'2024-03-29 22:03:17','2024-03-29 22:04:00',1,NULL,'kah','15','187','98','js','15',NULL,NULL,NULL),(30,'فواز','55588455',NULL,'Medical',4,'2024-04-01 01:01:53','2024-04-22 14:41:24',1,NULL,'ذكر','39','172','74','حديد','22','تنزيل دهون وبناء عضل','لا يوجد','غلوتين'),(31,'تيري','96662229',NULL,'Medical',2,'2024-04-03 22:56:52','2024-04-22 14:41:29',1,NULL,'hsbs','sbsbz','vsvzv','bzbz','zbzv','gz',NULL,NULL,NULL),(32,'khalid','96662229',NULL,'Medical',2,'2024-04-23 18:08:55','2024-04-27 21:53:01',1,NULL,'ذكر','١٩','١٩٧','٩٨','حديد','١٨','نزول وزن',NULL,NULL),(33,'منيرة الخراز','98886228',NULL,'Medical',5,'2024-04-26 00:41:00','2024-04-27 21:56:54',1,NULL,'أنثى','28','165','82','قاري - ركض - اثقال','٣٤','نزول الوزن','لا','ربيان'),(34,'jasim','57773352',NULL,'Medical',2,'2024-05-01 19:43:27','2024-05-18 01:16:32',1,NULL,'ذكر','٢٠','١٧٥','٥٢','حديد','١٠','نزول','لا','لا'),(35,'محمد العجمي','69999727','لايوجد','Medical',4,'2024-05-16 22:23:53','2024-05-18 01:16:31',1,NULL,'رجال','21','182','91','حديد','25','نزول دهون ورفع عضل','لايوجد','لايوجد'),(36,'محمد','66690949',NULL,'Medical',2,'2024-05-19 22:15:40','2024-05-22 15:17:08',1,NULL,'ذكر','25','166','88','حديد','0','نزول وزن',NULL,NULL),(37,'غدير العنزي','92225076',NULL,'Medical',2,'2024-05-21 15:06:02','2024-05-22 15:17:07',1,NULL,'انثى','٣٤','١٥٤','٨٢',NULL,NULL,'نزول الوزن','غده درقيه',NULL),(38,'احمد محمد الفعم','94021039',NULL,'Medical',2,'2024-05-22 13:44:37','2024-05-27 21:48:24',1,NULL,'الكويت','27','170','109','مشي','45','نزول الوزن','اعصاب',NULL),(39,'ناصر الحربي','66668694',NULL,'Medical',2,'2024-05-24 23:57:33','2024-05-25 00:20:49',1,NULL,'ذكر','33','169','84','كمال اجسام + سباحة','34%','نزول وزن و بناء عضل',NULL,'الطحينة و السمسم و المكسرات و الباذنجان'),(40,'laila','60088811',NULL,'Medical',2,'2024-05-25 02:08:48','2024-05-25 02:43:49',1,NULL,'انثى','40','165','69','مقاومه',NULL,'بناء عضل','خمول غده',NULL),(41,'سعد المطيري','94011032','لا يوجد','Medical',2,'2024-05-28 00:52:58','2024-05-28 01:16:06',1,NULL,'ذكر','25','174','79','لا يوجد','لا اعلم','استفسار عن الاكل والالتزام بالوجبات بخصوص السعرات','لا يوجد','لا يوجد'),(42,'فهد المطيري','99350040',NULL,'Medical',5,'2024-06-09 05:58:26','2024-06-18 21:23:49',1,NULL,'ذكر','23','166','73','kickboxing','27%','نزول الوزن','لايوجد','لايوجد'),(43,'احمد كوجان','66629592',NULL,'Medical',2,'2024-06-12 01:55:58','2024-06-18 21:23:48',1,NULL,'ذكر','٣٤','١٧٠','١٠٤','كروس فت',NULL,NULL,NULL,'المأكولات البحرية بكل انواعها'),(44,'فاطمة','97321319',NULL,'Medical',2,'2024-06-18 04:14:21','2024-06-18 21:23:48',1,NULL,'انثى','24','152','80','خفيفه','50','نزول الوزن','لا يوجد','بيض / جميع انواع الاسماك / بروكلي / باذنجان / بطاط حلوه'),(45,'saad','50441663',NULL,'Medical',2,'2024-07-23 13:08:11','2024-07-23 13:08:11',0,NULL,'ذكر','٢٨','١٦٥','٦٨','حديد','٢٢',NULL,NULL,NULL),(46,'طلال مراد','69993550',NULL,'Medical',4,'2024-07-25 02:57:09','2024-07-25 03:19:39',1,NULL,'ذكر','29','171','53','لا توجد',NULL,'زياده وزن والتزام تالي التمرين','لا','لا'),(47,'Ebrahim','50516333',NULL,'Medical',4,'2024-07-31 08:04:19','2024-08-01 00:02:33',1,NULL,'male','27','178','103','bodybuilding','40%','lose as much fat and build muscle','no','no'),(48,'فهد العازمي','99201648',NULL,'Medical',2,'2024-09-07 19:36:05','2024-09-23 00:10:20',1,NULL,'ذكر','26','181','74','اثقال','20','اشيل وزن الدهون وارفع وزن العضلات واقلل الدهون من المعده لاني skinny fat','no','no'),(49,'Fatmah','92224288',NULL,'Medical',5,'2024-09-18 00:21:55','2024-09-23 00:12:58',1,NULL,'انثى','20','160','54.6',NULL,'39.2','خساره دهون','لا','لا'),(50,'حنان خاجة','69988677','انا حامل و عندي سكر حمل','Medical',5,'2024-09-19 18:26:53','2024-09-23 00:12:59',1,NULL,'انثى','٣١','١٤٨','٤٣',NULL,NULL,'حميه غذائية',NULL,NULL),(51,'فيصل المطيري','97905142','.','Medical',2,'2024-09-22 17:49:32','2024-09-23 00:15:48',1,NULL,'رجل','20','177','69','حديد','بجهاز ال ان بودي 19','ابي اوصل وزني 80 وانشف بعدها','لا','لا'),(52,'حمد خالد الهيم','50001960',NULL,'Medical',2,'2024-09-24 12:26:24','2024-09-24 21:11:09',1,NULL,'ذكر','22','177','93.5','بودي بيلدنق','0','نزول وزن والحفاظ على العضل وزيادته',NULL,NULL),(53,'عبدالله العنزي','50022248',NULL,'Medical',2,'2024-09-28 00:17:42','2024-09-28 00:25:44',1,NULL,'male','26','170','110',NULL,NULL,'نزول الوزن',NULL,NULL);

--
-- Table structure for table `contacts`
--

CREATE TABLE `contacts` (
  `id` int unsigned NOT NULL AUTO_INCREMENT,
  `name` varchar(255) COLLATE utf8mb4_unicode_ci NOT NULL,
  `email` varchar(255) COLLATE utf8mb4_unicode_ci NOT NULL,
  `comment` text COLLATE utf8mb4_unicode_ci NOT NULL,
  `phone` varchar(255) COLLATE utf8mb4_unicode_ci NOT NULL,
  `created_at` timestamp NULL DEFAULT NULL,
  `updated_at` timestamp NULL DEFAULT NULL,
  `status` int DEFAULT '0',
  PRIMARY KEY (`id`)
) ENGINE=InnoDB DEFAULT CHARSET=utf8mb4 COLLATE=utf8mb4_unicode_ci;

--
-- Dumping data for table `contacts`
--


--
-- Table structure for table `countries`
--

CREATE TABLE `countries` (
  `id` int unsigned NOT NULL AUTO_INCREMENT,
  `status` tinyint(1) NOT NULL DEFAULT '1',
  `image` varchar(191) COLLATE utf8mb4_unicode_ci DEFAULT NULL,
  `code` varchar(191) COLLATE utf8mb4_unicode_ci DEFAULT NULL,
  `currency` varchar(191) COLLATE utf8mb4_unicode_ci DEFAULT NULL,
  `address_address` varchar(191) COLLATE utf8mb4_unicode_ci NOT NULL,
  `address_latitude` double NOT NULL,
  `address_longitude` double NOT NULL,
  `created_at` timestamp NULL DEFAULT NULL,
  `updated_at` timestamp NULL DEFAULT NULL,
  `prices` float NOT NULL,
  `key` varchar(191) COLLATE utf8mb4_unicode_ci DEFAULT NULL,
  `shipper` varchar(11) COLLATE utf8mb4_unicode_ci DEFAULT NULL,
  `vat` varchar(191) COLLATE utf8mb4_unicode_ci DEFAULT NULL,
  `cod_services` varchar(191) COLLATE utf8mb4_unicode_ci DEFAULT NULL,
  PRIMARY KEY (`id`)
) ENGINE=InnoDB AUTO_INCREMENT=5 DEFAULT CHARSET=utf8mb4 COLLATE=utf8mb4_unicode_ci;

--
-- Dumping data for table `countries`
--

INSERT INTO `countries` (`id`, `status`, `image`, `code`, `currency`, `address_address`, `address_latitude`, `address_longitude`, `created_at`, `updated_at`, `prices`, `key`, `shipper`, `vat`, `cod_services`) VALUES (1,1,'CfSag0qbGSOcGRqGDxpOTI9XV15HB2Negd8eYv5v.jpg','KWD','KD','مدينة الكويت، Kuwait',29.375859,47.9774052,'2020-07-29 23:06:29','2023-02-21 07:19:41',1,'+965',NULL,'0',NULL),(2,0,'Jf0lu2CuQ7q5H1rfTHMQ6aKaUW80u1WcrgRJTwgx.png','SAR','SAR','Saudi Arabia',23.885942,45.079162,'2022-04-25 17:22:01','2023-05-29 14:12:53',12.2613,'+966','2','2','11'),(3,0,'kIJme1PigT3jqzpYPVMZv5MUqCo8XZbyz9zuS4LR.png','QAR','QAR','Tehran Province, Tehran, خیابان وزرا، Iran',35.7373583,51.4125621,'2022-11-20 13:41:51','2023-05-29 14:12:54',11.9383,NULL,NULL,'2',NULL),(4,0,'fOxYPIAf1yBMBi4JDmn8x6AQJNq0jh8gGpDxObZ6.png','AED','AED','الإمارات العربية المتحدة',23.424076,53.847818,'2022-12-05 08:55:34','2023-05-29 14:12:55',11.9879,NULL,NULL,NULL,NULL);

--
-- Table structure for table `country_translations`
--

CREATE TABLE `country_translations` (
  `id` int unsigned NOT NULL AUTO_INCREMENT,
  `country_id` int unsigned NOT NULL,
  `name` varchar(191) COLLATE utf8mb4_unicode_ci NOT NULL,
  `locale` varchar(191) COLLATE utf8mb4_unicode_ci NOT NULL,
  `created_at` timestamp NULL DEFAULT NULL,
  `updated_at` timestamp NULL DEFAULT NULL,
  PRIMARY KEY (`id`),
  UNIQUE KEY `country_translations_country_id_locale_unique` (`country_id`,`locale`),
  KEY `country_translations_locale_index` (`locale`),
  CONSTRAINT `country_translations_country_id_foreign` FOREIGN KEY (`country_id`) REFERENCES `countries` (`id`) ON DELETE CASCADE
) ENGINE=InnoDB AUTO_INCREMENT=9 DEFAULT CHARSET=utf8mb4 COLLATE=utf8mb4_unicode_ci;

--
-- Dumping data for table `country_translations`
--

INSERT INTO `country_translations` (`id`, `country_id`, `name`, `locale`, `created_at`, `updated_at`) VALUES (1,1,'الكويت','ar',NULL,NULL),(2,1,'kuwait','en',NULL,NULL),(3,2,'السعودية','ar',NULL,NULL),(4,2,'Saudi Arabia','en',NULL,NULL),(5,3,'قطر','ar',NULL,NULL),(6,3,'Qater','en',NULL,NULL),(7,4,'الإمارات','ar',NULL,NULL),(8,4,'United Arab Emirates','en',NULL,NULL);

--
-- Table structure for table `coupone_relateds`
--

CREATE TABLE `coupone_relateds` (
  `id` int unsigned NOT NULL AUTO_INCREMENT,
  `coupons_id` int unsigned NOT NULL,
  `related_id` int NOT NULL,
  `created_at` timestamp NULL DEFAULT NULL,
  `updated_at` timestamp NULL DEFAULT NULL,
  PRIMARY KEY (`id`),
  KEY `coupone_relateds_coupons_id_foreign` (`coupons_id`),
  CONSTRAINT `coupone_relateds_coupons_id_foreign` FOREIGN KEY (`coupons_id`) REFERENCES `coupons` (`id`) ON DELETE CASCADE
) ENGINE=InnoDB AUTO_INCREMENT=11 DEFAULT CHARSET=utf8mb4 COLLATE=utf8mb4_unicode_ci;

--
-- Dumping data for table `coupone_relateds`
--

INSERT INTO `coupone_relateds` (`id`, `coupons_id`, `related_id`, `created_at`, `updated_at`) VALUES (2,8,24,NULL,NULL),(3,8,25,NULL,NULL),(4,8,26,NULL,NULL),(5,8,27,NULL,NULL),(6,8,28,NULL,NULL),(7,8,29,NULL,NULL),(8,8,30,NULL,NULL),(9,8,31,NULL,NULL),(10,8,33,NULL,NULL);

--
-- Table structure for table `coupons`
--

CREATE TABLE `coupons` (
  `id` int unsigned NOT NULL AUTO_INCREMENT,
  `user_id` int unsigned DEFAULT NULL,
  `name` varchar(255) COLLATE utf8mb4_unicode_ci NOT NULL,
  `code` varchar(255) COLLATE utf8mb4_unicode_ci NOT NULL,
  `type` varchar(255) COLLATE utf8mb4_unicode_ci NOT NULL,
  `value` varchar(255) COLLATE utf8mb4_unicode_ci NOT NULL,
  `count` int NOT NULL DEFAULT '0',
  `status` int NOT NULL DEFAULT '1',
  `expire` varchar(191) COLLATE utf8mb4_unicode_ci DEFAULT NULL,
  `created_at` timestamp NULL DEFAULT NULL,
  `updated_at` timestamp NULL DEFAULT NULL,
  `show` varchar(191) COLLATE utf8mb4_unicode_ci DEFAULT NULL,
  PRIMARY KEY (`id`),
  KEY `coupons_user_id_foreign` (`user_id`),
  CONSTRAINT `coupons_user_id_foreign` FOREIGN KEY (`user_id`) REFERENCES `users` (`id`) ON DELETE CASCADE
) ENGINE=InnoDB AUTO_INCREMENT=70 DEFAULT CHARSET=utf8mb4 COLLATE=utf8mb4_unicode_ci;

--
-- Dumping data for table `coupons`
--

INSERT INTO `coupons` (`id`, `user_id`, `name`, `code`, `type`, `value`, `count`, `status`, `expire`, `created_at`, `updated_at`, `show`) VALUES (8,1,'jmz','jmz','total','7',9994,1,NULL,'2023-08-28 18:05:23','2023-09-12 15:04:17','subscribe'),(9,1,'علي الموسوي','az','total','7',9996,1,NULL,'2023-08-28 18:06:20','2023-09-12 15:04:44','subscribe'),(10,1,'عبدالله العبوه','Abo23','total','7',9999,1,NULL,'2023-08-28 18:07:27','2023-09-14 16:30:21','subscribe'),(13,1,'احمد صباح','AST','total','7',1000,1,NULL,'2023-09-12 15:05:35','2023-09-14 16:50:29','subscribe'),(14,1,'احمد صباح طلبات','AST','total','10',9974,1,NULL,'2023-09-12 15:49:58','2024-09-30 01:25:27','main'),(15,1,'جاسم الزيد طلبات','jmz','total','10',998,1,NULL,'2023-09-12 15:50:47','2023-12-13 02:37:50','main'),(17,1,'خلف الزيد','khalafz','total','7',1000,1,NULL,'2023-09-12 15:52:07','2023-09-12 15:52:07','subscribe'),(18,1,'خلف الزيد طلبات','khalafz','total','10',9999,1,NULL,'2023-09-12 15:53:03','2024-02-01 17:19:56','main'),(19,1,'علي الموسوي طلبات','az','total','10',10000,1,NULL,'2023-09-12 15:53:52','2023-09-12 15:53:52','main'),(21,1,'عبدالله العبوه طلبات','Abo23','total','10',992,1,NULL,'2023-09-12 15:54:35','2024-02-07 01:13:06','main'),(22,1,'محمد صباح','Ms','total','7',1000,1,NULL,'2023-09-12 15:55:20','2023-09-12 15:55:20','subscribe'),(23,1,'محمد صباح','Ms','total','10',1000,1,NULL,'2023-09-12 15:55:39','2023-09-12 15:55:39','main'),(24,1,'خالد صباح','khs662','total','10',991,1,NULL,'2023-09-12 15:56:17','2024-08-31 01:20:45','main'),(25,1,'خالد صباح','khs662','total','12',1000,1,'2044-04-12','2023-09-12 15:56:51','2024-04-12 18:50:58','subscribe'),(27,1,'احمد السعيدي','amalsaedii','total','7',1000,1,NULL,'2023-09-12 15:57:56','2023-09-12 15:57:56','subscribe'),(28,1,'احمد السعيدي','amalsaedii','total','10',1000,1,NULL,'2023-09-12 15:58:27','2023-09-12 15:58:27','main'),(29,1,'Omar borslii','OB92','total','10%',1000,1,NULL,'2023-09-14 16:51:42','2023-09-14 16:51:42','main'),(30,1,'Omar boraslii','OB92','total','7%',1000,1,NULL,'2023-09-14 16:53:09','2023-09-14 16:53:09','subscribe'),(31,1,'حمود السيف','HHS','total','7',1000,1,NULL,'2023-09-17 22:01:28','2023-09-17 22:01:28','subscribe'),(32,1,'حمود السيف','HHS','total','10',1000,1,NULL,'2023-09-17 22:01:57','2023-09-17 22:01:57','main'),(33,1,'فيصل السعد','fjs','total','10',982,1,NULL,'2023-09-20 10:41:37','2024-10-06 16:02:45','main'),(34,1,'فيصل السعد','fjs','total','10',1000,1,NULL,'2023-09-20 10:42:09','2024-05-16 21:19:01','subscribe'),(35,1,'sep23','sep23','total','7',994,1,'2023-10-01','2023-09-20 11:09:56','2023-09-25 13:02:40','main'),(36,1,'sep23','sep23','total','5',1000,1,'2023-10-01','2023-09-20 11:10:19','2023-09-20 11:11:10','subscribe'),(37,1,'عبدالرحمن كريم','Rfak','total','7',1000,1,NULL,'2023-09-20 18:09:31','2023-09-20 18:09:31','subscribe'),(38,1,'عبدالرحمن كريم','rfak','total','10',9999,1,NULL,'2023-09-20 18:10:13','2024-02-29 18:18:08','main'),(39,1,'عزيز فاضل','ِAF1','total','10',1000,1,'2026-04-30','2023-09-23 21:36:14','2024-05-16 20:44:28','subscribe'),(40,1,'عزيز فاضل','AF1','total','10',997,1,NULL,'2023-09-23 21:36:44','2024-06-01 16:31:05','main'),(41,1,'oct23','oct23','total','5',10000,0,'2023-11-01','2023-10-08 19:21:45','2023-11-08 20:14:05','subscribe'),(42,1,'OCT13','OCT13','total','15',50,0,'2023-10-31','2023-10-12 15:44:49','2023-11-08 20:14:05','subscribe'),(43,1,'محمود','M_FIT88','total','10',10000,1,NULL,'2023-10-14 20:31:05','2023-10-14 20:31:05','subscribe'),(44,1,'محمود طلبات','M_FIT88','total','10',9964,1,NULL,'2023-10-14 20:32:07','2024-08-31 05:44:23','main'),(45,1,'FAH','FAH','total','10',1000,1,NULL,'2023-10-15 00:01:08','2023-10-15 00:01:08','subscribe'),(46,1,'FAH طلبات','FAH','total','15',996,1,NULL,'2023-10-15 00:01:29','2024-02-24 19:58:59','main'),(47,1,'Nov23','NOv23','total','10',1000,0,'2023-11-30','2023-11-04 18:27:18','2023-12-06 15:31:13','subscribe'),(48,1,'DEC23','DEC23','total','7',10000,1,'2023-12-31','2023-12-06 15:31:47','2023-12-06 15:40:48','subscribe'),(49,1,'Jun24','Jun24','total','10',1000,0,'2024-01-31','2024-01-11 13:54:31','2024-02-01 17:19:52','subscribe'),(50,1,'Jan24','Jan24','total','10',100000,0,'2024-01-31','2024-01-16 23:11:22','2024-02-01 17:20:00','subscribe'),(51,1,'FEB','FEB24','total','10',10000,1,'2024-04-01','2024-02-01 17:20:34','2024-03-01 00:17:44','subscribe'),(52,1,'RMADAN','RAMADAN24','total','10',10000,0,'2024-04-12','2024-03-02 00:42:57','2024-06-23 04:19:40','subscribe'),(53,1,'order24','order20','total','20',20,0,'2024-03-06','2024-03-05 20:17:55','2024-03-06 19:15:01','main'),(54,1,'عيد 24','EID24','total','10',10000,1,'2024-07-17','2024-04-01 23:45:50','2024-04-01 23:58:11','subscribe'),(55,1,'عيد 24','eid24','total','10',99987,1,'2024-07-11','2024-04-01 23:57:27','2024-04-25 23:04:18','main'),(56,1,'Vote24','Vote24','total','12',1000,0,'2024-04-06','2024-04-04 19:51:09','2024-04-06 00:55:34','subscribe'),(57,1,'Family','Family24','total','20',10,1,'2034-02-25','2024-04-12 18:53:01','2024-04-12 18:55:59','subscribe'),(58,1,'summer24','summer24','total','10',10000,1,'2024-06-11','2024-04-16 13:53:38','2024-04-16 13:53:38','subscribe'),(60,1,'sm24','sm24','total','7',9,1,'2024-10-17','2024-05-12 21:34:43','2024-05-12 21:35:23','main'),(61,1,'ESSYA24','ESSYA24','total','10',1000,1,'2025-06-03','2024-06-03 15:33:16','2024-06-03 15:33:16','subscribe'),(62,1,'عمار الخضر','Amar','total','10',10000,1,'2026-06-01','2024-06-23 19:37:42','2024-06-23 19:37:42','subscribe'),(63,1,'Couch fatma','Coachfati1','total','10',1000,1,'2029-09-03','2024-07-03 21:07:48','2024-07-03 21:07:48','subscribe'),(64,1,'Couch fatma','Coachfati1','total','10',9999,1,'2024-07-03','2024-07-03 21:08:13','2024-07-23 20:03:02','main'),(65,1,'حمود الكندري','Hk7','total','10',1000,1,'2029-10-04','2024-08-04 23:56:43','2024-08-04 23:56:43','subscribe'),(66,1,'خصم سريع','Sunday','total','20',990,0,'2024-09-02','2024-09-01 22:47:02','2024-09-02 04:23:47','main'),(67,1,'ps','ps10','total','10',10000,1,'2028-10-09','2024-09-09 22:29:56','2024-09-09 22:29:56','subscribe'),(68,1,'Blue waves','Blue waves','total','25',98,1,'2024-09-11','2024-09-10 22:00:01','2024-10-04 04:48:59','main'),(69,1,'بوشيخه احمد الدعيج','A1','total','10',1000000,1,'2026-09-13','2024-09-13 19:03:58','2024-09-13 19:03:58','subscribe');

--
-- Table structure for table `extra_snacks`
--

CREATE TABLE `extra_snacks` (
  `id` bigint unsigned NOT NULL AUTO_INCREMENT,
  `subscription_type_day_id` bigint unsigned NOT NULL,
  `count` int DEFAULT NULL,
  `amount` decimal(8,3) DEFAULT NULL,
  `created_at` timestamp NULL DEFAULT NULL,
  `updated_at` timestamp NULL DEFAULT NULL,
  PRIMARY KEY (`id`),
  KEY `subscription_type_day_id` (`subscription_type_day_id`),
  CONSTRAINT `extra_snacks_ibfk_1` FOREIGN KEY (`subscription_type_day_id`) REFERENCES `subscription_days` (`id`) ON DELETE CASCADE
) ENGINE=InnoDB AUTO_INCREMENT=103 DEFAULT CHARSET=utf8mb4 COLLATE=utf8mb4_unicode_ci;

--
-- Dumping data for table `extra_snacks`
--

INSERT INTO `extra_snacks` (`id`, `subscription_type_day_id`, `count`, `amount`, `created_at`, `updated_at`) VALUES (6,160,1,10.000,'2023-07-19 07:45:57','2023-07-19 07:45:57'),(7,161,1,2.000,'2023-07-19 08:04:09','2023-07-19 08:04:09'),(8,162,1,7.000,'2023-07-19 08:04:24','2023-07-19 08:04:24'),(9,163,1,10.000,'2023-07-19 08:04:36','2023-07-19 08:04:36'),(10,164,1,2.000,'2023-07-19 08:04:44','2023-07-19 08:04:44'),(11,166,1,10.000,'2023-07-19 08:05:47','2023-07-19 08:05:47'),(13,158,1,2.000,'2023-07-19 08:09:12','2023-07-19 08:09:12'),(14,165,1,7.000,'2023-07-19 08:09:55','2023-07-19 08:09:55'),(71,264,1,7.000,'2023-09-13 00:28:25','2023-09-13 00:28:25'),(72,263,1,2.000,'2023-09-13 00:30:06','2023-09-13 00:30:06'),(73,265,1,10.000,'2023-09-13 00:30:23','2023-09-13 00:30:23'),(74,159,1,7.000,'2023-09-13 00:30:38','2023-09-13 00:30:38'),(75,250,1,2.000,'2023-09-13 00:32:51','2023-09-13 00:32:51'),(76,249,1,7.000,'2023-09-13 00:33:02','2023-09-13 00:33:02'),(77,248,1,10.000,'2023-09-13 00:33:15','2023-09-13 00:33:15'),(78,251,1,2.000,'2023-09-13 00:33:27','2023-09-13 00:33:27'),(79,252,1,7.000,'2023-09-13 00:33:36','2023-09-13 00:33:36'),(80,253,1,10.000,'2023-09-13 00:33:43','2023-09-13 00:33:43'),(81,254,1,2.000,'2023-09-13 00:33:56','2023-09-13 00:33:56'),(82,255,1,7.000,'2023-09-13 00:34:08','2023-09-13 00:34:08'),(83,256,1,10.000,'2023-09-13 00:34:20','2023-09-13 00:34:20'),(84,257,1,2.000,'2023-09-13 00:34:34','2023-09-13 00:34:34'),(85,259,1,10.000,'2023-09-13 00:34:58','2023-09-13 00:34:58'),(86,258,1,7.000,'2023-09-13 00:35:32','2023-09-13 00:35:32'),(88,237,1,7.000,'2023-09-13 00:35:57','2023-09-13 00:35:57'),(90,233,1,2.000,'2023-09-13 00:36:18','2023-09-13 00:36:18'),(91,234,1,7.000,'2023-09-13 00:36:27','2023-09-13 00:36:27'),(92,235,1,10.000,'2023-09-13 00:36:35','2023-09-13 00:36:35'),(93,239,1,2.000,'2023-09-13 00:36:42','2023-09-13 00:36:42'),(94,261,1,7.000,'2023-09-13 00:36:51','2023-09-13 00:36:51'),(95,262,1,10.000,'2023-09-13 00:36:59','2023-09-13 00:36:59'),(96,240,1,7.000,'2023-09-13 00:37:26','2023-09-13 00:37:26'),(97,241,1,10.000,'2023-09-13 00:37:46','2023-09-13 00:37:46'),(98,260,1,2.000,'2023-09-13 00:40:09','2023-09-13 00:40:09'),(101,238,1,10.000,'2023-09-18 15:51:27','2023-09-18 15:51:27'),(102,236,1,2.000,'2023-09-18 15:51:58','2023-09-18 15:51:58');

--
-- Table structure for table `failed_jobs`
--

CREATE TABLE `failed_jobs` (
  `id` bigint unsigned NOT NULL AUTO_INCREMENT,
  `uuid` varchar(255) COLLATE utf8mb4_unicode_ci NOT NULL,
  `connection` text COLLATE utf8mb4_unicode_ci NOT NULL,
  `queue` text COLLATE utf8mb4_unicode_ci NOT NULL,
  `payload` longtext COLLATE utf8mb4_unicode_ci NOT NULL,
  `exception` longtext COLLATE utf8mb4_unicode_ci NOT NULL,
  `failed_at` timestamp NOT NULL DEFAULT CURRENT_TIMESTAMP,
  PRIMARY KEY (`id`),
  UNIQUE KEY `failed_jobs_uuid_unique` (`uuid`)
) ENGINE=InnoDB DEFAULT CHARSET=utf8mb4 COLLATE=utf8mb4_unicode_ci;

--
-- Dumping data for table `failed_jobs`
--


--
-- Table structure for table `feature_option_translations`
--

CREATE TABLE `feature_option_translations` (
  `id` int unsigned NOT NULL AUTO_INCREMENT,
  `feature_option_id` int unsigned NOT NULL,
  `title` varchar(255) COLLATE utf8mb4_unicode_ci DEFAULT NULL,
  `locale` varchar(255) COLLATE utf8mb4_unicode_ci NOT NULL,
  `created_at` timestamp NULL DEFAULT NULL,
  `updated_at` timestamp NULL DEFAULT NULL,
  PRIMARY KEY (`id`),
  UNIQUE KEY `feature_option_translations_feature_option_id_locale_unique` (`feature_option_id`,`locale`)
) ENGINE=InnoDB AUTO_INCREMENT=770 DEFAULT CHARSET=utf8mb4 COLLATE=utf8mb4_unicode_ci;

--
-- Dumping data for table `feature_option_translations`
--

INSERT INTO `feature_option_translations` (`id`, `feature_option_id`, `title`, `locale`, `created_at`, `updated_at`) VALUES (23,12,'erterwt','ar',NULL,NULL),(24,12,'ewrtwert','en',NULL,NULL),(25,13,'erwtwret','ar',NULL,NULL),(26,13,'ewrtwert','en',NULL,NULL),(27,14,'erterwt','ar',NULL,NULL),(28,14,'wertewrt','en',NULL,NULL),(29,15,'werterwtrwe','ar',NULL,NULL),(30,15,'wertwertew','en',NULL,NULL),(31,16,'33','ar',NULL,NULL),(32,16,'33','en',NULL,NULL),(33,17,'66','ar',NULL,NULL),(34,17,'66','en',NULL,NULL),(35,18,'76','ar',NULL,NULL),(36,18,'76','en',NULL,NULL),(37,19,'احمر','ar',NULL,NULL),(38,19,'احمر','en',NULL,NULL),(39,20,'عدد الخزر 66','ar',NULL,NULL),(40,20,'66','en',NULL,NULL),(45,23,'عدد الخزر 99','ar',NULL,NULL),(46,23,'99','en',NULL,NULL),(49,25,'الاحمر','ar',NULL,NULL),(50,25,'قث','en',NULL,NULL),(51,26,'33','ar',NULL,NULL),(52,26,'4444','en',NULL,NULL),(53,27,'45','ar',NULL,NULL),(54,27,'45','en',NULL,NULL),(55,28,'51','ar',NULL,NULL),(56,28,'51','en',NULL,NULL),(57,31,'fdsgsd','ar',NULL,NULL),(58,31,'gdfsg','en',NULL,NULL),(59,32,'احمر','ar',NULL,NULL),(60,32,'dfdd','en',NULL,NULL),(61,33,'اصفر','ar',NULL,NULL),(62,33,'dfsgfds','en',NULL,NULL),(75,43,'اسود','ar',NULL,NULL),(76,43,NULL,'en',NULL,NULL),(77,44,'احمر','ar',NULL,NULL),(78,44,NULL,'en',NULL,NULL),(79,45,'اسود','ar',NULL,NULL),(80,45,'black','en',NULL,NULL),(81,46,'احمر','ar',NULL,NULL),(82,46,'red','en',NULL,NULL),(87,49,'اسود','ar',NULL,NULL),(88,49,'black','en',NULL,NULL),(89,50,'احمر','ar',NULL,NULL),(90,50,'red','en',NULL,NULL),(91,51,'ازرق','ar',NULL,NULL),(92,51,'blue','en',NULL,NULL),(93,52,'srgsfdgsdf','ar',NULL,NULL),(94,52,'sdfgdfsgsd','en',NULL,NULL),(95,53,'cvbcvxbv','ar',NULL,NULL),(96,53,'cvxbxcvb','en',NULL,NULL),(97,54,'cvbxvcxb','ar',NULL,NULL),(98,54,'cxvbxcv','en',NULL,NULL),(99,55,'vcbxcv','ar',NULL,NULL),(100,55,'cvxbxb','en',NULL,NULL),(101,56,'vcxbvxcb','ar',NULL,NULL),(102,56,'cxvbxc','en',NULL,NULL),(103,57,'vcxbvxcb','ar',NULL,NULL),(104,57,'cxvbxc','en',NULL,NULL),(105,58,'كبير','ar',NULL,NULL),(106,58,'Larg','en',NULL,NULL),(107,59,'وسط','ar',NULL,NULL),(108,59,'med','en',NULL,NULL),(109,60,'صغير','ar',NULL,NULL),(110,60,'smol','en',NULL,NULL),(111,61,'سلطة','ar',NULL,NULL),(112,61,'سلطة','en',NULL,NULL),(113,62,'طحينة','ar',NULL,NULL),(114,62,'طحينة','en',NULL,NULL),(115,63,'مخلل','ar',NULL,NULL),(116,63,'مخلل','en',NULL,NULL),(117,64,'عصير','ar',NULL,NULL),(118,64,'عصير','en',NULL,NULL),(121,66,'أضف جبنة','ar',NULL,NULL),(122,66,'أضف جبنة','en',NULL,NULL),(123,67,'أضف جبنة','ar',NULL,NULL),(124,67,'أضف جبنة','en',NULL,NULL),(125,68,'أضف جبنة','ar',NULL,NULL),(126,68,'أضف جبنة','en',NULL,NULL),(127,69,'أضف جبنة','ar',NULL,NULL),(128,69,'أضف جبنة','en',NULL,NULL),(129,70,'أضف جبنة','ar',NULL,NULL),(130,70,'أضف جبنة','en',NULL,NULL),(131,71,'سلطة','ar',NULL,NULL),(132,71,'سلطة','en',NULL,NULL),(133,72,'طحينة','ar',NULL,NULL),(134,72,'طحينة','en',NULL,NULL),(135,73,'زبادي','ar',NULL,NULL),(136,73,'زبادي','en',NULL,NULL),(137,74,'عسل','ar',NULL,NULL),(138,74,'عسل','en',NULL,NULL),(139,75,'طحينة','ar',NULL,NULL),(140,75,'طحينة','en',NULL,NULL),(141,76,'موز','ar',NULL,NULL),(142,76,'موز','en',NULL,NULL),(143,77,'عنب','ar',NULL,NULL),(144,77,'عنب','en',NULL,NULL),(145,78,'تمر','ar',NULL,NULL),(146,78,'تمر','en',NULL,NULL),(147,85,'أصابع بطاطا بالفرن 150 جرام','ar',NULL,NULL),(148,85,'Oven Potatoes Sticks 150 Grams','en',NULL,NULL),(149,86,'أصابع بطاطا حلوة بالفرن 150 جرام','ar',NULL,NULL),(150,86,'Oven Sweet Potatoes Sticks 150 Grams','en',NULL,NULL),(151,87,'البطاطا المهروسة','ar',NULL,NULL),(152,87,'Mashed Potato','en',NULL,NULL),(153,88,'عيش','ar',NULL,NULL),(154,88,'عيش','en',NULL,NULL),(155,89,'مياة','ar',NULL,NULL),(156,89,'مياة','en',NULL,NULL),(157,90,'خبز','ar',NULL,NULL),(158,90,'خبز','en',NULL,NULL),(159,79,'خبز البطاطا بريوش','ar',NULL,NULL),(160,79,'Potato Bread Brioche','en',NULL,NULL),(161,80,'gg','ar',NULL,NULL),(162,80,'ggg','en',NULL,NULL),(163,81,'ggg','ar',NULL,NULL),(164,81,'ggg','en',NULL,NULL),(165,82,'fff','ar',NULL,NULL),(166,82,'fff','en',NULL,NULL),(167,83,'خبز الحبوب الكاملة','ar',NULL,NULL),(168,83,'Whole Grain Bread','en',NULL,NULL),(169,84,'خبز','ar',NULL,NULL),(170,84,'خبز','en',NULL,NULL),(177,91,'تفاح','ar',NULL,NULL),(178,91,'apple','en',NULL,NULL),(179,92,'أرز أبيض','ar',NULL,NULL),(180,92,'White Rice','en',NULL,NULL),(181,93,'أرز اصفر','ar',NULL,NULL),(182,93,'Yellow Rice','en',NULL,NULL),(183,94,'بطاطا اصابع حلوة','ar',NULL,NULL),(184,94,'Sweet French Fries','en',NULL,NULL),(185,95,'بطاطا اصابع','ar',NULL,NULL),(186,95,'French Fries','en',NULL,NULL),(187,96,'بطاطا مهروسة','ar',NULL,NULL),(188,96,'Mashed Potato','en',NULL,NULL),(189,97,'اضف المزيد من البروتين 50 جرام','ar',NULL,NULL),(190,97,'Add more protein 50 Gram','en',NULL,NULL),(191,98,'اضف المزيد من الكاربوهيدرات 50 جرام','ar',NULL,NULL),(192,98,'Add more carbs 50 Gram','en',NULL,NULL),(193,99,'الإضافات:','ar',NULL,NULL),(194,99,'Add On\'s:','en',NULL,NULL),(195,175,'لحم عضوي دوبل 120 جرام','ar',NULL,NULL),(196,175,'Double Organic Meat 120 Gram','en',NULL,NULL),(197,176,'أضافه مشروم','ar',NULL,NULL),(198,176,'Add Mushroom','en',NULL,NULL),(199,177,'أضافه مشروم','ar',NULL,NULL),(200,177,'Add Mushroom','en',NULL,NULL),(201,178,'أضف جبنة','ar',NULL,NULL),(202,178,'Add Cheese','en',NULL,NULL),(203,179,'صوص الثوم مع المايونيز اللايت','ar',NULL,NULL),(204,179,'Garlic Sauce With Light Mayonnaise','en',NULL,NULL),(205,180,'صوص الثوم مع المايونيز اللايت','ar',NULL,NULL),(206,180,'Garlic Sauce With Light Mayonnaise','en',NULL,NULL),(207,181,'صوص المايونيز الحار','ar',NULL,NULL),(208,181,'Chili Mayonnaise Sauce','en',NULL,NULL),(209,182,'خبز الحبوب الكاملة','ar',NULL,NULL),(210,182,'Whole Grain Bread','en',NULL,NULL),(211,183,'خبز البطاطس بريوش','ar',NULL,NULL),(212,183,'Potato Bread Brioche','en',NULL,NULL),(213,184,'بطاطس فرن 150 جم','ar',NULL,NULL),(214,184,'Oven Potato 150gm','en',NULL,NULL),(215,185,'بطاطا حلوة 150 جم','ar',NULL,NULL),(216,185,'Oven Sweet Potato 150gm','en',NULL,NULL),(217,186,'بطاطس مهروس 150جم','ar',NULL,NULL),(218,186,'Mashed Potatoes 150gm','en',NULL,NULL),(219,187,'دوبل دجاج','ar',NULL,NULL),(220,187,'Double chicken','en',NULL,NULL),(221,188,'سيب','ar',NULL,NULL),(222,188,'سيبسب','en',NULL,NULL),(223,189,'بطاطس فرن 150 جم','ar',NULL,NULL),(224,189,'Oven Potato 150gm','en',NULL,NULL),(225,190,'بطاطا حلوة فرن 150 جم','ar',NULL,NULL),(226,190,'Oven Sweet Potato 150gm','en',NULL,NULL),(227,191,'بطاطا حلوة فرن 150 جم','ar',NULL,NULL),(228,191,'Oven Sweet Potato 150gm','en',NULL,NULL),(229,192,'بطاطس مهروس 150جم','ar',NULL,NULL),(230,192,'Mashed Potatoes 150gm','en',NULL,NULL),(231,193,'اضافه جبن شيدر','ar',NULL,NULL),(232,193,'Add cheddar cheese','en',NULL,NULL),(233,194,'أصابع بطاطا حلوة بالفرن 150 جرام','ar',NULL,NULL),(234,194,'Oven Sweet Potatoes Sticks 150 Grams','en',NULL,NULL),(235,195,'أصابع بطاطا حلوة بالفرن 150 جرام','ar',NULL,NULL),(236,195,'Oven Sweet Potatoes Sticks 150 Grams','en',NULL,NULL),(237,196,'أصابع بطاطا بالفرن 150 جرام','ar',NULL,NULL),(238,196,'Oven Potatoes Sticks 150 Grams','en',NULL,NULL),(239,197,'أضف جبنة','ar',NULL,NULL),(240,197,'Add Cheese','en',NULL,NULL),(241,198,'بطاطس مهروسة','ar',NULL,NULL),(242,198,'Mashed Potato','en',NULL,NULL),(243,199,'أصابع بطاطا حلوة بالفرن 150 جرام','ar',NULL,NULL),(244,199,'Oven Sweet Potato Sticks 150 Gm','en',NULL,NULL),(245,200,'أصابع بطاطس بالفرن 150 جرام','ar',NULL,NULL),(246,200,'Oven Potato Sticks 150 Gm','en',NULL,NULL),(247,201,'خبز البطاطا بريوش','ar',NULL,NULL),(248,201,'Potato Bread Brioche','en',NULL,NULL),(249,202,'خبز الحبوب الكاملة','ar',NULL,NULL),(250,202,'Whole Grain Bread','en',NULL,NULL),(251,203,'دوبل لحم','ar',NULL,NULL),(252,203,'Double Beef','en',NULL,NULL),(253,206,'أصابع بطاطا حلوة مقلية بالهواء 150 جرام','ar',NULL,NULL),(254,206,'Fried Sweet Potato Fingers In the air 150 g','en',NULL,NULL),(255,207,'بطاطا مهروسة 150 جرام','ar',NULL,NULL),(256,207,'Mashed Potatoes 150 g','en',NULL,NULL),(257,215,'اصابع بطاطا مقلية بالفرن 150 جم','ar',NULL,NULL),(258,215,'French Fries Fingers In the Oven 150 G','en',NULL,NULL),(259,216,'لحم عضوي دوبل','ar',NULL,NULL),(260,216,'Double Organic Meat','en',NULL,NULL),(261,217,'أضف مشروم','ar',NULL,NULL),(262,217,'Add Mushroom','en',NULL,NULL),(263,218,'أضف جبنة','ar',NULL,NULL),(264,218,'Add Cheese','en',NULL,NULL),(265,227,'خبز الحبوب الكاملة','ar',NULL,NULL),(266,227,'Whole Grain Bread','en',NULL,NULL),(267,228,'خبز البطاطا بريوش','ar',NULL,NULL),(268,228,'Potato Bread Brioche','en',NULL,NULL),(269,229,'اصابع بطاطا مقلية بالفرن 150 جم','ar',NULL,NULL),(270,229,'French Fries Fingers In the Oven 150 G','en',NULL,NULL),(271,230,'أصابع بطاطا حلوة مقلية','ar',NULL,NULL),(272,230,'Fried Sweet Potato Fingers','en',NULL,NULL),(273,231,'بطاطا مهروسة','ar',NULL,NULL),(274,231,'Mashed Potatoes','en',NULL,NULL),(275,238,'خبز الحبوب الكاملة','ar',NULL,NULL),(276,238,'Whole Grain Bread','en',NULL,NULL),(277,239,'خبز البطاطا بريوش','ar',NULL,NULL),(278,239,'Potato Bread Brioche','en',NULL,NULL),(279,243,'أضف جبنة','ar',NULL,NULL),(280,243,'Add Cheese','en',NULL,NULL),(281,250,'بطاطا مقلية بالفرن','ar',NULL,NULL),(282,250,'Oven Baked French Fries','en',NULL,NULL),(283,251,'بطاطا حلوة مقلية بالفرن','ar',NULL,NULL),(284,251,'Oven Baked Fried Sweet Potato','en',NULL,NULL),(285,252,'بطاطس مهروسة','ar',NULL,NULL),(286,252,'Mashed Potato','en',NULL,NULL),(287,253,'خبز البطاطا بريوش','ar',NULL,NULL),(288,253,'Potato Bread Brioche','en',NULL,NULL),(289,254,'خبز الحبوب الكاملة','ar',NULL,NULL),(290,254,'Whole Grain Bread','en',NULL,NULL),(291,258,'أصابع بطاطا حلوة مقلية','ar',NULL,NULL),(292,258,'Fried Sweet Potato Fingers','en',NULL,NULL),(293,263,'اصابع بطاطا مقلية بالفرن 150 جم','ar',NULL,NULL),(294,263,'French Fries Fingers In the Oven 150 G','en',NULL,NULL),(295,264,'بطاطا مهروسة','ar',NULL,NULL),(296,264,'Mashed Potatoes','en',NULL,NULL),(297,265,'بطاطا مهروسة','ar',NULL,NULL),(298,265,'Mashed Potatoes','en',NULL,NULL),(299,266,'بطاطا مهروسة','ar',NULL,NULL),(300,266,'Mashed Potatoes','en',NULL,NULL),(301,267,'أضف جبنة','ar',NULL,NULL),(302,267,'Add Cheese','en',NULL,NULL),(303,268,'اضف اللحم','ar',NULL,NULL),(304,268,'Add Beef','en',NULL,NULL),(305,272,'خبز البطاطا بريوش','ar',NULL,NULL),(306,272,'Potato Bread Brioche','en',NULL,NULL),(307,273,'خبز الحبوب الكاملة','ar',NULL,NULL),(308,273,'Whole Grain Bread','en',NULL,NULL),(309,274,'اصابع بطاطا مقلية بالفرن 150 جم','ar',NULL,NULL),(310,274,'French Fries Fingers In the Oven 150 G','en',NULL,NULL),(311,275,'أصابع بطاطا حلوة مقلية','ar',NULL,NULL),(312,275,'Fried Sweet Potato Fingers','en',NULL,NULL),(313,276,'بطاطا مهروسة','ar',NULL,NULL),(314,276,'Mashed Potatoes','en',NULL,NULL),(315,277,'أضف جبنة','ar',NULL,NULL),(316,277,'Add Cheese','en',NULL,NULL),(317,278,'أضف جبنة','ar',NULL,NULL),(318,278,'Add Cheese','en',NULL,NULL),(319,279,'أضف جبنة','ar',NULL,NULL),(320,279,'Add Cheese','en',NULL,NULL),(321,280,'أضف جبنة','ar',NULL,NULL),(322,280,'Add Cheese','en',NULL,NULL),(323,281,'أضف مشروم','ar',NULL,NULL),(324,281,'Add Mushroom','en',NULL,NULL),(325,282,'اضف تشيكن','ar',NULL,NULL),(326,282,'Add chicken','en',NULL,NULL),(327,283,'خبز الحبوب الكاملة','ar',NULL,NULL),(328,283,'Whole Grain Bread','en',NULL,NULL),(329,284,'خبز البطاطا بريوش','ar',NULL,NULL),(330,284,'Potato Bread Brioche','en',NULL,NULL),(331,285,'لحم بقري  150 جرام','ar',NULL,NULL),(332,285,'Beef 150 Gram','en',NULL,NULL),(333,286,'روبيان 150 جرام','ar',NULL,NULL),(334,286,'Shrimp 150 Gram','en',NULL,NULL),(335,287,'صدور دجاج 150 جرام','ar',NULL,NULL),(336,287,'Chicken Breast 150 Gram','en',NULL,NULL),(337,296,'اضف المزيد من الكاربوهيدرات 50 جرام','ar',NULL,NULL),(338,296,'Add more carbs 50 Gram','en',NULL,NULL),(339,297,'اضف المزيد من الكاربوهيدرات 50 جرام','ar',NULL,NULL),(340,297,'Add more carbs 50 Gram','en',NULL,NULL),(341,301,'اضف المزيد من البروتين 50 جرام','ar',NULL,NULL),(342,301,'Add more protein 50 Gram','en',NULL,NULL),(343,302,'صدر دجاج 150 جم','ar',NULL,NULL),(344,302,'Chicken Breast 150 G','en',NULL,NULL),(345,303,'لحم بقري  150 جم','ar',NULL,NULL),(346,303,'Beef 150 G','en',NULL,NULL),(347,304,'روبيان 150 جم','ar',NULL,NULL),(348,304,'Shrimp 150 G','en',NULL,NULL),(349,305,'روبيان 150 جم','ar',NULL,NULL),(350,305,'Shrimp 150 G','en',NULL,NULL),(351,306,'روبيان 150 جم','ar',NULL,NULL),(352,306,'Shrimp 150 G','en',NULL,NULL),(353,307,'اضف المزيد من البروتين 50 جرام','ar',NULL,NULL),(354,307,'Add more protein 50g','en',NULL,NULL),(355,308,'اضف المزيد من الكاربوهيدرات 50 جرام','ar',NULL,NULL),(356,308,'Add more carbs 50g','en',NULL,NULL),(357,309,'صدر دجاج 150 جرام','ar',NULL,NULL),(358,309,'Chicken Breast Pieces 150 Gm','en',NULL,NULL),(359,310,'ستيك لحم 150 جرام','ar',NULL,NULL),(360,310,'Beef Steak Pieces 150 Gm','en',NULL,NULL),(361,311,'قطع ستيك لحم 150 جرام','ar',NULL,NULL),(362,311,'Beef Steak Pieces 150 Gm','en',NULL,NULL),(363,312,'روبيان','ar',NULL,NULL),(364,312,'Shrimp','en',NULL,NULL),(365,316,'اضف المزيد من البروتين 50 جرام','ar',NULL,NULL),(366,316,'Add more protein 50g','en',NULL,NULL),(367,317,'اضف المزيد من البروتين 50 جرام','ar',NULL,NULL),(368,317,'Add more protein 50g','en',NULL,NULL),(369,333,'اضف المزيد من الكاربوهيدرات 50 جرام','ar',NULL,NULL),(370,333,'Add more carbs 50g','en',NULL,NULL),(371,339,'قطع ستيك لحم بقري 150 جرام','ar',NULL,NULL),(372,339,'Beef Steak Pieces 150 Gm','en',NULL,NULL),(373,353,'روبيان','ar',NULL,NULL),(374,353,'Shrimp','en',NULL,NULL),(375,373,'قطع صدور دجاج 150 جرام','ar',NULL,NULL),(376,373,'Chicken Breast Pieces 150 Gm','en',NULL,NULL),(377,374,'اضف المزيد من الكاربوهيدرات 50 جرام','ar',NULL,NULL),(378,374,'Add more carbs 50g','en',NULL,NULL),(379,375,'اضف المزيد من البروتين 50 جرام','ar',NULL,NULL),(380,375,'Add more protein 50g','en',NULL,NULL),(381,376,'أرز أصفر','ar',NULL,NULL),(382,376,'Yellow Rice','en',NULL,NULL),(383,377,'بطاطا حلوة','ar',NULL,NULL),(384,377,'Sweet Potato','en',NULL,NULL),(385,378,'بطاط محضر في المقلاه الهوائية','ar',NULL,NULL),(386,378,'Air Fryer French Fries','en',NULL,NULL),(387,379,'بطاطا مهروسة','ar',NULL,NULL),(388,379,'Mashed Potato','en',NULL,NULL),(389,380,'White Rice','ar',NULL,NULL),(390,380,'أرز أبيض','en',NULL,NULL),(391,385,'اضف المزيد من الكاربوهيدرات 50 جرام','ar',NULL,NULL),(392,385,'Add more carbs 50g','en',NULL,NULL),(393,386,'اضف المزيد من البروتين 50 جرام','ar',NULL,NULL),(394,386,'Add more protein 50g','en',NULL,NULL),(395,387,'صدور دجاج 150 جم','ar',NULL,NULL),(396,387,'Chicken Breast 150 G','en',NULL,NULL),(397,388,'لحم بقري  150 جم','ar',NULL,NULL),(398,388,'Beef 150 G','en',NULL,NULL),(399,389,'روبيان 150 جم','ar',NULL,NULL),(400,389,'Shrimp 150 G','en',NULL,NULL),(401,394,'اضف المزيد من البروتين 50 جرام','ar',NULL,NULL),(402,394,'Add more protein 50g','en',NULL,NULL),(403,395,'اضف المزيد من الكاربوهيدرات 50 جرام','ar',NULL,NULL),(404,395,'Add more carbs 50g','en',NULL,NULL),(405,396,'صدور دجاج 150 جم','ar',NULL,NULL),(406,396,'Chicken Breast 150 G','en',NULL,NULL),(407,397,'لحم بقري  150 جم','ar',NULL,NULL),(408,397,'Beef 150 G','en',NULL,NULL),(409,398,'روبيان 150 جم','ar',NULL,NULL),(410,398,'Shrimp 150 G','en',NULL,NULL),(411,399,'اضف المزيد من البروتين  50 جرام','ar',NULL,NULL),(412,399,'Add more protein 50g','en',NULL,NULL),(413,400,'اضف المزيد من الكاربوهيدرات 50 جرام','ar',NULL,NULL),(414,400,'Add more carbs 50g','en',NULL,NULL),(415,401,'صدور دجاج 150 جم','ar',NULL,NULL),(416,401,'Chicken Breast 150 G','en',NULL,NULL),(417,402,'لحم بقري  150 جم','ar',NULL,NULL),(418,402,'Beef 150 G','en',NULL,NULL),(419,403,'روبيان 150 جم','ar',NULL,NULL),(420,403,'Shrimp 150 G','en',NULL,NULL),(421,404,'اضف المزيد من البروتين 50 جرام','ar',NULL,NULL),(422,404,'Add more protein 50g','en',NULL,NULL),(423,405,'اضف المزيد من الكاربوهيدرات 50 جرام','ar',NULL,NULL),(424,405,'Add more carbs 50g','en',NULL,NULL),(425,406,'صدور دجاج 150 جم','ar',NULL,NULL),(426,406,'Chicken Breast 150 G','en',NULL,NULL),(427,407,'لحم بقري  150 جم','ar',NULL,NULL),(428,407,'Beef 150 G','en',NULL,NULL),(429,408,'روبيان 150 جم','ar',NULL,NULL),(430,408,'Shrimp 150 G','en',NULL,NULL),(431,413,'اضف المزيد من الكاربوهيدرات 50 جرام','ar',NULL,NULL),(432,413,'Add more carbs 50g','en',NULL,NULL),(433,415,'اضف المزيد من البروتين 50 جرام','ar',NULL,NULL),(434,415,'Add more protein 50g','en',NULL,NULL),(435,416,'بطاطا مهروسة','ar',NULL,NULL),(436,416,'Mashed Potato','en',NULL,NULL),(437,417,'أرز أبيض','ar',NULL,NULL),(438,417,'White Rice','en',NULL,NULL),(439,418,'أرز اصفر','ar',NULL,NULL),(440,418,'Yellow Rice','en',NULL,NULL),(441,419,'بطاطا مقلية حلوة','ar',NULL,NULL),(442,419,'Sweet French Fries','en',NULL,NULL),(443,420,'بطاطا مقلية','ar',NULL,NULL),(444,420,'French Fries','en',NULL,NULL),(445,421,'اضف المزيد من البروتين 50 جرام','ar',NULL,NULL),(446,421,'Add more protein 50g','en',NULL,NULL),(447,422,'اضف المزيد من الكاربوهيدرات 50 جرام','ar',NULL,NULL),(448,422,'Add more carbs 50g','en',NULL,NULL),(449,423,'رز اضفر 150 جرام','ar',NULL,NULL),(450,423,'Yellow Rice 150 G','en',NULL,NULL),(451,424,'بطاطه حلوه','ar',NULL,NULL),(452,424,'Sweet Potato','en',NULL,NULL),(453,425,'اصابع بطاط','ar',NULL,NULL),(454,425,'Franch Frice','en',NULL,NULL),(455,426,'رز ابيض 150 جرام','ar',NULL,NULL),(456,426,'White Rice 150 G','en',NULL,NULL),(457,427,'اضافه بروتين اضافي 50 جرام','ar',NULL,NULL),(458,427,'Add More Protein 50 G','en',NULL,NULL),(459,428,'اضافه المزيد من الكاربوهيدرات 50 جرام','ar',NULL,NULL),(460,428,'Add More Carbs 50 G','en',NULL,NULL),(461,429,'صدور دجاج 150 جم','ar',NULL,NULL),(462,429,'Chicken Breast 150 G','en',NULL,NULL),(463,430,'لحم بقري  150 جم','ar',NULL,NULL),(464,430,'Beef 150 G','en',NULL,NULL),(465,431,'روبيان 150 جم','ar',NULL,NULL),(466,431,'Shrimp 150 G','en',NULL,NULL),(467,432,'اضف المزيد من الكاربوهيدرات 50 جرام','ar',NULL,NULL),(468,432,'Add more carbs 50g','en',NULL,NULL),(469,433,'اضف المزيد من البروتين 50 جرام','ar',NULL,NULL),(470,433,'Add more protein 50g','en',NULL,NULL),(471,434,'بطاطا مهروسة','ar',NULL,NULL),(472,434,'Mashed Potato','en',NULL,NULL),(473,435,'أرز أبيض','ar',NULL,NULL),(474,435,'White Rice','en',NULL,NULL),(475,436,'أرز اصفر','ar',NULL,NULL),(476,436,'Yellow Rice','en',NULL,NULL),(477,437,'بطاطا مقلية حلوة','ar',NULL,NULL),(478,437,'Sweet French Fries','en',NULL,NULL),(479,438,'بطاطا مقلية','ar',NULL,NULL),(480,438,'French Fries','en',NULL,NULL),(481,439,'اضف المزيد من الكاربوهيدرات 50 جرام','ar',NULL,NULL),(482,439,'Add more carbs 50g','en',NULL,NULL),(483,440,'اضف المزيد من البروتين 50 جرام','ar',NULL,NULL),(484,440,'Add more protein 50g','en',NULL,NULL),(485,441,'بطاطا مهروسة','ar',NULL,NULL),(486,441,'Mashed Potato','en',NULL,NULL),(487,442,'أرز أبيض','ar',NULL,NULL),(488,442,'White Rice','en',NULL,NULL),(489,443,'أرز أصفر','ar',NULL,NULL),(490,443,'Yellow Rice','en',NULL,NULL),(491,444,'بطاطا مقلية حلوة','ar',NULL,NULL),(492,444,'Sweet French Fries','en',NULL,NULL),(493,445,'بطاطا مقلية','ar',NULL,NULL),(494,445,'French Fries','en',NULL,NULL),(495,446,'اضف المزيد من الكاربوهيدرات 50 جرام','ar',NULL,NULL),(496,446,'Add more carbs 50g','en',NULL,NULL),(497,447,'اضف المزيد من البروتين 50 جرام','ar',NULL,NULL),(498,447,'Add more protein 50g','en',NULL,NULL),(499,450,'أرز أصفر','ar',NULL,NULL),(500,450,'Yellow Rice','en',NULL,NULL),(501,457,'أرز أبيض','ar',NULL,NULL),(502,457,'White Rice','en',NULL,NULL),(503,458,'أرز أصفر','ar',NULL,NULL),(504,458,'Yellow Rice','en',NULL,NULL),(505,459,'البطاطا المهروسة','ar',NULL,NULL),(506,459,'Mashed Potato','en',NULL,NULL),(507,460,'بطاطا  حلوة بالفرن  150 جرام','ar',NULL,NULL),(508,460,'Sweet French Fries oven 150 g','en',NULL,NULL),(509,461,'بطاطا عاديه بالفررن 150 جرام','ar',NULL,NULL),(510,461,'French Fries oven 150 g','en',NULL,NULL),(511,462,'اضف المزيد من البروتين 50 جرام','ar',NULL,NULL),(512,462,'Add more protein 50g','en',NULL,NULL),(513,463,'اضف المزيد من الكاربوهيدرات 50 جرام','ar',NULL,NULL),(514,463,'Add more carbs 50g','en',NULL,NULL),(515,464,'انور','ar',NULL,NULL),(516,464,'انور','en',NULL,NULL),(517,465,'احمد','ar',NULL,NULL),(518,465,'احمد','en',NULL,NULL),(519,466,'جمال','ar',NULL,NULL),(520,466,'جمال','en',NULL,NULL),(524,467,'لحم بقري 150 جرام','ar',NULL,NULL),(525,467,'Beef 150 g','en',NULL,NULL),(526,468,'روبيان 150 جرام','ar',NULL,NULL),(527,468,'Shrimp 150g','en',NULL,NULL),(528,469,'روبيان 150 جرام','ar',NULL,NULL),(529,469,'Shrimp 150g','en',NULL,NULL),(530,470,'صدور دجاج 150 جرام','ar',NULL,NULL),(531,470,'Chicken breasts 150 g','en',NULL,NULL),(532,471,'صدور دجاج 150 جرام','ar',NULL,NULL),(533,471,'Chicken breasts 150 g','en',NULL,NULL),(534,472,'اضف المزيد من الكاربوهيدرات 50 جرام','ar',NULL,NULL),(535,472,'Add more carbohydrates 50 g','en',NULL,NULL),(536,473,'اضف المزيد من الكاربوهيدرات 50 جرام','ar',NULL,NULL),(537,473,'Add more carbohydrates 50 g','en',NULL,NULL),(538,474,'اضف المزيد من البروتين 50 جرام','ar',NULL,NULL),(539,474,'Add more protein 50 g','en',NULL,NULL),(540,475,'اضف المزيد من البروتين 50 جرام','ar',NULL,NULL),(541,475,'Add more protein 50 g','en',NULL,NULL),(542,476,'اضف المزيد من الكاربوهيدرات 50 جرام','ar',NULL,NULL),(543,476,'Add more carbohydrates 50 g','en',NULL,NULL),(544,477,'اضف المزيد من الكاربوهيدرات 50 جرام','ar',NULL,NULL),(545,477,'Add more carbohydrates 50 g','en',NULL,NULL),(546,478,'صدور دجاج 150 جم','ar',NULL,NULL),(547,478,'Chicken Breast 150 G','en',NULL,NULL),(548,479,'صدور دجاج 150 جم','ar',NULL,NULL),(549,479,'Chicken Breast 150 G','en',NULL,NULL),(550,480,'لحم بقري  150 جم','ar',NULL,NULL),(551,480,'Beef 150 G','en',NULL,NULL),(552,481,'لحم بقري  150 جم','ar',NULL,NULL),(553,481,'Beef 150 G','en',NULL,NULL),(554,482,'روبيان 150 جم','ar',NULL,NULL),(555,482,'Shrimp 150 G','en',NULL,NULL),(556,483,'روبيان 150 جم','ar',NULL,NULL),(557,483,'Shrimp 150 G','en',NULL,NULL),(558,484,'اضف المزيد من الكاربوهيدرات 50 جرام','ar',NULL,NULL),(559,484,'Add more carbs 50g','en',NULL,NULL),(560,485,'اضف المزيد من الكاربوهيدرات 50 جرام','ar',NULL,NULL),(561,485,'Add more carbs 50g','en',NULL,NULL),(562,486,'اضف المزيد من البروتين 50 جرام','ar',NULL,NULL),(563,486,'Add more protein 50g','en',NULL,NULL),(564,487,'اضف المزيد من البروتين 50 جرام','ar',NULL,NULL),(565,487,'Add more protein 50g','en',NULL,NULL),(566,488,'اصابع بطاطا مقلية بالفرن 150 جم','ar',NULL,NULL),(567,488,'French Fries Fingers In the Oven 150 G','en',NULL,NULL),(568,489,'أصابع بطاطا حلوة مقلية','ar',NULL,NULL),(569,489,'Fried Sweet Potato Fingers','en',NULL,NULL),(570,490,'بطاطا مهروسة','ar',NULL,NULL),(571,490,'Mashed Potatoes','en',NULL,NULL),(572,491,'أضف جبنة','ar',NULL,NULL),(573,491,'Add Cheese','en',NULL,NULL),(574,492,'خبز الحبوب الكاملة','ar',NULL,NULL),(575,492,'Whole Grain Bread','en',NULL,NULL),(576,493,'خبز البطاطا بريوش','ar',NULL,NULL),(577,493,'Potato Bread Brioche','en',NULL,NULL),(578,494,'اصابع بطاطا مقلية بالفرن 150 جم','ar',NULL,NULL),(579,494,'French Fries Fingers In the Oven 150 G','en',NULL,NULL),(580,495,'أصابع بطاطا حلوة مقلية','ar',NULL,NULL),(581,495,'Fried Sweet Potato Fingers','en',NULL,NULL),(582,496,'بطاطا مهروسة','ar',NULL,NULL),(583,496,'Mashed Potatoes','en',NULL,NULL),(584,497,'أصابع بطاطا حلوة مقلية بالهواء  150 جرام','ar',NULL,NULL),(585,497,'Air fried sweet potato fries 150g','en',NULL,NULL),(586,498,'بطاطا مهروسة','ar',NULL,NULL),(587,498,'Mashed Potatoes','en',NULL,NULL),(588,499,'اصابع بطاطا مقلية بالفرن 150 جم','ar',NULL,NULL),(589,499,'Air fried potato fingers 150 g','en',NULL,NULL),(590,500,'اصابع بطاطا مقلية بالفرن 150 جم','ar',NULL,NULL),(591,500,'Air fried potato fingers 150 g','en',NULL,NULL),(592,501,'أضف مشروم','ar',NULL,NULL),(593,501,'Add mushroom','en',NULL,NULL),(594,502,'أضف جبنة','ar',NULL,NULL),(595,502,'Add Cheese','en',NULL,NULL),(596,503,'أضف جبنة','ar',NULL,NULL),(597,503,'Add Cheese','en',NULL,NULL),(598,504,'دبل تشكن','ar',NULL,NULL),(599,504,'Double chicken','en',NULL,NULL),(600,505,'دبل تشكن','ar',NULL,NULL),(601,505,'Double chicken','en',NULL,NULL),(602,506,'خبز الحبوب الكاملة','ar',NULL,NULL),(603,506,'Whole Grain Bread','en',NULL,NULL),(604,507,'خبز الحبوب الكاملة','ar',NULL,NULL),(605,507,'Whole Grain Bread','en',NULL,NULL),(606,508,'خبز البطاطا بريوش','ar',NULL,NULL),(607,508,'Potato Bread Brioche','en',NULL,NULL),(608,509,'اضافه جبن','ar',NULL,NULL),(609,509,'Add cheese','en',NULL,NULL),(610,524,'مزج الصوص','ar',NULL,NULL),(611,524,'Mix sauce','en',NULL,NULL),(612,525,'مزج الصوص','ar',NULL,NULL),(613,525,'Mix sauce','en',NULL,NULL),(614,526,'مزج الصوص','ar',NULL,NULL),(615,526,'Mix sauce','en',NULL,NULL),(616,527,'مزج الصوص','ar',NULL,NULL),(617,527,'Mix sauce','en',NULL,NULL),(618,528,'مزج الصوص','ar',NULL,NULL),(619,528,'Mix sauce','en',NULL,NULL),(620,529,'مزج الصوص','ar',NULL,NULL),(621,529,'Mix sauce','en',NULL,NULL),(622,530,'من غير طماط','ar',NULL,NULL),(623,530,'No Tomatoes','en',NULL,NULL),(624,531,'أصابع بطاطا بالفرن 150 جرام','ar',NULL,NULL),(625,531,'Oven Potatoes Sticks 150 Grams','en',NULL,NULL),(626,532,'أصابع بطاطا حلوة بالفرن 150 جرام','ar',NULL,NULL),(627,532,'Oven Sweet Potatoes Sticks 150 Grams','en',NULL,NULL),(628,533,'البطاطا المهروسة','ar',NULL,NULL),(629,533,'Mashed Potato','en',NULL,NULL),(630,534,'دجاج اضافي','ar',NULL,NULL),(631,534,'Double chicken','en',NULL,NULL),(632,535,'إضافه جبن شيدر','ar',NULL,NULL),(633,535,'Add Cheddar Cheese','en',NULL,NULL),(634,536,'اضافه كارب 50 جرام','ar',NULL,NULL),(635,536,'Add carbs 50 grams','en',NULL,NULL),(636,537,'أصابع بطاطا بالفرن 150 جرام','ar',NULL,NULL),(637,537,'Oven Potatoes Sticks 150 Grams','en',NULL,NULL),(638,538,'أصابع بطاطا حلوة بالفرن 150 جرام','ar',NULL,NULL),(639,538,'Oven Sweet Potatoes Sticks 150 Grams','en',NULL,NULL),(640,539,'البطاطا المهروسة','ar',NULL,NULL),(641,539,'Mashed Potato','en',NULL,NULL),(642,540,'دجاج اضافي','ar',NULL,NULL),(643,540,'Double chicken','en',NULL,NULL),(644,541,'إضافه جبن شيدر','ar',NULL,NULL),(645,541,'Add Cheddar Cheese','en',NULL,NULL),(646,542,'اضافه كارب 50 جرام','ar',NULL,NULL),(647,542,'Add carbs 50 grams','en',NULL,NULL),(648,544,'أرز أبيض','ar',NULL,NULL),(649,544,'White Rice','en',NULL,NULL),(650,561,'أرز أصفر  بالزعفران','ar',NULL,NULL),(651,561,'Yellow Rice safron','en',NULL,NULL),(652,562,'بطاطا  حلوة بالفرن 150 جرام','ar',NULL,NULL),(653,562,'Sweet French Fries oven 150 g','en',NULL,NULL),(654,563,'بطاطا عاديه بالفررن 150 جرام','ar',NULL,NULL),(655,563,'French Fries oven 150 g','en',NULL,NULL),(656,574,'اضف المزيد من البروتين 50 جرام','ar',NULL,NULL),(657,574,'Add more protein 50g','en',NULL,NULL),(658,575,'اضف المزيد من الكاربوهيدرات 50 جرام','ar',NULL,NULL),(659,575,'Add more carbs 50g','en',NULL,NULL),(660,576,'اضافه جبن','ar',NULL,NULL),(661,576,'Add Cheese','en',NULL,NULL),(662,577,'أضف جبنة','ar',NULL,NULL),(663,577,'Add Cheese','en',NULL,NULL),(664,578,'أضف مشروم','ar',NULL,NULL),(665,578,'Add Mushroom','en',NULL,NULL),(666,579,'اضف تشيكن','ar',NULL,NULL),(667,579,'Add chicken','en',NULL,NULL),(668,580,'أصابع بطاطا بالفرن 150 جرام','ar',NULL,NULL),(669,580,'Oven Potatoes Sticks 150 Grams','en',NULL,NULL),(670,581,'أصابع بطاطا حلوة بالفرن 150 جرام','ar',NULL,NULL),(671,581,'Oven Sweet Potatoes Sticks 150 Grams','en',NULL,NULL),(672,582,'البطاطا المهروسة','ar',NULL,NULL),(673,582,'Mashed Potato','en',NULL,NULL),(674,583,'دجاج اضافي','ar',NULL,NULL),(675,583,'Double chicken','en',NULL,NULL),(676,584,'إضافه جبن شيدر','ar',NULL,NULL),(677,584,'Add Cheddar Cheese','en',NULL,NULL),(678,585,'اضافه كارب 50 جرام','ar',NULL,NULL),(679,585,'Add carbs 50 grams','en',NULL,NULL),(680,586,'تشيزي راب','ar',NULL,NULL),(681,586,'Cheesy Wrap','en',NULL,NULL),(682,587,'حلومي راب','ar',NULL,NULL),(683,587,'Halloumi wrap','en',NULL,NULL),(684,588,'دوريتوس راب','ar',NULL,NULL),(685,588,'Doritos Wrap','en',NULL,NULL),(686,589,'تويستر راب','ar',NULL,NULL),(687,589,'Twister Wrap','en',NULL,NULL),(688,590,'ستريبس راب','ar',NULL,NULL),(689,590,'Strips Wrap','en',NULL,NULL),(690,591,'تشيزي راب','ar',NULL,NULL),(691,591,'Cheesy Wrap','en',NULL,NULL),(692,592,'حلومي راب','ar',NULL,NULL),(693,592,'Halloumi wrap','en',NULL,NULL),(694,593,'دوريتوس راب','ar',NULL,NULL),(695,593,'Doritos Wrap','en',NULL,NULL),(696,594,'تويستر راب','ar',NULL,NULL),(697,594,'Twister Wrap','en',NULL,NULL),(698,595,'ستريبس راب','ar',NULL,NULL),(699,595,'Strips Wrap','en',NULL,NULL),(700,600,'تشيزي راب','ar',NULL,NULL),(701,600,'Cheesy Wrap','en',NULL,NULL),(702,601,'حلومي راب','ar',NULL,NULL),(703,601,'Halloumi wrap','en',NULL,NULL),(704,602,'دوريتوس راب','ar',NULL,NULL),(705,602,'Doritos Wrap','en',NULL,NULL),(706,603,'تويستر راب','ar',NULL,NULL),(707,603,'Twister Wrap','en',NULL,NULL),(708,604,'ستريبس راب','ar',NULL,NULL),(709,604,'Strips Wrap','en',NULL,NULL),(710,605,'أصابع بطاطا بالفرن 150 جرام','ar',NULL,NULL),(711,605,'Oven Potatoes Sticks 150 Grams','en',NULL,NULL),(712,606,'أصابع بطاطا حلوة بالفرن 150 جرام','ar',NULL,NULL),(713,606,'Oven Sweet Potatoes Sticks 150 Grams','en',NULL,NULL),(714,607,'البطاطا المهروسة','ar',NULL,NULL),(715,607,'Mashed Potato','en',NULL,NULL),(716,608,'أرز أبيض','ar',NULL,NULL),(717,608,'White Rice','en',NULL,NULL),(718,609,'أرز أصفر','ar',NULL,NULL),(719,609,'Yellow Rice','en',NULL,NULL),(720,610,'البطاطا المهروسة','ar',NULL,NULL),(721,610,'Mashed Potato','en',NULL,NULL),(722,620,'اضف المزيد من البروتين 50 جرام','ar',NULL,NULL),(723,620,'Add more protein 50g','en',NULL,NULL),(724,621,'اضف المزيد من الكاربوهيدرات 50 جرام','ar',NULL,NULL),(725,621,'Add more carbs 50g','en',NULL,NULL),(726,622,'أرز أبيض','ar',NULL,NULL),(727,622,'White Rice','en',NULL,NULL),(728,623,'أرز أصفر','ar',NULL,NULL),(729,623,'Yellow Rice','en',NULL,NULL),(730,624,'البطاطا المهروسة','ar',NULL,NULL),(731,624,'Mashed Potato','en',NULL,NULL),(732,625,'اضف المزيد من البروتين 50 جرام','ar',NULL,NULL),(733,625,'Add more protein 50g','en',NULL,NULL),(734,626,'اضف المزيد من الكاربوهيدرات 50 جرام','ar',NULL,NULL),(735,626,'Add more carbs 50g','en',NULL,NULL),(736,627,'أرز أبيض','ar',NULL,NULL),(737,627,'White Rice','en',NULL,NULL),(738,628,'أرز أصفر','ar',NULL,NULL),(739,628,'Yellow Rice','en',NULL,NULL),(740,629,'البطاطا المهروسة','ar',NULL,NULL),(741,629,'Mashed Potato','en',NULL,NULL),(742,630,'اضف المزيد من البروتين 50 جرام','ar',NULL,NULL),(743,630,'Add more protein 50g','en',NULL,NULL),(744,631,'اضف المزيد من الكاربوهيدرات 50 جرام','ar',NULL,NULL),(745,631,'Add more carbs 50g','en',NULL,NULL),(746,632,'بطاطه مهروسه 150 جرام','ar',NULL,NULL),(747,632,'Mashed potato 150 grams','en',NULL,NULL),(748,633,'بطاط عادي مقلي بالهواء 150 جرام','ar',NULL,NULL),(749,633,'Regular air fried potatoes 150 grams','en',NULL,NULL),(750,634,'بطاط حلوه مقلي بالهواء 150 جرام','ar',NULL,NULL),(751,634,'Air fried sweet potatoes 150 grams','en',NULL,NULL),(752,635,'2 بيض اضافي','ar',NULL,NULL),(753,635,'2 extra eggs','en',NULL,NULL),(754,636,'اضافه 50 جرام كارب','ar',NULL,NULL),(755,636,'Add 50 grams of carbs','en',NULL,NULL),(756,637,'اضافه مشروم','ar',NULL,NULL),(757,637,'Add mushroom','en',NULL,NULL),(758,638,'أصابع بطاطا حلوة مقلية بالهواء 150 جرام','ar',NULL,NULL),(759,638,'Fried Sweet Potato Fingers In the air 150 grams','en',NULL,NULL),(760,639,'اصابع بطاطا مقلية بالفرن 150 جم','ar',NULL,NULL),(761,639,'French Fries Fingers In the Oven 150 G','en',NULL,NULL),(762,640,'بطاطا مهروسة 150 جرام','ar',NULL,NULL),(763,640,'Mashed Potatoes 150g','en',NULL,NULL),(764,641,'لحم عضوي دوبل','ar',NULL,NULL),(765,641,'Double Organic Meat','en',NULL,NULL),(766,642,'أضف مشروم','ar',NULL,NULL),(767,642,'Add Mushroom','en',NULL,NULL),(768,643,'أضف جبنة','ar',NULL,NULL),(769,643,'Add Cheese','en',NULL,NULL);

--
-- Table structure for table `feature_options`
--

CREATE TABLE `feature_options` (
  `id` int unsigned NOT NULL AUTO_INCREMENT,
  `price` decimal(8,2) DEFAULT '0.00',
  `count` int DEFAULT '0',
  `feature_id` int unsigned DEFAULT NULL,
  `created_at` timestamp NULL DEFAULT NULL,
  `updated_at` timestamp NULL DEFAULT NULL,
  `color` varchar(191) COLLATE utf8mb4_unicode_ci DEFAULT NULL,
  PRIMARY KEY (`id`),
  KEY `feature_options_feature_id_foreign` (`feature_id`),
  CONSTRAINT `feature_options_feature_id_foreign` FOREIGN KEY (`feature_id`) REFERENCES `features` (`id`) ON DELETE CASCADE
) ENGINE=InnoDB AUTO_INCREMENT=644 DEFAULT CHARSET=utf8mb4 COLLATE=utf8mb4_unicode_ci;

--
-- Dumping data for table `feature_options`
--

INSERT INTO `feature_options` (`id`, `price`, `count`, `feature_id`, `created_at`, `updated_at`, `color`) VALUES (12,NULL,NULL,5,'2022-11-08 07:42:58','2022-11-08 07:42:58','#000000'),(13,NULL,NULL,5,'2022-11-08 07:43:05','2022-11-08 07:43:05','#ff0000'),(14,NULL,NULL,5,'2022-11-08 07:43:12','2022-11-08 07:43:12','#03fcb1'),(15,NULL,NULL,5,'2022-11-08 07:43:20','2022-11-08 07:43:20','#ff7e05'),(16,NULL,NULL,7,'2022-11-20 13:59:55','2022-11-20 13:59:55','#000000'),(17,NULL,NULL,7,'2022-11-20 14:00:02','2022-11-20 14:00:02','#000000'),(18,NULL,NULL,7,'2022-11-20 14:00:14','2022-11-20 14:00:14','#000000'),(19,NULL,NULL,8,'2022-11-20 14:00:49','2022-11-20 14:00:49','#db0000'),(20,NULL,NULL,10,'2022-11-20 14:48:29','2022-11-20 14:48:29','#000000'),(23,NULL,NULL,10,'2022-11-20 14:48:46','2022-11-20 14:48:46','#000000'),(25,NULL,NULL,11,'2022-11-20 14:49:45','2022-11-20 14:49:45','#e10e0e'),(26,2.00,NULL,12,'2022-11-20 14:53:20','2023-03-03 16:58:42','#000000'),(27,23.00,NULL,12,'2022-11-20 14:53:34','2023-03-03 16:58:42','#000000'),(28,324.00,NULL,12,'2022-11-20 14:53:39','2023-03-03 16:58:43','#000000'),(31,43.00,NULL,12,'2022-11-20 14:56:07','2023-03-03 16:58:45','#000000'),(52,NULL,NULL,25,'2023-01-24 19:35:27','2023-01-24 19:35:27','#e00000'),(53,NULL,NULL,25,'2023-01-24 19:35:35','2023-01-24 19:35:35','#02de44'),(54,NULL,NULL,26,'2023-01-24 19:36:23','2023-01-24 19:36:23','#a51d1d'),(55,NULL,NULL,26,'2023-01-24 19:36:31','2023-01-24 19:36:31','#04b439'),(56,NULL,NULL,26,'2023-01-24 19:36:38','2023-01-24 19:36:38','#280606'),(57,NULL,NULL,26,'2023-01-24 19:36:38','2023-01-24 19:36:38','#280606'),(58,3.00,NULL,27,'2023-03-16 10:15:42','2023-03-16 10:15:42',NULL),(59,2.00,NULL,27,'2023-03-18 05:28:32','2023-03-18 05:28:32',NULL),(60,1.00,NULL,27,'2023-03-18 05:28:56','2023-03-18 05:28:56',NULL),(79,NULL,NULL,29,'2023-07-02 13:23:59','2023-07-05 16:47:53',NULL),(83,NULL,NULL,29,'2023-07-05 08:21:47','2023-07-05 16:47:59',NULL),(85,0.00,NULL,33,'2023-07-05 08:24:43','2023-09-23 20:06:28',NULL),(86,0.00,NULL,33,'2023-07-05 08:25:30','2023-09-23 20:06:32',NULL),(87,0.00,NULL,33,'2023-07-05 08:25:32','2023-09-23 20:06:36',NULL),(92,0.00,NULL,40,'2023-07-05 16:24:34','2023-07-05 16:24:34',NULL),(93,NULL,NULL,40,'2023-07-05 16:24:51','2023-07-05 16:24:51',NULL),(94,NULL,NULL,40,'2023-07-05 16:25:00','2023-07-05 16:25:00',NULL),(95,NULL,NULL,40,'2023-07-05 16:25:34','2023-07-05 16:25:34',NULL),(96,NULL,NULL,40,'2023-07-05 16:25:34','2023-07-05 16:25:34',NULL),(97,1.10,NULL,43,'2023-07-05 16:26:44','2023-07-05 16:26:44',NULL),(98,0.35,NULL,43,'2023-07-05 16:26:45','2023-07-05 16:26:45',NULL),(175,0.90,NULL,51,'2023-07-05 16:49:49','2023-07-05 16:50:04',NULL),(176,0.30,NULL,51,'2023-07-05 16:50:36','2023-07-05 16:50:36',NULL),(178,0.35,NULL,51,'2023-07-05 16:50:56','2024-06-06 20:20:17',NULL),(180,NULL,NULL,52,'2023-07-05 16:53:10','2023-07-05 16:53:10',NULL),(181,NULL,NULL,52,'2023-07-05 16:53:32','2023-07-05 16:53:32',NULL),(182,NULL,NULL,53,'2023-07-05 16:54:46','2023-07-05 16:54:46',NULL),(183,NULL,NULL,53,'2023-07-05 16:54:47','2023-07-05 16:54:47',NULL),(184,NULL,NULL,54,'2023-07-05 16:55:24','2023-07-05 16:55:24',NULL),(185,NULL,NULL,54,'2023-07-05 16:55:52','2023-07-05 16:55:52',NULL),(186,NULL,NULL,54,'2023-07-05 16:55:53','2023-07-05 16:55:53',NULL),(187,0.90,NULL,55,'2023-07-05 16:56:31','2023-07-05 16:56:40',NULL),(189,NULL,NULL,57,'2023-07-08 06:01:09','2023-07-08 06:01:09',NULL),(190,NULL,NULL,57,'2023-07-08 06:01:26','2023-07-08 06:01:26',NULL),(191,NULL,NULL,57,'2023-07-08 06:01:26','2023-07-08 06:01:26',NULL),(192,NULL,NULL,57,'2023-07-08 06:01:39','2023-07-08 06:01:39',NULL),(193,0.35,NULL,58,'2023-07-08 06:02:24','2023-07-08 06:02:24',NULL),(194,NULL,NULL,59,'2023-07-08 06:03:58','2023-07-08 06:03:58',NULL),(195,NULL,NULL,59,'2023-07-08 06:03:59','2023-07-08 06:03:59',NULL),(196,NULL,NULL,59,'2023-07-08 06:04:00','2023-07-08 06:04:00',NULL),(197,0.35,NULL,60,'2023-07-08 06:04:48','2023-07-08 06:04:48',NULL),(198,NULL,NULL,61,'2023-07-08 06:06:14','2023-07-08 06:06:14',NULL),(199,NULL,NULL,61,'2023-07-08 06:06:14','2023-07-08 06:06:14',NULL),(200,NULL,NULL,61,'2023-07-08 06:06:15','2023-07-08 06:06:15',NULL),(201,NULL,NULL,62,'2023-07-08 06:06:53','2023-07-08 06:06:53',NULL),(202,NULL,NULL,62,'2023-07-08 06:07:05','2023-07-08 06:07:05',NULL),(203,0.90,NULL,63,'2023-07-08 06:08:03','2023-07-08 06:08:03',NULL),(206,NULL,NULL,64,'2023-07-08 06:09:23','2023-07-08 06:09:23',NULL),(207,NULL,NULL,64,'2023-07-08 06:09:23','2023-07-08 06:09:23',NULL),(215,NULL,NULL,64,'2023-07-08 06:10:10','2023-07-08 06:10:10',NULL),(216,0.90,NULL,65,'2023-07-08 06:10:47','2023-07-08 06:10:47',NULL),(217,0.35,NULL,65,'2023-07-08 06:11:04','2024-10-05 00:20:15',NULL),(218,0.35,NULL,65,'2023-07-08 06:11:21','2023-07-08 06:11:21',NULL),(227,NULL,NULL,66,'2023-07-08 06:12:28','2023-07-08 06:12:28',NULL),(228,NULL,NULL,66,'2023-07-08 06:12:42','2023-07-08 06:12:42',NULL),(229,NULL,NULL,69,'2023-07-08 06:18:14','2023-07-08 06:18:14',NULL),(230,NULL,NULL,69,'2023-07-08 06:18:26','2023-07-08 06:18:26',NULL),(231,NULL,NULL,69,'2023-07-08 06:18:39','2023-07-08 06:18:39',NULL),(238,NULL,NULL,71,'2023-07-08 06:20:06','2023-07-08 06:20:06',NULL),(239,NULL,NULL,71,'2023-07-08 06:20:18','2023-07-08 06:20:18',NULL),(243,0.35,NULL,70,'2023-07-08 06:20:37','2023-07-08 06:20:48',NULL),(250,NULL,NULL,72,'2023-07-08 06:22:37','2023-07-08 06:22:37',NULL),(251,NULL,NULL,72,'2023-07-08 06:22:51','2023-07-08 06:22:51',NULL),(252,NULL,NULL,72,'2023-07-08 06:23:04','2023-07-08 06:23:04',NULL),(253,NULL,NULL,73,'2023-07-08 06:23:29','2023-07-08 06:23:29',NULL),(254,NULL,NULL,73,'2023-07-08 06:23:43','2023-07-08 06:23:43',NULL),(258,NULL,NULL,74,'2023-07-08 06:25:25','2023-07-08 06:25:25',NULL),(263,NULL,NULL,74,'2023-07-08 06:25:35','2023-07-08 06:25:35',NULL),(264,NULL,NULL,74,'2023-07-08 06:25:51','2023-07-08 06:25:51',NULL),(267,0.35,NULL,75,'2023-07-08 06:26:30','2023-07-08 06:26:30',NULL),(268,0.90,NULL,75,'2023-07-08 06:26:49','2023-07-08 06:26:49',NULL),(272,NULL,NULL,76,'2023-07-08 06:27:35','2023-07-08 06:27:35',NULL),(273,NULL,NULL,76,'2023-07-08 06:27:52','2023-07-08 06:27:52',NULL),(274,NULL,NULL,77,'2023-07-08 06:31:49','2023-07-08 06:31:49',NULL),(275,NULL,NULL,77,'2023-07-08 06:32:00','2023-07-08 06:32:00',NULL),(276,NULL,NULL,77,'2023-07-08 06:32:10','2023-07-08 06:32:10',NULL),(280,0.35,NULL,78,'2023-07-08 06:32:58','2023-07-08 06:32:58',NULL),(281,0.30,NULL,78,'2023-07-08 06:33:15','2023-07-08 06:33:15',NULL),(282,0.60,NULL,78,'2023-07-08 06:33:30','2023-07-08 06:33:30',NULL),(283,NULL,NULL,80,'2023-07-08 06:34:31','2023-07-08 06:34:31',NULL),(284,NULL,NULL,80,'2023-07-08 06:34:32','2023-07-08 06:34:32',NULL),(285,1.65,NULL,81,'2023-07-09 06:59:48','2023-07-09 06:59:48',NULL),(286,1.85,NULL,81,'2023-07-09 07:00:08','2023-07-09 07:00:08',NULL),(287,0.75,NULL,81,'2023-07-09 07:00:25','2023-07-09 07:00:25',NULL),(297,0.35,NULL,82,'2023-07-09 07:02:12','2023-07-09 07:02:12',NULL),(301,0.90,NULL,82,'2023-07-09 07:02:27','2023-07-09 07:02:27',NULL),(302,0.75,NULL,87,'2023-07-09 07:03:36','2023-07-09 07:03:36',NULL),(303,1.65,NULL,87,'2023-07-09 07:04:08','2023-07-09 07:04:08',NULL),(304,1.85,NULL,87,'2023-07-09 07:04:31','2023-07-09 07:04:31',NULL),(307,0.90,NULL,89,'2023-07-09 07:05:33','2023-07-09 07:05:33',NULL),(308,0.35,NULL,89,'2023-07-09 07:05:34','2023-07-09 07:05:34',NULL),(309,0.75,NULL,90,'2023-07-09 07:06:28','2023-07-09 07:06:28',NULL),(310,1.65,NULL,90,'2023-07-09 07:06:46','2023-07-09 07:06:46',NULL),(312,1.85,NULL,90,'2023-07-09 07:07:02','2023-07-09 07:07:02',NULL),(317,0.90,NULL,91,'2023-07-09 07:07:56','2023-07-09 07:07:56',NULL),(333,0.35,NULL,91,'2023-07-09 07:09:21','2023-07-09 07:09:21',NULL),(339,1.65,NULL,93,'2023-07-09 13:24:46','2023-07-09 13:24:46',NULL),(353,1.85,NULL,93,'2023-07-09 13:25:14','2023-07-09 13:25:14',NULL),(373,0.75,NULL,93,'2023-07-09 13:26:24','2023-07-09 13:26:24',NULL),(374,0.35,NULL,94,'2023-07-09 13:27:44','2023-07-09 13:27:44',NULL),(375,0.90,NULL,94,'2023-07-09 13:28:01','2023-07-09 13:28:01',NULL),(376,NULL,NULL,95,'2023-07-09 13:29:09','2023-07-09 13:29:09',NULL),(377,NULL,NULL,95,'2023-07-09 13:29:24','2023-07-09 13:29:24',NULL),(378,NULL,NULL,95,'2023-07-09 13:29:37','2023-07-09 13:29:37',NULL),(379,NULL,NULL,95,'2023-07-09 13:29:52','2023-07-09 13:29:52',NULL),(380,NULL,NULL,95,'2023-07-09 13:30:00','2023-07-09 13:30:00',NULL),(385,0.35,NULL,96,'2023-07-09 13:31:44','2023-07-09 13:31:44',NULL),(386,0.90,NULL,96,'2023-07-09 13:31:58','2023-07-09 13:31:58',NULL),(387,0.75,NULL,97,'2023-07-09 13:33:19','2023-07-09 13:33:19',NULL),(388,1.65,NULL,97,'2023-07-09 13:33:35','2023-07-09 13:33:35',NULL),(389,1.85,NULL,97,'2023-07-09 13:33:55','2023-07-09 13:33:55',NULL),(394,0.90,NULL,98,'2023-07-09 13:34:44','2023-07-09 13:34:44',NULL),(395,0.35,NULL,98,'2023-07-09 13:35:01','2023-07-09 13:35:01',NULL),(396,0.75,NULL,99,'2023-07-18 07:55:09','2023-07-18 07:55:09',NULL),(397,1.65,NULL,99,'2023-07-18 07:55:25','2023-07-18 07:55:25',NULL),(398,1.85,NULL,99,'2023-07-18 07:55:42','2023-07-18 07:55:42',NULL),(399,0.60,NULL,100,'2023-07-18 07:56:31','2023-10-28 15:06:23',NULL),(400,0.35,NULL,100,'2023-07-18 07:56:53','2023-07-18 07:56:53',NULL),(401,0.75,NULL,101,'2023-07-18 07:58:05','2023-07-18 07:58:05',NULL),(402,1.65,NULL,101,'2023-07-18 07:58:23','2023-07-18 07:58:23',NULL),(403,1.85,NULL,101,'2023-07-18 07:58:40','2023-07-18 07:58:40',NULL),(404,0.90,NULL,102,'2023-07-18 07:59:20','2023-07-18 07:59:20',NULL),(405,0.35,NULL,102,'2023-07-18 07:59:35','2023-07-18 07:59:35',NULL),(406,0.75,NULL,103,'2023-07-18 08:00:30','2023-07-18 08:00:30',NULL),(407,1.65,NULL,103,'2023-07-18 08:00:46','2023-07-18 08:00:46',NULL),(408,1.85,NULL,103,'2023-07-18 08:01:05','2023-07-18 08:01:05',NULL),(413,0.35,NULL,104,'2023-07-18 08:02:24','2023-07-18 08:02:24',NULL),(415,0.90,NULL,104,'2023-07-18 08:02:40','2023-07-18 08:02:40',NULL),(416,NULL,NULL,105,'2023-07-18 08:04:21','2023-07-18 08:04:21',NULL),(417,NULL,NULL,105,'2023-07-18 08:04:32','2023-07-18 08:04:32',NULL),(418,NULL,NULL,105,'2023-07-18 08:04:43','2023-07-18 08:04:43',NULL),(419,NULL,NULL,105,'2023-07-18 08:04:53','2023-07-18 08:04:53',NULL),(420,NULL,NULL,105,'2023-07-18 08:05:05','2023-07-18 08:05:05',NULL),(421,1.10,NULL,106,'2023-07-18 08:05:45','2023-07-18 08:05:45',NULL),(422,0.35,NULL,106,'2023-07-18 08:05:59','2023-07-18 08:05:59',NULL),(423,NULL,NULL,107,'2023-07-18 08:07:43','2023-07-18 08:07:43',NULL),(424,NULL,NULL,107,'2023-07-18 08:07:52','2023-07-18 08:07:52',NULL),(425,NULL,NULL,107,'2023-07-18 08:08:19','2023-07-18 08:08:19',NULL),(426,NULL,NULL,107,'2023-07-18 08:08:54','2023-07-18 08:08:54',NULL),(427,1.10,NULL,108,'2023-07-18 08:09:53','2023-07-18 08:09:53',NULL),(428,0.35,NULL,108,'2023-07-18 08:10:13','2023-07-18 08:10:13',NULL),(429,0.75,NULL,109,'2023-07-18 08:16:36','2023-07-18 08:16:36',NULL),(430,1.65,NULL,109,'2023-07-18 08:16:50','2023-07-18 08:16:50',NULL),(431,1.85,NULL,109,'2023-07-18 08:17:05','2023-07-18 08:17:05',NULL),(432,0.35,NULL,110,'2023-07-18 08:17:39','2023-07-18 08:17:39',NULL),(433,0.90,NULL,110,'2023-07-18 08:17:54','2023-07-18 08:17:54',NULL),(434,NULL,NULL,111,'2023-07-18 08:18:45','2023-07-18 08:18:45',NULL),(435,NULL,NULL,111,'2023-07-18 08:18:55','2023-07-18 08:18:55',NULL),(436,NULL,NULL,111,'2023-07-18 08:19:06','2023-07-18 08:19:06',NULL),(437,NULL,NULL,111,'2023-07-18 08:19:16','2023-07-18 08:19:16',NULL),(438,NULL,NULL,111,'2023-07-18 08:19:27','2023-07-18 08:19:27',NULL),(439,0.35,NULL,112,'2023-07-18 08:19:59','2023-07-18 08:19:59',NULL),(440,0.90,NULL,112,'2023-07-18 08:20:21','2023-07-18 08:20:21',NULL),(441,NULL,NULL,113,'2023-07-18 08:22:10','2023-07-18 08:22:10',NULL),(442,NULL,NULL,113,'2023-07-18 08:22:19','2023-07-18 08:22:19',NULL),(443,NULL,NULL,113,'2023-07-18 08:22:31','2023-07-18 08:22:31',NULL),(444,NULL,NULL,113,'2023-07-18 08:22:41','2023-07-18 08:22:41',NULL),(445,NULL,NULL,113,'2023-07-18 08:22:52','2023-07-18 08:22:52',NULL),(446,0.35,NULL,114,'2023-07-18 08:23:32','2023-07-18 08:23:32',NULL),(447,0.90,NULL,114,'2023-07-18 08:24:23','2023-07-18 08:24:23',NULL),(457,NULL,NULL,115,'2023-07-18 08:28:12','2023-07-18 08:28:12',NULL),(458,NULL,NULL,115,'2023-07-18 08:28:23','2023-07-18 08:28:23',NULL),(459,NULL,NULL,115,'2023-07-18 08:28:33','2023-07-18 08:28:33',NULL),(460,NULL,NULL,115,'2023-07-18 08:28:47','2023-07-18 08:28:47',NULL),(461,NULL,NULL,115,'2023-07-18 08:29:00','2023-07-18 08:29:00',NULL),(462,0.90,NULL,116,'2023-07-18 08:29:47','2023-07-18 08:29:47',NULL),(463,0.35,NULL,116,'2023-07-18 08:30:02','2023-07-18 08:30:02',NULL),(467,1.65,NULL,118,'2023-11-05 16:12:15','2023-11-05 16:12:15',NULL),(469,1.85,NULL,118,'2023-11-05 16:13:04','2023-11-05 16:13:04',NULL),(471,0.75,NULL,118,'2023-11-05 16:13:54','2023-11-05 16:13:54',NULL),(475,0.90,NULL,119,'2023-11-05 16:16:11','2023-11-05 16:16:11',NULL),(476,0.35,NULL,119,'2023-11-05 16:18:52','2023-11-05 16:18:52',NULL),(479,0.75,NULL,121,'2023-11-05 16:46:53','2023-11-05 16:46:53',NULL),(481,1.65,NULL,121,'2023-11-05 16:47:10','2023-11-05 16:47:10',NULL),(483,1.85,NULL,121,'2023-11-05 16:47:26','2023-11-05 16:47:26',NULL),(485,0.35,NULL,123,'2023-11-05 16:48:59','2023-11-05 16:48:59',NULL),(486,0.90,NULL,123,'2023-11-05 16:49:16','2023-11-05 16:49:16',NULL),(488,NULL,NULL,125,'2023-11-05 16:53:48','2023-11-05 16:53:48',NULL),(489,NULL,NULL,125,'2023-11-05 16:53:49','2023-11-05 16:53:49',NULL),(490,NULL,NULL,125,'2023-11-05 16:53:50','2023-11-05 16:53:50',NULL),(491,0.35,NULL,127,'2023-11-05 16:54:29','2023-11-05 16:54:29',NULL),(492,NULL,NULL,128,'2023-11-05 16:55:09','2023-11-05 16:55:09',NULL),(493,NULL,NULL,128,'2023-11-05 16:55:10','2023-11-05 16:55:10',NULL),(494,NULL,NULL,129,'2023-11-05 16:57:45','2023-11-05 16:57:45',NULL),(495,NULL,NULL,129,'2023-11-05 16:57:46','2023-11-05 16:57:46',NULL),(496,NULL,NULL,129,'2023-11-05 16:57:46','2023-11-05 16:57:46',NULL),(497,NULL,NULL,130,'2023-11-05 18:41:36','2023-11-05 18:41:36',NULL),(498,NULL,NULL,130,'2023-11-05 18:41:47','2023-11-05 18:41:47',NULL),(499,NULL,NULL,130,'2023-11-05 18:42:25','2023-11-05 18:42:25',NULL),(501,0.30,NULL,131,'2023-11-05 18:43:12','2023-11-05 18:43:12',NULL),(502,0.35,NULL,131,'2023-11-05 18:43:31','2023-11-05 18:43:31',NULL),(505,0.90,NULL,131,'2023-11-05 18:44:04','2023-11-05 18:44:04',NULL),(507,NULL,NULL,132,'2023-11-05 18:44:34','2023-11-05 18:44:34',NULL),(508,NULL,NULL,132,'2023-11-05 18:44:44','2023-11-05 18:44:44',NULL),(509,0.30,NULL,63,'2023-11-11 21:49:34','2023-11-11 21:49:34',NULL),(524,NULL,NULL,133,'2024-04-29 03:15:15','2024-04-29 03:15:15',NULL),(525,NULL,NULL,134,'2024-04-29 03:16:43','2024-04-29 03:16:43',NULL),(526,NULL,NULL,135,'2024-04-29 03:17:36','2024-04-29 03:17:36',NULL),(527,NULL,NULL,136,'2024-04-29 03:19:28','2024-04-29 03:19:28',NULL),(528,NULL,NULL,137,'2024-04-29 03:20:50','2024-04-29 03:20:50',NULL),(529,NULL,NULL,138,'2024-04-29 03:22:19','2024-04-29 03:22:19',NULL),(530,0.00,NULL,139,'2024-05-08 20:52:33','2024-05-08 21:05:59',NULL),(531,NULL,NULL,140,'2024-05-08 20:53:13','2024-05-08 20:53:13',NULL),(532,NULL,NULL,140,'2024-05-08 20:53:30','2024-05-08 20:53:30',NULL),(533,NULL,NULL,140,'2024-05-08 20:54:00','2024-05-08 20:54:00',NULL),(534,0.90,NULL,141,'2024-05-08 20:55:39','2024-05-08 20:55:53',NULL),(535,0.35,NULL,141,'2024-05-08 20:56:27','2024-05-08 20:56:42',NULL),(536,0.35,NULL,141,'2024-05-08 20:58:50','2024-05-08 20:58:50',NULL),(537,NULL,NULL,142,'2024-05-08 22:20:04','2024-05-08 22:20:04',NULL),(538,NULL,NULL,142,'2024-05-08 22:20:15','2024-05-08 22:20:15',NULL),(539,NULL,NULL,142,'2024-05-08 22:20:25','2024-05-08 22:20:25',NULL),(540,0.90,NULL,143,'2024-05-08 22:20:59','2024-05-08 22:20:59',NULL),(541,0.35,NULL,143,'2024-05-08 22:21:14','2024-05-08 22:21:14',NULL),(542,0.35,NULL,143,'2024-05-08 22:21:46','2024-05-08 22:21:46',NULL),(544,0.00,NULL,144,'2024-05-09 00:10:48','2024-05-09 00:11:15',NULL),(561,0.00,NULL,144,'2024-05-09 00:12:08','2024-05-09 00:12:17',NULL),(562,NULL,NULL,144,'2024-05-09 00:13:20','2024-05-09 00:13:20',NULL),(563,NULL,NULL,144,'2024-05-09 00:13:44','2024-05-09 00:13:44',NULL),(574,0.90,NULL,145,'2024-05-09 00:15:14','2024-05-09 00:15:14',NULL),(575,0.35,NULL,145,'2024-05-09 00:15:33','2024-05-09 00:15:33',NULL),(576,0.35,NULL,146,'2024-05-09 23:48:49','2024-05-09 23:49:09',NULL),(577,0.35,NULL,147,'2024-05-14 21:42:06','2024-05-14 21:42:06',NULL),(578,0.45,NULL,147,'2024-05-14 21:42:33','2024-05-14 21:42:33',NULL),(579,0.65,NULL,147,'2024-05-14 21:42:51','2024-05-14 21:42:51',NULL),(580,NULL,NULL,148,'2024-05-25 20:08:03','2024-05-25 20:08:03',NULL),(581,NULL,NULL,148,'2024-05-25 20:08:15','2024-05-25 20:08:15',NULL),(582,NULL,NULL,148,'2024-05-25 20:08:30','2024-05-25 20:08:30',NULL),(583,0.90,NULL,149,'2024-05-25 20:21:54','2024-05-25 20:21:54',NULL),(584,0.35,NULL,149,'2024-05-25 20:22:12','2024-05-25 20:22:12',NULL),(585,0.35,NULL,149,'2024-05-25 20:22:27','2024-05-25 20:22:27',NULL),(586,NULL,NULL,150,'2024-07-02 09:32:29','2024-07-02 09:32:29',NULL),(587,NULL,NULL,150,'2024-07-02 09:32:46','2024-07-02 09:32:46',NULL),(588,NULL,NULL,150,'2024-07-02 09:33:16','2024-07-02 09:33:16',NULL),(589,NULL,NULL,150,'2024-07-02 09:33:57','2024-07-02 09:33:57',NULL),(590,NULL,NULL,150,'2024-07-02 09:33:58','2024-07-02 09:33:58',NULL),(591,NULL,NULL,151,'2024-07-02 09:34:33','2024-07-02 09:34:33',NULL),(592,NULL,NULL,151,'2024-07-02 09:34:35','2024-07-02 09:34:35',NULL),(593,NULL,NULL,151,'2024-07-02 09:34:49','2024-07-02 09:34:49',NULL),(594,NULL,NULL,151,'2024-07-02 09:34:55','2024-07-02 09:34:55',NULL),(595,NULL,NULL,151,'2024-07-02 09:35:04','2024-07-02 09:35:04',NULL),(600,NULL,NULL,152,'2024-07-02 09:36:24','2024-07-02 09:36:24',NULL),(601,NULL,NULL,152,'2024-07-02 09:36:38','2024-07-02 09:36:38',NULL),(602,NULL,NULL,152,'2024-07-02 09:36:49','2024-07-02 09:36:49',NULL),(603,0.00,NULL,152,'2024-07-02 09:37:06','2024-07-02 09:37:07',NULL),(604,NULL,NULL,152,'2024-07-02 09:37:14','2024-07-02 09:37:14',NULL),(605,NULL,NULL,153,'2024-07-27 01:40:01','2024-07-27 01:40:01',NULL),(606,NULL,NULL,153,'2024-07-27 01:40:17','2024-07-27 01:40:17',NULL),(607,NULL,NULL,153,'2024-07-27 01:40:34','2024-07-27 01:40:34',NULL),(608,NULL,NULL,154,'2024-08-18 18:46:33','2024-08-18 18:46:33',NULL),(609,NULL,NULL,154,'2024-08-18 18:46:46','2024-08-18 18:46:46',NULL),(610,NULL,NULL,154,'2024-08-18 18:46:58','2024-08-18 18:46:58',NULL),(620,0.90,NULL,155,'2024-08-18 18:48:58','2024-08-18 18:48:58',NULL),(621,0.35,NULL,155,'2024-08-18 18:49:14','2024-08-18 18:49:14',NULL),(622,NULL,NULL,156,'2024-08-18 18:52:17','2024-08-18 18:52:17',NULL),(623,NULL,NULL,156,'2024-08-18 18:52:30','2024-08-18 18:52:30',NULL),(624,NULL,NULL,156,'2024-08-18 18:52:52','2024-08-18 18:52:52',NULL),(625,0.90,NULL,157,'2024-08-18 18:53:25','2024-08-18 18:53:25',NULL),(626,0.35,NULL,157,'2024-08-18 18:59:55','2024-08-18 18:59:55',NULL),(627,NULL,NULL,158,'2024-08-18 19:03:49','2024-08-18 19:03:49',NULL),(628,NULL,NULL,158,'2024-08-18 19:04:01','2024-08-18 19:04:01',NULL),(629,NULL,NULL,158,'2024-08-18 19:04:15','2024-08-18 19:04:15',NULL),(630,0.90,NULL,159,'2024-08-18 19:05:08','2024-08-18 19:05:08',NULL),(631,0.35,NULL,159,'2024-08-18 19:05:44','2024-08-18 19:05:44',NULL),(632,NULL,NULL,160,'2024-10-05 00:04:46','2024-10-05 00:04:46',NULL),(633,NULL,NULL,160,'2024-10-05 00:05:20','2024-10-05 00:05:20',NULL),(634,NULL,NULL,160,'2024-10-05 00:05:40','2024-10-05 00:05:40',NULL),(635,0.75,NULL,161,'2024-10-05 00:06:46','2024-10-05 00:06:46',NULL),(636,0.35,NULL,161,'2024-10-05 00:07:06','2024-10-05 00:07:18',NULL),(637,0.35,NULL,161,'2024-10-05 00:07:50','2024-10-05 00:07:50',NULL),(638,NULL,NULL,162,'2024-10-05 00:17:36','2024-10-05 00:17:36',NULL),(639,NULL,NULL,162,'2024-10-05 00:18:15','2024-10-05 00:18:15',NULL),(640,NULL,NULL,162,'2024-10-05 00:19:05','2024-10-05 00:19:05',NULL),(641,0.90,NULL,163,'2024-10-05 00:19:48','2024-10-05 00:19:48',NULL),(642,0.35,NULL,163,'2024-10-05 00:20:26','2024-10-05 00:20:26',NULL),(643,0.35,NULL,163,'2024-10-05 00:20:44','2024-10-05 00:20:44',NULL);

--
-- Table structure for table `feature_translations`
--

CREATE TABLE `feature_translations` (
  `id` int unsigned NOT NULL AUTO_INCREMENT,
  `feature_id` int unsigned NOT NULL,
  `title` varchar(255) COLLATE utf8mb4_unicode_ci NOT NULL,
  `locale` varchar(255) COLLATE utf8mb4_unicode_ci NOT NULL,
  `created_at` timestamp NULL DEFAULT NULL,
  `updated_at` timestamp NULL DEFAULT NULL,
  PRIMARY KEY (`id`),
  UNIQUE KEY `feature_translations_feature_id_locale_unique` (`feature_id`,`locale`),
  KEY `feature_translations_locale_index` (`locale`)
) ENGINE=InnoDB AUTO_INCREMENT=330 DEFAULT CHARSET=utf8mb4 COLLATE=utf8mb4_unicode_ci;

--
-- Dumping data for table `feature_translations`
--

INSERT INTO `feature_translations` (`id`, `feature_id`, `title`, `locale`, `created_at`, `updated_at`) VALUES (9,5,'ytreytre','ar',NULL,NULL),(10,5,'etryrety','en',NULL,NULL),(13,7,'عدد الخرز','ar',NULL,NULL),(14,7,'عدد الخرز','en',NULL,NULL),(15,8,'الالوان','ar',NULL,NULL),(16,8,'الالوتن','en',NULL,NULL),(19,10,'عدد الخزر 51','ar',NULL,NULL),(20,10,'51','en',NULL,NULL),(21,11,'الالوان','ar',NULL,NULL),(22,11,'COLOR','en',NULL,NULL),(23,12,'hh','ar',NULL,NULL),(24,12,'بيسليبس','en',NULL,NULL),(25,13,'treyter','ar',NULL,NULL),(26,13,'treye','en',NULL,NULL),(35,20,'لون الكركوشة','ar',NULL,NULL),(36,20,'karkosha color','en',NULL,NULL),(39,22,'لون الكركوشة','ar',NULL,NULL),(40,22,'karkosha color','en',NULL,NULL),(41,25,'dfsgfds','ar',NULL,NULL),(42,25,'dsfgfds','en',NULL,NULL),(43,26,'hgdfhdf','ar',NULL,NULL),(44,26,'fgdhdfg','en',NULL,NULL),(45,27,'اختار الحجم','ar',NULL,NULL),(46,27,'اختار الحجم','en',NULL,NULL),(47,28,'اضافات','ar',NULL,NULL),(48,28,'اضافات','en',NULL,NULL),(49,29,'اختيارك من الخبز::','ar',NULL,NULL),(50,29,'your Choice of Bread','en',NULL,NULL),(51,33,'اختيارك للطبق الجانبي:','ar',NULL,NULL),(52,33,'Your Choice Of Side Dish:','en',NULL,NULL),(53,34,'اضافات','ar',NULL,NULL),(54,34,'اضافات','en',NULL,NULL),(55,35,'اضافة متعددة','ar',NULL,NULL),(56,35,'اضافة متعددة','en',NULL,NULL),(57,36,'cfgd','ar',NULL,NULL),(58,36,'dfdf','en',NULL,NULL),(59,38,'jkj','ar',NULL,NULL),(60,38,'oiokj','en',NULL,NULL),(62,37,'السلطات','ar',NULL,NULL),(63,37,'السلطات','en',NULL,NULL),(65,39,'اضافة','ar',NULL,NULL),(66,39,'اضافة','en',NULL,NULL),(68,30,'اضافات','ar',NULL,NULL),(69,30,'adds','en',NULL,NULL),(70,31,'اضافات','ar',NULL,NULL),(71,31,'adds','en',NULL,NULL),(72,32,'gffg','ar',NULL,NULL),(73,32,'gfcgf','en',NULL,NULL),(81,40,'أضف المزيد:','ar',NULL,NULL),(82,40,'Add more:','en',NULL,NULL),(83,41,'أضف المزيد:','ar',NULL,NULL),(84,41,'Add more:','en',NULL,NULL),(85,42,'أضف المزيد:','ar',NULL,NULL),(86,42,'Add more:','en',NULL,NULL),(87,43,'أضف المزيد:','ar',NULL,NULL),(88,43,'Add more:','en',NULL,NULL),(89,44,'الإضافات:','ar',NULL,NULL),(90,44,'Add On\'s:','en',NULL,NULL),(91,45,'الإضافات:','ar',NULL,NULL),(92,45,'Add On\'s:','en',NULL,NULL),(93,46,'الإضافات:','ar',NULL,NULL),(94,46,'Add On\'s:','en',NULL,NULL),(95,47,'الإضافات:','ar',NULL,NULL),(96,47,'Add On\'s:','en',NULL,NULL),(97,48,'الإضافات:','ar',NULL,NULL),(98,48,'Add On\'s:','en',NULL,NULL),(99,49,'الإضافات:','ar',NULL,NULL),(100,49,'Add On\'s:','en',NULL,NULL),(101,50,'الإضافات:','ar',NULL,NULL),(102,50,'Add On\'s:','en',NULL,NULL),(103,51,'الإضافات:','ar',NULL,NULL),(104,51,'Add On\'s:','en',NULL,NULL),(105,52,'اختيارك من الصوص:','ar',NULL,NULL),(106,52,'Your Choice Of Sauce:','en',NULL,NULL),(107,53,'اختيارك من الخبز:','ar',NULL,NULL),(108,53,'Your Choice Of Bread:','en',NULL,NULL),(109,54,'اختيارك من الطبق الجانبي:','ar',NULL,NULL),(110,54,'Your Choice Of Side Dish:','en',NULL,NULL),(111,55,'اضف المزيد','ar',NULL,NULL),(112,55,'Add more','en',NULL,NULL),(113,56,'ييب','ar',NULL,NULL),(114,56,'يبسي','en',NULL,NULL),(115,57,'اختيارك من','ar',NULL,NULL),(116,57,'Your Choice Of','en',NULL,NULL),(117,58,'الإضافات:','ar',NULL,NULL),(118,58,'Add On\'s:','en',NULL,NULL),(119,59,'اضافه اختيارك للطبق الجانب','ar',NULL,NULL),(120,59,'Your Choice Of Side Dish','en',NULL,NULL),(121,60,'الإضافات','ar',NULL,NULL),(122,60,'Add On\'s','en',NULL,NULL),(123,61,'الإضافات:','ar',NULL,NULL),(124,61,'Add On\'s:','en',NULL,NULL),(125,62,'اختيارك من الخبز:','ar',NULL,NULL),(126,62,'Your Choice Of Bread:','en',NULL,NULL),(127,63,'اضف المزيد','ar',NULL,NULL),(128,63,'Add more','en',NULL,NULL),(129,64,'اختيارك من الطبق الجانبي:','ar',NULL,NULL),(130,64,'Your Choice of Side Dish:','en',NULL,NULL),(131,65,'الإضافات:','ar',NULL,NULL),(132,65,'Add On\'s:','en',NULL,NULL),(133,66,'أختيارك من الخبز :','ar',NULL,NULL),(134,66,'Your Choice Of Bread:','en',NULL,NULL),(135,67,'أختيارك من الخبز :','ar',NULL,NULL),(136,67,'Your Choice Of Bread:','en',NULL,NULL),(137,68,'أختيارك من الخبز :','ar',NULL,NULL),(138,68,'Your Choice Of Bread:','en',NULL,NULL),(139,69,'اختيارك من الطبق الجانبي:','ar',NULL,NULL),(140,69,'Your Choice of Side Dish:','en',NULL,NULL),(141,70,'الإضافات:','ar',NULL,NULL),(142,70,'Add On\'s:','en',NULL,NULL),(143,71,'اختيارك من الخبز:','ar',NULL,NULL),(144,71,'Your Choice Of Bread:','en',NULL,NULL),(145,72,'اختيارك للطبق الجانبي:','ar',NULL,NULL),(146,72,'Your Choice Of Side Dish:','en',NULL,NULL),(147,73,'اختيارك من الخبز:','ar',NULL,NULL),(148,73,'your Choice of Bread:','en',NULL,NULL),(149,74,'اختيارك من الطبق الجانبي:','ar',NULL,NULL),(150,74,'Your Choice of Side Dish:','en',NULL,NULL),(151,75,'الإضافات:','ar',NULL,NULL),(152,75,'Add On\'s:','en',NULL,NULL),(153,76,'اختيارك من الخبز:','ar',NULL,NULL),(154,76,'Your Choice Of Bread:','en',NULL,NULL),(155,77,'اختيارك من الطبق الجانبي:','ar',NULL,NULL),(156,77,'Your Choice of Side Dish:','en',NULL,NULL),(157,78,'الإضافات:','ar',NULL,NULL),(158,78,'Add On\'s:','en',NULL,NULL),(159,79,'الإضافات:','ar',NULL,NULL),(160,79,'Add On\'s:','en',NULL,NULL),(161,80,'خبز البطاطا بريوشاختيارك من الخبز:','ar',NULL,NULL),(162,80,'Your Choice Of Bread:','en',NULL,NULL),(163,81,'إخيتارك من البروتين:','ar',NULL,NULL),(164,81,'your choice Of protein:','en',NULL,NULL),(165,82,'أضف المزيد:','ar',NULL,NULL),(166,83,'أضف المزيد:','ar',NULL,NULL),(167,82,'Add More:','en',NULL,NULL),(168,83,'Add More:','en',NULL,NULL),(169,84,'أضف المزيد:','ar',NULL,NULL),(170,84,'Add More:','en',NULL,NULL),(171,85,'أضف المزيد:','ar',NULL,NULL),(172,85,'Add More:','en',NULL,NULL),(173,86,'أضف المزيد:','ar',NULL,NULL),(174,86,'Add More:','en',NULL,NULL),(175,87,'اختيارك من البروتين:','ar',NULL,NULL),(176,87,'Your Choice of Protein:','en',NULL,NULL),(177,88,'اختيارك من البروتين:','ar',NULL,NULL),(178,88,'Your Choice of Protein:','en',NULL,NULL),(179,89,'اضف المزيد','ar',NULL,NULL),(180,89,'Add more','en',NULL,NULL),(181,90,'أضف اختيارك من البروتين:','ar',NULL,NULL),(182,90,'Add Your Choice Of Protein:','en',NULL,NULL),(183,91,'اضف المزيد','ar',NULL,NULL),(184,91,'Add more','en',NULL,NULL),(185,92,'اضف المزيد','ar',NULL,NULL),(186,92,'Add more','en',NULL,NULL),(187,93,'اختيارك من البروتين:','ar',NULL,NULL),(188,93,'Your Choice Of Protein:','en',NULL,NULL),(189,94,'اضف المزيد','ar',NULL,NULL),(190,94,'Add more','en',NULL,NULL),(191,95,'أختيارك من الطبق الجانبى:','ar',NULL,NULL),(192,95,'Your Choice Of Side Dish:','en',NULL,NULL),(193,96,'اضف المزيد','ar',NULL,NULL),(194,96,'Add more','en',NULL,NULL),(195,97,'اختيارك من البروتين:','ar',NULL,NULL),(196,97,'Your Choice of Protein:','en',NULL,NULL),(197,98,'اضف المزيد','ar',NULL,NULL),(198,98,'Add more','en',NULL,NULL),(199,99,'اختيارك من البروتين:','ar',NULL,NULL),(200,99,'Your Choice of Protein:','en',NULL,NULL),(201,100,'اضف المزيد','ar',NULL,NULL),(202,100,'Add more','en',NULL,NULL),(203,101,'اختيارك من البروتين:','ar',NULL,NULL),(204,101,'Your Choice of Protein:','en',NULL,NULL),(205,102,'اضف المزيد','ar',NULL,NULL),(206,102,'Add more','en',NULL,NULL),(207,103,'اختيارك من البروتين:','ar',NULL,NULL),(208,103,'Your Choice of Protein:','en',NULL,NULL),(209,104,'اضف المزيد','ar',NULL,NULL),(210,104,'Add more','en',NULL,NULL),(211,105,'إختيارك من:','ar',NULL,NULL),(212,105,'Your Choice Of:','en',NULL,NULL),(213,106,'اضف المزيد','ar',NULL,NULL),(214,106,'Add more','en',NULL,NULL),(215,107,'اختيارك من:','ar',NULL,NULL),(216,107,'Your Choice Of:','en',NULL,NULL),(217,108,'اضف المزيد:','ar',NULL,NULL),(218,108,'Add More:','en',NULL,NULL),(219,109,'اختيارك من البروتين:','ar',NULL,NULL),(220,109,'Your Choice of Protein:','en',NULL,NULL),(221,110,'اضف المزيد','ar',NULL,NULL),(222,110,'Add more','en',NULL,NULL),(223,111,'إختيارك من:','ar',NULL,NULL),(224,111,'Your Choice Of:','en',NULL,NULL),(225,112,'اضف المزيد','ar',NULL,NULL),(226,112,'Add more','en',NULL,NULL),(227,113,'إختيارك من:','ar',NULL,NULL),(228,113,'Your Choice Of :','en',NULL,NULL),(229,114,'اضف المزيد','ar',NULL,NULL),(230,114,'Add More','en',NULL,NULL),(231,115,'اختيارك من الطبق الجانبي:','ar',NULL,NULL),(232,115,'Your Choice of Side Dish:','en',NULL,NULL),(233,116,'اضف المزيد','ar',NULL,NULL),(234,116,'Add More','en',NULL,NULL),(235,117,'اضافات','ar',NULL,NULL),(236,117,'اضافات','en',NULL,NULL),(238,118,'اختيارك من البروتين :','ar',NULL,NULL),(239,118,'Your choice of protein:','en',NULL,NULL),(240,119,'اضف المزيد :','ar',NULL,NULL),(241,119,'Add more:','en',NULL,NULL),(242,120,'اضف المزيد :','ar',NULL,NULL),(243,120,'Add more:','en',NULL,NULL),(244,121,'اختيارك من البروتين:','ar',NULL,NULL),(245,121,'Your Choice of Protein:','en',NULL,NULL),(246,122,'اختيارك من البروتين:','ar',NULL,NULL),(247,122,'Your Choice of Protein:','en',NULL,NULL),(248,123,'اضف المزيد:','ar',NULL,NULL),(249,123,'Add more:','en',NULL,NULL),(250,124,'اضف المزيد:','ar',NULL,NULL),(251,124,'Add more:','en',NULL,NULL),(252,125,'اختيارك من الطبق الجانبي:','ar',NULL,NULL),(253,125,'Your Choice of Side Dish:','en',NULL,NULL),(254,126,'اختيارك من الطبق الجانبي:','ar',NULL,NULL),(255,126,'Your Choice of Side Dish:','en',NULL,NULL),(256,127,'الإضافات:','ar',NULL,NULL),(257,127,'Add On\'s:','en',NULL,NULL),(258,128,'اختيارك من الخبز:','ar',NULL,NULL),(259,128,'Your Choice Of Bread:','en',NULL,NULL),(260,129,'اختيارك من الطبق الجانبي:','ar',NULL,NULL),(261,129,'Your Choice of Side Dish:','en',NULL,NULL),(262,130,'اختيارك من الطبق الجانبي:','ar',NULL,NULL),(263,130,'Your Choice of Side Dish:','en',NULL,NULL),(264,131,'الإضافات:','ar',NULL,NULL),(265,131,'Add On\'s:','en',NULL,NULL),(266,132,'أختيارك من الخبز :','ar',NULL,NULL),(267,132,'Your Choice Of Bread:','en',NULL,NULL),(268,133,'الخيارات','ar',NULL,NULL),(269,133,'Adds','en',NULL,NULL),(270,134,'الخيارات','ar',NULL,NULL),(271,134,'Adds','en',NULL,NULL),(272,135,'الخيارات','ar',NULL,NULL),(273,135,'Adds','en',NULL,NULL),(274,136,'الاضافات','ar',NULL,NULL),(275,136,'Adss','en',NULL,NULL),(276,137,'الأضافات','ar',NULL,NULL),(277,137,'Adds','en',NULL,NULL),(278,138,'الأضافات','ar',NULL,NULL),(279,138,'Adds','en',NULL,NULL),(280,139,'من غير :','ar',NULL,NULL),(281,139,'Without :','en',NULL,NULL),(282,140,'اختيارك للطبق الجانبي:','ar',NULL,NULL),(283,140,'Your Choice Of Side Dish:','en',NULL,NULL),(284,141,'اضف المزيد :','ar',NULL,NULL),(285,141,'Add more :','en',NULL,NULL),(286,142,'اختيارك للطبق الجانبي:','ar',NULL,NULL),(287,142,'Your Choice Of Side Dish:','en',NULL,NULL),(288,143,'اضف المزيد :','ar',NULL,NULL),(289,143,'Add more :','en',NULL,NULL),(290,144,'اختيارك من الطبق الجانبي:','ar',NULL,NULL),(291,144,'Your Choice of Side Dish:','en',NULL,NULL),(292,145,'اضف المزيد :','ar',NULL,NULL),(293,145,'Add More :','en',NULL,NULL),(294,146,'المزيد من :','ar',NULL,NULL),(295,146,'Adds :','en',NULL,NULL),(296,147,'الإضافات:','ar',NULL,NULL),(297,147,'Add On\'s:','en',NULL,NULL),(298,148,'اختيارك للطبق الجانبي:','ar',NULL,NULL),(299,148,'Your Choice Of Side Dish:','en',NULL,NULL),(300,149,'اضف المزيد :','ar',NULL,NULL),(301,149,'Add more :','en',NULL,NULL),(302,150,'راب 1','ar',NULL,NULL),(303,150,'Wrap 1','en',NULL,NULL),(304,151,'راب 2','ar',NULL,NULL),(305,151,'Wrap 2','en',NULL,NULL),(306,152,'راب 3','ar',NULL,NULL),(307,152,'Wrap 3','en',NULL,NULL),(308,153,'اختيارك للطبق الجانبي:','ar',NULL,NULL),(309,153,'Your Choice Of Side Dish:','en',NULL,NULL),(310,154,'اختيارك من الطبق الجانبي:','ar',NULL,NULL),(311,154,'Your Choice of Side Dish:','en',NULL,NULL),(312,155,'اضف المزيد','ar',NULL,NULL),(313,155,'Add More','en',NULL,NULL),(314,156,'اختيارك من الطبق الجانبي:','ar',NULL,NULL),(315,156,'Your Choice of Side Dish:','en',NULL,NULL),(316,157,'اضف المزيد','ar',NULL,NULL),(317,157,'Add More','en',NULL,NULL),(318,158,'اختيارك من الطبق الجانبي:','ar',NULL,NULL),(319,158,'Your Choice of Side Dish:','en',NULL,NULL),(320,159,'اضف المزيد','ar',NULL,NULL),(321,159,'Add More','en',NULL,NULL),(322,160,'اختيارك من البطاط :','ar',NULL,NULL),(323,160,'Your choice of potatoes:','en',NULL,NULL),(324,161,'اضافه المزيد :','ar',NULL,NULL),(325,161,'Add more:','en',NULL,NULL),(326,162,'اختيارك من الطبق الجانبي:','ar',NULL,NULL),(327,162,'Your Choice of Side Dish:','en',NULL,NULL),(328,163,'الإضافات:','ar',NULL,NULL),(329,163,'Add On\'s:','en',NULL,NULL);

--
-- Table structure for table `features`
--

CREATE TABLE `features` (
  `id` int unsigned NOT NULL AUTO_INCREMENT,
  `product_id` int unsigned DEFAULT NULL,
  `created_at` timestamp NULL DEFAULT NULL,
  `updated_at` timestamp NULL DEFAULT NULL,
  `type` varchar(191) COLLATE utf8mb4_unicode_ci DEFAULT NULL,
  `countchecks` int DEFAULT NULL,
  PRIMARY KEY (`id`),
  KEY `features_product_id_foreign` (`product_id`)
) ENGINE=InnoDB AUTO_INCREMENT=164 DEFAULT CHARSET=utf8mb4 COLLATE=utf8mb4_unicode_ci;

--
-- Dumping data for table `features`
--

INSERT INTO `features` (`id`, `product_id`, `created_at`, `updated_at`, `type`, `countchecks`) VALUES (5,2,'2022-11-08 07:42:41','2022-11-08 07:42:41',NULL,NULL),(7,6,'2022-11-20 13:59:45','2022-11-20 13:59:45','normal',NULL),(8,6,'2022-11-20 14:00:32','2022-11-20 14:00:32','color',NULL),(10,11,'2022-11-20 14:48:13','2022-11-20 14:48:13','normal',NULL),(11,11,'2022-11-20 14:49:18','2022-11-20 14:49:18','color',NULL),(12,10,'2022-11-20 14:52:30','2022-11-20 14:52:30','normal',NULL),(14,15,'2022-12-03 09:49:03','2022-12-03 09:49:03','color',NULL),(25,1,'2023-01-24 19:35:18','2023-01-24 19:35:18','normal',NULL),(26,1,'2023-01-24 19:36:16','2023-01-24 19:36:16','color',NULL),(27,14,'2023-03-16 10:15:34','2023-03-18 05:32:17','normal',3),(28,16,'2023-04-04 18:00:08','2023-04-04 18:00:08','multi',NULL),(29,24,'2023-07-02 13:19:49','2023-07-02 13:19:49','normal',1),(33,24,'2023-07-05 08:23:36','2023-07-05 16:57:52','normal',NULL),(40,35,'2023-07-05 16:23:39','2023-07-05 16:23:39','normal',NULL),(43,35,'2023-07-05 16:26:03','2023-07-05 16:58:18','multi',NULL),(51,24,'2023-07-05 16:49:33','2023-07-05 16:56:23','multi',NULL),(52,25,'2023-07-05 16:52:54','2023-07-05 16:52:54','normal',NULL),(53,25,'2023-07-05 16:54:21','2023-07-05 16:54:21','normal',NULL),(54,25,'2023-07-05 16:55:07','2023-07-05 16:55:07','normal',NULL),(55,25,'2023-07-05 16:56:21','2023-07-18 08:38:03','multi',NULL),(57,26,'2023-07-08 06:00:54','2023-07-08 06:00:54','normal',NULL),(58,26,'2023-07-08 06:02:05','2023-07-08 06:02:05','multi',NULL),(59,27,'2023-07-08 06:03:20','2023-07-08 06:03:20','normal',NULL),(60,27,'2023-07-08 06:04:22','2023-07-08 06:04:22','multi',NULL),(61,28,'2023-07-08 06:05:40','2023-07-08 06:05:40','normal',NULL),(62,28,'2023-07-08 06:06:36','2023-07-08 06:06:36','normal',NULL),(63,28,'2023-07-08 06:07:28','2023-07-08 06:07:28','multi',NULL),(64,29,'2023-07-08 06:08:51','2023-07-08 06:08:51','normal',NULL),(65,29,'2023-07-08 06:10:31','2023-07-08 06:10:31','multi',NULL),(66,29,'2023-07-08 06:12:10','2023-07-08 06:12:10','normal',NULL),(69,30,'2023-07-08 06:17:59','2023-07-08 06:17:59','normal',NULL),(70,30,'2023-07-08 06:19:22','2023-07-08 06:19:22','multi',NULL),(71,30,'2023-07-08 06:19:51','2023-07-08 06:19:51','normal',NULL),(72,31,'2023-07-08 06:22:19','2023-07-08 06:22:19','normal',NULL),(73,31,'2023-07-08 06:23:19','2023-07-08 06:23:19','normal',NULL),(74,32,'2023-07-08 06:24:46','2023-07-08 06:24:46','normal',NULL),(75,32,'2023-07-08 06:26:12','2023-07-08 06:26:12','multi',NULL),(76,32,'2023-07-08 06:27:13','2023-07-08 06:27:13','normal',NULL),(77,33,'2023-07-08 06:31:35','2023-07-08 06:31:35','normal',NULL),(78,33,'2023-07-08 06:32:30','2023-07-08 06:33:54','multi',NULL),(80,33,'2023-07-08 06:33:55','2023-07-08 06:33:55','normal',NULL),(81,36,'2023-07-09 06:59:17','2023-07-09 06:59:27','multi',NULL),(82,36,'2023-07-09 07:01:01','2023-07-09 07:01:01','multi',NULL),(87,38,'2023-07-09 07:03:24','2023-07-09 07:03:24','multi',NULL),(89,38,'2023-07-09 07:04:53','2023-07-09 07:04:53','multi',NULL),(90,39,'2023-07-09 07:06:11','2023-07-09 07:06:11','multi',NULL),(91,39,'2023-07-09 07:07:27','2023-07-09 07:07:27','multi',NULL),(93,40,'2023-07-09 13:24:10','2023-07-09 13:24:10','multi',NULL),(94,40,'2023-07-09 13:27:20','2023-07-09 13:27:34','multi',NULL),(95,41,'2023-07-09 13:28:55','2023-07-09 13:28:55','normal',NULL),(96,41,'2023-07-09 13:30:19','2023-07-09 13:30:19','multi',NULL),(97,42,'2023-07-09 13:33:01','2023-07-09 13:33:01','multi',NULL),(98,42,'2023-07-09 13:34:11','2023-07-09 13:34:11','multi',NULL),(99,44,'2023-07-18 07:54:46','2023-07-18 07:55:04','multi',NULL),(100,44,'2023-07-18 07:56:12','2023-07-18 07:56:12','multi',NULL),(101,45,'2023-07-18 07:57:49','2023-07-18 07:57:49','multi',NULL),(102,45,'2023-07-18 07:59:01','2023-07-18 07:59:01','multi',NULL),(103,46,'2023-07-18 08:00:15','2023-07-18 08:00:15','multi',NULL),(104,46,'2023-07-18 08:01:49','2023-07-18 08:01:49','multi',NULL),(105,47,'2023-07-18 08:04:08','2023-07-18 08:04:19','normal',NULL),(106,47,'2023-07-18 08:05:29','2023-07-18 08:05:29','multi',NULL),(107,48,'2023-07-18 08:07:28','2023-07-18 08:07:28','normal',NULL),(108,48,'2023-07-18 08:09:12','2023-07-18 08:09:12','multi',NULL),(109,49,'2023-07-18 08:16:13','2023-07-18 08:16:13','multi',NULL),(110,49,'2023-07-18 08:17:19','2023-07-18 08:17:22','multi',NULL),(111,50,'2023-07-18 08:18:32','2023-07-18 08:18:32','normal',NULL),(112,50,'2023-07-18 08:19:44','2023-07-18 08:19:44','multi',NULL),(113,51,'2023-07-18 08:21:58','2023-07-18 08:21:58','normal',NULL),(114,51,'2023-07-18 08:23:16','2023-07-18 08:23:16','multi',NULL),(115,52,'2023-07-18 08:27:35','2023-07-18 08:27:35','normal',NULL),(116,52,'2023-07-18 08:29:15','2023-07-18 08:29:15','multi',NULL),(118,101,'2023-11-05 16:10:34','2023-11-05 16:20:41','multi',NULL),(119,101,'2023-11-05 16:14:17','2023-11-05 16:20:37','multi',NULL),(121,102,'2023-11-05 16:46:29','2023-11-05 16:46:29','multi',NULL),(123,102,'2023-11-05 16:48:41','2023-11-05 16:48:41','multi',NULL),(125,103,'2023-11-05 16:53:08','2023-11-05 16:53:08','normal',NULL),(127,103,'2023-11-05 16:54:09','2023-11-05 16:54:09','multi',NULL),(128,103,'2023-11-05 16:54:45','2023-11-05 16:54:45','normal',NULL),(129,104,'2023-11-05 16:56:35','2023-11-05 16:56:35','normal',NULL),(130,110,'2023-11-05 18:40:48','2023-11-05 18:40:48','normal',NULL),(131,110,'2023-11-05 18:42:40','2023-11-05 18:42:40','multi',NULL),(132,110,'2023-11-05 18:44:15','2023-11-05 18:44:15','normal',NULL),(133,66,'2024-04-29 03:14:25','2024-04-29 03:14:25','normal',NULL),(134,67,'2024-04-29 03:16:04','2024-04-29 03:16:04','normal',NULL),(135,65,'2024-04-29 03:17:15','2024-04-29 03:17:15','normal',NULL),(136,64,'2024-04-29 03:19:14','2024-04-29 03:19:14','normal',NULL),(137,63,'2024-04-29 03:20:37','2024-04-29 03:20:37','normal',NULL),(138,62,'2024-04-29 03:22:01','2024-04-29 03:22:01','normal',NULL),(139,112,'2024-05-08 20:52:05','2024-05-08 21:06:16','normal',NULL),(140,112,'2024-05-08 20:52:55','2024-05-08 20:52:55','normal',NULL),(141,112,'2024-05-08 20:55:07','2024-05-08 20:55:47','multi',NULL),(142,113,'2024-05-08 22:19:51','2024-05-08 22:19:51','normal',NULL),(143,113,'2024-05-08 22:20:41','2024-05-08 22:20:41','multi',NULL),(144,115,'2024-05-09 00:10:24','2024-05-09 00:10:24','normal',NULL),(145,115,'2024-05-09 00:14:27','2024-05-09 00:14:33','multi',NULL),(146,104,'2024-05-09 23:48:10','2024-05-09 23:56:18','multi',NULL),(147,114,'2024-05-14 21:41:35','2024-05-14 21:41:35','multi',NULL),(148,118,'2024-05-25 20:07:35','2024-05-25 20:07:35','normal',NULL),(149,118,'2024-05-25 20:21:36','2024-05-25 20:21:36','multi',NULL),(150,120,'2024-07-02 09:32:04','2024-07-02 09:32:04','normal',NULL),(151,120,'2024-07-02 09:34:12','2024-07-02 09:34:12','normal',NULL),(152,120,'2024-07-02 09:35:39','2024-07-02 09:35:39','normal',NULL),(153,121,'2024-07-27 01:39:42','2024-07-27 01:39:42','normal',NULL),(154,126,'2024-08-18 18:46:20','2024-08-18 18:46:20','normal',NULL),(155,126,'2024-08-18 18:47:30','2024-08-18 18:47:30','multi',NULL),(156,127,'2024-08-18 18:52:01','2024-08-18 18:52:01','normal',NULL),(157,127,'2024-08-18 18:53:06','2024-08-18 18:53:06','multi',NULL),(158,128,'2024-08-18 19:03:00','2024-08-18 19:03:00','normal',NULL),(159,128,'2024-08-18 19:04:46','2024-08-18 19:04:46','multi',NULL),(160,131,'2024-10-05 00:04:13','2024-10-05 00:04:13','normal',NULL),(161,131,'2024-10-05 00:06:10','2024-10-05 00:06:10','multi',NULL),(162,132,'2024-10-05 00:16:34','2024-10-05 00:16:34','normal',NULL),(163,132,'2024-10-05 00:19:29','2024-10-05 00:19:50','multi',NULL);

--
-- Table structure for table `files`
--

CREATE TABLE `files` (
  `id` int unsigned NOT NULL AUTO_INCREMENT,
  `image` varchar(255) COLLATE utf8mb4_unicode_ci DEFAULT NULL,
  `main` tinyint NOT NULL DEFAULT '0',
  `tag` varchar(255) COLLATE utf8mb4_unicode_ci DEFAULT NULL,
  `fileable_id` bigint unsigned DEFAULT NULL,
  `fileable_type` varchar(255) COLLATE utf8mb4_unicode_ci DEFAULT NULL,
  `created_at` timestamp NULL DEFAULT NULL,
  `updated_at` timestamp NULL DEFAULT NULL,
  PRIMARY KEY (`id`)
) ENGINE=InnoDB AUTO_INCREMENT=162 DEFAULT CHARSET=utf8mb4 COLLATE=utf8mb4_unicode_ci;

--
-- Dumping data for table `files`
--

INSERT INTO `files` (`id`, `image`, `main`, `tag`, `fileable_id`, `fileable_type`, `created_at`, `updated_at`) VALUES (1,'/uploads/product/34/16858862522023-04-14-blob_637587554727156937.webp',0,'16858862522023-04-14-blob_637587554727156937.webp',34,'App\\Models\\Product','2023-06-04 10:44:12','2023-06-04 10:44:12'),(2,'/uploads/product/89/1686045377سبرايت_لايت_637537464709362350.webp',0,'1686045377سبرايت_لايت_637537464709362350.webp',89,'App\\Models\\Product','2023-06-06 06:56:17','2023-06-06 06:56:17'),(3,'/uploads/product/88/1686045397blob_637546480721304062.webp',0,'1686045397blob_637546480721304062.webp',88,'App\\Models\\Product','2023-06-06 06:56:37','2023-06-06 06:56:37'),(4,'/uploads/product/87/1686045419blob_637546480721304062.webp',0,'1686045419blob_637546480721304062.webp',87,'App\\Models\\Product','2023-06-06 06:56:59','2023-06-06 06:56:59'),(5,'/uploads/product/87/1686045425كولا_دايت_637537464703076934.webp',0,'1686045425كولا_دايت_637537464703076934.webp',87,'App\\Models\\Product','2023-06-06 06:57:05','2023-06-06 06:57:05'),(6,'/uploads/product/86/1686045452blob_637568726249777585.webp',0,'1686045452blob_637568726249777585.webp',86,'App\\Models\\Product','2023-06-06 06:57:32','2023-06-06 06:57:32'),(7,'/uploads/product/85/1686045466blob_637568713026679124.webp',0,'1686045466blob_637568713026679124.webp',85,'App\\Models\\Product','2023-06-06 06:57:46','2023-06-06 06:57:46'),(8,'/uploads/product/84/1686045482blob_637568726249777585.webp',0,'1686045482blob_637568726249777585.webp',84,'App\\Models\\Product','2023-06-06 06:58:02','2023-06-06 06:58:02'),(11,'/uploads/product/82/1686045577blob_637617716284962879.webp',0,'1686045577blob_637617716284962879.webp',82,'App\\Models\\Product','2023-06-06 06:59:37','2023-06-06 06:59:37'),(12,'/uploads/product/81/1686045596blob_637666990698773380.webp',0,'1686045596blob_637666990698773380.webp',81,'App\\Models\\Product','2023-06-06 06:59:56','2023-06-06 06:59:56'),(13,'/uploads/product/80/1686045613blob_637587611897531753.webp',0,'1686045613blob_637587611897531753.webp',80,'App\\Models\\Product','2023-06-06 07:00:13','2023-06-06 07:00:13'),(14,'/uploads/product/79/1686045630blob_637587609061443107.webp',0,'1686045630blob_637587609061443107.webp',79,'App\\Models\\Product','2023-06-06 07:00:30','2023-06-06 07:00:30'),(15,'/uploads/product/78/1686045651blob_637587612577005972.webp',0,'1686045651blob_637587612577005972.webp',78,'App\\Models\\Product','2023-06-06 07:00:51','2023-06-06 07:00:51'),(16,'/uploads/product/77/1686045673mmw_638020666713095429.webp',0,'1686045673mmw_638020666713095429.webp',77,'App\\Models\\Product','2023-06-06 07:01:13','2023-06-06 07:01:13'),(17,'/uploads/product/76/1686045701blob_637690333403929201.webp',0,'1686045701blob_637690333403929201.webp',76,'App\\Models\\Product','2023-06-06 07:01:41','2023-06-06 07:01:41'),(18,'/uploads/product/75/1686045722blob_637690332249404635.webp',0,'1686045722blob_637690332249404635.webp',75,'App\\Models\\Product','2023-06-06 07:02:02','2023-06-06 07:02:02'),(19,'/uploads/product/74/1686045744blob_637690330457270224.webp',0,'1686045744blob_637690330457270224.webp',74,'App\\Models\\Product','2023-06-06 07:02:24','2023-06-06 07:02:24'),(20,'/uploads/product/73/1686045766blob_637690328573105374.webp',0,'1686045766blob_637690328573105374.webp',73,'App\\Models\\Product','2023-06-06 07:02:46','2023-06-06 07:02:46'),(21,'/uploads/product/72/1686045798blob_637587608531240164.webp',0,'1686045798blob_637587608531240164.webp',72,'App\\Models\\Product','2023-06-06 07:03:18','2023-06-06 07:03:18'),(22,'/uploads/product/71/1686045845blob_637587596536664583.webp',0,'1686045845blob_637587596536664583.webp',71,'App\\Models\\Product','2023-06-06 07:04:05','2023-06-06 07:04:05'),(23,'/uploads/product/71/1686045851blob_637587596246096489.webp',0,'1686045851blob_637587596246096489.webp',71,'App\\Models\\Product','2023-06-06 07:04:11','2023-06-06 07:04:11'),(24,'/uploads/product/70/1686045868blob_637587596536664583.webp',0,'1686045868blob_637587596536664583.webp',70,'App\\Models\\Product','2023-06-06 07:04:28','2023-06-06 07:04:28'),(27,'/uploads/product/69/1686045948blob_637587603428586153.webp',0,'1686045948blob_637587603428586153.webp',69,'App\\Models\\Product','2023-06-06 07:05:48','2023-06-06 07:05:48'),(28,'/uploads/product/68/1686045966blob_637587603720581309.webp',0,'1686045966blob_637587603720581309.webp',68,'App\\Models\\Product','2023-06-06 07:06:06','2023-06-06 07:06:06'),(29,'/uploads/product/67/1686045986blob_637587593594168020.webp',0,'1686045986blob_637587593594168020.webp',67,'App\\Models\\Product','2023-06-06 07:06:26','2023-06-06 07:06:26'),(30,'/uploads/product/66/1686046005mmw_638020612737261600 (1).webp',0,'1686046005mmw_638020612737261600 (1).webp',66,'App\\Models\\Product','2023-06-06 07:06:45','2023-06-06 07:06:45'),(31,'/uploads/product/65/1686046039blob_637587593849331662 (1).webp',0,'1686046039blob_637587593849331662 (1).webp',65,'App\\Models\\Product','2023-06-06 07:07:19','2023-06-06 07:07:19'),(32,'/uploads/product/64/1686046056blob_637587594067604278.webp',0,'1686046056blob_637587594067604278.webp',64,'App\\Models\\Product','2023-06-06 07:07:36','2023-06-06 07:07:36'),(33,'/uploads/product/63/1686046084blob_637587594284763205.webp',0,'1686046084blob_637587594284763205.webp',63,'App\\Models\\Product','2023-06-06 07:08:04','2023-06-06 07:08:04'),(34,'/uploads/product/62/1686046174blob_637587594521631484.webp',0,'1686046174blob_637587594521631484.webp',62,'App\\Models\\Product','2023-06-06 07:09:34','2023-06-06 07:09:34'),(35,'/uploads/product/61/1686046196mmw_638083580596155814.webp',0,'1686046196mmw_638083580596155814.webp',61,'App\\Models\\Product','2023-06-06 07:09:56','2023-06-06 07:09:56'),(36,'/uploads/product/60/1686046213mmw_637940312951640346.webp',0,'1686046213mmw_637940312951640346.webp',60,'App\\Models\\Product','2023-06-06 07:10:13','2023-06-06 07:10:13'),(37,'/uploads/product/59/1686046233mmw_637940309243893404.webp',0,'1686046233mmw_637940309243893404.webp',59,'App\\Models\\Product','2023-06-06 07:10:33','2023-06-06 07:10:33'),(39,'/uploads/product/57/1686046284mmw_638083562617615934.webp',0,'1686046284mmw_638083562617615934.webp',57,'App\\Models\\Product','2023-06-06 07:11:24','2023-06-06 07:11:24'),(40,'/uploads/product/56/1686046383blob_637758683823079868.webp',0,'1686046383blob_637758683823079868.webp',56,'App\\Models\\Product','2023-06-06 07:13:03','2023-06-06 07:13:03'),(42,'/uploads/product/55/1686046415mmw_637825034039206885.webp',0,'1686046415mmw_637825034039206885.webp',55,'App\\Models\\Product','2023-06-06 07:13:35','2023-06-06 07:13:35'),(43,'/uploads/product/54/1686046436blob_637615987475290410.webp',0,'1686046436blob_637615987475290410.webp',54,'App\\Models\\Product','2023-06-06 07:13:56','2023-06-06 07:13:56'),(44,'/uploads/product/53/1686046454blob_637615984428621422 (1).webp',0,'1686046454blob_637615984428621422 (1).webp',53,'App\\Models\\Product','2023-06-06 07:14:14','2023-06-06 07:14:14'),(45,'/uploads/product/52/1686046491blob_637587590893108273.webp',0,'1686046491blob_637587590893108273.webp',52,'App\\Models\\Product','2023-06-06 07:14:51','2023-06-06 07:14:51'),(47,'/uploads/product/51/1686046515blob_637587589610472498.webp',0,'1686046515blob_637587589610472498.webp',51,'App\\Models\\Product','2023-06-06 07:15:15','2023-06-06 07:15:15'),(48,'/uploads/product/50/1686046540blob_637587583405036747.webp',0,'1686046540blob_637587583405036747.webp',50,'App\\Models\\Product','2023-06-06 07:15:40','2023-06-06 07:15:40'),(50,'/uploads/product/49/1686046564blob_637587582253485171.webp',0,'1686046564blob_637587582253485171.webp',49,'App\\Models\\Product','2023-06-06 07:16:04','2023-06-06 07:16:04'),(51,'/uploads/product/48/1686046605blob_637587575961924603.webp',0,'1686046605blob_637587575961924603.webp',48,'App\\Models\\Product','2023-06-06 07:16:45','2023-06-06 07:16:45'),(52,'/uploads/product/48/1686046631mmw_638020677658172731.webp',0,'1686046631mmw_638020677658172731.webp',48,'App\\Models\\Product','2023-06-06 07:17:11','2023-06-06 07:17:11'),(53,'/uploads/product/47/1686046732blob_637587575961924603.webp',0,'1686046732blob_637587575961924603.webp',47,'App\\Models\\Product','2023-06-06 07:18:52','2023-06-06 07:18:52'),(54,'/uploads/product/46/1686046750blob_637587575342309256.webp',0,'1686046750blob_637587575342309256.webp',46,'App\\Models\\Product','2023-06-06 07:19:10','2023-06-06 07:19:10'),(55,'/uploads/product/45/1686046768blob_637587574953875718.webp',0,'1686046768blob_637587574953875718.webp',45,'App\\Models\\Product','2023-06-06 07:19:28','2023-06-06 07:19:28'),(56,'/uploads/product/44/1686046782blob_637587574619759101.webp',0,'1686046782blob_637587574619759101.webp',44,'App\\Models\\Product','2023-06-06 07:19:42','2023-06-06 07:19:42'),(57,'/uploads/product/42/1686046800blob_637587573085522256.webp',0,'1686046800blob_637587573085522256.webp',42,'App\\Models\\Product','2023-06-06 07:20:00','2023-06-06 07:20:00'),(59,'/uploads/product/40/1686046841mmw_637825109422731113.webp',0,'1686046841mmw_637825109422731113.webp',40,'App\\Models\\Product','2023-06-06 07:20:41','2023-06-06 07:20:41'),(60,'/uploads/product/39/1686046860mmw_637825108254217855.webp',0,'1686046860mmw_637825108254217855.webp',39,'App\\Models\\Product','2023-06-06 07:21:00','2023-06-06 07:21:00'),(61,'/uploads/product/38/1686046878blob_637587572542251445.webp',0,'1686046878blob_637587572542251445.webp',38,'App\\Models\\Product','2023-06-06 07:21:18','2023-06-06 07:21:18'),(62,'/uploads/product/37/1686046896mmw_638083559857255472.webp',0,'1686046896mmw_638083559857255472.webp',37,'App\\Models\\Product','2023-06-06 07:21:36','2023-06-06 07:21:36'),(63,'/uploads/product/36/1686046920mmw_638021429165451641.webp',0,'1686046920mmw_638021429165451641.webp',36,'App\\Models\\Product','2023-06-06 07:22:00','2023-06-06 07:22:00'),(64,'/uploads/product/35/1686046937mmw_638021429062314096.webp',0,'1686046937mmw_638021429062314096.webp',35,'App\\Models\\Product','2023-06-06 07:22:17','2023-06-06 07:22:17'),(65,'/uploads/product/33/1686046980blob_637587544773145547.webp',0,'1686046980blob_637587544773145547.webp',33,'App\\Models\\Product','2023-06-06 07:23:00','2023-06-06 07:23:00'),(66,'/uploads/product/32/1686047001blob_637587544435394410.webp',0,'1686047001blob_637587544435394410.webp',32,'App\\Models\\Product','2023-06-06 07:23:21','2023-06-06 07:23:21'),(68,'/uploads/product/30/1686047058blob_637587542468756136.webp',0,'1686047058blob_637587542468756136.webp',30,'App\\Models\\Product','2023-06-06 07:24:18','2023-06-06 07:24:18'),(69,'/uploads/product/29/1686047088blob_637587540776558454.webp',0,'1686047088blob_637587540776558454.webp',29,'App\\Models\\Product','2023-06-06 07:24:48','2023-06-06 07:24:48'),(70,'/uploads/product/28/1686047113mmw_637825033781692200.webp',0,'1686047113mmw_637825033781692200.webp',28,'App\\Models\\Product','2023-06-06 07:25:14','2023-06-06 07:25:14'),(71,'/uploads/product/27/1686047145mmw_638083578627884121.webp',0,'1686047145mmw_638083578627884121.webp',27,'App\\Models\\Product','2023-06-06 07:25:45','2023-06-06 07:25:45'),(72,'/uploads/product/26/1686047165mmw_638020697714454214.webp',0,'1686047165mmw_638020697714454214.webp',26,'App\\Models\\Product','2023-06-06 07:26:05','2023-06-06 07:26:05'),(76,'/uploads/product/23/1686047252blob_637587523963039798.webp',0,'1686047252blob_637587523963039798.webp',23,'App\\Models\\Product','2023-06-06 07:27:32','2023-06-06 07:27:32'),(77,'/uploads/product/22/1686047305mmw_638020610056919142.webp',0,'1686047305mmw_638020610056919142.webp',22,'App\\Models\\Product','2023-06-06 07:28:25','2023-06-06 07:28:25'),(78,'/uploads/product/21/1686047339blob_637587523679027602.webp',0,'1686047339blob_637587523679027602.webp',21,'App\\Models\\Product','2023-06-06 07:28:59','2023-06-06 07:28:59'),(79,'/uploads/product/20/1686047358mmw_638083555805002173.webp',0,'1686047358mmw_638083555805002173.webp',20,'App\\Models\\Product','2023-06-06 07:29:18','2023-06-06 07:29:18'),(80,'/uploads/product/19/1686047374blob_637587090061498313.webp',0,'1686047374blob_637587090061498313.webp',19,'App\\Models\\Product','2023-06-06 07:29:34','2023-06-06 07:29:34'),(83,'/uploads/product/41/1698862181Screenshot 2023-11-01 210454.png',0,'1698862181Screenshot 2023-11-01 210454.png',41,'App\\Models\\Product','2023-11-01 21:09:41','2023-11-01 21:09:41'),(85,'/uploads/product/93/16991884381A4A4386.JPG',0,'16991884381A4A4386.JPG',93,'App\\Models\\Product','2023-11-05 15:47:18','2023-11-05 15:47:18'),(87,'/uploads/product/95/16991888201A4A4386.JPG',0,'16991888201A4A4386.JPG',95,'App\\Models\\Product','2023-11-05 15:53:40','2023-11-05 15:53:40'),(103,'/uploads/product/107/16992245711A4A7896_edited.jpg',0,'16992245711A4A7896_edited.jpg',107,'App\\Models\\Product','2023-11-06 01:49:31','2023-11-06 01:49:31'),(106,'/uploads/product/110/1699224673Screenshot 2023-11-01 212237_edited.jpg',0,'1699224673Screenshot 2023-11-01 212237_edited.jpg',110,'App\\Models\\Product','2023-11-06 01:51:13','2023-11-06 01:51:13'),(107,'/uploads/product/103/16992247051A4A7974_edited.jpg',0,'16992247051A4A7974_edited.jpg',103,'App\\Models\\Product','2023-11-06 01:51:45','2023-11-06 01:51:45'),(108,'/uploads/product/106/16992247481A4A7900_edited.jpg',0,'16992247481A4A7900_edited.jpg',106,'App\\Models\\Product','2023-11-06 01:52:28','2023-11-06 01:52:28'),(109,'/uploads/product/105/1699224825Screenshot 2023-11-05 163027_edited.jpg',0,'1699224825Screenshot 2023-11-05 163027_edited.jpg',105,'App\\Models\\Product','2023-11-06 01:53:45','2023-11-06 01:53:45'),(110,'/uploads/product/104/1699224860Screenshot 2023-11-01 212229_edited.jpg',0,'1699224860Screenshot 2023-11-01 212229_edited.jpg',104,'App\\Models\\Product','2023-11-06 01:54:20','2023-11-06 01:54:20'),(111,'/uploads/product/102/16992249391A4A4350_edited.jpg',0,'16992249391A4A4350_edited.jpg',102,'App\\Models\\Product','2023-11-06 01:55:39','2023-11-06 01:55:39'),(112,'/uploads/product/101/1699224987Screenshot 2023-11-01 212206_edited.jpg',0,'1699224987Screenshot 2023-11-01 212206_edited.jpg',101,'App\\Models\\Product','2023-11-06 01:56:27','2023-11-06 01:56:27'),(113,'/uploads/product/100/1699225027Screenshot 2023-11-01 212333_edited.jpg',0,'1699225027Screenshot 2023-11-01 212333_edited.jpg',100,'App\\Models\\Product','2023-11-06 01:57:07','2023-11-06 01:57:07'),(114,'/uploads/product/99/1699225064Screenshot 2023-11-01 212327_edited.jpg',0,'1699225064Screenshot 2023-11-01 212327_edited.jpg',99,'App\\Models\\Product','2023-11-06 01:57:44','2023-11-06 01:57:44'),(115,'/uploads/product/98/1699225101Screenshot 2023-11-01 212308_edited.jpg',0,'1699225101Screenshot 2023-11-01 212308_edited.jpg',98,'App\\Models\\Product','2023-11-06 01:58:21','2023-11-06 01:58:21'),(116,'/uploads/product/97/1699225137Screenshot 2023-11-01 212321_edited.jpg',0,'1699225137Screenshot 2023-11-01 212321_edited.jpg',97,'App\\Models\\Product','2023-11-06 01:58:57','2023-11-06 01:58:57'),(117,'/uploads/product/96/1699225169Screenshot 2023-11-01 212315_edited.jpg',0,'1699225169Screenshot 2023-11-01 212315_edited.jpg',96,'App\\Models\\Product','2023-11-06 01:59:29','2023-11-06 01:59:29'),(118,'/uploads/product/94/1699225195Screenshot 2023-11-01 212301_edited.jpg',0,'1699225195Screenshot 2023-11-01 212301_edited.jpg',94,'App\\Models\\Product','2023-11-06 01:59:55','2023-11-06 01:59:55'),(119,'/uploads/product/83/1705193702127604946_1234955643552701_1529958088809885873_n.png',0,'1705193702127604946_1234955643552701_1529958088809885873_n.png',83,'App\\Models\\Product','2024-01-14 02:55:02','2024-01-14 02:55:02'),(120,'/uploads/product/92/1705925191كاروت كيك.jpg',0,'1705925191كاروت كيك.jpg',92,'App\\Models\\Product','2024-01-22 14:06:31','2024-01-22 14:06:31'),(121,'/uploads/product/111/1715175569تشيزي راب_edited.jpg',0,'1715175569تشيزي راب_edited.jpg',111,'App\\Models\\Product','2024-05-08 20:39:29','2024-05-08 20:39:29'),(122,'/uploads/product/112/1715176293توستر راب .jpg',0,'1715176293توستر راب .jpg',112,'App\\Models\\Product','2024-05-08 20:51:33','2024-05-08 20:51:33'),(123,'/uploads/product/113/1715181567دوريتوس تشكن راب_edited.jpg',0,'1715181567دوريتوس تشكن راب_edited.jpg',113,'App\\Models\\Product','2024-05-08 22:19:27','2024-05-08 22:19:27'),(124,'/uploads/product/114/1715185212بيتزا ستريبس_edited.jpg',0,'1715185212بيتزا ستريبس_edited.jpg',114,'App\\Models\\Product','2024-05-08 23:20:12','2024-05-08 23:20:12'),(125,'/uploads/product/115/1715188208بتر تشكن .jpg',0,'1715188208بتر تشكن .jpg',115,'App\\Models\\Product','2024-05-09 00:10:08','2024-05-09 00:10:08'),(126,'/uploads/product/109/17151891641A4A4377_edited.jpg',0,'17151891641A4A4377_edited.jpg',109,'App\\Models\\Product','2024-05-09 00:26:04','2024-05-09 00:26:04'),(127,'/uploads/product/108/17151896641A4A4376_edited.jpg',0,'17151896641A4A4376_edited.jpg',108,'App\\Models\\Product','2024-05-09 00:34:24','2024-05-09 00:34:24'),(128,'/uploads/product/58/1715697042Sun.220724164316_229060_edited.jpg',0,'1715697042Sun.220724164316_229060_edited.jpg',58,'App\\Models\\Product','2024-05-14 21:30:42','2024-05-14 21:30:42'),(129,'/uploads/product/25/1715700743Thu.221020005630_229060_edited.jpg',0,'1715700743Thu.221020005630_229060_edited.jpg',25,'App\\Models\\Product','2024-05-14 22:32:23','2024-05-14 22:32:23'),(133,'/uploads/product/118/17178659314_edited.jpg',0,'17178659314_edited.jpg',118,'App\\Models\\Product','2024-06-08 23:58:51','2024-06-08 23:58:51'),(134,'/uploads/product/117/17178659673_edited.jpg',0,'17178659673_edited.jpg',117,'App\\Models\\Product','2024-06-08 23:59:27','2024-06-08 23:59:27'),(136,'/uploads/product/120/17216509492_edited.jpg',0,'17216509492_edited.jpg',120,'App\\Models\\Product','2024-07-22 19:22:29','2024-07-22 19:22:29'),(138,'/uploads/product/31/17230659262023-04-13-mmw_637825041969117813.webp',0,'17230659262023-04-13-mmw_637825041969117813.webp',31,'App\\Models\\Product','2024-08-08 04:25:26','2024-08-08 04:25:26'),(139,'/uploads/product/24/17230662521A4A7963_edited.jpg',0,'17230662521A4A7963_edited.jpg',24,'App\\Models\\Product','2024-08-08 04:30:52','2024-08-08 04:30:52'),(140,'/uploads/product/121/172346022228_edited.jpg',0,'172346022228_edited.jpg',121,'App\\Models\\Product','2024-08-12 17:57:02','2024-08-12 17:57:02'),(141,'/uploads/product/119/172346031630_edited.jpg',0,'172346031630_edited.jpg',119,'App\\Models\\Product','2024-08-12 17:58:36','2024-08-12 17:58:36'),(142,'/uploads/product/122/172397962331_edited.jpg',0,'172397962331_edited.jpg',122,'App\\Models\\Product','2024-08-18 18:13:43','2024-08-18 18:13:43'),(143,'/uploads/product/123/172397993624_edited.jpg',0,'172397993624_edited.jpg',123,'App\\Models\\Product','2024-08-18 18:18:56','2024-08-18 18:18:56'),(144,'/uploads/product/124/172398007423_edited.jpg',0,'172398007423_edited.jpg',124,'App\\Models\\Product','2024-08-18 18:21:14','2024-08-18 18:21:14'),(145,'/uploads/product/125/172398020322_edited.jpg',0,'172398020322_edited.jpg',125,'App\\Models\\Product','2024-08-18 18:23:23','2024-08-18 18:23:23'),(146,'/uploads/product/126/172398151725_edited.jpg',0,'172398151725_edited.jpg',126,'App\\Models\\Product','2024-08-18 18:45:17','2024-08-18 18:45:17'),(147,'/uploads/product/127/172398189927_edited.jpg',0,'172398189927_edited.jpg',127,'App\\Models\\Product','2024-08-18 18:51:39','2024-08-18 18:51:39'),(151,'/uploads/product/128/172410305526_edited.jpg',0,'172410305526_edited.jpg',128,'App\\Models\\Product','2024-08-20 04:30:55','2024-08-20 04:30:55'),(153,'/uploads/product/130/1727550354thumbnail_image0_edited.jpg',0,'1727550354thumbnail_image0_edited.jpg',130,'App\\Models\\Product','2024-09-29 02:05:54','2024-09-29 02:05:54'),(155,'/uploads/product/131/172806138911_edited.jpg',0,'172806138911_edited.jpg',131,'App\\Models\\Product','2024-10-05 00:03:09','2024-10-05 00:03:09'),(156,'/uploads/product/131/17280613999_edited.jpg',0,'17280613999_edited.jpg',131,'App\\Models\\Product','2024-10-05 00:03:19','2024-10-05 00:03:19'),(159,'/uploads/product/129/17280626791_edited.jpg',0,'17280626791_edited.jpg',129,'App\\Models\\Product','2024-10-05 00:24:39','2024-10-05 00:24:39'),(160,'/uploads/product/129/1728062705thumbnail_image1_edited.jpgd.jpg',0,'1728062705thumbnail_image1_edited.jpgd.jpg',129,'App\\Models\\Product','2024-10-05 00:25:05','2024-10-05 00:25:05'),(161,'/uploads/product/132/17280635457_edited.jpg',0,'17280635457_edited.jpg',132,'App\\Models\\Product','2024-10-05 00:39:05','2024-10-05 00:39:05');

--
-- Table structure for table `government_translations`
--

CREATE TABLE `government_translations` (
  `id` int unsigned NOT NULL AUTO_INCREMENT,
  `government_id` int unsigned NOT NULL,
  `name` varchar(255) COLLATE utf8mb4_unicode_ci NOT NULL,
  `locale` varchar(255) COLLATE utf8mb4_unicode_ci NOT NULL,
  `created_at` timestamp NULL DEFAULT NULL,
  `updated_at` timestamp NULL DEFAULT NULL,
  PRIMARY KEY (`id`),
  UNIQUE KEY `government_translations_government_id_locale_unique` (`government_id`,`locale`),
  KEY `government_translations_locale_index` (`locale`)
) ENGINE=InnoDB AUTO_INCREMENT=27 DEFAULT CHARSET=utf8mb4 COLLATE=utf8mb4_unicode_ci;

--
-- Dumping data for table `government_translations`
--

INSERT INTO `government_translations` (`id`, `government_id`, `name`, `locale`, `created_at`, `updated_at`) VALUES (15,8,'العاصمة','ar',NULL,NULL),(16,8,'Capital Governorate','en',NULL,NULL),(17,9,'الأحمدي','ar',NULL,NULL),(18,9,'Ahmadi Governorate','en',NULL,NULL),(19,10,'الفروانية','ar',NULL,NULL),(20,10,'Farwaniya Governorate','en',NULL,NULL),(21,11,'الجهراء','ar',NULL,NULL),(22,11,'Jahra Governorate','en',NULL,NULL),(23,12,'حولي','ar',NULL,NULL),(24,12,'Hawalli Governorate','en',NULL,NULL),(25,13,'مبارك الكبير','ar',NULL,NULL),(26,13,'Mubarak Al-Kabeer Governorate','en',NULL,NULL);

--
-- Table structure for table `governments`
--

CREATE TABLE `governments` (
  `id` int unsigned NOT NULL AUTO_INCREMENT,
  `status` int NOT NULL DEFAULT '1',
  `address_address` varchar(255) COLLATE utf8mb4_unicode_ci NOT NULL,
  `address_latitude` double NOT NULL,
  `address_longitude` double NOT NULL,
  `created_at` timestamp NULL DEFAULT NULL,
  `updated_at` timestamp NULL DEFAULT NULL,
  `country_id` int DEFAULT NULL,
  PRIMARY KEY (`id`)
) ENGINE=InnoDB AUTO_INCREMENT=14 DEFAULT CHARSET=utf8mb4 COLLATE=utf8mb4_unicode_ci;

--
-- Dumping data for table `governments`
--

INSERT INTO `governments` (`id`, `status`, `address_address`, `address_latitude`, `address_longitude`, `created_at`, `updated_at`, `country_id`) VALUES (8,1,'العاصمة، Kuwait',29.3342457,47.9812152,'2022-08-24 14:00:00','2022-12-10 06:48:49',1),(9,1,'الأحمدي',0,0,'2022-08-24 14:01:23','2022-08-24 14:01:23',1),(10,1,'الفروانية',0,0,'2022-08-24 14:01:45','2022-08-24 14:01:45',1),(11,1,'الجهراء',0,0,'2022-08-24 14:02:14','2022-08-24 14:02:14',1),(12,1,'حولي',0,0,'2022-08-24 14:02:34','2022-08-24 14:02:34',1),(13,1,'مبارك الكبير',0,0,'2022-08-24 14:02:50','2022-08-24 14:02:50',1);

--
-- Table structure for table `items`
--

CREATE TABLE `items` (
  `id` bigint unsigned NOT NULL AUTO_INCREMENT,
  `subscription_order_id` bigint unsigned NOT NULL,
  `meal_id` bigint unsigned NOT NULL,
  `date` varchar(255) COLLATE utf8mb4_unicode_ci DEFAULT NULL,
  `created_at` timestamp NULL DEFAULT NULL,
  `updated_at` timestamp NULL DEFAULT NULL,
  `status` int NOT NULL DEFAULT '0',
  `checked` varchar(191) COLLATE utf8mb4_unicode_ci DEFAULT NULL,
  `type` varchar(191) COLLATE utf8mb4_unicode_ci DEFAULT NULL,
  `checked_meal` int DEFAULT '0',
  `show_report` int DEFAULT '0',
  PRIMARY KEY (`id`),
  KEY `items_subscription_order_id_foreign` (`subscription_order_id`),
  KEY `items_meal_id_foreign` (`meal_id`),
  CONSTRAINT `items_subscription_order_id_foreign` FOREIGN KEY (`subscription_order_id`) REFERENCES `subscription_orders` (`id`) ON DELETE CASCADE
) ENGINE=InnoDB AUTO_INCREMENT=231617 DEFAULT CHARSET=utf8mb4 COLLATE=utf8mb4_unicode_ci;

--
-- Dumping data for table `items`
--

INSERT INTO `items` (`id`, `subscription_order_id`, `meal_id`, `date`, `created_at`, `updated_at`, `status`, `checked`, `type`, `checked_meal`, `show_report`) VALUES (1,1,257,'2023-10-07','2023-09-13 20:00:24','2023-09-13 20:00:24',0,'1','snack',0,0),(2,1,772,'2023-09-23','2023-09-13 20:00:24','2023-09-16 14:32:46',0,'1','snack',1,0),(3,1,269,'2023-10-08','2023-09-13 20:00:24','2023-09-13 20:00:25',0,'1','meal',0,0),(4,1,781,'2023-09-24','2023-09-13 20:00:24','2023-09-16 14:33:00',0,'0','meal',1,0),(5,1,531,'2023-09-16','2023-09-13 20:00:24','2023-09-13 20:00:24',0,'1','snack',0,0),(6,1,543,'2023-09-17','2023-09-13 20:00:24','2023-09-16 17:20:33',0,'0','meal',1,0),(7,1,36,'2023-10-01','2023-09-13 20:00:24','2023-09-16 14:34:19',0,'1','snack',1,0),(8,1,294,'2023-10-08','2023-09-13 20:00:24','2023-09-13 20:00:24',0,'1','snack',0,0),(9,1,49,'2023-10-01','2023-09-13 20:00:24','2023-09-16 14:34:19',0,'0','meal',1,0),(10,1,55,'2023-10-02','2023-09-13 20:00:24','2023-09-13 20:00:25',0,'1','meal',0,0),(11,1,830,'2023-09-25','2023-09-13 20:00:24','2023-09-16 14:33:12',0,'0','meal',1,0),(12,1,324,'2023-10-09','2023-09-13 20:00:24','2023-09-13 20:00:25',0,'1','meal',0,0),(13,1,330,'2023-10-09','2023-09-13 20:00:24','2023-09-13 20:00:24',0,'1','snack',0,0),(14,1,586,'2023-09-18','2023-09-13 20:00:24','2023-09-16 14:30:56',0,'0','meal',1,0),(15,1,84,'2023-10-02','2023-09-13 20:00:24','2023-09-13 20:00:24',0,'1','snack',0,0),(16,1,342,'2023-09-11','2023-09-13 20:00:24','2023-09-13 20:00:25',0,'1','meal',0,0),(17,1,864,NULL,'2023-09-13 20:00:24','2023-09-13 20:00:25',0,'1','snack',0,0),(18,1,97,'2023-10-03','2023-09-13 20:00:24','2023-09-13 20:00:25',0,'1','meal',0,0),(19,1,873,'2023-09-26','2023-09-13 20:00:24','2023-09-16 14:33:26',0,'0','meal',1,0),(20,1,626,'2023-09-19','2023-09-13 20:00:24','2023-09-16 14:31:13',0,'0','meal',1,0),(21,1,129,'2023-10-03','2023-09-13 20:00:24','2023-09-13 20:00:24',0,'1','snack',0,0),(22,1,394,'2023-09-12','2023-09-13 20:00:24','2023-09-13 20:00:25',0,'1','meal',0,0),(23,1,142,'2023-10-04','2023-09-13 20:00:24','2023-09-13 20:00:25',0,'1','meal',0,0),(24,1,915,'2023-09-27','2023-09-13 20:00:24','2023-09-26 22:49:09',0,'1','meal',1,0),(25,1,671,'2023-09-20','2023-09-13 20:00:24','2023-09-16 14:31:26',0,'0','meal',1,0),(26,1,169,'2023-10-04','2023-09-13 20:00:24','2023-09-13 20:00:24',0,'1','snack',0,0),(27,1,431,'2023-09-13','2023-09-13 20:00:24','2023-09-13 20:00:25',0,'1','meal',0,0),(28,1,945,'2023-09-27','2023-09-13 20:00:24','2023-09-16 14:33:45',0,'1','snack',1,0),(29,1,704,'2023-09-21','2023-09-13 20:00:24','2023-09-16 14:32:27',0,'1','meal',1,0),(30,1,960,'2023-09-28','2023-09-13 20:00:24','2023-09-26 22:50:15',0,'1','meal',1,0),(31,1,205,'2023-10-05','2023-09-13 20:00:24','2023-09-13 20:00:24',0,'1','snack',0,0),(32,1,467,'2023-09-14','2023-09-13 20:00:24','2023-09-13 20:00:25',0,'1','meal',0,0),(33,1,217,'2023-10-05','2023-09-13 20:00:24','2023-09-13 20:00:25',0,'1','meal',0,0),(34,1,223,'2023-10-07','2023-09-13 20:00:24','2023-09-13 20:00:25',0,'1','meal',0,0),(35,1,743,'2023-09-23','2023-09-13 20:00:24','2023-09-16 14:32:46',0,'0','meal',1,0),(36,1,750,'2023-09-21','2023-09-13 20:00:24','2023-09-16 14:32:27',0,'1','snack',1,0),(37,1,1008,'2023-09-30','2023-09-13 20:00:24','2023-09-26 22:51:09',0,'0','meal',1,0),(38,1,500,'2023-09-14','2023-09-13 20:00:24','2023-09-13 20:00:24',0,'1','snack',0,0),(39,1,503,'2023-09-16','2023-09-13 20:00:24','2023-09-13 20:00:25',0,'1','meal',0,0),(40,1,260,'2023-10-07','2023-09-13 20:00:24','2023-09-13 20:00:24',0,'1','snack',0,0),(41,1,519,'2023-09-16','2023-09-13 20:00:24','2023-09-13 20:00:25',0,'1','meal',0,0),(42,1,775,'2023-09-23','2023-09-13 20:00:24','2023-09-16 14:32:46',0,'0','snack',1,0),(43,1,16,'2023-10-01','2023-09-13 20:00:24','2023-09-16 14:34:19',0,'0','meal',1,0),(44,1,276,'2023-10-08','2023-09-13 20:00:24','2023-09-13 20:00:25',0,'1','meal',0,0),(45,1,540,'2023-09-16','2023-09-13 20:00:24','2023-09-13 20:00:24',0,'1','snack',0,0),(46,1,549,'2023-09-17','2023-09-13 20:00:24','2023-09-16 17:20:33',0,'0','meal',1,0),(47,1,39,'2023-10-01','2023-09-13 20:00:24','2023-09-16 14:34:19',0,'1','snack',1,0),(48,1,297,'2023-10-08','2023-09-13 20:00:24','2023-09-13 20:00:24',0,'1','snack',0,0),(49,1,809,'2023-09-24','2023-09-13 20:00:24','2023-09-16 14:33:00',0,'0','meal',1,0),(50,1,306,'2023-10-09','2023-09-13 20:00:24','2023-09-13 20:00:25',0,'1','meal',0,0),(51,1,61,'2023-10-02','2023-09-13 20:00:24','2023-09-13 20:00:25',0,'1','meal',0,0),(52,1,838,'2023-09-25','2023-09-13 20:00:24','2023-09-16 14:33:12',0,'0','meal',1,0),(53,1,333,'2023-10-09','2023-09-13 20:00:24','2023-09-13 20:00:24',0,'1','snack',0,0),(54,1,87,'2023-10-02','2023-09-13 20:00:24','2023-09-13 20:00:24',0,'1','snack',0,0),(55,1,611,'2023-09-18','2023-09-13 20:00:24','2023-09-16 14:30:56',0,'0','meal',1,0),(56,1,867,'2023-09-25','2023-09-13 20:00:24','2023-09-16 14:33:12',0,'1','snack',1,0),(57,1,879,'2023-09-26','2023-09-13 20:00:24','2023-09-16 14:33:26',0,'0','meal',1,0),(58,1,113,'2023-10-03','2023-09-13 20:00:24','2023-09-13 20:00:25',0,'1','meal',0,0),(59,1,375,'2023-09-11','2023-09-13 20:00:24','2023-09-13 20:00:25',0,'1','meal',0,0),(60,1,132,'2023-10-03','2023-09-13 20:00:24','2023-09-13 20:00:24',0,'1','snack',0,0),(61,1,655,'2023-09-19','2023-09-13 20:00:24','2023-09-16 14:31:13',0,'0','meal',1,0),(62,1,921,'2023-09-27','2023-09-13 20:00:24','2023-09-26 22:49:09',0,'0','meal',1,0),(63,1,416,'2023-09-12','2023-09-13 20:00:24','2023-09-13 20:00:25',0,'1','meal',0,0),(64,1,163,'2023-10-04','2023-09-13 20:00:24','2023-09-13 20:00:25',0,'1','meal',0,0),(65,1,677,'2023-09-20','2023-09-13 20:00:24','2023-09-16 14:31:26',0,'0','meal',1,0),(66,1,172,'2023-10-04','2023-09-13 20:00:24','2023-09-13 20:00:24',0,'1','snack',0,0),(67,1,948,'2023-09-27','2023-09-13 20:00:24','2023-09-16 14:33:45',0,'1','snack',1,0),(68,1,184,'2023-10-05','2023-09-13 20:00:24','2023-09-13 20:00:25',0,'1','meal',0,0),(69,1,963,'2023-09-28','2023-09-13 20:00:24','2023-09-26 22:50:15',0,'0','meal',1,0),(70,1,452,'2023-09-13','2023-09-13 20:00:24','2023-09-13 20:00:25',0,'1','meal',0,0),(71,1,710,'2023-09-21','2023-09-13 20:00:24','2023-09-16 14:32:27',0,'0','meal',1,0),(72,1,208,'2023-10-05','2023-09-13 20:00:24','2023-09-13 20:00:24',0,'1','snack',0,0),(73,1,475,'2023-09-14','2023-09-13 20:00:24','2023-09-13 20:00:25',0,'1','meal',0,0),(74,1,734,'2023-09-21','2023-09-13 20:00:24','2023-09-16 14:32:27',0,'1','snack',1,0),(75,1,488,'2023-09-14','2023-09-13 20:00:24','2023-09-13 20:00:24',0,'1','snack',0,0),(76,1,1002,'2023-09-30','2023-09-13 20:00:24','2023-09-26 22:51:09',0,'0','meal',1,0),(77,1,239,'2023-10-07','2023-09-13 20:00:24','2023-09-13 20:00:25',0,'1','meal',0,0),(78,1,756,'2023-09-23','2023-09-13 20:00:24','2023-09-16 14:32:46',0,'0','meal',1,0),(79,1,516,'2023-09-16','2023-09-13 20:00:24','2023-09-13 20:00:24',0,'0','meal',0,0),(80,1,266,'2023-10-07','2023-09-13 20:00:24','2023-09-13 20:00:24',0,'0','snack',0,0),(81,1,1290,'2023-09-23','2023-09-13 20:00:24','2023-09-16 14:32:46',0,'1','snack',1,0),(82,1,19,'2023-10-01','2023-09-13 20:00:24','2023-09-16 14:34:19',0,'1','meal',1,0),(83,1,787,'2023-09-24','2023-09-13 20:00:24','2023-09-16 14:33:00',0,'0','meal',1,0),(84,1,534,'2023-09-16','2023-09-13 20:00:24','2023-09-13 20:00:24',0,'0','snack',0,0),(85,1,279,'2023-10-08','2023-09-13 20:00:24','2023-09-13 20:00:24',0,'0','meal',0,0),(86,1,42,'2023-10-01','2023-09-13 20:00:24','2023-09-16 14:34:19',0,'0','snack',1,0),(87,1,300,'2023-10-08','2023-09-13 20:00:24','2023-09-13 20:00:24',0,'0','snack',0,0),(88,1,321,'2023-10-09','2023-09-13 20:00:24','2023-09-13 20:00:24',0,'0','meal',0,0),(89,1,71,'2023-10-02','2023-09-13 20:00:24','2023-09-13 20:00:24',0,'0','meal',0,0),(90,1,842,'2023-09-25','2023-09-13 20:00:24','2023-09-16 14:33:12',0,'1','meal',1,0),(91,1,592,'2023-09-18','2023-09-13 20:00:24','2023-09-16 14:30:56',0,'0','meal',1,0),(92,1,90,'2023-10-02','2023-09-13 20:00:24','2023-09-13 20:00:24',0,'0','snack',0,0),(93,1,348,'2023-09-11','2023-09-13 20:00:24','2023-09-13 20:00:24',0,'0','meal',0,0),(94,1,870,'2023-09-25','2023-09-13 20:00:24','2023-09-16 14:33:12',0,'1','snack',1,0),(95,1,123,'2023-10-03','2023-09-13 20:00:24','2023-09-13 20:00:24',0,'0','meal',0,0),(96,1,639,'2023-09-19','2023-09-13 20:00:24','2023-09-19 11:35:45',1,'1','meal',1,0),(97,1,899,'2023-09-26','2023-09-13 20:00:24','2023-09-16 14:33:26',0,'1','meal',1,0),(98,1,135,'2023-10-03','2023-09-13 20:00:24','2023-09-13 20:00:24',0,'0','snack',0,0),(99,1,403,'2023-09-12','2023-09-13 20:00:24','2023-09-13 20:00:24',0,'0','meal',0,0),(100,1,157,'2023-10-04','2023-09-13 20:00:24','2023-09-13 20:00:24',0,'0','meal',0,0),(101,1,160,'2023-09-28','2023-09-13 20:00:24','2023-09-26 22:50:15',0,'0','meal',1,0),(102,1,930,'2023-09-27','2023-09-13 20:00:24','2023-09-26 22:49:09',0,'0','meal',1,0),(103,1,680,'2023-09-20','2023-09-13 20:00:24','2023-09-16 14:31:26',0,'1','meal',1,0),(104,1,440,'2023-09-13','2023-09-13 20:00:24','2023-09-13 20:00:24',0,'0','meal',0,0),(105,1,954,'2023-09-27','2023-09-13 20:00:24','2023-09-16 14:33:45',0,'0','snack',1,0),(106,1,187,'2023-10-05','2023-09-13 20:00:24','2023-09-13 20:00:24',0,'0','meal',0,0),(107,1,211,'2023-10-05','2023-09-13 20:00:24','2023-09-13 20:00:24',0,'0','snack',0,0),(108,1,731,'2023-09-21','2023-09-13 20:00:24','2023-09-16 14:32:27',0,'0','meal',1,0),(109,1,479,'2023-09-14','2023-09-13 20:00:24','2023-09-13 20:00:24',0,'0','meal',0,0),(110,1,737,'2023-09-21','2023-09-13 20:00:24','2023-09-16 14:32:27',0,'0','snack',1,0),(111,1,746,'2023-09-23','2023-09-13 20:00:24','2023-09-16 14:32:46',0,'0','meal',1,0),(112,1,491,'2023-09-14','2023-09-13 20:00:24','2023-09-13 20:00:24',0,'0','snack',0,0),(113,1,760,'2023-09-23','2023-09-13 20:00:24','2023-09-16 14:32:46',0,'0','meal',1,0),(114,1,1017,'2023-09-30','2023-09-13 20:00:24','2023-09-26 22:51:09',0,'1','meal',1,0),(115,1,251,'2023-10-07','2023-09-13 20:00:24','2023-09-13 20:00:24',0,'0','meal',0,0),(116,1,512,'2023-09-16','2023-09-13 20:00:24','2023-09-13 20:00:24',0,'0','meal',0,0),(117,1,263,'2023-10-07','2023-09-13 20:00:24','2023-09-13 20:00:24',0,'0','snack',0,0),(118,1,537,'2023-09-16','2023-09-13 20:00:24','2023-09-13 20:00:24',0,'0','snack',0,0),(119,1,27,'2023-10-01','2023-09-13 20:00:24','2023-09-16 14:34:19',0,'0','meal',1,0),(120,1,796,'2023-09-24','2023-09-13 20:00:24','2023-09-16 14:33:00',0,'0','meal',1,0),(121,1,291,'2023-10-08','2023-09-13 20:00:24','2023-09-13 20:00:24',0,'0','meal',0,0),(122,1,45,'2023-10-01','2023-09-13 20:00:24','2023-09-16 14:34:19',0,'0','snack',1,0),(123,1,303,'2023-10-08','2023-09-13 20:00:24','2023-09-13 20:00:24',0,'0','snack',0,0),(124,1,309,'2023-10-09','2023-09-13 20:00:24','2023-09-13 20:00:24',0,'0','meal',0,0),(125,1,845,'2023-09-25','2023-09-13 20:00:24','2023-09-16 14:33:12',0,'0','meal',1,0),(126,1,78,'2023-10-02','2023-09-13 20:00:24','2023-09-13 20:00:24',0,'0','meal',0,0),(127,1,596,'2023-09-18','2023-09-13 20:00:24','2023-09-16 14:30:56',0,'0','meal',1,0),(128,1,861,'2023-09-25','2023-09-13 20:00:24','2023-09-16 14:33:12',0,'0','snack',1,0),(129,1,95,'2023-10-02','2023-09-13 20:00:24','2023-09-13 20:00:24',0,'0','snack',0,0),(130,1,363,'2023-09-11','2023-09-13 20:00:24','2023-09-13 20:00:24',0,'0','meal',0,0),(131,1,882,'2023-09-26','2023-09-13 20:00:24','2023-09-16 14:33:26',0,'0','meal',1,0),(132,1,119,'2023-10-03','2023-09-13 20:00:24','2023-09-13 20:00:24',0,'0','meal',0,0),(133,1,636,'2023-09-19','2023-09-13 20:00:24','2023-09-16 14:31:13',0,'0','meal',1,0),(134,1,138,'2023-10-03','2023-09-13 20:00:24','2023-09-13 20:00:24',0,'0','snack',0,0),(135,1,400,'2023-09-12','2023-09-13 20:00:24','2023-09-13 20:00:24',0,'0','meal',0,0),(136,1,148,'2023-10-04','2023-09-13 20:00:24','2023-09-13 20:00:24',0,'0','meal',0,0),(137,1,924,'2023-09-27','2023-09-13 20:00:24','2023-09-26 22:49:09',0,'0','meal',1,0),(138,1,683,'2023-09-20','2023-09-13 20:00:24','2023-09-16 14:31:26',0,'1','meal',1,0),(139,1,178,'2023-10-04','2023-09-13 20:00:24','2023-09-13 20:00:24',0,'0','snack',0,0),(140,1,437,'2023-09-13','2023-09-13 20:00:24','2023-09-13 20:00:24',0,'0','meal',0,0),(141,1,951,'2023-09-27','2023-09-13 20:00:24','2023-09-16 14:33:45',0,'0','snack',1,0),(142,1,193,'2023-10-05','2023-09-13 20:00:24','2023-09-13 20:00:24',0,'0','meal',0,0),(143,1,975,'2023-09-28','2023-09-13 20:00:24','2023-09-26 22:50:15',0,'0','meal',1,0),(144,1,214,'2023-10-05','2023-09-13 20:00:24','2023-09-13 20:00:24',0,'0','snack',0,0),(145,1,728,'2023-09-21','2023-09-13 20:00:24','2023-09-16 14:32:27',0,'0','meal',1,0),(146,1,740,'2023-09-21','2023-09-13 20:00:24','2023-09-16 14:32:27',0,'0','snack',1,0),(147,1,485,'2023-09-14','2023-09-13 20:00:24','2023-09-13 20:00:24',0,'0','meal',0,0),(148,1,236,'2023-10-07','2023-09-13 20:00:24','2023-09-13 20:00:24',0,'0','meal',0,0),(149,1,494,'2023-09-14','2023-09-13 20:00:24','2023-09-13 20:00:24',0,'0','snack',0,0),(150,1,753,'2023-09-23','2023-09-13 20:00:24','2023-09-16 14:32:46',0,'0','meal',1,0),(151,1,1011,'2023-09-30','2023-09-13 20:00:24','2023-09-26 22:51:09',0,'0','meal',1,0),(152,1,1283,NULL,'2023-09-13 20:00:24','2023-09-13 20:00:25',0,'1','meal',0,0),(153,1,522,'2023-09-16','2023-09-13 20:00:24','2023-09-13 20:00:24',0,'0','meal',0,0),(154,1,790,'2023-09-24','2023-09-13 20:00:24','2023-09-16 14:33:00',0,'0','meal',1,0),(155,1,288,'2023-10-08','2023-09-13 20:00:24','2023-09-13 20:00:24',0,'0','meal',0,0),(156,1,315,'2023-10-09','2023-09-13 20:00:24','2023-09-13 20:00:24',0,'0','meal',0,0),(157,1,74,'2023-10-02','2023-09-13 20:00:24','2023-09-13 20:00:24',0,'0','meal',0,0),(158,1,851,'2023-09-25','2023-09-13 20:00:24','2023-09-16 14:33:12',0,'0','meal',1,0),(159,1,602,'2023-09-18','2023-09-13 20:00:24','2023-09-17 21:55:40',1,'1','meal',1,0),(160,1,354,'2023-09-11','2023-09-13 20:00:24','2023-09-13 20:00:24',0,'0','meal',0,0),(161,1,1131,'2023-09-23','2023-09-13 20:00:24','2023-09-16 14:32:46',0,'1','meal',1,0),(162,1,889,'2023-09-26','2023-09-13 20:00:24','2023-09-16 14:33:26',0,'0','meal',1,0),(163,1,126,'2023-10-03','2023-09-13 20:00:24','2023-09-13 20:00:24',0,'0','meal',0,0),(164,1,649,'2023-09-19','2023-09-13 20:00:24','2023-09-16 14:31:13',0,'0','meal',1,0),(165,1,410,'2023-09-12','2023-09-13 20:00:24','2023-09-13 20:00:24',0,'0','meal',0,0),(166,1,933,'2023-09-27','2023-09-13 20:00:24','2023-09-26 22:49:09',0,'0','meal',1,0),(167,1,689,'2023-09-20','2023-09-13 20:00:24','2023-09-16 14:31:26',0,'0','meal',1,0),(168,1,1209,'2023-10-01','2023-09-13 20:00:24','2023-09-16 14:34:19',0,'0','meal',1,0),(169,1,190,'2023-10-05','2023-09-13 20:00:24','2023-09-13 20:00:24',0,'0','meal',0,0),(170,1,446,'2023-09-13','2023-09-13 20:00:24','2023-09-13 20:00:24',0,'0','meal',0,0),(171,1,722,'2023-09-21','2023-09-13 20:00:24','2023-09-16 14:32:27',0,'0','meal',1,0),(172,1,981,'2023-10-04','2023-09-13 20:00:24','2023-09-13 20:00:24',0,'0','meal',0,0),(173,1,984,'2023-09-28','2023-09-13 20:00:24','2023-09-26 22:50:15',0,'0','meal',1,0),(174,1,230,'2023-10-07','2023-09-13 20:00:24','2023-09-13 20:00:24',0,'0','meal',0,0),(175,1,1020,'2023-09-30','2023-09-13 20:00:24','2023-09-26 22:51:09',0,'0','meal',1,0),(176,1,282,'2023-10-08','2023-09-13 20:00:24','2023-09-13 20:00:24',0,'0','meal',0,0),(177,1,30,'2023-10-01','2023-09-13 20:00:24','2023-09-16 14:34:19',0,'0','meal',1,0),(178,1,801,'2023-09-24','2023-09-13 20:00:24','2023-09-16 14:33:00',0,'0','meal',1,0),(179,1,318,'2023-10-09','2023-09-13 20:00:24','2023-09-13 20:00:24',0,'0','meal',0,0),(180,1,848,'2023-09-25','2023-09-13 20:00:24','2023-09-16 14:33:12',0,'1','meal',1,0),(181,1,81,'2023-10-02','2023-09-13 20:00:24','2023-09-13 20:00:24',0,'0','meal',0,0),(182,1,605,'2023-09-18','2023-09-13 20:00:24','2023-09-16 14:30:56',0,'0','meal',1,0),(183,1,116,'2023-10-03','2023-09-13 20:00:24','2023-09-13 20:00:24',0,'0','meal',0,0),(184,1,633,'2023-09-19','2023-09-13 20:00:24','2023-09-16 14:31:13',0,'0','meal',1,0),(185,1,896,'2023-09-26','2023-09-13 20:00:24','2023-09-16 14:33:26',0,'0','meal',1,0),(186,1,406,'2023-09-12','2023-09-13 20:00:24','2023-09-13 20:00:24',0,'0','meal',0,0),(187,1,927,'2023-09-27','2023-09-13 20:00:24','2023-09-26 22:49:09',0,'0','meal',1,0),(188,1,166,'2023-10-04','2023-09-13 20:00:24','2023-09-13 20:00:24',0,'0','meal',0,0),(189,1,686,'2023-09-20','2023-09-13 20:00:24','2023-09-16 14:31:26',0,'0','meal',1,0),(190,1,443,'2023-09-13','2023-09-13 20:00:25','2023-09-13 20:00:25',0,'0','meal',0,0),(191,1,966,'2023-09-28','2023-09-13 20:00:25','2023-09-26 22:50:15',0,'0','meal',1,0),(192,1,199,'2023-10-05','2023-09-13 20:00:25','2023-09-13 20:00:25',0,'0','meal',0,0),(193,1,713,'2023-09-21','2023-09-13 20:00:25','2023-09-16 14:32:27',0,'0','meal',1,0),(194,1,1226,'2023-09-11','2023-09-13 20:00:25','2023-09-13 20:00:25',0,'0','meal',0,0),(195,1,473,'2023-09-14','2023-09-13 20:00:25','2023-09-13 20:00:25',0,'0','meal',0,0),(196,1,245,'2023-10-07','2023-09-13 20:00:25','2023-09-13 20:00:25',0,'0','meal',0,0),(197,1,763,'2023-09-23','2023-09-13 20:00:25','2023-09-16 14:32:46',0,'0','meal',1,0),(198,1,509,'2023-09-16','2023-09-13 20:00:25','2023-09-13 20:00:25',0,'0','meal',0,0),(199,1,1023,'2023-09-30','2023-09-13 20:00:25','2023-09-26 22:51:09',0,'0','meal',1,0),(200,1,769,'2023-09-23','2023-09-13 20:00:25','2023-09-16 14:32:46',0,'0','meal',1,0),(201,1,525,'2023-09-16','2023-09-13 20:00:25','2023-09-13 20:00:25',0,'0','meal',0,0),(202,1,273,'2023-10-08','2023-09-13 20:00:25','2023-09-13 20:00:25',0,'0','meal',0,0),(203,1,793,'2023-09-24','2023-09-13 20:00:25','2023-09-16 14:33:00',0,'0','meal',1,0),(204,1,312,'2023-10-09','2023-09-13 20:00:25','2023-09-13 20:00:25',0,'0','meal',0,0),(205,1,65,'2023-10-02','2023-09-13 20:00:25','2023-09-13 20:00:25',0,'0','meal',0,0),(206,1,835,'2023-09-25','2023-09-13 20:00:25','2023-09-16 14:33:12',0,'0','meal',1,0),(207,1,1103,'2023-10-01','2023-09-13 20:00:25','2023-09-16 14:34:19',0,'0','meal',1,0),(208,1,599,'2023-09-18','2023-09-13 20:00:25','2023-09-16 14:30:56',0,'0','meal',1,0),(209,1,104,'2023-10-03','2023-09-13 20:00:25','2023-09-13 20:00:25',0,'0','meal',0,0),(210,1,885,'2023-09-26','2023-09-13 20:00:25','2023-09-16 14:33:26',0,'0','meal',1,0),(211,1,643,'2023-09-19','2023-09-13 20:00:25','2023-09-16 14:31:13',0,'0','meal',1,0),(212,1,397,'2023-09-12','2023-09-13 20:00:25','2023-09-13 20:00:25',0,'0','meal',0,0),(213,1,674,'2023-09-20','2023-09-13 20:00:25','2023-09-16 14:31:26',0,'0','meal',1,0),(214,1,939,'2023-09-27','2023-09-13 20:00:25','2023-09-26 22:49:09',0,'0','meal',1,0),(215,1,449,'2023-09-13','2023-09-13 20:00:25','2023-09-13 20:00:25',0,'0','meal',0,0),(216,1,196,'2023-10-05','2023-09-13 20:00:25','2023-09-13 20:00:25',0,'0','meal',0,0),(217,1,969,'2023-09-28','2023-09-13 20:00:25','2023-09-26 22:50:15',0,'0','meal',1,0),(218,1,716,'2023-09-21','2023-09-13 20:00:25','2023-09-16 14:32:27',0,'0','meal',1,0),(219,1,470,'2023-09-14','2023-09-13 20:00:25','2023-09-13 20:00:25',0,'0','meal',0,0),(220,1,233,'2023-10-07','2023-09-13 20:00:25','2023-09-13 20:00:25',0,'0','meal',0,0),(221,1,1005,'2023-09-30','2023-09-13 20:00:25','2023-09-26 22:51:09',0,'0','meal',1,0),(222,1,23,'2023-10-01','2023-09-13 20:00:25','2023-09-16 14:34:19',0,'1','meal',1,0),(223,1,285,'2023-10-08','2023-09-13 20:00:25','2023-09-13 20:00:25',0,'0','meal',0,0),(224,1,803,'2023-09-24','2023-09-13 20:00:25','2023-09-16 14:33:00',0,'0','meal',1,0),(225,1,58,'2023-10-02','2023-09-13 20:00:25','2023-09-13 20:00:25',0,'0','meal',0,0),(226,1,327,'2023-10-09','2023-09-13 20:00:25','2023-09-13 20:00:25',0,'0','meal',0,0),(227,1,855,'2023-09-25','2023-09-13 20:00:25','2023-09-16 14:33:12',0,'0','meal',1,0),(228,1,608,'2023-09-18','2023-09-13 20:00:25','2023-09-17 21:55:39',1,'1','meal',1,0),(229,1,357,'2023-09-11','2023-09-13 20:00:25','2023-09-13 20:00:25',0,'0','meal',0,0),(230,1,107,'2023-10-03','2023-09-13 20:00:25','2023-09-13 20:00:25',0,'0','meal',0,0),(231,1,893,'2023-09-26','2023-09-13 20:00:25','2023-09-16 14:33:26',0,'1','meal',1,0),(232,1,652,'2023-09-19','2023-09-13 20:00:25','2023-09-19 11:35:45',1,'1','meal',1,0),(233,1,151,'2023-10-04','2023-09-13 20:00:25','2023-09-13 20:00:25',0,'0','meal',0,0),(234,1,413,'2023-09-12','2023-09-13 20:00:25','2023-09-13 20:00:25',0,'0','meal',0,0),(235,1,936,'2023-09-27','2023-09-13 20:00:25','2023-09-26 22:49:09',0,'1','meal',1,0),(236,1,202,'2023-10-05','2023-09-13 20:00:25','2023-09-13 20:00:25',0,'0','meal',0,0),(237,1,972,'2023-09-28','2023-09-13 20:00:25','2023-09-26 22:50:15',0,'0','meal',1,0),(238,1,719,'2023-09-21','2023-09-13 20:00:25','2023-09-16 14:32:27',0,'1','meal',1,0),(239,1,242,'2023-10-07','2023-09-13 20:00:25','2023-09-13 20:00:25',0,'0','meal',0,0),(240,1,1014,'2023-09-30','2023-09-13 20:00:25','2023-09-26 22:51:09',0,'0','meal',1,0),(241,1,506,'2023-09-16','2023-09-13 20:00:25','2023-09-13 20:00:25',0,'0','meal',0,0),(242,1,766,'2023-09-23','2023-09-13 20:00:25','2023-09-16 14:32:46',0,'1','meal',1,0),(243,1,1026,'2023-09-30','2023-09-13 20:00:25','2023-09-26 22:51:09',0,'0','meal',1,0),(244,1,528,'2023-09-16','2023-09-13 20:00:25','2023-09-13 20:00:25',0,'0','meal',0,0),(245,1,33,'2023-10-01','2023-09-13 20:00:25','2023-09-16 14:34:19',0,'0','meal',1,0),(246,1,546,'2023-09-17','2023-09-13 20:00:25','2023-09-16 17:20:33',0,'0','meal',1,0),(247,1,806,'2023-09-24','2023-09-13 20:00:25','2023-09-16 14:33:00',0,'1','meal',1,0),(248,1,589,'2023-09-18','2023-09-13 20:00:25','2023-09-16 14:30:56',0,'0','meal',1,0),(249,1,858,'2023-09-25','2023-09-13 20:00:25','2023-09-16 14:33:12',0,'0','meal',1,0),(250,1,360,'2023-09-11','2023-09-13 20:00:25','2023-09-13 20:00:25',0,'0','meal',0,0),(251,1,876,'2023-09-26','2023-09-13 20:00:25','2023-09-16 14:33:26',0,'0','meal',1,0),(252,1,110,'2023-10-03','2023-09-13 20:00:25','2023-09-13 20:00:25',0,'0','meal',0,0),(253,1,646,'2023-09-19','2023-09-13 20:00:25','2023-09-16 14:31:13',0,'0','meal',1,0),(254,1,918,'2023-09-27','2023-09-13 20:00:25','2023-09-26 22:49:09',0,'0','meal',1,0),(255,1,154,'2023-10-04','2023-09-13 20:00:25','2023-09-13 20:00:25',0,'0','meal',0,0),(256,1,978,'2023-09-28','2023-09-13 20:00:25','2023-09-26 22:50:15',0,'1','meal',1,0),(257,1,725,'2023-09-21','2023-09-13 20:00:25','2023-09-16 14:32:27',0,'0','meal',1,0),(258,1,220,'2023-10-05','2023-09-13 20:00:25','2023-09-13 20:00:25',0,'0','meal',0,0),(259,1,248,'2023-10-07','2023-09-13 20:00:25','2023-09-13 20:00:25',0,'0','meal',0,0),(260,1,812,'2023-09-24','2023-09-13 20:00:25','2023-09-16 14:33:00',0,'0','meal',1,0),(261,1,101,'2023-10-03','2023-09-13 20:00:25','2023-09-13 20:00:25',0,'0','meal',0,0),(262,1,366,'2023-09-11','2023-09-13 20:00:25','2023-09-13 20:00:25',0,'0','meal',0,0),(263,1,630,'2023-09-19','2023-09-13 20:00:25','2023-09-16 14:31:13',0,'0','meal',1,0),(264,1,145,'2023-10-04','2023-09-13 20:00:25','2023-09-13 20:00:25',0,'0','meal',0,0),(265,1,942,'2023-09-27','2023-09-13 20:00:25','2023-09-26 22:49:09',0,'0','meal',1,0),(266,1,957,'2023-09-28','2023-09-13 20:00:25','2023-09-26 22:50:15',0,'0','meal',1,0),(267,1,707,'2023-09-21','2023-09-13 20:00:25','2023-09-16 14:32:27',0,'0','meal',1,0),(268,1,1230,'2023-10-01','2023-09-13 20:00:25','2023-09-16 14:34:19',0,'0','meal',1,0),(269,1,226,'2023-10-07','2023-09-13 20:00:25','2023-09-13 20:00:25',0,'0','meal',0,0),(270,1,999,'2023-09-30','2023-09-13 20:00:25','2023-09-26 22:51:09',0,'1','meal',1,0),(271,1,52,'2023-10-01','2023-09-13 20:00:25','2023-09-16 14:34:19',0,'0','meal',1,0),(272,1,369,'2023-09-11','2023-09-13 20:00:25','2023-09-13 20:00:25',0,'0','meal',0,0),(273,1,815,'2023-09-24','2023-09-13 20:00:25','2023-09-16 14:33:00',0,'1','meal',1,0),(274,1,372,'2023-09-11','2023-09-13 20:00:25','2023-09-13 20:00:25',0,'0','meal',0,0),(275,1,784,'2023-09-24','2023-09-13 20:00:25','2023-09-16 14:33:00',0,'0','meal',1,0),(276,1,380,'2023-09-11','2023-09-13 20:00:25','2023-09-13 20:00:25',0,'0','meal',0,0),(277,1,778,NULL,'2023-09-13 20:00:25','2023-09-13 20:00:25',0,'1','snack',0,0),(278,1,254,'2023-10-07','2023-09-13 20:00:25','2023-09-13 20:00:25',0,'0','meal',0,0),(279,1,336,NULL,'2023-09-13 20:00:25','2023-09-13 20:00:25',0,'0','snack',0,0),(280,1,339,NULL,'2023-09-13 20:00:25','2023-09-13 20:00:25',0,'0','snack',0,0),(281,1,351,NULL,'2023-09-13 20:00:25','2023-09-13 20:00:25',0,'1','meal',0,0),(282,1,382,'2023-09-11','2023-09-13 20:00:25','2023-09-13 20:00:25',0,'1','snack',0,0),(283,1,385,'2023-09-11','2023-09-13 20:00:25','2023-09-13 20:00:25',0,'1','snack',0,0),(284,1,388,'2023-09-11','2023-09-13 20:00:25','2023-09-13 20:00:25',0,'0','snack',0,0),(285,1,391,'2023-09-11','2023-09-13 20:00:25','2023-09-13 20:00:25',0,'0','snack',0,0),(286,1,419,'2023-09-12','2023-09-13 20:00:25','2023-09-13 20:00:25',0,'1','snack',0,0),(287,1,422,'2023-09-12','2023-09-13 20:00:25','2023-09-13 20:00:25',0,'1','snack',0,0),(288,1,425,'2023-09-12','2023-09-13 20:00:25','2023-09-13 20:00:25',0,'0','snack',0,0),(289,1,428,'2023-09-12','2023-09-13 20:00:25','2023-09-13 20:00:25',0,'0','snack',0,0),(290,1,455,'2023-09-13','2023-09-13 20:00:25','2023-09-13 20:00:25',0,'1','snack',0,0),(291,1,458,'2023-09-13','2023-09-13 20:00:25','2023-09-13 20:00:25',0,'1','snack',0,0),(292,1,461,'2023-09-13','2023-09-13 20:00:25','2023-09-13 20:00:25',0,'0','snack',0,0),(293,1,464,'2023-09-13','2023-09-13 20:00:25','2023-09-13 20:00:25',0,'0','snack',0,0),(294,1,482,'2023-09-13','2023-09-13 20:00:25','2023-09-13 20:00:25',0,'0','meal',0,0),(295,1,497,NULL,'2023-09-13 20:00:25','2023-09-13 20:00:25',0,'0','meal',0,0),(296,1,574,'2023-09-17','2023-09-13 20:00:25','2023-09-16 23:51:15',1,'1','snack',1,0),(297,1,577,'2023-09-17','2023-09-13 20:00:25','2023-09-16 23:51:23',1,'1','snack',1,0),(298,1,580,'2023-09-17','2023-09-13 20:00:25','2023-09-16 17:20:33',0,'0','snack',1,0),(299,1,583,'2023-09-17','2023-09-13 20:00:25','2023-09-16 17:20:33',0,'0','snack',1,0),(300,1,614,'2023-09-18','2023-09-13 20:00:25','2023-09-17 21:55:38',1,'1','snack',1,0),(301,1,617,'2023-09-18','2023-09-13 20:00:25','2023-09-17 21:55:38',1,'1','snack',1,0),(302,1,620,'2023-09-18','2023-09-13 20:00:25','2023-09-16 14:30:56',0,'0','snack',1,0),(303,1,623,'2023-09-18','2023-09-13 20:00:25','2023-09-16 14:30:56',0,'0','snack',1,0),(304,1,658,'2023-09-19','2023-09-13 20:00:25','2023-09-16 14:31:13',0,'0','snack',1,0),(305,1,661,'2023-09-19','2023-09-13 20:00:25','2023-09-19 11:35:47',1,'1','snack',1,0),(306,1,665,'2023-09-19','2023-09-13 20:00:25','2023-09-16 14:31:13',0,'0','snack',1,0),(307,1,668,'2023-09-19','2023-09-13 20:00:25','2023-09-19 11:35:48',1,'1','snack',1,0),(308,1,692,NULL,'2023-09-13 20:00:25','2023-09-13 20:00:25',0,'0','snack',0,0),(309,1,695,'2023-09-20','2023-09-13 20:00:25','2023-09-16 14:31:26',0,'1','snack',1,0),(310,1,698,'2023-09-20','2023-09-13 20:00:25','2023-09-16 14:31:26',0,'1','snack',1,0),(311,1,701,'2023-09-20','2023-09-13 20:00:25','2023-09-16 14:31:26',0,'0','snack',1,0),(312,1,818,'2023-09-24','2023-09-13 20:00:25','2023-09-16 14:33:00',0,'1','snack',1,0),(313,1,821,'2023-09-24','2023-09-13 20:00:25','2023-09-16 14:33:00',0,'0','snack',1,0),(314,1,824,'2023-09-24','2023-09-13 20:00:25','2023-09-16 14:33:00',0,'1','snack',1,0),(315,1,827,'2023-09-24','2023-09-13 20:00:25','2023-09-16 14:33:00',0,'0','snack',1,0),(316,1,903,'2023-09-26','2023-09-13 20:00:25','2023-09-16 14:33:26',0,'1','snack',1,0),(317,1,906,'2023-09-26','2023-09-13 20:00:25','2023-09-16 14:33:26',0,'0','snack',1,0),(318,1,909,'2023-09-26','2023-09-13 20:00:25','2023-09-16 14:33:26',0,'0','snack',1,0),(319,1,912,'2023-09-26','2023-09-13 20:00:25','2023-09-16 14:33:26',0,'1','snack',1,0),(320,1,987,'2023-09-28','2023-09-13 20:00:25','2023-09-16 14:33:55',0,'1','snack',1,0),(321,1,990,'2023-09-28','2023-09-13 20:00:25','2023-09-16 14:33:55',0,'1','snack',1,0),(322,1,993,'2023-09-28','2023-09-13 20:00:25','2023-09-16 14:33:55',0,'0','snack',1,0),(323,1,996,'2023-09-28','2023-09-13 20:00:25','2023-09-16 14:33:55',0,'0','snack',1,0),(324,1,1029,'2023-09-30','2023-09-13 20:00:25','2023-09-26 22:51:09',0,'1','snack',1,0),(325,1,1032,'2023-09-30','2023-09-13 20:00:25','2023-09-26 22:51:09',0,'1','snack',1,0),(326,1,1035,'2023-09-30','2023-09-13 20:00:25','2023-09-26 22:51:09',0,'0','snack',1,0),(327,1,1038,'2023-09-30','2023-09-13 20:00:25','2023-09-26 22:51:09',0,'0','snack',1,0),(328,1,1041,NULL,'2023-09-13 20:00:25','2023-09-13 20:00:25',0,'0','meal',0,0),(329,1,1044,NULL,'2023-09-13 20:00:25','2023-09-13 20:00:25',0,'0','meal',0,0),(330,1,1047,NULL,'2023-09-13 20:00:25','2023-09-13 20:00:25',0,'0','meal',0,0),(331,1,1050,NULL,'2023-09-13 20:00:25','2023-09-13 20:00:25',0,'0','meal',0,0),(332,1,1053,NULL,'2023-09-13 20:00:25','2023-09-13 20:00:25',0,'0','meal',0,0),(333,1,1056,NULL,'2023-09-13 20:00:25','2023-09-13 20:00:25',0,'0','meal',0,0),(334,1,1059,NULL,'2023-09-13 20:00:25','2023-09-13 20:00:25',0,'0','meal',0,0),(335,1,1062,NULL,'2023-09-13 20:00:25','2023-09-13 20:00:25',0,'0','meal',0,0),(336,1,1065,NULL,'2023-09-13 20:00:25','2023-09-13 20:00:25',0,'0','meal',0,0),(337,1,1068,NULL,'2023-09-13 20:00:25','2023-09-13 20:00:25',0,'0','meal',0,0),(338,1,1071,NULL,'2023-09-13 20:00:25','2023-09-13 20:00:25',0,'0','snack',0,0),(339,1,1074,NULL,'2023-09-13 20:00:25','2023-09-13 20:00:25',0,'0','snack',0,0),(340,1,1077,NULL,'2023-09-13 20:00:25','2023-09-13 20:00:25',0,'0','snack',0,0),(341,1,1080,NULL,'2023-09-13 20:00:25','2023-09-13 20:00:25',0,'0','snack',0,0),(683,1,555,'2023-09-17','2023-09-13 20:00:24','2023-09-16 17:20:33',0,'0','meal',1,0),(684,1,558,'2023-09-17','2023-09-16 17:15:38','2023-09-16 17:20:33',0,'0','meal',1,0),(685,1,565,'2023-09-17',NULL,'2023-09-16 23:51:23',1,'1','meal',1,0),(686,1,568,'2023-09-17',NULL,'2023-09-16 23:51:24',1,'1','meal',1,0),(687,1,561,'2023-09-17',NULL,'2023-09-16 17:20:33',0,'0','meal',1,0),(688,1,571,'2023-09-17',NULL,'2023-09-16 17:20:33',0,'0','meal',1,0),(712,3,625,'2023-09-19','2023-09-17 07:12:00','2023-09-17 17:09:42',0,'0','meal',1,0),(755,3,654,'2023-09-19','2023-09-17 07:12:00','2023-09-19 11:35:24',1,'1','meal',1,0),(796,3,638,'2023-09-19','2023-09-17 07:12:00','2023-09-19 11:35:25',1,'1','meal',1,0),(834,3,635,'2023-09-19','2023-09-17 07:12:00','2023-09-17 17:09:42',0,'0','meal',1,0),(863,3,632,'2023-09-19','2023-09-17 07:12:01','2023-09-17 17:09:42',0,'0','meal',1,0),(893,3,648,'2023-09-19','2023-09-17 07:12:01','2023-09-17 17:09:42',0,'0','meal',1,0),(919,3,642,'2023-09-19','2023-09-17 07:12:01','2023-09-17 17:09:42',0,'0','meal',1,0),(943,3,645,'2023-09-19','2023-09-17 07:12:01','2023-09-17 17:09:42',0,'0','meal',1,0),(966,3,651,'2023-09-19','2023-09-17 07:12:01','2023-09-17 17:09:42',0,'0','meal',1,0),(977,3,629,'2023-09-19','2023-09-17 07:12:01','2023-09-19 11:35:27',1,'1','meal',1,0),(1014,3,657,'2023-09-19','2023-09-17 07:12:01','2023-09-17 17:09:42',0,'0','snack',1,0),(1015,3,660,'2023-09-19','2023-09-17 07:12:01','2023-09-19 11:35:28',1,'1','snack',1,0),(1016,3,664,'2023-09-19','2023-09-17 07:12:01','2023-09-19 11:35:29',1,'1','snack',1,0),(1017,3,667,'2023-09-19','2023-09-17 07:12:01','2023-09-17 17:09:42',0,'0','snack',1,0),(7566,16,780,'2023-09-24','2023-09-18 23:19:32','2023-09-18 23:22:00',0,'1','meal',1,1),(7567,16,808,'2023-09-24','2023-09-18 23:19:32','2023-09-18 23:22:00',0,'0','meal',1,1),(7568,16,786,'2023-09-24','2023-09-18 23:19:32','2023-09-18 23:22:00',0,'1','meal',1,1),(7569,16,795,'2023-09-24','2023-09-18 23:19:32','2023-09-18 23:22:00',0,'0','meal',1,1),(7570,16,792,'2023-09-24','2023-09-18 23:19:32','2023-09-18 23:22:00',0,'0','meal',1,1),(7571,16,802,'2023-09-24','2023-09-18 23:19:32','2023-09-18 23:22:00',0,'1','meal',1,1),(7572,16,789,'2023-09-24','2023-09-18 23:19:32','2023-09-18 23:22:00',0,'0','meal',1,1),(7573,16,798,'2023-09-24','2023-09-18 23:19:32','2023-09-18 23:22:00',0,'0','meal',1,1),(7574,16,805,'2023-09-24','2023-09-18 23:19:32','2023-09-18 23:22:00',0,'0','meal',1,1),(7575,16,811,'2023-09-24','2023-09-18 23:19:32','2023-09-18 23:22:00',0,'0','meal',1,1),(7576,16,814,'2023-09-24','2023-09-18 23:19:32','2023-09-18 23:22:00',0,'0','meal',1,1),(7577,16,783,'2023-09-24','2023-09-18 23:19:32','2023-09-18 23:22:00',0,'1','meal',1,1),(7578,16,817,'2023-09-24','2023-09-18 23:19:32','2023-09-18 23:22:00',0,'0','snack',1,1),(7579,16,820,'2023-09-24','2023-09-18 23:19:32','2023-09-18 23:22:00',0,'0','snack',1,1),(7580,16,823,'2023-09-24','2023-09-18 23:19:32','2023-09-18 23:22:00',0,'0','snack',1,1),(7581,16,826,'2023-09-24','2023-09-18 23:19:32','2023-09-18 23:22:00',0,'1','snack',1,1),(7582,16,829,'2023-09-25','2023-09-18 23:19:32','2023-09-18 23:23:49',0,'1','meal',1,1),(7583,16,866,'2023-09-25','2023-09-18 23:19:32','2023-09-18 23:23:49',0,'0','snack',1,1),(7584,16,837,'2023-09-25','2023-09-18 23:19:32','2023-09-18 23:23:49',0,'0','meal',1,1),(7585,16,869,'2023-09-25','2023-09-18 23:19:32','2023-09-18 23:23:49',0,'1','snack',1,1),(7586,16,841,'2023-09-25','2023-09-18 23:19:32','2023-09-18 23:23:49',0,'1','meal',1,1),(7587,16,860,'2023-09-25','2023-09-18 23:19:32','2023-09-18 23:23:49',0,'0','snack',1,1),(7588,16,844,'2023-09-25','2023-09-18 23:19:32','2023-09-18 23:23:49',0,'0','meal',1,1),(7589,16,850,'2023-09-25','2023-09-18 23:19:32','2023-09-18 23:23:49',0,'0','meal',1,1),(7590,16,857,'2023-09-25','2023-09-18 23:19:32','2023-09-18 23:23:49',0,'1','meal',1,1),(7591,16,832,'2023-09-25','2023-09-18 23:19:32','2023-09-18 23:23:49',0,'0','meal',1,1),(7592,16,847,'2023-09-25','2023-09-18 23:19:32','2023-09-18 23:23:49',0,'0','meal',1,1),(7593,16,854,'2023-09-25','2023-09-18 23:19:32','2023-09-18 23:23:49',0,'1','meal',1,1),(7594,16,872,'2023-09-26','2023-09-18 23:19:32','2023-09-18 23:25:14',0,'0','meal',1,1),(7595,16,878,'2023-09-26','2023-09-18 23:19:32','2023-09-18 23:25:14',0,'0','meal',1,1),(7596,16,881,'2023-09-26','2023-09-18 23:19:32','2023-09-18 23:25:14',0,'0','meal',1,1),(7597,16,888,'2023-09-26','2023-09-18 23:19:32','2023-09-18 23:25:14',0,'1','meal',1,1),(7598,16,898,'2023-09-26','2023-09-18 23:19:32','2023-09-18 23:25:14',0,'1','meal',1,1),(7599,16,895,'2023-09-26','2023-09-18 23:19:32','2023-09-18 23:25:14',0,'0','meal',1,1),(7600,16,887,'2023-09-26','2023-09-18 23:19:32','2023-09-18 23:25:14',0,'0','meal',1,1),(7601,16,892,'2023-09-26','2023-09-18 23:19:32','2023-09-18 23:25:14',0,'1','meal',1,1),(7602,16,875,'2023-09-26','2023-09-18 23:19:32','2023-09-18 23:25:14',0,'0','meal',1,1),(7603,16,902,'2023-09-26','2023-09-18 23:19:32','2023-09-18 23:25:14',0,'0','snack',1,1),(7604,16,905,'2023-09-26','2023-09-18 23:19:32','2023-09-18 23:25:14',0,'1','snack',1,1),(7605,16,908,'2023-09-26','2023-09-18 23:19:32','2023-09-18 23:25:14',0,'0','snack',1,1),(7606,16,911,'2023-09-26','2023-09-18 23:19:32','2023-09-18 23:25:14',0,'0','snack',1,1),(7607,16,914,'2023-09-27','2023-09-18 23:19:32','2023-09-24 00:23:50',0,'1','meal',1,1),(7608,16,944,'2023-09-27','2023-09-18 23:19:32','2023-09-24 00:23:50',0,'0','snack',1,1),(7609,16,920,'2023-09-27','2023-09-18 23:19:32','2023-09-24 00:23:50',0,'1','meal',1,1),(7610,16,947,'2023-09-27','2023-09-18 23:19:32','2023-09-24 00:23:50',0,'0','snack',1,1),(7611,16,929,'2023-09-27','2023-09-18 23:19:32','2023-09-24 00:23:50',0,'0','meal',1,1),(7612,16,953,'2023-09-27','2023-09-18 23:19:32','2023-09-24 00:23:50',0,'1','snack',1,1),(7613,16,923,'2023-09-27','2023-09-18 23:19:32','2023-09-24 00:23:50',0,'0','meal',1,1),(7614,16,950,'2023-09-27','2023-09-18 23:19:32','2023-09-24 00:23:50',0,'0','snack',1,1),(7615,16,932,'2023-09-27','2023-09-18 23:19:32','2023-09-24 00:23:50',0,'1','meal',1,1),(7616,16,926,'2023-09-27','2023-09-18 23:19:32','2023-09-24 00:23:50',0,'0','meal',1,1),(7617,16,935,'2023-09-27','2023-09-18 23:19:32','2023-09-24 00:23:50',0,'0','meal',1,1),(7618,16,938,'2023-09-27','2023-09-18 23:19:32','2023-09-24 00:23:50',0,'0','meal',1,1),(7619,16,917,'2023-09-27','2023-09-18 23:19:32','2023-09-24 00:23:50',0,'1','meal',1,1),(7620,16,941,'2023-09-27','2023-09-18 23:19:32','2023-09-24 00:23:50',0,'0','meal',1,1),(7621,16,959,'2023-09-28','2023-09-18 23:19:32','2023-09-24 00:24:58',0,'1','meal',1,1),(7622,16,962,'2023-09-28','2023-09-18 23:19:32','2023-09-24 00:24:58',0,'0','meal',1,1),(7623,16,980,'2023-09-28','2023-09-18 23:19:32','2023-09-24 00:24:58',0,'1','meal',1,1),(7624,16,974,'2023-09-28','2023-09-18 23:19:32','2023-09-24 00:24:58',0,'0','meal',1,1),(7625,16,983,'2023-09-28','2023-09-18 23:19:32','2023-09-24 00:24:58',0,'1','meal',1,1),(7626,16,968,'2023-09-28','2023-09-18 23:19:32','2023-09-24 00:24:58',0,'1','meal',1,1),(7627,16,977,'2023-09-28','2023-09-18 23:19:32','2023-09-24 00:24:58',0,'0','meal',1,1),(7628,16,971,'2023-09-28','2023-09-18 23:19:32','2023-09-24 00:24:58',0,'0','meal',1,1),(7629,16,965,'2023-09-28','2023-09-18 23:19:32','2023-09-24 00:24:58',0,'0','meal',1,1),(7630,16,956,'2023-09-28','2023-09-18 23:19:32','2023-09-24 00:24:58',0,'0','meal',1,1),(7631,16,986,'2023-09-28','2023-09-18 23:19:32','2023-09-24 00:24:58',0,'0','snack',1,1),(7632,16,989,'2023-09-28','2023-09-18 23:19:32','2023-09-24 00:24:58',0,'0','snack',1,1),(7633,16,992,'2023-09-28','2023-09-18 23:19:32','2023-09-24 00:24:58',0,'1','snack',1,1),(7634,16,995,'2023-09-28','2023-09-18 23:19:32','2023-09-24 00:24:58',0,'0','snack',1,1),(7635,16,1028,'2023-09-30','2023-09-18 23:19:32','2023-09-24 16:09:48',0,'0','snack',1,1),(7636,16,1007,'2023-09-30','2023-09-18 23:19:32','2023-09-24 16:09:48',0,'1','meal',1,1),(7637,16,1031,'2023-09-30','2023-09-18 23:19:32','2023-09-24 16:09:48',0,'0','snack',1,1),(7638,16,1001,'2023-09-30','2023-09-18 23:19:32','2023-09-24 16:09:48',0,'1','meal',1,1),(7639,16,1034,'2023-09-30','2023-09-18 23:19:32','2023-09-24 16:09:48',0,'0','snack',1,1),(7640,16,1016,'2023-09-30','2023-09-18 23:19:32','2023-09-24 16:09:48',0,'1','meal',1,1),(7641,16,1037,'2023-09-30','2023-09-18 23:19:32','2023-09-24 16:09:48',0,'1','snack',1,1),(7642,16,1010,'2023-09-30','2023-09-18 23:19:32','2023-09-24 16:09:48',0,'0','meal',1,1),(7643,16,1019,'2023-09-30','2023-09-18 23:19:32','2023-09-24 16:09:48',0,'0','meal',1,1),(7644,16,1022,'2023-09-30','2023-09-18 23:19:32','2023-09-24 16:09:48',0,'0','meal',1,1),(7645,16,1004,'2023-09-30','2023-09-18 23:19:32','2023-09-24 16:09:48',0,'0','meal',1,1),(7646,16,1013,'2023-09-30','2023-09-18 23:19:32','2023-09-24 16:09:48',0,'1','meal',1,1),(7647,16,1025,'2023-09-30','2023-09-18 23:19:32','2023-09-24 16:09:48',0,'0','meal',1,1),(7648,16,998,'2023-09-30','2023-09-18 23:19:32','2023-09-24 16:09:48',0,'0','meal',1,1),(7649,16,35,'2023-10-01','2023-09-18 23:19:32','2023-09-24 16:11:11',0,'0','snack',1,1),(7650,16,48,'2023-10-01','2023-09-18 23:19:32','2023-09-24 16:11:11',0,'1','meal',1,1),(7651,16,17,'2023-10-01','2023-09-18 23:19:32','2023-09-24 16:11:11',0,'0','meal',1,1),(7652,16,38,'2023-10-01','2023-09-18 23:19:32','2023-09-24 16:11:11',0,'0','snack',1,1),(7653,16,20,'2023-10-01','2023-09-18 23:19:32','2023-09-24 16:11:11',0,'0','meal',1,1),(7654,16,44,'2023-10-01','2023-09-18 23:19:32','2023-09-24 16:11:11',0,'1','snack',1,1),(7655,16,24,'2023-10-01','2023-09-18 23:19:32','2023-09-24 16:11:11',0,'0','meal',1,1),(7656,16,41,'2023-10-01','2023-09-18 23:19:32','2023-09-24 16:11:11',0,'0','snack',1,1),(7657,16,1229,'2023-10-01','2023-09-18 23:19:32','2023-09-24 16:11:11',0,'1','meal',1,1),(7658,16,29,'2023-10-01','2023-09-18 23:19:32','2023-09-24 16:11:11',0,'0','meal',1,1),(7659,16,1102,'2023-10-01','2023-09-18 23:19:32','2023-09-24 16:11:11',0,'0','meal',1,1),(7660,16,1208,'2023-10-01','2023-09-18 23:19:32','2023-09-24 16:11:11',0,'1','meal',1,1),(7661,16,25,'2023-10-01','2023-09-18 23:19:32','2023-09-24 16:11:11',0,'0','meal',1,1),(7662,16,32,'2023-10-01','2023-09-18 23:19:32','2023-09-24 16:11:11',0,'0','meal',1,1),(7663,16,51,'2023-10-01','2023-09-18 23:19:32','2023-09-24 16:11:11',0,'1','meal',1,1),(7664,16,54,'2023-10-02','2023-09-18 23:19:32','2023-09-18 23:19:32',0,'1','meal',0,1),(7665,16,83,'2023-10-02','2023-09-18 23:19:32','2023-09-18 23:19:32',0,'1','snack',0,1),(7666,16,60,'2023-10-02','2023-09-18 23:19:32','2023-09-18 23:19:32',0,'1','meal',0,1),(7667,16,86,'2023-10-02','2023-09-18 23:19:32','2023-09-18 23:19:32',0,'0','snack',0,1),(7668,16,70,'2023-10-02','2023-09-18 23:19:32','2023-09-18 23:19:32',0,'1','meal',0,1),(7669,16,89,'2023-10-02','2023-09-18 23:19:32','2023-09-18 23:19:32',0,'0','snack',0,1),(7670,16,77,'2023-10-02','2023-09-18 23:19:32','2023-09-18 23:19:32',0,'1','meal',0,1),(7671,16,92,'2023-10-02','2023-09-18 23:19:32','2023-09-18 23:19:32',0,'0','snack',0,1),(7672,16,73,'2023-10-02','2023-09-18 23:19:32','2023-09-18 23:19:32',0,'0','meal',0,1),(7673,16,80,'2023-10-02','2023-09-18 23:19:32','2023-09-18 23:19:32',0,'0','meal',0,1),(7674,16,64,'2023-10-02','2023-09-18 23:19:32','2023-09-18 23:19:32',0,'0','meal',0,1),(7675,16,57,'2023-10-02','2023-09-18 23:19:32','2023-09-18 23:19:32',0,'0','meal',0,1),(7676,16,98,'2023-10-03','2023-09-18 23:19:32','2023-09-18 23:19:32',0,'1','meal',0,1),(7677,16,128,'2023-10-03','2023-09-18 23:19:32','2023-09-18 23:19:32',0,'1','snack',0,1),(7678,16,112,'2023-10-03','2023-09-18 23:19:32','2023-09-18 23:19:32',0,'1','meal',0,1),(7679,16,131,'2023-10-03','2023-09-18 23:19:32','2023-09-18 23:19:32',0,'0','snack',0,1),(7680,16,122,'2023-10-03','2023-09-18 23:19:32','2023-09-18 23:19:32',0,'1','meal',0,1),(7681,16,137,'2023-10-03','2023-09-18 23:19:32','2023-09-18 23:19:32',0,'0','snack',0,1),(7682,16,118,'2023-10-03','2023-09-18 23:19:32','2023-09-18 23:19:32',0,'1','meal',0,1),(7683,16,134,'2023-10-03','2023-09-18 23:19:32','2023-09-18 23:19:32',0,'0','snack',0,1),(7684,16,125,'2023-10-03','2023-09-18 23:19:32','2023-09-18 23:19:32',0,'0','meal',0,1),(7685,16,103,'2023-10-03','2023-09-18 23:19:32','2023-09-18 23:19:32',0,'0','meal',0,1),(7686,16,115,'2023-10-03','2023-09-18 23:19:32','2023-09-18 23:19:32',0,'0','meal',0,1),(7687,16,106,'2023-10-03','2023-09-18 23:19:32','2023-09-18 23:19:32',0,'0','meal',0,1),(7688,16,109,'2023-10-03','2023-09-18 23:19:32','2023-09-18 23:19:32',0,'0','meal',0,1),(7689,16,100,'2023-10-03','2023-09-18 23:19:32','2023-09-18 23:19:32',0,'0','meal',0,1),(7690,16,140,'2023-10-04','2023-09-18 23:19:32','2023-09-18 23:19:32',0,'1','meal',0,1),(7691,16,168,'2023-10-04','2023-09-18 23:19:32','2023-09-18 23:19:32',0,'1','snack',0,1),(7692,16,162,'2023-10-04','2023-09-18 23:19:32','2023-09-18 23:19:32',0,'1','meal',0,1),(7693,16,171,'2023-10-04','2023-09-18 23:19:32','2023-09-18 23:19:32',0,'0','snack',0,1),(7694,16,1147,'2023-10-04','2023-09-18 23:19:32','2023-09-18 23:19:32',0,'0','snack',0,1),(7695,16,156,'2023-10-04','2023-09-18 23:19:32','2023-09-18 23:19:32',0,'1','meal',0,1),(7696,16,147,'2023-10-04','2023-09-18 23:19:32','2023-09-18 23:19:32',0,'1','meal',0,1),(7697,16,177,'2023-10-04','2023-09-18 23:19:32','2023-09-18 23:19:32',0,'0','snack',0,1),(7698,16,159,'2023-10-04','2023-09-18 23:19:32','2023-09-18 23:19:32',0,'0','meal',0,1),(7699,16,165,'2023-10-04','2023-09-18 23:19:32','2023-09-18 23:19:32',0,'0','meal',0,1),(7700,16,153,'2023-10-04','2023-09-18 23:19:32','2023-09-18 23:19:32',0,'0','meal',0,1),(7701,16,144,'2023-10-04','2023-09-18 23:19:32','2023-09-18 23:19:32',0,'0','meal',0,1),(7702,16,204,'2023-10-05','2023-09-18 23:19:32','2023-10-03 17:49:33',0,'0','snack',1,1),(7703,16,216,'2023-10-05','2023-09-18 23:19:33','2023-10-03 17:49:33',0,'1','meal',1,1),(7704,16,183,'2023-10-05','2023-09-18 23:19:33','2023-10-03 17:49:33',0,'0','meal',1,1),(7705,16,207,'2023-10-05','2023-09-18 23:19:33','2023-10-03 17:49:33',0,'0','snack',1,1),(7706,16,186,'2023-10-05','2023-09-18 23:19:33','2023-10-03 17:49:33',0,'1','meal',1,1),(7707,16,210,'2023-10-05','2023-09-18 23:19:33','2023-10-03 17:49:33',0,'0','snack',1,1),(7708,16,192,'2023-10-05','2023-09-18 23:19:33','2023-10-03 17:49:33',0,'0','meal',1,1),(7709,16,213,'2023-10-05','2023-09-18 23:19:33','2023-10-03 17:49:33',0,'1','snack',1,1),(7710,16,189,'2023-10-05','2023-09-18 23:19:33','2023-10-03 17:49:33',0,'0','meal',1,1),(7711,16,198,'2023-10-05','2023-09-18 23:19:33','2023-10-03 17:49:33',0,'1','meal',1,1),(7712,16,195,'2023-10-05','2023-09-18 23:19:33','2023-10-03 17:49:33',0,'1','meal',1,1),(7713,16,256,'2023-10-07','2023-09-18 23:19:33','2023-10-03 17:50:43',0,'0','snack',1,1),(7714,16,222,'2023-10-07','2023-09-18 23:19:33','2023-10-03 17:50:43',0,'1','meal',1,1),(7715,16,259,'2023-10-07','2023-09-18 23:19:33','2023-10-03 17:50:43',0,'0','snack',1,1),(7716,16,238,'2023-10-07','2023-09-18 23:19:33','2023-10-03 17:50:43',0,'0','meal',1,1),(7717,16,265,'2023-10-07','2023-09-18 23:19:33','2023-10-03 17:50:43',0,'1','snack',1,1),(7718,16,250,'2023-10-07','2023-09-18 23:19:33','2023-10-03 17:50:43',0,'1','meal',1,1),(7719,16,262,'2023-10-07','2023-09-18 23:19:33','2023-10-03 17:50:43',0,'0','snack',1,1),(7720,16,235,'2023-10-07','2023-09-18 23:19:33','2023-10-03 17:50:43',0,'1','meal',1,1),(7721,16,229,'2023-10-07','2023-09-18 23:19:33','2023-10-03 17:50:43',0,'0','meal',1,1),(7722,16,244,'2023-10-07','2023-09-18 23:19:33','2023-10-03 17:50:43',0,'0','meal',1,1),(7723,16,232,'2023-10-07','2023-09-18 23:19:33','2023-10-03 17:50:43',0,'0','meal',1,1),(7724,16,241,'2023-10-07','2023-09-18 23:19:33','2023-10-03 17:50:43',0,'0','meal',1,1),(7725,16,247,'2023-10-07','2023-09-18 23:19:33','2023-10-03 17:50:43',0,'0','meal',1,1),(7726,16,253,'2023-10-07','2023-09-18 23:19:33','2023-10-03 17:50:43',0,'0','meal',1,1),(7727,16,225,'2023-10-07','2023-09-18 23:19:33','2023-10-03 17:50:43',0,'1','meal',1,1),(7728,16,271,'2023-10-08','2023-09-18 23:19:33','2023-10-03 17:51:18',0,'1','meal',1,1),(7729,16,293,'2023-10-08','2023-09-18 23:19:33','2023-10-03 17:51:18',0,'0','snack',1,1),(7730,16,275,'2023-10-08','2023-09-18 23:19:33','2023-10-03 17:51:18',0,'0','meal',1,1),(7731,16,296,'2023-10-08','2023-09-18 23:19:33','2023-10-03 17:51:18',0,'0','snack',1,1),(7732,16,278,'2023-10-08','2023-09-18 23:19:33','2023-10-03 17:51:18',0,'1','meal',1,1),(7733,16,299,'2023-10-08','2023-09-18 23:19:33','2023-10-03 17:51:18',0,'1','snack',1,1),(7734,16,290,'2023-10-08','2023-09-18 23:19:33','2023-10-03 17:51:18',0,'1','meal',1,1),(7735,16,302,'2023-10-08','2023-09-18 23:19:33','2023-10-03 17:51:18',0,'0','snack',1,1),(7736,16,287,'2023-10-08','2023-09-18 23:19:33','2023-10-03 17:51:18',0,'0','meal',1,1),(7737,16,281,'2023-10-08','2023-09-18 23:19:33','2023-10-03 17:51:18',0,'0','meal',1,1),(7738,16,284,'2023-10-08','2023-09-18 23:19:33','2023-10-03 17:51:18',0,'0','meal',1,1),(7739,16,272,'2023-10-08','2023-09-18 23:19:33','2023-10-03 17:51:18',0,'1','meal',1,1),(7740,16,323,'2023-10-09','2023-09-18 23:19:33','2023-10-08 03:02:54',0,'1','meal',1,1),(7741,16,329,'2023-10-09','2023-09-18 23:19:33','2023-10-08 03:02:54',0,'0','snack',1,1),(7742,16,305,'2023-10-09','2023-09-18 23:19:33','2023-10-08 03:02:54',0,'1','meal',1,1),(7743,16,332,'2023-10-09','2023-09-18 23:19:33','2023-10-08 03:02:54',0,'0','snack',1,1),(7744,16,320,'2023-10-09','2023-09-18 23:19:33','2023-10-08 03:02:54',0,'1','meal',1,1),(7745,16,335,'2023-10-09','2023-09-18 23:19:33','2023-10-08 03:02:54',0,'1','snack',1,1),(7746,16,308,'2023-10-09','2023-09-18 23:19:33','2023-10-08 03:02:54',0,'0','meal',1,1),(7747,16,1142,'2023-10-09','2023-09-18 23:19:33','2023-10-08 03:02:54',0,'0','snack',1,1),(7748,16,314,'2023-10-09','2023-09-18 23:19:33','2023-10-08 03:02:54',0,'0','meal',1,1),(7749,16,317,'2023-10-09','2023-09-18 23:19:33','2023-10-08 03:02:54',0,'0','meal',1,1),(7750,16,311,'2023-10-09','2023-09-18 23:19:33','2023-10-08 03:02:54',0,'1','meal',1,1),(7751,16,326,'2023-10-09','2023-09-18 23:19:33','2023-10-08 03:02:54',0,'0','meal',1,1),(8031,18,771,'2023-09-23','2023-09-20 17:46:35','2023-09-20 17:54:22',0,'0','snack',1,1),(8032,18,742,'2023-09-23','2023-09-20 17:46:35','2023-09-20 17:54:22',0,'0','meal',1,1),(8033,18,774,'2023-09-23','2023-09-20 17:46:35','2023-09-20 17:54:22',0,'0','snack',1,1),(8034,18,755,'2023-09-23','2023-09-20 17:46:35','2023-09-20 17:54:22',0,'0','meal',1,1),(8035,18,777,'2023-09-23','2023-09-20 17:46:35','2023-09-20 17:54:22',0,'1','snack',1,1),(8036,18,748,'2023-09-23','2023-09-20 17:46:35','2023-09-20 17:54:22',0,'0','meal',1,1),(8037,18,759,'2023-09-23','2023-09-20 17:46:35','2023-09-20 17:54:22',0,'0','meal',1,1),(8038,18,752,'2023-09-23','2023-09-20 17:46:35','2023-09-20 17:54:22',0,'0','meal',1,1),(8039,18,762,'2023-09-23','2023-09-20 17:46:35','2023-09-20 17:54:22',0,'1','meal',1,1),(8040,18,768,'2023-09-23','2023-09-20 17:46:35','2023-09-20 17:54:22',0,'1','meal',1,1),(8041,18,765,'2023-09-23','2023-09-20 17:46:35','2023-09-20 17:54:22',0,'1','meal',1,1),(8042,18,780,'2023-09-24','2023-09-20 17:46:35','2023-09-22 17:55:48',0,'0','meal',1,1),(8043,18,808,'2023-09-24','2023-09-20 17:46:35','2023-09-22 17:55:48',0,'0','meal',1,1),(8044,18,786,'2023-09-24','2023-09-20 17:46:35','2023-09-22 17:55:48',0,'0','meal',1,1),(8045,18,795,'2023-09-24','2023-09-20 17:46:35','2023-09-22 17:55:48',0,'0','meal',1,1),(8046,18,792,'2023-09-24','2023-09-20 17:46:35','2023-09-22 17:55:48',0,'1','meal',1,1),(8047,18,802,'2023-09-24','2023-09-20 17:46:35','2023-09-22 17:55:48',0,'0','meal',1,1),(8048,18,789,'2023-09-24','2023-09-20 17:46:35','2023-09-22 17:55:48',0,'0','meal',1,1),(8049,18,798,'2023-09-24','2023-09-20 17:46:35','2023-09-22 17:55:48',0,'0','meal',1,1),(8050,18,805,'2023-09-24','2023-09-20 17:46:35','2023-09-22 17:55:48',0,'1','meal',1,1),(8051,18,811,'2023-09-24','2023-09-20 17:46:35','2023-09-22 17:55:48',0,'0','meal',1,1),(8052,18,814,'2023-09-24','2023-09-20 17:46:35','2023-09-22 17:55:48',0,'1','meal',1,1),(8053,18,783,'2023-09-24','2023-09-20 17:46:35','2023-09-22 17:55:48',0,'0','meal',1,1),(8054,18,817,'2023-09-24','2023-09-20 17:46:35','2023-09-22 17:55:48',0,'0','snack',1,1),(8055,18,820,'2023-09-24','2023-09-20 17:46:35','2023-09-22 17:55:48',0,'0','snack',1,1),(8056,18,823,'2023-09-24','2023-09-20 17:46:35','2023-09-22 17:55:48',0,'1','snack',1,1),(8057,18,826,'2023-09-24','2023-09-20 17:46:35','2023-09-22 17:55:48',0,'0','snack',1,1),(8058,18,829,'2023-09-25','2023-09-20 17:46:35','2023-09-23 08:50:05',0,'1','meal',1,1),(8059,18,866,'2023-09-25','2023-09-20 17:46:35','2023-09-23 08:50:05',0,'1','snack',1,1),(8060,18,837,'2023-09-25','2023-09-20 17:46:35','2023-09-23 08:50:05',0,'0','meal',1,1),(8061,18,869,'2023-09-25','2023-09-20 17:46:35','2023-09-23 08:50:05',0,'0','snack',1,1),(8062,18,841,'2023-09-25','2023-09-20 17:46:35','2023-09-23 08:50:05',0,'0','meal',1,1),(8063,18,860,'2023-09-25','2023-09-20 17:46:35','2023-09-23 08:50:05',0,'0','snack',1,1),(8064,18,844,'2023-09-25','2023-09-20 17:46:35','2023-09-23 08:50:05',0,'1','meal',1,1),(8065,18,850,'2023-09-25','2023-09-20 17:46:35','2023-09-23 08:50:05',0,'0','meal',1,1),(8066,18,857,'2023-09-25','2023-09-20 17:46:35','2023-09-23 08:50:05',0,'1','meal',1,1),(8067,18,832,'2023-09-25','2023-09-20 17:46:35','2023-09-23 08:50:05',0,'0','meal',1,1),(8068,18,847,'2023-09-25','2023-09-20 17:46:35','2023-09-23 08:50:05',0,'0','meal',1,1),(8069,18,854,'2023-09-25','2023-09-20 17:46:35','2023-09-23 08:50:05',0,'0','meal',1,1),(8070,18,872,'2023-09-26','2023-09-20 17:46:35','2023-09-24 09:39:31',0,'0','meal',1,1),(8071,18,878,'2023-09-26','2023-09-20 17:46:35','2023-09-24 09:39:31',0,'0','meal',1,1),(8072,18,881,'2023-09-26','2023-09-20 17:46:35','2023-09-24 09:39:31',0,'0','meal',1,1),(8073,18,888,'2023-09-26','2023-09-20 17:46:35','2023-09-24 09:39:31',0,'1','meal',1,1),(8074,18,898,'2023-09-26','2023-09-20 17:46:35','2023-09-24 09:39:31',0,'1','meal',1,1),(8075,18,895,'2023-09-26','2023-09-20 17:46:35','2023-09-24 09:39:31',0,'1','meal',1,1),(8076,18,887,'2023-09-26','2023-09-20 17:46:35','2023-09-24 09:39:31',0,'0','meal',1,1),(8077,18,892,'2023-09-26','2023-09-20 17:46:35','2023-09-24 09:39:31',0,'0','meal',1,1),(8078,18,875,'2023-09-26','2023-09-20 17:46:35','2023-09-24 09:39:31',0,'0','meal',1,1),(8079,18,902,'2023-09-26','2023-09-20 17:46:35','2023-09-24 09:39:31',0,'0','snack',1,1),(8080,18,905,'2023-09-26','2023-09-20 17:46:35','2023-09-24 09:39:31',0,'1','snack',1,1),(8081,18,908,'2023-09-26','2023-09-20 17:46:35','2023-09-24 09:39:31',0,'0','snack',1,1),(8082,18,911,'2023-09-26','2023-09-20 17:46:35','2023-09-24 09:39:31',0,'0','snack',1,1),(8083,18,914,'2023-09-27','2023-09-20 17:46:35','2023-09-25 06:18:03',0,'0','meal',1,1),(8084,18,944,'2023-09-27','2023-09-20 17:46:35','2023-09-25 06:18:03',0,'0','snack',1,1),(8085,18,920,'2023-09-27','2023-09-20 17:46:36','2023-09-25 06:18:03',0,'1','meal',1,1),(8086,18,947,'2023-09-27','2023-09-20 17:46:36','2023-09-25 06:18:03',0,'0','snack',1,1),(8087,18,929,'2023-09-27','2023-09-20 17:46:36','2023-09-25 06:18:03',0,'1','meal',1,1),(8088,18,953,'2023-09-27','2023-09-20 17:46:36','2023-09-25 06:18:03',0,'1','snack',1,1),(8089,18,923,'2023-09-27','2023-09-20 17:46:36','2023-09-25 06:18:03',0,'0','meal',1,1),(8090,18,950,'2023-09-27','2023-09-20 17:46:36','2023-09-25 06:18:03',0,'0','snack',1,1),(8091,18,932,'2023-09-27','2023-09-20 17:46:36','2023-09-25 06:18:03',0,'0','meal',1,1),(8092,18,926,'2023-09-27','2023-09-20 17:46:36','2023-09-25 06:18:03',0,'0','meal',1,1),(8093,18,935,'2023-09-27','2023-09-20 17:46:36','2023-09-25 06:18:03',0,'0','meal',1,1),(8094,18,938,'2023-09-27','2023-09-20 17:46:36','2023-09-25 06:18:03',0,'1','meal',1,1),(8095,18,917,'2023-09-27','2023-09-20 17:46:36','2023-09-25 06:18:03',0,'0','meal',1,1),(8096,18,941,'2023-09-27','2023-09-20 17:46:36','2023-09-25 06:18:03',0,'0','meal',1,1),(8097,18,959,'2023-09-28','2023-09-20 17:46:36','2023-09-25 06:18:54',0,'0','meal',1,1),(8098,18,962,'2023-09-28','2023-09-20 17:46:36','2023-09-25 06:18:54',0,'0','meal',1,1),(8099,18,980,'2023-09-28','2023-09-20 17:46:36','2023-09-25 06:18:54',0,'0','meal',1,1),(8100,18,974,'2023-09-28','2023-09-20 17:46:36','2023-09-25 06:18:54',0,'1','meal',1,1),(8101,18,983,'2023-09-28','2023-09-20 17:46:36','2023-09-25 06:18:54',0,'1','meal',1,1),(8102,18,968,'2023-09-28','2023-09-20 17:46:36','2023-09-25 06:18:54',0,'1','meal',1,1),(8103,18,977,'2023-09-28','2023-09-20 17:46:36','2023-09-25 06:18:54',0,'0','meal',1,1),(8104,18,971,'2023-09-28','2023-09-20 17:46:36','2023-09-25 06:18:54',0,'0','meal',1,1),(8105,18,965,'2023-09-28','2023-09-20 17:46:36','2023-09-25 06:18:54',0,'0','meal',1,1),(8106,18,956,'2023-09-28','2023-09-20 17:46:36','2023-09-25 06:18:54',0,'0','meal',1,1),(8107,18,986,'2023-09-28','2023-09-20 17:46:36','2023-09-25 06:18:54',0,'0','snack',1,1),(8108,18,989,'2023-09-28','2023-09-20 17:46:36','2023-09-25 06:18:54',0,'0','snack',1,1),(8109,18,992,'2023-09-28','2023-09-20 17:46:36','2023-09-25 06:18:54',0,'1','snack',1,1),(8110,18,995,'2023-09-28','2023-09-20 17:46:36','2023-09-25 06:18:54',0,'0','snack',1,1),(8111,18,1028,'2023-09-30','2023-09-20 17:46:36','2023-09-26 10:07:22',0,'0','snack',1,1),(8112,18,1007,'2023-09-30','2023-09-20 17:46:36','2023-09-26 10:07:22',0,'0','meal',1,1),(8113,18,1031,'2023-09-30','2023-09-20 17:46:36','2023-09-26 10:07:22',0,'1','snack',1,1),(8114,18,1001,'2023-09-30','2023-09-20 17:46:36','2023-09-26 10:07:22',0,'1','meal',1,1),(8115,18,1034,'2023-09-30','2023-09-20 17:46:36','2023-09-26 10:07:22',0,'0','snack',1,1),(8116,18,1016,'2023-09-30','2023-09-20 17:46:36','2023-09-26 10:07:22',0,'0','meal',1,1),(8117,18,1037,'2023-09-30','2023-09-20 17:46:36','2023-09-26 10:07:22',0,'0','snack',1,1),(8118,18,1010,'2023-09-30','2023-09-20 17:46:36','2023-09-26 10:07:22',0,'0','meal',1,1),(8119,18,1019,'2023-09-30','2023-09-20 17:46:36','2023-09-26 10:07:22',0,'1','meal',1,1),(8120,18,1022,'2023-09-30','2023-09-20 17:46:36','2023-09-26 10:07:22',0,'0','meal',1,1),(8121,18,1004,'2023-09-30','2023-09-20 17:46:36','2023-09-26 10:07:22',0,'0','meal',1,1),(8122,18,1013,'2023-09-30','2023-09-20 17:46:36','2023-09-26 10:07:22',0,'0','meal',1,1),(8123,18,1025,'2023-09-30','2023-09-20 17:46:36','2023-09-26 10:07:22',0,'0','meal',1,1),(8124,18,998,'2023-09-30','2023-09-20 17:46:36','2023-09-26 10:07:22',0,'1','meal',1,1),(8125,18,35,'2023-10-01','2023-09-20 17:46:36','2023-09-26 10:07:56',0,'0','snack',1,1),(8126,18,48,'2023-10-01','2023-09-20 17:46:36','2023-09-26 10:07:56',0,'0','meal',1,1),(8127,18,17,'2023-10-01','2023-09-20 17:46:36','2023-09-26 10:07:56',0,'0','meal',1,1),(8128,18,38,'2023-10-01','2023-09-20 17:46:36','2023-09-26 10:07:56',0,'0','snack',1,1),(8129,18,20,'2023-10-01','2023-09-20 17:46:36','2023-09-26 10:07:56',0,'1','meal',1,1),(8130,18,44,'2023-10-01','2023-09-20 17:46:36','2023-09-26 10:07:56',0,'1','snack',1,1),(8131,18,24,'2023-10-01','2023-09-20 17:46:36','2023-09-26 10:07:56',0,'0','meal',1,1),(8132,18,41,'2023-10-01','2023-09-20 17:46:36','2023-09-26 10:07:56',0,'0','snack',1,1),(8133,18,1229,'2023-10-01','2023-09-20 17:46:36','2023-09-26 10:07:56',0,'1','meal',1,1),(8134,18,29,'2023-10-01','2023-09-20 17:46:36','2023-09-26 10:07:56',0,'0','meal',1,1),(8135,18,1102,'2023-10-01','2023-09-20 17:46:36','2023-09-26 10:07:56',0,'1','meal',1,1),(8136,18,1208,'2023-10-01','2023-09-20 17:46:36','2023-09-26 10:07:56',0,'0','meal',1,1),(8137,18,25,'2023-10-01','2023-09-20 17:46:36','2023-09-26 10:07:56',0,'0','meal',1,1),(8138,18,32,'2023-10-01','2023-09-20 17:46:36','2023-09-26 10:07:56',0,'0','meal',1,1),(8139,18,51,'2023-10-01','2023-09-20 17:46:36','2023-09-26 10:07:56',0,'0','meal',1,1),(8140,18,54,'2023-10-02','2023-09-20 17:46:36','2023-09-30 11:57:52',0,'1','meal',1,1),(8141,18,83,'2023-10-02','2023-09-20 17:46:36','2023-09-30 11:57:52',0,'0','snack',1,1),(8142,18,60,'2023-10-02','2023-09-20 17:46:36','2023-09-30 11:57:52',0,'1','meal',1,1),(8143,18,86,'2023-10-02','2023-09-20 17:46:36','2023-09-30 11:57:52',0,'1','snack',1,1),(8144,18,70,'2023-10-02','2023-09-20 17:46:36','2023-09-30 11:57:52',0,'0','meal',1,1),(8145,18,89,'2023-10-02','2023-09-20 17:46:36','2023-09-30 11:57:52',0,'0','snack',1,1),(8146,18,77,'2023-10-02','2023-09-20 17:46:36','2023-09-30 11:57:52',0,'1','meal',1,1),(8147,18,92,'2023-10-02','2023-09-20 17:46:36','2023-09-30 11:57:52',0,'0','snack',1,1),(8148,18,73,'2023-10-02','2023-09-20 17:46:36','2023-09-30 11:57:52',0,'0','meal',1,1),(8149,18,80,'2023-10-02','2023-09-20 17:46:36','2023-09-30 11:57:52',0,'0','meal',1,1),(8150,18,64,'2023-10-02','2023-09-20 17:46:36','2023-09-30 11:57:52',0,'0','meal',1,1),(8151,18,57,'2023-10-02','2023-09-20 17:46:36','2023-09-30 11:57:52',0,'0','meal',1,1),(8152,18,98,'2023-10-03','2023-09-20 17:46:36','2023-09-30 11:58:48',0,'0','meal',1,1),(8153,18,128,'2023-10-03','2023-09-20 17:46:36','2023-09-30 11:58:48',0,'0','snack',1,1),(8154,18,112,'2023-10-03','2023-09-20 17:46:36','2023-09-30 11:58:48',0,'1','meal',1,1),(8155,18,131,'2023-10-03','2023-09-20 17:46:36','2023-09-30 11:58:48',0,'1','snack',1,1),(8156,18,122,'2023-10-03','2023-09-20 17:46:36','2023-09-30 11:58:48',0,'0','meal',1,1),(8157,18,137,'2023-10-03','2023-09-20 17:46:36','2023-09-30 11:58:48',0,'0','snack',1,1),(8158,18,118,'2023-10-03','2023-09-20 17:46:36','2023-09-30 11:58:48',0,'1','meal',1,1),(8159,18,134,'2023-10-03','2023-09-20 17:46:36','2023-09-30 11:58:48',0,'0','snack',1,1),(8160,18,125,'2023-10-03','2023-09-20 17:46:36','2023-09-30 11:58:48',0,'0','meal',1,1),(8161,18,103,'2023-10-03','2023-09-20 17:46:36','2023-09-30 11:58:48',0,'0','meal',1,1),(8162,18,115,'2023-10-03','2023-09-20 17:46:36','2023-09-30 11:58:48',0,'0','meal',1,1),(8163,18,106,'2023-10-03','2023-09-20 17:46:36','2023-09-30 11:58:48',0,'0','meal',1,1),(8164,18,109,'2023-10-03','2023-09-20 17:46:36','2023-09-30 11:58:48',0,'1','meal',1,1),(8165,18,100,'2023-10-03','2023-09-20 17:46:36','2023-09-30 11:58:48',0,'0','meal',1,1),(8166,18,140,'2023-10-04','2023-09-20 17:46:36','2023-10-02 14:28:44',0,'0','meal',1,1),(8167,18,168,'2023-10-04','2023-09-20 17:46:36','2023-10-02 14:28:44',0,'1','snack',1,1),(8168,18,162,'2023-10-04','2023-09-20 17:46:36','2023-10-02 14:28:44',0,'1','meal',1,1),(8169,18,171,'2023-10-04','2023-09-20 17:46:36','2023-10-02 14:28:44',0,'0','snack',1,1),(8170,18,1147,'2023-10-04','2023-09-20 17:46:36','2023-10-02 14:28:44',0,'0','snack',1,1),(8171,18,156,'2023-10-04','2023-09-20 17:46:36','2023-10-02 14:28:44',0,'0','meal',1,1),(8172,18,147,'2023-10-04','2023-09-20 17:46:36','2023-10-02 14:28:44',0,'0','meal',1,1),(8173,18,177,'2023-10-04','2023-09-20 17:46:36','2023-10-02 14:28:44',0,'0','snack',1,1),(8174,18,159,'2023-10-04','2023-09-20 17:46:36','2023-10-02 14:28:44',0,'1','meal',1,1),(8175,18,165,'2023-10-04','2023-09-20 17:46:36','2023-10-02 14:28:44',0,'0','meal',1,1),(8176,18,153,'2023-10-04','2023-09-20 17:46:36','2023-10-02 14:28:44',0,'0','meal',1,1),(8177,18,144,'2023-10-04','2023-09-20 17:46:36','2023-10-02 14:28:44',0,'1','meal',1,1),(8178,18,204,'2023-10-05','2023-09-20 17:46:36','2023-10-03 06:07:42',0,'0','snack',1,1),(8179,18,216,'2023-10-05','2023-09-20 17:46:36','2023-10-03 06:07:42',0,'1','meal',1,1),(8180,18,183,'2023-10-05','2023-09-20 17:46:36','2023-10-03 06:07:42',0,'1','meal',1,1),(8181,18,207,'2023-10-05','2023-09-20 17:46:36','2023-10-03 06:07:42',0,'0','snack',1,1),(8182,18,186,'2023-10-05','2023-09-20 17:46:36','2023-10-03 06:07:42',0,'0','meal',1,1),(8183,18,210,'2023-10-05','2023-09-20 17:46:36','2023-10-03 06:07:42',0,'1','snack',1,1),(8184,18,192,'2023-10-05','2023-09-20 17:46:36','2023-10-03 06:07:42',0,'0','meal',1,1),(8185,18,213,'2023-10-05','2023-09-20 17:46:36','2023-10-03 06:07:42',0,'0','snack',1,1),(8186,18,189,'2023-10-05','2023-09-20 17:46:36','2023-10-03 06:07:42',0,'0','meal',1,1),(8187,18,198,'2023-10-05','2023-09-20 17:46:36','2023-10-03 06:07:42',0,'1','meal',1,1),(8188,18,195,'2023-10-05','2023-09-20 17:46:36','2023-10-03 06:07:42',0,'0','meal',1,1),(8189,18,256,'2023-10-07','2023-09-20 17:46:36','2023-10-05 05:42:00',0,'0','snack',1,1),(8190,18,222,'2023-10-07','2023-09-20 17:46:36','2023-10-05 05:42:00',0,'0','meal',1,1),(8191,18,259,'2023-10-07','2023-09-20 17:46:36','2023-10-05 05:42:00',0,'1','snack',1,1),(8192,18,238,'2023-10-07','2023-09-20 17:46:36','2023-10-05 05:42:00',0,'0','meal',1,1),(8193,18,265,'2023-10-07','2023-09-20 17:46:36','2023-10-05 05:42:00',0,'0','snack',1,1),(8194,18,250,'2023-10-07','2023-09-20 17:46:36','2023-10-05 05:42:00',0,'0','meal',1,1),(8195,18,262,'2023-10-07','2023-09-20 17:46:36','2023-10-05 05:42:00',0,'0','snack',1,1),(8196,18,235,'2023-10-07','2023-09-20 17:46:36','2023-10-05 05:42:00',0,'1','meal',1,1),(8197,18,229,'2023-10-07','2023-09-20 17:46:36','2023-10-05 05:42:00',0,'1','meal',1,1),(8198,18,244,'2023-10-07','2023-09-20 17:46:36','2023-10-05 05:42:00',0,'0','meal',1,1),(8199,18,232,'2023-10-07','2023-09-20 17:46:36','2023-10-05 05:42:00',0,'0','meal',1,1),(8200,18,241,'2023-10-07','2023-09-20 17:46:36','2023-10-05 05:42:00',0,'0','meal',1,1),(8201,18,247,'2023-10-07','2023-09-20 17:46:36','2023-10-05 05:42:00',0,'1','meal',1,1),(8202,18,253,'2023-10-07','2023-09-20 17:46:36','2023-10-05 05:42:00',0,'0','meal',1,1),(8203,18,225,'2023-10-07','2023-09-20 17:46:36','2023-10-05 05:42:00',0,'0','meal',1,1),(8204,18,271,'2023-10-08','2023-09-20 17:46:36','2023-10-07 00:48:45',0,'0','meal',1,1),(8205,18,293,'2023-10-08','2023-09-20 17:46:36','2023-10-07 00:48:45',0,'0','snack',1,1),(8206,18,275,'2023-10-08','2023-09-20 17:46:36','2023-10-07 00:48:45',0,'0','meal',1,1),(8207,18,296,'2023-10-08','2023-09-20 17:46:36','2023-10-07 00:48:45',0,'1','snack',1,1),(8208,18,278,'2023-10-08','2023-09-20 17:46:36','2023-10-07 00:48:45',0,'1','meal',1,1),(8209,18,299,'2023-10-08','2023-09-20 17:46:36','2023-10-07 00:48:45',0,'0','snack',1,1),(8210,18,290,'2023-10-08','2023-09-20 17:46:36','2023-10-07 00:48:45',0,'1','meal',1,1),(8211,18,302,'2023-10-08','2023-09-20 17:46:36','2023-10-07 00:48:45',0,'0','snack',1,1),(8212,18,287,'2023-10-08','2023-09-20 17:46:36','2023-10-07 00:48:45',0,'1','meal',1,1),(8213,18,281,'2023-10-08','2023-09-20 17:46:36','2023-10-07 00:48:45',0,'0','meal',1,1),(8214,18,284,'2023-10-08','2023-09-20 17:46:36','2023-10-07 00:48:45',0,'0','meal',1,1),(8215,18,272,'2023-10-08','2023-09-20 17:46:36','2023-10-07 00:48:45',0,'0','meal',1,1),(8216,18,323,'2023-10-09','2023-09-20 17:46:36','2023-10-07 00:49:21',0,'0','meal',1,1),(8217,18,329,'2023-10-09','2023-09-20 17:46:36','2023-10-07 00:49:21',0,'0','snack',1,1),(8218,18,305,'2023-10-09','2023-09-20 17:46:36','2023-10-07 00:49:21',0,'1','meal',1,1),(8219,18,332,'2023-10-09','2023-09-20 17:46:36','2023-10-07 00:49:21',0,'1','snack',1,1),(8220,18,320,'2023-10-09','2023-09-20 17:46:36','2023-10-07 00:49:21',0,'1','meal',1,1),(8221,18,335,'2023-10-09','2023-09-20 17:46:36','2023-10-07 00:49:21',0,'0','snack',1,1),(8222,18,308,'2023-10-09','2023-09-20 17:46:36','2023-10-07 00:49:21',0,'0','meal',1,1),(8223,18,1142,'2023-10-09','2023-09-20 17:46:36','2023-10-07 00:49:21',0,'0','snack',1,1),(8224,18,314,'2023-10-09','2023-09-20 17:46:36','2023-10-07 00:49:21',0,'0','meal',1,1),(8225,18,317,'2023-10-09','2023-09-20 17:46:36','2023-10-07 00:49:21',0,'1','meal',1,1),(8226,18,311,'2023-10-09','2023-09-20 17:46:36','2023-10-07 00:49:21',0,'0','meal',1,1),(8227,18,326,'2023-10-09','2023-09-20 17:46:36','2023-10-07 00:49:21',0,'0','meal',1,1),(8228,18,341,'2023-10-10','2023-09-20 17:46:36','2023-10-07 00:50:14',0,'1','meal',1,1),(8229,18,374,'2023-10-10','2023-09-20 17:46:36','2023-10-07 00:50:14',0,'0','meal',1,1),(8230,18,347,'2023-10-10','2023-09-20 17:46:36','2023-10-07 00:50:14',0,'0','meal',1,1),(8231,18,362,'2023-10-10','2023-09-20 17:46:36','2023-10-07 00:50:14',0,'0','meal',1,1),(8232,18,353,'2023-10-10','2023-09-20 17:46:36','2023-10-07 00:50:14',0,'1','meal',1,1),(8233,18,1225,'2023-10-10','2023-09-20 17:46:36','2023-10-07 00:50:14',0,'1','meal',1,1),(8234,18,344,'2023-10-10','2023-09-20 17:46:36','2023-10-07 00:50:14',0,'0','meal',1,1),(8235,18,356,'2023-10-10','2023-09-20 17:46:36','2023-10-07 00:50:14',0,'0','meal',1,1),(8236,18,359,'2023-10-10','2023-09-20 17:46:36','2023-10-07 00:50:14',0,'0','meal',1,1),(8237,18,365,'2023-10-10','2023-09-20 17:46:36','2023-10-07 00:50:14',0,'0','meal',1,1),(8238,18,371,'2023-10-10','2023-09-20 17:46:36','2023-10-07 00:50:14',0,'0','meal',1,1),(8239,18,377,'2023-10-10','2023-09-20 17:46:36','2023-10-07 00:50:14',0,'0','meal',1,1),(8240,18,381,'2023-10-10','2023-09-20 17:46:36','2023-10-07 00:50:14',0,'0','snack',1,1),(8241,18,384,'2023-10-10','2023-09-20 17:46:36','2023-10-07 00:50:14',0,'0','snack',1,1),(8242,18,387,'2023-10-10','2023-09-20 17:46:37','2023-10-07 00:50:14',0,'1','snack',1,1),(8243,18,390,'2023-10-10','2023-09-20 17:46:37','2023-10-07 00:50:14',0,'0','snack',1,1),(8244,18,393,'2023-10-11','2023-09-20 17:46:37','2023-10-07 00:50:50',0,'0','meal',1,1),(8245,18,415,'2023-10-11','2023-09-20 17:46:37','2023-10-07 00:50:50',0,'0','meal',1,1),(8246,18,402,'2023-10-11','2023-09-20 17:46:37','2023-10-07 00:50:50',0,'0','meal',1,1),(8247,18,399,'2023-10-11','2023-09-20 17:46:37','2023-10-07 00:50:50',0,'1','meal',1,1),(8248,18,409,'2023-10-11','2023-09-20 17:46:37','2023-10-07 00:50:50',0,'0','meal',1,1),(8249,18,408,'2023-10-11','2023-09-20 17:46:37','2023-10-07 00:50:50',0,'1','meal',1,1),(8250,18,396,'2023-10-11','2023-09-20 17:46:37','2023-10-07 00:50:50',0,'1','meal',1,1),(8251,18,418,'2023-10-11','2023-09-20 17:46:37','2023-10-07 00:50:50',0,'0','snack',1,1),(8252,18,421,'2023-10-11','2023-09-20 17:46:37','2023-10-07 00:50:50',0,'0','snack',1,1),(8253,18,424,'2023-10-11','2023-09-20 17:46:37','2023-10-07 00:50:50',0,'1','snack',1,1),(8254,18,427,'2023-10-11','2023-09-20 17:46:37','2023-10-07 00:50:50',0,'0','snack',1,1),(8255,18,430,'2023-10-12','2023-09-20 17:46:37','2023-10-07 00:51:28',0,'1','meal',1,1),(8256,18,451,'2023-10-12','2023-09-20 17:46:37','2023-10-07 00:51:28',0,'1','meal',1,1),(8257,18,439,'2023-10-12','2023-09-20 17:46:37','2023-10-07 00:51:28',0,'1','meal',1,1),(8258,18,436,'2023-10-12','2023-09-20 17:46:37','2023-10-07 00:51:28',0,'0','meal',1,1),(8259,18,445,'2023-10-12','2023-09-20 17:46:37','2023-10-07 00:51:28',0,'0','meal',1,1),(8260,18,442,'2023-10-12','2023-09-20 17:46:37','2023-10-07 00:51:28',0,'0','meal',1,1),(8261,18,448,'2023-10-12','2023-09-20 17:46:37','2023-10-07 00:51:28',0,'0','meal',1,1),(8262,18,433,'2023-10-12','2023-09-20 17:46:37','2023-10-07 00:51:28',0,'0','meal',1,1),(8263,18,454,'2023-10-12','2023-09-20 17:46:37','2023-10-07 00:51:28',0,'0','snack',1,1),(8264,18,457,'2023-10-12','2023-09-20 17:46:37','2023-10-07 00:51:28',0,'0','snack',1,1),(8265,18,460,'2023-10-12','2023-09-20 17:46:37','2023-10-07 00:51:28',0,'1','snack',1,1),(8266,18,463,'2023-10-12','2023-09-20 17:46:37','2023-10-07 00:51:28',0,'0','snack',1,1),(8267,18,481,'2023-10-12','2023-09-20 17:46:37','2023-10-07 00:51:28',0,'0','meal',1,1),(8268,18,466,'2023-10-14','2023-09-20 17:46:37','2023-10-11 13:53:35',0,'0','meal',1,1),(8269,18,499,'2023-10-14','2023-09-20 17:46:37','2023-10-11 13:53:35',0,'0','snack',1,1),(8270,18,476,'2023-10-14','2023-09-20 17:46:37','2023-10-11 13:53:35',0,'0','meal',1,1),(8271,18,487,'2023-10-14','2023-09-20 17:46:37','2023-10-11 13:53:35',0,'1','snack',1,1),(8272,18,478,'2023-10-14','2023-09-20 17:46:37','2023-10-11 13:53:35',0,'1','meal',1,1),(8273,18,490,'2023-10-14','2023-09-20 17:46:37','2023-10-11 13:53:35',0,'0','snack',1,1),(8274,18,484,'2023-10-14','2023-09-20 17:46:37','2023-10-11 13:53:35',0,'1','meal',1,1),(8275,18,493,'2023-10-14','2023-09-20 17:46:37','2023-10-11 13:53:35',0,'0','snack',1,1),(8276,18,1265,'2023-10-14','2023-09-20 17:46:37','2023-10-11 13:53:35',0,'1','meal',1,1),(8277,18,469,'2023-10-14','2023-09-20 17:46:37','2023-10-11 13:53:35',0,'0','meal',1,1),(8278,18,472,'2023-10-14','2023-09-20 17:46:37','2023-10-11 13:53:35',0,'0','meal',1,1),(8279,18,530,'2023-10-15','2023-09-20 17:46:37','2023-10-11 13:56:26',0,'0','snack',1,1),(8280,18,502,'2023-10-15','2023-09-20 17:46:37','2023-10-11 13:56:26',0,'1','meal',1,1),(8281,18,518,'2023-10-15','2023-09-20 17:46:37','2023-10-11 13:56:26',0,'0','meal',1,1),(8282,18,539,'2023-10-15','2023-09-20 17:46:37','2023-10-11 13:56:26',0,'0','snack',1,1),(8283,18,515,'2023-10-15','2023-09-20 17:46:37','2023-10-11 13:56:26',0,'0','meal',1,1),(8284,18,533,'2023-10-15','2023-09-20 17:46:37','2023-10-11 13:56:26',0,'1','snack',1,1),(8285,18,536,'2023-10-15','2023-09-20 17:46:37','2023-10-11 13:56:26',0,'0','snack',1,1),(8286,18,511,'2023-10-15','2023-09-20 17:46:37','2023-10-11 13:56:26',0,'0','meal',1,1),(8287,18,508,'2023-10-15','2023-09-20 17:46:37','2023-10-11 13:56:26',0,'0','meal',1,1),(8288,18,521,'2023-10-15','2023-09-20 17:46:37','2023-10-11 13:56:26',0,'1','meal',1,1),(8289,18,524,'2023-10-15','2023-09-20 17:46:37','2023-10-11 13:56:26',0,'1','meal',1,1),(8290,18,505,'2023-10-15','2023-09-20 17:46:37','2023-10-11 13:56:26',0,'0','meal',1,1),(8291,18,527,'2023-10-15','2023-09-20 17:46:37','2023-10-11 13:56:26',0,'0','meal',1,1),(8292,18,542,'2023-10-16','2023-09-20 17:46:37','2023-10-11 13:56:53',0,'0','meal',1,1),(8293,18,548,'2023-10-16','2023-09-20 17:46:37','2023-10-11 13:56:53',0,'0','meal',1,1),(8294,18,554,'2023-10-16','2023-09-20 17:46:37','2023-10-11 13:56:53',0,'1','meal',1,1),(8295,18,557,'2023-10-16','2023-09-20 17:46:37','2023-10-11 13:56:53',0,'1','meal',1,1),(8296,18,567,'2023-10-16','2023-09-20 17:46:37','2023-10-11 13:56:53',0,'1','meal',1,1),(8297,18,564,'2023-10-16','2023-09-20 17:46:37','2023-10-11 13:56:53',0,'0','meal',1,1),(8298,18,551,'2023-10-16','2023-09-20 17:46:37','2023-10-11 13:56:53',0,'0','meal',1,1),(8299,18,560,'2023-10-16','2023-09-20 17:46:37','2023-10-11 13:56:53',0,'0','meal',1,1),(8300,18,570,'2023-10-16','2023-09-20 17:46:37','2023-10-11 13:56:53',0,'0','meal',1,1),(8301,18,545,'2023-10-16','2023-09-20 17:46:37','2023-10-11 13:56:53',0,'0','meal',1,1),(8302,18,573,'2023-10-16','2023-09-20 17:46:37','2023-10-11 13:58:32',0,'0','snack',1,1),(8303,18,576,'2023-10-16','2023-09-20 17:46:37','2023-10-11 13:58:32',0,'1','snack',1,1),(8304,18,579,'2023-10-16','2023-09-20 17:46:37','2023-10-11 13:58:32',0,'0','snack',1,1),(8305,18,582,'2023-10-16','2023-09-20 17:46:37','2023-10-11 13:58:32',0,'0','snack',1,1),(8581,20,771,'2023-09-23','2023-09-20 18:14:40','2023-09-20 18:17:13',0,'1','snack',1,1),(8582,20,742,'2023-09-23','2023-09-20 18:14:40','2023-09-20 18:17:13',0,'1','meal',1,1),(8583,20,774,'2023-09-23','2023-09-20 18:14:40','2023-09-20 18:17:13',0,'1','snack',1,1),(8584,20,755,'2023-09-23','2023-09-20 18:14:40','2023-09-20 18:17:13',0,'1','meal',1,1),(8585,20,777,'2023-09-23','2023-09-20 18:14:40','2023-09-20 18:17:13',0,'0','snack',1,1),(8586,20,748,'2023-09-23','2023-09-20 18:14:40','2023-09-20 18:17:13',0,'0','meal',1,1),(8587,20,759,'2023-09-23','2023-09-20 18:14:40','2023-09-20 18:17:13',0,'1','meal',1,1),(8588,20,752,'2023-09-23','2023-09-20 18:14:40','2023-09-20 18:17:13',0,'1','meal',1,1),(8589,20,762,'2023-09-23','2023-09-20 18:14:40','2023-09-20 18:17:13',0,'0','meal',1,1),(8590,20,768,'2023-09-23','2023-09-20 18:14:40','2023-09-20 18:17:13',0,'0','meal',1,1),(8591,20,765,'2023-09-23','2023-09-20 18:14:40','2023-09-20 18:17:13',0,'0','meal',1,1),(8592,20,780,'2023-09-24','2023-09-20 18:14:40','2023-09-20 18:19:55',0,'1','meal',1,1),(8593,20,808,'2023-09-24','2023-09-20 18:14:40','2023-09-20 18:19:55',0,'0','meal',1,1),(8594,20,786,'2023-09-24','2023-09-20 18:14:40','2023-09-20 18:19:55',0,'0','meal',1,1),(8595,20,795,'2023-09-24','2023-09-20 18:14:40','2023-09-20 18:19:55',0,'1','meal',1,1),(8596,20,792,'2023-09-24','2023-09-20 18:14:40','2023-09-20 18:19:55',0,'0','meal',1,1),(8597,20,802,'2023-09-24','2023-09-20 18:14:40','2023-09-20 18:19:55',0,'0','meal',1,1),(8598,20,789,'2023-09-24','2023-09-20 18:14:40','2023-09-20 18:19:55',0,'0','meal',1,1),(8599,20,798,'2023-09-24','2023-09-20 18:14:40','2023-09-20 18:19:55',0,'1','meal',1,1),(8600,20,805,'2023-09-24','2023-09-20 18:14:40','2023-09-20 18:19:55',0,'1','meal',1,1),(8601,20,811,'2023-09-24','2023-09-20 18:14:40','2023-09-20 18:19:55',0,'0','meal',1,1),(8602,20,814,'2023-09-24','2023-09-20 18:14:40','2023-09-20 18:19:55',0,'0','meal',1,1),(8603,20,783,'2023-09-24','2023-09-20 18:14:40','2023-09-20 18:19:55',0,'0','meal',1,1),(8604,20,817,'2023-09-24','2023-09-20 18:14:40','2023-09-20 18:20:13',0,'1','snack',1,1),(8605,20,820,'2023-09-24','2023-09-20 18:14:40','2023-09-20 18:20:13',0,'0','snack',1,1),(8606,20,823,'2023-09-24','2023-09-20 18:14:40','2023-09-20 18:20:13',0,'0','snack',1,1),(8607,20,826,'2023-09-24','2023-09-20 18:14:40','2023-09-20 18:20:13',0,'1','snack',1,1),(8608,20,829,'2023-09-25','2023-09-20 18:14:40','2023-09-20 18:21:25',0,'0','meal',1,1),(8609,20,866,'2023-09-25','2023-09-20 18:14:40','2023-09-20 18:21:25',0,'1','snack',1,1),(8610,20,837,'2023-09-25','2023-09-20 18:14:40','2023-09-20 18:21:25',0,'1','meal',1,1),(8611,20,869,'2023-09-25','2023-09-20 18:14:40','2023-09-20 18:21:25',0,'0','snack',1,1),(8612,20,841,'2023-09-25','2023-09-20 18:14:40','2023-09-20 18:21:25',0,'1','meal',1,1),(8613,20,860,'2023-09-25','2023-09-20 18:14:40','2023-09-20 18:21:25',0,'1','snack',1,1),(8614,20,844,'2023-09-25','2023-09-20 18:14:40','2023-09-20 18:21:25',0,'1','meal',1,1),(8615,20,850,'2023-09-25','2023-09-20 18:14:40','2023-09-20 18:21:25',0,'0','meal',1,1),(8616,20,857,'2023-09-25','2023-09-20 18:14:40','2023-09-20 18:21:25',0,'0','meal',1,1),(8617,20,832,'2023-09-25','2023-09-20 18:14:40','2023-09-20 18:21:25',0,'1','meal',1,1),(8618,20,847,'2023-09-25','2023-09-20 18:14:40','2023-09-20 18:21:25',0,'0','meal',1,1),(8619,20,854,'2023-09-25','2023-09-20 18:14:40','2023-09-20 18:21:25',0,'0','meal',1,1),(8620,20,872,'2023-09-26','2023-09-20 18:14:40','2023-09-20 18:22:55',0,'0','meal',1,1),(8621,20,878,'2023-09-26','2023-09-20 18:14:40','2023-09-20 18:22:55',0,'1','meal',1,1),(8622,20,881,'2023-09-26','2023-09-20 18:14:40','2023-09-20 18:22:55',0,'0','meal',1,1),(8623,20,888,'2023-09-26','2023-09-20 18:14:40','2023-09-20 18:22:55',0,'0','meal',1,1),(8624,20,898,'2023-09-26','2023-09-20 18:14:40','2023-09-20 18:22:55',0,'1','meal',1,1),(8625,20,895,'2023-09-26','2023-09-20 18:14:40','2023-09-20 18:22:55',0,'0','meal',1,1),(8626,20,887,'2023-09-26','2023-09-20 18:14:40','2023-09-20 18:22:55',0,'0','meal',1,1),(8627,20,892,'2023-09-26','2023-09-20 18:14:40','2023-09-20 18:22:55',0,'1','meal',1,1),(8628,20,875,'2023-09-26','2023-09-20 18:14:40','2023-09-20 18:22:55',0,'1','meal',1,1),(8629,20,902,'2023-09-26','2023-09-20 18:14:40','2023-09-20 18:22:55',0,'1','snack',1,1),(8630,20,905,'2023-09-26','2023-09-20 18:14:40','2023-09-20 18:22:55',0,'1','snack',1,1),(8631,20,908,'2023-09-26','2023-09-20 18:14:40','2023-09-20 18:22:55',0,'0','snack',1,1),(8632,20,911,'2023-09-26','2023-09-20 18:14:40','2023-09-20 18:22:55',0,'0','snack',1,1),(8633,20,914,'2023-09-27','2023-09-20 18:14:40','2023-09-20 18:24:51',0,'1','meal',1,1),(8634,20,944,'2023-09-27','2023-09-20 18:14:40','2023-09-20 18:24:51',0,'0','snack',1,1),(8635,20,920,'2023-09-27','2023-09-20 18:14:40','2023-09-20 18:24:51',0,'0','meal',1,1),(8636,20,947,'2023-09-27','2023-09-20 18:14:40','2023-09-20 18:24:51',0,'1','snack',1,1),(8637,20,929,'2023-09-27','2023-09-20 18:14:40','2023-09-20 18:24:51',0,'1','meal',1,1),(8638,20,953,'2023-09-27','2023-09-20 18:14:40','2023-09-20 18:24:51',0,'0','snack',1,1),(8639,20,923,'2023-09-27','2023-09-20 18:14:40','2023-09-20 18:24:51',0,'0','meal',1,1),(8640,20,950,'2023-09-27','2023-09-20 18:14:40','2023-09-20 18:24:51',0,'1','snack',1,1),(8641,20,932,'2023-09-27','2023-09-20 18:14:40','2023-09-20 18:24:51',0,'0','meal',1,1),(8642,20,926,'2023-09-27','2023-09-20 18:14:40','2023-09-20 18:24:51',0,'1','meal',1,1),(8643,20,935,'2023-09-27','2023-09-20 18:14:40','2023-09-20 18:24:51',0,'0','meal',1,1),(8644,20,938,'2023-09-27','2023-09-20 18:14:40','2023-09-20 18:24:51',0,'0','meal',1,1),(8645,20,917,'2023-09-27','2023-09-20 18:14:40','2023-09-20 18:24:51',0,'0','meal',1,1),(8646,20,941,'2023-09-27','2023-09-20 18:14:40','2023-09-20 18:24:51',0,'1','meal',1,1),(8647,20,959,'2023-09-28','2023-09-20 18:14:40','2023-09-20 18:26:10',0,'1','meal',1,1),(8648,20,962,'2023-09-28','2023-09-20 18:14:40','2023-09-20 18:26:10',0,'0','meal',1,1),(8649,20,980,'2023-09-28','2023-09-20 18:14:40','2023-09-20 18:26:10',0,'0','meal',1,1),(8650,20,974,'2023-09-28','2023-09-20 18:14:40','2023-09-20 18:26:10',0,'0','meal',1,1),(8651,20,983,'2023-09-28','2023-09-20 18:14:40','2023-09-20 18:26:10',0,'0','meal',1,1),(8652,20,968,'2023-09-28','2023-09-20 18:14:40','2023-09-20 18:26:10',0,'1','meal',1,1),(8653,20,977,'2023-09-28','2023-09-20 18:14:40','2023-09-20 18:26:10',0,'1','meal',1,1),(8654,20,971,'2023-09-28','2023-09-20 18:14:40','2023-09-20 18:26:10',0,'0','meal',1,1),(8655,20,965,'2023-09-28','2023-09-20 18:14:40','2023-09-20 18:26:10',0,'0','meal',1,1),(8656,20,956,'2023-09-28','2023-09-20 18:14:40','2023-09-20 18:26:10',0,'1','meal',1,1),(8657,20,986,'2023-09-28','2023-09-20 18:14:40','2023-09-20 18:26:10',0,'1','snack',1,1),(8658,20,989,'2023-09-28','2023-09-20 18:14:40','2023-09-20 18:26:10',0,'0','snack',1,1),(8659,20,992,'2023-09-28','2023-09-20 18:14:40','2023-09-20 18:26:10',0,'1','snack',1,1),(8660,20,995,'2023-09-28','2023-09-20 18:14:40','2023-09-20 18:26:10',0,'0','snack',1,1),(8661,20,1028,'2023-09-30','2023-09-20 18:14:40','2023-09-20 18:27:36',0,'0','snack',1,1),(8662,20,1007,'2023-09-30','2023-09-20 18:14:40','2023-09-20 18:27:36',0,'0','meal',1,1),(8663,20,1031,'2023-09-30','2023-09-20 18:14:40','2023-09-20 18:27:36',0,'1','snack',1,1),(8664,20,1001,'2023-09-30','2023-09-20 18:14:40','2023-09-20 18:27:36',0,'0','meal',1,1),(8665,20,1034,'2023-09-30','2023-09-20 18:14:40','2023-09-20 18:27:36',0,'0','snack',1,1),(8666,20,1016,'2023-09-30','2023-09-20 18:14:40','2023-09-20 18:27:36',0,'0','meal',1,1),(8667,20,1037,'2023-09-30','2023-09-20 18:14:40','2023-09-20 18:27:36',0,'1','snack',1,1),(8668,20,1010,'2023-09-30','2023-09-20 18:14:40','2023-09-20 18:27:36',0,'0','meal',1,1),(8669,20,1019,'2023-09-30','2023-09-20 18:14:41','2023-09-20 18:27:36',0,'0','meal',1,1),(8670,20,1022,'2023-09-30','2023-09-20 18:14:41','2023-09-20 18:27:36',0,'1','meal',1,1),(8671,20,1004,'2023-09-30','2023-09-20 18:14:41','2023-09-20 18:27:36',0,'1','meal',1,1),(8672,20,1013,'2023-09-30','2023-09-20 18:14:41','2023-09-20 18:27:36',0,'0','meal',1,1),(8673,20,1025,'2023-09-30','2023-09-20 18:14:41','2023-09-20 18:27:36',0,'1','meal',1,1),(8674,20,998,'2023-09-30','2023-09-20 18:14:41','2023-09-20 18:27:36',0,'1','meal',1,1),(8675,20,35,'2023-10-01','2023-09-20 18:14:41','2023-09-20 18:29:03',0,'1','snack',1,1),(8676,20,48,'2023-10-01','2023-09-20 18:14:41','2023-09-20 18:29:03',0,'1','meal',1,1),(8677,20,17,'2023-10-01','2023-09-20 18:14:41','2023-09-20 18:29:03',0,'1','meal',1,1),(8678,20,38,'2023-10-01','2023-09-20 18:14:41','2023-09-20 18:29:03',0,'0','snack',1,1),(8679,20,20,'2023-10-01','2023-09-20 18:14:41','2023-09-20 18:29:03',0,'0','meal',1,1),(8680,20,44,'2023-10-01','2023-09-20 18:14:41','2023-09-20 18:29:03',0,'1','snack',1,1),(8681,20,24,'2023-10-01','2023-09-20 18:14:41','2023-09-20 18:29:03',0,'0','meal',1,1),(8682,20,41,'2023-10-01','2023-09-20 18:14:41','2023-09-20 18:29:03',0,'0','snack',1,1),(8683,20,1229,'2023-10-01','2023-09-20 18:14:41','2023-09-20 18:29:03',0,'1','meal',1,1),(8684,20,29,'2023-10-01','2023-09-20 18:14:41','2023-09-20 18:29:03',0,'0','meal',1,1),(8685,20,1102,'2023-10-01','2023-09-20 18:14:41','2023-09-20 18:29:03',0,'0','meal',1,1),(8686,20,1208,'2023-10-01','2023-09-20 18:14:41','2023-09-20 18:29:03',0,'0','meal',1,1),(8687,20,25,'2023-10-01','2023-09-20 18:14:41','2023-09-20 18:29:03',0,'1','meal',1,1),(8688,20,32,'2023-10-01','2023-09-20 18:14:41','2023-09-20 18:29:03',0,'0','meal',1,1),(8689,20,51,'2023-10-01','2023-09-20 18:14:41','2023-09-20 18:29:03',0,'0','meal',1,1),(8690,20,54,'2023-10-02','2023-09-20 18:14:41','2023-09-20 18:30:09',0,'1','meal',1,1),(8691,20,83,'2023-10-02','2023-09-20 18:14:41','2023-09-20 18:30:09',0,'1','snack',1,1),(8692,20,60,'2023-10-02','2023-09-20 18:14:41','2023-09-20 18:30:09',0,'0','meal',1,1),(8693,20,86,'2023-10-02','2023-09-20 18:14:41','2023-09-20 18:30:09',0,'1','snack',1,1),(8694,20,70,'2023-10-02','2023-09-20 18:14:41','2023-09-20 18:30:09',0,'0','meal',1,1),(8695,20,89,'2023-10-02','2023-09-20 18:14:41','2023-09-20 18:30:09',0,'0','snack',1,1),(8696,20,77,'2023-10-02','2023-09-20 18:14:41','2023-09-20 18:30:09',0,'1','meal',1,1),(8697,20,92,'2023-10-02','2023-09-20 18:14:41','2023-09-20 18:30:09',0,'0','snack',1,1),(8698,20,73,'2023-10-02','2023-09-20 18:14:41','2023-09-20 18:30:09',0,'1','meal',1,1),(8699,20,80,'2023-10-02','2023-09-20 18:14:41','2023-09-20 18:30:09',0,'1','meal',1,1),(8700,20,64,'2023-10-02','2023-09-20 18:14:41','2023-09-20 18:30:09',0,'0','meal',1,1),(8701,20,57,'2023-10-02','2023-09-20 18:14:41','2023-09-20 18:30:09',0,'0','meal',1,1),(8702,20,98,'2023-10-03','2023-09-20 18:14:41','2023-09-20 18:31:10',0,'0','meal',1,1),(8703,20,128,'2023-10-03','2023-09-20 18:14:41','2023-09-20 18:31:10',0,'0','snack',1,1),(8704,20,112,'2023-10-03','2023-09-20 18:14:41','2023-09-20 18:31:10',0,'0','meal',1,1),(8705,20,131,'2023-10-03','2023-09-20 18:14:41','2023-09-20 18:31:10',0,'0','snack',1,1),(8706,20,122,'2023-10-03','2023-09-20 18:14:41','2023-09-20 18:31:10',0,'1','meal',1,1),(8707,20,137,'2023-10-03','2023-09-20 18:14:41','2023-09-20 18:31:10',0,'1','snack',1,1),(8708,20,118,'2023-10-03','2023-09-20 18:14:41','2023-09-20 18:31:10',0,'0','meal',1,1),(8709,20,134,'2023-10-03','2023-09-20 18:14:41','2023-09-20 18:31:10',0,'1','snack',1,1),(8710,20,125,'2023-10-03','2023-09-20 18:14:41','2023-09-20 18:31:10',0,'1','meal',1,1),(8711,20,103,'2023-10-03','2023-09-20 18:14:41','2023-09-20 18:31:10',0,'0','meal',1,1),(8712,20,115,'2023-10-03','2023-09-20 18:14:41','2023-09-20 18:31:10',0,'1','meal',1,1),(8713,20,106,'2023-10-03','2023-09-20 18:14:41','2023-09-20 18:31:10',0,'0','meal',1,1),(8714,20,109,'2023-10-03','2023-09-20 18:14:41','2023-09-20 18:31:10',0,'0','meal',1,1),(8715,20,100,'2023-10-03','2023-09-20 18:14:41','2023-09-20 18:31:10',0,'1','meal',1,1),(8716,20,140,'2023-10-04','2023-09-20 18:14:41','2023-09-20 18:32:12',0,'1','meal',1,1),(8717,20,168,'2023-10-04','2023-09-20 18:14:41','2023-09-20 18:32:12',0,'1','snack',1,1),(8718,20,162,'2023-10-04','2023-09-20 18:14:41','2023-09-20 18:32:12',0,'0','meal',1,1),(8719,20,171,'2023-10-04','2023-09-20 18:14:41','2023-09-20 18:32:12',0,'0','snack',1,1),(8720,20,1147,'2023-10-04','2023-09-20 18:14:41','2023-09-20 18:32:12',0,'0','snack',1,1),(8721,20,156,'2023-10-04','2023-09-20 18:14:41','2023-09-20 18:32:12',0,'0','meal',1,1),(8722,20,147,'2023-10-04','2023-09-20 18:14:41','2023-09-20 18:32:12',0,'0','meal',1,1),(8723,20,177,'2023-10-04','2023-09-20 18:14:41','2023-09-20 18:32:12',0,'1','snack',1,1),(8724,20,159,'2023-10-04','2023-09-20 18:14:41','2023-09-20 18:32:12',0,'0','meal',1,1),(8725,20,165,'2023-10-04','2023-09-20 18:14:41','2023-09-20 18:32:12',0,'1','meal',1,1),(8726,20,153,'2023-10-04','2023-09-20 18:14:41','2023-09-20 18:32:12',0,'1','meal',1,1),(8727,20,144,'2023-10-04','2023-09-20 18:14:41','2023-09-20 18:32:12',0,'1','meal',1,1),(8728,20,204,'2023-10-05','2023-09-20 18:14:41','2023-09-20 18:33:02',0,'1','snack',1,1),(8729,20,216,'2023-10-05','2023-09-20 18:14:41','2023-09-20 18:33:02',0,'1','meal',1,1),(8730,20,183,'2023-10-05','2023-09-20 18:14:41','2023-09-20 18:33:02',0,'1','meal',1,1),(8731,20,207,'2023-10-05','2023-09-20 18:14:41','2023-09-20 18:33:02',0,'0','snack',1,1),(8732,20,186,'2023-10-05','2023-09-20 18:14:41','2023-09-20 18:33:02',0,'1','meal',1,1),(8733,20,210,'2023-10-05','2023-09-20 18:14:41','2023-09-20 18:33:02',0,'0','snack',1,1),(8734,20,192,'2023-10-05','2023-09-20 18:14:41','2023-09-20 18:33:02',0,'1','meal',1,1),(8735,20,213,'2023-10-05','2023-09-20 18:14:41','2023-09-20 18:33:02',0,'1','snack',1,1),(8736,20,189,'2023-10-05','2023-09-20 18:14:41','2023-09-20 18:33:02',0,'0','meal',1,1),(8737,20,198,'2023-10-05','2023-09-20 18:14:41','2023-09-20 18:33:02',0,'0','meal',1,1),(8738,20,195,'2023-10-05','2023-09-20 18:14:41','2023-09-20 18:33:02',0,'0','meal',1,1),(8739,20,256,'2023-10-07','2023-09-20 18:14:41','2023-09-20 18:34:10',0,'1','snack',1,1),(8740,20,222,'2023-10-07','2023-09-20 18:14:41','2023-09-20 18:34:10',0,'0','meal',1,1),(8741,20,259,'2023-10-07','2023-09-20 18:14:41','2023-09-20 18:34:10',0,'0','snack',1,1),(8742,20,238,'2023-10-07','2023-09-20 18:14:41','2023-09-20 18:34:10',0,'1','meal',1,1),(8743,20,265,'2023-10-07','2023-09-20 18:14:41','2023-09-20 18:34:10',0,'1','snack',1,1),(8744,20,250,'2023-10-07','2023-09-20 18:14:41','2023-09-20 18:34:10',0,'0','meal',1,1),(8745,20,262,'2023-10-07','2023-09-20 18:14:41','2023-09-20 18:34:10',0,'0','snack',1,1),(8746,20,235,'2023-10-07','2023-09-20 18:14:41','2023-09-20 18:34:10',0,'0','meal',1,1),(8747,20,229,'2023-10-07','2023-09-20 18:14:41','2023-09-20 18:34:10',0,'0','meal',1,1),(8748,20,244,'2023-10-07','2023-09-20 18:14:41','2023-09-20 18:34:10',0,'0','meal',1,1),(8749,20,232,'2023-10-07','2023-09-20 18:14:41','2023-09-20 18:34:10',0,'1','meal',1,1),(8750,20,241,'2023-10-07','2023-09-20 18:14:41','2023-09-20 18:34:10',0,'0','meal',1,1),(8751,20,247,'2023-10-07','2023-09-20 18:14:41','2023-09-20 18:34:10',0,'1','meal',1,1),(8752,20,253,'2023-10-07','2023-09-20 18:14:41','2023-09-20 18:34:10',0,'0','meal',1,1),(8753,20,225,'2023-10-07','2023-09-20 18:14:41','2023-09-20 18:34:10',0,'1','meal',1,1),(8754,20,271,'2023-10-08','2023-09-20 18:14:41','2023-09-20 18:35:09',0,'0','meal',1,1),(8755,20,293,'2023-10-08','2023-09-20 18:14:41','2023-09-20 18:35:29',0,'1','snack',1,1),(8756,20,275,'2023-10-08','2023-09-20 18:14:41','2023-09-20 18:35:09',0,'0','meal',1,1),(8757,20,296,'2023-10-08','2023-09-20 18:14:41','2023-09-20 18:35:29',0,'0','snack',1,1),(8758,20,278,'2023-10-08','2023-09-20 18:14:41','2023-09-20 18:35:09',0,'1','meal',1,1),(8759,20,299,'2023-10-08','2023-09-20 18:14:41','2023-09-20 18:35:29',0,'1','snack',1,1),(8760,20,290,'2023-10-08','2023-09-20 18:14:41','2023-09-20 18:35:09',0,'0','meal',1,1),(8761,20,302,'2023-10-08','2023-09-20 18:14:41','2023-09-20 18:35:29',0,'0','snack',1,1),(8762,20,287,'2023-10-08','2023-09-20 18:14:41','2023-09-20 18:35:09',0,'1','meal',1,1),(8763,20,281,'2023-10-08','2023-09-20 18:14:41','2023-09-20 18:35:09',0,'0','meal',1,1),(8764,20,284,'2023-10-08','2023-09-20 18:14:41','2023-09-20 18:35:09',0,'1','meal',1,1),(8765,20,272,'2023-10-08','2023-09-20 18:14:41','2023-09-20 18:35:09',0,'1','meal',1,1),(8766,20,323,'2023-10-09','2023-09-20 18:14:41','2023-09-20 18:36:48',0,'1','meal',1,1),(8767,20,329,'2023-10-09','2023-09-20 18:14:41','2023-09-20 18:36:48',0,'1','snack',1,1),(8768,20,305,'2023-10-09','2023-09-20 18:14:41','2023-09-20 18:36:48',0,'0','meal',1,1),(8769,20,332,'2023-10-09','2023-09-20 18:14:41','2023-09-20 18:36:48',0,'0','snack',1,1),(8770,20,320,'2023-10-09','2023-09-20 18:14:41','2023-09-20 18:36:48',0,'0','meal',1,1),(8771,20,335,'2023-10-09','2023-09-20 18:14:41','2023-09-20 18:36:48',0,'0','snack',1,1),(8772,20,308,'2023-10-09','2023-09-20 18:14:41','2023-09-20 18:36:48',0,'1','meal',1,1),(8773,20,1142,'2023-10-09','2023-09-20 18:14:41','2023-09-20 18:36:48',0,'1','snack',1,1),(8774,20,314,'2023-10-09','2023-09-20 18:14:41','2023-09-20 18:36:48',0,'1','meal',1,1),(8775,20,317,'2023-10-09','2023-09-20 18:14:41','2023-09-20 18:36:48',0,'0','meal',1,1),(8776,20,311,'2023-10-09','2023-09-20 18:14:41','2023-09-20 18:36:48',0,'1','meal',1,1),(8777,20,326,'2023-10-09','2023-09-20 18:14:41','2023-09-20 18:36:48',0,'0','meal',1,1),(8778,20,341,'2023-10-10','2023-09-20 18:14:41','2023-09-20 18:38:15',0,'0','meal',1,1),(8779,20,374,'2023-10-10','2023-09-20 18:14:41','2023-09-20 18:38:16',0,'1','meal',1,1),(8780,20,347,'2023-10-10','2023-09-20 18:14:41','2023-09-20 18:38:15',0,'0','meal',1,1),(8781,20,362,'2023-10-10','2023-09-20 18:14:41','2023-09-20 18:38:15',0,'0','meal',1,1),(8782,20,353,'2023-10-10','2023-09-20 18:14:41','2023-09-20 18:38:15',0,'0','meal',1,1),(8783,20,1225,'2023-10-10','2023-09-20 18:14:41','2023-09-20 18:38:15',0,'0','meal',1,1),(8784,20,344,'2023-10-10','2023-09-20 18:14:41','2023-09-20 18:38:16',0,'1','meal',1,1),(8785,20,356,'2023-10-10','2023-09-20 18:14:41','2023-09-20 18:38:15',0,'0','meal',1,1),(8786,20,359,'2023-10-10','2023-09-20 18:14:41','2023-09-20 18:38:15',0,'1','meal',1,1),(8787,20,365,'2023-10-10','2023-09-20 18:14:41','2023-09-20 18:38:15',0,'1','meal',1,1),(8788,20,371,'2023-10-10','2023-09-20 18:14:41','2023-09-20 18:38:15',0,'0','meal',1,1),(8789,20,377,'2023-10-10','2023-09-20 18:14:41','2023-09-20 18:38:15',0,'0','meal',1,1),(8790,20,381,'2023-10-10','2023-09-20 18:14:41','2023-09-20 18:38:16',0,'1','snack',1,1),(8791,20,384,'2023-10-10','2023-09-20 18:14:41','2023-09-20 18:38:15',0,'0','snack',1,1),(8792,20,387,'2023-10-10','2023-09-20 18:14:41','2023-09-20 18:38:15',0,'0','snack',1,1),(8793,20,390,'2023-10-10','2023-09-20 18:14:41','2023-09-20 18:38:16',0,'1','snack',1,1),(8794,20,393,'2023-10-11','2023-09-20 18:14:41','2023-09-20 18:39:00',0,'0','meal',1,1),(8795,20,415,'2023-10-11','2023-09-20 18:14:41','2023-09-20 18:39:00',0,'1','meal',1,1),(8796,20,402,'2023-10-11','2023-09-20 18:14:41','2023-09-20 18:39:00',0,'0','meal',1,1),(8797,20,399,'2023-10-11','2023-09-20 18:14:41','2023-09-20 18:39:00',0,'0','meal',1,1),(8798,20,409,'2023-10-11','2023-09-20 18:14:41','2023-09-20 18:39:00',0,'1','meal',1,1),(8799,20,408,'2023-10-11','2023-09-20 18:14:41','2023-09-20 18:39:00',0,'1','meal',1,1),(8800,20,396,'2023-10-11','2023-09-20 18:14:41','2023-09-20 18:39:00',0,'1','meal',1,1),(8801,20,418,'2023-10-11','2023-09-20 18:14:41','2023-09-20 18:39:00',0,'1','snack',1,1),(8802,20,421,'2023-10-11','2023-09-20 18:14:41','2023-09-20 18:39:00',0,'0','snack',1,1),(8803,20,424,'2023-10-11','2023-09-20 18:14:41','2023-09-20 18:39:00',0,'0','snack',1,1),(8804,20,427,'2023-10-11','2023-09-20 18:14:41','2023-09-20 18:39:00',0,'1','snack',1,1),(8805,20,430,'2023-10-12','2023-09-20 18:14:41','2023-10-10 18:09:59',0,'1','meal',1,1),(8806,20,451,'2023-10-12','2023-09-20 18:14:41','2023-10-10 18:09:59',0,'1','meal',1,1),(8807,20,439,'2023-10-12','2023-09-20 18:14:41','2023-10-10 18:09:59',0,'0','meal',1,1),(8808,20,436,'2023-10-12','2023-09-20 18:14:41','2023-10-10 18:09:59',0,'0','meal',1,1),(8809,20,445,'2023-10-12','2023-09-20 18:14:41','2023-10-10 18:09:59',0,'0','meal',1,1),(8810,20,442,'2023-10-12','2023-09-20 18:14:41','2023-10-10 18:09:59',0,'1','meal',1,1),(8811,20,448,'2023-10-12','2023-09-20 18:14:41','2023-10-10 18:09:59',0,'0','meal',1,1),(8812,20,433,'2023-10-12','2023-09-20 18:14:41','2023-10-10 18:09:59',0,'1','meal',1,1),(8813,20,454,'2023-10-12','2023-09-20 18:14:41','2023-10-10 18:10:00',0,'1','snack',1,1),(8814,20,457,'2023-10-12','2023-09-20 18:14:41','2023-10-10 18:10:00',0,'1','snack',1,1),(8815,20,460,'2023-10-12','2023-09-20 18:14:41','2023-10-10 18:09:59',0,'0','snack',1,1),(8816,20,463,'2023-10-12','2023-09-20 18:14:41','2023-10-10 18:09:59',0,'0','snack',1,1),(8817,20,481,'2023-10-12','2023-09-20 18:14:41','2023-10-10 18:09:59',0,'0','meal',1,1),(8818,20,466,'2023-10-14','2023-09-20 18:14:41','2023-10-10 18:11:19',0,'1','meal',1,1),(8819,20,499,'2023-10-14','2023-09-20 18:14:41','2023-10-10 18:11:19',0,'1','snack',1,1),(8820,20,476,'2023-10-14','2023-09-20 18:14:41','2023-10-10 18:11:19',0,'0','meal',1,1),(8821,20,487,'2023-10-14','2023-09-20 18:14:41','2023-10-10 18:11:19',0,'1','snack',1,1),(8822,20,478,'2023-10-14','2023-09-20 18:14:41','2023-10-10 18:11:19',0,'1','meal',1,1),(8823,20,490,'2023-10-14','2023-09-20 18:14:41','2023-10-10 18:11:19',0,'0','snack',1,1),(8824,20,484,'2023-10-14','2023-09-20 18:14:41','2023-10-10 18:11:19',0,'1','meal',1,1),(8825,20,493,'2023-10-14','2023-09-20 18:14:41','2023-10-10 18:11:19',0,'0','snack',1,1),(8826,20,1265,'2023-10-14','2023-09-20 18:14:41','2023-10-10 18:11:19',0,'0','meal',1,1),(8827,20,469,'2023-10-14','2023-09-20 18:14:41','2023-10-10 18:11:19',0,'0','meal',1,1),(8828,20,472,'2023-10-14','2023-09-20 18:14:41','2023-10-10 18:11:19',0,'1','meal',1,1),(8829,20,530,'2023-10-15','2023-09-20 18:14:41','2023-10-10 18:12:24',0,'1','snack',1,1),(8830,20,502,'2023-10-15','2023-09-20 18:14:41','2023-10-10 18:12:24',0,'1','meal',1,1),(8831,20,518,'2023-10-15','2023-09-20 18:14:41','2023-10-10 18:12:24',0,'1','meal',1,1),(8832,20,539,'2023-10-15','2023-09-20 18:14:41','2023-10-10 18:12:24',0,'0','snack',1,1),(8833,20,515,'2023-10-15','2023-09-20 18:14:41','2023-10-10 18:12:24',0,'1','meal',1,1),(8834,20,533,'2023-10-15','2023-09-20 18:14:41','2023-10-10 18:12:24',0,'1','snack',1,1),(8835,20,536,'2023-10-15','2023-09-20 18:14:41','2023-10-10 18:12:24',0,'0','snack',1,1),(8836,20,511,'2023-10-15','2023-09-20 18:14:41','2023-10-10 18:12:24',0,'0','meal',1,1),(8837,20,508,'2023-10-15','2023-09-20 18:14:41','2023-10-10 18:12:24',0,'1','meal',1,1),(8838,20,521,'2023-10-15','2023-09-20 18:14:41','2023-10-10 18:12:24',0,'0','meal',1,1),(8839,20,524,'2023-10-15','2023-09-20 18:14:41','2023-10-10 18:12:24',0,'0','meal',1,1),(8840,20,505,'2023-10-15','2023-09-20 18:14:41','2023-10-10 18:12:24',0,'0','meal',1,1),(8841,20,527,'2023-10-15','2023-09-20 18:14:41','2023-10-10 18:12:24',0,'0','meal',1,1),(8842,20,542,'2023-10-16','2023-09-20 18:14:41','2023-10-10 18:13:41',0,'1','meal',1,1),(8843,20,548,'2023-10-16','2023-09-20 18:14:41','2023-10-10 18:13:41',0,'1','meal',1,1),(8844,20,554,'2023-10-16','2023-09-20 18:14:41','2023-10-10 18:13:41',0,'1','meal',1,1),(8845,20,557,'2023-10-16','2023-09-20 18:14:41','2023-10-10 18:13:41',0,'0','meal',1,1),(8846,20,567,'2023-10-16','2023-09-20 18:14:41','2023-10-10 18:13:41',0,'0','meal',1,1),(8847,20,564,'2023-10-16','2023-09-20 18:14:41','2023-10-10 18:13:41',0,'0','meal',1,1),(8848,20,551,'2023-10-16','2023-09-20 18:14:41','2023-10-10 18:13:41',0,'0','meal',1,1),(8849,20,560,'2023-10-16','2023-09-20 18:14:41','2023-10-10 18:13:41',0,'0','meal',1,1),(8850,20,570,'2023-10-16','2023-09-20 18:14:41','2023-10-10 18:13:41',0,'1','meal',1,1),(8851,20,545,'2023-10-16','2023-09-20 18:14:41','2023-10-10 18:13:41',0,'0','meal',1,1),(8852,20,573,'2023-10-16','2023-09-20 18:14:41','2023-10-10 18:13:41',0,'1','snack',1,1),(8853,20,576,'2023-10-16','2023-09-20 18:14:41','2023-10-10 18:13:41',0,'1','snack',1,1),(8854,20,579,'2023-10-16','2023-09-20 18:14:41','2023-10-10 18:13:41',0,'0','snack',1,1),(8855,20,582,'2023-10-16','2023-09-20 18:14:41','2023-10-10 18:13:41',0,'0','snack',1,1),(8856,21,780,'2023-09-24','2023-09-21 03:35:47','2023-09-21 03:46:34',0,'1','meal',1,1),(8857,21,808,'2023-09-24','2023-09-21 03:35:47','2023-09-21 03:46:34',0,'0','meal',1,1),(8858,21,786,'2023-09-24','2023-09-21 03:35:47','2023-09-21 03:46:34',0,'0','meal',1,1),(8859,21,795,'2023-09-24','2023-09-21 03:35:47','2023-09-21 03:46:34',0,'0','meal',1,1),(8860,21,792,'2023-09-24','2023-09-21 03:35:47','2023-09-21 03:46:34',0,'0','meal',1,1),(8861,21,802,'2023-09-24','2023-09-21 03:35:47','2023-09-21 03:46:34',0,'1','meal',1,1),(8862,21,789,'2023-09-24','2023-09-21 03:35:47','2023-09-21 03:46:34',0,'0','meal',1,1),(8863,21,798,'2023-09-24','2023-09-21 03:35:47','2023-09-21 03:46:34',0,'1','meal',1,1),(8864,21,805,'2023-09-24','2023-09-21 03:35:47','2023-09-21 03:46:34',0,'0','meal',1,1),(8865,21,811,'2023-09-24','2023-09-21 03:35:47','2023-09-21 03:46:34',0,'0','meal',1,1),(8866,21,814,'2023-09-24','2023-09-21 03:35:47','2023-09-21 03:46:34',0,'0','meal',1,1),(8867,21,783,'2023-09-24','2023-09-21 03:35:47','2023-09-21 03:46:34',0,'0','meal',1,1),(8868,21,817,'2023-09-24','2023-09-21 03:35:47','2023-09-21 03:46:34',0,'1','snack',1,1),(8869,21,820,'2023-09-24','2023-09-21 03:35:47','2023-09-21 03:46:34',0,'0','snack',1,1),(8870,21,823,'2023-09-24','2023-09-21 03:35:47','2023-09-21 03:46:34',0,'0','snack',1,1),(8871,21,826,'2023-09-24','2023-09-21 03:35:47','2023-09-21 03:46:34',0,'0','snack',1,1),(8872,21,829,'2023-09-25','2023-09-21 03:35:47','2023-09-21 03:48:56',0,'1','meal',1,1),(8873,21,866,'2023-09-25','2023-09-21 03:35:47','2023-09-21 03:48:56',0,'1','snack',1,1),(8874,21,837,'2023-09-25','2023-09-21 03:35:47','2023-09-21 03:48:56',0,'1','meal',1,1),(8875,21,869,'2023-09-25','2023-09-21 03:35:47','2023-09-21 03:48:56',0,'0','snack',1,1),(8876,21,841,'2023-09-25','2023-09-21 03:35:47','2023-09-21 03:48:56',0,'1','meal',1,1),(8877,21,860,'2023-09-25','2023-09-21 03:35:47','2023-09-21 03:48:56',0,'0','snack',1,1),(8878,21,844,'2023-09-25','2023-09-21 03:35:47','2023-09-21 03:48:56',0,'0','meal',1,1),(8879,21,850,'2023-09-25','2023-09-21 03:35:47','2023-09-21 03:48:56',0,'0','meal',1,1),(8880,21,857,'2023-09-25','2023-09-21 03:35:47','2023-09-21 03:48:56',0,'0','meal',1,1),(8881,21,832,'2023-09-25','2023-09-21 03:35:47','2023-09-21 03:48:56',0,'0','meal',1,1),(8882,21,847,'2023-09-25','2023-09-21 03:35:47','2023-09-21 03:48:56',0,'0','meal',1,1),(8883,21,854,'2023-09-25','2023-09-21 03:35:47','2023-09-21 03:48:56',0,'0','meal',1,1),(8884,21,872,'2023-09-26','2023-09-21 03:35:47','2023-09-21 03:52:52',0,'0','meal',1,1),(8885,21,878,'2023-09-26','2023-09-21 03:35:47','2023-09-21 03:52:52',0,'0','meal',1,1),(8886,21,881,'2023-09-26','2023-09-21 03:35:47','2023-09-21 03:52:52',0,'0','meal',1,1),(8887,21,888,'2023-09-26','2023-09-21 03:35:47','2023-09-21 03:52:52',0,'0','meal',1,1),(8888,21,898,'2023-09-26','2023-09-21 03:35:47','2023-09-21 03:52:52',0,'1','meal',1,1),(8889,21,895,'2023-09-26','2023-09-21 03:35:47','2023-09-21 03:52:52',0,'1','meal',1,1),(8890,21,887,'2023-09-26','2023-09-21 03:35:47','2023-09-21 03:52:52',0,'0','meal',1,1),(8891,21,892,'2023-09-26','2023-09-21 03:35:47','2023-09-21 03:52:52',0,'0','meal',1,1),(8892,21,875,'2023-09-26','2023-09-21 03:35:47','2023-09-21 03:52:52',0,'1','meal',1,1),(8893,21,902,'2023-09-26','2023-09-21 03:35:47','2023-09-21 03:52:52',0,'1','snack',1,1),(8894,21,905,'2023-09-26','2023-09-21 03:35:47','2023-09-21 03:52:52',0,'0','snack',1,1),(8895,21,908,'2023-09-26','2023-09-21 03:35:47','2023-09-21 03:52:52',0,'0','snack',1,1),(8896,21,911,'2023-09-26','2023-09-21 03:35:47','2023-09-21 03:52:52',0,'0','snack',1,1),(8897,21,914,'2023-09-27','2023-09-21 03:35:47','2023-09-25 05:42:26',0,'1','meal',1,1),(8898,21,944,'2023-09-27','2023-09-21 03:35:47','2023-09-26 01:29:27',0,'0','snack',1,1),(8899,21,920,'2023-09-27','2023-09-21 03:35:47','2023-09-25 05:42:26',0,'1','meal',1,1),(8900,21,947,'2023-09-27','2023-09-21 03:35:47','2023-09-26 01:29:27',0,'1','snack',1,1),(8901,21,929,'2023-09-27','2023-09-21 03:35:47','2023-09-25 05:42:26',0,'0','meal',1,1),(8902,21,953,'2023-09-27','2023-09-21 03:35:47','2023-09-26 01:29:27',0,'0','snack',1,1),(8903,21,923,'2023-09-27','2023-09-21 03:35:47','2023-09-25 05:42:26',0,'0','meal',1,1),(8904,21,950,'2023-09-27','2023-09-21 03:35:47','2023-09-26 01:29:27',0,'0','snack',1,1),(8905,21,932,'2023-09-27','2023-09-21 03:35:47','2023-09-25 05:42:26',0,'0','meal',1,1),(8906,21,926,'2023-09-27','2023-09-21 03:35:47','2023-09-25 05:42:26',0,'0','meal',1,1),(8907,21,935,'2023-09-27','2023-09-21 03:35:47','2023-09-25 05:42:26',0,'1','meal',1,1),(8908,21,938,'2023-09-27','2023-09-21 03:35:47','2023-09-25 05:42:26',0,'0','meal',1,1),(8909,21,917,'2023-09-27','2023-09-21 03:35:47','2023-09-25 05:42:26',0,'0','meal',1,1),(8910,21,941,'2023-09-27','2023-09-21 03:35:47','2023-09-25 05:42:26',0,'0','meal',1,1),(8911,21,959,'2023-09-28','2023-09-21 03:35:47','2023-09-21 03:57:16',0,'0','meal',1,1),(8912,21,962,'2023-09-28','2023-09-21 03:35:47','2023-09-21 03:57:16',0,'0','meal',1,1),(8913,21,980,'2023-09-28','2023-09-21 03:35:47','2023-09-21 03:57:16',0,'1','meal',1,1),(8914,21,974,'2023-09-28','2023-09-21 03:35:47','2023-09-21 03:57:16',0,'0','meal',1,1),(8915,21,983,'2023-09-28','2023-09-21 03:35:47','2023-09-21 03:57:16',0,'0','meal',1,1),(8916,21,968,'2023-09-28','2023-09-21 03:35:47','2023-09-21 03:57:16',0,'0','meal',1,1),(8917,21,977,'2023-09-28','2023-09-21 03:35:47','2023-09-21 03:57:16',0,'1','meal',1,1),(8918,21,971,'2023-09-28','2023-09-21 03:35:47','2023-09-21 03:57:16',0,'0','meal',1,1),(8919,21,965,'2023-09-28','2023-09-21 03:35:47','2023-09-21 03:57:16',0,'0','meal',1,1),(8920,21,956,'2023-09-28','2023-09-21 03:35:47','2023-09-21 03:57:16',0,'1','meal',1,1),(8921,21,986,'2023-09-28','2023-09-21 03:35:47','2023-09-26 01:29:46',0,'0','snack',1,1),(8922,21,989,'2023-09-28','2023-09-21 03:35:47','2023-09-26 01:29:46',0,'1','snack',1,1),(8923,21,992,'2023-09-28','2023-09-21 03:35:47','2023-09-26 01:29:46',0,'0','snack',1,1),(8924,21,995,'2023-09-28','2023-09-21 03:35:47','2023-09-26 01:29:46',0,'0','snack',1,1),(8925,21,1028,'2023-09-30','2023-09-21 03:35:47','2023-09-21 03:58:57',0,'0','snack',1,1),(8926,21,1007,'2023-09-30','2023-09-21 03:35:47','2023-09-21 03:58:57',0,'0','meal',1,1),(8927,21,1031,'2023-09-30','2023-09-21 03:35:47','2023-09-21 03:58:57',0,'1','snack',1,1),(8928,21,1001,'2023-09-30','2023-09-21 03:35:47','2023-09-21 03:58:57',0,'0','meal',1,1),(8929,21,1034,'2023-09-30','2023-09-21 03:35:47','2023-09-21 03:58:57',0,'0','snack',1,1),(8930,21,1016,'2023-09-30','2023-09-21 03:35:47','2023-09-21 03:58:57',0,'1','meal',1,1),(8931,21,1037,'2023-09-30','2023-09-21 03:35:47','2023-09-21 03:58:57',0,'0','snack',1,1),(8932,21,1010,'2023-09-30','2023-09-21 03:35:47','2023-09-21 03:58:57',0,'0','meal',1,1),(8933,21,1019,'2023-09-30','2023-09-21 03:35:47','2023-09-21 03:58:57',0,'1','meal',1,1),(8934,21,1022,'2023-09-30','2023-09-21 03:35:47','2023-09-21 03:58:57',0,'0','meal',1,1),(8935,21,1004,'2023-09-30','2023-09-21 03:35:47','2023-09-21 03:58:57',0,'0','meal',1,1),(8936,21,1013,'2023-09-30','2023-09-21 03:35:47','2023-09-21 03:58:57',0,'1','meal',1,1),(8937,21,1025,'2023-09-30','2023-09-21 03:35:47','2023-09-21 03:58:57',0,'0','meal',1,1),(8938,21,998,'2023-09-30','2023-09-21 03:35:47','2023-09-21 03:58:57',0,'0','meal',1,1),(8939,21,35,'2023-10-01','2023-09-21 03:35:47','2023-09-21 04:00:34',0,'0','snack',1,1),(8940,21,48,'2023-10-01','2023-09-21 03:35:47','2023-09-21 04:00:34',0,'0','meal',1,1),(8941,21,17,'2023-10-01','2023-09-21 03:35:47','2023-09-21 04:00:34',0,'0','meal',1,1),(8942,21,38,'2023-10-01','2023-09-21 03:35:47','2023-09-21 04:00:34',0,'0','snack',1,1),(8943,21,20,'2023-10-01','2023-09-21 03:35:47','2023-09-21 04:00:34',0,'1','meal',1,1),(8944,21,44,'2023-10-01','2023-09-21 03:35:47','2023-09-21 04:00:34',0,'0','snack',1,1),(8945,21,24,'2023-10-01','2023-09-21 03:35:47','2023-09-21 04:00:34',0,'0','meal',1,1),(8946,21,41,'2023-10-01','2023-09-21 03:35:47','2023-09-21 04:00:34',0,'1','snack',1,1),(8947,21,1229,'2023-10-01','2023-09-21 03:35:47','2023-09-21 04:00:34',0,'1','meal',1,1),(8948,21,29,'2023-10-01','2023-09-21 03:35:47','2023-09-21 04:00:34',0,'0','meal',1,1),(8949,21,1102,'2023-10-01','2023-09-21 03:35:47','2023-09-21 04:00:34',0,'0','meal',1,1),(8950,21,1208,'2023-10-01','2023-09-21 03:35:47','2023-09-21 04:00:34',0,'0','meal',1,1),(8951,21,25,'2023-10-01','2023-09-21 03:35:47','2023-09-21 04:00:34',0,'0','meal',1,1),(8952,21,32,'2023-10-01','2023-09-21 03:35:47','2023-09-21 04:00:34',0,'0','meal',1,1),(8953,21,51,'2023-10-01','2023-09-21 03:35:47','2023-09-21 04:00:34',0,'1','meal',1,1),(8954,21,54,'2023-10-02','2023-09-21 03:35:47','2023-09-21 04:01:22',0,'1','meal',1,1),(8955,21,83,'2023-10-02','2023-09-21 03:35:47','2023-09-21 04:01:22',0,'0','snack',1,1),(8956,21,60,'2023-10-02','2023-09-21 03:35:47','2023-09-21 04:01:22',0,'0','meal',1,1),(8957,21,86,'2023-10-02','2023-09-21 03:35:47','2023-09-21 04:01:22',0,'1','snack',1,1),(8958,21,70,'2023-10-02','2023-09-21 03:35:47','2023-09-21 04:01:22',0,'0','meal',1,1),(8959,21,89,'2023-10-02','2023-09-21 03:35:47','2023-09-21 04:01:22',0,'0','snack',1,1),(8960,21,77,'2023-10-02','2023-09-21 03:35:47','2023-09-21 04:01:22',0,'1','meal',1,1),(8961,21,92,'2023-10-02','2023-09-21 03:35:47','2023-09-21 04:01:22',0,'0','snack',1,1),(8962,21,73,'2023-10-02','2023-09-21 03:35:47','2023-09-21 04:01:22',0,'1','meal',1,1),(8963,21,80,'2023-10-02','2023-09-21 03:35:47','2023-09-21 04:01:22',0,'0','meal',1,1),(8964,21,64,'2023-10-02','2023-09-21 03:35:47','2023-09-21 04:01:22',0,'0','meal',1,1),(8965,21,57,'2023-10-02','2023-09-21 03:35:47','2023-09-21 04:01:22',0,'0','meal',1,1),(8966,21,98,'2023-10-03','2023-09-21 03:35:47','2023-09-26 05:41:01',0,'0','meal',1,1),(8967,21,128,'2023-10-03','2023-09-21 03:35:47','2023-09-26 05:41:01',0,'0','snack',1,1),(8968,21,112,'2023-10-03','2023-09-21 03:35:47','2023-09-26 05:41:01',0,'0','meal',1,1),(8969,21,131,'2023-10-03','2023-09-21 03:35:47','2023-09-26 05:41:01',0,'0','snack',1,1),(8970,21,122,'2023-10-03','2023-09-21 03:35:47','2023-09-26 05:41:01',0,'1','meal',1,1),(8971,21,137,'2023-10-03','2023-09-21 03:35:47','2023-09-26 05:41:01',0,'0','snack',1,1),(8972,21,118,'2023-10-03','2023-09-21 03:35:47','2023-09-26 05:41:01',0,'0','meal',1,1),(8973,21,134,'2023-10-03','2023-09-21 03:35:47','2023-09-26 05:41:01',0,'1','snack',1,1),(8974,21,125,'2023-10-03','2023-09-21 03:35:47','2023-09-26 05:41:01',0,'0','meal',1,1),(8975,21,103,'2023-10-03','2023-09-21 03:35:47','2023-09-26 05:41:01',0,'0','meal',1,1),(8976,21,115,'2023-10-03','2023-09-21 03:35:47','2023-09-26 05:41:01',0,'0','meal',1,1),(8977,21,106,'2023-10-03','2023-09-21 03:35:47','2023-09-26 05:41:01',0,'0','meal',1,1),(8978,21,109,'2023-10-03','2023-09-21 03:35:47','2023-09-26 05:41:01',0,'1','meal',1,1),(8979,21,100,'2023-10-03','2023-09-21 03:35:47','2023-09-26 05:41:01',0,'1','meal',1,1),(8980,21,140,'2023-10-04','2023-09-21 03:35:47','2023-09-26 05:42:11',0,'0','meal',1,1),(8981,21,168,'2023-10-04','2023-09-21 03:35:47','2023-09-26 05:42:11',0,'0','snack',1,1),(8982,21,162,'2023-10-04','2023-09-21 03:35:47','2023-09-26 05:42:11',0,'0','meal',1,1),(8983,21,171,'2023-10-04','2023-09-21 03:35:47','2023-09-26 05:42:11',0,'1','snack',1,1),(8984,21,1147,'2023-10-04','2023-09-21 03:35:47','2023-09-26 05:42:11',0,'0','snack',1,1),(8985,21,156,'2023-10-04','2023-09-21 03:35:47','2023-09-26 05:42:11',0,'1','meal',1,1),(8986,21,147,'2023-10-04','2023-09-21 03:35:47','2023-09-26 05:42:11',0,'0','meal',1,1),(8987,21,177,'2023-10-04','2023-09-21 03:35:47','2023-09-26 05:42:11',0,'0','snack',1,1),(8988,21,159,'2023-10-04','2023-09-21 03:35:47','2023-09-26 05:42:11',0,'1','meal',1,1),(8989,21,165,'2023-10-04','2023-09-21 03:35:47','2023-09-26 05:42:11',0,'0','meal',1,1),(8990,21,153,'2023-10-04','2023-09-21 03:35:47','2023-09-26 05:42:11',0,'0','meal',1,1),(8991,21,144,'2023-10-04','2023-09-21 03:35:47','2023-09-26 05:42:11',0,'1','meal',1,1),(8992,21,204,'2023-10-05','2023-09-21 03:35:47','2023-09-26 05:42:58',0,'0','snack',1,1),(8993,21,216,'2023-10-05','2023-09-21 03:35:47','2023-09-26 05:42:58',0,'1','meal',1,1),(8994,21,183,'2023-10-05','2023-09-21 03:35:47','2023-09-26 05:42:58',0,'0','meal',1,1),(8995,21,207,'2023-10-05','2023-09-21 03:35:47','2023-09-26 05:42:58',0,'0','snack',1,1),(8996,21,186,'2023-10-05','2023-09-21 03:35:47','2023-09-26 05:42:58',0,'1','meal',1,1),(8997,21,210,'2023-10-05','2023-09-21 03:35:47','2023-09-26 05:42:58',0,'1','snack',1,1),(8998,21,192,'2023-10-05','2023-09-21 03:35:47','2023-09-26 05:42:58',0,'0','meal',1,1),(8999,21,213,'2023-10-05','2023-09-21 03:35:47','2023-09-26 05:42:58',0,'0','snack',1,1),(9000,21,189,'2023-10-05','2023-09-21 03:35:47','2023-09-26 05:42:58',0,'1','meal',1,1),(9001,21,198,'2023-10-05','2023-09-21 03:35:47','2023-09-26 05:42:58',0,'0','meal',1,1),(9002,21,195,'2023-10-05','2023-09-21 03:35:47','2023-09-26 05:42:58',0,'0','meal',1,1),(9003,21,256,'2023-10-07','2023-09-21 03:35:47','2023-10-02 05:58:15',0,'0','snack',1,1),(9004,21,222,'2023-10-07','2023-09-21 03:35:47','2023-10-02 05:58:15',0,'1','meal',1,1),(9005,21,259,'2023-10-07','2023-09-21 03:35:47','2023-10-02 05:58:15',0,'1','snack',1,1),(9006,21,238,'2023-10-07','2023-09-21 03:35:47','2023-10-02 05:58:15',0,'0','meal',1,1),(9007,21,265,'2023-10-07','2023-09-21 03:35:47','2023-10-02 05:58:15',0,'0','snack',1,1),(9008,21,250,'2023-10-07','2023-09-21 03:35:47','2023-10-02 05:58:15',0,'0','meal',1,1),(9009,21,262,'2023-10-07','2023-09-21 03:35:47','2023-10-02 05:58:15',0,'0','snack',1,1),(9010,21,235,'2023-10-07','2023-09-21 03:35:47','2023-10-02 05:58:15',0,'1','meal',1,1),(9011,21,229,'2023-10-07','2023-09-21 03:35:47','2023-10-02 05:58:15',0,'0','meal',1,1),(9012,21,244,'2023-10-07','2023-09-21 03:35:47','2023-10-02 05:58:15',0,'0','meal',1,1),(9013,21,232,'2023-10-07','2023-09-21 03:35:47','2023-10-02 05:58:15',0,'0','meal',1,1),(9014,21,241,'2023-10-07','2023-09-21 03:35:47','2023-10-02 05:58:15',0,'0','meal',1,1),(9015,21,247,'2023-10-07','2023-09-21 03:35:47','2023-10-02 05:58:15',0,'1','meal',1,1),(9016,21,253,'2023-10-07','2023-09-21 03:35:47','2023-10-02 05:58:15',0,'0','meal',1,1),(9017,21,225,'2023-10-07','2023-09-21 03:35:47','2023-10-02 05:58:15',0,'0','meal',1,1),(9018,21,271,'2023-10-08','2023-09-21 03:35:47','2023-10-02 05:59:11',0,'0','meal',1,1),(9019,21,293,'2023-10-08','2023-09-21 03:35:47','2023-10-02 05:59:11',0,'0','snack',1,1),(9020,21,275,'2023-10-08','2023-09-21 03:35:47','2023-10-02 05:59:11',0,'0','meal',1,1),(9021,21,296,'2023-10-08','2023-09-21 03:35:47','2023-10-02 05:59:11',0,'1','snack',1,1),(9022,21,278,'2023-10-08','2023-09-21 03:35:47','2023-10-02 05:59:11',0,'1','meal',1,1),(9023,21,299,'2023-10-08','2023-09-21 03:35:47','2023-10-02 05:59:11',0,'0','snack',1,1),(9024,21,290,'2023-10-08','2023-09-21 03:35:48','2023-10-02 05:59:11',0,'0','meal',1,1),(9025,21,302,'2023-10-08','2023-09-21 03:35:48','2023-10-02 05:59:11',0,'0','snack',1,1),(9026,21,287,'2023-10-08','2023-09-21 03:35:48','2023-10-02 05:59:11',0,'1','meal',1,1),(9027,21,281,'2023-10-08','2023-09-21 03:35:48','2023-10-02 05:59:11',0,'0','meal',1,1),(9028,21,284,'2023-10-08','2023-09-21 03:35:48','2023-10-02 05:59:11',0,'0','meal',1,1),(9029,21,272,'2023-10-08','2023-09-21 03:35:48','2023-10-02 05:59:11',0,'1','meal',1,1),(9030,21,323,'2023-10-09','2023-09-21 03:35:48','2023-10-02 06:00:21',0,'1','meal',1,1),(9031,21,329,'2023-10-09','2023-09-21 03:35:48','2023-10-02 06:00:21',0,'0','snack',1,1),(9032,21,305,'2023-10-09','2023-09-21 03:35:48','2023-10-02 06:00:21',0,'1','meal',1,1),(9033,21,332,'2023-10-09','2023-09-21 03:35:48','2023-10-02 06:00:21',0,'1','snack',1,1),(9034,21,320,'2023-10-09','2023-09-21 03:35:48','2023-10-02 06:00:21',0,'1','meal',1,1),(9035,21,335,'2023-10-09','2023-09-21 03:35:48','2023-10-02 06:00:21',0,'0','snack',1,1),(9036,21,308,'2023-10-09','2023-09-21 03:35:48','2023-10-02 06:00:21',0,'0','meal',1,1),(9037,21,1142,'2023-10-09','2023-09-21 03:35:48','2023-10-02 06:00:21',0,'0','snack',1,1),(9038,21,314,'2023-10-09','2023-09-21 03:35:48','2023-10-02 06:00:21',0,'0','meal',1,1),(9039,21,317,'2023-10-09','2023-09-21 03:35:48','2023-10-02 06:00:21',0,'0','meal',1,1),(9040,21,311,'2023-10-09','2023-09-21 03:35:48','2023-10-02 06:00:21',0,'0','meal',1,1),(9041,21,326,'2023-10-09','2023-09-21 03:35:48','2023-10-02 06:00:21',0,'0','meal',1,1),(9042,21,341,'2023-10-10','2023-09-21 03:35:48','2023-10-02 06:04:10',0,'1','meal',1,1),(9043,21,374,'2023-10-10','2023-09-21 03:35:48','2023-10-02 06:04:10',0,'0','meal',1,1),(9044,21,347,'2023-10-10','2023-09-21 03:35:48','2023-10-02 06:04:10',0,'1','meal',1,1),(9045,21,362,'2023-10-10','2023-09-21 03:35:48','2023-10-02 06:04:10',0,'0','meal',1,1),(9046,21,353,'2023-10-10','2023-09-21 03:35:48','2023-10-02 06:04:10',0,'0','meal',1,1),(9047,21,1225,'2023-10-10','2023-09-21 03:35:48','2023-10-02 06:04:10',0,'0','meal',1,1),(9048,21,344,'2023-10-10','2023-09-21 03:35:48','2023-10-02 06:04:10',0,'0','meal',1,1),(9049,21,356,'2023-10-10','2023-09-21 03:35:48','2023-10-02 06:04:10',0,'0','meal',1,1),(9050,21,359,'2023-10-10','2023-09-21 03:35:48','2023-10-02 06:04:10',0,'1','meal',1,1),(9051,21,365,'2023-10-10','2023-09-21 03:35:48','2023-10-02 06:04:10',0,'0','meal',1,1),(9052,21,371,'2023-10-10','2023-09-21 03:35:48','2023-10-02 06:04:10',0,'0','meal',1,1),(9053,21,377,'2023-10-10','2023-09-21 03:35:48','2023-10-02 06:04:10',0,'0','meal',1,1),(9054,21,381,'2023-10-10','2023-09-21 03:35:48','2023-10-02 06:04:10',0,'0','snack',1,1),(9055,21,384,'2023-10-10','2023-09-21 03:35:48','2023-10-02 06:04:10',0,'0','snack',1,1),(9056,21,387,'2023-10-10','2023-09-21 03:35:48','2023-10-02 06:04:10',0,'1','snack',1,1),(9057,21,390,'2023-10-10','2023-09-21 03:35:48','2023-10-02 06:04:10',0,'0','snack',1,1),(9058,21,393,'2023-10-11','2023-09-21 03:35:48','2023-10-02 06:05:20',0,'1','meal',1,1),(9059,21,415,'2023-10-11','2023-09-21 03:35:48','2023-10-02 06:05:20',0,'0','meal',1,1),(9060,21,402,'2023-10-11','2023-09-21 03:35:48','2023-10-02 06:05:20',0,'1','meal',1,1),(9061,21,399,'2023-10-11','2023-09-21 03:35:48','2023-10-02 06:05:20',0,'0','meal',1,1),(9062,21,409,'2023-10-11','2023-09-21 03:35:48','2023-10-02 06:05:20',0,'0','meal',1,1),(9063,21,408,'2023-10-11','2023-09-21 03:35:48','2023-10-02 06:05:20',0,'1','meal',1,1),(9064,21,396,'2023-10-11','2023-09-21 03:35:48','2023-10-02 06:05:20',0,'0','meal',1,1),(9065,21,418,'2023-10-11','2023-09-21 03:35:48','2023-10-02 06:05:20',0,'0','snack',1,1),(9066,21,421,'2023-10-11','2023-09-21 03:35:48','2023-10-02 06:05:20',0,'0','snack',1,1),(9067,21,424,'2023-10-11','2023-09-21 03:35:48','2023-10-02 06:05:20',0,'1','snack',1,1),(9068,21,427,'2023-10-11','2023-09-21 03:35:48','2023-10-02 06:05:20',0,'0','snack',1,1),(9069,21,430,'2023-10-12','2023-09-21 03:35:48','2023-10-02 06:06:54',0,'1','meal',1,1),(9070,21,451,'2023-10-12','2023-09-21 03:35:48','2023-10-02 06:06:54',0,'1','meal',1,1),(9071,21,439,'2023-10-12','2023-09-21 03:35:48','2023-10-02 06:06:54',0,'0','meal',1,1),(9072,21,436,'2023-10-12','2023-09-21 03:35:48','2023-10-02 06:06:54',0,'0','meal',1,1),(9073,21,445,'2023-10-12','2023-09-21 03:35:48','2023-10-02 06:06:54',0,'0','meal',1,1),(9074,21,442,'2023-10-12','2023-09-21 03:35:48','2023-10-02 06:06:54',0,'0','meal',1,1),(9075,21,448,'2023-10-12','2023-09-21 03:35:48','2023-10-02 06:06:54',0,'0','meal',1,1),(9076,21,433,'2023-10-12','2023-09-21 03:35:48','2023-10-02 06:06:54',0,'0','meal',1,1),(9077,21,454,'2023-10-12','2023-09-21 03:35:48','2023-10-02 06:06:54',0,'0','snack',1,1),(9078,21,457,'2023-10-12','2023-09-21 03:35:48','2023-10-02 06:06:54',0,'1','snack',1,1),(9079,21,460,'2023-10-12','2023-09-21 03:35:48','2023-10-02 06:06:54',0,'0','snack',1,1),(9080,21,463,'2023-10-12','2023-09-21 03:35:48','2023-10-02 06:06:54',0,'0','snack',1,1),(9081,21,481,'2023-10-12','2023-09-21 03:35:48','2023-10-02 06:06:54',0,'1','meal',1,1),(9082,21,466,'2023-10-14','2023-09-21 03:35:48','2023-10-11 00:57:56',0,'1','meal',1,1),(9083,21,499,'2023-10-14','2023-09-21 03:35:48','2023-10-11 00:57:56',0,'0','snack',1,1),(9084,21,476,'2023-10-14','2023-09-21 03:35:48','2023-10-11 00:57:56',0,'0','meal',1,1),(9085,21,487,'2023-10-14','2023-09-21 03:35:48','2023-10-11 00:57:56',0,'0','snack',1,1),(9086,21,478,'2023-10-14','2023-09-21 03:35:48','2023-10-11 00:57:56',0,'1','meal',1,1),(9087,21,490,'2023-10-14','2023-09-21 03:35:48','2023-10-11 00:57:56',0,'1','snack',1,1),(9088,21,484,'2023-10-14','2023-09-21 03:35:48','2023-10-11 00:57:56',0,'0','meal',1,1),(9089,21,493,'2023-10-14','2023-09-21 03:35:48','2023-10-11 00:57:56',0,'0','snack',1,1),(9090,21,1265,'2023-10-14','2023-09-21 03:35:48','2023-10-11 00:57:56',0,'0','meal',1,1),(9091,21,469,'2023-10-14','2023-09-21 03:35:48','2023-10-11 00:57:56',0,'1','meal',1,1),(9092,21,472,'2023-10-14','2023-09-21 03:35:48','2023-10-11 00:57:56',0,'0','meal',1,1),(9093,21,530,'2023-10-15','2023-09-21 03:35:48','2023-10-11 00:59:09',0,'0','snack',1,1),(9094,21,502,'2023-10-15','2023-09-21 03:35:48','2023-10-11 00:59:09',0,'1','meal',1,1),(9095,21,518,'2023-10-15','2023-09-21 03:35:48','2023-10-11 00:59:09',0,'0','meal',1,1),(9096,21,539,'2023-10-15','2023-09-21 03:35:48','2023-10-11 00:59:09',0,'0','snack',1,1),(9097,21,515,'2023-10-15','2023-09-21 03:35:48','2023-10-11 00:59:09',0,'1','meal',1,1),(9098,21,533,'2023-10-15','2023-09-21 03:35:48','2023-10-11 00:59:09',0,'1','snack',1,1),(9099,21,536,'2023-10-15','2023-09-21 03:35:48','2023-10-11 00:59:09',0,'0','snack',1,1),(9100,21,511,'2023-10-15','2023-09-21 03:35:48','2023-10-11 00:59:09',0,'0','meal',1,1),(9101,21,508,'2023-10-15','2023-09-21 03:35:48','2023-10-11 00:59:09',0,'0','meal',1,1),(9102,21,521,'2023-10-15','2023-09-21 03:35:48','2023-10-11 00:59:09',0,'0','meal',1,1),(9103,21,524,'2023-10-15','2023-09-21 03:35:48','2023-10-11 00:59:09',0,'0','meal',1,1),(9104,21,505,'2023-10-15','2023-09-21 03:35:48','2023-10-11 00:59:09',0,'1','meal',1,1),(9105,21,527,'2023-10-15','2023-09-21 03:35:48','2023-10-11 00:59:09',0,'0','meal',1,1),(9106,21,542,'2023-10-16','2023-09-21 03:35:48','2023-10-11 01:00:11',0,'1','meal',1,1),(9107,21,548,'2023-10-16','2023-09-21 03:35:48','2023-10-11 01:00:11',0,'0','meal',1,1),(9108,21,554,'2023-10-16','2023-09-21 03:35:48','2023-10-11 01:00:11',0,'1','meal',1,1),(9109,21,557,'2023-10-16','2023-09-21 03:35:48','2023-10-11 01:00:11',0,'1','meal',1,1),(9110,21,567,'2023-10-16','2023-09-21 03:35:48','2023-10-11 01:00:11',0,'0','meal',1,1),(9111,21,564,'2023-10-16','2023-09-21 03:35:48','2023-10-11 01:00:11',0,'0','meal',1,1),(9112,21,551,'2023-10-16','2023-09-21 03:35:48','2023-10-11 01:00:11',0,'0','meal',1,1),(9113,21,560,'2023-10-16','2023-09-21 03:35:48','2023-10-11 01:00:11',0,'0','meal',1,1),(9114,21,570,'2023-10-16','2023-09-21 03:35:48','2023-10-11 01:00:11',0,'0','meal',1,1),(9115,21,545,'2023-10-16','2023-09-21 03:35:48','2023-10-11 01:00:11',0,'0','meal',1,1),(9116,21,573,'2023-10-16','2023-09-21 03:35:48','2023-10-11 01:00:11',0,'0','snack',1,1),(9117,21,576,'2023-10-16','2023-09-21 03:35:48','2023-10-11 01:00:11',0,'1','snack',1,1),(9118,21,579,'2023-10-16','2023-09-21 03:35:48','2023-10-11 01:00:11',0,'0','snack',1,1),(9119,21,582,'2023-10-16','2023-09-21 03:35:48','2023-10-11 01:00:11',0,'0','snack',1,1),(9120,22,773,'2023-09-23','2023-09-21 13:38:57','2023-09-21 13:38:57',0,'1','snack',0,1),(9121,22,744,'2023-09-23','2023-09-21 13:38:57','2023-09-21 13:38:57',0,'1','meal',0,1),(9122,22,776,'2023-09-23','2023-09-21 13:38:57','2023-09-21 13:38:57',0,'0','snack',0,1),(9123,22,758,'2023-09-23','2023-09-21 13:38:57','2023-09-21 13:38:57',0,'1','meal',0,1),(9124,22,779,'2023-09-23','2023-09-21 13:38:57','2023-09-21 13:38:57',0,'0','snack',0,1),(9125,22,761,'2023-09-23','2023-09-21 13:38:57','2023-09-21 13:38:57',0,'1','meal',0,1),(9126,22,754,'2023-09-23','2023-09-21 13:38:57','2023-09-21 13:38:57',0,'0','meal',0,1),(9127,22,764,'2023-09-23','2023-09-21 13:38:57','2023-09-21 13:38:57',0,'0','meal',0,1),(9128,22,1132,'2023-09-23','2023-09-21 13:38:57','2023-09-21 13:38:57',0,'0','meal',0,1),(9129,22,747,'2023-09-23','2023-09-21 13:38:57','2023-09-21 13:38:57',0,'0','meal',0,1),(9130,22,767,'2023-09-23','2023-09-21 13:38:57','2023-09-21 13:38:57',0,'0','meal',0,1),(9131,22,770,'2023-09-23','2023-09-21 13:38:57','2023-09-21 13:38:57',0,'0','meal',0,1),(9132,22,782,'2023-09-24','2023-09-21 13:38:57','2023-09-21 13:38:57',0,'1','meal',0,1),(9133,22,810,'2023-09-24','2023-09-21 13:38:57','2023-09-21 13:38:57',0,'1','meal',0,1),(9134,22,788,'2023-09-24','2023-09-21 13:38:57','2023-09-21 13:38:57',0,'1','meal',0,1),(9135,22,797,'2023-09-24','2023-09-21 13:38:57','2023-09-21 13:38:57',0,'0','meal',0,1),(9136,22,791,'2023-09-24','2023-09-21 13:38:57','2023-09-21 13:38:57',0,'0','meal',0,1),(9137,22,800,'2023-09-24','2023-09-21 13:38:57','2023-09-21 13:38:57',0,'0','meal',0,1),(9138,22,794,'2023-09-24','2023-09-21 13:38:57','2023-09-21 13:38:57',0,'0','meal',0,1),(9139,22,804,'2023-09-24','2023-09-21 13:38:57','2023-09-21 13:38:57',0,'0','meal',0,1),(9140,22,813,'2023-09-24','2023-09-21 13:38:57','2023-09-21 13:38:57',0,'0','meal',0,1),(9141,22,807,'2023-09-24','2023-09-21 13:38:57','2023-09-21 13:38:57',0,'0','meal',0,1),(9142,22,816,'2023-09-24','2023-09-21 13:38:57','2023-09-21 13:38:57',0,'0','meal',0,1),(9143,22,785,'2023-09-24','2023-09-21 13:38:57','2023-09-21 13:38:57',0,'0','meal',0,1),(9144,22,819,'2023-09-24','2023-09-21 13:38:57','2023-09-21 13:38:57',0,'1','snack',0,1),(9145,22,822,'2023-09-24','2023-09-21 13:38:57','2023-09-21 13:38:57',0,'0','snack',0,1),(9146,22,825,'2023-09-24','2023-09-21 13:38:57','2023-09-21 13:38:57',0,'0','snack',0,1),(9147,22,828,'2023-09-24','2023-09-21 13:38:57','2023-09-21 13:38:57',0,'0','snack',0,1),(9148,22,831,'2023-09-25','2023-09-21 13:38:57','2023-09-21 13:38:57',0,'1','meal',0,1),(9149,22,868,'2023-09-25','2023-09-21 13:38:57','2023-09-21 13:38:57',0,'1','snack',0,1),(9150,22,840,'2023-09-25','2023-09-21 13:38:57','2023-09-21 13:38:57',0,'1','meal',0,1),(9151,22,871,'2023-09-25','2023-09-21 13:38:57','2023-09-21 13:38:57',0,'0','snack',0,1),(9152,22,843,'2023-09-25','2023-09-21 13:38:57','2023-09-21 13:38:57',0,'1','meal',0,1),(9153,22,865,'2023-09-25','2023-09-21 13:38:57','2023-09-21 13:38:57',0,'0','snack',0,1),(9154,22,846,'2023-09-25','2023-09-21 13:38:57','2023-09-21 13:38:57',0,'0','meal',0,1),(9155,22,852,'2023-09-25','2023-09-21 13:38:57','2023-09-21 13:38:57',0,'0','meal',0,1),(9156,22,859,'2023-09-25','2023-09-21 13:38:57','2023-09-21 13:38:57',0,'0','meal',0,1),(9157,22,849,'2023-09-25','2023-09-21 13:38:57','2023-09-21 13:38:57',0,'0','meal',0,1),(9158,22,856,'2023-09-25','2023-09-21 13:38:57','2023-09-21 13:38:57',0,'0','meal',0,1),(9159,22,836,'2023-09-25','2023-09-21 13:38:57','2023-09-21 13:38:57',0,'0','meal',0,1),(9160,22,874,'2023-09-26','2023-09-21 13:38:57','2023-09-21 13:38:57',0,'1','meal',0,1),(9161,22,880,'2023-09-26','2023-09-21 13:38:57','2023-09-21 13:38:57',0,'1','meal',0,1),(9162,22,901,'2023-09-26','2023-09-21 13:38:57','2023-09-21 13:38:57',0,'1','meal',0,1),(9163,22,883,'2023-09-26','2023-09-21 13:38:57','2023-09-21 13:38:57',0,'0','meal',0,1),(9164,22,890,'2023-09-26','2023-09-21 13:38:57','2023-09-21 13:38:57',0,'0','meal',0,1),(9165,22,897,'2023-09-26','2023-09-21 13:38:57','2023-09-21 13:38:57',0,'0','meal',0,1),(9166,22,886,'2023-09-26','2023-09-21 13:38:57','2023-09-21 13:38:57',0,'0','meal',0,1),(9167,22,894,'2023-09-26','2023-09-21 13:38:57','2023-09-21 13:38:57',0,'0','meal',0,1),(9168,22,877,'2023-09-26','2023-09-21 13:38:57','2023-09-21 13:38:57',0,'0','meal',0,1),(9169,22,904,'2023-09-26','2023-09-21 13:38:57','2023-09-21 13:38:57',0,'1','snack',0,1),(9170,22,907,'2023-09-26','2023-09-21 13:38:57','2023-09-21 13:38:57',0,'0','snack',0,1),(9171,22,910,'2023-09-26','2023-09-21 13:38:57','2023-09-21 13:38:57',0,'0','snack',0,1),(9172,22,913,'2023-09-26','2023-09-21 13:38:57','2023-09-21 13:38:57',0,'0','snack',0,1),(9173,22,916,'2023-09-27','2023-09-21 13:38:57','2023-09-21 13:38:57',0,'1','meal',0,1),(9174,22,946,'2023-09-27','2023-09-21 13:38:57','2023-09-21 13:38:57',0,'1','snack',0,1),(9175,22,922,'2023-09-27','2023-09-21 13:38:57','2023-09-21 13:38:57',0,'1','meal',0,1),(9176,22,949,'2023-09-27','2023-09-21 13:38:57','2023-09-21 13:38:57',0,'0','snack',0,1),(9177,22,931,'2023-09-27','2023-09-21 13:38:57','2023-09-21 13:38:57',0,'1','meal',0,1),(9178,22,955,'2023-09-27','2023-09-21 13:38:57','2023-09-21 13:38:57',0,'0','snack',0,1),(9179,22,925,'2023-09-27','2023-09-21 13:38:57','2023-09-21 13:38:57',0,'0','meal',0,1),(9180,22,952,'2023-09-27','2023-09-21 13:38:57','2023-09-21 13:38:57',0,'0','snack',0,1),(9181,22,934,'2023-09-27','2023-09-21 13:38:57','2023-09-21 13:38:57',0,'0','meal',0,1),(9182,22,940,'2023-09-27','2023-09-21 13:38:57','2023-09-21 13:38:57',0,'0','meal',0,1),(9183,22,928,'2023-09-27','2023-09-21 13:38:57','2023-09-21 13:38:57',0,'0','meal',0,1),(9184,22,937,'2023-09-27','2023-09-21 13:38:57','2023-09-21 13:38:57',0,'0','meal',0,1),(9185,22,943,'2023-09-27','2023-09-21 13:38:57','2023-09-21 13:38:57',0,'0','meal',0,1),(9186,22,919,'2023-09-27','2023-09-21 13:38:57','2023-09-21 13:38:57',0,'0','meal',0,1),(9187,22,961,'2023-09-28','2023-09-21 13:38:57','2023-09-21 13:38:57',0,'1','meal',0,1),(9188,22,964,'2023-09-28','2023-09-21 13:38:57','2023-09-21 13:38:57',0,'1','meal',0,1),(9189,22,982,'2023-09-28','2023-09-21 13:38:57','2023-09-21 13:38:57',0,'1','meal',0,1),(9190,22,976,'2023-09-28','2023-09-21 13:38:57','2023-09-21 13:38:57',0,'0','meal',0,1),(9191,22,985,'2023-09-28','2023-09-21 13:38:57','2023-09-21 13:38:57',0,'0','meal',0,1),(9192,22,970,'2023-09-28','2023-09-21 13:38:57','2023-09-21 13:38:57',0,'0','meal',0,1),(9193,22,967,'2023-09-28','2023-09-21 13:38:57','2023-09-21 13:38:57',0,'0','meal',0,1),(9194,22,973,'2023-09-28','2023-09-21 13:38:57','2023-09-21 13:38:57',0,'0','meal',0,1),(9195,22,979,'2023-09-28','2023-09-21 13:38:57','2023-09-21 13:38:57',0,'0','meal',0,1),(9196,22,958,'2023-09-28','2023-09-21 13:38:57','2023-09-21 13:38:57',0,'0','meal',0,1),(9197,22,988,'2023-09-28','2023-09-21 13:38:57','2023-09-21 13:38:57',0,'1','snack',0,1),(9198,22,991,'2023-09-28','2023-09-21 13:38:57','2023-09-21 13:38:57',0,'0','snack',0,1),(9199,22,994,'2023-09-28','2023-09-21 13:38:57','2023-09-21 13:38:57',0,'0','snack',0,1),(9200,22,997,'2023-09-28','2023-09-21 13:38:57','2023-09-21 13:38:57',0,'0','snack',0,1),(9201,22,1009,'2023-09-30','2023-09-21 13:38:57','2023-09-21 13:38:57',0,'1','meal',0,1),(9202,22,1003,'2023-09-30','2023-09-21 13:38:57','2023-09-21 13:38:57',0,'1','meal',0,1),(9203,22,1018,'2023-09-30','2023-09-21 13:38:57','2023-09-21 13:38:57',0,'1','meal',0,1),(9204,22,1012,'2023-09-30','2023-09-21 13:38:57','2023-09-21 13:38:57',0,'0','meal',0,1),(9205,22,1021,'2023-09-30','2023-09-21 13:38:57','2023-09-21 13:38:57',0,'0','meal',0,1),(9206,22,1024,'2023-09-30','2023-09-21 13:38:57','2023-09-21 13:38:57',0,'0','meal',0,1),(9207,22,1006,'2023-09-30','2023-09-21 13:38:57','2023-09-21 13:38:57',0,'0','meal',0,1),(9208,22,1015,'2023-09-30','2023-09-21 13:38:57','2023-09-21 13:38:57',0,'0','meal',0,1),(9209,22,1000,'2023-09-30','2023-09-21 13:38:57','2023-09-21 13:38:57',0,'0','meal',0,1),(9210,22,1027,'2023-09-30','2023-09-21 13:38:57','2023-09-21 13:38:57',0,'0','meal',0,1),(9211,22,1030,'2023-09-30','2023-09-21 13:38:57','2023-09-21 13:38:57',0,'1','snack',0,1),(9212,22,1033,'2023-09-30','2023-09-21 13:38:57','2023-09-21 13:38:57',0,'0','snack',0,1),(9213,22,1036,'2023-09-30','2023-09-21 13:38:57','2023-09-21 13:38:57',0,'0','snack',0,1),(9214,22,1039,'2023-09-30','2023-09-21 13:38:57','2023-09-21 13:38:57',0,'0','snack',0,1),(9215,22,37,'2023-10-01','2023-09-21 13:38:57','2023-09-21 13:38:57',0,'1','snack',0,1),(9216,22,50,'2023-10-01','2023-09-21 13:38:57','2023-09-21 13:38:57',0,'1','meal',0,1),(9217,22,18,'2023-10-01','2023-09-21 13:38:57','2023-09-21 13:38:57',0,'1','meal',0,1),(9218,22,40,'2023-10-01','2023-09-21 13:38:57','2023-09-21 13:38:57',0,'0','snack',0,1),(9219,22,21,'2023-10-01','2023-09-21 13:38:57','2023-09-21 13:38:57',0,'1','meal',0,1),(9220,22,46,'2023-10-01','2023-09-21 13:38:57','2023-09-21 13:38:57',0,'0','snack',0,1),(9221,22,28,'2023-10-01','2023-09-21 13:38:57','2023-09-21 13:38:57',0,'0','meal',0,1),(9222,22,43,'2023-10-01','2023-09-21 13:38:57','2023-09-21 13:38:57',0,'0','snack',0,1),(9223,22,1232,'2023-10-01','2023-09-21 13:38:57','2023-09-21 13:38:57',0,'0','meal',0,1),(9224,22,31,'2023-10-01','2023-09-21 13:38:57','2023-09-21 13:38:57',0,'0','meal',0,1),(9225,22,1210,'2023-10-01','2023-09-21 13:38:57','2023-09-21 13:38:57',0,'0','meal',0,1),(9226,22,1104,'2023-10-01','2023-09-21 13:38:57','2023-09-21 13:38:57',0,'0','meal',0,1),(9227,22,34,'2023-10-01','2023-09-21 13:38:57','2023-09-21 13:38:57',0,'0','meal',0,1),(9228,22,26,'2023-10-01','2023-09-21 13:38:57','2023-09-21 13:38:57',0,'0','meal',0,1),(9229,22,53,'2023-10-01','2023-09-21 13:38:57','2023-09-21 13:38:57',0,'0','meal',0,1),(9230,22,56,'2023-10-02','2023-09-21 13:38:57','2023-09-21 13:38:57',0,'1','meal',0,1),(9231,22,85,'2023-10-02','2023-09-21 13:38:57','2023-09-21 13:38:57',0,'1','snack',0,1),(9232,22,63,'2023-10-02','2023-09-21 13:38:57','2023-09-21 13:38:57',0,'1','meal',0,1),(9233,22,88,'2023-10-02','2023-09-21 13:38:57','2023-09-21 13:38:57',0,'0','snack',0,1),(9234,22,72,'2023-10-02','2023-09-21 13:38:57','2023-09-21 13:38:57',0,'1','meal',0,1),(9235,22,91,'2023-10-02','2023-09-21 13:38:57','2023-09-21 13:38:57',0,'0','snack',0,1),(9236,22,79,'2023-10-02','2023-09-21 13:38:57','2023-09-21 13:38:57',0,'0','meal',0,1),(9237,22,94,'2023-10-02','2023-09-21 13:38:57','2023-09-21 13:38:57',0,'0','snack',0,1),(9238,22,75,'2023-10-02','2023-09-21 13:38:57','2023-09-21 13:38:57',0,'0','meal',0,1),(9239,22,82,'2023-10-02','2023-09-21 13:38:57','2023-09-21 13:38:57',0,'0','meal',0,1),(9240,22,59,'2023-10-02','2023-09-21 13:38:57','2023-09-21 13:38:57',0,'0','meal',0,1),(9241,22,99,'2023-10-03','2023-09-21 13:38:57','2023-09-21 13:38:57',0,'1','meal',0,1),(9242,22,114,'2023-10-03','2023-09-21 13:38:57','2023-09-21 13:38:57',0,'1','meal',0,1),(9243,22,124,'2023-10-03','2023-09-21 13:38:57','2023-09-21 13:38:57',0,'1','meal',0,1),(9244,22,121,'2023-10-03','2023-09-21 13:38:57','2023-09-21 13:38:57',0,'0','meal',0,1),(9245,22,117,'2023-10-03','2023-09-21 13:38:57','2023-09-21 13:38:57',0,'0','meal',0,1),(9246,22,127,'2023-10-03','2023-09-21 13:38:57','2023-09-21 13:38:57',0,'0','meal',0,1),(9247,22,105,'2023-10-03','2023-09-21 13:38:57','2023-09-21 13:38:57',0,'0','meal',0,1),(9248,22,108,'2023-10-03','2023-09-21 13:38:57','2023-09-21 13:38:57',0,'0','meal',0,1),(9249,22,111,'2023-10-03','2023-09-21 13:38:57','2023-09-21 13:38:57',0,'0','meal',0,1),(9250,22,102,'2023-10-03','2023-09-21 13:38:57','2023-09-21 13:38:57',0,'0','meal',0,1),(9251,22,130,'2023-10-03','2023-09-21 13:38:57','2023-09-21 13:38:57',0,'1','snack',0,1),(9252,22,133,'2023-10-03','2023-09-21 13:38:57','2023-09-21 13:38:57',0,'0','snack',0,1),(9253,22,136,'2023-10-03','2023-09-21 13:38:57','2023-09-21 13:38:57',0,'0','snack',0,1),(9254,22,139,'2023-10-03','2023-09-21 13:38:57','2023-09-21 13:38:57',0,'0','snack',0,1),(9255,22,143,'2023-10-04','2023-09-21 13:38:57','2023-09-21 13:38:57',0,'1','meal',0,1),(9256,22,170,'2023-10-04','2023-09-21 13:38:57','2023-09-21 13:38:57',0,'1','snack',0,1),(9257,22,164,'2023-10-04','2023-09-21 13:38:57','2023-09-21 13:38:57',0,'1','meal',0,1),(9258,22,173,'2023-10-04','2023-09-21 13:38:57','2023-09-21 13:38:57',0,'0','snack',0,1),(9259,22,1149,'2023-10-04','2023-09-21 13:38:57','2023-09-21 13:38:57',0,'0','snack',0,1),(9260,22,158,'2023-10-04','2023-09-21 13:38:57','2023-09-21 13:38:57',0,'1','meal',0,1),(9261,22,152,'2023-10-04','2023-09-21 13:38:57','2023-09-21 13:38:57',0,'0','meal',0,1),(9262,22,179,'2023-10-04','2023-09-21 13:38:57','2023-09-21 13:38:57',0,'0','snack',0,1),(9263,22,161,'2023-10-04','2023-09-21 13:38:57','2023-09-21 13:38:57',0,'0','meal',0,1),(9264,22,167,'2023-10-04','2023-09-21 13:38:57','2023-09-21 13:38:57',0,'0','meal',0,1),(9265,22,155,'2023-10-04','2023-09-21 13:38:57','2023-09-21 13:38:57',0,'0','meal',0,1),(9266,22,149,'2023-10-04','2023-09-21 13:38:57','2023-09-21 13:38:57',0,'0','meal',0,1),(9267,22,146,'2023-10-04','2023-09-21 13:38:57','2023-09-21 13:38:57',0,'0','meal',0,1),(9268,22,206,'2023-10-05','2023-09-21 13:38:57','2023-09-21 13:38:57',0,'1','snack',0,1),(9269,22,218,'2023-10-05','2023-09-21 13:38:57','2023-09-21 13:38:57',0,'1','meal',0,1),(9270,22,185,'2023-10-05','2023-09-21 13:38:57','2023-09-21 13:38:57',0,'1','meal',0,1),(9271,22,209,'2023-10-05','2023-09-21 13:38:57','2023-09-21 13:38:57',0,'0','snack',0,1),(9272,22,188,'2023-10-05','2023-09-21 13:38:57','2023-09-21 13:38:57',0,'1','meal',0,1),(9273,22,212,'2023-10-05','2023-09-21 13:38:57','2023-09-21 13:38:57',0,'0','snack',0,1),(9274,22,194,'2023-10-05','2023-09-21 13:38:57','2023-09-21 13:38:57',0,'0','meal',0,1),(9275,22,215,'2023-10-05','2023-09-21 13:38:57','2023-09-21 13:38:57',0,'0','snack',0,1),(9276,22,191,'2023-10-05','2023-09-21 13:38:57','2023-09-21 13:38:57',0,'0','meal',0,1),(9277,22,200,'2023-10-05','2023-09-21 13:38:57','2023-09-21 13:38:57',0,'0','meal',0,1),(9278,22,197,'2023-10-05','2023-09-21 13:38:57','2023-09-21 13:38:57',0,'0','meal',0,1),(9279,22,203,'2023-10-05','2023-09-21 13:38:57','2023-09-21 13:38:57',0,'0','meal',0,1),(9280,22,221,'2023-10-05','2023-09-21 13:38:57','2023-09-21 13:38:57',0,'0','meal',0,1),(9281,22,258,'2023-10-07','2023-09-21 13:38:57','2023-09-21 13:38:57',0,'1','snack',0,1),(9282,22,224,'2023-10-07','2023-09-21 13:38:57','2023-09-21 13:38:58',0,'1','meal',0,1),(9283,22,261,'2023-10-07','2023-09-21 13:38:57','2023-09-21 13:38:57',0,'0','snack',0,1),(9284,22,240,'2023-10-07','2023-09-21 13:38:57','2023-09-21 13:38:58',0,'1','meal',0,1),(9285,22,267,'2023-10-07','2023-09-21 13:38:57','2023-09-21 13:38:57',0,'0','snack',0,1),(9286,22,252,'2023-10-07','2023-09-21 13:38:57','2023-09-21 13:38:58',0,'1','meal',0,1),(9287,22,264,'2023-10-07','2023-09-21 13:38:57','2023-09-21 13:38:57',0,'0','snack',0,1),(9288,22,237,'2023-10-07','2023-09-21 13:38:57','2023-09-21 13:38:57',0,'0','meal',0,1),(9289,22,231,'2023-10-07','2023-09-21 13:38:57','2023-09-21 13:38:57',0,'0','meal',0,1),(9290,22,246,'2023-10-07','2023-09-21 13:38:57','2023-09-21 13:38:57',0,'0','meal',0,1),(9291,22,234,'2023-10-07','2023-09-21 13:38:58','2023-09-21 13:38:58',0,'0','meal',0,1),(9292,22,243,'2023-10-07','2023-09-21 13:38:58','2023-09-21 13:38:58',0,'0','meal',0,1),(9293,22,249,'2023-10-07','2023-09-21 13:38:58','2023-09-21 13:38:58',0,'0','meal',0,1),(9294,22,228,'2023-10-07','2023-09-21 13:38:58','2023-09-21 13:38:58',0,'0','meal',0,1),(9295,22,255,'2023-10-07','2023-09-21 13:38:58','2023-09-21 13:38:58',0,'0','meal',0,1),(9296,22,270,'2023-10-08','2023-09-21 13:38:58','2023-09-21 13:38:58',0,'1','meal',0,1),(9297,22,295,'2023-10-08','2023-09-21 13:38:58','2023-09-21 13:38:58',0,'1','snack',0,1),(9298,22,277,'2023-10-08','2023-09-21 13:38:58','2023-09-21 13:38:58',0,'1','meal',0,1),(9299,22,298,'2023-10-08','2023-09-21 13:38:58','2023-09-21 13:38:58',0,'0','snack',0,1),(9300,22,280,'2023-10-08','2023-09-21 13:38:58','2023-09-21 13:38:58',0,'1','meal',0,1),(9301,22,301,'2023-10-08','2023-09-21 13:38:58','2023-09-21 13:38:58',0,'0','snack',0,1),(9302,22,292,'2023-10-08','2023-09-21 13:38:58','2023-09-21 13:38:58',0,'0','meal',0,1),(9303,22,304,'2023-10-08','2023-09-21 13:38:58','2023-09-21 13:38:58',0,'0','snack',0,1),(9304,22,289,'2023-10-08','2023-09-21 13:38:58','2023-09-21 13:38:58',0,'0','meal',0,1),(9305,22,283,'2023-10-08','2023-09-21 13:38:58','2023-09-21 13:38:58',0,'0','meal',0,1),(9306,22,274,'2023-10-08','2023-09-21 13:38:58','2023-09-21 13:38:58',0,'0','meal',0,1),(9307,22,286,'2023-10-08','2023-09-21 13:38:58','2023-09-21 13:38:58',0,'0','meal',0,1),(9308,22,325,'2023-10-09','2023-09-21 13:38:58','2023-09-21 13:38:58',0,'1','meal',0,1),(9309,22,331,'2023-10-09','2023-09-21 13:38:58','2023-09-21 13:38:58',0,'1','snack',0,1),(9310,22,307,'2023-10-09','2023-09-21 13:38:58','2023-09-21 13:38:58',0,'1','meal',0,1),(9311,22,1184,'2023-10-09','2023-09-21 13:38:58','2023-09-21 13:38:58',0,'0','snack',0,1),(9312,22,322,'2023-10-09','2023-09-21 13:38:58','2023-09-21 13:38:58',0,'1','meal',0,1),(9313,22,1189,'2023-10-09','2023-09-21 13:38:58','2023-09-21 13:38:58',0,'0','snack',0,1),(9314,22,310,'2023-10-09','2023-09-21 13:38:58','2023-09-21 13:38:58',0,'0','meal',0,1),(9315,22,1144,'2023-10-09','2023-09-21 13:38:58','2023-09-21 13:38:58',0,'0','snack',0,1),(9316,22,316,'2023-10-09','2023-09-21 13:38:58','2023-09-21 13:38:58',0,'0','meal',0,1),(9317,22,319,'2023-10-09','2023-09-21 13:38:58','2023-09-21 13:38:58',0,'0','meal',0,1),(9318,22,313,'2023-10-09','2023-09-21 13:38:58','2023-09-21 13:38:58',0,'0','meal',0,1),(9319,22,328,'2023-10-09','2023-09-21 13:38:58','2023-09-21 13:38:58',0,'0','meal',0,1),(9320,22,343,'2023-10-10','2023-09-21 13:38:58','2023-09-21 13:38:58',0,'1','meal',0,1),(9321,22,376,'2023-10-10','2023-09-21 13:38:58','2023-09-21 13:38:58',0,'1','meal',0,1),(9322,22,349,'2023-10-10','2023-09-21 13:38:58','2023-09-21 13:38:58',0,'1','meal',0,1),(9323,22,364,'2023-10-10','2023-09-21 13:38:58','2023-09-21 13:38:58',0,'0','meal',0,1),(9324,22,355,'2023-10-10','2023-09-21 13:38:58','2023-09-21 13:38:58',0,'0','meal',0,1),(9325,22,1227,'2023-10-10','2023-09-21 13:38:58','2023-09-21 13:38:58',0,'0','meal',0,1),(9326,22,346,'2023-10-10','2023-09-21 13:38:58','2023-09-21 13:38:58',0,'0','meal',0,1),(9327,22,361,'2023-10-10','2023-09-21 13:38:58','2023-09-21 13:38:58',0,'0','meal',0,1),(9328,22,358,'2023-10-10','2023-09-21 13:38:58','2023-09-21 13:38:58',0,'0','meal',0,1),(9329,22,367,'2023-10-10','2023-09-21 13:38:58','2023-09-21 13:38:58',0,'0','meal',0,1),(9330,22,370,'2023-10-10','2023-09-21 13:38:58','2023-09-21 13:38:58',0,'0','meal',0,1),(9331,22,373,'2023-10-10','2023-09-21 13:38:58','2023-09-21 13:38:58',0,'0','meal',0,1),(9332,22,379,'2023-10-10','2023-09-21 13:38:58','2023-09-21 13:38:58',0,'0','meal',0,1),(9333,22,383,'2023-10-10','2023-09-21 13:38:58','2023-09-21 13:38:58',0,'1','snack',0,1),(9334,22,386,'2023-10-10','2023-09-21 13:38:58','2023-09-21 13:38:58',0,'0','snack',0,1),(9335,22,389,'2023-10-10','2023-09-21 13:38:58','2023-09-21 13:38:58',0,'0','snack',0,1),(9336,22,392,'2023-10-10','2023-09-21 13:38:58','2023-09-21 13:38:58',0,'0','snack',0,1),(9337,22,395,'2023-10-11','2023-09-21 13:38:58','2023-09-21 13:38:58',0,'1','meal',0,1),(9338,22,417,'2023-10-11','2023-09-21 13:38:58','2023-09-21 13:38:58',0,'1','meal',0,1),(9339,22,404,'2023-10-11','2023-09-21 13:38:58','2023-09-21 13:38:58',0,'1','meal',0,1),(9340,22,401,'2023-10-11','2023-09-21 13:38:58','2023-09-21 13:38:58',0,'0','meal',0,1),(9341,22,411,'2023-10-11','2023-09-21 13:38:58','2023-09-21 13:38:58',0,'0','meal',0,1),(9342,22,407,'2023-10-11','2023-09-21 13:38:58','2023-09-21 13:38:58',0,'0','meal',0,1),(9343,22,414,'2023-10-11','2023-09-21 13:38:58','2023-09-21 13:38:58',0,'0','meal',0,1),(9344,22,398,'2023-10-11','2023-09-21 13:38:58','2023-09-21 13:38:58',0,'0','meal',0,1),(9345,22,420,'2023-10-11','2023-09-21 13:38:58','2023-09-21 13:38:58',0,'1','snack',0,1),(9346,22,423,'2023-10-11','2023-09-21 13:38:58','2023-09-21 13:38:58',0,'0','snack',0,1),(9347,22,426,'2023-10-11','2023-09-21 13:38:58','2023-09-21 13:38:58',0,'0','snack',0,1),(9348,22,429,'2023-10-11','2023-09-21 13:38:58','2023-09-21 13:38:58',0,'0','snack',0,1),(9349,22,432,'2023-10-12','2023-09-21 13:38:58','2023-09-21 13:38:58',0,'1','meal',0,1),(9350,22,453,'2023-10-12','2023-09-21 13:38:58','2023-09-21 13:38:58',0,'1','meal',0,1),(9351,22,441,'2023-10-12','2023-09-21 13:38:58','2023-09-21 13:38:58',0,'1','meal',0,1),(9352,22,438,'2023-10-12','2023-09-21 13:38:58','2023-09-21 13:38:58',0,'0','meal',0,1),(9353,22,447,'2023-10-12','2023-09-21 13:38:58','2023-09-21 13:38:58',0,'0','meal',0,1),(9354,22,444,'2023-10-12','2023-09-21 13:38:58','2023-09-21 13:38:58',0,'0','meal',0,1),(9355,22,450,'2023-10-12','2023-09-21 13:38:58','2023-09-21 13:38:58',0,'0','meal',0,1),(9356,22,435,'2023-10-12','2023-09-21 13:38:58','2023-09-21 13:38:58',0,'0','meal',0,1),(9357,22,456,'2023-10-12','2023-09-21 13:38:58','2023-09-21 13:38:58',0,'1','snack',0,1),(9358,22,459,'2023-10-12','2023-09-21 13:38:58','2023-09-21 13:38:58',0,'0','snack',0,1),(9359,22,462,'2023-10-12','2023-09-21 13:38:58','2023-09-21 13:38:58',0,'0','snack',0,1),(9360,22,465,'2023-10-12','2023-09-21 13:38:58','2023-09-21 13:38:58',0,'0','snack',0,1),(9361,22,483,'2023-10-12','2023-09-21 13:38:58','2023-09-21 13:38:58',0,'0','meal',0,1),(9362,22,468,'2023-10-14','2023-09-21 13:38:58','2023-09-21 13:38:58',0,'1','meal',0,1),(9363,22,501,'2023-10-14','2023-09-21 13:38:58','2023-09-21 13:38:58',0,'1','snack',0,1),(9364,22,477,'2023-10-14','2023-09-21 13:38:58','2023-09-21 13:38:58',0,'1','meal',0,1),(9365,22,489,'2023-10-14','2023-09-21 13:38:58','2023-09-21 13:38:58',0,'0','snack',0,1),(9366,22,480,'2023-10-14','2023-09-21 13:38:58','2023-09-21 13:38:58',0,'1','meal',0,1),(9367,22,492,'2023-10-14','2023-09-21 13:38:58','2023-09-21 13:38:58',0,'0','snack',0,1),(9368,22,486,'2023-10-14','2023-09-21 13:38:58','2023-09-21 13:38:58',0,'0','meal',0,1),(9369,22,495,'2023-10-14','2023-09-21 13:38:58','2023-09-21 13:38:58',0,'0','snack',0,1),(9370,22,1267,'2023-10-14','2023-09-21 13:38:58','2023-09-21 13:38:58',0,'0','meal',0,1),(9371,22,474,'2023-10-14','2023-09-21 13:38:58','2023-09-21 13:38:58',0,'0','meal',0,1),(9372,22,532,'2023-10-15','2023-09-21 13:38:58','2023-09-21 13:38:58',0,'1','snack',0,1),(9373,22,504,'2023-10-15','2023-09-21 13:38:58','2023-09-21 13:38:58',0,'1','meal',0,1),(9374,22,520,'2023-10-15','2023-09-21 13:38:58','2023-09-21 13:38:58',0,'1','meal',0,1),(9375,22,541,'2023-10-15','2023-09-21 13:38:58','2023-09-21 13:38:58',0,'0','snack',0,1),(9376,22,517,'2023-10-15','2023-09-21 13:38:58','2023-09-21 13:38:58',0,'1','meal',0,1),(9377,22,535,'2023-10-15','2023-09-21 13:38:58','2023-09-21 13:38:58',0,'0','snack',0,1),(9378,22,513,'2023-10-15','2023-09-21 13:38:58','2023-09-21 13:38:58',0,'0','meal',0,1),(9379,22,538,'2023-10-15','2023-09-21 13:38:58','2023-09-21 13:38:58',0,'0','snack',0,1),(9380,22,523,'2023-10-15','2023-09-21 13:38:58','2023-09-21 13:38:58',0,'0','meal',0,1),(9381,22,510,'2023-10-15','2023-09-21 13:38:58','2023-09-21 13:38:58',0,'0','meal',0,1),(9382,22,526,'2023-10-15','2023-09-21 13:38:58','2023-09-21 13:38:58',0,'0','meal',0,1),(9383,22,507,'2023-10-15','2023-09-21 13:38:58','2023-09-21 13:38:58',0,'0','meal',0,1),(9384,22,529,'2023-10-15','2023-09-21 13:38:58','2023-09-21 13:38:58',0,'0','meal',0,1),(9385,22,544,'2023-10-16','2023-09-21 13:38:58','2023-09-21 13:38:58',0,'1','meal',0,1),(9386,22,550,'2023-10-16','2023-09-21 13:38:58','2023-09-21 13:38:58',0,'1','meal',0,1),(9387,22,556,'2023-10-16','2023-09-21 13:38:58','2023-09-21 13:38:58',0,'1','meal',0,1),(9388,22,559,'2023-10-16','2023-09-21 13:38:58','2023-09-21 13:38:58',0,'0','meal',0,1),(9389,22,566,'2023-10-16','2023-09-21 13:38:58','2023-09-21 13:38:58',0,'0','meal',0,1),(9390,22,569,'2023-10-16','2023-09-21 13:38:58','2023-09-21 13:38:58',0,'0','meal',0,1),(9391,22,553,'2023-10-16','2023-09-21 13:38:58','2023-09-21 13:38:58',0,'0','meal',0,1),(9392,22,562,'2023-10-16','2023-09-21 13:38:58','2023-09-21 13:38:58',0,'0','meal',0,1),(9393,22,547,'2023-10-16','2023-09-21 13:38:58','2023-09-21 13:38:58',0,'0','meal',0,1),(9394,22,572,'2023-10-16','2023-09-21 13:38:58','2023-09-21 13:38:58',0,'0','meal',0,1),(9395,22,575,'2023-10-16','2023-09-21 13:38:58','2023-09-21 13:38:58',0,'1','snack',0,1),(9396,22,578,'2023-10-16','2023-09-21 13:38:58','2023-09-21 13:38:58',0,'0','snack',0,1),(9397,22,581,'2023-10-16','2023-09-21 13:38:58','2023-09-21 13:38:58',0,'0','snack',0,1),(9398,22,584,'2023-10-16','2023-09-21 13:38:58','2023-09-21 13:38:58',0,'0','snack',0,1),(9899,25,916,'2023-09-27','2023-09-22 13:41:00','2023-09-22 13:52:52',0,'1','meal',1,1),(9900,25,946,'2023-09-27','2023-09-22 13:41:00','2023-09-22 13:52:52',0,'0','snack',1,1),(9901,25,922,'2023-09-27','2023-09-22 13:41:00','2023-09-22 13:52:52',0,'1','meal',1,1),(9902,25,949,'2023-09-27','2023-09-22 13:41:00','2023-09-22 13:52:52',0,'0','snack',1,1),(9903,25,931,'2023-09-27','2023-09-22 13:41:00','2023-09-22 13:52:52',0,'1','meal',1,1),(9904,25,955,'2023-09-27','2023-09-22 13:41:00','2023-09-22 13:52:52',0,'1','snack',1,1),(9905,25,925,'2023-09-27','2023-09-22 13:41:00','2023-09-22 13:52:52',0,'1','meal',1,1),(9906,25,952,'2023-09-27','2023-09-22 13:41:00','2023-09-22 13:52:52',0,'0','snack',1,1),(9907,25,934,'2023-09-27','2023-09-22 13:41:00','2023-09-22 13:52:52',0,'0','meal',1,1),(9908,25,940,'2023-09-27','2023-09-22 13:41:00','2023-09-22 13:52:52',0,'0','meal',1,1),(9909,25,928,'2023-09-27','2023-09-22 13:41:00','2023-09-22 13:52:52',0,'0','meal',1,1),(9910,25,937,'2023-09-27','2023-09-22 13:41:00','2023-09-22 13:52:52',0,'0','meal',1,1),(9911,25,943,'2023-09-27','2023-09-22 13:41:00','2023-09-22 13:52:52',0,'0','meal',1,1),(9912,25,919,'2023-09-27','2023-09-22 13:41:00','2023-09-22 13:52:52',0,'0','meal',1,1),(9913,25,961,'2023-09-28','2023-09-22 13:41:00','2023-09-22 13:58:02',0,'1','meal',1,1),(9914,25,964,'2023-09-28','2023-09-22 13:41:00','2023-09-22 13:58:02',0,'1','meal',1,1),(9915,25,982,'2023-09-28','2023-09-22 13:41:00','2023-09-22 13:58:02',0,'1','meal',1,1),(9916,25,976,'2023-09-28','2023-09-22 13:41:00','2023-09-22 13:57:59',0,'0','meal',1,1),(9917,25,985,'2023-09-28','2023-09-22 13:41:00','2023-09-22 13:58:02',0,'1','meal',1,1),(9918,25,970,'2023-09-28','2023-09-22 13:41:00','2023-09-22 13:57:59',0,'0','meal',1,1),(9919,25,967,'2023-09-28','2023-09-22 13:41:00','2023-09-22 13:57:59',0,'0','meal',1,1),(9920,25,973,'2023-09-28','2023-09-22 13:41:00','2023-09-22 13:57:59',0,'0','meal',1,1),(9921,25,979,'2023-09-28','2023-09-22 13:41:00','2023-09-22 13:57:59',0,'0','meal',1,1),(9922,25,958,'2023-09-28','2023-09-22 13:41:00','2023-09-22 13:57:59',0,'0','meal',1,1),(9923,25,988,'2023-09-28','2023-09-22 13:41:00','2023-09-22 13:57:59',0,'0','snack',1,1),(9924,25,991,'2023-09-28','2023-09-22 13:41:00','2023-09-22 13:57:59',0,'0','snack',1,1),(9925,25,994,'2023-09-28','2023-09-22 13:41:00','2023-09-22 13:57:59',0,'0','snack',1,1),(9926,25,997,'2023-09-28','2023-09-22 13:41:00','2023-09-22 13:58:02',0,'1','snack',1,1),(9927,25,1009,'2023-09-30','2023-09-22 13:41:00','2023-09-22 14:01:10',0,'0','meal',1,1),(9928,25,1003,'2023-09-30','2023-09-22 13:41:00','2023-09-22 14:01:10',0,'1','meal',1,1),(9929,25,1018,'2023-09-30','2023-09-22 13:41:00','2023-09-22 14:01:10',0,'1','meal',1,1),(9930,25,1012,'2023-09-30','2023-09-22 13:41:00','2023-09-22 14:01:10',0,'0','meal',1,1),(9931,25,1021,'2023-09-30','2023-09-22 13:41:00','2023-09-22 14:01:10',0,'0','meal',1,1),(9932,25,1024,'2023-09-30','2023-09-22 13:41:00','2023-09-22 14:01:10',0,'1','meal',1,1),(9933,25,1006,'2023-09-30','2023-09-22 13:41:00','2023-09-22 14:01:10',0,'0','meal',1,1),(9934,25,1015,'2023-09-30','2023-09-22 13:41:00','2023-09-22 14:01:10',0,'0','meal',1,1),(9935,25,1000,'2023-09-30','2023-09-22 13:41:00','2023-09-22 14:01:10',0,'1','meal',1,1),(9936,25,1027,'2023-09-30','2023-09-22 13:41:00','2023-09-22 14:01:10',0,'0','meal',1,1),(9937,25,1030,'2023-09-30','2023-09-22 13:41:00','2023-09-22 14:01:10',0,'0','snack',1,1),(9938,25,1033,'2023-09-30','2023-09-22 13:41:00','2023-09-22 14:01:10',0,'1','snack',1,1),(9939,25,1036,'2023-09-30','2023-09-22 13:41:00','2023-09-22 14:01:10',0,'0','snack',1,1),(9940,25,1039,'2023-09-30','2023-09-22 13:41:00','2023-09-22 14:01:10',0,'0','snack',1,1),(9941,25,37,'2023-10-01','2023-09-22 13:41:00','2023-09-22 14:02:35',0,'0','snack',1,1),(9942,25,50,'2023-10-01','2023-09-22 13:41:00','2023-09-22 14:02:35',0,'0','meal',1,1),(9943,25,18,'2023-10-01','2023-09-22 13:41:00','2023-09-22 14:02:37',0,'1','meal',1,1),(9944,25,40,'2023-10-01','2023-09-22 13:41:00','2023-09-22 14:02:35',0,'0','snack',1,1),(9945,25,21,'2023-10-01','2023-09-22 13:41:00','2023-09-22 14:02:39',0,'1','meal',1,1),(9946,25,46,'2023-10-01','2023-09-22 13:41:00','2023-09-22 14:02:35',0,'0','snack',1,1),(9947,25,28,'2023-10-01','2023-09-22 13:41:00','2023-09-22 14:02:40',0,'1','meal',1,1),(9948,25,43,'2023-10-01','2023-09-22 13:41:00','2023-09-22 14:02:41',0,'1','snack',1,1),(9949,25,1232,'2023-10-01','2023-09-22 13:41:00','2023-09-22 14:02:35',0,'0','meal',1,1),(9950,25,31,'2023-10-01','2023-09-22 13:41:00','2023-09-22 14:02:35',0,'0','meal',1,1),(9951,25,1210,'2023-10-01','2023-09-22 13:41:00','2023-09-22 14:02:35',0,'0','meal',1,1),(9952,25,1104,'2023-10-01','2023-09-22 13:41:00','2023-09-22 14:02:35',0,'0','meal',1,1),(9953,25,34,'2023-10-01','2023-09-22 13:41:00','2023-09-22 14:02:35',0,'0','meal',1,1),(9954,25,26,'2023-10-01','2023-09-22 13:41:00','2023-09-22 14:02:35',0,'0','meal',1,1),(9955,25,53,'2023-10-01','2023-09-22 13:41:00','2023-09-22 14:02:36',0,'1','meal',1,1),(9956,25,56,'2023-10-02','2023-09-22 13:41:00','2023-09-22 14:04:27',0,'1','meal',1,1),(9957,25,85,'2023-10-02','2023-09-22 13:41:00','2023-09-22 14:04:27',0,'0','snack',1,1),(9958,25,63,'2023-10-02','2023-09-22 13:41:00','2023-09-22 14:04:30',0,'1','meal',1,1),(9959,25,88,'2023-10-02','2023-09-22 13:41:00','2023-09-22 14:04:27',0,'0','snack',1,1),(9960,25,72,'2023-10-02','2023-09-22 13:41:00','2023-09-22 14:04:28',0,'1','meal',1,1),(9961,25,91,'2023-10-02','2023-09-22 13:41:00','2023-09-22 14:04:27',0,'0','snack',1,1),(9962,25,79,'2023-10-02','2023-09-22 13:41:00','2023-09-22 14:04:30',0,'1','meal',1,1),(9963,25,94,'2023-10-02','2023-09-22 13:41:00','2023-09-22 14:04:30',0,'1','snack',1,1),(9964,25,75,'2023-10-02','2023-09-22 13:41:00','2023-09-22 14:04:27',0,'0','meal',1,1),(9965,25,82,'2023-10-02','2023-09-22 13:41:00','2023-09-22 14:04:27',0,'0','meal',1,1),(9966,25,59,'2023-10-02','2023-09-22 13:41:00','2023-09-22 14:04:27',0,'0','meal',1,1),(9967,25,99,'2023-10-03','2023-09-22 13:41:00','2023-09-22 14:06:13',0,'1','meal',1,1),(9968,25,114,'2023-10-03','2023-09-22 13:41:00','2023-09-22 14:06:13',0,'1','meal',1,1),(9969,25,124,'2023-10-03','2023-09-22 13:41:00','2023-09-22 14:06:13',0,'1','meal',1,1),(9970,25,121,'2023-10-03','2023-09-22 13:41:00','2023-09-22 14:06:13',0,'1','meal',1,1),(9971,25,117,'2023-10-03','2023-09-22 13:41:00','2023-09-22 14:06:13',0,'0','meal',1,1),(9972,25,127,'2023-10-03','2023-09-22 13:41:00','2023-09-22 14:06:13',0,'0','meal',1,1),(9973,25,105,'2023-10-03','2023-09-22 13:41:00','2023-09-22 14:06:13',0,'0','meal',1,1),(9974,25,108,'2023-10-03','2023-09-22 13:41:00','2023-09-22 14:06:13',0,'0','meal',1,1),(9975,25,111,'2023-10-03','2023-09-22 13:41:00','2023-09-22 14:06:13',0,'0','meal',1,1),(9976,25,102,'2023-10-03','2023-09-22 13:41:00','2023-09-22 14:06:13',0,'0','meal',1,1),(9977,25,130,'2023-10-03','2023-09-22 13:41:00','2023-09-22 14:06:13',0,'0','snack',1,1),(9978,25,133,'2023-10-03','2023-09-22 13:41:00','2023-09-22 14:06:13',0,'0','snack',1,1),(9979,25,136,'2023-10-03','2023-09-22 13:41:00','2023-09-22 14:06:13',0,'0','snack',1,1),(9980,25,139,'2023-10-03','2023-09-22 13:41:00','2023-09-22 14:06:13',0,'1','snack',1,1),(9981,25,143,'2023-10-04','2023-09-22 13:41:00','2023-09-22 14:07:53',0,'1','meal',1,1),(9982,25,170,'2023-10-04','2023-09-22 13:41:00','2023-09-22 14:07:53',0,'1','snack',1,1),(9983,25,164,'2023-10-04','2023-09-22 13:41:00','2023-09-22 14:07:53',0,'1','meal',1,1),(9984,25,173,'2023-10-04','2023-09-22 13:41:00','2023-09-22 14:07:53',0,'0','snack',1,1),(9985,25,1149,'2023-10-04','2023-09-22 13:41:00','2023-09-22 14:07:53',0,'0','snack',1,1),(9986,25,158,'2023-10-04','2023-09-22 13:41:00','2023-09-22 14:07:53',0,'1','meal',1,1),(9987,25,152,'2023-10-04','2023-09-22 13:41:00','2023-09-22 14:07:53',0,'0','meal',1,1),(9988,25,179,'2023-10-04','2023-09-22 13:41:00','2023-09-22 14:07:53',0,'0','snack',1,1),(9989,25,161,'2023-10-04','2023-09-22 13:41:00','2023-09-22 14:07:53',0,'0','meal',1,1),(9990,25,167,'2023-10-04','2023-09-22 13:41:00','2023-09-22 14:07:53',0,'1','meal',1,1),(9991,25,155,'2023-10-04','2023-09-22 13:41:00','2023-09-22 14:07:53',0,'0','meal',1,1),(9992,25,149,'2023-10-04','2023-09-22 13:41:00','2023-09-22 14:07:53',0,'0','meal',1,1),(9993,25,146,'2023-10-04','2023-09-22 13:41:00','2023-09-22 14:07:53',0,'0','meal',1,1),(9994,25,206,'2023-10-05','2023-09-22 13:41:00','2023-09-22 14:10:01',0,'0','snack',1,1),(9995,25,218,'2023-10-05','2023-09-22 13:41:00','2023-09-22 14:10:01',0,'1','meal',1,1),(9996,25,185,'2023-10-05','2023-09-22 13:41:00','2023-09-22 14:10:01',0,'1','meal',1,1),(9997,25,209,'2023-10-05','2023-09-22 13:41:00','2023-09-22 14:10:01',0,'0','snack',1,1),(9998,25,188,'2023-10-05','2023-09-22 13:41:00','2023-09-22 14:10:01',0,'1','meal',1,1),(9999,25,212,'2023-10-05','2023-09-22 13:41:00','2023-09-22 14:10:01',0,'0','snack',1,1),(10000,25,194,'2023-10-05','2023-09-22 13:41:00','2023-09-22 14:10:01',0,'0','meal',1,1),(10001,25,215,'2023-10-05','2023-09-22 13:41:00','2023-09-22 14:10:01',0,'1','snack',1,1),(10002,25,191,'2023-10-05','2023-09-22 13:41:00','2023-09-22 14:10:01',0,'1','meal',1,1),(10003,25,200,'2023-10-05','2023-09-22 13:41:00','2023-09-22 14:10:01',0,'0','meal',1,1),(10004,25,197,'2023-10-05','2023-09-22 13:41:00','2023-09-22 14:10:01',0,'0','meal',1,1),(10005,25,203,'2023-10-05','2023-09-22 13:41:00','2023-09-22 14:10:01',0,'0','meal',1,1),(10006,25,221,'2023-10-05','2023-09-22 13:41:00','2023-09-22 14:10:01',0,'0','meal',1,1),(10007,25,258,'2023-10-07','2023-09-22 13:41:00','2023-09-22 14:12:20',0,'0','snack',1,1),(10008,25,224,'2023-10-07','2023-09-22 13:41:00','2023-09-22 14:12:20',0,'1','meal',1,1),(10009,25,261,'2023-10-07','2023-09-22 13:41:00','2023-09-22 14:12:20',0,'1','snack',1,1),(10010,25,240,'2023-10-07','2023-09-22 13:41:00','2023-09-22 14:12:20',0,'1','meal',1,1),(10011,25,267,'2023-10-07','2023-09-22 13:41:00','2023-09-22 14:12:20',0,'0','snack',1,1),(10012,25,252,'2023-10-07','2023-09-22 13:41:00','2023-09-22 14:12:20',0,'1','meal',1,1),(10013,25,264,'2023-10-07','2023-09-22 13:41:00','2023-09-22 14:12:20',0,'0','snack',1,1),(10014,25,237,'2023-10-07','2023-09-22 13:41:00','2023-09-22 14:12:20',0,'0','meal',1,1),(10015,25,231,'2023-10-07','2023-09-22 13:41:00','2023-09-22 14:12:20',0,'0','meal',1,1),(10016,25,246,'2023-10-07','2023-09-22 13:41:00','2023-09-22 14:12:20',0,'0','meal',1,1),(10017,25,234,'2023-10-07','2023-09-22 13:41:00','2023-09-22 14:12:20',0,'0','meal',1,1),(10018,25,243,'2023-10-07','2023-09-22 13:41:00','2023-09-22 14:12:20',0,'0','meal',1,1),(10019,25,249,'2023-10-07','2023-09-22 13:41:00','2023-09-22 14:12:20',0,'1','meal',1,1),(10020,25,228,'2023-10-07','2023-09-22 13:41:00','2023-09-22 14:12:20',0,'0','meal',1,1),(10021,25,255,'2023-10-07','2023-09-22 13:41:00','2023-09-22 14:12:20',0,'0','meal',1,1),(10022,25,270,'2023-10-08','2023-09-22 13:41:00','2023-09-22 14:14:26',0,'0','meal',1,1),(10023,25,295,'2023-10-08','2023-09-22 13:41:00','2023-09-22 14:14:26',0,'0','snack',1,1),(10024,25,277,'2023-10-08','2023-09-22 13:41:00','2023-09-22 14:14:26',0,'0','meal',1,1),(10025,25,298,'2023-10-08','2023-09-22 13:41:00','2023-09-22 14:14:26',0,'0','snack',1,1),(10026,25,280,'2023-10-08','2023-09-22 13:41:00','2023-09-22 14:14:26',0,'1','meal',1,1),(10027,25,301,'2023-10-08','2023-09-22 13:41:00','2023-09-22 14:14:26',0,'1','snack',1,1),(10028,25,292,'2023-10-08','2023-09-22 13:41:00','2023-09-22 14:14:26',0,'1','meal',1,1),(10029,25,304,'2023-10-08','2023-09-22 13:41:00','2023-09-22 14:14:26',0,'0','snack',1,1),(10030,25,289,'2023-10-08','2023-09-22 13:41:00','2023-09-22 14:14:26',0,'0','meal',1,1),(10031,25,283,'2023-10-08','2023-09-22 13:41:00','2023-09-22 14:14:26',0,'1','meal',1,1),(10032,25,274,'2023-10-08','2023-09-22 13:41:00','2023-09-22 14:14:26',0,'1','meal',1,1),(10033,25,286,'2023-10-08','2023-09-22 13:41:00','2023-09-22 14:14:26',0,'0','meal',1,1),(10034,25,325,'2023-10-09','2023-09-22 13:41:00','2023-09-22 14:16:19',0,'1','meal',1,1),(10035,25,331,'2023-10-09','2023-09-22 13:41:00','2023-09-22 14:16:19',0,'0','snack',1,1),(10036,25,307,'2023-10-09','2023-09-22 13:41:00','2023-09-22 14:16:19',0,'1','meal',1,1),(10037,25,1184,'2023-10-09','2023-09-22 13:41:00','2023-09-22 14:16:19',0,'0','snack',1,1),(10038,25,322,'2023-10-09','2023-09-22 13:41:00','2023-09-22 14:16:19',0,'1','meal',1,1),(10039,25,1189,'2023-10-09','2023-09-22 13:41:00','2023-09-22 14:16:19',0,'0','snack',1,1),(10040,25,310,'2023-10-09','2023-09-22 13:41:01','2023-09-22 14:16:19',0,'0','meal',1,1),(10041,25,1144,'2023-10-09','2023-09-22 13:41:01','2023-09-22 14:16:19',0,'1','snack',1,1),(10042,25,316,'2023-10-09','2023-09-22 13:41:01','2023-09-22 14:16:19',0,'1','meal',1,1),(10043,25,319,'2023-10-09','2023-09-22 13:41:01','2023-09-22 14:16:19',0,'0','meal',1,1),(10044,25,313,'2023-10-09','2023-09-22 13:41:01','2023-09-22 14:16:19',0,'0','meal',1,1),(10045,25,328,'2023-10-09','2023-09-22 13:41:01','2023-09-22 14:16:19',0,'0','meal',1,1),(10046,25,343,'2023-10-10','2023-09-22 13:41:01','2023-09-22 14:19:06',0,'0','meal',1,1),(10047,25,376,'2023-10-10','2023-09-22 13:41:01','2023-09-22 14:19:06',0,'0','meal',1,1),(10048,25,349,'2023-10-10','2023-09-22 13:41:01','2023-09-22 14:19:06',0,'1','meal',1,1),(10049,25,364,'2023-10-10','2023-09-22 13:41:01','2023-09-22 14:19:06',0,'1','meal',1,1),(10050,25,355,'2023-10-10','2023-09-22 13:41:01','2023-09-22 14:19:06',0,'0','meal',1,1),(10051,25,1227,'2023-10-10','2023-09-22 13:41:01','2023-09-22 14:19:06',0,'1','meal',1,1),(10052,25,346,'2023-10-10','2023-09-22 13:41:01','2023-09-22 14:19:06',0,'1','meal',1,1),(10053,25,361,'2023-10-10','2023-09-22 13:41:01','2023-09-22 14:19:06',0,'0','meal',1,1),(10054,25,358,'2023-10-10','2023-09-22 13:41:01','2023-09-22 14:19:06',0,'0','meal',1,1),(10055,25,367,'2023-10-10','2023-09-22 13:41:01','2023-09-22 14:19:06',0,'0','meal',1,1),(10056,25,370,'2023-10-10','2023-09-22 13:41:01','2023-09-22 14:19:06',0,'0','meal',1,1),(10057,25,373,'2023-10-10','2023-09-22 13:41:01','2023-09-22 14:19:06',0,'0','meal',1,1),(10058,25,379,'2023-10-10','2023-09-22 13:41:01','2023-09-22 14:19:06',0,'0','meal',1,1),(10059,25,383,'2023-10-10','2023-09-22 13:41:01','2023-09-22 14:19:06',0,'0','snack',1,1),(10060,25,386,'2023-10-10','2023-09-22 13:41:01','2023-09-22 14:19:06',0,'0','snack',1,1),(10061,25,389,'2023-10-10','2023-09-22 13:41:01','2023-09-22 14:19:06',0,'0','snack',1,1),(10062,25,392,'2023-10-10','2023-09-22 13:41:01','2023-09-22 14:19:06',0,'1','snack',1,1),(10063,25,395,'2023-10-11','2023-09-22 13:41:01','2023-09-22 14:23:22',0,'1','meal',1,1),(10064,25,417,'2023-10-11','2023-09-22 13:41:01','2023-09-22 14:23:22',0,'0','meal',1,1),(10065,25,404,'2023-10-11','2023-09-22 13:41:01','2023-09-22 14:23:22',0,'1','meal',1,1),(10066,25,401,'2023-10-11','2023-09-22 13:41:01','2023-09-22 14:23:22',0,'1','meal',1,1),(10067,25,411,'2023-10-11','2023-09-22 13:41:01','2023-09-22 14:23:22',0,'0','meal',1,1),(10068,25,407,'2023-10-11','2023-09-22 13:41:01','2023-09-22 14:23:22',0,'1','meal',1,1),(10069,25,414,'2023-10-11','2023-09-22 13:41:01','2023-09-22 14:23:22',0,'0','meal',1,1),(10070,25,398,'2023-10-11','2023-09-22 13:41:01','2023-09-22 14:23:22',0,'0','meal',1,1),(10071,25,420,'2023-10-11','2023-09-22 13:41:01','2023-09-22 14:23:22',0,'0','snack',1,1),(10072,25,423,'2023-10-11','2023-09-22 13:41:01','2023-09-22 14:23:22',0,'0','snack',1,1),(10073,25,426,'2023-10-11','2023-09-22 13:41:01','2023-09-22 14:23:22',0,'1','snack',1,1),(10074,25,429,'2023-10-11','2023-09-22 13:41:01','2023-09-22 14:23:22',0,'0','snack',1,1),(10075,25,432,'2023-10-12','2023-09-22 13:41:01','2023-09-22 14:26:23',0,'0','meal',1,1),(10076,25,453,'2023-10-12','2023-09-22 13:41:01','2023-09-22 14:26:23',0,'0','meal',1,1),(10077,25,441,'2023-10-12','2023-09-22 13:41:01','2023-09-22 14:26:23',0,'1','meal',1,1),(10078,25,438,'2023-10-12','2023-09-22 13:41:01','2023-09-22 14:26:23',0,'0','meal',1,1),(10079,25,447,'2023-10-12','2023-09-22 13:41:01','2023-09-22 14:26:23',0,'0','meal',1,1),(10080,25,444,'2023-10-12','2023-09-22 13:41:01','2023-09-22 14:26:23',0,'1','meal',1,1),(10081,25,450,'2023-10-12','2023-09-22 13:41:01','2023-09-22 14:26:23',0,'0','meal',1,1),(10082,25,435,'2023-10-12','2023-09-22 13:41:01','2023-09-22 14:26:23',0,'1','meal',1,1),(10083,25,456,'2023-10-12','2023-09-22 13:41:01','2023-09-22 14:26:23',0,'0','snack',1,1),(10084,25,459,'2023-10-12','2023-09-22 13:41:01','2023-09-22 14:26:23',0,'0','snack',1,1),(10085,25,462,'2023-10-12','2023-09-22 13:41:01','2023-09-22 14:26:23',0,'1','snack',1,1),(10086,25,465,'2023-10-12','2023-09-22 13:41:01','2023-09-22 14:26:23',0,'0','snack',1,1),(10087,25,483,'2023-10-12','2023-09-22 13:41:01','2023-09-22 14:26:23',0,'1','meal',1,1),(10088,25,468,'2023-10-14','2023-09-22 13:41:01','2023-09-22 13:41:01',0,'1','meal',0,1),(10089,25,501,'2023-10-14','2023-09-22 13:41:01','2023-09-22 19:39:08',0,'0','snack',1,1),(10090,25,477,'2023-10-14','2023-09-22 13:41:01','2023-09-22 13:41:01',0,'1','meal',0,1),(10091,25,489,'2023-10-14','2023-09-22 13:41:01','2023-09-22 19:39:08',0,'1','snack',1,1),(10092,25,480,'2023-10-14','2023-09-22 13:41:01','2023-09-22 13:41:01',0,'1','meal',0,1),(10093,25,492,'2023-10-14','2023-09-22 13:41:01','2023-09-22 19:39:08',0,'0','snack',1,1),(10094,25,486,'2023-10-14','2023-09-22 13:41:01','2023-09-22 13:41:01',0,'1','meal',0,1),(10095,25,495,'2023-10-14','2023-09-22 13:41:01','2023-09-22 19:39:08',0,'0','snack',1,1),(10096,25,1267,'2023-10-14','2023-09-22 13:41:01','2023-09-22 13:41:01',0,'0','meal',0,1),(10097,25,474,'2023-10-14','2023-09-22 13:41:01','2023-09-22 13:41:01',0,'0','meal',0,1),(10098,25,532,'2023-10-15','2023-09-22 13:41:01','2023-09-22 19:40:09',0,'0','snack',1,1),(10099,25,504,'2023-10-15','2023-09-22 13:41:01','2023-09-22 13:41:01',0,'1','meal',0,1),(10100,25,520,'2023-10-15','2023-09-22 13:41:01','2023-09-22 13:41:01',0,'1','meal',0,1),(10101,25,541,'2023-10-15','2023-09-22 13:41:01','2023-09-22 19:40:09',0,'0','snack',1,1),(10102,25,517,'2023-10-15','2023-09-22 13:41:01','2023-09-22 13:41:01',0,'1','meal',0,1),(10103,25,535,'2023-10-15','2023-09-22 13:41:01','2023-09-22 19:40:09',0,'0','snack',1,1),(10104,25,513,'2023-10-15','2023-09-22 13:41:01','2023-09-22 13:41:01',0,'1','meal',0,1),(10105,25,538,'2023-10-15','2023-09-22 13:41:01','2023-09-22 19:40:09',0,'1','snack',1,1),(10106,25,523,'2023-10-15','2023-09-22 13:41:01','2023-09-22 13:41:01',0,'0','meal',0,1),(10107,25,510,'2023-10-15','2023-09-22 13:41:01','2023-09-22 13:41:01',0,'0','meal',0,1),(10108,25,526,'2023-10-15','2023-09-22 13:41:01','2023-09-22 13:41:01',0,'0','meal',0,1),(10109,25,507,'2023-10-15','2023-09-22 13:41:01','2023-09-22 13:41:01',0,'0','meal',0,1),(10110,25,529,'2023-10-15','2023-09-22 13:41:01','2023-09-22 13:41:01',0,'0','meal',0,1),(10111,25,544,'2023-10-16','2023-09-22 13:41:01','2023-09-22 13:41:01',0,'1','meal',0,1),(10112,25,550,'2023-10-16','2023-09-22 13:41:01','2023-09-22 13:41:01',0,'1','meal',0,1),(10113,25,556,'2023-10-16','2023-09-22 13:41:01','2023-09-22 13:41:01',0,'1','meal',0,1),(10114,25,559,'2023-10-16','2023-09-22 13:41:01','2023-09-22 13:41:01',0,'1','meal',0,1),(10115,25,566,'2023-10-16','2023-09-22 13:41:01','2023-09-22 13:41:01',0,'0','meal',0,1),(10116,25,569,'2023-10-16','2023-09-22 13:41:01','2023-09-22 13:41:01',0,'0','meal',0,1),(10117,25,553,'2023-10-16','2023-09-22 13:41:01','2023-09-22 13:41:01',0,'0','meal',0,1),(10118,25,562,'2023-10-16','2023-09-22 13:41:01','2023-09-22 13:41:01',0,'0','meal',0,1),(10119,25,547,'2023-10-16','2023-09-22 13:41:01','2023-09-22 13:41:01',0,'0','meal',0,1),(10120,25,572,'2023-10-16','2023-09-22 13:41:01','2023-09-22 13:41:01',0,'0','meal',0,1),(10121,25,575,'2023-10-16','2023-09-22 13:41:01','2023-09-22 19:41:32',0,'0','snack',1,1),(10122,25,578,'2023-10-16','2023-09-22 13:41:01','2023-09-22 19:41:32',0,'0','snack',1,1),(10123,25,581,'2023-10-16','2023-09-22 13:41:01','2023-09-22 19:41:32',0,'1','snack',1,1),(10124,25,584,'2023-10-16','2023-09-22 13:41:01','2023-09-22 19:41:32',0,'0','snack',1,1),(10125,26,1008,'2023-09-30','2023-09-24 13:18:10','2023-09-29 16:04:56',0,'0','meal',1,1),(10126,26,1002,'2023-09-30','2023-09-24 13:18:10','2023-09-29 16:04:56',0,'1','meal',1,1),(10127,26,1017,'2023-09-30','2023-09-24 13:18:10','2023-09-29 16:04:56',0,'0','meal',1,1),(10128,26,1011,'2023-09-30','2023-09-24 13:18:10','2023-09-29 16:04:56',0,'1','meal',1,1),(10129,26,1020,'2023-09-30','2023-09-24 13:18:10','2023-09-29 16:04:56',0,'0','meal',1,1),(10130,26,1023,'2023-09-30','2023-09-24 13:18:10','2023-09-29 16:04:56',0,'0','meal',1,1),(10131,26,1005,'2023-09-30','2023-09-24 13:18:10','2023-09-29 16:04:56',0,'0','meal',1,1),(10132,26,1014,'2023-09-30','2023-09-24 13:18:10','2023-09-29 16:04:56',0,'0','meal',1,1),(10133,26,1026,'2023-09-30','2023-09-24 13:18:10','2023-09-29 16:04:56',0,'0','meal',1,1),(10134,26,999,'2023-09-30','2023-09-24 13:18:10','2023-09-29 16:04:56',0,'1','meal',1,1),(10135,26,1029,'2023-09-30','2023-09-24 13:18:10','2023-09-24 13:21:07',0,'1','snack',1,1),(10136,26,1032,'2023-09-30','2023-09-24 13:18:10','2023-09-24 13:21:07',0,'1','snack',1,1),(10137,26,1035,'2023-09-30','2023-09-24 13:18:10','2023-09-24 13:21:07',0,'0','snack',1,1),(10138,26,1038,'2023-09-30','2023-09-24 13:18:10','2023-09-24 13:21:07',0,'0','snack',1,1),(10139,26,36,'2023-10-01','2023-09-24 13:18:10','2023-09-24 13:18:10',0,'1','snack',0,1),(10140,26,49,'2023-10-01','2023-09-24 13:18:10','2023-09-29 16:06:10',0,'0','meal',1,1),(10141,26,16,'2023-10-01','2023-09-24 13:18:10','2023-09-29 16:06:10',0,'1','meal',1,1),(10142,26,39,'2023-10-01','2023-09-24 13:18:10','2023-09-24 13:18:10',0,'1','snack',0,1),(10143,26,19,'2023-10-01','2023-09-24 13:18:10','2023-09-29 16:06:10',0,'1','meal',1,1),(10144,26,42,'2023-10-01','2023-09-24 13:18:10','2023-09-24 13:18:10',0,'0','snack',0,1),(10145,26,27,'2023-10-01','2023-09-24 13:18:10','2023-09-29 16:06:10',0,'0','meal',1,1),(10146,26,45,'2023-10-01','2023-09-24 13:18:10','2023-09-24 13:18:10',0,'0','snack',0,1),(10147,26,1209,'2023-10-01','2023-09-24 13:18:10','2023-09-29 16:06:10',0,'1','meal',1,1),(10148,26,30,'2023-10-01','2023-09-24 13:18:10','2023-09-29 16:06:10',0,'0','meal',1,1),(10149,26,1103,'2023-10-01','2023-09-24 13:18:10','2023-09-29 16:06:10',0,'0','meal',1,1),(10150,26,23,'2023-10-01','2023-09-24 13:18:10','2023-09-29 16:06:10',0,'0','meal',1,1),(10151,26,33,'2023-10-01','2023-09-24 13:18:10','2023-09-29 16:06:10',0,'0','meal',1,1),(10152,26,1230,'2023-10-01','2023-09-24 13:18:10','2023-09-29 16:06:10',0,'0','meal',1,1),(10153,26,52,'2023-10-01','2023-09-24 13:18:10','2023-09-29 16:06:10',0,'0','meal',1,1),(10154,26,55,'2023-10-02','2023-09-24 13:18:10','2023-09-29 16:06:52',0,'1','meal',1,1),(10155,26,84,'2023-10-02','2023-09-24 13:18:10','2023-09-24 13:18:11',0,'1','snack',0,1),(10156,26,61,'2023-10-02','2023-09-24 13:18:10','2023-09-29 16:06:52',0,'1','meal',1,1),(10157,26,87,'2023-10-02','2023-09-24 13:18:10','2023-09-24 13:18:11',0,'1','snack',0,1),(10158,26,71,'2023-10-02','2023-09-24 13:18:10','2023-09-29 16:06:52',0,'0','meal',1,1),(10159,26,90,'2023-10-02','2023-09-24 13:18:10','2023-09-24 13:18:10',0,'0','snack',0,1),(10160,26,78,'2023-10-02','2023-09-24 13:18:11','2023-09-29 16:06:52',0,'1','meal',1,1),(10161,26,95,'2023-10-02','2023-09-24 13:18:11','2023-09-24 13:18:11',0,'0','snack',0,1),(10162,26,74,'2023-10-02','2023-09-24 13:18:11','2023-09-29 16:06:52',0,'0','meal',1,1),(10163,26,81,'2023-10-02','2023-09-24 13:18:11','2023-09-29 16:06:52',0,'0','meal',1,1),(10164,26,65,'2023-10-02','2023-09-24 13:18:11','2023-09-29 16:06:52',0,'0','meal',1,1),(10165,26,58,'2023-10-02','2023-09-24 13:18:11','2023-09-29 16:06:52',0,'0','meal',1,1),(10166,26,97,'2023-10-03','2023-09-24 13:18:11','2023-09-29 16:08:01',0,'1','meal',1,1),(10167,26,129,'2023-10-03','2023-09-24 13:18:11','2023-10-02 17:14:26',0,'0','snack',1,1),(10168,26,113,'2023-10-03','2023-09-24 13:18:11','2023-09-29 16:08:01',0,'1','meal',1,1),(10169,26,132,'2023-10-03','2023-09-24 13:18:11','2023-10-02 17:14:26',0,'0','snack',1,1),(10170,26,123,'2023-10-03','2023-09-24 13:18:11','2023-09-29 16:08:01',0,'1','meal',1,1),(10171,26,135,'2023-10-03','2023-09-24 13:18:11','2023-10-02 17:14:26',0,'1','snack',1,1),(10172,26,119,'2023-10-03','2023-09-24 13:18:11','2023-09-29 16:08:01',0,'0','meal',1,1),(10173,26,138,'2023-10-03','2023-09-24 13:18:11','2023-10-02 17:14:26',0,'0','snack',1,1),(10174,26,126,'2023-10-03','2023-09-24 13:18:11','2023-09-29 16:08:01',0,'0','meal',1,1),(10175,26,116,'2023-10-03','2023-09-24 13:18:11','2023-09-29 16:08:01',0,'0','meal',1,1),(10176,26,104,'2023-10-03','2023-09-24 13:18:11','2023-09-29 16:08:01',0,'0','meal',1,1),(10177,26,107,'2023-10-03','2023-09-24 13:18:11','2023-09-29 16:08:01',0,'0','meal',1,1),(10178,26,110,'2023-10-03','2023-09-24 13:18:11','2023-09-29 16:08:01',0,'0','meal',1,1),(10179,26,101,'2023-10-03','2023-09-24 13:18:11','2023-09-29 16:08:01',0,'0','meal',1,1),(10180,26,142,'2023-10-04','2023-09-24 13:18:11','2023-09-29 16:08:52',0,'0','meal',1,1),(10181,26,169,'2023-10-04','2023-09-24 13:18:11','2023-10-02 17:13:01',0,'0','snack',1,1),(10182,26,163,'2023-10-04','2023-09-24 13:18:11','2023-09-29 16:08:52',0,'1','meal',1,1),(10183,26,172,'2023-10-04','2023-09-24 13:18:11','2023-10-02 17:13:01',0,'1','snack',1,1),(10184,26,1148,'2023-10-04','2023-09-24 13:18:11','2023-10-02 17:13:01',0,'0','snack',1,1),(10185,26,157,'2023-10-04','2023-09-24 13:18:11','2023-09-29 16:08:52',0,'1','meal',1,1),(10186,26,148,'2023-10-04','2023-09-24 13:18:11','2023-09-29 16:08:52',0,'0','meal',1,1),(10187,26,178,'2023-10-04','2023-09-24 13:18:11','2023-10-02 17:13:01',0,'0','snack',1,1),(10188,26,981,'2023-10-04','2023-09-24 13:18:11','2023-09-29 16:08:52',0,'0','meal',1,1),(10189,26,166,'2023-10-04','2023-09-24 13:18:11','2023-09-29 16:08:52',0,'0','meal',1,1),(10190,26,151,'2023-10-04','2023-09-24 13:18:11','2023-09-29 16:08:52',0,'0','meal',1,1),(10191,26,154,'2023-10-04','2023-09-24 13:18:11','2023-09-29 16:08:52',0,'0','meal',1,1),(10192,26,145,'2023-10-04','2023-09-24 13:18:11','2023-09-29 16:08:52',0,'1','meal',1,1),(10193,26,205,'2023-10-05','2023-09-24 13:18:11','2023-10-03 11:24:32',0,'0','snack',1,1),(10194,26,217,'2023-10-05','2023-09-24 13:18:11','2023-10-03 11:24:32',0,'0','meal',1,1),(10195,26,184,'2023-10-05','2023-09-24 13:18:11','2023-10-03 11:24:32',0,'1','meal',1,1),(10196,26,208,'2023-10-05','2023-09-24 13:18:11','2023-10-03 11:24:32',0,'0','snack',1,1),(10197,26,187,'2023-10-05','2023-09-24 13:18:11','2023-10-03 11:24:32',0,'0','meal',1,1),(10198,26,211,'2023-10-05','2023-09-24 13:18:11','2023-10-03 11:24:32',0,'1','snack',1,1),(10199,26,193,'2023-10-05','2023-09-24 13:18:11','2023-10-03 11:24:32',0,'0','meal',1,1),(10200,26,214,'2023-10-05','2023-09-24 13:18:11','2023-10-03 11:24:32',0,'0','snack',1,1),(10201,26,190,'2023-10-05','2023-09-24 13:18:11','2023-10-03 11:24:32',0,'1','meal',1,1),(10202,26,199,'2023-10-05','2023-09-24 13:18:11','2023-10-03 11:24:32',0,'1','meal',1,1),(10203,26,196,'2023-10-05','2023-09-24 13:18:11','2023-10-03 11:24:32',0,'0','meal',1,1),(10204,26,202,'2023-10-05','2023-09-24 13:18:11','2023-10-03 11:24:32',0,'0','meal',1,1),(10205,26,220,'2023-10-05','2023-09-24 13:18:11','2023-10-03 11:24:32',0,'0','meal',1,1),(10206,26,257,'2023-10-07','2023-09-24 13:18:11','2023-10-03 11:25:58',0,'0','snack',1,1),(10207,26,223,'2023-10-07','2023-09-24 13:18:11','2023-10-03 11:25:58',0,'0','meal',1,1),(10208,26,260,'2023-10-07','2023-09-24 13:18:11','2023-10-03 11:25:58',0,'1','snack',1,1),(10209,26,239,'2023-10-07','2023-09-24 13:18:11','2023-10-03 11:25:58',0,'1','meal',1,1),(10210,26,266,'2023-10-07','2023-09-24 13:18:11','2023-10-03 11:25:58',0,'0','snack',1,1),(10211,26,251,'2023-10-07','2023-09-24 13:18:11','2023-10-03 11:25:58',0,'0','meal',1,1),(10212,26,263,'2023-10-07','2023-09-24 13:18:11','2023-10-03 11:25:58',0,'0','snack',1,1),(10213,26,236,'2023-10-07','2023-09-24 13:18:11','2023-10-03 11:25:58',0,'1','meal',1,1),(10214,26,230,'2023-10-07','2023-09-24 13:18:11','2023-10-03 11:25:58',0,'0','meal',1,1),(10215,26,245,'2023-10-07','2023-09-24 13:18:11','2023-10-03 11:25:58',0,'0','meal',1,1),(10216,26,233,'2023-10-07','2023-09-24 13:18:11','2023-10-03 11:25:58',0,'0','meal',1,1),(10217,26,242,'2023-10-07','2023-09-24 13:18:11','2023-10-03 11:25:58',0,'0','meal',1,1),(10218,26,248,'2023-10-07','2023-09-24 13:18:11','2023-10-03 11:25:58',0,'0','meal',1,1),(10219,26,226,'2023-10-07','2023-09-24 13:18:11','2023-10-03 11:25:58',0,'0','meal',1,1),(10220,26,254,'2023-10-07','2023-09-24 13:18:11','2023-10-03 11:25:58',0,'1','meal',1,1),(10221,26,269,'2023-10-08','2023-09-24 13:18:11','2023-10-03 11:26:52',0,'0','meal',1,1),(10222,26,294,'2023-10-08','2023-09-24 13:18:11','2023-10-07 21:53:25',0,'0','snack',1,1),(10223,26,276,'2023-10-08','2023-09-24 13:18:11','2023-10-03 11:26:52',0,'0','meal',1,1),(10224,26,297,'2023-10-08','2023-09-24 13:18:11','2023-10-07 21:53:25',0,'1','snack',1,1),(10225,26,279,'2023-10-08','2023-09-24 13:18:11','2023-10-03 11:26:52',0,'1','meal',1,1),(10226,26,300,'2023-10-08','2023-09-24 13:18:11','2023-10-07 21:53:25',0,'1','snack',1,1),(10227,26,291,'2023-10-08','2023-09-24 13:18:11','2023-10-03 11:26:52',0,'0','meal',1,1),(10228,26,303,'2023-10-08','2023-09-24 13:18:11','2023-10-07 21:53:25',0,'0','snack',1,1),(10229,26,288,'2023-10-08','2023-09-24 13:18:11','2023-10-03 11:26:52',0,'1','meal',1,1),(10230,26,282,'2023-10-08','2023-09-24 13:18:11','2023-10-03 11:26:52',0,'1','meal',1,1),(10231,26,273,'2023-10-08','2023-09-24 13:18:11','2023-10-03 11:26:52',0,'0','meal',1,1),(10232,26,285,'2023-10-08','2023-09-24 13:18:11','2023-10-03 11:26:52',0,'0','meal',1,1),(10233,26,324,'2023-10-09','2023-09-24 13:18:11','2023-10-03 11:27:49',0,'0','meal',1,1),(10234,26,330,'2023-10-09','2023-09-24 13:18:11','2023-10-03 11:27:49',0,'0','snack',1,1),(10235,26,306,'2023-10-09','2023-09-24 13:18:11','2023-10-03 11:27:49',0,'1','meal',1,1),(10236,26,333,'2023-10-09','2023-09-24 13:18:11','2023-10-03 11:27:49',0,'1','snack',1,1),(10237,26,321,'2023-10-09','2023-09-24 13:18:11','2023-10-03 11:27:49',0,'1','meal',1,1),(10238,26,1188,'2023-10-09','2023-09-24 13:18:11','2023-10-03 11:27:49',0,'0','snack',1,1),(10239,26,309,'2023-10-09','2023-09-24 13:18:11','2023-10-03 11:27:49',0,'0','meal',1,1),(10240,26,1143,'2023-10-09','2023-09-24 13:18:11','2023-10-03 11:27:49',0,'0','snack',1,1),(10241,26,315,'2023-10-09','2023-09-24 13:18:11','2023-10-03 11:27:49',0,'0','meal',1,1),(10242,26,318,'2023-10-09','2023-09-24 13:18:11','2023-10-03 11:27:49',0,'1','meal',1,1),(10243,26,312,'2023-10-09','2023-09-24 13:18:11','2023-10-03 11:27:49',0,'0','meal',1,1),(10244,26,327,'2023-10-09','2023-09-24 13:18:11','2023-10-03 11:27:49',0,'0','meal',1,1),(10245,26,342,'2023-10-10','2023-09-24 13:18:11','2023-10-09 06:16:40',0,'0','meal',1,1),(10246,26,375,'2023-10-10','2023-09-24 13:18:11','2023-10-09 06:16:40',0,'0','meal',1,1),(10247,26,348,'2023-10-10','2023-09-24 13:18:11','2023-10-09 06:16:40',0,'1','meal',1,1),(10248,26,363,'2023-10-10','2023-09-24 13:18:11','2023-10-09 06:16:40',0,'1','meal',1,1),(10249,26,354,'2023-10-10','2023-09-24 13:18:11','2023-10-09 06:16:40',0,'0','meal',1,1),(10250,26,1226,'2023-10-10','2023-09-24 13:18:11','2023-10-09 06:16:40',0,'0','meal',1,1),(10251,26,345,'2023-10-10','2023-09-24 13:18:11','2023-10-09 06:16:40',0,'0','meal',1,1),(10252,26,357,'2023-10-10','2023-09-24 13:18:11','2023-10-09 06:16:40',0,'0','meal',1,1),(10253,26,360,'2023-10-10','2023-09-24 13:18:11','2023-10-09 06:16:40',0,'0','meal',1,1),(10254,26,366,'2023-10-10','2023-09-24 13:18:11','2023-10-09 06:16:40',0,'0','meal',1,1),(10255,26,369,'2023-10-10','2023-09-24 13:18:11','2023-10-09 06:16:40',0,'0','meal',1,1),(10256,26,372,'2023-10-10','2023-09-24 13:18:11','2023-10-09 06:16:40',0,'0','meal',1,1),(10257,26,380,'2023-10-10','2023-09-24 13:18:11','2023-10-09 06:16:40',0,'0','meal',1,1),(10258,26,382,'2023-10-10','2023-09-24 13:18:11','2023-10-09 06:16:40',0,'0','snack',1,1),(10259,26,385,'2023-10-10','2023-09-24 13:18:11','2023-10-09 06:16:40',0,'0','snack',1,1),(10260,26,388,'2023-10-10','2023-09-24 13:18:11','2023-10-09 06:16:40',0,'1','snack',1,1),(10261,26,391,'2023-10-10','2023-09-24 13:18:11','2023-10-09 06:16:40',0,'0','snack',1,1),(10262,26,394,'2023-10-11','2023-09-24 13:18:11','2023-10-09 06:17:24',0,'0','meal',1,1),(10263,26,416,'2023-10-11','2023-09-24 13:18:11','2023-10-09 06:17:24',0,'1','meal',1,1),(10264,26,403,'2023-10-11','2023-09-24 13:18:11','2023-10-09 06:17:24',0,'1','meal',1,1),(10265,26,400,'2023-10-11','2023-09-24 13:18:11','2023-10-09 06:17:24',0,'0','meal',1,1),(10266,26,410,'2023-10-11','2023-09-24 13:18:11','2023-10-09 06:17:24',0,'0','meal',1,1),(10267,26,406,'2023-10-11','2023-09-24 13:18:11','2023-10-09 06:17:24',0,'1','meal',1,1),(10268,26,397,'2023-10-11','2023-09-24 13:18:11','2023-10-09 06:17:24',0,'0','meal',1,1),(10269,26,413,'2023-10-11','2023-09-24 13:18:11','2023-10-09 06:17:24',0,'0','meal',1,1),(10270,26,419,'2023-10-11','2023-09-24 13:18:11','2023-10-09 06:17:24',0,'0','snack',1,1),(10271,26,422,'2023-10-11','2023-09-24 13:18:11','2023-10-09 06:17:24',0,'1','snack',1,1),(10272,26,425,'2023-10-11','2023-09-24 13:18:11','2023-10-09 06:17:24',0,'1','snack',1,1),(10273,26,428,'2023-10-11','2023-09-24 13:18:11','2023-10-09 06:17:24',0,'0','snack',1,1),(10274,26,431,'2023-10-12','2023-09-24 13:18:11','2023-10-09 06:18:20',0,'1','meal',1,1),(10275,26,452,'2023-10-12','2023-09-24 13:18:11','2023-10-09 06:18:20',0,'1','meal',1,1),(10276,26,440,'2023-10-12','2023-09-24 13:18:11','2023-10-09 06:18:20',0,'0','meal',1,1),(10277,26,437,'2023-10-12','2023-09-24 13:18:11','2023-10-09 06:18:20',0,'0','meal',1,1),(10278,26,446,'2023-10-12','2023-09-24 13:18:11','2023-10-09 06:18:20',0,'0','meal',1,1),(10279,26,443,'2023-10-12','2023-09-24 13:18:11','2023-10-09 06:18:20',0,'1','meal',1,1),(10280,26,449,'2023-10-12','2023-09-24 13:18:11','2023-10-09 06:18:20',0,'0','meal',1,1),(10281,26,455,'2023-10-12','2023-09-24 13:18:11','2023-10-09 06:18:20',0,'0','snack',1,1),(10282,26,458,'2023-10-12','2023-09-24 13:18:11','2023-10-09 06:18:20',0,'1','snack',1,1),(10283,26,461,'2023-10-12','2023-09-24 13:18:11','2023-10-09 06:18:20',0,'1','snack',1,1),(10284,26,464,'2023-10-12','2023-09-24 13:18:11','2023-10-09 06:18:20',0,'0','snack',1,1),(10285,26,482,'2023-10-12','2023-09-24 13:18:11','2023-10-09 06:18:20',0,'0','meal',1,1),(10286,26,467,'2023-10-14','2023-09-24 13:18:11','2023-10-09 06:19:02',0,'1','meal',1,1),(10287,26,500,'2023-10-14','2023-09-24 13:18:11','2023-10-09 06:19:02',0,'0','snack',1,1),(10288,26,475,'2023-10-14','2023-09-24 13:18:11','2023-10-09 06:19:02',0,'0','meal',1,1),(10289,26,488,'2023-10-14','2023-09-24 13:18:11','2023-10-09 06:19:02',0,'1','snack',1,1),(10290,26,479,'2023-10-14','2023-09-24 13:18:11','2023-10-09 06:19:02',0,'0','meal',1,1),(10291,26,491,'2023-10-14','2023-09-24 13:18:11','2023-10-09 06:19:02',0,'1','snack',1,1),(10292,26,485,'2023-10-14','2023-09-24 13:18:11','2023-10-09 06:19:02',0,'1','meal',1,1),(10293,26,494,'2023-10-14','2023-09-24 13:18:11','2023-10-09 06:19:02',0,'0','snack',1,1),(10294,26,1266,'2023-10-14','2023-09-24 13:18:11','2023-10-09 06:19:02',0,'1','meal',1,1),(10295,26,473,'2023-10-14','2023-09-24 13:18:11','2023-10-09 06:19:02',0,'0','meal',1,1),(10296,26,470,'2023-10-14','2023-09-24 13:18:11','2023-10-09 06:19:02',0,'0','meal',1,1),(10297,26,531,'2023-10-15','2023-09-24 13:18:11','2023-10-12 17:24:35',0,'0','snack',1,1),(10298,26,503,'2023-10-15','2023-09-24 13:18:11','2023-10-12 17:24:35',0,'0','meal',1,1),(10299,26,519,'2023-10-15','2023-09-24 13:18:11','2023-10-12 17:24:35',0,'1','meal',1,1),(10300,26,540,'2023-10-15','2023-09-24 13:18:11','2023-10-12 17:24:35',0,'1','snack',1,1),(10301,26,516,'2023-10-15','2023-09-24 13:18:11','2023-10-12 17:24:35',0,'1','meal',1,1),(10302,26,534,'2023-10-15','2023-09-24 13:18:11','2023-10-12 17:24:35',0,'1','snack',1,1),(10303,26,512,'2023-10-15','2023-09-24 13:18:11','2023-10-12 17:24:35',0,'0','meal',1,1),(10304,26,537,'2023-10-15','2023-09-24 13:18:11','2023-10-12 17:24:35',0,'0','snack',1,1),(10305,26,522,'2023-10-15','2023-09-24 13:18:11','2023-10-12 17:24:35',0,'1','meal',1,1),(10306,26,509,'2023-10-15','2023-09-24 13:18:11','2023-10-12 17:24:35',0,'0','meal',1,1),(10307,26,525,'2023-10-15','2023-09-24 13:18:11','2023-10-12 17:24:35',0,'0','meal',1,1),(10308,26,506,'2023-10-15','2023-09-24 13:18:11','2023-10-12 17:24:35',0,'0','meal',1,1),(10309,26,528,'2023-10-15','2023-09-24 13:18:11','2023-10-12 17:24:35',0,'0','meal',1,1),(10310,26,543,'2023-10-16','2023-09-24 13:18:11','2023-10-12 17:25:32',0,'0','meal',1,1),(10311,26,549,'2023-10-16','2023-09-24 13:18:11','2023-10-12 17:25:32',0,'0','meal',1,1),(10312,26,555,'2023-10-16','2023-09-24 13:18:11','2023-10-12 17:25:32',0,'1','meal',1,1),(10313,26,558,'2023-10-16','2023-09-24 13:18:11','2023-10-12 17:25:32',0,'1','meal',1,1),(10314,26,565,'2023-10-16','2023-09-24 13:18:11','2023-10-12 17:25:32',0,'0','meal',1,1),(10315,26,568,'2023-10-16','2023-09-24 13:18:11','2023-10-12 17:25:32',0,'1','meal',1,1),(10316,26,561,'2023-10-16','2023-09-24 13:18:11','2023-10-12 17:25:32',0,'0','meal',1,1),(10317,26,571,'2023-10-16','2023-09-24 13:18:11','2023-10-12 17:25:32',0,'0','meal',1,1),(10318,26,546,'2023-10-16','2023-09-24 13:18:11','2023-10-12 17:25:32',0,'0','meal',1,1),(10319,26,574,'2023-10-16','2023-09-24 13:18:11','2023-10-12 17:25:32',0,'0','snack',1,1),(10320,26,577,'2023-10-16','2023-09-24 13:18:11','2023-10-12 17:25:32',0,'1','snack',1,1),(10321,26,580,'2023-10-16','2023-09-24 13:18:11','2023-10-12 17:25:32',0,'1','snack',1,1),(10322,26,583,'2023-10-16','2023-09-24 13:18:11','2023-10-12 17:25:32',0,'0','snack',1,1),(10323,27,872,'2023-09-26','2023-09-24 14:06:21','2023-09-24 14:06:21',0,'1','meal',0,1),(10324,27,878,'2023-09-26','2023-09-24 14:06:21','2023-09-24 14:06:21',0,'1','meal',0,1),(10325,27,881,'2023-09-26','2023-09-24 14:06:21','2023-09-24 14:06:21',0,'1','meal',0,1),(10326,27,888,'2023-09-26','2023-09-24 14:06:21','2023-09-24 14:06:21',0,'0','meal',0,1),(10327,27,898,'2023-09-26','2023-09-24 14:06:21','2023-09-24 14:06:21',0,'0','meal',0,1),(10328,27,895,'2023-09-26','2023-09-24 14:06:21','2023-09-24 14:06:21',0,'0','meal',0,1),(10329,27,887,'2023-09-26','2023-09-24 14:06:21','2023-09-24 14:06:21',0,'0','meal',0,1),(10330,27,892,'2023-09-26','2023-09-24 14:06:21','2023-09-24 14:06:21',0,'0','meal',0,1),(10331,27,875,'2023-09-26','2023-09-24 14:06:21','2023-09-24 14:06:21',0,'0','meal',0,1),(10332,27,902,'2023-09-26','2023-09-24 14:06:21','2023-09-24 14:06:21',0,'1','snack',0,1),(10333,27,905,'2023-09-26','2023-09-24 14:06:21','2023-09-24 14:06:21',0,'0','snack',0,1),(10334,27,908,'2023-09-26','2023-09-24 14:06:21','2023-09-24 14:06:21',0,'0','snack',0,1),(10335,27,911,'2023-09-26','2023-09-24 14:06:21','2023-09-24 14:06:21',0,'0','snack',0,1),(10336,27,914,'2023-09-27','2023-09-24 14:06:21','2023-09-24 14:06:21',0,'1','meal',0,1),(10337,27,944,'2023-09-27','2023-09-24 14:06:21','2023-09-24 14:06:21',0,'1','snack',0,1),(10338,27,920,'2023-09-27','2023-09-24 14:06:21','2023-09-24 14:06:21',0,'1','meal',0,1),(10339,27,947,'2023-09-27','2023-09-24 14:06:21','2023-09-24 14:06:21',0,'0','snack',0,1),(10340,27,929,'2023-09-27','2023-09-24 14:06:21','2023-09-24 14:06:21',0,'1','meal',0,1),(10341,27,953,'2023-09-27','2023-09-24 14:06:21','2023-09-24 14:06:21',0,'0','snack',0,1),(10342,27,923,'2023-09-27','2023-09-24 14:06:21','2023-09-24 14:06:21',0,'0','meal',0,1),(10343,27,950,'2023-09-27','2023-09-24 14:06:21','2023-09-24 14:06:21',0,'0','snack',0,1),(10344,27,932,'2023-09-27','2023-09-24 14:06:21','2023-09-24 14:06:21',0,'0','meal',0,1),(10345,27,926,'2023-09-27','2023-09-24 14:06:21','2023-09-24 14:06:21',0,'0','meal',0,1),(10346,27,935,'2023-09-27','2023-09-24 14:06:21','2023-09-24 14:06:21',0,'0','meal',0,1),(10347,27,938,'2023-09-27','2023-09-24 14:06:21','2023-09-24 14:06:21',0,'0','meal',0,1),(10348,27,917,'2023-09-27','2023-09-24 14:06:21','2023-09-24 14:06:21',0,'0','meal',0,1),(10349,27,941,'2023-09-27','2023-09-24 14:06:21','2023-09-24 14:06:21',0,'0','meal',0,1),(10350,27,959,'2023-09-28','2023-09-24 14:06:21','2023-09-24 14:06:21',0,'1','meal',0,1),(10351,27,962,'2023-09-28','2023-09-24 14:06:21','2023-09-24 14:06:21',0,'1','meal',0,1),(10352,27,980,'2023-09-28','2023-09-24 14:06:21','2023-09-24 14:06:21',0,'1','meal',0,1),(10353,27,974,'2023-09-28','2023-09-24 14:06:21','2023-09-24 14:06:21',0,'0','meal',0,1),(10354,27,983,'2023-09-28','2023-09-24 14:06:21','2023-09-24 14:06:21',0,'0','meal',0,1),(10355,27,968,'2023-09-28','2023-09-24 14:06:21','2023-09-24 14:06:21',0,'0','meal',0,1),(10356,27,977,'2023-09-28','2023-09-24 14:06:21','2023-09-24 14:06:21',0,'0','meal',0,1),(10357,27,971,'2023-09-28','2023-09-24 14:06:21','2023-09-24 14:06:21',0,'0','meal',0,1),(10358,27,965,'2023-09-28','2023-09-24 14:06:21','2023-09-24 14:06:21',0,'0','meal',0,1),(10359,27,956,'2023-09-28','2023-09-24 14:06:21','2023-09-24 14:06:21',0,'0','meal',0,1),(10360,27,986,'2023-09-28','2023-09-24 14:06:21','2023-09-24 14:06:21',0,'1','snack',0,1),(10361,27,989,'2023-09-28','2023-09-24 14:06:21','2023-09-24 14:06:21',0,'0','snack',0,1),(10362,27,992,'2023-09-28','2023-09-24 14:06:21','2023-09-24 14:06:21',0,'0','snack',0,1),(10363,27,995,'2023-09-28','2023-09-24 14:06:21','2023-09-24 14:06:21',0,'0','snack',0,1),(10364,27,1028,'2023-09-30','2023-09-24 14:06:21','2023-09-24 14:06:21',0,'1','snack',0,1),(10365,27,1007,'2023-09-30','2023-09-24 14:06:21','2023-09-24 14:06:21',0,'1','meal',0,1),(10366,27,1031,'2023-09-30','2023-09-24 14:06:21','2023-09-24 14:06:21',0,'0','snack',0,1),(10367,27,1001,'2023-09-30','2023-09-24 14:06:21','2023-09-24 14:06:21',0,'1','meal',0,1),(10368,27,1034,'2023-09-30','2023-09-24 14:06:21','2023-09-24 14:06:21',0,'0','snack',0,1),(10369,27,1016,'2023-09-30','2023-09-24 14:06:21','2023-09-24 14:06:21',0,'1','meal',0,1),(10370,27,1037,'2023-09-30','2023-09-24 14:06:21','2023-09-24 14:06:21',0,'0','snack',0,1),(10371,27,1010,'2023-09-30','2023-09-24 14:06:21','2023-09-24 14:06:21',0,'0','meal',0,1),(10372,27,1019,'2023-09-30','2023-09-24 14:06:21','2023-09-24 14:06:21',0,'0','meal',0,1),(10373,27,1022,'2023-09-30','2023-09-24 14:06:21','2023-09-24 14:06:21',0,'0','meal',0,1),(10374,27,1004,'2023-09-30','2023-09-24 14:06:21','2023-09-24 14:06:21',0,'0','meal',0,1),(10375,27,1013,'2023-09-30','2023-09-24 14:06:21','2023-09-24 14:06:21',0,'0','meal',0,1),(10376,27,1025,'2023-09-30','2023-09-24 14:06:21','2023-09-24 14:06:21',0,'0','meal',0,1),(10377,27,998,'2023-09-30','2023-09-24 14:06:21','2023-09-24 14:06:21',0,'0','meal',0,1),(10378,27,35,'2023-10-01','2023-09-24 14:06:21','2023-09-24 14:06:21',0,'1','snack',0,1),(10379,27,48,'2023-10-01','2023-09-24 14:06:21','2023-09-24 14:06:21',0,'1','meal',0,1),(10380,27,17,'2023-10-01','2023-09-24 14:06:21','2023-09-24 14:06:21',0,'1','meal',0,1),(10381,27,38,'2023-10-01','2023-09-24 14:06:21','2023-09-24 14:06:21',0,'0','snack',0,1),(10382,27,20,'2023-10-01','2023-09-24 14:06:21','2023-09-24 14:06:21',0,'1','meal',0,1),(10383,27,44,'2023-10-01','2023-09-24 14:06:21','2023-09-24 14:06:21',0,'0','snack',0,1),(10384,27,24,'2023-10-01','2023-09-24 14:06:21','2023-09-24 14:06:21',0,'0','meal',0,1),(10385,27,41,'2023-10-01','2023-09-24 14:06:21','2023-09-24 14:06:21',0,'0','snack',0,1),(10386,27,1229,'2023-10-01','2023-09-24 14:06:21','2023-09-24 14:06:21',0,'0','meal',0,1),(10387,27,29,'2023-10-01','2023-09-24 14:06:21','2023-09-24 14:06:21',0,'0','meal',0,1),(10388,27,1102,'2023-10-01','2023-09-24 14:06:21','2023-09-24 14:06:21',0,'0','meal',0,1),(10389,27,1208,'2023-10-01','2023-09-24 14:06:21','2023-09-24 14:06:21',0,'0','meal',0,1),(10390,27,25,'2023-10-01','2023-09-24 14:06:21','2023-09-24 14:06:21',0,'0','meal',0,1),(10391,27,32,'2023-10-01','2023-09-24 14:06:21','2023-09-24 14:06:21',0,'0','meal',0,1),(10392,27,51,'2023-10-01','2023-09-24 14:06:21','2023-09-24 14:06:21',0,'0','meal',0,1),(10393,27,54,'2023-10-02','2023-09-24 14:06:21','2023-09-24 14:06:21',0,'1','meal',0,1),(10394,27,83,'2023-10-02','2023-09-24 14:06:21','2023-09-24 14:06:21',0,'1','snack',0,1),(10395,27,60,'2023-10-02','2023-09-24 14:06:21','2023-09-24 14:06:21',0,'1','meal',0,1),(10396,27,86,'2023-10-02','2023-09-24 14:06:21','2023-09-24 14:06:21',0,'0','snack',0,1),(10397,27,70,'2023-10-02','2023-09-24 14:06:21','2023-09-24 14:06:21',0,'1','meal',0,1),(10398,27,89,'2023-10-02','2023-09-24 14:06:21','2023-09-24 14:06:21',0,'0','snack',0,1),(10399,27,77,'2023-10-02','2023-09-24 14:06:21','2023-09-24 14:06:21',0,'0','meal',0,1),(10400,27,92,'2023-10-02','2023-09-24 14:06:21','2023-09-24 14:06:21',0,'0','snack',0,1),(10401,27,73,'2023-10-02','2023-09-24 14:06:21','2023-09-24 14:06:21',0,'0','meal',0,1),(10402,27,80,'2023-10-02','2023-09-24 14:06:21','2023-09-24 14:06:21',0,'0','meal',0,1),(10403,27,64,'2023-10-02','2023-09-24 14:06:21','2023-09-24 14:06:21',0,'0','meal',0,1),(10404,27,57,'2023-10-02','2023-09-24 14:06:21','2023-09-24 14:06:21',0,'0','meal',0,1),(10405,27,98,'2023-10-03','2023-09-24 14:06:21','2023-09-24 14:06:21',0,'1','meal',0,1),(10406,27,128,'2023-10-03','2023-09-24 14:06:21','2023-09-24 14:06:21',0,'1','snack',0,1),(10407,27,112,'2023-10-03','2023-09-24 14:06:21','2023-09-24 14:06:21',0,'1','meal',0,1),(10408,27,131,'2023-10-03','2023-09-24 14:06:21','2023-09-24 14:06:21',0,'0','snack',0,1),(10409,27,122,'2023-10-03','2023-09-24 14:06:21','2023-09-24 14:06:21',0,'1','meal',0,1),(10410,27,137,'2023-10-03','2023-09-24 14:06:21','2023-09-24 14:06:21',0,'0','snack',0,1),(10411,27,118,'2023-10-03','2023-09-24 14:06:21','2023-09-24 14:06:21',0,'0','meal',0,1),(10412,27,134,'2023-10-03','2023-09-24 14:06:21','2023-09-24 14:06:21',0,'0','snack',0,1),(10413,27,125,'2023-10-03','2023-09-24 14:06:21','2023-09-24 14:06:21',0,'0','meal',0,1),(10414,27,103,'2023-10-03','2023-09-24 14:06:21','2023-09-24 14:06:21',0,'0','meal',0,1),(10415,27,115,'2023-10-03','2023-09-24 14:06:21','2023-09-24 14:06:21',0,'0','meal',0,1),(10416,27,106,'2023-10-03','2023-09-24 14:06:21','2023-09-24 14:06:21',0,'0','meal',0,1),(10417,27,109,'2023-10-03','2023-09-24 14:06:21','2023-09-24 14:06:21',0,'0','meal',0,1),(10418,27,100,'2023-10-03','2023-09-24 14:06:21','2023-09-24 14:06:21',0,'0','meal',0,1),(10419,27,140,'2023-10-04','2023-09-24 14:06:21','2023-09-24 14:06:21',0,'1','meal',0,1),(10420,27,168,'2023-10-04','2023-09-24 14:06:21','2023-09-24 14:06:21',0,'1','snack',0,1),(10421,27,162,'2023-10-04','2023-09-24 14:06:21','2023-09-24 14:06:21',0,'1','meal',0,1),(10422,27,171,'2023-10-04','2023-09-24 14:06:21','2023-09-24 14:06:21',0,'0','snack',0,1),(10423,27,1147,'2023-10-04','2023-09-24 14:06:21','2023-09-24 14:06:21',0,'0','snack',0,1),(10424,27,156,'2023-10-04','2023-09-24 14:06:21','2023-09-24 14:06:21',0,'1','meal',0,1),(10425,27,147,'2023-10-04','2023-09-24 14:06:21','2023-09-24 14:06:21',0,'0','meal',0,1),(10426,27,177,'2023-10-04','2023-09-24 14:06:21','2023-09-24 14:06:21',0,'0','snack',0,1),(10427,27,159,'2023-10-04','2023-09-24 14:06:21','2023-09-24 14:06:21',0,'0','meal',0,1),(10428,27,165,'2023-10-04','2023-09-24 14:06:21','2023-09-24 14:06:21',0,'0','meal',0,1),(10429,27,153,'2023-10-04','2023-09-24 14:06:21','2023-09-24 14:06:21',0,'0','meal',0,1),(10430,27,144,'2023-10-04','2023-09-24 14:06:21','2023-09-24 14:06:21',0,'0','meal',0,1),(10431,27,204,'2023-10-05','2023-09-24 14:06:21','2023-09-24 14:06:21',0,'1','snack',0,1),(10432,27,216,'2023-10-05','2023-09-24 14:06:21','2023-09-24 14:06:21',0,'1','meal',0,1),(10433,27,183,'2023-10-05','2023-09-24 14:06:21','2023-09-24 14:06:21',0,'1','meal',0,1),(10434,27,207,'2023-10-05','2023-09-24 14:06:21','2023-09-24 14:06:21',0,'0','snack',0,1),(10435,27,186,'2023-10-05','2023-09-24 14:06:21','2023-09-24 14:06:21',0,'1','meal',0,1),(10436,27,210,'2023-10-05','2023-09-24 14:06:21','2023-09-24 14:06:21',0,'0','snack',0,1),(10437,27,192,'2023-10-05','2023-09-24 14:06:21','2023-09-24 14:06:21',0,'0','meal',0,1),(10438,27,213,'2023-10-05','2023-09-24 14:06:21','2023-09-24 14:06:21',0,'0','snack',0,1),(10439,27,189,'2023-10-05','2023-09-24 14:06:21','2023-09-24 14:06:21',0,'0','meal',0,1),(10440,27,198,'2023-10-05','2023-09-24 14:06:21','2023-09-24 14:06:21',0,'0','meal',0,1),(10441,27,195,'2023-10-05','2023-09-24 14:06:21','2023-09-24 14:06:21',0,'0','meal',0,1),(10442,27,256,'2023-10-07','2023-09-24 14:06:21','2023-09-24 14:06:21',0,'1','snack',0,1),(10443,27,222,'2023-10-07','2023-09-24 14:06:21','2023-09-24 14:06:21',0,'1','meal',0,1),(10444,27,259,'2023-10-07','2023-09-24 14:06:21','2023-09-24 14:06:21',0,'0','snack',0,1),(10445,27,238,'2023-10-07','2023-09-24 14:06:21','2023-09-24 14:06:21',0,'1','meal',0,1),(10446,27,265,'2023-10-07','2023-09-24 14:06:21','2023-09-24 14:06:21',0,'0','snack',0,1),(10447,27,250,'2023-10-07','2023-09-24 14:06:21','2023-09-24 14:06:21',0,'1','meal',0,1),(10448,27,262,'2023-10-07','2023-09-24 14:06:21','2023-09-24 14:06:21',0,'0','snack',0,1),(10449,27,235,'2023-10-07','2023-09-24 14:06:21','2023-09-24 14:06:21',0,'0','meal',0,1),(10450,27,229,'2023-10-07','2023-09-24 14:06:21','2023-09-24 14:06:21',0,'0','meal',0,1),(10451,27,244,'2023-10-07','2023-09-24 14:06:21','2023-09-24 14:06:21',0,'0','meal',0,1),(10452,27,232,'2023-10-07','2023-09-24 14:06:21','2023-09-24 14:06:21',0,'0','meal',0,1),(10453,27,241,'2023-10-07','2023-09-24 14:06:21','2023-09-24 14:06:21',0,'0','meal',0,1),(10454,27,247,'2023-10-07','2023-09-24 14:06:21','2023-09-24 14:06:21',0,'0','meal',0,1),(10455,27,253,'2023-10-07','2023-09-24 14:06:21','2023-09-24 14:06:21',0,'0','meal',0,1),(10456,27,225,'2023-10-07','2023-09-24 14:06:21','2023-09-24 14:06:21',0,'0','meal',0,1),(10457,27,271,'2023-10-08','2023-09-24 14:06:21','2023-09-24 14:06:21',0,'1','meal',0,1),(10458,27,293,'2023-10-08','2023-09-24 14:06:21','2023-09-24 14:06:21',0,'1','snack',0,1),(10459,27,275,'2023-10-08','2023-09-24 14:06:21','2023-09-24 14:06:21',0,'1','meal',0,1),(10460,27,296,'2023-10-08','2023-09-24 14:06:21','2023-09-24 14:06:21',0,'0','snack',0,1),(10461,27,278,'2023-10-08','2023-09-24 14:06:21','2023-09-24 14:06:21',0,'1','meal',0,1),(10462,27,299,'2023-10-08','2023-09-24 14:06:21','2023-09-24 14:06:21',0,'0','snack',0,1),(10463,27,290,'2023-10-08','2023-09-24 14:06:21','2023-09-24 14:06:21',0,'0','meal',0,1),(10464,27,302,'2023-10-08','2023-09-24 14:06:21','2023-09-24 14:06:21',0,'0','snack',0,1),(10465,27,287,'2023-10-08','2023-09-24 14:06:21','2023-09-24 14:06:21',0,'0','meal',0,1),(10466,27,281,'2023-10-08','2023-09-24 14:06:21','2023-09-24 14:06:21',0,'0','meal',0,1),(10467,27,284,'2023-10-08','2023-09-24 14:06:21','2023-09-24 14:06:21',0,'0','meal',0,1),(10468,27,272,'2023-10-08','2023-09-24 14:06:21','2023-09-24 14:06:21',0,'0','meal',0,1),(10469,27,323,'2023-10-09','2023-09-24 14:06:21','2023-10-08 23:09:39',0,'1','meal',1,1),(10470,27,329,'2023-10-09','2023-09-24 14:06:21','2023-10-08 23:12:46',0,'0','snack',1,1),(10471,27,305,'2023-10-09','2023-09-24 14:06:21','2023-10-08 23:09:39',0,'0','meal',1,1),(10472,27,332,'2023-10-09','2023-09-24 14:06:21','2023-10-08 23:12:46',0,'1','snack',1,1),(10473,27,320,'2023-10-09','2023-09-24 14:06:21','2023-10-08 23:09:39',0,'1','meal',1,1),(10474,27,335,'2023-10-09','2023-09-24 14:06:21','2023-10-08 23:12:46',0,'0','snack',1,1),(10475,27,308,'2023-10-09','2023-09-24 14:06:21','2023-10-08 23:09:39',0,'0','meal',1,1),(10476,27,1142,'2023-10-09','2023-09-24 14:06:21','2023-10-08 23:12:46',0,'0','snack',1,1),(10477,27,314,'2023-10-09','2023-09-24 14:06:21','2023-10-08 23:09:39',0,'1','meal',1,1),(10478,27,317,'2023-10-09','2023-09-24 14:06:21','2023-10-08 23:09:39',0,'0','meal',1,1),(10479,27,311,'2023-10-09','2023-09-24 14:06:21','2023-10-08 23:09:39',0,'0','meal',1,1),(10480,27,326,'2023-10-09','2023-09-24 14:06:21','2023-10-08 23:09:39',0,'0','meal',1,1),(10481,27,341,'2023-10-10','2023-09-24 14:06:21','2023-10-08 23:12:26',0,'1','meal',1,1),(10482,27,374,'2023-10-10','2023-09-24 14:06:22','2023-10-08 23:12:26',0,'0','meal',1,1),(10483,27,347,'2023-10-10','2023-09-24 14:06:22','2023-10-08 23:12:26',0,'1','meal',1,1),(10484,27,362,'2023-10-10','2023-09-24 14:06:22','2023-10-08 23:12:26',0,'0','meal',1,1),(10485,27,353,'2023-10-10','2023-09-24 14:06:22','2023-10-08 23:12:26',0,'0','meal',1,1),(10486,27,1225,'2023-10-10','2023-09-24 14:06:22','2023-10-08 23:12:26',0,'0','meal',1,1),(10487,27,344,'2023-10-10','2023-09-24 14:06:22','2023-10-08 23:12:26',0,'0','meal',1,1),(10488,27,356,'2023-10-10','2023-09-24 14:06:22','2023-10-08 23:12:26',0,'0','meal',1,1),(10489,27,359,'2023-10-10','2023-09-24 14:06:22','2023-10-08 23:12:26',0,'0','meal',1,1),(10490,27,365,'2023-10-10','2023-09-24 14:06:22','2023-10-08 23:12:26',0,'0','meal',1,1),(10491,27,371,'2023-10-10','2023-09-24 14:06:22','2023-10-08 23:12:26',0,'0','meal',1,1),(10492,27,377,'2023-10-10','2023-09-24 14:06:22','2023-10-08 23:12:26',0,'1','meal',1,1),(10493,27,381,'2023-10-10','2023-09-24 14:06:22','2023-10-08 23:12:26',0,'0','snack',1,1),(10494,27,384,'2023-10-10','2023-09-24 14:06:22','2023-10-08 23:12:26',0,'0','snack',1,1),(10495,27,387,'2023-10-10','2023-09-24 14:06:22','2023-10-08 23:12:26',0,'0','snack',1,1),(10496,27,390,'2023-10-10','2023-09-24 14:06:22','2023-10-08 23:12:26',0,'1','snack',1,1),(10497,27,393,'2023-10-11','2023-09-24 14:06:22','2023-10-11 13:52:52',0,'1','meal',1,1),(10498,27,415,'2023-10-11','2023-09-24 14:06:22','2023-10-11 13:52:52',0,'0','meal',1,1),(10499,27,402,'2023-10-11','2023-09-24 14:06:22','2023-10-11 13:52:52',0,'1','meal',1,1),(10500,27,399,'2023-10-11','2023-09-24 14:06:22','2023-10-11 13:52:52',0,'0','meal',1,1),(10501,27,409,'2023-10-11','2023-09-24 14:06:22','2023-10-11 13:52:52',0,'1','meal',1,1),(10502,27,408,'2023-10-11','2023-09-24 14:06:22','2023-10-11 13:52:52',0,'0','meal',1,1),(10503,27,396,'2023-10-11','2023-09-24 14:06:22','2023-10-11 13:52:52',0,'0','meal',1,1),(10504,27,418,'2023-10-11','2023-09-24 14:06:22','2023-10-11 13:52:52',0,'0','snack',1,1),(10505,27,421,'2023-10-11','2023-09-24 14:06:22','2023-10-11 13:52:52',0,'1','snack',1,1),(10506,27,424,'2023-10-11','2023-09-24 14:06:22','2023-10-11 13:52:52',0,'0','snack',1,1),(10507,27,427,'2023-10-11','2023-09-24 14:06:22','2023-10-11 13:52:52',0,'0','snack',1,1),(10508,27,430,'2023-10-12','2023-09-24 14:06:22','2023-10-12 01:10:07',0,'0','meal',1,1),(10509,27,451,'2023-10-12','2023-09-24 14:06:22','2023-10-12 01:10:07',0,'0','meal',1,1),(10510,27,439,'2023-10-12','2023-09-24 14:06:22','2023-10-12 01:10:07',0,'1','meal',1,1),(10511,27,436,'2023-10-12','2023-09-24 14:06:22','2023-10-12 01:10:07',0,'0','meal',1,1),(10512,27,445,'2023-10-12','2023-09-24 14:06:22','2023-10-12 01:10:07',0,'0','meal',1,1),(10513,27,442,'2023-10-12','2023-09-24 14:06:22','2023-10-12 01:10:07',0,'0','meal',1,1),(10514,27,448,'2023-10-12','2023-09-24 14:06:22','2023-10-12 01:10:07',0,'1','meal',1,1),(10515,27,433,'2023-10-12','2023-09-24 14:06:22','2023-10-12 01:10:07',0,'1','meal',1,1),(10516,27,454,'2023-10-12','2023-09-24 14:06:22','2023-10-12 01:10:07',0,'0','snack',1,1),(10517,27,457,'2023-10-12','2023-09-24 14:06:22','2023-10-12 01:10:07',0,'0','snack',1,1),(10518,27,460,'2023-10-12','2023-09-24 14:06:22','2023-10-12 01:10:07',0,'0','snack',1,1),(10519,27,463,'2023-10-12','2023-09-24 14:06:22','2023-10-12 01:10:07',0,'1','snack',1,1),(10520,27,481,'2023-10-12','2023-09-24 14:06:22','2023-10-12 01:10:07',0,'0','meal',1,1),(10521,27,466,'2023-10-14','2023-09-24 14:06:22','2023-10-12 01:11:28',0,'1','meal',1,1),(10522,27,499,'2023-10-14','2023-09-24 14:06:22','2023-10-12 01:11:28',0,'0','snack',1,1),(10523,27,476,'2023-10-14','2023-09-24 14:06:22','2023-10-12 01:11:28',0,'0','meal',1,1),(10524,27,487,'2023-10-14','2023-09-24 14:06:22','2023-10-12 01:11:28',0,'0','snack',1,1),(10525,27,478,'2023-10-14','2023-09-24 14:06:22','2023-10-12 01:11:28',0,'1','meal',1,1),(10526,27,490,'2023-10-14','2023-09-24 14:06:22','2023-10-12 01:11:28',0,'0','snack',1,1),(10527,27,484,'2023-10-14','2023-09-24 14:06:22','2023-10-12 01:11:28',0,'0','meal',1,1),(10528,27,493,'2023-10-14','2023-09-24 14:06:22','2023-10-12 01:11:28',0,'1','snack',1,1),(10529,27,1265,'2023-10-14','2023-09-24 14:06:22','2023-10-12 01:11:28',0,'0','meal',1,1),(10530,27,469,'2023-10-14','2023-09-24 14:06:22','2023-10-12 01:11:28',0,'0','meal',1,1),(10531,27,472,'2023-10-14','2023-09-24 14:06:22','2023-10-12 01:11:28',0,'1','meal',1,1),(10532,27,530,'2023-10-15','2023-09-24 14:06:22','2023-09-24 14:06:22',0,'1','snack',0,1),(10533,27,502,'2023-10-15','2023-09-24 14:06:22','2023-09-24 14:06:22',0,'1','meal',0,1),(10534,27,518,'2023-10-15','2023-09-24 14:06:22','2023-09-24 14:06:22',0,'1','meal',0,1),(10535,27,539,'2023-10-15','2023-09-24 14:06:22','2023-09-24 14:06:22',0,'0','snack',0,1),(10536,27,515,'2023-10-15','2023-09-24 14:06:22','2023-09-24 14:06:22',0,'1','meal',0,1),(10537,27,533,'2023-10-15','2023-09-24 14:06:22','2023-09-24 14:06:22',0,'0','snack',0,1),(10538,27,536,'2023-10-15','2023-09-24 14:06:22','2023-09-24 14:06:22',0,'0','snack',0,1),(10539,27,511,'2023-10-15','2023-09-24 14:06:22','2023-09-24 14:06:22',0,'0','meal',0,1),(10540,27,508,'2023-10-15','2023-09-24 14:06:22','2023-09-24 14:06:22',0,'0','meal',0,1),(10541,27,521,'2023-10-15','2023-09-24 14:06:22','2023-09-24 14:06:22',0,'0','meal',0,1),(10542,27,524,'2023-10-15','2023-09-24 14:06:22','2023-09-24 14:06:22',0,'0','meal',0,1),(10543,27,505,'2023-10-15','2023-09-24 14:06:22','2023-09-24 14:06:22',0,'0','meal',0,1),(10544,27,527,'2023-10-15','2023-09-24 14:06:22','2023-09-24 14:06:22',0,'0','meal',0,1),(10545,27,542,'2023-10-16','2023-09-24 14:06:22','2023-10-16 01:00:17',0,'1','meal',1,1),(10546,27,548,'2023-10-16','2023-09-24 14:06:22','2023-10-16 01:00:17',0,'0','meal',1,1),(10547,27,554,'2023-10-16','2023-09-24 14:06:22','2023-10-16 01:00:17',0,'0','meal',1,1),(10548,27,557,'2023-10-16','2023-09-24 14:06:22','2023-10-16 01:00:17',0,'1','meal',1,1),(10549,27,567,'2023-10-16','2023-09-24 14:06:22','2023-10-16 01:00:17',0,'0','meal',1,1),(10550,27,564,'2023-10-16','2023-09-24 14:06:22','2023-10-16 01:00:17',0,'0','meal',1,1),(10551,27,551,'2023-10-16','2023-09-24 14:06:22','2023-10-16 01:00:17',0,'0','meal',1,1),(10552,27,560,'2023-10-16','2023-09-24 14:06:22','2023-10-16 01:00:17',0,'0','meal',1,1),(10553,27,570,'2023-10-16','2023-09-24 14:06:22','2023-10-16 01:00:17',0,'1','meal',1,1),(10554,27,545,'2023-10-16','2023-09-24 14:06:22','2023-10-16 01:00:17',0,'0','meal',1,1),(10555,27,573,'2023-10-16','2023-09-24 14:06:22','2023-10-16 01:00:17',0,'0','snack',1,1),(10556,27,576,'2023-10-16','2023-09-24 14:06:22','2023-10-16 01:00:17',0,'0','snack',1,1),(10557,27,579,'2023-10-16','2023-09-24 14:06:22','2023-10-16 01:00:17',0,'0','snack',1,1),(10558,27,582,'2023-10-16','2023-09-24 14:06:22','2023-10-16 01:00:17',0,'1','snack',1,1),(10559,28,914,'2023-09-27','2023-09-25 00:15:06','2023-09-25 00:15:06',0,'1','meal',0,1),(10560,28,944,'2023-09-27','2023-09-25 00:15:06','2023-09-25 00:15:06',0,'1','snack',0,1),(10561,28,920,'2023-09-27','2023-09-25 00:15:06','2023-09-25 00:15:06',0,'1','meal',0,1),(10562,28,947,'2023-09-27','2023-09-25 00:15:06','2023-09-25 00:15:06',0,'0','snack',0,1),(10563,28,929,'2023-09-27','2023-09-25 00:15:06','2023-09-25 00:15:06',0,'0','meal',0,1),(10564,28,953,'2023-09-27','2023-09-25 00:15:06','2023-09-25 00:15:06',0,'0','snack',0,1),(10565,28,923,'2023-09-27','2023-09-25 00:15:06','2023-09-25 00:15:06',0,'0','meal',0,1),(10566,28,950,'2023-09-27','2023-09-25 00:15:06','2023-09-25 00:15:06',0,'0','snack',0,1),(10567,28,932,'2023-09-27','2023-09-25 00:15:06','2023-09-25 00:15:06',0,'0','meal',0,1),(10568,28,926,'2023-09-27','2023-09-25 00:15:06','2023-09-25 00:15:06',0,'0','meal',0,1),(10569,28,935,'2023-09-27','2023-09-25 00:15:06','2023-09-25 00:15:06',0,'0','meal',0,1),(10570,28,938,'2023-09-27','2023-09-25 00:15:06','2023-09-25 00:15:06',0,'0','meal',0,1),(10571,28,917,'2023-09-27','2023-09-25 00:15:06','2023-09-25 00:15:06',0,'0','meal',0,1),(10572,28,941,'2023-09-27','2023-09-25 00:15:06','2023-09-25 00:15:06',0,'0','meal',0,1),(11102,33,916,'2023-09-27','2023-09-25 22:29:09','2023-09-25 23:20:54',0,'0','meal',1,1),(11103,33,946,'2023-09-27','2023-09-25 22:29:09','2023-09-25 23:20:54',0,'1','snack',1,1),(11104,33,922,'2023-09-27','2023-09-25 22:29:09','2023-09-25 23:20:54',0,'0','meal',1,1),(11105,33,949,'2023-09-27','2023-09-25 22:29:09','2023-09-25 23:20:54',0,'0','snack',1,1),(11106,33,931,'2023-09-27','2023-09-25 22:29:09','2023-09-25 23:20:54',0,'0','meal',1,1),(11107,33,955,'2023-09-27','2023-09-25 22:29:09','2023-09-25 23:20:54',0,'1','snack',1,1),(11108,33,925,'2023-09-27','2023-09-25 22:29:09','2023-09-25 23:20:54',0,'1','meal',1,1),(11109,33,952,'2023-09-27','2023-09-25 22:29:09','2023-09-25 23:20:54',0,'0','snack',1,1),(11110,33,934,'2023-09-27','2023-09-25 22:29:09','2023-09-25 23:20:54',0,'0','meal',1,1),(11111,33,940,'2023-09-27','2023-09-25 22:29:09','2023-09-25 23:20:54',0,'0','meal',1,1),(11112,33,928,'2023-09-27','2023-09-25 22:29:09','2023-09-25 23:20:54',0,'0','meal',1,1),(11113,33,937,'2023-09-27','2023-09-25 22:29:09','2023-09-25 23:20:54',0,'1','meal',1,1),(11114,33,943,'2023-09-27','2023-09-25 22:29:09','2023-09-25 23:20:54',0,'0','meal',1,1),(11115,33,919,'2023-09-27','2023-09-25 22:29:09','2023-09-25 23:20:54',0,'0','meal',1,1),(11116,33,961,'2023-09-28','2023-09-25 22:29:09','2023-09-25 23:21:47',0,'0','meal',1,1),(11117,33,964,'2023-09-28','2023-09-25 22:29:09','2023-09-25 23:21:47',0,'0','meal',1,1),(11118,33,982,'2023-09-28','2023-09-25 22:29:09','2023-09-25 23:21:47',0,'0','meal',1,1),(11119,33,976,'2023-09-28','2023-09-25 22:29:09','2023-09-25 23:21:47',0,'1','meal',1,1),(11120,33,985,'2023-09-28','2023-09-25 22:29:09','2023-09-25 23:21:47',0,'0','meal',1,1),(11121,33,970,'2023-09-28','2023-09-25 22:29:09','2023-09-25 23:21:47',0,'0','meal',1,1),(11122,33,967,'2023-09-28','2023-09-25 22:29:09','2023-09-25 23:21:47',0,'0','meal',1,1),(11123,33,973,'2023-09-28','2023-09-25 22:29:09','2023-09-25 23:21:47',0,'1','meal',1,1),(11124,33,979,'2023-09-28','2023-09-25 22:29:09','2023-09-25 23:21:47',0,'0','meal',1,1),(11125,33,958,'2023-09-28','2023-09-25 22:29:09','2023-09-25 23:21:47',0,'0','meal',1,1),(11126,33,988,'2023-09-28','2023-09-25 22:29:09','2023-09-25 23:21:47',0,'1','snack',1,1),(11127,33,991,'2023-09-28','2023-09-25 22:29:09','2023-09-25 23:21:47',0,'1','snack',1,1),(11128,33,994,'2023-09-28','2023-09-25 22:29:09','2023-09-25 23:21:47',0,'0','snack',1,1),(11129,33,997,'2023-09-28','2023-09-25 22:29:09','2023-09-25 23:21:47',0,'0','snack',1,1),(11130,33,1009,'2023-09-30','2023-09-25 22:29:09','2023-09-25 23:22:48',0,'0','meal',1,1),(11131,33,1003,'2023-09-30','2023-09-25 22:29:09','2023-09-25 23:22:48',0,'0','meal',1,1),(11132,33,1018,'2023-09-30','2023-09-25 22:29:09','2023-09-25 23:22:48',0,'0','meal',1,1),(11133,33,1012,'2023-09-30','2023-09-25 22:29:09','2023-09-25 23:22:48',0,'0','meal',1,1),(11134,33,1021,'2023-09-30','2023-09-25 22:29:09','2023-09-25 23:22:48',0,'1','meal',1,1),(11135,33,1024,'2023-09-30','2023-09-25 22:29:09','2023-09-25 23:22:48',0,'1','meal',1,1),(11136,33,1006,'2023-09-30','2023-09-25 22:29:09','2023-09-25 23:22:48',0,'0','meal',1,1),(11137,33,1015,'2023-09-30','2023-09-25 22:29:09','2023-09-25 23:22:48',0,'0','meal',1,1),(11138,33,1000,'2023-09-30','2023-09-25 22:29:09','2023-09-25 23:22:48',0,'0','meal',1,1),(11139,33,1027,'2023-09-30','2023-09-25 22:29:09','2023-09-25 23:22:48',0,'0','meal',1,1),(11140,33,1030,'2023-09-30','2023-09-25 22:29:09','2023-09-25 23:22:48',0,'1','snack',1,1),(11141,33,1033,'2023-09-30','2023-09-25 22:29:09','2023-09-25 23:22:48',0,'0','snack',1,1),(11142,33,1036,'2023-09-30','2023-09-25 22:29:09','2023-09-25 23:22:48',0,'0','snack',1,1),(11143,33,1039,'2023-09-30','2023-09-25 22:29:09','2023-09-25 23:22:48',0,'1','snack',1,1),(11144,33,37,'2023-10-01','2023-09-25 22:29:09','2023-09-25 23:23:50',0,'0','snack',1,1),(11145,33,50,'2023-10-01','2023-09-25 22:29:09','2023-09-25 23:23:50',0,'0','meal',1,1),(11146,33,18,'2023-10-01','2023-09-25 22:29:09','2023-09-25 23:23:50',0,'1','meal',1,1),(11147,33,40,'2023-10-01','2023-09-25 22:29:09','2023-09-25 23:23:50',0,'1','snack',1,1),(11148,33,21,'2023-10-01','2023-09-25 22:29:09','2023-09-25 23:23:50',0,'0','meal',1,1),(11149,33,46,'2023-10-01','2023-09-25 22:29:09','2023-09-25 23:23:50',0,'1','snack',1,1),(11150,33,28,'2023-10-01','2023-09-25 22:29:09','2023-09-25 23:23:50',0,'0','meal',1,1),(11151,33,43,'2023-10-01','2023-09-25 22:29:09','2023-09-25 23:23:50',0,'0','snack',1,1),(11152,33,1232,'2023-10-01','2023-09-25 22:29:09','2023-09-25 23:23:50',0,'0','meal',1,1),(11153,33,31,'2023-10-01','2023-09-25 22:29:09','2023-09-25 23:23:50',0,'0','meal',1,1),(11154,33,1210,'2023-10-01','2023-09-25 22:29:09','2023-09-25 23:23:50',0,'1','meal',1,1),(11155,33,1104,'2023-10-01','2023-09-25 22:29:09','2023-09-25 23:23:50',0,'0','meal',1,1),(11156,33,34,'2023-10-01','2023-09-25 22:29:09','2023-09-25 23:23:50',0,'0','meal',1,1),(11157,33,26,'2023-10-01','2023-09-25 22:29:09','2023-09-25 23:23:50',0,'0','meal',1,1),(11158,33,53,'2023-10-01','2023-09-25 22:29:09','2023-09-25 23:23:50',0,'0','meal',1,1),(11159,33,56,'2023-10-02','2023-09-25 22:29:09','2023-09-25 23:24:15',0,'0','meal',1,1),(11160,33,85,'2023-10-02','2023-09-25 22:29:09','2023-09-25 23:24:15',0,'1','snack',1,1),(11161,33,63,'2023-10-02','2023-09-25 22:29:09','2023-09-25 23:24:15',0,'0','meal',1,1),(11162,33,88,'2023-10-02','2023-09-25 22:29:09','2023-09-25 23:24:15',0,'0','snack',1,1),(11163,33,72,'2023-10-02','2023-09-25 22:29:09','2023-09-25 23:24:15',0,'0','meal',1,1),(11164,33,91,'2023-10-02','2023-09-25 22:29:09','2023-09-25 23:24:15',0,'0','snack',1,1),(11165,33,79,'2023-10-02','2023-09-25 22:29:09','2023-09-25 23:24:15',0,'1','meal',1,1),(11166,33,94,'2023-10-02','2023-09-25 22:29:09','2023-09-25 23:24:15',0,'1','snack',1,1),(11167,33,75,'2023-10-02','2023-09-25 22:29:09','2023-09-25 23:24:15',0,'1','meal',1,1),(11168,33,82,'2023-10-02','2023-09-25 22:29:09','2023-09-25 23:24:15',0,'0','meal',1,1),(11169,33,59,'2023-10-02','2023-09-25 22:29:09','2023-09-25 23:24:15',0,'0','meal',1,1),(11170,33,99,'2023-10-03','2023-09-25 22:29:09','2023-09-25 23:24:51',0,'0','meal',1,1),(11171,33,114,'2023-10-03','2023-09-25 22:29:09','2023-09-25 23:24:51',0,'1','meal',1,1),(11172,33,124,'2023-10-03','2023-09-25 22:29:09','2023-09-25 23:24:51',0,'1','meal',1,1),(11173,33,121,'2023-10-03','2023-09-25 22:29:09','2023-09-25 23:24:51',0,'0','meal',1,1),(11174,33,117,'2023-10-03','2023-09-25 22:29:09','2023-09-25 23:24:51',0,'0','meal',1,1),(11175,33,127,'2023-10-03','2023-09-25 22:29:09','2023-09-25 23:24:51',0,'0','meal',1,1),(11176,33,105,'2023-10-03','2023-09-25 22:29:09','2023-09-25 23:24:51',0,'0','meal',1,1),(11177,33,108,'2023-10-03','2023-09-25 22:29:09','2023-09-25 23:24:51',0,'0','meal',1,1),(11178,33,111,'2023-10-03','2023-09-25 22:29:09','2023-09-25 23:24:51',0,'0','meal',1,1),(11179,33,102,'2023-10-03','2023-09-25 22:29:09','2023-09-25 23:24:51',0,'0','meal',1,1),(11180,33,130,'2023-10-03','2023-09-25 22:29:09','2023-09-25 23:24:51',0,'0','snack',1,1),(11181,33,133,'2023-10-03','2023-09-25 22:29:09','2023-09-25 23:24:51',0,'0','snack',1,1),(11182,33,136,'2023-10-03','2023-09-25 22:29:09','2023-09-25 23:24:51',0,'1','snack',1,1),(11183,33,139,'2023-10-03','2023-09-25 22:29:09','2023-09-25 23:24:51',0,'1','snack',1,1),(11184,33,143,'2023-10-04','2023-09-25 22:29:09','2023-09-25 23:25:35',0,'0','meal',1,1),(11185,33,170,'2023-10-04','2023-09-25 22:29:10','2023-09-25 23:25:35',0,'0','snack',1,1),(11186,33,164,'2023-10-04','2023-09-25 22:29:10','2023-09-25 23:25:35',0,'0','meal',1,1),(11187,33,173,'2023-10-04','2023-09-25 22:29:10','2023-09-25 23:25:35',0,'1','snack',1,1),(11188,33,1149,'2023-10-04','2023-09-25 22:29:10','2023-09-25 23:25:35',0,'0','snack',1,1),(11189,33,158,'2023-10-04','2023-09-25 22:29:10','2023-09-25 23:25:35',0,'1','meal',1,1),(11190,33,152,'2023-10-04','2023-09-25 22:29:10','2023-09-25 23:25:35',0,'0','meal',1,1),(11191,33,179,'2023-10-04','2023-09-25 22:29:10','2023-09-25 23:25:35',0,'1','snack',1,1),(11192,33,161,'2023-10-04','2023-09-25 22:29:10','2023-09-25 23:25:35',0,'0','meal',1,1),(11193,33,167,'2023-10-04','2023-09-25 22:29:10','2023-09-25 23:25:35',0,'0','meal',1,1),(11194,33,155,'2023-10-04','2023-09-25 22:29:10','2023-09-25 23:25:35',0,'1','meal',1,1),(11195,33,149,'2023-10-04','2023-09-25 22:29:10','2023-09-25 23:25:35',0,'0','meal',1,1),(11196,33,146,'2023-10-04','2023-09-25 22:29:10','2023-09-25 23:25:35',0,'0','meal',1,1),(11197,33,206,'2023-10-05','2023-09-25 22:29:10','2023-09-25 23:25:59',0,'0','snack',1,1),(11198,33,218,'2023-10-05','2023-09-25 22:29:10','2023-09-25 23:25:59',0,'0','meal',1,1),(11199,33,185,'2023-10-05','2023-09-25 22:29:10','2023-09-25 23:25:59',0,'0','meal',1,1),(11200,33,209,'2023-10-05','2023-09-25 22:29:10','2023-09-25 23:25:59',0,'1','snack',1,1),(11201,33,188,'2023-10-05','2023-09-25 22:29:10','2023-09-25 23:25:59',0,'0','meal',1,1),(11202,33,212,'2023-10-05','2023-09-25 22:29:10','2023-09-25 23:25:59',0,'1','snack',1,1),(11203,33,194,'2023-10-05','2023-09-25 22:29:10','2023-09-25 23:25:59',0,'0','meal',1,1),(11204,33,215,'2023-10-05','2023-09-25 22:29:10','2023-09-25 23:25:59',0,'0','snack',1,1),(11205,33,191,'2023-10-05','2023-09-25 22:29:10','2023-09-25 23:25:59',0,'1','meal',1,1),(11206,33,200,'2023-10-05','2023-09-25 22:29:10','2023-09-25 23:25:59',0,'0','meal',1,1),(11207,33,197,'2023-10-05','2023-09-25 22:29:10','2023-09-25 23:25:59',0,'0','meal',1,1),(11208,33,203,'2023-10-05','2023-09-25 22:29:10','2023-09-25 23:25:59',0,'1','meal',1,1),(11209,33,221,'2023-10-05','2023-09-25 22:29:10','2023-09-25 23:25:59',0,'0','meal',1,1),(11210,33,258,'2023-10-07','2023-09-25 22:29:10','2023-09-25 23:26:39',0,'1','snack',1,1),(11211,33,224,'2023-10-07','2023-09-25 22:29:10','2023-09-25 23:26:39',0,'0','meal',1,1),(11212,33,261,'2023-10-07','2023-09-25 22:29:10','2023-09-25 23:26:39',0,'0','snack',1,1),(11213,33,240,'2023-10-07','2023-09-25 22:29:10','2023-09-25 23:26:39',0,'0','meal',1,1),(11214,33,267,'2023-10-07','2023-09-25 22:29:10','2023-09-25 23:26:39',0,'1','snack',1,1),(11215,33,252,'2023-10-07','2023-09-25 22:29:10','2023-09-25 23:26:39',0,'0','meal',1,1),(11216,33,264,'2023-10-07','2023-09-25 22:29:10','2023-09-25 23:26:39',0,'0','snack',1,1),(11217,33,237,'2023-10-07','2023-09-25 22:29:10','2023-09-25 23:26:39',0,'1','meal',1,1),(11218,33,231,'2023-10-07','2023-09-25 22:29:10','2023-09-25 23:26:39',0,'1','meal',1,1),(11219,33,246,'2023-10-07','2023-09-25 22:29:10','2023-09-25 23:26:39',0,'0','meal',1,1),(11220,33,234,'2023-10-07','2023-09-25 22:29:10','2023-09-25 23:26:39',0,'0','meal',1,1),(11221,33,243,'2023-10-07','2023-09-25 22:29:10','2023-09-25 23:26:39',0,'0','meal',1,1),(11222,33,249,'2023-10-07','2023-09-25 22:29:10','2023-09-25 23:26:39',0,'0','meal',1,1),(11223,33,228,'2023-10-07','2023-09-25 22:29:10','2023-09-25 23:26:39',0,'0','meal',1,1),(11224,33,255,'2023-10-07','2023-09-25 22:29:10','2023-09-25 23:26:39',0,'0','meal',1,1),(11225,33,270,'2023-10-08','2023-09-25 22:29:10','2023-09-25 23:27:07',0,'0','meal',1,1),(11226,33,295,'2023-10-08','2023-09-25 22:29:10','2023-09-25 23:27:07',0,'1','snack',1,1),(11227,33,277,'2023-10-08','2023-09-25 22:29:10','2023-09-25 23:27:07',0,'0','meal',1,1),(11228,33,298,'2023-10-08','2023-09-25 22:29:10','2023-09-25 23:27:07',0,'0','snack',1,1),(11229,33,280,'2023-10-08','2023-09-25 22:29:10','2023-09-25 23:27:07',0,'1','meal',1,1),(11230,33,301,'2023-10-08','2023-09-25 22:29:10','2023-09-25 23:27:07',0,'1','snack',1,1),(11231,33,292,'2023-10-08','2023-09-25 22:29:10','2023-09-25 23:27:07',0,'0','meal',1,1),(11232,33,304,'2023-10-08','2023-09-25 22:29:10','2023-09-25 23:27:07',0,'0','snack',1,1),(11233,33,289,'2023-10-08','2023-09-25 22:29:10','2023-09-25 23:27:07',0,'0','meal',1,1),(11234,33,283,'2023-10-08','2023-09-25 22:29:10','2023-09-25 23:27:07',0,'1','meal',1,1),(11235,33,274,'2023-10-08','2023-09-25 22:29:10','2023-09-25 23:27:07',0,'0','meal',1,1),(11236,33,286,'2023-10-08','2023-09-25 22:29:10','2023-09-25 23:27:07',0,'0','meal',1,1),(11237,33,325,'2023-10-09','2023-09-25 22:29:10','2023-09-25 23:27:32',0,'0','meal',1,1),(11238,33,331,'2023-10-09','2023-09-25 22:29:10','2023-09-25 23:27:32',0,'0','snack',1,1),(11239,33,307,'2023-10-09','2023-09-25 22:29:10','2023-09-25 23:27:32',0,'1','meal',1,1),(11240,33,1184,'2023-10-09','2023-09-25 22:29:10','2023-09-25 23:27:32',0,'1','snack',1,1),(11241,33,322,'2023-10-09','2023-09-25 22:29:10','2023-09-25 23:27:32',0,'0','meal',1,1),(11242,33,1189,'2023-10-09','2023-09-25 22:29:10','2023-09-25 23:27:32',0,'1','snack',1,1),(11243,33,310,'2023-10-09','2023-09-25 22:29:10','2023-09-25 23:27:32',0,'0','meal',1,1),(11244,33,1144,'2023-10-09','2023-09-25 22:29:10','2023-09-25 23:27:32',0,'0','snack',1,1),(11245,33,316,'2023-10-09','2023-09-25 22:29:10','2023-09-25 23:27:32',0,'1','meal',1,1),(11246,33,319,'2023-10-09','2023-09-25 22:29:10','2023-09-25 23:27:32',0,'0','meal',1,1),(11247,33,313,'2023-10-09','2023-09-25 22:29:10','2023-09-25 23:27:32',0,'0','meal',1,1),(11248,33,328,'2023-10-09','2023-09-25 22:29:10','2023-09-25 23:27:32',0,'0','meal',1,1),(11249,33,343,'2023-10-10','2023-09-25 22:29:10','2023-09-25 23:28:03',0,'0','meal',1,1),(11250,33,376,'2023-10-10','2023-09-25 22:29:10','2023-09-25 23:28:03',0,'0','meal',1,1),(11251,33,349,'2023-10-10','2023-09-25 22:29:10','2023-09-25 23:28:03',0,'0','meal',1,1),(11252,33,364,'2023-10-10','2023-09-25 22:29:10','2023-09-25 23:28:03',0,'0','meal',1,1),(11253,33,355,'2023-10-10','2023-09-25 22:29:10','2023-09-25 23:28:03',0,'0','meal',1,1),(11254,33,1227,'2023-10-10','2023-09-25 22:29:10','2023-09-25 23:28:03',0,'0','meal',1,1),(11255,33,346,'2023-10-10','2023-09-25 22:29:10','2023-09-25 23:28:03',0,'0','meal',1,1),(11256,33,361,'2023-10-10','2023-09-25 22:29:10','2023-09-25 23:28:03',0,'1','meal',1,1),(11257,33,358,'2023-10-10','2023-09-25 22:29:10','2023-09-25 23:28:03',0,'0','meal',1,1),(11258,33,367,'2023-10-10','2023-09-25 22:29:10','2023-09-25 23:28:03',0,'0','meal',1,1),(11259,33,370,'2023-10-10','2023-09-25 22:29:10','2023-09-25 23:28:03',0,'1','meal',1,1),(11260,33,373,'2023-10-10','2023-09-25 22:29:10','2023-09-25 23:28:03',0,'0','meal',1,1),(11261,33,379,'2023-10-10','2023-09-25 22:29:10','2023-09-25 23:28:03',0,'0','meal',1,1),(11262,33,383,'2023-10-10','2023-09-25 22:29:10','2023-09-25 23:28:03',0,'0','snack',1,1),(11263,33,386,'2023-10-10','2023-09-25 22:29:10','2023-09-25 23:28:03',0,'1','snack',1,1),(11264,33,389,'2023-10-10','2023-09-25 22:29:10','2023-09-25 23:28:03',0,'0','snack',1,1),(11265,33,392,'2023-10-10','2023-09-25 22:29:10','2023-09-25 23:28:03',0,'1','snack',1,1),(11266,33,395,'2023-10-11','2023-09-25 22:29:10','2023-09-25 23:28:25',0,'0','meal',1,1),(11267,33,417,'2023-10-11','2023-09-25 22:29:10','2023-09-25 23:28:25',0,'0','meal',1,1),(11268,33,404,'2023-10-11','2023-09-25 22:29:10','2023-09-25 23:28:25',0,'1','meal',1,1),(11269,33,401,'2023-10-11','2023-09-25 22:29:10','2023-09-25 23:28:25',0,'0','meal',1,1),(11270,33,411,'2023-10-11','2023-09-25 22:29:10','2023-09-25 23:28:25',0,'0','meal',1,1),(11271,33,407,'2023-10-11','2023-09-25 22:29:10','2023-09-25 23:28:25',0,'1','meal',1,1),(11272,33,414,'2023-10-11','2023-09-25 22:29:10','2023-09-25 23:28:25',0,'0','meal',1,1),(11273,33,398,'2023-10-11','2023-09-25 22:29:10','2023-09-25 23:28:25',0,'0','meal',1,1),(11274,33,420,'2023-10-11','2023-09-25 22:29:10','2023-09-25 23:28:25',0,'0','snack',1,1),(11275,33,423,'2023-10-11','2023-09-25 22:29:10','2023-09-25 23:28:25',0,'1','snack',1,1),(11276,33,426,'2023-10-11','2023-09-25 22:29:10','2023-09-25 23:28:25',0,'0','snack',1,1),(11277,33,429,'2023-10-11','2023-09-25 22:29:10','2023-09-25 23:28:26',0,'1','snack',1,1),(11278,33,432,'2023-10-12','2023-09-25 22:29:10','2023-09-25 23:28:56',0,'0','meal',1,1),(11279,33,453,'2023-10-12','2023-09-25 22:29:10','2023-09-25 23:28:56',0,'0','meal',1,1),(11280,33,441,'2023-10-12','2023-09-25 22:29:10','2023-09-25 23:28:56',0,'1','meal',1,1),(11281,33,438,'2023-10-12','2023-09-25 22:29:10','2023-09-25 23:28:56',0,'0','meal',1,1),(11282,33,447,'2023-10-12','2023-09-25 22:29:10','2023-09-25 23:28:56',0,'0','meal',1,1),(11283,33,444,'2023-10-12','2023-09-25 22:29:10','2023-09-25 23:28:56',0,'0','meal',1,1),(11284,33,450,'2023-10-12','2023-09-25 22:29:10','2023-09-25 23:28:56',0,'1','meal',1,1),(11285,33,435,'2023-10-12','2023-09-25 22:29:10','2023-09-25 23:28:56',0,'0','meal',1,1),(11286,33,456,'2023-10-12','2023-09-25 22:29:10','2023-09-25 23:28:56',0,'0','snack',1,1),(11287,33,459,'2023-10-12','2023-09-25 22:29:10','2023-09-25 23:28:56',0,'1','snack',1,1),(11288,33,462,'2023-10-12','2023-09-25 22:29:10','2023-09-25 23:28:56',0,'0','snack',1,1),(11289,33,465,'2023-10-12','2023-09-25 22:29:10','2023-09-25 23:28:56',0,'1','snack',1,1),(11290,33,483,'2023-10-12','2023-09-25 22:29:10','2023-09-25 23:28:56',0,'0','meal',1,1),(11291,33,468,'2023-10-14','2023-09-25 22:29:10','2023-09-25 23:29:27',0,'0','meal',1,1),(11292,33,501,'2023-10-14','2023-09-25 22:29:10','2023-09-25 23:29:27',0,'1','snack',1,1),(11293,33,477,'2023-10-14','2023-09-25 22:29:10','2023-09-25 23:29:27',0,'1','meal',1,1),(11294,33,489,'2023-10-14','2023-09-25 22:29:10','2023-09-25 23:29:27',0,'0','snack',1,1),(11295,33,480,'2023-10-14','2023-09-25 22:29:10','2023-09-25 23:29:27',0,'1','meal',1,1),(11296,33,492,'2023-10-14','2023-09-25 22:29:10','2023-09-25 23:29:27',0,'1','snack',1,1),(11297,33,486,'2023-10-14','2023-09-25 22:29:10','2023-09-25 23:29:27',0,'0','meal',1,1),(11298,33,495,'2023-10-14','2023-09-25 22:29:10','2023-09-25 23:29:27',0,'0','snack',1,1),(11299,33,1267,'2023-10-14','2023-09-25 22:29:10','2023-09-25 23:29:27',0,'0','meal',1,1),(11300,33,474,'2023-10-14','2023-09-25 22:29:10','2023-09-25 23:29:27',0,'0','meal',1,1),(11301,33,532,'2023-10-15','2023-09-25 22:29:10','2023-09-25 23:29:48',0,'0','snack',1,1),(11302,33,504,'2023-10-15','2023-09-25 22:29:10','2023-09-25 23:29:48',0,'0','meal',1,1),(11303,33,520,'2023-10-15','2023-09-25 22:29:10','2023-09-25 23:29:48',0,'0','meal',1,1),(11304,33,541,'2023-10-15','2023-09-25 22:29:10','2023-09-25 23:29:48',0,'1','snack',1,1),(11305,33,517,'2023-10-15','2023-09-25 22:29:10','2023-09-25 23:29:48',0,'1','meal',1,1),(11306,33,535,'2023-10-15','2023-09-25 22:29:10','2023-09-25 23:29:48',0,'1','snack',1,1),(11307,33,513,'2023-10-15','2023-09-25 22:29:10','2023-09-25 23:29:48',0,'0','meal',1,1),(11308,33,538,'2023-10-15','2023-09-25 22:29:10','2023-09-25 23:29:48',0,'0','snack',1,1),(11309,33,523,'2023-10-15','2023-09-25 22:29:10','2023-09-25 23:29:48',0,'0','meal',1,1),(11310,33,510,'2023-10-15','2023-09-25 22:29:10','2023-09-25 23:29:48',0,'1','meal',1,1),(11311,33,526,'2023-10-15','2023-09-25 22:29:10','2023-09-25 23:29:48',0,'0','meal',1,1),(11312,33,507,'2023-10-15','2023-09-25 22:29:10','2023-09-25 23:29:48',0,'0','meal',1,1),(11313,33,529,'2023-10-15','2023-09-25 22:29:10','2023-09-25 23:29:48',0,'0','meal',1,1),(11314,33,544,'2023-10-16','2023-09-25 22:29:10','2023-09-25 23:30:21',0,'0','meal',1,1),(11315,33,550,'2023-10-16','2023-09-25 22:29:10','2023-09-25 23:30:21',0,'0','meal',1,1),(11316,33,556,'2023-10-16','2023-09-25 22:29:10','2023-09-25 23:30:21',0,'0','meal',1,1),(11317,33,559,'2023-10-16','2023-09-25 22:29:10','2023-09-25 23:30:21',0,'1','meal',1,1),(11318,33,566,'2023-10-16','2023-09-25 22:29:10','2023-09-25 23:30:21',0,'0','meal',1,1),(11319,33,569,'2023-10-16','2023-09-25 22:29:10','2023-09-25 23:30:21',0,'0','meal',1,1),(11320,33,553,'2023-10-16','2023-09-25 22:29:10','2023-09-25 23:30:21',0,'0','meal',1,1),(11321,33,562,'2023-10-16','2023-09-25 22:29:10','2023-09-25 23:30:21',0,'0','meal',1,1),(11322,33,547,'2023-10-16','2023-09-25 22:29:10','2023-09-25 23:30:21',0,'0','meal',1,1),(11323,33,572,'2023-10-16','2023-09-25 22:29:10','2023-09-25 23:30:21',0,'1','meal',1,1),(11324,33,575,'2023-10-16','2023-09-25 22:29:10','2023-09-25 23:30:21',0,'0','snack',1,1),(11325,33,578,'2023-10-16','2023-09-25 22:29:10','2023-09-25 23:30:21',0,'1','snack',1,1),(11326,33,581,'2023-10-16','2023-09-25 22:29:10','2023-09-25 23:30:21',0,'1','snack',1,1),(11327,33,584,'2023-10-16','2023-09-25 22:29:10','2023-09-25 23:30:21',0,'0','snack',1,1),(11328,33,587,'2023-10-17','2023-09-25 22:29:10','2023-09-25 23:30:45',0,'0','meal',1,1),(11329,33,615,'2023-10-17','2023-09-25 22:29:10','2023-09-25 23:30:45',0,'0','snack',1,1),(11330,33,612,'2023-10-17','2023-09-25 22:29:10','2023-09-25 23:30:45',0,'0','meal',1,1),(11331,33,618,'2023-10-17','2023-09-25 22:29:10','2023-09-25 23:30:45',0,'1','snack',1,1),(11332,33,593,'2023-10-17','2023-09-25 22:29:10','2023-09-25 23:30:45',0,'1','meal',1,1),(11333,33,628,'2023-10-17','2023-09-25 22:29:10','2023-09-25 23:30:45',0,'0','snack',1,1),(11334,33,597,'2023-10-17','2023-09-25 22:29:10','2023-09-25 23:30:45',0,'1','meal',1,1),(11335,33,624,'2023-10-17','2023-09-25 22:29:10','2023-09-25 23:30:45',0,'1','snack',1,1),(11336,33,603,'2023-10-17','2023-09-25 22:29:10','2023-09-25 23:30:45',0,'0','meal',1,1),(11337,33,609,'2023-10-17','2023-09-25 22:29:10','2023-09-25 23:30:45',0,'0','meal',1,1),(11338,33,600,'2023-10-17','2023-09-25 22:29:10','2023-09-25 23:30:45',0,'0','meal',1,1),(11339,33,590,'2023-10-17','2023-09-25 22:29:10','2023-09-25 23:30:45',0,'0','meal',1,1),(11340,33,606,'2023-10-17','2023-09-25 22:29:10','2023-09-25 23:30:45',0,'0','meal',1,1),(11341,33,627,'2023-10-18','2023-09-25 22:29:10','2023-09-25 23:31:11',0,'0','meal',1,1),(11342,33,656,'2023-10-18','2023-09-25 22:29:10','2023-09-25 23:31:11',0,'1','meal',1,1),(11343,33,640,'2023-10-18','2023-09-25 22:29:10','2023-09-25 23:31:11',0,'1','meal',1,1),(11344,33,637,'2023-10-18','2023-09-25 22:29:10','2023-09-25 23:31:11',0,'0','meal',1,1),(11345,33,653,'2023-10-18','2023-09-25 22:29:10','2023-09-25 23:31:11',0,'0','meal',1,1),(11346,33,634,'2023-10-18','2023-09-25 22:29:10','2023-09-25 23:31:11',0,'0','meal',1,1),(11347,33,650,'2023-10-18','2023-09-25 22:29:10','2023-09-25 23:31:11',0,'0','meal',1,1),(11348,33,644,'2023-10-18','2023-09-25 22:29:10','2023-09-25 23:31:11',0,'0','meal',1,1),(11349,33,647,'2023-10-18','2023-09-25 22:29:10','2023-09-25 23:31:11',0,'0','meal',1,1),(11350,33,631,'2023-10-18','2023-09-25 22:29:10','2023-09-25 23:31:11',0,'0','meal',1,1),(11351,33,659,'2023-10-18','2023-09-25 22:29:10','2023-09-25 23:31:11',0,'1','snack',1,1),(11352,33,662,'2023-10-18','2023-09-25 22:29:10','2023-09-25 23:31:11',0,'0','snack',1,1),(11353,33,666,'2023-10-18','2023-09-25 22:29:10','2023-09-25 23:31:11',0,'0','snack',1,1),(11354,33,669,'2023-10-18','2023-09-25 22:29:10','2023-09-25 23:31:11',0,'1','snack',1,1),(11355,33,672,'2023-10-19','2023-09-25 22:29:10','2023-09-25 23:31:32',0,'0','meal',1,1),(11356,33,678,'2023-10-19','2023-09-25 22:29:10','2023-09-25 23:31:32',0,'0','meal',1,1),(11357,33,681,'2023-10-19','2023-09-25 22:29:10','2023-09-25 23:31:32',0,'1','meal',1,1),(11358,33,684,'2023-10-19','2023-09-25 22:29:10','2023-09-25 23:31:32',0,'1','meal',1,1),(11359,33,690,'2023-10-19','2023-09-25 22:29:10','2023-09-25 23:31:32',0,'0','meal',1,1),(11360,33,687,'2023-10-19','2023-09-25 22:29:10','2023-09-25 23:31:32',0,'0','meal',1,1),(11361,33,675,'2023-10-19','2023-09-25 22:29:10','2023-09-25 23:31:32',0,'0','meal',1,1),(11362,33,696,'2023-10-19','2023-09-25 22:29:10','2023-09-25 23:31:32',0,'1','snack',1,1),(11363,33,699,'2023-10-19','2023-09-25 22:29:10','2023-09-25 23:31:32',0,'0','snack',1,1),(11364,33,702,'2023-10-19','2023-09-25 22:29:10','2023-09-25 23:31:32',0,'1','snack',1,1),(11365,33,705,'2023-10-21','2023-09-25 22:29:10','2023-09-25 23:32:06',0,'0','meal',1,1),(11366,33,751,'2023-10-21','2023-09-25 22:29:10','2023-09-25 23:32:06',0,'0','snack',1,1),(11367,33,711,'2023-10-21','2023-09-25 22:29:10','2023-09-25 23:32:06',0,'0','meal',1,1),(11368,33,735,'2023-10-21','2023-09-25 22:29:10','2023-09-25 23:32:06',0,'0','snack',1,1),(11369,33,732,'2023-10-21','2023-09-25 22:29:10','2023-09-25 23:32:06',0,'0','meal',1,1),(11370,33,738,'2023-10-21','2023-09-25 22:29:10','2023-09-25 23:32:06',0,'1','snack',1,1),(11371,33,729,'2023-10-21','2023-09-25 22:29:10','2023-09-25 23:32:06',0,'1','meal',1,1),(11372,33,741,'2023-10-21','2023-09-25 22:29:10','2023-09-25 23:32:06',0,'0','snack',1,1),(11373,33,723,'2023-10-21','2023-09-25 22:29:10','2023-09-25 23:32:06',0,'1','meal',1,1),(11374,33,717,'2023-10-21','2023-09-25 22:29:10','2023-09-25 23:32:06',0,'0','meal',1,1),(11375,33,720,'2023-10-21','2023-09-25 22:29:10','2023-09-25 23:32:06',0,'0','meal',1,1),(11376,33,714,'2023-10-21','2023-09-25 22:29:10','2023-09-25 23:32:06',0,'0','meal',1,1),(11377,33,726,'2023-10-21','2023-09-25 22:29:10','2023-09-25 23:32:06',0,'0','meal',1,1),(11378,33,708,'2023-10-21','2023-09-25 22:29:10','2023-09-25 23:32:06',0,'0','meal',1,1),(11379,33,773,'2023-10-22','2023-09-25 22:29:10','2023-09-25 23:32:38',0,'1','snack',1,1),(11380,33,744,'2023-10-22','2023-09-25 22:29:10','2023-09-25 23:32:38',0,'0','meal',1,1),(11381,33,776,'2023-10-22','2023-09-25 22:29:10','2023-09-25 23:32:38',0,'0','snack',1,1),(11382,33,758,'2023-10-22','2023-09-25 22:29:10','2023-09-25 23:32:38',0,'0','meal',1,1),(11383,33,779,'2023-10-22','2023-09-25 22:29:10','2023-09-25 23:32:38',0,'1','snack',1,1),(11384,33,761,'2023-10-22','2023-09-25 22:29:10','2023-09-25 23:32:38',0,'1','meal',1,1),(11385,33,754,'2023-10-22','2023-09-25 22:29:10','2023-09-25 23:32:38',0,'1','meal',1,1),(11386,33,764,'2023-10-22','2023-09-25 22:29:10','2023-09-25 23:32:38',0,'0','meal',1,1),(11387,33,1132,'2023-10-22','2023-09-25 22:29:10','2023-09-25 23:32:38',0,'0','meal',1,1),(11388,33,747,'2023-10-22','2023-09-25 22:29:10','2023-09-25 23:32:38',0,'0','meal',1,1),(11389,33,767,'2023-10-22','2023-09-25 22:29:10','2023-09-25 23:32:38',0,'0','meal',1,1),(11390,33,770,'2023-10-22','2023-09-25 22:29:10','2023-09-25 23:32:38',0,'0','meal',1,1),(11391,33,782,'2023-10-23','2023-09-25 22:29:10','2023-09-25 23:33:10',0,'0','meal',1,1),(11392,33,810,'2023-10-23','2023-09-25 22:29:10','2023-09-25 23:33:10',0,'0','meal',1,1),(11393,33,788,'2023-10-23','2023-09-25 22:29:10','2023-09-25 23:33:10',0,'0','meal',1,1),(11394,33,797,'2023-10-23','2023-09-25 22:29:10','2023-09-25 23:33:10',0,'1','meal',1,1),(11395,33,791,'2023-10-23','2023-09-25 22:29:10','2023-09-25 23:33:10',0,'1','meal',1,1),(11396,33,800,'2023-10-23','2023-09-25 22:29:10','2023-09-25 23:33:10',0,'0','meal',1,1),(11397,33,794,'2023-10-23','2023-09-25 22:29:10','2023-09-25 23:33:10',0,'0','meal',1,1),(11398,33,804,'2023-10-23','2023-09-25 22:29:10','2023-09-25 23:33:10',0,'0','meal',1,1),(11399,33,813,'2023-10-23','2023-09-25 22:29:10','2023-09-25 23:33:10',0,'0','meal',1,1),(11400,33,807,'2023-10-23','2023-09-25 22:29:10','2023-09-25 23:33:10',0,'0','meal',1,1),(11401,33,816,'2023-10-23','2023-09-25 22:29:10','2023-09-25 23:33:10',0,'0','meal',1,1),(11402,33,785,'2023-10-23','2023-09-25 22:29:10','2023-09-25 23:33:10',0,'0','meal',1,1),(11403,33,819,'2023-10-23','2023-09-25 22:29:10','2023-09-25 23:33:10',0,'0','snack',1,1),(11404,33,822,'2023-10-23','2023-09-25 22:29:10','2023-09-25 23:33:10',0,'1','snack',1,1),(11405,33,825,'2023-10-23','2023-09-25 22:29:10','2023-09-25 23:33:10',0,'0','snack',1,1),(11406,33,828,'2023-10-23','2023-09-25 22:29:10','2023-09-25 23:33:10',0,'1','snack',1,1),(11407,33,831,'2023-10-24','2023-09-25 22:29:10','2023-09-25 23:33:32',0,'0','meal',1,1),(11408,33,868,'2023-10-24','2023-09-25 22:29:10','2023-09-25 23:33:32',0,'1','snack',1,1),(11409,33,840,'2023-10-24','2023-09-25 22:29:10','2023-09-25 23:33:32',0,'1','meal',1,1),(11410,33,871,'2023-10-24','2023-09-25 22:29:10','2023-09-25 23:33:32',0,'0','snack',1,1),(11411,33,843,'2023-10-24','2023-09-25 22:29:10','2023-09-25 23:33:32',0,'1','meal',1,1),(11412,33,865,'2023-10-24','2023-09-25 22:29:10','2023-09-25 23:33:32',0,'1','snack',1,1),(11413,33,846,'2023-10-24','2023-09-25 22:29:10','2023-09-25 23:33:32',0,'0','meal',1,1),(11414,33,852,'2023-10-24','2023-09-25 22:29:10','2023-09-25 23:33:32',0,'0','meal',1,1),(11415,33,859,'2023-10-24','2023-09-25 22:29:10','2023-09-25 23:33:32',0,'0','meal',1,1),(11416,33,849,'2023-10-24','2023-09-25 22:29:10','2023-09-25 23:33:32',0,'0','meal',1,1),(11417,33,856,'2023-10-24','2023-09-25 22:29:10','2023-09-25 23:33:32',0,'0','meal',1,1),(11418,33,836,'2023-10-24','2023-09-25 22:29:10','2023-09-25 23:33:32',0,'0','meal',1,1),(11419,34,35,'2023-10-01','2023-09-26 21:50:55','2023-09-26 22:15:28',0,'0','snack',1,1),(11420,34,48,'2023-10-01','2023-09-26 21:50:55','2023-09-26 22:15:28',0,'1','meal',1,1),(11421,34,17,'2023-10-01','2023-09-26 21:50:55','2023-09-26 22:15:28',0,'0','meal',1,1),(11422,34,38,'2023-10-01','2023-09-26 21:50:55','2023-09-26 22:15:28',0,'1','snack',1,1),(11423,34,20,'2023-10-01','2023-09-26 21:50:55','2023-09-26 22:15:28',0,'1','meal',1,1),(11424,34,44,'2023-10-01','2023-09-26 21:50:55','2023-09-26 22:15:28',0,'0','snack',1,1),(11425,34,24,'2023-10-01','2023-09-26 21:50:55','2023-09-26 22:15:28',0,'0','meal',1,1),(11426,34,41,'2023-10-01','2023-09-26 21:50:55','2023-09-26 22:15:28',0,'0','snack',1,1),(11427,34,1229,'2023-10-01','2023-09-26 21:50:55','2023-09-26 22:15:28',0,'0','meal',1,1),(11428,34,29,'2023-10-01','2023-09-26 21:50:55','2023-09-26 22:15:28',0,'0','meal',1,1),(11429,34,1102,'2023-10-01','2023-09-26 21:50:55','2023-09-26 22:15:28',0,'1','meal',1,1),(11430,34,1208,'2023-10-01','2023-09-26 21:50:55','2023-09-26 22:15:28',0,'0','meal',1,1),(11431,34,25,'2023-10-01','2023-09-26 21:50:55','2023-09-26 22:15:28',0,'0','meal',1,1),(11432,34,32,'2023-10-01','2023-09-26 21:50:55','2023-09-26 22:15:28',0,'0','meal',1,1),(11433,34,51,'2023-10-01','2023-09-26 21:50:55','2023-09-26 22:15:28',0,'0','meal',1,1),(11434,34,54,'2023-10-02','2023-09-26 21:50:55','2023-09-26 22:16:23',0,'1','meal',1,1),(11435,34,83,'2023-10-02','2023-09-26 21:50:55','2023-09-26 22:16:23',0,'0','snack',1,1),(11436,34,60,'2023-10-02','2023-09-26 21:50:55','2023-09-26 22:16:23',0,'1','meal',1,1),(11437,34,86,'2023-10-02','2023-09-26 21:50:55','2023-09-26 22:16:23',0,'1','snack',1,1),(11438,34,70,'2023-10-02','2023-09-26 21:50:55','2023-09-26 22:16:23',0,'0','meal',1,1),(11439,34,89,'2023-10-02','2023-09-26 21:50:55','2023-09-26 22:16:23',0,'0','snack',1,1),(11440,34,77,'2023-10-02','2023-09-26 21:50:55','2023-09-26 22:16:23',0,'1','meal',1,1),(11441,34,92,'2023-10-02','2023-09-26 21:50:55','2023-09-26 22:16:23',0,'0','snack',1,1),(11442,34,73,'2023-10-02','2023-09-26 21:50:56','2023-09-26 22:16:23',0,'0','meal',1,1),(11443,34,80,'2023-10-02','2023-09-26 21:50:56','2023-09-26 22:16:23',0,'0','meal',1,1),(11444,34,64,'2023-10-02','2023-09-26 21:50:56','2023-09-26 22:16:23',0,'0','meal',1,1),(11445,34,57,'2023-10-02','2023-09-26 21:50:56','2023-09-26 22:16:23',0,'0','meal',1,1),(11446,34,98,'2023-10-03','2023-09-26 21:50:56','2023-09-26 22:16:57',0,'0','meal',1,1),(11447,34,128,'2023-10-03','2023-09-26 21:50:56','2023-09-26 22:16:57',0,'0','snack',1,1),(11448,34,112,'2023-10-03','2023-09-26 21:50:56','2023-09-26 22:16:57',0,'0','meal',1,1),(11449,34,131,'2023-10-03','2023-09-26 21:50:56','2023-09-26 22:16:57',0,'0','snack',1,1),(11450,34,122,'2023-10-03','2023-09-26 21:50:56','2023-09-26 22:16:57',0,'0','meal',1,1),(11451,34,137,'2023-10-03','2023-09-26 21:50:56','2023-09-26 22:16:57',0,'1','snack',1,1),(11452,34,118,'2023-10-03','2023-09-26 21:50:56','2023-09-26 22:16:57',0,'1','meal',1,1),(11453,34,134,'2023-10-03','2023-09-26 21:50:56','2023-09-26 22:16:57',0,'0','snack',1,1),(11454,34,125,'2023-10-03','2023-09-26 21:50:56','2023-09-26 22:16:57',0,'0','meal',1,1),(11455,34,103,'2023-10-03','2023-09-26 21:50:56','2023-09-26 22:16:57',0,'1','meal',1,1),(11456,34,115,'2023-10-03','2023-09-26 21:50:56','2023-09-26 22:16:57',0,'0','meal',1,1),(11457,34,106,'2023-10-03','2023-09-26 21:50:56','2023-09-26 22:16:57',0,'0','meal',1,1),(11458,34,109,'2023-10-03','2023-09-26 21:50:56','2023-09-26 22:16:57',0,'0','meal',1,1),(11459,34,100,'2023-10-03','2023-09-26 21:50:56','2023-09-26 22:16:57',0,'1','meal',1,1),(11460,34,140,'2023-10-04','2023-09-26 21:50:56','2023-09-26 22:17:49',0,'1','meal',1,1),(11461,34,168,'2023-10-04','2023-09-26 21:50:56','2023-09-26 22:17:49',0,'0','snack',1,1),(11462,34,162,'2023-10-04','2023-09-26 21:50:56','2023-09-26 22:17:49',0,'1','meal',1,1),(11463,34,171,'2023-10-04','2023-09-26 21:50:56','2023-09-26 22:17:49',0,'0','snack',1,1),(11464,34,1147,'2023-10-04','2023-09-26 21:50:56','2023-09-26 22:17:49',0,'0','snack',1,1),(11465,34,156,'2023-10-04','2023-09-26 21:50:56','2023-09-26 22:17:49',0,'1','meal',1,1),(11466,34,147,'2023-10-04','2023-09-26 21:50:56','2023-09-26 22:17:49',0,'0','meal',1,1),(11467,34,177,'2023-10-04','2023-09-26 21:50:56','2023-09-26 22:17:49',0,'1','snack',1,1),(11468,34,159,'2023-10-04','2023-09-26 21:50:56','2023-09-26 22:17:49',0,'0','meal',1,1),(11469,34,165,'2023-10-04','2023-09-26 21:50:56','2023-09-26 22:17:49',0,'0','meal',1,1),(11470,34,153,'2023-10-04','2023-09-26 21:50:56','2023-09-26 22:17:49',0,'0','meal',1,1),(11471,34,144,'2023-10-04','2023-09-26 21:50:56','2023-09-26 22:17:49',0,'0','meal',1,1),(11472,34,204,'2023-10-05','2023-09-26 21:50:56','2023-09-26 22:18:51',0,'0','snack',1,1),(11473,34,216,'2023-10-05','2023-09-26 21:50:56','2023-09-26 22:18:51',0,'1','meal',1,1),(11474,34,183,'2023-10-05','2023-09-26 21:50:56','2023-09-26 22:18:51',0,'1','meal',1,1),(11475,34,207,'2023-10-05','2023-09-26 21:50:56','2023-09-26 22:18:51',0,'0','snack',1,1),(11476,34,186,'2023-10-05','2023-09-26 21:50:56','2023-09-26 22:18:51',0,'0','meal',1,1),(11477,34,210,'2023-10-05','2023-09-26 21:50:56','2023-09-26 22:18:51',0,'0','snack',1,1),(11478,34,192,'2023-10-05','2023-09-26 21:50:56','2023-09-26 22:18:51',0,'0','meal',1,1),(11479,34,213,'2023-10-05','2023-09-26 21:50:56','2023-09-26 22:18:51',0,'1','snack',1,1),(11480,34,189,'2023-10-05','2023-09-26 21:50:56','2023-09-26 22:18:51',0,'0','meal',1,1),(11481,34,198,'2023-10-05','2023-09-26 21:50:56','2023-09-26 22:18:51',0,'1','meal',1,1),(11482,34,195,'2023-10-05','2023-09-26 21:50:56','2023-09-26 22:18:51',0,'0','meal',1,1),(11483,34,256,'2023-10-07','2023-09-26 21:50:56','2023-10-02 14:10:54',0,'0','snack',1,1),(11484,34,222,'2023-10-07','2023-09-26 21:50:56','2023-10-02 14:10:54',0,'1','meal',1,1),(11485,34,259,'2023-10-07','2023-09-26 21:50:56','2023-10-02 14:10:54',0,'1','snack',1,1),(11486,34,238,'2023-10-07','2023-09-26 21:50:56','2023-10-02 14:10:54',0,'0','meal',1,1),(11487,34,265,'2023-10-07','2023-09-26 21:50:56','2023-10-02 14:10:54',0,'0','snack',1,1),(11488,34,250,'2023-10-07','2023-09-26 21:50:56','2023-10-02 14:10:54',0,'1','meal',1,1),(11489,34,262,'2023-10-07','2023-09-26 21:50:56','2023-10-02 14:10:54',0,'0','snack',1,1),(11490,34,235,'2023-10-07','2023-09-26 21:50:56','2023-10-02 14:10:54',0,'0','meal',1,1),(11491,34,229,'2023-10-07','2023-09-26 21:50:56','2023-10-02 14:10:54',0,'0','meal',1,1),(11492,34,244,'2023-10-07','2023-09-26 21:50:56','2023-10-02 14:10:54',0,'1','meal',1,1),(11493,34,232,'2023-10-07','2023-09-26 21:50:56','2023-10-02 14:10:54',0,'0','meal',1,1),(11494,34,241,'2023-10-07','2023-09-26 21:50:56','2023-10-02 14:10:54',0,'0','meal',1,1),(11495,34,247,'2023-10-07','2023-09-26 21:50:56','2023-10-02 14:10:54',0,'0','meal',1,1),(11496,34,253,'2023-10-07','2023-09-26 21:50:56','2023-10-02 14:10:54',0,'0','meal',1,1),(11497,34,225,'2023-10-07','2023-09-26 21:50:56','2023-10-02 14:10:54',0,'0','meal',1,1),(11498,34,271,'2023-10-08','2023-09-26 21:50:56','2023-10-02 14:12:59',0,'0','meal',1,1),(11499,34,293,'2023-10-08','2023-09-26 21:50:56','2023-10-02 14:12:59',0,'0','snack',1,1),(11500,34,275,'2023-10-08','2023-09-26 21:50:56','2023-10-02 14:12:59',0,'0','meal',1,1),(11501,34,296,'2023-10-08','2023-09-26 21:50:56','2023-10-02 14:12:59',0,'1','snack',1,1),(11502,34,278,'2023-10-08','2023-09-26 21:50:56','2023-10-02 14:12:59',0,'1','meal',1,1),(11503,34,299,'2023-10-08','2023-09-26 21:50:56','2023-10-02 14:12:59',0,'0','snack',1,1),(11504,34,290,'2023-10-08','2023-09-26 21:50:56','2023-10-02 14:12:59',0,'1','meal',1,1),(11505,34,302,'2023-10-08','2023-09-26 21:50:56','2023-10-02 14:12:59',0,'0','snack',1,1),(11506,34,287,'2023-10-08','2023-09-26 21:50:56','2023-10-02 14:12:59',0,'0','meal',1,1),(11507,34,281,'2023-10-08','2023-09-26 21:50:56','2023-10-02 14:12:59',0,'0','meal',1,1),(11508,34,284,'2023-10-08','2023-09-26 21:50:56','2023-10-02 14:12:59',0,'0','meal',1,1),(11509,34,272,'2023-10-08','2023-09-26 21:50:56','2023-10-02 14:12:59',0,'1','meal',1,1),(11510,34,323,'2023-10-09','2023-09-26 21:50:56','2023-10-02 14:13:58',0,'1','meal',1,1),(11511,34,329,'2023-10-09','2023-09-26 21:50:56','2023-10-02 14:13:58',0,'0','snack',1,1),(11512,34,305,'2023-10-09','2023-09-26 21:50:56','2023-10-02 14:13:58',0,'1','meal',1,1),(11513,34,332,'2023-10-09','2023-09-26 21:50:56','2023-10-02 14:13:58',0,'1','snack',1,1),(11514,34,320,'2023-10-09','2023-09-26 21:50:56','2023-10-02 14:13:58',0,'1','meal',1,1),(11515,34,335,'2023-10-09','2023-09-26 21:50:56','2023-10-02 14:13:58',0,'0','snack',1,1),(11516,34,308,'2023-10-09','2023-09-26 21:50:56','2023-10-02 14:13:58',0,'0','meal',1,1),(11517,34,1142,'2023-10-09','2023-09-26 21:50:56','2023-10-02 14:13:58',0,'0','snack',1,1),(11518,34,314,'2023-10-09','2023-09-26 21:50:56','2023-10-02 14:13:58',0,'0','meal',1,1),(11519,34,317,'2023-10-09','2023-09-26 21:50:56','2023-10-02 14:13:58',0,'0','meal',1,1),(11520,34,311,'2023-10-09','2023-09-26 21:50:56','2023-10-02 14:13:58',0,'0','meal',1,1),(11521,34,326,'2023-10-09','2023-09-26 21:50:56','2023-10-02 14:13:58',0,'0','meal',1,1),(11522,34,341,'2023-10-10','2023-09-26 21:50:56','2023-10-02 14:15:05',0,'1','meal',1,1),(11523,34,374,'2023-10-10','2023-09-26 21:50:56','2023-10-02 14:15:05',0,'0','meal',1,1),(11524,34,347,'2023-10-10','2023-09-26 21:50:56','2023-10-02 14:15:05',0,'1','meal',1,1),(11525,34,362,'2023-10-10','2023-09-26 21:50:56','2023-10-02 14:15:05',0,'0','meal',1,1),(11526,34,353,'2023-10-10','2023-09-26 21:50:56','2023-10-02 14:15:05',0,'1','meal',1,1),(11527,34,1225,'2023-10-10','2023-09-26 21:50:56','2023-10-02 14:15:05',0,'0','meal',1,1),(11528,34,344,'2023-10-10','2023-09-26 21:50:56','2023-10-02 14:15:05',0,'0','meal',1,1),(11529,34,356,'2023-10-10','2023-09-26 21:50:56','2023-10-02 14:15:05',0,'0','meal',1,1),(11530,34,359,'2023-10-10','2023-09-26 21:50:56','2023-10-02 14:15:05',0,'0','meal',1,1),(11531,34,365,'2023-10-10','2023-09-26 21:50:56','2023-10-02 14:15:05',0,'0','meal',1,1),(11532,34,371,'2023-10-10','2023-09-26 21:50:56','2023-10-02 14:15:05',0,'0','meal',1,1),(11533,34,377,'2023-10-10','2023-09-26 21:50:56','2023-10-02 14:15:05',0,'0','meal',1,1),(11534,34,381,'2023-10-10','2023-09-26 21:50:56','2023-10-02 14:15:05',0,'0','snack',1,1),(11535,34,384,'2023-10-10','2023-09-26 21:50:56','2023-10-02 14:15:05',0,'1','snack',1,1),(11536,34,387,'2023-10-10','2023-09-26 21:50:56','2023-10-02 14:15:05',0,'0','snack',1,1),(11537,34,390,'2023-10-10','2023-09-26 21:50:56','2023-10-02 14:15:05',0,'0','snack',1,1),(11538,34,393,'2023-10-11','2023-09-26 21:50:56','2023-10-02 14:15:53',0,'1','meal',1,1),(11539,34,415,'2023-10-11','2023-09-26 21:50:56','2023-10-02 14:15:53',0,'0','meal',1,1),(11540,34,402,'2023-10-11','2023-09-26 21:50:56','2023-10-02 14:15:53',0,'1','meal',1,1),(11541,34,399,'2023-10-11','2023-09-26 21:50:56','2023-10-02 14:15:53',0,'0','meal',1,1),(11542,34,409,'2023-10-11','2023-09-26 21:50:56','2023-10-02 14:15:53',0,'0','meal',1,1),(11543,34,408,'2023-10-11','2023-09-26 21:50:56','2023-10-02 14:15:53',0,'1','meal',1,1),(11544,34,396,'2023-10-11','2023-09-26 21:50:56','2023-10-02 14:15:53',0,'0','meal',1,1),(11545,34,418,'2023-10-11','2023-09-26 21:50:56','2023-10-02 14:15:53',0,'0','snack',1,1),(11546,34,421,'2023-10-11','2023-09-26 21:50:56','2023-10-02 14:15:53',0,'1','snack',1,1),(11547,34,424,'2023-10-11','2023-09-26 21:50:56','2023-10-02 14:15:53',0,'0','snack',1,1),(11548,34,427,'2023-10-11','2023-09-26 21:50:56','2023-10-02 14:15:53',0,'0','snack',1,1),(11549,34,430,'2023-10-12','2023-09-26 21:50:56','2023-10-02 14:16:47',0,'1','meal',1,1),(11550,34,451,'2023-10-12','2023-09-26 21:50:56','2023-10-02 14:16:47',0,'0','meal',1,1),(11551,34,439,'2023-10-12','2023-09-26 21:50:56','2023-10-02 14:16:47',0,'1','meal',1,1),(11552,34,436,'2023-10-12','2023-09-26 21:50:56','2023-10-02 14:16:47',0,'0','meal',1,1),(11553,34,445,'2023-10-12','2023-09-26 21:50:56','2023-10-02 14:16:47',0,'0','meal',1,1),(11554,34,442,'2023-10-12','2023-09-26 21:50:56','2023-10-02 14:16:47',0,'0','meal',1,1),(11555,34,448,'2023-10-12','2023-09-26 21:50:56','2023-10-02 14:16:47',0,'1','meal',1,1),(11556,34,433,'2023-10-12','2023-09-26 21:50:56','2023-10-02 14:16:47',0,'0','meal',1,1),(11557,34,454,'2023-10-12','2023-09-26 21:50:56','2023-10-02 14:16:47',0,'0','snack',1,1),(11558,34,457,'2023-10-12','2023-09-26 21:50:56','2023-10-02 14:16:47',0,'1','snack',1,1),(11559,34,460,'2023-10-12','2023-09-26 21:50:56','2023-10-02 14:16:47',0,'0','snack',1,1),(11560,34,463,'2023-10-12','2023-09-26 21:50:56','2023-10-02 14:16:47',0,'0','snack',1,1),(11561,34,481,'2023-10-12','2023-09-26 21:50:56','2023-10-02 14:16:47',0,'0','meal',1,1),(11562,34,466,'2023-10-14','2023-09-26 21:50:56','2023-10-11 18:32:03',0,'1','meal',1,1),(11563,34,499,'2023-10-14','2023-09-26 21:50:56','2023-10-11 18:32:03',0,'0','snack',1,1),(11564,34,476,'2023-10-14','2023-09-26 21:50:56','2023-10-11 18:32:03',0,'0','meal',1,1),(11565,34,487,'2023-10-14','2023-09-26 21:50:56','2023-10-11 18:32:03',0,'0','snack',1,1),(11566,34,478,'2023-10-14','2023-09-26 21:50:56','2023-10-11 18:32:03',0,'0','meal',1,1),(11567,34,490,'2023-10-14','2023-09-26 21:50:56','2023-10-11 18:32:03',0,'1','snack',1,1),(11568,34,484,'2023-10-14','2023-09-26 21:50:56','2023-10-11 18:32:03',0,'1','meal',1,1),(11569,34,493,'2023-10-14','2023-09-26 21:50:56','2023-10-11 18:32:03',0,'0','snack',1,1),(11570,34,1265,'2023-10-14','2023-09-26 21:50:56','2023-10-11 18:32:03',0,'1','meal',1,1),(11571,34,469,'2023-10-14','2023-09-26 21:50:56','2023-10-11 18:32:03',0,'0','meal',1,1),(11572,34,472,'2023-10-14','2023-09-26 21:50:56','2023-10-11 18:32:03',0,'0','meal',1,1),(11573,34,530,'2023-10-15','2023-09-26 21:50:56','2023-10-11 18:33:05',0,'0','snack',1,1),(11574,34,502,'2023-10-15','2023-09-26 21:50:56','2023-10-11 18:33:05',0,'1','meal',1,1),(11575,34,518,'2023-10-15','2023-09-26 21:50:56','2023-10-11 18:33:05',0,'0','meal',1,1),(11576,34,539,'2023-10-15','2023-09-26 21:50:56','2023-10-11 18:33:05',0,'1','snack',1,1),(11577,34,515,'2023-10-15','2023-09-26 21:50:56','2023-10-11 18:33:05',0,'1','meal',1,1),(11578,34,533,'2023-10-15','2023-09-26 21:50:56','2023-10-11 18:33:05',0,'0','snack',1,1),(11579,34,536,'2023-10-15','2023-09-26 21:50:56','2023-10-11 18:33:05',0,'0','snack',1,1),(11580,34,511,'2023-10-15','2023-09-26 21:50:56','2023-10-11 18:33:05',0,'0','meal',1,1),(11581,34,508,'2023-10-15','2023-09-26 21:50:56','2023-10-11 18:33:05',0,'0','meal',1,1),(11582,34,521,'2023-10-15','2023-09-26 21:50:56','2023-10-11 18:33:05',0,'1','meal',1,1),(11583,34,524,'2023-10-15','2023-09-26 21:50:56','2023-10-11 18:33:05',0,'0','meal',1,1),(11584,34,505,'2023-10-15','2023-09-26 21:50:56','2023-10-11 18:33:05',0,'0','meal',1,1),(11585,34,527,'2023-10-15','2023-09-26 21:50:56','2023-10-11 18:33:05',0,'0','meal',1,1),(11586,34,542,'2023-10-16','2023-09-26 21:50:56','2023-10-11 18:34:18',0,'0','meal',1,1),(11587,34,548,'2023-10-16','2023-09-26 21:50:56','2023-10-11 18:34:18',0,'0','meal',1,1),(11588,34,554,'2023-10-16','2023-09-26 21:50:56','2023-10-11 18:34:18',0,'0','meal',1,1),(11589,34,557,'2023-10-16','2023-09-26 21:50:56','2023-10-11 18:34:18',0,'1','meal',1,1),(11590,34,567,'2023-10-16','2023-09-26 21:50:56','2023-10-11 18:34:18',0,'1','meal',1,1),(11591,34,564,'2023-10-16','2023-09-26 21:50:56','2023-10-11 18:34:18',0,'0','meal',1,1),(11592,34,551,'2023-10-16','2023-09-26 21:50:56','2023-10-11 18:34:18',0,'0','meal',1,1),(11593,34,560,'2023-10-16','2023-09-26 21:50:56','2023-10-11 18:34:18',0,'0','meal',1,1),(11594,34,570,'2023-10-16','2023-09-26 21:50:56','2023-10-11 18:34:18',0,'1','meal',1,1),(11595,34,545,'2023-10-16','2023-09-26 21:50:56','2023-10-11 18:34:18',0,'0','meal',1,1),(11596,34,573,'2023-10-16','2023-09-26 21:50:56','2023-10-11 18:34:18',0,'0','snack',1,1),(11597,34,576,'2023-10-16','2023-09-26 21:50:56','2023-10-11 18:34:18',0,'1','snack',1,1),(11598,34,579,'2023-10-16','2023-09-26 21:50:56','2023-10-11 18:34:18',0,'0','snack',1,1),(11599,34,582,'2023-10-16','2023-09-26 21:50:56','2023-10-11 18:34:18',0,'0','snack',1,1),(11600,34,585,'2023-10-17','2023-09-26 21:50:56','2023-10-11 18:35:24',0,'0','meal',1,1),(11601,34,610,'2023-10-17','2023-09-26 21:50:56','2023-10-11 18:35:24',0,'0','meal',1,1),(11602,34,591,'2023-10-17','2023-09-26 21:50:56','2023-10-11 18:35:24',0,'1','meal',1,1),(11603,34,595,'2023-10-17','2023-09-26 21:50:56','2023-10-11 18:35:24',0,'0','meal',1,1),(11604,34,598,'2023-10-17','2023-09-26 21:50:56','2023-10-11 18:35:24',0,'0','meal',1,1),(11605,34,607,'2023-10-17','2023-09-26 21:50:56','2023-10-11 18:35:24',0,'1','meal',1,1),(11606,34,601,'2023-10-17','2023-09-26 21:50:56','2023-10-11 18:35:24',0,'0','meal',1,1),(11607,34,604,'2023-10-17','2023-09-26 21:50:56','2023-10-11 18:35:24',0,'1','meal',1,1),(11608,34,588,'2023-10-17','2023-09-26 21:50:56','2023-10-11 18:35:24',0,'0','meal',1,1),(11609,34,613,'2023-10-17','2023-09-26 21:50:56','2023-10-11 18:35:24',0,'0','snack',1,1),(11610,34,616,'2023-10-17','2023-09-26 21:50:56','2023-10-11 18:35:24',0,'1','snack',1,1),(11611,34,619,'2023-10-17','2023-09-26 21:50:56','2023-10-11 18:35:24',0,'0','snack',1,1),(11612,34,622,'2023-10-17','2023-09-26 21:50:56','2023-10-11 18:35:24',0,'0','snack',1,1),(11613,34,625,'2023-10-18','2023-09-26 21:50:56','2023-10-11 18:36:17',0,'1','meal',1,1),(11614,34,654,'2023-10-18','2023-09-26 21:50:56','2023-10-11 18:36:17',0,'0','meal',1,1),(11615,34,638,'2023-10-18','2023-09-26 21:50:56','2023-10-11 18:36:17',0,'1','meal',1,1),(11616,34,635,'2023-10-18','2023-09-26 21:50:56','2023-10-11 18:36:17',0,'0','meal',1,1),(11617,34,632,'2023-10-18','2023-09-26 21:50:56','2023-10-11 18:36:17',0,'0','meal',1,1),(11618,34,648,'2023-10-18','2023-09-26 21:50:56','2023-10-11 18:36:17',0,'1','meal',1,1),(11619,34,642,'2023-10-18','2023-09-26 21:50:56','2023-10-11 18:36:17',0,'0','meal',1,1),(11620,34,645,'2023-10-18','2023-09-26 21:50:56','2023-10-11 18:36:17',0,'0','meal',1,1),(11621,34,651,'2023-10-18','2023-09-26 21:50:56','2023-10-11 18:36:17',0,'0','meal',1,1),(11622,34,629,'2023-10-18','2023-09-26 21:50:56','2023-10-11 18:36:17',0,'0','meal',1,1),(11623,34,657,'2023-10-18','2023-09-26 21:50:56','2023-10-11 18:36:17',0,'0','snack',1,1),(11624,34,660,'2023-10-18','2023-09-26 21:50:56','2023-10-11 18:36:17',0,'1','snack',1,1),(11625,34,664,'2023-10-18','2023-09-26 21:50:56','2023-10-11 18:36:17',0,'0','snack',1,1),(11626,34,667,'2023-10-18','2023-09-26 21:50:56','2023-10-11 18:36:17',0,'0','snack',1,1),(11627,34,670,'2023-10-19','2023-09-26 21:50:56','2023-10-11 18:36:57',0,'1','meal',1,1),(11628,34,676,'2023-10-19','2023-09-26 21:50:56','2023-10-11 18:36:57',0,'0','meal',1,1),(11629,34,679,'2023-10-19','2023-09-26 21:50:56','2023-10-11 18:36:57',0,'0','meal',1,1),(11630,34,682,'2023-10-19','2023-09-26 21:50:56','2023-10-11 18:36:57',0,'1','meal',1,1),(11631,34,688,'2023-10-19','2023-09-26 21:50:56','2023-10-11 18:36:57',0,'1','meal',1,1),(11632,34,685,'2023-10-19','2023-09-26 21:50:56','2023-10-11 18:36:57',0,'0','meal',1,1),(11633,34,673,'2023-10-19','2023-09-26 21:50:56','2023-10-11 18:36:57',0,'0','meal',1,1),(11634,34,694,'2023-10-19','2023-09-26 21:50:56','2023-10-11 18:36:57',0,'1','snack',1,1),(11635,34,697,'2023-10-19','2023-09-26 21:50:56','2023-10-11 18:36:57',0,'0','snack',1,1),(11636,34,700,'2023-10-19','2023-09-26 21:50:56','2023-10-11 18:36:57',0,'0','snack',1,1),(11637,34,703,'2023-10-21','2023-09-26 21:50:56','2023-10-18 10:31:21',0,'1','meal',1,1),(11638,34,749,'2023-10-21','2023-09-26 21:50:56','2023-10-18 10:31:36',0,'0','snack',1,1),(11639,34,709,'2023-10-21','2023-09-26 21:50:56','2023-10-18 10:31:21',0,'0','meal',1,1),(11640,34,733,'2023-10-21','2023-09-26 21:50:56','2023-10-18 10:31:36',0,'1','snack',1,1),(11641,34,730,'2023-10-21','2023-09-26 21:50:56','2023-10-18 10:31:21',0,'1','meal',1,1),(11642,34,736,'2023-10-21','2023-09-26 21:50:56','2023-10-18 10:31:36',0,'0','snack',1,1),(11643,34,727,'2023-10-21','2023-09-26 21:50:56','2023-10-18 10:31:21',0,'1','meal',1,1),(11644,34,739,'2023-10-21','2023-09-26 21:50:56','2023-10-18 10:31:36',0,'0','snack',1,1),(11645,34,721,'2023-10-21','2023-09-26 21:50:56','2023-10-18 10:31:21',0,'0','meal',1,1),(11646,34,712,'2023-10-21','2023-09-26 21:50:56','2023-10-18 10:31:21',0,'0','meal',1,1),(11647,34,715,'2023-10-21','2023-09-26 21:50:56','2023-10-18 10:31:21',0,'0','meal',1,1),(11648,34,718,'2023-10-21','2023-09-26 21:50:56','2023-10-18 10:31:21',0,'0','meal',1,1),(11649,34,724,'2023-10-21','2023-09-26 21:50:56','2023-10-18 10:31:21',0,'0','meal',1,1),(11650,34,706,'2023-10-21','2023-09-26 21:50:56','2023-10-18 10:31:21',0,'0','meal',1,1),(11651,34,771,'2023-10-22','2023-09-26 21:50:56','2023-10-18 10:34:00',0,'1','snack',1,1),(11652,34,742,'2023-10-22','2023-09-26 21:50:56','2023-10-18 10:34:00',0,'0','meal',1,1),(11653,34,774,'2023-10-22','2023-09-26 21:50:56','2023-10-18 10:34:00',0,'0','snack',1,1),(11654,34,755,'2023-10-22','2023-09-26 21:50:56','2023-10-18 10:34:00',0,'0','meal',1,1),(11655,34,777,'2023-10-22','2023-09-26 21:50:56','2023-10-18 10:34:00',0,'0','snack',1,1),(11656,34,748,'2023-10-22','2023-09-26 21:50:56','2023-10-18 10:34:00',0,'0','meal',1,1),(11657,34,759,'2023-10-22','2023-09-26 21:50:56','2023-10-18 10:34:00',0,'1','meal',1,1),(11658,34,752,'2023-10-22','2023-09-26 21:50:56','2023-10-18 10:34:00',0,'0','meal',1,1),(11659,34,762,'2023-10-22','2023-09-26 21:50:56','2023-10-18 10:34:00',0,'1','meal',1,1),(11660,34,768,'2023-10-22','2023-09-26 21:50:56','2023-10-18 10:34:00',0,'1','meal',1,1),(11661,34,765,'2023-10-22','2023-09-26 21:50:56','2023-10-18 10:34:00',0,'0','meal',1,1),(11662,34,780,'2023-10-23','2023-09-26 21:50:56','2023-10-18 10:35:43',0,'0','meal',1,1),(11663,34,808,'2023-10-23','2023-09-26 21:50:56','2023-10-18 10:35:43',0,'1','meal',1,1),(11664,34,786,'2023-10-23','2023-09-26 21:50:56','2023-10-18 10:35:43',0,'1','meal',1,1),(11665,34,795,'2023-10-23','2023-09-26 21:50:56','2023-10-18 10:35:43',0,'0','meal',1,1),(11666,34,792,'2023-10-23','2023-09-26 21:50:57','2023-10-18 10:35:43',0,'0','meal',1,1),(11667,34,802,'2023-10-23','2023-09-26 21:50:57','2023-10-18 10:35:43',0,'0','meal',1,1),(11668,34,789,'2023-10-23','2023-09-26 21:50:57','2023-10-18 10:35:43',0,'0','meal',1,1),(11669,34,798,'2023-10-23','2023-09-26 21:50:57','2023-10-18 10:35:43',0,'0','meal',1,1),(11670,34,805,'2023-10-23','2023-09-26 21:50:57','2023-10-18 10:35:43',0,'0','meal',1,1),(11671,34,811,'2023-10-23','2023-09-26 21:50:57','2023-10-18 10:35:43',0,'0','meal',1,1),(11672,34,814,'2023-10-23','2023-09-26 21:50:57','2023-10-18 10:35:43',0,'0','meal',1,1),(11673,34,783,'2023-10-23','2023-09-26 21:50:57','2023-10-18 10:35:43',0,'1','meal',1,1),(11674,34,817,'2023-10-23','2023-09-26 21:50:57','2023-10-18 10:35:43',0,'1','snack',1,1),(11675,34,820,'2023-10-23','2023-09-26 21:50:57','2023-10-18 10:35:43',0,'0','snack',1,1),(11676,34,823,'2023-10-23','2023-09-26 21:50:57','2023-10-18 10:35:43',0,'0','snack',1,1),(11677,34,826,'2023-10-23','2023-09-26 21:50:57','2023-10-18 10:35:43',0,'0','snack',1,1),(11678,34,829,'2023-10-24','2023-09-26 21:50:57','2023-10-18 10:37:28',0,'0','meal',1,1),(11679,34,866,'2023-10-24','2023-09-26 21:50:57','2023-10-18 10:37:28',0,'1','snack',1,1),(11680,34,837,'2023-10-24','2023-09-26 21:50:57','2023-10-18 10:37:28',0,'0','meal',1,1),(11681,34,869,'2023-10-24','2023-09-26 21:50:57','2023-10-18 10:37:28',0,'0','snack',1,1),(11682,34,841,'2023-10-24','2023-09-26 21:50:57','2023-10-18 10:37:28',0,'1','meal',1,1),(11683,34,860,'2023-10-24','2023-09-26 21:50:57','2023-10-18 10:37:28',0,'0','snack',1,1),(11684,34,844,'2023-10-24','2023-09-26 21:50:57','2023-10-18 10:37:28',0,'0','meal',1,1),(11685,34,850,'2023-10-24','2023-09-26 21:50:57','2023-10-18 10:37:28',0,'1','meal',1,1),(11686,34,857,'2023-10-24','2023-09-26 21:50:57','2023-10-18 10:37:28',0,'1','meal',1,1),(11687,34,832,'2023-10-24','2023-09-26 21:50:57','2023-10-18 10:37:28',0,'0','meal',1,1),(11688,34,847,'2023-10-24','2023-09-26 21:50:57','2023-10-18 10:37:28',0,'0','meal',1,1),(11689,34,854,'2023-10-24','2023-09-26 21:50:57','2023-10-18 10:37:28',0,'0','meal',1,1),(11690,35,1008,'2023-09-30','2023-09-27 08:48:33','2023-09-27 08:58:44',0,'0','meal',1,1),(11691,35,1002,'2023-09-30','2023-09-27 08:48:33','2023-09-27 08:58:44',0,'0','meal',1,1),(11692,35,1017,'2023-09-30','2023-09-27 08:48:33','2023-09-27 08:58:44',0,'1','meal',1,1),(11693,35,1011,'2023-09-30','2023-09-27 08:48:33','2023-09-27 08:58:44',0,'0','meal',1,1),(11694,35,1020,'2023-09-30','2023-09-27 08:48:33','2023-09-27 08:58:44',0,'1','meal',1,1),(11695,35,1023,'2023-09-30','2023-09-27 08:48:33','2023-09-27 08:58:44',0,'0','meal',1,1),(11696,35,1005,'2023-09-30','2023-09-27 08:48:33','2023-09-27 08:58:44',0,'0','meal',1,1),(11697,35,1014,'2023-09-30','2023-09-27 08:48:33','2023-09-27 08:58:44',0,'0','meal',1,1),(11698,35,1026,'2023-09-30','2023-09-27 08:48:33','2023-09-27 08:58:44',0,'0','meal',1,1),(11699,35,999,'2023-09-30','2023-09-27 08:48:33','2023-09-27 08:58:44',0,'1','meal',1,1),(11700,35,1029,'2023-09-30','2023-09-27 08:48:33','2023-09-27 11:39:39',0,'0','snack',1,1),(11701,35,1032,'2023-09-30','2023-09-27 08:48:33','2023-09-27 11:39:39',0,'0','snack',1,1),(11702,35,1035,'2023-09-30','2023-09-27 08:48:33','2023-09-27 11:39:39',0,'0','snack',1,1),(11703,35,1038,'2023-09-30','2023-09-27 08:48:33','2023-09-27 11:39:39',0,'1','snack',1,1),(11704,35,36,'2023-10-01','2023-09-27 08:48:33','2023-09-27 09:01:06',0,'0','snack',1,1),(11705,35,49,'2023-10-01','2023-09-27 08:48:33','2023-09-27 09:01:06',0,'1','meal',1,1),(11706,35,16,'2023-10-01','2023-09-27 08:48:33','2023-09-27 09:01:06',0,'1','meal',1,1),(11707,35,39,'2023-10-01','2023-09-27 08:48:33','2023-09-27 09:01:06',0,'1','snack',1,1),(11708,35,19,'2023-10-01','2023-09-27 08:48:33','2023-09-27 09:01:06',0,'0','meal',1,1),(11709,35,42,'2023-10-01','2023-09-27 08:48:33','2023-09-27 09:01:06',0,'0','snack',1,1),(11710,35,27,'2023-10-01','2023-09-27 08:48:33','2023-09-27 09:01:06',0,'0','meal',1,1),(11711,35,45,'2023-10-01','2023-09-27 08:48:33','2023-09-27 09:01:06',0,'0','snack',1,1),(11712,35,1209,'2023-10-01','2023-09-27 08:48:33','2023-09-27 09:01:06',0,'1','meal',1,1),(11713,35,30,'2023-10-01','2023-09-27 08:48:33','2023-09-27 09:01:06',0,'0','meal',1,1),(11714,35,1103,'2023-10-01','2023-09-27 08:48:33','2023-09-27 09:01:06',0,'0','meal',1,1),(11715,35,23,'2023-10-01','2023-09-27 08:48:33','2023-09-27 09:01:06',0,'0','meal',1,1),(11716,35,33,'2023-10-01','2023-09-27 08:48:33','2023-09-27 09:01:06',0,'0','meal',1,1),(11717,35,1230,'2023-10-01','2023-09-27 08:48:33','2023-09-27 09:01:06',0,'0','meal',1,1),(11718,35,52,'2023-10-01','2023-09-27 08:48:33','2023-09-27 09:01:06',0,'0','meal',1,1),(11719,35,55,'2023-10-02','2023-09-27 08:48:33','2023-09-27 09:02:29',0,'1','meal',1,1),(11720,35,84,'2023-10-02','2023-09-27 08:48:33','2023-09-27 09:02:29',0,'0','snack',1,1),(11721,35,61,'2023-10-02','2023-09-27 08:48:33','2023-09-27 09:02:29',0,'0','meal',1,1),(11722,35,87,'2023-10-02','2023-09-27 08:48:33','2023-09-27 09:02:29',0,'1','snack',1,1),(11723,35,71,'2023-10-02','2023-09-27 08:48:33','2023-09-27 09:02:29',0,'1','meal',1,1),(11724,35,90,'2023-10-02','2023-09-27 08:48:33','2023-09-27 09:02:29',0,'0','snack',1,1),(11725,35,78,'2023-10-02','2023-09-27 08:48:33','2023-09-27 09:02:29',0,'0','meal',1,1),(11726,35,95,'2023-10-02','2023-09-27 08:48:33','2023-09-27 09:02:29',0,'0','snack',1,1),(11727,35,74,'2023-10-02','2023-09-27 08:48:33','2023-09-27 09:02:29',0,'1','meal',1,1),(11728,35,81,'2023-10-02','2023-09-27 08:48:33','2023-09-27 09:02:29',0,'0','meal',1,1),(11729,35,65,'2023-10-02','2023-09-27 08:48:33','2023-09-27 09:02:29',0,'0','meal',1,1),(11730,35,58,'2023-10-02','2023-09-27 08:48:33','2023-09-27 09:02:29',0,'0','meal',1,1),(11731,35,97,'2023-10-03','2023-09-27 08:48:33','2023-09-27 09:04:02',0,'0','meal',1,1),(11732,35,129,'2023-10-03','2023-09-27 08:48:33','2023-09-27 09:04:02',0,'1','snack',1,1),(11733,35,113,'2023-10-03','2023-09-27 08:48:33','2023-09-27 09:04:02',0,'0','meal',1,1),(11734,35,132,'2023-10-03','2023-09-27 08:48:33','2023-09-27 09:04:02',0,'0','snack',1,1),(11735,35,123,'2023-10-03','2023-09-27 08:48:33','2023-09-27 09:04:02',0,'1','meal',1,1),(11736,35,135,'2023-10-03','2023-09-27 08:48:33','2023-09-27 09:04:02',0,'0','snack',1,1),(11737,35,119,'2023-10-03','2023-09-27 08:48:33','2023-09-27 09:04:02',0,'0','meal',1,1),(11738,35,138,'2023-10-03','2023-09-27 08:48:33','2023-09-27 09:04:02',0,'0','snack',1,1),(11739,35,126,'2023-10-03','2023-09-27 08:48:33','2023-09-27 09:04:02',0,'0','meal',1,1),(11740,35,116,'2023-10-03','2023-09-27 08:48:33','2023-09-27 09:04:02',0,'0','meal',1,1),(11741,35,104,'2023-10-03','2023-09-27 08:48:33','2023-09-27 09:04:02',0,'0','meal',1,1),(11742,35,107,'2023-10-03','2023-09-27 08:48:33','2023-09-27 09:04:02',0,'0','meal',1,1),(11743,35,110,'2023-10-03','2023-09-27 08:48:33','2023-09-27 09:04:02',0,'1','meal',1,1),(11744,35,101,'2023-10-03','2023-09-27 08:48:33','2023-09-27 09:04:02',0,'1','meal',1,1),(11745,35,142,'2023-10-04','2023-09-27 08:48:33','2023-09-27 09:04:42',0,'0','meal',1,1),(11746,35,169,'2023-10-04','2023-09-27 08:48:33','2023-09-27 09:04:42',0,'0','snack',1,1),(11747,35,163,'2023-10-04','2023-09-27 08:48:33','2023-09-27 09:04:42',0,'0','meal',1,1),(11748,35,172,'2023-10-04','2023-09-27 08:48:33','2023-09-27 09:04:42',0,'1','snack',1,1),(11749,35,1148,'2023-10-04','2023-09-27 08:48:33','2023-09-27 09:04:42',0,'0','snack',1,1),(11750,35,157,'2023-10-04','2023-09-27 08:48:33','2023-09-27 09:04:42',0,'1','meal',1,1),(11751,35,148,'2023-10-04','2023-09-27 08:48:33','2023-09-27 09:04:42',0,'0','meal',1,1),(11752,35,178,'2023-10-04','2023-09-27 08:48:33','2023-09-27 09:04:42',0,'0','snack',1,1),(11753,35,981,'2023-10-04','2023-09-27 08:48:33','2023-09-27 09:04:42',0,'0','meal',1,1),(11754,35,166,'2023-10-04','2023-09-27 08:48:33','2023-09-27 09:04:42',0,'1','meal',1,1),(11755,35,151,'2023-10-04','2023-09-27 08:48:33','2023-09-27 09:04:42',0,'0','meal',1,1),(11756,35,154,'2023-10-04','2023-09-27 08:48:33','2023-09-27 09:04:42',0,'0','meal',1,1),(11757,35,145,'2023-10-04','2023-09-27 08:48:33','2023-09-27 09:04:42',0,'1','meal',1,1),(11758,35,205,'2023-10-05','2023-09-27 08:48:33','2023-10-03 23:00:17',0,'0','snack',1,1),(11759,35,217,'2023-10-05','2023-09-27 08:48:33','2023-09-27 09:05:40',0,'0','meal',1,1),(11760,35,184,'2023-10-05','2023-09-27 08:48:33','2023-09-27 09:05:40',0,'0','meal',1,1),(11761,35,208,'2023-10-05','2023-09-27 08:48:33','2023-10-03 23:00:17',0,'1','snack',1,1),(11762,35,187,'2023-10-05','2023-09-27 08:48:33','2023-09-27 09:05:40',0,'0','meal',1,1),(11763,35,211,'2023-10-05','2023-09-27 08:48:33','2023-10-03 23:00:17',0,'0','snack',1,1),(11764,35,193,'2023-10-05','2023-09-27 08:48:33','2023-09-27 09:05:40',0,'0','meal',1,1),(11765,35,214,'2023-10-05','2023-09-27 08:48:33','2023-10-03 23:00:17',0,'0','snack',1,1),(11766,35,190,'2023-10-05','2023-09-27 08:48:33','2023-09-27 09:05:40',0,'1','meal',1,1),(11767,35,199,'2023-10-05','2023-09-27 08:48:33','2023-09-27 09:05:40',0,'0','meal',1,1),(11768,35,196,'2023-10-05','2023-09-27 08:48:33','2023-09-27 09:05:40',0,'1','meal',1,1),(11769,35,202,'2023-10-05','2023-09-27 08:48:33','2023-09-27 09:05:40',0,'0','meal',1,1),(11770,35,220,'2023-10-05','2023-09-27 08:48:33','2023-09-27 09:05:40',0,'1','meal',1,1),(11771,35,257,'2023-10-07','2023-09-27 08:48:33','2023-09-27 09:07:53',0,'0','snack',1,1),(11772,35,223,'2023-10-07','2023-09-27 08:48:33','2023-09-27 09:07:53',0,'1','meal',1,1),(11773,35,260,'2023-10-07','2023-09-27 08:48:33','2023-09-27 09:07:53',0,'1','snack',1,1),(11774,35,239,'2023-10-07','2023-09-27 08:48:33','2023-09-27 09:07:53',0,'1','meal',1,1),(11775,35,266,'2023-10-07','2023-09-27 08:48:33','2023-09-27 09:07:53',0,'0','snack',1,1),(11776,35,251,'2023-10-07','2023-09-27 08:48:33','2023-09-27 09:07:53',0,'0','meal',1,1),(11777,35,263,'2023-10-07','2023-09-27 08:48:33','2023-09-27 09:07:53',0,'0','snack',1,1),(11778,35,236,'2023-10-07','2023-09-27 08:48:33','2023-09-27 09:07:53',0,'0','meal',1,1),(11779,35,230,'2023-10-07','2023-09-27 08:48:33','2023-09-27 09:07:53',0,'1','meal',1,1),(11780,35,245,'2023-10-07','2023-09-27 08:48:33','2023-09-27 09:07:53',0,'0','meal',1,1),(11781,35,233,'2023-10-07','2023-09-27 08:48:33','2023-09-27 09:07:53',0,'0','meal',1,1),(11782,35,242,'2023-10-07','2023-09-27 08:48:33','2023-09-27 09:07:53',0,'0','meal',1,1),(11783,35,248,'2023-10-07','2023-09-27 08:48:33','2023-09-27 09:07:53',0,'0','meal',1,1),(11784,35,226,'2023-10-07','2023-09-27 08:48:33','2023-09-27 09:07:53',0,'0','meal',1,1),(11785,35,254,'2023-10-07','2023-09-27 08:48:33','2023-09-27 09:07:53',0,'0','meal',1,1),(11786,35,269,'2023-10-08','2023-09-27 08:48:33','2023-09-27 09:08:48',0,'0','meal',1,1),(11787,35,294,'2023-10-08','2023-09-27 08:48:33','2023-09-27 09:08:48',0,'0','snack',1,1),(11788,35,276,'2023-10-08','2023-09-27 08:48:33','2023-09-27 09:08:48',0,'0','meal',1,1),(11789,35,297,'2023-10-08','2023-09-27 08:48:33','2023-09-27 09:08:48',0,'0','snack',1,1),(11790,35,279,'2023-10-08','2023-09-27 08:48:33','2023-09-27 09:08:48',0,'1','meal',1,1),(11791,35,300,'2023-10-08','2023-09-27 08:48:33','2023-09-27 09:08:48',0,'1','snack',1,1),(11792,35,291,'2023-10-08','2023-09-27 08:48:33','2023-09-27 09:08:48',0,'0','meal',1,1),(11793,35,303,'2023-10-08','2023-09-27 08:48:33','2023-09-27 09:08:48',0,'0','snack',1,1),(11794,35,288,'2023-10-08','2023-09-27 08:48:33','2023-09-27 09:08:48',0,'0','meal',1,1),(11795,35,282,'2023-10-08','2023-09-27 08:48:33','2023-09-27 09:08:48',0,'1','meal',1,1),(11796,35,273,'2023-10-08','2023-09-27 08:48:33','2023-09-27 09:08:48',0,'1','meal',1,1),(11797,35,285,'2023-10-08','2023-09-27 08:48:33','2023-09-27 09:08:48',0,'0','meal',1,1),(11798,35,324,'2023-10-09','2023-09-27 08:48:33','2023-09-27 09:10:41',0,'1','meal',1,1),(11799,35,330,'2023-10-09','2023-09-27 08:48:33','2023-09-27 09:10:41',0,'0','snack',1,1),(11800,35,306,'2023-10-09','2023-09-27 08:48:33','2023-09-27 09:10:41',0,'0','meal',1,1),(11801,35,333,'2023-10-09','2023-09-27 08:48:33','2023-09-27 09:10:41',0,'1','snack',1,1),(11802,35,321,'2023-10-09','2023-09-27 08:48:33','2023-09-27 09:10:41',0,'0','meal',1,1),(11803,35,1188,'2023-10-09','2023-09-27 08:48:33','2023-09-27 09:10:41',0,'0','snack',1,1),(11804,35,309,'2023-10-09','2023-09-27 08:48:33','2023-09-27 09:10:41',0,'0','meal',1,1),(11805,35,1143,'2023-10-09','2023-09-27 08:48:33','2023-09-27 09:10:41',0,'0','snack',1,1),(11806,35,315,'2023-10-09','2023-09-27 08:48:33','2023-09-27 09:10:41',0,'1','meal',1,1),(11807,35,318,'2023-10-09','2023-09-27 08:48:33','2023-09-27 09:10:41',0,'0','meal',1,1),(11808,35,312,'2023-10-09','2023-09-27 08:48:33','2023-09-27 09:10:41',0,'0','meal',1,1),(11809,35,327,'2023-10-09','2023-09-27 08:48:33','2023-09-27 09:10:41',0,'1','meal',1,1),(11810,35,342,'2023-10-10','2023-09-27 08:48:33','2023-09-27 09:13:08',0,'0','meal',1,1),(11811,35,375,'2023-10-10','2023-09-27 08:48:33','2023-09-27 09:13:08',0,'0','meal',1,1),(11812,35,348,'2023-10-10','2023-09-27 08:48:33','2023-09-27 09:13:08',0,'1','meal',1,1),(11813,35,363,'2023-10-10','2023-09-27 08:48:33','2023-09-27 09:13:08',0,'0','meal',1,1),(11814,35,354,'2023-10-10','2023-09-27 08:48:33','2023-09-27 09:13:08',0,'0','meal',1,1),(11815,35,1226,'2023-10-10','2023-09-27 08:48:33','2023-09-27 09:13:08',0,'0','meal',1,1),(11816,35,345,'2023-10-10','2023-09-27 08:48:33','2023-09-27 09:13:08',0,'1','meal',1,1),(11817,35,357,'2023-10-10','2023-09-27 08:48:33','2023-09-27 09:13:08',0,'0','meal',1,1),(11818,35,360,'2023-10-10','2023-09-27 08:48:33','2023-09-27 09:13:08',0,'0','meal',1,1),(11819,35,366,'2023-10-10','2023-09-27 08:48:33','2023-09-27 09:13:08',0,'1','meal',1,1),(11820,35,369,'2023-10-10','2023-09-27 08:48:33','2023-09-27 09:13:08',0,'0','meal',1,1),(11821,35,372,'2023-10-10','2023-09-27 08:48:33','2023-09-27 09:13:08',0,'0','meal',1,1),(11822,35,380,'2023-10-10','2023-09-27 08:48:33','2023-09-27 09:13:08',0,'0','meal',1,1),(11823,35,382,'2023-10-10','2023-09-27 08:48:33','2023-09-27 09:13:08',0,'0','snack',1,1),(11824,35,385,'2023-10-10','2023-09-27 08:48:33','2023-09-27 09:13:08',0,'1','snack',1,1),(11825,35,388,'2023-10-10','2023-09-27 08:48:33','2023-09-27 09:13:08',0,'0','snack',1,1),(11826,35,391,'2023-10-10','2023-09-27 08:48:33','2023-09-27 09:13:08',0,'0','snack',1,1),(11827,35,394,'2023-10-11','2023-09-27 08:48:33','2023-09-27 09:14:52',0,'1','meal',1,1),(11828,35,416,'2023-10-11','2023-09-27 08:48:33','2023-09-27 09:14:52',0,'0','meal',1,1),(11829,35,403,'2023-10-11','2023-09-27 08:48:33','2023-09-27 09:14:52',0,'1','meal',1,1),(11830,35,400,'2023-10-11','2023-09-27 08:48:33','2023-09-27 09:14:52',0,'1','meal',1,1),(11831,35,410,'2023-10-11','2023-09-27 08:48:33','2023-09-27 09:14:52',0,'0','meal',1,1),(11832,35,406,'2023-10-11','2023-09-27 08:48:33','2023-09-27 09:14:52',0,'0','meal',1,1),(11833,35,397,'2023-10-11','2023-09-27 08:48:33','2023-09-27 09:14:52',0,'0','meal',1,1),(11834,35,413,'2023-10-11','2023-09-27 08:48:33','2023-09-27 09:14:52',0,'0','meal',1,1),(11835,35,419,'2023-10-11','2023-09-27 08:48:33','2023-09-27 09:14:52',0,'0','snack',1,1),(11836,35,422,'2023-10-11','2023-09-27 08:48:33','2023-09-27 09:14:52',0,'1','snack',1,1),(11837,35,425,'2023-10-11','2023-09-27 08:48:33','2023-09-27 09:14:52',0,'0','snack',1,1),(11838,35,428,'2023-10-11','2023-09-27 08:48:33','2023-09-27 09:14:52',0,'0','snack',1,1),(11839,35,431,'2023-10-12','2023-09-27 08:48:33','2023-09-27 09:16:29',0,'1','meal',1,1),(11840,35,452,'2023-10-12','2023-09-27 08:48:33','2023-09-27 09:16:29',0,'0','meal',1,1),(11841,35,440,'2023-10-12','2023-09-27 08:48:33','2023-09-27 09:16:29',0,'0','meal',1,1),(11842,35,437,'2023-10-12','2023-09-27 08:48:33','2023-09-27 09:16:29',0,'1','meal',1,1),(11843,35,446,'2023-10-12','2023-09-27 08:48:33','2023-09-27 09:16:29',0,'0','meal',1,1),(11844,35,443,'2023-10-12','2023-09-27 08:48:33','2023-09-27 09:16:29',0,'0','meal',1,1),(11845,35,449,'2023-10-12','2023-09-27 08:48:33','2023-09-27 09:16:29',0,'0','meal',1,1),(11846,35,455,'2023-10-12','2023-09-27 08:48:33','2023-09-27 09:16:29',0,'0','snack',1,1),(11847,35,458,'2023-10-12','2023-09-27 08:48:33','2023-09-27 09:16:29',0,'1','snack',1,1),(11848,35,461,'2023-10-12','2023-09-27 08:48:33','2023-09-27 09:16:29',0,'0','snack',1,1),(11849,35,464,'2023-10-12','2023-09-27 08:48:33','2023-09-27 09:16:29',0,'0','snack',1,1),(11850,35,482,'2023-10-12','2023-09-27 08:48:33','2023-09-27 09:16:29',0,'1','meal',1,1),(11851,35,467,'2023-10-14','2023-09-27 08:48:33','2023-09-27 09:17:43',0,'1','meal',1,1),(11852,35,500,'2023-10-14','2023-09-27 08:48:33','2023-09-27 09:17:43',0,'0','snack',1,1),(11853,35,475,'2023-10-14','2023-09-27 08:48:33','2023-09-27 09:17:43',0,'0','meal',1,1),(11854,35,488,'2023-10-14','2023-09-27 08:48:33','2023-09-27 09:17:43',0,'1','snack',1,1),(11855,35,479,'2023-10-14','2023-09-27 08:48:33','2023-09-27 09:17:43',0,'0','meal',1,1),(11856,35,491,'2023-10-14','2023-09-27 08:48:33','2023-09-27 09:17:43',0,'0','snack',1,1),(11857,35,485,'2023-10-14','2023-09-27 08:48:33','2023-09-27 09:17:43',0,'0','meal',1,1),(11858,35,494,'2023-10-14','2023-09-27 08:48:33','2023-09-27 09:17:43',0,'0','snack',1,1),(11859,35,1266,'2023-10-14','2023-09-27 08:48:33','2023-09-27 09:17:43',0,'0','meal',1,1),(11860,35,473,'2023-10-14','2023-09-27 08:48:33','2023-09-27 09:17:43',0,'1','meal',1,1),(11861,35,470,'2023-10-14','2023-09-27 08:48:33','2023-09-27 09:17:43',0,'1','meal',1,1),(11862,35,531,'2023-10-15','2023-09-27 08:48:33','2023-09-27 08:48:33',0,'1','snack',0,1),(11863,35,503,'2023-10-15','2023-09-27 08:48:33','2023-09-27 09:18:26',0,'0','meal',1,1),(11864,35,519,'2023-10-15','2023-09-27 08:48:33','2023-09-27 09:18:26',0,'0','meal',1,1),(11865,35,540,'2023-10-15','2023-09-27 08:48:33','2023-09-27 08:48:33',0,'0','snack',0,1),(11866,35,516,'2023-10-15','2023-09-27 08:48:33','2023-09-27 09:18:26',0,'1','meal',1,1),(11867,35,534,'2023-10-15','2023-09-27 08:48:33','2023-09-27 08:48:33',0,'0','snack',0,1),(11868,35,512,'2023-10-15','2023-09-27 08:48:33','2023-09-27 09:18:26',0,'1','meal',1,1),(11869,35,537,'2023-10-15','2023-09-27 08:48:33','2023-09-27 08:48:33',0,'0','snack',0,1),(11870,35,522,'2023-10-15','2023-09-27 08:48:33','2023-09-27 09:18:26',0,'0','meal',1,1),(11871,35,509,'2023-10-15','2023-09-27 08:48:33','2023-09-27 09:18:26',0,'0','meal',1,1),(11872,35,525,'2023-10-15','2023-09-27 08:48:33','2023-09-27 09:18:26',0,'0','meal',1,1),(11873,35,506,'2023-10-15','2023-09-27 08:48:33','2023-09-27 09:18:26',0,'1','meal',1,1),(11874,35,528,'2023-10-15','2023-09-27 08:48:33','2023-09-27 09:18:26',0,'0','meal',1,1),(11875,35,543,'2023-10-16','2023-09-27 08:48:33','2023-09-27 09:19:42',0,'0','meal',1,1),(11876,35,549,'2023-10-16','2023-09-27 08:48:33','2023-09-27 09:19:42',0,'1','meal',1,1),(11877,35,555,'2023-10-16','2023-09-27 08:48:33','2023-09-27 09:19:42',0,'0','meal',1,1),(11878,35,558,'2023-10-16','2023-09-27 08:48:33','2023-09-27 09:19:42',0,'1','meal',1,1),(11879,35,565,'2023-10-16','2023-09-27 08:48:33','2023-09-27 09:19:42',0,'0','meal',1,1),(11880,35,568,'2023-10-16','2023-09-27 08:48:33','2023-09-27 09:19:42',0,'0','meal',1,1),(11881,35,561,'2023-10-16','2023-09-27 08:48:33','2023-09-27 09:19:42',0,'0','meal',1,1),(11882,35,571,'2023-10-16','2023-09-27 08:48:33','2023-09-27 09:19:42',0,'0','meal',1,1),(11883,35,546,'2023-10-16','2023-09-27 08:48:33','2023-09-27 09:19:42',0,'1','meal',1,1),(11884,35,574,'2023-10-16','2023-09-27 08:48:33','2023-09-27 09:19:42',0,'0','snack',1,1),(11885,35,577,'2023-10-16','2023-09-27 08:48:33','2023-09-27 09:19:42',0,'1','snack',1,1),(11886,35,580,'2023-10-16','2023-09-27 08:48:33','2023-09-27 09:19:42',0,'0','snack',1,1),(11887,35,583,'2023-10-16','2023-09-27 08:48:33','2023-09-27 09:19:42',0,'0','snack',1,1),(11888,35,586,'2023-10-17','2023-09-27 08:48:33','2023-09-27 09:20:56',0,'1','meal',1,1),(11889,35,611,'2023-10-17','2023-09-27 08:48:34','2023-09-27 09:20:56',0,'1','meal',1,1),(11890,35,592,'2023-10-17','2023-09-27 08:48:34','2023-09-27 09:20:56',0,'1','meal',1,1),(11891,35,596,'2023-10-17','2023-09-27 08:48:34','2023-09-27 09:20:56',0,'0','meal',1,1),(11892,35,602,'2023-10-17','2023-09-27 08:48:34','2023-09-27 09:20:56',0,'0','meal',1,1),(11893,35,605,'2023-10-17','2023-09-27 08:48:34','2023-09-27 09:20:56',0,'0','meal',1,1),(11894,35,599,'2023-10-17','2023-09-27 08:48:34','2023-09-27 09:20:56',0,'0','meal',1,1),(11895,35,608,'2023-10-17','2023-09-27 08:48:34','2023-09-27 09:20:56',0,'0','meal',1,1),(11896,35,589,'2023-10-17','2023-09-27 08:48:34','2023-09-27 09:20:56',0,'0','meal',1,1),(11897,35,614,'2023-10-17','2023-09-27 08:48:34','2023-09-27 09:20:56',0,'0','snack',1,1),(11898,35,617,'2023-10-17','2023-09-27 08:48:34','2023-09-27 09:20:56',0,'0','snack',1,1),(11899,35,620,'2023-10-17','2023-09-27 08:48:34','2023-09-27 09:20:56',0,'1','snack',1,1),(11900,35,623,'2023-10-17','2023-09-27 08:48:34','2023-09-27 09:20:56',0,'0','snack',1,1),(11901,35,626,'2023-10-18','2023-09-27 08:48:34','2023-09-27 09:22:36',0,'1','meal',1,1),(11902,35,655,'2023-10-18','2023-09-27 08:48:34','2023-09-27 09:22:36',0,'0','meal',1,1),(11903,35,639,'2023-10-18','2023-09-27 08:48:34','2023-09-27 09:22:36',0,'1','meal',1,1),(11904,35,636,'2023-10-18','2023-09-27 08:48:34','2023-09-27 09:22:36',0,'0','meal',1,1),(11905,35,649,'2023-10-18','2023-09-27 08:48:34','2023-09-27 09:22:36',0,'1','meal',1,1),(11906,35,633,'2023-10-18','2023-09-27 08:48:34','2023-09-27 09:22:36',0,'0','meal',1,1),(11907,35,643,'2023-10-18','2023-09-27 08:48:34','2023-09-27 09:22:36',0,'0','meal',1,1),(11908,35,652,'2023-10-18','2023-09-27 08:48:34','2023-09-27 09:22:36',0,'0','meal',1,1),(11909,35,646,'2023-10-18','2023-09-27 08:48:34','2023-09-27 09:22:36',0,'0','meal',1,1),(11910,35,630,'2023-10-18','2023-09-27 08:48:34','2023-09-27 09:22:36',0,'0','meal',1,1),(11911,35,658,'2023-10-18','2023-09-27 08:48:34','2023-09-27 09:22:36',0,'0','snack',1,1),(11912,35,661,'2023-10-18','2023-09-27 08:48:34','2023-09-27 09:22:36',0,'1','snack',1,1),(11913,35,665,'2023-10-18','2023-09-27 08:48:34','2023-09-27 09:22:36',0,'0','snack',1,1),(11914,35,668,'2023-10-18','2023-09-27 08:48:34','2023-09-27 09:22:36',0,'0','snack',1,1),(11915,35,671,'2023-10-19','2023-09-27 08:48:34','2023-09-27 09:23:14',0,'1','meal',1,1),(11916,35,677,'2023-10-19','2023-09-27 08:48:34','2023-09-27 09:23:14',0,'0','meal',1,1),(11917,35,680,'2023-10-19','2023-09-27 08:48:34','2023-09-27 09:23:14',0,'1','meal',1,1),(11918,35,683,'2023-10-19','2023-09-27 08:48:34','2023-09-27 09:23:14',0,'1','meal',1,1),(11919,35,689,'2023-10-19','2023-09-27 08:48:34','2023-09-27 09:23:14',0,'0','meal',1,1),(11920,35,686,'2023-10-19','2023-09-27 08:48:34','2023-09-27 09:23:14',0,'0','meal',1,1),(11921,35,674,'2023-10-19','2023-09-27 08:48:34','2023-09-27 09:23:14',0,'0','meal',1,1),(11922,35,695,'2023-10-19','2023-09-27 08:48:34','2023-09-27 09:23:14',0,'1','snack',1,1),(11923,35,698,'2023-10-19','2023-09-27 08:48:34','2023-09-27 09:23:14',0,'0','snack',1,1),(11924,35,701,'2023-10-19','2023-09-27 08:48:34','2023-09-27 09:23:14',0,'0','snack',1,1),(11925,35,704,'2023-10-21','2023-09-27 08:48:34','2023-09-27 09:24:19',0,'1','meal',1,1),(11926,35,750,'2023-10-21','2023-09-27 08:48:34','2023-09-27 09:24:19',0,'1','snack',1,1),(11927,35,710,'2023-10-21','2023-09-27 08:48:34','2023-09-27 09:24:19',0,'0','meal',1,1),(11928,35,734,'2023-10-21','2023-09-27 08:48:34','2023-09-27 09:24:19',0,'0','snack',1,1),(11929,35,731,'2023-10-21','2023-09-27 08:48:34','2023-09-27 09:24:19',0,'0','meal',1,1),(11930,35,737,'2023-10-21','2023-09-27 08:48:34','2023-09-27 09:24:19',0,'0','snack',1,1),(11931,35,728,'2023-10-21','2023-09-27 08:48:34','2023-09-27 09:24:19',0,'0','meal',1,1),(11932,35,740,'2023-10-21','2023-09-27 08:48:34','2023-09-27 09:24:19',0,'0','snack',1,1),(11933,35,722,'2023-10-21','2023-09-27 08:48:34','2023-09-27 09:24:19',0,'1','meal',1,1),(11934,35,713,'2023-10-21','2023-09-27 08:48:34','2023-09-27 09:24:19',0,'0','meal',1,1),(11935,35,716,'2023-10-21','2023-09-27 08:48:34','2023-09-27 09:24:19',0,'0','meal',1,1),(11936,35,719,'2023-10-21','2023-09-27 08:48:34','2023-09-27 09:24:19',0,'0','meal',1,1),(11937,35,725,'2023-10-21','2023-09-27 08:48:34','2023-09-27 09:24:19',0,'0','meal',1,1),(11938,35,707,'2023-10-21','2023-09-27 08:48:34','2023-09-27 09:24:19',0,'1','meal',1,1),(11939,35,772,'2023-10-22','2023-09-27 08:48:34','2023-09-27 09:25:16',0,'1','snack',1,1),(11940,35,743,'2023-10-22','2023-09-27 08:48:34','2023-09-27 09:25:16',0,'1','meal',1,1),(11941,35,775,'2023-10-22','2023-09-27 08:48:34','2023-09-27 09:25:16',0,'0','snack',1,1),(11942,35,756,'2023-10-22','2023-09-27 08:48:34','2023-09-27 09:25:16',0,'1','meal',1,1),(11943,35,1290,'2023-10-22','2023-09-27 08:48:34','2023-09-27 09:25:16',0,'0','snack',1,1),(11944,35,746,'2023-10-22','2023-09-27 08:48:34','2023-09-27 09:25:16',0,'1','meal',1,1),(11945,35,760,'2023-10-22','2023-09-27 08:48:34','2023-09-27 09:25:16',0,'0','meal',1,1),(11946,35,753,'2023-10-22','2023-09-27 08:48:34','2023-09-27 09:25:16',0,'0','meal',1,1),(11947,35,1131,'2023-10-22','2023-09-27 08:48:34','2023-09-27 09:25:16',0,'0','meal',1,1),(11948,35,763,'2023-10-22','2023-09-27 08:48:34','2023-09-27 09:25:16',0,'0','meal',1,1),(11949,35,769,'2023-10-22','2023-09-27 08:48:34','2023-09-27 09:25:16',0,'0','meal',1,1),(11950,35,766,'2023-10-22','2023-09-27 08:48:34','2023-09-27 09:25:16',0,'0','meal',1,1),(11951,35,781,'2023-10-23','2023-09-27 08:48:34','2023-09-27 09:26:29',0,'1','meal',1,1),(11952,35,809,'2023-10-23','2023-09-27 08:48:34','2023-09-27 09:26:29',0,'1','meal',1,1),(11953,35,787,'2023-10-23','2023-09-27 08:48:34','2023-09-27 09:26:29',0,'0','meal',1,1),(11954,35,796,'2023-10-23','2023-09-27 08:48:34','2023-09-27 09:26:29',0,'1','meal',1,1),(11955,35,790,'2023-10-23','2023-09-27 08:48:34','2023-09-27 09:26:29',0,'0','meal',1,1),(11956,35,801,'2023-10-23','2023-09-27 08:48:34','2023-09-27 09:26:29',0,'0','meal',1,1),(11957,35,793,'2023-10-23','2023-09-27 08:48:34','2023-09-27 09:26:29',0,'0','meal',1,1),(11958,35,803,'2023-10-23','2023-09-27 08:48:34','2023-09-27 09:26:29',0,'0','meal',1,1),(11959,35,806,'2023-10-23','2023-09-27 08:48:34','2023-09-27 09:26:29',0,'0','meal',1,1),(11960,35,812,'2023-10-23','2023-09-27 08:48:34','2023-09-27 09:26:29',0,'0','meal',1,1),(11961,35,815,'2023-10-23','2023-09-27 08:48:34','2023-09-27 09:26:29',0,'0','meal',1,1),(11962,35,784,'2023-10-23','2023-09-27 08:48:34','2023-09-27 09:26:29',0,'0','meal',1,1),(11963,35,818,'2023-10-23','2023-09-27 08:48:34','2023-09-27 09:26:29',0,'1','snack',1,1),(11964,35,821,'2023-10-23','2023-09-27 08:48:34','2023-09-27 09:26:29',0,'0','snack',1,1),(11965,35,824,'2023-10-23','2023-09-27 08:48:34','2023-09-27 09:26:29',0,'0','snack',1,1),(11966,35,827,'2023-10-23','2023-09-27 08:48:34','2023-09-27 09:26:29',0,'0','snack',1,1),(11967,35,830,'2023-10-24','2023-09-27 08:48:34','2023-09-27 09:27:14',0,'1','meal',1,1),(11968,35,838,'2023-10-24','2023-09-27 08:48:34','2023-09-27 09:27:14',0,'1','meal',1,1),(11969,35,867,'2023-10-24','2023-09-27 08:48:34','2023-09-27 09:27:14',0,'1','snack',1,1),(11970,35,842,'2023-10-24','2023-09-27 08:48:34','2023-09-27 09:27:14',0,'1','meal',1,1),(11971,35,870,'2023-10-24','2023-09-27 08:48:34','2023-09-27 09:27:14',0,'0','snack',1,1),(11972,35,845,'2023-10-24','2023-09-27 08:48:34','2023-09-27 09:27:14',0,'0','meal',1,1),(11973,35,861,'2023-10-24','2023-09-27 08:48:34','2023-09-27 09:27:14',0,'0','snack',1,1),(11974,35,851,'2023-10-24','2023-09-27 08:48:34','2023-09-27 09:27:14',0,'0','meal',1,1),(11975,35,848,'2023-10-24','2023-09-27 08:48:34','2023-09-27 09:27:14',0,'0','meal',1,1),(11976,35,835,'2023-10-24','2023-09-27 08:48:34','2023-09-27 09:27:14',0,'0','meal',1,1),(11977,35,855,'2023-10-24','2023-09-27 08:48:34','2023-09-27 09:27:14',0,'0','meal',1,1),(11978,35,858,'2023-10-24','2023-09-27 08:48:34','2023-09-27 09:27:14',0,'0','meal',1,1),(11979,36,36,'2023-10-01','2023-09-29 09:40:48','2023-09-29 16:22:27',0,'0','snack',1,1),(11980,36,49,'2023-10-01','2023-09-29 09:40:48','2023-09-29 16:22:27',0,'1','meal',1,1),(11981,36,16,'2023-10-01','2023-09-29 09:40:48','2023-09-29 16:22:27',0,'0','meal',1,1),(11982,36,39,'2023-10-01','2023-09-29 09:40:48','2023-09-29 16:22:27',0,'1','snack',1,1),(11983,36,19,'2023-10-01','2023-09-29 09:40:48','2023-09-29 16:22:27',0,'1','meal',1,1),(11984,36,42,'2023-10-01','2023-09-29 09:40:48','2023-09-29 16:22:27',0,'0','snack',1,1),(11985,36,27,'2023-10-01','2023-09-29 09:40:48','2023-09-29 16:22:27',0,'0','meal',1,1),(11986,36,45,'2023-10-01','2023-09-29 09:40:48','2023-09-29 16:22:27',0,'0','snack',1,1),(11987,36,1209,'2023-10-01','2023-09-29 09:40:48','2023-09-29 16:22:27',0,'0','meal',1,1),(11988,36,30,'2023-10-01','2023-09-29 09:40:48','2023-09-29 16:22:27',0,'0','meal',1,1),(11989,36,1103,'2023-10-01','2023-09-29 09:40:48','2023-09-29 16:22:27',0,'0','meal',1,1),(11990,36,23,'2023-10-01','2023-09-29 09:40:48','2023-09-29 16:22:27',0,'0','meal',1,1),(11991,36,33,'2023-10-01','2023-09-29 09:40:48','2023-09-29 16:22:27',0,'0','meal',1,1),(11992,36,1230,'2023-10-01','2023-09-29 09:40:48','2023-09-29 16:22:27',0,'1','meal',1,1),(11993,36,52,'2023-10-01','2023-09-29 09:40:48','2023-09-29 16:22:27',0,'0','meal',1,1),(11994,37,36,'2023-10-01','2023-09-29 10:56:16','2023-10-01 23:28:51',0,'1','snack',1,1),(11995,37,49,'2023-10-01','2023-09-29 10:56:16','2023-10-01 23:28:51',0,'0','meal',1,1),(11996,37,16,'2023-10-01','2023-09-29 10:56:16','2023-10-01 23:28:51',0,'1','meal',1,1),(11997,37,39,'2023-10-01','2023-09-29 10:56:16','2023-10-01 23:28:51',0,'0','snack',1,1),(11998,37,19,'2023-10-01','2023-09-29 10:56:16','2023-10-01 23:28:51',0,'1','meal',1,1),(11999,37,42,'2023-10-01','2023-09-29 10:56:16','2023-10-01 23:28:51',0,'0','snack',1,1),(12000,37,27,'2023-10-01','2023-09-29 10:56:16','2023-10-01 23:28:51',0,'1','meal',1,1),(12001,37,45,'2023-10-01','2023-09-29 10:56:16','2023-10-01 23:28:51',0,'0','snack',1,1),(12002,37,1209,'2023-10-01','2023-09-29 10:56:16','2023-10-01 23:28:51',0,'0','meal',1,1),(12003,37,30,'2023-10-01','2023-09-29 10:56:16','2023-10-01 23:28:51',0,'1','meal',1,1),(12004,37,1103,'2023-10-01','2023-09-29 10:56:16','2023-10-01 23:28:51',0,'0','meal',1,1),(12005,37,23,'2023-10-01','2023-09-29 10:56:16','2023-10-01 23:28:51',0,'0','meal',1,1),(12006,37,33,'2023-10-01','2023-09-29 10:56:16','2023-10-01 23:28:51',0,'0','meal',1,1),(12007,37,1230,'2023-10-01','2023-09-29 10:56:16','2023-10-01 23:28:51',0,'0','meal',1,1),(12008,37,52,'2023-10-01','2023-09-29 10:56:16','2023-10-01 23:28:51',0,'0','meal',1,1),(12009,37,55,'2023-10-02','2023-09-29 10:56:16','2023-10-01 23:27:03',0,'0','meal',1,1),(12010,37,84,'2023-10-02','2023-09-29 10:56:16','2023-10-01 23:27:03',0,'1','snack',1,1),(12011,37,61,'2023-10-02','2023-09-29 10:56:16','2023-10-01 23:27:03',0,'1','meal',1,1),(12012,37,87,'2023-10-02','2023-09-29 10:56:17','2023-10-01 23:27:03',0,'0','snack',1,1),(12013,37,71,'2023-10-02','2023-09-29 10:56:17','2023-10-01 23:27:03',0,'0','meal',1,1),(12014,37,90,'2023-10-02','2023-09-29 10:56:17','2023-10-01 23:27:03',0,'0','snack',1,1),(12015,37,78,'2023-10-02','2023-09-29 10:56:17','2023-10-01 23:27:03',0,'0','meal',1,1),(12016,37,95,'2023-10-02','2023-09-29 10:56:17','2023-10-01 23:27:03',0,'0','snack',1,1),(12017,37,74,'2023-10-02','2023-09-29 10:56:17','2023-10-01 23:27:03',0,'1','meal',1,1),(12018,37,81,'2023-10-02','2023-09-29 10:56:17','2023-10-01 23:27:03',0,'1','meal',1,1),(12019,37,65,'2023-10-02','2023-09-29 10:56:17','2023-10-01 23:27:03',0,'1','meal',1,1),(12020,37,58,'2023-10-02','2023-09-29 10:56:17','2023-10-01 23:27:03',0,'0','meal',1,1),(12021,37,97,'2023-10-03','2023-09-29 10:56:17','2023-10-01 23:28:06',0,'0','meal',1,1),(12022,37,129,'2023-10-03','2023-09-29 10:56:17','2023-09-29 10:56:17',0,'1','snack',0,1),(12023,37,113,'2023-10-03','2023-09-29 10:56:17','2023-10-01 23:28:06',0,'0','meal',1,1),(12024,37,132,'2023-10-03','2023-09-29 10:56:17','2023-09-29 10:56:17',0,'0','snack',0,1),(12025,37,123,'2023-10-03','2023-09-29 10:56:17','2023-10-01 23:28:06',0,'0','meal',1,1),(12026,37,135,'2023-10-03','2023-09-29 10:56:17','2023-09-29 10:56:17',0,'0','snack',0,1),(12027,37,119,'2023-10-03','2023-09-29 10:56:17','2023-10-01 23:28:06',0,'1','meal',1,1),(12028,37,138,'2023-10-03','2023-09-29 10:56:17','2023-09-29 10:56:17',0,'0','snack',0,1),(12029,37,126,'2023-10-03','2023-09-29 10:56:17','2023-10-01 23:28:06',0,'1','meal',1,1),(12030,37,116,'2023-10-03','2023-09-29 10:56:17','2023-10-01 23:28:06',0,'1','meal',1,1),(12031,37,104,'2023-10-03','2023-09-29 10:56:17','2023-10-01 23:28:06',0,'1','meal',1,1),(12032,37,107,'2023-10-03','2023-09-29 10:56:17','2023-10-01 23:28:06',0,'0','meal',1,1),(12033,37,110,'2023-10-03','2023-09-29 10:56:17','2023-10-01 23:28:06',0,'0','meal',1,1),(12034,37,101,'2023-10-03','2023-09-29 10:56:17','2023-10-01 23:28:06',0,'0','meal',1,1),(12035,37,142,'2023-10-04','2023-09-29 10:56:17','2023-10-01 23:30:10',0,'0','meal',1,1),(12036,37,169,'2023-10-04','2023-09-29 10:56:17','2023-10-01 23:30:10',0,'0','snack',1,1),(12037,37,163,'2023-10-04','2023-09-29 10:56:17','2023-10-01 23:30:10',0,'1','meal',1,1),(12038,37,172,'2023-10-04','2023-09-29 10:56:17','2023-10-01 23:30:10',0,'0','snack',1,1),(12039,37,1148,'2023-10-04','2023-09-29 10:56:17','2023-10-01 23:30:10',0,'0','snack',1,1),(12040,37,157,'2023-10-04','2023-09-29 10:56:17','2023-10-01 23:30:10',0,'0','meal',1,1),(12041,37,148,'2023-10-04','2023-09-29 10:56:17','2023-10-01 23:30:10',0,'1','meal',1,1),(12042,37,178,'2023-10-04','2023-09-29 10:56:17','2023-10-01 23:30:10',0,'1','snack',1,1),(12043,37,981,'2023-10-04','2023-09-29 10:56:17','2023-10-01 23:30:10',0,'1','meal',1,1),(12044,37,166,'2023-10-04','2023-09-29 10:56:17','2023-10-01 23:30:10',0,'1','meal',1,1),(12045,37,151,'2023-10-04','2023-09-29 10:56:17','2023-10-01 23:30:10',0,'0','meal',1,1),(12046,37,154,'2023-10-04','2023-09-29 10:56:17','2023-10-01 23:30:10',0,'0','meal',1,1),(12047,37,145,'2023-10-04','2023-09-29 10:56:17','2023-10-01 23:30:10',0,'0','meal',1,1),(12048,37,205,'2023-10-05','2023-09-29 10:56:17','2023-10-01 23:31:35',0,'1','snack',1,1),(12049,37,217,'2023-10-05','2023-09-29 10:56:17','2023-10-01 23:31:35',0,'0','meal',1,1),(12050,37,184,'2023-10-05','2023-09-29 10:56:17','2023-10-01 23:31:35',0,'0','meal',1,1),(12051,37,208,'2023-10-05','2023-09-29 10:56:17','2023-10-01 23:31:35',0,'0','snack',1,1),(12052,37,187,'2023-10-05','2023-09-29 10:56:17','2023-10-01 23:31:35',0,'0','meal',1,1),(12053,37,211,'2023-10-05','2023-09-29 10:56:17','2023-10-01 23:31:35',0,'0','snack',1,1),(12054,37,193,'2023-10-05','2023-09-29 10:56:17','2023-10-01 23:31:35',0,'1','meal',1,1),(12055,37,214,'2023-10-05','2023-09-29 10:56:17','2023-10-01 23:31:35',0,'0','snack',1,1),(12056,37,190,'2023-10-05','2023-09-29 10:56:17','2023-10-01 23:31:35',0,'1','meal',1,1),(12057,37,199,'2023-10-05','2023-09-29 10:56:17','2023-10-01 23:31:35',0,'1','meal',1,1),(12058,37,196,'2023-10-05','2023-09-29 10:56:17','2023-10-01 23:31:35',0,'1','meal',1,1),(12059,37,202,'2023-10-05','2023-09-29 10:56:17','2023-10-01 23:31:35',0,'0','meal',1,1),(12060,37,220,'2023-10-05','2023-09-29 10:56:17','2023-10-01 23:31:35',0,'0','meal',1,1),(12061,37,257,'2023-10-07','2023-09-29 10:56:17','2023-10-06 16:04:31',0,'0','snack',1,1),(12062,37,223,'2023-10-07','2023-09-29 10:56:17','2023-10-06 16:04:31',0,'0','meal',1,1),(12063,37,260,'2023-10-07','2023-09-29 10:56:17','2023-10-06 16:04:31',0,'0','snack',1,1),(12064,37,239,'2023-10-07','2023-09-29 10:56:17','2023-10-06 16:04:31',0,'0','meal',1,1),(12065,37,266,'2023-10-07','2023-09-29 10:56:17','2023-10-06 16:04:31',0,'1','snack',1,1),(12066,37,251,'2023-10-07','2023-09-29 10:56:17','2023-10-06 16:04:31',0,'1','meal',1,1),(12067,37,263,'2023-10-07','2023-09-29 10:56:17','2023-10-06 16:04:31',0,'0','snack',1,1),(12068,37,236,'2023-10-07','2023-09-29 10:56:17','2023-10-06 16:04:31',0,'0','meal',1,1),(12069,37,230,'2023-10-07','2023-09-29 10:56:17','2023-10-06 16:04:31',0,'1','meal',1,1),(12070,37,245,'2023-10-07','2023-09-29 10:56:17','2023-10-06 16:04:31',0,'0','meal',1,1),(12071,37,233,'2023-10-07','2023-09-29 10:56:17','2023-10-06 16:04:31',0,'0','meal',1,1),(12072,37,242,'2023-10-07','2023-09-29 10:56:17','2023-10-06 16:04:31',0,'0','meal',1,1),(12073,37,248,'2023-10-07','2023-09-29 10:56:17','2023-10-06 16:04:31',0,'1','meal',1,1),(12074,37,226,'2023-10-07','2023-09-29 10:56:17','2023-10-06 16:04:31',0,'0','meal',1,1),(12075,37,254,'2023-10-07','2023-09-29 10:56:17','2023-10-06 16:04:31',0,'1','meal',1,1),(12076,37,269,'2023-10-08','2023-09-29 10:56:17','2023-10-06 16:05:14',0,'1','meal',1,1),(12077,37,294,'2023-10-08','2023-09-29 10:56:17','2023-10-06 16:05:14',0,'1','snack',1,1),(12078,37,276,'2023-10-08','2023-09-29 10:56:17','2023-10-06 16:05:14',0,'1','meal',1,1),(12079,37,297,'2023-10-08','2023-09-29 10:56:17','2023-10-06 16:05:14',0,'0','snack',1,1),(12080,37,279,'2023-10-08','2023-09-29 10:56:17','2023-10-06 16:05:14',0,'0','meal',1,1),(12081,37,300,'2023-10-08','2023-09-29 10:56:17','2023-10-06 16:05:14',0,'0','snack',1,1),(12082,37,291,'2023-10-08','2023-09-29 10:56:17','2023-10-06 16:05:14',0,'0','meal',1,1),(12083,37,303,'2023-10-08','2023-09-29 10:56:17','2023-10-06 16:05:14',0,'0','snack',1,1),(12084,37,288,'2023-10-08','2023-09-29 10:56:17','2023-10-06 16:05:14',0,'1','meal',1,1),(12085,37,282,'2023-10-08','2023-09-29 10:56:17','2023-10-06 16:05:14',0,'1','meal',1,1),(12086,37,273,'2023-10-08','2023-09-29 10:56:17','2023-10-06 16:05:14',0,'0','meal',1,1),(12087,37,285,'2023-10-08','2023-09-29 10:56:17','2023-10-06 16:05:14',0,'0','meal',1,1),(12088,37,324,'2023-10-09','2023-09-29 10:56:17','2023-10-06 16:06:05',0,'0','meal',1,1),(12089,37,330,'2023-10-09','2023-09-29 10:56:17','2023-10-06 16:06:05',0,'0','snack',1,1),(12090,37,306,'2023-10-09','2023-09-29 10:56:17','2023-10-06 16:06:05',0,'1','meal',1,1),(12091,37,333,'2023-10-09','2023-09-29 10:56:17','2023-10-06 16:06:05',0,'0','snack',1,1),(12092,37,321,'2023-10-09','2023-09-29 10:56:17','2023-10-06 16:06:05',0,'0','meal',1,1),(12093,37,1188,'2023-10-09','2023-09-29 10:56:17','2023-10-06 16:06:05',0,'1','snack',1,1),(12094,37,309,'2023-10-09','2023-09-29 10:56:17','2023-10-06 16:06:05',0,'1','meal',1,1),(12095,37,1143,'2023-10-09','2023-09-29 10:56:17','2023-10-06 16:06:05',0,'0','snack',1,1),(12096,37,315,'2023-10-09','2023-09-29 10:56:17','2023-10-06 16:06:05',0,'0','meal',1,1),(12097,37,318,'2023-10-09','2023-09-29 10:56:17','2023-10-06 16:06:05',0,'1','meal',1,1),(12098,37,312,'2023-10-09','2023-09-29 10:56:17','2023-10-06 16:06:05',0,'0','meal',1,1),(12099,37,327,'2023-10-09','2023-09-29 10:56:17','2023-10-06 16:06:05',0,'1','meal',1,1),(12100,37,342,'2023-10-10','2023-09-29 10:56:17','2023-10-06 16:06:41',0,'0','meal',1,1),(12101,37,375,'2023-10-10','2023-09-29 10:56:17','2023-10-06 16:06:41',0,'1','meal',1,1),(12102,37,348,'2023-10-10','2023-09-29 10:56:17','2023-10-06 16:06:41',0,'1','meal',1,1),(12103,37,363,'2023-10-10','2023-09-29 10:56:17','2023-10-06 16:06:41',0,'1','meal',1,1),(12104,37,354,'2023-10-10','2023-09-29 10:56:17','2023-10-06 16:06:41',0,'0','meal',1,1),(12105,37,1226,'2023-10-10','2023-09-29 10:56:17','2023-10-06 16:06:41',0,'0','meal',1,1),(12106,37,345,'2023-10-10','2023-09-29 10:56:17','2023-10-06 16:06:41',0,'0','meal',1,1),(12107,37,357,'2023-10-10','2023-09-29 10:56:17','2023-10-06 16:06:41',0,'1','meal',1,1),(12108,37,360,'2023-10-10','2023-09-29 10:56:17','2023-10-06 16:06:41',0,'0','meal',1,1),(12109,37,366,'2023-10-10','2023-09-29 10:56:17','2023-10-06 16:06:41',0,'0','meal',1,1),(12110,37,369,'2023-10-10','2023-09-29 10:56:17','2023-10-06 16:06:41',0,'0','meal',1,1),(12111,37,372,'2023-10-10','2023-09-29 10:56:17','2023-10-06 16:06:41',0,'0','meal',1,1),(12112,37,380,'2023-10-10','2023-09-29 10:56:17','2023-10-06 16:06:41',0,'0','meal',1,1),(12113,37,382,'2023-10-10','2023-09-29 10:56:17','2023-10-06 16:06:41',0,'0','snack',1,1),(12114,37,385,'2023-10-10','2023-09-29 10:56:17','2023-10-06 16:06:41',0,'1','snack',1,1),(12115,37,388,'2023-10-10','2023-09-29 10:56:17','2023-10-06 16:06:41',0,'0','snack',1,1),(12116,37,391,'2023-10-10','2023-09-29 10:56:17','2023-10-06 16:06:41',0,'0','snack',1,1),(12117,37,394,'2023-10-11','2023-09-29 10:56:17','2023-10-06 16:07:26',0,'0','meal',1,1),(12118,37,416,'2023-10-11','2023-09-29 10:56:17','2023-10-06 16:07:26',0,'0','meal',1,1),(12119,37,403,'2023-10-11','2023-09-29 10:56:17','2023-10-06 16:07:26',0,'1','meal',1,1),(12120,37,400,'2023-10-11','2023-09-29 10:56:17','2023-10-06 16:07:26',0,'1','meal',1,1),(12121,37,410,'2023-10-11','2023-09-29 10:56:17','2023-10-06 16:07:26',0,'1','meal',1,1),(12122,37,406,'2023-10-11','2023-09-29 10:56:17','2023-10-06 16:07:26',0,'0','meal',1,1),(12123,37,397,'2023-10-11','2023-09-29 10:56:17','2023-10-06 16:07:26',0,'0','meal',1,1),(12124,37,413,'2023-10-11','2023-09-29 10:56:17','2023-10-06 16:07:26',0,'1','meal',1,1),(12125,37,419,'2023-10-11','2023-09-29 10:56:17','2023-10-06 16:07:26',0,'0','snack',1,1),(12126,37,422,'2023-10-11','2023-09-29 10:56:17','2023-10-06 16:07:26',0,'0','snack',1,1),(12127,37,425,'2023-10-11','2023-09-29 10:56:17','2023-10-06 16:07:26',0,'1','snack',1,1),(12128,37,428,'2023-10-11','2023-09-29 10:56:17','2023-10-06 16:07:26',0,'0','snack',1,1),(12129,37,431,'2023-10-12','2023-09-29 10:56:17','2023-10-06 16:07:54',0,'0','meal',1,1),(12130,37,452,'2023-10-12','2023-09-29 10:56:17','2023-10-06 16:07:54',0,'1','meal',1,1),(12131,37,440,'2023-10-12','2023-09-29 10:56:17','2023-10-06 16:07:54',0,'0','meal',1,1),(12132,37,437,'2023-10-12','2023-09-29 10:56:17','2023-10-06 16:07:54',0,'1','meal',1,1),(12133,37,446,'2023-10-12','2023-09-29 10:56:17','2023-10-06 16:07:54',0,'1','meal',1,1),(12134,37,443,'2023-10-12','2023-09-29 10:56:17','2023-10-06 16:07:54',0,'1','meal',1,1),(12135,37,449,'2023-10-12','2023-09-29 10:56:17','2023-10-06 16:07:54',0,'0','meal',1,1),(12136,37,455,'2023-10-12','2023-09-29 10:56:17','2023-10-06 16:07:54',0,'0','snack',1,1),(12137,37,458,'2023-10-12','2023-09-29 10:56:17','2023-10-06 16:07:54',0,'0','snack',1,1),(12138,37,461,'2023-10-12','2023-09-29 10:56:17','2023-10-06 16:07:54',0,'1','snack',1,1),(12139,37,464,'2023-10-12','2023-09-29 10:56:17','2023-10-06 16:07:54',0,'0','snack',1,1),(12140,37,482,'2023-10-12','2023-09-29 10:56:17','2023-10-06 16:07:54',0,'0','meal',1,1),(12141,37,467,'2023-10-14','2023-09-29 10:56:17','2023-10-06 16:08:27',0,'0','meal',1,1),(12142,37,500,'2023-10-14','2023-09-29 10:56:17','2023-10-06 16:08:27',0,'0','snack',1,1),(12143,37,475,'2023-10-14','2023-09-29 10:56:17','2023-10-06 16:08:27',0,'1','meal',1,1),(12144,37,488,'2023-10-14','2023-09-29 10:56:17','2023-10-06 16:08:27',0,'1','snack',1,1),(12145,37,479,'2023-10-14','2023-09-29 10:56:17','2023-10-06 16:08:27',0,'0','meal',1,1),(12146,37,491,'2023-10-14','2023-09-29 10:56:17','2023-10-06 16:08:27',0,'0','snack',1,1),(12147,37,485,'2023-10-14','2023-09-29 10:56:17','2023-10-06 16:08:27',0,'1','meal',1,1),(12148,37,494,'2023-10-14','2023-09-29 10:56:17','2023-10-06 16:08:27',0,'0','snack',1,1),(12149,37,1266,'2023-10-14','2023-09-29 10:56:17','2023-10-06 16:08:27',0,'1','meal',1,1),(12150,37,473,'2023-10-14','2023-09-29 10:56:17','2023-10-06 16:08:27',0,'1','meal',1,1),(12151,37,470,'2023-10-14','2023-09-29 10:56:17','2023-10-06 16:08:27',0,'0','meal',1,1),(12308,39,99,'2023-10-03','2023-10-01 08:34:13','2023-10-01 08:34:13',0,'1','meal',0,1),(12309,39,114,'2023-10-03','2023-10-01 08:34:13','2023-10-01 08:34:13',0,'1','meal',0,1),(12310,39,124,'2023-10-03','2023-10-01 08:34:13','2023-10-01 08:34:13',0,'1','meal',0,1),(12311,39,121,'2023-10-03','2023-10-01 08:34:13','2023-10-01 08:34:13',0,'0','meal',0,1),(12312,39,117,'2023-10-03','2023-10-01 08:34:13','2023-10-01 08:34:13',0,'0','meal',0,1),(12313,39,127,'2023-10-03','2023-10-01 08:34:13','2023-10-01 08:34:13',0,'0','meal',0,1),(12314,39,105,'2023-10-03','2023-10-01 08:34:13','2023-10-01 08:34:13',0,'0','meal',0,1),(12315,39,108,'2023-10-03','2023-10-01 08:34:13','2023-10-01 08:34:13',0,'0','meal',0,1),(12316,39,111,'2023-10-03','2023-10-01 08:34:13','2023-10-01 08:34:13',0,'0','meal',0,1),(12317,39,102,'2023-10-03','2023-10-01 08:34:13','2023-10-01 08:34:13',0,'0','meal',0,1),(12318,39,130,'2023-10-03','2023-10-01 08:34:13','2023-10-01 08:34:13',0,'1','snack',0,1),(12319,39,133,'2023-10-03','2023-10-01 08:34:13','2023-10-01 08:34:13',0,'1','snack',0,1),(12320,39,136,'2023-10-03','2023-10-01 08:34:13','2023-10-01 08:34:13',0,'0','snack',0,1),(12321,39,139,'2023-10-03','2023-10-01 08:34:13','2023-10-01 08:34:13',0,'0','snack',0,1),(12322,39,143,'2023-10-04','2023-10-01 08:34:13','2023-10-01 08:34:13',0,'1','meal',0,1),(12323,39,170,'2023-10-04','2023-10-01 08:34:13','2023-10-01 08:34:13',0,'1','snack',0,1),(12324,39,164,'2023-10-04','2023-10-01 08:34:13','2023-10-01 08:34:13',0,'1','meal',0,1),(12325,39,173,'2023-10-04','2023-10-01 08:34:13','2023-10-01 08:34:13',0,'1','snack',0,1),(12326,39,1149,'2023-10-04','2023-10-01 08:34:13','2023-10-01 08:34:13',0,'0','snack',0,1),(12327,39,158,'2023-10-04','2023-10-01 08:34:13','2023-10-01 08:34:13',0,'1','meal',0,1),(12328,39,152,'2023-10-04','2023-10-01 08:34:13','2023-10-01 08:34:13',0,'0','meal',0,1),(12329,39,179,'2023-10-04','2023-10-01 08:34:13','2023-10-01 08:34:13',0,'0','snack',0,1),(12330,39,161,'2023-10-04','2023-10-01 08:34:13','2023-10-01 08:34:13',0,'0','meal',0,1),(12331,39,167,'2023-10-04','2023-10-01 08:34:13','2023-10-01 08:34:13',0,'0','meal',0,1),(12332,39,155,'2023-10-04','2023-10-01 08:34:13','2023-10-01 08:34:13',0,'0','meal',0,1),(12333,39,149,'2023-10-04','2023-10-01 08:34:13','2023-10-01 08:34:13',0,'0','meal',0,1),(12334,39,146,'2023-10-04','2023-10-01 08:34:13','2023-10-01 08:34:13',0,'0','meal',0,1),(12335,39,206,'2023-10-05','2023-10-01 08:34:13','2023-10-01 08:34:13',0,'1','snack',0,1),(12336,39,218,'2023-10-05','2023-10-01 08:34:13','2023-10-01 08:34:13',0,'1','meal',0,1),(12337,39,185,'2023-10-05','2023-10-01 08:34:13','2023-10-01 08:34:13',0,'1','meal',0,1),(12338,39,209,'2023-10-05','2023-10-01 08:34:13','2023-10-01 08:34:13',0,'1','snack',0,1),(12339,39,188,'2023-10-05','2023-10-01 08:34:13','2023-10-01 08:34:13',0,'1','meal',0,1),(12340,39,212,'2023-10-05','2023-10-01 08:34:13','2023-10-01 08:34:13',0,'0','snack',0,1),(12341,39,194,'2023-10-05','2023-10-01 08:34:13','2023-10-01 08:34:13',0,'0','meal',0,1),(12342,39,215,'2023-10-05','2023-10-01 08:34:13','2023-10-01 08:34:13',0,'0','snack',0,1),(12343,39,191,'2023-10-05','2023-10-01 08:34:13','2023-10-01 08:34:13',0,'0','meal',0,1),(12344,39,200,'2023-10-05','2023-10-01 08:34:13','2023-10-01 08:34:13',0,'0','meal',0,1),(12345,39,197,'2023-10-05','2023-10-01 08:34:13','2023-10-01 08:34:13',0,'0','meal',0,1),(12346,39,203,'2023-10-05','2023-10-01 08:34:13','2023-10-01 08:34:13',0,'0','meal',0,1),(12347,39,221,'2023-10-05','2023-10-01 08:34:13','2023-10-01 08:34:13',0,'0','meal',0,1),(12348,39,258,'2023-10-07','2023-10-01 08:34:13','2023-10-01 08:34:13',0,'1','snack',0,1),(12349,39,224,'2023-10-07','2023-10-01 08:34:13','2023-10-01 08:34:13',0,'1','meal',0,1),(12350,39,261,'2023-10-07','2023-10-01 08:34:13','2023-10-01 08:34:13',0,'1','snack',0,1),(12351,39,240,'2023-10-07','2023-10-01 08:34:13','2023-10-01 08:34:13',0,'1','meal',0,1),(12352,39,267,'2023-10-07','2023-10-01 08:34:13','2023-10-01 08:34:13',0,'0','snack',0,1),(12353,39,252,'2023-10-07','2023-10-01 08:34:13','2023-10-01 08:34:13',0,'1','meal',0,1),(12354,39,264,'2023-10-07','2023-10-01 08:34:13','2023-10-01 08:34:13',0,'0','snack',0,1),(12355,39,237,'2023-10-07','2023-10-01 08:34:13','2023-10-01 08:34:13',0,'0','meal',0,1),(12356,39,231,'2023-10-07','2023-10-01 08:34:13','2023-10-01 08:34:13',0,'0','meal',0,1),(12357,39,246,'2023-10-07','2023-10-01 08:34:13','2023-10-01 08:34:13',0,'0','meal',0,1),(12358,39,234,'2023-10-07','2023-10-01 08:34:13','2023-10-01 08:34:13',0,'0','meal',0,1),(12359,39,243,'2023-10-07','2023-10-01 08:34:13','2023-10-01 08:34:13',0,'0','meal',0,1),(12360,39,249,'2023-10-07','2023-10-01 08:34:13','2023-10-01 08:34:13',0,'0','meal',0,1),(12361,39,228,'2023-10-07','2023-10-01 08:34:13','2023-10-01 08:34:13',0,'0','meal',0,1),(12362,39,255,'2023-10-07','2023-10-01 08:34:13','2023-10-01 08:34:13',0,'0','meal',0,1),(12363,39,270,'2023-10-08','2023-10-01 08:34:13','2023-10-01 08:34:14',0,'1','meal',0,1),(12364,39,295,'2023-10-08','2023-10-01 08:34:13','2023-10-01 08:34:14',0,'1','snack',0,1),(12365,39,277,'2023-10-08','2023-10-01 08:34:13','2023-10-01 08:34:14',0,'1','meal',0,1),(12366,39,298,'2023-10-08','2023-10-01 08:34:13','2023-10-01 08:34:14',0,'1','snack',0,1),(12367,39,280,'2023-10-08','2023-10-01 08:34:13','2023-10-01 08:34:14',0,'1','meal',0,1),(12368,39,301,'2023-10-08','2023-10-01 08:34:13','2023-10-01 08:34:13',0,'0','snack',0,1),(12369,39,292,'2023-10-08','2023-10-01 08:34:13','2023-10-01 08:34:13',0,'0','meal',0,1),(12370,39,304,'2023-10-08','2023-10-01 08:34:13','2023-10-01 08:34:13',0,'0','snack',0,1),(12371,39,289,'2023-10-08','2023-10-01 08:34:14','2023-10-01 08:34:14',0,'0','meal',0,1),(12372,39,283,'2023-10-08','2023-10-01 08:34:14','2023-10-01 08:34:14',0,'0','meal',0,1),(12373,39,274,'2023-10-08','2023-10-01 08:34:14','2023-10-01 08:34:14',0,'0','meal',0,1),(12374,39,286,'2023-10-08','2023-10-01 08:34:14','2023-10-01 08:34:14',0,'0','meal',0,1),(12375,39,325,'2023-10-09','2023-10-01 08:34:14','2023-10-01 08:34:14',0,'1','meal',0,1),(12376,39,331,'2023-10-09','2023-10-01 08:34:14','2023-10-01 08:34:14',0,'1','snack',0,1),(12377,39,307,'2023-10-09','2023-10-01 08:34:14','2023-10-01 08:34:14',0,'1','meal',0,1),(12378,39,1184,'2023-10-09','2023-10-01 08:34:14','2023-10-01 08:34:14',0,'1','snack',0,1),(12379,39,322,'2023-10-09','2023-10-01 08:34:14','2023-10-01 08:34:14',0,'1','meal',0,1),(12380,39,1189,'2023-10-09','2023-10-01 08:34:14','2023-10-01 08:34:14',0,'0','snack',0,1),(12381,39,310,'2023-10-09','2023-10-01 08:34:14','2023-10-01 08:34:14',0,'0','meal',0,1),(12382,39,1144,'2023-10-09','2023-10-01 08:34:14','2023-10-01 08:34:14',0,'0','snack',0,1),(12383,39,316,'2023-10-09','2023-10-01 08:34:14','2023-10-01 08:34:14',0,'0','meal',0,1),(12384,39,319,'2023-10-09','2023-10-01 08:34:14','2023-10-01 08:34:14',0,'0','meal',0,1),(12385,39,313,'2023-10-09','2023-10-01 08:34:14','2023-10-01 08:34:14',0,'0','meal',0,1),(12386,39,328,'2023-10-09','2023-10-01 08:34:14','2023-10-01 08:34:14',0,'0','meal',0,1),(12387,39,343,'2023-10-10','2023-10-01 08:34:14','2023-10-01 08:34:14',0,'1','meal',0,1),(12388,39,376,'2023-10-10','2023-10-01 08:34:14','2023-10-01 08:34:14',0,'1','meal',0,1),(12389,39,349,'2023-10-10','2023-10-01 08:34:14','2023-10-01 08:34:14',0,'1','meal',0,1),(12390,39,364,'2023-10-10','2023-10-01 08:34:14','2023-10-01 08:34:14',0,'0','meal',0,1),(12391,39,355,'2023-10-10','2023-10-01 08:34:14','2023-10-01 08:34:14',0,'0','meal',0,1),(12392,39,1227,'2023-10-10','2023-10-01 08:34:14','2023-10-01 08:34:14',0,'0','meal',0,1),(12393,39,346,'2023-10-10','2023-10-01 08:34:14','2023-10-01 08:34:14',0,'0','meal',0,1),(12394,39,361,'2023-10-10','2023-10-01 08:34:14','2023-10-01 08:34:14',0,'0','meal',0,1),(12395,39,358,'2023-10-10','2023-10-01 08:34:14','2023-10-01 08:34:14',0,'0','meal',0,1),(12396,39,367,'2023-10-10','2023-10-01 08:34:14','2023-10-01 08:34:14',0,'0','meal',0,1),(12397,39,370,'2023-10-10','2023-10-01 08:34:14','2023-10-01 08:34:14',0,'0','meal',0,1),(12398,39,373,'2023-10-10','2023-10-01 08:34:14','2023-10-01 08:34:14',0,'0','meal',0,1),(12399,39,379,'2023-10-10','2023-10-01 08:34:14','2023-10-01 08:34:14',0,'0','meal',0,1),(12400,39,383,'2023-10-10','2023-10-01 08:34:14','2023-10-01 08:34:14',0,'1','snack',0,1),(12401,39,386,'2023-10-10','2023-10-01 08:34:14','2023-10-01 08:34:14',0,'1','snack',0,1),(12402,39,389,'2023-10-10','2023-10-01 08:34:14','2023-10-01 08:34:14',0,'0','snack',0,1),(12403,39,392,'2023-10-10','2023-10-01 08:34:14','2023-10-01 08:34:14',0,'0','snack',0,1),(12404,39,395,'2023-10-11','2023-10-01 08:34:14','2023-10-01 08:34:14',0,'1','meal',0,1),(12405,39,417,'2023-10-11','2023-10-01 08:34:14','2023-10-01 08:34:14',0,'1','meal',0,1),(12406,39,404,'2023-10-11','2023-10-01 08:34:14','2023-10-01 08:34:14',0,'1','meal',0,1),(12407,39,401,'2023-10-11','2023-10-01 08:34:14','2023-10-01 08:34:14',0,'0','meal',0,1),(12408,39,411,'2023-10-11','2023-10-01 08:34:14','2023-10-01 08:34:14',0,'0','meal',0,1),(12409,39,407,'2023-10-11','2023-10-01 08:34:14','2023-10-01 08:34:14',0,'0','meal',0,1),(12410,39,414,'2023-10-11','2023-10-01 08:34:14','2023-10-01 08:34:14',0,'0','meal',0,1),(12411,39,398,'2023-10-11','2023-10-01 08:34:14','2023-10-01 08:34:14',0,'0','meal',0,1),(12412,39,420,'2023-10-11','2023-10-01 08:34:14','2023-10-01 08:34:14',0,'1','snack',0,1),(12413,39,423,'2023-10-11','2023-10-01 08:34:14','2023-10-01 08:34:14',0,'1','snack',0,1),(12414,39,426,'2023-10-11','2023-10-01 08:34:14','2023-10-01 08:34:14',0,'0','snack',0,1),(12415,39,429,'2023-10-11','2023-10-01 08:34:14','2023-10-01 08:34:14',0,'0','snack',0,1),(12416,39,432,'2023-10-12','2023-10-01 08:34:14','2023-10-01 08:34:14',0,'1','meal',0,1),(12417,39,453,'2023-10-12','2023-10-01 08:34:14','2023-10-01 08:34:14',0,'1','meal',0,1),(12418,39,441,'2023-10-12','2023-10-01 08:34:14','2023-10-01 08:34:14',0,'1','meal',0,1),(12419,39,438,'2023-10-12','2023-10-01 08:34:14','2023-10-01 08:34:14',0,'0','meal',0,1),(12420,39,447,'2023-10-12','2023-10-01 08:34:14','2023-10-01 08:34:14',0,'0','meal',0,1),(12421,39,444,'2023-10-12','2023-10-01 08:34:14','2023-10-01 08:34:14',0,'0','meal',0,1),(12422,39,450,'2023-10-12','2023-10-01 08:34:14','2023-10-01 08:34:14',0,'0','meal',0,1),(12423,39,435,'2023-10-12','2023-10-01 08:34:14','2023-10-01 08:34:14',0,'0','meal',0,1),(12424,39,456,'2023-10-12','2023-10-01 08:34:14','2023-10-01 08:34:14',0,'1','snack',0,1),(12425,39,459,'2023-10-12','2023-10-01 08:34:14','2023-10-01 08:34:14',0,'1','snack',0,1),(12426,39,462,'2023-10-12','2023-10-01 08:34:14','2023-10-01 08:34:14',0,'0','snack',0,1),(12427,39,465,'2023-10-12','2023-10-01 08:34:14','2023-10-01 08:34:14',0,'0','snack',0,1),(12428,39,483,'2023-10-12','2023-10-01 08:34:14','2023-10-01 08:34:14',0,'0','meal',0,1),(12429,39,468,'2023-10-14','2023-10-01 08:34:14','2023-10-01 08:34:14',0,'1','meal',0,1),(12430,39,501,'2023-10-14','2023-10-01 08:34:14','2023-10-01 08:34:14',0,'1','snack',0,1),(12431,39,477,'2023-10-14','2023-10-01 08:34:14','2023-10-01 08:34:14',0,'1','meal',0,1),(12432,39,489,'2023-10-14','2023-10-01 08:34:14','2023-10-01 08:34:14',0,'1','snack',0,1),(12433,39,480,'2023-10-14','2023-10-01 08:34:14','2023-10-01 08:34:14',0,'1','meal',0,1),(12434,39,492,'2023-10-14','2023-10-01 08:34:14','2023-10-01 08:34:14',0,'0','snack',0,1),(12435,39,486,'2023-10-14','2023-10-01 08:34:14','2023-10-01 08:34:14',0,'0','meal',0,1),(12436,39,495,'2023-10-14','2023-10-01 08:34:14','2023-10-01 08:34:14',0,'0','snack',0,1),(12437,39,1267,'2023-10-14','2023-10-01 08:34:14','2023-10-01 08:34:14',0,'0','meal',0,1),(12438,39,474,'2023-10-14','2023-10-01 08:34:14','2023-10-01 08:34:14',0,'0','meal',0,1),(12439,39,532,'2023-10-15','2023-10-01 08:34:14','2023-10-01 08:34:14',0,'1','snack',0,1),(12440,39,504,'2023-10-15','2023-10-01 08:34:14','2023-10-01 08:34:14',0,'1','meal',0,1),(12441,39,520,'2023-10-15','2023-10-01 08:34:14','2023-10-01 08:34:14',0,'1','meal',0,1),(12442,39,541,'2023-10-15','2023-10-01 08:34:14','2023-10-01 08:34:14',0,'1','snack',0,1),(12443,39,517,'2023-10-15','2023-10-01 08:34:14','2023-10-01 08:34:14',0,'1','meal',0,1),(12444,39,535,'2023-10-15','2023-10-01 08:34:14','2023-10-01 08:34:14',0,'0','snack',0,1),(12445,39,513,'2023-10-15','2023-10-01 08:34:14','2023-10-01 08:34:14',0,'0','meal',0,1),(12446,39,538,'2023-10-15','2023-10-01 08:34:14','2023-10-01 08:34:14',0,'0','snack',0,1),(12447,39,523,'2023-10-15','2023-10-01 08:34:14','2023-10-01 08:34:14',0,'0','meal',0,1),(12448,39,510,'2023-10-15','2023-10-01 08:34:14','2023-10-01 08:34:14',0,'0','meal',0,1),(12449,39,526,'2023-10-15','2023-10-01 08:34:14','2023-10-01 08:34:14',0,'0','meal',0,1),(12450,39,507,'2023-10-15','2023-10-01 08:34:14','2023-10-01 08:34:14',0,'0','meal',0,1),(12451,39,529,'2023-10-15','2023-10-01 08:34:14','2023-10-01 08:34:14',0,'0','meal',0,1),(12452,39,544,'2023-10-16','2023-10-01 08:34:14','2023-10-01 08:34:14',0,'1','meal',0,1),(12453,39,550,'2023-10-16','2023-10-01 08:34:14','2023-10-01 08:34:14',0,'1','meal',0,1),(12454,39,556,'2023-10-16','2023-10-01 08:34:14','2023-10-01 08:34:14',0,'1','meal',0,1),(12455,39,559,'2023-10-16','2023-10-01 08:34:14','2023-10-01 08:34:14',0,'0','meal',0,1),(12456,39,566,'2023-10-16','2023-10-01 08:34:14','2023-10-01 08:34:14',0,'0','meal',0,1),(12457,39,569,'2023-10-16','2023-10-01 08:34:14','2023-10-01 08:34:14',0,'0','meal',0,1),(12458,39,553,'2023-10-16','2023-10-01 08:34:14','2023-10-01 08:34:14',0,'0','meal',0,1),(12459,39,562,'2023-10-16','2023-10-01 08:34:14','2023-10-01 08:34:14',0,'0','meal',0,1),(12460,39,547,'2023-10-16','2023-10-01 08:34:14','2023-10-01 08:34:14',0,'0','meal',0,1),(12461,39,572,'2023-10-16','2023-10-01 08:34:14','2023-10-01 08:34:14',0,'0','meal',0,1),(12462,39,575,'2023-10-16','2023-10-01 08:34:14','2023-10-01 08:34:14',0,'1','snack',0,1),(12463,39,578,'2023-10-16','2023-10-01 08:34:14','2023-10-01 08:34:14',0,'1','snack',0,1),(12464,39,581,'2023-10-16','2023-10-01 08:34:14','2023-10-01 08:34:14',0,'0','snack',0,1),(12465,39,584,'2023-10-16','2023-10-01 08:34:14','2023-10-01 08:34:14',0,'0','snack',0,1),(12466,40,270,'2023-10-08','2023-10-01 12:21:46','2023-10-01 12:21:46',0,'1','meal',0,1),(12467,40,295,'2023-10-08','2023-10-01 12:21:46','2023-10-01 12:21:46',0,'1','snack',0,1),(12468,40,277,'2023-10-08','2023-10-01 12:21:46','2023-10-01 12:21:46',0,'1','meal',0,1),(12469,40,298,'2023-10-08','2023-10-01 12:21:46','2023-10-01 12:21:46',0,'0','snack',0,1),(12470,40,280,'2023-10-08','2023-10-01 12:21:46','2023-10-01 12:21:46',0,'1','meal',0,1),(12471,40,301,'2023-10-08','2023-10-01 12:21:46','2023-10-01 12:21:46',0,'0','snack',0,1),(12472,40,292,'2023-10-08','2023-10-01 12:21:46','2023-10-01 12:21:46',0,'0','meal',0,1),(12473,40,304,'2023-10-08','2023-10-01 12:21:46','2023-10-01 12:21:46',0,'0','snack',0,1),(12474,40,289,'2023-10-08','2023-10-01 12:21:46','2023-10-01 12:21:46',0,'0','meal',0,1),(12475,40,283,'2023-10-08','2023-10-01 12:21:46','2023-10-01 12:21:46',0,'0','meal',0,1),(12476,40,274,'2023-10-08','2023-10-01 12:21:46','2023-10-01 12:21:46',0,'0','meal',0,1),(12477,40,286,'2023-10-08','2023-10-01 12:21:46','2023-10-01 12:21:46',0,'0','meal',0,1),(12478,40,325,'2023-10-09','2023-10-01 12:21:46','2023-10-01 12:21:46',0,'1','meal',0,1),(12479,40,331,'2023-10-09','2023-10-01 12:21:46','2023-10-01 12:21:46',0,'1','snack',0,1),(12480,40,307,'2023-10-09','2023-10-01 12:21:46','2023-10-01 12:21:46',0,'1','meal',0,1),(12481,40,1184,'2023-10-09','2023-10-01 12:21:46','2023-10-01 12:21:46',0,'0','snack',0,1),(12482,40,322,'2023-10-09','2023-10-01 12:21:46','2023-10-01 12:21:46',0,'1','meal',0,1),(12483,40,1189,'2023-10-09','2023-10-01 12:21:46','2023-10-01 12:21:46',0,'0','snack',0,1),(12484,40,310,'2023-10-09','2023-10-01 12:21:46','2023-10-01 12:21:46',0,'0','meal',0,1),(12485,40,1144,'2023-10-09','2023-10-01 12:21:46','2023-10-01 12:21:46',0,'0','snack',0,1),(12486,40,316,'2023-10-09','2023-10-01 12:21:46','2023-10-01 12:21:46',0,'0','meal',0,1),(12487,40,319,'2023-10-09','2023-10-01 12:21:46','2023-10-01 12:21:46',0,'0','meal',0,1),(12488,40,313,'2023-10-09','2023-10-01 12:21:46','2023-10-01 12:21:46',0,'0','meal',0,1),(12489,40,328,'2023-10-09','2023-10-01 12:21:46','2023-10-01 12:21:46',0,'0','meal',0,1),(12490,40,343,'2023-10-10','2023-10-01 12:21:46','2023-10-01 12:21:46',0,'1','meal',0,1),(12491,40,376,'2023-10-10','2023-10-01 12:21:46','2023-10-01 12:21:46',0,'1','meal',0,1),(12492,40,349,'2023-10-10','2023-10-01 12:21:46','2023-10-01 12:21:46',0,'1','meal',0,1),(12493,40,364,'2023-10-10','2023-10-01 12:21:46','2023-10-01 12:21:46',0,'0','meal',0,1),(12494,40,355,'2023-10-10','2023-10-01 12:21:46','2023-10-01 12:21:46',0,'0','meal',0,1),(12495,40,1227,'2023-10-10','2023-10-01 12:21:46','2023-10-01 12:21:46',0,'0','meal',0,1),(12496,40,346,'2023-10-10','2023-10-01 12:21:46','2023-10-01 12:21:46',0,'0','meal',0,1),(12497,40,361,'2023-10-10','2023-10-01 12:21:46','2023-10-01 12:21:46',0,'0','meal',0,1),(12498,40,358,'2023-10-10','2023-10-01 12:21:46','2023-10-01 12:21:46',0,'0','meal',0,1),(12499,40,367,'2023-10-10','2023-10-01 12:21:46','2023-10-01 12:21:46',0,'0','meal',0,1),(12500,40,370,'2023-10-10','2023-10-01 12:21:46','2023-10-01 12:21:46',0,'0','meal',0,1),(12501,40,373,'2023-10-10','2023-10-01 12:21:46','2023-10-01 12:21:46',0,'0','meal',0,1),(12502,40,379,'2023-10-10','2023-10-01 12:21:46','2023-10-01 12:21:46',0,'0','meal',0,1),(12503,40,383,'2023-10-10','2023-10-01 12:21:46','2023-10-01 12:21:46',0,'1','snack',0,1),(12504,40,386,'2023-10-10','2023-10-01 12:21:46','2023-10-01 12:21:46',0,'0','snack',0,1),(12505,40,389,'2023-10-10','2023-10-01 12:21:46','2023-10-01 12:21:46',0,'0','snack',0,1),(12506,40,392,'2023-10-10','2023-10-01 12:21:46','2023-10-01 12:21:46',0,'0','snack',0,1),(12507,40,395,'2023-10-11','2023-10-01 12:21:46','2023-10-01 12:21:46',0,'1','meal',0,1),(12508,40,417,'2023-10-11','2023-10-01 12:21:46','2023-10-01 12:21:46',0,'1','meal',0,1),(12509,40,404,'2023-10-11','2023-10-01 12:21:46','2023-10-01 12:21:46',0,'1','meal',0,1),(12510,40,401,'2023-10-11','2023-10-01 12:21:46','2023-10-01 12:21:46',0,'0','meal',0,1),(12511,40,411,'2023-10-11','2023-10-01 12:21:46','2023-10-01 12:21:46',0,'0','meal',0,1),(12512,40,407,'2023-10-11','2023-10-01 12:21:46','2023-10-01 12:21:46',0,'0','meal',0,1),(12513,40,414,'2023-10-11','2023-10-01 12:21:46','2023-10-01 12:21:46',0,'0','meal',0,1),(12514,40,398,'2023-10-11','2023-10-01 12:21:46','2023-10-01 12:21:46',0,'0','meal',0,1),(12515,40,420,'2023-10-11','2023-10-01 12:21:46','2023-10-01 12:21:46',0,'1','snack',0,1),(12516,40,423,'2023-10-11','2023-10-01 12:21:46','2023-10-01 12:21:46',0,'0','snack',0,1),(12517,40,426,'2023-10-11','2023-10-01 12:21:46','2023-10-01 12:21:46',0,'0','snack',0,1),(12518,40,429,'2023-10-11','2023-10-01 12:21:46','2023-10-01 12:21:46',0,'0','snack',0,1),(12519,40,432,'2023-10-12','2023-10-01 12:21:46','2023-10-01 12:21:46',0,'1','meal',0,1),(12520,40,453,'2023-10-12','2023-10-01 12:21:46','2023-10-01 12:21:46',0,'1','meal',0,1),(12521,40,441,'2023-10-12','2023-10-01 12:21:46','2023-10-01 12:21:46',0,'1','meal',0,1),(12522,40,438,'2023-10-12','2023-10-01 12:21:46','2023-10-01 12:21:46',0,'0','meal',0,1),(12523,40,447,'2023-10-12','2023-10-01 12:21:46','2023-10-01 12:21:46',0,'0','meal',0,1),(12524,40,444,'2023-10-12','2023-10-01 12:21:46','2023-10-01 12:21:46',0,'0','meal',0,1),(12525,40,450,'2023-10-12','2023-10-01 12:21:46','2023-10-01 12:21:46',0,'0','meal',0,1),(12526,40,435,'2023-10-12','2023-10-01 12:21:46','2023-10-01 12:21:46',0,'0','meal',0,1),(12527,40,456,'2023-10-12','2023-10-01 12:21:46','2023-10-01 12:21:46',0,'1','snack',0,1),(12528,40,459,'2023-10-12','2023-10-01 12:21:46','2023-10-01 12:21:46',0,'0','snack',0,1),(12529,40,462,'2023-10-12','2023-10-01 12:21:46','2023-10-01 12:21:46',0,'0','snack',0,1),(12530,40,465,'2023-10-12','2023-10-01 12:21:46','2023-10-01 12:21:46',0,'0','snack',0,1),(12531,40,483,'2023-10-12','2023-10-01 12:21:46','2023-10-01 12:21:46',0,'0','meal',0,1),(12532,40,468,'2023-10-14','2023-10-01 12:21:46','2023-10-01 12:21:46',0,'1','meal',0,1),(12533,40,501,'2023-10-14','2023-10-01 12:21:46','2023-10-01 12:21:46',0,'1','snack',0,1),(12534,40,477,'2023-10-14','2023-10-01 12:21:46','2023-10-01 12:21:46',0,'1','meal',0,1),(12535,40,489,'2023-10-14','2023-10-01 12:21:46','2023-10-01 12:21:46',0,'0','snack',0,1),(12536,40,480,'2023-10-14','2023-10-01 12:21:46','2023-10-01 12:21:46',0,'1','meal',0,1),(12537,40,492,'2023-10-14','2023-10-01 12:21:46','2023-10-01 12:21:46',0,'0','snack',0,1),(12538,40,486,'2023-10-14','2023-10-01 12:21:46','2023-10-01 12:21:46',0,'0','meal',0,1),(12539,40,495,'2023-10-14','2023-10-01 12:21:46','2023-10-01 12:21:46',0,'0','snack',0,1),(12540,40,1267,'2023-10-14','2023-10-01 12:21:46','2023-10-01 12:21:46',0,'0','meal',0,1),(12541,40,474,'2023-10-14','2023-10-01 12:21:46','2023-10-01 12:21:46',0,'0','meal',0,1),(12542,40,532,'2023-10-15','2023-10-01 12:21:46','2023-10-01 12:21:46',0,'1','snack',0,1),(12543,40,504,'2023-10-15','2023-10-01 12:21:46','2023-10-01 12:21:46',0,'1','meal',0,1),(12544,40,520,'2023-10-15','2023-10-01 12:21:46','2023-10-01 12:21:46',0,'1','meal',0,1),(12545,40,541,'2023-10-15','2023-10-01 12:21:46','2023-10-01 12:21:46',0,'0','snack',0,1),(12546,40,517,'2023-10-15','2023-10-01 12:21:46','2023-10-01 12:21:46',0,'1','meal',0,1),(12547,40,535,'2023-10-15','2023-10-01 12:21:46','2023-10-01 12:21:46',0,'0','snack',0,1),(12548,40,513,'2023-10-15','2023-10-01 12:21:46','2023-10-01 12:21:46',0,'0','meal',0,1),(12549,40,538,'2023-10-15','2023-10-01 12:21:46','2023-10-01 12:21:46',0,'0','snack',0,1),(12550,40,523,'2023-10-15','2023-10-01 12:21:46','2023-10-01 12:21:46',0,'0','meal',0,1),(12551,40,510,'2023-10-15','2023-10-01 12:21:46','2023-10-01 12:21:46',0,'0','meal',0,1),(12552,40,526,'2023-10-15','2023-10-01 12:21:46','2023-10-01 12:21:46',0,'0','meal',0,1),(12553,40,507,'2023-10-15','2023-10-01 12:21:46','2023-10-01 12:21:46',0,'0','meal',0,1),(12554,40,529,'2023-10-15','2023-10-01 12:21:46','2023-10-01 12:21:46',0,'0','meal',0,1),(12555,40,544,'2023-10-16','2023-10-01 12:21:46','2023-10-01 12:21:46',0,'1','meal',0,1),(12556,40,550,'2023-10-16','2023-10-01 12:21:46','2023-10-01 12:21:46',0,'1','meal',0,1),(12557,40,556,'2023-10-16','2023-10-01 12:21:46','2023-10-01 12:21:46',0,'1','meal',0,1),(12558,40,559,'2023-10-16','2023-10-01 12:21:46','2023-10-01 12:21:46',0,'0','meal',0,1),(12559,40,566,'2023-10-16','2023-10-01 12:21:46','2023-10-01 12:21:46',0,'0','meal',0,1),(12560,40,569,'2023-10-16','2023-10-01 12:21:46','2023-10-01 12:21:46',0,'0','meal',0,1),(12561,40,553,'2023-10-16','2023-10-01 12:21:46','2023-10-01 12:21:46',0,'0','meal',0,1),(12562,40,562,'2023-10-16','2023-10-01 12:21:46','2023-10-01 12:21:46',0,'0','meal',0,1),(12563,40,547,'2023-10-16','2023-10-01 12:21:46','2023-10-01 12:21:46',0,'0','meal',0,1),(12564,40,572,'2023-10-16','2023-10-01 12:21:46','2023-10-01 12:21:46',0,'0','meal',0,1),(12565,40,575,'2023-10-16','2023-10-01 12:21:46','2023-10-01 12:21:46',0,'1','snack',0,1),(12566,40,578,'2023-10-16','2023-10-01 12:21:46','2023-10-01 12:21:46',0,'0','snack',0,1),(12567,40,581,'2023-10-16','2023-10-01 12:21:46','2023-10-01 12:21:46',0,'0','snack',0,1),(12568,40,584,'2023-10-16','2023-10-01 12:21:46','2023-10-01 12:21:46',0,'0','snack',0,1),(12569,40,587,'2023-10-17','2023-10-01 12:21:46','2023-10-01 12:21:46',0,'1','meal',0,1),(12570,40,615,'2023-10-17','2023-10-01 12:21:46','2023-10-01 12:21:46',0,'1','snack',0,1),(12571,40,612,'2023-10-17','2023-10-01 12:21:46','2023-10-01 12:21:46',0,'1','meal',0,1),(12572,40,618,'2023-10-17','2023-10-01 12:21:46','2023-10-01 12:21:46',0,'0','snack',0,1),(12573,40,593,'2023-10-17','2023-10-01 12:21:46','2023-10-01 12:21:46',0,'1','meal',0,1),(12574,40,628,'2023-10-17','2023-10-01 12:21:46','2023-10-01 12:21:46',0,'0','snack',0,1),(12575,40,597,'2023-10-17','2023-10-01 12:21:46','2023-10-01 12:21:46',0,'0','meal',0,1),(12576,40,624,'2023-10-17','2023-10-01 12:21:46','2023-10-01 12:21:46',0,'0','snack',0,1),(12577,40,603,'2023-10-17','2023-10-01 12:21:46','2023-10-01 12:21:46',0,'0','meal',0,1),(12578,40,609,'2023-10-17','2023-10-01 12:21:46','2023-10-01 12:21:46',0,'0','meal',0,1),(12579,40,600,'2023-10-17','2023-10-01 12:21:46','2023-10-01 12:21:46',0,'0','meal',0,1),(12580,40,590,'2023-10-17','2023-10-01 12:21:46','2023-10-01 12:21:46',0,'0','meal',0,1),(12581,40,606,'2023-10-17','2023-10-01 12:21:46','2023-10-01 12:21:46',0,'0','meal',0,1),(12582,40,627,'2023-10-18','2023-10-01 12:21:46','2023-10-01 12:21:47',0,'1','meal',0,1),(12583,40,656,'2023-10-18','2023-10-01 12:21:46','2023-10-01 12:21:47',0,'1','meal',0,1),(12584,40,640,'2023-10-18','2023-10-01 12:21:46','2023-10-01 12:21:47',0,'1','meal',0,1),(12585,40,637,'2023-10-18','2023-10-01 12:21:47','2023-10-01 12:21:47',0,'0','meal',0,1),(12586,40,653,'2023-10-18','2023-10-01 12:21:47','2023-10-01 12:21:47',0,'0','meal',0,1),(12587,40,634,'2023-10-18','2023-10-01 12:21:47','2023-10-01 12:21:47',0,'0','meal',0,1),(12588,40,650,'2023-10-18','2023-10-01 12:21:47','2023-10-01 12:21:47',0,'0','meal',0,1),(12589,40,644,'2023-10-18','2023-10-01 12:21:47','2023-10-01 12:21:47',0,'0','meal',0,1),(12590,40,647,'2023-10-18','2023-10-01 12:21:47','2023-10-01 12:21:47',0,'0','meal',0,1),(12591,40,631,'2023-10-18','2023-10-01 12:21:47','2023-10-01 12:21:47',0,'0','meal',0,1),(12592,40,659,'2023-10-18','2023-10-01 12:21:47','2023-10-01 12:21:47',0,'1','snack',0,1),(12593,40,662,'2023-10-18','2023-10-01 12:21:47','2023-10-01 12:21:47',0,'0','snack',0,1),(12594,40,666,'2023-10-18','2023-10-01 12:21:47','2023-10-01 12:21:47',0,'0','snack',0,1),(12595,40,669,'2023-10-18','2023-10-01 12:21:47','2023-10-01 12:21:47',0,'0','snack',0,1),(12596,40,672,'2023-10-19','2023-10-01 12:21:47','2023-10-01 12:21:47',0,'1','meal',0,1),(12597,40,678,'2023-10-19','2023-10-01 12:21:47','2023-10-01 12:21:47',0,'1','meal',0,1),(12598,40,681,'2023-10-19','2023-10-01 12:21:47','2023-10-01 12:21:47',0,'1','meal',0,1),(12599,40,684,'2023-10-19','2023-10-01 12:21:47','2023-10-01 12:21:47',0,'0','meal',0,1),(12600,40,690,'2023-10-19','2023-10-01 12:21:47','2023-10-01 12:21:47',0,'0','meal',0,1),(12601,40,687,'2023-10-19','2023-10-01 12:21:47','2023-10-01 12:21:47',0,'0','meal',0,1),(12602,40,675,'2023-10-19','2023-10-01 12:21:47','2023-10-01 12:21:47',0,'0','meal',0,1),(12603,40,696,'2023-10-19','2023-10-01 12:21:47','2023-10-01 12:21:47',0,'1','snack',0,1),(12604,40,699,'2023-10-19','2023-10-01 12:21:47','2023-10-01 12:21:47',0,'0','snack',0,1),(12605,40,702,'2023-10-19','2023-10-01 12:21:47','2023-10-01 12:21:47',0,'0','snack',0,1),(12606,40,705,'2023-10-21','2023-10-01 12:21:47','2023-10-01 12:21:47',0,'1','meal',0,1),(12607,40,751,'2023-10-21','2023-10-01 12:21:47','2023-10-01 12:21:47',0,'1','snack',0,1),(12608,40,711,'2023-10-21','2023-10-01 12:21:47','2023-10-01 12:21:47',0,'1','meal',0,1),(12609,40,735,'2023-10-21','2023-10-01 12:21:47','2023-10-01 12:21:47',0,'0','snack',0,1),(12610,40,732,'2023-10-21','2023-10-01 12:21:47','2023-10-01 12:21:47',0,'1','meal',0,1),(12611,40,738,'2023-10-21','2023-10-01 12:21:47','2023-10-01 12:21:47',0,'0','snack',0,1),(12612,40,729,'2023-10-21','2023-10-01 12:21:47','2023-10-01 12:21:47',0,'0','meal',0,1),(12613,40,741,'2023-10-21','2023-10-01 12:21:47','2023-10-01 12:21:47',0,'0','snack',0,1),(12614,40,723,'2023-10-21','2023-10-01 12:21:47','2023-10-01 12:21:47',0,'0','meal',0,1),(12615,40,717,'2023-10-21','2023-10-01 12:21:47','2023-10-01 12:21:47',0,'0','meal',0,1),(12616,40,720,'2023-10-21','2023-10-01 12:21:47','2023-10-01 12:21:47',0,'0','meal',0,1),(12617,40,714,'2023-10-21','2023-10-01 12:21:47','2023-10-01 12:21:47',0,'0','meal',0,1),(12618,40,726,'2023-10-21','2023-10-01 12:21:47','2023-10-01 12:21:47',0,'0','meal',0,1),(12619,40,708,'2023-10-21','2023-10-01 12:21:47','2023-10-01 12:21:47',0,'0','meal',0,1),(12620,40,773,'2023-10-22','2023-10-01 12:21:47','2023-10-01 12:21:47',0,'1','snack',0,1),(12621,40,744,'2023-10-22','2023-10-01 12:21:47','2023-10-01 12:21:47',0,'1','meal',0,1),(12622,40,776,'2023-10-22','2023-10-01 12:21:47','2023-10-01 12:21:47',0,'0','snack',0,1),(12623,40,758,'2023-10-22','2023-10-01 12:21:47','2023-10-01 12:21:47',0,'1','meal',0,1),(12624,40,779,'2023-10-22','2023-10-01 12:21:47','2023-10-01 12:21:47',0,'0','snack',0,1),(12625,40,761,'2023-10-22','2023-10-01 12:21:47','2023-10-01 12:21:47',0,'1','meal',0,1),(12626,40,754,'2023-10-22','2023-10-01 12:21:47','2023-10-01 12:21:47',0,'0','meal',0,1),(12627,40,764,'2023-10-22','2023-10-01 12:21:47','2023-10-01 12:21:47',0,'0','meal',0,1),(12628,40,1132,'2023-10-22','2023-10-01 12:21:47','2023-10-01 12:21:47',0,'0','meal',0,1),(12629,40,747,'2023-10-22','2023-10-01 12:21:47','2023-10-01 12:21:47',0,'0','meal',0,1),(12630,40,767,'2023-10-22','2023-10-01 12:21:47','2023-10-01 12:21:47',0,'0','meal',0,1),(12631,40,770,'2023-10-22','2023-10-01 12:21:47','2023-10-01 12:21:47',0,'0','meal',0,1),(12632,40,782,'2023-10-23','2023-10-01 12:21:47','2023-10-01 12:21:47',0,'1','meal',0,1),(12633,40,810,'2023-10-23','2023-10-01 12:21:47','2023-10-01 12:21:47',0,'1','meal',0,1),(12634,40,788,'2023-10-23','2023-10-01 12:21:47','2023-10-01 12:21:47',0,'1','meal',0,1),(12635,40,797,'2023-10-23','2023-10-01 12:21:47','2023-10-01 12:21:47',0,'0','meal',0,1),(12636,40,791,'2023-10-23','2023-10-01 12:21:47','2023-10-01 12:21:47',0,'0','meal',0,1),(12637,40,800,'2023-10-23','2023-10-01 12:21:47','2023-10-01 12:21:47',0,'0','meal',0,1),(12638,40,794,'2023-10-23','2023-10-01 12:21:47','2023-10-01 12:21:47',0,'0','meal',0,1),(12639,40,804,'2023-10-23','2023-10-01 12:21:47','2023-10-01 12:21:47',0,'0','meal',0,1),(12640,40,813,'2023-10-23','2023-10-01 12:21:47','2023-10-01 12:21:47',0,'0','meal',0,1),(12641,40,807,'2023-10-23','2023-10-01 12:21:47','2023-10-01 12:21:47',0,'0','meal',0,1),(12642,40,816,'2023-10-23','2023-10-01 12:21:47','2023-10-01 12:21:47',0,'0','meal',0,1),(12643,40,785,'2023-10-23','2023-10-01 12:21:47','2023-10-01 12:21:47',0,'0','meal',0,1),(12644,40,819,'2023-10-23','2023-10-01 12:21:47','2023-10-01 12:21:47',0,'1','snack',0,1),(12645,40,822,'2023-10-23','2023-10-01 12:21:47','2023-10-01 12:21:47',0,'0','snack',0,1),(12646,40,825,'2023-10-23','2023-10-01 12:21:47','2023-10-01 12:21:47',0,'0','snack',0,1),(12647,40,828,'2023-10-23','2023-10-01 12:21:47','2023-10-01 12:21:47',0,'0','snack',0,1),(12648,40,831,'2023-10-24','2023-10-01 12:21:47','2023-10-01 12:21:47',0,'1','meal',0,1),(12649,40,868,'2023-10-24','2023-10-01 12:21:47','2023-10-01 12:21:47',0,'1','snack',0,1),(12650,40,840,'2023-10-24','2023-10-01 12:21:47','2023-10-01 12:21:47',0,'1','meal',0,1),(12651,40,871,'2023-10-24','2023-10-01 12:21:47','2023-10-01 12:21:47',0,'0','snack',0,1),(12652,40,843,'2023-10-24','2023-10-01 12:21:47','2023-10-01 12:21:47',0,'1','meal',0,1),(12653,40,865,'2023-10-24','2023-10-01 12:21:47','2023-10-01 12:21:47',0,'0','snack',0,1),(12654,40,846,'2023-10-24','2023-10-01 12:21:47','2023-10-01 12:21:47',0,'0','meal',0,1),(12655,40,852,'2023-10-24','2023-10-01 12:21:47','2023-10-01 12:21:47',0,'0','meal',0,1),(12656,40,859,'2023-10-24','2023-10-01 12:21:47','2023-10-01 12:21:47',0,'0','meal',0,1),(12657,40,849,'2023-10-24','2023-10-01 12:21:47','2023-10-01 12:21:47',0,'0','meal',0,1),(12658,40,856,'2023-10-24','2023-10-01 12:21:47','2023-10-01 12:21:47',0,'0','meal',0,1),(12659,40,836,'2023-10-24','2023-10-01 12:21:47','2023-10-01 12:21:47',0,'0','meal',0,1),(12660,41,56,'2023-10-02','2023-10-01 14:00:34','2023-10-01 14:09:33',0,'1','meal',1,1),(12661,41,85,'2023-10-02','2023-10-01 14:00:34','2023-10-01 14:09:33',0,'0','snack',1,1),(12662,41,63,'2023-10-02','2023-10-01 14:00:34','2023-10-01 14:09:33',0,'1','meal',1,1),(12663,41,88,'2023-10-02','2023-10-01 14:00:34','2023-10-01 14:09:33',0,'1','snack',1,1),(12664,41,72,'2023-10-02','2023-10-01 14:00:34','2023-10-01 14:09:33',0,'1','meal',1,1),(12665,41,91,'2023-10-02','2023-10-01 14:00:34','2023-10-01 14:09:33',0,'0','snack',1,1),(12666,41,79,'2023-10-02','2023-10-01 14:00:34','2023-10-01 14:09:33',0,'0','meal',1,1),(12667,41,94,'2023-10-02','2023-10-01 14:00:34','2023-10-01 14:09:33',0,'1','snack',1,1),(12668,41,75,'2023-10-02','2023-10-01 14:00:34','2023-10-01 14:09:33',0,'0','meal',1,1),(12669,41,82,'2023-10-02','2023-10-01 14:00:34','2023-10-01 14:09:33',0,'0','meal',1,1),(12670,41,59,'2023-10-02','2023-10-01 14:00:34','2023-10-01 14:09:33',0,'0','meal',1,1),(12671,41,99,'2023-10-03','2023-10-01 14:00:34','2023-10-01 14:10:16',0,'1','meal',1,1),(12672,41,114,'2023-10-03','2023-10-01 14:00:34','2023-10-01 14:10:16',0,'1','meal',1,1),(12673,41,124,'2023-10-03','2023-10-01 14:00:34','2023-10-01 14:10:16',0,'1','meal',1,1),(12674,41,121,'2023-10-03','2023-10-01 14:00:34','2023-10-01 14:10:16',0,'0','meal',1,1),(12675,41,117,'2023-10-03','2023-10-01 14:00:34','2023-10-01 14:10:16',0,'0','meal',1,1),(12676,41,127,'2023-10-03','2023-10-01 14:00:34','2023-10-01 14:10:16',0,'0','meal',1,1),(12677,41,105,'2023-10-03','2023-10-01 14:00:34','2023-10-01 14:10:16',0,'0','meal',1,1),(12678,41,108,'2023-10-03','2023-10-01 14:00:34','2023-10-01 14:10:16',0,'0','meal',1,1),(12679,41,111,'2023-10-03','2023-10-01 14:00:34','2023-10-01 14:10:16',0,'0','meal',1,1),(12680,41,102,'2023-10-03','2023-10-01 14:00:34','2023-10-01 14:10:16',0,'0','meal',1,1),(12681,41,130,'2023-10-03','2023-10-01 14:00:34','2023-10-01 14:10:16',0,'0','snack',1,1),(12682,41,133,'2023-10-03','2023-10-01 14:00:34','2023-10-01 14:10:16',0,'1','snack',1,1),(12683,41,136,'2023-10-03','2023-10-01 14:00:34','2023-10-01 14:10:16',0,'0','snack',1,1),(12684,41,139,'2023-10-03','2023-10-01 14:00:34','2023-10-01 14:10:16',0,'1','snack',1,1),(12685,41,143,'2023-10-04','2023-10-01 14:00:34','2023-10-01 14:10:59',0,'1','meal',1,1),(12686,41,170,'2023-10-04','2023-10-01 14:00:34','2023-10-01 14:10:59',0,'1','snack',1,1),(12687,41,164,'2023-10-04','2023-10-01 14:00:34','2023-10-01 14:10:59',0,'1','meal',1,1),(12688,41,173,'2023-10-04','2023-10-01 14:00:34','2023-10-01 14:10:59',0,'1','snack',1,1),(12689,41,1149,'2023-10-04','2023-10-01 14:00:34','2023-10-01 14:10:58',0,'0','snack',1,1),(12690,41,158,'2023-10-04','2023-10-01 14:00:34','2023-10-01 14:10:59',0,'1','meal',1,1),(12691,41,152,'2023-10-04','2023-10-01 14:00:34','2023-10-01 14:10:58',0,'0','meal',1,1),(12692,41,179,'2023-10-04','2023-10-01 14:00:34','2023-10-01 14:10:58',0,'0','snack',1,1),(12693,41,161,'2023-10-04','2023-10-01 14:00:34','2023-10-01 14:10:58',0,'0','meal',1,1),(12694,41,167,'2023-10-04','2023-10-01 14:00:34','2023-10-01 14:10:58',0,'0','meal',1,1),(12695,41,155,'2023-10-04','2023-10-01 14:00:34','2023-10-01 14:10:58',0,'0','meal',1,1),(12696,41,149,'2023-10-04','2023-10-01 14:00:34','2023-10-01 14:10:58',0,'0','meal',1,1),(12697,41,146,'2023-10-04','2023-10-01 14:00:34','2023-10-01 14:10:58',0,'0','meal',1,1),(12698,41,206,'2023-10-05','2023-10-01 14:00:34','2023-10-01 14:11:43',0,'1','snack',1,1),(12699,41,218,'2023-10-05','2023-10-01 14:00:34','2023-10-01 14:11:43',0,'1','meal',1,1),(12700,41,185,'2023-10-05','2023-10-01 14:00:34','2023-10-01 14:11:43',0,'1','meal',1,1),(12701,41,209,'2023-10-05','2023-10-01 14:00:34','2023-10-01 14:11:43',0,'1','snack',1,1),(12702,41,188,'2023-10-05','2023-10-01 14:00:34','2023-10-01 14:11:43',0,'1','meal',1,1),(12703,41,212,'2023-10-05','2023-10-01 14:00:35','2023-10-01 14:11:43',0,'0','snack',1,1),(12704,41,194,'2023-10-05','2023-10-01 14:00:35','2023-10-01 14:11:43',0,'0','meal',1,1),(12705,41,215,'2023-10-05','2023-10-01 14:00:35','2023-10-01 14:11:43',0,'0','snack',1,1),(12706,41,191,'2023-10-05','2023-10-01 14:00:35','2023-10-01 14:11:43',0,'0','meal',1,1),(12707,41,200,'2023-10-05','2023-10-01 14:00:35','2023-10-01 14:11:43',0,'0','meal',1,1),(12708,41,197,'2023-10-05','2023-10-01 14:00:35','2023-10-01 14:11:43',0,'0','meal',1,1),(12709,41,203,'2023-10-05','2023-10-01 14:00:35','2023-10-01 14:11:43',0,'0','meal',1,1),(12710,41,221,'2023-10-05','2023-10-01 14:00:35','2023-10-01 14:11:43',0,'0','meal',1,1),(12711,41,258,'2023-10-07','2023-10-01 14:00:35','2023-10-01 17:21:57',0,'1','snack',1,1),(12712,41,224,'2023-10-07','2023-10-01 14:00:35','2023-10-01 17:21:57',0,'1','meal',1,1),(12713,41,261,'2023-10-07','2023-10-01 14:00:35','2023-10-01 17:21:57',0,'1','snack',1,1),(12714,41,240,'2023-10-07','2023-10-01 14:00:35','2023-10-01 17:21:57',0,'1','meal',1,1),(12715,41,267,'2023-10-07','2023-10-01 14:00:35','2023-10-01 17:21:57',0,'0','snack',1,1),(12716,41,252,'2023-10-07','2023-10-01 14:00:35','2023-10-01 17:21:57',0,'1','meal',1,1),(12717,41,264,'2023-10-07','2023-10-01 14:00:35','2023-10-01 17:21:57',0,'0','snack',1,1),(12718,41,237,'2023-10-07','2023-10-01 14:00:35','2023-10-01 17:21:57',0,'0','meal',1,1),(12719,41,231,'2023-10-07','2023-10-01 14:00:35','2023-10-01 17:21:57',0,'0','meal',1,1),(12720,41,246,'2023-10-07','2023-10-01 14:00:35','2023-10-01 17:21:57',0,'0','meal',1,1),(12721,41,234,'2023-10-07','2023-10-01 14:00:35','2023-10-01 17:21:57',0,'0','meal',1,1),(12722,41,243,'2023-10-07','2023-10-01 14:00:35','2023-10-01 17:21:57',0,'0','meal',1,1),(12723,41,249,'2023-10-07','2023-10-01 14:00:35','2023-10-01 17:21:57',0,'0','meal',1,1),(12724,41,228,'2023-10-07','2023-10-01 14:00:35','2023-10-01 17:21:57',0,'0','meal',1,1),(12725,41,255,'2023-10-07','2023-10-01 14:00:35','2023-10-01 17:21:57',0,'0','meal',1,1),(12726,41,270,'2023-10-08','2023-10-01 14:00:35','2023-10-04 22:37:59',0,'1','meal',1,1),(12727,41,295,'2023-10-08','2023-10-01 14:00:35','2023-10-04 22:37:59',0,'1','snack',1,1),(12728,41,277,'2023-10-08','2023-10-01 14:00:35','2023-10-04 22:37:59',0,'1','meal',1,1),(12729,41,298,'2023-10-08','2023-10-01 14:00:35','2023-10-04 22:37:59',0,'1','snack',1,1),(12730,41,280,'2023-10-08','2023-10-01 14:00:35','2023-10-04 22:37:59',0,'1','meal',1,1),(12731,41,301,'2023-10-08','2023-10-01 14:00:35','2023-10-04 22:37:59',0,'0','snack',1,1),(12732,41,292,'2023-10-08','2023-10-01 14:00:35','2023-10-04 22:37:59',0,'0','meal',1,1),(12733,41,304,'2023-10-08','2023-10-01 14:00:35','2023-10-04 22:37:59',0,'0','snack',1,1),(12734,41,289,'2023-10-08','2023-10-01 14:00:35','2023-10-04 22:37:59',0,'0','meal',1,1),(12735,41,283,'2023-10-08','2023-10-01 14:00:35','2023-10-04 22:37:59',0,'0','meal',1,1),(12736,41,274,'2023-10-08','2023-10-01 14:00:35','2023-10-04 22:37:59',0,'0','meal',1,1),(12737,41,286,'2023-10-08','2023-10-01 14:00:35','2023-10-04 22:37:59',0,'0','meal',1,1),(12738,41,325,'2023-10-09','2023-10-01 14:00:35','2023-10-04 22:40:50',0,'0','meal',1,1),(12739,41,331,'2023-10-09','2023-10-01 14:00:35','2023-10-04 22:40:51',0,'1','snack',1,1),(12740,41,307,'2023-10-09','2023-10-01 14:00:35','2023-10-04 22:40:50',0,'1','meal',1,1),(12741,41,1184,'2023-10-09','2023-10-01 14:00:35','2023-10-04 22:40:51',0,'1','snack',1,1),(12742,41,322,'2023-10-09','2023-10-01 14:00:35','2023-10-04 22:40:51',0,'1','meal',1,1),(12743,41,1189,'2023-10-09','2023-10-01 14:00:35','2023-10-04 22:40:50',0,'0','snack',1,1),(12744,41,310,'2023-10-09','2023-10-01 14:00:35','2023-10-04 22:40:51',0,'1','meal',1,1),(12745,41,1144,'2023-10-09','2023-10-01 14:00:35','2023-10-04 22:40:50',0,'0','snack',1,1),(12746,41,316,'2023-10-09','2023-10-01 14:00:35','2023-10-04 22:40:50',0,'0','meal',1,1),(12747,41,319,'2023-10-09','2023-10-01 14:00:35','2023-10-04 22:40:50',0,'0','meal',1,1),(12748,41,313,'2023-10-09','2023-10-01 14:00:35','2023-10-04 22:40:50',0,'0','meal',1,1),(12749,41,328,'2023-10-09','2023-10-01 14:00:35','2023-10-04 22:40:50',0,'0','meal',1,1),(12750,41,343,'2023-10-10','2023-10-01 14:00:35','2023-10-04 22:43:04',0,'0','meal',1,1),(12751,41,376,'2023-10-10','2023-10-01 14:00:35','2023-10-04 22:43:04',0,'1','meal',1,1),(12752,41,349,'2023-10-10','2023-10-01 14:00:35','2023-10-04 22:43:04',0,'1','meal',1,1),(12753,41,364,'2023-10-10','2023-10-01 14:00:35','2023-10-04 22:43:04',0,'0','meal',1,1),(12754,41,355,'2023-10-10','2023-10-01 14:00:35','2023-10-04 22:43:04',0,'0','meal',1,1),(12755,41,1227,'2023-10-10','2023-10-01 14:00:35','2023-10-04 22:43:04',0,'0','meal',1,1),(12756,41,346,'2023-10-10','2023-10-01 14:00:35','2023-10-04 22:43:04',0,'0','meal',1,1),(12757,41,361,'2023-10-10','2023-10-01 14:00:35','2023-10-04 22:43:04',0,'1','meal',1,1),(12758,41,358,'2023-10-10','2023-10-01 14:00:35','2023-10-04 22:43:04',0,'0','meal',1,1),(12759,41,367,'2023-10-10','2023-10-01 14:00:35','2023-10-04 22:43:04',0,'0','meal',1,1),(12760,41,370,'2023-10-10','2023-10-01 14:00:35','2023-10-04 22:43:04',0,'0','meal',1,1),(12761,41,373,'2023-10-10','2023-10-01 14:00:35','2023-10-04 22:43:04',0,'0','meal',1,1),(12762,41,379,'2023-10-10','2023-10-01 14:00:35','2023-10-04 22:43:04',0,'0','meal',1,1),(12763,41,383,'2023-10-10','2023-10-01 14:00:35','2023-10-04 22:43:04',0,'0','snack',1,1),(12764,41,386,'2023-10-10','2023-10-01 14:00:35','2023-10-04 22:43:04',0,'1','snack',1,1),(12765,41,389,'2023-10-10','2023-10-01 14:00:35','2023-10-04 22:43:04',0,'0','snack',1,1),(12766,41,392,'2023-10-10','2023-10-01 14:00:35','2023-10-04 22:43:04',0,'1','snack',1,1),(12767,41,395,'2023-10-11','2023-10-01 14:00:35','2023-10-09 12:18:41',0,'0','meal',1,1),(12768,41,417,'2023-10-11','2023-10-01 14:00:35','2023-10-09 12:18:41',0,'1','meal',1,1),(12769,41,404,'2023-10-11','2023-10-01 14:00:35','2023-10-09 12:18:41',0,'1','meal',1,1),(12770,41,401,'2023-10-11','2023-10-01 14:00:35','2023-10-09 12:18:41',0,'0','meal',1,1),(12771,41,411,'2023-10-11','2023-10-01 14:00:35','2023-10-09 12:18:41',0,'0','meal',1,1),(12772,41,407,'2023-10-11','2023-10-01 14:00:35','2023-10-09 12:18:41',0,'1','meal',1,1),(12773,41,414,'2023-10-11','2023-10-01 14:00:35','2023-10-09 12:18:41',0,'0','meal',1,1),(12774,41,398,'2023-10-11','2023-10-01 14:00:35','2023-10-09 12:18:41',0,'0','meal',1,1),(12775,41,420,'2023-10-11','2023-10-01 14:00:35','2023-10-09 12:18:41',0,'0','snack',1,1),(12776,41,423,'2023-10-11','2023-10-01 14:00:35','2023-10-09 12:18:41',0,'1','snack',1,1),(12777,41,426,'2023-10-11','2023-10-01 14:00:35','2023-10-09 12:18:41',0,'0','snack',1,1),(12778,41,429,'2023-10-11','2023-10-01 14:00:35','2023-10-09 12:18:41',0,'1','snack',1,1),(12779,41,432,'2023-10-12','2023-10-01 14:00:35','2023-10-09 12:21:08',0,'1','meal',1,1),(12780,41,453,'2023-10-12','2023-10-01 14:00:35','2023-10-09 12:21:08',0,'1','meal',1,1),(12781,41,441,'2023-10-12','2023-10-01 14:00:35','2023-10-09 12:21:08',0,'1','meal',1,1),(12782,41,438,'2023-10-12','2023-10-01 14:00:35','2023-10-09 12:21:08',0,'0','meal',1,1),(12783,41,447,'2023-10-12','2023-10-01 14:00:35','2023-10-09 12:21:08',0,'0','meal',1,1),(12784,41,444,'2023-10-12','2023-10-01 14:00:35','2023-10-09 12:21:08',0,'0','meal',1,1),(12785,41,450,'2023-10-12','2023-10-01 14:00:35','2023-10-09 12:21:08',0,'0','meal',1,1),(12786,41,435,'2023-10-12','2023-10-01 14:00:35','2023-10-09 12:21:08',0,'0','meal',1,1),(12787,41,456,'2023-10-12','2023-10-01 14:00:35','2023-10-09 12:21:08',0,'0','snack',1,1),(12788,41,459,'2023-10-12','2023-10-01 14:00:35','2023-10-09 12:21:08',0,'0','snack',1,1),(12789,41,462,'2023-10-12','2023-10-01 14:00:35','2023-10-09 12:21:08',0,'1','snack',1,1),(12790,41,465,'2023-10-12','2023-10-01 14:00:35','2023-10-09 12:21:08',0,'1','snack',1,1),(12791,41,483,'2023-10-12','2023-10-01 14:00:35','2023-10-09 12:21:08',0,'0','meal',1,1),(12792,41,468,'2023-10-14','2023-10-01 14:00:35','2023-10-09 12:24:48',0,'1','meal',1,1),(12793,41,501,'2023-10-14','2023-10-01 14:00:35','2023-10-09 12:24:48',0,'0','snack',1,1),(12794,41,477,'2023-10-14','2023-10-01 14:00:35','2023-10-09 12:24:48',0,'1','meal',1,1),(12795,41,489,'2023-10-14','2023-10-01 14:00:35','2023-10-09 12:24:48',0,'1','snack',1,1),(12796,41,480,'2023-10-14','2023-10-01 14:00:35','2023-10-09 12:24:48',0,'1','meal',1,1),(12797,41,492,'2023-10-14','2023-10-01 14:00:35','2023-10-09 12:24:48',0,'0','snack',1,1),(12798,41,486,'2023-10-14','2023-10-01 14:00:35','2023-10-09 12:24:48',0,'0','meal',1,1),(12799,41,495,'2023-10-14','2023-10-01 14:00:35','2023-10-09 12:24:48',0,'1','snack',1,1),(12800,41,1267,'2023-10-14','2023-10-01 14:00:35','2023-10-09 12:24:48',0,'0','meal',1,1),(12801,41,474,'2023-10-14','2023-10-01 14:00:35','2023-10-09 12:24:48',0,'0','meal',1,1),(12802,41,532,'2023-10-15','2023-10-01 14:00:35','2023-10-12 22:09:16',0,'0','snack',1,1),(12803,41,504,'2023-10-15','2023-10-01 14:00:35','2023-10-12 22:09:16',0,'1','meal',1,1),(12804,41,520,'2023-10-15','2023-10-01 14:00:35','2023-10-12 22:09:16',0,'0','meal',1,1),(12805,41,541,'2023-10-15','2023-10-01 14:00:35','2023-10-12 22:09:16',0,'0','snack',1,1),(12806,41,517,'2023-10-15','2023-10-01 14:00:35','2023-10-12 22:09:16',0,'1','meal',1,1),(12807,41,535,'2023-10-15','2023-10-01 14:00:35','2023-10-12 22:09:16',0,'1','snack',1,1),(12808,41,513,'2023-10-15','2023-10-01 14:00:35','2023-10-12 22:09:16',0,'0','meal',1,1),(12809,41,538,'2023-10-15','2023-10-01 14:00:35','2023-10-12 22:09:16',0,'1','snack',1,1),(12810,41,523,'2023-10-15','2023-10-01 14:00:35','2023-10-12 22:09:16',0,'0','meal',1,1),(12811,41,510,'2023-10-15','2023-10-01 14:00:35','2023-10-12 22:09:16',0,'0','meal',1,1),(12812,41,526,'2023-10-15','2023-10-01 14:00:35','2023-10-12 22:09:16',0,'1','meal',1,1),(12813,41,507,'2023-10-15','2023-10-01 14:00:35','2023-10-12 22:09:16',0,'0','meal',1,1),(12814,41,529,'2023-10-15','2023-10-01 14:00:35','2023-10-12 22:09:16',0,'0','meal',1,1),(12815,41,544,'2023-10-16','2023-10-01 14:00:35','2023-10-12 22:11:11',0,'1','meal',1,1),(12816,41,550,'2023-10-16','2023-10-01 14:00:35','2023-10-12 22:11:11',0,'1','meal',1,1),(12817,41,556,'2023-10-16','2023-10-01 14:00:35','2023-10-12 22:11:11',0,'1','meal',1,1),(12818,41,559,'2023-10-16','2023-10-01 14:00:35','2023-10-12 22:11:11',0,'0','meal',1,1),(12819,41,566,'2023-10-16','2023-10-01 14:00:35','2023-10-12 22:11:11',0,'0','meal',1,1),(12820,41,569,'2023-10-16','2023-10-01 14:00:35','2023-10-12 22:11:11',0,'0','meal',1,1),(12821,41,553,'2023-10-16','2023-10-01 14:00:35','2023-10-12 22:11:11',0,'0','meal',1,1),(12822,41,562,'2023-10-16','2023-10-01 14:00:35','2023-10-12 22:11:11',0,'0','meal',1,1),(12823,41,547,'2023-10-16','2023-10-01 14:00:35','2023-10-12 22:11:11',0,'0','meal',1,1),(12824,41,572,'2023-10-16','2023-10-01 14:00:35','2023-10-12 22:11:11',0,'0','meal',1,1),(12825,41,575,'2023-10-16','2023-10-01 14:00:35','2023-10-12 22:11:11',0,'0','snack',1,1),(12826,41,578,'2023-10-16','2023-10-01 14:00:35','2023-10-12 22:11:11',0,'1','snack',1,1),(12827,41,581,'2023-10-16','2023-10-01 14:00:35','2023-10-12 22:11:11',0,'0','snack',1,1),(12828,41,584,'2023-10-16','2023-10-01 14:00:35','2023-10-12 22:11:11',0,'1','snack',1,1),(12829,41,587,'2023-10-17','2023-10-01 14:00:35','2023-10-12 22:33:36',0,'1','meal',1,1),(12830,41,615,'2023-10-17','2023-10-01 14:00:35','2023-10-12 22:33:36',0,'0','snack',1,1),(12831,41,612,'2023-10-17','2023-10-01 14:00:35','2023-10-12 22:33:36',0,'1','meal',1,1),(12832,41,618,'2023-10-17','2023-10-01 14:00:35','2023-10-12 22:33:36',0,'1','snack',1,1),(12833,41,593,'2023-10-17','2023-10-01 14:00:35','2023-10-12 22:33:36',0,'1','meal',1,1),(12834,41,628,'2023-10-17','2023-10-01 14:00:35','2023-10-12 22:33:36',0,'0','snack',1,1),(12835,41,597,'2023-10-17','2023-10-01 14:00:35','2023-10-12 22:33:36',0,'0','meal',1,1),(12836,41,624,'2023-10-17','2023-10-01 14:00:35','2023-10-12 22:33:36',0,'1','snack',1,1),(12837,41,603,'2023-10-17','2023-10-01 14:00:35','2023-10-12 22:33:36',0,'0','meal',1,1),(12838,41,609,'2023-10-17','2023-10-01 14:00:35','2023-10-12 22:33:36',0,'0','meal',1,1),(12839,41,600,'2023-10-17','2023-10-01 14:00:35','2023-10-12 22:33:36',0,'0','meal',1,1),(12840,41,590,'2023-10-17','2023-10-01 14:00:35','2023-10-12 22:33:36',0,'0','meal',1,1),(12841,41,606,'2023-10-17','2023-10-01 14:00:35','2023-10-12 22:33:36',0,'0','meal',1,1),(12842,41,627,'2023-10-18','2023-10-01 14:00:35','2023-10-12 22:39:31',0,'0','meal',1,1),(12843,41,656,'2023-10-18','2023-10-01 14:00:35','2023-10-12 22:39:31',0,'1','meal',1,1),(12844,41,640,'2023-10-18','2023-10-01 14:00:35','2023-10-12 22:39:31',0,'1','meal',1,1),(12845,41,637,'2023-10-18','2023-10-01 14:00:35','2023-10-12 22:39:31',0,'0','meal',1,1),(12846,41,653,'2023-10-18','2023-10-01 14:00:35','2023-10-12 22:39:31',0,'0','meal',1,1),(12847,41,634,'2023-10-18','2023-10-01 14:00:35','2023-10-12 22:39:31',0,'1','meal',1,1),(12848,41,650,'2023-10-18','2023-10-01 14:00:35','2023-10-12 22:39:31',0,'0','meal',1,1),(12849,41,644,'2023-10-18','2023-10-01 14:00:35','2023-10-12 22:39:31',0,'0','meal',1,1),(12850,41,647,'2023-10-18','2023-10-01 14:00:35','2023-10-12 22:39:31',0,'0','meal',1,1),(12851,41,631,'2023-10-18','2023-10-01 14:00:35','2023-10-12 22:39:31',0,'0','meal',1,1),(12852,41,659,'2023-10-18','2023-10-01 14:00:35','2023-10-12 22:39:31',0,'0','snack',1,1),(12853,41,662,'2023-10-18','2023-10-01 14:00:35','2023-10-12 22:39:31',0,'0','snack',1,1),(12854,41,666,'2023-10-18','2023-10-01 14:00:35','2023-10-12 22:39:31',0,'1','snack',1,1),(12855,41,669,'2023-10-18','2023-10-01 14:00:35','2023-10-12 22:39:31',0,'1','snack',1,1),(12856,41,672,'2023-10-19','2023-10-01 14:00:35','2023-10-19 07:54:51',0,'1','meal',1,1),(12857,41,678,'2023-10-19','2023-10-01 14:00:35','2023-10-19 07:54:51',0,'1','meal',1,1),(12858,41,681,'2023-10-19','2023-10-01 14:00:35','2023-10-19 07:54:51',0,'1','meal',1,1),(12859,41,684,'2023-10-19','2023-10-01 14:00:35','2023-10-19 07:54:51',0,'0','meal',1,1),(12860,41,690,'2023-10-19','2023-10-01 14:00:35','2023-10-19 07:54:51',0,'0','meal',1,1),(12861,41,687,'2023-10-19','2023-10-01 14:00:35','2023-10-19 07:54:51',0,'0','meal',1,1),(12862,41,675,'2023-10-19','2023-10-01 14:00:35','2023-10-19 07:54:51',0,'0','meal',1,1),(12863,41,696,'2023-10-19','2023-10-01 14:00:35','2023-10-19 07:54:51',0,'1','snack',1,1),(12864,41,699,'2023-10-19','2023-10-01 14:00:35','2023-10-19 07:54:51',0,'0','snack',1,1),(12865,41,702,'2023-10-19','2023-10-01 14:00:35','2023-10-19 07:54:51',0,'1','snack',1,1),(12866,41,705,'2023-10-21','2023-10-01 14:00:35','2023-10-20 23:38:58',0,'0','meal',1,1),(12867,41,751,'2023-10-21','2023-10-01 14:00:35','2023-10-20 23:38:58',0,'0','snack',1,1),(12868,41,711,'2023-10-21','2023-10-01 14:00:35','2023-10-20 23:38:58',0,'0','meal',1,1),(12869,41,735,'2023-10-21','2023-10-01 14:00:35','2023-10-20 23:38:58',0,'1','snack',1,1),(12870,41,732,'2023-10-21','2023-10-01 14:00:35','2023-10-20 23:38:58',0,'0','meal',1,1),(12871,41,738,'2023-10-21','2023-10-01 14:00:35','2023-10-20 23:38:58',0,'1','snack',1,1),(12872,41,729,'2023-10-21','2023-10-01 14:00:35','2023-10-20 23:38:58',0,'1','meal',1,1),(12873,41,741,'2023-10-21','2023-10-01 14:00:35','2023-10-20 23:38:58',0,'0','snack',1,1),(12874,41,723,'2023-10-21','2023-10-01 14:00:35','2023-10-20 23:38:58',0,'1','meal',1,1),(12875,41,717,'2023-10-21','2023-10-01 14:00:35','2023-10-20 23:38:58',0,'0','meal',1,1),(12876,41,720,'2023-10-21','2023-10-01 14:00:35','2023-10-20 23:38:58',0,'0','meal',1,1),(12877,41,714,'2023-10-21','2023-10-01 14:00:35','2023-10-20 23:38:58',0,'0','meal',1,1),(12878,41,726,'2023-10-21','2023-10-01 14:00:35','2023-10-20 23:38:58',0,'0','meal',1,1),(12879,41,708,'2023-10-21','2023-10-01 14:00:35','2023-10-20 23:38:58',0,'1','meal',1,1),(12880,41,773,'2023-10-22','2023-10-01 14:00:35','2023-10-20 23:40:44',0,'1','snack',1,1),(12881,41,744,'2023-10-22','2023-10-01 14:00:35','2023-10-20 23:40:44',0,'1','meal',1,1),(12882,41,776,'2023-10-22','2023-10-01 14:00:35','2023-10-20 23:40:44',0,'1','snack',1,1),(12883,41,758,'2023-10-22','2023-10-01 14:00:35','2023-10-20 23:40:44',0,'1','meal',1,1),(12884,41,779,'2023-10-22','2023-10-01 14:00:35','2023-10-20 23:40:44',0,'0','snack',1,1),(12885,41,761,'2023-10-22','2023-10-01 14:00:35','2023-10-20 23:40:44',0,'0','meal',1,1),(12886,41,754,'2023-10-22','2023-10-01 14:00:35','2023-10-20 23:40:44',0,'1','meal',1,1),(12887,41,764,'2023-10-22','2023-10-01 14:00:35','2023-10-20 23:40:44',0,'0','meal',1,1),(12888,41,1132,'2023-10-22','2023-10-01 14:00:35','2023-10-20 23:40:44',0,'0','meal',1,1),(12889,41,747,'2023-10-22','2023-10-01 14:00:35','2023-10-20 23:40:44',0,'0','meal',1,1),(12890,41,767,'2023-10-22','2023-10-01 14:00:35','2023-10-20 23:40:44',0,'0','meal',1,1),(12891,41,770,'2023-10-22','2023-10-01 14:00:35','2023-10-20 23:40:44',0,'0','meal',1,1),(12892,41,782,'2023-10-23','2023-10-01 14:00:35','2023-10-20 23:42:42',0,'1','meal',1,1),(12893,41,810,'2023-10-23','2023-10-01 14:00:35','2023-10-20 23:42:42',0,'1','meal',1,1),(12894,41,788,'2023-10-23','2023-10-01 14:00:35','2023-10-20 23:42:42',0,'1','meal',1,1),(12895,41,797,'2023-10-23','2023-10-01 14:00:35','2023-10-20 23:42:42',0,'0','meal',1,1),(12896,41,791,'2023-10-23','2023-10-01 14:00:35','2023-10-20 23:42:42',0,'0','meal',1,1),(12897,41,800,'2023-10-23','2023-10-01 14:00:35','2023-10-20 23:42:42',0,'0','meal',1,1),(12898,41,794,'2023-10-23','2023-10-01 14:00:35','2023-10-20 23:42:42',0,'0','meal',1,1),(12899,41,804,'2023-10-23','2023-10-01 14:00:35','2023-10-20 23:42:42',0,'0','meal',1,1),(12900,41,813,'2023-10-23','2023-10-01 14:00:35','2023-10-20 23:42:42',0,'0','meal',1,1),(12901,41,807,'2023-10-23','2023-10-01 14:00:35','2023-10-20 23:42:42',0,'0','meal',1,1),(12902,41,816,'2023-10-23','2023-10-01 14:00:35','2023-10-20 23:42:42',0,'0','meal',1,1),(12903,41,785,'2023-10-23','2023-10-01 14:00:35','2023-10-20 23:42:42',0,'0','meal',1,1),(12904,41,819,'2023-10-23','2023-10-01 14:00:35','2023-10-20 23:42:42',0,'1','snack',1,1),(12905,41,822,'2023-10-23','2023-10-01 14:00:35','2023-10-20 23:42:42',0,'0','snack',1,1),(12906,41,825,'2023-10-23','2023-10-01 14:00:35','2023-10-20 23:42:42',0,'0','snack',1,1),(12907,41,828,'2023-10-23','2023-10-01 14:00:35','2023-10-20 23:42:42',0,'1','snack',1,1),(12908,41,831,'2023-10-24','2023-10-01 14:00:35','2023-10-20 23:44:46',0,'1','meal',1,1),(12909,41,868,'2023-10-24','2023-10-01 14:00:35','2023-10-20 23:44:46',0,'1','snack',1,1),(12910,41,840,'2023-10-24','2023-10-01 14:00:35','2023-10-20 23:44:46',0,'1','meal',1,1),(12911,41,871,'2023-10-24','2023-10-01 14:00:35','2023-10-20 23:44:46',0,'0','snack',1,1),(12912,41,843,'2023-10-24','2023-10-01 14:00:35','2023-10-20 23:44:46',0,'0','meal',1,1),(12913,41,865,'2023-10-24','2023-10-01 14:00:35','2023-10-20 23:44:46',0,'1','snack',1,1),(12914,41,846,'2023-10-24','2023-10-01 14:00:35','2023-10-20 23:44:46',0,'1','meal',1,1),(12915,41,852,'2023-10-24','2023-10-01 14:00:35','2023-10-20 23:44:46',0,'0','meal',1,1),(12916,41,859,'2023-10-24','2023-10-01 14:00:35','2023-10-20 23:44:46',0,'0','meal',1,1),(12917,41,849,'2023-10-24','2023-10-01 14:00:35','2023-10-20 23:44:46',0,'0','meal',1,1),(12918,41,856,'2023-10-24','2023-10-01 14:00:35','2023-10-20 23:44:46',0,'0','meal',1,1),(12919,41,836,'2023-10-24','2023-10-01 14:00:35','2023-10-20 23:44:46',0,'0','meal',1,1),(12920,41,874,'2023-10-25','2023-10-01 14:00:35','2023-10-20 23:46:14',0,'1','meal',1,1),(12921,41,880,'2023-10-25','2023-10-01 14:00:35','2023-10-20 23:46:14',0,'0','meal',1,1),(12922,41,901,'2023-10-25','2023-10-01 14:00:35','2023-10-20 23:46:14',0,'1','meal',1,1),(12923,41,883,'2023-10-25','2023-10-01 14:00:35','2023-10-20 23:46:14',0,'1','meal',1,1),(12924,41,890,'2023-10-25','2023-10-01 14:00:35','2023-10-20 23:46:14',0,'0','meal',1,1),(12925,41,897,'2023-10-25','2023-10-01 14:00:35','2023-10-20 23:46:14',0,'0','meal',1,1),(12926,41,886,'2023-10-25','2023-10-01 14:00:35','2023-10-20 23:46:14',0,'0','meal',1,1),(12927,41,894,'2023-10-25','2023-10-01 14:00:35','2023-10-20 23:46:14',0,'0','meal',1,1),(12928,41,877,'2023-10-25','2023-10-01 14:00:35','2023-10-20 23:46:14',0,'0','meal',1,1),(12929,41,904,'2023-10-25','2023-10-01 14:00:35','2023-10-20 23:46:14',0,'1','snack',1,1),(12930,41,907,'2023-10-25','2023-10-01 14:00:35','2023-10-20 23:46:14',0,'1','snack',1,1),(12931,41,910,'2023-10-25','2023-10-01 14:00:35','2023-10-20 23:46:14',0,'0','snack',1,1),(12932,41,913,'2023-10-25','2023-10-01 14:00:35','2023-10-20 23:46:14',0,'0','snack',1,1),(12933,41,916,'2023-10-26','2023-10-01 14:00:35','2023-10-01 14:00:36',0,'1','meal',0,1),(12934,41,946,'2023-10-26','2023-10-01 14:00:35','2023-10-01 14:00:36',0,'1','snack',0,1),(12935,41,922,'2023-10-26','2023-10-01 14:00:36','2023-10-01 14:00:36',0,'1','meal',0,1),(12936,41,949,'2023-10-26','2023-10-01 14:00:36','2023-10-01 14:00:36',0,'1','snack',0,1),(12937,41,931,'2023-10-26','2023-10-01 14:00:36','2023-10-01 14:00:36',0,'1','meal',0,1),(12938,41,955,'2023-10-26','2023-10-01 14:00:36','2023-10-01 14:00:36',0,'0','snack',0,1),(12939,41,925,'2023-10-26','2023-10-01 14:00:36','2023-10-01 14:00:36',0,'0','meal',0,1),(12940,41,952,'2023-10-26','2023-10-01 14:00:36','2023-10-01 14:00:36',0,'0','snack',0,1),(12941,41,934,'2023-10-26','2023-10-01 14:00:36','2023-10-01 14:00:36',0,'0','meal',0,1),(12942,41,940,'2023-10-26','2023-10-01 14:00:36','2023-10-01 14:00:36',0,'0','meal',0,1),(12943,41,928,'2023-10-26','2023-10-01 14:00:36','2023-10-01 14:00:36',0,'0','meal',0,1),(12944,41,937,'2023-10-26','2023-10-01 14:00:36','2023-10-01 14:00:36',0,'0','meal',0,1),(12945,41,943,'2023-10-26','2023-10-01 14:00:36','2023-10-01 14:00:36',0,'0','meal',0,1),(12946,41,919,'2023-10-26','2023-10-01 14:00:36','2023-10-01 14:00:36',0,'0','meal',0,1),(12947,41,961,'2023-10-28','2023-10-01 14:00:36','2023-10-01 14:00:36',0,'1','meal',0,1),(12948,41,964,'2023-10-28','2023-10-01 14:00:36','2023-10-01 14:00:36',0,'1','meal',0,1),(12949,41,982,'2023-10-28','2023-10-01 14:00:36','2023-10-01 14:00:36',0,'1','meal',0,1),(12950,41,976,'2023-10-28','2023-10-01 14:00:36','2023-10-01 14:00:36',0,'0','meal',0,1),(12951,41,985,'2023-10-28','2023-10-01 14:00:36','2023-10-01 14:00:36',0,'0','meal',0,1),(12952,41,970,'2023-10-28','2023-10-01 14:00:36','2023-10-01 14:00:36',0,'0','meal',0,1),(12953,41,967,'2023-10-28','2023-10-01 14:00:36','2023-10-01 14:00:36',0,'0','meal',0,1),(12954,41,973,'2023-10-28','2023-10-01 14:00:36','2023-10-01 14:00:36',0,'0','meal',0,1),(12955,41,979,'2023-10-28','2023-10-01 14:00:36','2023-10-01 14:00:36',0,'0','meal',0,1),(12956,41,958,'2023-10-28','2023-10-01 14:00:36','2023-10-01 14:00:36',0,'0','meal',0,1),(12957,41,988,'2023-10-28','2023-10-01 14:00:36','2023-10-01 14:00:36',0,'1','snack',0,1),(12958,41,991,'2023-10-28','2023-10-01 14:00:36','2023-10-01 14:00:36',0,'1','snack',0,1),(12959,41,994,'2023-10-28','2023-10-01 14:00:36','2023-10-01 14:00:36',0,'0','snack',0,1),(12960,41,997,'2023-10-28','2023-10-01 14:00:36','2023-10-01 14:00:36',0,'0','snack',0,1),(12961,41,1009,'2023-10-29','2023-10-01 14:00:36','2023-10-29 21:06:23',0,'1','meal',1,1),(12962,41,1003,'2023-10-29','2023-10-01 14:00:36','2023-10-29 21:06:23',0,'1','meal',1,1),(12963,41,1018,'2023-10-29','2023-10-01 14:00:36','2023-10-29 21:06:23',0,'0','meal',1,1),(12964,41,1012,'2023-10-29','2023-10-01 14:00:36','2023-10-29 21:06:23',0,'1','meal',1,1),(12965,41,1021,'2023-10-29','2023-10-01 14:00:36','2023-10-29 21:06:23',0,'0','meal',1,1),(12966,41,1024,'2023-10-29','2023-10-01 14:00:36','2023-10-29 21:06:23',0,'0','meal',1,1),(12967,41,1006,'2023-10-29','2023-10-01 14:00:36','2023-10-29 21:06:23',0,'0','meal',1,1),(12968,41,1015,'2023-10-29','2023-10-01 14:00:36','2023-10-29 21:06:23',0,'0','meal',1,1),(12969,41,1000,'2023-10-29','2023-10-01 14:00:36','2023-10-29 21:06:23',0,'0','meal',1,1),(12970,41,1027,'2023-10-29','2023-10-01 14:00:36','2023-10-29 21:06:23',0,'0','meal',1,1),(12971,41,1030,'2023-10-29','2023-10-01 14:00:36','2023-10-29 21:06:23',0,'0','snack',1,1),(12972,41,1033,'2023-10-29','2023-10-01 14:00:36','2023-10-29 21:06:23',0,'0','snack',1,1),(12973,41,1036,'2023-10-29','2023-10-01 14:00:36','2023-10-29 21:06:23',0,'1','snack',1,1),(12974,41,1039,'2023-10-29','2023-10-01 14:00:36','2023-10-29 21:06:23',0,'1','snack',1,1),(12975,42,258,'2023-10-07','2023-10-01 23:01:20','2023-10-01 23:04:36',0,'0','snack',1,1),(12976,42,224,'2023-10-07','2023-10-01 23:01:20','2023-10-01 23:04:36',0,'0','meal',1,1),(12977,42,261,'2023-10-07','2023-10-01 23:01:20','2023-10-01 23:04:36',0,'0','snack',1,1),(12978,42,240,'2023-10-07','2023-10-01 23:01:20','2023-10-01 23:04:36',0,'1','meal',1,1),(12979,42,267,'2023-10-07','2023-10-01 23:01:20','2023-10-01 23:04:36',0,'1','snack',1,1),(12980,42,252,'2023-10-07','2023-10-01 23:01:20','2023-10-01 23:04:36',0,'0','meal',1,1),(12981,42,264,'2023-10-07','2023-10-01 23:01:20','2023-10-01 23:04:36',0,'0','snack',1,1),(12982,42,237,'2023-10-07','2023-10-01 23:01:20','2023-10-01 23:04:36',0,'0','meal',1,1),(12983,42,231,'2023-10-07','2023-10-01 23:01:20','2023-10-01 23:04:36',0,'1','meal',1,1),(12984,42,246,'2023-10-07','2023-10-01 23:01:20','2023-10-01 23:04:36',0,'0','meal',1,1),(12985,42,234,'2023-10-07','2023-10-01 23:01:20','2023-10-01 23:04:36',0,'0','meal',1,1),(12986,42,243,'2023-10-07','2023-10-01 23:01:20','2023-10-01 23:04:36',0,'0','meal',1,1),(12987,42,249,'2023-10-07','2023-10-01 23:01:20','2023-10-01 23:04:36',0,'0','meal',1,1),(12988,42,228,'2023-10-07','2023-10-01 23:01:20','2023-10-01 23:04:36',0,'1','meal',1,1),(12989,42,255,'2023-10-07','2023-10-01 23:01:20','2023-10-01 23:04:36',0,'1','meal',1,1),(12990,42,270,'2023-10-08','2023-10-01 23:01:20','2023-10-01 23:09:35',0,'0','meal',1,1),(12991,42,295,'2023-10-08','2023-10-01 23:01:20','2023-10-01 23:09:35',0,'0','snack',1,1),(12992,42,277,'2023-10-08','2023-10-01 23:01:20','2023-10-01 23:09:35',0,'0','meal',1,1),(12993,42,298,'2023-10-08','2023-10-01 23:01:20','2023-10-01 23:09:35',0,'0','snack',1,1),(12994,42,280,'2023-10-08','2023-10-01 23:01:20','2023-10-01 23:09:35',0,'1','meal',1,1),(12995,42,301,'2023-10-08','2023-10-01 23:01:20','2023-10-01 23:09:35',0,'0','snack',1,1),(12996,42,292,'2023-10-08','2023-10-01 23:01:20','2023-10-01 23:09:35',0,'0','meal',1,1),(12997,42,304,'2023-10-08','2023-10-01 23:01:20','2023-10-01 23:09:35',0,'1','snack',1,1),(12998,42,289,'2023-10-08','2023-10-01 23:01:20','2023-10-01 23:09:35',0,'1','meal',1,1),(12999,42,283,'2023-10-08','2023-10-01 23:01:20','2023-10-01 23:09:35',0,'1','meal',1,1),(13000,42,274,'2023-10-08','2023-10-01 23:01:20','2023-10-01 23:09:35',0,'1','meal',1,1),(13001,42,286,'2023-10-08','2023-10-01 23:01:20','2023-10-01 23:09:35',0,'0','meal',1,1),(13002,42,325,'2023-10-09','2023-10-01 23:01:20','2023-10-01 23:12:03',0,'0','meal',1,1),(13003,42,331,'2023-10-09','2023-10-01 23:01:20','2023-10-01 23:12:03',0,'0','snack',1,1),(13004,42,307,'2023-10-09','2023-10-01 23:01:20','2023-10-01 23:12:03',0,'1','meal',1,1),(13005,42,1184,'2023-10-09','2023-10-01 23:01:20','2023-10-01 23:12:03',0,'0','snack',1,1),(13006,42,322,'2023-10-09','2023-10-01 23:01:20','2023-10-01 23:12:03',0,'1','meal',1,1),(13007,42,1189,'2023-10-09','2023-10-01 23:01:20','2023-10-01 23:12:03',0,'0','snack',1,1),(13008,42,310,'2023-10-09','2023-10-01 23:01:20','2023-10-01 23:12:03',0,'0','meal',1,1),(13009,42,1144,'2023-10-09','2023-10-01 23:01:20','2023-10-01 23:12:03',0,'1','snack',1,1),(13010,42,316,'2023-10-09','2023-10-01 23:01:20','2023-10-01 23:12:03',0,'1','meal',1,1),(13011,42,319,'2023-10-09','2023-10-01 23:01:20','2023-10-01 23:12:03',0,'0','meal',1,1),(13012,42,313,'2023-10-09','2023-10-01 23:01:20','2023-10-01 23:12:03',0,'0','meal',1,1),(13013,42,328,'2023-10-09','2023-10-01 23:01:20','2023-10-01 23:12:03',0,'1','meal',1,1),(13014,42,343,'2023-10-10','2023-10-01 23:01:20','2023-10-01 23:13:49',0,'0','meal',1,1),(13015,42,376,'2023-10-10','2023-10-01 23:01:20','2023-10-01 23:13:49',0,'0','meal',1,1),(13016,42,349,'2023-10-10','2023-10-01 23:01:20','2023-10-01 23:13:49',0,'1','meal',1,1),(13017,42,364,'2023-10-10','2023-10-01 23:01:20','2023-10-01 23:13:49',0,'0','meal',1,1),(13018,42,355,'2023-10-10','2023-10-01 23:01:20','2023-10-01 23:13:49',0,'0','meal',1,1),(13019,42,1227,'2023-10-10','2023-10-01 23:01:20','2023-10-01 23:13:49',0,'0','meal',1,1),(13020,42,346,'2023-10-10','2023-10-01 23:01:20','2023-10-01 23:13:49',0,'1','meal',1,1),(13021,42,361,'2023-10-10','2023-10-01 23:01:20','2023-10-01 23:13:49',0,'1','meal',1,1),(13022,42,358,'2023-10-10','2023-10-01 23:01:20','2023-10-01 23:13:49',0,'0','meal',1,1),(13023,42,367,'2023-10-10','2023-10-01 23:01:20','2023-10-01 23:13:49',0,'0','meal',1,1),(13024,42,370,'2023-10-10','2023-10-01 23:01:20','2023-10-01 23:13:49',0,'1','meal',1,1),(13025,42,373,'2023-10-10','2023-10-01 23:01:20','2023-10-01 23:13:49',0,'0','meal',1,1),(13026,42,379,'2023-10-10','2023-10-01 23:01:20','2023-10-01 23:13:49',0,'0','meal',1,1),(13027,42,383,'2023-10-10','2023-10-01 23:01:20','2023-10-01 23:13:49',0,'0','snack',1,1),(13028,42,386,'2023-10-10','2023-10-01 23:01:20','2023-10-01 23:13:49',0,'1','snack',1,1),(13029,42,389,'2023-10-10','2023-10-01 23:01:20','2023-10-01 23:13:49',0,'0','snack',1,1),(13030,42,392,'2023-10-10','2023-10-01 23:01:20','2023-10-01 23:13:49',0,'0','snack',1,1),(13031,42,395,'2023-10-11','2023-10-01 23:01:20','2023-10-07 17:50:14',0,'0','meal',1,1),(13032,42,417,'2023-10-11','2023-10-01 23:01:20','2023-10-07 17:50:14',0,'1','meal',1,1),(13033,42,404,'2023-10-11','2023-10-01 23:01:20','2023-10-07 17:50:14',0,'0','meal',1,1),(13034,42,401,'2023-10-11','2023-10-01 23:01:20','2023-10-07 17:50:14',0,'1','meal',1,1),(13035,42,411,'2023-10-11','2023-10-01 23:01:20','2023-10-07 17:50:14',0,'0','meal',1,1),(13036,42,407,'2023-10-11','2023-10-01 23:01:20','2023-10-07 17:50:14',0,'0','meal',1,1),(13037,42,414,'2023-10-11','2023-10-01 23:01:20','2023-10-07 17:50:14',0,'1','meal',1,1),(13038,42,398,'2023-10-11','2023-10-01 23:01:20','2023-10-07 17:50:14',0,'1','meal',1,1),(13039,42,420,'2023-10-11','2023-10-01 23:01:20','2023-10-07 17:50:14',0,'0','snack',1,1),(13040,42,423,'2023-10-11','2023-10-01 23:01:20','2023-10-07 17:50:14',0,'0','snack',1,1),(13041,42,426,'2023-10-11','2023-10-01 23:01:20','2023-10-07 17:50:14',0,'0','snack',1,1),(13042,42,429,'2023-10-11','2023-10-01 23:01:20','2023-10-07 17:50:14',0,'1','snack',1,1),(13043,42,432,'2023-10-12','2023-10-01 23:01:20','2023-10-01 23:55:58',0,'0','meal',1,1),(13044,42,453,'2023-10-12','2023-10-01 23:01:20','2023-10-01 23:55:58',0,'0','meal',1,1),(13045,42,441,'2023-10-12','2023-10-01 23:01:20','2023-10-01 23:55:58',0,'1','meal',1,1),(13046,42,438,'2023-10-12','2023-10-01 23:01:20','2023-10-01 23:55:58',0,'0','meal',1,1),(13047,42,447,'2023-10-12','2023-10-01 23:01:20','2023-10-01 23:55:58',0,'0','meal',1,1),(13048,42,444,'2023-10-12','2023-10-01 23:01:20','2023-10-01 23:55:58',0,'1','meal',1,1),(13049,42,450,'2023-10-12','2023-10-01 23:01:20','2023-10-01 23:55:58',0,'1','meal',1,1),(13050,42,435,'2023-10-12','2023-10-01 23:01:20','2023-10-01 23:55:58',0,'1','meal',1,1),(13051,42,456,'2023-10-12','2023-10-01 23:01:20','2023-10-01 23:55:58',0,'0','snack',1,1),(13052,42,459,'2023-10-12','2023-10-01 23:01:20','2023-10-01 23:55:58',0,'0','snack',1,1),(13053,42,462,'2023-10-12','2023-10-01 23:01:20','2023-10-01 23:55:58',0,'0','snack',1,1),(13054,42,465,'2023-10-12','2023-10-01 23:01:20','2023-10-01 23:55:58',0,'1','snack',1,1),(13055,42,483,'2023-10-12','2023-10-01 23:01:20','2023-10-01 23:55:58',0,'0','meal',1,1),(13056,42,468,'2023-10-14','2023-10-01 23:01:20','2023-10-01 23:57:03',0,'1','meal',1,1),(13057,42,501,'2023-10-14','2023-10-01 23:01:20','2023-10-01 23:57:03',0,'0','snack',1,1),(13058,42,477,'2023-10-14','2023-10-01 23:01:20','2023-10-01 23:57:03',0,'1','meal',1,1),(13059,42,489,'2023-10-14','2023-10-01 23:01:20','2023-10-01 23:57:03',0,'0','snack',1,1),(13060,42,480,'2023-10-14','2023-10-01 23:01:20','2023-10-01 23:57:03',0,'1','meal',1,1),(13061,42,492,'2023-10-14','2023-10-01 23:01:20','2023-10-01 23:57:03',0,'0','snack',1,1),(13062,42,486,'2023-10-14','2023-10-01 23:01:20','2023-10-01 23:57:03',0,'1','meal',1,1),(13063,42,495,'2023-10-14','2023-10-01 23:01:20','2023-10-01 23:57:03',0,'1','snack',1,1),(13064,42,1267,'2023-10-14','2023-10-01 23:01:20','2023-10-01 23:57:03',0,'0','meal',1,1),(13065,42,474,'2023-10-14','2023-10-01 23:01:20','2023-10-01 23:57:03',0,'0','meal',1,1),(13066,42,532,'2023-10-15','2023-10-01 23:01:20','2023-10-01 23:57:53',0,'0','snack',1,1),(13067,42,504,'2023-10-15','2023-10-01 23:01:20','2023-10-01 23:57:53',0,'0','meal',1,1),(13068,42,520,'2023-10-15','2023-10-01 23:01:20','2023-10-01 23:57:53',0,'1','meal',1,1),(13069,42,541,'2023-10-15','2023-10-01 23:01:20','2023-10-01 23:57:53',0,'0','snack',1,1),(13070,42,517,'2023-10-15','2023-10-01 23:01:20','2023-10-01 23:57:53',0,'1','meal',1,1),(13071,42,535,'2023-10-15','2023-10-01 23:01:20','2023-10-01 23:57:53',0,'0','snack',1,1),(13072,42,513,'2023-10-15','2023-10-01 23:01:20','2023-10-01 23:57:53',0,'0','meal',1,1),(13073,42,538,'2023-10-15','2023-10-01 23:01:20','2023-10-01 23:57:53',0,'1','snack',1,1),(13074,42,523,'2023-10-15','2023-10-01 23:01:20','2023-10-01 23:57:53',0,'1','meal',1,1),(13075,42,510,'2023-10-15','2023-10-01 23:01:20','2023-10-01 23:57:53',0,'0','meal',1,1),(13076,42,526,'2023-10-15','2023-10-01 23:01:20','2023-10-01 23:57:53',0,'0','meal',1,1),(13077,42,507,'2023-10-15','2023-10-01 23:01:20','2023-10-01 23:57:53',0,'1','meal',1,1),(13078,42,529,'2023-10-15','2023-10-01 23:01:20','2023-10-01 23:57:53',0,'0','meal',1,1),(13079,42,544,'2023-10-16','2023-10-01 23:01:20','2023-10-08 15:19:56',0,'0','meal',1,1),(13080,42,550,'2023-10-16','2023-10-01 23:01:20','2023-10-08 15:19:56',0,'0','meal',1,1),(13081,42,556,'2023-10-16','2023-10-01 23:01:20','2023-10-08 15:19:56',0,'1','meal',1,1),(13082,42,559,'2023-10-16','2023-10-01 23:01:20','2023-10-08 15:19:56',0,'1','meal',1,1),(13083,42,566,'2023-10-16','2023-10-01 23:01:20','2023-10-08 15:19:56',0,'0','meal',1,1),(13084,42,569,'2023-10-16','2023-10-01 23:01:20','2023-10-08 15:19:56',0,'0','meal',1,1),(13085,42,553,'2023-10-16','2023-10-01 23:01:20','2023-10-08 15:19:56',0,'0','meal',1,1),(13086,42,562,'2023-10-16','2023-10-01 23:01:20','2023-10-08 15:19:56',0,'0','meal',1,1),(13087,42,547,'2023-10-16','2023-10-01 23:01:20','2023-10-08 15:19:56',0,'1','meal',1,1),(13088,42,572,'2023-10-16','2023-10-01 23:01:20','2023-10-08 15:19:56',0,'1','meal',1,1),(13089,42,575,'2023-10-16','2023-10-01 23:01:20','2023-10-01 23:59:15',0,'0','snack',1,1),(13090,42,578,'2023-10-16','2023-10-01 23:01:20','2023-10-01 23:59:15',0,'1','snack',1,1),(13091,42,581,'2023-10-16','2023-10-01 23:01:20','2023-10-01 23:59:15',0,'0','snack',1,1),(13092,42,584,'2023-10-16','2023-10-01 23:01:20','2023-10-01 23:59:15',0,'0','snack',1,1),(13093,42,587,'2023-10-17','2023-10-01 23:01:20','2023-10-08 15:22:17',0,'0','meal',1,1),(13094,42,615,'2023-10-17','2023-10-01 23:01:20','2023-10-02 00:00:19',0,'0','snack',1,1),(13095,42,612,'2023-10-17','2023-10-01 23:01:20','2023-10-08 15:22:17',0,'0','meal',1,1),(13096,42,618,'2023-10-17','2023-10-01 23:01:20','2023-10-02 00:00:19',0,'0','snack',1,1),(13097,42,593,'2023-10-17','2023-10-01 23:01:20','2023-10-08 15:22:17',0,'1','meal',1,1),(13098,42,628,'2023-10-17','2023-10-01 23:01:20','2023-10-02 00:00:19',0,'0','snack',1,1),(13099,42,597,'2023-10-17','2023-10-01 23:01:20','2023-10-08 15:22:17',0,'1','meal',1,1),(13100,42,624,'2023-10-17','2023-10-01 23:01:20','2023-10-02 00:00:19',0,'1','snack',1,1),(13101,42,603,'2023-10-17','2023-10-01 23:01:20','2023-10-08 15:22:17',0,'0','meal',1,1),(13102,42,609,'2023-10-17','2023-10-01 23:01:20','2023-10-08 15:22:17',0,'0','meal',1,1),