--
-- Host: localhost    Database: topappkw_lachet
-- ------------------------------------------------------


--
-- Current Database: `topappkw_lachet`
--


--
-- Table structure for table `arrival_prices`
--

CREATE TABLE `arrival_prices` (
  `id` int unsigned NOT NULL AUTO_INCREMENT,
  `region_id` int DEFAULT NULL,
  `price` double DEFAULT NULL,
  `created_at` timestamp NULL DEFAULT NULL,
  `updated_at` timestamp NULL DEFAULT NULL,
  `user_id` int DEFAULT NULL,
  PRIMARY KEY (`id`)
) ENGINE=InnoDB AUTO_INCREMENT=1586 DEFAULT CHARSET=utf8mb4 COLLATE=utf8mb4_unicode_ci;

--
-- Dumping data for table `arrival_prices`
--

INSERT INTO `arrival_prices` (`id`, `region_id`, `price`, `created_at`, `updated_at`, `user_id`) VALUES (1,19,3,'2024-03-30 16:25:25','2024-03-30 16:25:26',345),(2,20,3,'2024-03-30 16:25:25','2024-03-30 16:25:26',345),(3,21,3,'2024-03-30 16:25:25','2024-03-30 16:25:26',345),(4,22,3,'2024-03-30 16:25:25','2024-03-30 16:25:26',345),(5,23,3,'2024-03-30 16:25:25','2024-03-30 16:25:26',345),(6,24,3,'2024-03-30 16:25:25','2024-03-30 16:25:26',345),(7,25,3,'2024-03-30 16:25:25','2024-03-30 16:25:26',345),(8,26,3,'2024-03-30 16:25:25','2024-03-30 16:25:26',345),(9,27,3,'2024-03-30 16:25:25','2024-03-30 16:25:26',345),(10,28,3,'2024-03-30 16:25:25','2024-03-30 16:25:26',345),(11,29,3,'2024-03-30 16:25:25','2024-03-30 16:25:26',345),(12,30,3,'2024-03-30 16:25:25','2024-03-30 16:25:26',345),(13,31,3,'2024-03-30 16:25:25','2024-03-30 16:25:26',345),(14,32,3,'2024-03-30 16:25:25','2024-03-30 16:25:26',345),(15,33,3,'2024-03-30 16:25:25','2024-03-30 16:25:26',345),(16,34,3,'2024-03-30 16:25:25','2024-03-30 16:25:26',345),(17,35,3,'2024-03-30 16:25:25','2024-03-30 16:25:26',345),(18,36,3,'2024-03-30 16:25:25','2024-03-30 16:25:26',345),(19,37,3,'2024-03-30 16:25:25','2024-03-30 16:25:26',345),(20,38,3,'2024-03-30 16:25:25','2024-03-30 16:25:26',345),(21,39,3,'2024-03-30 16:25:25','2024-03-30 16:25:26',345),(22,40,3,'2024-03-30 16:25:25','2024-03-30 16:25:26',345),(23,41,3,'2024-03-30 16:25:25','2024-03-30 16:25:26',345),(24,42,3,'2024-03-30 16:25:25','2024-03-30 16:25:26',345),(25,43,3,'2024-03-30 16:25:25','2024-03-30 16:25:26',345),(26,44,3,'2024-03-30 16:25:25','2024-03-30 16:25:26',345),(27,45,3,'2024-03-30 16:25:25','2024-03-30 16:25:26',345),(28,46,3,'2024-03-30 16:25:25','2024-03-30 16:25:26',345),(29,47,3,'2024-03-30 16:25:25','2024-03-30 16:25:26',345),(30,48,3,'2024-03-30 16:25:25','2024-03-30 16:25:26',345),(31,49,3,'2024-03-30 16:25:25','2024-03-30 16:25:26',345),(32,50,3,'2024-03-30 16:25:25','2024-03-30 16:25:26',345),(33,51,3,'2024-03-30 16:25:25','2024-03-30 16:25:26',345),(34,52,3,'2024-03-30 16:25:25','2024-03-30 16:25:26',345),(35,53,3,'2024-03-30 16:25:25','2024-03-30 16:25:26',345),(36,54,3,'2024-03-30 16:25:25','2024-03-30 16:25:26',345),(37,55,3,'2024-03-30 16:25:25','2024-03-30 16:25:26',345),(38,56,3,'2024-03-30 16:25:25','2024-03-30 16:25:26',345),(39,57,3,'2024-03-30 16:25:25','2024-03-30 16:25:26',345),(40,58,3,'2024-03-30 16:25:25','2024-03-30 16:25:26',345),(41,59,3,'2024-03-30 16:25:25','2024-03-30 16:25:26',345),(42,60,3,'2024-03-30 16:25:25','2024-03-30 16:25:26',345),(43,61,3,'2024-03-30 16:25:25','2024-03-30 16:25:26',345),(44,62,3,'2024-03-30 16:25:25','2024-03-30 16:25:26',345),(45,63,3,'2024-03-30 16:25:25','2024-03-30 16:25:26',345),(46,64,3,'2024-03-30 16:25:25','2024-03-30 16:25:26',345),(47,65,3,'2024-03-30 16:25:25','2024-03-30 16:25:26',345),(48,66,3,'2024-03-30 16:25:25','2024-03-30 16:25:26',345),(49,67,3,'2024-03-30 16:25:25','2024-03-30 16:25:26',345),(50,68,3,'2024-03-30 16:25:25','2024-03-30 16:25:26',345),(51,69,3,'2024-03-30 16:25:25','2024-03-30 16:25:26',345),(52,70,3,'2024-03-30 16:25:25','2024-03-30 16:25:26',345),(53,71,3,'2024-03-30 16:25:25','2024-03-30 16:25:26',345),(54,72,3,'2024-03-30 16:25:25','2024-03-30 16:25:27',345),(55,73,3,'2024-03-30 16:25:25','2024-03-30 16:25:27',345),(56,74,3,'2024-03-30 16:25:25','2024-03-30 16:25:27',345),(57,75,3,'2024-03-30 16:25:25','2024-03-30 16:25:27',345),(58,76,3,'2024-03-30 16:25:25','2024-03-30 16:25:27',345),(59,77,3,'2024-03-30 16:25:25','2024-03-30 16:25:27',345),(60,78,3,'2024-03-30 16:25:25','2024-03-30 16:25:27',345),(61,79,3,'2024-03-30 16:25:25','2024-03-30 16:25:27',345),(62,80,3,'2024-03-30 16:25:25','2024-03-30 16:25:27',345),(63,81,3,'2024-03-30 16:25:25','2024-03-30 16:25:27',345),(64,82,3,'2024-03-30 16:25:25','2024-03-30 16:25:27',345),(65,83,3,'2024-03-30 16:25:25','2024-03-30 16:25:27',345),(66,84,3,'2024-03-30 16:25:25','2024-03-30 16:25:27',345),(67,85,3,'2024-03-30 16:25:25','2024-03-30 16:25:27',345),(68,86,3,'2024-03-30 16:25:25','2024-03-30 16:25:27',345),(69,87,3,'2024-03-30 16:25:25','2024-03-30 16:25:27',345),(70,88,3,'2024-03-30 16:25:25','2024-03-30 16:25:27',345),(71,89,3,'2024-03-30 16:25:25','2024-03-30 16:25:27',345),(72,90,3,'2024-03-30 16:25:25','2024-03-30 16:25:27',345),(73,91,3,'2024-03-30 16:25:25','2024-03-30 16:25:27',345),(74,92,3,'2024-03-30 16:25:25','2024-03-30 16:25:27',345),(75,93,3,'2024-03-30 16:25:25','2024-03-30 16:25:27',345),(76,94,3,'2024-03-30 16:25:25','2024-03-30 16:25:27',345),(77,95,3,'2024-03-30 16:25:25','2024-03-30 16:25:27',345),(78,96,3,'2024-03-30 16:25:25','2024-03-30 16:25:27',345),(79,97,3,'2024-03-30 16:25:25','2024-03-30 16:25:27',345),(80,98,3,'2024-03-30 16:25:25','2024-03-30 16:25:27',345),(81,99,3,'2024-03-30 16:25:25','2024-03-30 16:25:27',345),(82,100,3,'2024-03-30 16:25:25','2024-03-30 16:25:27',345),(83,101,3,'2024-03-30 16:25:25','2024-03-30 16:25:27',345),(84,102,3,'2024-03-30 16:25:25','2024-03-30 16:25:27',345),(85,103,3,'2024-03-30 16:25:25','2024-03-30 16:25:27',345),(86,104,3,'2024-03-30 16:25:25','2024-03-30 16:25:27',345),(87,105,3,'2024-03-30 16:25:25','2024-03-30 16:25:27',345),(88,106,3,'2024-03-30 16:25:25','2024-03-30 16:25:27',345),(89,107,3,'2024-03-30 16:25:25','2024-03-30 16:25:27',345),(90,108,3,'2024-03-30 16:25:25','2024-03-30 16:25:27',345),(91,109,3,'2024-03-30 16:25:25','2024-03-30 16:25:27',345),(92,110,3,'2024-03-30 16:25:25','2024-03-30 16:25:27',345),(93,111,3,'2024-03-30 16:25:25','2024-03-30 16:25:27',345),(94,112,3,'2024-03-30 16:25:25','2024-03-30 16:25:27',345),(95,113,3,'2024-03-30 16:25:25','2024-03-30 16:25:27',345),(96,114,3,'2024-03-30 16:25:25','2024-03-30 16:25:27',345),(97,115,3,'2024-03-30 16:25:25','2024-03-30 16:25:27',345),(98,116,3,'2024-03-30 16:25:25','2024-03-30 16:25:27',345),(99,117,3,'2024-03-30 16:25:25','2024-03-30 16:25:27',345),(100,118,3,'2024-03-30 16:25:25','2024-03-30 16:25:27',345),(101,119,3,'2024-03-30 16:25:25','2024-03-30 16:25:27',345),(102,120,3,'2024-03-30 16:25:25','2024-03-30 16:25:27',345),(103,121,3,'2024-03-30 16:25:25','2024-03-30 16:25:27',345),(104,122,3,'2024-03-30 16:25:25','2024-03-30 16:25:27',345),(105,123,3,'2024-03-30 16:25:25','2024-03-30 16:25:27',345),(106,124,3,'2024-03-30 16:25:25','2024-03-30 16:25:27',345),(107,125,3,'2024-03-30 16:25:25','2024-03-30 16:25:27',345),(108,126,3,'2024-03-30 16:25:25','2024-03-30 16:25:27',345),(109,127,3,'2024-03-30 16:25:25','2024-03-30 16:25:27',345),(110,128,3,'2024-03-30 16:25:25','2024-03-30 16:25:27',345),(111,129,3,'2024-03-30 16:25:25','2024-03-30 16:25:27',345),(112,130,3,'2024-03-30 16:25:25','2024-03-30 16:25:27',345),(113,131,3,'2024-03-30 16:25:25','2024-03-30 16:25:27',345),(114,132,3,'2024-03-30 16:25:25','2024-03-30 16:25:27',345),(115,133,3,'2024-03-30 16:25:25','2024-03-30 16:25:27',345),(116,134,3,'2024-03-30 16:25:25','2024-03-30 16:25:27',345),(117,135,3,'2024-03-30 16:25:25','2024-03-30 16:25:27',345),(118,136,3,'2024-03-30 16:25:25','2024-03-30 16:25:27',345),(119,137,3,'2024-03-30 16:25:25','2024-03-30 16:25:27',345),(120,138,3,'2024-03-30 16:25:25','2024-03-30 16:25:27',345),(121,139,3,'2024-03-30 16:25:25','2024-03-30 16:25:27',345),(122,140,3,'2024-03-30 16:25:26','2024-03-30 16:25:27',345),(123,141,3,'2024-03-30 16:25:26','2024-03-30 16:25:27',345),(124,142,3,'2024-03-30 16:25:26','2024-03-30 16:25:27',345),(125,143,3,'2024-03-30 16:25:26','2024-03-30 16:25:27',345),(126,144,3,'2024-03-30 16:25:26','2024-03-30 16:25:27',345),(127,145,3,'2024-03-30 16:25:26','2024-03-30 16:25:27',345),(128,146,3,'2024-03-30 16:25:26','2024-03-30 16:25:27',345),(129,147,3,'2024-03-30 16:25:26','2024-03-30 16:25:27',345),(130,148,3,'2024-03-30 16:25:26','2024-03-30 16:25:27',345),(131,149,3,'2024-03-30 16:25:26','2024-03-30 16:25:27',345),(132,151,3,'2024-03-30 16:25:26','2024-03-30 16:25:27',345),(133,19,2,'2024-03-30 16:26:18','2024-03-30 16:26:18',1),(134,20,2,'2024-03-30 16:26:18','2024-03-30 16:26:18',1),(135,21,2,'2024-03-30 16:26:18','2024-03-30 16:26:18',1),(136,22,2,'2024-03-30 16:26:18','2024-03-30 16:26:18',1),(137,23,2,'2024-03-30 16:26:18','2024-03-30 16:26:18',1),(138,24,2,'2024-03-30 16:26:18','2024-03-30 16:26:18',1),(139,25,2,'2024-03-30 16:26:18','2024-03-30 16:26:18',1),(140,26,2,'2024-03-30 16:26:18','2024-03-30 16:26:18',1),(141,27,2,'2024-03-30 16:26:18','2024-03-30 16:26:18',1),(142,28,2,'2024-03-30 16:26:18','2024-03-30 16:26:18',1),(143,29,2,'2024-03-30 16:26:18','2024-03-30 16:26:18',1),(144,30,2,'2024-03-30 16:26:18','2024-03-30 16:26:18',1),(145,31,2,'2024-03-30 16:26:18','2024-03-30 16:26:18',1),(146,32,2,'2024-03-30 16:26:18','2024-03-30 16:26:18',1),(147,33,2,'2024-03-30 16:26:18','2024-03-30 16:26:18',1),(148,34,2,'2024-03-30 16:26:18','2024-03-30 16:26:18',1),(149,35,2,'2024-03-30 16:26:18','2024-03-30 16:26:18',1),(150,36,2,'2024-03-30 16:26:18','2024-03-30 16:26:18',1),(151,37,2,'2024-03-30 16:26:18','2024-03-30 16:26:18',1),(152,38,2,'2024-03-30 16:26:18','2024-03-30 16:26:18',1),(153,39,2,'2024-03-30 16:26:18','2024-03-30 16:26:18',1),(154,40,2,'2024-03-30 16:26:18','2024-03-30 16:26:18',1),(155,41,2,'2024-03-30 16:26:18','2024-03-30 16:26:18',1),(156,42,2,'2024-03-30 16:26:18','2024-03-30 16:26:18',1),(157,43,2,'2024-03-30 16:26:18','2024-03-30 16:26:18',1),(158,44,2,'2024-03-30 16:26:18','2024-03-30 16:26:18',1),(159,45,2,'2024-03-30 16:26:18','2024-03-30 16:26:18',1),(160,46,2,'2024-03-30 16:26:18','2024-03-30 16:26:18',1),(161,47,2,'2024-03-30 16:26:19','2024-03-30 16:26:19',1),(162,48,2,'2024-03-30 16:26:19','2024-03-30 16:26:19',1),(163,49,2,'2024-03-30 16:26:19','2024-03-30 16:26:19',1),(164,50,2,'2024-03-30 16:26:19','2024-03-30 16:26:19',1),(165,51,2,'2024-03-30 16:26:19','2024-03-30 16:26:19',1),(166,52,2,'2024-03-30 16:26:19','2024-03-30 16:26:19',1),(167,53,2,'2024-03-30 16:26:19','2024-03-30 16:26:19',1),(168,54,2,'2024-03-30 16:26:19','2024-03-30 16:26:19',1),(169,55,2,'2024-03-30 16:26:19','2024-03-30 16:26:19',1),(170,56,2,'2024-03-30 16:26:19','2024-03-30 16:26:19',1),(171,57,2,'2024-03-30 16:26:19','2024-03-30 16:26:19',1),(172,58,2,'2024-03-30 16:26:19','2024-03-30 16:26:19',1),(173,59,2,'2024-03-30 16:26:19','2024-03-30 16:26:19',1),(174,60,2,'2024-03-30 16:26:19','2024-03-30 16:26:19',1),(175,61,2,'2024-03-30 16:26:19','2024-03-30 16:26:19',1),(176,62,2,'2024-03-30 16:26:19','2024-03-30 16:26:19',1),(177,63,2,'2024-03-30 16:26:19','2024-03-30 16:26:19',1),(178,64,2,'2024-03-30 16:26:19','2024-03-30 16:26:19',1),(179,65,2,'2024-03-30 16:26:19','2024-03-30 16:26:19',1),(180,66,2,'2024-03-30 16:26:19','2024-03-30 16:26:19',1),(181,67,2,'2024-03-30 16:26:19','2024-03-30 16:26:19',1),(182,68,2,'2024-03-30 16:26:19','2024-03-30 16:26:19',1),(183,69,2,'2024-03-30 16:26:19','2024-03-30 16:26:19',1),(184,70,2,'2024-03-30 16:26:19','2024-03-30 16:26:19',1),(185,71,2,'2024-03-30 16:26:19','2024-03-30 16:26:19',1),(186,72,2,'2024-03-30 16:26:19','2024-03-30 16:26:19',1),(187,73,2,'2024-03-30 16:26:19','2024-03-30 16:26:19',1),(188,74,2,'2024-03-30 16:26:19','2024-03-30 16:26:19',1),(189,75,2,'2024-03-30 16:26:19','2024-03-30 16:26:19',1),(190,76,2,'2024-03-30 16:26:19','2024-03-30 16:26:19',1),(191,77,2,'2024-03-30 16:26:19','2024-03-30 16:26:19',1),(192,78,2,'2024-03-30 16:26:19','2024-03-30 16:26:19',1),(193,79,2,'2024-03-30 16:26:19','2024-03-30 16:26:19',1),(194,80,2,'2024-03-30 16:26:19','2024-03-30 16:26:19',1),(195,81,2,'2024-03-30 16:26:19','2024-03-30 16:26:19',1),(196,82,2,'2024-03-30 16:26:19','2024-03-30 16:26:19',1),(197,83,2,'2024-03-30 16:26:19','2024-03-30 16:26:19',1),(198,84,2,'2024-03-30 16:26:19','2024-03-30 16:26:19',1),(199,85,2,'2024-03-30 16:26:19','2024-03-30 16:26:19',1),(200,86,2,'2024-03-30 16:26:19','2024-03-30 16:26:19',1),(201,87,2,'2024-03-30 16:26:19','2024-03-30 16:26:19',1),(202,88,2,'2024-03-30 16:26:19','2024-03-30 16:26:19',1),(203,89,2,'2024-03-30 16:26:19','2024-03-30 16:26:19',1),(204,90,2,'2024-03-30 16:26:19','2024-03-30 16:26:19',1),(205,91,2,'2024-03-30 16:26:19','2024-03-30 16:26:19',1),(206,92,2,'2024-03-30 16:26:19','2024-03-30 16:26:19',1),(207,93,2,'2024-03-30 16:26:19','2024-03-30 16:26:19',1),(208,94,2,'2024-03-30 16:26:19','2024-03-30 16:26:19',1),(209,95,2,'2024-03-30 16:26:19','2024-03-30 16:26:19',1),(210,96,2,'2024-03-30 16:26:19','2024-03-30 16:26:19',1),(211,97,2,'2024-03-30 16:26:19','2024-03-30 16:26:19',1),(212,98,2,'2024-03-30 16:26:19','2024-03-30 16:26:19',1),(213,99,2,'2024-03-30 16:26:19','2024-03-30 16:26:19',1),(214,100,2,'2024-03-30 16:26:19','2024-03-30 16:26:19',1),(215,101,2,'2024-03-30 16:26:19','2024-03-30 16:26:19',1),(216,102,2,'2024-03-30 16:26:19','2024-03-30 16:26:19',1),(217,103,2,'2024-03-30 16:26:19','2024-03-30 16:26:19',1),(218,104,2,'2024-03-30 16:26:19','2024-03-30 16:26:19',1),(219,105,2,'2024-03-30 16:26:19','2024-03-30 16:26:19',1),(220,106,2,'2024-03-30 16:26:19','2024-03-30 16:26:19',1),(221,107,2,'2024-03-30 16:26:19','2024-03-30 16:26:19',1),(222,108,2,'2024-03-30 16:26:19','2024-03-30 16:26:19',1),(223,109,2,'2024-03-30 16:26:19','2024-03-30 16:26:19',1),(224,110,2,'2024-03-30 16:26:19','2024-03-30 16:26:19',1),(225,111,2,'2024-03-30 16:26:19','2024-03-30 16:26:19',1),(226,112,2,'2024-03-30 16:26:19','2024-03-30 16:26:19',1),(227,113,2,'2024-03-30 16:26:19','2024-03-30 16:26:19',1),(228,114,2,'2024-03-30 16:26:19','2024-03-30 16:26:19',1),(229,115,2,'2024-03-30 16:26:19','2024-03-30 16:26:19',1),(230,116,2,'2024-03-30 16:26:19','2024-03-30 16:26:19',1),(231,117,2,'2024-03-30 16:26:19','2024-03-30 16:26:19',1),(232,118,2,'2024-03-30 16:26:19','2024-03-30 16:26:19',1),(233,119,2,'2024-03-30 16:26:19','2024-03-30 16:26:19',1),(234,120,2,'2024-03-30 16:26:19','2024-03-30 16:26:19',1),(235,121,2,'2024-03-30 16:26:19','2024-03-30 16:26:19',1),(236,122,2,'2024-03-30 16:26:19','2024-03-30 16:26:19',1),(237,123,2,'2024-03-30 16:26:19','2024-03-30 16:26:19',1),(238,124,2,'2024-03-30 16:26:19','2024-03-30 16:26:19',1),(239,125,2,'2024-03-30 16:26:19','2024-03-30 16:26:19',1),(240,126,2,'2024-03-30 16:26:19','2024-03-30 16:26:19',1),(241,127,2,'2024-03-30 16:26:19','2024-03-30 16:26:19',1),(242,128,2,'2024-03-30 16:26:19','2024-03-30 16:26:19',1),(243,129,2,'2024-03-30 16:26:19','2024-03-30 16:26:19',1),(244,130,2,'2024-03-30 16:26:19','2024-03-30 16:26:19',1),(245,131,2,'2024-03-30 16:26:19','2024-03-30 16:26:19',1),(246,132,2,'2024-03-30 16:26:19','2024-03-30 16:26:19',1),(247,133,2,'2024-03-30 16:26:19','2024-03-30 16:26:19',1),(248,134,2,'2024-03-30 16:26:19','2024-03-30 16:26:19',1),(249,135,2,'2024-03-30 16:26:19','2024-03-30 16:26:19',1),(250,136,2,'2024-03-30 16:26:19','2024-03-30 16:26:19',1),(251,137,2,'2024-03-30 16:26:19','2024-03-30 16:26:19',1),(252,138,2,'2024-03-30 16:26:19','2024-03-30 16:26:19',1),(253,139,2,'2024-03-30 16:26:19','2024-03-30 16:26:19',1),(254,140,2,'2024-03-30 16:26:19','2024-03-30 16:26:19',1),(255,141,2,'2024-03-30 16:26:19','2024-03-30 16:26:19',1),(256,142,2,'2024-03-30 16:26:19','2024-03-30 16:26:19',1),(257,143,2,'2024-03-30 16:26:19','2024-03-30 16:26:19',1),(258,144,2,'2024-03-30 16:26:19','2024-03-30 16:26:19',1),(259,145,2,'2024-03-30 16:26:19','2024-03-30 16:26:19',1),(260,146,2,'2024-03-30 16:26:19','2024-03-30 16:26:19',1),(261,147,2,'2024-03-30 16:26:19','2024-03-30 16:26:19',1),(262,148,2,'2024-03-30 16:26:19','2024-03-30 16:26:19',1),(263,149,2,'2024-03-30 16:26:19','2024-03-30 16:26:19',1),(264,151,2,'2024-03-30 16:26:19','2024-03-30 16:26:19',1),(265,19,0,'2024-06-15 16:54:20','2024-06-23 16:36:39',387),(266,20,0,'2024-06-15 16:54:20','2024-06-23 16:36:39',387),(267,21,0,'2024-06-15 16:54:20','2024-06-23 16:36:39',387),(268,22,0,'2024-06-15 16:54:20','2024-06-23 16:36:39',387),(269,23,0,'2024-06-15 16:54:20','2024-06-23 16:36:39',387),(270,24,0,'2024-06-15 16:54:20','2024-06-23 16:36:39',387),(271,25,0,'2024-06-15 16:54:20','2024-06-23 16:36:39',387),(272,26,0,'2024-06-15 16:54:20','2024-06-23 16:36:39',387),(273,27,0,'2024-06-15 16:54:20','2024-06-23 16:36:39',387),(274,28,0,'2024-06-15 16:54:20','2024-06-23 16:36:39',387),(275,29,0,'2024-06-15 16:54:20','2024-06-23 16:36:39',387),(276,30,0,'2024-06-15 16:54:20','2024-06-23 16:36:39',387),(277,31,0,'2024-06-15 16:54:20','2024-06-23 16:36:39',387),(278,32,0,'2024-06-15 16:54:20','2024-06-23 16:36:39',387),(279,33,0,'2024-06-15 16:54:20','2024-06-23 16:36:39',387),(280,34,0,'2024-06-15 16:54:20','2024-06-23 16:36:39',387),(281,35,0,'2024-06-15 16:54:20','2024-06-23 16:36:39',387),(282,36,0,'2024-06-15 16:54:20','2024-06-23 16:36:39',387),(283,37,0,'2024-06-15 16:54:20','2024-06-23 16:36:39',387),(284,38,0,'2024-06-15 16:54:20','2024-06-23 16:36:39',387),(285,39,0,'2024-06-15 16:54:20','2024-06-23 16:36:39',387),(286,40,0,'2024-06-15 16:54:20','2024-06-23 16:36:39',387),(287,41,0,'2024-06-15 16:54:20','2024-06-23 16:36:39',387),(288,42,0,'2024-06-15 16:54:20','2024-06-23 16:36:39',387),(289,43,0,'2024-06-15 16:54:20','2024-06-23 16:36:39',387),(290,44,0,'2024-06-15 16:54:20','2024-06-23 16:36:39',387),(291,45,0,'2024-06-15 16:54:20','2024-06-23 16:36:39',387),(292,46,0,'2024-06-15 16:54:20','2024-06-23 16:36:39',387),(293,47,0,'2024-06-15 16:54:20','2024-06-23 16:36:39',387),(294,48,0,'2024-06-15 16:54:20','2024-06-23 16:36:39',387),(295,49,0,'2024-06-15 16:54:20','2024-06-23 16:36:39',387),(296,50,0,'2024-06-15 16:54:20','2024-06-23 16:36:39',387),(297,51,0,'2024-06-15 16:54:20','2024-06-23 16:36:39',387),(298,52,0,'2024-06-15 16:54:20','2024-06-23 16:36:39',387),(299,53,0,'2024-06-15 16:54:20','2024-06-23 16:36:39',387),(300,54,0,'2024-06-15 16:54:20','2024-06-23 16:36:39',387),(301,55,0,'2024-06-15 16:54:20','2024-06-23 16:36:39',387),(302,56,0,'2024-06-15 16:54:20','2024-06-23 16:36:39',387),(303,57,0,'2024-06-15 16:54:20','2024-06-23 16:36:39',387),(304,58,0,'2024-06-15 16:54:20','2024-06-23 16:36:39',387),(305,59,0,'2024-06-15 16:54:20','2024-06-23 16:36:39',387),(306,60,0,'2024-06-15 16:54:20','2024-06-23 16:36:39',387),(307,61,0,'2024-06-15 16:54:20','2024-06-23 16:36:39',387),(308,62,0,'2024-06-15 16:54:20','2024-06-23 16:36:39',387),(309,63,0,'2024-06-15 16:54:20','2024-06-23 16:36:39',387),(310,64,0,'2024-06-15 16:54:20','2024-06-23 16:36:39',387),(311,65,0,'2024-06-15 16:54:20','2024-06-23 16:36:39',387),(312,66,0,'2024-06-15 16:54:20','2024-06-23 16:36:39',387),(313,67,0,'2024-06-15 16:54:20','2024-06-23 16:36:39',387),(314,68,0,'2024-06-15 16:54:20','2024-06-23 16:36:39',387),(315,69,0,'2024-06-15 16:54:20','2024-06-23 16:36:39',387),(316,70,0,'2024-06-15 16:54:20','2024-06-23 16:36:39',387),(317,71,0,'2024-06-15 16:54:20','2024-06-23 16:36:39',387),(318,72,0,'2024-06-15 16:54:20','2024-06-23 16:36:39',387),(319,73,0,'2024-06-15 16:54:20','2024-06-23 16:36:39',387),(320,74,0,'2024-06-15 16:54:20','2024-06-23 16:36:39',387),(321,75,0,'2024-06-15 16:54:20','2024-06-23 16:36:39',387),(322,76,0,'2024-06-15 16:54:20','2024-06-23 16:36:39',387),(323,77,0,'2024-06-15 16:54:20','2024-06-23 16:36:39',387),(324,78,0,'2024-06-15 16:54:20','2024-06-23 16:36:39',387),(325,79,0,'2024-06-15 16:54:20','2024-06-23 16:36:39',387),(326,80,0,'2024-06-15 16:54:20','2024-06-23 16:36:39',387),(327,81,0,'2024-06-15 16:54:20','2024-06-23 16:36:39',387),(328,82,0,'2024-06-15 16:54:20','2024-06-23 16:36:39',387),(329,83,0,'2024-06-15 16:54:20','2024-06-23 16:36:39',387),(330,84,0,'2024-06-15 16:54:20','2024-06-23 16:36:39',387),(331,85,0,'2024-06-15 16:54:20','2024-06-23 16:36:39',387),(332,86,0,'2024-06-15 16:54:20','2024-06-23 16:36:39',387),(333,87,0,'2024-06-15 16:54:20','2024-06-23 16:36:39',387),(334,88,0,'2024-06-15 16:54:20','2024-06-23 16:36:39',387),(335,89,0,'2024-06-15 16:54:20','2024-06-23 16:36:39',387),(336,90,0,'2024-06-15 16:54:20','2024-06-23 16:36:39',387),(337,91,0,'2024-06-15 16:54:20','2024-06-23 16:36:39',387),(338,92,0,'2024-06-15 16:54:20','2024-06-23 16:36:39',387),(339,93,0,'2024-06-15 16:54:20','2024-06-23 16:36:39',387),(340,94,0,'2024-06-15 16:54:20','2024-06-23 16:36:39',387),(341,95,0,'2024-06-15 16:54:20','2024-06-23 16:36:39',387),(342,96,0,'2024-06-15 16:54:20','2024-06-23 16:36:39',387),(343,97,0,'2024-06-15 16:54:20','2024-06-23 16:36:39',387),(344,98,0,'2024-06-15 16:54:20','2024-06-23 16:36:39',387),(345,99,0,'2024-06-15 16:54:20','2024-06-23 16:36:39',387),(346,100,0,'2024-06-15 16:54:20','2024-06-23 16:36:39',387),(347,101,0,'2024-06-15 16:54:20','2024-06-23 16:36:39',387),(348,102,0,'2024-06-15 16:54:20','2024-06-23 16:36:39',387),(349,103,0,'2024-06-15 16:54:20','2024-06-23 16:36:39',387),(350,104,0,'2024-06-15 16:54:20','2024-06-23 16:36:39',387),(351,105,0,'2024-06-15 16:54:20','2024-06-23 16:36:39',387),(352,106,0,'2024-06-15 16:54:20','2024-06-23 16:36:39',387),(353,107,0,'2024-06-15 16:54:20','2024-06-23 16:36:39',387),(354,108,0,'2024-06-15 16:54:20','2024-06-23 16:36:39',387),(355,109,0,'2024-06-15 16:54:20','2024-06-23 16:36:39',387),(356,110,0,'2024-06-15 16:54:20','2024-06-23 16:36:39',387),(357,111,0,'2024-06-15 16:54:20','2024-06-23 16:36:39',387),(358,112,0,'2024-06-15 16:54:20','2024-06-23 16:36:39',387),(359,113,0,'2024-06-15 16:54:20','2024-06-23 16:36:39',387),(360,114,0,'2024-06-15 16:54:20','2024-06-23 16:36:39',387),(361,115,0,'2024-06-15 16:54:20','2024-06-23 16:36:39',387),(362,116,0,'2024-06-15 16:54:20','2024-06-23 16:36:39',387),(363,117,0,'2024-06-15 16:54:20','2024-06-23 16:36:39',387),(364,118,0,'2024-06-15 16:54:20','2024-06-23 16:36:39',387),(365,119,0,'2024-06-15 16:54:20','2024-06-23 16:36:39',387),(366,120,0,'2024-06-15 16:54:20','2024-06-23 16:36:39',387),(367,121,0,'2024-06-15 16:54:20','2024-06-23 16:36:39',387),(368,122,0,'2024-06-15 16:54:20','2024-06-23 16:36:39',387),(369,123,0,'2024-06-15 16:54:20','2024-06-23 16:36:39',387),(370,124,0,'2024-06-15 16:54:20','2024-06-23 16:36:39',387),(371,125,0,'2024-06-15 16:54:20','2024-06-23 16:36:39',387),(372,126,0,'2024-06-15 16:54:20','2024-06-23 16:36:39',387),(373,127,0,'2024-06-15 16:54:20','2024-06-23 16:36:39',387),(374,128,0,'2024-06-15 16:54:20','2024-06-23 16:36:39',387),(375,129,0,'2024-06-15 16:54:20','2024-06-23 16:36:39',387),(376,130,0,'2024-06-15 16:54:20','2024-06-23 16:36:39',387),(377,131,0,'2024-06-15 16:54:20','2024-06-23 16:36:39',387),(378,132,0,'2024-06-15 16:54:20','2024-06-23 16:36:39',387),(379,133,0,'2024-06-15 16:54:20','2024-06-23 16:36:39',387),(380,134,0,'2024-06-15 16:54:20','2024-06-23 16:36:39',387),(381,135,0,'2024-06-15 16:54:20','2024-06-23 16:36:39',387),(382,136,0,'2024-06-15 16:54:20','2024-06-23 16:36:39',387),(383,137,0,'2024-06-15 16:54:20','2024-06-23 16:36:39',387),(384,138,0,'2024-06-15 16:54:20','2024-06-23 16:36:39',387),(385,139,0,'2024-06-15 16:54:20','2024-06-23 16:36:39',387),(386,140,0,'2024-06-15 16:54:20','2024-06-23 16:36:39',387),(387,141,0,'2024-06-15 16:54:20','2024-06-23 16:36:39',387),(388,142,0,'2024-06-15 16:54:20','2024-06-23 16:36:39',387),(389,143,0,'2024-06-15 16:54:20','2024-06-23 16:36:39',387),(390,144,0,'2024-06-15 16:54:20','2024-06-23 16:36:39',387),(391,145,0,'2024-06-15 16:54:20','2024-06-23 16:36:39',387),(392,146,0,'2024-06-15 16:54:20','2024-06-23 16:36:39',387),(393,147,0,'2024-06-15 16:54:20','2024-06-23 16:36:39',387),(394,148,0,'2024-06-15 16:54:20','2024-06-23 16:36:39',387),(395,149,0,'2024-06-15 16:54:20','2024-06-23 16:36:39',387),(396,151,0,'2024-06-15 16:54:20','2024-06-23 16:36:39',387),(397,19,1,'2024-06-21 22:52:22','2024-06-21 22:52:22',400),(398,20,1,'2024-06-21 22:52:22','2024-06-21 22:52:22',400),(399,21,1,'2024-06-21 22:52:22','2024-06-21 22:52:22',400),(400,22,1,'2024-06-21 22:52:22','2024-06-21 22:52:22',400),(401,23,1,'2024-06-21 22:52:22','2024-06-21 22:52:22',400),(402,24,1,'2024-06-21 22:52:22','2024-06-21 22:52:22',400),(403,25,1,'2024-06-21 22:52:22','2024-06-21 22:52:22',400),(404,26,1,'2024-06-21 22:52:22','2024-06-21 22:52:22',400),(405,27,1,'2024-06-21 22:52:22','2024-06-21 22:52:22',400),(406,28,1,'2024-06-21 22:52:22','2024-06-21 22:52:22',400),(407,29,1,'2024-06-21 22:52:22','2024-06-21 22:52:22',400),(408,30,1,'2024-06-21 22:52:22','2024-06-21 22:52:22',400),(409,31,1,'2024-06-21 22:52:22','2024-06-21 22:52:22',400),(410,32,1,'2024-06-21 22:52:22','2024-06-21 22:52:22',400),(411,33,1,'2024-06-21 22:52:22','2024-06-21 22:52:22',400),(412,34,1,'2024-06-21 22:52:22','2024-06-21 22:52:22',400),(413,35,1,'2024-06-21 22:52:22','2024-06-21 22:52:22',400),(414,36,1,'2024-06-21 22:52:22','2024-06-21 22:52:22',400),(415,37,1,'2024-06-21 22:52:22','2024-06-21 22:52:22',400),(416,38,1,'2024-06-21 22:52:22','2024-06-21 22:52:22',400),(417,39,1,'2024-06-21 22:52:22','2024-06-21 22:52:22',400),(418,40,1,'2024-06-21 22:52:22','2024-06-21 22:52:22',400),(419,41,1,'2024-06-21 22:52:22','2024-06-21 22:52:22',400),(420,42,1,'2024-06-21 22:52:22','2024-06-21 22:52:22',400),(421,43,1,'2024-06-21 22:52:22','2024-06-21 22:52:22',400),(422,44,1,'2024-06-21 22:52:22','2024-06-21 22:52:22',400),(423,45,1,'2024-06-21 22:52:22','2024-06-21 22:52:22',400),(424,46,1,'2024-06-21 22:52:22','2024-06-21 22:52:22',400),(425,47,1,'2024-06-21 22:52:22','2024-06-21 22:52:22',400),(426,48,1,'2024-06-21 22:52:22','2024-06-21 22:52:22',400),(427,49,1,'2024-06-21 22:52:22','2024-06-21 22:52:22',400),(428,50,1,'2024-06-21 22:52:22','2024-06-21 22:52:22',400),(429,51,1,'2024-06-21 22:52:22','2024-06-21 22:52:22',400),(430,52,1,'2024-06-21 22:52:22','2024-06-21 22:52:22',400),(431,53,1,'2024-06-21 22:52:22','2024-06-21 22:52:22',400),(432,54,1,'2024-06-21 22:52:22','2024-06-21 22:52:22',400),(433,55,1,'2024-06-21 22:52:22','2024-06-21 22:52:22',400),(434,56,1,'2024-06-21 22:52:22','2024-06-21 22:52:22',400),(435,57,1,'2024-06-21 22:52:22','2024-06-21 22:52:22',400),(436,58,1,'2024-06-21 22:52:22','2024-06-21 22:52:22',400),(437,59,1,'2024-06-21 22:52:22','2024-06-21 22:52:22',400),(438,60,1,'2024-06-21 22:52:22','2024-06-21 22:52:22',400),(439,61,1,'2024-06-21 22:52:22','2024-06-21 22:52:22',400),(440,62,1,'2024-06-21 22:52:22','2024-06-21 22:52:22',400),(441,63,1,'2024-06-21 22:52:22','2024-06-21 22:52:22',400),(442,64,1,'2024-06-21 22:52:22','2024-06-21 22:52:22',400),(443,65,1,'2024-06-21 22:52:22','2024-06-21 22:52:22',400),(444,66,1,'2024-06-21 22:52:22','2024-06-21 22:52:22',400),(445,67,1,'2024-06-21 22:52:22','2024-06-21 22:52:22',400),(446,68,1,'2024-06-21 22:52:22','2024-06-21 22:52:22',400),(447,69,1,'2024-06-21 22:52:22','2024-06-21 22:52:22',400),(448,70,1,'2024-06-21 22:52:22','2024-06-21 22:52:22',400),(449,71,1,'2024-06-21 22:52:22','2024-06-21 22:52:22',400),(450,72,1,'2024-06-21 22:52:22','2024-06-21 22:52:22',400),(451,73,1,'2024-06-21 22:52:22','2024-06-21 22:52:22',400),(452,74,1,'2024-06-21 22:52:22','2024-06-21 22:52:22',400),(453,75,1,'2024-06-21 22:52:22','2024-06-21 22:52:22',400),(454,76,1,'2024-06-21 22:52:22','2024-06-21 22:52:22',400),(455,77,1,'2024-06-21 22:52:22','2024-06-21 22:52:22',400),(456,78,1,'2024-06-21 22:52:22','2024-06-21 22:52:22',400),(457,79,1,'2024-06-21 22:52:22','2024-06-21 22:52:22',400),(458,80,1,'2024-06-21 22:52:22','2024-06-21 22:52:22',400),(459,81,1,'2024-06-21 22:52:22','2024-06-21 22:52:22',400),(460,82,1,'2024-06-21 22:52:22','2024-06-21 22:52:22',400),(461,83,1,'2024-06-21 22:52:22','2024-06-21 22:52:22',400),(462,84,1,'2024-06-21 22:52:22','2024-06-21 22:52:22',400),(463,85,1,'2024-06-21 22:52:22','2024-06-21 22:52:22',400),(464,86,1,'2024-06-21 22:52:22','2024-06-21 22:52:22',400),(465,87,1,'2024-06-21 22:52:22','2024-06-21 22:52:22',400),(466,88,1,'2024-06-21 22:52:22','2024-06-21 22:52:22',400),(467,89,1,'2024-06-21 22:52:22','2024-06-21 22:52:22',400),(468,90,1,'2024-06-21 22:52:22','2024-06-21 22:52:22',400),(469,91,1,'2024-06-21 22:52:22','2024-06-21 22:52:22',400),(470,92,1,'2024-06-21 22:52:22','2024-06-21 22:52:22',400),(471,93,1,'2024-06-21 22:52:22','2024-06-21 22:52:22',400),(472,94,1,'2024-06-21 22:52:22','2024-06-21 22:52:22',400),(473,95,1,'2024-06-21 22:52:22','2024-06-21 22:52:22',400),(474,96,1,'2024-06-21 22:52:22','2024-06-21 22:52:22',400),(475,97,1,'2024-06-21 22:52:22','2024-06-21 22:52:22',400),(476,98,1,'2024-06-21 22:52:22','2024-06-21 22:52:22',400),(477,99,1,'2024-06-21 22:52:22','2024-06-21 22:52:22',400),(478,100,1,'2024-06-21 22:52:22','2024-06-21 22:52:22',400),(479,101,1,'2024-06-21 22:52:22','2024-06-21 22:52:22',400),(480,102,1,'2024-06-21 22:52:22','2024-06-21 22:52:22',400),(481,103,1,'2024-06-21 22:52:22','2024-06-21 22:52:22',400),(482,104,1,'2024-06-21 22:52:22','2024-06-21 22:52:22',400),(483,105,1,'2024-06-21 22:52:22','2024-06-21 22:52:22',400),(484,106,1,'2024-06-21 22:52:22','2024-06-21 22:52:22',400),(485,107,1,'2024-06-21 22:52:22','2024-06-21 22:52:22',400),(486,108,1,'2024-06-21 22:52:22','2024-06-21 22:52:22',400),(487,109,1,'2024-06-21 22:52:22','2024-06-21 22:52:22',400),(488,110,1,'2024-06-21 22:52:22','2024-06-21 22:52:22',400),(489,111,1,'2024-06-21 22:52:22','2024-06-21 22:52:22',400),(490,112,1,'2024-06-21 22:52:22','2024-06-21 22:52:22',400),(491,113,1,'2024-06-21 22:52:22','2024-06-21 22:52:22',400),(492,114,1,'2024-06-21 22:52:22','2024-06-21 22:52:22',400),(493,115,1,'2024-06-21 22:52:22','2024-06-21 22:52:22',400),(494,116,1,'2024-06-21 22:52:22','2024-06-21 22:52:22',400),(495,117,1,'2024-06-21 22:52:22','2024-06-21 22:52:22',400),(496,118,1,'2024-06-21 22:52:22','2024-06-21 22:52:22',400),(497,119,1,'2024-06-21 22:52:22','2024-06-21 22:52:22',400),(498,120,1,'2024-06-21 22:52:22','2024-06-21 22:52:22',400),(499,121,1,'2024-06-21 22:52:22','2024-06-21 22:52:22',400),(500,122,1,'2024-06-21 22:52:22','2024-06-21 22:52:22',400),(501,123,1,'2024-06-21 22:52:22','2024-06-21 22:52:22',400),(502,124,1,'2024-06-21 22:52:22','2024-06-21 22:52:22',400),(503,125,1,'2024-06-21 22:52:22','2024-06-21 22:52:22',400),(504,126,1,'2024-06-21 22:52:22','2024-06-21 22:52:22',400),(505,127,1,'2024-06-21 22:52:22','2024-06-21 22:52:22',400),(506,128,1,'2024-06-21 22:52:22','2024-06-21 22:52:22',400),(507,129,1,'2024-06-21 22:52:22','2024-06-21 22:52:22',400),(508,130,1,'2024-06-21 22:52:22','2024-06-21 22:52:22',400),(509,131,1,'2024-06-21 22:52:22','2024-06-21 22:52:22',400),(510,132,1,'2024-06-21 22:52:22','2024-06-21 22:52:22',400),(511,133,1,'2024-06-21 22:52:22','2024-06-21 22:52:22',400),(512,134,1,'2024-06-21 22:52:22','2024-06-21 22:52:22',400),(513,135,1,'2024-06-21 22:52:22','2024-06-21 22:52:22',400),(514,136,1,'2024-06-21 22:52:22','2024-06-21 22:52:22',400),(515,137,1,'2024-06-21 22:52:22','2024-06-21 22:52:22',400),(516,138,1,'2024-06-21 22:52:22','2024-06-21 22:52:22',400),(517,139,1,'2024-06-21 22:52:22','2024-06-21 22:52:22',400),(518,140,1,'2024-06-21 22:52:22','2024-06-21 22:52:22',400),(519,141,1,'2024-06-21 22:52:22','2024-06-21 22:52:22',400),(520,142,1,'2024-06-21 22:52:22','2024-06-21 22:52:22',400),(521,143,1,'2024-06-21 22:52:22','2024-06-21 22:52:22',400),(522,144,1,'2024-06-21 22:52:22','2024-06-21 22:52:22',400),(523,145,1,'2024-06-21 22:52:22','2024-06-21 22:52:22',400),(524,146,1,'2024-06-21 22:52:22','2024-06-21 22:52:22',400),(525,147,1,'2024-06-21 22:52:22','2024-06-21 22:52:22',400),(526,148,1,'2024-06-21 22:52:22','2024-06-21 22:52:22',400),(527,149,1,'2024-06-21 22:52:22','2024-06-21 22:52:22',400),(528,151,1,'2024-06-21 22:52:22','2024-06-21 22:52:22',400),(529,19,0.2,'2024-06-22 19:43:24','2024-06-22 19:43:24',380),(530,20,NULL,'2024-06-22 19:43:24','2024-06-22 19:43:24',380),(531,21,NULL,'2024-06-22 19:43:24','2024-06-22 19:43:24',380),(532,22,NULL,'2024-06-22 19:43:24','2024-06-22 19:43:24',380),(533,23,NULL,'2024-06-22 19:43:24','2024-06-22 19:43:24',380),(534,24,NULL,'2024-06-22 19:43:24','2024-06-22 19:43:24',380),(535,25,NULL,'2024-06-22 19:43:24','2024-06-22 19:43:24',380),(536,26,NULL,'2024-06-22 19:43:24','2024-06-22 19:43:24',380),(537,27,NULL,'2024-06-22 19:43:24','2024-06-22 19:43:24',380),(538,28,NULL,'2024-06-22 19:43:24','2024-06-22 19:43:24',380),(539,29,NULL,'2024-06-22 19:43:24','2024-06-22 19:43:24',380),(540,30,NULL,'2024-06-22 19:43:24','2024-06-22 19:43:24',380),(541,31,NULL,'2024-06-22 19:43:24','2024-06-22 19:43:24',380),(542,32,NULL,'2024-06-22 19:43:24','2024-06-22 19:43:24',380),(543,33,NULL,'2024-06-22 19:43:24','2024-06-22 19:43:24',380),(544,34,NULL,'2024-06-22 19:43:24','2024-06-22 19:43:24',380),(545,35,NULL,'2024-06-22 19:43:24','2024-06-22 19:43:24',380),(546,36,NULL,'2024-06-22 19:43:24','2024-06-22 19:43:24',380),(547,37,NULL,'2024-06-22 19:43:24','2024-06-22 19:43:24',380),(548,38,NULL,'2024-06-22 19:43:24','2024-06-22 19:43:24',380),(549,39,NULL,'2024-06-22 19:43:24','2024-06-22 19:43:24',380),(550,40,NULL,'2024-06-22 19:43:24','2024-06-22 19:43:24',380),(551,41,NULL,'2024-06-22 19:43:24','2024-06-22 19:43:24',380),(552,42,NULL,'2024-06-22 19:43:24','2024-06-22 19:43:24',380),(553,43,NULL,'2024-06-22 19:43:24','2024-06-22 19:43:24',380),(554,44,NULL,'2024-06-22 19:43:24','2024-06-22 19:43:24',380),(555,45,NULL,'2024-06-22 19:43:24','2024-06-22 19:43:24',380),(556,46,NULL,'2024-06-22 19:43:24','2024-06-22 19:43:24',380),(557,47,NULL,'2024-06-22 19:43:24','2024-06-22 19:43:24',380),(558,48,NULL,'2024-06-22 19:43:24','2024-06-22 19:43:24',380),(559,49,NULL,'2024-06-22 19:43:24','2024-06-22 19:43:24',380),(560,50,NULL,'2024-06-22 19:43:24','2024-06-22 19:43:24',380),(561,51,NULL,'2024-06-22 19:43:24','2024-06-22 19:43:24',380),(562,52,NULL,'2024-06-22 19:43:24','2024-06-22 19:43:24',380),(563,53,NULL,'2024-06-22 19:43:24','2024-06-22 19:43:24',380),(564,54,NULL,'2024-06-22 19:43:24','2024-06-22 19:43:24',380),(565,55,NULL,'2024-06-22 19:43:24','2024-06-22 19:43:24',380),(566,56,NULL,'2024-06-22 19:43:24','2024-06-22 19:43:24',380),(567,57,NULL,'2024-06-22 19:43:24','2024-06-22 19:43:24',380),(568,58,NULL,'2024-06-22 19:43:24','2024-06-22 19:43:24',380),(569,59,NULL,'2024-06-22 19:43:24','2024-06-22 19:43:24',380),(570,60,NULL,'2024-06-22 19:43:24','2024-06-22 19:43:24',380),(571,61,NULL,'2024-06-22 19:43:24','2024-06-22 19:43:24',380),(572,62,NULL,'2024-06-22 19:43:24','2024-06-22 19:43:24',380),(573,63,NULL,'2024-06-22 19:43:24','2024-06-22 19:43:24',380),(574,64,NULL,'2024-06-22 19:43:24','2024-06-22 19:43:24',380),(575,65,NULL,'2024-06-22 19:43:24','2024-06-22 19:43:24',380),(576,66,NULL,'2024-06-22 19:43:24','2024-06-22 19:43:24',380),(577,67,NULL,'2024-06-22 19:43:24','2024-06-22 19:43:24',380),(578,68,NULL,'2024-06-22 19:43:24','2024-06-22 19:43:24',380),(579,69,NULL,'2024-06-22 19:43:24','2024-06-22 19:43:24',380),(580,70,NULL,'2024-06-22 19:43:24','2024-06-22 19:43:24',380),(581,71,NULL,'2024-06-22 19:43:24','2024-06-22 19:43:24',380),(582,72,NULL,'2024-06-22 19:43:24','2024-06-22 19:43:24',380),(583,73,NULL,'2024-06-22 19:43:24','2024-06-22 19:43:24',380),(584,74,NULL,'2024-06-22 19:43:24','2024-06-22 19:43:24',380),(585,75,NULL,'2024-06-22 19:43:24','2024-06-22 19:43:24',380),(586,76,NULL,'2024-06-22 19:43:24','2024-06-22 19:43:24',380),(587,77,NULL,'2024-06-22 19:43:24','2024-06-22 19:43:24',380),(588,78,NULL,'2024-06-22 19:43:24','2024-06-22 19:43:24',380),(589,79,NULL,'2024-06-22 19:43:24','2024-06-22 19:43:24',380),(590,80,NULL,'2024-06-22 19:43:24','2024-06-22 19:43:24',380),(591,81,NULL,'2024-06-22 19:43:24','2024-06-22 19:43:24',380),(592,82,NULL,'2024-06-22 19:43:24','2024-06-22 19:43:24',380),(593,83,NULL,'2024-06-22 19:43:24','2024-06-22 19:43:24',380),(594,84,NULL,'2024-06-22 19:43:24','2024-06-22 19:43:24',380),(595,85,NULL,'2024-06-22 19:43:24','2024-06-22 19:43:24',380),(596,86,NULL,'2024-06-22 19:43:24','2024-06-22 19:43:24',380),(597,87,NULL,'2024-06-22 19:43:24','2024-06-22 19:43:24',380),(598,88,NULL,'2024-06-22 19:43:24','2024-06-22 19:43:24',380),(599,89,NULL,'2024-06-22 19:43:24','2024-06-22 19:43:24',380),(600,90,NULL,'2024-06-22 19:43:24','2024-06-22 19:43:24',380),(601,91,NULL,'2024-06-22 19:43:24','2024-06-22 19:43:24',380),(602,92,NULL,'2024-06-22 19:43:24','2024-06-22 19:43:24',380),(603,93,NULL,'2024-06-22 19:43:24','2024-06-22 19:43:24',380),(604,94,NULL,'2024-06-22 19:43:24','2024-06-22 19:43:24',380),(605,95,NULL,'2024-06-22 19:43:24','2024-06-22 19:43:24',380),(606,96,NULL,'2024-06-22 19:43:24','2024-06-22 19:43:24',380),(607,97,NULL,'2024-06-22 19:43:24','2024-06-22 19:43:24',380),(608,98,NULL,'2024-06-22 19:43:24','2024-06-22 19:43:24',380),(609,99,NULL,'2024-06-22 19:43:24','2024-06-22 19:43:24',380),(610,100,NULL,'2024-06-22 19:43:24','2024-06-22 19:43:24',380),(611,101,NULL,'2024-06-22 19:43:24','2024-06-22 19:43:24',380),(612,102,NULL,'2024-06-22 19:43:24','2024-06-22 19:43:24',380),(613,103,NULL,'2024-06-22 19:43:24','2024-06-22 19:43:24',380),(614,104,NULL,'2024-06-22 19:43:24','2024-06-22 19:43:24',380),(615,105,NULL,'2024-06-22 19:43:24','2024-06-22 19:43:24',380),(616,106,NULL,'2024-06-22 19:43:24','2024-06-22 19:43:24',380),(617,107,NULL,'2024-06-22 19:43:24','2024-06-22 19:43:24',380),(618,108,NULL,'2024-06-22 19:43:24','2024-06-22 19:43:24',380),(619,109,NULL,'2024-06-22 19:43:24','2024-06-22 19:43:24',380),(620,110,NULL,'2024-06-22 19:43:24','2024-06-22 19:43:24',380),(621,111,NULL,'2024-06-22 19:43:24','2024-06-22 19:43:24',380),(622,112,NULL,'2024-06-22 19:43:24','2024-06-22 19:43:24',380),(623,113,NULL,'2024-06-22 19:43:24','2024-06-22 19:43:24',380),(624,114,NULL,'2024-06-22 19:43:24','2024-06-22 19:43:24',380),(625,115,NULL,'2024-06-22 19:43:24','2024-06-22 19:43:24',380),(626,116,NULL,'2024-06-22 19:43:24','2024-06-22 19:43:24',380),(627,117,NULL,'2024-06-22 19:43:24','2024-06-22 19:43:24',380),(628,118,NULL,'2024-06-22 19:43:24','2024-06-22 19:43:24',380),(629,119,NULL,'2024-06-22 19:43:24','2024-06-22 19:43:24',380),(630,120,NULL,'2024-06-22 19:43:24','2024-06-22 19:43:24',380),(631,121,NULL,'2024-06-22 19:43:24','2024-06-22 19:43:24',380),(632,122,NULL,'2024-06-22 19:43:24','2024-06-22 19:43:24',380),(633,123,NULL,'2024-06-22 19:43:24','2024-06-22 19:43:24',380),(634,124,NULL,'2024-06-22 19:43:24','2024-06-22 19:43:24',380),(635,125,NULL,'2024-06-22 19:43:24','2024-06-22 19:43:24',380),(636,126,NULL,'2024-06-22 19:43:24','2024-06-22 19:43:24',380),(637,127,NULL,'2024-06-22 19:43:24','2024-06-22 19:43:24',380),(638,128,NULL,'2024-06-22 19:43:24','2024-06-22 19:43:24',380),(639,129,NULL,'2024-06-22 19:43:24','2024-06-22 19:43:24',380),(640,130,NULL,'2024-06-22 19:43:24','2024-06-22 19:43:24',380),(641,131,NULL,'2024-06-22 19:43:24','2024-06-22 19:43:24',380),(642,132,NULL,'2024-06-22 19:43:24','2024-06-22 19:43:24',380),(643,133,NULL,'2024-06-22 19:43:24','2024-06-22 19:43:24',380),(644,134,NULL,'2024-06-22 19:43:24','2024-06-22 19:43:24',380),(645,135,NULL,'2024-06-22 19:43:24','2024-06-22 19:43:24',380),(646,136,NULL,'2024-06-22 19:43:24','2024-06-22 19:43:24',380),(647,137,NULL,'2024-06-22 19:43:24','2024-06-22 19:43:24',380),(648,138,NULL,'2024-06-22 19:43:24','2024-06-22 19:43:24',380),(649,139,NULL,'2024-06-22 19:43:24','2024-06-22 19:43:24',380),(650,140,NULL,'2024-06-22 19:43:24','2024-06-22 19:43:24',380),(651,141,NULL,'2024-06-22 19:43:24','2024-06-22 19:43:24',380),(652,142,NULL,'2024-06-22 19:43:24','2024-06-22 19:43:24',380),(653,143,NULL,'2024-06-22 19:43:24','2024-06-22 19:43:24',380),(654,144,NULL,'2024-06-22 19:43:24','2024-06-22 19:43:24',380),(655,145,NULL,'2024-06-22 19:43:24','2024-06-22 19:43:24',380),(656,146,NULL,'2024-06-22 19:43:24','2024-06-22 19:43:24',380),(657,147,NULL,'2024-06-22 19:43:24','2024-06-22 19:43:24',380),(658,148,NULL,'2024-06-22 19:43:24','2024-06-22 19:43:24',380),(659,149,NULL,'2024-06-22 19:43:24','2024-06-22 19:43:24',380),(660,151,NULL,'2024-06-22 19:43:24','2024-06-22 19:43:24',380),(661,19,2,'2024-06-24 20:30:50','2024-06-24 20:30:50',407),(662,20,2,'2024-06-24 20:30:50','2024-06-24 20:30:50',407),(663,21,2,'2024-06-24 20:30:50','2024-06-24 20:30:50',407),(664,22,2,'2024-06-24 20:30:50','2024-06-24 20:30:50',407),(665,23,2,'2024-06-24 20:30:50','2024-06-24 20:30:50',407),(666,24,2,'2024-06-24 20:30:50','2024-06-24 20:30:50',407),(667,25,2,'2024-06-24 20:30:50','2024-06-24 20:30:50',407),(668,26,2,'2024-06-24 20:30:50','2024-06-24 20:30:50',407),(669,27,2,'2024-06-24 20:30:50','2024-06-24 20:30:50',407),(670,28,2,'2024-06-24 20:30:50','2024-06-24 20:30:50',407),(671,29,2,'2024-06-24 20:30:50','2024-06-24 20:30:50',407),(672,30,2,'2024-06-24 20:30:50','2024-06-24 20:30:50',407),(673,31,2,'2024-06-24 20:30:50','2024-06-24 20:30:50',407),(674,32,2,'2024-06-24 20:30:50','2024-06-24 20:30:50',407),(675,33,2,'2024-06-24 20:30:50','2024-06-24 20:30:50',407),(676,34,2,'2024-06-24 20:30:50','2024-06-24 20:30:50',407),(677,35,2,'2024-06-24 20:30:50','2024-06-24 20:30:50',407),(678,36,2,'2024-06-24 20:30:50','2024-06-24 20:30:50',407),(679,37,2,'2024-06-24 20:30:50','2024-06-24 20:30:50',407),(680,38,2,'2024-06-24 20:30:50','2024-06-24 20:30:50',407),(681,39,2,'2024-06-24 20:30:50','2024-06-24 20:30:50',407),(682,40,2,'2024-06-24 20:30:50','2024-06-24 20:30:50',407),(683,41,2,'2024-06-24 20:30:50','2024-06-24 20:30:50',407),(684,42,2,'2024-06-24 20:30:50','2024-06-24 20:30:50',407),(685,43,2,'2024-06-24 20:30:50','2024-06-24 20:30:50',407),(686,44,2,'2024-06-24 20:30:50','2024-06-24 20:30:50',407),(687,45,2,'2024-06-24 20:30:50','2024-06-24 20:30:50',407),(688,46,2,'2024-06-24 20:30:50','2024-06-24 20:30:50',407),(689,47,2,'2024-06-24 20:30:50','2024-06-24 20:30:50',407),(690,48,2,'2024-06-24 20:30:50','2024-06-24 20:30:50',407),(691,49,2,'2024-06-24 20:30:50','2024-06-24 20:30:50',407),(692,50,2,'2024-06-24 20:30:50','2024-06-24 20:30:50',407),(693,51,2,'2024-06-24 20:30:50','2024-06-24 20:30:50',407),(694,52,2,'2024-06-24 20:30:50','2024-06-24 20:30:50',407),(695,53,2,'2024-06-24 20:30:50','2024-06-24 20:30:50',407),(696,54,2,'2024-06-24 20:30:50','2024-06-24 20:30:50',407),(697,55,2,'2024-06-24 20:30:50','2024-06-24 20:30:50',407),(698,56,2,'2024-06-24 20:30:50','2024-06-24 20:30:50',407),(699,57,2,'2024-06-24 20:30:50','2024-06-24 20:30:50',407),(700,58,2,'2024-06-24 20:30:50','2024-06-24 20:30:50',407),(701,59,2,'2024-06-24 20:30:50','2024-06-24 20:30:50',407),(702,60,2,'2024-06-24 20:30:50','2024-06-24 20:30:50',407),(703,61,2,'2024-06-24 20:30:50','2024-06-24 20:30:50',407),(704,62,2,'2024-06-24 20:30:50','2024-06-24 20:30:50',407),(705,63,2,'2024-06-24 20:30:50','2024-06-24 20:30:50',407),(706,64,2,'2024-06-24 20:30:50','2024-06-24 20:30:50',407),(707,65,2,'2024-06-24 20:30:50','2024-06-24 20:30:50',407),(708,66,2,'2024-06-24 20:30:50','2024-06-24 20:30:50',407),(709,67,2,'2024-06-24 20:30:50','2024-06-24 20:30:50',407),(710,68,2,'2024-06-24 20:30:50','2024-06-24 20:30:50',407),(711,69,2,'2024-06-24 20:30:50','2024-06-24 20:30:50',407),(712,70,2,'2024-06-24 20:30:50','2024-06-24 20:30:50',407),(713,71,2,'2024-06-24 20:30:50','2024-06-24 20:30:50',407),(714,72,2,'2024-06-24 20:30:50','2024-06-24 20:30:50',407),(715,73,2,'2024-06-24 20:30:50','2024-06-24 20:30:50',407),(716,74,2,'2024-06-24 20:30:50','2024-06-24 20:30:50',407),(717,75,2,'2024-06-24 20:30:50','2024-06-24 20:30:50',407),(718,76,2,'2024-06-24 20:30:50','2024-06-24 20:30:50',407),(719,77,2,'2024-06-24 20:30:50','2024-06-24 20:30:50',407),(720,78,2,'2024-06-24 20:30:50','2024-06-24 20:30:50',407),(721,79,2,'2024-06-24 20:30:50','2024-06-24 20:30:50',407),(722,80,2,'2024-06-24 20:30:50','2024-06-24 20:30:50',407),(723,81,2,'2024-06-24 20:30:50','2024-06-24 20:30:50',407),(724,82,2,'2024-06-24 20:30:50','2024-06-24 20:30:50',407),(725,83,2,'2024-06-24 20:30:50','2024-06-24 20:30:50',407),(726,84,2,'2024-06-24 20:30:50','2024-06-24 20:30:50',407),(727,85,2,'2024-06-24 20:30:50','2024-06-24 20:30:50',407),(728,86,2,'2024-06-24 20:30:50','2024-06-24 20:30:50',407),(729,87,2,'2024-06-24 20:30:50','2024-06-24 20:30:50',407),(730,88,2,'2024-06-24 20:30:50','2024-06-24 20:30:50',407),(731,89,2,'2024-06-24 20:30:50','2024-06-24 20:30:50',407),(732,90,2,'2024-06-24 20:30:50','2024-06-24 20:30:50',407),(733,91,2,'2024-06-24 20:30:50','2024-06-24 20:30:50',407),(734,92,2,'2024-06-24 20:30:50','2024-06-24 20:30:50',407),(735,93,2,'2024-06-24 20:30:50','2024-06-24 20:30:50',407),(736,94,2,'2024-06-24 20:30:50','2024-06-24 20:30:50',407),(737,95,2,'2024-06-24 20:30:50','2024-06-24 20:30:50',407),(738,96,2,'2024-06-24 20:30:50','2024-06-24 20:30:50',407),(739,97,2,'2024-06-24 20:30:50','2024-06-24 20:30:50',407),(740,98,2,'2024-06-24 20:30:50','2024-06-24 20:30:50',407),(741,99,2,'2024-06-24 20:30:50','2024-06-24 20:30:50',407),(742,100,2,'2024-06-24 20:30:50','2024-06-24 20:30:50',407),(743,101,2,'2024-06-24 20:30:50','2024-06-24 20:30:50',407),(744,102,2,'2024-06-24 20:30:50','2024-06-24 20:30:50',407),(745,103,2,'2024-06-24 20:30:50','2024-06-24 20:30:50',407),(746,104,2,'2024-06-24 20:30:50','2024-06-24 20:30:50',407),(747,105,2,'2024-06-24 20:30:50','2024-06-24 20:30:50',407),(748,106,2,'2024-06-24 20:30:50','2024-06-24 20:30:50',407),(749,107,2,'2024-06-24 20:30:50','2024-06-24 20:30:50',407),(750,108,2,'2024-06-24 20:30:50','2024-06-24 20:30:50',407),(751,109,2,'2024-06-24 20:30:50','2024-06-24 20:30:50',407),(752,110,2,'2024-06-24 20:30:50','2024-06-24 20:30:50',407),(753,111,2,'2024-06-24 20:30:50','2024-06-24 20:30:50',407),(754,112,2,'2024-06-24 20:30:50','2024-06-24 20:30:50',407),(755,113,2,'2024-06-24 20:30:50','2024-06-24 20:30:50',407),(756,114,2,'2024-06-24 20:30:50','2024-06-24 20:30:50',407),(757,115,2,'2024-06-24 20:30:50','2024-06-24 20:30:50',407),(758,116,2,'2024-06-24 20:30:50','2024-06-24 20:30:50',407),(759,117,2,'2024-06-24 20:30:50','2024-06-24 20:30:50',407),(760,118,2,'2024-06-24 20:30:50','2024-06-24 20:30:50',407),(761,119,2,'2024-06-24 20:30:50','2024-06-24 20:30:50',407),(762,120,2,'2024-06-24 20:30:50','2024-06-24 20:30:50',407),(763,121,2,'2024-06-24 20:30:50','2024-06-24 20:30:50',407),(764,122,2,'2024-06-24 20:30:50','2024-06-24 20:30:50',407),(765,123,2,'2024-06-24 20:30:50','2024-06-24 20:30:50',407),(766,124,2,'2024-06-24 20:30:50','2024-06-24 20:30:50',407),(767,125,2,'2024-06-24 20:30:50','2024-06-24 20:30:50',407),(768,126,2,'2024-06-24 20:30:50','2024-06-24 20:30:50',407),(769,127,2,'2024-06-24 20:30:50','2024-06-24 20:30:50',407),(770,128,2,'2024-06-24 20:30:50','2024-06-24 20:30:50',407),(771,129,2,'2024-06-24 20:30:50','2024-06-24 20:30:50',407),(772,130,2,'2024-06-24 20:30:50','2024-06-24 20:30:50',407),(773,131,2,'2024-06-24 20:30:50','2024-06-24 20:30:50',407),(774,132,2,'2024-06-24 20:30:51','2024-06-24 20:30:51',407),(775,133,2,'2024-06-24 20:30:51','2024-06-24 20:30:51',407),(776,134,2,'2024-06-24 20:30:51','2024-06-24 20:30:51',407),(777,135,2,'2024-06-24 20:30:51','2024-06-24 20:30:51',407),(778,136,2,'2024-06-24 20:30:51','2024-06-24 20:30:51',407),(779,137,2,'2024-06-24 20:30:51','2024-06-24 20:30:51',407),(780,138,2,'2024-06-24 20:30:51','2024-06-24 20:30:51',407),(781,139,2,'2024-06-24 20:30:51','2024-06-24 20:30:51',407),(782,140,2,'2024-06-24 20:30:51','2024-06-24 20:30:51',407),(783,141,2,'2024-06-24 20:30:51','2024-06-24 20:30:51',407),(784,142,2,'2024-06-24 20:30:51','2024-06-24 20:30:51',407),(785,143,2,'2024-06-24 20:30:51','2024-06-24 20:30:51',407),(786,144,2,'2024-06-24 20:30:51','2024-06-24 20:30:51',407),(787,145,2,'2024-06-24 20:30:51','2024-06-24 20:30:51',407),(788,146,2,'2024-06-24 20:30:51','2024-06-24 20:30:51',407),(789,147,2,'2024-06-24 20:30:51','2024-06-24 20:30:51',407),(790,148,2,'2024-06-24 20:30:51','2024-06-24 20:30:51',407),(791,149,2,'2024-06-24 20:30:51','2024-06-24 20:30:51',407),(792,151,2,'2024-06-24 20:30:51','2024-06-24 20:30:51',407),(793,19,2,'2024-09-14 14:46:04','2024-09-14 14:46:06',373),(794,20,2,'2024-09-14 14:46:04','2024-09-14 14:46:06',373),(795,21,2,'2024-09-14 14:46:04','2024-09-14 14:46:06',373),(796,22,2,'2024-09-14 14:46:04','2024-09-14 14:46:06',373),(797,23,2,'2024-09-14 14:46:04','2024-09-14 14:46:06',373),(798,24,2,'2024-09-14 14:46:04','2024-09-14 14:46:06',373),(799,25,2,'2024-09-14 14:46:04','2024-09-14 14:46:06',373),(800,26,2,'2024-09-14 14:46:04','2024-09-14 14:46:06',373),(801,27,2,'2024-09-14 14:46:04','2024-09-14 14:46:06',373),(802,28,2,'2024-09-14 14:46:04','2024-09-14 14:46:06',373),(803,29,2,'2024-09-14 14:46:04','2024-09-14 14:46:06',373),(804,30,2,'2024-09-14 14:46:04','2024-09-14 14:46:06',373),(805,31,2,'2024-09-14 14:46:04','2024-09-14 14:46:06',373),(806,32,2,'2024-09-14 14:46:04','2024-09-14 14:46:06',373),(807,33,2,'2024-09-14 14:46:04','2024-09-14 14:46:06',373),(808,34,2,'2024-09-14 14:46:04','2024-09-14 14:46:06',373),(809,35,2,'2024-09-14 14:46:04','2024-09-14 14:46:06',373),(810,36,2,'2024-09-14 14:46:04','2024-09-14 14:46:06',373),(811,37,2,'2024-09-14 14:46:04','2024-09-14 14:46:06',373),(812,38,2,'2024-09-14 14:46:04','2024-09-14 14:46:06',373),(813,39,2,'2024-09-14 14:46:04','2024-09-14 14:46:06',373),(814,40,2,'2024-09-14 14:46:04','2024-09-14 14:46:06',373),(815,41,2,'2024-09-14 14:46:04','2024-09-14 14:46:06',373),(816,42,2,'2024-09-14 14:46:04','2024-09-14 14:46:06',373),(817,43,2,'2024-09-14 14:46:04','2024-09-14 14:46:06',373),(818,44,2,'2024-09-14 14:46:04','2024-09-14 14:46:06',373),(819,45,2,'2024-09-14 14:46:04','2024-09-14 14:46:06',373),(820,46,2,'2024-09-14 14:46:04','2024-09-14 14:46:06',373),(821,47,2,'2024-09-14 14:46:04','2024-09-14 14:46:06',373),(822,48,2,'2024-09-14 14:46:04','2024-09-14 14:46:06',373),(823,49,2,'2024-09-14 14:46:04','2024-09-14 14:46:06',373),(824,50,2,'2024-09-14 14:46:04','2024-09-14 14:46:06',373),(825,51,2,'2024-09-14 14:46:04','2024-09-14 14:46:06',373),(826,52,2,'2024-09-14 14:46:04','2024-09-14 14:46:06',373),(827,53,2,'2024-09-14 14:46:04','2024-09-14 14:46:06',373),(828,54,2,'2024-09-14 14:46:04','2024-09-14 14:46:06',373),(829,55,2,'2024-09-14 14:46:04','2024-09-14 14:46:06',373),(830,56,2,'2024-09-14 14:46:04','2024-09-14 14:46:06',373),(831,57,2,'2024-09-14 14:46:04','2024-09-14 14:46:06',373),(832,58,2,'2024-09-14 14:46:04','2024-09-14 14:46:06',373),(833,59,2,'2024-09-14 14:46:04','2024-09-14 14:46:06',373),(834,60,2,'2024-09-14 14:46:04','2024-09-14 14:46:06',373),(835,61,2,'2024-09-14 14:46:04','2024-09-14 14:46:06',373),(836,62,2,'2024-09-14 14:46:04','2024-09-14 14:46:06',373),(837,63,2,'2024-09-14 14:46:04','2024-09-14 14:46:06',373),(838,64,2,'2024-09-14 14:46:04','2024-09-14 14:46:06',373),(839,65,2,'2024-09-14 14:46:04','2024-09-14 14:46:06',373),(840,66,2,'2024-09-14 14:46:04','2024-09-14 14:46:06',373),(841,67,2,'2024-09-14 14:46:04','2024-09-14 14:46:06',373),(842,68,2,'2024-09-14 14:46:04','2024-09-14 14:46:06',373),(843,69,2,'2024-09-14 14:46:04','2024-09-14 14:46:06',373),(844,70,2,'2024-09-14 14:46:04','2024-09-14 14:46:06',373),(845,71,2,'2024-09-14 14:46:04','2024-09-14 14:46:06',373),(846,72,2,'2024-09-14 14:46:04','2024-09-14 14:46:06',373),(847,73,2,'2024-09-14 14:46:04','2024-09-14 14:46:06',373),(848,74,2,'2024-09-14 14:46:04','2024-09-14 14:46:06',373),(849,75,2,'2024-09-14 14:46:04','2024-09-14 14:46:06',373),(850,76,2,'2024-09-14 14:46:04','2024-09-14 14:46:06',373),(851,77,2,'2024-09-14 14:46:04','2024-09-14 14:46:06',373),(852,78,2,'2024-09-14 14:46:04','2024-09-14 14:46:06',373),(853,79,2,'2024-09-14 14:46:04','2024-09-14 14:46:06',373),(854,80,2,'2024-09-14 14:46:04','2024-09-14 14:46:06',373),(855,81,2,'2024-09-14 14:46:04','2024-09-14 14:46:06',373),(856,82,2,'2024-09-14 14:46:04','2024-09-14 14:46:06',373),(857,83,2,'2024-09-14 14:46:04','2024-09-14 14:46:06',373),(858,84,2,'2024-09-14 14:46:04','2024-09-14 14:46:06',373),(859,85,2,'2024-09-14 14:46:04','2024-09-14 14:46:06',373),(860,86,2,'2024-09-14 14:46:04','2024-09-14 14:46:06',373),(861,87,2,'2024-09-14 14:46:04','2024-09-14 14:46:06',373),(862,88,2,'2024-09-14 14:46:04','2024-09-14 14:46:06',373),(863,89,2,'2024-09-14 14:46:04','2024-09-14 14:46:06',373),(864,90,2,'2024-09-14 14:46:04','2024-09-14 14:46:06',373),(865,91,2,'2024-09-14 14:46:04','2024-09-14 14:46:06',373),(866,92,2,'2024-09-14 14:46:04','2024-09-14 14:46:06',373),(867,93,2,'2024-09-14 14:46:04','2024-09-14 14:46:06',373),(868,94,2,'2024-09-14 14:46:04','2024-09-14 14:46:06',373),(869,95,2,'2024-09-14 14:46:04','2024-09-14 14:46:06',373),(870,96,2,'2024-09-14 14:46:04','2024-09-14 14:46:06',373),(871,97,2,'2024-09-14 14:46:04','2024-09-14 14:46:06',373),(872,98,2,'2024-09-14 14:46:04','2024-09-14 14:46:06',373),(873,99,2,'2024-09-14 14:46:04','2024-09-14 14:46:06',373),(874,100,2,'2024-09-14 14:46:04','2024-09-14 14:46:06',373),(875,101,2,'2024-09-14 14:46:04','2024-09-14 14:46:06',373),(876,102,2,'2024-09-14 14:46:04','2024-09-14 14:46:06',373),(877,103,2,'2024-09-14 14:46:04','2024-09-14 14:46:06',373),(878,104,2,'2024-09-14 14:46:04','2024-09-14 14:46:06',373),(879,105,2,'2024-09-14 14:46:04','2024-09-14 14:46:06',373),(880,106,2,'2024-09-14 14:46:04','2024-09-14 14:46:06',373),(881,107,2,'2024-09-14 14:46:04','2024-09-14 14:46:06',373),(882,108,2,'2024-09-14 14:46:04','2024-09-14 14:46:06',373),(883,109,2,'2024-09-14 14:46:04','2024-09-14 14:46:06',373),(884,110,2,'2024-09-14 14:46:04','2024-09-14 14:46:06',373),(885,111,2,'2024-09-14 14:46:04','2024-09-14 14:46:06',373),(886,112,2,'2024-09-14 14:46:04','2024-09-14 14:46:06',373),(887,113,2,'2024-09-14 14:46:04','2024-09-14 14:46:06',373),(888,114,2,'2024-09-14 14:46:04','2024-09-14 14:46:06',373),(889,115,2,'2024-09-14 14:46:04','2024-09-14 14:46:06',373),(890,116,2,'2024-09-14 14:46:04','2024-09-14 14:46:06',373),(891,117,2,'2024-09-14 14:46:04','2024-09-14 14:46:06',373),(892,118,2,'2024-09-14 14:46:04','2024-09-14 14:46:06',373),(893,119,2,'2024-09-14 14:46:04','2024-09-14 14:46:06',373),(894,120,2,'2024-09-14 14:46:04','2024-09-14 14:46:06',373),(895,121,2,'2024-09-14 14:46:04','2024-09-14 14:46:06',373),(896,122,2,'2024-09-14 14:46:04','2024-09-14 14:46:06',373),(897,123,2,'2024-09-14 14:46:04','2024-09-14 14:46:06',373),(898,124,2,'2024-09-14 14:46:04','2024-09-14 14:46:06',373),(899,125,2,'2024-09-14 14:46:04','2024-09-14 14:46:06',373),(900,126,2,'2024-09-14 14:46:04','2024-09-14 14:46:06',373),(901,127,2,'2024-09-14 14:46:04','2024-09-14 14:46:06',373),(902,128,2,'2024-09-14 14:46:04','2024-09-14 14:46:06',373),(903,129,2,'2024-09-14 14:46:04','2024-09-14 14:46:06',373),(904,130,2,'2024-09-14 14:46:04','2024-09-14 14:46:06',373),(905,131,2,'2024-09-14 14:46:04','2024-09-14 14:46:06',373),(906,132,2,'2024-09-14 14:46:04','2024-09-14 14:46:06',373),(907,133,2,'2024-09-14 14:46:04','2024-09-14 14:46:06',373),(908,134,2,'2024-09-14 14:46:04','2024-09-14 14:46:06',373),(909,135,2,'2024-09-14 14:46:04','2024-09-14 14:46:06',373),(910,136,2,'2024-09-14 14:46:04','2024-09-14 14:46:06',373),(911,137,2,'2024-09-14 14:46:04','2024-09-14 14:46:06',373),(912,138,2,'2024-09-14 14:46:04','2024-09-14 14:46:06',373),(913,139,2,'2024-09-14 14:46:04','2024-09-14 14:46:06',373),(914,140,2,'2024-09-14 14:46:04','2024-09-14 14:46:06',373),(915,141,2,'2024-09-14 14:46:04','2024-09-14 14:46:06',373),(916,142,2,'2024-09-14 14:46:04','2024-09-14 14:46:06',373),(917,143,2,'2024-09-14 14:46:04','2024-09-14 14:46:06',373),(918,144,2,'2024-09-14 14:46:04','2024-09-14 14:46:06',373),(919,145,2,'2024-09-14 14:46:04','2024-09-14 14:46:06',373),(920,146,2,'2024-09-14 14:46:04','2024-09-14 14:46:06',373),(921,147,2,'2024-09-14 14:46:04','2024-09-14 14:46:06',373),(922,148,2,'2024-09-14 14:46:04','2024-09-14 14:46:06',373),(923,149,2,'2024-09-14 14:46:04','2024-09-14 14:46:06',373),(924,151,2,'2024-09-14 14:46:04','2024-09-14 14:46:06',373),(925,19,2,'2025-06-01 21:22:55','2025-06-03 19:35:05',624),(926,20,2,'2025-06-01 21:22:55','2025-06-03 19:35:05',624),(927,21,2,'2025-06-01 21:22:55','2025-06-03 19:35:05',624),(928,22,2,'2025-06-01 21:22:55','2025-06-03 19:35:05',624),(929,23,2,'2025-06-01 21:22:55','2025-06-03 19:35:05',624),(930,24,2,'2025-06-01 21:22:55','2025-06-03 19:35:05',624),(931,25,2,'2025-06-01 21:22:55','2025-06-03 19:35:05',624),(932,26,2,'2025-06-01 21:22:55','2025-06-03 19:35:05',624),(933,27,2,'2025-06-01 21:22:55','2025-06-03 19:35:06',624),(934,28,2,'2025-06-01 21:22:55','2025-06-03 19:35:06',624),(935,29,2,'2025-06-01 21:22:55','2025-06-03 19:35:06',624),(936,30,2,'2025-06-01 21:22:55','2025-06-03 19:35:06',624),(937,31,2,'2025-06-01 21:22:55','2025-06-03 19:35:06',624),(938,32,2,'2025-06-01 21:22:55','2025-06-03 19:35:06',624),(939,33,2,'2025-06-01 21:22:55','2025-06-03 19:35:06',624),(940,34,2,'2025-06-01 21:22:55','2025-06-03 19:35:06',624),(941,35,2,'2025-06-01 21:22:55','2025-06-03 19:35:06',624),(942,36,2,'2025-06-01 21:22:55','2025-06-03 19:35:06',624),(943,37,2,'2025-06-01 21:22:55','2025-06-03 19:35:06',624),(944,38,2,'2025-06-01 21:22:55','2025-06-03 19:35:06',624),(945,39,2,'2025-06-01 21:22:55','2025-06-03 19:35:06',624),(946,40,2,'2025-06-01 21:22:55','2025-06-03 19:35:06',624),(947,41,2,'2025-06-01 21:22:55','2025-06-03 19:35:06',624),(948,42,2,'2025-06-01 21:22:55','2025-06-03 19:35:06',624),(949,43,2,'2025-06-01 21:22:55','2025-06-03 19:35:06',624),(950,44,2,'2025-06-01 21:22:55','2025-06-03 19:35:06',624),(951,45,2,'2025-06-01 21:22:55','2025-06-03 19:35:06',624),(952,46,2,'2025-06-01 21:22:55','2025-06-03 19:35:06',624),(953,47,2,'2025-06-01 21:22:55','2025-06-03 19:35:06',624),(954,48,2,'2025-06-01 21:22:55','2025-06-03 19:35:06',624),(955,49,2,'2025-06-01 21:22:55','2025-06-03 19:35:06',624),(956,50,2,'2025-06-01 21:22:55','2025-06-03 19:35:07',624),(957,51,2,'2025-06-01 21:22:55','2025-06-03 19:35:07',624),(958,52,3,'2025-06-01 21:22:55','2025-06-03 19:35:07',624),(959,53,3,'2025-06-01 21:22:55','2025-06-03 19:35:07',624),(960,54,3,'2025-06-01 21:22:55','2025-06-03 19:35:07',624),(961,55,3,'2025-06-01 21:22:55','2025-06-03 19:35:07',624),(962,56,3,'2025-06-01 21:22:55','2025-06-03 19:35:07',624),(963,57,3,'2025-06-01 21:22:55','2025-06-03 19:35:07',624),(964,58,3,'2025-06-01 21:22:55','2025-06-03 19:35:07',624),(965,59,3,'2025-06-01 21:22:55','2025-06-03 19:35:07',624),(966,60,3,'2025-06-01 21:22:55','2025-06-03 19:35:07',624),(967,61,3,'2025-06-01 21:22:55','2025-06-03 19:35:07',624),(968,62,3,'2025-06-01 21:22:55','2025-06-03 19:35:07',624),(969,63,3,'2025-06-01 21:22:55','2025-06-03 19:35:07',624),(970,64,3,'2025-06-01 21:22:55','2025-06-03 19:35:07',624),(971,65,3,'2025-06-01 21:22:55','2025-06-03 19:35:07',624),(972,66,3,'2025-06-01 21:22:55','2025-06-03 19:35:07',624),(973,67,3,'2025-06-01 21:22:55','2025-06-03 19:35:07',624),(974,68,3,'2025-06-01 21:22:55','2025-06-03 19:35:07',624),(975,69,3,'2025-06-01 21:22:55','2025-06-03 19:35:07',624),(976,70,3,'2025-06-01 21:22:55','2025-06-03 19:35:07',624),(977,71,3,'2025-06-01 21:22:55','2025-06-03 19:35:07',624),(978,72,3,'2025-06-01 21:22:55','2025-06-03 19:35:07',624),(979,73,3,'2025-06-01 21:22:55','2025-06-03 19:35:07',624),(980,74,3,'2025-06-01 21:22:55','2025-06-03 19:35:07',624),(981,75,3,'2025-06-01 21:22:55','2025-06-03 19:35:07',624),(982,76,3,'2025-06-01 21:22:55','2025-06-03 19:35:07',624),(983,77,3,'2025-06-01 21:22:56','2025-06-03 19:35:07',624),(984,78,3,'2025-06-01 21:22:56','2025-06-03 19:35:07',624),(985,79,3,'2025-06-01 21:22:56','2025-06-03 19:35:07',624),(986,80,3,'2025-06-01 21:22:56','2025-06-03 19:35:07',624),(987,81,3,'2025-06-01 21:22:56','2025-06-03 19:35:07',624),(988,82,3,'2025-06-01 21:22:56','2025-06-03 19:35:07',624),(989,83,3,'2025-06-01 21:22:56','2025-06-03 19:35:07',624),(990,84,3,'2025-06-01 21:22:56','2025-06-03 19:35:07',624),(991,85,3,'2025-06-01 21:22:56','2025-06-03 19:35:07',624),(992,86,3,'2025-06-01 21:22:56','2025-06-03 19:35:07',624),(993,87,3,'2025-06-01 21:22:56','2025-06-03 19:35:07',624),(994,88,3,'2025-06-01 21:22:56','2025-06-03 19:35:07',624),(995,89,3,'2025-06-01 21:22:56','2025-06-03 19:35:07',624),(996,90,3,'2025-06-01 21:22:56','2025-06-03 19:35:07',624),(997,91,3,'2025-06-01 21:22:56','2025-06-03 19:35:07',624),(998,92,3,'2025-06-01 21:22:56','2025-06-03 19:35:08',624),(999,93,3,'2025-06-01 21:22:56','2025-06-03 19:35:08',624),(1000,94,3,'2025-06-01 21:22:56','2025-06-03 19:35:08',624),(1001,95,3,'2025-06-01 21:22:56','2025-06-03 19:35:08',624),(1002,96,3,'2025-06-01 21:22:56','2025-06-03 19:35:08',624),(1003,97,3,'2025-06-01 21:22:56','2025-06-03 19:35:08',624),(1004,98,3,'2025-06-01 21:22:56','2025-06-03 19:35:08',624),(1005,99,3,'2025-06-01 21:22:56','2025-06-03 19:35:08',624),(1006,100,3,'2025-06-01 21:22:56','2025-06-03 19:35:08',624),(1007,101,3,'2025-06-01 21:22:56','2025-06-03 19:35:08',624),(1008,102,2,'2025-06-01 21:22:56','2025-08-06 22:00:11',624),(1009,103,2,'2025-06-01 21:22:56','2025-08-06 22:00:11',624),(1010,104,1,'2025-06-01 21:22:56','2025-08-06 22:00:11',624),(1011,105,1,'2025-06-01 21:22:56','2025-08-06 22:00:11',624),(1012,106,1,'2025-06-01 21:22:56','2025-08-06 22:00:11',624),(1013,107,1,'2025-06-01 21:22:56','2025-08-06 22:00:11',624),(1014,108,1,'2025-06-01 21:22:56','2025-08-06 22:00:11',624),(1015,109,1,'2025-06-01 21:22:56','2025-08-06 22:00:11',624),(1016,110,1,'2025-06-01 21:22:56','2025-08-06 22:00:11',624),(1017,111,3,'2025-06-01 21:22:56','2025-08-06 22:00:11',624),(1018,112,1,'2025-06-01 21:22:56','2025-08-06 22:00:11',624),(1019,113,1,'2025-06-01 21:22:56','2025-08-06 22:00:11',624),(1020,114,3,'2025-06-01 21:22:56','2025-08-06 22:00:11',624),(1021,115,1.5,'2025-06-01 21:22:56','2025-08-06 22:00:11',624),(1022,116,3,'2025-06-01 21:22:56','2025-08-06 22:00:11',624),(1023,117,3,'2025-06-01 21:22:56','2025-08-06 22:00:11',624),(1024,118,3,'2025-06-01 21:22:56','2025-08-06 22:00:11',624),(1025,119,3,'2025-06-01 21:22:56','2025-08-06 22:00:11',624),(1026,120,3,'2025-06-01 21:22:56','2025-08-06 22:00:11',624),(1027,121,3,'2025-06-01 21:22:56','2025-08-06 22:00:11',624),(1028,122,3,'2025-06-01 21:22:56','2025-06-03 19:35:08',624),(1029,123,3,'2025-06-01 21:22:56','2025-06-03 19:35:08',624),(1030,124,3,'2025-06-01 21:22:56','2025-06-03 19:35:08',624),(1031,125,3,'2025-06-01 21:22:56','2025-06-03 19:35:08',624),(1032,126,3,'2025-06-01 21:22:56','2025-06-03 19:35:08',624),(1033,127,3,'2025-06-01 21:22:56','2025-06-03 19:35:08',624),(1034,128,3,'2025-06-01 21:22:56','2025-06-03 19:35:08',624),(1035,129,3,'2025-06-01 21:22:56','2025-06-03 19:35:08',624),(1036,130,3,'2025-06-01 21:22:56','2025-06-03 19:35:08',624),(1037,131,3,'2025-06-01 21:22:56','2025-06-03 19:35:08',624),(1038,132,3,'2025-06-01 21:22:56','2025-06-03 19:35:08',624),(1039,133,3,'2025-06-01 21:22:56','2025-06-03 19:35:08',624),(1040,134,3,'2025-06-01 21:22:56','2025-06-03 19:35:08',624),(1041,135,3,'2025-06-01 21:22:56','2025-06-03 19:35:08',624),(1042,136,3,'2025-06-01 21:22:56','2025-06-03 19:35:08',624),(1043,137,3,'2025-06-01 21:22:56','2025-06-03 19:35:08',624),(1044,138,3,'2025-06-01 21:22:56','2025-06-03 19:35:08',624),(1045,139,3,'2025-06-01 21:22:56','2025-06-03 19:35:08',624),(1046,140,3,'2025-06-01 21:22:56','2025-06-03 19:35:08',624),(1047,141,3,'2025-06-01 21:22:56','2025-06-03 19:35:08',624),(1048,142,3,'2025-06-01 21:22:56','2025-06-03 19:35:08',624),(1049,143,3,'2025-06-01 21:22:56','2025-06-03 19:35:09',624),(1050,144,3,'2025-06-01 21:22:56','2025-06-03 19:35:09',624),(1051,145,3,'2025-06-01 21:22:56','2025-06-03 19:35:09',624),(1052,146,3,'2025-06-01 21:22:56','2025-06-03 19:35:09',624),(1053,147,3,'2025-06-01 21:22:56','2025-06-03 19:35:09',624),(1054,148,3,'2025-06-01 21:22:56','2025-06-03 19:35:09',624),(1055,149,3,'2025-06-01 21:22:56','2025-06-03 19:35:09',624),(1056,151,3,'2025-06-01 21:22:56','2025-06-03 19:35:09',624),(1057,19,2.5,'2025-06-02 18:38:44','2025-06-02 18:38:47',632),(1058,20,2.5,'2025-06-02 18:38:44','2025-06-02 18:38:47',632),(1059,21,2.5,'2025-06-02 18:38:44','2025-06-02 18:38:47',632),(1060,22,2.5,'2025-06-02 18:38:44','2025-06-02 18:38:47',632),(1061,23,2.5,'2025-06-02 18:38:44','2025-06-02 18:38:47',632),(1062,24,2.5,'2025-06-02 18:38:44','2025-06-02 18:38:47',632),(1063,25,2.5,'2025-06-02 18:38:44','2025-06-02 18:38:47',632),(1064,26,2.5,'2025-06-02 18:38:44','2025-06-02 18:38:47',632),(1065,27,2.5,'2025-06-02 18:38:44','2025-06-02 18:38:47',632),(1066,28,2.5,'2025-06-02 18:38:44','2025-06-02 18:38:47',632),(1067,29,2.5,'2025-06-02 18:38:44','2025-06-02 18:38:47',632),(1068,30,2.5,'2025-06-02 18:38:44','2025-06-02 18:38:47',632),(1069,31,2.5,'2025-06-02 18:38:44','2025-06-02 18:38:47',632),(1070,32,2.5,'2025-06-02 18:38:44','2025-06-02 18:38:47',632),(1071,33,2.5,'2025-06-02 18:38:44','2025-06-02 18:38:47',632),(1072,34,2.5,'2025-06-02 18:38:44','2025-06-02 18:38:47',632),(1073,35,2.5,'2025-06-02 18:38:44','2025-06-02 18:38:47',632),(1074,36,2.5,'2025-06-02 18:38:44','2025-06-02 18:38:47',632),(1075,37,2.5,'2025-06-02 18:38:44','2025-06-02 18:38:47',632),(1076,38,2.5,'2025-06-02 18:38:44','2025-06-02 18:38:47',632),(1077,39,2.5,'2025-06-02 18:38:44','2025-06-02 18:38:47',632),(1078,40,2.5,'2025-06-02 18:38:44','2025-06-02 18:38:47',632),(1079,41,2.5,'2025-06-02 18:38:44','2025-06-02 18:38:47',632),(1080,42,2.5,'2025-06-02 18:38:44','2025-06-02 18:38:47',632),(1081,43,2.5,'2025-06-02 18:38:44','2025-06-02 18:38:47',632),(1082,44,2.5,'2025-06-02 18:38:44','2025-06-02 18:38:47',632),(1083,45,2.5,'2025-06-02 18:38:44','2025-06-02 18:38:47',632),(1084,46,2.5,'2025-06-02 18:38:44','2025-06-02 18:38:47',632),(1085,47,2.5,'2025-06-02 18:38:44','2025-06-02 18:38:47',632),(1086,48,2.5,'2025-06-02 18:38:44','2025-06-02 18:38:47',632),(1087,49,2.5,'2025-06-02 18:38:44','2025-06-02 18:38:47',632),(1088,50,2.5,'2025-06-02 18:38:44','2025-06-02 18:38:47',632),(1089,51,2.5,'2025-06-02 18:38:44','2025-06-02 18:38:47',632),(1090,52,2,'2025-06-02 18:38:44','2025-06-02 18:38:47',632),(1091,53,2,'2025-06-02 18:38:44','2025-06-02 18:38:47',632),(1092,54,2,'2025-06-02 18:38:44','2025-06-02 18:38:47',632),(1093,55,2,'2025-06-02 18:38:44','2025-06-02 18:38:47',632),(1094,56,2,'2025-06-02 18:38:44','2025-06-02 18:38:47',632),(1095,57,2,'2025-06-02 18:38:44','2025-06-02 18:38:47',632),(1096,58,2,'2025-06-02 18:38:44','2025-06-02 18:38:47',632),(1097,59,2,'2025-06-02 18:38:44','2025-06-02 18:38:47',632),(1098,60,2,'2025-06-02 18:38:44','2025-06-02 18:38:47',632),(1099,61,2,'2025-06-02 18:38:44','2025-06-02 18:38:47',632),(1100,62,2,'2025-06-02 18:38:44','2025-06-02 18:38:47',632),(1101,63,2,'2025-06-02 18:38:44','2025-06-02 18:38:47',632),(1102,64,6,'2025-06-02 18:38:44','2025-06-02 18:38:47',632),(1103,65,6,'2025-06-02 18:38:44','2025-06-02 18:38:47',632),(1104,66,7,'2025-06-02 18:38:44','2025-06-02 18:38:47',632),(1105,67,7,'2025-06-02 18:38:44','2025-06-02 18:38:47',632),(1106,68,7,'2025-06-02 18:38:44','2025-06-02 18:38:47',632),(1107,69,7,'2025-06-02 18:38:44','2025-06-02 18:38:47',632),(1108,70,7,'2025-06-02 18:38:44','2025-06-02 18:38:47',632),(1109,71,7,'2025-06-02 18:38:44','2025-06-02 18:38:47',632),(1110,72,2,'2025-06-02 18:38:44','2025-06-02 18:38:47',632),(1111,73,2,'2025-06-02 18:38:44','2025-06-02 18:38:47',632),(1112,74,3,'2025-06-02 18:38:44','2025-06-02 18:38:47',632),(1113,75,3,'2025-06-02 18:38:44','2025-06-02 18:38:47',632),(1114,76,4,'2025-06-02 18:38:44','2025-06-02 18:38:47',632),(1115,77,5,'2025-06-02 18:38:44','2025-06-02 18:38:47',632),(1116,78,5,'2025-06-02 18:38:44','2025-06-02 18:38:47',632),(1117,79,3,'2025-06-02 18:38:44','2025-06-02 18:38:47',632),(1118,80,7,'2025-06-02 18:38:44','2025-06-02 18:38:47',632),(1119,81,2,'2025-06-02 18:38:44','2025-06-02 18:38:47',632),(1120,82,2,'2025-06-02 18:38:44','2025-06-02 18:38:47',632),(1121,83,2,'2025-06-02 18:38:44','2025-06-02 18:38:48',632),(1122,84,2,'2025-06-02 18:38:44','2025-06-02 18:38:48',632),(1123,85,2,'2025-06-02 18:38:44','2025-06-02 18:38:48',632),(1124,86,2,'2025-06-02 18:38:44','2025-06-02 18:38:48',632),(1125,87,2,'2025-06-02 18:38:44','2025-06-02 18:38:48',632),(1126,88,2,'2025-06-02 18:38:44','2025-06-02 18:38:48',632),(1127,89,2,'2025-06-02 18:38:44','2025-06-02 18:38:48',632),(1128,90,2,'2025-06-02 18:38:45','2025-06-02 18:38:48',632),(1129,91,2,'2025-06-02 18:38:45','2025-06-02 18:38:48',632),(1130,92,2,'2025-06-02 18:38:45','2025-06-02 18:38:48',632),(1131,93,2,'2025-06-02 18:38:45','2025-06-02 18:38:48',632),(1132,94,2,'2025-06-02 18:38:45','2025-06-02 18:38:48',632),(1133,95,2,'2025-06-02 18:38:45','2025-06-02 18:38:48',632),(1134,96,2,'2025-06-02 18:38:45','2025-06-02 18:38:48',632),(1135,97,2,'2025-06-02 18:38:45','2025-06-02 18:38:48',632),(1136,98,2,'2025-06-02 18:38:45','2025-06-02 18:38:48',632),(1137,99,2,'2025-06-02 18:38:45','2025-06-02 18:38:48',632),(1138,100,2,'2025-06-02 18:38:45','2025-06-02 18:38:48',632),(1139,101,2,'2025-06-02 18:38:45','2025-06-02 18:38:48',632),(1140,102,3,'2025-06-02 18:38:45','2025-06-02 18:38:48',632),(1141,103,3,'2025-06-02 18:38:45','2025-06-02 18:38:48',632),(1142,104,3,'2025-06-02 18:38:45','2025-06-02 18:38:48',632),(1143,105,3,'2025-06-02 18:38:45','2025-06-02 18:38:48',632),(1144,106,3,'2025-06-02 18:38:45','2025-06-02 18:38:48',632),(1145,107,3,'2025-06-02 18:38:45','2025-06-02 18:38:48',632),(1146,108,3,'2025-06-02 18:38:45','2025-06-02 18:38:48',632),(1147,109,3,'2025-06-02 18:38:45','2025-06-02 18:38:48',632),(1148,110,3,'2025-06-02 18:38:45','2025-06-02 18:38:48',632),(1149,111,3,'2025-06-02 18:38:45','2025-06-02 18:38:48',632),(1150,112,3,'2025-06-02 18:38:45','2025-06-02 18:38:48',632),(1151,113,3,'2025-06-02 18:38:45','2025-06-02 18:38:48',632),(1152,114,3,'2025-06-02 18:38:45','2025-06-02 18:38:48',632),(1153,115,3,'2025-06-02 18:38:45','2025-06-02 18:38:48',632),(1154,116,3,'2025-06-02 18:38:45','2025-06-02 18:38:48',632),(1155,117,3,'2025-06-02 18:38:45','2025-06-02 18:38:48',632),(1156,118,3,'2025-06-02 18:38:45','2025-06-02 18:38:48',632),(1157,119,3,'2025-06-02 18:38:45','2025-06-02 18:38:48',632),(1158,120,3,'2025-06-02 18:38:45','2025-06-02 18:38:48',632),(1159,121,3,'2025-06-02 18:38:45','2025-06-02 18:38:48',632),(1160,122,2.5,'2025-06-02 18:38:45','2025-06-02 18:38:48',632),(1161,123,2.5,'2025-06-02 18:38:45','2025-06-02 18:38:48',632),(1162,124,2.5,'2025-06-02 18:38:45','2025-06-02 18:38:48',632),(1163,125,2.5,'2025-06-02 18:38:45','2025-06-02 18:38:48',632),(1164,126,2.5,'2025-06-02 18:38:45','2025-06-02 18:38:48',632),(1165,127,2.5,'2025-06-02 18:38:45','2025-06-02 18:38:48',632),(1166,128,2.5,'2025-06-02 18:38:45','2025-06-02 18:38:48',632),(1167,129,2.5,'2025-06-02 18:38:45','2025-06-02 18:38:48',632),(1168,130,2.5,'2025-06-02 18:38:45','2025-06-02 18:38:48',632),(1169,131,2.5,'2025-06-02 18:38:45','2025-06-02 18:38:48',632),(1170,132,2.5,'2025-06-02 18:38:45','2025-06-02 18:38:48',632),(1171,133,2.5,'2025-06-02 18:38:45','2025-06-02 18:38:48',632),(1172,134,2.5,'2025-06-02 18:38:45','2025-06-02 18:38:48',632),(1173,135,2.5,'2025-06-02 18:38:45','2025-06-02 18:38:48',632),(1174,136,2,'2025-06-02 18:38:45','2025-06-02 18:38:48',632),(1175,137,2,'2025-06-02 18:38:45','2025-06-02 18:38:48',632),(1176,138,2,'2025-06-02 18:38:45','2025-06-02 18:38:48',632),(1177,139,2,'2025-06-02 18:38:45','2025-06-02 18:38:48',632),(1178,140,1.5,'2025-06-02 18:38:45','2025-06-02 18:38:49',632),(1179,141,1.5,'2025-06-02 18:38:45','2025-06-02 18:38:49',632),(1180,142,1.5,'2025-06-02 18:38:45','2025-06-02 18:38:49',632),(1181,143,1.5,'2025-06-02 18:38:45','2025-06-02 18:38:49',632),(1182,144,1.5,'2025-06-02 18:38:45','2025-06-02 18:38:49',632),(1183,145,1.5,'2025-06-02 18:38:45','2025-06-02 18:38:49',632),(1184,146,1.5,'2025-06-02 18:38:45','2025-06-02 18:38:49',632),(1185,147,1.5,'2025-06-02 18:38:45','2025-06-02 18:38:49',632),(1186,148,1.5,'2025-06-02 18:38:45','2025-06-02 18:38:49',632),(1187,149,1.5,'2025-06-02 18:38:45','2025-06-02 18:38:49',632),(1188,151,1.5,'2025-06-02 18:38:45','2025-06-02 18:38:49',632),(1189,19,1.5,'2025-06-03 10:13:17','2025-06-24 15:21:55',441),(1190,20,1.5,'2025-06-03 10:13:17','2025-06-24 15:21:55',441),(1191,21,1.5,'2025-06-03 10:13:17','2025-06-24 15:21:55',441),(1192,22,1.5,'2025-06-03 10:13:17','2025-06-24 15:21:55',441),(1193,23,1.5,'2025-06-03 10:13:17','2025-06-24 15:21:55',441),(1194,24,1.5,'2025-06-03 10:13:17','2025-06-24 15:21:55',441),(1195,25,1.5,'2025-06-03 10:13:17','2025-06-24 15:21:55',441),(1196,26,1.5,'2025-06-03 10:13:17','2025-06-24 15:21:55',441),(1197,27,1.5,'2025-06-03 10:13:17','2025-06-24 15:21:55',441),(1198,28,1.5,'2025-06-03 10:13:17','2025-06-24 15:21:55',441),(1199,29,1.5,'2025-06-03 10:13:17','2025-06-24 15:21:55',441),(1200,30,1.5,'2025-06-03 10:13:17','2025-06-24 15:21:55',441),(1201,31,1.5,'2025-06-03 10:13:17','2025-06-24 15:21:55',441),(1202,32,1.5,'2025-06-03 10:13:17','2025-06-24 15:21:55',441),(1203,33,1.5,'2025-06-03 10:13:17','2025-06-24 15:21:55',441),(1204,34,1.5,'2025-06-03 10:13:17','2025-06-24 15:21:55',441),(1205,35,1.5,'2025-06-03 10:13:17','2025-06-24 15:21:56',441),(1206,36,1.5,'2025-06-03 10:13:17','2025-06-24 15:21:56',441),(1207,37,1.5,'2025-06-03 10:13:17','2025-06-24 15:21:56',441),(1208,38,1.5,'2025-06-03 10:13:17','2025-06-24 15:21:56',441),(1209,39,1.5,'2025-06-03 10:13:17','2025-06-24 15:21:56',441),(1210,40,1.5,'2025-06-03 10:13:17','2025-06-24 15:21:56',441),(1211,41,1.5,'2025-06-03 10:13:17','2025-06-24 15:21:56',441),(1212,42,1.5,'2025-06-03 10:13:17','2025-06-24 15:21:56',441),(1213,43,1.5,'2025-06-03 10:13:17','2025-06-24 15:21:56',441),(1214,44,1.5,'2025-06-03 10:13:17','2025-06-24 15:21:56',441),(1215,45,1.5,'2025-06-03 10:13:17','2025-06-24 15:21:56',441),(1216,46,1.5,'2025-06-03 10:13:17','2025-06-24 15:21:56',441),(1217,47,1.5,'2025-06-03 10:13:17','2025-06-24 15:21:56',441),(1218,48,1.5,'2025-06-03 10:13:17','2025-06-24 15:21:56',441),(1219,49,1.5,'2025-06-03 10:13:17','2025-06-24 15:21:56',441),(1220,50,1.5,'2025-06-03 10:13:17','2025-06-24 15:21:56',441),(1221,51,1.5,'2025-06-03 10:13:17','2025-06-24 15:21:56',441),(1222,52,2,'2025-06-03 10:13:17','2025-06-03 19:57:15',441),(1223,53,2,'2025-06-03 10:13:17','2025-06-03 19:57:15',441),(1224,54,2,'2025-06-03 10:13:17','2025-06-03 19:57:15',441),(1225,55,2,'2025-06-03 10:13:17','2025-06-03 19:57:15',441),(1226,56,2,'2025-06-03 10:13:17','2025-06-03 19:57:15',441),(1227,57,2,'2025-06-03 10:13:17','2025-06-03 19:57:15',441),(1228,58,2,'2025-06-03 10:13:17','2025-06-03 19:57:15',441),(1229,59,2,'2025-06-03 10:13:17','2025-06-03 19:57:15',441),(1230,60,2,'2025-06-03 10:13:17','2025-06-03 19:57:15',441),(1231,61,2,'2025-06-03 10:13:17','2025-06-03 19:57:15',441),(1232,62,2,'2025-06-03 10:13:17','2025-06-03 19:57:15',441),(1233,63,2,'2025-06-03 10:13:17','2025-06-03 19:57:15',441),(1234,64,2,'2025-06-03 10:13:17','2025-06-03 19:57:15',441),(1235,65,2,'2025-06-03 10:13:17','2025-06-03 19:57:15',441),(1236,66,2,'2025-06-03 10:13:17','2025-06-03 19:57:15',441),(1237,67,2,'2025-06-03 10:13:17','2025-06-03 19:57:15',441),(1238,68,2,'2025-06-03 10:13:17','2025-06-03 19:57:15',441),(1239,69,2,'2025-06-03 10:13:17','2025-06-03 19:57:15',441),(1240,70,2,'2025-06-03 10:13:17','2025-06-03 19:57:15',441),(1241,71,2,'2025-06-03 10:13:17','2025-06-03 19:57:15',441),(1242,72,2,'2025-06-03 10:13:17','2025-06-03 19:57:15',441),(1243,73,2,'2025-06-03 10:13:17','2025-06-03 19:57:15',441),(1244,74,2,'2025-06-03 10:13:17','2025-06-03 19:57:15',441),(1245,75,2,'2025-06-03 10:13:17','2025-06-03 19:57:15',441),(1246,76,2,'2025-06-03 10:13:17','2025-06-03 19:57:15',441),(1247,77,2,'2025-06-03 10:13:17','2025-06-03 19:57:15',441),(1248,78,2,'2025-06-03 10:13:17','2025-06-03 19:57:15',441),(1249,79,2,'2025-06-03 10:13:17','2025-06-03 19:57:15',441),(1250,80,2,'2025-06-03 10:13:17','2025-06-03 19:57:15',441),(1251,81,0,'2025-06-03 10:13:17','2025-06-03 19:57:15',441),(1252,82,0,'2025-06-03 10:13:17','2025-06-03 19:57:15',441),(1253,83,0,'2025-06-03 10:13:17','2025-06-03 19:57:15',441),(1254,84,0,'2025-06-03 10:13:17','2025-06-03 19:57:15',441),(1255,85,0,'2025-06-03 10:13:17','2025-06-03 19:57:15',441),(1256,86,0,'2025-06-03 10:13:17','2025-06-03 19:57:15',441),(1257,87,0,'2025-06-03 10:13:17','2025-06-03 19:57:15',441),(1258,88,0,'2025-06-03 10:13:17','2025-06-03 19:57:15',441),(1259,89,0,'2025-06-03 10:13:17','2025-06-03 19:57:15',441),(1260,90,0,'2025-06-03 10:13:17','2025-06-03 19:57:15',441),(1261,91,0,'2025-06-03 10:13:17','2025-06-03 19:57:15',441),(1262,92,0,'2025-06-03 10:13:17','2025-06-03 19:57:15',441),(1263,93,0,'2025-06-03 10:13:17','2025-06-03 19:57:16',441),(1264,94,0,'2025-06-03 10:13:17','2025-06-03 19:57:16',441),(1265,95,0,'2025-06-03 10:13:17','2025-06-03 19:57:16',441),(1266,96,0,'2025-06-03 10:13:17','2025-06-03 19:57:16',441),(1267,97,0,'2025-06-03 10:13:17','2025-06-03 19:57:16',441),(1268,98,0,'2025-06-03 10:13:17','2025-06-03 19:57:16',441),(1269,99,0,'2025-06-03 10:13:17','2025-06-03 19:57:16',441),(1270,100,0,'2025-06-03 10:13:17','2025-06-03 19:57:16',441),(1271,101,0,'2025-06-03 10:13:17','2025-06-03 19:57:16',441),(1272,102,0,'2025-06-03 10:13:17','2025-06-03 19:57:16',441),(1273,103,0,'2025-06-03 10:13:17','2025-06-03 19:57:16',441),(1274,104,0,'2025-06-03 10:13:17','2025-06-03 19:57:16',441),(1275,105,0,'2025-06-03 10:13:17','2025-06-03 19:57:16',441),(1276,106,0,'2025-06-03 10:13:17','2025-06-03 19:57:16',441),(1277,107,0,'2025-06-03 10:13:17','2025-06-03 19:57:16',441),(1278,108,0,'2025-06-03 10:13:17','2025-06-03 19:57:16',441),(1279,109,0,'2025-06-03 10:13:17','2025-06-03 19:57:16',441),(1280,110,0,'2025-06-03 10:13:17','2025-06-03 19:57:16',441),(1281,111,0,'2025-06-03 10:13:17','2025-06-03 19:57:16',441),(1282,112,0,'2025-06-03 10:13:17','2025-06-03 19:57:16',441),(1283,113,0,'2025-06-03 10:13:17','2025-06-03 19:57:16',441),(1284,114,0,'2025-06-03 10:13:17','2025-06-03 19:57:16',441),(1285,115,0,'2025-06-03 10:13:17','2025-06-03 19:57:16',441),(1286,116,0,'2025-06-03 10:13:17','2025-06-03 19:57:16',441),(1287,117,0,'2025-06-03 10:13:17','2025-06-03 19:57:16',441),(1288,118,0,'2025-06-03 10:13:17','2025-06-03 19:57:16',441),(1289,119,0,'2025-06-03 10:13:17','2025-06-03 19:57:16',441),(1290,120,0,'2025-06-03 10:13:17','2025-06-03 19:57:16',441),(1291,121,0,'2025-06-03 10:13:17','2025-06-03 19:57:16',441),(1292,122,1.5,'2025-06-03 10:13:17','2025-06-24 15:21:56',441),(1293,123,1.5,'2025-06-03 10:13:17','2025-06-24 15:21:56',441),(1294,124,1.5,'2025-06-03 10:13:17','2025-06-24 15:21:56',441),(1295,125,1.5,'2025-06-03 10:13:17','2025-06-24 15:21:56',441),(1296,126,1.5,'2025-06-03 10:13:17','2025-06-24 15:21:56',441),(1297,127,1.5,'2025-06-03 10:13:17','2025-06-24 15:21:56',441),(1298,128,1.5,'2025-06-03 10:13:17','2025-06-24 15:21:56',441),(1299,129,1.5,'2025-06-03 10:13:17','2025-06-24 15:21:56',441),(1300,130,1.5,'2025-06-03 10:13:17','2025-06-24 15:21:56',441),(1301,131,1.5,'2025-06-03 10:13:17','2025-06-24 15:21:56',441),(1302,132,1.5,'2025-06-03 10:13:17','2025-06-24 15:21:56',441),(1303,133,1.5,'2025-06-03 10:13:17','2025-06-24 15:21:56',441),(1304,134,1.5,'2025-06-03 10:13:17','2025-06-24 15:21:56',441),(1305,135,1.5,'2025-06-03 10:13:17','2025-06-24 15:21:56',441),(1306,136,1.5,'2025-06-03 10:13:17','2025-06-24 15:21:56',441),(1307,137,1.5,'2025-06-03 10:13:17','2025-06-24 15:21:56',441),(1308,138,1.5,'2025-06-03 10:13:17','2025-06-24 15:21:56',441),(1309,139,1.5,'2025-06-03 10:13:18','2025-06-24 15:21:56',441),(1310,140,0,'2025-06-03 10:13:18','2025-06-03 19:57:17',441),(1311,141,0,'2025-06-03 10:13:18','2025-06-03 19:57:17',441),(1312,142,0,'2025-06-03 10:13:18','2025-06-03 19:57:17',441),(1313,143,0,'2025-06-03 10:13:18','2025-06-03 19:57:17',441),(1314,144,0,'2025-06-03 10:13:18','2025-06-03 19:57:17',441),(1315,145,0,'2025-06-03 10:13:18','2025-06-03 19:57:17',441),(1316,146,0,'2025-06-03 10:13:18','2025-06-03 19:57:17',441),(1317,147,0,'2025-06-03 10:13:18','2025-06-03 19:57:17',441),(1318,148,0,'2025-06-03 10:13:18','2025-06-03 19:57:17',441),(1319,149,0,'2025-06-03 10:13:18','2025-06-03 19:57:17',441),(1320,151,0,'2025-06-03 10:13:18','2025-06-03 19:57:17',441),(1321,19,1,'2025-06-03 10:13:48','2025-06-03 10:17:19',444),(1322,20,2,'2025-06-03 10:13:48','2025-06-03 10:17:19',444),(1323,21,3,'2025-06-03 10:13:48','2025-06-03 10:17:19',444),(1324,22,0,'2025-06-03 10:13:48','2025-06-03 10:17:19',444),(1325,23,0,'2025-06-03 10:13:48','2025-06-03 10:17:19',444),(1326,24,0,'2025-06-03 10:13:48','2025-06-03 10:17:19',444),(1327,25,0,'2025-06-03 10:13:48','2025-06-03 10:17:19',444),(1328,26,0,'2025-06-03 10:13:48','2025-06-03 10:17:19',444),(1329,27,0,'2025-06-03 10:13:48','2025-06-03 10:17:19',444),(1330,28,0,'2025-06-03 10:13:48','2025-06-03 10:17:19',444),(1331,29,0,'2025-06-03 10:13:48','2025-06-03 10:17:19',444),(1332,30,0,'2025-06-03 10:13:48','2025-06-03 10:17:19',444),(1333,31,0,'2025-06-03 10:13:48','2025-06-03 10:17:19',444),(1334,32,0,'2025-06-03 10:13:48','2025-06-03 10:17:19',444),(1335,33,0,'2025-06-03 10:13:48','2025-06-03 10:17:19',444),(1336,34,0,'2025-06-03 10:13:48','2025-06-03 10:17:19',444),(1337,35,0,'2025-06-03 10:13:48','2025-06-03 10:17:19',444),(1338,36,0,'2025-06-03 10:13:48','2025-06-03 10:17:19',444),(1339,37,0,'2025-06-03 10:13:48','2025-06-03 10:17:19',444),(1340,38,0,'2025-06-03 10:13:48','2025-06-03 10:17:19',444),(1341,39,0,'2025-06-03 10:13:48','2025-06-03 10:17:19',444),(1342,40,0,'2025-06-03 10:13:48','2025-06-03 10:17:19',444),(1343,41,0,'2025-06-03 10:13:48','2025-06-03 10:17:19',444),(1344,42,0,'2025-06-03 10:13:48','2025-06-03 10:17:19',444),(1345,43,0,'2025-06-03 10:13:48','2025-06-03 10:17:19',444),(1346,44,0,'2025-06-03 10:13:48','2025-06-03 10:17:19',444),(1347,45,0,'2025-06-03 10:13:48','2025-06-03 10:17:19',444),(1348,46,0,'2025-06-03 10:13:48','2025-06-03 10:17:19',444),(1349,47,0,'2025-06-03 10:13:48','2025-06-03 10:17:19',444),(1350,48,0,'2025-06-03 10:13:48','2025-06-03 10:17:19',444),(1351,49,0,'2025-06-03 10:13:48','2025-06-03 10:17:19',444),(1352,50,0,'2025-06-03 10:13:48','2025-06-03 10:17:19',444),(1353,51,0,'2025-06-03 10:13:48','2025-06-03 10:17:19',444),(1354,52,2,'2025-06-03 10:13:48','2025-06-03 10:17:19',444),(1355,53,2,'2025-06-03 10:13:48','2025-06-03 10:17:19',444),(1356,54,2,'2025-06-03 10:13:48','2025-06-03 10:17:19',444),(1357,55,2,'2025-06-03 10:13:48','2025-06-03 10:17:19',444),(1358,56,2,'2025-06-03 10:13:48','2025-06-03 10:17:19',444),(1359,57,2,'2025-06-03 10:13:48','2025-06-03 10:17:19',444),(1360,58,2,'2025-06-03 10:13:48','2025-06-03 10:17:20',444),(1361,59,2,'2025-06-03 10:13:48','2025-06-03 10:17:20',444),(1362,60,2,'2025-06-03 10:13:48','2025-06-03 10:17:20',444),(1363,61,2,'2025-06-03 10:13:48','2025-06-03 10:17:20',444),(1364,62,2,'2025-06-03 10:13:48','2025-06-03 10:17:20',444),(1365,63,2,'2025-06-03 10:13:48','2025-06-03 10:17:20',444),(1366,64,2,'2025-06-03 10:13:48','2025-06-03 10:17:20',444),(1367,65,2,'2025-06-03 10:13:48','2025-06-03 10:17:20',444),(1368,66,2,'2025-06-03 10:13:48','2025-06-03 10:17:20',444),(1369,67,2,'2025-06-03 10:13:48','2025-06-03 10:17:20',444),(1370,68,2,'2025-06-03 10:13:48','2025-06-03 10:17:20',444),(1371,69,2,'2025-06-03 10:13:48','2025-06-03 10:17:20',444),(1372,70,2,'2025-06-03 10:13:48','2025-06-03 10:17:20',444),(1373,71,2,'2025-06-03 10:13:48','2025-06-03 10:17:20',444),(1374,72,2,'2025-06-03 10:13:48','2025-06-03 10:17:20',444),(1375,73,2,'2025-06-03 10:13:48','2025-06-03 10:17:20',444),(1376,74,2,'2025-06-03 10:13:48','2025-06-03 10:17:20',444),(1377,75,2,'2025-06-03 10:13:48','2025-06-03 10:17:20',444),(1378,76,2,'2025-06-03 10:13:48','2025-06-03 10:17:20',444),(1379,77,2,'2025-06-03 10:13:48','2025-06-03 10:17:20',444),(1380,78,2,'2025-06-03 10:13:48','2025-06-03 10:17:20',444),(1381,79,2,'2025-06-03 10:13:48','2025-06-03 10:17:20',444),(1382,80,2,'2025-06-03 10:13:48','2025-06-03 10:17:20',444),(1383,81,0,'2025-06-03 10:13:48','2025-06-03 10:17:20',444),(1384,82,0,'2025-06-03 10:13:48','2025-06-03 10:17:20',444),(1385,83,0,'2025-06-03 10:13:48','2025-06-03 10:17:20',444),(1386,84,0,'2025-06-03 10:13:48','2025-06-03 10:17:20',444),(1387,85,0,'2025-06-03 10:13:48','2025-06-03 10:17:20',444),(1388,86,0,'2025-06-03 10:13:48','2025-06-03 10:17:20',444),(1389,87,0,'2025-06-03 10:13:48','2025-06-03 10:17:20',444),(1390,88,0,'2025-06-03 10:13:48','2025-06-03 10:17:20',444),(1391,89,0,'2025-06-03 10:13:48','2025-06-03 10:17:20',444),(1392,90,0,'2025-06-03 10:13:48','2025-06-03 10:17:20',444),(1393,91,0,'2025-06-03 10:13:48','2025-06-03 10:17:20',444),(1394,92,0,'2025-06-03 10:13:48','2025-06-03 10:17:20',444),(1395,93,0,'2025-06-03 10:13:48','2025-06-03 10:17:20',444),(1396,94,0,'2025-06-03 10:13:48','2025-06-03 10:17:20',444),(1397,95,0,'2025-06-03 10:13:48','2025-06-03 10:17:20',444),(1398,96,0,'2025-06-03 10:13:48','2025-06-03 10:17:20',444),(1399,97,0,'2025-06-03 10:13:48','2025-06-03 10:17:20',444),(1400,98,0,'2025-06-03 10:13:48','2025-06-03 10:17:20',444),(1401,99,0,'2025-06-03 10:13:48','2025-06-03 10:17:20',444),(1402,100,0,'2025-06-03 10:13:48','2025-06-03 10:17:20',444),(1403,101,0,'2025-06-03 10:13:48','2025-06-03 10:17:20',444),(1404,102,5,'2025-06-03 10:13:48','2025-06-03 10:17:20',444),(1405,103,5,'2025-06-03 10:13:48','2025-06-03 10:17:20',444),(1406,104,5,'2025-06-03 10:13:48','2025-06-03 10:17:20',444),(1407,105,5,'2025-06-03 10:13:48','2025-06-03 10:17:20',444),(1408,106,5,'2025-06-03 10:13:48','2025-06-03 10:17:20',444),(1409,107,5,'2025-06-03 10:13:48','2025-06-03 10:17:20',444),(1410,108,5,'2025-06-03 10:13:48','2025-06-03 10:17:20',444),(1411,109,5,'2025-06-03 10:13:48','2025-06-03 10:17:20',444),(1412,110,5,'2025-06-03 10:13:48','2025-06-03 10:17:20',444),(1413,111,5,'2025-06-03 10:13:48','2025-06-03 10:17:20',444),(1414,112,5,'2025-06-03 10:13:48','2025-06-03 10:17:20',444),(1415,113,5,'2025-06-03 10:13:48','2025-06-03 10:17:20',444),(1416,114,5,'2025-06-03 10:13:48','2025-06-03 10:17:20',444),(1417,115,5,'2025-06-03 10:13:48','2025-06-03 10:17:20',444),(1418,116,5,'2025-06-03 10:13:48','2025-06-03 10:17:20',444),(1419,117,5,'2025-06-03 10:13:48','2025-06-03 10:17:20',444),(1420,118,5,'2025-06-03 10:13:48','2025-06-03 10:17:20',444),(1421,119,5,'2025-06-03 10:13:48','2025-06-03 10:17:20',444),(1422,120,5,'2025-06-03 10:13:48','2025-06-03 10:17:20',444),(1423,121,5,'2025-06-03 10:13:48','2025-06-03 10:17:20',444),(1424,122,3,'2025-06-03 10:13:48','2025-06-03 10:17:20',444),(1425,123,3,'2025-06-03 10:13:48','2025-06-03 10:17:20',444),(1426,124,3,'2025-06-03 10:13:48','2025-06-03 10:17:20',444),(1427,125,3,'2025-06-03 10:13:48','2025-06-03 10:17:20',444),(1428,126,3,'2025-06-03 10:13:48','2025-06-03 10:17:20',444),(1429,127,3,'2025-06-03 10:13:48','2025-06-03 10:17:20',444),(1430,128,3,'2025-06-03 10:13:48','2025-06-03 10:17:20',444),(1431,129,3,'2025-06-03 10:13:48','2025-06-03 10:17:20',444),(1432,130,3,'2025-06-03 10:13:48','2025-06-03 10:17:20',444),(1433,131,3,'2025-06-03 10:13:48','2025-06-03 10:17:20',444),(1434,132,3,'2025-06-03 10:13:48','2025-06-03 10:17:20',444),(1435,133,3,'2025-06-03 10:13:48','2025-06-03 10:17:20',444),(1436,134,3,'2025-06-03 10:13:48','2025-06-03 10:17:20',444),(1437,135,3,'2025-06-03 10:13:48','2025-06-03 10:17:20',444),(1438,136,3,'2025-06-03 10:13:48','2025-06-03 10:17:20',444),(1439,137,3,'2025-06-03 10:13:48','2025-06-03 10:17:20',444),(1440,138,3,'2025-06-03 10:13:48','2025-06-03 10:17:20',444),(1441,139,3,'2025-06-03 10:13:48','2025-06-03 10:17:20',444),(1442,140,4,'2025-06-03 10:13:48','2025-06-03 10:17:20',444),(1443,141,4,'2025-06-03 10:13:48','2025-06-03 10:17:20',444),(1444,142,4,'2025-06-03 10:13:48','2025-06-03 10:17:20',444),(1445,143,4,'2025-06-03 10:13:48','2025-06-03 10:17:20',444),(1446,144,4,'2025-06-03 10:13:48','2025-06-03 10:17:20',444),(1447,145,4,'2025-06-03 10:13:48','2025-06-03 10:17:20',444),(1448,146,4,'2025-06-03 10:13:48','2025-06-03 10:17:21',444),(1449,147,4,'2025-06-03 10:13:48','2025-06-03 10:17:21',444),(1450,148,4,'2025-06-03 10:13:48','2025-06-03 10:17:21',444),(1451,149,4,'2025-06-03 10:13:48','2025-06-03 10:17:21',444),(1452,151,4,'2025-06-03 10:13:48','2025-06-03 10:17:21',444),(1453,19,0,'2025-06-03 11:33:08','2025-06-03 18:23:18',633),(1454,20,0,'2025-06-03 11:33:08','2025-06-03 18:23:18',633),(1455,21,0,'2025-06-03 11:33:08','2025-06-03 18:23:18',633),(1456,22,0,'2025-06-03 11:33:08','2025-06-03 18:23:18',633),(1457,23,0,'2025-06-03 11:33:08','2025-06-03 18:23:18',633),(1458,24,0,'2025-06-03 11:33:08','2025-06-03 18:23:18',633),(1459,25,0,'2025-06-03 11:33:08','2025-06-03 18:23:18',633),(1460,26,0,'2025-06-03 11:33:08','2025-06-03 18:23:18',633),(1461,27,0,'2025-06-03 11:33:08','2025-06-03 18:23:18',633),(1462,28,0,'2025-06-03 11:33:08','2025-06-03 18:23:18',633),(1463,29,0,'2025-06-03 11:33:08','2025-06-03 18:23:18',633),(1464,30,0,'2025-06-03 11:33:08','2025-06-03 18:23:18',633),(1465,31,0,'2025-06-03 11:33:08','2025-06-03 18:23:18',633),(1466,32,0,'2025-06-03 11:33:08','2025-06-03 18:23:18',633),(1467,33,0,'2025-06-03 11:33:08','2025-06-03 18:23:18',633),(1468,34,0,'2025-06-03 11:33:08','2025-06-03 18:23:18',633),(1469,35,0,'2025-06-03 11:33:08','2025-06-03 18:23:18',633),(1470,36,0,'2025-06-03 11:33:08','2025-06-03 18:23:18',633),(1471,37,0,'2025-06-03 11:33:08','2025-06-03 18:23:18',633),(1472,38,0,'2025-06-03 11:33:08','2025-06-03 18:23:18',633),(1473,39,0,'2025-06-03 11:33:09','2025-06-03 18:23:18',633),(1474,40,0,'2025-06-03 11:33:09','2025-06-03 18:23:18',633),(1475,41,0,'2025-06-03 11:33:09','2025-06-03 18:23:18',633),(1476,42,0,'2025-06-03 11:33:09','2025-06-03 18:23:18',633),(1477,43,0,'2025-06-03 11:33:09','2025-06-03 18:23:18',633),(1478,44,0,'2025-06-03 11:33:09','2025-06-03 18:23:18',633),(1479,45,0,'2025-06-03 11:33:09','2025-06-03 18:23:19',633),(1480,46,0,'2025-06-03 11:33:09','2025-06-03 18:23:19',633),(1481,47,0,'2025-06-03 11:33:09','2025-06-03 18:23:19',633),(1482,48,0,'2025-06-03 11:33:09','2025-06-03 18:23:19',633),(1483,49,0,'2025-06-03 11:33:09','2025-06-03 18:23:19',633),(1484,50,0,'2025-06-03 11:33:09','2025-06-03 18:23:19',633),(1485,51,0,'2025-06-03 11:33:09','2025-06-03 18:23:19',633),(1486,52,1.5,'2025-06-03 11:33:09','2025-06-03 18:23:19',633),(1487,53,1.5,'2025-06-03 11:33:09','2025-06-03 18:23:19',633),(1488,54,2,'2025-06-03 11:33:09','2025-06-03 18:23:19',633),(1489,55,0,'2025-06-03 11:33:09','2025-06-03 18:23:19',633),(1490,56,2,'2025-06-03 11:33:09','2025-06-03 18:23:19',633),(1491,57,2,'2025-06-03 11:33:09','2025-06-03 18:23:19',633),(1492,58,2,'2025-06-03 11:33:09','2025-06-03 18:23:19',633),(1493,59,2,'2025-06-03 11:33:09','2025-06-03 18:23:19',633),(1494,60,1.5,'2025-06-03 11:33:09','2025-06-03 18:23:19',633),(1495,61,1.5,'2025-06-03 11:33:09','2025-06-03 18:23:19',633),(1496,62,1.5,'2025-06-03 11:33:09','2025-06-03 18:23:19',633),(1497,63,2,'2025-06-03 11:33:09','2025-06-03 18:23:19',633),(1498,64,5,'2025-06-03 11:33:09','2025-06-03 18:23:19',633),(1499,65,5,'2025-06-03 11:33:09','2025-06-03 18:23:19',633),(1500,66,6,'2025-06-03 11:33:09','2025-06-03 18:23:19',633),(1501,67,2.5,'2025-06-03 11:33:09','2025-06-03 18:23:19',633),(1502,68,5,'2025-06-03 11:33:09','2025-06-03 18:23:19',633),(1503,69,0,'2025-06-03 11:33:09','2025-06-03 18:23:19',633),(1504,70,5,'2025-06-03 11:33:09','2025-06-03 18:23:19',633),(1505,71,0,'2025-06-03 11:33:09','2025-06-03 18:23:19',633),(1506,72,2,'2025-06-03 11:33:09','2025-06-03 18:23:19',633),(1507,73,1.5,'2025-06-03 11:33:09','2025-06-03 18:23:19',633),(1508,74,2,'2025-06-03 11:33:09','2025-06-03 18:23:19',633),(1509,75,0,'2025-06-03 11:33:09','2025-06-03 18:23:19',633),(1510,76,5,'2025-06-03 11:33:09','2025-06-03 18:23:19',633),(1511,77,0,'2025-06-03 11:33:09','2025-06-03 18:23:19',633),(1512,78,0,'2025-06-03 11:33:09','2025-06-03 18:23:19',633),(1513,79,2.5,'2025-06-03 11:33:09','2025-06-03 18:23:19',633),(1514,80,5,'2025-06-03 11:33:09','2025-06-03 18:23:19',633),(1515,81,0,'2025-06-03 11:33:09','2025-06-03 18:23:19',633),(1516,82,0,'2025-06-03 11:33:09','2025-06-03 18:23:19',633),(1517,83,0,'2025-06-03 11:33:09','2025-06-03 18:23:19',633),(1518,84,0,'2025-06-03 11:33:09','2025-06-03 18:23:19',633),(1519,85,0,'2025-06-03 11:33:09','2025-06-03 18:23:19',633),(1520,86,0,'2025-06-03 11:33:09','2025-06-03 18:23:19',633),(1521,87,0,'2025-06-03 11:33:09','2025-06-03 18:23:19',633),(1522,88,0,'2025-06-03 11:33:09','2025-06-03 18:23:19',633),(1523,89,0,'2025-06-03 11:33:09','2025-06-03 18:23:19',633),(1524,90,0,'2025-06-03 11:33:09','2025-06-03 18:23:19',633),(1525,91,0,'2025-06-03 11:33:09','2025-06-03 18:23:19',633),(1526,92,0,'2025-06-03 11:33:09','2025-06-03 18:23:19',633),(1527,93,0,'2025-06-03 11:33:09','2025-06-03 18:23:19',633),(1528,94,0,'2025-06-03 11:33:09','2025-06-03 18:23:19',633),(1529,95,0,'2025-06-03 11:33:09','2025-06-03 18:23:19',633),(1530,96,0,'2025-06-03 11:33:09','2025-06-03 18:23:19',633),(1531,97,0,'2025-06-03 11:33:09','2025-06-03 18:23:19',633),(1532,98,0,'2025-06-03 11:33:09','2025-06-03 18:23:19',633),(1533,99,0,'2025-06-03 11:33:09','2025-06-03 18:23:19',633),(1534,100,0,'2025-06-03 11:33:09','2025-06-03 18:23:19',633),(1535,101,0,'2025-06-03 11:33:09','2025-06-03 18:23:19',633),(1536,102,0,'2025-06-03 11:33:09','2025-06-03 18:23:19',633),(1537,103,0,'2025-06-03 11:33:09','2025-06-03 18:23:19',633),(1538,104,0,'2025-06-03 11:33:09','2025-06-03 18:23:19',633),(1539,105,0,'2025-06-03 11:33:09','2025-06-03 18:23:19',633),(1540,106,0,'2025-06-03 11:33:09','2025-06-03 18:23:19',633),(1541,107,0,'2025-06-03 11:33:09','2025-06-03 18:23:19',633),(1542,108,0,'2025-06-03 11:33:09','2025-06-03 18:23:19',633),(1543,109,0,'2025-06-03 11:33:09','2025-06-03 18:23:19',633),(1544,110,0,'2025-06-03 11:33:09','2025-06-03 18:23:19',633),(1545,111,0,'2025-06-03 11:33:09','2025-06-03 18:23:19',633),(1546,112,0,'2025-06-03 11:33:10','2025-06-03 18:23:19',633),(1547,113,0,'2025-06-03 11:33:10','2025-06-03 18:23:19',633),(1548,114,0,'2025-06-03 11:33:10','2025-06-03 18:23:19',633),(1549,115,0,'2025-06-03 11:33:10','2025-06-03 18:23:19',633),(1550,116,0,'2025-06-03 11:33:10','2025-06-03 18:23:19',633),(1551,117,0,'2025-06-03 11:33:10','2025-06-03 18:23:19',633),(1552,118,0,'2025-06-03 11:33:10','2025-06-03 18:23:19',633),(1553,119,0,'2025-06-03 11:33:10','2025-06-03 18:23:19',633),(1554,120,0,'2025-06-03 11:33:10','2025-06-03 18:23:19',633),(1555,121,0,'2025-06-03 11:33:10','2025-06-03 18:23:19',633),(1556,122,2,'2025-06-03 11:33:10','2025-06-03 18:23:19',633),(1557,123,2,'2025-06-03 11:33:10','2025-06-03 18:23:19',633),(1558,124,2,'2025-06-03 11:33:10','2025-06-03 18:23:19',633),(1559,125,2,'2025-06-03 11:33:10','2025-06-03 18:23:19',633),(1560,126,2,'2025-06-03 11:33:10','2025-06-03 18:23:19',633),(1561,127,2,'2025-06-03 11:33:10','2025-06-03 18:23:19',633),(1562,128,2,'2025-06-03 11:33:10','2025-06-03 18:23:19',633),(1563,129,2,'2025-06-03 11:33:10','2025-06-03 18:23:19',633),(1564,130,2,'2025-06-03 11:33:10','2025-06-03 18:23:19',633),(1565,131,2,'2025-06-03 11:33:10','2025-06-03 18:23:19',633),(1566,132,2,'2025-06-03 11:33:10','2025-06-03 18:23:19',633),(1567,133,2,'2025-06-03 11:33:10','2025-06-03 18:23:19',633),(1568,134,2,'2025-06-03 11:33:10','2025-06-03 18:23:19',633),(1569,135,2,'2025-06-03 11:33:10','2025-06-03 18:23:19',633),(1570,136,2,'2025-06-03 11:33:10','2025-06-03 18:23:19',633),(1571,137,2,'2025-06-03 11:33:10','2025-06-03 18:23:19',633),(1572,138,2,'2025-06-03 11:33:10','2025-06-03 18:23:19',633),(1573,139,2,'2025-06-03 11:33:10','2025-06-03 18:23:19',633),(1574,140,0,'2025-06-03 11:33:10','2025-06-03 18:23:19',633),(1575,141,0,'2025-06-03 11:33:10','2025-06-03 18:23:19',633),(1576,142,0,'2025-06-03 11:33:10','2025-06-03 18:23:19',633),(1577,143,0,'2025-06-03 11:33:10','2025-06-03 18:23:19',633),(1578,144,0,'2025-06-03 11:33:10','2025-06-03 18:23:19',633),(1579,145,0,'2025-06-03 11:33:10','2025-06-03 18:23:19',633),(1580,146,0,'2025-06-03 11:33:10','2025-06-03 18:23:19',633),(1581,147,0,'2025-06-03 11:33:10','2025-06-03 18:23:19',633),(1582,148,0,'2025-06-03 11:33:10','2025-06-03 18:23:19',633),(1583,149,0,'2025-06-03 11:33:10','2025-06-03 18:23:19',633),(1584,151,0,'2025-06-03 11:33:10','2025-06-03 18:23:19',633),(1585,847,0,'2025-06-21 13:46:11','2025-06-24 15:21:56',441);

--
-- Table structure for table `arrival_times`
--

CREATE TABLE `arrival_times` (
  `id` int unsigned NOT NULL AUTO_INCREMENT,
  `arrival_id` int unsigned NOT NULL,
  `from` varchar(255) CHARACTER SET utf8mb4 COLLATE utf8mb4_unicode_ci NOT NULL,
  `to` varchar(255) CHARACTER SET utf8mb4 COLLATE utf8mb4_unicode_ci NOT NULL,
  `created_at` timestamp NULL DEFAULT NULL,
  `updated_at` timestamp NULL DEFAULT NULL,
  PRIMARY KEY (`id`),
  KEY `arrival_times_arrival_id_foreign` (`arrival_id`),
  CONSTRAINT `arrival_times_arrival_id_foreign` FOREIGN KEY (`arrival_id`) REFERENCES `arrivals` (`id`) ON DELETE CASCADE
) ENGINE=InnoDB AUTO_INCREMENT=901 DEFAULT CHARSET=utf8mb4 COLLATE=utf8mb4_unicode_ci;

--
-- Dumping data for table `arrival_times`
--

INSERT INTO `arrival_times` (`id`, `arrival_id`, `from`, `to`, `created_at`, `updated_at`) VALUES (102,49,'09:10','22:00','2024-11-26 17:54:18','2024-11-26 17:54:18'),(103,50,'09:00','22:00','2024-11-26 17:54:42','2024-11-26 17:54:42'),(104,51,'09:00','22:00','2024-11-26 17:54:48','2024-11-26 17:54:48'),(105,52,'09:00','22:00','2024-11-26 17:54:52','2024-11-26 17:54:52'),(106,53,'09:00','22:00','2024-11-26 17:55:14','2024-11-26 17:55:14'),(107,54,'09:00','22:00','2024-11-26 17:55:33','2024-11-26 17:55:33'),(108,55,'09:00','22:00','2024-11-26 17:55:45','2024-11-26 17:55:45'),(109,56,'09:00','22:00','2024-11-26 17:56:02','2024-11-26 17:56:02'),(110,57,'09:00','21:00','2024-11-26 17:56:19','2024-11-26 17:56:19'),(115,31,'09:00','10:00','2024-11-28 17:54:52','2024-11-28 17:54:52'),(116,31,'10:00','11:00','2024-11-28 17:54:52','2024-11-28 17:54:52'),(117,31,'17:00','18:00','2024-11-28 17:54:52','2024-11-28 17:54:52'),(118,31,'21:00','22:00','2024-11-28 17:54:52','2024-11-28 17:54:52'),(129,34,'09:00','10:00','2024-11-28 17:58:18','2024-11-28 17:58:18'),(130,34,'10:00','11:00','2024-11-28 17:58:18','2024-11-28 17:58:18'),(131,34,'17:00','18:00','2024-11-28 17:58:18','2024-11-28 17:58:18'),(132,34,'21:00','22:00','2024-11-28 17:58:18','2024-11-28 17:58:18'),(133,48,'09:00','10:00','2024-11-28 18:06:09','2024-11-28 18:06:09'),(134,48,'10:00','11:00','2024-11-28 18:06:09','2024-11-28 18:06:09'),(135,48,'17:00','18:00','2024-11-28 18:06:09','2024-11-28 18:06:09'),(136,48,'21:00','22:00','2024-11-28 18:06:09','2024-11-28 18:06:09'),(137,39,'09:00','01:00','2024-11-28 18:08:52','2024-11-28 18:08:52'),(138,39,'10:00','11:00','2024-11-28 18:08:52','2024-11-28 18:08:52'),(139,39,'18:00','18:00','2024-11-28 18:08:52','2024-11-28 18:08:52'),(140,39,'21:00','22:00','2024-11-28 18:08:52','2024-11-28 18:08:52'),(141,38,'09:00','10:00','2024-11-28 18:44:41','2024-11-28 18:44:41'),(142,38,'10:00','11:00','2024-11-28 18:44:41','2024-11-28 18:44:41'),(143,38,'17:00','18:00','2024-11-28 18:44:41','2024-11-28 18:44:41'),(144,38,'09:00','22:00','2024-11-28 18:44:41','2024-11-28 18:44:41'),(165,68,'21:00','22:00','2024-12-07 20:02:10','2024-12-07 20:02:10'),(166,69,'09:00','22:00','2024-12-07 20:02:36','2024-12-07 20:02:36'),(167,70,'09:00','22:00','2024-12-07 20:02:43','2024-12-07 20:02:43'),(168,71,'09:00','22:00','2024-12-07 20:02:45','2024-12-07 20:02:45'),(183,33,'09:00','10:00','2024-12-16 18:44:33','2024-12-16 18:44:33'),(184,33,'10:00','23:00','2024-12-16 18:44:33','2024-12-16 18:44:33'),(185,33,'17:00','17:00','2024-12-16 18:44:33','2024-12-16 18:44:33'),(186,33,'21:00','22:00','2024-12-16 18:44:33','2024-12-16 18:44:33'),(193,77,'09:00','00:00','2025-01-30 10:26:28','2025-01-30 10:26:28'),(194,77,'17:00','12:00','2025-01-30 10:26:28','2025-01-30 10:26:28'),(195,78,'09:00','00:00','2025-01-30 10:27:13','2025-01-30 10:27:13'),(196,78,'17:00','21:00','2025-01-30 10:27:13','2025-01-30 10:27:13'),(197,79,'21:00','22:00','2025-01-30 10:27:38','2025-01-30 10:27:38'),(198,80,'21:00','22:00','2025-01-30 10:27:45','2025-01-30 10:27:45'),(199,81,'21:00','22:00','2025-01-30 10:27:49','2025-01-30 10:27:49'),(210,92,'21:00','22:01','2025-04-21 11:58:32','2025-04-21 11:58:32'),(211,93,'21:00','22:01','2025-04-21 11:58:32','2025-04-21 11:58:32'),(212,94,'21:00','22:01','2025-04-21 11:58:32','2025-04-21 11:58:32'),(213,95,'21:00','22:01','2025-04-21 11:58:33','2025-04-21 11:58:33'),(214,87,'21:00','22:01','2025-04-21 11:58:46','2025-04-21 11:58:46'),(217,88,'21:00','22:01','2025-04-21 12:36:53','2025-04-21 12:36:53'),(218,89,'21:00','22:01','2025-04-21 12:37:06','2025-04-21 12:37:06'),(219,90,'21:00','22:01','2025-04-21 12:37:28','2025-04-21 12:37:28'),(220,91,'21:00','22:01','2025-04-21 13:10:32','2025-04-21 13:10:32'),(241,96,'09:00','10:00','2025-04-21 14:35:54','2025-04-21 14:35:54'),(242,96,'21:00','22:00','2025-04-21 14:35:54','2025-04-21 14:35:54'),(243,97,'21:00','22:00','2025-04-21 14:36:32','2025-04-21 14:36:32'),(245,98,'21:00','22:00','2025-04-21 14:36:52','2025-04-21 14:36:52'),(246,99,'22:00','23:00','2025-05-27 20:44:14','2025-05-27 20:44:14'),(247,100,'22:00','23:00','2025-05-27 20:44:26','2025-05-27 20:44:26'),(248,101,'22:00','23:00','2025-05-27 20:44:29','2025-05-27 20:44:29'),(249,102,'22:00','23:00','2025-05-27 20:44:33','2025-05-27 20:44:33'),(250,103,'22:00','23:00','2025-05-27 20:44:33','2025-05-27 20:44:33'),(459,177,'09:09','23:11','2025-06-03 20:14:02','2025-06-03 20:14:02'),(460,178,'11:11','12:12','2025-06-03 20:15:04','2025-06-03 20:15:04'),(461,178,'03:33','04:44','2025-06-03 20:15:04','2025-06-03 20:15:04'),(507,181,'09:00','11:00','2025-06-05 17:54:26','2025-06-05 17:54:26'),(508,181,'11:00','13:00','2025-06-05 17:54:26','2025-06-05 17:54:26'),(509,181,'15:00','17:00','2025-06-05 17:54:26','2025-06-05 17:54:26'),(510,181,'17:00','19:00','2025-06-05 17:54:26','2025-06-05 17:54:26'),(511,181,'19:00','21:00','2025-06-05 17:54:26','2025-06-05 17:54:26'),(512,182,'09:00','11:00','2025-06-05 17:56:36','2025-06-05 17:56:36'),(513,182,'11:00','13:00','2025-06-05 17:56:36','2025-06-05 17:56:36'),(514,182,'15:00','17:00','2025-06-05 17:56:36','2025-06-05 17:56:36'),(515,182,'17:00','19:00','2025-06-05 17:56:36','2025-06-05 17:56:36'),(516,182,'19:00','21:00','2025-06-05 17:56:36','2025-06-05 17:56:36'),(517,183,'09:00','11:00','2025-06-05 17:59:51','2025-06-05 17:59:51'),(518,183,'11:00','13:00','2025-06-05 17:59:51','2025-06-05 17:59:51'),(519,183,'15:00','17:00','2025-06-05 17:59:51','2025-06-05 17:59:51'),(520,183,'17:00','19:00','2025-06-05 17:59:51','2025-06-05 17:59:51'),(521,183,'19:00','23:00','2025-06-05 17:59:51','2025-06-05 17:59:51'),(604,75,'09:00','10:00','2025-06-12 13:18:48','2025-06-12 13:18:48'),(605,75,'10:00','11:00','2025-06-12 13:18:48','2025-06-12 13:18:48'),(606,75,'11:00','00:00','2025-06-12 13:18:48','2025-06-12 13:18:48'),(607,75,'12:00','13:00','2025-06-12 13:18:48','2025-06-12 13:18:48'),(608,75,'14:00','15:00','2025-06-12 13:18:48','2025-06-12 13:18:48'),(609,75,'15:00','16:00','2025-06-12 13:18:48','2025-06-12 13:18:48'),(610,75,'16:00','17:00','2025-06-12 13:18:48','2025-06-12 13:18:48'),(611,75,'17:00','18:00','2025-06-12 13:18:48','2025-06-12 13:18:48'),(612,75,'18:00','19:00','2025-06-12 13:18:48','2025-06-12 13:18:48'),(613,75,'20:00','21:00','2025-06-12 13:18:48','2025-06-12 13:18:48'),(614,75,'21:00','22:00','2025-06-12 13:18:48','2025-06-12 13:18:48'),(633,76,'09:00','10:00','2025-06-12 13:41:00','2025-06-12 13:41:00'),(634,76,'10:00','11:00','2025-06-12 13:41:00','2025-06-12 13:41:00'),(635,76,'11:00','00:00','2025-06-12 13:41:00','2025-06-12 13:41:00'),(636,76,'13:00','14:00','2025-06-12 13:41:00','2025-06-12 13:41:00'),(637,76,'14:00','15:00','2025-06-12 13:41:00','2025-06-12 13:41:00'),(638,76,'15:00','16:00','2025-06-12 13:41:00','2025-06-12 13:41:00'),(639,76,'17:00','18:00','2025-06-12 13:41:00','2025-06-12 13:41:00'),(640,76,'19:00','20:00','2025-06-12 13:41:00','2025-06-12 13:41:00'),(641,76,'21:00','22:00','2025-06-12 13:41:00','2025-06-12 13:41:00'),(643,186,'21:00','22:00','2025-06-14 21:42:14','2025-06-14 21:42:14'),(661,185,'09:00','22:00','2025-06-15 09:52:13','2025-06-15 09:52:13'),(662,185,'10:00','11:00','2025-06-15 09:52:13','2025-06-15 09:52:13'),(663,185,'11:00','00:00','2025-06-15 09:52:13','2025-06-15 09:52:13'),(664,185,'00:00','13:00','2025-06-15 09:52:13','2025-06-15 09:52:13'),(665,185,'22:00','14:00','2025-06-15 09:52:13','2025-06-15 09:52:13'),(666,192,'09:00','10:00','2025-06-15 10:07:07','2025-06-15 10:07:07'),(667,192,'10:00','11:00','2025-06-15 10:07:07','2025-06-15 10:07:07'),(668,192,'11:00','00:00','2025-06-15 10:07:07','2025-06-15 10:07:07'),(669,192,'00:00','22:00','2025-06-15 10:07:07','2025-06-15 10:07:07'),(670,192,'22:00','14:00','2025-06-15 10:07:07','2025-06-15 10:07:07'),(671,192,'14:00','15:00','2025-06-15 10:07:07','2025-06-15 10:07:07'),(672,192,'15:00','16:00','2025-06-15 10:07:07','2025-06-15 10:07:07'),(673,192,'17:00','18:00','2025-06-15 10:07:07','2025-06-15 10:07:07'),(674,192,'18:00','19:00','2025-06-15 10:07:07','2025-06-15 10:07:07'),(675,192,'20:00','21:00','2025-06-15 10:07:07','2025-06-15 10:07:07'),(676,192,'21:00','22:00','2025-06-15 10:07:07','2025-06-15 10:07:07'),(677,188,'21:00','22:00','2025-06-15 10:08:20','2025-06-15 10:08:20'),(680,187,'21:00','22:00','2025-06-15 10:10:16','2025-06-15 10:10:16'),(688,189,'09:00','10:00','2025-06-15 10:55:35','2025-06-15 10:55:35'),(689,189,'10:00','11:00','2025-06-15 10:55:35','2025-06-15 10:55:35'),(690,189,'11:00','00:00','2025-06-15 10:55:35','2025-06-15 10:55:35'),(691,189,'00:00','13:00','2025-06-15 10:55:35','2025-06-15 10:55:35'),(692,189,'13:00','14:00','2025-06-15 10:55:35','2025-06-15 10:55:35'),(693,189,'14:00','15:00','2025-06-15 10:55:35','2025-06-15 10:55:35'),(694,189,'15:00','16:00','2025-06-15 10:55:35','2025-06-15 10:55:35'),(695,194,'09:00','10:00','2025-06-16 14:45:03','2025-06-16 14:45:03'),(696,194,'10:00','11:00','2025-06-16 14:45:03','2025-06-16 14:45:03'),(706,195,'10:00','11:00','2025-06-16 19:39:23','2025-06-16 19:39:23'),(707,195,'11:00','00:00','2025-06-16 19:39:23','2025-06-16 19:39:23'),(708,195,'00:00','13:00','2025-06-16 19:39:23','2025-06-16 19:39:23'),(709,195,'14:00','15:00','2025-06-16 19:39:23','2025-06-16 19:39:23'),(710,195,'16:00','17:00','2025-06-16 19:39:23','2025-06-16 19:39:23'),(711,195,'18:00','19:00','2025-06-16 19:39:23','2025-06-16 19:39:23'),(712,195,'20:00','21:00','2025-06-16 19:39:23','2025-06-16 19:39:23'),(713,195,'21:00','22:00','2025-06-16 19:39:23','2025-06-16 19:39:23'),(714,196,'10:00','11:00','2025-06-16 19:43:23','2025-06-16 19:43:23'),(715,196,'00:00','13:00','2025-06-16 19:43:23','2025-06-16 19:43:23'),(716,196,'14:00','15:00','2025-06-16 19:43:23','2025-06-16 19:43:23'),(717,196,'16:00','17:00','2025-06-16 19:43:23','2025-06-16 19:43:23'),(718,196,'18:00','19:00','2025-06-16 19:43:23','2025-06-16 19:43:23'),(719,196,'20:00','21:00','2025-06-16 19:43:23','2025-06-16 19:43:23'),(720,196,'21:00','22:00','2025-06-16 19:43:23','2025-06-16 19:43:23'),(721,197,'10:00','11:00','2025-06-16 19:45:06','2025-06-16 19:45:06'),(722,197,'00:00','13:00','2025-06-16 19:45:06','2025-06-16 19:45:06'),(729,43,'09:00','10:00','2025-06-30 19:03:35','2025-06-30 19:03:35'),(730,43,'17:00','22:00','2025-06-30 19:03:35','2025-06-30 19:03:35'),(736,115,'10:00','13:00','2025-07-03 16:08:42','2025-07-03 16:08:42'),(737,115,'16:00','21:00','2025-07-03 16:08:42','2025-07-03 16:08:42'),(738,116,'10:00','13:00','2025-07-03 16:09:42','2025-07-03 16:09:42'),(739,116,'16:00','21:00','2025-07-03 16:09:42','2025-07-03 16:09:42'),(740,117,'10:00','13:00','2025-07-03 16:10:27','2025-07-03 16:10:27'),(741,117,'16:00','21:00','2025-07-03 16:10:27','2025-07-03 16:10:27'),(742,118,'10:00','13:00','2025-07-03 16:11:26','2025-07-03 16:11:26'),(743,118,'16:00','21:00','2025-07-03 16:11:26','2025-07-03 16:11:26'),(744,119,'10:00','13:00','2025-07-03 16:12:03','2025-07-03 16:12:03'),(745,119,'16:00','21:00','2025-07-03 16:12:03','2025-07-03 16:12:03'),(746,121,'10:00','13:00','2025-07-03 16:12:44','2025-07-03 16:12:44'),(747,121,'16:00','21:00','2025-07-03 16:12:44','2025-07-03 16:12:44'),(748,40,'09:00','11:00','2025-09-29 21:27:53','2025-09-29 21:27:53'),(749,40,'17:00','22:01','2025-09-29 21:27:53','2025-09-29 21:27:53'),(750,40,'11:00','00:00','2025-09-29 21:27:53','2025-09-29 21:27:53'),(751,41,'09:00','11:00','2025-09-29 21:29:57','2025-09-29 21:29:57'),(752,41,'17:00','19:00','2025-09-29 21:29:57','2025-09-29 21:29:57'),(753,41,'11:00','13:00','2025-09-29 21:29:57','2025-09-29 21:29:57'),(754,41,'19:00','22:00','2025-09-29 21:29:57','2025-09-29 21:29:57'),(761,42,'09:00','00:00','2025-09-29 21:31:05','2025-09-29 21:31:05'),(762,42,'17:00','22:00','2025-09-29 21:31:05','2025-09-29 21:31:05'),(763,198,'09:00','00:00','2025-09-29 21:31:20','2025-09-29 21:31:20'),(764,198,'17:00','22:00','2025-09-29 21:31:20','2025-09-29 21:31:20'),(767,45,'09:00','00:00','2025-09-29 21:32:03','2025-09-29 21:32:03'),(768,45,'17:00','22:00','2025-09-29 21:32:03','2025-09-29 21:32:03'),(769,179,'09:00','11:00','2025-10-01 19:30:52','2025-10-01 19:30:52'),(770,179,'11:00','13:00','2025-10-01 19:30:52','2025-10-01 19:30:52'),(771,179,'15:00','17:00','2025-10-01 19:30:52','2025-10-01 19:30:52'),(772,179,'17:00','19:00','2025-10-01 19:30:52','2025-10-01 19:30:52'),(773,179,'19:00','22:00','2025-10-01 19:30:52','2025-10-01 19:30:52'),(774,180,'09:00','11:00','2025-10-01 19:31:03','2025-10-01 19:31:03'),(775,180,'11:00','13:00','2025-10-01 19:31:03','2025-10-01 19:31:03'),(776,180,'15:00','17:00','2025-10-01 19:31:03','2025-10-01 19:31:03'),(777,180,'17:00','19:00','2025-10-01 19:31:03','2025-10-01 19:31:03'),(778,180,'19:00','22:00','2025-10-01 19:31:03','2025-10-01 19:31:03'),(779,184,'09:00','11:00','2025-10-01 19:31:19','2025-10-01 19:31:19'),(780,184,'11:00','13:00','2025-10-01 19:31:19','2025-10-01 19:31:19'),(781,184,'15:00','17:00','2025-10-01 19:31:19','2025-10-01 19:31:19'),(782,184,'17:00','19:00','2025-10-01 19:31:19','2025-10-01 19:31:19'),(783,184,'19:00','22:00','2025-10-01 19:31:19','2025-10-01 19:31:19'),(786,199,'14:00','16:00','2025-10-01 19:44:20','2025-10-01 19:44:20'),(787,199,'17:00','19:00','2025-10-01 19:44:20','2025-10-01 19:44:20'),(788,199,'20:00','22:00','2025-10-01 19:44:20','2025-10-01 19:44:20'),(789,127,'13:00','15:00','2025-10-11 18:20:59','2025-10-11 18:20:59'),(790,127,'17:00','19:00','2025-10-11 18:20:59','2025-10-11 18:20:59'),(791,127,'20:00','22:00','2025-10-11 18:20:59','2025-10-11 18:20:59'),(792,128,'13:00','15:00','2025-10-11 18:21:08','2025-10-11 18:21:08'),(793,128,'17:00','19:00','2025-10-11 18:21:08','2025-10-11 18:21:08'),(794,128,'20:00','22:00','2025-10-11 18:21:08','2025-10-11 18:21:08'),(795,129,'13:00','15:00','2025-10-11 18:21:18','2025-10-11 18:21:18'),(796,129,'17:00','19:00','2025-10-11 18:21:18','2025-10-11 18:21:18'),(797,129,'20:00','22:00','2025-10-11 18:21:18','2025-10-11 18:21:18'),(798,130,'13:00','15:00','2025-10-11 18:21:27','2025-10-11 18:21:27'),(799,130,'17:00','19:00','2025-10-11 18:21:27','2025-10-11 18:21:27'),(800,130,'20:00','22:00','2025-10-11 18:21:27','2025-10-11 18:21:27'),(801,131,'13:00','15:00','2025-10-11 18:21:33','2025-10-11 18:21:33'),(802,131,'17:00','19:00','2025-10-11 18:21:33','2025-10-11 18:21:33'),(803,131,'20:00','22:00','2025-10-11 18:21:33','2025-10-11 18:21:33'),(804,132,'13:00','15:00','2025-10-11 18:21:43','2025-10-11 18:21:43'),(805,132,'17:00','19:00','2025-10-11 18:21:43','2025-10-11 18:21:43'),(806,132,'20:00','22:00','2025-10-11 18:21:43','2025-10-11 18:21:43'),(807,200,'09:00','23:00','2025-10-13 16:01:29','2025-10-13 16:01:29'),(808,200,'00:00','13:00','2025-10-13 16:01:29','2025-10-13 16:01:29'),(809,200,'14:00','15:00','2025-10-13 16:01:29','2025-10-13 16:01:29'),(810,200,'17:00','18:00','2025-10-13 16:01:29','2025-10-13 16:01:29'),(811,200,'20:00','21:00','2025-10-13 16:01:29','2025-10-13 16:01:29'),(812,200,'22:00','23:00','2025-10-13 16:01:29','2025-10-13 16:01:29'),(813,201,'09:00','10:00','2025-10-14 11:12:48','2025-10-14 11:12:48'),(814,201,'11:00','12:00','2025-10-14 11:12:48','2025-10-14 11:12:48'),(815,201,'13:00','14:00','2025-10-14 11:12:48','2025-10-14 11:12:48'),(816,201,'15:00','16:00','2025-10-14 11:12:48','2025-10-14 11:12:48'),(817,201,'17:00','18:00','2025-10-14 11:12:48','2025-10-14 11:12:48'),(818,201,'20:00','21:00','2025-10-14 11:12:48','2025-10-14 11:12:48'),(819,201,'22:00','23:00','2025-10-14 11:12:48','2025-10-14 11:12:48'),(820,202,'09:00','10:00','2025-10-14 11:14:24','2025-10-14 11:14:24'),(821,202,'11:00','12:00','2025-10-14 11:14:24','2025-10-14 11:14:24'),(822,202,'13:00','15:00','2025-10-14 11:14:24','2025-10-14 11:14:24'),(823,202,'16:00','18:00','2025-10-14 11:14:24','2025-10-14 11:14:24'),(824,202,'19:00','21:00','2025-10-14 11:14:24','2025-10-14 11:14:24'),(825,202,'22:00','23:00','2025-10-14 11:14:24','2025-10-14 11:14:24'),(826,203,'09:00','10:00','2025-10-14 11:39:25','2025-10-14 11:39:25'),(827,203,'11:00','12:00','2025-10-14 11:39:25','2025-10-14 11:39:25'),(828,203,'13:00','15:00','2025-10-14 11:39:25','2025-10-14 11:39:25'),(829,203,'17:00','19:00','2025-10-14 11:39:25','2025-10-14 11:39:25'),(830,203,'21:00','23:00','2025-10-14 11:39:25','2025-10-14 11:39:25'),(831,204,'09:00','10:00','2025-10-14 11:41:13','2025-10-14 11:41:13'),(832,204,'10:00','11:00','2025-10-14 11:41:13','2025-10-14 11:41:13'),(833,204,'12:00','14:00','2025-10-14 11:41:13','2025-10-14 11:41:13'),(834,204,'16:00','18:00','2025-10-14 11:41:13','2025-10-14 11:41:13'),(835,204,'20:00','21:00','2025-10-14 11:41:13','2025-10-14 11:41:13'),(836,204,'22:00','23:00','2025-10-14 11:41:13','2025-10-14 11:41:13'),(837,205,'09:00','10:00','2025-10-14 11:43:33','2025-10-14 11:43:33'),(838,205,'10:00','11:00','2025-10-14 11:43:33','2025-10-14 11:43:33'),(839,205,'12:00','13:00','2025-10-14 11:43:33','2025-10-14 11:43:33'),(840,205,'14:00','16:00','2025-10-14 11:43:33','2025-10-14 11:43:33'),(841,205,'18:00','20:00','2025-10-14 11:43:33','2025-10-14 11:43:33'),(842,205,'22:00','23:00','2025-10-14 11:43:33','2025-10-14 11:43:33'),(843,206,'09:00','10:00','2025-10-14 11:45:36','2025-10-14 11:45:36'),(844,206,'11:00','12:00','2025-10-14 11:45:36','2025-10-14 11:45:36'),(845,206,'13:00','15:00','2025-10-14 11:45:36','2025-10-14 11:45:36'),(846,206,'17:00','19:00','2025-10-14 11:45:36','2025-10-14 11:45:36'),(847,206,'20:00','23:00','2025-10-14 11:45:36','2025-10-14 11:45:36'),(848,207,'09:00','10:00','2025-10-21 11:06:03','2025-10-21 11:06:03'),(849,207,'11:00','00:00','2025-10-21 11:06:03','2025-10-21 11:06:03'),(850,207,'13:00','15:00','2025-10-21 11:06:03','2025-10-21 11:06:03'),(851,207,'18:00','19:00','2025-10-21 11:06:03','2025-10-21 11:06:03'),(852,207,'20:00','22:00','2025-10-21 11:06:03','2025-10-21 11:06:03'),(853,208,'09:00','10:00','2025-10-21 11:07:49','2025-10-21 11:07:49'),(854,208,'11:00','12:00','2025-10-21 11:07:49','2025-10-21 11:07:49'),(855,208,'14:00','16:00','2025-10-21 11:07:49','2025-10-21 11:07:49'),(856,208,'18:00','20:00','2025-10-21 11:07:49','2025-10-21 11:07:49'),(857,208,'20:00','22:00','2025-10-21 11:07:49','2025-10-21 11:07:49'),(858,209,'09:00','10:00','2025-10-21 11:09:15','2025-10-21 11:09:15'),(859,209,'11:00','12:00','2025-10-21 11:09:15','2025-10-21 11:09:15'),(860,209,'17:00','18:00','2025-10-21 11:09:15','2025-10-21 11:09:15'),(861,209,'19:00','20:00','2025-10-21 11:09:15','2025-10-21 11:09:15'),(862,209,'21:00','22:00','2025-10-21 11:09:15','2025-10-21 11:09:15'),(863,210,'09:00','22:00','2025-10-21 11:12:31','2025-10-21 11:12:31'),(864,210,'11:00','12:00','2025-10-21 11:12:31','2025-10-21 11:12:31'),(865,210,'17:00','18:00','2025-10-21 11:12:31','2025-10-21 11:12:31'),(866,210,'19:00','20:00','2025-10-21 11:12:31','2025-10-21 11:12:31'),(867,210,'21:00','22:00','2025-10-21 11:12:31','2025-10-21 11:12:31'),(868,211,'09:00','10:00','2025-10-21 11:14:50','2025-10-21 11:14:50'),(869,211,'11:00','12:00','2025-10-21 11:14:50','2025-10-21 11:14:50'),(870,211,'17:00','18:00','2025-10-21 11:14:50','2025-10-21 11:14:50'),(871,211,'19:00','20:00','2025-10-21 11:14:50','2025-10-21 11:14:50'),(872,211,'21:00','22:00','2025-10-21 11:14:50','2025-10-21 11:14:50'),(873,212,'09:00','22:00','2025-10-21 11:16:09','2025-10-21 11:16:09'),(874,212,'11:00','12:00','2025-10-21 11:16:09','2025-10-21 11:16:09'),(875,212,'17:00','18:00','2025-10-21 11:16:09','2025-10-21 11:16:09'),(876,212,'19:00','20:00','2025-10-21 11:16:09','2025-10-21 11:16:09'),(877,212,'21:00','22:00','2025-10-21 11:16:09','2025-10-21 11:16:09'),(878,213,'09:00','10:00','2025-10-21 11:17:47','2025-10-21 11:17:47'),(879,213,'11:00','12:00','2025-10-21 11:17:47','2025-10-21 11:17:47'),(880,213,'17:00','18:00','2025-10-21 11:17:47','2025-10-21 11:17:47'),(881,213,'19:00','20:00','2025-10-21 11:17:47','2025-10-21 11:17:47'),(882,213,'21:00','22:00','2025-10-21 11:17:47','2025-10-21 11:17:47'),(883,214,'09:00','12:00','2025-10-21 11:22:12','2025-10-21 11:22:12'),(884,214,'17:00','22:00','2025-10-21 11:22:12','2025-10-21 11:22:12'),(887,215,'09:00','12:00','2025-10-21 11:23:03','2025-10-21 11:23:03'),(888,215,'17:00','22:00','2025-10-21 11:23:03','2025-10-21 11:23:03'),(889,216,'09:00','12:00','2025-10-21 11:23:58','2025-10-21 11:23:58'),(890,216,'17:00','22:00','2025-10-21 11:23:58','2025-10-21 11:23:58'),(891,217,'09:00','12:00','2025-10-21 11:24:56','2025-10-21 11:24:56'),(892,217,'17:00','22:00','2025-10-21 11:24:56','2025-10-21 11:24:56'),(893,218,'09:00','12:00','2025-10-21 11:25:30','2025-10-21 11:25:30'),(894,218,'17:00','22:00','2025-10-21 11:25:30','2025-10-21 11:25:30'),(897,219,'09:00','12:00','2025-10-21 11:26:31','2025-10-21 11:26:31'),(898,219,'17:00','22:00','2025-10-21 11:26:31','2025-10-21 11:26:31'),(899,220,'09:00','12:00','2025-10-21 11:28:19','2025-10-21 11:28:19'),(900,220,'17:00','22:00','2025-10-21 11:28:19','2025-10-21 11:28:19');

--
-- Table structure for table `arrivals`
--

CREATE TABLE `arrivals` (
  `id` int unsigned NOT NULL AUTO_INCREMENT,
  `day` varchar(255) CHARACTER SET utf8mb4 COLLATE utf8mb4_unicode_ci NOT NULL,
  `avalibale` int NOT NULL DEFAULT '1',
  `created_at` timestamp NULL DEFAULT NULL,
  `updated_at` timestamp NULL DEFAULT NULL,
  `user_id` int DEFAULT NULL,
  PRIMARY KEY (`id`)
) ENGINE=InnoDB AUTO_INCREMENT=221 DEFAULT CHARSET=utf8mb4 COLLATE=utf8mb4_unicode_ci;

--
-- Dumping data for table `arrivals`
--

INSERT INTO `arrivals` (`id`, `day`, `avalibale`, `created_at`, `updated_at`, `user_id`) VALUES (31,'Saturday',1,'2024-11-25 18:17:06','2024-11-25 18:17:06',444),(33,'Monday',1,'2024-11-25 18:17:07','2024-11-25 18:17:07',444),(34,'Tuesday',1,'2024-11-25 18:17:28','2024-11-25 18:17:28',444),(38,'Wednesday',1,'2024-11-26 17:21:00','2024-11-26 17:21:00',444),(39,'Thursday',1,'2024-11-26 17:21:51','2024-11-26 17:21:51',444),(40,'Saturday',1,'2024-11-26 17:27:09','2024-11-26 17:27:09',441),(41,'Sunday',1,'2024-11-26 17:27:31','2024-11-26 17:27:31',441),(42,'Monday',1,'2024-11-26 17:28:25','2024-11-26 17:28:25',441),(43,'Wednesday',1,'2024-11-26 17:28:49','2025-06-03 10:03:56',441),(45,'Thursday',1,'2024-11-26 17:29:40','2024-11-26 17:29:40',441),(48,'Sunday',1,'2024-11-26 17:47:58','2024-11-26 17:47:58',444),(75,'Saturday',1,'2025-01-30 10:25:07','2025-06-12 13:18:48',543),(76,'Sunday',1,'2025-01-30 10:25:49','2025-01-30 10:25:49',543),(77,'Monday',1,'2025-01-30 10:26:28','2025-01-30 10:26:28',543),(78,'Tuesday',1,'2025-01-30 10:27:13','2025-01-30 10:27:13',543),(79,'Wednesday',1,'2025-01-30 10:27:38','2025-01-30 10:27:38',543),(80,'Thursday',1,'2025-01-30 10:27:45','2025-01-30 10:27:45',543),(81,'Friday',1,'2025-01-30 10:27:49','2025-01-30 10:27:49',543),(87,'Sunday',1,'2025-04-21 11:58:10','2025-04-21 11:58:46',661),(88,'Monday',1,'2025-04-21 11:58:14','2025-04-21 11:59:01',661),(89,'Tuesday',1,'2025-04-21 11:58:22','2025-04-21 12:37:06',661),(90,'Wednesday',1,'2025-04-21 11:58:22','2025-04-21 12:37:28',661),(91,'Thursday',1,'2025-04-21 11:58:23','2025-04-21 13:10:32',661),(92,'Saturday',1,'2025-04-21 11:58:32','2025-04-21 11:58:32',661),(93,'Saturday',1,'2025-04-21 11:58:32','2025-04-21 11:58:32',661),(94,'Saturday',1,'2025-04-21 11:58:32','2025-04-21 11:58:32',661),(95,'Saturday',1,'2025-04-21 11:58:33','2025-04-21 11:58:33',661),(96,'Saturday',1,'2025-04-21 14:35:33','2025-04-21 14:35:33',663),(97,'Sunday',1,'2025-04-21 14:36:32','2025-04-21 14:36:32',663),(98,'Monday',1,'2025-04-21 14:36:32','2025-04-21 14:36:52',663),(99,'Saturday',1,'2025-05-27 20:44:14','2025-05-27 20:44:14',669),(100,'Sunday',1,'2025-05-27 20:44:26','2025-05-27 20:44:26',669),(101,'Sunday',1,'2025-05-27 20:44:29','2025-05-27 20:44:29',669),(102,'Sunday',1,'2025-05-27 20:44:33','2025-05-27 20:44:33',669),(103,'Sunday',1,'2025-05-27 20:44:33','2025-05-27 20:44:33',669),(115,'Thursday',1,'2025-06-02 21:00:45','2025-06-03 13:45:29',632),(116,'Saturday',1,'2025-06-02 21:07:00','2025-06-02 21:07:00',632),(117,'Sunday',1,'2025-06-02 21:07:01','2025-07-03 16:10:27',632),(118,'Monday',1,'2025-06-02 21:07:28','2025-07-03 16:11:26',632),(119,'Tuesday',1,'2025-06-02 21:10:48','2025-07-03 16:12:03',632),(121,'Wednesday',1,'2025-06-02 21:17:02','2025-07-03 16:12:44',632),(127,'Saturday',1,'2025-06-03 11:05:02','2025-06-04 13:27:43',624),(128,'Sunday',1,'2025-06-03 11:11:56','2025-06-03 11:11:56',624),(129,'Monday',1,'2025-06-03 11:22:52','2025-06-03 11:22:52',624),(130,'Tuesday',1,'2025-06-03 11:24:10','2025-06-03 11:24:10',624),(131,'Wednesday',1,'2025-06-03 11:25:20','2025-06-03 11:26:25',624),(132,'Thursday',1,'2025-06-03 11:28:30','2025-06-03 11:28:30',624),(177,'Saturday',1,'2025-06-03 20:14:02','2025-06-03 20:14:02',672),(178,'Sunday',1,'2025-06-03 20:15:04','2025-06-03 20:15:04',672),(179,'Saturday',1,'2025-06-05 17:42:09','2025-06-05 17:42:09',633),(180,'Sunday',1,'2025-06-05 17:48:47','2025-06-05 17:48:47',633),(181,'Monday',1,'2025-06-05 17:54:26','2025-06-05 17:54:26',633),(182,'Tuesday',1,'2025-06-05 17:56:36','2025-06-05 17:56:36',633),(183,'Wednesday',1,'2025-06-05 17:59:51','2025-06-05 17:59:51',633),(184,'Thursday',1,'2025-06-05 18:14:53','2025-06-05 18:14:53',633),(185,'Sunday',1,'2025-06-14 21:41:57','2025-06-15 09:52:13',679),(186,'Monday',1,'2025-06-14 21:42:14','2025-06-14 21:42:14',679),(187,'Tuesday',1,'2025-06-15 09:52:25','2025-06-15 09:52:25',679),(188,'Wednesday',1,'2025-06-15 09:52:40','2025-06-15 09:52:40',679),(189,'Thursday',1,'2025-06-15 09:52:50','2025-06-15 09:52:50',679),(190,'Friday',1,'2025-06-15 09:53:02','2025-06-15 09:53:02',679),(192,'Saturday',1,'2025-06-15 10:07:07','2025-06-15 10:07:07',679),(194,'Saturday',1,'2025-06-16 14:45:03','2025-06-16 14:45:03',682),(195,'Sunday',1,'2025-06-16 19:39:23','2025-06-16 19:39:23',682),(196,'Monday',1,'2025-06-16 19:43:23','2025-06-16 19:43:23',682),(197,'Wednesday',1,'2025-06-16 19:45:05','2025-06-16 19:45:05',682),(198,'Tuesday',1,'2025-06-30 19:17:22','2025-06-30 19:17:22',441),(199,'Friday',1,'2025-10-01 19:44:20','2025-10-01 19:44:20',441),(200,'Saturday',1,'2025-10-13 16:01:29','2025-10-13 16:01:29',723),(201,'Sunday',1,'2025-10-14 11:12:48','2025-10-14 11:12:48',723),(202,'Monday',1,'2025-10-14 11:14:24','2025-10-14 11:14:24',723),(203,'Tuesday',1,'2025-10-14 11:39:25','2025-10-14 11:39:25',723),(204,'Wednesday',1,'2025-10-14 11:41:13','2025-10-14 11:41:13',723),(205,'Thursday',1,'2025-10-14 11:43:33','2025-10-14 11:43:33',723),(206,'Friday',1,'2025-10-14 11:45:36','2025-10-14 11:45:36',723),(207,'Saturday',1,'2025-10-21 11:06:03','2025-10-21 11:06:03',708),(208,'Sunday',1,'2025-10-21 11:07:49','2025-10-21 11:07:49',708),(209,'Monday',1,'2025-10-21 11:09:15','2025-10-21 11:09:15',708),(210,'Tuesday',1,'2025-10-21 11:12:31','2025-10-21 11:12:31',708),(211,'Wednesday',1,'2025-10-21 11:14:50','2025-10-21 11:14:50',708),(212,'Thursday',1,'2025-10-21 11:16:09','2025-10-21 11:16:09',708),(213,'Friday',1,'2025-10-21 11:17:47','2025-10-21 11:17:47',708),(214,'Saturday',1,'2025-10-21 11:22:12','2025-10-21 11:22:12',710),(215,'Sunday',1,'2025-10-21 11:22:50','2025-10-21 11:23:03',710),(216,'Monday',1,'2025-10-21 11:23:58','2025-10-21 11:23:58',710),(217,'Tuesday',1,'2025-10-21 11:24:56','2025-10-21 11:24:56',710),(218,'Wednesday',1,'2025-10-21 11:25:30','2025-10-21 11:25:30',710),(219,'Thursday',1,'2025-10-21 11:26:12','2025-10-21 11:26:31',710),(220,'Friday',1,'2025-10-21 11:28:19','2025-10-21 11:28:19',710);

--
-- Table structure for table `branche_translations`
--

CREATE TABLE `branche_translations` (
  `id` int unsigned NOT NULL AUTO_INCREMENT,
  `branche_id` int unsigned NOT NULL,
  `name` varchar(255) CHARACTER SET utf8mb4 COLLATE utf8mb4_unicode_ci NOT NULL,
  `address` varchar(255) CHARACTER SET utf8mb4 COLLATE utf8mb4_unicode_ci NOT NULL,
  `locale` varchar(255) CHARACTER SET utf8mb4 COLLATE utf8mb4_unicode_ci NOT NULL,
  `created_at` timestamp NULL DEFAULT NULL,
  `updated_at` timestamp NULL DEFAULT NULL,
  PRIMARY KEY (`id`),
  UNIQUE KEY `branches_translations_branches_id_locale_unique` (`branche_id`,`locale`),
  KEY `branches_translations_locale_index` (`locale`),
  CONSTRAINT `branches_translations_branches_id_foreign` FOREIGN KEY (`branche_id`) REFERENCES `branches` (`id`) ON DELETE CASCADE
) ENGINE=InnoDB AUTO_INCREMENT=95 DEFAULT CHARSET=utf8mb4 COLLATE=utf8mb4_unicode_ci;

--
-- Dumping data for table `branche_translations`
--

INSERT INTO `branche_translations` (`id`, `branche_id`, `name`, `address`, `locale`, `created_at`, `updated_at`) VALUES (25,16,'لاكشيت','حولي شارع بيروت مجمع نايف','ar',NULL,NULL),(26,16,'Lacachette','lHawally, Beirut Street, Naif Complex','en',NULL,NULL),(27,17,'لاكشيت','حولي شارع بيروت مجمع نايف','ar',NULL,NULL),(28,17,'Lacachette','lHawally, Beirut Street, Naif Complex','en',NULL,NULL),(51,29,'ورقققققققققققققققققققققققق','ورق ورق','ar',NULL,NULL),(52,29,'waaaaaaaaaaaaaaaaraaaak','wa wa wa','en',NULL,NULL),(53,30,'ورق عنب حولي','حولي شارع بيروت','ar',NULL,NULL),(54,30,'waraq','Hawally - Bayroot St.','en',NULL,NULL),(55,31,'فرع تاتلو','فرعععع','ar',NULL,NULL),(56,31,'tatlo shube','taltooooo','en',NULL,NULL),(63,35,'H M Cannelle','H M Cannelle','ar',NULL,NULL),(64,35,'H M Cannelle','H M Cannelle','en',NULL,NULL),(65,36,'لاكشيت حولي','حولي شارع بيروت مجمع نايف','ar',NULL,NULL),(66,36,'لاكشيت حولي','حولي شارع بيروت مجمع نايف','en',NULL,NULL),(67,37,'لاكشيت القرين','اسواق القرين-قصعه 1','ar',NULL,NULL),(68,37,'لاكشيت القرين','لاكشيت القرين','en',NULL,NULL),(69,38,'لاكشيت الفحيحيل','لاكشيت الفحيحيل','ar',NULL,NULL),(70,38,'لاكشيت الفحيحيل','لاكشيت الفحيحيل','en',NULL,NULL),(71,39,'لاكشيت الجهراء','لاكشيت الجهراء','ar',NULL,NULL),(72,39,'لاكشيت الجهراء','لاكشيت الجهراء','en',NULL,NULL),(73,40,'فلورز استيت','فلورز استيت','ar',NULL,NULL),(74,40,'flowers estate','flowers estate','en',NULL,NULL),(75,41,'عالم البامبو','عالم البامبو','ar',NULL,NULL),(76,41,'عالم البامبو','عالم البامبو','en',NULL,NULL),(77,42,'انجوي','Enjoy','ar',NULL,NULL),(78,42,'انجوي','Enjoy','en',NULL,NULL),(81,44,'llllllll','llllllll','ar',NULL,NULL),(82,44,'llllllll','llllllll','en',NULL,NULL),(83,45,'كيو ايت كيك','كيو ايت كيك','ar',NULL,NULL),(84,45,'كيو ايت كيك كيو ايت كيك','حولي شارع بيروت','en',NULL,NULL),(85,46,'كيو ايت كيك','كيو ايت كيك','ar',NULL,NULL),(86,46,'كيو ايت كيك كيو ايت كيك','حولي شارع بيروت','en',NULL,NULL),(87,47,'لاروس','اسواق القرين','ar',NULL,NULL),(88,47,'لاروس','اسواق القرين','en',NULL,NULL),(89,48,'عقيلي','عقيلي','ar',NULL,NULL),(90,48,'عقيلي','عقيلي','en',NULL,NULL),(91,49,'عروسة استاند','عروسة استاند','ar',NULL,NULL),(92,49,'عروسة استاند','عروسة استاند','en',NULL,NULL),(93,50,'زهور ابانت','زهور ابانت','ar',NULL,NULL),(94,50,'زهور ابانت','زهور ابانت','en',NULL,NULL);

--
-- Table structure for table `branches`
--

CREATE TABLE `branches` (
  `id` int unsigned NOT NULL AUTO_INCREMENT,
  `status` int NOT NULL DEFAULT '1',
  `checkStatus` int NOT NULL DEFAULT '1',
  `image` varchar(255) CHARACTER SET utf8mb4 COLLATE utf8mb4_unicode_ci DEFAULT NULL,
  `from` time DEFAULT NULL,
  `to` time DEFAULT NULL,
  `location` varchar(255) CHARACTER SET utf8mb4 COLLATE utf8mb4_unicode_ci DEFAULT NULL,
  `created_at` timestamp NULL DEFAULT NULL,
  `updated_at` timestamp NULL DEFAULT NULL,
  `user_id` int DEFAULT NULL,
  `branch_manager` int DEFAULT NULL,
  `statusVendor` int DEFAULT NULL,
  `address_address` varchar(191) CHARACTER SET utf8mb4 COLLATE utf8mb4_unicode_ci DEFAULT NULL,
  `lat` varchar(191) CHARACTER SET utf8mb4 COLLATE utf8mb4_unicode_ci DEFAULT NULL,
  `long` varchar(191) CHARACTER SET utf8mb4 COLLATE utf8mb4_unicode_ci DEFAULT NULL,
  `free_delevery` decimal(8,3) NOT NULL DEFAULT '0.000',
  PRIMARY KEY (`id`)
) ENGINE=InnoDB AUTO_INCREMENT=51 DEFAULT CHARSET=utf8mb4 COLLATE=utf8mb4_unicode_ci;

--
-- Dumping data for table `branches`
--

INSERT INTO `branches` (`id`, `status`, `checkStatus`, `image`, `from`, `to`, `location`, `created_at`, `updated_at`, `user_id`, `branch_manager`, `statusVendor`, `address_address`, `lat`, `long`, `free_delevery`) VALUES (16,1,2,'2024-09-17-hawally.jpg','09:00:00','22:00:00','حولي شارع بيروت مجمع نايف','2024-09-17 11:32:35','2024-09-17 11:32:35',432,435,NULL,NULL,NULL,NULL,15.000),(17,1,2,'2024-09-17-hawally.jpg','09:00:00','22:00:00','حولي شارع بيروت مجمع نايف','2024-09-17 11:32:37','2024-09-17 11:32:37',432,435,NULL,NULL,NULL,NULL,15.000),(29,1,2,'2024-12-07-images.jpeg','09:00:00','22:00:00','wa wa wawa','2024-12-07 17:41:05','2024-12-07 17:41:05',447,448,NULL,NULL,NULL,NULL,5.000),(30,1,2,NULL,'09:00:00','22:00:00',NULL,'2024-12-07 19:47:10','2024-12-08 01:18:15',447,451,NULL,NULL,NULL,NULL,5.000),(31,1,2,NULL,'09:00:00','22:00:00','كل المناطق','2024-12-26 19:06:44','2024-12-26 19:06:44',471,475,NULL,NULL,NULL,NULL,0.000),(35,1,1,'2025-01-30-صورة واتساب بتاريخ 1446-07-15 في 13.39.26_19e20610.jpg','09:00:00','21:00:00','كافة مناطق الكويت','2025-01-30 10:45:15','2025-08-14 19:43:45',528,543,NULL,NULL,NULL,NULL,0.000),(36,1,2,NULL,'09:00:00','22:00:00','حولي شارع بيروت مجمع نايف','2025-03-15 21:22:04','2025-10-01 20:56:36',438,441,NULL,NULL,NULL,NULL,15.000),(37,1,2,NULL,'09:00:00','22:00:00','لاكشيت القرين','2025-03-16 11:56:33','2025-08-03 19:13:44',438,632,NULL,NULL,NULL,NULL,15.000),(38,1,2,NULL,'09:00:00','22:00:00','لاكشيت الفحيحيل','2025-03-16 11:58:41','2025-07-16 19:34:37',438,633,NULL,NULL,NULL,NULL,15.000),(39,1,2,NULL,'09:00:00','22:00:00','لاكشيت الجهراء','2025-03-17 11:24:18','2025-03-17 11:24:18',438,624,NULL,NULL,NULL,NULL,15.000),(40,1,1,'2025-04-21-wewewwe.jpg','09:00:00','22:00:00','اسواق القرين','2025-04-21 07:07:38','2025-06-07 14:09:00',660,661,NULL,NULL,NULL,NULL,0.000),(41,1,1,'2025-04-21-صورة واتساب بتاريخ 1446-10-23 في 11.38.53_962ff5e9.jpg','01:00:00','23:00:00','الجابرية','2025-04-21 14:32:13','2025-06-07 14:08:35',662,663,NULL,NULL,NULL,NULL,10.000),(42,1,1,'2025-05-27-صورة واتساب بتاريخ 1446-11-29 في 20.12.49_4226dcd8.jpg','09:00:00','11:00:00','اسواق القرين','2025-05-27 20:27:17','2025-06-07 14:08:00',668,669,NULL,NULL,NULL,NULL,0.000),(44,1,2,NULL,'11:11:00','23:11:00','sfasafas','2025-06-03 20:12:26','2025-06-24 15:24:08',438,672,NULL,NULL,NULL,NULL,15.000),(45,1,1,'2025-06-14-dddd.jpg','09:00:00','21:00:00','حولي شارع حولي','2025-06-14 21:39:39','2025-07-16 11:07:10',678,679,NULL,NULL,NULL,NULL,0.000),(46,1,1,'2025-06-14-dddd.jpg','09:00:00','21:00:00','حولي شارع حولي','2025-06-14 21:39:41','2025-07-16 11:07:22',678,679,NULL,NULL,NULL,NULL,0.000),(47,1,1,'2025-06-16-صثصثص.jpg','21:00:00','22:00:00','اسواق القرين خلف فريج صويلح','2025-06-16 14:15:22','2025-07-12 17:21:19',681,682,NULL,NULL,NULL,NULL,0.000),(48,1,2,NULL,'09:00:00','22:00:00','توصيل لكافة مناطق الكويت','2025-08-17 19:09:37','2025-08-25 13:28:58',707,708,NULL,NULL,NULL,NULL,15.000),(49,1,2,'2025-08-19-wedding-dress-02.jpg','09:00:00','22:00:00','توصيل لكافة مناطق الكويت','2025-08-19 17:46:54','2025-08-19 17:46:54',709,710,NULL,NULL,NULL,NULL,15.000),(50,1,2,'2025-10-12-Untitled-1.jpg','09:00:00','23:00:00','محافظة الاحمدي','2025-10-12 17:16:42','2025-10-12 17:54:34',724,723,NULL,NULL,NULL,NULL,20.000);

--
-- Table structure for table `brand_translations`
--

CREATE TABLE `brand_translations` (
  `id` int unsigned NOT NULL AUTO_INCREMENT,
  `brand_id` int unsigned NOT NULL,
  `title` varchar(255) CHARACTER SET utf8mb4 COLLATE utf8mb4_unicode_ci NOT NULL,
  `locale` varchar(255) CHARACTER SET utf8mb4 COLLATE utf8mb4_unicode_ci NOT NULL,
  `created_at` timestamp NULL DEFAULT NULL,
  `updated_at` timestamp NULL DEFAULT NULL,
  PRIMARY KEY (`id`),
  UNIQUE KEY `brand_translations_brand_id_locale_unique` (`brand_id`,`locale`),
  KEY `brand_translations_locale_index` (`locale`),
  CONSTRAINT `brand_translations_brand_id_foreign` FOREIGN KEY (`brand_id`) REFERENCES `brands` (`id`) ON DELETE CASCADE
) ENGINE=InnoDB AUTO_INCREMENT=3 DEFAULT CHARSET=utf8mb4 COLLATE=utf8mb4_unicode_ci;

--
-- Dumping data for table `brand_translations`
--


--
-- Table structure for table `brands`
--

CREATE TABLE `brands` (
  `id` int unsigned NOT NULL AUTO_INCREMENT,
  `image` varchar(255) CHARACTER SET utf8mb4 COLLATE utf8mb4_unicode_ci DEFAULT NULL,
  `status` int NOT NULL DEFAULT '1',
  `created_at` timestamp NULL DEFAULT NULL,
  `updated_at` timestamp NULL DEFAULT NULL,
  PRIMARY KEY (`id`)
) ENGINE=InnoDB AUTO_INCREMENT=8 DEFAULT CHARSET=utf8mb4 COLLATE=utf8mb4_unicode_ci;

--
-- Dumping data for table `brands`
--


--
-- Table structure for table `categories`
--

CREATE TABLE `categories` (
  `id` int unsigned NOT NULL AUTO_INCREMENT,
  `image` varchar(255) CHARACTER SET utf8mb4 COLLATE utf8mb4_unicode_ci DEFAULT NULL,
  `status` tinyint(1) NOT NULL DEFAULT '0',
  `parent_id` int NOT NULL,
  `color_name` varchar(255) CHARACTER SET utf8mb4 COLLATE utf8mb4_unicode_ci NOT NULL,
  `created_at` timestamp NULL DEFAULT NULL,
  `updated_at` timestamp NULL DEFAULT NULL,
  `deleted_at` timestamp NULL DEFAULT NULL,
  `main` int DEFAULT '0',
  `show` int NOT NULL DEFAULT '0',
  `offer_id` int DEFAULT NULL,
  `order` int DEFAULT NULL,
  PRIMARY KEY (`id`)
) ENGINE=InnoDB AUTO_INCREMENT=34 DEFAULT CHARSET=utf8mb4 COLLATE=utf8mb4_unicode_ci;

--
-- Dumping data for table `categories`
--

INSERT INTO `categories` (`id`, `image`, `status`, `parent_id`, `color_name`, `created_at`, `updated_at`, `deleted_at`, `main`, `show`, `offer_id`, `order`) VALUES (1,'2025-01-27-Untitled-2.jpg',1,1,'','2024-02-18 12:48:49','2025-01-27 18:20:59',NULL,1,1,NULL,1),(2,'2024-02-18-Screen Shot 2024-02-18 at 11.46.25 AM.png',1,0,'','2024-02-18 12:54:18','2024-02-20 00:39:08','2024-02-20 00:39:08',0,1,NULL,1),(3,'2024-02-18-Screen Shot 2024-02-18 at 11.46.25 AM.png',1,1,'','2024-02-18 12:54:55','2024-03-03 14:07:53','2024-03-03 14:07:53',0,1,NULL,NULL),(4,NULL,0,0,'','2024-02-19 23:40:17','2024-02-20 00:39:12','2024-02-20 00:39:12',0,0,NULL,NULL),(5,'2024-02-20-Screen Shot 2024-02-18 at 11.46.25 AM.png',1,1,'','2024-02-20 00:40:44','2024-03-03 14:07:50','2024-03-03 14:07:50',0,0,NULL,NULL),(6,'2024-03-03-australia.png',1,1,'','2024-03-03 18:42:42','2024-05-29 18:03:02','2024-05-29 18:03:02',0,0,NULL,NULL),(7,'2025-01-27-ععععععععععع.jpg',1,0,'','2024-03-03 18:43:44','2025-09-30 13:32:19',NULL,0,1,NULL,1),(8,'2024-03-03-kuwait.png',1,7,'','2024-03-03 18:45:42','2024-05-29 18:02:50','2024-05-29 18:02:50',0,0,NULL,NULL),(9,'2025-01-27-يسشسشسبيبيسشسي.jpg',1,0,'','2024-04-21 12:32:25','2025-09-30 13:32:40',NULL,0,1,NULL,9),(10,NULL,1,9,'','2024-04-21 12:38:54','2024-05-29 17:59:30','2024-05-29 17:59:30',0,0,NULL,NULL),(11,NULL,0,10,'','2024-04-21 12:40:40','2024-04-21 12:40:40',NULL,0,0,NULL,NULL),(12,'2025-01-27-ارشنتسلاش-0٦.jpg',1,0,'','2024-05-07 17:16:55','2025-09-30 13:32:42',NULL,0,1,NULL,4),(13,NULL,0,13,'','2024-05-07 17:17:35','2024-05-07 17:18:49',NULL,0,1,NULL,NULL),(14,'2024-05-29-Affiches animaux douceur d\'automne.jpg',1,14,'','2024-05-29 18:03:35','2025-06-01 17:02:14',NULL,0,1,NULL,10),(15,'2025-01-27-ارشنتسلاش-0٧.jpg',1,0,'','2024-05-29 18:05:02','2025-09-30 13:32:19',NULL,0,1,NULL,10),(16,NULL,1,9,'','2024-09-15 15:51:25','2024-09-15 15:51:30',NULL,0,0,NULL,NULL),(17,NULL,1,14,'','2024-12-07 19:28:53','2025-06-01 17:00:39',NULL,0,1,NULL,10),(18,'2025-01-27-Untitled-1.jpg',0,0,'','2025-01-27 11:49:35','2025-06-23 11:32:35','2025-06-23 11:32:35',0,0,NULL,6),(19,'2025-01-27-ارشنتسلاش-0٣.jpg',0,0,'','2025-01-27 15:09:43','2025-06-24 20:16:22',NULL,0,0,NULL,8),(20,'2025-01-27-ارشنتسلاش-0١.jpg',1,0,'','2025-01-27 18:24:31','2025-06-24 20:16:22',NULL,0,1,NULL,9),(21,'2025-01-27-شوكولاته.jpg',1,0,'','2025-01-27 18:46:28','2025-09-30 13:32:24',NULL,0,1,NULL,2),(22,'2025-01-30-هايلايت.jpgfafs.jpg',1,0,'','2025-01-28 12:55:43','2025-06-24 20:16:22',NULL,0,1,NULL,10),(23,'2025-01-28-يسيسيس.jpg',1,0,'','2025-01-28 12:55:51','2025-06-23 14:57:47',NULL,0,1,NULL,8),(24,'2025-06-01-gg.jpg',1,0,'','2025-03-15 12:11:31','2025-09-30 13:32:40',NULL,0,1,NULL,7),(25,'2025-06-02-توزيعات.jpg',1,0,'','2025-03-15 12:12:28','2025-09-30 13:32:42',NULL,0,1,NULL,3),(26,NULL,0,0,'','2025-03-15 12:14:39','2025-03-15 12:36:30','2025-03-15 12:36:30',0,0,NULL,7),(27,'2025-03-15-تخرج.jpg',0,0,'','2025-03-15 12:15:23','2025-09-30 13:32:40',NULL,0,1,NULL,8),(28,NULL,0,0,'','2025-03-16 22:14:21','2025-06-23 15:15:32',NULL,0,1,NULL,9),(29,'2025-05-27-خروف.jpg',0,0,'','2025-05-27 17:44:31','2025-07-09 22:46:02',NULL,0,1,NULL,8),(30,'2025-05-27-؛ج.jpg',0,0,'','2025-05-27 19:12:30','2025-06-23 15:15:05',NULL,0,0,NULL,10),(31,NULL,1,31,'','2025-07-03 14:40:50','2025-07-03 14:50:26',NULL,0,1,NULL,NULL),(32,'2025-08-14-هايلاااات.png',1,0,'','2025-07-03 14:54:09','2025-09-30 13:32:40',NULL,0,1,NULL,6),(33,'2025-08-19-ss.png',1,0,'','2025-08-19 17:44:56','2025-09-30 13:32:40',NULL,0,1,NULL,5);

--
-- Table structure for table `category_translations`
--

CREATE TABLE `category_translations` (
  `id` int unsigned NOT NULL AUTO_INCREMENT,
  `category_id` int unsigned NOT NULL,
  `name` varchar(255) CHARACTER SET utf8mb4 COLLATE utf8mb4_unicode_ci NOT NULL,
  `locale` varchar(255) CHARACTER SET utf8mb4 COLLATE utf8mb4_unicode_ci NOT NULL,
  `created_at` timestamp NULL DEFAULT NULL,
  `updated_at` timestamp NULL DEFAULT NULL,
  PRIMARY KEY (`id`),
  UNIQUE KEY `category_translations_category_id_locale_unique` (`category_id`,`locale`),
  KEY `category_translations_locale_index` (`locale`),
  CONSTRAINT `category_translations_category_id_foreign` FOREIGN KEY (`category_id`) REFERENCES `categories` (`id`) ON DELETE CASCADE
) ENGINE=InnoDB AUTO_INCREMENT=65 DEFAULT CHARSET=utf8mb4 COLLATE=utf8mb4_unicode_ci;

--
-- Dumping data for table `category_translations`
--

INSERT INTO `category_translations` (`id`, `category_id`, `name`, `locale`, `created_at`, `updated_at`) VALUES (1,1,'زواج','ar',NULL,NULL),(2,1,'Wedding','en',NULL,NULL),(3,2,'asdasd','ar',NULL,NULL),(4,2,'asdasdasd','en',NULL,NULL),(5,3,'المناسبات','ar',NULL,NULL),(6,3,'المناسبات','en',NULL,NULL),(7,5,'مستلزمات وادوات الطفل','ar',NULL,NULL),(8,5,'مستلزمات وادوات الطفل','en',NULL,NULL),(9,6,'قسم فرعي','ar',NULL,NULL),(10,6,'شسيشسي','en',NULL,NULL),(11,7,'بوكيهات','ar',NULL,NULL),(12,7,'Bouquet','en',NULL,NULL),(13,8,'ثققلثقلثل','ar',NULL,NULL),(14,8,'ثقلثلقلثل','en',NULL,NULL),(15,9,'هدايا','ar',NULL,NULL),(16,9,'Gifts','en',NULL,NULL),(17,10,'فرعي شوكولاتة','ar',NULL,NULL),(18,10,'Choclate 1','en',NULL,NULL),(19,11,'فرعي من فرعي شوكولاكة','ar',NULL,NULL),(20,11,'chocolate 2','en',NULL,NULL),(21,12,'مواليد بناتي','ar',NULL,NULL),(22,12,'Baby Girl','en',NULL,NULL),(23,13,'هدايا المولود','ar',NULL,NULL),(24,13,'هدايا المولود','en',NULL,NULL),(25,14,'مواليد666','ar',NULL,NULL),(26,14,'Baby','en',NULL,NULL),(27,15,'مواليد ولادي','ar',NULL,NULL),(28,15,'Baby Boy','en',NULL,NULL),(29,16,'asdasdasd','ar',NULL,NULL),(30,16,'asdasdasdasd','en',NULL,NULL),(31,17,'ورق عنب','ar',NULL,NULL),(32,17,'waraq enab','en',NULL,NULL),(33,18,'حلويات شرقية','ar',NULL,NULL),(34,18,'Oriental sweets','en',NULL,NULL),(35,19,'رمضانيات','ar',NULL,NULL),(36,19,'Ramadaniyat','en',NULL,NULL),(37,20,'زواج','ar',NULL,NULL),(38,20,'marriage','en',NULL,NULL),(39,21,'كاكاو','ar',NULL,NULL),(40,21,'Cocoa','en',NULL,NULL),(41,22,'حلويات','ar',NULL,NULL),(42,22,'SWEETS','en',NULL,NULL),(43,23,'احبك','ar',NULL,NULL),(44,23,'I Love you','en',NULL,NULL),(45,24,'العانية','ar',NULL,NULL),(46,24,'العانية','en',NULL,NULL),(47,25,'توزيعات','ar',NULL,NULL),(48,25,'توزيعات','en',NULL,NULL),(49,26,'مناسبات عامة','ar',NULL,NULL),(50,26,'مناسبات عامة','en',NULL,NULL),(51,27,'تخرج وتفوق','ar',NULL,NULL),(52,27,'تخرج وتفوق','en',NULL,NULL),(53,28,'عيد الفطر','ar',NULL,NULL),(54,28,'عيد الفطر','en',NULL,NULL),(55,29,'عيد اضحى','ar',NULL,NULL),(56,29,'Haj','en',NULL,NULL),(57,30,'حج','ar',NULL,NULL),(58,30,'حج','en',NULL,NULL),(59,31,'مناسبات عامه','ar',NULL,NULL),(60,31,'General','en',NULL,NULL),(61,32,'مناسبات عامه','ar',NULL,NULL),(62,32,'General','en',NULL,NULL),(63,33,'عرايس','ar',NULL,NULL),(64,33,'عرايس','en',NULL,NULL);

--
-- Table structure for table `contacts`
--

CREATE TABLE `contacts` (
  `id` int unsigned NOT NULL AUTO_INCREMENT,
  `name` varchar(255) CHARACTER SET utf8mb4 COLLATE utf8mb4_unicode_ci NOT NULL,
  `email` varchar(255) CHARACTER SET utf8mb4 COLLATE utf8mb4_unicode_ci NOT NULL,
  `comment` text CHARACTER SET utf8mb4 COLLATE utf8mb4_unicode_ci NOT NULL,
  `phone` varchar(255) CHARACTER SET utf8mb4 COLLATE utf8mb4_unicode_ci NOT NULL,
  `created_at` timestamp NULL DEFAULT NULL,
  `updated_at` timestamp NULL DEFAULT NULL,
  `status` int DEFAULT '0',
  PRIMARY KEY (`id`)
) ENGINE=InnoDB AUTO_INCREMENT=14 DEFAULT CHARSET=utf8mb4 COLLATE=utf8mb4_unicode_ci;

--
-- Dumping data for table `contacts`
--

INSERT INTO `contacts` (`id`, `name`, `email`, `comment`, `phone`, `created_at`, `updated_at`, `status`) VALUES (1,'anwer','','wertwertrw','67782374','2024-05-06 18:34:24','2024-10-22 17:00:24',1),(2,'anwer','','wertwer','67782374','2024-05-06 18:35:56','2024-05-06 18:35:56',0),(3,'yyyyyyy','','qewrqwerqwqwrqw','6666666555555','2024-06-22 23:24:17','2024-06-22 23:24:17',0),(4,'yyyyyyy','','hhgggg','6666666555555','2024-06-22 23:27:31','2024-06-22 23:27:31',0),(5,'453245','','342523452','324523432','2024-06-22 23:30:00','2024-06-22 23:30:00',0),(6,'qewrewqr','','rqw','wqereqw','2024-07-11 13:08:31','2024-07-11 13:08:31',0),(7,'hhjd','','mdmmdndm','8848','2024-10-22 16:18:06','2024-10-22 16:18:06',0),(8,'jjhh','','jjhkkjh','222222','2024-10-23 11:31:22','2024-12-15 20:34:50',1),(9,'نبيل','','تجربة','٩٨٧١٠٥٨٠','2024-12-11 17:20:36','2024-12-15 20:34:39',1),(10,'Ahmed','','السلام عليكم اليوم ١٥ ديسمبر','50278787','2024-12-15 20:35:25','2024-12-15 20:36:19',1),(11,'نبيل','','yırorpköööf','٩٨٧١٠٥٨٠','2025-01-04 19:02:08','2025-01-04 20:23:09',1),(12,'ابراهيم','','عندي محل ورد واحتاج الانضمام اليكم','60373258','2025-05-08 20:01:02','2025-05-08 20:01:02',0),(13,'منيرهه','','بلغي الطلب حقي كيف الطريقه؟؟؟؟','55392278','2025-06-30 04:42:36','2025-06-30 04:42:36',0);

--
-- Table structure for table `content_sections`
--

CREATE TABLE `content_sections` (
  `id` int unsigned NOT NULL AUTO_INCREMENT,
  `order` int DEFAULT NULL,
  `name` varchar(255) COLLATE utf8mb4_unicode_ci DEFAULT NULL,
  `created_at` timestamp NULL DEFAULT NULL,
  `updated_at` timestamp NULL DEFAULT NULL,
  PRIMARY KEY (`id`)
) ENGINE=InnoDB AUTO_INCREMENT=8 DEFAULT CHARSET=utf8mb4 COLLATE=utf8mb4_unicode_ci;

--
-- Dumping data for table `content_sections`
--

INSERT INTO `content_sections` (`id`, `order`, `name`, `created_at`, `updated_at`) VALUES (1,2,'Slider',NULL,'2025-01-23 14:41:57'),(2,1,'Categories',NULL,'2025-01-23 14:41:57'),(3,5,'SellerProduct',NULL,'2025-06-21 11:51:00'),(4,6,'sliderImag',NULL,'2025-06-21 11:51:00'),(5,4,'bestSeller',NULL,'2025-06-21 11:51:00'),(6,3,'Vendor',NULL,'2024-07-13 17:38:24'),(7,7,'Discounts',NULL,'2024-07-13 10:02:47');

--
-- Table structure for table `countries`
--

CREATE TABLE `countries` (
  `id` int unsigned NOT NULL AUTO_INCREMENT,
  `status` tinyint(1) NOT NULL DEFAULT '1',
  `image` varchar(191) CHARACTER SET utf8mb4 COLLATE utf8mb4_unicode_ci DEFAULT NULL,
  `code` varchar(191) CHARACTER SET utf8mb4 COLLATE utf8mb4_unicode_ci DEFAULT NULL,
  `currency` varchar(191) CHARACTER SET utf8mb4 COLLATE utf8mb4_unicode_ci DEFAULT NULL,
  `address_address` varchar(191) CHARACTER SET utf8mb4 COLLATE utf8mb4_unicode_ci NOT NULL,
  `address_latitude` double NOT NULL,
  `address_longitude` double NOT NULL,
  `created_at` timestamp NULL DEFAULT NULL,
  `updated_at` timestamp NULL DEFAULT NULL,
  `prices` float NOT NULL,
  `key` varchar(191) CHARACTER SET utf8mb4 COLLATE utf8mb4_unicode_ci DEFAULT NULL,
  `shipper` varchar(11) CHARACTER SET utf8mb4 COLLATE utf8mb4_unicode_ci DEFAULT NULL,
  `vat` varchar(191) CHARACTER SET utf8mb4 COLLATE utf8mb4_unicode_ci DEFAULT NULL,
  `cod_services` varchar(191) CHARACTER SET utf8mb4 COLLATE utf8mb4_unicode_ci DEFAULT NULL,
  PRIMARY KEY (`id`)
) ENGINE=InnoDB AUTO_INCREMENT=13 DEFAULT CHARSET=utf8mb4 COLLATE=utf8mb4_unicode_ci;

--
-- Dumping data for table `countries`
--

INSERT INTO `countries` (`id`, `status`, `image`, `code`, `currency`, `address_address`, `address_latitude`, `address_longitude`, `created_at`, `updated_at`, `prices`, `key`, `shipper`, `vat`, `cod_services`) VALUES (1,1,'CfSag0qbGSOcGRqGDxpOTI9XV15HB2Negd8eYv5v.jpg','KWD','KWD','مدينة الكويت، Kuwait',29.375859,47.9774052,'2020-07-29 23:06:29','2023-04-12 06:26:17',1,'+965','0','0','0'),(4,1,'fOxYPIAf1yBMBi4JDmn8x6AQJNq0jh8gGpDxObZ6.png','AED','AED','الإمارات العربية المتحدة',23.424076,53.847818,'2022-12-05 08:55:34','2023-04-04 05:41:09',11.98,'‎+971','60','5','24'),(9,1,'GduDmAiptKk5BZP65DKQKi7O9Wtv2ewjjlsRjvOX.jpg','SAR','SAR','Saudi Arabia',23.885942,45.079162,'2023-03-29 08:35:42','2023-03-30 15:24:57',12.5,'‎+966','60','17.5','25'),(10,1,'BRBuR3hzIrdTycmPc0edo368jgAHM8CbbVG9f4Fz.jpg','BHD','BHD','Bahrain',26.0667,50.5577,'2023-04-02 05:16:11','2023-04-04 05:42:11',1.25,'+973','5','5','2.5'),(11,1,'cMngsWhjrHeGU6dje1dmH4hXvj6ovfCwygIDpN66.jpg','QAR','QAR','Qatar',25.354826,51.183884,'2023-04-02 06:07:33','2023-04-04 05:41:47',12,'+974','60','0','24'),(12,1,'hPGhikhM2P5lvYqezJ7RoJMcR5GauU5N1rY7kBAi.jpg','OMR','OMR','Oman',21.4735329,55.975413,'2023-04-02 06:24:35','2023-04-04 05:42:33',1.3,'+968','5','5','2.5');

--
-- Table structure for table `country_translations`
--

CREATE TABLE `country_translations` (
  `id` int unsigned NOT NULL AUTO_INCREMENT,
  `country_id` int unsigned NOT NULL,
  `name` varchar(191) CHARACTER SET utf8mb4 COLLATE utf8mb4_unicode_ci NOT NULL,
  `locale` varchar(191) CHARACTER SET utf8mb4 COLLATE utf8mb4_unicode_ci NOT NULL,
  `created_at` timestamp NULL DEFAULT NULL,
  `updated_at` timestamp NULL DEFAULT NULL,
  PRIMARY KEY (`id`),
  UNIQUE KEY `country_translations_country_id_locale_unique` (`country_id`,`locale`),
  KEY `country_translations_locale_index` (`locale`)
) ENGINE=InnoDB AUTO_INCREMENT=26 DEFAULT CHARSET=utf8mb4 COLLATE=utf8mb4_unicode_ci;

--
-- Dumping data for table `country_translations`
--

INSERT INTO `country_translations` (`id`, `country_id`, `name`, `locale`, `created_at`, `updated_at`) VALUES (1,1,'الكويت','ar',NULL,NULL),(2,1,'Kuwait','en',NULL,NULL),(3,2,'السعودية','ar',NULL,NULL),(4,2,'Saudi Arabia','en',NULL,NULL),(5,3,'قطر','ar',NULL,NULL),(6,3,'Qater','en',NULL,NULL),(7,4,'الإمارات','ar',NULL,NULL),(8,4,'United Arab Emirates','en',NULL,NULL),(11,6,'البحرين','ar',NULL,NULL),(12,6,'Bahrain','en',NULL,NULL),(13,7,'عُمان','ar',NULL,NULL),(14,7,'Oman','en',NULL,NULL),(16,8,'sdfs','ar',NULL,NULL),(17,8,'fsdsdf','en',NULL,NULL),(18,9,'Saudi Arabia','ar',NULL,NULL),(19,9,'Saudi Arabia','en',NULL,NULL),(20,10,'Bahrain','ar',NULL,NULL),(21,10,'Bahrain','en',NULL,NULL),(22,11,'Qatar','ar',NULL,NULL),(23,11,'Qatar','en',NULL,NULL),(24,12,'Oman','ar',NULL,NULL),(25,12,'Oman','en',NULL,NULL);

--
-- Table structure for table `coupone_relateds`
--

CREATE TABLE `coupone_relateds` (
  `id` int unsigned NOT NULL AUTO_INCREMENT,
  `coupons_id` int unsigned NOT NULL,
  `related_id` int NOT NULL,
  `created_at` timestamp NULL DEFAULT NULL,
  `updated_at` timestamp NULL DEFAULT NULL,
  PRIMARY KEY (`id`),
  KEY `coupone_relateds_coupons_id_foreign` (`coupons_id`),
  CONSTRAINT `coupone_relateds_coupons_id_foreign` FOREIGN KEY (`coupons_id`) REFERENCES `coupons` (`id`) ON DELETE CASCADE
) ENGINE=InnoDB AUTO_INCREMENT=13 DEFAULT CHARSET=utf8mb4 COLLATE=utf8mb4_unicode_ci;

--
-- Dumping data for table `coupone_relateds`
--


--
-- Table structure for table `coupons`
--

CREATE TABLE `coupons` (
  `id` int unsigned NOT NULL AUTO_INCREMENT,
  `user_id` int unsigned DEFAULT NULL,
  `name` varchar(255) CHARACTER SET utf8mb4 COLLATE utf8mb4_unicode_ci NOT NULL,
  `code` varchar(255) CHARACTER SET utf8mb4 COLLATE utf8mb4_unicode_ci NOT NULL,
  `type` varchar(255) CHARACTER SET utf8mb4 COLLATE utf8mb4_unicode_ci NOT NULL,
  `value` varchar(255) CHARACTER SET utf8mb4 COLLATE utf8mb4_unicode_ci NOT NULL,
  `count` int NOT NULL DEFAULT '0',
  `status` int NOT NULL DEFAULT '1',
  `created_at` timestamp NULL DEFAULT NULL,
  `updated_at` timestamp NULL DEFAULT NULL,
  `famous_id` int DEFAULT NULL,
  `personal_discount` varchar(111) COLLATE utf8mb4_unicode_ci DEFAULT NULL,
  `tagers_id` text COLLATE utf8mb4_unicode_ci,
  PRIMARY KEY (`id`),
  KEY `coupons_user_id_foreign` (`user_id`),
  CONSTRAINT `coupons_user_id_foreign` FOREIGN KEY (`user_id`) REFERENCES `users` (`id`) ON DELETE CASCADE
) ENGINE=InnoDB AUTO_INCREMENT=45 DEFAULT CHARSET=utf8mb4 COLLATE=utf8mb4_unicode_ci;

--
-- Dumping data for table `coupons`
--

INSERT INTO `coupons` (`id`, `user_id`, `name`, `code`, `type`, `value`, `count`, `status`, `created_at`, `updated_at`, `famous_id`, `personal_discount`, `tagers_id`) VALUES (16,1,'mm','mm','total','15',998,1,'2025-03-25 21:41:31','2025-08-27 16:59:26',629,'5','[\"438\",\"528\",\"707\",\"709\"]'),(17,1,'i','i','total','15',957,1,'2025-03-25 21:44:02','2025-08-27 16:59:43',NULL,'5','[\"438\",\"528\",\"707\",\"709\"]'),(19,438,'كود خصم 20','L15','total','15',988,1,'2025-06-19 11:56:24','2025-10-21 14:32:55',NULL,'0','null'),(20,438,'كود خصم 20','L20','total','20',998,1,'2025-06-19 11:56:25','2025-10-22 13:27:25',NULL,'0','null'),(21,1,'am15','am15','total','15',979,1,'2025-06-23 12:23:23','2025-08-27 17:24:54',680,'5','[\"438\",\"528\",\"707\",\"709\"]'),(26,NULL,'ahmed batikh','A15','total','15',990,1,'2025-07-02 18:02:10','2025-09-18 18:09:11',684,'5','[\"438\"]'),(27,NULL,'احمد الشطي','AA15','total','15',989,1,'2025-07-13 11:38:15','2025-09-08 13:01:49',686,'5','[\"438\"]'),(28,NULL,'هدى محمد','HM15','total','15',1000,1,'2025-07-17 12:47:45','2025-07-17 12:47:45',690,'5','[\"438\",\"528\"]'),(29,1,'مشعل','M15','total','15',997,1,'2025-07-17 12:55:23','2025-08-27 16:58:55',691,'5','[\"438\",\"528\",\"707\",\"709\"]'),(30,1,'ابراهيم السيد','IB','total','15',999,1,'2025-07-20 11:01:51','2025-08-27 17:00:07',692,'5','[\"438\",\"528\",\"707\",\"709\"]'),(31,1,'Fayza','F15','total','15',999,1,'2025-07-27 10:35:43','2025-08-27 16:58:36',693,'5','[\"438\",\"707\",\"709\"]'),(32,NULL,'farid','FA15','total','15',999,1,'2025-07-27 10:39:00','2025-07-27 10:43:04',694,'5','[\"438\"]'),(33,1,'Atef','AT15','total','15',999,1,'2025-07-27 10:41:25','2025-08-27 16:56:58',695,'5','[\"438\",\"707\",\"709\"]'),(36,1,'rouge','ROUGE15','total','15',996,1,'2025-08-12 18:08:10','2025-08-27 16:57:52',701,'5','[\"438\",\"707\",\"709\"]'),(37,NULL,'كود محمود البدري','mb15','total','15',1000,1,'2025-08-13 13:12:11','2025-08-13 13:12:11',704,'5','[\"438\"]'),(38,1,'bella','bella15','total','15',999,1,'2025-08-13 13:35:36','2025-08-27 16:56:39',705,'5','[\"438\",\"707\",\"709\"]'),(39,1,'bee','bee15','total','15',999,1,'2025-08-13 17:54:12','2025-08-27 16:56:23',706,'5','[\"438\",\"707\",\"709\"]'),(40,1,'cozy','cozy15','total','15',997,1,'2025-08-14 16:42:38','2025-08-27 16:55:58',702,'5','[\"438\",\"707\",\"709\"]'),(41,438,'la15','la15','total','15',976,1,'2025-08-17 11:22:15','2025-10-23 10:20:52',NULL,'15','null'),(42,NULL,'ln15','ln15','total','15',999,1,'2025-09-29 13:46:47','2025-09-29 17:24:55',720,'5','[\"438\",\"528\",\"707\",\"709\"]'),(43,NULL,'waa15','waa15','total','15',9995,1,'2025-09-29 17:52:06','2025-10-26 15:56:18',722,'5','[\"438\",\"528\",\"707\",\"709\"]'),(44,NULL,'wa15','wa15','total','15',99997,1,'2025-10-21 14:55:42','2025-10-21 15:03:14',721,'5','[\"438\",\"707\",\"709\"]');

--
-- Table structure for table `failed_jobs`
--

CREATE TABLE `failed_jobs` (
  `id` bigint unsigned NOT NULL AUTO_INCREMENT,
  `uuid` varchar(255) CHARACTER SET utf8mb4 COLLATE utf8mb4_unicode_ci NOT NULL,
  `connection` text CHARACTER SET utf8mb4 COLLATE utf8mb4_unicode_ci NOT NULL,
  `queue` text CHARACTER SET utf8mb4 COLLATE utf8mb4_unicode_ci NOT NULL,
  `payload` longtext CHARACTER SET utf8mb4 COLLATE utf8mb4_unicode_ci NOT NULL,
  `exception` longtext CHARACTER SET utf8mb4 COLLATE utf8mb4_unicode_ci NOT NULL,
  `failed_at` timestamp NOT NULL DEFAULT CURRENT_TIMESTAMP,
  PRIMARY KEY (`id`),
  UNIQUE KEY `failed_jobs_uuid_unique` (`uuid`)
) ENGINE=InnoDB DEFAULT CHARSET=utf8mb4 COLLATE=utf8mb4_unicode_ci;

--
-- Dumping data for table `failed_jobs`
--


--
-- Table structure for table `famouse_summaries`
--

CREATE TABLE `famouse_summaries` (
  `id` int unsigned NOT NULL AUTO_INCREMENT,
  `in` decimal(8,2) NOT NULL DEFAULT '0.00',
  `out` decimal(8,2) NOT NULL DEFAULT '0.00',
  `order_id` int DEFAULT NULL,
  `user_id` int DEFAULT NULL,
  `date` varchar(255) COLLATE utf8mb4_unicode_ci DEFAULT NULL,
  `status` varchar(255) COLLATE utf8mb4_unicode_ci DEFAULT NULL,
  `code` varchar(255) COLLATE utf8mb4_unicode_ci DEFAULT NULL,
  `created_at` timestamp NULL DEFAULT NULL,
  `updated_at` timestamp NULL DEFAULT NULL,
  `note` text COLLATE utf8mb4_unicode_ci NOT NULL,
  PRIMARY KEY (`id`)
) ENGINE=InnoDB AUTO_INCREMENT=59 DEFAULT CHARSET=utf8mb4 COLLATE=utf8mb4_unicode_ci;

--
-- Dumping data for table `famouse_summaries`
--

INSERT INTO `famouse_summaries` (`id`, `in`, `out`, `order_id`, `user_id`, `date`, `status`, `code`, `created_at`, `updated_at`, `note`) VALUES (3,2.65,0.00,156,NULL,'2024-09-09 00:43:20','0','sa','2024-09-09 00:43:20','2024-09-09 00:43:20',''),(4,0.00,1.00,NULL,1,'2024-09-09 00:51:02','1','sa','2024-09-09 00:51:02','2024-09-09 00:51:02',''),(5,0.00,0.00,159,NULL,'2024-09-14 20:34:53','0','sasasa','2024-09-14 20:34:53','2024-09-14 20:34:53',''),(6,0.00,0.00,18,NULL,'2024-12-03 17:01:32','0','r10','2024-12-03 17:01:32','2024-12-03 17:01:32',''),(7,0.00,0.00,20,NULL,'2024-12-03 19:05:13','0','r10','2024-12-03 19:05:13','2024-12-03 19:05:13',''),(8,0.00,9.00,NULL,445,'2024-12-04 17:27:46','1','abo10','2024-12-04 17:27:46','2024-12-04 17:27:46',''),(9,0.00,9.00,NULL,445,'2024-12-04 17:27:47','1','abo10','2024-12-04 17:27:47','2024-12-04 17:27:47',''),(10,0.00,99.00,NULL,445,'2024-12-05 17:57:58','1','abo10','2024-12-05 17:57:58','2024-12-05 17:57:58',''),(11,5.04,0.00,21,NULL,'2024-12-05 20:45:42','0','abo10','2024-12-05 20:45:42','2024-12-05 20:45:42',''),(12,1.89,0.00,23,NULL,'2024-12-05 20:57:10','0','abo20','2024-12-05 20:57:10','2024-12-05 20:57:10',''),(13,0.63,0.00,25,NULL,'2024-12-07 20:04:18','0','abo10','2024-12-07 20:04:18','2024-12-07 20:04:18',''),(14,0.32,0.00,30,NULL,'2024-12-07 20:17:26','0','abo10','2024-12-07 20:17:26','2024-12-07 20:17:26',''),(15,0.00,0.00,43,NULL,'2024-12-18 19:23:22','0','r10','2024-12-18 19:23:22','2024-12-18 19:23:22',''),(16,4.56,0.00,44,NULL,'2024-12-18 19:29:39','0','abo20','2024-12-18 19:29:39','2024-12-18 19:29:39',''),(17,2.66,0.00,7,NULL,'2024-12-22 12:08:55','0','abo10','2024-12-22 12:08:55','2024-12-22 12:08:55',''),(18,0.72,0.00,93,NULL,'2025-03-16 14:17:00','0','i','2025-03-16 14:17:00','2025-03-16 14:17:00',''),(19,0.36,0.00,102,NULL,'2025-03-25 22:59:09','0','mm','2025-03-25 22:59:09','2025-03-25 22:59:09',''),(20,0.43,0.00,105,NULL,'2025-03-28 14:50:48','0','i','2025-03-28 14:50:48','2025-03-28 14:50:48',''),(21,0.00,1.00,NULL,654,'2025-03-28 14:52:52','1','i','2025-03-28 14:52:52','2025-03-28 14:52:52',''),(22,0.00,0.05,NULL,654,'2025-04-06 16:41:04','1','i','2025-04-06 16:41:04','2025-04-06 16:41:04',''),(23,0.53,0.00,198,NULL,'2025-06-04 17:47:59','0','mm','2025-06-04 17:47:59','2025-06-04 17:47:59',''),(24,0.77,0.00,242,NULL,'2025-06-15 11:39:58','0','AM20','2025-06-15 11:39:58','2025-06-15 11:39:58',''),(25,0.27,0.00,267,NULL,'2025-06-24 12:17:24','0','I','2025-06-24 12:17:24','2025-06-24 12:17:24',''),(26,1.34,0.00,268,NULL,'2025-06-24 12:24:14','0','I','2025-06-24 12:24:14','2025-06-24 12:24:14',''),(27,0.65,0.00,314,NULL,'2025-07-05 10:21:20','0','a15','2025-07-05 10:21:20','2025-07-05 10:21:20',''),(28,1.34,0.00,318,NULL,'2025-07-06 13:12:30','0','a15','2025-07-06 13:12:30','2025-07-06 13:12:30',''),(29,0.72,0.00,319,NULL,'2025-07-06 17:59:28','0','a15','2025-07-06 17:59:28','2025-07-06 17:59:28',''),(30,1.08,0.00,320,NULL,'2025-07-06 18:04:06','0','a15','2025-07-06 18:04:06','2025-07-06 18:04:06',''),(31,0.87,0.00,322,NULL,'2025-07-08 09:45:33','0','I','2025-07-08 09:45:33','2025-07-08 09:45:33',''),(32,0.72,0.00,325,NULL,'2025-07-08 10:52:02','0','I','2025-07-08 10:52:02','2025-07-08 10:52:02',''),(33,0.65,0.00,334,NULL,'2025-07-13 10:56:22','0','am15','2025-07-13 10:56:22','2025-07-13 10:56:22',''),(34,0.24,0.00,336,NULL,'2025-07-13 11:44:53','0','aa15','2025-07-13 11:44:53','2025-07-13 11:44:53',''),(35,1.69,0.00,261,NULL,'2025-07-13 18:58:40','0','am15','2025-07-13 18:58:40','2025-07-13 18:58:40',''),(36,0.72,0.00,376,NULL,'2025-07-15 17:51:20','0','aa15','2025-07-15 17:51:20','2025-07-15 17:51:20',''),(37,0.72,0.00,378,NULL,'2025-07-16 09:38:37','0','Aa15','2025-07-16 09:38:37','2025-07-16 09:38:37',''),(38,0.65,0.00,379,NULL,'2025-07-16 10:47:52','0','am15','2025-07-16 10:47:52','2025-07-16 10:47:52',''),(39,0.69,0.00,382,NULL,'2025-07-16 12:24:41','0','am15','2025-07-16 12:24:41','2025-07-16 12:24:41',''),(40,0.18,0.00,383,NULL,'2025-07-16 19:36:43','0','A15','2025-07-16 19:36:43','2025-07-16 19:36:43',''),(41,0.18,0.00,390,NULL,'2025-07-17 13:17:05','0','m15','2025-07-17 13:17:05','2025-07-17 13:17:05',''),(42,0.35,0.00,393,NULL,'2025-07-20 10:48:18','0','I','2025-07-20 10:48:18','2025-07-20 10:48:18',''),(43,0.65,0.00,396,NULL,'2025-07-20 11:11:43','0','ib','2025-07-20 11:11:43','2025-07-20 11:11:43',''),(44,0.72,0.00,401,NULL,'2025-07-21 20:35:55','0','aa15','2025-07-21 20:35:55','2025-07-21 20:35:55',''),(45,0.00,0.00,27,NULL,'2025-08-16 13:59:44','0','L15','2025-08-16 13:59:44','2025-08-16 13:59:44',''),(46,1.95,0.00,29,NULL,'2025-08-18 18:53:18','0','La15','2025-08-18 18:53:18','2025-08-18 18:53:18',''),(47,1.95,0.00,30,NULL,'2025-08-19 12:27:56','0','la15','2025-08-19 12:27:56','2025-08-19 12:27:56',''),(48,5.20,0.00,53,NULL,'2025-09-02 14:38:33','0','la15','2025-09-02 14:38:33','2025-09-02 14:38:33',''),(49,0.40,0.00,66,NULL,'2025-09-08 13:05:51','0','AA15','2025-09-08 13:05:51','2025-09-08 13:05:51',''),(50,0.88,0.00,72,NULL,'2025-09-10 12:57:17','0','la15','2025-09-10 12:57:17','2025-09-10 12:57:17',''),(51,2.93,0.00,73,NULL,'2025-09-11 11:16:57','0','LA15','2025-09-11 11:16:57','2025-09-11 11:16:57',''),(52,1.63,0.00,95,NULL,'2025-09-29 20:57:36','0','la15','2025-09-29 20:57:36','2025-09-29 20:57:36',''),(53,0.00,0.00,103,NULL,'2025-10-04 14:54:48','0','L15','2025-10-04 14:54:48','2025-10-04 14:54:48',''),(54,0.63,0.00,110,NULL,'2025-10-11 17:27:30','0','Waa15','2025-10-11 17:27:30','2025-10-11 17:27:30',''),(55,1.53,0.00,128,NULL,'2025-10-21 13:14:06','0','LA15','2025-10-21 13:14:06','2025-10-21 13:14:06',''),(56,0.58,0.00,129,NULL,'2025-10-21 15:10:33','0','wa15','2025-10-21 15:10:33','2025-10-21 15:10:33',''),(57,1.04,0.00,133,NULL,'2025-10-22 14:50:13','0','la15','2025-10-22 14:50:13','2025-10-22 14:50:13',''),(58,0.63,0.00,144,NULL,'2025-10-26 16:41:53','0','Waa15','2025-10-26 16:41:53','2025-10-26 16:41:53','');

--
-- Table structure for table `feature_option_translations`
--

CREATE TABLE `feature_option_translations` (
  `id` int unsigned NOT NULL AUTO_INCREMENT,
  `feature_option_id` int unsigned NOT NULL,
  `title` varchar(255) CHARACTER SET utf8mb4 COLLATE utf8mb4_unicode_ci DEFAULT NULL,
  `locale` varchar(255) CHARACTER SET utf8mb4 COLLATE utf8mb4_unicode_ci NOT NULL,
  `created_at` timestamp NULL DEFAULT NULL,
  `updated_at` timestamp NULL DEFAULT NULL,
  PRIMARY KEY (`id`),
  UNIQUE KEY `feature_option_translations_feature_option_id_locale_unique` (`feature_option_id`,`locale`),
  CONSTRAINT `feature_option_translations_feature_option_id_foreign` FOREIGN KEY (`feature_option_id`) REFERENCES `feature_options` (`id`) ON DELETE CASCADE
) ENGINE=InnoDB AUTO_INCREMENT=625 DEFAULT CHARSET=utf8mb4 COLLATE=utf8mb4_unicode_ci;

--
-- Dumping data for table `feature_option_translations`
--

INSERT INTO `feature_option_translations` (`id`, `feature_option_id`, `title`, `locale`, `created_at`, `updated_at`) VALUES (49,36,'الف مبروك','ar',NULL,NULL),(50,36,'alf mabruk','en',NULL,NULL),(51,37,'الحمد لله على السلامة','ar',NULL,NULL),(52,37,'aalla alsalammaaaaaa','en',NULL,NULL),(57,144,'الحمد لله على السلامة','ar',NULL,NULL),(58,144,'الحمد لله على السلامة','en',NULL,NULL),(59,151,'الحمد لله على السلامة22','ar',NULL,NULL),(60,151,'الحمد لله على السلامة22','en',NULL,NULL),(61,159,'الف مبروك 1','ar',NULL,NULL),(62,159,'الف مبروك 1','en',NULL,NULL),(63,160,'الف مبروك 1','ar',NULL,NULL),(64,160,'الف مبروك 1','en',NULL,NULL),(65,232,'الحمد لله على السلامة','ar',NULL,NULL),(66,232,'الحمد لله على السلامة','en',NULL,NULL),(67,260,'الحمد لله على السلامة','ar',NULL,NULL),(68,260,'الحمد لله على السلامة','en',NULL,NULL),(69,261,'الحمد لله على السلامة','ar',NULL,NULL),(70,261,'الحمد لله على السلامة','en',NULL,NULL),(71,298,'لون','ar',NULL,NULL),(72,298,'لون','en',NULL,NULL),(73,299,'نوع','ar',NULL,NULL),(74,299,'نوع','en',NULL,NULL),(75,326,'الف مبروك','ar',NULL,NULL),(76,326,'الف مبروك','en',NULL,NULL),(77,327,'الحمد لله','ar',NULL,NULL),(78,327,'الحمد لله','en',NULL,NULL),(93,437,'20 دينار','ar',NULL,NULL),(94,437,'20 دينار','en',NULL,NULL),(95,460,'تنسيق مميز رقم واحد','ar',NULL,NULL),(96,460,'تنسيق مميز رقم واحد','en',NULL,NULL),(97,461,'تنسيق مميز رقم اثنين','ar',NULL,NULL),(98,461,'تنسيق مميز رقم اثنين','en',NULL,NULL),(99,462,'تنسيق مميز رقم واحد','ar',NULL,NULL),(100,462,'تنسيق مميز رقم واحد','en',NULL,NULL),(101,463,'تنسيق مميز رقم اثنين','ar',NULL,NULL),(102,463,'تنسيق مميز رقم اثنين','en',NULL,NULL),(103,464,'تنسيق مميز رقم اثنين','ar',NULL,NULL),(104,464,'تنسيق مميز رقم اثنين','en',NULL,NULL),(105,465,'اضافة عشر وردات','ar',NULL,NULL),(106,465,'اضافة عشر وردات','en',NULL,NULL),(107,466,'اضافة عشرين وردة','ar',NULL,NULL),(108,466,'اضافة عشرين وردة','en',NULL,NULL),(109,467,'اضافة عشرين وردة','ar',NULL,NULL),(110,467,'اضافة عشرين وردة','en',NULL,NULL),(111,468,'اضافة ثلاثين وردة','ar',NULL,NULL),(112,468,'اضافة ثلاثين وردة','en',NULL,NULL),(113,469,'الف مبروك','ar',NULL,NULL),(114,469,'الف مبروك','en',NULL,NULL),(123,474,'الف مبروك','ar',NULL,NULL),(124,474,'الف مبروك','en',NULL,NULL),(125,475,'الف مبروك','ar',NULL,NULL),(126,475,'الف مبروك','en',NULL,NULL),(127,476,'مبرووووووووووووك التخرجججججججججججججج','ar',NULL,NULL),(128,476,'مبرووووووووووووك التخرجججججججججججججج','en',NULL,NULL),(129,477,'ربع كيلو شوكولاته قمر الدين','ar',NULL,NULL),(130,477,'ربع كيلو شوكولاته قمر الدين','en',NULL,NULL),(131,478,'ربع كيلو شوكولاته سمسمية','ar',NULL,NULL),(132,478,'ربع كيلو شوكولاته سمسمية','en',NULL,NULL),(133,479,'الف مبروووك','ar',NULL,NULL),(134,479,'الف مبروووك','en',NULL,NULL),(135,481,'مبروك التخر ح','ar',NULL,NULL),(136,481,'مبروك التخرح','en',NULL,NULL),(137,484,'ريع كيلو قمر الدين','ar',NULL,NULL),(138,484,'ريع كيلو قمر الدين','en',NULL,NULL),(139,485,'الحمد لله على السلامه','ar',NULL,NULL),(140,485,'الحمد لله على السلامه','en',NULL,NULL),(141,486,'الحمد لله على السلامه','ar',NULL,NULL),(142,486,'الحمد لله على السلامه','en',NULL,NULL),(143,487,'الف مبروك','ar',NULL,NULL),(144,487,'الف مبروك','en',NULL,NULL),(145,488,'مبروك الملجه','ar',NULL,NULL),(146,488,'مبروك الملجه','en',NULL,NULL),(147,489,'الحمد لله على السلامه','ar',NULL,NULL),(148,489,'الحمد لله على السلامه','en',NULL,NULL),(149,490,'الف مبروك','ar',NULL,NULL),(150,490,'الف مبروك','en',NULL,NULL),(151,491,'اجر و عافيه','ar',NULL,NULL),(152,491,'اجر و عافيه','en',NULL,NULL),(153,492,'مبروك الملجه','ar',NULL,NULL),(154,492,'مبروك الملجه','en',NULL,NULL),(165,498,'الحمد لله على السلامه','ar',NULL,NULL),(166,498,'الحمد لله على السلامه','en',NULL,NULL),(167,499,'الف مبروك','ar',NULL,NULL),(168,499,'الف مبروك','en',NULL,NULL),(169,500,'مبروك الملجه','ar',NULL,NULL),(170,500,'مبروك الملجه','en',NULL,NULL),(171,501,'الحمد لله على السلامه','ar',NULL,NULL),(172,501,'الحمد لله على السلامه','en',NULL,NULL),(173,502,'الف مبروك','ar',NULL,NULL),(174,502,'الف مبروك','en',NULL,NULL),(175,503,'مبروك الملجه','ar',NULL,NULL),(176,503,'مبروك الملجه','en',NULL,NULL),(177,504,'Happy birthday','ar',NULL,NULL),(178,504,'Happy birthday','en',NULL,NULL),(179,505,'الحمد لله على السلامه','ar',NULL,NULL),(180,505,'الحمد لله على السلامه','en',NULL,NULL),(181,506,'الف مبروك','ar',NULL,NULL),(182,506,'الف مبروك','en',NULL,NULL),(183,507,'مبروك الملجه','ar',NULL,NULL),(184,507,'مبروك الملجه','en',NULL,NULL),(185,508,'اجر و عافيه','ar',NULL,NULL),(186,508,'اجر و عافيه','en',NULL,NULL),(187,509,'Happy birthday','ar',NULL,NULL),(188,509,'Happy birthday','en',NULL,NULL),(189,510,'الحمد لله على السلامه','ar',NULL,NULL),(190,510,'الحمد لله على السلامه','en',NULL,NULL),(191,511,'الف مبروك','ar',NULL,NULL),(192,511,'الف مبروك','en',NULL,NULL),(193,512,'مبروك الملجه','ar',NULL,NULL),(194,512,'مبروك الملجه','en',NULL,NULL),(195,513,'اجر و عافية','ar',NULL,NULL),(196,513,'اجر و عافية','en',NULL,NULL),(197,514,'Happy birthday','ar',NULL,NULL),(198,514,'Happy birthday','en',NULL,NULL),(199,515,'الحمد لله على السلامه','ar',NULL,NULL),(200,515,'الحمد لله على السلامه','en',NULL,NULL),(201,516,'الف مبروك','ar',NULL,NULL),(202,516,'الف مبروك','en',NULL,NULL),(203,517,'مبروك الملجه','ar',NULL,NULL),(204,517,'مبروك الملجه','en',NULL,NULL),(205,518,'اجر و عافيه','ar',NULL,NULL),(206,518,'اجر و عافيه','en',NULL,NULL),(207,519,'Happy birthday','ar',NULL,NULL),(208,519,'Happy birthday','en',NULL,NULL),(209,520,'الحمد لله على السلامه','ar',NULL,NULL),(210,520,'الحمد لله على السلامه','en',NULL,NULL),(211,521,'الف مبروك','ar',NULL,NULL),(212,521,'الف مبروك','en',NULL,NULL),(213,522,'مبروك الملجه','ar',NULL,NULL),(214,522,'مبروك الملجه','en',NULL,NULL),(215,523,'اجر وعافية','ar',NULL,NULL),(216,523,'اجر وعافية','en',NULL,NULL),(217,524,'Happy birthday','ar',NULL,NULL),(218,524,'Happy birthday','en',NULL,NULL),(219,525,'الحمد لله على السلامه','ar',NULL,NULL),(220,525,'الحمد لله على السلامه','en',NULL,NULL),(221,526,'الف ميروك','ar',NULL,NULL),(222,526,'الف ميروك','en',NULL,NULL),(223,527,'اجر و عافيه','ar',NULL,NULL),(224,527,'اجر و عافيه','en',NULL,NULL),(225,528,'مبروك الملجه','ar',NULL,NULL),(226,528,'مبروك الملجه','en',NULL,NULL),(227,529,'Happy birthday','ar',NULL,NULL),(228,529,'Happy birthday','en',NULL,NULL),(229,530,'الحمد لله على السلامه','ar',NULL,NULL),(230,530,'الحمد لله على السلامه','en',NULL,NULL),(231,531,'الف مبروك','ar',NULL,NULL),(232,531,'الف مبروك','en',NULL,NULL),(233,532,'مبروك الملجه','ar',NULL,NULL),(234,532,'مبروك الملجه','en',NULL,NULL),(235,533,'اجر و عافية','ar',NULL,NULL),(236,533,'اجر و عافية','en',NULL,NULL),(237,534,'Happy birthday','ar',NULL,NULL),(238,534,'Happy birthday','en',NULL,NULL),(239,535,'الحمد لله على السلامه','ar',NULL,NULL),(240,535,'الحمد لله على السلامه','en',NULL,NULL),(241,536,'الف مبروك','ar',NULL,NULL),(242,536,'الف مبروك','en',NULL,NULL),(243,537,'مبروك الملجه','ar',NULL,NULL),(244,537,'مبروك الملجه','en',NULL,NULL),(245,538,'اجر و عافية','ar',NULL,NULL),(246,538,'اجر و عافية','en',NULL,NULL),(247,539,'Happy birthday','ar',NULL,NULL),(248,539,'Happy birthday','en',NULL,NULL),(249,540,NULL,'ar',NULL,NULL),(250,540,NULL,'en',NULL,NULL),(251,541,'Happy birthday','ar',NULL,NULL),(252,541,'Happy birthday','en',NULL,NULL),(253,542,'Happy birthday','ar',NULL,NULL),(254,542,'Happy birthday','en',NULL,NULL),(255,543,'الحمد لله على السلامه','ar',NULL,NULL),(256,543,'الحمد لله على السلامه','en',NULL,NULL),(257,544,'مبروك المولود','ar',NULL,NULL),(258,544,'مبروك المولود','en',NULL,NULL),(259,545,'الف مبروك','ar',NULL,NULL),(260,545,'الف مبروك','en',NULL,NULL),(261,546,'ألف مبروك المولود','ar',NULL,NULL),(262,546,'ألف مبروك المولود','en',NULL,NULL),(263,547,'الحمد لله على السلامه','ar',NULL,NULL),(264,547,'الحمد لله على السلامه','en',NULL,NULL),(265,548,'الف مبروك','ar',NULL,NULL),(266,548,'الف مبروك','en',NULL,NULL),(267,549,'الحمد لله على السلامه','ar',NULL,NULL),(268,549,'الحمد لله على السلامه','en',NULL,NULL),(269,550,'ألف مبروك المولود','ar',NULL,NULL),(270,550,'ألف مبروك المولود','en',NULL,NULL),(271,551,'الحمد لله على السلامه','ar',NULL,NULL),(272,551,'الحمد لله على السلامه','en',NULL,NULL),(273,552,'ألف مبروك','ar',NULL,NULL),(274,552,'ألف مبروك','en',NULL,NULL),(275,553,'الحمد لله على السلامه','ar',NULL,NULL),(276,553,'الحمد لله على السلامه','en',NULL,NULL),(277,554,'مبروك المولود','ar',NULL,NULL),(278,554,'مبروك المولود','en',NULL,NULL),(279,555,'الف مبروك المولود','ar',NULL,NULL),(280,555,'الف مبروك المولود','en',NULL,NULL),(281,556,'الحمد لله على السلامه','ar',NULL,NULL),(282,556,'الحمد لله على السلامه','en',NULL,NULL),(283,557,'مبروك المولود','ar',NULL,NULL),(284,557,'مبروك المولود','en',NULL,NULL),(285,558,'الحمد لله على السلامه','ar',NULL,NULL),(286,558,'الحمد لله على السلامه','en',NULL,NULL),(287,559,'الف مبروك المولود','ar',NULL,NULL),(288,559,'الف مبروك المولود','en',NULL,NULL),(289,560,'الف مبروك','ar',NULL,NULL),(290,560,'الف مبروك','en',NULL,NULL),(291,561,'الحمد لله على السلامه','ar',NULL,NULL),(292,561,'الحمد لله على السلامه','en',NULL,NULL),(293,562,'اجر و عافية','ar',NULL,NULL),(294,562,'اجر و عافية','en',NULL,NULL),(295,563,'Happy birthday','ar',NULL,NULL),(296,563,'Happy birthday','en',NULL,NULL),(297,564,'الحمد لله على السلامه','ar',NULL,NULL),(298,564,'الحمد لله على السلامه','en',NULL,NULL),(299,565,'اجر و عافية','ar',NULL,NULL),(300,565,'اجر و عافية','en',NULL,NULL),(301,566,'الف مبروك','ar',NULL,NULL),(302,566,'الف مبروك','en',NULL,NULL),(303,567,'Happy birthday','ar',NULL,NULL),(304,567,'Happy birthday','en',NULL,NULL),(305,572,'الف مبروك','ar',NULL,NULL),(306,572,'الف مبروك','en',NULL,NULL),(307,573,'مبروك الملجه','ar',NULL,NULL),(308,573,'مبروك الملجه','en',NULL,NULL),(309,578,'Happy birthday','ar',NULL,NULL),(310,578,'Happy birthday','en',NULL,NULL),(311,581,'الحمد لله على السلامه','ar',NULL,NULL),(312,581,'الحمد لله على السلامه','en',NULL,NULL),(313,582,'الحمد لله على السلامه','ar',NULL,NULL),(314,582,'الحمد لله على السلامه','en',NULL,NULL),(315,583,'ألف مبروك','ar',NULL,NULL),(316,583,'ألف مبروك','en',NULL,NULL),(317,584,'اجر و عافية','ar',NULL,NULL),(318,584,'اجر و عافية','en',NULL,NULL),(319,585,'Happy birthday','ar',NULL,NULL),(320,585,'Happy birthday','en',NULL,NULL),(321,586,'الحمد لله على السلامه','ar',NULL,NULL),(322,586,'الحمد لله على السلامه','en',NULL,NULL),(323,587,'الف مبروك','ar',NULL,NULL),(324,587,'الف مبروك','en',NULL,NULL),(325,588,'Happy birthday','ar',NULL,NULL),(326,588,'Happy birthday','en',NULL,NULL),(327,589,'الحمد لله على السلامه','ar',NULL,NULL),(328,589,'الحمد لله على السلامه','en',NULL,NULL),(329,590,'الف مبروك','ar',NULL,NULL),(330,590,'الف مبروك','en',NULL,NULL),(331,591,'اجر و عافيه','ar',NULL,NULL),(332,591,'اجر و عافيه','en',NULL,NULL),(333,592,'Happy birthday','ar',NULL,NULL),(334,592,'Happy birthday','en',NULL,NULL),(335,595,'الف مبروك المولود مع اسم','ar',NULL,NULL),(336,595,'الف مبروك المولود مع اسم','en',NULL,NULL),(337,596,'ألف مبروك','ar',NULL,NULL),(338,596,'ألف مبروك','en',NULL,NULL),(339,597,'الف مبروك المولود','ar',NULL,NULL),(340,597,'الف مبروك المولود','en',NULL,NULL),(341,598,'الحمد لله على السلامه','ar',NULL,NULL),(342,598,'الحمد لله على السلامه','en',NULL,NULL),(343,599,'ألف مبروك','ar',NULL,NULL),(344,599,'ألف مبروك','en',NULL,NULL),(347,601,'الحمد لله على السلامه','ar',NULL,NULL),(348,601,'الحمد لله على السلامه','en',NULL,NULL),(349,602,'مبروك الملجه','ar',NULL,NULL),(350,602,'مبروك الملجه','en',NULL,NULL),(351,603,'الحمد لله على السلامه','ar',NULL,NULL),(352,603,'الحمد لله على السلامه','en',NULL,NULL),(353,604,'الف مبروك','ar',NULL,NULL),(354,604,'الف مبروك','en',NULL,NULL),(355,605,'مبروك الملجه','ar',NULL,NULL),(356,605,'مبروك الملجه','en',NULL,NULL),(357,606,'الف مبروك','ar',NULL,NULL),(358,606,'الف مبروك','en',NULL,NULL),(359,607,'الحمد لله على السلامه','ar',NULL,NULL),(360,607,'الحمد لله على السلامه','en',NULL,NULL),(361,608,'اجر و عافية','ar',NULL,NULL),(362,608,'اجر و عافية','en',NULL,NULL),(363,609,'مبروك الملجه','ar',NULL,NULL),(364,609,'مبروك الملجه','en',NULL,NULL),(365,610,'الف مبروك','ar',NULL,NULL),(366,610,'الف مبروك','en',NULL,NULL),(367,611,'الحمد لله على السلامه','ar',NULL,NULL),(368,611,'الحمد لله على السلامه','en',NULL,NULL),(369,612,'اجر و عافية','ar',NULL,NULL),(370,612,'اجر و عافية','en',NULL,NULL),(371,613,'مبروك الملجه','ar',NULL,NULL),(372,613,'مبروك الملجه','en',NULL,NULL),(373,614,'ألف مبروك','ar',NULL,NULL),(374,614,'ألف مبروك','en',NULL,NULL),(375,615,'الحمد لله على السلامه','ar',NULL,NULL),(376,615,'الحمد لله على السلامه','en',NULL,NULL),(377,616,'اجر و عافيه','ar',NULL,NULL),(378,616,'اجر و عافيه','en',NULL,NULL),(379,617,'مبروك الملجه','ar',NULL,NULL),(380,617,'مبروك الملجه','en',NULL,NULL),(381,618,'ألف مبروك','ar',NULL,NULL),(382,618,'ألف مبروك','en',NULL,NULL),(383,619,'مبروك الملجه','ar',NULL,NULL),(384,619,'مبروك الملجه','en',NULL,NULL),(385,620,'الحمد لله على السلامه','ar',NULL,NULL),(386,620,'الحمد لله على السلامه','en',NULL,NULL),(387,621,'اجر و عتافية','ar',NULL,NULL),(388,621,'اجر و عتافية','en',NULL,NULL),(389,622,'الف مبروك','ar',NULL,NULL),(390,622,'ألف مبروك','en',NULL,NULL),(391,623,'اجر و عتافيه','ar',NULL,NULL),(392,623,'اجر و عتافيه','en',NULL,NULL),(393,624,'الحمد لله على السلامه','ar',NULL,NULL),(394,624,'الحمد لله على السلامه','en',NULL,NULL),(395,625,'مبروك الملجه','ar',NULL,NULL),(396,625,'مبروك الملجه','en',NULL,NULL),(397,626,'الف مبروك','ar',NULL,NULL),(398,626,'الف مبروك','en',NULL,NULL),(399,627,'الحمد لله على السلامه','ar',NULL,NULL),(400,627,'الحمد لله على السلامه','en',NULL,NULL),(401,628,'اجر و عافيه','ar',NULL,NULL),(402,628,'اجر و عافيه','en',NULL,NULL),(403,629,'مبروك الملجة','ar',NULL,NULL),(404,629,'مبروك الملجة','en',NULL,NULL),(405,630,'ألف مبروك','ar',NULL,NULL),(406,630,'ألف مبروك','en',NULL,NULL),(407,631,'الحمد لله على السلامه','ar',NULL,NULL),(408,631,'الحمد لله على السلامه','en',NULL,NULL),(409,632,'اجر و عافيه','ar',NULL,NULL),(410,632,'اجر و عافيه','en',NULL,NULL),(411,633,'مبروك الملجه','ar',NULL,NULL),(412,633,'مبروك الملجه','en',NULL,NULL),(413,634,'ألف مبروك','ar',NULL,NULL),(414,634,'ألف مبروك','en',NULL,NULL),(415,635,'الحمد لله على السلامه','ar',NULL,NULL),(416,635,'الحمد لله على السلامه','en',NULL,NULL),(417,636,'اجر و عافية','ar',NULL,NULL),(418,636,'اجر و عافية','en',NULL,NULL),(419,637,'مبروك الملجه','ar',NULL,NULL),(420,637,'مبروك الملجه','en',NULL,NULL),(421,638,'ألف مبروك','ar',NULL,NULL),(422,638,'ألف مبروك','en',NULL,NULL),(423,639,'الحمد لله على السلامه','ar',NULL,NULL),(424,639,'الحمد لله على السلامه','en',NULL,NULL),(425,640,'اجر و عافية','ar',NULL,NULL),(426,640,'اجر و عافية','en',NULL,NULL),(427,641,'مبروك الملجه','ar',NULL,NULL),(428,641,'مبروك الملجه','en',NULL,NULL),(429,645,'ألف مبروك','ar',NULL,NULL),(430,645,'ألف مبروك','en',NULL,NULL),(431,647,'مبروك الملجه','ar',NULL,NULL),(432,647,'مبروك الملجه','en',NULL,NULL),(433,648,'الحمد لله على السلامه','ar',NULL,NULL),(434,648,'الحمد لله على السلامه','en',NULL,NULL),(435,650,'الحمد لله على السلامة','ar',NULL,NULL),(436,650,'الحمد لله على السلامة','en',NULL,NULL),(437,651,'ألف مبروك','ar',NULL,NULL),(438,651,'ألف مبروك','en',NULL,NULL),(439,652,'مبروك الملجه','ar',NULL,NULL),(440,652,'مبروك الملجه','en',NULL,NULL),(441,653,'Happy birthday','ar',NULL,NULL),(442,653,'Happy birthday','en',NULL,NULL),(443,654,'Happy birthday','ar',NULL,NULL),(444,654,'Happy birthday','en',NULL,NULL),(445,655,'Happy birthday','ar',NULL,NULL),(446,655,'Happy birthday','en',NULL,NULL),(447,656,'الحمد لله على السلامه','ar',NULL,NULL),(448,656,'الحمد لله على السلامه','en',NULL,NULL),(449,657,'ألف مبروك','ar',NULL,NULL),(450,657,'ألف مبروك','en',NULL,NULL),(451,658,'مبروك الملجة','ar',NULL,NULL),(452,658,'مبروك الملجة','en',NULL,NULL),(453,659,'Happy birthday','ar',NULL,NULL),(454,659,'Happy birthday','en',NULL,NULL),(455,660,'الحمد لله على السلامه','ar',NULL,NULL),(456,660,'الحمد لله على السلامه','en',NULL,NULL),(457,661,'ألف مبروك','ar',NULL,NULL),(458,661,'ألف مبروك','en',NULL,NULL),(459,662,'أجر وعافيه','ar',NULL,NULL),(460,662,'أجر وعافيه','en',NULL,NULL),(461,663,'مبروك الملجه','ar',NULL,NULL),(462,663,'مبروك الملجه','en',NULL,NULL),(463,664,'Happy birthday','ar',NULL,NULL),(464,664,'Happy birthday','en',NULL,NULL),(465,665,'الحمد لله على السلامه','ar',NULL,NULL),(466,665,'الحمد لله على السلامه','en',NULL,NULL),(467,666,'ألف مبروك','ar',NULL,NULL),(468,666,'ألف مبروك','en',NULL,NULL),(469,667,'مبروك الملجة','ar',NULL,NULL),(470,667,'مبروك الملجة','en',NULL,NULL),(471,668,'الحمد لله على السلامه','ar',NULL,NULL),(472,668,'الحمد لله على السلامه','en',NULL,NULL),(473,669,'ألف مبروك','ar',NULL,NULL),(474,669,'ألف مبروك','en',NULL,NULL),(475,670,'مبروك الملجه','ar',NULL,NULL),(476,670,'مبروك الملجه','en',NULL,NULL),(477,671,'Happy birthday','ar',NULL,NULL),(478,671,'Happy birthday','en',NULL,NULL),(479,678,'الف مبروك','ar',NULL,NULL),(480,678,'الف مبروك','en',NULL,NULL),(481,679,'الحمد لله على السلامه','ar',NULL,NULL),(482,679,'الحمد لله على السلامه','en',NULL,NULL),(483,680,'Happy birthday','ar',NULL,NULL),(484,680,'Happy birthday','en',NULL,NULL),(485,681,'ألف مبروك','ar',NULL,NULL),(486,681,'ألف مبروك','en',NULL,NULL),(487,682,'الحمد لله على السلامه','ar',NULL,NULL),(488,682,'الحمد لله على السلامه','en',NULL,NULL),(489,683,'Happy birthday','ar',NULL,NULL),(490,683,'Happy birthday','en',NULL,NULL),(491,684,'مبروك الملجه','ar',NULL,NULL),(492,684,'مبروك الملجه','en',NULL,NULL),(493,685,'الحمد لله على السلامه','ar',NULL,NULL),(494,685,'الحمد لله على السلامه','en',NULL,NULL),(495,686,'ألف مبروك','ar',NULL,NULL),(496,686,'ألف مبروك','en',NULL,NULL),(497,687,'Happy birthday','ar',NULL,NULL),(498,687,'Happy birthday','en',NULL,NULL),(499,688,'ألف مبروك','ar',NULL,NULL),(500,688,'ألف مبروك','en',NULL,NULL),(501,689,'الحمد لله على السلامه','ar',NULL,NULL),(502,689,'الحمد لله على السلامه','en',NULL,NULL),(503,690,'مبرزك الملجه','ar',NULL,NULL),(504,690,'مبرزك الملجه','en',NULL,NULL),(505,691,'Happy birthday','ar',NULL,NULL),(506,691,'Happy birthday','en',NULL,NULL),(507,692,'الحمد لله على السلامه','ar',NULL,NULL),(508,692,'الحمد لله على السلامه','en',NULL,NULL),(509,693,'ألف مبروك','ar',NULL,NULL),(510,693,'ألف مبروك','en',NULL,NULL),(511,694,'مبروك الملجه','ar',NULL,NULL),(512,694,'مبروك الملجه','en',NULL,NULL),(513,695,'Happy birthday','ar',NULL,NULL),(514,695,'Happy birthday','en',NULL,NULL),(515,696,'الحمد لله على السلامه','ar',NULL,NULL),(516,696,'الحمد لله على السلامه','en',NULL,NULL),(517,697,'الف مبروك','ar',NULL,NULL),(518,697,'الف مبروك','en',NULL,NULL),(521,699,'مبروك الملجة','ar',NULL,NULL),(522,699,'مبروك الملجة','en',NULL,NULL),(523,700,'اجر و عافية','ar',NULL,NULL),(524,700,'اجر و عافية','en',NULL,NULL),(525,701,'الحمد لله على السلامه','ar',NULL,NULL),(526,701,'الحمد لله على السلامه','en',NULL,NULL),(529,703,'ألف مبروك','ar',NULL,NULL),(530,703,'ألف مبروك','en',NULL,NULL),(531,704,'مبروك الملجه','ar',NULL,NULL),(532,704,'مبروك الملجه','en',NULL,NULL),(533,705,'اجر و عافيه','ar',NULL,NULL),(534,705,'اجر و عافيه','en',NULL,NULL),(535,706,'الحمد لله على السلامه','ar',NULL,NULL),(536,706,'الحمد لله على السلامه','en',NULL,NULL),(539,708,'ألف مبروك','ar',NULL,NULL),(540,708,'ألف مبروك','en',NULL,NULL),(541,709,'مبروك الملجة','ar',NULL,NULL),(542,709,'مبروك الملجة','en',NULL,NULL),(543,710,'اجر و عافية','ar',NULL,NULL),(544,710,'اجر و عافية','en',NULL,NULL),(545,711,'الحمد لله على السلامه','ar',NULL,NULL),(546,711,'الحمد لله على السلامه','en',NULL,NULL),(547,712,'ألف مبروك','ar',NULL,NULL),(548,712,'ألف مبروك','en',NULL,NULL),(549,713,'مبروك الملجة','ar',NULL,NULL),(550,713,'مبروك الملجة','en',NULL,NULL),(551,714,'اجر و عافية','ar',NULL,NULL),(552,714,'اجر و عافية','en',NULL,NULL),(553,715,'الحمد لله على السلامه','ar',NULL,NULL),(554,715,'اضافة لوحه اكرلك','en',NULL,NULL),(555,716,'الف مبروك','ar',NULL,NULL),(556,716,'الف مبروك','en',NULL,NULL),(557,717,'مبروك الملجة','ar',NULL,NULL),(558,717,'مبروك الملجة','en',NULL,NULL),(559,718,'اجر و عافية','ar',NULL,NULL),(560,718,'اجر و عافية','en',NULL,NULL),(561,719,'الحمد لله على السلامه','ar',NULL,NULL),(562,719,'الحمد لله على السلامه','en',NULL,NULL),(563,720,'الف مبروك','ar',NULL,NULL),(564,720,'الف مبروك','en',NULL,NULL),(565,721,'اجر و عافية','ar',NULL,NULL),(566,721,'اجر و عافية','en',NULL,NULL),(567,722,'مبروك الملجه','ar',NULL,NULL),(568,722,'مبروك الملجه','en',NULL,NULL),(569,723,'الحمد لله على السلامه','ar',NULL,NULL),(570,723,'الحمد لله على السلامه','en',NULL,NULL),(571,724,'الف مبرو ك','ar',NULL,NULL),(572,724,'الف مبرو ك','en',NULL,NULL),(573,725,'مبروك الملجه','ar',NULL,NULL),(574,725,'مبروك الملجه','en',NULL,NULL),(575,726,'اجر و عافية','ar',NULL,NULL),(576,726,'اجر و عافية','en',NULL,NULL),(577,727,'ألأف مبروك','ar',NULL,NULL),(578,727,'ألأف مبروك','en',NULL,NULL),(579,728,'الحمد لله على السلامه','ar',NULL,NULL),(580,728,'الحمد لله على السلامه','en',NULL,NULL),(581,729,'أجر و عافيه','ar',NULL,NULL),(582,729,'أجر و عافيه','en',NULL,NULL),(583,730,'مبروك الملجه','ar',NULL,NULL),(584,730,'مبروك الملجه','en',NULL,NULL),(585,731,'الف مبروك','ar',NULL,NULL),(586,731,'الف مبروك','en',NULL,NULL),(587,732,'الحمد لله على السلامه','ar',NULL,NULL),(588,732,'الحمد لله على السلامه','en',NULL,NULL),(589,733,'اجر و عافيه','ar',NULL,NULL),(590,733,'اجر و عافيه','en',NULL,NULL),(591,734,'منزل مبارك','ar',NULL,NULL),(592,734,'منزل مبارك','en',NULL,NULL),(593,735,'الف مبروك','ar',NULL,NULL),(594,735,'الف مبروك','en',NULL,NULL),(595,736,'الحمد لله على السلامه','ar',NULL,NULL),(596,736,'الحمد لله على السلامه','en',NULL,NULL),(597,737,NULL,'ar',NULL,NULL),(598,737,NULL,'en',NULL,NULL),(599,738,'الف مبروك','ar',NULL,NULL),(600,738,'الف مبروك','en',NULL,NULL),(601,739,'الحمد لله على السلامه','ar',NULL,NULL),(602,739,'الحمد لله على السلامه','en',NULL,NULL),(603,740,'مبروك المولود','ar',NULL,NULL),(604,740,'مبروك المولود','en',NULL,NULL),(607,742,'الحمد لله على السلامه','ar',NULL,NULL),(608,742,'الحمد لله على السلامه','en',NULL,NULL),(609,743,'ألف مبروك','ar',NULL,NULL),(610,743,'ألف مبروك','en',NULL,NULL),(611,744,'مبروك المولود','ar',NULL,NULL),(612,744,'مبروك المولود','en',NULL,NULL),(613,745,'الحمد لله على السلامه','ar',NULL,NULL),(614,745,'الحمد لله على السلامه','en',NULL,NULL),(615,746,'ألف مبروك','ar',NULL,NULL),(616,746,'ألف مبروك','en',NULL,NULL),(617,747,'مبروك الملجه','ar',NULL,NULL),(618,747,'مبروك الملجه','en',NULL,NULL),(619,748,'الف مبروك','ar',NULL,NULL),(620,748,'الف مبروك','en',NULL,NULL),(621,749,'الحمد لله على السلامه','ar',NULL,NULL),(622,749,'الحمد لله على السلامه','en',NULL,NULL),(623,750,'مبروك الملجه','ar',NULL,NULL),(624,750,'مبروك الملجه','en',NULL,NULL);

--
-- Table structure for table `feature_options`
--

CREATE TABLE `feature_options` (
  `id` int unsigned NOT NULL AUTO_INCREMENT,
  `price` decimal(8,2) DEFAULT '0.00',
  `count` int DEFAULT '0',
  `feature_id` int unsigned DEFAULT NULL,
  `created_at` timestamp NULL DEFAULT NULL,
  `updated_at` timestamp NULL DEFAULT NULL,
  `color` varchar(191) CHARACTER SET utf8mb4 COLLATE utf8mb4_unicode_ci DEFAULT NULL,
  `mainprice` decimal(8,3) DEFAULT NULL,
  `image` varchar(191) CHARACTER SET utf8mb4 COLLATE utf8mb4_unicode_ci DEFAULT NULL,
  PRIMARY KEY (`id`),
  KEY `feature_options_feature_id_foreign` (`feature_id`),
  CONSTRAINT `feature_options_feature_id_foreign` FOREIGN KEY (`feature_id`) REFERENCES `features` (`id`) ON DELETE CASCADE
) ENGINE=InnoDB AUTO_INCREMENT=751 DEFAULT CHARSET=utf8mb4 COLLATE=utf8mb4_unicode_ci;

--
-- Dumping data for table `feature_options`
--

INSERT INTO `feature_options` (`id`, `price`, `count`, `feature_id`, `created_at`, `updated_at`, `color`, `mainprice`, `image`) VALUES (36,1.00,0,29,'2024-12-11 13:18:54','2024-12-11 13:18:54','undefined',0.000,'2024-12-11-vn5cQA6qaaFzBkeGqzBHjMRehsvbS1otrHkz4Avl.webp'),(37,1.00,0,29,'2024-12-11 13:18:55','2024-12-11 13:18:55','undefined',0.000,'2024-12-11-71QYyx84fWL._AC_UF1000,1000_QL80_.jpg'),(144,3.00,0,39,'2025-04-20 12:57:01','2025-04-20 12:57:01','undefined',0.000,'2025-04-20-images.png'),(151,3.00,0,39,'2025-04-20 12:57:41','2025-04-20 12:57:41','undefined',0.000,'2025-04-20-images.png'),(159,1.00,0,40,'2025-04-20 13:02:17','2025-04-20 13:02:17','undefined',0.000,'2025-04-20-تنزيل.jpg'),(160,1.00,0,40,'2025-04-20 13:02:17','2025-04-20 13:02:17','undefined',0.000,'2025-04-20-تنزيل.jpg'),(232,1.00,0,41,'2025-04-20 13:06:09','2025-04-20 13:06:09','undefined',0.000,'2025-04-20-images.png'),(260,1.00,0,42,'2025-04-20 13:14:37','2025-04-20 13:14:37','undefined',0.000,'2025-04-20-images.png'),(261,1.00,0,42,'2025-04-20 13:14:38','2025-04-20 13:14:38','undefined',0.000,'2025-04-20-images.png'),(298,1.00,0,44,'2025-04-22 12:26:22','2025-04-22 12:26:22','undefined',0.000,'undefined'),(299,1.00,0,44,'2025-04-22 12:26:25','2025-04-22 12:26:25','undefined',0.000,'undefined'),(326,1.00,0,51,'2025-05-27 18:52:30','2025-05-27 18:52:30','undefined',0.000,'2025-05-27-تنزيل.jpg'),(327,1.00,0,51,'2025-05-27 18:53:40','2025-05-27 18:53:40','undefined',0.000,'2025-05-27-تنزيل (1).png'),(437,20.00,0,54,'2025-05-28 22:36:10','2025-05-28 22:36:10','undefined',0.000,'undefined'),(460,1.00,0,55,'2025-05-31 12:23:14','2025-05-31 12:23:14','undefined',0.000,'2025-05-31-شش3.jpg'),(461,2.00,0,55,'2025-05-31 12:23:16','2025-05-31 12:23:16','undefined',0.000,'2025-05-31-ش1.jpg'),(462,0.00,0,56,'2025-05-31 12:33:16','2025-05-31 12:33:16','undefined',0.000,'2025-05-31-شش3.jpg'),(463,0.00,0,56,'2025-05-31 12:33:20','2025-05-31 12:33:20','undefined',0.000,'2025-05-31-ش.jpg'),(464,0.00,0,56,'2025-05-31 12:33:22','2025-05-31 12:33:22','undefined',0.000,'2025-05-31-ش.jpg'),(465,2.00,0,57,'2025-06-03 14:36:31','2025-06-03 14:36:31','undefined',0.000,'2025-06-03-صورة واتساب بتاريخ 1446-12-07 في 14.25.30_e2475117.jpg'),(466,4.00,0,57,'2025-06-03 14:36:32','2025-06-03 14:36:32','undefined',0.000,'2025-06-03-صورة واتساب بتاريخ 1446-12-07 في 14.25.30_e2475117.jpg'),(467,4.00,0,57,'2025-06-03 14:36:34','2025-06-03 14:36:34','undefined',0.000,'2025-06-03-صورة واتساب بتاريخ 1446-12-07 في 14.25.30_e2475117.jpg'),(468,6.00,0,57,'2025-06-03 14:36:39','2025-06-03 14:36:39','undefined',0.000,'2025-06-03-صورة واتساب بتاريخ 1446-12-07 في 14.25.30_e2475117.jpg'),(469,1.00,0,58,'2025-06-03 18:34:48','2025-06-03 18:34:48','undefined',0.000,'undefined'),(474,1.00,0,61,'2025-06-04 14:07:15','2025-06-04 14:07:15','undefined',0.000,'2025-06-04-9.jpg'),(475,1.00,0,61,'2025-06-04 14:07:22','2025-06-04 14:07:22','undefined',0.000,'2025-06-04-9.jpg'),(476,1.00,0,61,'2025-06-04 14:07:49','2025-06-04 14:07:49','undefined',0.000,'2025-06-04-2.jpg'),(477,54444.00,0,62,'2025-06-04 14:09:00','2025-06-04 14:09:00','undefined',0.000,'2025-06-04-طلباات-قمر-الدين.jpg'),(478,43432.00,0,62,'2025-06-04 14:09:47','2025-06-04 14:09:47','undefined',0.000,'2025-06-04-2.png'),(479,1.00,0,63,'2025-06-04 16:42:44','2025-06-04 16:42:44','undefined',0.000,'undefined'),(481,1.00,0,63,'2025-06-04 16:43:40','2025-06-04 16:43:40','undefined',0.000,'2025-06-04-10.jpg'),(484,5.00,0,64,'2025-06-04 17:44:28','2025-06-04 17:44:28','undefined',0.000,'2025-06-04-طلباات-قمر-الدين.jpg'),(485,0.70,0,65,'2025-06-07 10:18:21','2025-06-07 10:18:21','undefined',0.000,'undefined'),(486,0.70,0,68,'2025-06-07 10:25:01','2025-06-07 10:25:01','undefined',0.000,'undefined'),(487,0.70,0,65,'2025-06-07 10:32:22','2025-06-07 10:32:22','undefined',0.000,'undefined'),(488,0.70,0,65,'2025-06-07 10:32:36','2025-06-07 10:32:36','undefined',0.000,'undefined'),(489,0.70,0,69,'2025-06-07 10:37:18','2025-06-07 10:37:18','undefined',0.000,'undefined'),(490,0.70,0,69,'2025-06-07 10:37:37','2025-06-07 10:37:37','undefined',0.000,'undefined'),(491,0.70,0,69,'2025-06-07 10:37:54','2025-06-07 10:37:54','undefined',0.000,'undefined'),(492,0.70,0,69,'2025-06-07 10:38:08','2025-06-07 10:38:08','undefined',0.000,'undefined'),(498,0.70,0,72,'2025-06-07 10:48:52','2025-06-07 10:48:52','undefined',0.000,'undefined'),(499,0.70,0,72,'2025-06-07 10:49:07','2025-06-07 10:49:07','undefined',0.000,'undefined'),(500,0.70,0,72,'2025-06-07 10:56:53','2025-06-07 10:56:53','undefined',0.000,'undefined'),(501,0.70,0,73,'2025-06-07 11:07:55','2025-06-07 11:07:55','undefined',0.000,'undefined'),(502,0.70,0,73,'2025-06-07 11:08:08','2025-06-07 11:08:08','undefined',0.000,'undefined'),(503,0.70,0,73,'2025-06-07 11:08:27','2025-06-07 11:08:27','undefined',0.000,'undefined'),(504,1.00,0,73,'2025-06-07 11:08:40','2025-06-07 11:08:40','undefined',0.000,'undefined'),(505,0.70,0,74,'2025-06-07 11:16:26','2025-06-07 11:16:26','undefined',0.000,'undefined'),(506,0.70,0,74,'2025-06-07 11:16:39','2025-06-07 11:16:39','undefined',0.000,'undefined'),(507,0.70,0,74,'2025-06-07 11:16:54','2025-06-07 11:16:54','undefined',0.000,'undefined'),(508,0.70,0,74,'2025-06-07 11:17:19','2025-06-07 11:17:19','undefined',0.000,'undefined'),(509,1.00,0,74,'2025-06-07 11:17:37','2025-06-07 11:17:37','undefined',0.000,'undefined'),(510,0.70,0,75,'2025-06-07 11:29:29','2025-06-07 11:29:29','undefined',0.000,'undefined'),(511,0.70,0,75,'2025-06-07 11:29:40','2025-06-07 11:29:40','undefined',0.000,'undefined'),(512,0.70,0,75,'2025-06-07 11:29:55','2025-06-07 11:29:55','undefined',0.000,'undefined'),(513,0.70,0,75,'2025-06-07 11:30:13','2025-06-07 11:30:13','undefined',0.000,'undefined'),(514,1.00,0,75,'2025-06-07 11:30:25','2025-06-07 11:30:25','undefined',0.000,'undefined'),(515,0.70,0,76,'2025-06-07 11:34:37','2025-06-07 11:34:37','undefined',0.000,'undefined'),(516,0.70,0,76,'2025-06-07 11:34:58','2025-06-07 11:34:58','undefined',0.000,'undefined'),(517,0.70,0,76,'2025-06-07 11:34:59','2025-06-07 11:34:59','undefined',0.000,'undefined'),(518,0.70,0,76,'2025-06-07 11:35:19','2025-06-07 11:35:19','undefined',0.000,'undefined'),(519,1.00,0,76,'2025-06-07 11:35:32','2025-06-07 11:35:32','undefined',0.000,'undefined'),(520,0.70,0,77,'2025-06-07 11:46:28','2025-06-07 11:46:28','undefined',0.000,'undefined'),(521,0.70,0,77,'2025-06-07 11:46:41','2025-06-07 11:46:41','undefined',0.000,'undefined'),(522,0.70,0,77,'2025-06-07 11:46:57','2025-06-07 11:46:57','undefined',0.000,'undefined'),(523,0.70,0,77,'2025-06-07 11:47:10','2025-06-07 11:47:10','undefined',0.000,'undefined'),(524,1.00,0,77,'2025-06-07 11:47:26','2025-06-07 11:47:26','undefined',0.000,'undefined'),(525,0.70,0,78,'2025-06-07 11:50:37','2025-06-07 11:50:37','undefined',0.000,'undefined'),(526,0.70,0,78,'2025-06-07 11:50:47','2025-06-07 11:50:47','undefined',0.000,'undefined'),(527,0.70,0,78,'2025-06-07 11:51:00','2025-06-07 11:51:00','undefined',0.000,'undefined'),(528,0.70,0,78,'2025-06-07 11:51:14','2025-06-07 11:51:14','undefined',0.000,'undefined'),(529,1.00,0,78,'2025-06-07 11:51:29','2025-06-07 11:51:29','undefined',0.000,'undefined'),(530,0.70,0,79,'2025-06-07 12:07:02','2025-06-07 12:07:02','undefined',0.000,'undefined'),(531,0.70,0,79,'2025-06-07 12:07:15','2025-06-07 12:07:15','undefined',0.000,'undefined'),(532,0.70,0,79,'2025-06-07 12:07:47','2025-06-07 12:07:47','undefined',0.000,'undefined'),(533,0.70,0,79,'2025-06-07 12:08:04','2025-06-07 12:08:04','undefined',0.000,'undefined'),(534,1.00,0,79,'2025-06-07 12:08:19','2025-06-07 12:08:19','undefined',0.000,'undefined'),(535,0.70,0,80,'2025-06-07 12:28:57','2025-06-07 12:28:57','undefined',0.000,'undefined'),(536,0.70,0,80,'2025-06-07 12:29:20','2025-06-07 12:29:20','undefined',0.000,'undefined'),(537,0.70,0,80,'2025-06-07 12:29:43','2025-06-07 12:29:43','undefined',0.000,'undefined'),(538,0.70,0,80,'2025-06-07 12:30:25','2025-06-07 12:30:25','undefined',0.000,'undefined'),(539,1.00,0,80,'2025-06-07 12:30:43','2025-06-07 12:30:43','undefined',0.000,'undefined'),(540,NULL,0,72,'2025-06-08 09:32:15','2025-06-08 09:32:15','undefined',0.000,'undefined'),(541,1.00,0,69,'2025-06-08 09:33:10','2025-06-08 09:33:10','undefined',0.000,'undefined'),(542,1.00,0,69,'2025-06-08 09:33:11','2025-06-08 09:33:11','undefined',0.000,'undefined'),(543,0.70,0,81,'2025-06-08 18:42:10','2025-06-08 18:42:10','undefined',0.000,'undefined'),(544,0.70,0,81,'2025-06-08 18:42:27','2025-06-08 18:42:27','undefined',0.000,'undefined'),(545,0.70,0,81,'2025-06-08 18:42:45','2025-06-08 18:42:45','undefined',0.000,'undefined'),(546,0.70,0,82,'2025-06-08 18:47:51','2025-06-08 18:47:51','undefined',0.000,'undefined'),(547,0.70,0,82,'2025-06-08 18:48:07','2025-06-08 18:48:07','undefined',0.000,'undefined'),(548,0.70,0,82,'2025-06-08 18:48:26','2025-06-08 18:48:26','undefined',0.000,'undefined'),(549,0.70,0,83,'2025-06-08 18:50:49','2025-06-08 18:50:49','undefined',0.000,'undefined'),(550,0.70,0,83,'2025-06-08 18:51:03','2025-06-08 18:51:03','undefined',0.000,'undefined'),(551,0.70,0,84,'2025-06-08 18:58:20','2025-06-08 18:58:20','undefined',0.000,'undefined'),(552,0.70,0,84,'2025-06-08 18:58:31','2025-06-08 18:58:31','undefined',0.000,'undefined'),(553,0.70,0,85,'2025-06-08 19:00:29','2025-06-08 19:00:29','undefined',0.000,'undefined'),(554,0.70,0,85,'2025-06-08 19:00:50','2025-06-08 19:00:50','undefined',0.000,'undefined'),(555,0.70,0,86,'2025-06-08 19:03:42','2025-06-08 19:03:42','undefined',0.000,'undefined'),(556,0.70,0,86,'2025-06-08 19:03:57','2025-06-08 19:03:57','undefined',0.000,'undefined'),(557,0.70,0,87,'2025-06-08 19:07:22','2025-06-08 19:07:22','undefined',0.000,'undefined'),(558,0.70,0,87,'2025-06-08 19:07:36','2025-06-08 19:07:36','undefined',0.000,'undefined'),(559,0.70,0,88,'2025-06-08 19:22:35','2025-06-08 19:22:35','undefined',0.000,'undefined'),(560,0.70,0,89,'2025-06-08 20:45:54','2025-06-08 20:45:54','undefined',0.000,'undefined'),(561,0.70,0,89,'2025-06-08 20:46:07','2025-06-08 20:46:07','undefined',0.000,'undefined'),(562,0.70,0,89,'2025-06-08 20:46:26','2025-06-08 20:46:26','undefined',0.000,'undefined'),(563,1.00,0,89,'2025-06-08 20:48:58','2025-06-08 20:48:58','undefined',0.000,'undefined'),(564,0.70,0,90,'2025-06-08 20:52:27','2025-06-08 20:52:27','undefined',0.000,'undefined'),(565,0.70,0,90,'2025-06-08 20:52:44','2025-06-08 20:52:44','undefined',0.000,'undefined'),(566,0.70,0,90,'2025-06-08 20:52:56','2025-06-08 20:52:56','undefined',0.000,'undefined'),(567,1.00,0,90,'2025-06-08 20:53:14','2025-06-08 20:53:14','undefined',0.000,'undefined'),(572,0.70,0,91,'2025-06-08 21:05:59','2025-06-08 21:05:59','undefined',0.000,'undefined'),(573,NULL,0,91,'2025-06-08 21:05:59','2025-06-08 21:05:59','undefined',0.000,'undefined'),(578,1.00,0,91,'2025-06-08 21:06:18','2025-06-08 21:06:18','undefined',0.000,'undefined'),(581,0.70,0,91,'2025-06-08 21:07:38','2025-06-08 21:07:38','undefined',0.000,'undefined'),(582,0.70,0,92,'2025-06-08 21:15:21','2025-06-08 21:15:21','undefined',0.000,'undefined'),(583,0.70,0,92,'2025-06-08 21:15:33','2025-06-08 21:15:33','undefined',0.000,'undefined'),(584,0.70,0,92,'2025-06-08 21:15:49','2025-06-08 21:15:49','undefined',0.000,'undefined'),(585,1.00,0,92,'2025-06-08 21:16:40','2025-06-08 21:16:40','undefined',0.000,'undefined'),(586,0.70,0,93,'2025-06-08 21:18:46','2025-06-08 21:18:46','undefined',0.000,'undefined'),(587,0.70,0,93,'2025-06-08 21:19:12','2025-06-08 21:19:12','undefined',0.000,'undefined'),(588,1.00,0,93,'2025-06-08 21:19:40','2025-06-08 21:19:40','undefined',0.000,'undefined'),(589,0.70,0,94,'2025-06-08 21:26:58','2025-06-08 21:26:58','undefined',0.000,'undefined'),(590,0.70,0,94,'2025-06-08 21:27:14','2025-06-08 21:27:14','undefined',0.000,'undefined'),(591,0.70,0,94,'2025-06-08 21:27:32','2025-06-08 21:27:32','undefined',0.000,'undefined'),(592,1.00,0,94,'2025-06-08 21:27:47','2025-06-08 21:27:47','undefined',0.000,'undefined'),(595,1.00,0,97,'2025-06-16 10:10:50','2025-06-16 10:10:50','undefined',0.000,'undefined'),(596,0.70,0,98,'2025-06-16 11:36:31','2025-06-16 11:36:31','undefined',0.000,'undefined'),(597,0.70,0,98,'2025-06-16 11:36:50','2025-06-16 11:36:50','undefined',0.000,'undefined'),(598,0.70,0,98,'2025-06-16 11:37:08','2025-06-16 11:37:08','undefined',0.000,'undefined'),(599,0.70,0,99,'2025-07-04 17:10:08','2025-07-04 17:10:08','undefined',0.000,'undefined'),(601,0.70,0,99,'2025-07-04 17:11:01','2025-07-04 17:11:01','undefined',0.000,'undefined'),(602,0.70,0,99,'2025-07-04 17:12:23','2025-07-04 17:12:23','undefined',0.000,'undefined'),(603,0.70,0,100,'2025-07-04 17:58:36','2025-07-04 17:58:36','undefined',0.000,'undefined'),(604,0.70,0,100,'2025-07-04 17:58:47','2025-07-04 17:58:47','undefined',0.000,'undefined'),(605,0.70,0,100,'2025-07-04 17:58:59','2025-07-04 17:58:59','undefined',0.000,'undefined'),(606,0.70,0,101,'2025-07-05 10:01:46','2025-07-05 10:01:46','undefined',0.000,'undefined'),(607,0.70,0,101,'2025-07-05 10:02:00','2025-07-05 10:02:00','undefined',0.000,'undefined'),(608,0.70,0,101,'2025-07-05 10:02:16','2025-07-05 10:02:16','undefined',0.000,'undefined'),(609,NULL,0,101,'2025-07-05 10:02:25','2025-07-05 10:02:25','undefined',0.000,'undefined'),(610,0.70,0,102,'2025-07-05 10:11:31','2025-07-05 10:11:31','undefined',0.000,'undefined'),(611,0.70,0,102,'2025-07-05 10:11:46','2025-07-05 10:11:46','undefined',0.000,'undefined'),(612,0.70,0,102,'2025-07-05 10:12:02','2025-07-05 10:12:02','undefined',0.000,'undefined'),(613,0.70,0,102,'2025-07-05 10:12:17','2025-07-05 10:12:17','undefined',0.000,'undefined'),(614,0.70,0,103,'2025-07-05 10:13:57','2025-07-05 10:13:57','undefined',0.000,'undefined'),(615,0.70,0,103,'2025-07-05 10:14:12','2025-07-05 10:14:12','undefined',0.000,'undefined'),(616,0.70,0,103,'2025-07-05 10:14:27','2025-07-05 10:14:27','undefined',0.000,'undefined'),(617,0.70,0,103,'2025-07-05 10:14:44','2025-07-05 10:14:44','undefined',0.000,'undefined'),(618,0.70,0,104,'2025-07-05 10:16:46','2025-07-05 10:16:46','undefined',0.000,'undefined'),(619,0.70,0,104,'2025-07-05 10:16:59','2025-07-05 10:16:59','undefined',0.000,'undefined'),(620,0.70,0,104,'2025-07-05 10:17:22','2025-07-05 10:17:22','undefined',0.000,'undefined'),(621,0.70,0,104,'2025-07-05 10:17:35','2025-07-05 10:17:35','undefined',0.000,'undefined'),(622,0.70,0,105,'2025-07-05 10:20:34','2025-07-05 10:20:34','undefined',0.000,'undefined'),(623,0.70,0,105,'2025-07-05 10:21:31','2025-07-05 10:21:31','undefined',0.000,'undefined'),(624,0.70,0,105,'2025-07-05 10:21:42','2025-07-05 10:21:42','undefined',0.000,'undefined'),(625,0.70,0,105,'2025-07-05 10:22:04','2025-07-05 10:22:04','undefined',0.000,'undefined'),(626,0.70,0,106,'2025-07-05 10:25:29','2025-07-05 10:25:29','undefined',0.000,'undefined'),(627,0.70,0,106,'2025-07-05 10:25:52','2025-07-05 10:25:52','undefined',0.000,'undefined'),(628,0.70,0,106,'2025-07-05 10:26:05','2025-07-05 10:26:05','undefined',0.000,'undefined'),(629,0.70,0,106,'2025-07-05 10:26:23','2025-07-05 10:26:23','undefined',0.000,'undefined'),(630,0.70,0,107,'2025-07-05 10:29:38','2025-07-05 10:29:38','undefined',0.000,'undefined'),(631,0.70,0,107,'2025-07-05 10:29:53','2025-07-05 10:29:53','undefined',0.000,'undefined'),(632,0.70,0,107,'2025-07-05 10:30:09','2025-07-05 10:30:09','undefined',0.000,'undefined'),(633,0.70,0,107,'2025-07-05 10:30:28','2025-07-05 10:30:28','undefined',0.000,'undefined'),(634,0.70,0,108,'2025-07-05 10:35:38','2025-07-05 10:35:38','undefined',0.000,'undefined'),(635,0.70,0,108,'2025-07-05 10:35:57','2025-07-05 10:35:57','undefined',0.000,'undefined'),(636,0.70,0,108,'2025-07-05 10:36:10','2025-07-05 10:36:10','undefined',0.000,'undefined'),(637,0.70,0,108,'2025-07-05 10:36:26','2025-07-05 10:36:26','undefined',0.000,'undefined'),(638,0.70,0,109,'2025-07-05 10:38:51','2025-07-05 10:38:51','undefined',0.000,'undefined'),(639,0.70,0,109,'2025-07-05 10:39:09','2025-07-05 10:39:09','undefined',0.000,'undefined'),(640,0.70,0,109,'2025-07-05 10:39:22','2025-07-05 10:39:22','undefined',0.000,'undefined'),(641,0.70,0,109,'2025-07-05 10:39:39','2025-07-05 10:39:39','undefined',0.000,'undefined'),(645,0.70,0,110,'2025-07-07 17:30:46','2025-07-07 17:30:46','undefined',0.000,'undefined'),(647,0.70,0,110,'2025-07-07 17:31:16','2025-07-07 17:31:16','undefined',0.000,'undefined'),(648,0.70,0,110,'2025-07-07 17:31:31','2025-07-07 17:31:31','undefined',0.000,'undefined'),(650,0.70,0,111,'2025-07-07 17:34:15','2025-07-07 17:34:15','undefined',0.000,'undefined'),(651,0.70,0,111,'2025-07-07 17:34:26','2025-07-07 17:34:26','undefined',0.000,'undefined'),(652,0.70,0,111,'2025-07-07 17:34:50','2025-07-07 17:34:50','undefined',0.000,'undefined'),(653,1.00,0,111,'2025-07-07 17:35:32','2025-07-07 17:35:32','undefined',0.000,'undefined'),(654,1.00,0,110,'2025-07-07 17:36:01','2025-07-07 17:36:01','undefined',0.000,'undefined'),(655,1.00,0,112,'2025-07-07 17:39:03','2025-07-07 17:39:03','undefined',0.000,'undefined'),(656,0.70,0,112,'2025-07-07 17:39:19','2025-07-07 17:39:19','undefined',0.000,'undefined'),(657,0.70,0,112,'2025-07-07 17:39:30','2025-07-07 17:39:30','undefined',0.000,'undefined'),(658,0.70,0,112,'2025-07-07 17:40:20','2025-07-07 17:40:20','undefined',0.000,'undefined'),(659,1.00,0,113,'2025-07-07 17:42:59','2025-07-07 17:42:59','undefined',0.000,'undefined'),(660,0.70,0,113,'2025-07-07 17:43:18','2025-07-07 17:43:18','undefined',0.000,'undefined'),(661,0.70,0,113,'2025-07-07 17:43:28','2025-07-07 17:43:28','undefined',0.000,'undefined'),(662,0.70,0,113,'2025-07-07 17:44:17','2025-07-07 17:44:17','undefined',0.000,'undefined'),(663,0.70,0,113,'2025-07-07 17:44:41','2025-07-07 17:44:41','undefined',0.000,'undefined'),(664,1.00,0,114,'2025-07-07 17:45:56','2025-07-07 17:45:56','undefined',0.000,'undefined'),(665,0.70,0,114,'2025-07-07 17:46:20','2025-07-07 17:46:20','undefined',0.000,'undefined'),(666,0.70,0,114,'2025-07-07 17:46:31','2025-07-07 17:46:31','undefined',0.000,'undefined'),(667,0.70,0,114,'2025-07-07 17:47:40','2025-07-07 17:47:40','undefined',0.000,'undefined'),(668,0.70,0,115,'2025-07-07 17:52:44','2025-07-07 17:52:44','undefined',0.000,'undefined'),(669,0.70,0,115,'2025-07-07 17:52:58','2025-07-07 17:52:58','undefined',0.000,'undefined'),(670,0.70,0,115,'2025-07-07 17:53:20','2025-07-07 17:53:20','undefined',0.000,'undefined'),(671,1.00,0,115,'2025-07-07 17:53:42','2025-07-07 17:53:42','undefined',0.000,'undefined'),(678,0.70,0,116,'2025-07-07 17:58:47','2025-07-07 17:58:47','undefined',0.000,'undefined'),(679,0.70,0,116,'2025-07-07 17:59:04','2025-07-07 17:59:04','undefined',0.000,'undefined'),(680,1.00,0,116,'2025-07-07 17:59:42','2025-07-07 17:59:42','undefined',0.000,'undefined'),(681,0.70,0,117,'2025-07-07 18:02:06','2025-07-07 18:02:06','undefined',0.000,'undefined'),(682,0.70,0,117,'2025-07-07 18:02:20','2025-07-07 18:02:20','undefined',0.000,'undefined'),(683,0.70,0,117,'2025-07-07 18:02:31','2025-07-07 18:02:31','undefined',0.000,'undefined'),(684,0.70,0,117,'2025-07-07 18:02:45','2025-07-07 18:02:45','undefined',0.000,'undefined'),(685,0.70,0,118,'2025-07-07 18:04:29','2025-07-07 18:04:29','undefined',0.000,'undefined'),(686,0.70,0,118,'2025-07-07 18:04:40','2025-07-07 18:04:40','undefined',0.000,'undefined'),(687,1.00,0,118,'2025-07-07 18:04:50','2025-07-07 18:04:50','undefined',0.000,'undefined'),(688,0.70,0,119,'2025-07-07 18:07:01','2025-07-07 18:07:01','undefined',0.000,'undefined'),(689,0.70,0,119,'2025-07-07 18:07:14','2025-07-07 18:07:14','undefined',0.000,'undefined'),(690,0.70,0,119,'2025-07-07 18:07:28','2025-07-07 18:07:28','undefined',0.000,'undefined'),(691,1.00,0,119,'2025-07-07 18:07:39','2025-07-07 18:07:39','undefined',0.000,'undefined'),(692,0.70,0,120,'2025-07-07 18:09:12','2025-07-07 18:09:12','undefined',0.000,'undefined'),(693,0.70,0,120,'2025-07-07 18:09:24','2025-07-07 18:09:24','undefined',0.000,'undefined'),(694,0.70,0,120,'2025-07-07 18:09:37','2025-07-07 18:09:37','undefined',0.000,'undefined'),(695,1.00,0,120,'2025-07-07 18:09:50','2025-07-07 18:09:50','undefined',0.000,'undefined'),(696,0.70,0,121,'2025-07-07 18:11:49','2025-07-07 18:11:49','undefined',0.000,'undefined'),(697,0.70,0,121,'2025-07-07 18:12:00','2025-07-07 18:12:00','undefined',0.000,'undefined'),(699,0.70,0,121,'2025-07-07 18:12:25','2025-07-07 18:12:25','undefined',0.000,'undefined'),(700,0.70,0,121,'2025-07-07 18:12:40','2025-07-07 18:12:40','undefined',0.000,'undefined'),(701,0.70,0,122,'2025-07-07 18:14:24','2025-07-07 18:14:24','undefined',0.000,'undefined'),(703,0.70,0,122,'2025-07-07 18:14:57','2025-07-07 18:14:57','undefined',0.000,'undefined'),(704,0.70,0,122,'2025-07-07 18:15:09','2025-07-07 18:15:09','undefined',0.000,'undefined'),(705,0.70,0,122,'2025-07-07 18:15:21','2025-07-07 18:15:21','undefined',0.000,'undefined'),(706,0.70,0,123,'2025-07-07 18:26:46','2025-07-07 18:26:46','undefined',0.000,'undefined'),(708,0.70,0,123,'2025-07-07 18:27:17','2025-07-07 18:27:17','undefined',0.000,'undefined'),(709,0.70,0,123,'2025-07-07 18:27:30','2025-07-07 18:27:30','undefined',0.000,'undefined'),(710,0.70,0,123,'2025-07-07 18:27:43','2025-07-07 18:27:43','undefined',0.000,'undefined'),(711,0.70,0,124,'2025-07-07 18:30:09','2025-07-07 18:30:09','undefined',0.000,'undefined'),(712,0.70,0,124,'2025-07-07 18:30:23','2025-07-07 18:30:23','undefined',0.000,'undefined'),(713,0.70,0,124,'2025-07-07 18:31:19','2025-07-07 18:31:19','undefined',0.000,'undefined'),(714,0.70,0,124,'2025-07-07 18:31:37','2025-07-07 18:31:37','undefined',0.000,'undefined'),(715,0.70,0,125,'2025-07-07 18:33:49','2025-07-07 18:33:49','undefined',0.000,'undefined'),(716,0.70,0,125,'2025-07-07 18:34:13','2025-07-07 18:34:13','undefined',0.000,'undefined'),(717,0.70,0,125,'2025-07-07 18:34:28','2025-07-07 18:34:28','undefined',0.000,'undefined'),(718,0.70,0,125,'2025-07-07 18:34:45','2025-07-07 18:34:45','undefined',0.000,'undefined'),(719,0.70,0,126,'2025-07-07 18:36:36','2025-07-07 18:36:36','undefined',0.000,'undefined'),(720,0.70,0,126,'2025-07-07 18:36:48','2025-07-07 18:36:48','undefined',0.000,'undefined'),(721,0.70,0,126,'2025-07-07 18:36:58','2025-07-07 18:36:58','undefined',0.000,'undefined'),(722,0.70,0,126,'2025-07-07 18:37:16','2025-07-07 18:37:16','undefined',0.000,'undefined'),(723,0.70,0,127,'2025-07-07 18:38:52','2025-07-07 18:38:52','undefined',0.000,'undefined'),(724,0.70,0,127,'2025-07-07 18:39:02','2025-07-07 18:39:02','undefined',0.000,'undefined'),(725,0.70,0,127,'2025-07-07 18:39:12','2025-07-07 18:39:12','undefined',0.000,'undefined'),(726,0.70,0,127,'2025-07-07 18:39:30','2025-07-07 18:39:30','undefined',0.000,'undefined'),(727,NULL,0,128,'2025-07-24 18:15:58','2025-07-24 18:15:58','undefined',0.000,'undefined'),(728,0.70,0,128,'2025-07-24 18:27:43','2025-07-24 18:27:43','undefined',0.000,'undefined'),(729,0.70,0,128,'2025-07-24 18:27:59','2025-07-24 18:27:59','undefined',0.000,'undefined'),(730,0.70,0,128,'2025-07-24 18:28:10','2025-07-24 18:28:10','undefined',0.000,'undefined'),(731,0.70,0,129,'2025-07-24 18:32:12','2025-07-24 18:32:12','undefined',0.000,'undefined'),(732,0.70,0,129,'2025-07-24 18:32:26','2025-07-24 18:32:26','undefined',0.000,'undefined'),(733,0.70,0,129,'2025-07-24 18:32:38','2025-07-24 18:32:38','undefined',0.000,'undefined'),(734,0.70,0,129,'2025-07-24 18:33:16','2025-07-24 18:33:16','undefined',0.000,'undefined'),(735,0.70,0,130,'2025-07-24 18:41:08','2025-07-24 18:41:08','undefined',0.000,'undefined'),(736,0.70,0,130,'2025-07-24 18:41:27','2025-07-24 18:41:27','undefined',0.000,'undefined'),(737,NULL,0,130,'2025-07-24 18:41:28','2025-07-24 18:41:28','undefined',0.000,'undefined'),(738,0.70,0,131,'2025-07-24 18:43:43','2025-07-24 18:43:43','undefined',0.000,'undefined'),(739,0.70,0,131,'2025-07-24 18:43:57','2025-07-24 18:43:57','undefined',0.000,'undefined'),(740,0.70,0,131,'2025-07-24 18:44:10','2025-07-24 18:44:10','undefined',0.000,'undefined'),(742,0.70,0,132,'2025-07-24 18:56:40','2025-07-24 18:56:40','undefined',0.000,'undefined'),(743,0.70,0,132,'2025-07-24 18:56:53','2025-07-24 18:56:53','undefined',0.000,'undefined'),(744,0.70,0,132,'2025-07-24 18:57:11','2025-07-24 18:57:11','undefined',0.000,'undefined'),(745,0.70,0,133,'2025-08-26 10:41:52','2025-08-26 10:41:52','undefined',0.000,'undefined'),(746,0.70,0,133,'2025-08-26 10:42:06','2025-08-26 10:42:06','undefined',0.000,'undefined'),(747,0.70,0,133,'2025-08-26 10:42:23','2025-08-26 10:42:23','undefined',0.000,'undefined'),(748,0.70,0,134,'2025-08-26 10:57:56','2025-08-26 10:57:56','undefined',0.000,'undefined'),(749,0.70,0,134,'2025-08-26 12:28:06','2025-08-26 12:28:06','undefined',0.000,'undefined'),(750,0.70,0,134,'2025-08-26 12:28:22','2025-08-26 12:28:22','undefined',0.000,'undefined');

--
-- Table structure for table `feature_translations`
--

CREATE TABLE `feature_translations` (
  `id` int unsigned NOT NULL AUTO_INCREMENT,
  `feature_id` int unsigned NOT NULL,
  `title` varchar(255) CHARACTER SET utf8mb4 COLLATE utf8mb4_unicode_ci NOT NULL,
  `locale` varchar(255) CHARACTER SET utf8mb4 COLLATE utf8mb4_unicode_ci NOT NULL,
  `created_at` timestamp NULL DEFAULT NULL,
  `updated_at` timestamp NULL DEFAULT NULL,
  PRIMARY KEY (`id`),
  UNIQUE KEY `feature_translations_feature_id_locale_unique` (`feature_id`,`locale`),
  KEY `feature_translations_locale_index` (`locale`),
  CONSTRAINT `feature_translations_feature_id_foreign` FOREIGN KEY (`feature_id`) REFERENCES `features` (`id`) ON DELETE CASCADE
) ENGINE=InnoDB AUTO_INCREMENT=238 DEFAULT CHARSET=utf8mb4 COLLATE=utf8mb4_unicode_ci;

--
-- Dumping data for table `feature_translations`
--

INSERT INTO `feature_translations` (`id`, `feature_id`, `title`, `locale`, `created_at`, `updated_at`) VALUES (31,21,'اضافة كرت','ar',NULL,NULL),(32,21,'add card','en',NULL,NULL),(33,22,'اضافة كرت','ar',NULL,NULL),(34,22,'add cade','en',NULL,NULL),(40,26,'اضافة عبارة اكرليك','ar',NULL,NULL),(41,26,'Add an acrylic phrase','en',NULL,NULL),(42,27,'اضافة عبارة اكرليك','ar',NULL,NULL),(43,27,'Add an acrylic phrase','en',NULL,NULL),(44,29,'اضافة عبارة اكرليك','ar',NULL,NULL),(45,29,'Add an acrylic phrase','en',NULL,NULL),(46,32,'عبارة اكرلك','ar',NULL,NULL),(47,32,'عبارة اكرلك','en',NULL,NULL),(56,39,'عبارة اكريلك 22','ar',NULL,NULL),(57,39,'عبارة اكريلك 22','en',NULL,NULL),(58,40,'اضافة عبارة اكريلك','ar',NULL,NULL),(59,40,'اضافة عبارة اكريلك','en',NULL,NULL),(60,41,'عبارة اكريلك 222','ar',NULL,NULL),(61,41,'عبارة اكريلك 222','en',NULL,NULL),(62,42,'اضافة اكريلك','ar',NULL,NULL),(63,42,'اضافة اكريلك','en',NULL,NULL),(64,44,'اسم البوكيه','ar',NULL,NULL),(65,44,'اسم البوكيه','en',NULL,NULL),(72,48,'اكتب عيدية','ar',NULL,NULL),(73,48,'اكتب عيدية','en',NULL,NULL),(74,49,'اكتب هنا','ar',NULL,NULL),(75,49,'اكتب هنا','en',NULL,NULL),(76,50,'اضف عبارة اكريلك','ar',NULL,NULL),(77,50,'اضف عبارة اكريلك','en',NULL,NULL),(78,51,'اضف عبارة','ar',NULL,NULL),(79,51,'اضف عبارة','en',NULL,NULL),(80,52,'اضف عبارة اكريلك','ar',NULL,NULL),(81,52,'اضف عبارة اكريلك','en',NULL,NULL),(84,54,'اضافة مبلغ مادي','ar',NULL,NULL),(85,54,'اضافة مبلغ مادي','en',NULL,NULL),(86,55,'اختار نوع التنسيق','ar',NULL,NULL),(87,55,'اختار نوع التنسيق','en',NULL,NULL),(88,56,'اختار نوع التنسيق','ar',NULL,NULL),(89,56,'اختار نوع التنسيق','en',NULL,NULL),(90,57,'اضافة ورد','ar',NULL,NULL),(91,57,'اضافة ورد','en',NULL,NULL),(92,58,'اضافىة عبارة اكريلك','ar',NULL,NULL),(93,58,'اضافىة عبارة اكريلك','en',NULL,NULL),(98,61,'اضافة عبارة اكريلك','ar',NULL,NULL),(99,61,'اضافة عبارة اكريلك','en',NULL,NULL),(100,62,'اضف ربع كيلو شوكولاته','ar',NULL,NULL),(101,62,'اضف ربع كيلو شوكولاته','en',NULL,NULL),(102,63,'اضف عبارة اكريلك','ar',NULL,NULL),(103,63,'اضف عبارة اكريلك','en',NULL,NULL),(104,64,'اضف ربع كيلو شوكولاته','ar',NULL,NULL),(105,64,'اضف ربع كيلو شوكولاته','en',NULL,NULL),(106,65,'اضافة عبارة اكرلك','ar',NULL,NULL),(107,65,'اضافة عبارة اكرلك','en',NULL,NULL),(108,68,'اضافه لوحه اكرلك','ar',NULL,NULL),(109,68,'اضافه لوحه اكرلك','en',NULL,NULL),(110,69,'اضافة عبارة اكرلك','ar',NULL,NULL),(111,69,'اضافة عبارة اكرلك','en',NULL,NULL),(114,71,'اضافة لوحه اكرلك','ar',NULL,NULL),(115,71,'اضافة لوحه اكرلك','en',NULL,NULL),(116,72,'اضافه لوحه اكرلك','ar',NULL,NULL),(117,72,'اضافه لوحه اكرلك','en',NULL,NULL),(118,73,'اضافه عبارة اكرلك','ar',NULL,NULL),(119,73,'اضافه عبارة اكرلك','en',NULL,NULL),(120,74,'اضافة لوحه اكرلك','ar',NULL,NULL),(121,74,'اضافة لوحه اكرلك','en',NULL,NULL),(122,75,'اضافة لوحه اكرلك','ar',NULL,NULL),(123,75,'اضافة لوحه اكرلك','en',NULL,NULL),(124,76,'اضافة لوحه اكرلك','ar',NULL,NULL),(125,76,'اضافة لوحه اكرلك','en',NULL,NULL),(126,77,'اضافة لوحه اكرلك','ar',NULL,NULL),(127,77,'اضافة لوحه اكرلك','en',NULL,NULL),(128,78,'اضافة لوحه اكرلك','ar',NULL,NULL),(129,78,'اضافة لوحه اكرلك','en',NULL,NULL),(130,79,'اضافة لوحه اكرلك','ar',NULL,NULL),(131,79,'اضافة لوحه اكرلك','en',NULL,NULL),(132,80,'اضافة لوحه اكرلك','ar',NULL,NULL),(133,80,'اضافة لوحه اكرلك','en',NULL,NULL),(134,81,'اضافه لوحه اكرلك','ar',NULL,NULL),(135,81,'اضافه لوحه اكرلك','en',NULL,NULL),(136,82,'اضافة لوحه اكرلك','ar',NULL,NULL),(137,82,'اضافة لوحه اكرلك','en',NULL,NULL),(138,83,'اضافة لوحه اكرلك','ar',NULL,NULL),(139,83,'اضافة لوحه اكرلك','en',NULL,NULL),(140,84,'اضافة لوحه اكرلك','ar',NULL,NULL),(141,84,'اضافة لوحه اكرلك','en',NULL,NULL),(142,85,'اضافة لوحه اكرلك','ar',NULL,NULL),(143,85,'اضافة لوحه اكرلك','en',NULL,NULL),(144,86,'اضافة لوحه اكرلك','ar',NULL,NULL),(145,86,'اضافة لوحه اكرلك','en',NULL,NULL),(146,87,'اضافة لوحه اكرلك','ar',NULL,NULL),(147,87,'اضافة لوحه اكرلك','en',NULL,NULL),(148,88,'اضافة لوحه اكرلك','ar',NULL,NULL),(149,88,'اضافة لوحه اكرلك','en',NULL,NULL),(150,89,'اضافة لوحه اكرلك','ar',NULL,NULL),(151,89,'اضافة لوحه اكرلك','en',NULL,NULL),(152,90,'اضافة لوحه اكرلك','ar',NULL,NULL),(153,90,'اضافة لوحه اكرلك','en',NULL,NULL),(154,91,'اضافة لوحه اكرلك','ar',NULL,NULL),(155,91,'اضافة لوحه اكرلك','en',NULL,NULL),(156,92,'اضافة لوحه اكرلك','ar',NULL,NULL),(157,92,'اضافة لوحه اكرلك','en',NULL,NULL),(158,93,'اضافة لوحه اكرلك','ar',NULL,NULL),(159,93,'اضافة لوحه اكرلك','en',NULL,NULL),(160,94,'اضافة لوحه اكرلك','ar',NULL,NULL),(161,94,'اضافة لوحه اكرلك','en',NULL,NULL),(162,97,'اضافة اسم','ar',NULL,NULL),(163,97,'اضافة اسم','en',NULL,NULL),(164,98,'اضافه عبارة اكرلك','ar',NULL,NULL),(165,98,'اضافه عبارة اكرلك','en',NULL,NULL),(166,99,'اضافة لوحه اكرلك','ar',NULL,NULL),(167,99,'اضافة لوحه اكرلك','en',NULL,NULL),(168,100,'اضافة لوحه اكرلك','ar',NULL,NULL),(169,100,'اضافة لوحه اكرلك','en',NULL,NULL),(170,101,'اضافة لوحه اكرلك','ar',NULL,NULL),(171,101,'اضافة لوحه اكرلك','en',NULL,NULL),(172,102,'اضافة لوحه اكرلك','ar',NULL,NULL),(173,102,'اضافة لوحه اكرلك','en',NULL,NULL),(174,103,'اضافة لوحه اكرلك','ar',NULL,NULL),(175,103,'اضافة لوحه اكرلك','en',NULL,NULL),(176,104,'اضافة لوحه اكرلك','ar',NULL,NULL),(177,104,'اضافة لوحه اكرلك','en',NULL,NULL),(178,105,'اضافة لوحه اكرلك','ar',NULL,NULL),(179,105,'اضافة لوحه اكرلك','en',NULL,NULL),(180,106,'اضافة لوحه اكرلك','ar',NULL,NULL),(181,106,'اضافة لوحه اكرلك','en',NULL,NULL),(182,107,'اضافة لوحه اكرلك','ar',NULL,NULL),(183,107,'اضافة لوحه اكرلك','en',NULL,NULL),(184,108,'اضافة لوحه اكرلك','ar',NULL,NULL),(185,108,'اضافة لوحه اكرلك','en',NULL,NULL),(186,109,'اضافة لوحه اكرلك','ar',NULL,NULL),(187,109,'اضافة لوحه اكرلك','en',NULL,NULL),(188,110,'اضافة لوحه اكرلك','ar',NULL,NULL),(189,110,'اضافة لوحه اكرلك','en',NULL,NULL),(190,111,'اضافة لوحه اكرلك','ar',NULL,NULL),(191,111,'اضافة لوحه اكرلك','en',NULL,NULL),(192,112,'اضافة لوحه اكرلك','ar',NULL,NULL),(193,112,'اضافة لوحه اكرلك','en',NULL,NULL),(194,113,'اضافة لوحه اكرلك','ar',NULL,NULL),(195,113,'اضافة لوحه اكرلك','en',NULL,NULL),(196,114,'اضافة لوحه اكرلك','ar',NULL,NULL),(197,114,'اضافة لوحه اكرلك','en',NULL,NULL),(198,115,'اضافة لوحه اكرلك','ar',NULL,NULL),(199,115,'اضافة لوحه اكرلك','en',NULL,NULL),(200,116,'اضافة لوحه اكرلك','ar',NULL,NULL),(201,116,'اضافة لوحه اكرلك','en',NULL,NULL),(202,117,'اضافة لوحه اكرلك','ar',NULL,NULL),(203,117,'اضافة لوحه اكرلك','en',NULL,NULL),(204,118,'اضافة لوحه اكرلك','ar',NULL,NULL),(205,118,'اضافة لوحه اكرلك','en',NULL,NULL),(206,119,'اضافة لوحه اكرلك','ar',NULL,NULL),(207,119,'اضافة لوحه اكرلك','en',NULL,NULL),(208,120,'اضافة لوحه اكرلك','ar',NULL,NULL),(209,120,'اضافة لوحه اكرلك','en',NULL,NULL),(210,121,'اضافه لوحه اكرلك','ar',NULL,NULL),(211,121,'اضافه لوحه اكرلك','en',NULL,NULL),(212,122,'اضافة لوحه اكرلك','ar',NULL,NULL),(213,122,'اضافة لوحه اكرلك','en',NULL,NULL),(214,123,'اضافة لوحه اكرلك','ar',NULL,NULL),(215,123,'اضافة لوحه اكرلك','en',NULL,NULL),(216,124,'اضافة لوحه اكرلك','ar',NULL,NULL),(217,124,'اضافة لوحه اكرلك','en',NULL,NULL),(218,125,'اضافة لوحه اكرلك','ar',NULL,NULL),(219,125,'اضافة لوحه اكرلك','en',NULL,NULL),(220,126,'اضافة لوحه اكرلك','ar',NULL,NULL),(221,126,'اضافة لوحه اكرلك','en',NULL,NULL),(222,127,'اضافة لوحه اكرلك','ar',NULL,NULL),(223,127,'اضافة لوحه اكرلك','en',NULL,NULL),(224,128,'ضافه لوحه أكرلك','ar',NULL,NULL),(225,128,'ضافه لوحه أكرلك','en',NULL,NULL),(226,129,'اضافة لوحه اكرلك','ar',NULL,NULL),(227,129,'اضافة لوحه اكرلك','en',NULL,NULL),(228,130,'اضافة لوحه اكرلك','ar',NULL,NULL),(229,130,'اضافة لوحه اكرلك','en',NULL,NULL),(230,131,'اضافة لوحه اكرلك','ar',NULL,NULL),(231,131,'اضافة لوحه اكرلك','en',NULL,NULL),(232,132,'اضافة لوحه اكرلك','ar',NULL,NULL),(233,132,'اضافة لوحه اكرلك','en',NULL,NULL),(234,133,'اضافة لوحه اكرلك','ar',NULL,NULL),(235,133,'اضافة لوحه اكرلك','en',NULL,NULL),(236,134,'اضافة لوحه اكرلك','ar',NULL,NULL),(237,134,'اضافة لوحه اكرلك','en',NULL,NULL);

--
-- Table structure for table `features`
--

CREATE TABLE `features` (
  `id` int unsigned NOT NULL AUTO_INCREMENT,
  `product_id` int unsigned DEFAULT NULL,
  `created_at` timestamp NULL DEFAULT NULL,
  `updated_at` timestamp NULL DEFAULT NULL,
  `type` varchar(191) CHARACTER SET utf8mb4 COLLATE utf8mb4_unicode_ci DEFAULT NULL,
  `countchecks` int DEFAULT NULL,
  PRIMARY KEY (`id`),
  KEY `features_product_id_foreign` (`product_id`),
  CONSTRAINT `features_product_id_foreign` FOREIGN KEY (`product_id`) REFERENCES `products` (`id`) ON DELETE CASCADE
) ENGINE=InnoDB AUTO_INCREMENT=135 DEFAULT CHARSET=utf8mb4 COLLATE=utf8mb4_unicode_ci;

--
-- Dumping data for table `features`
--

INSERT INTO `features` (`id`, `product_id`, `created_at`, `updated_at`, `type`, `countchecks`) VALUES (3,8,'2024-04-21 12:49:13','2024-04-21 12:49:13','normal',NULL),(14,31,'2024-06-08 13:33:49','2024-06-08 13:33:49',NULL,NULL),(15,31,'2024-06-08 13:33:51','2024-06-08 13:33:51',NULL,NULL),(16,31,'2024-06-08 13:33:51','2024-06-08 13:33:51',NULL,NULL),(17,31,'2024-06-08 13:33:51','2024-06-08 13:33:51',NULL,NULL),(21,71,'2024-10-23 12:29:40','2024-10-23 12:29:40',NULL,NULL),(22,75,'2024-10-23 13:27:13','2024-10-23 13:27:13',NULL,NULL),(26,103,'2024-12-11 13:03:52','2024-12-11 13:03:52',NULL,NULL),(27,103,'2024-12-11 13:08:50','2024-12-11 13:08:50',NULL,NULL),(28,104,'2024-12-11 13:17:25','2024-12-11 13:17:25',NULL,NULL),(29,104,'2024-12-11 13:17:40','2024-12-11 13:17:40',NULL,NULL),(30,209,'2025-04-19 17:59:24','2025-04-19 17:59:24',NULL,NULL),(31,209,'2025-04-19 17:59:28','2025-04-19 17:59:28',NULL,NULL),(32,209,'2025-04-19 18:00:52','2025-04-19 18:00:52',NULL,NULL),(36,214,'2025-04-20 12:51:29','2025-04-20 12:51:29',NULL,NULL),(37,214,'2025-04-20 12:51:39','2025-04-20 12:51:39',NULL,NULL),(39,215,'2025-04-20 12:56:33','2025-04-20 12:56:33',NULL,NULL),(40,216,'2025-04-20 13:01:50','2025-04-20 13:01:50',NULL,NULL),(41,216,'2025-04-20 13:03:46','2025-04-20 13:03:46',NULL,NULL),(42,217,'2025-04-20 13:13:43','2025-04-20 13:13:43',NULL,NULL),(43,232,'2025-04-22 12:19:47','2025-04-22 12:19:47',NULL,NULL),(44,232,'2025-04-22 12:20:17','2025-04-22 12:20:17',NULL,NULL),(48,236,'2025-05-27 12:55:51','2025-05-27 12:55:51',NULL,NULL),(49,236,'2025-05-27 16:53:47','2025-05-27 16:53:47',NULL,NULL),(50,240,'2025-05-27 18:17:53','2025-05-27 18:17:53',NULL,NULL),(51,242,'2025-05-27 18:51:28','2025-05-27 18:51:28',NULL,NULL),(52,261,'2025-05-28 13:59:27','2025-05-28 13:59:27',NULL,NULL),(54,263,'2025-05-28 22:35:42','2025-05-28 22:35:42',NULL,NULL),(55,265,'2025-05-31 12:22:25','2025-05-31 12:22:25',NULL,NULL),(56,266,'2025-05-31 12:32:12','2025-05-31 12:32:12',NULL,NULL),(57,274,'2025-06-03 14:34:40','2025-06-03 14:34:40',NULL,NULL),(58,277,'2025-06-03 18:34:10','2025-06-03 18:34:10',NULL,NULL),(61,282,'2025-06-04 14:06:34','2025-06-04 14:06:34',NULL,NULL),(62,282,'2025-06-04 14:08:13','2025-06-04 14:08:13',NULL,NULL),(63,283,'2025-06-04 16:41:43','2025-06-04 16:41:43',NULL,NULL),(64,283,'2025-06-04 16:43:07','2025-06-04 16:43:07',NULL,NULL),(65,341,'2025-06-07 10:16:31','2025-06-07 10:16:31',NULL,NULL),(66,342,'2025-06-07 10:24:16','2025-06-07 10:24:16',NULL,NULL),(67,342,'2025-06-07 10:24:21','2025-06-07 10:24:21',NULL,NULL),(68,342,'2025-06-07 10:24:37','2025-06-07 10:24:37',NULL,NULL),(69,343,'2025-06-07 10:36:58','2025-06-07 10:36:58',NULL,NULL),(71,345,'2025-06-07 10:46:48','2025-06-07 10:46:48',NULL,NULL),(72,346,'2025-06-07 10:48:37','2025-06-07 10:48:37',NULL,NULL),(73,347,'2025-06-07 11:07:37','2025-06-07 11:07:37',NULL,NULL),(74,348,'2025-06-07 11:16:11','2025-06-07 11:16:11',NULL,NULL),(75,351,'2025-06-07 11:29:09','2025-06-07 11:29:09',NULL,NULL),(76,352,'2025-06-07 11:34:23','2025-06-07 11:34:23',NULL,NULL),(77,355,'2025-06-07 11:46:09','2025-06-07 11:46:09',NULL,NULL),(78,356,'2025-06-07 11:50:25','2025-06-07 11:50:25',NULL,NULL),(79,357,'2025-06-07 12:06:48','2025-06-07 12:06:48',NULL,NULL),(80,358,'2025-06-07 12:28:37','2025-06-07 12:28:37',NULL,NULL),(81,378,'2025-06-08 18:41:51','2025-06-08 18:41:51',NULL,NULL),(82,379,'2025-06-08 18:47:34','2025-06-08 18:47:34',NULL,NULL),(83,380,'2025-06-08 18:50:33','2025-06-08 18:50:33',NULL,NULL),(84,383,'2025-06-08 18:58:03','2025-06-08 18:58:03',NULL,NULL),(85,384,'2025-06-08 19:00:11','2025-06-08 19:00:11',NULL,NULL),(86,385,'2025-06-08 19:03:12','2025-06-08 19:03:12',NULL,NULL),(87,386,'2025-06-08 19:07:06','2025-06-08 19:07:06',NULL,NULL),(88,388,'2025-06-08 19:22:08','2025-06-08 19:22:08',NULL,NULL),(89,400,'2025-06-08 20:45:42','2025-06-08 20:45:42',NULL,NULL),(90,401,'2025-06-08 20:52:10','2025-06-08 20:52:10',NULL,NULL),(91,402,'2025-06-08 21:05:24','2025-06-08 21:05:24',NULL,NULL),(92,403,'2025-06-08 21:15:01','2025-06-08 21:15:01',NULL,NULL),(93,404,'2025-06-08 21:18:28','2025-06-08 21:18:28',NULL,NULL),(94,405,'2025-06-08 21:26:40','2025-06-08 21:26:40',NULL,NULL),(95,430,'2025-06-09 15:08:40','2025-06-09 15:08:40',NULL,NULL),(96,433,'2025-06-09 15:58:19','2025-06-09 15:58:19',NULL,NULL),(97,501,'2025-06-16 10:09:31','2025-06-16 10:09:31',NULL,NULL),(98,502,'2025-06-16 11:36:16','2025-06-16 11:36:16',NULL,NULL),(99,626,'2025-07-04 17:09:48','2025-07-04 17:09:48',NULL,NULL),(100,627,'2025-07-04 17:55:15','2025-07-04 17:55:15',NULL,NULL),(101,628,'2025-07-05 10:01:31','2025-07-05 10:01:31',NULL,NULL),(102,629,'2025-07-05 10:11:20','2025-07-05 10:11:20',NULL,NULL),(103,630,'2025-07-05 10:13:45','2025-07-05 10:13:45',NULL,NULL),(104,631,'2025-07-05 10:16:35','2025-07-05 10:16:35',NULL,NULL),(105,632,'2025-07-05 10:20:10','2025-07-05 10:20:10',NULL,NULL),(106,633,'2025-07-05 10:25:06','2025-07-05 10:25:06',NULL,NULL),(107,634,'2025-07-05 10:29:26','2025-07-05 10:29:26',NULL,NULL),(108,635,'2025-07-05 10:35:27','2025-07-05 10:35:27',NULL,NULL),(109,636,'2025-07-05 10:38:37','2025-07-05 10:38:37',NULL,NULL),(110,669,'2025-07-07 17:29:51','2025-07-07 17:29:51',NULL,NULL),(111,670,'2025-07-07 17:33:58','2025-07-07 17:33:58',NULL,NULL),(112,672,'2025-07-07 17:38:21','2025-07-07 17:38:21',NULL,NULL),(113,673,'2025-07-07 17:42:16','2025-07-07 17:42:16',NULL,NULL),(114,673,'2025-07-07 17:45:35','2025-07-07 17:45:35',NULL,NULL),(115,674,'2025-07-07 17:52:30','2025-07-07 17:52:30',NULL,NULL),(116,675,'2025-07-07 17:58:35','2025-07-07 17:58:35',NULL,NULL),(117,676,'2025-07-07 18:01:51','2025-07-07 18:01:51',NULL,NULL),(118,677,'2025-07-07 18:04:12','2025-07-07 18:04:12',NULL,NULL),(119,678,'2025-07-07 18:06:48','2025-07-07 18:06:48',NULL,NULL),(120,679,'2025-07-07 18:08:57','2025-07-07 18:08:57',NULL,NULL),(121,681,'2025-07-07 18:11:37','2025-07-07 18:11:37',NULL,NULL),(122,682,'2025-07-07 18:14:11','2025-07-07 18:14:11',NULL,NULL),(123,686,'2025-07-07 18:26:34','2025-07-07 18:26:34',NULL,NULL),(124,689,'2025-07-07 18:29:51','2025-07-07 18:29:51',NULL,NULL),(125,692,'2025-07-07 18:33:32','2025-07-07 18:33:32',NULL,NULL),(126,696,'2025-07-07 18:36:23','2025-07-07 18:36:23',NULL,NULL),(127,698,'2025-07-07 18:38:38','2025-07-07 18:38:38',NULL,NULL),(128,755,'2025-07-24 18:15:47','2025-07-24 18:15:47',NULL,NULL),(129,756,'2025-07-24 18:31:58','2025-07-24 18:31:58',NULL,NULL),(130,757,'2025-07-24 18:40:56','2025-07-24 18:40:56',NULL,NULL),(131,758,'2025-07-24 18:43:30','2025-07-24 18:43:30',NULL,NULL),(132,759,'2025-07-24 18:56:10','2025-07-24 18:56:10',NULL,NULL),(133,827,'2025-08-26 10:41:31','2025-08-26 10:41:31',NULL,NULL),(134,828,'2025-08-26 10:57:41','2025-08-26 10:57:41',NULL,NULL);

--
-- Table structure for table `files`
--

CREATE TABLE `files` (
  `id` int unsigned NOT NULL AUTO_INCREMENT,
  `image` varchar(255) CHARACTER SET utf8mb4 COLLATE utf8mb4_unicode_ci DEFAULT NULL,
  `main` tinyint NOT NULL DEFAULT '0',
  `tag` varchar(255) CHARACTER SET utf8mb4 COLLATE utf8mb4_unicode_ci DEFAULT NULL,
  `fileable_id` bigint unsigned DEFAULT NULL,
  `fileable_type` varchar(255) CHARACTER SET utf8mb4 COLLATE utf8mb4_unicode_ci DEFAULT NULL,
  `created_at` timestamp NULL DEFAULT NULL,
  `updated_at` timestamp NULL DEFAULT NULL,
  PRIMARY KEY (`id`)
) ENGINE=InnoDB AUTO_INCREMENT=1031 DEFAULT CHARSET=utf8mb4 COLLATE=utf8mb4_unicode_ci;

--
-- Dumping data for table `files`
--

INSERT INTO `files` (`id`, `image`, `main`, `tag`, `fileable_id`, `fileable_type`, `created_at`, `updated_at`) VALUES (3,'/uploads/Nurserie/1/1708864121Screen Shot 2024-02-24 at 5.57.42 PM.png',0,'1708864121Screen Shot 2024-02-24 at 5.57.42 PM.png',1,'App\\Models\\Nurserie','2024-02-25 15:28:41','2024-02-25 15:28:41'),(4,'/uploads/Nurserie/2/1708865589Screen Shot 2024-02-18 at 11.46.25 AM.png',0,'1708865589Screen Shot 2024-02-18 at 11.46.25 AM.png',2,'App\\Models\\Nurserie','2024-02-25 15:53:09','2024-02-25 15:53:09'),(5,'/uploads/Nurserie/4/1708866513Screen Shot 2024-02-18 at 11.46.25 AM.png',0,'1708866513Screen Shot 2024-02-18 at 11.46.25 AM.png',4,'App\\Models\\Nurserie','2024-02-25 16:08:33','2024-02-25 16:08:33'),(6,'/uploads/Nurserie/4/1708866517Screen Shot 2024-02-18 at 11.46.25 AM.png',0,'1708866517Screen Shot 2024-02-18 at 11.46.25 AM.png',4,'App\\Models\\Nurserie','2024-02-25 16:08:37','2024-02-25 16:08:37'),(7,'/uploads/Nurserie/6/1708867288Screen Shot 2024-02-18 at 11.46.25 AM.png',0,'1708867288Screen Shot 2024-02-18 at 11.46.25 AM.png',6,'App\\Models\\Nurserie','2024-02-25 16:21:28','2024-02-25 16:21:28'),(8,'/uploads/product/2/1709481312australia.png',0,'1709481312australia.png',2,'App\\Models\\Product','2024-03-03 18:55:12','2024-03-03 18:55:12'),(9,'/uploads/product/2/1709481313coronavirus.png',0,'1709481313coronavirus.png',2,'App\\Models\\Product','2024-03-03 18:55:13','2024-03-03 18:55:13'),(10,'/uploads/product/2/1709481315kuwait.png',0,'1709481315kuwait.png',2,'App\\Models\\Product','2024-03-03 18:55:15','2024-03-03 18:55:15'),(22,'/uploads/product/3/1715094135شوكلتس-اند-مور.webp',0,'1715094135شوكلتس-اند-مور.webp',3,'App\\Models\\Product','2024-05-07 18:02:15','2024-05-07 18:02:15'),(23,'/uploads/product/3/1715094200402705060524094421677503_item.jpg',0,'1715094200402705060524094421677503_item.jpg',3,'App\\Models\\Product','2024-05-07 18:03:20','2024-05-07 18:03:20'),(24,'/uploads/product/3/1715094204402705060524094421677503_item.jpg',0,'1715094204402705060524094421677503_item.jpg',3,'App\\Models\\Product','2024-05-07 18:03:24','2024-05-07 18:03:24'),(25,'/uploads/product/3/1715094205402705060524094421677503_item.jpg',0,'1715094205402705060524094421677503_item.jpg',3,'App\\Models\\Product','2024-05-07 18:03:25','2024-05-07 18:03:25'),(26,'/uploads/product/7/1715094370402601040524200432685225_item-1.jpg',0,'1715094370402601040524200432685225_item-1.jpg',7,'App\\Models\\Product','2024-05-07 18:06:10','2024-05-07 18:06:10'),(27,'/uploads/product/7/1715094371402601040524200432685225_item-1.jpg',0,'1715094371402601040524200432685225_item-1.jpg',7,'App\\Models\\Product','2024-05-07 18:06:11','2024-05-07 18:06:11'),(28,'/uploads/product/7/1715094373402601040524200432685225_item-1.jpg',0,'1715094373402601040524200432685225_item-1.jpg',7,'App\\Models\\Product','2024-05-07 18:06:13','2024-05-07 18:06:13'),(29,'/uploads/product/9/1715094452401448220424153412997798_item.jpg',0,'1715094452401448220424153412997798_item.jpg',9,'App\\Models\\Product','2024-05-07 18:07:32','2024-05-07 18:07:32'),(31,'/uploads/product/14/17161334948a2060e1-eac5-4f7c-aca8-899394021695.jpeg',0,'17161334948a2060e1-eac5-4f7c-aca8-899394021695.jpeg',14,'App\\Models\\Product','2024-05-19 18:44:54','2024-05-19 18:44:54'),(32,'/uploads/product/10/1717018934c3b2fcbf-bfba-44c8-9486-42960c79c2ed.jpg',0,'1717018934c3b2fcbf-bfba-44c8-9486-42960c79c2ed.jpg',10,'App\\Models\\Product','2024-05-30 00:42:14','2024-05-30 00:42:14'),(34,'/uploads/product/28/1717847497insta-new-Color-6.png',0,'1717847497insta-new-Color-6.png',28,'App\\Models\\Product','2024-06-08 12:51:37','2024-06-08 12:51:37'),(36,'/uploads/product/30/1717849094banner.avif',0,'1717849094banner.avif',30,'App\\Models\\Product','2024-06-08 13:18:14','2024-06-08 13:18:14'),(39,'/uploads/product/45/1717852722insta-new-Color-6.png',0,'1717852722insta-new-Color-6.png',45,'App\\Models\\Product','2024-06-08 14:18:42','2024-06-08 14:18:42'),(40,'/uploads/product/45/1717852739insta-new-Color-6.png',0,'1717852739insta-new-Color-6.png',45,'App\\Models\\Product','2024-06-08 14:18:59','2024-06-08 14:18:59'),(41,'/uploads/product/45/1717852748insta-new-Color-6.png',0,'1717852748insta-new-Color-6.png',45,'App\\Models\\Product','2024-06-08 14:19:08','2024-06-08 14:19:08'),(42,'/uploads/product/46/1717853061insta-new-Color-6.png',0,'1717853061insta-new-Color-6.png',46,'App\\Models\\Product','2024-06-08 14:24:21','2024-06-08 14:24:21'),(43,'/uploads/product/46/1717853070insta-new-Color-6.png',0,'1717853070insta-new-Color-6.png',46,'App\\Models\\Product','2024-06-08 14:24:30','2024-06-08 14:24:30'),(44,'/uploads/product/46/1717853075insta-new-Color-6.png',0,'1717853075insta-new-Color-6.png',46,'App\\Models\\Product','2024-06-08 14:24:35','2024-06-08 14:24:35'),(47,'/uploads/product/52/1718137529صورة واتساب بتاريخ 1445-12-05 في 23.25.02_3a99285a.jpg',0,'1718137529صورة واتساب بتاريخ 1445-12-05 في 23.25.02_3a99285a.jpg',52,'App\\Models\\Product','2024-06-11 21:25:29','2024-06-11 21:25:29'),(48,'/uploads/product/54/1718144662unnamed.png',0,'1718144662unnamed.png',54,'App\\Models\\Product','2024-06-11 23:24:22','2024-06-11 23:24:22'),(49,'/uploads/product/57/1718904488shop-img-12.jpg',0,'1718904488shop-img-12.jpg',57,'App\\Models\\Product','2024-06-20 18:28:08','2024-06-20 18:28:08'),(50,'/uploads/product/59/1719079051photo_2_2024-06-22_18-26-05.jpg',0,'1719079051photo_2_2024-06-22_18-26-05.jpg',59,'App\\Models\\Product','2024-06-22 18:57:31','2024-06-22 18:57:31'),(51,'/uploads/product/59/1719079171photo_3_2024-06-22_18-26-05.jpg',0,'1719079171photo_3_2024-06-22_18-26-05.jpg',59,'App\\Models\\Product','2024-06-22 18:59:31','2024-06-22 18:59:31'),(52,'/uploads/product/59/1719079171photo_4_2024-06-22_18-26-05.jpg',0,'1719079171photo_4_2024-06-22_18-26-05.jpg',59,'App\\Models\\Product','2024-06-22 18:59:32','2024-06-22 18:59:32'),(53,'/uploads/product/59/1719079172photo_5_2024-06-22_18-26-05.jpg',0,'1719079172photo_5_2024-06-22_18-26-05.jpg',59,'App\\Models\\Product','2024-06-22 18:59:32','2024-06-22 18:59:32'),(54,'/uploads/product/59/1719079173photo_6_2024-06-22_18-26-05.jpg',0,'1719079173photo_6_2024-06-22_18-26-05.jpg',59,'App\\Models\\Product','2024-06-22 18:59:33','2024-06-22 18:59:33'),(55,'/uploads/product/62/1719332972images.jpg',0,'1719332972images.jpg',62,'App\\Models\\Product','2024-06-25 17:29:32','2024-06-25 17:29:32'),(56,'/uploads/product/63/1726516463668e7b0b8027d.jpg',0,'1726516463668e7b0b8027d.jpg',63,'App\\Models\\Product','2024-09-16 22:54:23','2024-09-16 22:54:23'),(57,'/uploads/product/64/17265624000.jpg',0,'17265624000.jpg',64,'App\\Models\\Product','2024-09-17 11:40:00','2024-09-17 11:40:00'),(58,'/uploads/product/65/17295812202.jpg',0,'17295812202.jpg',65,'App\\Models\\Product','2024-10-22 10:13:40','2024-10-22 10:13:40'),(60,'/uploads/product/66/17295836202.jpg',0,'17295836202.jpg',66,'App\\Models\\Product','2024-10-22 10:53:40','2024-10-22 10:53:40'),(61,'/uploads/product/67/17295842914354534.png',0,'17295842914354534.png',67,'App\\Models\\Product','2024-10-22 11:04:51','2024-10-22 11:04:51'),(62,'/uploads/product/68/1729586614IMG-20241005-WA0007.jpg',0,'1729586614IMG-20241005-WA0007.jpg',68,'App\\Models\\Product','2024-10-22 11:43:34','2024-10-22 11:43:34'),(63,'/uploads/product/68/1729586615IMG-20241022-WA0006.jpg',0,'1729586615IMG-20241022-WA0006.jpg',68,'App\\Models\\Product','2024-10-22 11:43:35','2024-10-22 11:43:35'),(64,'/uploads/product/68/1729586616IMG-20241022-WA0008.jpg',0,'1729586616IMG-20241022-WA0008.jpg',68,'App\\Models\\Product','2024-10-22 11:43:36','2024-10-22 11:43:36'),(65,'/uploads/product/68/1729586617IMG-20241022-WA0009.jpg',0,'1729586617IMG-20241022-WA0009.jpg',68,'App\\Models\\Product','2024-10-22 11:43:37','2024-10-22 11:43:37'),(66,'/uploads/product/70/17296745734354534.png',0,'17296745734354534.png',70,'App\\Models\\Product','2024-10-23 12:09:33','2024-10-23 12:09:33'),(67,'/uploads/product/71/17296756003232.png',0,'17296756003232.png',71,'App\\Models\\Product','2024-10-23 12:26:40','2024-10-23 12:26:40'),(68,'/uploads/product/72/1729676214löhgd.png',0,'1729676214löhgd.png',72,'App\\Models\\Product','2024-10-23 12:36:54','2024-10-23 12:36:54'),(69,'/uploads/product/73/17296772002.jpg',0,'17296772002.jpg',73,'App\\Models\\Product','2024-10-23 12:53:20','2024-10-23 12:53:20'),(70,'/uploads/product/74/17296777150.jpg',0,'17296777150.jpg',74,'App\\Models\\Product','2024-10-23 13:01:55','2024-10-23 13:01:55'),(71,'/uploads/product/75/17296790940.jpg',0,'17296790940.jpg',75,'App\\Models\\Product','2024-10-23 13:24:54','2024-10-23 13:24:54'),(72,'/uploads/product/76/17296802034354534.png',0,'17296802034354534.png',76,'App\\Models\\Product','2024-10-23 13:43:23','2024-10-23 13:43:23'),(73,'/uploads/product/77/172995426911.jpg',0,'172995426911.jpg',77,'App\\Models\\Product','2024-10-26 17:51:09','2024-10-26 17:51:09'),(74,'/uploads/product/78/172995444011.jpg',0,'172995444011.jpg',78,'App\\Models\\Product','2024-10-26 17:54:00','2024-10-26 17:54:00'),(75,'/uploads/product/79/17299546422.jpg',0,'17299546422.jpg',79,'App\\Models\\Product','2024-10-26 17:57:22','2024-10-26 17:57:22'),(76,'/uploads/product/80/17299548143232.png',0,'17299548143232.png',80,'App\\Models\\Product','2024-10-26 18:00:14','2024-10-26 18:00:14'),(77,'/uploads/product/81/1729955100löhgd.png',0,'1729955100löhgd.png',81,'App\\Models\\Product','2024-10-26 18:05:00','2024-10-26 18:05:00'),(78,'/uploads/product/82/1729955843IMG-20241023-WA0008.jpg',0,'1729955843IMG-20241023-WA0008.jpg',82,'App\\Models\\Product','2024-10-26 18:17:23','2024-10-26 18:17:23'),(79,'/uploads/product/82/1729955967IMG-20241023-WA0008.jpg',0,'1729955967IMG-20241023-WA0008.jpg',82,'App\\Models\\Product','2024-10-26 18:19:27','2024-10-26 18:19:27'),(80,'/uploads/product/83/1729956001IMG-20241023-WA0009.jpg',0,'1729956001IMG-20241023-WA0009.jpg',83,'App\\Models\\Product','2024-10-26 18:20:01','2024-10-26 18:20:01'),(81,'/uploads/product/84/1729956118IMG-20241024-WA0002.jpg',0,'1729956118IMG-20241024-WA0002.jpg',84,'App\\Models\\Product','2024-10-26 18:21:58','2024-10-26 18:21:58'),(82,'/uploads/product/85/1729958950IMG-20241005-WA0007.jpg',0,'1729958950IMG-20241005-WA0007.jpg',85,'App\\Models\\Product','2024-10-26 19:09:10','2024-10-26 19:09:10'),(83,'/uploads/product/85/1729958951IMG-20241022-WA0006.jpg',0,'1729958951IMG-20241022-WA0006.jpg',85,'App\\Models\\Product','2024-10-26 19:09:11','2024-10-26 19:09:11'),(84,'/uploads/product/85/1729958953IMG-20241022-WA0007.jpg',0,'1729958953IMG-20241022-WA0007.jpg',85,'App\\Models\\Product','2024-10-26 19:09:13','2024-10-26 19:09:13'),(85,'/uploads/product/86/1732468601صورة واتساب بتاريخ 1446-05-22 في 20.15.39_8cbb66b3.jpg',0,'1732468601صورة واتساب بتاريخ 1446-05-22 في 20.15.39_8cbb66b3.jpg',86,'App\\Models\\Product','2024-11-24 20:16:41','2024-11-24 20:16:41'),(86,'/uploads/product/86/1732469620Untitled-5-0٣.jpg',0,'1732469620Untitled-5-0٣.jpg',86,'App\\Models\\Product','2024-11-24 20:33:40','2024-11-24 20:33:40'),(87,'/uploads/product/86/1732469627Untitled-5-0٦.jpg',0,'1732469627Untitled-5-0٦.jpg',86,'App\\Models\\Product','2024-11-24 20:33:47','2024-11-24 20:33:47'),(88,'/uploads/product/88/1732471307Untitled-5-0٩.jpg',0,'1732471307Untitled-5-0٩.jpg',88,'App\\Models\\Product','2024-11-24 21:01:47','2024-11-24 21:01:47'),(89,'/uploads/product/88/1732471339Untitled-5-0٢.jpg',0,'1732471339Untitled-5-0٢.jpg',88,'App\\Models\\Product','2024-11-24 21:02:19','2024-11-24 21:02:19'),(90,'/uploads/product/88/1732471353Untitled-5-0٤.jpg',0,'1732471353Untitled-5-0٤.jpg',88,'App\\Models\\Product','2024-11-24 21:02:33','2024-11-24 21:02:33'),(91,'/uploads/product/89/1732471457Untitled-5-0٧.jpg',0,'1732471457Untitled-5-0٧.jpg',89,'App\\Models\\Product','2024-11-24 21:04:17','2024-11-24 21:04:17'),(92,'/uploads/product/89/1732471460Untitled-5-0٨.jpg',0,'1732471460Untitled-5-0٨.jpg',89,'App\\Models\\Product','2024-11-24 21:04:20','2024-11-24 21:04:20'),(93,'/uploads/product/90/1732521426Untitled-5-0٦.jpg',0,'1732521426Untitled-5-0٦.jpg',90,'App\\Models\\Product','2024-11-25 10:57:06','2024-11-25 10:57:06'),(94,'/uploads/product/90/1732521431Untitled-5-0٧.jpg',0,'1732521431Untitled-5-0٧.jpg',90,'App\\Models\\Product','2024-11-25 10:57:11','2024-11-25 10:57:11'),(95,'/uploads/product/90/1732521434Untitled-5-0٨.jpg',0,'1732521434Untitled-5-0٨.jpg',90,'App\\Models\\Product','2024-11-25 10:57:14','2024-11-25 10:57:14'),(96,'/uploads/product/91/1732521979Untitled-5-١٤.jpg',0,'1732521979Untitled-5-١٤.jpg',91,'App\\Models\\Product','2024-11-25 11:06:19','2024-11-25 11:06:19'),(97,'/uploads/product/91/1732521988Untitled-5-١٢.jpg',0,'1732521988Untitled-5-١٢.jpg',91,'App\\Models\\Product','2024-11-25 11:06:28','2024-11-25 11:06:28'),(98,'/uploads/product/91/1732521996Untitled-5-١٣.jpg',0,'1732521996Untitled-5-١٣.jpg',91,'App\\Models\\Product','2024-11-25 11:06:36','2024-11-25 11:06:36'),(99,'/uploads/product/91/1732522003Untitled-5-0١.jpg',0,'1732522003Untitled-5-0١.jpg',91,'App\\Models\\Product','2024-11-25 11:06:43','2024-11-25 11:06:43'),(100,'/uploads/product/92/1732522831Untitled-5-١٠.jpg',0,'1732522831Untitled-5-١٠.jpg',92,'App\\Models\\Product','2024-11-25 11:20:31','2024-11-25 11:20:31'),(101,'/uploads/product/92/1732522849Untitled-5-١١.jpg',0,'1732522849Untitled-5-١١.jpg',92,'App\\Models\\Product','2024-11-25 11:20:49','2024-11-25 11:20:49'),(102,'/uploads/product/92/1732522857Untitled-5-0٩.jpg',0,'1732522857Untitled-5-0٩.jpg',92,'App\\Models\\Product','2024-11-25 11:20:57','2024-11-25 11:20:57'),(103,'/uploads/product/92/1732522863Untitled-5-0٢.jpg',0,'1732522863Untitled-5-0٢.jpg',92,'App\\Models\\Product','2024-11-25 11:21:03','2024-11-25 11:21:03'),(104,'/uploads/product/96/1733423068images (1).jpeg',0,'1733423068images (1).jpeg',96,'App\\Models\\Product','2024-12-05 21:24:28','2024-12-05 21:24:28'),(105,'/uploads/product/97/1733582512images (1).jpeg',0,'1733582512images (1).jpeg',97,'App\\Models\\Product','2024-12-07 17:41:52','2024-12-07 17:41:52'),(106,'/uploads/product/98/1733582917images (1).jpeg',0,'1733582917images (1).jpeg',98,'App\\Models\\Product','2024-12-07 17:48:37','2024-12-07 17:48:37'),(107,'/uploads/product/98/1733583033images.jpeg',0,'1733583033images.jpeg',98,'App\\Models\\Product','2024-12-07 17:50:33','2024-12-07 17:50:33'),(108,'/uploads/product/100/1733583335images (1).jpeg',0,'1733583335images (1).jpeg',100,'App\\Models\\Product','2024-12-07 17:55:35','2024-12-07 17:55:35'),(109,'/uploads/product/103/1733909843صورة واتساب بتاريخ 1446-06-09 في 20.11.23_49951b81.jpg',0,'1733909843صورة واتساب بتاريخ 1446-06-09 في 20.11.23_49951b81.jpg',103,'App\\Models\\Product','2024-12-11 12:37:23','2024-12-11 12:37:23'),(110,'/uploads/product/103/1733909855t5.jpg',0,'1733909855t5.jpg',103,'App\\Models\\Product','2024-12-11 12:37:35','2024-12-11 12:37:35'),(112,'/uploads/product/107/1735229348ad7f457749153096a800237811dd9f50_w750_h750.jpg',0,'1735229348ad7f457749153096a800237811dd9f50_w750_h750.jpg',107,'App\\Models\\Product','2024-12-26 19:09:08','2024-12-26 19:09:08'),(113,'/uploads/product/108/1736098617بيبي-بوي-طلبات.jpg',0,'1736098617بيبي-بوي-طلبات.jpg',108,'App\\Models\\Product','2025-01-05 20:36:57','2025-01-05 20:36:57'),(114,'/uploads/product/110/1737626941ؤ2.jpg',0,'1737626941ؤ2.jpg',110,'App\\Models\\Product','2025-01-23 13:09:01','2025-01-23 13:09:01'),(115,'/uploads/product/110/1737626944ؤ1.jpg',0,'1737626944ؤ1.jpg',110,'App\\Models\\Product','2025-01-23 13:09:04','2025-01-23 13:09:04'),(116,'/uploads/product/110/1737626947ت5.jpg',0,'1737626947ت5.jpg',110,'App\\Models\\Product','2025-01-23 13:09:07','2025-01-23 13:09:07'),(117,'/uploads/product/110/1737626950ت4.jpg',0,'1737626950ت4.jpg',110,'App\\Models\\Product','2025-01-23 13:09:10','2025-01-23 13:09:10'),(118,'/uploads/product/110/1737626954ت33.jpg',0,'1737626954ت33.jpg',110,'App\\Models\\Product','2025-01-23 13:09:14','2025-01-23 13:09:14'),(119,'/uploads/product/110/1737626958تت33.jpg',0,'1737626958تت33.jpg',110,'App\\Models\\Product','2025-01-23 13:09:18','2025-01-23 13:09:18'),(120,'/uploads/product/110/1737626962لل2.jpg',0,'1737626962لل2.jpg',110,'App\\Models\\Product','2025-01-23 13:09:22','2025-01-23 13:09:22'),(121,'/uploads/product/110/1737626965لل1.jpg',0,'1737626965لل1.jpg',110,'App\\Models\\Product','2025-01-23 13:09:25','2025-01-23 13:09:25'),(122,'/uploads/product/111/1737629372ررر.jpg',0,'1737629372ررر.jpg',111,'App\\Models\\Product','2025-01-23 13:49:32','2025-01-23 13:49:32'),(123,'/uploads/product/111/1737629446رر9.jpg',0,'1737629446رر9.jpg',111,'App\\Models\\Product','2025-01-23 13:50:46','2025-01-23 13:50:46'),(124,'/uploads/product/111/1737629450رر8.jpg',0,'1737629450رر8.jpg',111,'App\\Models\\Product','2025-01-23 13:50:50','2025-01-23 13:50:50'),(125,'/uploads/product/111/1737629454رر7.jpg',0,'1737629454رر7.jpg',111,'App\\Models\\Product','2025-01-23 13:50:54','2025-01-23 13:50:54'),(126,'/uploads/product/111/1737629460رر5.jpg',0,'1737629460رر5.jpg',111,'App\\Models\\Product','2025-01-23 13:51:00','2025-01-23 13:51:00'),(127,'/uploads/product/112/1737629795ll7.jpg',0,'1737629795ll7.jpg',112,'App\\Models\\Product','2025-01-23 13:56:35','2025-01-23 13:56:35'),(128,'/uploads/product/112/1737629797ll6.jpg',0,'1737629797ll6.jpg',112,'App\\Models\\Product','2025-01-23 13:56:37','2025-01-23 13:56:37'),(129,'/uploads/product/112/1737629800ll5.jpg',0,'1737629800ll5.jpg',112,'App\\Models\\Product','2025-01-23 13:56:40','2025-01-23 13:56:40'),(130,'/uploads/product/112/1737629802ll3.jpg',0,'1737629802ll3.jpg',112,'App\\Models\\Product','2025-01-23 13:56:42','2025-01-23 13:56:42'),(131,'/uploads/product/112/1737629804ll2.jpg',0,'1737629804ll2.jpg',112,'App\\Models\\Product','2025-01-23 13:56:44','2025-01-23 13:56:44'),(132,'/uploads/product/112/1737629806ll1.jpg',0,'1737629806ll1.jpg',112,'App\\Models\\Product','2025-01-23 13:56:46','2025-01-23 13:56:46'),(133,'/uploads/product/113/1737630820ؤ2.jpg',0,'1737630820ؤ2.jpg',113,'App\\Models\\Product','2025-01-23 14:13:40','2025-01-23 14:13:40'),(134,'/uploads/product/114/1737986072لل.jpg',0,'1737986072لل.jpg',114,'App\\Models\\Product','2025-01-27 16:54:32','2025-01-27 16:54:32'),(135,'/uploads/product/115/1737990332لل.jpg',0,'1737990332لل.jpg',115,'App\\Models\\Product','2025-01-27 18:05:32','2025-01-27 18:05:32'),(136,'/uploads/product/116/1737991600لل.jpg',0,'1737991600لل.jpg',116,'App\\Models\\Product','2025-01-27 18:26:40','2025-01-27 18:26:40'),(137,'/uploads/product/116/1737991697لل.jpg',0,'1737991697لل.jpg',116,'App\\Models\\Product','2025-01-27 18:28:17','2025-01-27 18:28:17'),(138,'/uploads/product/117/173799230043434.jpg',0,'173799230043434.jpg',117,'App\\Models\\Product','2025-01-27 18:38:20','2025-01-27 18:38:20'),(139,'/uploads/product/119/17379929914.jpg',0,'17379929914.jpg',119,'App\\Models\\Product','2025-01-27 18:49:51','2025-01-27 18:49:51'),(140,'/uploads/product/118/1737993258Untitled-3-0١.jpg',0,'1737993258Untitled-3-0١.jpg',118,'App\\Models\\Product','2025-01-27 18:54:18','2025-01-27 18:54:18'),(141,'/uploads/product/120/1737993452Untitled-3-0٤.jpg',0,'1737993452Untitled-3-0٤.jpg',120,'App\\Models\\Product','2025-01-27 18:57:32','2025-01-27 18:57:32'),(142,'/uploads/product/122/1737993651Untitled-3-0٣.jpg',0,'1737993651Untitled-3-0٣.jpg',122,'App\\Models\\Product','2025-01-27 19:00:51','2025-01-27 19:00:51'),(143,'/uploads/product/120/1737993843Untitled-3-0٤.jpg',0,'1737993843Untitled-3-0٤.jpg',120,'App\\Models\\Product','2025-01-27 19:04:03','2025-01-27 19:04:03'),(144,'/uploads/product/124/1738001276كمينىيسيسةيمني.jpg',0,'1738001276كمينىيسيسةيمني.jpg',124,'App\\Models\\Product','2025-01-27 21:07:56','2025-01-27 21:07:56'),(146,'/uploads/product/125/1738092972G6.jpg',0,'1738092972G6.jpg',125,'App\\Models\\Product','2025-01-28 22:36:12','2025-01-28 22:36:12'),(147,'/uploads/product/125/1738093437G6.jpg',0,'1738093437G6.jpg',125,'App\\Models\\Product','2025-01-28 22:43:57','2025-01-28 22:43:57'),(148,'/uploads/product/126/17380935243232232.jpg',0,'17380935243232232.jpg',126,'App\\Models\\Product','2025-01-28 22:45:24','2025-01-28 22:45:24'),(149,'/uploads/product/123/1738093630باقة-ورد-ابيض-جوري-تعديل.jpg',0,'1738093630باقة-ورد-ابيض-جوري-تعديل.jpg',123,'App\\Models\\Product','2025-01-28 22:47:10','2025-01-28 22:47:10'),(150,'/uploads/product/129/1738185209colorful-pastel-french-macaroons-macarons-white-pink-background.jpg',0,'1738185209colorful-pastel-french-macaroons-macarons-white-pink-background.jpg',129,'App\\Models\\Product','2025-01-30 00:13:29','2025-01-30 00:13:29'),(151,'/uploads/product/130/1738186121row-colorful-pastel-french-macarons-macarons-white-pink-background.jpg',0,'1738186121row-colorful-pastel-french-macarons-macarons-white-pink-background.jpg',130,'App\\Models\\Product','2025-01-30 00:28:41','2025-01-30 00:28:41'),(153,'/uploads/product/131/1738224413ورد.jpg',0,'1738224413ورد.jpg',131,'App\\Models\\Product','2025-01-30 11:06:53','2025-01-30 11:06:53'),(154,'/uploads/product/131/1738224414وردجوري-عشرين-حبة.jpg',0,'1738224414وردجوري-عشرين-حبة.jpg',131,'App\\Models\\Product','2025-01-30 11:06:54','2025-01-30 11:06:54'),(155,'/uploads/product/132/17383181511.jpg',0,'17383181511.jpg',132,'App\\Models\\Product','2025-01-31 13:09:11','2025-01-31 13:09:11'),(156,'/uploads/product/132/17383181522.jpg',0,'17383181522.jpg',132,'App\\Models\\Product','2025-01-31 13:09:12','2025-01-31 13:09:12'),(157,'/uploads/product/132/17383181533.jpg',0,'17383181533.jpg',132,'App\\Models\\Product','2025-01-31 13:09:13','2025-01-31 13:09:13'),(158,'/uploads/product/133/17383182364.jpg',0,'17383182364.jpg',133,'App\\Models\\Product','2025-01-31 13:10:36','2025-01-31 13:10:36'),(159,'/uploads/product/133/17383182375.jpg',0,'17383182375.jpg',133,'App\\Models\\Product','2025-01-31 13:10:37','2025-01-31 13:10:37'),(160,'/uploads/product/133/17383182386.jpg',0,'17383182386.jpg',133,'App\\Models\\Product','2025-01-31 13:10:38','2025-01-31 13:10:38'),(161,'/uploads/product/133/17383182387.jpg',0,'17383182387.jpg',133,'App\\Models\\Product','2025-01-31 13:10:38','2025-01-31 13:10:38'),(162,'/uploads/product/133/17383182398.jpg',0,'17383182398.jpg',133,'App\\Models\\Product','2025-01-31 13:10:39','2025-01-31 13:10:39'),(163,'/uploads/product/134/17383183259.jpg',0,'17383183259.jpg',134,'App\\Models\\Product','2025-01-31 13:12:05','2025-01-31 13:12:05'),(164,'/uploads/product/134/173831832610.jpg',0,'173831832610.jpg',134,'App\\Models\\Product','2025-01-31 13:12:06','2025-01-31 13:12:06'),(165,'/uploads/product/134/173831832711.jpg',0,'173831832711.jpg',134,'App\\Models\\Product','2025-01-31 13:12:07','2025-01-31 13:12:07'),(166,'/uploads/product/135/173831841512.jpg',0,'173831841512.jpg',135,'App\\Models\\Product','2025-01-31 13:13:35','2025-01-31 13:13:35'),(167,'/uploads/product/135/173831841613.jpg',0,'173831841613.jpg',135,'App\\Models\\Product','2025-01-31 13:13:36','2025-01-31 13:13:36'),(168,'/uploads/product/135/173831841614.jpg',0,'173831841614.jpg',135,'App\\Models\\Product','2025-01-31 13:13:36','2025-01-31 13:13:36'),(169,'/uploads/product/135/173831841715.jpg',0,'173831841715.jpg',135,'App\\Models\\Product','2025-01-31 13:13:37','2025-01-31 13:13:37'),(170,'/uploads/product/136/173831851423.jpg',0,'173831851423.jpg',136,'App\\Models\\Product','2025-01-31 13:15:14','2025-01-31 13:15:14'),(171,'/uploads/product/136/173831853620.jpg',0,'173831853620.jpg',136,'App\\Models\\Product','2025-01-31 13:15:36','2025-01-31 13:15:36'),(172,'/uploads/product/136/173831854720.jpg',0,'173831854720.jpg',136,'App\\Models\\Product','2025-01-31 13:15:47','2025-01-31 13:15:47'),(173,'/uploads/product/136/173831854821.jpg',0,'173831854821.jpg',136,'App\\Models\\Product','2025-01-31 13:15:48','2025-01-31 13:15:48'),(174,'/uploads/product/136/173831854922.jpg',0,'173831854922.jpg',136,'App\\Models\\Product','2025-01-31 13:15:49','2025-01-31 13:15:49'),(175,'/uploads/product/137/173831865424.jpg',0,'173831865424.jpg',137,'App\\Models\\Product','2025-01-31 13:17:34','2025-01-31 13:17:34'),(176,'/uploads/product/137/173831865525.jpg',0,'173831865525.jpg',137,'App\\Models\\Product','2025-01-31 13:17:35','2025-01-31 13:17:35'),(177,'/uploads/product/137/173831865626.jpg',0,'173831865626.jpg',137,'App\\Models\\Product','2025-01-31 13:17:36','2025-01-31 13:17:36'),(178,'/uploads/product/138/173831873127.jpg',0,'173831873127.jpg',138,'App\\Models\\Product','2025-01-31 13:18:51','2025-01-31 13:18:51'),(179,'/uploads/product/138/173831873228.jpg',0,'173831873228.jpg',138,'App\\Models\\Product','2025-01-31 13:18:52','2025-01-31 13:18:52'),(180,'/uploads/product/138/173831873229.jpg',0,'173831873229.jpg',138,'App\\Models\\Product','2025-01-31 13:18:52','2025-01-31 13:18:52'),(181,'/uploads/product/138/173831873330.jpg',0,'173831873330.jpg',138,'App\\Models\\Product','2025-01-31 13:18:53','2025-01-31 13:18:53'),(182,'/uploads/product/138/173831873331.jpg',0,'173831873331.jpg',138,'App\\Models\\Product','2025-01-31 13:18:53','2025-01-31 13:18:53'),(183,'/uploads/product/139/173831879833.jpg',0,'173831879833.jpg',139,'App\\Models\\Product','2025-01-31 13:19:58','2025-01-31 13:19:58'),(184,'/uploads/product/139/173831881832.jpg',0,'173831881832.jpg',139,'App\\Models\\Product','2025-01-31 13:20:18','2025-01-31 13:20:18'),(185,'/uploads/product/139/173831881933.jpg',0,'173831881933.jpg',139,'App\\Models\\Product','2025-01-31 13:20:19','2025-01-31 13:20:19'),(186,'/uploads/product/139/173831882034.jpg',0,'173831882034.jpg',139,'App\\Models\\Product','2025-01-31 13:20:20','2025-01-31 13:20:20'),(187,'/uploads/product/139/173831882035.jpg',0,'173831882035.jpg',139,'App\\Models\\Product','2025-01-31 13:20:20','2025-01-31 13:20:20'),(188,'/uploads/product/139/173831882136.jpg',0,'173831882136.jpg',139,'App\\Models\\Product','2025-01-31 13:20:21','2025-01-31 13:20:21'),(189,'/uploads/product/140/173831891041.jpg',0,'173831891041.jpg',140,'App\\Models\\Product','2025-01-31 13:21:50','2025-01-31 13:21:50'),(190,'/uploads/product/140/173831892939.jpg',0,'173831892939.jpg',140,'App\\Models\\Product','2025-01-31 13:22:09','2025-01-31 13:22:09'),(191,'/uploads/product/140/173831893040.jpg',0,'173831893040.jpg',140,'App\\Models\\Product','2025-01-31 13:22:10','2025-01-31 13:22:10'),(192,'/uploads/product/140/173831893141.jpg',0,'173831893141.jpg',140,'App\\Models\\Product','2025-01-31 13:22:11','2025-01-31 13:22:11'),(193,'/uploads/product/140/173831893242.jpg',0,'173831893242.jpg',140,'App\\Models\\Product','2025-01-31 13:22:12','2025-01-31 13:22:12'),(194,'/uploads/product/140/173831893343.jpg',0,'173831893343.jpg',140,'App\\Models\\Product','2025-01-31 13:22:13','2025-01-31 13:22:13'),(195,'/uploads/product/141/17416291909.jpg',0,'17416291909.jpg',141,'App\\Models\\Product','2025-03-10 20:53:10','2025-03-10 20:53:10'),(196,'/uploads/product/141/17416292241.jpg',0,'17416292241.jpg',141,'App\\Models\\Product','2025-03-10 20:53:44','2025-03-10 20:53:44'),(197,'/uploads/product/141/17416292276.jpg',0,'17416292276.jpg',141,'App\\Models\\Product','2025-03-10 20:53:47','2025-03-10 20:53:47'),(198,'/uploads/product/141/17416292307.jpg',0,'17416292307.jpg',141,'App\\Models\\Product','2025-03-10 20:53:50','2025-03-10 20:53:50'),(199,'/uploads/product/141/174162923411.jpg',0,'174162923411.jpg',141,'App\\Models\\Product','2025-03-10 20:53:54','2025-03-10 20:53:54'),(200,'/uploads/product/143/17416294224.jpg',0,'17416294224.jpg',143,'App\\Models\\Product','2025-03-10 20:57:02','2025-03-10 20:57:02'),(201,'/uploads/product/143/17416294265.jpg',0,'17416294265.jpg',143,'App\\Models\\Product','2025-03-10 20:57:06','2025-03-10 20:57:06'),(202,'/uploads/product/143/17416294319.jpg',0,'17416294319.jpg',143,'App\\Models\\Product','2025-03-10 20:57:11','2025-03-10 20:57:11'),(203,'/uploads/product/143/174162943711.jpg',0,'174162943711.jpg',143,'App\\Models\\Product','2025-03-10 20:57:17','2025-03-10 20:57:17'),(204,'/uploads/product/143/174162944116.jpg',0,'174162944116.jpg',143,'App\\Models\\Product','2025-03-10 20:57:21','2025-03-10 20:57:21'),(205,'/uploads/product/143/174162944418.jpg',0,'174162944418.jpg',143,'App\\Models\\Product','2025-03-10 20:57:24','2025-03-10 20:57:24'),(206,'/uploads/product/144/17416295641.jpg',0,'17416295641.jpg',144,'App\\Models\\Product','2025-03-10 20:59:24','2025-03-10 20:59:24'),(207,'/uploads/product/144/17416295653.jpg',0,'17416295653.jpg',144,'App\\Models\\Product','2025-03-10 20:59:25','2025-03-10 20:59:25'),(208,'/uploads/product/144/17416295677.jpg',0,'17416295677.jpg',144,'App\\Models\\Product','2025-03-10 20:59:27','2025-03-10 20:59:27'),(209,'/uploads/product/144/17416295699.jpg',0,'17416295699.jpg',144,'App\\Models\\Product','2025-03-10 20:59:29','2025-03-10 20:59:29'),(210,'/uploads/product/145/17416297512.jpg',0,'17416297512.jpg',145,'App\\Models\\Product','2025-03-10 21:02:31','2025-03-10 21:02:31'),(211,'/uploads/product/145/17416297535.jpg',0,'17416297535.jpg',145,'App\\Models\\Product','2025-03-10 21:02:33','2025-03-10 21:02:33'),(212,'/uploads/product/145/17416297566.jpg',0,'17416297566.jpg',145,'App\\Models\\Product','2025-03-10 21:02:36','2025-03-10 21:02:36'),(213,'/uploads/product/145/17416297589.jpg',0,'17416297589.jpg',145,'App\\Models\\Product','2025-03-10 21:02:38','2025-03-10 21:02:38'),(214,'/uploads/product/145/174162976110.jpg',0,'174162976110.jpg',145,'App\\Models\\Product','2025-03-10 21:02:41','2025-03-10 21:02:41'),(215,'/uploads/product/145/174162976415.jpg',0,'174162976415.jpg',145,'App\\Models\\Product','2025-03-10 21:02:44','2025-03-10 21:02:44'),(216,'/uploads/product/104/1741697871ورد.jpg',0,'1741697871ورد.jpg',104,'App\\Models\\Product','2025-03-11 15:57:51','2025-03-11 15:57:51'),(217,'/uploads/product/104/1741697873وردجوري-عشرين-حبة.jpg',0,'1741697873وردجوري-عشرين-حبة.jpg',104,'App\\Models\\Product','2025-03-11 15:57:53','2025-03-11 15:57:53'),(218,'/uploads/product/146/1742037793Ö8.jpg',0,'1742037793Ö8.jpg',146,'App\\Models\\Product','2025-03-15 14:23:13','2025-03-15 14:23:13'),(219,'/uploads/product/146/1742037821Ö5.jpg',0,'1742037821Ö5.jpg',146,'App\\Models\\Product','2025-03-15 14:23:41','2025-03-15 14:23:41'),(220,'/uploads/product/146/1742037824Ö4.jpg',0,'1742037824Ö4.jpg',146,'App\\Models\\Product','2025-03-15 14:23:44','2025-03-15 14:23:44'),(221,'/uploads/product/146/1742037826Ö3.jpg',0,'1742037826Ö3.jpg',146,'App\\Models\\Product','2025-03-15 14:23:46','2025-03-15 14:23:46'),(222,'/uploads/product/146/1742037828Ö2.jpg',0,'1742037828Ö2.jpg',146,'App\\Models\\Product','2025-03-15 14:23:48','2025-03-15 14:23:48'),(223,'/uploads/product/146/1742037830Ö1.jpg',0,'1742037830Ö1.jpg',146,'App\\Models\\Product','2025-03-15 14:23:50','2025-03-15 14:23:50'),(224,'/uploads/product/147/1742038117B7.jpg',0,'1742038117B7.jpg',147,'App\\Models\\Product','2025-03-15 14:28:37','2025-03-15 14:28:37'),(225,'/uploads/product/147/1742038119B4.jpg',0,'1742038119B4.jpg',147,'App\\Models\\Product','2025-03-15 14:28:39','2025-03-15 14:28:39'),(226,'/uploads/product/147/1742038121B3.jpg',0,'1742038121B3.jpg',147,'App\\Models\\Product','2025-03-15 14:28:41','2025-03-15 14:28:41'),(227,'/uploads/product/147/1742038122B2.jpg',0,'1742038122B2.jpg',147,'App\\Models\\Product','2025-03-15 14:28:43','2025-03-15 14:28:43'),(228,'/uploads/product/147/1742038124B1,.jpg',0,'1742038124B1,.jpg',147,'App\\Models\\Product','2025-03-15 14:28:44','2025-03-15 14:28:44'),(229,'/uploads/product/149/1742039017N6.jpg',0,'1742039017N6.jpg',149,'App\\Models\\Product','2025-03-15 14:43:37','2025-03-15 14:43:37'),(230,'/uploads/product/149/1742039019N5.jpg',0,'1742039019N5.jpg',149,'App\\Models\\Product','2025-03-15 14:43:39','2025-03-15 14:43:39'),(231,'/uploads/product/149/1742039021N4.jpg',0,'1742039021N4.jpg',149,'App\\Models\\Product','2025-03-15 14:43:41','2025-03-15 14:43:41'),(232,'/uploads/product/149/1742039023N3.jpg',0,'1742039023N3.jpg',149,'App\\Models\\Product','2025-03-15 14:43:43','2025-03-15 14:43:43'),(233,'/uploads/product/149/1742039025N2.jpg',0,'1742039025N2.jpg',149,'App\\Models\\Product','2025-03-15 14:43:45','2025-03-15 14:43:45'),(234,'/uploads/product/149/1742039027N1.jpg',0,'1742039027N1.jpg',149,'App\\Models\\Product','2025-03-15 14:43:47','2025-03-15 14:43:47'),(235,'/uploads/product/150/1742039170x5343.jpg',0,'1742039170x5343.jpg',150,'App\\Models\\Product','2025-03-15 14:46:10','2025-03-15 14:46:10'),(236,'/uploads/product/150/1742039172x23232e32.jpg',0,'1742039172x23232e32.jpg',150,'App\\Models\\Product','2025-03-15 14:46:12','2025-03-15 14:46:12'),(237,'/uploads/product/150/1742039174x3232.jpg',0,'1742039174x3232.jpg',150,'App\\Models\\Product','2025-03-15 14:46:14','2025-03-15 14:46:14'),(238,'/uploads/product/150/1742039175xx5433.jpg',0,'1742039175xx5433.jpg',150,'App\\Models\\Product','2025-03-15 14:46:16','2025-03-15 14:46:16'),(239,'/uploads/product/150/1742039177xx11.jpg',0,'1742039177xx11.jpg',150,'App\\Models\\Product','2025-03-15 14:46:17','2025-03-15 14:46:17'),(240,'/uploads/product/150/1742039179x2.jpg',0,'1742039179x2.jpg',150,'App\\Models\\Product','2025-03-15 14:46:19','2025-03-15 14:46:19'),(241,'/uploads/product/150/1742039181x1.jpg',0,'1742039181x1.jpg',150,'App\\Models\\Product','2025-03-15 14:46:21','2025-03-15 14:46:21'),(242,'/uploads/product/151/1742039561888.jpg',0,'1742039561888.jpg',151,'App\\Models\\Product','2025-03-15 14:52:41','2025-03-15 14:52:41'),(243,'/uploads/product/151/17420395637777.jpg',0,'17420395637777.jpg',151,'App\\Models\\Product','2025-03-15 14:52:43','2025-03-15 14:52:43'),(244,'/uploads/product/151/1742039564444.jpg',0,'1742039564444.jpg',151,'App\\Models\\Product','2025-03-15 14:52:44','2025-03-15 14:52:44'),(245,'/uploads/product/151/174203956544.jpg',0,'174203956544.jpg',151,'App\\Models\\Product','2025-03-15 14:52:45','2025-03-15 14:52:45'),(246,'/uploads/product/151/17420395663.jpg',0,'17420395663.jpg',151,'App\\Models\\Product','2025-03-15 14:52:46','2025-03-15 14:52:46'),(247,'/uploads/product/151/17420395682.jpg',0,'17420395682.jpg',151,'App\\Models\\Product','2025-03-15 14:52:48','2025-03-15 14:52:48'),(248,'/uploads/product/151/1742039569Untitled-1.jpg',0,'1742039569Untitled-1.jpg',151,'App\\Models\\Product','2025-03-15 14:52:49','2025-03-15 14:52:49'),(249,'/uploads/product/152/1742039696لا00.jpg',0,'1742039696لا00.jpg',152,'App\\Models\\Product','2025-03-15 14:54:56','2025-03-15 14:54:56'),(250,'/uploads/product/152/1742039697لا9.jpg',0,'1742039697لا9.jpg',152,'App\\Models\\Product','2025-03-15 14:54:57','2025-03-15 14:54:57'),(251,'/uploads/product/152/1742039699لا5.jpg',0,'1742039699لا5.jpg',152,'App\\Models\\Product','2025-03-15 14:54:59','2025-03-15 14:54:59'),(252,'/uploads/product/152/1742039700لا4.jpg',0,'1742039700لا4.jpg',152,'App\\Models\\Product','2025-03-15 14:55:00','2025-03-15 14:55:00'),(253,'/uploads/product/152/1742039702لا2.jpg',0,'1742039702لا2.jpg',152,'App\\Models\\Product','2025-03-15 14:55:02','2025-03-15 14:55:02'),(254,'/uploads/product/152/1742039704لا1.jpg',0,'1742039704لا1.jpg',152,'App\\Models\\Product','2025-03-15 14:55:04','2025-03-15 14:55:04'),(255,'/uploads/product/153/1742040052x9.jpg',0,'1742040052x9.jpg',153,'App\\Models\\Product','2025-03-15 15:00:52','2025-03-15 15:00:52'),(256,'/uploads/product/153/1742040053x7.jpg',0,'1742040053x7.jpg',153,'App\\Models\\Product','2025-03-15 15:00:53','2025-03-15 15:00:53'),(257,'/uploads/product/153/1742040056x6.jpg',0,'1742040056x6.jpg',153,'App\\Models\\Product','2025-03-15 15:00:56','2025-03-15 15:00:56'),(258,'/uploads/product/153/1742040057x5.jpg',0,'1742040057x5.jpg',153,'App\\Models\\Product','2025-03-15 15:00:58','2025-03-15 15:00:58'),(259,'/uploads/product/153/1742040059x4.jpg',0,'1742040059x4.jpg',153,'App\\Models\\Product','2025-03-15 15:00:59','2025-03-15 15:00:59'),(260,'/uploads/product/157/17420634949.jpg',0,'17420634949.jpg',157,'App\\Models\\Product','2025-03-15 21:31:34','2025-03-15 21:31:34'),(261,'/uploads/product/157/17420635111.jpg',0,'17420635111.jpg',157,'App\\Models\\Product','2025-03-15 21:31:51','2025-03-15 21:31:51'),(262,'/uploads/product/157/17420635232.jpg',0,'17420635232.jpg',157,'App\\Models\\Product','2025-03-15 21:32:03','2025-03-15 21:32:03'),(263,'/uploads/product/157/17420635293.jpg',0,'17420635293.jpg',157,'App\\Models\\Product','2025-03-15 21:32:09','2025-03-15 21:32:09'),(264,'/uploads/product/157/17420635404.jpg',0,'17420635404.jpg',157,'App\\Models\\Product','2025-03-15 21:32:20','2025-03-15 21:32:20'),(265,'/uploads/product/157/17420635485.jpg',0,'17420635485.jpg',157,'App\\Models\\Product','2025-03-15 21:32:28','2025-03-15 21:32:28'),(266,'/uploads/product/157/17420635546.jpg',0,'17420635546.jpg',157,'App\\Models\\Product','2025-03-15 21:32:34','2025-03-15 21:32:34'),(267,'/uploads/product/157/17420635617.jpg',0,'17420635617.jpg',157,'App\\Models\\Product','2025-03-15 21:32:41','2025-03-15 21:32:41'),(268,'/uploads/product/157/17420635728.jpg',0,'17420635728.jpg',157,'App\\Models\\Product','2025-03-15 21:32:52','2025-03-15 21:32:52'),(269,'/uploads/product/158/17420637772.jpg',0,'17420637772.jpg',158,'App\\Models\\Product','2025-03-15 21:36:17','2025-03-15 21:36:17'),(270,'/uploads/product/158/17420637795.jpg',0,'17420637795.jpg',158,'App\\Models\\Product','2025-03-15 21:36:19','2025-03-15 21:36:19'),(271,'/uploads/product/158/17420637826.jpg',0,'17420637826.jpg',158,'App\\Models\\Product','2025-03-15 21:36:22','2025-03-15 21:36:22'),(272,'/uploads/product/158/17420637848.jpg',0,'17420637848.jpg',158,'App\\Models\\Product','2025-03-15 21:36:25','2025-03-15 21:36:25'),(273,'/uploads/product/158/1742063787hhhhhhhhhhhhh.jpg',0,'1742063787hhhhhhhhhhhhh.jpg',158,'App\\Models\\Product','2025-03-15 21:36:27','2025-03-15 21:36:27'),(274,'/uploads/product/159/17420639993.jpg',0,'17420639993.jpg',159,'App\\Models\\Product','2025-03-15 21:39:59','2025-03-15 21:39:59'),(275,'/uploads/product/159/17420640024.jpg',0,'17420640024.jpg',159,'App\\Models\\Product','2025-03-15 21:40:02','2025-03-15 21:40:02'),(276,'/uploads/product/159/17420640055.jpg',0,'17420640055.jpg',159,'App\\Models\\Product','2025-03-15 21:40:05','2025-03-15 21:40:05'),(277,'/uploads/product/159/17420640086.jpg',0,'17420640086.jpg',159,'App\\Models\\Product','2025-03-15 21:40:09','2025-03-15 21:40:09'),(278,'/uploads/product/166/174206928432432.jpg',0,'174206928432432.jpg',166,'App\\Models\\Product','2025-03-15 23:08:04','2025-03-15 23:08:04'),(279,'/uploads/product/166/174206931334343.jpg',0,'174206931334343.jpg',166,'App\\Models\\Product','2025-03-15 23:08:33','2025-03-15 23:08:33'),(280,'/uploads/product/166/174206932645325432.jpg',0,'174206932645325432.jpg',166,'App\\Models\\Product','2025-03-15 23:08:46','2025-03-15 23:08:46'),(281,'/uploads/product/166/1742069335ASDSAFAS.jpg',0,'1742069335ASDSAFAS.jpg',166,'App\\Models\\Product','2025-03-15 23:08:55','2025-03-15 23:08:55'),(282,'/uploads/product/166/1742069344CASAS.jpg',0,'1742069344CASAS.jpg',166,'App\\Models\\Product','2025-03-15 23:09:04','2025-03-15 23:09:04'),(283,'/uploads/product/166/1742069356DJBSDS.jpg',0,'1742069356DJBSDS.jpg',166,'App\\Models\\Product','2025-03-15 23:09:16','2025-03-15 23:09:16'),(284,'/uploads/product/167/17421525912.jpg',0,'17421525912.jpg',167,'App\\Models\\Product','2025-03-16 22:16:31','2025-03-16 22:16:31'),(285,'/uploads/product/167/17421526063.jpg',0,'17421526063.jpg',167,'App\\Models\\Product','2025-03-16 22:16:46','2025-03-16 22:16:46'),(286,'/uploads/product/167/17421526174.jpg',0,'17421526174.jpg',167,'App\\Models\\Product','2025-03-16 22:16:57','2025-03-16 22:16:57'),(287,'/uploads/product/167/17421526285.jpg',0,'17421526285.jpg',167,'App\\Models\\Product','2025-03-16 22:17:08','2025-03-16 22:17:08'),(288,'/uploads/product/167/17421526356.jpg',0,'17421526356.jpg',167,'App\\Models\\Product','2025-03-16 22:17:15','2025-03-16 22:17:15'),(289,'/uploads/product/167/17421526507.jpg',0,'17421526507.jpg',167,'App\\Models\\Product','2025-03-16 22:17:30','2025-03-16 22:17:30'),(290,'/uploads/product/168/17421531091.jpg',0,'17421531091.jpg',168,'App\\Models\\Product','2025-03-16 22:25:09','2025-03-16 22:25:09'),(291,'/uploads/product/168/17421531132.jpg',0,'17421531132.jpg',168,'App\\Models\\Product','2025-03-16 22:25:13','2025-03-16 22:25:13'),(292,'/uploads/product/168/17421531153.jpg',0,'17421531153.jpg',168,'App\\Models\\Product','2025-03-16 22:25:15','2025-03-16 22:25:15'),(293,'/uploads/product/168/17421531184.jpg',0,'17421531184.jpg',168,'App\\Models\\Product','2025-03-16 22:25:18','2025-03-16 22:25:18'),(294,'/uploads/product/168/17421531215.jpg',0,'17421531215.jpg',168,'App\\Models\\Product','2025-03-16 22:25:21','2025-03-16 22:25:21'),(295,'/uploads/product/168/17421531236.jpg',0,'17421531236.jpg',168,'App\\Models\\Product','2025-03-16 22:25:23','2025-03-16 22:25:23'),(296,'/uploads/product/169/17421549291.jpg',0,'17421549291.jpg',169,'App\\Models\\Product','2025-03-16 22:55:29','2025-03-16 22:55:29'),(297,'/uploads/product/169/17421549342.jpg',0,'17421549342.jpg',169,'App\\Models\\Product','2025-03-16 22:55:34','2025-03-16 22:55:34'),(298,'/uploads/product/169/17421549383.jpg',0,'17421549383.jpg',169,'App\\Models\\Product','2025-03-16 22:55:38','2025-03-16 22:55:38'),(299,'/uploads/product/169/17421549424.jpg',0,'17421549424.jpg',169,'App\\Models\\Product','2025-03-16 22:55:42','2025-03-16 22:55:42'),(300,'/uploads/product/169/17421549475.jpg',0,'17421549475.jpg',169,'App\\Models\\Product','2025-03-16 22:55:47','2025-03-16 22:55:47'),(301,'/uploads/product/169/17421549516.jpg',0,'17421549516.jpg',169,'App\\Models\\Product','2025-03-16 22:55:51','2025-03-16 22:55:51'),(302,'/uploads/product/170/17421573644.jpg',0,'17421573644.jpg',170,'App\\Models\\Product','2025-03-16 23:36:04','2025-03-16 23:36:04'),(303,'/uploads/product/170/17421573761.jpg',0,'17421573761.jpg',170,'App\\Models\\Product','2025-03-16 23:36:16','2025-03-16 23:36:16'),(304,'/uploads/product/170/17421573852.jpg',0,'17421573852.jpg',170,'App\\Models\\Product','2025-03-16 23:36:25','2025-03-16 23:36:25'),(305,'/uploads/product/170/17421573963.jpg',0,'17421573963.jpg',170,'App\\Models\\Product','2025-03-16 23:36:36','2025-03-16 23:36:36'),(306,'/uploads/product/171/174215757711.jpg',0,'174215757711.jpg',171,'App\\Models\\Product','2025-03-16 23:39:37','2025-03-16 23:39:37'),(307,'/uploads/product/171/17421575915.jpg',0,'17421575915.jpg',171,'App\\Models\\Product','2025-03-16 23:39:51','2025-03-16 23:39:51'),(308,'/uploads/product/171/17421575966.jpg',0,'17421575966.jpg',171,'App\\Models\\Product','2025-03-16 23:39:56','2025-03-16 23:39:56'),(309,'/uploads/product/171/17421576067.jpg',0,'17421576067.jpg',171,'App\\Models\\Product','2025-03-16 23:40:06','2025-03-16 23:40:06'),(310,'/uploads/product/171/17421576148.jpg',0,'17421576148.jpg',171,'App\\Models\\Product','2025-03-16 23:40:14','2025-03-16 23:40:14'),(311,'/uploads/product/171/17421576199.jpg',0,'17421576199.jpg',171,'App\\Models\\Product','2025-03-16 23:40:19','2025-03-16 23:40:19'),(312,'/uploads/product/171/174215762410.jpg',0,'174215762410.jpg',171,'App\\Models\\Product','2025-03-16 23:40:24','2025-03-16 23:40:24'),(313,'/uploads/product/171/174215763011.jpg',0,'174215763011.jpg',171,'App\\Models\\Product','2025-03-16 23:40:30','2025-03-16 23:40:30'),(314,'/uploads/product/171/174215763412.jpg',0,'174215763412.jpg',171,'App\\Models\\Product','2025-03-16 23:40:34','2025-03-16 23:40:34'),(315,'/uploads/product/172/17422022495.jpg',0,'17422022495.jpg',172,'App\\Models\\Product','2025-03-17 12:04:09','2025-03-17 12:04:09'),(316,'/uploads/product/172/17422022516.jpg',0,'17422022516.jpg',172,'App\\Models\\Product','2025-03-17 12:04:11','2025-03-17 12:04:11'),(317,'/uploads/product/172/17422022538.jpg',0,'17422022538.jpg',172,'App\\Models\\Product','2025-03-17 12:04:13','2025-03-17 12:04:13'),(318,'/uploads/product/172/1742202256Untitled-1.jpg',0,'1742202256Untitled-1.jpg',172,'App\\Models\\Product','2025-03-17 12:04:16','2025-03-17 12:04:16'),(319,'/uploads/product/174/1742204994ll6.jpg',0,'1742204994ll6.jpg',174,'App\\Models\\Product','2025-03-17 12:49:54','2025-03-17 12:49:54'),(320,'/uploads/product/174/1742204996ll5.jpg',0,'1742204996ll5.jpg',174,'App\\Models\\Product','2025-03-17 12:49:56','2025-03-17 12:49:56'),(321,'/uploads/product/174/1742204999ll3.jpg',0,'1742204999ll3.jpg',174,'App\\Models\\Product','2025-03-17 12:49:59','2025-03-17 12:49:59'),(322,'/uploads/product/174/1742205002ll2.jpg',0,'1742205002ll2.jpg',174,'App\\Models\\Product','2025-03-17 12:50:02','2025-03-17 12:50:02'),(323,'/uploads/product/174/1742205005ll1.jpg',0,'1742205005ll1.jpg',174,'App\\Models\\Product','2025-03-17 12:50:05','2025-03-17 12:50:05'),(324,'/uploads/product/175/17422051592.jpg',0,'17422051592.jpg',175,'App\\Models\\Product','2025-03-17 12:52:39','2025-03-17 12:52:39'),(325,'/uploads/product/175/1742205184888.jpg',0,'1742205184888.jpg',175,'App\\Models\\Product','2025-03-17 12:53:04','2025-03-17 12:53:04'),(326,'/uploads/product/175/17422051867777.jpg',0,'17422051867777.jpg',175,'App\\Models\\Product','2025-03-17 12:53:06','2025-03-17 12:53:06'),(327,'/uploads/product/175/1742205205444.jpg',0,'1742205205444.jpg',175,'App\\Models\\Product','2025-03-17 12:53:25','2025-03-17 12:53:25'),(328,'/uploads/product/175/174220520744.jpg',0,'174220520744.jpg',175,'App\\Models\\Product','2025-03-17 12:53:28','2025-03-17 12:53:28'),(329,'/uploads/product/177/1742205602xx65.jpg',0,'1742205602xx65.jpg',177,'App\\Models\\Product','2025-03-17 13:00:02','2025-03-17 13:00:02'),(330,'/uploads/product/177/1742205608xc1.jpg',0,'1742205608xc1.jpg',177,'App\\Models\\Product','2025-03-17 13:00:08','2025-03-17 13:00:08'),(331,'/uploads/product/177/1742205613xx6.jpg',0,'1742205613xx6.jpg',177,'App\\Models\\Product','2025-03-17 13:00:13','2025-03-17 13:00:13'),(332,'/uploads/product/177/1742205621xxxx.jpg',0,'1742205621xxxx.jpg',177,'App\\Models\\Product','2025-03-17 13:00:21','2025-03-17 13:00:21'),(333,'/uploads/product/177/1742205628xx5.jpg',0,'1742205628xx5.jpg',177,'App\\Models\\Product','2025-03-17 13:00:28','2025-03-17 13:00:28'),(334,'/uploads/product/177/1742205633xx4.jpg',0,'1742205633xx4.jpg',177,'App\\Models\\Product','2025-03-17 13:00:34','2025-03-17 13:00:34'),(335,'/uploads/product/179/17422097251.jpg',0,'17422097251.jpg',179,'App\\Models\\Product','2025-03-17 14:08:45','2025-03-17 14:08:45'),(336,'/uploads/product/179/17422097272.jpg',0,'17422097272.jpg',179,'App\\Models\\Product','2025-03-17 14:08:47','2025-03-17 14:08:47'),(337,'/uploads/product/179/17422097293.jpg',0,'17422097293.jpg',179,'App\\Models\\Product','2025-03-17 14:08:49','2025-03-17 14:08:49'),(338,'/uploads/product/179/174220973111.jpg',0,'174220973111.jpg',179,'App\\Models\\Product','2025-03-17 14:08:51','2025-03-17 14:08:51'),(339,'/uploads/product/179/174220973312.jpg',0,'174220973312.jpg',179,'App\\Models\\Product','2025-03-17 14:08:53','2025-03-17 14:08:53'),(340,'/uploads/product/180/17422911841.jpg',0,'17422911841.jpg',180,'App\\Models\\Product','2025-03-18 12:46:24','2025-03-18 12:46:24'),(341,'/uploads/product/180/17422911912.jpg',0,'17422911912.jpg',180,'App\\Models\\Product','2025-03-18 12:46:31','2025-03-18 12:46:31'),(342,'/uploads/product/180/17422911963.jpg',0,'17422911963.jpg',180,'App\\Models\\Product','2025-03-18 12:46:36','2025-03-18 12:46:36'),(343,'/uploads/product/180/17422912044.jpg',0,'17422912044.jpg',180,'App\\Models\\Product','2025-03-18 12:46:44','2025-03-18 12:46:44'),(344,'/uploads/product/180/17422912095.jpg',0,'17422912095.jpg',180,'App\\Models\\Product','2025-03-18 12:46:49','2025-03-18 12:46:49'),(345,'/uploads/product/180/17422912156.jpg',0,'17422912156.jpg',180,'App\\Models\\Product','2025-03-18 12:46:55','2025-03-18 12:46:55'),(346,'/uploads/product/181/17440350251.jpg',0,'17440350251.jpg',181,'App\\Models\\Product','2025-04-07 17:10:25','2025-04-07 17:10:25'),(347,'/uploads/product/181/17440350282.jpg',0,'17440350282.jpg',181,'App\\Models\\Product','2025-04-07 17:10:28','2025-04-07 17:10:28'),(348,'/uploads/product/181/17440350333.jpg',0,'17440350333.jpg',181,'App\\Models\\Product','2025-04-07 17:10:33','2025-04-07 17:10:33'),(349,'/uploads/product/181/17440350344.jpg',0,'17440350344.jpg',181,'App\\Models\\Product','2025-04-07 17:10:34','2025-04-07 17:10:34'),(350,'/uploads/product/182/174403692212.jpg',0,'174403692212.jpg',182,'App\\Models\\Product','2025-04-07 17:42:02','2025-04-07 17:42:02'),(351,'/uploads/product/182/174403692414.jpg',0,'174403692414.jpg',182,'App\\Models\\Product','2025-04-07 17:42:04','2025-04-07 17:42:04'),(352,'/uploads/product/182/174403692616.jpg',0,'174403692616.jpg',182,'App\\Models\\Product','2025-04-07 17:42:06','2025-04-07 17:42:06'),(353,'/uploads/product/183/17440370727.jpg',0,'17440370727.jpg',183,'App\\Models\\Product','2025-04-07 17:44:32','2025-04-07 17:44:32'),(354,'/uploads/product/183/17440370738.jpg',0,'17440370738.jpg',183,'App\\Models\\Product','2025-04-07 17:44:33','2025-04-07 17:44:33'),(355,'/uploads/product/183/174403707511.jpg',0,'174403707511.jpg',183,'App\\Models\\Product','2025-04-07 17:44:35','2025-04-07 17:44:35'),(356,'/uploads/product/184/17440454462.jpg',0,'17440454462.jpg',184,'App\\Models\\Product','2025-04-07 20:04:06','2025-04-07 20:04:06'),(357,'/uploads/product/184/17440454574.jpg',0,'17440454574.jpg',184,'App\\Models\\Product','2025-04-07 20:04:17','2025-04-07 20:04:17'),(358,'/uploads/product/184/17440454585.jpg',0,'17440454585.jpg',184,'App\\Models\\Product','2025-04-07 20:04:18','2025-04-07 20:04:18'),(359,'/uploads/product/189/1744045626ب1.jpg',0,'1744045626ب1.jpg',189,'App\\Models\\Product','2025-04-07 20:07:06','2025-04-07 20:07:06'),(360,'/uploads/product/189/1744045628ب3.jpg',0,'1744045628ب3.jpg',189,'App\\Models\\Product','2025-04-07 20:07:08','2025-04-07 20:07:08'),(361,'/uploads/product/189/1744045629ب4.jpg',0,'1744045629ب4.jpg',189,'App\\Models\\Product','2025-04-07 20:07:09','2025-04-07 20:07:09'),(362,'/uploads/product/190/174418060310.jpg',0,'174418060310.jpg',190,'App\\Models\\Product','2025-04-09 09:36:43','2025-04-09 09:36:43'),(363,'/uploads/product/190/174418073812.jpg',0,'174418073812.jpg',190,'App\\Models\\Product','2025-04-09 09:38:58','2025-04-09 09:38:58'),(364,'/uploads/product/190/174418073913.jpg',0,'174418073913.jpg',190,'App\\Models\\Product','2025-04-09 09:38:59','2025-04-09 09:38:59'),(365,'/uploads/product/191/174418095719.jpg',0,'174418095719.jpg',191,'App\\Models\\Product','2025-04-09 09:42:37','2025-04-09 09:42:37'),(366,'/uploads/product/191/174418097517.jpg',0,'174418097517.jpg',191,'App\\Models\\Product','2025-04-09 09:42:55','2025-04-09 09:42:55'),(367,'/uploads/product/191/174418097618.jpg',0,'174418097618.jpg',191,'App\\Models\\Product','2025-04-09 09:42:56','2025-04-09 09:42:56'),(368,'/uploads/product/193/174418116012.jpg',0,'174418116012.jpg',193,'App\\Models\\Product','2025-04-09 09:46:00','2025-04-09 09:46:00'),(369,'/uploads/product/193/174418116213.jpg',0,'174418116213.jpg',193,'App\\Models\\Product','2025-04-09 09:46:02','2025-04-09 09:46:02'),(370,'/uploads/product/193/174418116814.jpg',0,'174418116814.jpg',193,'App\\Models\\Product','2025-04-09 09:46:08','2025-04-09 09:46:08'),(371,'/uploads/product/194/1744181322س5.jpg',0,'1744181322س5.jpg',194,'App\\Models\\Product','2025-04-09 09:48:42','2025-04-09 09:48:42'),(372,'/uploads/product/194/1744181322ش3.jpg',0,'1744181322ش3.jpg',194,'App\\Models\\Product','2025-04-09 09:48:42','2025-04-09 09:48:42'),(373,'/uploads/product/195/17441814472.jpg',0,'17441814472.jpg',195,'App\\Models\\Product','2025-04-09 09:50:47','2025-04-09 09:50:47'),(374,'/uploads/product/195/17441814484.jpg',0,'17441814484.jpg',195,'App\\Models\\Product','2025-04-09 09:50:48','2025-04-09 09:50:48'),(375,'/uploads/product/195/17441814495.jpg',0,'17441814495.jpg',195,'App\\Models\\Product','2025-04-09 09:50:49','2025-04-09 09:50:49'),(376,'/uploads/product/196/174418163710.jpg',0,'174418163710.jpg',196,'App\\Models\\Product','2025-04-09 09:53:57','2025-04-09 09:53:57'),(377,'/uploads/product/196/174418163811.jpg',0,'174418163811.jpg',196,'App\\Models\\Product','2025-04-09 09:53:58','2025-04-09 09:53:58'),(378,'/uploads/product/197/17441817846.jpg',0,'17441817846.jpg',197,'App\\Models\\Product','2025-04-09 09:56:24','2025-04-09 09:56:24'),(379,'/uploads/product/197/17441817857.jpg',0,'17441817857.jpg',197,'App\\Models\\Product','2025-04-09 09:56:25','2025-04-09 09:56:25'),(380,'/uploads/product/197/17441817868.jpg',0,'17441817868.jpg',197,'App\\Models\\Product','2025-04-09 09:56:26','2025-04-09 09:56:26'),(381,'/uploads/product/198/174418210733.jpg',0,'174418210733.jpg',198,'App\\Models\\Product','2025-04-09 10:01:47','2025-04-09 10:01:47'),(382,'/uploads/product/198/174418210834.jpg',0,'174418210834.jpg',198,'App\\Models\\Product','2025-04-09 10:01:48','2025-04-09 10:01:48'),(383,'/uploads/product/198/174418210835.jpg',0,'174418210835.jpg',198,'App\\Models\\Product','2025-04-09 10:01:48','2025-04-09 10:01:48'),(384,'/uploads/product/198/174418210938.jpg',0,'174418210938.jpg',198,'App\\Models\\Product','2025-04-09 10:01:49','2025-04-09 10:01:49'),(385,'/uploads/product/199/174418227119.jpg',0,'174418227119.jpg',199,'App\\Models\\Product','2025-04-09 10:04:31','2025-04-09 10:04:31'),(386,'/uploads/product/199/174418229020.jpg',0,'174418229020.jpg',199,'App\\Models\\Product','2025-04-09 10:04:50','2025-04-09 10:04:50'),(387,'/uploads/product/199/174418229122.jpg',0,'174418229122.jpg',199,'App\\Models\\Product','2025-04-09 10:04:51','2025-04-09 10:04:51'),(388,'/uploads/product/199/174418229224.jpg',0,'174418229224.jpg',199,'App\\Models\\Product','2025-04-09 10:04:52','2025-04-09 10:04:52'),(389,'/uploads/product/200/174418241925.jpg',0,'174418241925.jpg',200,'App\\Models\\Product','2025-04-09 10:06:59','2025-04-09 10:06:59'),(390,'/uploads/product/200/174418242026.jpg',0,'174418242026.jpg',200,'App\\Models\\Product','2025-04-09 10:07:00','2025-04-09 10:07:00'),(391,'/uploads/product/200/174418242127.jpg',0,'174418242127.jpg',200,'App\\Models\\Product','2025-04-09 10:07:01','2025-04-09 10:07:01'),(392,'/uploads/product/200/174418242128.jpg',0,'174418242128.jpg',200,'App\\Models\\Product','2025-04-09 10:07:01','2025-04-09 10:07:01'),(393,'/uploads/product/201/174418257826.jpg',0,'174418257826.jpg',201,'App\\Models\\Product','2025-04-09 10:09:38','2025-04-09 10:09:38'),(394,'/uploads/product/201/174418257927.jpg',0,'174418257927.jpg',201,'App\\Models\\Product','2025-04-09 10:09:39','2025-04-09 10:09:39'),(395,'/uploads/product/201/174418258028.jpg',0,'174418258028.jpg',201,'App\\Models\\Product','2025-04-09 10:09:40','2025-04-09 10:09:40'),(396,'/uploads/product/204/1745074517جاهز-واحد.jpg',0,'1745074517جاهز-واحد.jpg',204,'App\\Models\\Product','2025-04-19 17:55:17','2025-04-19 17:55:17'),(397,'/uploads/product/209/1745074688مواجيب-2.jpg',0,'1745074688مواجيب-2.jpg',209,'App\\Models\\Product','2025-04-19 17:58:08','2025-04-19 17:58:08'),(398,'/uploads/product/210/1745075196مواجيب-3.jpg',0,'1745075196مواجيب-3.jpg',210,'App\\Models\\Product','2025-04-19 18:06:36','2025-04-19 18:06:36'),(399,'/uploads/product/211/1745075326مواجيب-4.jpg',0,'1745075326مواجيب-4.jpg',211,'App\\Models\\Product','2025-04-19 18:08:46','2025-04-19 18:08:46'),(400,'/uploads/product/212/1745076010مواجيب-4.jpg',0,'1745076010مواجيب-4.jpg',212,'App\\Models\\Product','2025-04-19 18:20:10','2025-04-19 18:20:10'),(401,'/uploads/product/213/1745076245امواجيب-5.jpg',0,'1745076245امواجيب-5.jpg',213,'App\\Models\\Product','2025-04-19 18:24:05','2025-04-19 18:24:05'),(402,'/uploads/product/214/1745141807مواجيب-12.jpg',0,'1745141807مواجيب-12.jpg',214,'App\\Models\\Product','2025-04-20 12:36:47','2025-04-20 12:36:47'),(403,'/uploads/product/215/1745142747مواجيب-8.jpg',0,'1745142747مواجيب-8.jpg',215,'App\\Models\\Product','2025-04-20 12:52:27','2025-04-20 12:52:27'),(404,'/uploads/product/216/1745143216مواجيب11.jpg',0,'1745143216مواجيب11.jpg',216,'App\\Models\\Product','2025-04-20 13:00:16','2025-04-20 13:00:16'),(405,'/uploads/product/217/1745143846مواجيب-13.jpg',0,'1745143846مواجيب-13.jpg',217,'App\\Models\\Product','2025-04-20 13:10:46','2025-04-20 13:10:46'),(406,'/uploads/product/218/174515076311.jpg',0,'174515076311.jpg',218,'App\\Models\\Product','2025-04-20 15:06:03','2025-04-20 15:06:03'),(407,'/uploads/product/219/174515088322.jpg',0,'174515088322.jpg',219,'App\\Models\\Product','2025-04-20 15:08:03','2025-04-20 15:08:03'),(408,'/uploads/product/220/174515096233.jpg',0,'174515096233.jpg',220,'App\\Models\\Product','2025-04-20 15:09:22','2025-04-20 15:09:22'),(409,'/uploads/product/222/17451606671.jpg',0,'17451606671.jpg',222,'App\\Models\\Product','2025-04-20 17:51:07','2025-04-20 17:51:07'),(410,'/uploads/product/223/174520855844444444444.jpg',0,'174520855844444444444.jpg',223,'App\\Models\\Product','2025-04-21 07:09:18','2025-04-21 07:09:18'),(411,'/uploads/product/224/174522264144444444444.jpg',0,'174522264144444444444.jpg',224,'App\\Models\\Product','2025-04-21 11:04:01','2025-04-21 11:04:01'),(412,'/uploads/product/225/1745222774VVVVVVVVVVVVVVVV.jpg',0,'1745222774VVVVVVVVVVVVVVVV.jpg',225,'App\\Models\\Product','2025-04-21 11:06:14','2025-04-21 11:06:14'),(413,'/uploads/product/226/1745222900kih.jpg',0,'1745222900kih.jpg',226,'App\\Models\\Product','2025-04-21 11:08:20','2025-04-21 11:08:20'),(414,'/uploads/product/227/1745223037ت.jpg',0,'1745223037ت.jpg',227,'App\\Models\\Product','2025-04-21 11:10:37','2025-04-21 11:10:37'),(415,'/uploads/product/228/1745235513صورة واتساب بتاريخ 1446-10-23 في 11.41.05_90aa67a9.jpg',0,'1745235513صورة واتساب بتاريخ 1446-10-23 في 11.41.05_90aa67a9.jpg',228,'App\\Models\\Product','2025-04-21 14:38:33','2025-04-21 14:38:33'),(416,'/uploads/product/229/1745235767صورة واتساب بتاريخ 1446-10-23 في 11.42.19_229ff303.jpg',0,'1745235767صورة واتساب بتاريخ 1446-10-23 في 11.42.19_229ff303.jpg',229,'App\\Models\\Product','2025-04-21 14:42:47','2025-04-21 14:42:47'),(417,'/uploads/product/229/1745235769صورة واتساب بتاريخ 1446-10-23 في 11.42.19_e83ff16d.jpg',0,'1745235769صورة واتساب بتاريخ 1446-10-23 في 11.42.19_e83ff16d.jpg',229,'App\\Models\\Product','2025-04-21 14:42:49','2025-04-21 14:42:49'),(418,'/uploads/product/232/1745313488بدون-لوغو.jpg',0,'1745313488بدون-لوغو.jpg',232,'App\\Models\\Product','2025-04-22 12:18:08','2025-04-22 12:18:08'),(419,'/uploads/product/236/1748336726photo_2025-05-27_12-05-11.jpg',0,'1748336726photo_2025-05-27_12-05-11.jpg',236,'App\\Models\\Product','2025-05-27 12:05:26','2025-05-27 12:05:26'),(420,'/uploads/product/236/1748336774photo_1_2025-05-27_12-05-57.jpg',0,'1748336774photo_1_2025-05-27_12-05-57.jpg',236,'App\\Models\\Product','2025-05-27 12:06:14','2025-05-27 12:06:14'),(421,'/uploads/product/236/1748336778photo_2_2025-05-27_12-05-57.jpg',0,'1748336778photo_2_2025-05-27_12-05-57.jpg',236,'App\\Models\\Product','2025-05-27 12:06:18','2025-05-27 12:06:18'),(422,'/uploads/product/236/1748336780photo_3_2025-05-27_12-05-57.jpg',0,'1748336780photo_3_2025-05-27_12-05-57.jpg',236,'App\\Models\\Product','2025-05-27 12:06:20','2025-05-27 12:06:20'),(424,'/uploads/product/236/1748336783photo_5_2025-05-27_12-05-57.jpg',0,'1748336783photo_5_2025-05-27_12-05-57.jpg',236,'App\\Models\\Product','2025-05-27 12:06:23','2025-05-27 12:06:23'),(425,'/uploads/product/237/1748356920photo_1_2025-05-27_17-41-21.jpg',0,'1748356920photo_1_2025-05-27_17-41-21.jpg',237,'App\\Models\\Product','2025-05-27 17:42:00','2025-05-27 17:42:00'),(426,'/uploads/product/237/1748356922photo_2_2025-05-27_17-41-21.jpg',0,'1748356922photo_2_2025-05-27_17-41-21.jpg',237,'App\\Models\\Product','2025-05-27 17:42:02','2025-05-27 17:42:02'),(427,'/uploads/product/237/1748356924photo_3_2025-05-27_17-41-21.jpg',0,'1748356924photo_3_2025-05-27_17-41-21.jpg',237,'App\\Models\\Product','2025-05-27 17:42:04','2025-05-27 17:42:04'),(428,'/uploads/product/237/1748356925photo_4_2025-05-27_17-41-21.jpg',0,'1748356925photo_4_2025-05-27_17-41-21.jpg',237,'App\\Models\\Product','2025-05-27 17:42:05','2025-05-27 17:42:05'),(429,'/uploads/product/238/1748357860photo_1_2025-05-27_17-56-38.jpg',0,'1748357860photo_1_2025-05-27_17-56-38.jpg',238,'App\\Models\\Product','2025-05-27 17:57:40','2025-05-27 17:57:40'),(430,'/uploads/product/238/1748357861photo_2_2025-05-27_17-56-38.jpg',0,'1748357861photo_2_2025-05-27_17-56-38.jpg',238,'App\\Models\\Product','2025-05-27 17:57:41','2025-05-27 17:57:41'),(431,'/uploads/product/238/1748357862photo_3_2025-05-27_17-56-38.jpg',0,'1748357862photo_3_2025-05-27_17-56-38.jpg',238,'App\\Models\\Product','2025-05-27 17:57:42','2025-05-27 17:57:42'),(432,'/uploads/product/238/1748357864photo_4_2025-05-27_17-56-38.jpg',0,'1748357864photo_4_2025-05-27_17-56-38.jpg',238,'App\\Models\\Product','2025-05-27 17:57:44','2025-05-27 17:57:44'),(433,'/uploads/product/240/1748358887photo_1_2025-05-27_18-14-08.jpg',0,'1748358887photo_1_2025-05-27_18-14-08.jpg',240,'App\\Models\\Product','2025-05-27 18:14:47','2025-05-27 18:14:47'),(434,'/uploads/product/240/1748358896photo_2_2025-05-27_18-14-08.jpg',0,'1748358896photo_2_2025-05-27_18-14-08.jpg',240,'App\\Models\\Product','2025-05-27 18:14:56','2025-05-27 18:14:56'),(435,'/uploads/product/240/1748358906photo_3_2025-05-27_18-14-08.jpg',0,'1748358906photo_3_2025-05-27_18-14-08.jpg',240,'App\\Models\\Product','2025-05-27 18:15:06','2025-05-27 18:15:06'),(436,'/uploads/product/240/1748358914photo_4_2025-05-27_18-14-08.jpg',0,'1748358914photo_4_2025-05-27_18-14-08.jpg',240,'App\\Models\\Product','2025-05-27 18:15:14','2025-05-27 18:15:14'),(437,'/uploads/product/242/1748360951photo_1_2025-05-27_18-48-32.jpg',0,'1748360951photo_1_2025-05-27_18-48-32.jpg',242,'App\\Models\\Product','2025-05-27 18:49:11','2025-05-27 18:49:11'),(438,'/uploads/product/242/1748360956photo_2_2025-05-27_18-48-32.jpg',0,'1748360956photo_2_2025-05-27_18-48-32.jpg',242,'App\\Models\\Product','2025-05-27 18:49:16','2025-05-27 18:49:16'),(439,'/uploads/product/242/1748360961photo_4_2025-05-27_18-48-32.jpg',0,'1748360961photo_4_2025-05-27_18-48-32.jpg',242,'App\\Models\\Product','2025-05-27 18:49:21','2025-05-27 18:49:21'),(440,'/uploads/product/243/1748361432photo_2_2025-05-27_18-56-48.jpg',0,'1748361432photo_2_2025-05-27_18-56-48.jpg',243,'App\\Models\\Product','2025-05-27 18:57:12','2025-05-27 18:57:12'),(441,'/uploads/product/243/1748361434photo_3_2025-05-27_18-56-48.jpg',0,'1748361434photo_3_2025-05-27_18-56-48.jpg',243,'App\\Models\\Product','2025-05-27 18:57:14','2025-05-27 18:57:14'),(442,'/uploads/product/246/1748362006photo_1_2025-05-27_19-06-32.jpg',0,'1748362006photo_1_2025-05-27_19-06-32.jpg',246,'App\\Models\\Product','2025-05-27 19:06:46','2025-05-27 19:06:46'),(443,'/uploads/product/246/1748362010photo_2_2025-05-27_19-06-32.jpg',0,'1748362010photo_2_2025-05-27_19-06-32.jpg',246,'App\\Models\\Product','2025-05-27 19:06:50','2025-05-27 19:06:50'),(444,'/uploads/product/246/1748362012photo_3_2025-05-27_19-06-32.jpg',0,'1748362012photo_3_2025-05-27_19-06-32.jpg',246,'App\\Models\\Product','2025-05-27 19:06:52','2025-05-27 19:06:52'),(445,'/uploads/product/246/1748362014photo_4_2025-05-27_19-06-32.jpg',0,'1748362014photo_4_2025-05-27_19-06-32.jpg',246,'App\\Models\\Product','2025-05-27 19:06:54','2025-05-27 19:06:54'),(446,'/uploads/product/247/1748362152photo_1_2025-05-27_19-08-35.jpg',0,'1748362152photo_1_2025-05-27_19-08-35.jpg',247,'App\\Models\\Product','2025-05-27 19:09:12','2025-05-27 19:09:12'),(447,'/uploads/product/247/1748362154photo_2_2025-05-27_19-08-35.jpg',0,'1748362154photo_2_2025-05-27_19-08-35.jpg',247,'App\\Models\\Product','2025-05-27 19:09:14','2025-05-27 19:09:14'),(448,'/uploads/product/247/1748362156photo_3_2025-05-27_19-08-35.jpg',0,'1748362156photo_3_2025-05-27_19-08-35.jpg',247,'App\\Models\\Product','2025-05-27 19:09:16','2025-05-27 19:09:16'),(449,'/uploads/product/247/1748362157photo_4_2025-05-27_19-08-35.jpg',0,'1748362157photo_4_2025-05-27_19-08-35.jpg',247,'App\\Models\\Product','2025-05-27 19:09:17','2025-05-27 19:09:17'),(450,'/uploads/product/248/1748365193photo_1_2025-05-27_19-58-45.jpg',0,'1748365193photo_1_2025-05-27_19-58-45.jpg',248,'App\\Models\\Product','2025-05-27 19:59:53','2025-05-27 19:59:53'),(451,'/uploads/product/248/1748365194photo_2_2025-05-27_19-58-45.jpg',0,'1748365194photo_2_2025-05-27_19-58-45.jpg',248,'App\\Models\\Product','2025-05-27 19:59:54','2025-05-27 19:59:54'),(452,'/uploads/product/248/1748365196photo_3_2025-05-27_19-58-45.jpg',0,'1748365196photo_3_2025-05-27_19-58-45.jpg',248,'App\\Models\\Product','2025-05-27 19:59:56','2025-05-27 19:59:56'),(453,'/uploads/product/248/1748365197photo_4_2025-05-27_19-58-45.jpg',0,'1748365197photo_4_2025-05-27_19-58-45.jpg',248,'App\\Models\\Product','2025-05-27 19:59:57','2025-05-27 19:59:57'),(454,'/uploads/product/248/1748365198photo_8_2025-05-27_19-58-45.jpg',0,'1748365198photo_8_2025-05-27_19-58-45.jpg',248,'App\\Models\\Product','2025-05-27 19:59:58','2025-05-27 19:59:58'),(455,'/uploads/product/248/1748365199photo_9_2025-05-27_19-58-45.jpg',0,'1748365199photo_9_2025-05-27_19-58-45.jpg',248,'App\\Models\\Product','2025-05-27 19:59:59','2025-05-27 19:59:59'),(456,'/uploads/product/250/1748366970IMG-20250527-WA0013.jpg',0,'1748366970IMG-20250527-WA0013.jpg',250,'App\\Models\\Product','2025-05-27 20:29:30','2025-05-27 20:29:30'),(457,'/uploads/product/253/1748367083IMG-20250527-WA0007.jpg',0,'1748367083IMG-20250527-WA0007.jpg',253,'App\\Models\\Product','2025-05-27 20:31:23','2025-05-27 20:31:23'),(459,'/uploads/product/254/1748367293IMG-20250527-WA0008.jpg',0,'1748367293IMG-20250527-WA0008.jpg',254,'App\\Models\\Product','2025-05-27 20:34:53','2025-05-27 20:34:53'),(460,'/uploads/product/254/1748367785IMG-20250527-WA0015.jpg',0,'1748367785IMG-20250527-WA0015.jpg',254,'App\\Models\\Product','2025-05-27 20:43:05','2025-05-27 20:43:05'),(461,'/uploads/product/254/1748367789IMG-20250527-WA0008.jpg',0,'1748367789IMG-20250527-WA0008.jpg',254,'App\\Models\\Product','2025-05-27 20:43:09','2025-05-27 20:43:09'),(462,'/uploads/product/257/1748420000IMG_5432.jpeg',0,'1748420000IMG_5432.jpeg',257,'App\\Models\\Product','2025-05-28 11:13:20','2025-05-28 11:13:20'),(463,'/uploads/product/257/1748420004IMG_5431.jpeg',0,'1748420004IMG_5431.jpeg',257,'App\\Models\\Product','2025-05-28 11:13:24','2025-05-28 11:13:24'),(464,'/uploads/product/257/1748420009IMG_5430.jpeg',0,'1748420009IMG_5430.jpeg',257,'App\\Models\\Product','2025-05-28 11:13:29','2025-05-28 11:13:29'),(465,'/uploads/product/257/1748420013IMG_5429.jpeg',0,'1748420013IMG_5429.jpeg',257,'App\\Models\\Product','2025-05-28 11:13:33','2025-05-28 11:13:33'),(466,'/uploads/product/258/1748420314IMG_5426.jpeg',0,'1748420314IMG_5426.jpeg',258,'App\\Models\\Product','2025-05-28 11:18:34','2025-05-28 11:18:34'),(467,'/uploads/product/258/1748420319IMG_5424.jpeg',0,'1748420319IMG_5424.jpeg',258,'App\\Models\\Product','2025-05-28 11:18:39','2025-05-28 11:18:39'),(468,'/uploads/product/258/1748420324IMG_5425.jpeg',0,'1748420324IMG_5425.jpeg',258,'App\\Models\\Product','2025-05-28 11:18:44','2025-05-28 11:18:44'),(469,'/uploads/product/258/1748420328IMG_5423.jpeg',0,'1748420328IMG_5423.jpeg',258,'App\\Models\\Product','2025-05-28 11:18:48','2025-05-28 11:18:48'),(470,'/uploads/product/258/1748420331IMG_5422.jpeg',0,'1748420331IMG_5422.jpeg',258,'App\\Models\\Product','2025-05-28 11:18:51','2025-05-28 11:18:51'),(471,'/uploads/product/259/1748421151IMG_5411.jpeg',0,'1748421151IMG_5411.jpeg',259,'App\\Models\\Product','2025-05-28 11:32:31','2025-05-28 11:32:31'),(472,'/uploads/product/259/1748421158IMG_5419.jpeg',0,'1748421158IMG_5419.jpeg',259,'App\\Models\\Product','2025-05-28 11:32:38','2025-05-28 11:32:38'),(473,'/uploads/product/259/1748421167IMG_5418.jpeg',0,'1748421167IMG_5418.jpeg',259,'App\\Models\\Product','2025-05-28 11:32:47','2025-05-28 11:32:47'),(474,'/uploads/product/260/1748425029IMG_5414.jpeg',0,'1748425029IMG_5414.jpeg',260,'App\\Models\\Product','2025-05-28 12:37:09','2025-05-28 12:37:09'),(475,'/uploads/product/260/1748425039IMG_5415.jpeg',0,'1748425039IMG_5415.jpeg',260,'App\\Models\\Product','2025-05-28 12:37:19','2025-05-28 12:37:19'),(476,'/uploads/product/260/1748425045IMG_5413.jpeg',0,'1748425045IMG_5413.jpeg',260,'App\\Models\\Product','2025-05-28 12:37:25','2025-05-28 12:37:25'),(477,'/uploads/product/261/1748429817photo_1_2025-05-28_13-55-50.jpg',0,'1748429817photo_1_2025-05-28_13-55-50.jpg',261,'App\\Models\\Product','2025-05-28 13:56:57','2025-05-28 13:56:57'),(478,'/uploads/product/261/1748429818photo_2_2025-05-28_13-55-50.jpg',0,'1748429818photo_2_2025-05-28_13-55-50.jpg',261,'App\\Models\\Product','2025-05-28 13:56:58','2025-05-28 13:56:58'),(479,'/uploads/product/261/1748429820photo_3_2025-05-28_13-55-50.jpg',0,'1748429820photo_3_2025-05-28_13-55-50.jpg',261,'App\\Models\\Product','2025-05-28 13:57:00','2025-05-28 13:57:00'),(480,'/uploads/product/261/1748429822photo_4_2025-05-28_13-55-50.jpg',0,'1748429822photo_4_2025-05-28_13-55-50.jpg',261,'App\\Models\\Product','2025-05-28 13:57:02','2025-05-28 13:57:02'),(481,'/uploads/product/262/1748443830IMG_5435.jpeg',0,'1748443830IMG_5435.jpeg',262,'App\\Models\\Product','2025-05-28 17:50:30','2025-05-28 17:50:30'),(482,'/uploads/product/262/1748443833IMG_5436.jpeg',0,'1748443833IMG_5436.jpeg',262,'App\\Models\\Product','2025-05-28 17:50:33','2025-05-28 17:50:33'),(483,'/uploads/product/262/1748443837IMG_5438.jpeg',0,'1748443837IMG_5438.jpeg',262,'App\\Models\\Product','2025-05-28 17:50:37','2025-05-28 17:50:37'),(484,'/uploads/product/262/1748443840IMG_5439.jpeg',0,'1748443840IMG_5439.jpeg',262,'App\\Models\\Product','2025-05-28 17:50:40','2025-05-28 17:50:40'),(485,'/uploads/product/262/1748443842IMG_5440.jpeg',0,'1748443842IMG_5440.jpeg',262,'App\\Models\\Product','2025-05-28 17:50:42','2025-05-28 17:50:42'),(486,'/uploads/product/263/174846084111.jpg',0,'174846084111.jpg',263,'App\\Models\\Product','2025-05-28 22:34:01','2025-05-28 22:34:01'),(487,'/uploads/product/265/1748683238ش.jpg',0,'1748683238ش.jpg',265,'App\\Models\\Product','2025-05-31 12:20:39','2025-05-31 12:20:39'),(488,'/uploads/product/266/1748683848ش1.jpg',0,'1748683848ش1.jpg',266,'App\\Models\\Product','2025-05-31 12:30:48','2025-05-31 12:30:48'),(489,'/uploads/product/267/1748689697IMG_5541.jpeg',0,'1748689697IMG_5541.jpeg',267,'App\\Models\\Product','2025-05-31 14:08:17','2025-05-31 14:08:17'),(490,'/uploads/product/267/1748689702IMG_5540.jpeg',0,'1748689702IMG_5540.jpeg',267,'App\\Models\\Product','2025-05-31 14:08:22','2025-05-31 14:08:22'),(491,'/uploads/product/267/1748689705IMG_5539.jpeg',0,'1748689705IMG_5539.jpeg',267,'App\\Models\\Product','2025-05-31 14:08:25','2025-05-31 14:08:25'),(492,'/uploads/product/267/1748689708IMG_5537.jpeg',0,'1748689708IMG_5537.jpeg',267,'App\\Models\\Product','2025-05-31 14:08:28','2025-05-31 14:08:28'),(493,'/uploads/product/267/1748689710IMG_5538.jpeg',0,'1748689710IMG_5538.jpeg',267,'App\\Models\\Product','2025-05-31 14:08:30','2025-05-31 14:08:30'),(494,'/uploads/product/268/17486900468.jpg',0,'17486900468.jpg',268,'App\\Models\\Product','2025-05-31 14:14:06','2025-05-31 14:14:06'),(495,'/uploads/product/268/17486900479.jpg',0,'17486900479.jpg',268,'App\\Models\\Product','2025-05-31 14:14:07','2025-05-31 14:14:07'),(496,'/uploads/product/268/174869004810.jpg',0,'174869004810.jpg',268,'App\\Models\\Product','2025-05-31 14:14:08','2025-05-31 14:14:08'),(497,'/uploads/product/268/174869004911.jpg',0,'174869004911.jpg',268,'App\\Models\\Product','2025-05-31 14:14:09','2025-05-31 14:14:09'),(498,'/uploads/product/269/1748943573IMG-20250603-WA0031.jpg',0,'1748943573IMG-20250603-WA0031.jpg',269,'App\\Models\\Product','2025-06-03 12:39:33','2025-06-03 12:39:33'),(499,'/uploads/product/269/1748943604IMG-20250603-WA0029.jpg',0,'1748943604IMG-20250603-WA0029.jpg',269,'App\\Models\\Product','2025-06-03 12:40:04','2025-06-03 12:40:04'),(500,'/uploads/product/269/1748943608IMG-20250603-WA0031.jpg',0,'1748943608IMG-20250603-WA0031.jpg',269,'App\\Models\\Product','2025-06-03 12:40:08','2025-06-03 12:40:08'),(501,'/uploads/product/269/1748943615صورة واتساب بتاريخ 1446-12-07 في 12.38.46_c6da93f9.jpg',0,'1748943615صورة واتساب بتاريخ 1446-12-07 في 12.38.46_c6da93f9.jpg',269,'App\\Models\\Product','2025-06-03 12:40:15','2025-06-03 12:40:15'),(502,'/uploads/product/270/1748943816IMG-20250603-WA0029.jpg',0,'1748943816IMG-20250603-WA0029.jpg',270,'App\\Models\\Product','2025-06-03 12:43:36','2025-06-03 12:43:36'),(503,'/uploads/product/270/1748943819IMG-20250603-WA0031.jpg',0,'1748943819IMG-20250603-WA0031.jpg',270,'App\\Models\\Product','2025-06-03 12:43:39','2025-06-03 12:43:39'),(504,'/uploads/product/270/1748943822صورة واتساب بتاريخ 1446-12-07 في 12.38.46_c6da93f9.jpg',0,'1748943822صورة واتساب بتاريخ 1446-12-07 في 12.38.46_c6da93f9.jpg',270,'App\\Models\\Product','2025-06-03 12:43:42','2025-06-03 12:43:42'),(505,'/uploads/product/271/1748943960IMG-20250603-WA0029.jpg',0,'1748943960IMG-20250603-WA0029.jpg',271,'App\\Models\\Product','2025-06-03 12:46:00','2025-06-03 12:46:00'),(506,'/uploads/product/271/1748943961IMG-20250603-WA0031.jpg',0,'1748943961IMG-20250603-WA0031.jpg',271,'App\\Models\\Product','2025-06-03 12:46:01','2025-06-03 12:46:01'),(507,'/uploads/product/271/1748943963صورة واتساب بتاريخ 1446-12-07 في 12.38.46_c6da93f9.jpg',0,'1748943963صورة واتساب بتاريخ 1446-12-07 في 12.38.46_c6da93f9.jpg',271,'App\\Models\\Product','2025-06-03 12:46:03','2025-06-03 12:46:03'),(508,'/uploads/product/272/1748944228IMG-20250603-WA0029.jpg',0,'1748944228IMG-20250603-WA0029.jpg',272,'App\\Models\\Product','2025-06-03 12:50:28','2025-06-03 12:50:28'),(509,'/uploads/product/272/1748944231IMG-20250603-WA0031.jpg',0,'1748944231IMG-20250603-WA0031.jpg',272,'App\\Models\\Product','2025-06-03 12:50:31','2025-06-03 12:50:31'),(510,'/uploads/product/272/1748944233صورة واتساب بتاريخ 1446-12-07 في 12.38.46_c6da93f9.jpg',0,'1748944233صورة واتساب بتاريخ 1446-12-07 في 12.38.46_c6da93f9.jpg',272,'App\\Models\\Product','2025-06-03 12:50:33','2025-06-03 12:50:33'),(511,'/uploads/product/274/1748950184صورة واتساب بتاريخ 1446-12-07 في 14.25.30_e2475117.jpg',0,'1748950184صورة واتساب بتاريخ 1446-12-07 في 14.25.30_e2475117.jpg',274,'App\\Models\\Product','2025-06-03 14:29:44','2025-06-03 14:29:44'),(512,'/uploads/product/276/17489646387.jpg',0,'17489646387.jpg',276,'App\\Models\\Product','2025-06-03 18:30:38','2025-06-03 18:30:38'),(513,'/uploads/product/277/17489646877.jpg',0,'17489646877.jpg',277,'App\\Models\\Product','2025-06-03 18:31:27','2025-06-03 18:31:27'),(514,'/uploads/product/280/17490344929.jpg',0,'17490344929.jpg',280,'App\\Models\\Product','2025-06-04 13:54:52','2025-06-04 13:54:52'),(515,'/uploads/product/281/17490345939.jpg',0,'17490345939.jpg',281,'App\\Models\\Product','2025-06-04 13:56:33','2025-06-04 13:56:33'),(516,'/uploads/product/282/17490351259.jpg',0,'17490351259.jpg',282,'App\\Models\\Product','2025-06-04 14:05:25','2025-06-04 14:05:25'),(518,'/uploads/product/287/1749114263WhatsApp Image 2025-06-05 at 12.03.57_79d8d801.jpg',0,'1749114263WhatsApp Image 2025-06-05 at 12.03.57_79d8d801.jpg',287,'App\\Models\\Product','2025-06-05 12:04:23','2025-06-05 12:04:23'),(519,'/uploads/product/287/1749115115WhatsApp Image 2025-06-05 at 12.03.57_48e273bd.jpg',0,'1749115115WhatsApp Image 2025-06-05 at 12.03.57_48e273bd.jpg',287,'App\\Models\\Product','2025-06-05 12:18:35','2025-06-05 12:18:35'),(520,'/uploads/product/287/1749115116WhatsApp Image 2025-06-05 at 12.03.57_40773afd.jpg',0,'1749115116WhatsApp Image 2025-06-05 at 12.03.57_40773afd.jpg',287,'App\\Models\\Product','2025-06-05 12:18:36','2025-06-05 12:18:36'),(521,'/uploads/product/287/1749115117WhatsApp Image 2025-06-05 at 12.03.58_9b05bb3c.jpg',0,'1749115117WhatsApp Image 2025-06-05 at 12.03.58_9b05bb3c.jpg',287,'App\\Models\\Product','2025-06-05 12:18:37','2025-06-05 12:18:37'),(522,'/uploads/product/287/1749115117WhatsApp Image 2025-06-05 at 12.03.58_9b807fff.jpg',0,'1749115117WhatsApp Image 2025-06-05 at 12.03.58_9b807fff.jpg',287,'App\\Models\\Product','2025-06-05 12:18:37','2025-06-05 12:18:37'),(523,'/uploads/product/287/1749115118WhatsApp Image 2025-06-05 at 12.03.58_f985a642.jpg',0,'1749115118WhatsApp Image 2025-06-05 at 12.03.58_f985a642.jpg',287,'App\\Models\\Product','2025-06-05 12:18:38','2025-06-05 12:18:38'),(524,'/uploads/product/299/1749117062IMG_5739.jpeg',0,'1749117062IMG_5739.jpeg',299,'App\\Models\\Product','2025-06-05 12:51:02','2025-06-05 12:51:02'),(525,'/uploads/product/299/1749117071IMG_5740.jpeg',0,'1749117071IMG_5740.jpeg',299,'App\\Models\\Product','2025-06-05 12:51:11','2025-06-05 12:51:11'),(526,'/uploads/product/299/1749117075IMG_5741.jpeg',0,'1749117075IMG_5741.jpeg',299,'App\\Models\\Product','2025-06-05 12:51:15','2025-06-05 12:51:15'),(527,'/uploads/product/296/1749117510IMG-20250605-WA0036.jpg',0,'1749117510IMG-20250605-WA0036.jpg',296,'App\\Models\\Product','2025-06-05 12:58:31','2025-06-05 12:58:31'),(528,'/uploads/product/305/1749119092IMG_5743.jpeg',0,'1749119092IMG_5743.jpeg',305,'App\\Models\\Product','2025-06-05 13:24:52','2025-06-05 13:24:52'),(531,'/uploads/product/305/1749119095IMG_5744.jpeg',0,'1749119095IMG_5744.jpeg',305,'App\\Models\\Product','2025-06-05 13:24:55','2025-06-05 13:24:55'),(532,'/uploads/product/305/1749119103IMG_5745.jpeg',0,'1749119103IMG_5745.jpeg',305,'App\\Models\\Product','2025-06-05 13:25:03','2025-06-05 13:25:03'),(533,'/uploads/product/305/1749119109IMG_5746.jpeg',0,'1749119109IMG_5746.jpeg',305,'App\\Models\\Product','2025-06-05 13:25:09','2025-06-05 13:25:09'),(534,'/uploads/product/305/1749119113IMG_5747.jpeg',0,'1749119113IMG_5747.jpeg',305,'App\\Models\\Product','2025-06-05 13:25:13','2025-06-05 13:25:13'),(539,'/uploads/product/311/1749119464IMG-20250605-WA0079.jpg',0,'1749119464IMG-20250605-WA0079.jpg',311,'App\\Models\\Product','2025-06-05 13:31:04','2025-06-05 13:31:04'),(540,'/uploads/product/311/1749119465IMG-20250605-WA0080.jpg',0,'1749119465IMG-20250605-WA0080.jpg',311,'App\\Models\\Product','2025-06-05 13:31:05','2025-06-05 13:31:05'),(541,'/uploads/product/311/1749119466IMG-20250605-WA0081.jpg',0,'1749119466IMG-20250605-WA0081.jpg',311,'App\\Models\\Product','2025-06-05 13:31:06','2025-06-05 13:31:06'),(542,'/uploads/product/312/174911965425...jpg',0,'174911965425...jpg',312,'App\\Models\\Product','2025-06-05 13:34:14','2025-06-05 13:34:14'),(543,'/uploads/product/312/174911965525..jpg',0,'174911965525..jpg',312,'App\\Models\\Product','2025-06-05 13:34:15','2025-06-05 13:34:15'),(544,'/uploads/product/312/174911965625.jpg',0,'174911965625.jpg',312,'App\\Models\\Product','2025-06-05 13:34:16','2025-06-05 13:34:16'),(545,'/uploads/product/313/1749119941WhatsApp Image 2025-06-05 at 13.36.52_17cd2be6.jpg',0,'1749119941WhatsApp Image 2025-06-05 at 13.36.52_17cd2be6.jpg',313,'App\\Models\\Product','2025-06-05 13:39:01','2025-06-05 13:39:01'),(546,'/uploads/product/313/1749119942WhatsApp Image 2025-06-05 at 13.36.54_3d7025f6.jpg',0,'1749119942WhatsApp Image 2025-06-05 at 13.36.54_3d7025f6.jpg',313,'App\\Models\\Product','2025-06-05 13:39:02','2025-06-05 13:39:02'),(547,'/uploads/product/313/1749119943WhatsApp Image 2025-06-05 at 13.36.55_6ee21218.jpg',0,'1749119943WhatsApp Image 2025-06-05 at 13.36.55_6ee21218.jpg',313,'App\\Models\\Product','2025-06-05 13:39:03','2025-06-05 13:39:03'),(548,'/uploads/product/313/1749119944WhatsApp Image 2025-06-05 at 13.36.57_00cf251a.jpg',0,'1749119944WhatsApp Image 2025-06-05 at 13.36.57_00cf251a.jpg',313,'App\\Models\\Product','2025-06-05 13:39:04','2025-06-05 13:39:04'),(549,'/uploads/product/314/1749120271WhatsApp Image 2025-06-05 at 13.41.17_bc81c932.jpg',0,'1749120271WhatsApp Image 2025-06-05 at 13.41.17_bc81c932.jpg',314,'App\\Models\\Product','2025-06-05 13:44:31','2025-06-05 13:44:31'),(550,'/uploads/product/314/1749120271WhatsApp Image 2025-06-05 at 13.41.17_c05893c4.jpg',0,'1749120271WhatsApp Image 2025-06-05 at 13.41.17_c05893c4.jpg',314,'App\\Models\\Product','2025-06-05 13:44:31','2025-06-05 13:44:31'),(551,'/uploads/product/314/1749120272WhatsApp Image 2025-06-05 at 13.41.18_34e09b7e.jpg',0,'1749120272WhatsApp Image 2025-06-05 at 13.41.18_34e09b7e.jpg',314,'App\\Models\\Product','2025-06-05 13:44:32','2025-06-05 13:44:32'),(552,'/uploads/product/314/1749120273WhatsApp Image 2025-06-05 at 13.41.18_73738a29.jpg',0,'1749120273WhatsApp Image 2025-06-05 at 13.41.18_73738a29.jpg',314,'App\\Models\\Product','2025-06-05 13:44:33','2025-06-05 13:44:33'),(553,'/uploads/product/316/1749120925IMG-20250605-WA0106.jpg',0,'1749120925IMG-20250605-WA0106.jpg',316,'App\\Models\\Product','2025-06-05 13:55:25','2025-06-05 13:55:25'),(554,'/uploads/product/316/1749120926IMG-20250605-WA0107.jpg',0,'1749120926IMG-20250605-WA0107.jpg',316,'App\\Models\\Product','2025-06-05 13:55:26','2025-06-05 13:55:26'),(555,'/uploads/product/316/1749120927IMG-20250605-WA0108.jpg',0,'1749120927IMG-20250605-WA0108.jpg',316,'App\\Models\\Product','2025-06-05 13:55:27','2025-06-05 13:55:27'),(556,'/uploads/product/316/1749120928IMG-20250605-WA0109.jpg',0,'1749120928IMG-20250605-WA0109.jpg',316,'App\\Models\\Product','2025-06-05 13:55:28','2025-06-05 13:55:28'),(557,'/uploads/product/319/1749121345WhatsApp Image 2025-06-05 at 14.01.02_decbab53.jpg',0,'1749121345WhatsApp Image 2025-06-05 at 14.01.02_decbab53.jpg',319,'App\\Models\\Product','2025-06-05 14:02:25','2025-06-05 14:02:25'),(558,'/uploads/product/319/1749121346WhatsApp Image 2025-06-05 at 14.01.03_13441fa2.jpg',0,'1749121346WhatsApp Image 2025-06-05 at 14.01.03_13441fa2.jpg',319,'App\\Models\\Product','2025-06-05 14:02:26','2025-06-05 14:02:26'),(559,'/uploads/product/319/1749121346WhatsApp Image 2025-06-05 at 14.01.04_471857be.jpg',0,'1749121346WhatsApp Image 2025-06-05 at 14.01.04_471857be.jpg',319,'App\\Models\\Product','2025-06-05 14:02:26','2025-06-05 14:02:26'),(560,'/uploads/product/319/1749121348WhatsApp Image 2025-06-05 at 14.01.05_dbe23aa3.jpg',0,'1749121348WhatsApp Image 2025-06-05 at 14.01.05_dbe23aa3.jpg',319,'App\\Models\\Product','2025-06-05 14:02:28','2025-06-05 14:02:28'),(561,'/uploads/product/320/1749121632WhatsApp Image 2025-06-05 at 14.05.19_3b23668b.jpg',0,'1749121632WhatsApp Image 2025-06-05 at 14.05.19_3b23668b.jpg',320,'App\\Models\\Product','2025-06-05 14:07:12','2025-06-05 14:07:12'),(562,'/uploads/product/320/1749121633WhatsApp Image 2025-06-05 at 14.05.19_9c8fd801.jpg',0,'1749121633WhatsApp Image 2025-06-05 at 14.05.19_9c8fd801.jpg',320,'App\\Models\\Product','2025-06-05 14:07:13','2025-06-05 14:07:13'),(563,'/uploads/product/320/1749121633WhatsApp Image 2025-06-05 at 14.05.19_515e64e3.jpg',0,'1749121633WhatsApp Image 2025-06-05 at 14.05.19_515e64e3.jpg',320,'App\\Models\\Product','2025-06-05 14:07:14','2025-06-05 14:07:14'),(564,'/uploads/product/321/1749122072WhatsApp Image 2025-06-05 at 14.13.14_7dc58a20.jpg',0,'1749122072WhatsApp Image 2025-06-05 at 14.13.14_7dc58a20.jpg',321,'App\\Models\\Product','2025-06-05 14:14:32','2025-06-05 14:14:32'),(565,'/uploads/product/321/1749122073WhatsApp Image 2025-06-05 at 14.13.14_8aba13a1.jpg',0,'1749122073WhatsApp Image 2025-06-05 at 14.13.14_8aba13a1.jpg',321,'App\\Models\\Product','2025-06-05 14:14:33','2025-06-05 14:14:33'),(566,'/uploads/product/321/1749122074WhatsApp Image 2025-06-05 at 14.13.15_5c44c3a8.jpg',0,'1749122074WhatsApp Image 2025-06-05 at 14.13.15_5c44c3a8.jpg',321,'App\\Models\\Product','2025-06-05 14:14:34','2025-06-05 14:14:34'),(567,'/uploads/product/321/1749122074WhatsApp Image 2025-06-05 at 14.13.15_15688eb5.jpg',0,'1749122074WhatsApp Image 2025-06-05 at 14.13.15_15688eb5.jpg',321,'App\\Models\\Product','2025-06-05 14:14:34','2025-06-05 14:14:34'),(568,'/uploads/product/322/1749122360WhatsApp Image 2025-06-05 at 14.16.57_b498ca1f.jpg',0,'1749122360WhatsApp Image 2025-06-05 at 14.16.57_b498ca1f.jpg',322,'App\\Models\\Product','2025-06-05 14:19:20','2025-06-05 14:19:20'),(570,'/uploads/product/322/1749122363WhatsApp Image 2025-06-05 at 14.16.57_d48f9d5b.jpg',0,'1749122363WhatsApp Image 2025-06-05 at 14.16.57_d48f9d5b.jpg',322,'App\\Models\\Product','2025-06-05 14:19:23','2025-06-05 14:19:23'),(571,'/uploads/product/324/1749122684WhatsApp Image 2025-06-05 at 14.21.10_ab77a732.jpg',0,'1749122684WhatsApp Image 2025-06-05 at 14.21.10_ab77a732.jpg',324,'App\\Models\\Product','2025-06-05 14:24:44','2025-06-05 14:24:44'),(572,'/uploads/product/324/1749122685WhatsApp Image 2025-06-05 at 14.21.11_7fb66da9.jpg',0,'1749122685WhatsApp Image 2025-06-05 at 14.21.11_7fb66da9.jpg',324,'App\\Models\\Product','2025-06-05 14:24:45','2025-06-05 14:24:45'),(573,'/uploads/product/324/1749122685WhatsApp Image 2025-06-05 at 14.21.11_e76337d9.jpg',0,'1749122685WhatsApp Image 2025-06-05 at 14.21.11_e76337d9.jpg',324,'App\\Models\\Product','2025-06-05 14:24:45','2025-06-05 14:24:45'),(577,'/uploads/product/328/1749140927WhatsApp Image 2025-06-05 at 12.03.58_9b05bb3c.jpg',0,'1749140927WhatsApp Image 2025-06-05 at 12.03.58_9b05bb3c.jpg',328,'App\\Models\\Product','2025-06-05 19:28:47','2025-06-05 19:28:47'),(579,'/uploads/product/328/1749140929WhatsApp Image 2025-06-05 at 12.03.58_f985a642.jpg',0,'1749140929WhatsApp Image 2025-06-05 at 12.03.58_f985a642.jpg',328,'App\\Models\\Product','2025-06-05 19:28:49','2025-06-05 19:28:49'),(580,'/uploads/product/329/1749141401WhatsApp Image 2025-06-05 at 19.31.41_972b7daa.jpg',0,'1749141401WhatsApp Image 2025-06-05 at 19.31.41_972b7daa.jpg',329,'App\\Models\\Product','2025-06-05 19:36:41','2025-06-05 19:36:41'),(581,'/uploads/product/329/1749141402WhatsApp Image 2025-06-05 at 19.31.41_bb489ec9.jpg',0,'1749141402WhatsApp Image 2025-06-05 at 19.31.41_bb489ec9.jpg',329,'App\\Models\\Product','2025-06-05 19:36:42','2025-06-05 19:36:42'),(582,'/uploads/product/329/1749141402WhatsApp Image 2025-06-05 at 19.31.42_f024653c.jpg',0,'1749141402WhatsApp Image 2025-06-05 at 19.31.42_f024653c.jpg',329,'App\\Models\\Product','2025-06-05 19:36:42','2025-06-05 19:36:42'),(583,'/uploads/product/330/1749141624WhatsApp Image 2025-06-05 at 19.38.31_90d588eb.jpg',0,'1749141624WhatsApp Image 2025-06-05 at 19.38.31_90d588eb.jpg',330,'App\\Models\\Product','2025-06-05 19:40:24','2025-06-05 19:40:24'),(584,'/uploads/product/330/1749141625WhatsApp Image 2025-06-05 at 19.38.31_97cb1d48.jpg',0,'1749141625WhatsApp Image 2025-06-05 at 19.38.31_97cb1d48.jpg',330,'App\\Models\\Product','2025-06-05 19:40:25','2025-06-05 19:40:25'),(585,'/uploads/product/330/1749141626WhatsApp Image 2025-06-05 at 19.38.31_cd9994eb.jpg',0,'1749141626WhatsApp Image 2025-06-05 at 19.38.31_cd9994eb.jpg',330,'App\\Models\\Product','2025-06-05 19:40:26','2025-06-05 19:40:26'),(586,'/uploads/product/330/1749141626WhatsApp Image 2025-06-05 at 19.38.32_12aa9d57.jpg',0,'1749141626WhatsApp Image 2025-06-05 at 19.38.32_12aa9d57.jpg',330,'App\\Models\\Product','2025-06-05 19:40:26','2025-06-05 19:40:26'),(587,'/uploads/product/330/1749141627WhatsApp Image 2025-06-05 at 19.38.32_681752ba.jpg',0,'1749141627WhatsApp Image 2025-06-05 at 19.38.32_681752ba.jpg',330,'App\\Models\\Product','2025-06-05 19:40:27','2025-06-05 19:40:27'),(588,'/uploads/product/332/1749141976WhatsApp Image 2025-06-05 at 19.44.19_4bbd439c.jpg',0,'1749141976WhatsApp Image 2025-06-05 at 19.44.19_4bbd439c.jpg',332,'App\\Models\\Product','2025-06-05 19:46:16','2025-06-05 19:46:16'),(589,'/uploads/product/332/1749141977WhatsApp Image 2025-06-05 at 19.44.20_972b78c7.jpg',0,'1749141977WhatsApp Image 2025-06-05 at 19.44.20_972b78c7.jpg',332,'App\\Models\\Product','2025-06-05 19:46:17','2025-06-05 19:46:17'),(590,'/uploads/product/332/1749141977WhatsApp Image 2025-06-05 at 19.44.20_adf57c7d.jpg',0,'1749141977WhatsApp Image 2025-06-05 at 19.44.20_adf57c7d.jpg',332,'App\\Models\\Product','2025-06-05 19:46:17','2025-06-05 19:46:17'),(591,'/uploads/product/332/1749141978WhatsApp Image 2025-06-05 at 19.44.20_cb4c2e44.jpg',0,'1749141978WhatsApp Image 2025-06-05 at 19.44.20_cb4c2e44.jpg',332,'App\\Models\\Product','2025-06-05 19:46:18','2025-06-05 19:46:18'),(592,'/uploads/product/333/1749142235WhatsApp Image 2025-06-05 at 19.48.38_0baf71f6.jpg',0,'1749142235WhatsApp Image 2025-06-05 at 19.48.38_0baf71f6.jpg',333,'App\\Models\\Product','2025-06-05 19:50:35','2025-06-05 19:50:35'),(593,'/uploads/product/333/1749142236WhatsApp Image 2025-06-05 at 19.48.38_0ffeb9b8.jpg',0,'1749142236WhatsApp Image 2025-06-05 at 19.48.38_0ffeb9b8.jpg',333,'App\\Models\\Product','2025-06-05 19:50:36','2025-06-05 19:50:36'),(594,'/uploads/product/333/1749142236WhatsApp Image 2025-06-05 at 19.48.38_1c90d322.jpg',0,'1749142236WhatsApp Image 2025-06-05 at 19.48.38_1c90d322.jpg',333,'App\\Models\\Product','2025-06-05 19:50:36','2025-06-05 19:50:36'),(595,'/uploads/product/333/1749142237WhatsApp Image 2025-06-05 at 19.48.38_cdba553e.jpg',0,'1749142237WhatsApp Image 2025-06-05 at 19.48.38_cdba553e.jpg',333,'App\\Models\\Product','2025-06-05 19:50:37','2025-06-05 19:50:37'),(596,'/uploads/product/334/1749143258IMG_5923.jpeg',0,'1749143258IMG_5923.jpeg',334,'App\\Models\\Product','2025-06-05 20:07:38','2025-06-05 20:07:38'),(597,'/uploads/product/334/1749143267IMG_5925.jpeg',0,'1749143267IMG_5925.jpeg',334,'App\\Models\\Product','2025-06-05 20:07:47','2025-06-05 20:07:47'),(598,'/uploads/product/334/1749143276IMG_5926.jpeg',0,'1749143276IMG_5926.jpeg',334,'App\\Models\\Product','2025-06-05 20:07:56','2025-06-05 20:07:56'),(599,'/uploads/product/335/1749144009WhatsApp Image 2025-06-05 at 20.16.57_5f686750.jpg',0,'1749144009WhatsApp Image 2025-06-05 at 20.16.57_5f686750.jpg',335,'App\\Models\\Product','2025-06-05 20:20:09','2025-06-05 20:20:09'),(600,'/uploads/product/335/1749144009WhatsApp Image 2025-06-05 at 20.16.57_035196ac.jpg',0,'1749144009WhatsApp Image 2025-06-05 at 20.16.57_035196ac.jpg',335,'App\\Models\\Product','2025-06-05 20:20:09','2025-06-05 20:20:09'),(601,'/uploads/product/335/1749144009WhatsApp Image 2025-06-05 at 20.16.57_ad7bf8b8.jpg',0,'1749144009WhatsApp Image 2025-06-05 at 20.16.57_ad7bf8b8.jpg',335,'App\\Models\\Product','2025-06-05 20:20:09','2025-06-05 20:20:09'),(602,'/uploads/product/335/1749144010WhatsApp Image 2025-06-05 at 20.16.58_8eb86a6e.jpg',0,'1749144010WhatsApp Image 2025-06-05 at 20.16.58_8eb86a6e.jpg',335,'App\\Models\\Product','2025-06-05 20:20:10','2025-06-05 20:20:10'),(603,'/uploads/product/335/1749144010WhatsApp Image 2025-06-05 at 20.16.58_22689dfc.jpg',0,'1749144010WhatsApp Image 2025-06-05 at 20.16.58_22689dfc.jpg',335,'App\\Models\\Product','2025-06-05 20:20:10','2025-06-05 20:20:10'),(604,'/uploads/product/339/1749146691IMG_6004.jpeg',0,'1749146691IMG_6004.jpeg',339,'App\\Models\\Product','2025-06-05 21:04:51','2025-06-05 21:04:51'),(605,'/uploads/product/339/1749146751IMG_6005.jpeg',0,'1749146751IMG_6005.jpeg',339,'App\\Models\\Product','2025-06-05 21:05:51','2025-06-05 21:05:51'),(606,'/uploads/product/340/1749147947IMG_6010.jpeg',0,'1749147947IMG_6010.jpeg',340,'App\\Models\\Product','2025-06-05 21:25:47','2025-06-05 21:25:47'),(607,'/uploads/product/340/1749147967IMG_6011.jpeg',0,'1749147967IMG_6011.jpeg',340,'App\\Models\\Product','2025-06-05 21:26:07','2025-06-05 21:26:07'),(608,'/uploads/product/340/1749147976IMG_6008.jpeg',0,'1749147976IMG_6008.jpeg',340,'App\\Models\\Product','2025-06-05 21:26:16','2025-06-05 21:26:16'),(609,'/uploads/product/341/1749279706M100.jpg',0,'1749279706M100.jpg',341,'App\\Models\\Product','2025-06-07 10:01:46','2025-06-07 10:01:46'),(610,'/uploads/product/342/1749280868M101.jpg',0,'1749280868M101.jpg',342,'App\\Models\\Product','2025-06-07 10:21:08','2025-06-07 10:21:08'),(611,'/uploads/product/343/1749281721M101.jpg',0,'1749281721M101.jpg',343,'App\\Models\\Product','2025-06-07 10:35:21','2025-06-07 10:35:21'),(612,'/uploads/product/344/1749281974M102.jpg',0,'1749281974M102.jpg',344,'App\\Models\\Product','2025-06-07 10:39:34','2025-06-07 10:39:34'),(613,'/uploads/product/345/1749282300M103.jpg',0,'1749282300M103.jpg',345,'App\\Models\\Product','2025-06-07 10:45:00','2025-06-07 10:45:00'),(614,'/uploads/product/346/1749282439M103.jpg',0,'1749282439M103.jpg',346,'App\\Models\\Product','2025-06-07 10:47:19','2025-06-07 10:47:19'),(615,'/uploads/product/347/1749283320M104.jpg',0,'1749283320M104.jpg',347,'App\\Models\\Product','2025-06-07 11:02:00','2025-06-07 11:02:00'),(616,'/uploads/product/348/1749284081M105.jpg',0,'1749284081M105.jpg',348,'App\\Models\\Product','2025-06-07 11:14:41','2025-06-07 11:14:41'),(617,'/uploads/product/351/1749284360M106.jpg',0,'1749284360M106.jpg',351,'App\\Models\\Product','2025-06-07 11:19:20','2025-06-07 11:19:20'),(618,'/uploads/product/352/1749285056M107.jpg',0,'1749285056M107.jpg',352,'App\\Models\\Product','2025-06-07 11:30:56','2025-06-07 11:30:56'),(619,'/uploads/product/355/1749285516M108.jpg',0,'1749285516M108.jpg',355,'App\\Models\\Product','2025-06-07 11:38:36','2025-06-07 11:38:36'),(620,'/uploads/product/356/1749286086M109.jpg',0,'1749286086M109.jpg',356,'App\\Models\\Product','2025-06-07 11:48:06','2025-06-07 11:48:06'),(621,'/uploads/product/357/1749286322M110.jpg',0,'1749286322M110.jpg',357,'App\\Models\\Product','2025-06-07 11:52:02','2025-06-07 11:52:02'),(622,'/uploads/product/358/1749287791M111.jpg',0,'1749287791M111.jpg',358,'App\\Models\\Product','2025-06-07 12:16:31','2025-06-07 12:16:31'),(623,'/uploads/product/359/17492953538.jpg',0,'17492953538.jpg',359,'App\\Models\\Product','2025-06-07 14:22:33','2025-06-07 14:22:33'),(624,'/uploads/product/360/1749303458IMG_6097.jpeg',0,'1749303458IMG_6097.jpeg',360,'App\\Models\\Product','2025-06-07 16:37:38','2025-06-07 16:37:38'),(625,'/uploads/product/360/1749303463IMG_6098.jpeg',0,'1749303463IMG_6098.jpeg',360,'App\\Models\\Product','2025-06-07 16:37:43','2025-06-07 16:37:43'),(626,'/uploads/product/360/1749303471IMG_6099.jpeg',0,'1749303471IMG_6099.jpeg',360,'App\\Models\\Product','2025-06-07 16:37:51','2025-06-07 16:37:51'),(627,'/uploads/product/360/1749303476IMG_6100.jpeg',0,'1749303476IMG_6100.jpeg',360,'App\\Models\\Product','2025-06-07 16:37:57','2025-06-07 16:37:57'),(628,'/uploads/product/361/1749303904IMG_6105.jpeg',0,'1749303904IMG_6105.jpeg',361,'App\\Models\\Product','2025-06-07 16:45:04','2025-06-07 16:45:04'),(629,'/uploads/product/361/1749303910IMG_6104.jpeg',0,'1749303910IMG_6104.jpeg',361,'App\\Models\\Product','2025-06-07 16:45:10','2025-06-07 16:45:10'),(630,'/uploads/product/361/1749303921IMG_6103.jpeg',0,'1749303921IMG_6103.jpeg',361,'App\\Models\\Product','2025-06-07 16:45:21','2025-06-07 16:45:21'),(631,'/uploads/product/362/1749304283IMG_6106.jpeg',0,'1749304283IMG_6106.jpeg',362,'App\\Models\\Product','2025-06-07 16:51:23','2025-06-07 16:51:23'),(632,'/uploads/product/362/1749304288IMG_6107.jpeg',0,'1749304288IMG_6107.jpeg',362,'App\\Models\\Product','2025-06-07 16:51:28','2025-06-07 16:51:28'),(633,'/uploads/product/362/1749304291IMG_6108.jpeg',0,'1749304291IMG_6108.jpeg',362,'App\\Models\\Product','2025-06-07 16:51:31','2025-06-07 16:51:31'),(634,'/uploads/product/362/1749304295IMG_6109.jpeg',0,'1749304295IMG_6109.jpeg',362,'App\\Models\\Product','2025-06-07 16:51:35','2025-06-07 16:51:35'),(635,'/uploads/product/365/1749364608WhatsApp Image 2025-06-08 at 09.34.34_8d50580f.jpg',0,'1749364608WhatsApp Image 2025-06-08 at 09.34.34_8d50580f.jpg',365,'App\\Models\\Product','2025-06-08 09:36:48','2025-06-08 09:36:48'),(636,'/uploads/product/365/1749364609WhatsApp Image 2025-06-08 at 09.34.35_4d4b92a9.jpg',0,'1749364609WhatsApp Image 2025-06-08 at 09.34.35_4d4b92a9.jpg',365,'App\\Models\\Product','2025-06-08 09:36:49','2025-06-08 09:36:49'),(637,'/uploads/product/365/1749364609WhatsApp Image 2025-06-08 at 09.34.35_47e836d1.jpg',0,'1749364609WhatsApp Image 2025-06-08 at 09.34.35_47e836d1.jpg',365,'App\\Models\\Product','2025-06-08 09:36:49','2025-06-08 09:36:49'),(638,'/uploads/product/365/1749364610WhatsApp Image 2025-06-08 at 09.34.35_57369f9c.jpg',0,'1749364610WhatsApp Image 2025-06-08 at 09.34.35_57369f9c.jpg',365,'App\\Models\\Product','2025-06-08 09:36:50','2025-06-08 09:36:50'),(648,'/uploads/product/310/1749366060500.jpg',0,'1749366060500.jpg',310,'App\\Models\\Product','2025-06-08 10:01:00','2025-06-08 10:01:00'),(649,'/uploads/product/366/1749366128WhatsApp Image 2025-06-08 at 09.40.13_4f08a9fa.jpg',0,'1749366128WhatsApp Image 2025-06-08 at 09.40.13_4f08a9fa.jpg',366,'App\\Models\\Product','2025-06-08 10:02:08','2025-06-08 10:02:08'),(650,'/uploads/product/366/1749366129WhatsApp Image 2025-06-08 at 09.40.13_6a64d48c.jpg',0,'1749366129WhatsApp Image 2025-06-08 at 09.40.13_6a64d48c.jpg',366,'App\\Models\\Product','2025-06-08 10:02:09','2025-06-08 10:02:09'),(651,'/uploads/product/366/1749366129WhatsApp Image 2025-06-08 at 09.40.13_121539f9.jpg',0,'1749366129WhatsApp Image 2025-06-08 at 09.40.13_121539f9.jpg',366,'App\\Models\\Product','2025-06-08 10:02:09','2025-06-08 10:02:09'),(652,'/uploads/product/366/1749366130WhatsApp Image 2025-06-08 at 09.40.13_cc216542.jpg',0,'1749366130WhatsApp Image 2025-06-08 at 09.40.13_cc216542.jpg',366,'App\\Models\\Product','2025-06-08 10:02:10','2025-06-08 10:02:10'),(653,'/uploads/product/366/1749366131WhatsApp Image 2025-06-08 at 09.40.14_384b0218.jpg',0,'1749366131WhatsApp Image 2025-06-08 at 09.40.14_384b0218.jpg',366,'App\\Models\\Product','2025-06-08 10:02:11','2025-06-08 10:02:11'),(657,'/uploads/product/307/1749370810106.jpg',0,'1749370810106.jpg',307,'App\\Models\\Product','2025-06-08 11:20:10','2025-06-08 11:20:10'),(658,'/uploads/product/307/1749370811107.jpg',0,'1749370811107.jpg',307,'App\\Models\\Product','2025-06-08 11:20:11','2025-06-08 11:20:11'),(659,'/uploads/product/374/1749371076103.jpg',0,'1749371076103.jpg',374,'App\\Models\\Product','2025-06-08 11:24:36','2025-06-08 11:24:36'),(660,'/uploads/product/374/1749371078104.jpg',0,'1749371078104.jpg',374,'App\\Models\\Product','2025-06-08 11:24:38','2025-06-08 11:24:38'),(661,'/uploads/product/309/1749372129112.jpg',0,'1749372129112.jpg',309,'App\\Models\\Product','2025-06-08 11:42:09','2025-06-08 11:42:09'),(662,'/uploads/product/326/1749372418113.jpg',0,'1749372418113.jpg',326,'App\\Models\\Product','2025-06-08 11:46:58','2025-06-08 11:46:58'),(663,'/uploads/product/326/1749372419114.jpg',0,'1749372419114.jpg',326,'App\\Models\\Product','2025-06-08 11:46:59','2025-06-08 11:46:59'),(664,'/uploads/product/326/1749372419115.jpg',0,'1749372419115.jpg',326,'App\\Models\\Product','2025-06-08 11:46:59','2025-06-08 11:46:59'),(665,'/uploads/product/375/1749374516100.jpg',0,'1749374516100.jpg',375,'App\\Models\\Product','2025-06-08 12:21:56','2025-06-08 12:21:56'),(666,'/uploads/product/375/1749374516101.jpg',0,'1749374516101.jpg',375,'App\\Models\\Product','2025-06-08 12:21:56','2025-06-08 12:21:56'),(667,'/uploads/product/375/1749374517102.jpg',0,'1749374517102.jpg',375,'App\\Models\\Product','2025-06-08 12:21:57','2025-06-08 12:21:57'),(668,'/uploads/product/376/1749375312108.jpg',0,'1749375312108.jpg',376,'App\\Models\\Product','2025-06-08 12:35:12','2025-06-08 12:35:12'),(669,'/uploads/product/376/1749375313109.jpg',0,'1749375313109.jpg',376,'App\\Models\\Product','2025-06-08 12:35:13','2025-06-08 12:35:13'),(670,'/uploads/product/376/1749375314110.jpg',0,'1749375314110.jpg',376,'App\\Models\\Product','2025-06-08 12:35:14','2025-06-08 12:35:14'),(671,'/uploads/product/378/1749397138g1.jpg',0,'1749397138g1.jpg',378,'App\\Models\\Product','2025-06-08 18:38:58','2025-06-08 18:38:58'),(672,'/uploads/product/379/1749397514b1.jpg',0,'1749397514b1.jpg',379,'App\\Models\\Product','2025-06-08 18:45:14','2025-06-08 18:45:14'),(673,'/uploads/product/380/1749397737b2.jpg',0,'1749397737b2.jpg',380,'App\\Models\\Product','2025-06-08 18:48:57','2025-06-08 18:48:57'),(674,'/uploads/product/381/1749397933b3.jpg',0,'1749397933b3.jpg',381,'App\\Models\\Product','2025-06-08 18:52:13','2025-06-08 18:52:13'),(675,'/uploads/product/382/1749398095b4.jpg',0,'1749398095b4.jpg',382,'App\\Models\\Product','2025-06-08 18:54:55','2025-06-08 18:54:55'),(676,'/uploads/product/383/1749398186b5.jpg',0,'1749398186b5.jpg',383,'App\\Models\\Product','2025-06-08 18:56:26','2025-06-08 18:56:26'),(677,'/uploads/product/384/1749398352g2.jpg',0,'1749398352g2.jpg',384,'App\\Models\\Product','2025-06-08 18:59:12','2025-06-08 18:59:12'),(678,'/uploads/product/385/1749398495b6.jpg',0,'1749398495b6.jpg',385,'App\\Models\\Product','2025-06-08 19:01:35','2025-06-08 19:01:35'),(679,'/uploads/product/386/1749398726b7.jpg',0,'1749398726b7.jpg',386,'App\\Models\\Product','2025-06-08 19:05:26','2025-06-08 19:05:26'),(680,'/uploads/product/387/1749399037b7.jpg',0,'1749399037b7.jpg',387,'App\\Models\\Product','2025-06-08 19:10:37','2025-06-08 19:10:37'),(681,'/uploads/product/388/1749399623b8.jpg',0,'1749399623b8.jpg',388,'App\\Models\\Product','2025-06-08 19:20:23','2025-06-08 19:20:23'),(682,'/uploads/product/400/1749404648K1.jpg',0,'1749404648K1.jpg',400,'App\\Models\\Product','2025-06-08 20:44:08','2025-06-08 20:44:08'),(683,'/uploads/product/401/1749405068K2.jpg',0,'1749405068K2.jpg',401,'App\\Models\\Product','2025-06-08 20:51:08','2025-06-08 20:51:08'),(684,'/uploads/product/402/1749405830K3.jpg',0,'1749405830K3.jpg',402,'App\\Models\\Product','2025-06-08 21:03:50','2025-06-08 21:03:50'),(685,'/uploads/product/403/1749406157K4.jpg',0,'1749406157K4.jpg',403,'App\\Models\\Product','2025-06-08 21:09:17','2025-06-08 21:09:17'),(686,'/uploads/product/404/1749406640K5.jpg',0,'1749406640K5.jpg',404,'App\\Models\\Product','2025-06-08 21:17:20','2025-06-08 21:17:20'),(687,'/uploads/product/405/1749407098K6.jpg',0,'1749407098K6.jpg',405,'App\\Models\\Product','2025-06-08 21:24:58','2025-06-08 21:24:58'),(688,'/uploads/product/406/17494584941.jpg',0,'17494584941.jpg',406,'App\\Models\\Product','2025-06-09 11:41:34','2025-06-09 11:41:34'),(689,'/uploads/product/406/17494584962.jpg',0,'17494584962.jpg',406,'App\\Models\\Product','2025-06-09 11:41:36','2025-06-09 11:41:36'),(690,'/uploads/product/427/1749463404IMG_6142.jpeg',0,'1749463404IMG_6142.jpeg',427,'App\\Models\\Product','2025-06-09 13:03:24','2025-06-09 13:03:24'),(691,'/uploads/product/427/1749463410IMG_6143.jpeg',0,'1749463410IMG_6143.jpeg',427,'App\\Models\\Product','2025-06-09 13:03:30','2025-06-09 13:03:30'),(692,'/uploads/product/427/1749463413IMG_6144.jpeg',0,'1749463413IMG_6144.jpeg',427,'App\\Models\\Product','2025-06-09 13:03:33','2025-06-09 13:03:33'),(693,'/uploads/product/427/1749463416IMG_6141.jpeg',0,'1749463416IMG_6141.jpeg',427,'App\\Models\\Product','2025-06-09 13:03:36','2025-06-09 13:03:36'),(694,'/uploads/product/434/1749482874IMG_6170.jpeg',0,'1749482874IMG_6170.jpeg',434,'App\\Models\\Product','2025-06-09 18:27:54','2025-06-09 18:27:54'),(695,'/uploads/product/434/1749482908IMG_6171.jpeg',0,'1749482908IMG_6171.jpeg',434,'App\\Models\\Product','2025-06-09 18:28:28','2025-06-09 18:28:28'),(696,'/uploads/product/434/1749482931IMG_6172.jpeg',0,'1749482931IMG_6172.jpeg',434,'App\\Models\\Product','2025-06-09 18:28:51','2025-06-09 18:28:51'),(697,'/uploads/product/434/1749482936IMG_6169.jpeg',0,'1749482936IMG_6169.jpeg',434,'App\\Models\\Product','2025-06-09 18:28:56','2025-06-09 18:28:56'),(698,'/uploads/product/437/1749490354IMG_6178.jpeg',0,'1749490354IMG_6178.jpeg',437,'App\\Models\\Product','2025-06-09 20:32:34','2025-06-09 20:32:34'),(699,'/uploads/product/437/1749490358IMG_6179.jpeg',0,'1749490358IMG_6179.jpeg',437,'App\\Models\\Product','2025-06-09 20:32:38','2025-06-09 20:32:38'),(700,'/uploads/product/438/1749492295IMG_6186.jpeg',0,'1749492295IMG_6186.jpeg',438,'App\\Models\\Product','2025-06-09 21:04:55','2025-06-09 21:04:55'),(701,'/uploads/product/438/1749492345IMG_6185.jpeg',0,'1749492345IMG_6185.jpeg',438,'App\\Models\\Product','2025-06-09 21:05:45','2025-06-09 21:05:45'),(702,'/uploads/product/438/1749492390IMG_6187.jpeg',0,'1749492390IMG_6187.jpeg',438,'App\\Models\\Product','2025-06-09 21:06:30','2025-06-09 21:06:30'),(703,'/uploads/product/438/1749492442IMG_6188.jpeg',0,'1749492442IMG_6188.jpeg',438,'App\\Models\\Product','2025-06-09 21:07:22','2025-06-09 21:07:22'),(704,'/uploads/product/439/1749543526IMG_6202.jpeg',0,'1749543526IMG_6202.jpeg',439,'App\\Models\\Product','2025-06-10 11:18:46','2025-06-10 11:18:46'),(705,'/uploads/product/439/1749543538IMG_6203.jpeg',0,'1749543538IMG_6203.jpeg',439,'App\\Models\\Product','2025-06-10 11:18:58','2025-06-10 11:18:58'),(706,'/uploads/product/439/1749543542IMG_6201.jpeg',0,'1749543542IMG_6201.jpeg',439,'App\\Models\\Product','2025-06-10 11:19:02','2025-06-10 11:19:02'),(707,'/uploads/product/439/1749543546IMG_6200.jpeg',0,'1749543546IMG_6200.jpeg',439,'App\\Models\\Product','2025-06-10 11:19:06','2025-06-10 11:19:06'),(708,'/uploads/product/439/1749543558IMG_6199.jpeg',0,'1749543558IMG_6199.jpeg',439,'App\\Models\\Product','2025-06-10 11:19:18','2025-06-10 11:19:18'),(709,'/uploads/product/439/1749543561IMG_6198.jpeg',0,'1749543561IMG_6198.jpeg',439,'App\\Models\\Product','2025-06-10 11:19:21','2025-06-10 11:19:21'),(710,'/uploads/product/442/17495563652.jpg',0,'17495563652.jpg',442,'App\\Models\\Product','2025-06-10 14:52:45','2025-06-10 14:52:45'),(711,'/uploads/product/442/17495563683.jpg',0,'17495563683.jpg',442,'App\\Models\\Product','2025-06-10 14:52:48','2025-06-10 14:52:48'),(712,'/uploads/product/442/17495563714.jpg',0,'17495563714.jpg',442,'App\\Models\\Product','2025-06-10 14:52:51','2025-06-10 14:52:51'),(713,'/uploads/product/442/17495563745.jpg',0,'17495563745.jpg',442,'App\\Models\\Product','2025-06-10 14:52:54','2025-06-10 14:52:54'),(714,'/uploads/product/443/1749556862طلباات-قمر-الدين.jpg',0,'1749556862طلباات-قمر-الدين.jpg',443,'App\\Models\\Product','2025-06-10 15:01:02','2025-06-10 15:01:02'),(715,'/uploads/product/445/17495607813232232.jpg',0,'17495607813232232.jpg',445,'App\\Models\\Product','2025-06-10 16:06:21','2025-06-10 16:06:21'),(716,'/uploads/product/447/1749566640IMG_6239.jpeg',0,'1749566640IMG_6239.jpeg',447,'App\\Models\\Product','2025-06-10 17:44:00','2025-06-10 17:44:00'),(717,'/uploads/product/447/1749566646IMG_6238.jpeg',0,'1749566646IMG_6238.jpeg',447,'App\\Models\\Product','2025-06-10 17:44:06','2025-06-10 17:44:06'),(718,'/uploads/product/447/1749566650IMG_6240.jpeg',0,'1749566650IMG_6240.jpeg',447,'App\\Models\\Product','2025-06-10 17:44:10','2025-06-10 17:44:10'),(719,'/uploads/product/447/1749566656IMG_6241.jpeg',0,'1749566656IMG_6241.jpeg',447,'App\\Models\\Product','2025-06-10 17:44:16','2025-06-10 17:44:16'),(720,'/uploads/product/447/1749566661IMG_6242.jpeg',0,'1749566661IMG_6242.jpeg',447,'App\\Models\\Product','2025-06-10 17:44:21','2025-06-10 17:44:21'),(721,'/uploads/product/447/1749566668IMG_6244.jpeg',0,'1749566668IMG_6244.jpeg',447,'App\\Models\\Product','2025-06-10 17:44:28','2025-06-10 17:44:28'),(722,'/uploads/product/457/1749633506IMG_6273.jpeg',0,'1749633506IMG_6273.jpeg',457,'App\\Models\\Product','2025-06-11 12:18:26','2025-06-11 12:18:26'),(723,'/uploads/product/457/1749633515IMG_6272.jpeg',0,'1749633515IMG_6272.jpeg',457,'App\\Models\\Product','2025-06-11 12:18:35','2025-06-11 12:18:35'),(724,'/uploads/product/457/1749633518IMG_6274.jpeg',0,'1749633518IMG_6274.jpeg',457,'App\\Models\\Product','2025-06-11 12:18:38','2025-06-11 12:18:38'),(725,'/uploads/product/457/1749633521IMG_6275.jpeg',0,'1749633521IMG_6275.jpeg',457,'App\\Models\\Product','2025-06-11 12:18:41','2025-06-11 12:18:41'),(726,'/uploads/product/457/1749633525IMG_6276.jpeg',0,'1749633525IMG_6276.jpeg',457,'App\\Models\\Product','2025-06-11 12:18:45','2025-06-11 12:18:45'),(727,'/uploads/product/461/1749926760الرجل الأخضر  1.jpg',0,'1749926760الرجل الأخضر  1.jpg',461,'App\\Models\\Product','2025-06-14 21:46:00','2025-06-14 21:46:00'),(728,'/uploads/product/462/1749926874باو كيك 14.jpg',0,'1749926874باو كيك 14.jpg',462,'App\\Models\\Product','2025-06-14 21:47:54','2025-06-14 21:47:54'),(729,'/uploads/product/462/1749926885باندا كيك 21.jpg',0,'1749926885باندا كيك 21.jpg',462,'App\\Models\\Product','2025-06-14 21:48:05','2025-06-14 21:48:05'),(730,'/uploads/product/463/1749926969باو كيك 14.jpg',0,'1749926969باو كيك 14.jpg',463,'App\\Models\\Product','2025-06-14 21:49:29','2025-06-14 21:49:29'),(731,'/uploads/product/465/1749991343IMG_6436.jpeg',0,'1749991343IMG_6436.jpeg',465,'App\\Models\\Product','2025-06-15 15:42:23','2025-06-15 15:42:23'),(732,'/uploads/product/465/1749991349IMG_6437.jpeg',0,'1749991349IMG_6437.jpeg',465,'App\\Models\\Product','2025-06-15 15:42:29','2025-06-15 15:42:29'),(733,'/uploads/product/465/1749991355IMG_6438.jpeg',0,'1749991355IMG_6438.jpeg',465,'App\\Models\\Product','2025-06-15 15:42:35','2025-06-15 15:42:35'),(734,'/uploads/product/466/1749991463IMG_6439.jpeg',0,'1749991463IMG_6439.jpeg',466,'App\\Models\\Product','2025-06-15 15:44:23','2025-06-15 15:44:23'),(735,'/uploads/product/466/1749991468IMG_6440.jpeg',0,'1749991468IMG_6440.jpeg',466,'App\\Models\\Product','2025-06-15 15:44:28','2025-06-15 15:44:28'),(736,'/uploads/product/466/1749991477IMG_6441.jpeg',0,'1749991477IMG_6441.jpeg',466,'App\\Models\\Product','2025-06-15 15:44:37','2025-06-15 15:44:37'),(737,'/uploads/product/467/1749992936Untitled-1.jpg',0,'1749992936Untitled-1.jpg',467,'App\\Models\\Product','2025-06-15 16:08:56','2025-06-15 16:08:56'),(738,'/uploads/product/471/1749995465IMG_6451.jpeg',0,'1749995465IMG_6451.jpeg',471,'App\\Models\\Product','2025-06-15 16:51:05','2025-06-15 16:51:05'),(739,'/uploads/product/471/1749995472IMG_6452.jpeg',0,'1749995472IMG_6452.jpeg',471,'App\\Models\\Product','2025-06-15 16:51:12','2025-06-15 16:51:12'),(740,'/uploads/product/471/1749995480IMG_6453.jpeg',0,'1749995480IMG_6453.jpeg',471,'App\\Models\\Product','2025-06-15 16:51:20','2025-06-15 16:51:20'),(741,'/uploads/product/472/1749995600IMG_6450.jpeg',0,'1749995600IMG_6450.jpeg',472,'App\\Models\\Product','2025-06-15 16:53:20','2025-06-15 16:53:20'),(742,'/uploads/product/472/1749995606IMG_6449.jpeg',0,'1749995606IMG_6449.jpeg',472,'App\\Models\\Product','2025-06-15 16:53:26','2025-06-15 16:53:26'),(743,'/uploads/product/472/1749995608IMG_6448.jpeg',0,'1749995608IMG_6448.jpeg',472,'App\\Models\\Product','2025-06-15 16:53:28','2025-06-15 16:53:28'),(744,'/uploads/product/501/1750057586insta-new-Color-1.png',0,'1750057586insta-new-Color-1.png',501,'App\\Models\\Product','2025-06-16 10:06:26','2025-06-16 10:06:26'),(745,'/uploads/product/502/1750062375b10.png',0,'1750062375b10.png',502,'App\\Models\\Product','2025-06-16 11:26:15','2025-06-16 11:26:15'),(746,'/uploads/product/503/1750063693b11.png',0,'1750063693b11.png',503,'App\\Models\\Product','2025-06-16 11:48:13','2025-06-16 11:48:13'),(747,'/uploads/product/504/1750063775b12.png',0,'1750063775b12.png',504,'App\\Models\\Product','2025-06-16 11:49:35','2025-06-16 11:49:35'),(748,'/uploads/product/505/1750072700صورة واتساب بتاريخ 1446-12-20 في 14.01.37_fd1f769f.jpg',0,'1750072700صورة واتساب بتاريخ 1446-12-20 في 14.01.37_fd1f769f.jpg',505,'App\\Models\\Product','2025-06-16 14:18:20','2025-06-16 14:18:20'),(749,'/uploads/product/506/1750073314صورة واتساب بتاريخ 1446-12-20 في 14.01.37_587e99cf.jpg',0,'1750073314صورة واتساب بتاريخ 1446-12-20 في 14.01.37_587e99cf.jpg',506,'App\\Models\\Product','2025-06-16 14:28:34','2025-06-16 14:28:34'),(750,'/uploads/product/507/1750073941صورة واتساب بتاريخ 1446-12-20 في 14.01.36_28611663.jpg',0,'1750073941صورة واتساب بتاريخ 1446-12-20 في 14.01.36_28611663.jpg',507,'App\\Models\\Product','2025-06-16 14:39:01','2025-06-16 14:39:01'),(751,'/uploads/product/508/1750085583b13.png',0,'1750085583b13.png',508,'App\\Models\\Product','2025-06-16 17:53:03','2025-06-16 17:53:03'),(752,'/uploads/product/509/1750085859b14.png',0,'1750085859b14.png',509,'App\\Models\\Product','2025-06-16 17:57:39','2025-06-16 17:57:39'),(753,'/uploads/product/510/1750085956g3.png',0,'1750085956g3.png',510,'App\\Models\\Product','2025-06-16 17:59:16','2025-06-16 17:59:16'),(754,'/uploads/product/511/1750086039g4.png',0,'1750086039g4.png',511,'App\\Models\\Product','2025-06-16 18:00:39','2025-06-16 18:00:39'),(755,'/uploads/product/512/1750086228g4.png',0,'1750086228g4.png',512,'App\\Models\\Product','2025-06-16 18:03:48','2025-06-16 18:03:48'),(756,'/uploads/product/513/1750086308g5.png',0,'1750086308g5.png',513,'App\\Models\\Product','2025-06-16 18:05:08','2025-06-16 18:05:08'),(757,'/uploads/product/514/1750086400g6.png',0,'1750086400g6.png',514,'App\\Models\\Product','2025-06-16 18:06:40','2025-06-16 18:06:40'),(758,'/uploads/product/515/1750086477g7.png',0,'1750086477g7.png',515,'App\\Models\\Product','2025-06-16 18:07:57','2025-06-16 18:07:57'),(759,'/uploads/product/516/1750086579g8.png',0,'1750086579g8.png',516,'App\\Models\\Product','2025-06-16 18:09:39','2025-06-16 18:09:39'),(760,'/uploads/product/517/1750086840g9.png',0,'1750086840g9.png',517,'App\\Models\\Product','2025-06-16 18:14:00','2025-06-16 18:14:00'),(761,'/uploads/product/519/17500924562.jpg',0,'17500924562.jpg',519,'App\\Models\\Product','2025-06-16 19:47:36','2025-06-16 19:47:36'),(762,'/uploads/product/527/17505016007.jpg',0,'17505016007.jpg',527,'App\\Models\\Product','2025-06-21 13:26:40','2025-06-21 13:26:40'),(763,'/uploads/product/533/175050840511.jpg',0,'175050840511.jpg',533,'App\\Models\\Product','2025-06-21 15:20:05','2025-06-21 15:20:05'),(764,'/uploads/product/534/175051302110.jpg',0,'175051302110.jpg',534,'App\\Models\\Product','2025-06-21 16:37:01','2025-06-21 16:37:01'),(765,'/uploads/product/535/1750618350IMG_9216.jpeg',0,'1750618350IMG_9216.jpeg',535,'App\\Models\\Product','2025-06-22 21:52:30','2025-06-22 21:52:30'),(766,'/uploads/product/535/1750618354IMG_9217.jpeg',0,'1750618354IMG_9217.jpeg',535,'App\\Models\\Product','2025-06-22 21:52:35','2025-06-22 21:52:35'),(767,'/uploads/product/537/1750618536IMG_9222.jpeg',0,'1750618536IMG_9222.jpeg',537,'App\\Models\\Product','2025-06-22 21:55:36','2025-06-22 21:55:36'),(768,'/uploads/product/538/1750618745IMG_9243.jpeg',0,'1750618745IMG_9243.jpeg',538,'App\\Models\\Product','2025-06-22 21:59:05','2025-06-22 21:59:05'),(769,'/uploads/product/538/1750618747IMG_9244.jpeg',0,'1750618747IMG_9244.jpeg',538,'App\\Models\\Product','2025-06-22 21:59:07','2025-06-22 21:59:07'),(770,'/uploads/product/539/1750619337IMG_9219.jpeg',0,'1750619337IMG_9219.jpeg',539,'App\\Models\\Product','2025-06-22 22:08:57','2025-06-22 22:08:57'),(771,'/uploads/product/539/1750619338IMG_9218.jpeg',0,'1750619338IMG_9218.jpeg',539,'App\\Models\\Product','2025-06-22 22:08:58','2025-06-22 22:08:58'),(772,'/uploads/product/539/1750619339IMG_9220.jpeg',0,'1750619339IMG_9220.jpeg',539,'App\\Models\\Product','2025-06-22 22:08:59','2025-06-22 22:08:59'),(773,'/uploads/product/542/1750666045IMG-20250623-WA0010.jpg',0,'1750666045IMG-20250623-WA0010.jpg',542,'App\\Models\\Product','2025-06-23 11:07:25','2025-06-23 11:07:25'),(774,'/uploads/product/544/1750666268IMG-20250623-WA0008.jpg',0,'1750666268IMG-20250623-WA0008.jpg',544,'App\\Models\\Product','2025-06-23 11:11:08','2025-06-23 11:11:08'),(775,'/uploads/product/545/1750666411IMG-20250623-WA0007.jpg',0,'1750666411IMG-20250623-WA0007.jpg',545,'App\\Models\\Product','2025-06-23 11:13:31','2025-06-23 11:13:31'),(776,'/uploads/product/549/1750666571IMG-20250623-WA0017.jpg',0,'1750666571IMG-20250623-WA0017.jpg',549,'App\\Models\\Product','2025-06-23 11:16:11','2025-06-23 11:16:11'),(777,'/uploads/product/550/1750667948IMG-20250623-WA0015.jpg',0,'1750667948IMG-20250623-WA0015.jpg',550,'App\\Models\\Product','2025-06-23 11:39:08','2025-06-23 11:39:08'),(778,'/uploads/product/551/1750673092IMG-20250623-WA0014.jpg',0,'1750673092IMG-20250623-WA0014.jpg',551,'App\\Models\\Product','2025-06-23 13:04:52','2025-06-23 13:04:52'),(779,'/uploads/product/552/1750673197IMG-20250623-WA0013.jpg',0,'1750673197IMG-20250623-WA0013.jpg',552,'App\\Models\\Product','2025-06-23 13:06:37','2025-06-23 13:06:37'),(780,'/uploads/product/553/1750673271IMG-20250623-WA0012.jpg',0,'1750673271IMG-20250623-WA0012.jpg',553,'App\\Models\\Product','2025-06-23 13:07:51','2025-06-23 13:07:51'),(781,'/uploads/product/556/1750673385IMG_2573.JPG',0,'1750673385IMG_2573.JPG',556,'App\\Models\\Product','2025-06-23 13:09:45','2025-06-23 13:09:45'),(782,'/uploads/product/558/1750673489IMG_2579.JPG',0,'1750673489IMG_2579.JPG',558,'App\\Models\\Product','2025-06-23 13:11:29','2025-06-23 13:11:29'),(783,'/uploads/product/558/1750673492IMG_2581.JPG',0,'1750673492IMG_2581.JPG',558,'App\\Models\\Product','2025-06-23 13:11:32','2025-06-23 13:11:32'),(784,'/uploads/product/559/1750673584IMG_2576.JPG',0,'1750673584IMG_2576.JPG',559,'App\\Models\\Product','2025-06-23 13:13:04','2025-06-23 13:13:04'),(785,'/uploads/product/560/175067369711.jpg',0,'175067369711.jpg',560,'App\\Models\\Product','2025-06-23 13:14:57','2025-06-23 13:14:57'),(786,'/uploads/product/561/1750674302ش.jpg',0,'1750674302ش.jpg',561,'App\\Models\\Product','2025-06-23 13:25:02','2025-06-23 13:25:02'),(787,'/uploads/product/562/1750674414ش1.jpg',0,'1750674414ش1.jpg',562,'App\\Models\\Product','2025-06-23 13:26:54','2025-06-23 13:26:54'),(788,'/uploads/product/566/1750681090عانية-5.jpg',0,'1750681090عانية-5.jpg',566,'App\\Models\\Product','2025-06-23 15:18:10','2025-06-23 15:18:10'),(789,'/uploads/product/567/175068150422.jpg',0,'175068150422.jpg',567,'App\\Models\\Product','2025-06-23 15:25:04','2025-06-23 15:25:04'),(790,'/uploads/product/568/175068159833.jpg',0,'175068159833.jpg',568,'App\\Models\\Product','2025-06-23 15:26:38','2025-06-23 15:26:38'),(791,'/uploads/product/569/175068211111.jpg',0,'175068211111.jpg',569,'App\\Models\\Product','2025-06-23 15:35:11','2025-06-23 15:35:11'),(792,'/uploads/product/572/1750736045IMG_7224.jpeg',0,'1750736045IMG_7224.jpeg',572,'App\\Models\\Product','2025-06-24 06:34:05','2025-06-24 06:34:05'),(793,'/uploads/product/572/1750736046IMG_7222.jpeg',0,'1750736046IMG_7222.jpeg',572,'App\\Models\\Product','2025-06-24 06:34:06','2025-06-24 06:34:06'),(794,'/uploads/product/572/1750736047IMG_7223.jpeg',0,'1750736047IMG_7223.jpeg',572,'App\\Models\\Product','2025-06-24 06:34:07','2025-06-24 06:34:07'),(795,'/uploads/product/573/1750736245IMG_7227.jpeg',0,'1750736245IMG_7227.jpeg',573,'App\\Models\\Product','2025-06-24 06:37:25','2025-06-24 06:37:25'),(796,'/uploads/product/573/1750736248IMG_7229.png',0,'1750736248IMG_7229.png',573,'App\\Models\\Product','2025-06-24 06:37:28','2025-06-24 06:37:28'),(797,'/uploads/product/573/1750736248IMG_7228.jpeg',0,'1750736248IMG_7228.jpeg',573,'App\\Models\\Product','2025-06-24 06:37:28','2025-06-24 06:37:28'),(798,'/uploads/product/574/1750736355IMG_7218.jpeg',0,'1750736355IMG_7218.jpeg',574,'App\\Models\\Product','2025-06-24 06:39:15','2025-06-24 06:39:15'),(799,'/uploads/product/574/1750736368IMG_7218.jpeg',0,'1750736368IMG_7218.jpeg',574,'App\\Models\\Product','2025-06-24 06:39:28','2025-06-24 06:39:28'),(800,'/uploads/product/575/17507543947.jpg',0,'17507543947.jpg',575,'App\\Models\\Product','2025-06-24 11:39:54','2025-06-24 11:39:54'),(801,'/uploads/product/576/1750754530مواجيب-12.jpg',0,'1750754530مواجيب-12.jpg',576,'App\\Models\\Product','2025-06-24 11:42:10','2025-06-24 11:42:10'),(802,'/uploads/product/576/1750754545امواجيب-5.jpg',0,'1750754545امواجيب-5.jpg',576,'App\\Models\\Product','2025-06-24 11:42:25','2025-06-24 11:42:25'),(803,'/uploads/product/577/1750754804جاهز-واحد.jpg',0,'1750754804جاهز-واحد.jpg',577,'App\\Models\\Product','2025-06-24 11:46:44','2025-06-24 11:46:44'),(804,'/uploads/product/578/1750754999مواجيب-10.jpg',0,'1750754999مواجيب-10.jpg',578,'App\\Models\\Product','2025-06-24 11:49:59','2025-06-24 11:49:59'),(805,'/uploads/product/579/1750755174مواجيب-6.jpg',0,'1750755174مواجيب-6.jpg',579,'App\\Models\\Product','2025-06-24 11:52:54','2025-06-24 11:52:54'),(806,'/uploads/product/283/175075546811.jpg',0,'175075546811.jpg',283,'App\\Models\\Product','2025-06-24 11:57:48','2025-06-24 11:57:48'),(807,'/uploads/product/580/1750778028IMG-20250624-WA0038.jpg',0,'1750778028IMG-20250624-WA0038.jpg',580,'App\\Models\\Product','2025-06-24 18:13:48','2025-06-24 18:13:48'),(808,'/uploads/product/580/1750778029IMG-20250624-WA0035.jpg',0,'1750778029IMG-20250624-WA0035.jpg',580,'App\\Models\\Product','2025-06-24 18:13:49','2025-06-24 18:13:49'),(809,'/uploads/product/581/1750778235WhatsApp Görsel 2025-06-24 saat 18.12.02_5b8a4b0c.jpg',0,'1750778235WhatsApp Görsel 2025-06-24 saat 18.12.02_5b8a4b0c.jpg',581,'App\\Models\\Product','2025-06-24 18:17:15','2025-06-24 18:17:15'),(810,'/uploads/product/581/1750778237WhatsApp Görsel 2025-06-24 saat 18.12.02_36660018.jpg',0,'1750778237WhatsApp Görsel 2025-06-24 saat 18.12.02_36660018.jpg',581,'App\\Models\\Product','2025-06-24 18:17:17','2025-06-24 18:17:17'),(811,'/uploads/product/581/1750778238WhatsApp Görsel 2025-06-24 saat 18.12.00_751ceaa6.jpg',0,'1750778238WhatsApp Görsel 2025-06-24 saat 18.12.00_751ceaa6.jpg',581,'App\\Models\\Product','2025-06-24 18:17:18','2025-06-24 18:17:18'),(812,'/uploads/product/582/1750778323WhatsApp Görsel 2025-06-24 saat 18.11.52_3227e889.jpg',0,'1750778323WhatsApp Görsel 2025-06-24 saat 18.11.52_3227e889.jpg',582,'App\\Models\\Product','2025-06-24 18:18:43','2025-06-24 18:18:43'),(813,'/uploads/product/626/1751638072E1.jpg',0,'1751638072E1.jpg',626,'App\\Models\\Product','2025-07-04 17:07:52','2025-07-04 17:07:52'),(814,'/uploads/product/627/1751640736E2.jpg',0,'1751640736E2.jpg',627,'App\\Models\\Product','2025-07-04 17:52:16','2025-07-04 17:52:16'),(815,'/uploads/product/628/1751698745E3.jpg',0,'1751698745E3.jpg',628,'App\\Models\\Product','2025-07-05 09:59:05','2025-07-05 09:59:05'),(816,'/uploads/product/629/1751698989E4.jpg',0,'1751698989E4.jpg',629,'App\\Models\\Product','2025-07-05 10:03:09','2025-07-05 10:03:09'),(817,'/uploads/product/630/1751699561E5.jpg',0,'1751699561E5.jpg',630,'App\\Models\\Product','2025-07-05 10:12:41','2025-07-05 10:12:41'),(818,'/uploads/product/631/1751699717E6.jpg',0,'1751699717E6.jpg',631,'App\\Models\\Product','2025-07-05 10:15:17','2025-07-05 10:15:17'),(819,'/uploads/product/632/1751699940E7.jpg',0,'1751699940E7.jpg',632,'App\\Models\\Product','2025-07-05 10:19:00','2025-07-05 10:19:00'),(820,'/uploads/product/633/1751700214E8.jpg',0,'1751700214E8.jpg',633,'App\\Models\\Product','2025-07-05 10:23:34','2025-07-05 10:23:34'),(821,'/uploads/product/634/1751700473E9.jpg',0,'1751700473E9.jpg',634,'App\\Models\\Product','2025-07-05 10:27:53','2025-07-05 10:27:53'),(822,'/uploads/product/635/1751700851E10.jpg',0,'1751700851E10.jpg',635,'App\\Models\\Product','2025-07-05 10:34:11','2025-07-05 10:34:11'),(823,'/uploads/product/636/1751701030E11.jpg',0,'1751701030E11.jpg',636,'App\\Models\\Product','2025-07-05 10:37:10','2025-07-05 10:37:10'),(824,'/uploads/product/637/1751701785بندق 1.jpg',0,'1751701785بندق 1.jpg',637,'App\\Models\\Product','2025-07-05 10:49:45','2025-07-05 10:49:45'),(825,'/uploads/product/637/1751701786بندق 3.jpg',0,'1751701786بندق 3.jpg',637,'App\\Models\\Product','2025-07-05 10:49:46','2025-07-05 10:49:46'),(826,'/uploads/product/637/1751701786بندق2.jpg',0,'1751701786بندق2.jpg',637,'App\\Models\\Product','2025-07-05 10:49:46','2025-07-05 10:49:46'),(827,'/uploads/product/638/1751702209تشبز كيك 1.jpg',0,'1751702209تشبز كيك 1.jpg',638,'App\\Models\\Product','2025-07-05 10:56:49','2025-07-05 10:56:49'),(828,'/uploads/product/638/1751702209تشيز كيك 2.jpg',0,'1751702209تشيز كيك 2.jpg',638,'App\\Models\\Product','2025-07-05 10:56:49','2025-07-05 10:56:49'),(829,'/uploads/product/638/1751702210تشيز كيك 3.jpg',0,'1751702210تشيز كيك 3.jpg',638,'App\\Models\\Product','2025-07-05 10:56:50','2025-07-05 10:56:50'),(830,'/uploads/product/639/1751702311كاب كيك 1.jpg',0,'1751702311كاب كيك 1.jpg',639,'App\\Models\\Product','2025-07-05 10:58:31','2025-07-05 10:58:31'),(831,'/uploads/product/639/1751702312كاب كيك 2.jpg',0,'1751702312كاب كيك 2.jpg',639,'App\\Models\\Product','2025-07-05 10:58:32','2025-07-05 10:58:32'),(832,'/uploads/product/640/1751702411كرسبي 1.jpg',0,'1751702411كرسبي 1.jpg',640,'App\\Models\\Product','2025-07-05 11:00:11','2025-07-05 11:00:11'),(833,'/uploads/product/640/1751702411كرسبي 2.jpg',0,'1751702411كرسبي 2.jpg',640,'App\\Models\\Product','2025-07-05 11:00:11','2025-07-05 11:00:11'),(834,'/uploads/product/640/1751702412كرسبي 3.jpg',0,'1751702412كرسبي 3.jpg',640,'App\\Models\\Product','2025-07-05 11:00:12','2025-07-05 11:00:12'),(835,'/uploads/product/641/1751702549كنافة بستاشيو1.jpg',0,'1751702549كنافة بستاشيو1.jpg',641,'App\\Models\\Product','2025-07-05 11:02:29','2025-07-05 11:02:29'),(836,'/uploads/product/641/1751702549كنافة بستاشيو2.jpg',0,'1751702549كنافة بستاشيو2.jpg',641,'App\\Models\\Product','2025-07-05 11:02:30','2025-07-05 11:02:30'),(837,'/uploads/product/642/1751702722اونصة 3.jpg',0,'1751702722اونصة 3.jpg',642,'App\\Models\\Product','2025-07-05 11:05:22','2025-07-05 11:05:22'),(838,'/uploads/product/642/1751702722اونصه.jpg',0,'1751702722اونصه.jpg',642,'App\\Models\\Product','2025-07-05 11:05:22','2025-07-05 11:05:22'),(839,'/uploads/product/642/1751702723اونصه2.jpg',0,'1751702723اونصه2.jpg',642,'App\\Models\\Product','2025-07-05 11:05:23','2025-07-05 11:05:23'),(840,'/uploads/product/643/1751703437ويفر 2.jpg',0,'1751703437ويفر 2.jpg',643,'App\\Models\\Product','2025-07-05 11:17:17','2025-07-05 11:17:17'),(841,'/uploads/product/643/1751703437ويفر1.jpg',0,'1751703437ويفر1.jpg',643,'App\\Models\\Product','2025-07-05 11:17:17','2025-07-05 11:17:17'),(842,'/uploads/product/645/1751704563WhatsApp Image 2025-07-05 at 11.20.24 AM (4).jpeg',0,'1751704563WhatsApp Image 2025-07-05 at 11.20.24 AM (4).jpeg',645,'App\\Models\\Product','2025-07-05 11:36:03','2025-07-05 11:36:03'),(843,'/uploads/product/645/1751704564WhatsApp Image 2025-07-05 at 11.20.25 AM.jpeg',0,'1751704564WhatsApp Image 2025-07-05 at 11.20.25 AM.jpeg',645,'App\\Models\\Product','2025-07-05 11:36:04','2025-07-05 11:36:04'),(844,'/uploads/product/646/1751704820WhatsApp Image 2025-07-05 at 11.20.24 AM (4).jpeg',0,'1751704820WhatsApp Image 2025-07-05 at 11.20.24 AM (4).jpeg',646,'App\\Models\\Product','2025-07-05 11:40:20','2025-07-05 11:40:20'),(845,'/uploads/product/646/1751704821WhatsApp Image 2025-07-05 at 11.20.25 AM.jpeg',0,'1751704821WhatsApp Image 2025-07-05 at 11.20.25 AM.jpeg',646,'App\\Models\\Product','2025-07-05 11:40:21','2025-07-05 11:40:21'),(846,'/uploads/product/647/1751704868WhatsApp Image 2025-07-05 at 11.20.24 AM.jpeg',0,'1751704868WhatsApp Image 2025-07-05 at 11.20.24 AM.jpeg',647,'App\\Models\\Product','2025-07-05 11:41:08','2025-07-05 11:41:08'),(847,'/uploads/product/648/1751705002WhatsApp Image 2025-07-05 at 11.20.24 AM (1).jpeg',0,'1751705002WhatsApp Image 2025-07-05 at 11.20.24 AM (1).jpeg',648,'App\\Models\\Product','2025-07-05 11:43:22','2025-07-05 11:43:22'),(848,'/uploads/product/648/1751705003WhatsApp Image 2025-07-05 at 11.20.24 AM (2).jpeg',0,'1751705003WhatsApp Image 2025-07-05 at 11.20.24 AM (2).jpeg',648,'App\\Models\\Product','2025-07-05 11:43:23','2025-07-05 11:43:23'),(849,'/uploads/product/650/1751705231WhatsApp Image 2025-07-05 at 11.20.23 AM.jpeg',0,'1751705231WhatsApp Image 2025-07-05 at 11.20.23 AM.jpeg',650,'App\\Models\\Product','2025-07-05 11:47:11','2025-07-05 11:47:11'),(850,'/uploads/product/651/1751705359WhatsApp Image 2025-07-05 at 11.20.27 AM (3).jpeg',0,'1751705359WhatsApp Image 2025-07-05 at 11.20.27 AM (3).jpeg',651,'App\\Models\\Product','2025-07-05 11:49:19','2025-07-05 11:49:19'),(851,'/uploads/product/651/1751705359WhatsApp Image 2025-07-05 at 11.20.27 AM (4).jpeg',0,'1751705359WhatsApp Image 2025-07-05 at 11.20.27 AM (4).jpeg',651,'App\\Models\\Product','2025-07-05 11:49:19','2025-07-05 11:49:19'),(852,'/uploads/product/652/1751705472WhatsApp Image 2025-07-05 at 11.20.26 AM (1).jpeg',0,'1751705472WhatsApp Image 2025-07-05 at 11.20.26 AM (1).jpeg',652,'App\\Models\\Product','2025-07-05 11:51:13','2025-07-05 11:51:13'),(853,'/uploads/product/652/1751705473WhatsApp Image 2025-07-05 at 11.20.26 AM (2).jpeg',0,'1751705473WhatsApp Image 2025-07-05 at 11.20.26 AM (2).jpeg',652,'App\\Models\\Product','2025-07-05 11:51:13','2025-07-05 11:51:13'),(854,'/uploads/product/652/1751705474WhatsApp Image 2025-07-05 at 11.20.26 AM.jpeg',0,'1751705474WhatsApp Image 2025-07-05 at 11.20.26 AM.jpeg',652,'App\\Models\\Product','2025-07-05 11:51:14','2025-07-05 11:51:14'),(855,'/uploads/product/669/17518984677.jpg',0,'17518984677.jpg',669,'App\\Models\\Product','2025-07-07 17:27:47','2025-07-07 17:27:47'),(856,'/uploads/product/670/17518987508.jpg',0,'17518987508.jpg',670,'App\\Models\\Product','2025-07-07 17:32:30','2025-07-07 17:32:30'),(857,'/uploads/product/671/17518989949.jpg',0,'17518989949.jpg',671,'App\\Models\\Product','2025-07-07 17:36:34','2025-07-07 17:36:34'),(858,'/uploads/product/672/17518990319.jpg',0,'17518990319.jpg',672,'App\\Models\\Product','2025-07-07 17:37:11','2025-07-07 17:37:11'),(859,'/uploads/product/673/17518992819.jpg',0,'17518992819.jpg',673,'App\\Models\\Product','2025-07-07 17:41:21','2025-07-07 17:41:21'),(860,'/uploads/product/673/17518995229.jpg',0,'17518995229.jpg',673,'App\\Models\\Product','2025-07-07 17:45:22','2025-07-07 17:45:22'),(861,'/uploads/product/674/17518998899.jpg',0,'17518998899.jpg',674,'App\\Models\\Product','2025-07-07 17:51:29','2025-07-07 17:51:29'),(862,'/uploads/product/675/175190007810.jpg',0,'175190007810.jpg',675,'App\\Models\\Product','2025-07-07 17:54:38','2025-07-07 17:54:38'),(863,'/uploads/product/676/175190044711.jpg',0,'175190044711.jpg',676,'App\\Models\\Product','2025-07-07 18:00:47','2025-07-07 18:00:47'),(864,'/uploads/product/677/175190060312.jpg',0,'175190060312.jpg',677,'App\\Models\\Product','2025-07-07 18:03:23','2025-07-07 18:03:23'),(865,'/uploads/product/678/175190071713.jpg',0,'175190071713.jpg',678,'App\\Models\\Product','2025-07-07 18:05:17','2025-07-07 18:05:17'),(866,'/uploads/product/679/175190088314.jpg',0,'175190088314.jpg',679,'App\\Models\\Product','2025-07-07 18:08:03','2025-07-07 18:08:03'),(867,'/uploads/product/681/175190101815.jpg',0,'175190101815.jpg',681,'App\\Models\\Product','2025-07-07 18:10:18','2025-07-07 18:10:18'),(868,'/uploads/product/682/175190120416.jpg',0,'175190120416.jpg',682,'App\\Models\\Product','2025-07-07 18:13:24','2025-07-07 18:13:24'),(869,'/uploads/product/686/175190194917.jpg',0,'175190194917.jpg',686,'App\\Models\\Product','2025-07-07 18:25:49','2025-07-07 18:25:49'),(870,'/uploads/product/689/175190215418.jpg',0,'175190215418.jpg',689,'App\\Models\\Product','2025-07-07 18:29:14','2025-07-07 18:29:14'),(871,'/uploads/product/692/175190233719.jpg',0,'175190233719.jpg',692,'App\\Models\\Product','2025-07-07 18:32:17','2025-07-07 18:32:17'),(872,'/uploads/product/696/175190253520.jpg',0,'175190253520.jpg',696,'App\\Models\\Product','2025-07-07 18:35:35','2025-07-07 18:35:35'),(873,'/uploads/product/698/175190265621.jpg',0,'175190265621.jpg',698,'App\\Models\\Product','2025-07-07 18:37:36','2025-07-07 18:37:36'),(874,'/uploads/product/755/1753370057E12.jpg',0,'1753370057E12.jpg',755,'App\\Models\\Product','2025-07-24 18:14:17','2025-07-24 18:14:17'),(875,'/uploads/product/756/1753371051E13.jpg',0,'1753371051E13.jpg',756,'App\\Models\\Product','2025-07-24 18:30:51','2025-07-24 18:30:51'),(876,'/uploads/product/757/1753371227g3.jpg',0,'1753371227g3.jpg',757,'App\\Models\\Product','2025-07-24 18:33:47','2025-07-24 18:33:47'),(877,'/uploads/product/758/1753371738g4.jpg',0,'1753371738g4.jpg',758,'App\\Models\\Product','2025-07-24 18:42:18','2025-07-24 18:42:18'),(878,'/uploads/product/759/1753371877g5.jpg',0,'1753371877g5.jpg',759,'App\\Models\\Product','2025-07-24 18:44:37','2025-07-24 18:44:37'),(879,'/uploads/product/760/1753372665g6.jpg',0,'1753372665g6.jpg',760,'App\\Models\\Product','2025-07-24 18:57:45','2025-07-24 18:57:45'),(880,'/uploads/product/762/1753374963g7.jpg',0,'1753374963g7.jpg',762,'App\\Models\\Product','2025-07-24 19:36:03','2025-07-24 19:36:03'),(881,'/uploads/product/786/1753978410b9.jpg',0,'1753978410b9.jpg',786,'App\\Models\\Product','2025-07-31 19:13:30','2025-07-31 19:13:30'),(882,'/uploads/product/787/1753978504b10.jpg',0,'1753978504b10.jpg',787,'App\\Models\\Product','2025-07-31 19:15:04','2025-07-31 19:15:04'),(883,'/uploads/product/788/1753978581b11.jpg',0,'1753978581b11.jpg',788,'App\\Models\\Product','2025-07-31 19:16:21','2025-07-31 19:16:21'),(884,'/uploads/product/789/1753979243b12.jpg',0,'1753979243b12.jpg',789,'App\\Models\\Product','2025-07-31 19:27:23','2025-07-31 19:27:23'),(885,'/uploads/product/790/1753979436b13.jpg',0,'1753979436b13.jpg',790,'App\\Models\\Product','2025-07-31 19:30:36','2025-07-31 19:30:36'),(886,'/uploads/product/791/1753979503b14.jpg',0,'1753979503b14.jpg',791,'App\\Models\\Product','2025-07-31 19:31:43','2025-07-31 19:31:43'),(887,'/uploads/product/792/1753979664b15.jpg',0,'1753979664b15.jpg',792,'App\\Models\\Product','2025-07-31 19:34:24','2025-07-31 19:34:24'),(888,'/uploads/product/793/17542430762222.jpg',0,'17542430762222.jpg',793,'App\\Models\\Product','2025-08-03 20:44:36','2025-08-03 20:44:36'),(889,'/uploads/product/793/17542434641111.jpg',0,'17542434641111.jpg',793,'App\\Models\\Product','2025-08-03 20:51:04','2025-08-03 20:51:04'),(890,'/uploads/product/793/17542446731111.jpg',0,'17542446731111.jpg',793,'App\\Models\\Product','2025-08-03 21:11:13','2025-08-03 21:11:13'),(891,'/uploads/product/793/1754244675555555555.jpg',0,'1754244675555555555.jpg',793,'App\\Models\\Product','2025-08-03 21:11:15','2025-08-03 21:11:15'),(892,'/uploads/product/795/17549204732a37f434-651f-4c2d-97d6-b0a4ecc4d1af.jpg',0,'17549204732a37f434-651f-4c2d-97d6-b0a4ecc4d1af.jpg',795,'App\\Models\\Product','2025-08-11 16:54:33','2025-08-11 16:54:33'),(893,'/uploads/product/796/175492138500112bc5-4502-473d-8a99-088c8cee8b98.jpg',0,'175492138500112bc5-4502-473d-8a99-088c8cee8b98.jpg',796,'App\\Models\\Product','2025-08-11 17:09:45','2025-08-11 17:09:45'),(894,'/uploads/product/797/175492147218c79edb-0352-4a66-8947-cfffd66b3956.jpg',0,'175492147218c79edb-0352-4a66-8947-cfffd66b3956.jpg',797,'App\\Models\\Product','2025-08-11 17:11:12','2025-08-11 17:11:12'),(895,'/uploads/product/798/17549216061e64b308-c4c1-424d-b960-4c4c4a829c9d.jpg',0,'17549216061e64b308-c4c1-424d-b960-4c4c4a829c9d.jpg',798,'App\\Models\\Product','2025-08-11 17:13:26','2025-08-11 17:13:26'),(896,'/uploads/product/799/1755078760IMG_8963.jpeg',0,'1755078760IMG_8963.jpeg',799,'App\\Models\\Product','2025-08-13 12:52:40','2025-08-13 12:52:40'),(897,'/uploads/product/799/1755078762IMG_8965.jpeg',0,'1755078762IMG_8965.jpeg',799,'App\\Models\\Product','2025-08-13 12:52:42','2025-08-13 12:52:42'),(898,'/uploads/product/799/1755078763IMG_8962.jpeg',0,'1755078763IMG_8962.jpeg',799,'App\\Models\\Product','2025-08-13 12:52:43','2025-08-13 12:52:43'),(899,'/uploads/product/799/1755078764IMG_8964.jpeg',0,'1755078764IMG_8964.jpeg',799,'App\\Models\\Product','2025-08-13 12:52:44','2025-08-13 12:52:44'),(900,'/uploads/product/799/1755078766IMG_8966.jpeg',0,'1755078766IMG_8966.jpeg',799,'App\\Models\\Product','2025-08-13 12:52:46','2025-08-13 12:52:46'),(901,'/uploads/product/802/1755180347IMG_9064.jpeg',0,'1755180347IMG_9064.jpeg',802,'App\\Models\\Product','2025-08-14 17:05:47','2025-08-14 17:05:47'),(903,'/uploads/product/802/1755180349IMG_9063.jpeg',0,'1755180349IMG_9063.jpeg',802,'App\\Models\\Product','2025-08-14 17:05:49','2025-08-14 17:05:49'),(904,'/uploads/product/805/1755180630IMG_9067.jpeg',0,'1755180630IMG_9067.jpeg',805,'App\\Models\\Product','2025-08-14 17:10:30','2025-08-14 17:10:30'),(905,'/uploads/product/805/1755180631IMG_9070.jpeg',0,'1755180631IMG_9070.jpeg',805,'App\\Models\\Product','2025-08-14 17:10:31','2025-08-14 17:10:31'),(906,'/uploads/product/805/1755180632IMG_9069.jpeg',0,'1755180632IMG_9069.jpeg',805,'App\\Models\\Product','2025-08-14 17:10:32','2025-08-14 17:10:32'),(907,'/uploads/product/805/1755180633IMG_9068.jpeg',0,'1755180633IMG_9068.jpeg',805,'App\\Models\\Product','2025-08-14 17:10:33','2025-08-14 17:10:33'),(908,'/uploads/product/810/1755605442113333333.jpg',0,'1755605442113333333.jpg',810,'App\\Models\\Product','2025-08-19 15:10:42','2025-08-19 15:10:42'),(909,'/uploads/product/813/1755676048IMG_6224.jpeg',0,'1755676048IMG_6224.jpeg',813,'App\\Models\\Product','2025-08-20 10:47:28','2025-08-20 10:47:28'),(910,'/uploads/product/814/1755676231IMG_6237.jpeg',0,'1755676231IMG_6237.jpeg',814,'App\\Models\\Product','2025-08-20 10:50:31','2025-08-20 10:50:31'),(911,'/uploads/product/815/1755676597IMG_6240.jpeg',0,'1755676597IMG_6240.jpeg',815,'App\\Models\\Product','2025-08-20 10:56:37','2025-08-20 10:56:37'),(912,'/uploads/product/816/1755676768IMG_6233.jpeg',0,'1755676768IMG_6233.jpeg',816,'App\\Models\\Product','2025-08-20 10:59:28','2025-08-20 10:59:28'),(913,'/uploads/product/817/1755676976IMG_9217.jpeg',0,'1755676976IMG_9217.jpeg',817,'App\\Models\\Product','2025-08-20 11:02:56','2025-08-20 11:02:56'),(914,'/uploads/product/817/1755676980IMG_6220.jpeg',0,'1755676980IMG_6220.jpeg',817,'App\\Models\\Product','2025-08-20 11:03:00','2025-08-20 11:03:00'),(915,'/uploads/product/817/1755676999IMG_6223.jpeg',0,'1755676999IMG_6223.jpeg',817,'App\\Models\\Product','2025-08-20 11:03:19','2025-08-20 11:03:19'),(916,'/uploads/product/818/1755677410IMG_8961.jpeg',0,'1755677410IMG_8961.jpeg',818,'App\\Models\\Product','2025-08-20 11:10:10','2025-08-20 11:10:10'),(917,'/uploads/product/818/1755677410IMG_8962.jpeg',0,'1755677410IMG_8962.jpeg',818,'App\\Models\\Product','2025-08-20 11:10:10','2025-08-20 11:10:10'),(918,'/uploads/product/818/1755677411IMG_8963.jpeg',0,'1755677411IMG_8963.jpeg',818,'App\\Models\\Product','2025-08-20 11:10:11','2025-08-20 11:10:11'),(919,'/uploads/product/818/1755677412IMG_8964.jpeg',0,'1755677412IMG_8964.jpeg',818,'App\\Models\\Product','2025-08-20 11:10:12','2025-08-20 11:10:12'),(920,'/uploads/product/818/1755677413IMG_8965.jpeg',0,'1755677413IMG_8965.jpeg',818,'App\\Models\\Product','2025-08-20 11:10:13','2025-08-20 11:10:13'),(921,'/uploads/product/818/1755677413IMG_8966.jpeg',0,'1755677413IMG_8966.jpeg',818,'App\\Models\\Product','2025-08-20 11:10:13','2025-08-20 11:10:13'),(922,'/uploads/product/818/1755677434IMG_8967.png',0,'1755677434IMG_8967.png',818,'App\\Models\\Product','2025-08-20 11:10:34','2025-08-20 11:10:34'),(923,'/uploads/product/819/1755678612IMG_9324.jpeg',0,'1755678612IMG_9324.jpeg',819,'App\\Models\\Product','2025-08-20 11:30:12','2025-08-20 11:30:12'),(924,'/uploads/product/819/1755678613IMG_9323.jpeg',0,'1755678613IMG_9323.jpeg',819,'App\\Models\\Product','2025-08-20 11:30:13','2025-08-20 11:30:13'),(925,'/uploads/product/819/1755678613IMG_9325.jpeg',0,'1755678613IMG_9325.jpeg',819,'App\\Models\\Product','2025-08-20 11:30:13','2025-08-20 11:30:13'),(926,'/uploads/product/819/1755678614IMG_9327.jpeg',0,'1755678614IMG_9327.jpeg',819,'App\\Models\\Product','2025-08-20 11:30:14','2025-08-20 11:30:14'),(927,'/uploads/product/819/1755678615IMG_9328.jpeg',0,'1755678615IMG_9328.jpeg',819,'App\\Models\\Product','2025-08-20 11:30:15','2025-08-20 11:30:15'),(928,'/uploads/product/819/1755678616IMG_9326.jpeg',0,'1755678616IMG_9326.jpeg',819,'App\\Models\\Product','2025-08-20 11:30:16','2025-08-20 11:30:16'),(929,'/uploads/product/820/1755689488IMG_9369.jpeg',0,'1755689488IMG_9369.jpeg',820,'App\\Models\\Product','2025-08-20 14:31:28','2025-08-20 14:31:28'),(930,'/uploads/product/820/1755689489IMG_9366.jpeg',0,'1755689489IMG_9366.jpeg',820,'App\\Models\\Product','2025-08-20 14:31:29','2025-08-20 14:31:29'),(931,'/uploads/product/820/1755689491IMG_9368.jpeg',0,'1755689491IMG_9368.jpeg',820,'App\\Models\\Product','2025-08-20 14:31:31','2025-08-20 14:31:31'),(932,'/uploads/product/820/1755689492IMG_9367.jpeg',0,'1755689492IMG_9367.jpeg',820,'App\\Models\\Product','2025-08-20 14:31:32','2025-08-20 14:31:32'),(933,'/uploads/product/820/1755689493IMG_9377.jpeg',0,'1755689493IMG_9377.jpeg',820,'App\\Models\\Product','2025-08-20 14:31:33','2025-08-20 14:31:33'),(934,'/uploads/product/820/1755689495IMG_9376.jpeg',0,'1755689495IMG_9376.jpeg',820,'App\\Models\\Product','2025-08-20 14:31:35','2025-08-20 14:31:35'),(935,'/uploads/product/821/1755689700IMG_9370.jpeg',0,'1755689700IMG_9370.jpeg',821,'App\\Models\\Product','2025-08-20 14:35:00','2025-08-20 14:35:00'),(936,'/uploads/product/821/1755689700IMG_9371.jpeg',0,'1755689700IMG_9371.jpeg',821,'App\\Models\\Product','2025-08-20 14:35:00','2025-08-20 14:35:00'),(937,'/uploads/product/821/1755689702IMG_9372.jpeg',0,'1755689702IMG_9372.jpeg',821,'App\\Models\\Product','2025-08-20 14:35:02','2025-08-20 14:35:02'),(938,'/uploads/product/821/1755689703IMG_9375.jpeg',0,'1755689703IMG_9375.jpeg',821,'App\\Models\\Product','2025-08-20 14:35:03','2025-08-20 14:35:03'),(939,'/uploads/product/821/1755689704IMG_9374.jpeg',0,'1755689704IMG_9374.jpeg',821,'App\\Models\\Product','2025-08-20 14:35:04','2025-08-20 14:35:04'),(940,'/uploads/product/821/1755689705IMG_9373.jpeg',0,'1755689705IMG_9373.jpeg',821,'App\\Models\\Product','2025-08-20 14:35:05','2025-08-20 14:35:05'),(941,'/uploads/product/822/1755964111IMG_9614.jpeg',0,'1755964111IMG_9614.jpeg',822,'App\\Models\\Product','2025-08-23 18:48:31','2025-08-23 18:48:31'),(942,'/uploads/product/822/1755964112IMG_9616.jpeg',0,'1755964112IMG_9616.jpeg',822,'App\\Models\\Product','2025-08-23 18:48:32','2025-08-23 18:48:32'),(943,'/uploads/product/822/1755964113IMG_9613.jpeg',0,'1755964113IMG_9613.jpeg',822,'App\\Models\\Product','2025-08-23 18:48:33','2025-08-23 18:48:33'),(944,'/uploads/product/823/1755964577IMG_9620.jpeg',0,'1755964577IMG_9620.jpeg',823,'App\\Models\\Product','2025-08-23 18:56:17','2025-08-23 18:56:17'),(945,'/uploads/product/823/1755964578IMG_9618.jpeg',0,'1755964578IMG_9618.jpeg',823,'App\\Models\\Product','2025-08-23 18:56:18','2025-08-23 18:56:18'),(946,'/uploads/product/823/1755964579IMG_9619.jpeg',0,'1755964579IMG_9619.jpeg',823,'App\\Models\\Product','2025-08-23 18:56:19','2025-08-23 18:56:19'),(947,'/uploads/product/823/1755964579IMG_9621.jpeg',0,'1755964579IMG_9621.jpeg',823,'App\\Models\\Product','2025-08-23 18:56:19','2025-08-23 18:56:19'),(948,'/uploads/product/823/1755964580IMG_9617.jpeg',0,'1755964580IMG_9617.jpeg',823,'App\\Models\\Product','2025-08-23 18:56:20','2025-08-23 18:56:20'),(949,'/uploads/product/824/1755964819IMG_9624.jpeg',0,'1755964819IMG_9624.jpeg',824,'App\\Models\\Product','2025-08-23 19:00:19','2025-08-23 19:00:19'),(950,'/uploads/product/824/1755964820IMG_9623.jpeg',0,'1755964820IMG_9623.jpeg',824,'App\\Models\\Product','2025-08-23 19:00:20','2025-08-23 19:00:20'),(951,'/uploads/product/824/1755964821IMG_9622.jpeg',0,'1755964821IMG_9622.jpeg',824,'App\\Models\\Product','2025-08-23 19:00:21','2025-08-23 19:00:21'),(952,'/uploads/product/824/1755964822IMG_9625.jpeg',0,'1755964822IMG_9625.jpeg',824,'App\\Models\\Product','2025-08-23 19:00:22','2025-08-23 19:00:22'),(953,'/uploads/product/825/17559655803a703819-066e-4ab5-9287-757b5e704efd.jpeg',0,'17559655803a703819-066e-4ab5-9287-757b5e704efd.jpeg',825,'App\\Models\\Product','2025-08-23 19:13:00','2025-08-23 19:13:00'),(954,'/uploads/product/825/1755965581b71ae3c0-7a57-4616-87fd-6032ae2d111a.jpeg',0,'1755965581b71ae3c0-7a57-4616-87fd-6032ae2d111a.jpeg',825,'App\\Models\\Product','2025-08-23 19:13:01','2025-08-23 19:13:01'),(955,'/uploads/product/825/1755965582eb7436da-7923-4a74-b92c-bc777df13918.jpeg',0,'1755965582eb7436da-7923-4a74-b92c-bc777df13918.jpeg',825,'App\\Models\\Product','2025-08-23 19:13:02','2025-08-23 19:13:02'),(956,'/uploads/product/826/1755966920IMG_9631.jpeg',0,'1755966920IMG_9631.jpeg',826,'App\\Models\\Product','2025-08-23 19:35:20','2025-08-23 19:35:20'),(957,'/uploads/product/826/1755966921IMG_9632.jpeg',0,'1755966921IMG_9632.jpeg',826,'App\\Models\\Product','2025-08-23 19:35:21','2025-08-23 19:35:21'),(958,'/uploads/product/826/1755966922IMG_9633.jpeg',0,'1755966922IMG_9633.jpeg',826,'App\\Models\\Product','2025-08-23 19:35:22','2025-08-23 19:35:22'),(959,'/uploads/product/827/1756193965E14...jpg',0,'1756193965E14...jpg',827,'App\\Models\\Product','2025-08-26 10:39:25','2025-08-26 10:39:25'),(960,'/uploads/product/827/1756193966E14..jpg',0,'1756193966E14..jpg',827,'App\\Models\\Product','2025-08-26 10:39:26','2025-08-26 10:39:26'),(961,'/uploads/product/827/1756193967E14.jpg',0,'1756193967E14.jpg',827,'App\\Models\\Product','2025-08-26 10:39:27','2025-08-26 10:39:27'),(962,'/uploads/product/828/1756194302E15....jpg',0,'1756194302E15....jpg',828,'App\\Models\\Product','2025-08-26 10:45:02','2025-08-26 10:45:02'),(963,'/uploads/product/828/1756194302E15...jpg',0,'1756194302E15...jpg',828,'App\\Models\\Product','2025-08-26 10:45:02','2025-08-26 10:45:02'),(964,'/uploads/product/828/1756194303E15..jpg',0,'1756194303E15..jpg',828,'App\\Models\\Product','2025-08-26 10:45:03','2025-08-26 10:45:03'),(965,'/uploads/product/828/1756194304E15.jpg',0,'1756194304E15.jpg',828,'App\\Models\\Product','2025-08-26 10:45:04','2025-08-26 10:45:04'),(966,'/uploads/product/829/1756200645E16...jpg',0,'1756200645E16...jpg',829,'App\\Models\\Product','2025-08-26 12:30:45','2025-08-26 12:30:45'),(967,'/uploads/product/829/1756200645E16..jpg',0,'1756200645E16..jpg',829,'App\\Models\\Product','2025-08-26 12:30:45','2025-08-26 12:30:45'),(968,'/uploads/product/829/1756200646E16.jpg',0,'1756200646E16.jpg',829,'App\\Models\\Product','2025-08-26 12:30:46','2025-08-26 12:30:46'),(969,'/uploads/product/830/1756200781E17..jpg',0,'1756200781E17..jpg',830,'App\\Models\\Product','2025-08-26 12:33:01','2025-08-26 12:33:01'),(970,'/uploads/product/830/1756200782E17.jpg',0,'1756200782E17.jpg',830,'App\\Models\\Product','2025-08-26 12:33:02','2025-08-26 12:33:02'),(971,'/uploads/product/832/175621755910.png',0,'175621755910.png',832,'App\\Models\\Product','2025-08-26 17:12:39','2025-08-26 17:12:39'),(972,'/uploads/product/832/175621756511.png',0,'175621756511.png',832,'App\\Models\\Product','2025-08-26 17:12:45','2025-08-26 17:12:45'),(973,'/uploads/product/832/175621757112.png',0,'175621757112.png',832,'App\\Models\\Product','2025-08-26 17:12:51','2025-08-26 17:12:51'),(974,'/uploads/product/833/17562177356.png',0,'17562177356.png',833,'App\\Models\\Product','2025-08-26 17:15:35','2025-08-26 17:15:35'),(975,'/uploads/product/833/17562177397.png',0,'17562177397.png',833,'App\\Models\\Product','2025-08-26 17:15:39','2025-08-26 17:15:39'),(976,'/uploads/product/833/17562177438.png',0,'17562177438.png',833,'App\\Models\\Product','2025-08-26 17:15:43','2025-08-26 17:15:43'),(977,'/uploads/product/835/17562178792.png',0,'17562178792.png',835,'App\\Models\\Product','2025-08-26 17:17:59','2025-08-26 17:17:59'),(978,'/uploads/product/836/17562180373.png',0,'17562180373.png',836,'App\\Models\\Product','2025-08-26 17:20:37','2025-08-26 17:20:37'),(979,'/uploads/product/836/17562180414.png',0,'17562180414.png',836,'App\\Models\\Product','2025-08-26 17:20:41','2025-08-26 17:20:41'),(980,'/uploads/product/836/17562180455.png',0,'17562180455.png',836,'App\\Models\\Product','2025-08-26 17:20:45','2025-08-26 17:20:45'),(981,'/uploads/product/837/1756388982IMG-20250826-WA0025.jpg',0,'1756388982IMG-20250826-WA0025.jpg',837,'App\\Models\\Product','2025-08-28 16:49:42','2025-08-28 16:49:42'),(982,'/uploads/product/837/1756388997IMG-20250826-WA0026.jpg',0,'1756388997IMG-20250826-WA0026.jpg',837,'App\\Models\\Product','2025-08-28 16:49:57','2025-08-28 16:49:57'),(983,'/uploads/product/837/1756389017IMG-20250826-WA0027.jpg',0,'1756389017IMG-20250826-WA0027.jpg',837,'App\\Models\\Product','2025-08-28 16:50:17','2025-08-28 16:50:17'),(984,'/uploads/product/838/1756389164IMG-20250826-WA0027.jpg',0,'1756389164IMG-20250826-WA0027.jpg',838,'App\\Models\\Product','2025-08-28 16:52:44','2025-08-28 16:52:44'),(985,'/uploads/product/838/1756389180IMG-20250826-WA0026.jpg',0,'1756389180IMG-20250826-WA0026.jpg',838,'App\\Models\\Product','2025-08-28 16:53:00','2025-08-28 16:53:00'),(986,'/uploads/product/839/1756389344IMG-20250826-WA0030.jpg',0,'1756389344IMG-20250826-WA0030.jpg',839,'App\\Models\\Product','2025-08-28 16:55:44','2025-08-28 16:55:44'),(987,'/uploads/product/839/1756389386WhatsApp Image 2025-08-26 at 16.23.55_f5945117.jpg',0,'1756389386WhatsApp Image 2025-08-26 at 16.23.55_f5945117.jpg',839,'App\\Models\\Product','2025-08-28 16:56:26','2025-08-28 16:56:26'),(988,'/uploads/product/840/1756389492WhatsApp Image 2025-08-26 at 16.23.55_0650c470.jpg',0,'1756389492WhatsApp Image 2025-08-26 at 16.23.55_0650c470.jpg',840,'App\\Models\\Product','2025-08-28 16:58:12','2025-08-28 16:58:12'),(989,'/uploads/product/840/1756389503IMG-20250826-WA0033.jpg',0,'1756389503IMG-20250826-WA0033.jpg',840,'App\\Models\\Product','2025-08-28 16:58:23','2025-08-28 16:58:23'),(990,'/uploads/product/841/1756389763IMG-20250826-WA0041.jpg',0,'1756389763IMG-20250826-WA0041.jpg',841,'App\\Models\\Product','2025-08-28 17:02:43','2025-08-28 17:02:43'),(991,'/uploads/product/841/1756389786IMG-20250826-WA0042.jpg',0,'1756389786IMG-20250826-WA0042.jpg',841,'App\\Models\\Product','2025-08-28 17:03:06','2025-08-28 17:03:06'),(992,'/uploads/product/841/1756389787IMG-20250826-WA0043.jpg',0,'1756389787IMG-20250826-WA0043.jpg',841,'App\\Models\\Product','2025-08-28 17:03:07','2025-08-28 17:03:07'),(993,'/uploads/product/841/1756389791IMG-20250826-WA0044.jpg',0,'1756389791IMG-20250826-WA0044.jpg',841,'App\\Models\\Product','2025-08-28 17:03:11','2025-08-28 17:03:11'),(994,'/uploads/product/841/1756389799IMG-20250826-WA0045.jpg',0,'1756389799IMG-20250826-WA0045.jpg',841,'App\\Models\\Product','2025-08-28 17:03:19','2025-08-28 17:03:19'),(995,'/uploads/product/842/1756389873IMG-20250826-WA0037.jpg',0,'1756389873IMG-20250826-WA0037.jpg',842,'App\\Models\\Product','2025-08-28 17:04:33','2025-08-28 17:04:33'),(996,'/uploads/product/842/1756389881IMG-20250826-WA0038.jpg',0,'1756389881IMG-20250826-WA0038.jpg',842,'App\\Models\\Product','2025-08-28 17:04:41','2025-08-28 17:04:41'),(997,'/uploads/product/842/1756389884IMG-20250826-WA0039.jpg',0,'1756389884IMG-20250826-WA0039.jpg',842,'App\\Models\\Product','2025-08-28 17:04:44','2025-08-28 17:04:44'),(998,'/uploads/product/842/1756389893IMG-20250826-WA0036.jpg',0,'1756389893IMG-20250826-WA0036.jpg',842,'App\\Models\\Product','2025-08-28 17:04:53','2025-08-28 17:04:53'),(999,'/uploads/product/845/1756830466IMG_0253.jpeg',0,'1756830466IMG_0253.jpeg',845,'App\\Models\\Product','2025-09-02 19:27:46','2025-09-02 19:27:46'),(1000,'/uploads/product/845/1756830467IMG_0252.jpeg',0,'1756830467IMG_0252.jpeg',845,'App\\Models\\Product','2025-09-02 19:27:47','2025-09-02 19:27:47'),(1001,'/uploads/product/846/1756830686IMG_0249.jpeg',0,'1756830686IMG_0249.jpeg',846,'App\\Models\\Product','2025-09-02 19:31:26','2025-09-02 19:31:26'),(1002,'/uploads/product/846/1756830687IMG_0251.jpeg',0,'1756830687IMG_0251.jpeg',846,'App\\Models\\Product','2025-09-02 19:31:27','2025-09-02 19:31:27'),(1003,'/uploads/product/846/1756830688IMG_0250.jpeg',0,'1756830688IMG_0250.jpeg',846,'App\\Models\\Product','2025-09-02 19:31:28','2025-09-02 19:31:28'),(1004,'/uploads/product/847/1759571394IMG_2086.jpeg',0,'1759571394IMG_2086.jpeg',847,'App\\Models\\Product','2025-10-04 12:49:54','2025-10-04 12:49:54'),(1005,'/uploads/product/847/1759571396IMG_2085.jpeg',0,'1759571396IMG_2085.jpeg',847,'App\\Models\\Product','2025-10-04 12:49:56','2025-10-04 12:49:56'),(1006,'/uploads/product/847/1759571397IMG_2082.jpeg',0,'1759571397IMG_2082.jpeg',847,'App\\Models\\Product','2025-10-04 12:49:57','2025-10-04 12:49:57'),(1007,'/uploads/product/847/1759571398IMG_2083.jpeg',0,'1759571398IMG_2083.jpeg',847,'App\\Models\\Product','2025-10-04 12:49:58','2025-10-04 12:49:58'),(1008,'/uploads/product/847/1759571513copy_B302F347-5A49-424E-B3A1-91E31BDE41DF.mov',0,'1759571513copy_B302F347-5A49-424E-B3A1-91E31BDE41DF.mov',847,'App\\Models\\Product','2025-10-04 12:51:53','2025-10-04 12:51:53'),(1009,'/uploads/product/848/1759571639IMG_2090.jpeg',0,'1759571639IMG_2090.jpeg',848,'App\\Models\\Product','2025-10-04 12:53:59','2025-10-04 12:53:59'),(1010,'/uploads/product/848/1759571642IMG_2089.jpeg',0,'1759571642IMG_2089.jpeg',848,'App\\Models\\Product','2025-10-04 12:54:02','2025-10-04 12:54:02'),(1011,'/uploads/product/848/1759571643IMG_2091.jpeg',0,'1759571643IMG_2091.jpeg',848,'App\\Models\\Product','2025-10-04 12:54:03','2025-10-04 12:54:03'),(1012,'/uploads/product/848/1759571645IMG_2088.jpeg',0,'1759571645IMG_2088.jpeg',848,'App\\Models\\Product','2025-10-04 12:54:05','2025-10-04 12:54:05'),(1013,'/uploads/product/849/1759572282IMG_2093.jpeg',0,'1759572282IMG_2093.jpeg',849,'App\\Models\\Product','2025-10-04 13:04:42','2025-10-04 13:04:42'),(1014,'/uploads/product/849/1759572284IMG_2094.jpeg',0,'1759572284IMG_2094.jpeg',849,'App\\Models\\Product','2025-10-04 13:04:44','2025-10-04 13:04:44'),(1015,'/uploads/product/849/1759572286IMG_2095.jpeg',0,'1759572286IMG_2095.jpeg',849,'App\\Models\\Product','2025-10-04 13:04:46','2025-10-04 13:04:46'),(1016,'/uploads/product/849/1759572287IMG_2092.jpeg',0,'1759572287IMG_2092.jpeg',849,'App\\Models\\Product','2025-10-04 13:04:48','2025-10-04 13:04:48'),(1017,'/uploads/product/850/1759572729IMG_2096.jpeg',0,'1759572729IMG_2096.jpeg',850,'App\\Models\\Product','2025-10-04 13:12:09','2025-10-04 13:12:09'),(1018,'/uploads/product/850/1759572731IMG_2098.jpeg',0,'1759572731IMG_2098.jpeg',850,'App\\Models\\Product','2025-10-04 13:12:11','2025-10-04 13:12:11'),(1020,'/uploads/product/853/17602813789b970ea2-4a40-449a-9232-aa6c7987da8f.jpeg',0,'17602813789b970ea2-4a40-449a-9232-aa6c7987da8f.jpeg',853,'App\\Models\\Product','2025-10-12 18:02:58','2025-10-12 18:02:58'),(1021,'/uploads/product/851/1760281499Screenshot_٢٠٢٥١٠٠٢_١٦٠٥٥٥_Instagram.jpg',0,'1760281499Screenshot_٢٠٢٥١٠٠٢_١٦٠٥٥٥_Instagram.jpg',851,'App\\Models\\Product','2025-10-12 18:04:59','2025-10-12 18:04:59'),(1022,'/uploads/product/854/1760357190IMG_2504.jpeg',0,'1760357190IMG_2504.jpeg',854,'App\\Models\\Product','2025-10-13 15:06:30','2025-10-13 15:06:30'),(1023,'/uploads/product/856/1760360202IMG_2517.jpeg',0,'1760360202IMG_2517.jpeg',856,'App\\Models\\Product','2025-10-13 15:56:42','2025-10-13 15:56:42'),(1024,'/uploads/product/857/1760363665IMG-20251013-WA0002.jpg',0,'1760363665IMG-20251013-WA0002.jpg',857,'App\\Models\\Product','2025-10-13 16:54:25','2025-10-13 16:54:25'),(1025,'/uploads/product/859/1760364856IMG-20251013-WA0000.jpg',0,'1760364856IMG-20251013-WA0000.jpg',859,'App\\Models\\Product','2025-10-13 17:14:16','2025-10-13 17:14:16'),(1026,'/uploads/product/860/1760365684Screenshot_٢٠٢٥١٠١٢_١٥٣٢٢٨_Instagram.jpg',0,'1760365684Screenshot_٢٠٢٥١٠١٢_١٥٣٢٢٨_Instagram.jpg',860,'App\\Models\\Product','2025-10-13 17:28:04','2025-10-13 17:28:04'),(1027,'/uploads/product/860/1760369396Screenshot_٢٠٢٥١٠١٢_١٥٣٢٢٨_Instagram.jpg',0,'1760369396Screenshot_٢٠٢٥١٠١٢_١٥٣٢٢٨_Instagram.jpg',860,'App\\Models\\Product','2025-10-13 18:29:56','2025-10-13 18:29:56'),(1030,'/uploads/product/861/1760372308Screenshot_٢٠٢٥١٠١٣_١٦٠٩٤٥_Gallery.jpg',0,'1760372308Screenshot_٢٠٢٥١٠١٣_١٦٠٩٤٥_Gallery.jpg',861,'App\\Models\\Product','2025-10-13 19:18:28','2025-10-13 19:18:28');

--
