-- Table structure for table `oauth_auth_codes`
--

CREATE TABLE `oauth_auth_codes` (
  `id` varchar(100) CHARACTER SET utf8mb4 COLLATE utf8mb4_unicode_ci NOT NULL,
  `user_id` bigint unsigned NOT NULL,
  `client_id` bigint unsigned NOT NULL,
  `scopes` text CHARACTER SET utf8mb4 COLLATE utf8mb4_unicode_ci,
  `revoked` tinyint(1) NOT NULL,
  `expires_at` datetime DEFAULT NULL,
  PRIMARY KEY (`id`),
  KEY `oauth_auth_codes_user_id_index` (`user_id`)
) ENGINE=InnoDB DEFAULT CHARSET=utf8mb4 COLLATE=utf8mb4_unicode_ci;

--
-- Dumping data for table `oauth_auth_codes`
--


--
-- Table structure for table `oauth_clients`
--

CREATE TABLE `oauth_clients` (
  `id` bigint unsigned NOT NULL AUTO_INCREMENT,
  `user_id` bigint unsigned DEFAULT NULL,
  `name` varchar(255) CHARACTER SET utf8mb4 COLLATE utf8mb4_unicode_ci NOT NULL,
  `secret` varchar(100) CHARACTER SET utf8mb4 COLLATE utf8mb4_unicode_ci DEFAULT NULL,
  `provider` varchar(255) CHARACTER SET utf8mb4 COLLATE utf8mb4_unicode_ci DEFAULT NULL,
  `redirect` text CHARACTER SET utf8mb4 COLLATE utf8mb4_unicode_ci NOT NULL,
  `personal_access_client` tinyint(1) NOT NULL,
  `password_client` tinyint(1) NOT NULL,
  `revoked` tinyint(1) NOT NULL,
  `created_at` timestamp NULL DEFAULT NULL,
  `updated_at` timestamp NULL DEFAULT NULL,
  PRIMARY KEY (`id`),
  KEY `oauth_clients_user_id_index` (`user_id`)
) ENGINE=InnoDB AUTO_INCREMENT=3 DEFAULT CHARSET=utf8mb4 COLLATE=utf8mb4_unicode_ci;

--
-- Dumping data for table `oauth_clients`
--

INSERT INTO `oauth_clients` (`id`, `user_id`, `name`, `secret`, `provider`, `redirect`, `personal_access_client`, `password_client`, `revoked`, `created_at`, `updated_at`) VALUES (1,NULL,'Laravel Personal Access Client','M5hKJeOymQ5ybOqGLb1ZHeZwAvggkkcZi4jSuwrX',NULL,'http://localhost',1,0,0,'2022-06-22 10:12:48','2022-06-22 10:12:48'),(2,NULL,'Laravel Password Grant Client','oiElx9TLRlbGMJYB07DzGeD7GcN1SQMxbg24HbDa','users','http://localhost',0,1,0,'2022-06-22 10:12:48','2022-06-22 10:12:48');

--
-- Table structure for table `oauth_personal_access_clients`
--

CREATE TABLE `oauth_personal_access_clients` (
  `id` bigint unsigned NOT NULL AUTO_INCREMENT,
  `client_id` bigint unsigned NOT NULL,
  `created_at` timestamp NULL DEFAULT NULL,
  `updated_at` timestamp NULL DEFAULT NULL,
  PRIMARY KEY (`id`)
) ENGINE=InnoDB AUTO_INCREMENT=2 DEFAULT CHARSET=utf8mb4 COLLATE=utf8mb4_unicode_ci;

--
-- Dumping data for table `oauth_personal_access_clients`
--

INSERT INTO `oauth_personal_access_clients` (`id`, `client_id`, `created_at`, `updated_at`) VALUES (1,1,'2022-06-22 10:12:48','2022-06-22 10:12:48');

--
-- Table structure for table `oauth_refresh_tokens`
--

CREATE TABLE `oauth_refresh_tokens` (
  `id` varchar(100) CHARACTER SET utf8mb4 COLLATE utf8mb4_unicode_ci NOT NULL,
  `access_token_id` varchar(100) CHARACTER SET utf8mb4 COLLATE utf8mb4_unicode_ci NOT NULL,
  `revoked` tinyint(1) NOT NULL,
  `expires_at` datetime DEFAULT NULL,
  PRIMARY KEY (`id`),
  KEY `oauth_refresh_tokens_access_token_id_index` (`access_token_id`)
) ENGINE=InnoDB DEFAULT CHARSET=utf8mb4 COLLATE=utf8mb4_unicode_ci;

--
-- Dumping data for table `oauth_refresh_tokens`
--


--
-- Table structure for table `offer_orders`
--

CREATE TABLE `offer_orders` (
  `id` int unsigned NOT NULL AUTO_INCREMENT,
  `type` varchar(255) CHARACTER SET utf8mb4 COLLATE utf8mb4_unicode_ci DEFAULT NULL,
  `offer_id` int unsigned DEFAULT NULL,
  `order_id` int unsigned DEFAULT NULL,
  `order_product_id` int unsigned DEFAULT NULL,
  `amount` int NOT NULL DEFAULT '1',
  `discount` decimal(8,2) NOT NULL,
  `created_at` timestamp NULL DEFAULT NULL,
  `updated_at` timestamp NULL DEFAULT NULL,
  PRIMARY KEY (`id`),
  KEY `offer_orders_offer_id_foreign` (`offer_id`),
  KEY `offer_orders_order_id_foreign` (`order_id`),
  KEY `offer_orders_order_product_id_foreign` (`order_product_id`),
  CONSTRAINT `offer_orders_offer_id_foreign` FOREIGN KEY (`offer_id`) REFERENCES `offers` (`id`) ON DELETE CASCADE,
  CONSTRAINT `offer_orders_order_id_foreign` FOREIGN KEY (`order_id`) REFERENCES `orders` (`id`) ON DELETE CASCADE,
  CONSTRAINT `offer_orders_order_product_id_foreign` FOREIGN KEY (`order_product_id`) REFERENCES `product_orders` (`id`) ON DELETE CASCADE
) ENGINE=InnoDB DEFAULT CHARSET=utf8mb4 COLLATE=utf8mb4_unicode_ci;

--
-- Dumping data for table `offer_orders`
--


--
-- Table structure for table `offer_translations`
--

CREATE TABLE `offer_translations` (
  `id` int unsigned NOT NULL AUTO_INCREMENT,
  `offer_id` int unsigned NOT NULL,
  `title` varchar(255) CHARACTER SET utf8mb4 COLLATE utf8mb4_unicode_ci NOT NULL,
  `show_title` varchar(191) CHARACTER SET utf8mb4 COLLATE utf8mb4_unicode_ci DEFAULT NULL,
  `content` text CHARACTER SET utf8mb4 COLLATE utf8mb4_unicode_ci NOT NULL,
  `locale` varchar(255) CHARACTER SET utf8mb4 COLLATE utf8mb4_unicode_ci NOT NULL,
  `created_at` timestamp NULL DEFAULT NULL,
  `updated_at` timestamp NULL DEFAULT NULL,
  PRIMARY KEY (`id`),
  UNIQUE KEY `offer_translations_offer_id_locale_unique` (`offer_id`,`locale`),
  KEY `offer_translations_locale_index` (`locale`),
  CONSTRAINT `offer_translations_offer_id_foreign` FOREIGN KEY (`offer_id`) REFERENCES `offers` (`id`) ON DELETE CASCADE
) ENGINE=InnoDB AUTO_INCREMENT=77 DEFAULT CHARSET=utf8mb4 COLLATE=utf8mb4_unicode_ci;

--
-- Dumping data for table `offer_translations`
--

INSERT INTO `offer_translations` (`id`, `offer_id`, `title`, `show_title`, `content`, `locale`, `created_at`, `updated_at`) VALUES (7,4,'Buy 2 Get 1','اشتري 2 واحصل على 1 BELLA','<pre>\r\nاشتري 2 واحصل على 1</pre>','ar',NULL,NULL),(8,4,'Buy 2 Get 1','BUY 2 GET 1 BELLA','<p>Buy 2 Get 1</p>','en',NULL,NULL),(9,5,'اشتري 3 واحصل على 1','اشتري 3 واحصل على 1  BELLA','<p>Buy 3 Get 1</p>','ar',NULL,NULL),(10,5,'Buy 3 Get 1','BUY 3 GET 1 BELLA','<p>Buy 3 Get 1</p>','en',NULL,NULL),(13,7,'اشتري 2 واحصل على 1  AMARA','شتري 2 واحصل على 1  AMARA','<p>Amara</p>','ar',NULL,NULL),(14,7,'BUY 2 GET 1 AMARA','BUY 2 GET 1 AMARA','<p>Amara</p>','en',NULL,NULL),(15,8,'اشتري 3 واحصل على 1','اشتري 3 واحصل على 1 AMARA','<p>Amara</p>','ar',NULL,NULL),(16,8,'Buy 3 Get 1','BUY 3 GET 1 AMARA','<p>Amara</p>','en',NULL,NULL),(21,11,'اشتري 2 واحصل على 1','اشتري 2 واحصل على 1 FRESHLOOK','<p>Freshlook</p>','ar',NULL,NULL),(22,11,'BUY 2 GET 1','BUY 2 GET 1 FRESHLOOK','<p>Freshlook</p>','en',NULL,NULL),(23,12,'اشتري 2 واحصل على 1','اشتري 2 واحصل على 1 LOROYAL','<p>Loroyal</p>','ar',NULL,NULL),(24,12,'BUY 2 GET 1','BUY 2 GET 1 LOROYAL','<p>Loroyal</p>','en',NULL,NULL),(25,13,'اشتري 3 واحصل على 1','اشتري 3 واحصل على 1 LOROYAL','<p>Loroyal</p>','ar',NULL,NULL),(26,13,'BUY 3 GET 1','BUY 3 GET 1 LOROYAL','<p>Loroyal</p>','en',NULL,NULL),(27,14,'اشتري 2 واحصل على 1','اشتري 2 واحصل على 1 ADORE','<p>Adore</p>','ar',NULL,NULL),(28,14,'BUY 2 GET 1','BUY 2 GET 1 ADORE','<p>Adore</p>','en',NULL,NULL),(29,15,'اشتري 2 واحصل على 1','اشتري 2 واحصل على 1 AYAR','<p>Ayar</p>','ar',NULL,NULL),(30,15,'BUY 2 GET 1','BUY 2 GET 1 AYAR','<p>Ayar</p>','en',NULL,NULL),(31,16,'اشتري 2 واحصل على 1','اشتري 2 واحصل على 1 Cinderella','<p>Cinderella</p>','ar',NULL,NULL),(32,16,'BUY 2 GET 1','BUY 2 GET 1 CINDERELLA','<p>Cinderella</p>','en',NULL,NULL),(33,17,'اشتري 2 واحصل على 1','اشتري 2 واحصل على 1 DAHAB','<p>Dahab</p>','ar',NULL,NULL),(34,17,'BUY 2 GET 1','BUY 2 GET 1 DAHAB','<p>Dahab</p>','en',NULL,NULL),(35,18,'اشتري 2 واحصل على 1','اشتري 2 واحصل على 1 HANADI','<p>Hanadi</p>','ar',NULL,NULL),(36,18,'BUY 2 GET 1','BUY 2 GET 1 HANADI','<p>Hanadi</p>','en',NULL,NULL),(37,19,'اشتري 2 واحصل على 1','اشتري 2 واحصل على 1 JOLIE','<p>Jolie</p>','ar',NULL,NULL),(38,19,'BUY 2 GET 1','BUY 2 GET 1 JOLIE','<p>Jolie</p>','en',NULL,NULL),(39,20,'اشتري 3 واحصل على 1','اشتري 3 واحصل على 1 JOLIE','<p>Jolie</p>','ar',NULL,NULL),(40,20,'BUY 3 GET 1','BUY 3 GET 1 JOLIE','<p>Jolie</p>','en',NULL,NULL),(41,21,'اشتري 2 واحصل على 1','اشتري 2 واحصل على 1 Lareen','<p>Lareen</p>','ar',NULL,NULL),(42,21,'BUY 2 GET 1','BUY 2 GET 1 LAREEN','<p>Lareen</p>','en',NULL,NULL),(43,22,'اشتري 2 واحصل على 1','اشتري 2 واحصل على 1 LUMINOUS','<p>Luminous</p>','ar',NULL,NULL),(44,22,'BUY 2 GET 1','BUY 2 GET 1 LUMINOUS','<p>Luminous</p>','en',NULL,NULL),(45,23,'اشتري 1 واحصل على 1','اشتري 1 واحصل على 1 CV','<p>Clear Vision</p>','ar',NULL,NULL),(46,23,'BUY 1 GET 1 CV','BUY 1 GET 1 CV','<p>Clear Vision</p>','en',NULL,NULL),(47,24,'اشتري 2 واحصل على 1','اشتري 2 واحصل على 1 COOPER VISION','<p>Cooper Vision</p>','ar',NULL,NULL),(48,24,'BUY 2 GET 1','BUY 2 GET 1 COOPER VISION','<p>Cooper Vision</p>','en',NULL,NULL),(49,25,'اشتري 2 واحصل على 1','اشتري 2 واحصل على 1 BL','<p>B + L</p>','ar',NULL,NULL),(50,25,'BUY 2 GET 1','BUY 2 GET 1 BL','<p>B + L</p>','en',NULL,NULL),(51,26,'اشتري 2 واحصل على 1','اشتري 2 واحصل على 1 ALCON','<p>Alcon</p>','ar',NULL,NULL),(52,26,'BUY 2 GET 1','BUY 2 GET 1 ALCON','<p>Alcon</p>','en',NULL,NULL),(53,27,'اشتري 3 واحصل على 1','اشتري 3 واحصل على 1 DAHAB','<p>Dahab Daily</p>','ar',NULL,NULL),(54,27,'BUY 3 GET 1','BUY 3 GET 1 DAHAB','<p>Dahab Daily</p>','en',NULL,NULL),(55,28,'اشتري 2 واحصل على 1','اشتري 2 واحصل على 1 MYLENSE','<p>Buy 2 Get 1 Free</p>','ar',NULL,NULL),(56,28,'BUY 2 GET 1','BUY 2 GET 1 MYLENSE','<p>Mylense</p>','en',NULL,NULL),(57,29,'اشتري 2 واحصل على 1','اشتري 2 واحصل على 1 NATUREL','<p>BUY2 GET 1 NATUREL</p>','ar',NULL,NULL),(58,29,'BUY 2 GET 1','BUY 2 GET 1 NATUREL','<p>BUY2 GET 1 ATUREL</p>','en',NULL,NULL),(59,30,'اشتري 5 واحصل على 2','اشتري 5 واحصل على 2 Jolie','<p>Buy 5 Get 2</p>','ar',NULL,NULL),(60,30,'BUY 5 GET 2','BUY 5 GET 2 JOLIE','<p>Jolie</p>\r\n\r\n<p>&nbsp;</p>','en',NULL,NULL),(67,34,'اشتري 1 واحصل على 1','اشتري 1 واحصل على 1  BELLA','<p>Buy 1 Get 1<br />\r\n&nbsp;</p>','ar',NULL,NULL),(68,34,'Buy 1 Get 1','BUY 1 GET 1 BELLA','<p>Buy 1 Get 1<br />\r\n&nbsp;</p>','en',NULL,NULL),(69,35,'اشتري 1 واحصل على 1  Color Vision','اشتري 1 واحصل على 1 Color Vision','<p>اشتري 1 واحصل على 1</p>','ar',NULL,NULL),(70,35,'Buy 1 Get 1 Color Vision','Buy 1 Get 1 Color Vision','<p><br />\r\nBuy 1 Get 1</p>','en',NULL,NULL),(71,36,'اشتري 3 واحصل على 1','اشتري 3 واحصل على 1 Freshlook','<p>Freshlook</p>','ar',NULL,NULL),(72,36,'BUY 3 GET 1','BUY 3 GET 1 FRESHLOOK','<p>Freshlook</p>','en',NULL,NULL),(73,37,'اشتري 1 واحصل على 1','اشتري 1 واحصل على 1  LOROYAL','<p>LOROYAL</p>','ar',NULL,NULL),(74,37,'Buy 1 Get 1','BUY 1 GET 1 LOROYAL','<p>LOROYAL</p>','en',NULL,NULL),(75,38,'اشتري 3 واحصل على 1','اشتري 3 واحصل على 1 DAHAB','<p>DAHAB</p>','ar',NULL,NULL),(76,38,'BUY 3 GET 1','BUY 3 GET 1 DAHAB','<p>DAHAB</p>','en',NULL,NULL);

--
-- Table structure for table `offers`
--

CREATE TABLE `offers` (
  `id` int unsigned NOT NULL AUTO_INCREMENT,
  `image` varchar(255) CHARACTER SET utf8mb4 COLLATE utf8mb4_unicode_ci DEFAULT NULL,
  `Discount` decimal(8,2) NOT NULL DEFAULT '0.00',
  `Origin` int NOT NULL,
  `Target` int NOT NULL,
  `Active` int NOT NULL DEFAULT '1',
  `created_at` timestamp NULL DEFAULT NULL,
  `updated_at` timestamp NULL DEFAULT NULL,
  PRIMARY KEY (`id`)
) ENGINE=InnoDB AUTO_INCREMENT=39 DEFAULT CHARSET=utf8mb4 COLLATE=utf8mb4_unicode_ci;

--
-- Dumping data for table `offers`
--

INSERT INTO `offers` (`id`, `image`, `Discount`, `Origin`, `Target`, `Active`, `created_at`, `updated_at`) VALUES (4,'2023-04-04-bella-tag-red.jpg',0.00,2,1,1,'2023-03-20 05:16:32','2023-04-04 06:11:04'),(5,'2023-06-19-Bella-offer-three-plus-one.jpg',0.00,3,1,1,'2023-03-20 05:22:06','2023-06-19 11:00:25'),(7,'2023-04-04-amara-red-tag.jpg',0.00,2,1,1,'2023-04-04 06:22:14','2023-09-05 17:26:09'),(8,'2023-06-19-amara-offer.jpg',0.00,3,1,1,'2023-04-04 06:26:28','2023-09-05 17:26:11'),(11,'2023-04-04-collection-for-app-with-offer-2023.jpg',0.00,2,1,1,'2023-04-04 06:57:23','2023-07-03 07:38:19'),(12,'2023-04-04-loroyal2+1.jpg',0.00,2,1,0,'2023-04-04 07:02:18','2023-08-24 10:00:04'),(13,'2023-06-19-loroyal-offer-buy-three-plus-one.jpg',0.00,3,1,0,'2023-04-04 07:07:55','2023-08-24 10:00:05'),(14,'2023-04-04-adore2+1.jpg',0.00,2,1,1,'2023-04-04 07:11:23','2023-04-04 07:11:23'),(15,'2023-04-04-ayar-2+1.jpg',0.00,2,1,1,'2023-04-04 07:12:35','2023-04-04 07:12:35'),(16,'2023-04-04-cinderella2+1.jpg',0.00,2,1,1,'2023-04-04 07:14:11','2023-04-04 07:14:11'),(17,'2023-04-04-dahab2+1.jpg',0.00,2,1,1,'2023-04-04 07:16:10','2023-04-04 07:16:10'),(18,'2023-04-04-hanadi2+1.jpg',0.00,2,1,1,'2023-04-04 07:20:15','2023-04-04 07:20:15'),(19,'2023-04-04-jolie2+1.jpg',0.00,2,1,1,'2023-04-04 07:21:19','2023-04-04 07:21:19'),(20,'2023-06-19-jolie-three-plus-one.jpg',0.00,3,1,1,'2023-04-04 07:22:16','2023-06-19 11:01:38'),(21,'2023-04-04-lareen2+1.jpg',0.00,2,1,1,'2023-04-04 07:27:14','2023-04-04 07:27:14'),(22,'2023-04-06-1+1 LUMINOUS.jpeg',0.00,2,1,0,'2023-04-04 07:28:26','2023-08-27 09:39:16'),(23,'2023-04-04-clearvision-band-offer.jpg',0.00,1,1,1,'2023-04-04 08:57:00','2023-09-17 11:04:08'),(24,'2023-04-04-coopervision-offer.jpg',0.00,2,1,1,'2023-04-04 09:01:48','2023-04-04 09:01:48'),(25,'2023-04-04-bausch+lomb-offer-brand.jpg',0.00,2,1,0,'2023-04-04 09:06:59','2023-07-09 08:07:43'),(26,'2023-04-04-alcon-brand.jpg',0.00,2,1,0,'2023-04-04 09:14:51','2023-06-25 19:03:39'),(27,'2023-06-19-bella-daily-offer-brand.jpg',0.00,3,1,0,'2023-06-19 10:03:05','2023-07-09 08:03:15'),(28,'2023-06-19-mylenses-2+1.jpg',0.00,2,1,0,'2023-06-19 10:22:04','2023-08-27 09:39:07'),(29,'2023-06-19-Naturel-2+1.jpg',0.00,2,1,0,'2023-06-19 10:30:09','2023-08-27 09:38:53'),(30,'2023-07-31-buy-five-get-2-offer.jpg',0.00,5,2,1,'2023-07-31 13:00:29','2023-08-01 05:46:40'),(34,'2023-09-03-2023-09-03-Bella-offer-one-plus-one.jpg',0.00,1,1,1,'2023-09-03 18:48:11','2023-09-03 18:48:11'),(35,'2023-11-13-2023-11-13-Colorvision-logo.jpg',0.00,1,1,1,'2023-11-13 17:06:15','2023-11-13 17:22:27'),(36,'2023-11-21-2023-11-22-LOGO-3-1.jpg',0.00,3,1,1,'2023-11-21 17:27:03','2023-11-21 17:27:03'),(37,'2023-11-21-2023-08-24-2023-08-24-Loroya-w-offer.jpg',0.00,1,1,1,'2023-11-21 20:37:04','2023-11-21 20:37:04'),(38,'2023-11-23-2023-04-04-dahab3-1.jpg',0.00,3,1,1,'2023-11-23 10:40:53','2023-11-23 10:40:53');

--
-- Table structure for table `order_comments`
--

CREATE TABLE `order_comments` (
  `id` int unsigned NOT NULL AUTO_INCREMENT,
  `order_id` int unsigned NOT NULL,
  `rate` int NOT NULL DEFAULT '1',
  `comment` text CHARACTER SET utf8mb4 COLLATE utf8mb4_unicode_ci NOT NULL,
  `created_at` timestamp NULL DEFAULT NULL,
  `updated_at` timestamp NULL DEFAULT NULL,
  PRIMARY KEY (`id`),
  KEY `order_comments_order_id_foreign` (`order_id`),
  CONSTRAINT `order_comments_order_id_foreign` FOREIGN KEY (`order_id`) REFERENCES `orders` (`id`) ON DELETE CASCADE
) ENGINE=InnoDB DEFAULT CHARSET=utf8mb4 COLLATE=utf8mb4_unicode_ci;

--
-- Dumping data for table `order_comments`
--


--
-- Table structure for table `order_coupons`
--

CREATE TABLE `order_coupons` (
  `id` int unsigned NOT NULL AUTO_INCREMENT,
  `order_id` int unsigned NOT NULL,
  `price` double NOT NULL,
  `discountprice` double NOT NULL,
  `code` varchar(255) CHARACTER SET utf8mb4 COLLATE utf8mb4_unicode_ci NOT NULL,
  `value` varchar(255) CHARACTER SET utf8mb4 COLLATE utf8mb4_unicode_ci NOT NULL,
  `ids` varchar(255) CHARACTER SET utf8mb4 COLLATE utf8mb4_unicode_ci NOT NULL,
  `type` varchar(255) CHARACTER SET utf8mb4 COLLATE utf8mb4_unicode_ci NOT NULL,
  `coupons_id` int unsigned NOT NULL,
  `created_at` timestamp NULL DEFAULT NULL,
  `updated_at` timestamp NULL DEFAULT NULL,
  `country_code` varchar(191) CHARACTER SET utf8mb4 COLLATE utf8mb4_unicode_ci DEFAULT NULL,
  PRIMARY KEY (`id`),
  KEY `order_coupons_order_id_foreign` (`order_id`),
  KEY `order_coupons_coupons_id_foreign` (`coupons_id`),
  CONSTRAINT `order_coupons_coupons_id_foreign` FOREIGN KEY (`coupons_id`) REFERENCES `coupons` (`id`) ON DELETE CASCADE,
  CONSTRAINT `order_coupons_order_id_foreign` FOREIGN KEY (`order_id`) REFERENCES `orders` (`id`) ON DELETE CASCADE
) ENGINE=InnoDB AUTO_INCREMENT=66 DEFAULT CHARSET=utf8mb4 COLLATE=utf8mb4_unicode_ci;

--
-- Dumping data for table `order_coupons`
--

INSERT INTO `order_coupons` (`id`, `order_id`, `price`, `discountprice`, `code`, `value`, `ids`, `type`, `coupons_id`, `created_at`, `updated_at`, `country_code`) VALUES (15,27,15,12.75,'L15','15','634','total',19,'2025-08-16 13:57:57','2025-08-16 13:57:57',NULL),(16,28,26,22.1,'bella15','15','752','total',38,'2025-08-17 23:39:20','2025-08-17 23:39:20',NULL),(17,29,18,15.3,'La15','15','238','total',41,'2025-08-18 18:44:47','2025-08-18 18:44:47',NULL),(18,30,18,15.3,'la15','15','720','total',41,'2025-08-19 12:20:59','2025-08-19 12:20:59',NULL),(20,32,30,25.5,'Rouge15','15','621','total',36,'2025-08-20 13:48:06','2025-08-20 13:48:06',NULL),(21,33,4.5,3.825,'la15','15','572','total',41,'2025-08-20 21:52:51','2025-08-20 21:52:51',NULL),(23,35,27,22.95,'L15','15','643','total',19,'2025-08-21 10:08:26','2025-08-21 10:08:26',NULL),(25,44,37,31.45,'la15','15','737','total',41,'2025-08-30 18:56:24','2025-08-30 18:56:24',NULL),(26,45,8,6.8,'L15','15','343','total',19,'2025-09-01 22:09:56','2025-09-01 22:09:56',NULL),(27,53,48,40.8,'la15','15','723','total',41,'2025-09-02 14:38:13','2025-09-02 14:38:13',NULL),(28,61,14,11.9,'la15','15','797','total',41,'2025-09-04 19:30:15','2025-09-04 19:30:15',NULL),(30,64,14,11.9,'La15','15','702','total',41,'2025-09-07 15:08:22','2025-09-07 15:08:22',NULL),(31,65,4.5,3.825,'AA15','15','537','total',27,'2025-09-08 12:34:47','2025-09-08 12:34:47',NULL),(32,66,9,7.65,'AA15','15','537','total',27,'2025-09-08 13:01:49','2025-09-08 13:01:49',NULL),(35,72,6,5.1,'la15','15','214','total',41,'2025-09-10 12:54:51','2025-09-10 12:54:51',NULL),(36,73,27,22.95,'LA15','15','573,580,582','total',41,'2025-09-10 22:55:59','2025-09-10 22:55:59',NULL),(37,75,13,11.05,'la15','15','190','total',41,'2025-09-12 12:32:05','2025-09-12 12:32:05',NULL),(39,82,3,2.55,'L15','15','676','total',19,'2025-09-18 20:31:37','2025-09-18 20:31:37',NULL),(40,84,18,15.3,'la15','15','721','total',41,'2025-09-19 13:18:09','2025-09-19 13:20:48',NULL),(42,93,39,33.15,'ln15','15','799','total',42,'2025-09-29 17:24:55','2025-09-29 17:24:55',NULL),(44,95,13,11.05,'la15','15','270','total',41,'2025-09-29 20:46:55','2025-09-29 20:46:55',NULL),(45,96,2.5,2.125,'waa15','15','846','total',43,'2025-09-30 15:11:06','2025-09-30 15:11:06',NULL),(46,98,4,3.4,'la15','15','767','total',41,'2025-09-30 21:04:33','2025-09-30 21:04:33',NULL),(47,102,10,8.5,'la15','15','684','total',41,'2025-10-04 13:12:24','2025-10-04 13:12:24',NULL),(48,103,3.7,3.145,'L15','15','405','total',19,'2025-10-04 14:49:10','2025-10-04 14:51:39',NULL),(49,105,3,2.55,'La15','15','700','total',41,'2025-10-04 17:52:38','2025-10-04 17:52:38',NULL),(50,40,9,7.65,'L15','15','88,442','total',19,'2025-10-06 15:18:49','2025-10-06 15:22:41',NULL),(52,110,16,13.6,'Waa15','15','92','total',43,'2025-10-11 17:25:07','2025-10-11 17:25:07',NULL),(54,115,7.5,6.375,'L15','15','204','total',19,'2025-10-16 00:43:18','2025-10-16 00:43:18',NULL),(55,128,12,10.2,'LA15','15','549','total',41,'2025-10-21 13:04:54','2025-10-21 13:04:54',NULL),(57,131,12,10.2,'wa15','15','358','total',44,'2025-10-21 14:56:17','2025-10-21 14:56:17',NULL),(58,127,15,12.75,'wa15','15','822','total',44,'2025-10-21 14:57:03','2025-10-21 14:57:03',NULL),(59,129,14,11.9,'wa15','15','828','total',44,'2025-10-21 15:03:14','2025-10-21 15:03:14',NULL),(60,133,8.25,7.0125,'la15','15','290,841','total',41,'2025-10-22 07:35:53','2025-10-22 07:35:53',NULL),(61,135,23,18.4,'L20','20','449,451','total',20,'2025-10-22 13:17:51','2025-10-22 13:17:51',NULL),(62,134,9,7.2,'L20','20','644,651','total',20,'2025-10-22 13:27:25','2025-10-27 18:23:00',NULL),(63,138,6,5.1,'LA15','15','214','total',41,'2025-10-23 10:20:52','2025-10-23 10:39:41',NULL),(65,144,16,13.6,'Waa15','15','92','total',43,'2025-10-26 15:56:18','2025-10-26 15:56:18',NULL);

--
-- Table structure for table `order_options`
--

CREATE TABLE `order_options` (
  `id` int unsigned NOT NULL AUTO_INCREMENT,
  `order_id` int unsigned DEFAULT NULL,
  `product_order_id` int unsigned DEFAULT NULL,
  `Logo` varchar(255) CHARACTER SET utf8mb4 COLLATE utf8mb4_unicode_ci DEFAULT NULL,
  `Logo_frontName` varchar(255) CHARACTER SET utf8mb4 COLLATE utf8mb4_unicode_ci DEFAULT NULL,
  `Logo_backName` varchar(255) CHARACTER SET utf8mb4 COLLATE utf8mb4_unicode_ci DEFAULT NULL,
  `font_image` varchar(255) CHARACTER SET utf8mb4 COLLATE utf8mb4_unicode_ci DEFAULT NULL,
  `font_image_frontName` varchar(255) CHARACTER SET utf8mb4 COLLATE utf8mb4_unicode_ci DEFAULT NULL,
  `font_image_backName` varchar(255) CHARACTER SET utf8mb4 COLLATE utf8mb4_unicode_ci DEFAULT NULL,
  `created_at` timestamp NULL DEFAULT NULL,
  `updated_at` timestamp NULL DEFAULT NULL,
  `Logo_second` varchar(191) CHARACTER SET utf8mb4 COLLATE utf8mb4_unicode_ci DEFAULT NULL,
  `Logo_frontName_second` varchar(191) CHARACTER SET utf8mb4 COLLATE utf8mb4_unicode_ci DEFAULT NULL,
  `Logo_backName_second` varchar(191) CHARACTER SET utf8mb4 COLLATE utf8mb4_unicode_ci DEFAULT NULL,
  `font_image_second` varchar(191) CHARACTER SET utf8mb4 COLLATE utf8mb4_unicode_ci DEFAULT NULL,
  `font_image_frontName_second` varchar(191) CHARACTER SET utf8mb4 COLLATE utf8mb4_unicode_ci DEFAULT NULL,
  `font_image_backName_second` varchar(191) CHARACTER SET utf8mb4 COLLATE utf8mb4_unicode_ci DEFAULT NULL,
  PRIMARY KEY (`id`),
  KEY `order_options_order_id_foreign` (`order_id`),
  KEY `order_options_product_order_id_foreign` (`product_order_id`),
  CONSTRAINT `order_options_order_id_foreign` FOREIGN KEY (`order_id`) REFERENCES `orders` (`id`) ON DELETE CASCADE,
  CONSTRAINT `order_options_product_order_id_foreign` FOREIGN KEY (`product_order_id`) REFERENCES `product_orders` (`id`) ON DELETE CASCADE
) ENGINE=InnoDB DEFAULT CHARSET=utf8mb4 COLLATE=utf8mb4_unicode_ci;

--
-- Dumping data for table `order_options`
--


--
-- Table structure for table `order_product_features`
--

CREATE TABLE `order_product_features` (
  `id` bigint unsigned NOT NULL AUTO_INCREMENT,
  `order_product_id` int unsigned NOT NULL,
  `feature_id` int unsigned NOT NULL,
  `option_id` int unsigned NOT NULL,
  `product_id` int unsigned DEFAULT NULL,
  `title` varchar(255) CHARACTER SET utf8mb4 COLLATE utf8mb4_unicode_ci NOT NULL,
  `price` double(8,2) DEFAULT NULL,
  `count` int DEFAULT NULL,
  `created_at` timestamp NULL DEFAULT NULL,
  `updated_at` timestamp NULL DEFAULT NULL,
  PRIMARY KEY (`id`),
  KEY `order_product_features_order_product_id_foreign` (`order_product_id`),
  KEY `order_product_features_feature_id_foreign` (`feature_id`),
  KEY `order_product_features_option_id_foreign` (`option_id`),
  KEY `order_product_features_product_id_foreign` (`product_id`),
  CONSTRAINT `order_product_features_feature_id_foreign` FOREIGN KEY (`feature_id`) REFERENCES `features` (`id`) ON DELETE CASCADE,
  CONSTRAINT `order_product_features_option_id_foreign` FOREIGN KEY (`option_id`) REFERENCES `feature_options` (`id`) ON DELETE CASCADE,
  CONSTRAINT `order_product_features_order_product_id_foreign` FOREIGN KEY (`order_product_id`) REFERENCES `product_orders` (`id`) ON DELETE CASCADE,
  CONSTRAINT `order_product_features_product_id_foreign` FOREIGN KEY (`product_id`) REFERENCES `products` (`id`) ON DELETE CASCADE
) ENGINE=InnoDB AUTO_INCREMENT=2 DEFAULT CHARSET=utf8mb4 COLLATE=utf8mb4_unicode_ci;

--
-- Dumping data for table `order_product_features`
--

INSERT INTO `order_product_features` (`id`, `order_product_id`, `feature_id`, `option_id`, `product_id`, `title`, `price`, `count`, `created_at`, `updated_at`) VALUES (1,141,94,590,405,'الف مبروك',NULL,NULL,'2025-10-04 14:51:31','2025-10-04 14:51:31');

--
-- Table structure for table `order_shippings`
--

CREATE TABLE `order_shippings` (
  `id` int unsigned NOT NULL AUTO_INCREMENT,
  `order_id` int unsigned NOT NULL,
  `country_id` int DEFAULT NULL,
  `government_id` int unsigned DEFAULT NULL,
  `region_id` int unsigned DEFAULT NULL,
  `block` varchar(255) CHARACTER SET utf8mb4 COLLATE utf8mb4_unicode_ci DEFAULT NULL,
  `gada` varchar(255) CHARACTER SET utf8mb4 COLLATE utf8mb4_unicode_ci DEFAULT NULL,
  `jada` varchar(255) CHARACTER SET utf8mb4 COLLATE utf8mb4_unicode_ci DEFAULT NULL,
  `building` varchar(255) CHARACTER SET utf8mb4 COLLATE utf8mb4_unicode_ci DEFAULT NULL,
  `floor` varchar(255) CHARACTER SET utf8mb4 COLLATE utf8mb4_unicode_ci DEFAULT NULL,
  `room_number` varchar(255) CHARACTER SET utf8mb4 COLLATE utf8mb4_unicode_ci DEFAULT NULL,
  `created_at` timestamp NULL DEFAULT NULL,
  `updated_at` timestamp NULL DEFAULT NULL,
  `lat` varchar(191) CHARACTER SET utf8mb4 COLLATE utf8mb4_unicode_ci DEFAULT NULL,
  `long` varchar(191) CHARACTER SET utf8mb4 COLLATE utf8mb4_unicode_ci DEFAULT NULL,
  `type` varchar(111) CHARACTER SET utf8mb4 COLLATE utf8mb4_unicode_ci DEFAULT NULL,
  `note` varchar(111) CHARACTER SET utf8mb4 COLLATE utf8mb4_unicode_ci DEFAULT NULL,
  `phone` varchar(191) CHARACTER SET utf8mb4 COLLATE utf8mb4_unicode_ci DEFAULT NULL,
  `user_name` varchar(191) CHARACTER SET utf8mb4 COLLATE utf8mb4_unicode_ci DEFAULT NULL,
  PRIMARY KEY (`id`),
  KEY `order_shippings_order_id_foreign` (`order_id`),
  KEY `order_shippings_government_id_foreign` (`government_id`),
  KEY `order_shippings_region_id_foreign` (`region_id`),
  CONSTRAINT `order_shippings_order_id_foreign` FOREIGN KEY (`order_id`) REFERENCES `orders` (`id`) ON DELETE CASCADE
) ENGINE=InnoDB AUTO_INCREMENT=30 DEFAULT CHARSET=utf8mb4 COLLATE=utf8mb4_unicode_ci;

--
-- Dumping data for table `order_shippings`
--

INSERT INTO `order_shippings` (`id`, `order_id`, `country_id`, `government_id`, `region_id`, `block`, `gada`, `jada`, `building`, `floor`, `room_number`, `created_at`, `updated_at`, `lat`, `long`, `type`, `note`, `phone`, `user_name`) VALUES (1,27,NULL,9,57,'2','14','-','570',NULL,NULL,NULL,NULL,NULL,NULL,'1',NULL,'99775477','maha'),(2,29,NULL,11,107,'6','4',NULL,'327',NULL,NULL,NULL,NULL,NULL,NULL,'1',NULL,'97607961','Atheer'),(3,30,NULL,10,100,'2','212',NULL,'11',NULL,NULL,NULL,NULL,NULL,NULL,'1','بيت ابيض','60007200','عبير السيد'),(4,46,NULL,12,122,'1','حولي','بيروت','1','1',NULL,NULL,NULL,NULL,NULL,'1',NULL,'98710580','نبيل'),(5,47,NULL,12,122,'1','حولي','بيروت','1','1',NULL,NULL,NULL,NULL,NULL,'1',NULL,'98710580','نبيل'),(6,48,NULL,12,122,'1','حولي','بيروت','1','1',NULL,NULL,NULL,NULL,NULL,'1',NULL,'98710580','نبيل'),(7,49,NULL,12,122,'1','حولي','بيروت','1','1',NULL,NULL,NULL,NULL,NULL,'1',NULL,'98710580','نبيل'),(8,50,NULL,12,122,'1','حولي','بيروت','1','1',NULL,NULL,NULL,NULL,NULL,'1',NULL,'98710580','نبيل'),(9,51,NULL,12,122,'1','حولي','بيروت','1','1',NULL,NULL,NULL,NULL,NULL,'1',NULL,'98710580','نبيل'),(10,52,NULL,12,122,'1','حولي','بيروت','1','1',NULL,NULL,NULL,NULL,NULL,'1',NULL,'98710580','نبيل'),(11,53,NULL,12,122,'55','تت','تال','555','22',NULL,NULL,NULL,NULL,NULL,'1','ععت','55555555','ززز'),(12,54,NULL,12,122,'5','h','jhh','558',NULL,NULL,NULL,NULL,NULL,NULL,'1',NULL,'8888','jhh'),(13,55,NULL,12,122,'5','h','jhh','558',NULL,NULL,NULL,NULL,NULL,NULL,'1',NULL,'8888','jhh'),(14,66,NULL,8,49,'2','244','0','379',NULL,NULL,NULL,NULL,NULL,NULL,'1',NULL,'65555070','Mohammad Alshatti'),(15,68,NULL,8,49,'2','244','0','379',NULL,NULL,NULL,NULL,NULL,NULL,'1',NULL,'65555070','Mohammad Alshatti'),(16,72,NULL,8,31,'4','hamza',NULL,'14',NULL,NULL,NULL,NULL,NULL,NULL,'1','house 14A','99145485','aziz'),(17,73,NULL,12,133,'8','5',NULL,'397','2',NULL,NULL,NULL,NULL,NULL,'1',NULL,'66042439','samah'),(18,95,NULL,8,44,'1','جمال عبد الناصر',NULL,'','11',NULL,NULL,NULL,NULL,NULL,'3',NULL,'66117355','مريم'),(19,97,NULL,9,72,'6','6',NULL,'18',NULL,NULL,NULL,NULL,NULL,NULL,'1',NULL,'55070407','عبدالرحمن'),(20,103,NULL,9,61,'4','49',NULL,'31',NULL,NULL,NULL,NULL,NULL,NULL,'1',NULL,'97431110','هنوف'),(21,110,NULL,11,109,'4','2','72','127',NULL,NULL,NULL,NULL,NULL,NULL,'1',NULL,'‭+965 98887117‬','معالي'),(22,117,NULL,11,115,'9','908',NULL,'10',NULL,NULL,NULL,NULL,NULL,NULL,'1',NULL,'96638818','تهاني المطيري'),(23,121,NULL,9,60,'1','9','-','247',NULL,NULL,NULL,NULL,NULL,NULL,'1',NULL,'55596419','ام عبدالله'),(24,128,NULL,12,126,'1','2',NULL,'9','6',NULL,NULL,NULL,NULL,NULL,'1','الجابرية قطعة ١ب ، شارع 2 , عمارة 9','50444178','Lamis'),(25,129,NULL,9,79,'4','٧',NULL,'24',NULL,NULL,NULL,NULL,NULL,NULL,'1',NULL,'66928040','هدوة'),(26,133,NULL,11,107,'7','3',NULL,'289',NULL,NULL,NULL,NULL,NULL,NULL,'1',NULL,'99819508','شهد الوادي'),(27,142,NULL,9,58,'1','5',NULL,'50',NULL,NULL,NULL,NULL,NULL,NULL,'1',NULL,'99271359','محمد'),(28,145,NULL,11,104,'3','16',NULL,'190',NULL,NULL,NULL,NULL,NULL,NULL,'1',NULL,'66676681','ام محمد'),(29,144,NULL,11,109,'2','10','11','355',NULL,NULL,NULL,NULL,NULL,NULL,'1',NULL,'55250024','.');

--
-- Table structure for table `orders`
--

CREATE TABLE `orders` (
  `id` int unsigned NOT NULL AUTO_INCREMENT,
  `order_number` varchar(255) CHARACTER SET utf8mb4 COLLATE utf8mb4_unicode_ci NOT NULL,
  `total_price` varchar(191) CHARACTER SET utf8mb4 COLLATE utf8mb4_unicode_ci DEFAULT NULL,
  `user_id` int unsigned DEFAULT NULL,
  `incart` tinyint(1) NOT NULL DEFAULT '1',
  `mac_address` varchar(255) CHARACTER SET utf8mb4 COLLATE utf8mb4_unicode_ci DEFAULT NULL,
  `price_ship` double(8,2) DEFAULT NULL,
  `shipping_Type` varchar(255) CHARACTER SET utf8mb4 COLLATE utf8mb4_unicode_ci DEFAULT NULL,
  `delivery_time` varchar(255) CHARACTER SET utf8mb4 COLLATE utf8mb4_unicode_ci DEFAULT NULL,
  `order_done_date` varchar(255) CHARACTER SET utf8mb4 COLLATE utf8mb4_unicode_ci DEFAULT NULL,
  `status` enum('pending','cancel','confirm','out_of_delivery','delivered') CHARACTER SET utf8mb4 COLLATE utf8mb4_unicode_ci NOT NULL,
  `payment_method` int unsigned DEFAULT NULL,
  `payment_status` enum('paid','unPaid') CHARACTER SET utf8mb4 COLLATE utf8mb4_unicode_ci NOT NULL,
  `deleted_at` timestamp NULL DEFAULT NULL,
  `created_at` timestamp NULL DEFAULT NULL,
  `updated_at` timestamp NULL DEFAULT NULL,
  `delivery_date_time` varchar(255) CHARACTER SET utf8mb4 COLLATE utf8mb4_unicode_ci DEFAULT NULL,
  `payment_id` int DEFAULT NULL,
  `nameOfCart` varchar(191) CHARACTER SET utf8mb4 COLLATE utf8mb4_unicode_ci DEFAULT NULL,
  `country_code` varchar(191) CHARACTER SET utf8mb4 COLLATE utf8mb4_unicode_ci DEFAULT NULL,
  `country_id` int DEFAULT NULL,
  `vat` decimal(8,3) NOT NULL DEFAULT '0.000',
  `cod_services` decimal(8,2) NOT NULL DEFAULT '0.00',
  `cancel_order` int NOT NULL DEFAULT '0',
  `rep_id` int DEFAULT NULL,
  `device_token` varchar(191) CHARACTER SET utf8mb4 COLLATE utf8mb4_unicode_ci DEFAULT NULL,
  `discount_offer` varchar(191) CHARACTER SET utf8mb4 COLLATE utf8mb4_unicode_ci DEFAULT NULL,
  `employee_id` int DEFAULT NULL,
  `drive_status` int DEFAULT NULL,
  `confirm_order` int DEFAULT NULL,
  `branch_id` int DEFAULT NULL,
  PRIMARY KEY (`id`),
  KEY `orders_user_id_foreign` (`user_id`),
  KEY `orders_payment_method_foreign` (`payment_method`),
  CONSTRAINT `orders_payment_method_foreign` FOREIGN KEY (`payment_method`) REFERENCES `payment_methods` (`id`) ON DELETE CASCADE,
  CONSTRAINT `orders_user_id_foreign` FOREIGN KEY (`user_id`) REFERENCES `users` (`id`) ON DELETE CASCADE
) ENGINE=InnoDB AUTO_INCREMENT=149 DEFAULT CHARSET=utf8mb4 COLLATE=utf8mb4_unicode_ci;

--
-- Dumping data for table `orders`
--

INSERT INTO `orders` (`id`, `order_number`, `total_price`, `user_id`, `incart`, `mac_address`, `price_ship`, `shipping_Type`, `delivery_time`, `order_done_date`, `status`, `payment_method`, `payment_status`, `deleted_at`, `created_at`, `updated_at`, `delivery_date_time`, `payment_id`, `nameOfCart`, `country_code`, `country_id`, `vat`, `cod_services`, `cancel_order`, `rep_id`, `device_token`, `discount_offer`, `employee_id`, `drive_status`, `confirm_order`, `branch_id`) VALUES (1,'92809',NULL,NULL,1,'0E1D78CC-D152-46D3-971A-5CFDC830740E',NULL,'',NULL,NULL,'pending',NULL,'paid','2025-07-25 17:30:27','2025-07-24 11:15:00','2025-07-25 17:30:27',NULL,NULL,NULL,NULL,NULL,0.000,0.00,0,NULL,'a12343566',NULL,NULL,NULL,NULL,37),(2,'25247',NULL,NULL,1,'0E1D78CC-D152-46D3-971A-5CFDC830740E',NULL,'',NULL,NULL,'pending',NULL,'paid','2025-07-25 17:43:53','2025-07-25 17:42:36','2025-07-25 17:43:53',NULL,NULL,NULL,NULL,NULL,0.000,0.00,0,NULL,'a12343566',NULL,NULL,NULL,NULL,37),(3,'84247',NULL,NULL,1,'0E1D78CC-D152-46D3-971A-5CFDC830740E',NULL,'',NULL,NULL,'pending',NULL,'paid','2025-07-27 10:42:13','2025-07-25 17:44:29','2025-07-27 10:42:13',NULL,NULL,NULL,NULL,NULL,0.000,0.00,0,NULL,'a12343566',NULL,NULL,NULL,NULL,37),(4,'2274',NULL,NULL,1,'0E1D78CC-D152-46D3-971A-5CFDC830740E',NULL,'',NULL,NULL,'pending',NULL,'paid','2025-07-27 10:42:41','2025-07-27 10:42:21','2025-07-27 10:42:41',NULL,NULL,NULL,NULL,NULL,0.000,0.00,0,NULL,'a12343566',NULL,NULL,NULL,NULL,37),(5,'54222',NULL,NULL,1,'0E1D78CC-D152-46D3-971A-5CFDC830740E',NULL,'',NULL,NULL,'pending',NULL,'paid','2025-07-27 10:43:11','2025-07-27 10:42:53','2025-07-27 10:43:11',NULL,NULL,NULL,NULL,NULL,0.000,0.00,0,NULL,'a12343566',NULL,NULL,NULL,NULL,37),(6,'15687',NULL,NULL,1,'0E1D78CC-D152-46D3-971A-5CFDC830740E',NULL,'',NULL,NULL,'pending',NULL,'paid','2025-07-27 10:43:39','2025-07-27 10:43:25','2025-07-27 10:43:39',NULL,NULL,NULL,NULL,NULL,0.000,0.00,0,NULL,'a12343566',NULL,NULL,NULL,NULL,37),(7,'32037',NULL,NULL,1,'9FBBDBC5-5143-4262-B2D2-8663730E2321',NULL,'',NULL,NULL,'pending',NULL,'paid',NULL,'2025-08-02 08:53:28','2025-08-02 08:53:37',NULL,NULL,NULL,NULL,NULL,0.000,0.00,0,NULL,'a12343566',NULL,NULL,NULL,NULL,36),(8,'83023',NULL,NULL,1,'29056dc95557bc21',NULL,'',NULL,NULL,'pending',NULL,'paid','2025-08-02 11:29:12','2025-08-02 11:28:41','2025-08-02 11:29:12',NULL,NULL,NULL,NULL,NULL,0.000,0.00,0,NULL,'a12343566',NULL,NULL,NULL,NULL,36),(9,'47635',NULL,NULL,1,'65E8673E-198A-4686-8EEF-6D071B0C7A75',NULL,'',NULL,NULL,'pending',NULL,'paid',NULL,'2025-08-03 07:57:42','2025-08-03 07:57:42',NULL,NULL,NULL,NULL,NULL,0.000,0.00,0,NULL,'a12343566',NULL,NULL,NULL,NULL,39),(10,'52824',NULL,NULL,1,'83811C89-F74A-4090-8DC1-65F0248B35CB',NULL,'',NULL,NULL,'pending',NULL,'paid',NULL,'2025-08-05 13:26:02','2025-08-05 13:26:13',NULL,NULL,NULL,NULL,NULL,0.000,0.00,0,NULL,'a12343566',NULL,NULL,NULL,NULL,38),(11,'17981',NULL,NULL,1,'d35ce8dba04d7809',NULL,'',NULL,NULL,'pending',NULL,'paid',NULL,'2025-08-07 18:25:22','2025-08-07 18:25:22',NULL,NULL,NULL,NULL,NULL,0.000,0.00,0,NULL,'a12343566',NULL,NULL,NULL,NULL,39),(12,'45516',NULL,NULL,1,'A677BE1C-60B1-4984-B104-8E2CDF72B15F',NULL,'',NULL,NULL,'pending',NULL,'paid',NULL,'2025-08-07 18:45:53','2025-08-07 18:45:53',NULL,NULL,NULL,NULL,NULL,0.000,0.00,0,NULL,'a12343566',NULL,NULL,NULL,NULL,36),(13,'64656',NULL,NULL,1,'B55B9DE7-509E-40A0-A867-65C7EF427144',NULL,'',NULL,NULL,'pending',NULL,'paid','2025-08-12 13:11:03','2025-08-12 13:10:42','2025-08-12 13:11:03',NULL,NULL,NULL,NULL,NULL,0.000,0.00,0,NULL,'a12343566',NULL,NULL,NULL,NULL,36),(14,'88082',NULL,NULL,1,'B55B9DE7-509E-40A0-A867-65C7EF427144',NULL,'',NULL,NULL,'pending',NULL,'paid','2025-08-12 13:12:06','2025-08-12 13:11:29','2025-08-12 13:12:06',NULL,NULL,NULL,NULL,NULL,0.000,0.00,0,NULL,'a12343566',NULL,NULL,NULL,NULL,36),(15,'73090',NULL,NULL,1,'B55B9DE7-509E-40A0-A867-65C7EF427144',NULL,'',NULL,NULL,'pending',NULL,'paid','2025-08-14 13:46:05','2025-08-12 13:12:34','2025-08-14 13:46:05',NULL,NULL,NULL,NULL,NULL,0.000,0.00,0,NULL,'a12343566',NULL,NULL,NULL,NULL,36),(16,'91734',NULL,NULL,1,'0E1D78CC-D152-46D3-971A-5CFDC830740E',NULL,'',NULL,NULL,'pending',NULL,'paid','2025-08-12 18:37:53','2025-08-12 18:37:10','2025-08-12 18:37:53',NULL,NULL,NULL,NULL,NULL,0.000,0.00,0,NULL,'a12343566',NULL,NULL,NULL,NULL,37),(17,'9428',NULL,NULL,1,'0E1D78CC-D152-46D3-971A-5CFDC830740E',NULL,'',NULL,NULL,'pending',NULL,'paid','2025-08-12 18:38:46','2025-08-12 18:37:57','2025-08-12 18:38:46',NULL,NULL,NULL,NULL,NULL,0.000,0.00,0,NULL,'a12343566',NULL,NULL,NULL,NULL,37),(18,'61891',NULL,NULL,1,'17C1F6EF-9B94-4A0C-B0EB-061B98E2695E',NULL,'',NULL,NULL,'pending',NULL,'paid',NULL,'2025-08-13 12:21:51','2025-08-13 12:21:51',NULL,NULL,NULL,NULL,NULL,0.000,0.00,0,NULL,'a12343566',NULL,NULL,NULL,NULL,36),(19,'72196',NULL,NULL,1,'9BE9C772-E0D1-4BC6-8322-017E177F7C6F',NULL,'',NULL,NULL,'pending',NULL,'paid',NULL,'2025-08-13 15:36:49','2025-08-16 16:59:23',NULL,NULL,NULL,NULL,NULL,0.000,0.00,0,NULL,'a12343566',NULL,NULL,NULL,NULL,39),(20,'17296',NULL,NULL,1,'B55B9DE7-509E-40A0-A867-65C7EF427144',NULL,'',NULL,NULL,'pending',NULL,'paid','2025-08-14 13:53:02','2025-08-14 13:47:27','2025-08-14 13:53:02',NULL,NULL,NULL,NULL,NULL,0.000,0.00,0,NULL,'a12343566',NULL,NULL,NULL,NULL,36),(21,'31640',NULL,NULL,1,'B55B9DE7-509E-40A0-A867-65C7EF427144',NULL,'',NULL,NULL,'pending',NULL,'paid','2025-08-14 13:57:08','2025-08-14 13:56:33','2025-08-14 13:57:08',NULL,NULL,NULL,NULL,NULL,0.000,0.00,0,NULL,'a12343566',NULL,NULL,NULL,NULL,37),(22,'80945',NULL,NULL,1,'B55B9DE7-509E-40A0-A867-65C7EF427144',NULL,'',NULL,NULL,'pending',NULL,'paid','2025-08-14 13:59:03','2025-08-14 13:58:37','2025-08-14 13:59:03',NULL,NULL,NULL,NULL,NULL,0.000,0.00,0,NULL,'a12343566',NULL,NULL,NULL,NULL,37),(23,'89311',NULL,NULL,1,'B55B9DE7-509E-40A0-A867-65C7EF427144',NULL,'',NULL,NULL,'pending',NULL,'paid','2025-08-14 15:40:26','2025-08-14 15:39:37','2025-08-14 15:40:26',NULL,NULL,NULL,NULL,NULL,0.000,0.00,0,NULL,'a12343566',NULL,NULL,NULL,NULL,38),(24,'48021',NULL,NULL,1,'0E1D78CC-D152-46D3-971A-5CFDC830740E',NULL,'',NULL,NULL,'pending',NULL,'paid','2025-08-14 19:51:42','2025-08-14 16:26:44','2025-08-14 19:51:42',NULL,NULL,NULL,NULL,NULL,0.000,0.00,0,NULL,'a12343566',NULL,NULL,NULL,NULL,37),(25,'44295',NULL,NULL,1,'DCCCDE4A-F228-4465-8922-934AAD1A26E1',NULL,'',NULL,NULL,'pending',NULL,'paid','2025-09-02 11:38:11','2025-08-14 16:39:29','2025-09-02 11:38:11',NULL,NULL,NULL,NULL,NULL,0.000,0.00,0,NULL,'a12343566',NULL,NULL,NULL,NULL,48),(26,'81218',NULL,NULL,1,'B55B9DE7-509E-40A0-A867-65C7EF427144',NULL,'',NULL,NULL,'pending',NULL,'paid','2025-08-17 23:38:38','2025-08-14 17:02:11','2025-08-17 23:38:38',NULL,NULL,NULL,NULL,NULL,0.000,0.00,0,NULL,'a12343566',NULL,NULL,NULL,NULL,36),(27,'66493','14.750',NULL,0,'5E0D6B15-8B46-4349-A12E-5C4F047876E8',2.00,'1','2025-08-17','2025-08-16 13:59:44','delivered',12,'paid',NULL,'2025-08-16 13:56:46','2025-09-29 20:48:00','07:00 PM 09:00 PM',1,NULL,NULL,NULL,0.000,0.00,0,NULL,'a12343566',NULL,NULL,NULL,NULL,38),(28,'59354',NULL,NULL,1,'B55B9DE7-509E-40A0-A867-65C7EF427144',NULL,'',NULL,NULL,'pending',NULL,'paid',NULL,'2025-08-17 23:38:57','2025-09-15 19:15:52',NULL,NULL,NULL,NULL,NULL,0.000,0.00,0,NULL,'a12343566',NULL,NULL,NULL,NULL,36),(29,'11651','15.300',NULL,0,'28E8448B-9C2A-4B9E-B8D9-329579BBC54C',0.00,'1','2025-08-18','2025-08-18 18:53:17','delivered',12,'paid',NULL,'2025-08-18 18:43:33','2025-08-20 17:21:39','08:00 PM 10:00 PM',1,NULL,NULL,NULL,0.000,0.00,0,NULL,'a12343566',NULL,NULL,NULL,NULL,39),(30,'71233','15.300',NULL,0,'BA4449AB-DEF4-424D-94B1-C44A186FE862',0.00,'1','2025-08-19','2025-08-19 12:27:56','delivered',12,'paid',NULL,'2025-08-19 12:20:35','2025-09-29 20:47:49','04:00 PM 09:00 PM',1,NULL,NULL,NULL,0.000,0.00,0,NULL,'a12343566',NULL,711,NULL,1,37),(31,'43268',NULL,NULL,1,'6DE3E953-04AF-403C-B3C0-C5118C05E266',NULL,'',NULL,NULL,'pending',NULL,'paid','2025-08-20 13:45:59','2025-08-20 13:45:34','2025-08-20 13:45:59',NULL,NULL,NULL,NULL,NULL,0.000,0.00,0,NULL,'a12343566',NULL,NULL,NULL,NULL,36),(32,'49786',NULL,NULL,1,'6DE3E953-04AF-403C-B3C0-C5118C05E266',NULL,'',NULL,NULL,'pending',NULL,'paid',NULL,'2025-08-20 13:47:50','2025-08-20 13:47:50',NULL,NULL,NULL,NULL,NULL,0.000,0.00,0,NULL,'a12343566',NULL,NULL,NULL,NULL,36),(33,'11657',NULL,NULL,1,'8077923F-1BB7-4A20-B42E-EFD146769372',NULL,'',NULL,NULL,'pending',NULL,'paid',NULL,'2025-08-20 21:51:56','2025-08-20 21:51:56',NULL,NULL,NULL,NULL,NULL,0.000,0.00,0,NULL,'a12343566',NULL,NULL,NULL,NULL,36),(34,'83809',NULL,NULL,1,'4AC16026-484E-4354-9E7B-3F579576D2B2',NULL,'',NULL,NULL,'pending',NULL,'paid','2025-08-21 06:54:36','2025-08-21 06:53:54','2025-08-21 06:54:36',NULL,NULL,NULL,NULL,NULL,0.000,0.00,0,NULL,'a12343566',NULL,NULL,NULL,NULL,39),(35,'14022',NULL,NULL,1,'B2F4487B-FEE5-4457-B458-524D38C18942',NULL,'',NULL,NULL,'pending',NULL,'paid',NULL,'2025-08-21 10:08:10','2025-08-21 10:08:10',NULL,NULL,NULL,NULL,NULL,0.000,0.00,0,NULL,'a12343566',NULL,NULL,NULL,NULL,38),(36,'70021',NULL,NULL,1,'BA4449AB-DEF4-424D-94B1-C44A186FE862',NULL,'',NULL,NULL,'pending',NULL,'paid','2025-08-21 14:34:23','2025-08-21 14:33:45','2025-08-21 14:34:23',NULL,NULL,NULL,NULL,NULL,0.000,0.00,0,NULL,'a12343566',NULL,NULL,NULL,NULL,37),(37,'63945',NULL,NULL,1,'0EB18C64-03FB-4A44-A882-B36FB8924217',NULL,'',NULL,NULL,'pending',NULL,'paid',NULL,'2025-08-24 21:42:33','2025-08-24 21:43:21',NULL,NULL,NULL,NULL,NULL,0.000,0.00,0,NULL,'a12343566',NULL,NULL,NULL,NULL,36),(38,'88820',NULL,NULL,1,'D78FBD41-1345-4784-B732-5BFA98F7D117',NULL,'',NULL,NULL,'pending',NULL,'paid','2025-09-14 10:29:54','2025-08-25 16:05:54','2025-09-14 10:29:54',NULL,NULL,NULL,NULL,NULL,0.000,0.00,0,NULL,'a12343566',NULL,NULL,NULL,NULL,36),(39,'34960',NULL,NULL,1,'932F4256-3784-488B-B900-E3AF87FD71C4',NULL,'',NULL,NULL,'pending',NULL,'paid',NULL,'2025-08-26 12:56:36','2025-08-26 12:58:14',NULL,NULL,NULL,NULL,NULL,0.000,0.00,0,NULL,'a12343566',NULL,NULL,NULL,NULL,37),(40,'25629',NULL,NULL,1,'CFC3DC9D-C15F-40EC-9243-29B67B5D1B5A',NULL,'',NULL,NULL,'pending',NULL,'paid',NULL,'2025-08-26 17:16:50','2025-10-06 15:20:59',NULL,NULL,NULL,NULL,NULL,0.000,0.00,0,NULL,'a12343566',NULL,NULL,NULL,NULL,36),(41,'48365',NULL,NULL,1,'0ed4fb9104e4afbf',NULL,'',NULL,NULL,'pending',NULL,'paid',NULL,'2025-08-27 09:28:48','2025-09-11 17:55:07',NULL,NULL,NULL,NULL,NULL,0.000,0.00,0,NULL,'a12343566',NULL,NULL,NULL,NULL,36),(42,'10660',NULL,NULL,1,'af7e6c77f24ad16d',NULL,'',NULL,NULL,'pending',NULL,'paid',NULL,'2025-08-28 18:29:31','2025-08-28 18:29:31',NULL,NULL,NULL,NULL,NULL,0.000,0.00,0,NULL,'a12343566',NULL,NULL,NULL,NULL,39),(43,'64521',NULL,NULL,1,'5EE00408-CF19-45DE-A4EE-CF7B6948DCB1',NULL,'',NULL,NULL,'pending',NULL,'paid',NULL,'2025-08-30 15:52:06','2025-08-30 15:52:06',NULL,NULL,NULL,NULL,NULL,0.000,0.00,0,NULL,'a12343566',NULL,NULL,NULL,NULL,38),(44,'21683',NULL,NULL,1,'EDA5F560-DF60-418F-9558-9927FFA32051',NULL,'',NULL,NULL,'pending',NULL,'paid',NULL,'2025-08-30 18:54:32','2025-08-30 18:54:32',NULL,NULL,NULL,NULL,NULL,0.000,0.00,0,NULL,'a12343566',NULL,NULL,NULL,NULL,37),(45,'34297',NULL,NULL,1,'F810927C-27CA-4F62-B4A7-159AECF07076',NULL,'',NULL,NULL,'pending',NULL,'paid',NULL,'2025-09-01 22:09:38','2025-09-01 22:09:38',NULL,NULL,NULL,NULL,NULL,0.000,0.00,0,NULL,'a12343566',NULL,NULL,NULL,NULL,38),(46,'11853','24.000',NULL,0,'DCCCDE4A-F228-4465-8922-934AAD1A26E1',0.00,'1','2025-09-03','2025-09-02 11:38:36','pending',13,'unPaid',NULL,'2025-09-02 11:38:14','2025-09-02 11:38:36','09:00 AM 10:00 AM',NULL,NULL,NULL,NULL,0.000,0.00,0,NULL,'a12343566',NULL,NULL,NULL,NULL,36),(47,'47981','24.000',NULL,0,'DCCCDE4A-F228-4465-8922-934AAD1A26E1',0.00,'1','2025-09-03','2025-09-02 11:40:37','pending',13,'unPaid',NULL,'2025-09-02 11:39:43','2025-09-02 11:40:37','09:00 AM 10:00 AM',NULL,NULL,NULL,NULL,0.000,0.00,0,NULL,'a12343566',NULL,NULL,NULL,NULL,36),(48,'53274','36.000',NULL,0,'DCCCDE4A-F228-4465-8922-934AAD1A26E1',0.00,'1','2025-09-03','2025-09-02 12:02:59','pending',13,'unPaid',NULL,'2025-09-02 12:02:30','2025-09-02 12:02:59','09:00 AM 10:00 AM',NULL,NULL,NULL,NULL,0.000,0.00,0,NULL,'a12343566',NULL,NULL,NULL,NULL,36),(49,'70206','48.000',NULL,0,'DCCCDE4A-F228-4465-8922-934AAD1A26E1',0.00,'1','2025-09-03','2025-09-02 12:15:26','pending',13,'unPaid',NULL,'2025-09-02 12:15:00','2025-09-02 12:15:26','09:00 AM 10:00 AM',NULL,NULL,NULL,NULL,0.000,0.00,0,NULL,'a12343566',NULL,NULL,NULL,NULL,36),(50,'84143','42.000',NULL,0,'DCCCDE4A-F228-4465-8922-934AAD1A26E1',0.00,'1','2025-09-03','2025-09-02 14:26:27','pending',13,'unPaid',NULL,'2025-09-02 14:25:58','2025-09-02 14:26:27','09:00 AM 10:00 AM',NULL,NULL,NULL,NULL,0.000,0.00,0,NULL,'a12343566',NULL,NULL,NULL,NULL,36),(51,'90502','44.000',NULL,0,'DCCCDE4A-F228-4465-8922-934AAD1A26E1',0.00,'1','2025-09-03','2025-09-02 14:34:44','delivered',13,'unPaid',NULL,'2025-09-02 14:34:20','2025-09-02 14:35:41','09:00 AM 10:00 AM',NULL,NULL,NULL,NULL,0.000,0.00,0,NULL,'a12343566',NULL,NULL,NULL,NULL,36),(52,'99515','38.000',NULL,0,'DCCCDE4A-F228-4465-8922-934AAD1A26E1',0.00,'1','2025-09-03','2025-09-02 14:36:26','pending',13,'unPaid',NULL,'2025-09-02 14:36:08','2025-09-02 14:36:26','09:00 AM 10:00 AM',NULL,NULL,NULL,NULL,0.000,0.00,0,NULL,'a12343566',NULL,NULL,NULL,NULL,36),(53,'17316','40.800',NULL,0,'DCCCDE4A-F228-4465-8922-934AAD1A26E1',0.00,'1','2025-09-04','2025-09-02 14:38:33','pending',13,'unPaid',NULL,'2025-09-02 14:37:41','2025-09-02 14:38:33','09:00 AM 01:00 PM',NULL,NULL,NULL,NULL,0.000,0.00,0,NULL,'a12343566',NULL,NULL,NULL,NULL,36),(54,'2475','44.000',NULL,0,'F27F02CE-238E-4693-9F99-EE1E6462CA6A',0.00,'1','2025-09-03','2025-09-02 14:43:19','pending',13,'unPaid',NULL,'2025-09-02 14:42:26','2025-09-02 14:43:19','09:00 AM 10:00 AM',NULL,NULL,NULL,NULL,0.000,0.00,0,NULL,'a12343566',NULL,NULL,NULL,NULL,36),(55,'95213','44.000',NULL,0,'F27F02CE-238E-4693-9F99-EE1E6462CA6A',0.00,'1','2025-09-03','2025-09-02 14:46:32','pending',13,'unPaid',NULL,'2025-09-02 14:46:11','2025-09-02 14:46:32','09:00 AM 10:00 AM',NULL,NULL,NULL,NULL,0.000,0.00,0,NULL,'a12343566',NULL,NULL,NULL,NULL,36),(56,'82406',NULL,NULL,1,'9ADDF07B-6215-46CE-BBA9-F5A147BBA0F5',NULL,'',NULL,NULL,'pending',NULL,'paid',NULL,'2025-09-03 18:32:55','2025-09-03 18:41:12',NULL,NULL,NULL,NULL,NULL,0.000,0.00,0,NULL,'a12343566',NULL,NULL,NULL,NULL,36),(57,'45189',NULL,NULL,1,'F27F02CE-238E-4693-9F99-EE1E6462CA6A',NULL,'',NULL,NULL,'pending',NULL,'paid','2025-09-15 13:53:44','2025-09-03 19:02:43','2025-09-15 13:53:44',NULL,NULL,NULL,NULL,NULL,0.000,0.00,0,NULL,'a12343566',NULL,NULL,NULL,NULL,36),(58,'1247',NULL,NULL,1,'9D518856-3985-4262-9366-4F76F57DF814',NULL,'',NULL,NULL,'pending',NULL,'paid',NULL,'2025-09-03 19:06:19','2025-09-03 19:06:19',NULL,NULL,NULL,NULL,NULL,0.000,0.00,0,NULL,'a12343566',NULL,NULL,NULL,NULL,36),(59,'53038',NULL,NULL,1,'D45FF7C5-8938-4814-B3FF-E61DE0AD79A2',NULL,'',NULL,NULL,'pending',NULL,'paid',NULL,'2025-09-03 20:53:30','2025-09-03 20:53:30',NULL,NULL,NULL,NULL,NULL,0.000,0.00,0,NULL,'a12343566',NULL,NULL,NULL,NULL,37),(60,'53837',NULL,NULL,1,'A02C9A01-7D99-41BA-AA64-BB51BC4F986D',NULL,'',NULL,NULL,'pending',NULL,'paid',NULL,'2025-09-04 17:41:02','2025-09-04 17:41:02',NULL,NULL,NULL,NULL,NULL,0.000,0.00,0,NULL,'a12343566',NULL,NULL,NULL,NULL,38),(61,'644',NULL,NULL,1,'213275a4f3cd3ced',NULL,'',NULL,NULL,'pending',NULL,'paid',NULL,'2025-09-04 19:30:02','2025-09-04 19:30:58',NULL,NULL,NULL,NULL,NULL,0.000,0.00,0,NULL,'a12343566',NULL,NULL,NULL,NULL,36),(62,'39458',NULL,NULL,1,'E9203F8F-39F4-4115-8786-B7E5488D37C7',NULL,'',NULL,NULL,'pending',NULL,'paid',NULL,'2025-09-05 17:41:51','2025-09-05 17:43:54',NULL,NULL,NULL,NULL,NULL,0.000,0.00,0,NULL,'a12343566',NULL,NULL,NULL,NULL,36),(63,'80358',NULL,NULL,1,'3f428b7e66b71b05',NULL,'',NULL,NULL,'pending',NULL,'paid','2025-09-10 22:53:59','2025-09-06 16:34:46','2025-09-10 22:53:59',NULL,NULL,NULL,NULL,NULL,0.000,0.00,0,NULL,'a12343566',NULL,NULL,NULL,NULL,36),(64,'51553',NULL,NULL,1,'58B0E570-5DD5-4FB6-B1EE-D11F7E704D06',NULL,'',NULL,NULL,'pending',NULL,'paid',NULL,'2025-09-07 15:05:13','2025-09-07 15:09:09',NULL,NULL,NULL,NULL,NULL,0.000,0.00,0,NULL,'a12343566',NULL,NULL,NULL,NULL,37),(65,'82794',NULL,NULL,1,'95D33603-5353-4E8E-921A-173AE955D349',NULL,'',NULL,NULL,'pending',NULL,'paid',NULL,'2025-09-08 12:34:29','2025-09-08 12:34:29',NULL,NULL,NULL,NULL,NULL,0.000,0.00,0,NULL,'a12343566',NULL,NULL,NULL,NULL,36),(66,'41007','9.150',NULL,0,'884AFB69-8F0A-4EDF-98C4-6E768E3ABEB5',1.50,'1','2025-09-08','2025-09-08 13:05:51','delivered',12,'paid',NULL,'2025-09-08 13:01:21','2025-09-08 20:05:32','05:00 PM 10:00 PM',1,NULL,NULL,NULL,0.000,0.00,0,NULL,'a12343566',NULL,NULL,NULL,NULL,36),(67,'86421',NULL,NULL,1,'9B8B619A-C985-46BE-A8FC-713EC19ED358',NULL,'',NULL,NULL,'pending',NULL,'paid','2025-09-08 13:20:27','2025-09-08 13:18:54','2025-09-08 13:20:27',NULL,NULL,NULL,NULL,NULL,0.000,0.00,0,NULL,'a12343566',NULL,NULL,NULL,NULL,36),(68,'86057','18.000',NULL,0,'884AFB69-8F0A-4EDF-98C4-6E768E3ABEB5',0.00,'1','2025-09-08','2025-09-08 15:14:17','delivered',12,'paid',NULL,'2025-09-08 15:13:01','2025-09-08 20:05:21','05:00 PM 10:00 PM',1,NULL,NULL,NULL,0.000,0.00,0,NULL,'a12343566',NULL,NULL,NULL,NULL,36),(69,'26875',NULL,NULL,1,'3486CBF1-B1D5-4018-9B9F-C31F4C378E6D',NULL,'',NULL,NULL,'pending',NULL,'paid',NULL,'2025-09-09 13:15:44','2025-09-09 13:15:44',NULL,NULL,NULL,NULL,NULL,0.000,0.00,0,NULL,'a12343566',NULL,NULL,NULL,NULL,37),(70,'46660',NULL,NULL,1,'5ecece4993cade5e',NULL,'',NULL,NULL,'pending',NULL,'paid','2025-09-09 23:21:26','2025-09-09 19:51:04','2025-09-09 23:21:26',NULL,NULL,NULL,NULL,NULL,0.000,0.00,0,NULL,'a12343566',NULL,NULL,NULL,NULL,36),(71,'49213',NULL,NULL,1,'8BE353F3-29D6-48CE-9104-165D27E4F3F0',NULL,'',NULL,NULL,'pending',NULL,'paid',NULL,'2025-09-09 20:53:01','2025-09-09 20:53:01',NULL,NULL,NULL,NULL,NULL,0.000,0.00,0,NULL,'a12343566',NULL,NULL,NULL,NULL,36),(72,'22014','6.600',NULL,0,'5ecece4993cade5e',1.50,'1','2025-09-10','2025-09-10 12:57:17','delivered',12,'paid',NULL,'2025-09-10 12:54:19','2025-09-29 20:46:37','05:00 PM 10:00 PM',1,NULL,NULL,NULL,0.000,0.00,0,NULL,'a12343566',NULL,NULL,NULL,NULL,36),(73,'26831','22.950',NULL,0,'3f428b7e66b71b05',0.00,'1','2025-09-11','2025-09-11 11:16:57','delivered',12,'paid',NULL,'2025-09-10 22:54:53','2025-09-29 20:46:28','05:00 PM 10:00 PM',1,NULL,NULL,NULL,0.000,0.00,0,NULL,'a12343566',NULL,NULL,NULL,NULL,36),(74,'90007',NULL,NULL,1,'E39091A0-5D56-46D2-A799-62E11B6F418C',NULL,'',NULL,NULL,'pending',NULL,'paid',NULL,'2025-09-11 13:14:59','2025-09-11 13:14:59',NULL,NULL,NULL,NULL,NULL,0.000,0.00,0,NULL,'a12343566',NULL,NULL,NULL,NULL,37),(75,'12171',NULL,NULL,1,'C4D3757D-DCDD-4A5E-9DEB-B6A5E337DB4D',NULL,'',NULL,NULL,'pending',NULL,'paid',NULL,'2025-09-12 12:31:49','2025-09-12 12:31:49',NULL,NULL,NULL,NULL,NULL,0.000,0.00,0,NULL,'a12343566',NULL,NULL,NULL,NULL,39),(76,'35046',NULL,NULL,1,'21C2D42D-3C4F-4B0C-AF15-1B441293D636',NULL,'',NULL,NULL,'pending',NULL,'paid',NULL,'2025-09-13 16:47:49','2025-09-13 16:47:49',NULL,NULL,NULL,NULL,NULL,0.000,0.00,0,NULL,'a12343566',NULL,NULL,NULL,NULL,36),(77,'85017',NULL,NULL,1,'4AD983AE-4344-4E15-B9AC-5029F218E19D',NULL,'',NULL,NULL,'pending',NULL,'paid',NULL,'2025-09-15 16:19:53','2025-09-15 16:20:11',NULL,NULL,NULL,NULL,NULL,0.000,0.00,0,NULL,'a12343566',NULL,NULL,NULL,NULL,36),(78,'7792',NULL,NULL,1,'CDE8C4C2-0D97-4FE2-BE89-94EB8D483BAF',NULL,'',NULL,NULL,'pending',NULL,'paid',NULL,'2025-09-17 18:26:24','2025-09-17 18:26:46',NULL,NULL,NULL,NULL,NULL,0.000,0.00,0,NULL,'a12343566',NULL,NULL,NULL,NULL,38),(79,'86200',NULL,NULL,1,'BAE5EA7C-34C7-4559-995C-1A6204CE6265',NULL,'',NULL,NULL,'pending',NULL,'paid',NULL,'2025-09-17 20:39:32','2025-09-17 20:39:32',NULL,NULL,NULL,NULL,NULL,0.000,0.00,0,NULL,'a12343566',NULL,NULL,NULL,NULL,36),(80,'86669',NULL,NULL,1,'38F9A73B-B4CB-44A5-AA89-E79FDCFA7E3E',NULL,'',NULL,NULL,'pending',NULL,'paid',NULL,'2025-09-18 06:18:11','2025-09-18 06:18:11',NULL,NULL,NULL,NULL,NULL,0.000,0.00,0,NULL,'a12343566',NULL,NULL,NULL,NULL,37),(81,'70617',NULL,NULL,1,'3f428b7e66b71b05',NULL,'',NULL,NULL,'pending',NULL,'paid','2025-09-21 18:49:18','2025-09-18 18:08:57','2025-09-21 18:49:18',NULL,NULL,NULL,NULL,NULL,0.000,0.00,0,NULL,'a12343566',NULL,NULL,NULL,NULL,36),(82,'18202',NULL,NULL,1,'4CAE0FDD-FBEB-42B8-8844-D6B3C5E09BAC',NULL,'',NULL,NULL,'pending',NULL,'paid',NULL,'2025-09-18 20:27:29','2025-09-18 20:27:29',NULL,NULL,NULL,NULL,NULL,0.000,0.00,0,NULL,'a12343566',NULL,NULL,NULL,NULL,38),(83,'65018',NULL,NULL,1,'FD5038A5-B8E9-4F00-80B3-429F798AD3F1',NULL,'',NULL,NULL,'pending',NULL,'paid',NULL,'2025-09-19 13:11:20','2025-09-19 13:11:20',NULL,NULL,NULL,NULL,NULL,0.000,0.00,0,NULL,'a12343566',NULL,NULL,NULL,NULL,39),(84,'81423',NULL,NULL,1,'7d43c722a0fed0af',NULL,'',NULL,NULL,'pending',NULL,'paid',NULL,'2025-09-19 13:17:04','2025-09-19 13:20:34',NULL,NULL,NULL,NULL,NULL,0.000,0.00,0,NULL,'a12343566',NULL,NULL,NULL,NULL,36),(85,'46494',NULL,NULL,1,'0829AD71-CA10-42F6-83D9-297E6C7C8B2E',NULL,'',NULL,NULL,'pending',NULL,'paid','2025-09-19 21:23:05','2025-09-19 21:19:32','2025-09-19 21:23:05',NULL,NULL,NULL,NULL,NULL,0.000,0.00,0,NULL,'a12343566',NULL,NULL,NULL,NULL,36),(86,'49917',NULL,NULL,1,'DE7CF48C-441B-4C40-8EF1-A2679A589A40',NULL,'',NULL,NULL,'pending',NULL,'paid',NULL,'2025-09-20 00:36:38','2025-09-20 00:36:38',NULL,NULL,NULL,NULL,NULL,0.000,0.00,0,NULL,'a12343566',NULL,NULL,NULL,NULL,37),(87,'68465',NULL,NULL,1,'3f428b7e66b71b05',NULL,'',NULL,NULL,'pending',NULL,'paid',NULL,'2025-09-21 18:49:45','2025-09-21 18:49:45',NULL,NULL,NULL,NULL,NULL,0.000,0.00,0,NULL,'a12343566',NULL,NULL,NULL,NULL,36),(88,'96734',NULL,NULL,1,'0C7953F5-A3A1-45DF-BD68-2796B8EAF2DA',NULL,'',NULL,NULL,'pending',NULL,'paid',NULL,'2025-09-22 14:09:03','2025-09-22 14:09:03',NULL,NULL,NULL,NULL,NULL,0.000,0.00,0,NULL,'a12343566',NULL,NULL,NULL,NULL,36),(89,'35803',NULL,NULL,1,'CB908E9E-DFDF-4F3F-A0F9-FC3403D4977A',NULL,'',NULL,NULL,'pending',NULL,'paid','2025-09-23 07:02:18','2025-09-23 07:01:53','2025-09-23 07:02:18',NULL,NULL,NULL,NULL,NULL,0.000,0.00,0,NULL,'a12343566',NULL,NULL,NULL,NULL,37),(90,'89067',NULL,NULL,1,'874834E1-4EEC-4D19-B7A6-6E4839DCDB0D',NULL,'',NULL,NULL,'pending',NULL,'paid',NULL,'2025-09-23 12:23:23','2025-09-23 12:23:23',NULL,NULL,NULL,NULL,NULL,0.000,0.00,0,NULL,'a12343566',NULL,NULL,NULL,NULL,49),(91,'41104',NULL,NULL,1,'59E2BB06-D610-4542-9D40-7A283F1DA3F0',NULL,'',NULL,NULL,'pending',NULL,'paid','2025-09-28 08:08:13','2025-09-28 08:07:35','2025-09-28 08:08:13',NULL,NULL,NULL,NULL,NULL,0.000,0.00,0,NULL,'a12343566',NULL,NULL,NULL,NULL,38),(92,'81199',NULL,NULL,1,'C18876FE-802C-4F6C-B429-73E6BB53B7D2',NULL,'',NULL,NULL,'pending',NULL,'paid',NULL,'2025-09-28 16:28:56','2025-09-28 16:28:56',NULL,NULL,NULL,NULL,NULL,0.000,0.00,0,NULL,'a12343566',NULL,NULL,NULL,NULL,39),(93,'4379',NULL,NULL,1,'75C8AD4C-3062-40C5-9D95-9930396449AC',NULL,'',NULL,NULL,'pending',NULL,'paid',NULL,'2025-09-29 17:24:35','2025-09-29 17:26:45',NULL,NULL,NULL,NULL,NULL,0.000,0.00,0,NULL,'a12343566',NULL,NULL,NULL,NULL,36),(94,'18252',NULL,NULL,1,'C4E8B7F9-3A66-4509-82D6-57ED56F2357B',NULL,'',NULL,NULL,'pending',NULL,'paid','2025-09-29 20:44:53','2025-09-29 20:29:00','2025-09-29 20:44:53',NULL,NULL,NULL,NULL,NULL,0.000,0.00,0,NULL,'a12343566',NULL,NULL,NULL,NULL,36),(95,'17465','12.550',NULL,0,'C4E8B7F9-3A66-4509-82D6-57ED56F2357B',1.50,'3','2025-09-30','2025-09-29 20:57:36','delivered',12,'paid',NULL,'2025-09-29 20:46:28','2025-09-30 19:29:21','09:00 AM 01:00 PM',1,NULL,NULL,NULL,0.000,0.00,0,NULL,'a12343566',NULL,NULL,NULL,NULL,36),(96,'51863',NULL,NULL,1,'a6368b6df80e7dbe',NULL,'',NULL,NULL,'pending',NULL,'paid',NULL,'2025-09-30 15:10:03','2025-09-30 15:10:03',NULL,NULL,NULL,NULL,NULL,0.000,0.00,0,NULL,'a12343566',NULL,NULL,NULL,NULL,49),(97,'90017','15.500',NULL,0,'dd2d1e662dde27c3',2.00,'1','2025-10-02','2025-09-30 20:27:51','delivered',12,'paid',NULL,'2025-09-30 19:52:49','2025-10-01 19:28:23','03:00 PM 05:00 PM',1,NULL,NULL,NULL,0.000,0.00,0,NULL,'a12343566',NULL,NULL,NULL,NULL,38),(98,'23443',NULL,NULL,1,'1A2C788B-BEBA-4F0E-B657-56E48DF4DB4D',NULL,'',NULL,NULL,'pending',NULL,'paid',NULL,'2025-09-30 21:04:11','2025-09-30 21:04:11',NULL,NULL,NULL,NULL,NULL,0.000,0.00,0,NULL,'a12343566',NULL,NULL,NULL,NULL,39),(99,'68140',NULL,NULL,1,'453800CB-94C7-4A3A-84AB-2DDB970EE33E',NULL,'',NULL,NULL,'pending',NULL,'paid','2025-10-01 04:44:44','2025-10-01 04:44:12','2025-10-01 04:44:44',NULL,NULL,NULL,NULL,NULL,0.000,0.00,0,NULL,'a12343566',NULL,NULL,NULL,NULL,36),(100,'92801',NULL,NULL,1,'B08AF84D-B2A7-4405-86E3-9EAD1AB59F70',NULL,'',NULL,NULL,'pending',NULL,'paid',NULL,'2025-10-02 14:28:38','2025-10-02 14:28:38',NULL,NULL,NULL,NULL,NULL,0.000,0.00,0,NULL,'a12343566',NULL,NULL,NULL,NULL,39),(101,'80128',NULL,NULL,1,'1ED95789-A379-4C58-BD96-8DAC5357D886',NULL,'',NULL,NULL,'pending',NULL,'paid',NULL,'2025-10-03 19:07:56','2025-10-03 19:07:56',NULL,NULL,NULL,NULL,NULL,0.000,0.00,0,NULL,'a12343566',NULL,NULL,NULL,NULL,39),(102,'40799',NULL,NULL,1,'3aa2adf334128107',NULL,'',NULL,NULL,'pending',NULL,'paid',NULL,'2025-10-04 13:11:40','2025-10-04 13:11:40',NULL,NULL,NULL,NULL,NULL,0.000,0.00,0,NULL,'a12343566',NULL,NULL,NULL,NULL,36),(103,'77354','4.645',NULL,0,'B75E4E8D-B05F-49A1-B988-F60AA34C0712',1.50,'1','2025-10-04','2025-10-04 14:54:48','delivered',12,'paid',NULL,'2025-10-04 14:48:50','2025-10-05 12:30:43','05:00 PM 07:00 PM',1,NULL,NULL,NULL,0.000,0.00,0,NULL,'a12343566',NULL,NULL,NULL,NULL,38),(104,'97221',NULL,NULL,1,'4E04467E-811A-4A9E-A0C0-ADC352C3837B',NULL,'',NULL,NULL,'pending',NULL,'paid',NULL,'2025-10-04 15:09:58','2025-10-04 15:09:58',NULL,NULL,NULL,NULL,NULL,0.000,0.00,0,NULL,'a12343566',NULL,NULL,NULL,NULL,39),(105,'41773',NULL,NULL,1,'5259E99E-5A16-49FA-AC9D-C68C22C7DDB3',NULL,'',NULL,NULL,'pending',NULL,'paid',NULL,'2025-10-04 17:50:37','2025-10-04 17:50:37',NULL,NULL,NULL,NULL,NULL,0.000,0.00,0,NULL,'a12343566',NULL,NULL,NULL,NULL,36),(106,'20633',NULL,NULL,1,'C9AE72F7-4E84-41B6-860C-66A149222910',NULL,'',NULL,NULL,'pending',NULL,'paid',NULL,'2025-10-06 08:28:08','2025-10-06 08:28:08',NULL,NULL,NULL,NULL,NULL,0.000,0.00,0,NULL,'a12343566',NULL,NULL,NULL,NULL,39),(107,'98649',NULL,NULL,1,'7ea95ab05add367d',NULL,'',NULL,NULL,'pending',NULL,'paid',NULL,'2025-10-06 16:13:41','2025-10-06 16:13:41',NULL,NULL,NULL,NULL,NULL,0.000,0.00,0,NULL,'a12343566',NULL,NULL,NULL,NULL,37),(108,'24294',NULL,NULL,1,'A24784E0-F175-46C5-BECB-7BB703CE5CA6',NULL,'',NULL,NULL,'pending',NULL,'paid',NULL,'2025-10-07 14:57:33','2025-10-07 14:57:33',NULL,NULL,NULL,NULL,NULL,0.000,0.00,0,NULL,'a12343566',NULL,NULL,NULL,NULL,36),(109,'52047',NULL,NULL,1,'1992E0D4-EE9F-46F5-9A41-6066EEE415CF',NULL,'',NULL,NULL,'pending',NULL,'paid','2025-10-11 17:24:28','2025-10-11 16:46:13','2025-10-11 17:24:28',NULL,NULL,NULL,NULL,NULL,0.000,0.00,0,NULL,'a12343566',NULL,NULL,NULL,NULL,39),(110,'87411','14.600',NULL,0,'1992E0D4-EE9F-46F5-9A41-6066EEE415CF',1.00,'1','2025-10-11','2025-10-11 17:27:30','delivered',12,'paid',NULL,'2025-10-11 17:24:41','2025-10-11 18:17:05','08:00 PM 10:00 PM',1,NULL,NULL,NULL,0.000,0.00,0,NULL,'a12343566',NULL,NULL,NULL,NULL,39),(111,'4528',NULL,NULL,1,'4A0F2001-53C0-4C9D-BEF0-AD7FB74F1169',NULL,'',NULL,NULL,'pending',NULL,'paid',NULL,'2025-10-13 07:00:02','2025-10-13 07:00:02',NULL,NULL,NULL,NULL,NULL,0.000,0.00,0,NULL,'a12343566',NULL,NULL,NULL,NULL,50),(112,'67155',NULL,NULL,1,'52CB9147-C248-4921-AFBB-7260A144075E',NULL,'',NULL,NULL,'pending',NULL,'paid','2025-10-14 08:23:33','2025-10-14 08:21:23','2025-10-14 08:23:33',NULL,NULL,NULL,NULL,NULL,0.000,0.00,0,NULL,'a12343566',NULL,NULL,NULL,NULL,36),(113,'25337',NULL,NULL,1,'52CB9147-C248-4921-AFBB-7260A144075E',NULL,'',NULL,NULL,'pending',NULL,'paid',NULL,'2025-10-14 08:25:32','2025-10-14 08:26:19',NULL,NULL,NULL,NULL,NULL,0.000,0.00,0,NULL,'a12343566',NULL,NULL,NULL,NULL,36),(114,'16522',NULL,NULL,1,'6ED0E91A-27D0-4B13-8929-4592858D9A2C',NULL,'',NULL,NULL,'pending',NULL,'paid',NULL,'2025-10-15 07:59:40','2025-10-15 07:59:40',NULL,NULL,NULL,NULL,NULL,0.000,0.00,0,NULL,'a12343566',NULL,NULL,NULL,NULL,38),(115,'24895',NULL,NULL,1,'C6B125A3-8745-4925-B6B1-B371ED76206C',NULL,'',NULL,NULL,'pending',NULL,'paid',NULL,'2025-10-16 00:42:56','2025-10-16 00:42:56',NULL,NULL,NULL,NULL,NULL,0.000,0.00,0,NULL,'a12343566',NULL,NULL,NULL,NULL,39),(116,'16970',NULL,NULL,1,'23F176DD-DEEF-470E-8D1F-631CFAB5F1E3',NULL,'',NULL,NULL,'pending',NULL,'paid',NULL,'2025-10-17 13:43:43','2025-10-17 13:43:43',NULL,NULL,NULL,NULL,NULL,0.000,0.00,0,NULL,'a12343566',NULL,NULL,NULL,NULL,36),(117,'76386','4.500',NULL,0,'F79572CA-3E6D-48A2-89EB-EBFB8313C2A2',1.50,'1','2025-10-18','2025-10-17 16:56:29','delivered',12,'paid',NULL,'2025-10-17 16:50:21','2025-10-18 12:38:54','01:00 PM 03:00 PM',1,NULL,NULL,NULL,0.000,0.00,0,NULL,'a12343566',NULL,NULL,NULL,NULL,39),(118,'2347',NULL,NULL,1,'D937201C-8BDD-478A-A460-927919579353',NULL,'',NULL,NULL,'pending',NULL,'paid',NULL,'2025-10-18 04:03:10','2025-10-18 04:03:10',NULL,NULL,NULL,NULL,NULL,0.000,0.00,0,NULL,'a12343566',NULL,NULL,NULL,NULL,48),(119,'60186',NULL,NULL,1,'EDAAC6ED-698F-43B8-AE35-7363C336FA36',NULL,'',NULL,NULL,'pending',NULL,'paid',NULL,'2025-10-18 13:20:32','2025-10-18 13:20:32',NULL,NULL,NULL,NULL,NULL,0.000,0.00,0,NULL,'a12343566',NULL,NULL,NULL,NULL,36),(120,'66762',NULL,NULL,1,'D723537E-941A-4809-B718-151DA52655DB',NULL,'',NULL,NULL,'pending',NULL,'paid',NULL,'2025-10-18 15:37:48','2025-10-18 15:37:48',NULL,NULL,NULL,NULL,NULL,0.000,0.00,0,NULL,'a12343566',NULL,NULL,NULL,NULL,38),(121,'32420','15.500',NULL,0,'82797460-B80B-44E7-8AD6-37B08104F7CC',1.50,'1','2025-10-19','2025-10-18 18:54:26','delivered',12,'paid',NULL,'2025-10-18 18:50:21','2025-10-21 12:47:25','09:00 AM 11:00 AM',1,NULL,NULL,NULL,0.000,0.00,0,NULL,'a12343566',NULL,NULL,NULL,NULL,38),(122,'13357',NULL,NULL,1,'398DD723-8855-46A9-A0B4-B8137705D415',NULL,'',NULL,NULL,'pending',NULL,'paid',NULL,'2025-10-19 00:44:03','2025-10-19 00:44:03',NULL,NULL,NULL,NULL,NULL,0.000,0.00,0,NULL,'a12343566',NULL,NULL,NULL,NULL,36),(123,'29366',NULL,NULL,1,'964590C7-A257-4E38-B461-7FCE9F8EC3AF',NULL,'',NULL,NULL,'pending',NULL,'paid',NULL,'2025-10-19 19:56:32','2025-10-19 19:56:32',NULL,NULL,NULL,NULL,NULL,0.000,0.00,0,NULL,'a12343566',NULL,NULL,NULL,NULL,36),(124,'23186',NULL,NULL,1,'5812259F-C276-4EEC-AC40-8D0FCE942F7F',NULL,'',NULL,NULL,'pending',NULL,'paid',NULL,'2025-10-20 11:42:29','2025-10-20 11:42:29',NULL,NULL,NULL,NULL,NULL,0.000,0.00,0,NULL,'a12343566',NULL,NULL,NULL,NULL,48),(125,'45535',NULL,NULL,1,'38B72372-6323-48F0-BCD3-D3B7810C6311',NULL,'',NULL,NULL,'pending',NULL,'paid','2025-10-21 13:24:49','2025-10-20 15:17:42','2025-10-21 13:24:49',NULL,NULL,NULL,NULL,NULL,0.000,0.00,0,NULL,'a12343566',NULL,NULL,NULL,NULL,38),(126,'32443',NULL,NULL,1,'B2D2A22B-6F98-4BA5-8574-28F4001A58DB',NULL,'',NULL,NULL,'pending',NULL,'paid',NULL,'2025-10-20 23:24:28','2025-10-20 23:24:28',NULL,NULL,NULL,NULL,NULL,0.000,0.00,0,NULL,'a12343566',NULL,NULL,NULL,NULL,39),(127,'92030',NULL,NULL,1,'F27F02CE-238E-4693-9F99-EE1E6462CA6A',NULL,'',NULL,NULL,'pending',NULL,'paid',NULL,'2025-10-21 11:12:55','2025-10-21 11:12:55',NULL,NULL,NULL,NULL,NULL,0.000,0.00,0,NULL,'a12343566',NULL,NULL,NULL,NULL,48),(128,'83459','11.700',NULL,0,'9D9BDAF5-C8DB-4E73-A478-5A917C2C40B8',1.50,'1','2025-10-21','2025-10-21 13:14:06','delivered',12,'paid',NULL,'2025-10-21 13:03:51','2025-10-21 19:09:20','05:00 PM 10:00 PM',1,NULL,NULL,NULL,0.000,0.00,0,NULL,'a12343566',NULL,NULL,NULL,NULL,36),(129,'13227','13.400',NULL,0,'38B72372-6323-48F0-BCD3-D3B7810C6311',1.50,'1','2025-10-21','2025-10-21 15:10:33','delivered',12,'paid',NULL,'2025-10-21 13:25:19','2025-10-21 19:09:12','05:00 PM 07:00 PM',1,NULL,NULL,NULL,0.000,0.00,0,NULL,'a12343566',NULL,NULL,NULL,NULL,38),(130,'63650',NULL,NULL,1,'CA924537-F568-4396-BCB6-8351AE2A5D6C',NULL,'',NULL,NULL,'pending',NULL,'paid','2025-10-21 14:35:27','2025-10-21 14:31:19','2025-10-21 14:35:27',NULL,NULL,NULL,NULL,NULL,0.000,0.00,0,NULL,'a12343566',NULL,NULL,NULL,NULL,38),(131,'95475',NULL,NULL,1,'CA924537-F568-4396-BCB6-8351AE2A5D6C',NULL,'',NULL,NULL,'pending',NULL,'paid',NULL,'2025-10-21 14:35:45','2025-10-21 14:39:10',NULL,NULL,NULL,NULL,NULL,0.000,0.00,0,NULL,'a12343566',NULL,NULL,NULL,NULL,38),(132,'72080',NULL,NULL,1,'3D3BF0CF-F635-4DC9-A10A-A0834BB60C2E',NULL,'',NULL,NULL,'pending',NULL,'paid',NULL,'2025-10-21 23:25:59','2025-10-21 23:25:59',NULL,NULL,NULL,NULL,NULL,0.000,0.00,0,NULL,'a12343566',NULL,NULL,NULL,NULL,37),(133,'54751','8.013',NULL,0,'B150D6C9-1E0B-490C-A302-E87278469F3E',1.00,'1','2025-10-22','2025-10-22 14:50:13','delivered',12,'paid',NULL,'2025-10-22 07:24:30','2025-10-22 20:12:12','05:00 PM 07:00 PM',1,NULL,NULL,NULL,0.000,0.00,0,NULL,'a12343566',NULL,NULL,NULL,NULL,39),(134,'65286',NULL,NULL,1,'03ECBE69-370C-426C-9A3F-35A3F4CC02E8',NULL,'',NULL,NULL,'pending',NULL,'paid',NULL,'2025-10-22 13:10:20','2025-10-27 18:22:28',NULL,NULL,NULL,NULL,NULL,0.000,0.00,0,NULL,'a12343566',NULL,NULL,NULL,NULL,37),(135,'58845',NULL,NULL,1,'AF28D11F-1A91-4637-A59A-05185DD50561',NULL,'',NULL,NULL,'pending',NULL,'paid',NULL,'2025-10-22 13:16:52','2025-10-22 13:17:08',NULL,NULL,NULL,NULL,NULL,0.000,0.00,0,NULL,'a12343566',NULL,NULL,NULL,NULL,39),(136,'21740',NULL,NULL,1,'B150D6C9-1E0B-490C-A302-E87278469F3E',NULL,'',NULL,NULL,'pending',NULL,'paid',NULL,'2025-10-22 17:10:59','2025-10-22 17:10:59',NULL,NULL,NULL,NULL,NULL,0.000,0.00,0,NULL,'a12343566',NULL,NULL,NULL,NULL,39),(137,'1639',NULL,NULL,1,'9C4B0503-C438-42F2-8F14-4CFE8C29F7DD',NULL,'',NULL,NULL,'pending',NULL,'paid',NULL,'2025-10-22 20:50:33','2025-10-22 20:50:33',NULL,NULL,NULL,NULL,NULL,0.000,0.00,0,NULL,'a12343566',NULL,NULL,NULL,NULL,36),(138,'1749',NULL,NULL,1,'3E16F1E3-3446-4821-B3CD-4EF3B84B5795',NULL,'',NULL,NULL,'pending',NULL,'paid',NULL,'2025-10-23 10:19:13','2025-10-23 10:39:12',NULL,NULL,NULL,NULL,NULL,0.000,0.00,0,NULL,'a12343566',NULL,NULL,NULL,NULL,36),(139,'37925',NULL,NULL,1,'0A2B1004-5200-4B23-AF84-F8425FE2FEBF',NULL,'',NULL,NULL,'pending',NULL,'paid',NULL,'2025-10-24 00:14:34','2025-10-24 00:14:48',NULL,NULL,NULL,NULL,NULL,0.000,0.00,0,NULL,'a12343566',NULL,NULL,NULL,NULL,38),(140,'88062',NULL,NULL,1,'005B70FD-9306-476B-9B6F-C9CF8D42F96C',NULL,'',NULL,NULL,'pending',NULL,'paid','2025-10-24 13:37:14','2025-10-24 13:32:35','2025-10-24 13:37:14',NULL,NULL,NULL,NULL,NULL,0.000,0.00,0,NULL,'a12343566',NULL,NULL,NULL,NULL,38),(141,'20440',NULL,NULL,1,'698DF643-A422-46E3-A5DA-ABDD8E8958FB',NULL,'',NULL,NULL,'pending',NULL,'paid',NULL,'2025-10-24 15:21:07','2025-10-24 15:21:29',NULL,NULL,NULL,NULL,NULL,0.000,0.00,0,NULL,'a12343566',NULL,NULL,NULL,NULL,38),(142,'76007','11.000',NULL,0,'A0A4FBBE-F87F-4DFE-BF09-EAEAF54D3685',2.00,'1','2025-10-26','2025-10-25 21:26:21','delivered',12,'paid',NULL,'2025-10-25 21:20:35','2025-10-27 12:36:06','09:00 AM 11:00 AM',1,NULL,NULL,NULL,0.000,0.00,0,NULL,'a12343566',NULL,NULL,NULL,NULL,38),(143,'39457',NULL,NULL,1,'1992E0D4-EE9F-46F5-9A41-6066EEE415CF',NULL,'',NULL,NULL,'pending',NULL,'paid','2025-10-26 13:10:09','2025-10-26 13:08:48','2025-10-26 13:10:09',NULL,NULL,NULL,NULL,NULL,0.000,0.00,0,NULL,'a12343566',NULL,NULL,NULL,NULL,39),(144,'88093','14.600',NULL,0,'1992E0D4-EE9F-46F5-9A41-6066EEE415CF',1.00,'1','2025-10-26','2025-10-26 16:41:52','delivered',12,'paid',NULL,'2025-10-26 13:14:09','2025-10-26 20:29:18','08:00 PM 10:00 PM',1,NULL,NULL,NULL,0.000,0.00,0,NULL,'a12343566',NULL,NULL,NULL,NULL,39),(145,'34920','3.250',NULL,0,'06F2C128-31B8-44CD-BE33-60774B96D5EC',1.00,'1','2025-10-26','2025-10-26 14:52:57','delivered',12,'paid',NULL,'2025-10-26 14:48:19','2025-10-26 20:29:26','05:00 PM 07:00 PM',1,NULL,NULL,NULL,0.000,0.00,0,NULL,'a12343566',NULL,NULL,NULL,NULL,39),(146,'2028',NULL,NULL,1,'94A7F2CF-D6E1-42DE-B416-6BBDAD98F036',NULL,'',NULL,NULL,'pending',NULL,'paid',NULL,'2025-10-26 20:59:46','2025-10-26 21:00:18',NULL,NULL,NULL,NULL,NULL,0.000,0.00,0,NULL,'a12343566',NULL,NULL,NULL,NULL,37),(147,'36305',NULL,NULL,1,'89F20415-A20B-4E22-AA14-B350AB10E975',NULL,'',NULL,NULL,'pending',NULL,'paid',NULL,'2025-10-27 14:59:46','2025-10-27 14:59:46',NULL,NULL,NULL,NULL,NULL,0.000,0.00,0,NULL,'a12343566',NULL,NULL,NULL,NULL,37),(148,'28461',NULL,NULL,1,'A587E65A-ABBA-43AF-B97F-896B7BCDC2F0',NULL,'',NULL,NULL,'pending',NULL,'paid',NULL,'2025-10-27 16:11:37','2025-10-27 16:11:37',NULL,NULL,NULL,NULL,NULL,0.000,0.00,0,NULL,'a12343566',NULL,NULL,NULL,NULL,36);

--
-- Table structure for table `page_translations`
--

CREATE TABLE `page_translations` (
  `id` int unsigned NOT NULL AUTO_INCREMENT,
  `page_id` int unsigned NOT NULL,
  `title` varchar(255) CHARACTER SET utf8mb4 COLLATE utf8mb4_unicode_ci NOT NULL,
  `locale` varchar(255) CHARACTER SET utf8mb4 COLLATE utf8mb4_unicode_ci NOT NULL,
  `content` text CHARACTER SET utf8mb4 COLLATE utf8mb4_unicode_ci,
  `created_at` timestamp NULL DEFAULT NULL,
  `updated_at` timestamp NULL DEFAULT NULL,
  PRIMARY KEY (`id`),
  UNIQUE KEY `page_translations_page_id_locale_unique` (`page_id`,`locale`),
  KEY `page_translations_locale_index` (`locale`),
  CONSTRAINT `page_translations_page_id_foreign` FOREIGN KEY (`page_id`) REFERENCES `pages` (`id`) ON DELETE CASCADE
) ENGINE=InnoDB AUTO_INCREMENT=13 DEFAULT CHARSET=utf8mb4 COLLATE=utf8mb4_unicode_ci;

--
-- Dumping data for table `page_translations`
--

INSERT INTO `page_translations` (`id`, `page_id`, `title`, `locale`, `content`, `created_at`, `updated_at`) VALUES (1,1,'من نحن','ar','<p>هل تبحث عن هدية مميزة؟ <em>مواجيب</em> هو الحل الأمثل! استكشف عالمًا من الخيارات المتنوعة، &nbsp;مع <em>مواجيب</em>، تجربة التسوق أصبحت أكثر متعة وإثارة.</p>',NULL,NULL),(2,1,'Abous Us','en','<p>هل تبحث عن هدية مميزة؟ <em>مواجيب</em> هو الحل الأمثل! استكشف عالمًا من الخيارات المتنوعة، &nbsp;مع <em>مواجيب</em>، تجربة التسوق أصبحت أكثر متعة وإثارة.</p>',NULL,NULL),(5,3,'الشروط والاحكام','ar','<p>جميع مواقعنا مبنية على قواعد بيانات مهنية للأرشفة من محركات البحث، حيث تكون مبنية وفق تسلل منطقي منظم، تجعل وصول المعلومات وطريقة عرضها أمر سهل وبسيط، كما تسهل عملية الأرشفة من محركات البحث مثل جوجل مما يجعل موقعك يظهر بشكل أفضل على محرك البحث جوجل</p>\r\n\r\n<p>جميع مواقعنا مبنية على قواعد بيانات مهنية للأرشفة من محركات البحث، حيث تكون مبنية وفق تسلل منطقي منظم، تجعل وصول المعلومات وطريقة عرضها أمر سهل وبسيط، كما تسهل عملية الأرشفة من محركات البحث مثل جوجل مما يجعل موقعك يظهر بشكل أفضل على محرك البحث جوجل</p>\r\n\r\n<p>جميع مواقعنا مبنية على قواعد بيانات مهنية للأرشفة من محركات البحث، حيث تكون مبنية وفق تسلل منطقي منظم، تجعل وصول المعلومات وطريقة عرضها أمر سهل وبسيط، كما تسهل عملية الأرشفة من محركات البحث مثل جوجل مما يجعل موقعك يظهر بشكل أفضل على محرك البحث جوجل</p>\r\n\r\n<p>جميع مواقعنا مبنية على قواعد بيانات مهنية للأرشفة من محركات البحث، حيث تكون مبنية وفق تسلل منطقي منظم، تجعل وصول المعلومات وطريقة عرضها أمر سهل وبسيط، كما تسهل عملية الأرشفة من محركات البحث مثل جوجل مما يجعل موقعك يظهر بشكل أفضل على محرك البحث جوجل</p>',NULL,NULL),(6,3,'Terms & Conditions','en','<p>جميع مواقعنا مبنية على قواعد بيانات مهنية للأرشفة من محركات البحث، حيث تكون مبنية وفق تسلل منطقي منظم، تجعل وصول المعلومات وطريقة عرضها أمر سهل وبسيط، كما تسهل عملية الأرشفة من محركات البحث مثل جوجل مما يجعل موقعك يظهر بشكل أفضل على محرك البحث جوجل</p>\r\n\r\n<p>جميع مواقعنا مبنية على قواعد بيانات مهنية للأرشفة من محركات البحث، حيث تكون مبنية وفق تسلل منطقي منظم، تجعل وصول المعلومات وطريقة عرضها أمر سهل وبسيط، كما تسهل عملية الأرشفة من محركات البحث مثل جوجل مما يجعل موقعك يظهر بشكل أفضل على محرك البحث جوجل</p>\r\n\r\n<p>جميع مواقعنا مبنية على قواعد بيانات مهنية للأرشفة من محركات البحث، حيث تكون مبنية وفق تسلل منطقي منظم، تجعل وصول المعلومات وطريقة عرضها أمر سهل وبسيط، كما تسهل عملية الأرشفة من محركات البحث مثل جوجل مما يجعل موقعك يظهر بشكل أفضل على محرك البحث جوجل</p>\r\n\r\n<p>جميع مواقعنا مبنية على قواعد بيانات مهنية للأرشفة من محركات البحث، حيث تكون مبنية وفق تسلل منطقي منظم، تجعل وصول المعلومات وطريقة عرضها أمر سهل وبسيط، كما تسهل عملية الأرشفة من محركات البحث مثل جوجل مما يجعل موقعك يظهر بشكل أفضل على محرك البحث جوجل</p>',NULL,NULL),(7,4,'جيد','ar',NULL,NULL,NULL),(8,4,'good','en',NULL,NULL,NULL),(9,5,'ممتاز','ar',NULL,NULL,NULL),(10,5,'ممتاز','en',NULL,NULL,NULL);

--
-- Table structure for table `pages`
--

CREATE TABLE `pages` (
  `id` int unsigned NOT NULL AUTO_INCREMENT,
  `created_at` timestamp NULL DEFAULT NULL,
  `updated_at` timestamp NULL DEFAULT NULL,
  `image` varchar(191) CHARACTER SET utf8mb4 COLLATE utf8mb4_unicode_ci DEFAULT NULL,
  `type` int NOT NULL DEFAULT '0',
  PRIMARY KEY (`id`)
) ENGINE=InnoDB AUTO_INCREMENT=7 DEFAULT CHARSET=utf8mb4 COLLATE=utf8mb4_unicode_ci;

--
-- Dumping data for table `pages`
--

INSERT INTO `pages` (`id`, `created_at`, `updated_at`, `image`, `type`) VALUES (1,'2022-06-28 09:49:28','2024-05-17 00:23:24','2024-05-17-pin-icon.svg',0),(3,'2022-11-03 11:43:26','2024-05-17 00:27:14','2024-05-17-add.png',0),(4,'2024-05-04 12:20:49','2024-05-04 12:20:49',NULL,2),(5,'2024-05-04 12:26:11','2024-05-04 12:26:11',NULL,2);

--
-- Table structure for table `password_resets`
--

CREATE TABLE `password_resets` (
  `email` varchar(255) CHARACTER SET utf8mb4 COLLATE utf8mb4_unicode_ci NOT NULL,
  `token` varchar(255) CHARACTER SET utf8mb4 COLLATE utf8mb4_unicode_ci NOT NULL,
  `created_at` timestamp NULL DEFAULT NULL,
  KEY `password_resets_email_index` (`email`)
) ENGINE=InnoDB DEFAULT CHARSET=utf8mb4 COLLATE=utf8mb4_unicode_ci;

--
-- Dumping data for table `password_resets`
--


--
-- Table structure for table `payment_method_translations`
--

CREATE TABLE `payment_method_translations` (
  `id` int unsigned NOT NULL AUTO_INCREMENT,
  `payment_method_id` int unsigned NOT NULL,
  `title` varchar(255) CHARACTER SET utf8mb4 COLLATE utf8mb4_unicode_ci DEFAULT NULL,
  `locale` varchar(255) CHARACTER SET utf8mb4 COLLATE utf8mb4_unicode_ci NOT NULL,
  `created_at` timestamp NULL DEFAULT NULL,
  `updated_at` timestamp NULL DEFAULT NULL,
  PRIMARY KEY (`id`),
  UNIQUE KEY `payment_method_translations_payment_method_id_locale_unique` (`payment_method_id`,`locale`),
  CONSTRAINT `payment_method_translations_payment_method_id_foreign` FOREIGN KEY (`payment_method_id`) REFERENCES `payment_methods` (`id`) ON DELETE CASCADE
) ENGINE=InnoDB AUTO_INCREMENT=35 DEFAULT CHARSET=utf8mb4 COLLATE=utf8mb4_unicode_ci;

--
-- Dumping data for table `payment_method_translations`
--

INSERT INTO `payment_method_translations` (`id`, `payment_method_id`, `title`, `locale`, `created_at`, `updated_at`) VALUES (23,12,'كي نت','ar',NULL,NULL),(24,12,'كي نت','en',NULL,NULL),(25,13,'كاش','ar',NULL,NULL),(26,13,'كاش','en',NULL,NULL),(29,15,'ابل باي','ar',NULL,NULL),(30,15,'ابل باي','en',NULL,NULL),(31,16,'جوجل باي','ar',NULL,NULL),(32,16,'Google pay','en',NULL,NULL),(33,17,'فيزا','ar',NULL,NULL),(34,17,'Visa','en',NULL,NULL);

--
-- Table structure for table `payment_methods`
--

CREATE TABLE `payment_methods` (
  `id` int unsigned NOT NULL AUTO_INCREMENT,
  `image` varchar(255) CHARACTER SET utf8mb4 COLLATE utf8mb4_unicode_ci DEFAULT NULL,
  `type` int NOT NULL DEFAULT '0',
  `status` int NOT NULL DEFAULT '0',
  `created_at` timestamp NULL DEFAULT NULL,
  `updated_at` timestamp NULL DEFAULT NULL,
  `countries` varchar(191) CHARACTER SET utf8mb4 COLLATE utf8mb4_unicode_ci NOT NULL,
  `user_id` int DEFAULT NULL,
  PRIMARY KEY (`id`)
) ENGINE=InnoDB AUTO_INCREMENT=18 DEFAULT CHARSET=utf8mb4 COLLATE=utf8mb4_unicode_ci;

--
-- Dumping data for table `payment_methods`
--

INSERT INTO `payment_methods` (`id`, `image`, `type`, `status`, `created_at`, `updated_at`, `countries`, `user_id`) VALUES (12,'2024-04-27-2022-07-02-drd_QbKb_400x400.jpg',1,1,'2024-04-27 14:39:06','2024-05-11 17:24:48','',345),(13,'2024-04-27-2022-07-02-payment.png',0,1,'2024-04-27 14:39:27','2025-06-12 12:45:21','',345),(15,'2024-06-25-free-apple-pay-3628038-3030419.webp',24,1,'2024-06-25 17:32:23','2025-03-15 15:58:04','',1),(16,'2025-07-17-google-pay-logo-png_seeklogo-324563.png',26,1,'2025-07-17 21:16:29','2025-07-17 21:16:29','',1),(17,'2025-07-17-offers_visa.webp',2,1,'2025-07-17 21:17:08','2025-07-17 21:17:08','',1);

--
-- Table structure for table `payment_users`
--

CREATE TABLE `payment_users` (
  `id` int unsigned NOT NULL AUTO_INCREMENT,
  `payment_method_id` int unsigned NOT NULL,
  `user_id` int unsigned NOT NULL,
  `created_at` timestamp NULL DEFAULT NULL,
  `updated_at` timestamp NULL DEFAULT NULL,
  PRIMARY KEY (`id`),
  KEY `payment_users_payment_method_id_foreign` (`payment_method_id`),
  KEY `payment_users_user_id_foreign` (`user_id`),
  CONSTRAINT `payment_users_payment_method_id_foreign` FOREIGN KEY (`payment_method_id`) REFERENCES `payment_methods` (`id`) ON DELETE CASCADE,
  CONSTRAINT `payment_users_user_id_foreign` FOREIGN KEY (`user_id`) REFERENCES `users` (`id`) ON DELETE CASCADE
) ENGINE=InnoDB AUTO_INCREMENT=54 DEFAULT CHARSET=utf8mb4 COLLATE=utf8mb4_unicode_ci;

--
-- Dumping data for table `payment_users`
--

INSERT INTO `payment_users` (`id`, `payment_method_id`, `user_id`, `created_at`, `updated_at`) VALUES (14,12,438,'2024-11-27 12:25:14','2024-11-27 12:25:14'),(16,15,438,'2024-11-27 12:25:17','2024-11-27 12:25:17'),(22,12,528,'2025-01-30 10:23:25','2025-01-30 10:23:25'),(23,13,528,'2025-01-30 10:23:26','2025-01-30 10:23:26'),(24,12,660,'2025-04-21 13:10:59','2025-04-21 13:10:59'),(25,13,660,'2025-04-21 13:11:02','2025-04-21 13:11:02'),(26,15,660,'2025-04-21 13:11:04','2025-04-21 13:11:04'),(27,12,662,'2025-04-21 14:34:01','2025-04-21 14:34:01'),(29,15,662,'2025-04-21 14:34:05','2025-04-21 14:34:05'),(30,15,668,'2025-05-27 20:44:59','2025-05-27 20:44:59'),(31,13,668,'2025-05-27 20:45:00','2025-05-27 20:45:00'),(32,12,668,'2025-05-27 20:45:03','2025-05-27 20:45:03'),(38,15,528,'2025-06-12 12:46:45','2025-06-12 12:46:45'),(39,12,678,'2025-06-14 21:55:51','2025-06-14 21:55:51'),(41,15,678,'2025-06-14 21:55:53','2025-06-14 21:55:53'),(43,12,681,'2025-06-16 14:45:24','2025-06-16 14:45:24'),(45,15,681,'2025-06-16 14:45:27','2025-06-16 14:45:27'),(47,16,438,'2025-07-21 20:29:16','2025-07-21 20:29:16'),(48,17,438,'2025-07-21 20:29:18','2025-07-21 20:29:18'),(50,12,724,'2025-10-14 16:19:52','2025-10-14 16:19:52'),(51,15,724,'2025-10-14 16:19:54','2025-10-14 16:19:54'),(52,16,724,'2025-10-14 16:19:56','2025-10-14 16:19:56'),(53,17,724,'2025-10-14 16:20:00','2025-10-14 16:20:00');

--
-- Table structure for table `permission_role`
--

CREATE TABLE `permission_role` (
  `permission_id` bigint unsigned NOT NULL,
  `role_id` bigint unsigned NOT NULL,
  PRIMARY KEY (`permission_id`,`role_id`),
  KEY `permission_role_role_id_foreign` (`role_id`),
  CONSTRAINT `permission_role_permission_id_foreign` FOREIGN KEY (`permission_id`) REFERENCES `permissions` (`id`) ON DELETE CASCADE ON UPDATE CASCADE,
  CONSTRAINT `permission_role_role_id_foreign` FOREIGN KEY (`role_id`) REFERENCES `roles` (`id`) ON DELETE CASCADE ON UPDATE CASCADE
) ENGINE=InnoDB DEFAULT CHARSET=utf8mb4 COLLATE=utf8mb4_unicode_ci;

--
-- Dumping data for table `permission_role`
--

INSERT INTO `permission_role` (`permission_id`, `role_id`) VALUES (1,1),(2,1),(3,1),(4,1),(5,1),(6,1),(7,1),(8,1),(9,1),(10,1),(11,1),(12,1),(13,1),(14,1),(15,1),(16,1),(17,1),(18,1),(19,1),(20,1),(21,1),(22,1),(23,1),(24,1),(25,1),(26,1),(27,1),(28,1),(29,1),(30,1),(31,1),(32,1),(33,1),(34,1),(35,1),(36,1),(37,1),(38,1),(39,1),(40,1),(41,1),(42,1),(43,1),(44,1),(45,1),(46,1),(47,1),(48,1),(49,1),(50,1),(51,1),(52,1),(53,1),(54,1),(55,1),(56,1),(57,1),(58,1),(59,1),(60,1),(61,1),(62,1),(63,1),(64,1),(1,8),(1,9),(3,9),(4,9),(25,9),(26,9),(27,9),(29,9),(30,9),(31,9),(32,9),(38,9),(41,9),(42,9),(43,9),(44,9),(57,9),(58,9),(59,9),(60,9),(20,10),(1,12),(3,12),(4,12),(25,12),(26,12),(27,12),(28,12),(37,12),(38,12),(39,12),(40,12),(41,12),(42,12),(43,12),(44,12),(57,12),(58,12),(59,12),(60,12),(54,13),(41,14),(42,14),(43,14),(44,14),(53,14),(54,14),(55,14);

--
-- Table structure for table `permission_user`
--

CREATE TABLE `permission_user` (
  `permission_id` bigint unsigned NOT NULL,
  `user_id` bigint unsigned NOT NULL,
  `user_type` varchar(255) CHARACTER SET utf8mb4 COLLATE utf8mb4_unicode_ci NOT NULL,
  PRIMARY KEY (`user_id`,`permission_id`,`user_type`),
  KEY `permission_user_permission_id_foreign` (`permission_id`),
  CONSTRAINT `permission_user_permission_id_foreign` FOREIGN KEY (`permission_id`) REFERENCES `permissions` (`id`) ON DELETE CASCADE ON UPDATE CASCADE
) ENGINE=InnoDB DEFAULT CHARSET=utf8mb4 COLLATE=utf8mb4_unicode_ci;

--
-- Dumping data for table `permission_user`
--


--
-- Table structure for table `permissions`
--

CREATE TABLE `permissions` (
  `id` bigint unsigned NOT NULL AUTO_INCREMENT,
  `name` varchar(255) CHARACTER SET utf8mb4 COLLATE utf8mb4_unicode_ci NOT NULL,
  `display_name` varchar(255) CHARACTER SET utf8mb4 COLLATE utf8mb4_unicode_ci DEFAULT NULL,
  `description` varchar(255) CHARACTER SET utf8mb4 COLLATE utf8mb4_unicode_ci DEFAULT NULL,
  `created_at` timestamp NULL DEFAULT NULL,
  `updated_at` timestamp NULL DEFAULT NULL,
  PRIMARY KEY (`id`),
  UNIQUE KEY `permissions_name_unique` (`name`)
) ENGINE=InnoDB AUTO_INCREMENT=65 DEFAULT CHARSET=utf8mb4 COLLATE=utf8mb4_unicode_ci;

--
-- Dumping data for table `permissions`
--

INSERT INTO `permissions` (`id`, `name`, `display_name`, `description`, `created_at`, `updated_at`) VALUES (1,'create_users','Create Users','Create Users','2022-06-21 09:32:18','2022-06-21 09:32:18'),(2,'read_users','Read Users','Read Users','2022-06-21 09:32:18','2022-06-21 09:32:18'),(3,'update_users','Update Users','Update Users','2022-06-21 09:32:18','2022-06-21 09:32:18'),(4,'delete_users','Delete Users','Delete Users','2022-06-21 09:32:18','2022-06-21 09:32:18'),(5,'create_roles','Create Roles','Create Roles','2022-06-21 09:32:18','2022-06-21 09:32:18'),(6,'read_roles','Read Roles','Read Roles','2022-06-21 09:32:18','2022-06-21 09:32:18'),(7,'update_roles','Update Roles','Update Roles','2022-06-21 09:32:18','2022-06-21 09:32:18'),(8,'delete_roles','Delete Roles','Delete Roles','2022-06-21 09:32:18','2022-06-21 09:32:18'),(9,'create_notifications','Create Notifications','Create Notifications','2022-06-21 09:32:18','2022-06-21 09:32:18'),(10,'read_notifications','Read Notifications','Read Notifications','2022-06-21 09:32:18','2022-06-21 09:32:18'),(11,'update_notifications','Update Notifications','Update Notifications','2022-06-21 09:32:18','2022-06-21 09:32:18'),(12,'delete_notifications','Delete Notifications','Delete Notifications','2022-06-21 09:32:18','2022-06-21 09:32:18'),(13,'create_sliders','Create Sliders','Create Sliders','2022-06-21 09:32:18','2022-06-21 09:32:18'),(14,'read_sliders','Read Sliders','Read Sliders','2022-06-21 09:32:18','2022-06-21 09:32:18'),(15,'update_sliders','Update Sliders','Update Sliders','2022-06-21 09:32:18','2022-06-21 09:32:18'),(16,'delete_sliders','Delete Sliders','Delete Sliders','2022-06-21 09:32:18','2022-06-21 09:32:18'),(17,'create_settings','Create Settings','Create Settings','2022-06-21 09:32:18','2022-06-21 09:32:18'),(18,'read_settings','Read Settings','Read Settings','2022-06-21 09:32:18','2022-06-21 09:32:18'),(19,'update_settings','Update Settings','Update Settings','2022-06-21 09:32:18','2022-06-21 09:32:18'),(20,'delete_settings','Delete Settings','Delete Settings','2022-06-21 09:32:18','2022-06-21 09:32:18'),(21,'create_categories','Create Categories','Create Categories','2022-06-21 09:32:18','2022-06-21 09:32:18'),(22,'read_categories','Read Categories','Read Categories','2022-06-21 09:32:18','2022-06-21 09:32:18'),(23,'update_categories','Update Categories','Update Categories','2022-06-21 09:32:18','2022-06-21 09:32:18'),(24,'delete_categories','Delete Categories','Delete Categories','2022-06-21 09:32:18','2022-06-21 09:32:18'),(25,'create_products','Create Products','Create Products','2022-06-21 09:32:18','2022-06-21 09:32:18'),(26,'read_products','Read Products','Read Products','2022-06-21 09:32:18','2022-06-21 09:32:18'),(27,'update_products','Update Products','Update Products','2022-06-21 09:32:18','2022-06-21 09:32:18'),(28,'delete_products','Delete Products','Delete Products','2022-06-21 09:32:18','2022-06-21 09:32:18'),(29,'create_paymentMethods','Create PaymentMethods','Create PaymentMethods','2022-06-21 09:32:18','2022-06-21 09:32:18'),(30,'read_paymentMethods','Read PaymentMethods','Read PaymentMethods','2022-06-21 09:32:18','2022-06-21 09:32:18'),(31,'update_paymentMethods','Update PaymentMethods','Update PaymentMethods','2022-06-21 09:32:18','2022-06-21 09:32:18'),(32,'delete_paymentMethods','Delete PaymentMethods','Delete PaymentMethods','2022-06-21 09:32:18','2022-06-21 09:32:18'),(33,'create_shippingType','Create ShippingType','Create ShippingType','2022-06-21 09:32:18','2022-06-21 09:32:18'),(34,'read_shippingType','Read ShippingType','Read ShippingType','2022-06-21 09:32:18','2022-06-21 09:32:18'),(35,'update_shippingType','Update ShippingType','Update ShippingType','2022-06-21 09:32:18','2022-06-21 09:32:18'),(36,'delete_shippingType','Delete ShippingType','Delete ShippingType','2022-06-21 09:32:18','2022-06-21 09:32:18'),(37,'create_orders','Create Orders','Create Orders','2022-06-21 09:32:18','2022-06-21 09:32:18'),(38,'read_orders','Read Orders','Read Orders','2022-06-21 09:32:18','2022-06-21 09:32:18'),(39,'update_orders','Update Orders','Update Orders','2022-06-21 09:32:18','2022-06-21 09:32:18'),(40,'delete_orders','Delete Orders','Delete Orders','2022-06-21 09:32:18','2022-06-21 09:32:18'),(41,'create_reports','Create Reports','Create Reports','2022-06-21 09:32:18','2022-06-21 09:32:18'),(42,'read_reports','Read Reports','Read Reports','2022-06-21 09:32:18','2022-06-21 09:32:18'),(43,'update_reports','Update Reports','Update Reports','2022-06-21 09:32:18','2022-06-21 09:32:18'),(44,'delete_reports','Delete Reports','Delete Reports','2022-06-21 09:32:18','2022-06-21 09:32:18'),(45,'create_governments','Create Governments','Create Governments','2022-06-21 09:32:18','2022-06-21 09:32:18'),(46,'read_governments','Read Governments','Read Governments','2022-06-21 09:32:18','2022-06-21 09:32:18'),(47,'update_governments','Update Governments','Update Governments','2022-06-21 09:32:18','2022-06-21 09:32:18'),(48,'delete_governments','Delete Governments','Delete Governments','2022-06-21 09:32:18','2022-06-21 09:32:18'),(49,'create_regions','Create Regions','Create Regions','2022-06-21 09:32:18','2022-06-21 09:32:18'),(50,'read_regions','Read Regions','Read Regions','2022-06-21 09:32:18','2022-06-21 09:32:18'),(51,'update_regions','Update Regions','Update Regions','2022-06-21 09:32:18','2022-06-21 09:32:18'),(52,'delete_regions','Delete Regions','Delete Regions','2022-06-21 09:32:18','2022-06-21 09:32:18'),(53,'create_discount','Create Discount','Create Discount','2022-06-21 09:32:18','2022-06-21 09:32:18'),(54,'read_discount','Read Discount','Read Discount','2022-06-21 09:32:18','2022-06-21 09:32:18'),(55,'update_discount','Update Discount','Update Discount','2022-06-21 09:32:18','2022-06-21 09:32:18'),(56,'delete_discount','Delete Discount','Delete Discount','2022-06-21 09:32:18','2022-06-21 09:32:18'),(57,'create_times','Create Times','Create Times','2022-06-21 09:32:18','2022-06-21 09:32:18'),(58,'read_times','Read Times','Read Times','2022-06-21 09:32:18','2022-06-21 09:32:18'),(59,'update_times','Update Times','Update Times','2022-06-21 09:32:18','2022-06-21 09:32:18'),(60,'delete_times','Delete Times','Delete Times','2022-06-21 09:32:18','2022-06-21 09:32:18'),(61,'create_tagers','Create Tagers','Create Tagers','2022-06-21 09:32:18','2022-06-21 09:32:18'),(62,'read_tagers','Read Tagers','Read Tagers','2022-06-21 09:32:18','2022-06-21 09:32:18'),(63,'update_tagers','Update Tagers','Update Tagers','2022-06-21 09:32:18','2022-06-21 09:32:18'),(64,'delete_tagers','Delete Tagers','Delete Tagers','2022-06-21 09:32:18','2022-06-21 09:32:18');

--
-- Table structure for table `personal_access_tokens`
--

CREATE TABLE `personal_access_tokens` (
  `id` bigint unsigned NOT NULL AUTO_INCREMENT,
  `tokenable_type` varchar(255) CHARACTER SET utf8mb4 COLLATE utf8mb4_unicode_ci NOT NULL,
  `tokenable_id` bigint unsigned NOT NULL,
  `name` varchar(255) CHARACTER SET utf8mb4 COLLATE utf8mb4_unicode_ci NOT NULL,
  `token` varchar(64) CHARACTER SET utf8mb4 COLLATE utf8mb4_unicode_ci NOT NULL,
  `abilities` text CHARACTER SET utf8mb4 COLLATE utf8mb4_unicode_ci,
  `last_used_at` timestamp NULL DEFAULT NULL,
  `created_at` timestamp NULL DEFAULT NULL,
  `updated_at` timestamp NULL DEFAULT NULL,
  PRIMARY KEY (`id`),
  UNIQUE KEY `personal_access_tokens_token_unique` (`token`),
  KEY `personal_access_tokens_tokenable_type_tokenable_id_index` (`tokenable_type`,`tokenable_id`)
) ENGINE=InnoDB DEFAULT CHARSET=utf8mb4 COLLATE=utf8mb4_unicode_ci;

--
-- Dumping data for table `personal_access_tokens`
--


--
-- Table structure for table `product_branches`
--

CREATE TABLE `product_branches` (
  `id` int unsigned NOT NULL AUTO_INCREMENT,
  `product_id` int unsigned NOT NULL,
  `branche_id` int unsigned NOT NULL,
  `status` int NOT NULL DEFAULT '1',
  `created_at` timestamp NULL DEFAULT NULL,
  `updated_at` timestamp NULL DEFAULT NULL,
  PRIMARY KEY (`id`),
  KEY `product_branches_product_id_foreign` (`product_id`),
  KEY `product_branches_branch_id_foreign` (`branche_id`),
  CONSTRAINT `product_branches_branch_id_foreign` FOREIGN KEY (`branche_id`) REFERENCES `branches` (`id`) ON DELETE CASCADE,
  CONSTRAINT `product_branches_product_id_foreign` FOREIGN KEY (`product_id`) REFERENCES `products` (`id`) ON DELETE CASCADE
) ENGINE=InnoDB AUTO_INCREMENT=1041 DEFAULT CHARSET=utf8mb4 COLLATE=utf8mb4_unicode_ci;

--
-- Dumping data for table `product_branches`
--

INSERT INTO `product_branches` (`id`, `product_id`, `branche_id`, `status`, `created_at`, `updated_at`) VALUES (102,130,35,1,NULL,NULL),(103,129,35,1,NULL,NULL),(114,141,35,1,NULL,NULL),(115,143,35,1,NULL,NULL),(116,144,35,1,NULL,NULL),(117,145,35,1,NULL,NULL),(128,158,36,1,NULL,NULL),(134,167,36,1,NULL,NULL),(135,167,37,1,NULL,NULL),(136,167,38,1,NULL,NULL),(153,171,39,1,NULL,NULL),(155,169,39,1,NULL,NULL),(156,168,39,1,NULL,NULL),(161,172,39,1,NULL,NULL),(166,174,39,1,NULL,NULL),(171,175,39,1,NULL,NULL),(181,179,39,1,NULL,NULL),(186,180,39,1,NULL,NULL),(188,181,36,1,NULL,NULL),(189,181,37,1,NULL,NULL),(190,181,38,1,NULL,NULL),(191,181,39,1,NULL,NULL),(193,182,36,1,NULL,NULL),(194,182,37,1,NULL,NULL),(195,182,38,1,NULL,NULL),(196,182,39,1,NULL,NULL),(198,183,36,1,NULL,NULL),(199,183,37,1,NULL,NULL),(200,183,38,1,NULL,NULL),(201,183,39,1,NULL,NULL),(206,184,39,1,NULL,NULL),(208,189,36,1,NULL,NULL),(209,189,37,1,NULL,NULL),(210,189,38,1,NULL,NULL),(211,189,39,1,NULL,NULL),(216,190,39,1,NULL,NULL),(218,191,36,1,NULL,NULL),(219,191,37,1,NULL,NULL),(220,191,38,1,NULL,NULL),(221,191,39,1,NULL,NULL),(226,193,39,1,NULL,NULL),(231,194,39,1,NULL,NULL),(233,195,36,1,NULL,NULL),(234,195,37,1,NULL,NULL),(235,195,38,1,NULL,NULL),(236,195,39,1,NULL,NULL),(241,196,39,1,NULL,NULL),(246,197,39,1,NULL,NULL),(266,204,39,1,NULL,NULL),(288,213,36,1,NULL,NULL),(289,213,37,1,NULL,NULL),(290,213,38,1,NULL,NULL),(291,213,39,1,NULL,NULL),(321,219,39,1,NULL,NULL),(326,220,39,1,NULL,NULL),(332,224,40,1,NULL,NULL),(333,225,40,1,NULL,NULL),(334,226,40,1,NULL,NULL),(335,227,40,1,NULL,NULL),(336,228,41,1,NULL,NULL),(337,229,41,1,NULL,NULL),(339,232,36,1,NULL,NULL),(340,232,37,1,NULL,NULL),(350,237,39,1,NULL,NULL),(355,238,39,1,NULL,NULL),(360,240,39,1,NULL,NULL),(386,250,42,1,NULL,NULL),(387,253,42,1,NULL,NULL),(388,254,42,1,NULL,NULL),(437,66,39,1,NULL,NULL),(441,67,39,1,NULL,NULL),(449,71,39,1,NULL,NULL),(453,73,39,1,NULL,NULL),(457,76,39,1,NULL,NULL),(461,79,39,1,NULL,NULL),(465,82,39,1,NULL,NULL),(474,83,36,1,NULL,NULL),(478,84,36,1,NULL,NULL),(489,120,39,1,NULL,NULL),(497,91,39,1,NULL,NULL),(501,92,39,1,NULL,NULL),(509,108,39,1,NULL,NULL),(513,147,39,1,NULL,NULL),(517,149,39,1,NULL,NULL),(521,150,39,1,NULL,NULL),(525,151,39,1,NULL,NULL),(533,153,39,1,NULL,NULL),(536,157,39,1,NULL,NULL),(537,158,37,1,NULL,NULL),(538,158,38,1,NULL,NULL),(539,158,39,1,NULL,NULL),(542,159,39,1,NULL,NULL),(546,269,38,1,NULL,NULL),(547,270,36,1,NULL,NULL),(548,271,39,1,NULL,NULL),(549,272,37,1,NULL,NULL),(550,274,36,1,NULL,NULL),(551,281,39,1,NULL,NULL),(552,282,39,1,NULL,NULL),(553,283,36,1,NULL,NULL),(554,218,38,1,NULL,NULL),(556,236,37,1,NULL,NULL),(557,217,38,1,NULL,NULL),(558,242,37,1,NULL,NULL),(559,243,37,1,NULL,NULL),(560,246,37,1,NULL,NULL),(561,247,37,1,NULL,NULL),(562,248,37,1,NULL,NULL),(563,257,36,1,NULL,NULL),(564,267,36,1,NULL,NULL),(565,262,36,1,NULL,NULL),(566,260,36,1,NULL,NULL),(567,289,39,1,NULL,NULL),(568,290,39,1,NULL,NULL),(569,291,39,1,NULL,NULL),(570,292,39,1,NULL,NULL),(571,293,39,1,NULL,NULL),(572,294,39,1,NULL,NULL),(573,296,39,1,NULL,NULL),(574,300,39,1,NULL,NULL),(575,299,37,1,NULL,NULL),(576,301,39,1,NULL,NULL),(577,302,39,1,NULL,NULL),(578,104,36,1,NULL,NULL),(579,123,36,1,NULL,NULL),(580,214,36,1,NULL,NULL),(581,216,36,1,NULL,NULL),(582,304,39,1,NULL,NULL),(583,222,36,1,NULL,NULL),(584,215,36,1,NULL,NULL),(585,212,36,1,NULL,NULL),(586,211,36,1,NULL,NULL),(587,210,36,1,NULL,NULL),(588,209,36,1,NULL,NULL),(589,306,39,1,NULL,NULL),(590,305,37,1,NULL,NULL),(591,307,38,1,NULL,NULL),(592,308,39,1,NULL,NULL),(593,309,38,1,NULL,NULL),(594,310,38,1,NULL,NULL),(595,311,39,1,NULL,NULL),(596,313,39,1,NULL,NULL),(597,314,39,1,NULL,NULL),(598,316,39,1,NULL,NULL),(599,319,39,1,NULL,NULL),(600,320,39,1,NULL,NULL),(601,321,39,1,NULL,NULL),(602,322,39,1,NULL,NULL),(603,324,39,1,NULL,NULL),(604,326,38,1,NULL,NULL),(605,258,36,1,NULL,NULL),(606,259,36,1,NULL,NULL),(607,328,38,1,NULL,NULL),(608,329,38,1,NULL,NULL),(609,330,38,1,NULL,NULL),(610,332,38,1,NULL,NULL),(611,333,38,1,NULL,NULL),(612,334,36,1,NULL,NULL),(613,335,38,1,NULL,NULL),(614,339,36,1,NULL,NULL),(615,340,36,1,NULL,NULL),(616,341,38,1,NULL,NULL),(617,343,38,1,NULL,NULL),(618,344,38,1,NULL,NULL),(619,346,38,1,NULL,NULL),(620,347,38,1,NULL,NULL),(621,348,38,1,NULL,NULL),(622,351,38,1,NULL,NULL),(623,352,38,1,NULL,NULL),(624,355,38,1,NULL,NULL),(625,356,38,1,NULL,NULL),(626,357,38,1,NULL,NULL),(627,358,38,1,NULL,NULL),(628,359,36,1,NULL,NULL),(629,360,36,1,NULL,NULL),(630,361,36,1,NULL,NULL),(631,362,36,1,NULL,NULL),(632,365,38,1,NULL,NULL),(633,366,38,1,NULL,NULL),(634,370,37,1,NULL,NULL),(635,371,37,1,NULL,NULL),(636,372,37,1,NULL,NULL),(637,373,38,1,NULL,NULL),(638,374,38,1,NULL,NULL),(639,375,38,1,NULL,NULL),(640,376,38,1,NULL,NULL),(641,378,38,1,NULL,NULL),(642,379,38,1,NULL,NULL),(643,380,38,1,NULL,NULL),(644,381,38,1,NULL,NULL),(645,382,38,1,NULL,NULL),(646,383,38,1,NULL,NULL),(647,384,38,1,NULL,NULL),(648,385,38,1,NULL,NULL),(649,387,38,1,NULL,NULL),(650,388,38,1,NULL,NULL),(651,389,37,1,NULL,NULL),(652,390,37,1,NULL,NULL),(653,391,37,1,NULL,NULL),(654,392,37,1,NULL,NULL),(655,393,37,1,NULL,NULL),(656,394,37,1,NULL,NULL),(657,395,37,1,NULL,NULL),(658,396,37,1,NULL,NULL),(659,397,37,1,NULL,NULL),(660,398,37,1,NULL,NULL),(661,399,37,1,NULL,NULL),(662,400,38,1,NULL,NULL),(663,401,38,1,NULL,NULL),(664,402,38,1,NULL,NULL),(665,403,38,1,NULL,NULL),(666,404,38,1,NULL,NULL),(667,405,38,1,NULL,NULL),(668,406,38,1,NULL,NULL),(669,407,36,1,NULL,NULL),(670,408,36,1,NULL,NULL),(671,409,37,1,NULL,NULL),(672,410,37,1,NULL,NULL),(673,412,37,1,NULL,NULL),(676,413,38,1,NULL,NULL),(677,414,37,1,NULL,NULL),(678,415,37,1,NULL,NULL),(679,416,37,1,NULL,NULL),(680,417,37,1,NULL,NULL),(681,418,37,1,NULL,NULL),(682,419,37,1,NULL,NULL),(683,420,37,1,NULL,NULL),(684,421,37,1,NULL,NULL),(685,422,37,1,NULL,NULL),(686,423,37,1,NULL,NULL),(687,424,37,1,NULL,NULL),(688,425,37,1,NULL,NULL),(689,427,36,1,NULL,NULL),(690,426,37,1,NULL,NULL),(691,428,37,1,NULL,NULL),(692,429,37,1,NULL,NULL),(693,434,36,1,NULL,NULL),(694,437,36,1,NULL,NULL),(695,438,36,1,NULL,NULL),(696,439,36,1,NULL,NULL),(697,440,39,1,NULL,NULL),(698,441,39,1,NULL,NULL),(699,442,36,1,NULL,NULL),(700,443,36,1,NULL,NULL),(701,445,36,1,NULL,NULL),(702,447,36,1,NULL,NULL),(703,166,36,1,NULL,NULL),(704,170,36,1,NULL,NULL),(705,448,39,1,NULL,NULL),(706,449,39,1,NULL,NULL),(707,450,39,1,NULL,NULL),(708,451,39,1,NULL,NULL),(709,452,39,1,NULL,NULL),(710,453,39,1,NULL,NULL),(711,454,39,1,NULL,NULL),(712,455,39,1,NULL,NULL),(713,457,36,1,NULL,NULL),(717,152,36,1,NULL,NULL),(718,146,36,1,NULL,NULL),(719,126,36,1,NULL,NULL),(720,117,36,1,NULL,NULL),(721,112,36,1,NULL,NULL),(722,111,36,1,NULL,NULL),(723,88,36,1,NULL,NULL),(724,90,36,1,NULL,NULL),(725,75,36,1,NULL,NULL),(726,68,36,1,NULL,NULL),(727,201,36,1,NULL,NULL),(728,199,36,1,NULL,NULL),(729,198,36,1,NULL,NULL),(730,177,36,1,NULL,NULL),(731,461,45,1,NULL,NULL),(732,462,45,1,NULL,NULL),(733,463,45,1,NULL,NULL),(734,465,36,1,NULL,NULL),(735,466,36,1,NULL,NULL),(736,467,36,1,NULL,NULL),(737,471,36,1,NULL,NULL),(738,472,36,1,NULL,NULL),(739,473,37,1,NULL,NULL),(740,474,37,1,NULL,NULL),(741,475,37,1,NULL,NULL),(742,476,37,1,NULL,NULL),(743,477,37,1,NULL,NULL),(744,478,37,1,NULL,NULL),(745,479,37,1,NULL,NULL),(746,480,37,1,NULL,NULL),(747,481,37,1,NULL,NULL),(748,482,37,1,NULL,NULL),(749,483,37,1,NULL,NULL),(750,484,37,1,NULL,NULL),(751,485,37,1,NULL,NULL),(752,486,39,1,NULL,NULL),(753,487,39,1,NULL,NULL),(754,488,39,1,NULL,NULL),(755,489,39,1,NULL,NULL),(756,490,39,1,NULL,NULL),(757,491,39,1,NULL,NULL),(758,492,39,1,NULL,NULL),(759,493,39,1,NULL,NULL),(760,495,39,1,NULL,NULL),(761,496,39,1,NULL,NULL),(762,497,39,1,NULL,NULL),(763,498,39,1,NULL,NULL),(764,499,39,1,NULL,NULL),(765,501,38,1,NULL,NULL),(766,502,38,1,NULL,NULL),(767,503,38,1,NULL,NULL),(769,505,47,1,NULL,NULL),(770,506,47,1,NULL,NULL),(771,507,47,1,NULL,NULL),(772,508,38,1,NULL,NULL),(773,509,38,1,NULL,NULL),(774,510,38,1,NULL,NULL),(775,512,38,1,NULL,NULL),(776,513,38,1,NULL,NULL),(777,514,38,1,NULL,NULL),(778,515,38,1,NULL,NULL),(779,516,38,1,NULL,NULL),(780,517,38,1,NULL,NULL),(781,527,36,1,NULL,NULL),(782,534,36,1,NULL,NULL),(783,535,36,1,NULL,NULL),(784,537,36,1,NULL,NULL),(785,538,36,1,NULL,NULL),(786,542,36,1,NULL,NULL),(787,543,36,1,NULL,NULL),(788,544,36,1,NULL,NULL),(789,545,36,1,NULL,NULL),(790,549,36,1,NULL,NULL),(791,551,36,1,NULL,NULL),(792,552,36,1,NULL,NULL),(793,553,36,1,NULL,NULL),(794,556,36,1,NULL,NULL),(795,558,36,1,NULL,NULL),(796,559,36,1,NULL,NULL),(797,560,36,1,NULL,NULL),(798,561,36,1,NULL,NULL),(799,562,36,1,NULL,NULL),(800,566,36,1,NULL,NULL),(801,567,36,1,NULL,NULL),(802,568,36,1,NULL,NULL),(803,265,37,1,NULL,NULL),(804,266,37,1,NULL,NULL),(805,263,37,1,NULL,NULL),(806,569,36,1,NULL,NULL),(807,572,36,1,NULL,NULL),(808,573,36,1,NULL,NULL),(809,574,36,1,NULL,NULL),(810,575,36,1,NULL,NULL),(811,576,36,1,NULL,NULL),(812,577,36,1,NULL,NULL),(813,578,36,1,NULL,NULL),(814,579,36,1,NULL,NULL),(815,580,36,1,NULL,NULL),(816,581,36,1,NULL,NULL),(817,582,36,1,NULL,NULL),(818,89,36,1,NULL,NULL),(819,604,37,1,NULL,NULL),(820,605,37,1,NULL,NULL),(821,606,37,1,NULL,NULL),(822,607,37,1,NULL,NULL),(823,608,37,1,NULL,NULL),(824,609,37,1,NULL,NULL),(825,610,37,1,NULL,NULL),(826,611,37,1,NULL,NULL),(827,612,37,1,NULL,NULL),(828,613,37,1,NULL,NULL),(829,614,37,1,NULL,NULL),(830,615,36,1,NULL,NULL),(831,616,36,1,NULL,NULL),(832,617,36,1,NULL,NULL),(833,618,36,1,NULL,NULL),(834,619,36,1,NULL,NULL),(835,620,36,1,NULL,NULL),(836,621,36,1,NULL,NULL),(837,622,36,1,NULL,NULL),(838,623,36,1,NULL,NULL),(839,624,36,1,NULL,NULL),(840,625,36,1,NULL,NULL),(841,626,38,1,NULL,NULL),(842,627,38,1,NULL,NULL),(843,628,38,1,NULL,NULL),(844,629,38,1,NULL,NULL),(845,630,38,1,NULL,NULL),(846,631,38,1,NULL,NULL),(847,632,38,1,NULL,NULL),(848,633,38,1,NULL,NULL),(849,634,38,1,NULL,NULL),(850,635,38,1,NULL,NULL),(851,636,38,1,NULL,NULL),(852,637,38,1,NULL,NULL),(853,638,38,1,NULL,NULL),(854,639,38,1,NULL,NULL),(855,640,38,1,NULL,NULL),(856,641,38,1,NULL,NULL),(857,642,38,1,NULL,NULL),(858,643,38,1,NULL,NULL),(859,644,37,1,NULL,NULL),(860,645,37,1,NULL,NULL),(861,646,37,1,NULL,NULL),(862,647,37,1,NULL,NULL),(863,648,37,1,NULL,NULL),(864,649,37,1,NULL,NULL),(865,650,37,1,NULL,NULL),(866,651,37,1,NULL,NULL),(867,652,37,1,NULL,NULL),(868,654,37,1,NULL,NULL),(869,655,37,1,NULL,NULL),(870,657,37,1,NULL,NULL),(871,658,37,1,NULL,NULL),(872,659,37,1,NULL,NULL),(873,660,37,1,NULL,NULL),(874,661,37,1,NULL,NULL),(875,662,37,1,NULL,NULL),(876,663,37,1,NULL,NULL),(877,664,37,1,NULL,NULL),(878,665,37,1,NULL,NULL),(879,666,37,1,NULL,NULL),(880,667,37,1,NULL,NULL),(881,668,37,1,NULL,NULL),(882,669,38,1,NULL,NULL),(883,670,38,1,NULL,NULL),(884,674,38,1,NULL,NULL),(885,675,38,1,NULL,NULL),(886,676,38,1,NULL,NULL),(887,677,38,1,NULL,NULL),(888,678,38,1,NULL,NULL),(889,679,38,1,NULL,NULL),(890,681,38,1,NULL,NULL),(891,682,38,1,NULL,NULL),(892,680,36,1,NULL,NULL),(893,684,36,1,NULL,NULL),(894,685,36,1,NULL,NULL),(895,686,38,1,NULL,NULL),(896,687,36,1,NULL,NULL),(897,688,36,1,NULL,NULL),(898,690,36,1,NULL,NULL),(899,689,38,1,NULL,NULL),(900,691,36,1,NULL,NULL),(901,693,36,1,NULL,NULL),(902,692,38,1,NULL,NULL),(903,694,36,1,NULL,NULL),(904,695,36,1,NULL,NULL),(905,696,38,1,NULL,NULL),(906,697,36,1,NULL,NULL),(907,699,36,1,NULL,NULL),(908,698,38,1,NULL,NULL),(909,700,36,1,NULL,NULL),(910,701,36,1,NULL,NULL),(911,702,37,1,NULL,NULL),(912,703,37,1,NULL,NULL),(913,704,37,1,NULL,NULL),(914,706,37,1,NULL,NULL),(915,707,37,1,NULL,NULL),(916,708,37,1,NULL,NULL),(917,709,36,1,NULL,NULL),(918,710,36,1,NULL,NULL),(919,711,36,1,NULL,NULL),(920,712,36,1,NULL,NULL),(921,713,36,1,NULL,NULL),(922,714,36,1,NULL,NULL),(923,716,37,1,NULL,NULL),(924,717,37,1,NULL,NULL),(925,718,37,1,NULL,NULL),(926,720,37,1,NULL,NULL),(927,721,36,1,NULL,NULL),(928,722,37,1,NULL,NULL),(929,723,36,1,NULL,NULL),(930,724,37,1,NULL,NULL),(931,725,36,1,NULL,NULL),(932,726,37,1,NULL,NULL),(933,727,36,1,NULL,NULL),(934,728,37,1,NULL,NULL),(935,729,36,1,NULL,NULL),(936,730,37,1,NULL,NULL),(937,731,37,1,NULL,NULL),(938,732,36,1,NULL,NULL),(939,733,36,1,NULL,NULL),(940,735,37,1,NULL,NULL),(941,736,37,1,NULL,NULL),(942,737,37,1,NULL,NULL),(943,739,37,1,NULL,NULL),(944,740,37,1,NULL,NULL),(945,741,37,1,NULL,NULL),(946,743,37,1,NULL,NULL),(947,744,37,1,NULL,NULL),(948,745,37,1,NULL,NULL),(949,746,37,1,NULL,NULL),(950,747,36,1,NULL,NULL),(951,748,36,1,NULL,NULL),(952,749,36,1,NULL,NULL),(953,750,36,1,NULL,NULL),(954,751,36,1,NULL,NULL),(955,752,36,1,NULL,NULL),(956,753,36,1,NULL,NULL),(957,755,38,1,NULL,NULL),(958,756,38,1,NULL,NULL),(959,757,38,1,NULL,NULL),(960,758,38,1,NULL,NULL),(961,759,38,1,NULL,NULL),(962,760,38,1,NULL,NULL),(963,762,38,1,NULL,NULL),(964,765,39,1,NULL,NULL),(965,766,39,1,NULL,NULL),(966,767,39,1,NULL,NULL),(967,768,39,1,NULL,NULL),(968,769,39,1,NULL,NULL),(969,770,39,1,NULL,NULL),(970,771,39,1,NULL,NULL),(971,772,39,1,NULL,NULL),(972,773,39,1,NULL,NULL),(973,774,39,1,NULL,NULL),(974,775,39,1,NULL,NULL),(975,776,39,1,NULL,NULL),(976,779,37,1,NULL,NULL),(977,780,37,1,NULL,NULL),(978,781,37,1,NULL,NULL),(979,782,37,1,NULL,NULL),(980,783,37,1,NULL,NULL),(981,784,37,1,NULL,NULL),(982,785,37,1,NULL,NULL),(983,786,38,1,NULL,NULL),(984,787,38,1,NULL,NULL),(985,788,38,1,NULL,NULL),(986,789,38,1,NULL,NULL),(987,790,38,1,NULL,NULL),(988,791,38,1,NULL,NULL),(989,792,38,1,NULL,NULL),(990,793,36,1,NULL,NULL),(991,795,36,1,NULL,NULL),(992,796,36,1,NULL,NULL),(993,797,36,1,NULL,NULL),(994,798,36,1,NULL,NULL),(995,799,36,1,NULL,NULL),(996,802,36,1,NULL,NULL),(997,805,36,1,NULL,NULL),(998,813,49,1,NULL,NULL),(999,814,49,1,NULL,NULL),(1000,815,49,1,NULL,NULL),(1001,816,49,1,NULL,NULL),(1002,817,49,1,NULL,NULL),(1003,818,49,1,NULL,NULL),(1004,819,49,1,NULL,NULL),(1005,820,49,1,NULL,NULL),(1006,821,49,1,NULL,NULL),(1008,822,48,1,NULL,NULL),(1009,823,48,1,NULL,NULL),(1010,824,48,1,NULL,NULL),(1011,825,48,1,NULL,NULL),(1012,826,48,1,NULL,NULL),(1013,827,38,1,NULL,NULL),(1014,828,38,1,NULL,NULL),(1015,829,38,1,NULL,NULL),(1016,830,38,1,NULL,NULL),(1017,832,36,1,NULL,NULL),(1018,833,36,1,NULL,NULL),(1019,835,36,1,NULL,NULL),(1020,836,36,1,NULL,NULL),(1021,837,39,1,NULL,NULL),(1022,838,39,1,NULL,NULL),(1023,839,39,1,NULL,NULL),(1024,840,39,1,NULL,NULL),(1025,841,39,1,NULL,NULL),(1026,842,39,1,NULL,NULL),(1027,845,49,1,NULL,NULL),(1028,846,49,1,NULL,NULL),(1029,847,36,1,NULL,NULL),(1030,848,36,1,NULL,NULL),(1031,849,37,1,NULL,NULL),(1032,850,36,1,NULL,NULL),(1033,851,50,1,NULL,NULL),(1034,853,50,1,NULL,NULL),(1035,854,50,1,NULL,NULL),(1036,856,50,1,NULL,NULL),(1037,860,50,1,NULL,NULL),(1038,861,50,1,NULL,NULL),(1039,861,50,1,NULL,NULL),(1040,865,50,1,NULL,NULL);

--
-- Table structure for table `product_categories`
--

CREATE TABLE `product_categories` (
  `id` int unsigned NOT NULL AUTO_INCREMENT,
  `product_id` int unsigned DEFAULT NULL,
  `category_id` int unsigned DEFAULT NULL,
  `created_at` timestamp NULL DEFAULT NULL,
  `updated_at` timestamp NULL DEFAULT NULL,
  PRIMARY KEY (`id`),
  KEY `product_categories_product_id_foreign` (`product_id`),
  KEY `product_categories_category_id_foreign` (`category_id`),
  CONSTRAINT `product_categories_category_id_foreign` FOREIGN KEY (`category_id`) REFERENCES `categories` (`id`) ON DELETE CASCADE,
  CONSTRAINT `product_categories_product_id_foreign` FOREIGN KEY (`product_id`) REFERENCES `products` (`id`) ON DELETE CASCADE
) ENGINE=InnoDB AUTO_INCREMENT=852 DEFAULT CHARSET=utf8mb4 COLLATE=utf8mb4_unicode_ci;

--
-- Dumping data for table `product_categories`
--

INSERT INTO `product_categories` (`id`, `product_id`, `category_id`, `created_at`, `updated_at`) VALUES (50,65,9,NULL,NULL),(57,67,12,NULL,NULL),(61,70,12,NULL,NULL),(62,70,14,NULL,NULL),(65,72,12,NULL,NULL),(66,72,14,NULL,NULL),(67,70,15,NULL,NULL),(68,71,15,NULL,NULL),(69,72,15,NULL,NULL),(71,74,1,NULL,NULL),(72,74,9,NULL,NULL),(73,75,9,NULL,NULL),(74,76,12,NULL,NULL),(76,76,15,NULL,NULL),(77,77,9,NULL,NULL),(78,78,9,NULL,NULL),(80,80,12,NULL,NULL),(81,80,14,NULL,NULL),(82,80,15,NULL,NULL),(83,81,12,NULL,NULL),(84,81,14,NULL,NULL),(85,81,15,NULL,NULL),(89,85,1,NULL,NULL),(90,86,9,NULL,NULL),(140,103,7,NULL,NULL),(141,104,7,NULL,NULL),(150,110,9,NULL,NULL),(151,110,12,NULL,NULL),(152,110,14,NULL,NULL),(153,110,15,NULL,NULL),(155,111,9,NULL,NULL),(157,113,9,NULL,NULL),(158,115,19,NULL,NULL),(160,116,19,NULL,NULL),(162,118,21,NULL,NULL),(163,120,21,NULL,NULL),(164,122,21,NULL,NULL),(165,117,20,NULL,NULL),(166,123,7,NULL,NULL),(167,88,21,NULL,NULL),(168,90,21,NULL,NULL),(169,125,23,NULL,NULL),(170,126,23,NULL,NULL),(171,129,22,NULL,NULL),(172,130,22,NULL,NULL),(173,131,7,NULL,NULL),(174,132,19,NULL,NULL),(175,133,19,NULL,NULL),(176,134,19,NULL,NULL),(177,135,19,NULL,NULL),(178,136,19,NULL,NULL),(179,137,19,NULL,NULL),(180,138,19,NULL,NULL),(181,139,19,NULL,NULL),(182,140,19,NULL,NULL),(183,141,22,NULL,NULL),(185,144,22,NULL,NULL),(186,145,22,NULL,NULL),(187,143,22,NULL,NULL),(191,150,15,NULL,NULL),(194,153,15,NULL,NULL),(195,157,27,NULL,NULL),(196,158,27,NULL,NULL),(197,159,21,NULL,NULL),(199,167,28,NULL,NULL),(200,168,28,NULL,NULL),(202,170,15,NULL,NULL),(203,171,12,NULL,NULL),(204,172,27,NULL,NULL),(207,177,15,NULL,NULL),(208,179,27,NULL,NULL),(209,180,28,NULL,NULL),(211,182,9,NULL,NULL),(212,183,9,NULL,NULL),(213,184,12,NULL,NULL),(214,189,12,NULL,NULL),(216,191,14,NULL,NULL),(218,194,12,NULL,NULL),(219,195,27,NULL,NULL),(220,196,27,NULL,NULL),(221,197,27,NULL,NULL),(222,198,20,NULL,NULL),(223,199,20,NULL,NULL),(224,201,20,NULL,NULL),(225,204,7,NULL,NULL),(226,209,7,NULL,NULL),(227,210,7,NULL,NULL),(228,211,7,NULL,NULL),(229,212,7,NULL,NULL),(230,213,7,NULL,NULL),(231,214,7,NULL,NULL),(232,215,7,NULL,NULL),(233,216,7,NULL,NULL),(234,217,7,NULL,NULL),(235,218,24,NULL,NULL),(236,219,24,NULL,NULL),(237,220,24,NULL,NULL),(238,222,7,NULL,NULL),(239,224,9,NULL,NULL),(240,224,23,NULL,NULL),(241,225,9,NULL,NULL),(242,225,23,NULL,NULL),(243,226,9,NULL,NULL),(244,226,23,NULL,NULL),(245,227,7,NULL,NULL),(246,228,9,NULL,NULL),(247,228,25,NULL,NULL),(248,229,9,NULL,NULL),(249,229,25,NULL,NULL),(250,232,20,NULL,NULL),(252,236,21,NULL,NULL),(254,237,21,NULL,NULL),(255,236,29,NULL,NULL),(257,238,21,NULL,NULL),(259,240,21,NULL,NULL),(261,242,21,NULL,NULL),(262,242,29,NULL,NULL),(264,243,21,NULL,NULL),(265,243,29,NULL,NULL),(267,246,21,NULL,NULL),(268,246,29,NULL,NULL),(270,247,21,NULL,NULL),(271,247,29,NULL,NULL),(273,248,21,NULL,NULL),(274,248,29,NULL,NULL),(276,250,9,NULL,NULL),(277,250,18,NULL,NULL),(278,250,21,NULL,NULL),(280,253,18,NULL,NULL),(281,253,21,NULL,NULL),(282,254,9,NULL,NULL),(283,254,18,NULL,NULL),(284,254,21,NULL,NULL),(285,257,29,NULL,NULL),(288,258,29,NULL,NULL),(296,260,29,NULL,NULL),(298,262,29,NULL,NULL),(300,263,24,NULL,NULL),(301,265,24,NULL,NULL),(302,266,24,NULL,NULL),(303,267,29,NULL,NULL),(305,66,21,NULL,NULL),(306,67,15,NULL,NULL),(307,73,21,NULL,NULL),(308,79,21,NULL,NULL),(309,82,20,NULL,NULL),(314,89,21,NULL,NULL),(315,91,21,NULL,NULL),(316,92,21,NULL,NULL),(317,108,15,NULL,NULL),(319,149,21,NULL,NULL),(321,151,21,NULL,NULL),(324,181,21,NULL,NULL),(325,169,21,NULL,NULL),(326,269,15,NULL,NULL),(327,269,21,NULL,NULL),(328,270,15,NULL,NULL),(330,271,15,NULL,NULL),(331,271,21,NULL,NULL),(332,272,15,NULL,NULL),(333,272,21,NULL,NULL),(335,274,27,NULL,NULL),(336,281,27,NULL,NULL),(337,282,27,NULL,NULL),(338,283,27,NULL,NULL),(339,190,15,NULL,NULL),(340,193,15,NULL,NULL),(341,262,30,NULL,NULL),(342,175,15,NULL,NULL),(343,174,21,NULL,NULL),(344,289,7,NULL,NULL),(345,290,7,NULL,NULL),(346,291,7,NULL,NULL),(347,292,7,NULL,NULL),(348,293,7,NULL,NULL),(349,294,7,NULL,NULL),(350,296,7,NULL,NULL),(351,300,7,NULL,NULL),(352,299,30,NULL,NULL),(353,301,7,NULL,NULL),(354,302,7,NULL,NULL),(355,304,7,NULL,NULL),(356,306,7,NULL,NULL),(357,305,30,NULL,NULL),(358,307,30,NULL,NULL),(359,308,7,NULL,NULL),(360,309,30,NULL,NULL),(361,310,30,NULL,NULL),(363,311,29,NULL,NULL),(364,309,29,NULL,NULL),(365,313,30,NULL,NULL),(366,259,30,NULL,NULL),(367,314,30,NULL,NULL),(368,313,29,NULL,NULL),(369,311,30,NULL,NULL),(370,316,29,NULL,NULL),(371,316,30,NULL,NULL),(372,319,29,NULL,NULL),(373,319,30,NULL,NULL),(374,320,29,NULL,NULL),(375,320,30,NULL,NULL),(376,321,29,NULL,NULL),(377,321,30,NULL,NULL),(378,322,29,NULL,NULL),(379,322,30,NULL,NULL),(380,324,29,NULL,NULL),(381,324,30,NULL,NULL),(382,326,30,NULL,NULL),(383,257,30,NULL,NULL),(384,259,29,NULL,NULL),(385,328,30,NULL,NULL),(386,329,30,NULL,NULL),(387,330,30,NULL,NULL),(388,260,30,NULL,NULL),(389,267,30,NULL,NULL),(390,332,30,NULL,NULL),(391,333,30,NULL,NULL),(392,258,30,NULL,NULL),(393,334,29,NULL,NULL),(394,334,30,NULL,NULL),(395,335,30,NULL,NULL),(397,339,29,NULL,NULL),(398,339,30,NULL,NULL),(399,340,29,NULL,NULL),(400,341,7,NULL,NULL),(401,343,7,NULL,NULL),(402,344,7,NULL,NULL),(403,346,7,NULL,NULL),(404,347,7,NULL,NULL),(405,348,7,NULL,NULL),(406,351,7,NULL,NULL),(407,352,7,NULL,NULL),(408,355,7,NULL,NULL),(409,356,7,NULL,NULL),(410,357,7,NULL,NULL),(411,358,7,NULL,NULL),(412,359,27,NULL,NULL),(413,84,20,NULL,NULL),(414,83,20,NULL,NULL),(415,299,29,NULL,NULL),(416,360,29,NULL,NULL),(417,360,30,NULL,NULL),(418,361,29,NULL,NULL),(419,361,30,NULL,NULL),(420,362,29,NULL,NULL),(421,362,30,NULL,NULL),(422,365,30,NULL,NULL),(423,366,30,NULL,NULL),(424,368,30,NULL,NULL),(425,370,30,NULL,NULL),(426,371,30,NULL,NULL),(427,372,30,NULL,NULL),(428,373,30,NULL,NULL),(429,374,30,NULL,NULL),(430,326,29,NULL,NULL),(431,374,29,NULL,NULL),(432,373,29,NULL,NULL),(433,366,29,NULL,NULL),(434,365,29,NULL,NULL),(435,335,29,NULL,NULL),(436,375,29,NULL,NULL),(437,375,30,NULL,NULL),(438,376,30,NULL,NULL),(439,376,29,NULL,NULL),(440,378,12,NULL,NULL),(441,379,15,NULL,NULL),(442,380,15,NULL,NULL),(443,381,15,NULL,NULL),(444,382,15,NULL,NULL),(445,383,15,NULL,NULL),(446,384,12,NULL,NULL),(447,385,15,NULL,NULL),(448,387,15,NULL,NULL),(449,388,15,NULL,NULL),(450,389,30,NULL,NULL),(451,390,30,NULL,NULL),(452,391,30,NULL,NULL),(453,392,30,NULL,NULL),(454,393,30,NULL,NULL),(455,394,30,NULL,NULL),(456,395,30,NULL,NULL),(457,396,30,NULL,NULL),(458,397,30,NULL,NULL),(459,398,30,NULL,NULL),(460,399,30,NULL,NULL),(461,400,24,NULL,NULL),(462,401,24,NULL,NULL),(463,402,24,NULL,NULL),(464,403,24,NULL,NULL),(465,404,24,NULL,NULL),(466,405,24,NULL,NULL),(467,406,29,NULL,NULL),(468,406,30,NULL,NULL),(469,407,20,NULL,NULL),(470,408,12,NULL,NULL),(471,409,7,NULL,NULL),(472,410,7,NULL,NULL),(473,412,7,NULL,NULL),(474,413,9,NULL,NULL),(475,414,7,NULL,NULL),(476,415,7,NULL,NULL),(477,416,7,NULL,NULL),(478,417,7,NULL,NULL),(479,418,7,NULL,NULL),(480,419,7,NULL,NULL),(481,420,7,NULL,NULL),(482,421,7,NULL,NULL),(483,422,7,NULL,NULL),(484,423,7,NULL,NULL),(485,424,7,NULL,NULL),(486,425,7,NULL,NULL),(487,427,29,NULL,NULL),(488,427,30,NULL,NULL),(489,426,7,NULL,NULL),(490,428,7,NULL,NULL),(491,429,7,NULL,NULL),(492,434,29,NULL,NULL),(493,434,30,NULL,NULL),(494,437,29,NULL,NULL),(495,437,30,NULL,NULL),(496,438,29,NULL,NULL),(497,438,30,NULL,NULL),(498,439,29,NULL,NULL),(499,439,30,NULL,NULL),(500,440,7,NULL,NULL),(501,441,7,NULL,NULL),(502,442,21,NULL,NULL),(503,443,21,NULL,NULL),(504,445,23,NULL,NULL),(505,447,20,NULL,NULL),(506,448,7,NULL,NULL),(507,449,7,NULL,NULL),(508,450,7,NULL,NULL),(509,451,7,NULL,NULL),(510,452,7,NULL,NULL),(511,453,7,NULL,NULL),(512,454,7,NULL,NULL),(513,455,7,NULL,NULL),(514,457,29,NULL,NULL),(515,457,30,NULL,NULL),(516,146,9,NULL,NULL),(517,147,9,NULL,NULL),(518,117,7,NULL,NULL),(519,112,9,NULL,NULL),(520,456,7,NULL,NULL),(521,461,22,NULL,NULL),(522,462,22,NULL,NULL),(523,463,22,NULL,NULL),(524,465,30,NULL,NULL),(525,466,29,NULL,NULL),(526,466,30,NULL,NULL),(527,467,21,NULL,NULL),(528,471,30,NULL,NULL),(529,472,30,NULL,NULL),(530,473,15,NULL,NULL),(531,474,15,NULL,NULL),(532,475,15,NULL,NULL),(533,476,15,NULL,NULL),(534,477,15,NULL,NULL),(535,478,15,NULL,NULL),(536,479,12,NULL,NULL),(537,480,12,NULL,NULL),(538,481,12,NULL,NULL),(539,482,12,NULL,NULL),(540,483,12,NULL,NULL),(541,484,12,NULL,NULL),(542,485,12,NULL,NULL),(543,486,15,NULL,NULL),(544,487,15,NULL,NULL),(545,488,15,NULL,NULL),(546,489,15,NULL,NULL),(547,490,15,NULL,NULL),(548,491,15,NULL,NULL),(549,492,12,NULL,NULL),(550,493,12,NULL,NULL),(551,495,12,NULL,NULL),(552,496,12,NULL,NULL),(553,497,12,NULL,NULL),(554,498,12,NULL,NULL),(555,499,12,NULL,NULL),(556,501,15,NULL,NULL),(557,502,15,NULL,NULL),(558,503,15,NULL,NULL),(559,505,21,NULL,NULL),(560,506,21,NULL,NULL),(561,507,21,NULL,NULL),(562,508,15,NULL,NULL),(563,509,15,NULL,NULL),(564,510,12,NULL,NULL),(565,512,12,NULL,NULL),(566,513,12,NULL,NULL),(567,514,12,NULL,NULL),(568,515,12,NULL,NULL),(569,516,12,NULL,NULL),(570,517,12,NULL,NULL),(571,527,27,NULL,NULL),(572,534,27,NULL,NULL),(573,535,21,NULL,NULL),(574,537,21,NULL,NULL),(575,538,21,NULL,NULL),(576,539,21,NULL,NULL),(577,542,15,NULL,NULL),(578,543,12,NULL,NULL),(579,544,15,NULL,NULL),(580,545,15,NULL,NULL),(581,549,12,NULL,NULL),(582,551,12,NULL,NULL),(583,552,12,NULL,NULL),(584,553,12,NULL,NULL),(585,556,24,NULL,NULL),(586,556,25,NULL,NULL),(587,558,24,NULL,NULL),(588,558,25,NULL,NULL),(589,559,24,NULL,NULL),(590,559,25,NULL,NULL),(591,560,24,NULL,NULL),(592,560,25,NULL,NULL),(593,561,24,NULL,NULL),(594,561,25,NULL,NULL),(595,562,24,NULL,NULL),(596,562,25,NULL,NULL),(597,152,9,NULL,NULL),(598,166,9,NULL,NULL),(599,566,24,NULL,NULL),(600,566,25,NULL,NULL),(602,568,24,NULL,NULL),(603,568,25,NULL,NULL),(604,569,24,NULL,NULL),(605,569,25,NULL,NULL),(606,567,24,NULL,NULL),(607,567,25,NULL,NULL),(608,572,21,NULL,NULL),(609,573,21,NULL,NULL),(610,574,21,NULL,NULL),(611,575,7,NULL,NULL),(612,576,7,NULL,NULL),(613,577,7,NULL,NULL),(614,578,7,NULL,NULL),(615,579,9,NULL,NULL),(616,580,21,NULL,NULL),(617,581,21,NULL,NULL),(618,582,21,NULL,NULL),(619,604,32,NULL,NULL),(620,605,32,NULL,NULL),(621,606,32,NULL,NULL),(622,607,32,NULL,NULL),(623,608,32,NULL,NULL),(624,609,32,NULL,NULL),(625,610,32,NULL,NULL),(626,611,32,NULL,NULL),(627,612,32,NULL,NULL),(628,613,32,NULL,NULL),(629,614,32,NULL,NULL),(630,615,32,NULL,NULL),(631,616,32,NULL,NULL),(632,617,32,NULL,NULL),(633,618,32,NULL,NULL),(634,619,32,NULL,NULL),(635,620,32,NULL,NULL),(636,621,32,NULL,NULL),(637,622,32,NULL,NULL),(638,623,32,NULL,NULL),(639,624,32,NULL,NULL),(640,625,32,NULL,NULL),(641,626,32,NULL,NULL),(642,627,32,NULL,NULL),(643,628,32,NULL,NULL),(644,629,32,NULL,NULL),(645,630,32,NULL,NULL),(646,631,32,NULL,NULL),(647,632,32,NULL,NULL),(648,633,32,NULL,NULL),(649,634,32,NULL,NULL),(650,635,32,NULL,NULL),(651,636,32,NULL,NULL),(652,637,21,NULL,NULL),(653,638,21,NULL,NULL),(654,639,21,NULL,NULL),(655,640,21,NULL,NULL),(656,641,21,NULL,NULL),(657,642,21,NULL,NULL),(658,643,21,NULL,NULL),(659,644,21,NULL,NULL),(660,645,21,NULL,NULL),(661,646,21,NULL,NULL),(662,647,21,NULL,NULL),(663,648,21,NULL,NULL),(664,649,21,NULL,NULL),(665,650,21,NULL,NULL),(666,651,21,NULL,NULL),(667,652,21,NULL,NULL),(668,654,24,NULL,NULL),(669,655,24,NULL,NULL),(670,656,24,NULL,NULL),(671,657,24,NULL,NULL),(672,658,24,NULL,NULL),(673,659,24,NULL,NULL),(674,660,24,NULL,NULL),(675,661,24,NULL,NULL),(676,662,24,NULL,NULL),(677,663,24,NULL,NULL),(678,664,24,NULL,NULL),(679,665,24,NULL,NULL),(680,666,24,NULL,NULL),(681,667,24,NULL,NULL),(682,668,24,NULL,NULL),(683,669,24,NULL,NULL),(684,670,24,NULL,NULL),(685,673,24,NULL,NULL),(686,674,24,NULL,NULL),(687,675,24,NULL,NULL),(688,676,24,NULL,NULL),(689,677,24,NULL,NULL),(690,678,24,NULL,NULL),(691,679,24,NULL,NULL),(692,681,24,NULL,NULL),(693,682,24,NULL,NULL),(694,680,24,NULL,NULL),(695,684,24,NULL,NULL),(696,685,24,NULL,NULL),(697,686,24,NULL,NULL),(698,687,24,NULL,NULL),(699,688,24,NULL,NULL),(700,690,24,NULL,NULL),(701,689,24,NULL,NULL),(702,691,24,NULL,NULL),(703,693,24,NULL,NULL),(704,692,24,NULL,NULL),(705,694,24,NULL,NULL),(706,695,24,NULL,NULL),(707,696,24,NULL,NULL),(708,697,24,NULL,NULL),(709,699,24,NULL,NULL),(710,698,24,NULL,NULL),(711,700,24,NULL,NULL),(712,701,24,NULL,NULL),(713,702,20,NULL,NULL),(714,703,20,NULL,NULL),(715,704,20,NULL,NULL),(716,706,20,NULL,NULL),(717,707,20,NULL,NULL),(718,708,20,NULL,NULL),(719,709,20,NULL,NULL),(720,710,20,NULL,NULL),(721,711,20,NULL,NULL),(722,712,20,NULL,NULL),(723,713,20,NULL,NULL),(724,714,20,NULL,NULL),(725,716,20,NULL,NULL),(726,717,20,NULL,NULL),(727,718,20,NULL,NULL),(728,720,32,NULL,NULL),(729,721,32,NULL,NULL),(730,722,32,NULL,NULL),(731,723,32,NULL,NULL),(732,724,32,NULL,NULL),(733,725,32,NULL,NULL),(734,726,32,NULL,NULL),(735,727,32,NULL,NULL),(736,728,32,NULL,NULL),(737,729,32,NULL,NULL),(738,730,32,NULL,NULL),(739,731,32,NULL,NULL),(740,732,32,NULL,NULL),(741,733,32,NULL,NULL),(742,735,20,NULL,NULL),(743,736,20,NULL,NULL),(744,737,32,NULL,NULL),(745,739,32,NULL,NULL),(746,740,32,NULL,NULL),(747,741,12,NULL,NULL),(748,743,12,NULL,NULL),(749,744,12,NULL,NULL),(750,745,12,NULL,NULL),(751,746,12,NULL,NULL),(752,747,12,NULL,NULL),(753,748,12,NULL,NULL),(754,749,12,NULL,NULL),(755,750,12,NULL,NULL),(756,751,12,NULL,NULL),(757,752,32,NULL,NULL),(758,753,32,NULL,NULL),(759,755,32,NULL,NULL),(760,756,32,NULL,NULL),(761,757,12,NULL,NULL),(762,758,12,NULL,NULL),(763,759,12,NULL,NULL),(764,760,12,NULL,NULL),(765,762,12,NULL,NULL),(766,765,32,NULL,NULL),(767,766,24,NULL,NULL),(768,767,24,NULL,NULL),(769,768,24,NULL,NULL),(770,769,24,NULL,NULL),(771,770,24,NULL,NULL),(772,771,32,NULL,NULL),(773,772,32,NULL,NULL),(774,773,32,NULL,NULL),(775,774,20,NULL,NULL),(776,775,32,NULL,NULL),(777,776,20,NULL,NULL),(778,779,15,NULL,NULL),(779,780,15,NULL,NULL),(780,781,15,NULL,NULL),(781,782,15,NULL,NULL),(782,783,15,NULL,NULL),(783,784,15,NULL,NULL),(784,785,15,NULL,NULL),(785,786,15,NULL,NULL),(786,787,15,NULL,NULL),(787,788,15,NULL,NULL),(788,789,15,NULL,NULL),(789,790,15,NULL,NULL),(790,791,15,NULL,NULL),(791,792,15,NULL,NULL),(792,793,7,NULL,NULL),(793,795,15,NULL,NULL),(794,796,15,NULL,NULL),(795,797,15,NULL,NULL),(796,798,15,NULL,NULL),(797,799,20,NULL,NULL),(798,802,21,NULL,NULL),(799,802,22,NULL,NULL),(800,805,21,NULL,NULL),(801,805,22,NULL,NULL),(802,813,33,NULL,NULL),(803,814,33,NULL,NULL),(804,815,33,NULL,NULL),(805,816,33,NULL,NULL),(806,817,33,NULL,NULL),(807,818,33,NULL,NULL),(808,819,33,NULL,NULL),(809,820,33,NULL,NULL),(810,821,33,NULL,NULL),(811,822,22,NULL,NULL),(812,823,22,NULL,NULL),(813,824,22,NULL,NULL),(814,825,22,NULL,NULL),(815,826,22,NULL,NULL),(816,827,32,NULL,NULL),(817,828,32,NULL,NULL),(818,829,32,NULL,NULL),(819,830,20,NULL,NULL),(820,830,32,NULL,NULL),(821,829,20,NULL,NULL),(822,828,20,NULL,NULL),(823,827,20,NULL,NULL),(824,832,32,NULL,NULL),(825,833,32,NULL,NULL),(826,835,32,NULL,NULL),(827,836,32,NULL,NULL),(828,837,32,NULL,NULL),(829,838,32,NULL,NULL),(830,839,32,NULL,NULL),(831,840,32,NULL,NULL),(832,841,21,NULL,NULL),(833,842,21,NULL,NULL),(834,845,33,NULL,NULL),(835,846,33,NULL,NULL),(836,68,20,NULL,NULL),(837,847,21,NULL,NULL),(838,848,22,NULL,NULL),(839,849,9,NULL,NULL),(840,850,25,NULL,NULL),(841,851,7,NULL,NULL),(842,853,7,NULL,NULL),(843,854,7,NULL,NULL),(844,856,7,NULL,NULL),(845,860,7,NULL,NULL),(846,861,15,NULL,NULL),(847,861,15,NULL,NULL),(848,861,9,NULL,NULL),(849,861,25,NULL,NULL),(850,861,7,NULL,NULL),(851,865,32,NULL,NULL);

--
-- Table structure for table `product_orders`
--

CREATE TABLE `product_orders` (
  `id` int unsigned NOT NULL AUTO_INCREMENT,
  `order_id` int unsigned NOT NULL,
  `product_id` int unsigned NOT NULL,
  `user_id` int DEFAULT NULL,
  `branch_id` int DEFAULT NULL,
  `quantity` int NOT NULL DEFAULT '1',
  `option` text CHARACTER SET utf8mb4 COLLATE utf8mb4_unicode_ci NOT NULL,
  `price` decimal(8,2) NOT NULL,
  `shipping_cost` decimal(8,2) DEFAULT NULL,
  `created_at` timestamp NULL DEFAULT NULL,
  `updated_at` timestamp NULL DEFAULT NULL,
  `category_id` int DEFAULT NULL,
  `nameOfCart` varchar(191) CHARACTER SET utf8mb4 COLLATE utf8mb4_unicode_ci DEFAULT NULL,
  `product_price` decimal(8,2) DEFAULT NULL,
  `sender_name` varchar(151) CHARACTER SET utf8mb4 COLLATE utf8mb4_unicode_ci DEFAULT NULL,
  `recived_name` varchar(191) CHARACTER SET utf8mb4 COLLATE utf8mb4_unicode_ci DEFAULT NULL,
  `text` varchar(191) CHARACTER SET utf8mb4 COLLATE utf8mb4_unicode_ci DEFAULT NULL,
  `image` varchar(111) COLLATE utf8mb4_unicode_ci DEFAULT NULL,
  PRIMARY KEY (`id`),
  KEY `product_orders_order_id_foreign` (`order_id`),
  KEY `product_orders_product_id_foreign` (`product_id`),
  CONSTRAINT `product_orders_order_id_foreign` FOREIGN KEY (`order_id`) REFERENCES `orders` (`id`) ON DELETE CASCADE,
  CONSTRAINT `product_orders_product_id_foreign` FOREIGN KEY (`product_id`) REFERENCES `products` (`id`) ON DELETE CASCADE
) ENGINE=InnoDB AUTO_INCREMENT=207 DEFAULT CHARSET=utf8mb4 COLLATE=utf8mb4_unicode_ci;

--
-- Dumping data for table `product_orders`
--

INSERT INTO `product_orders` (`id`, `order_id`, `product_id`, `user_id`, `branch_id`, `quantity`, `option`, `price`, `shipping_cost`, `created_at`, `updated_at`, `category_id`, `nameOfCart`, `product_price`, `sender_name`, `recived_name`, `text`, `image`) VALUES (1,1,605,438,37,1,' ',16.00,NULL,'2025-07-24 11:15:00','2025-07-24 11:15:00',NULL,NULL,16.00,NULL,NULL,NULL,NULL),(2,2,605,438,37,1,' ',16.00,NULL,'2025-07-25 17:42:36','2025-07-25 17:42:36',NULL,NULL,16.00,NULL,NULL,NULL,NULL),(4,3,604,438,37,1,' ',20.00,NULL,'2025-07-25 17:44:29','2025-07-25 17:44:29',NULL,NULL,20.00,NULL,NULL,NULL,NULL),(5,4,605,438,37,1,' ',16.00,NULL,'2025-07-27 10:42:21','2025-07-27 10:42:21',NULL,NULL,16.00,NULL,NULL,NULL,NULL),(6,5,605,438,37,1,' ',16.00,NULL,'2025-07-27 10:42:53','2025-07-27 10:42:53',NULL,NULL,16.00,NULL,NULL,NULL,NULL),(7,6,604,438,37,1,' ',20.00,NULL,'2025-07-27 10:43:25','2025-07-27 10:43:25',NULL,NULL,20.00,NULL,NULL,NULL,NULL),(8,7,88,438,36,1,' ',4.50,NULL,'2025-08-02 08:53:28','2025-08-02 08:53:28',NULL,NULL,4.50,NULL,NULL,NULL,NULL),(9,7,90,438,36,1,' ',4.50,NULL,'2025-08-02 08:53:38','2025-08-02 08:53:38',NULL,NULL,4.50,NULL,NULL,NULL,NULL),(10,8,615,438,36,1,' ',20.00,NULL,'2025-08-02 11:28:41','2025-08-02 11:28:41',NULL,NULL,20.00,NULL,NULL,NULL,NULL),(11,9,204,438,39,1,' ',7.50,NULL,'2025-08-03 07:57:42','2025-08-03 07:57:42',NULL,NULL,7.50,NULL,NULL,NULL,NULL),(12,10,365,438,38,2,' ',16.00,NULL,'2025-08-05 13:26:02','2025-08-05 13:26:13',NULL,NULL,16.00,NULL,NULL,NULL,NULL),(13,11,499,438,39,1,' ',11.00,NULL,'2025-08-07 18:25:22','2025-08-07 18:25:22',NULL,NULL,11.00,NULL,NULL,NULL,NULL),(14,12,752,438,36,1,' ',26.00,NULL,'2025-08-07 18:45:53','2025-08-07 18:45:53',NULL,NULL,26.00,NULL,NULL,NULL,NULL),(15,13,733,438,36,1,' ',23.00,NULL,'2025-08-12 13:10:42','2025-08-12 13:10:42',NULL,NULL,23.00,NULL,NULL,NULL,NULL),(16,14,733,438,36,1,' ',23.00,NULL,'2025-08-12 13:11:29','2025-08-12 13:11:29',NULL,NULL,23.00,NULL,NULL,NULL,NULL),(17,15,733,438,36,1,' ',23.00,NULL,'2025-08-12 13:12:34','2025-08-12 13:12:34',NULL,NULL,23.00,NULL,NULL,NULL,NULL),(18,16,740,438,37,2,' ',22.00,NULL,'2025-08-12 18:37:10','2025-08-12 18:37:46',NULL,NULL,22.00,NULL,NULL,NULL,NULL),(19,17,740,438,37,1,' ',22.00,NULL,'2025-08-12 18:37:57','2025-08-12 18:37:57',NULL,NULL,22.00,NULL,NULL,NULL,NULL),(20,18,442,438,36,1,' ',3.60,NULL,'2025-08-13 12:21:51','2025-08-13 12:21:51',NULL,NULL,3.60,NULL,NULL,NULL,NULL),(21,19,291,438,39,1,' ',8.50,NULL,'2025-08-13 15:36:49','2025-08-13 15:36:49',NULL,NULL,8.50,NULL,NULL,NULL,NULL),(23,20,721,438,36,1,' ',18.00,NULL,'2025-08-14 13:47:27','2025-08-14 13:47:27',NULL,NULL,18.00,NULL,NULL,NULL,NULL),(24,21,724,438,37,1,' ',24.00,NULL,'2025-08-14 13:56:33','2025-08-14 13:56:33',NULL,NULL,24.00,NULL,NULL,NULL,NULL),(25,22,724,438,37,1,' ',24.00,NULL,'2025-08-14 13:58:37','2025-08-14 13:58:37',NULL,NULL,24.00,NULL,NULL,NULL,NULL),(26,23,756,438,38,1,' ',22.00,NULL,'2025-08-14 15:39:37','2025-08-14 15:39:37',NULL,NULL,22.00,NULL,NULL,NULL,NULL),(27,24,740,438,37,1,' ',22.00,NULL,'2025-08-14 16:26:44','2025-08-14 16:26:44',NULL,NULL,22.00,NULL,NULL,NULL,NULL),(29,26,752,438,36,1,' ',26.00,NULL,'2025-08-14 17:02:11','2025-08-14 17:02:11',NULL,NULL,26.00,NULL,NULL,NULL,NULL),(30,27,634,438,38,1,' ',15.00,NULL,'2025-08-16 13:56:46','2025-08-16 13:56:46',NULL,NULL,15.00,NULL,NULL,NULL,NULL),(39,29,238,438,39,1,' ',18.00,NULL,'2025-08-18 18:43:33','2025-08-18 18:43:33',NULL,NULL,18.00,NULL,NULL,NULL,NULL),(40,30,720,438,37,1,' ',18.00,NULL,'2025-08-19 12:20:35','2025-08-19 12:21:59',NULL,NULL,18.00,NULL,NULL,NULL,NULL),(41,31,753,438,36,1,' ',22.00,NULL,'2025-08-20 13:45:34','2025-08-20 13:45:34',NULL,NULL,22.00,NULL,NULL,NULL,NULL),(42,32,621,438,36,1,' ',30.00,NULL,'2025-08-20 13:47:50','2025-08-20 13:47:50',NULL,NULL,30.00,NULL,NULL,NULL,NULL),(43,33,572,438,36,1,' ',4.50,NULL,'2025-08-20 21:51:56','2025-08-20 21:51:56',NULL,NULL,4.50,NULL,NULL,NULL,NULL),(44,34,496,438,39,1,' ',12.00,NULL,'2025-08-21 06:53:54','2025-08-21 06:53:54',NULL,NULL,12.00,NULL,NULL,NULL,NULL),(45,35,643,438,38,6,' ',4.50,NULL,'2025-08-21 10:08:10','2025-08-21 10:08:10',NULL,NULL,4.50,NULL,NULL,NULL,NULL),(46,36,722,438,37,1,' ',24.00,NULL,'2025-08-21 14:33:45','2025-08-21 14:33:45',NULL,NULL,24.00,NULL,NULL,NULL,NULL),(47,37,701,438,36,1,' ',3.00,NULL,'2025-08-24 21:42:33','2025-08-24 21:42:33',NULL,NULL,3.00,NULL,NULL,NULL,NULL),(50,39,647,438,37,1,' ',4.50,NULL,'2025-08-26 12:56:36','2025-08-26 12:56:36',NULL,NULL,4.50,NULL,NULL,NULL,NULL),(51,39,644,438,37,1,' ',4.50,NULL,'2025-08-26 12:57:26','2025-08-26 12:57:26',NULL,NULL,4.50,NULL,NULL,NULL,NULL),(52,39,646,438,37,1,' ',4.50,NULL,'2025-08-26 12:58:14','2025-08-26 12:58:14',NULL,NULL,4.50,NULL,NULL,NULL,NULL),(53,40,88,438,36,1,' ',4.50,NULL,'2025-08-26 17:16:50','2025-08-26 17:16:50',NULL,NULL,4.50,NULL,NULL,NULL,NULL),(54,40,442,438,36,1,' ',4.50,NULL,'2025-08-26 17:18:16','2025-08-26 17:18:16',NULL,NULL,4.50,NULL,NULL,NULL,NULL),(55,41,123,438,36,2,' ',6.00,NULL,'2025-08-27 09:28:48','2025-09-11 17:55:07',NULL,NULL,6.00,NULL,NULL,NULL,NULL),(56,25,825,707,48,2,' ',16.00,NULL,'2025-08-27 17:26:14','2025-08-27 17:26:14',NULL,NULL,16.00,NULL,NULL,NULL,NULL),(57,42,486,438,39,1,' ',10.50,NULL,'2025-08-28 18:29:31','2025-08-28 18:29:31',NULL,NULL,10.50,NULL,NULL,NULL,NULL),(58,43,629,438,38,1,' ',19.00,NULL,'2025-08-30 15:52:06','2025-08-30 15:52:06',NULL,NULL,19.00,NULL,NULL,NULL,NULL),(59,44,737,438,37,1,' ',37.00,NULL,'2025-08-30 18:54:33','2025-08-30 18:54:33',NULL,NULL,37.00,NULL,NULL,NULL,NULL),(60,38,222,438,36,1,' ',8.50,NULL,'2025-09-01 19:12:37','2025-09-01 19:12:37',NULL,NULL,8.50,NULL,NULL,NULL,NULL),(61,45,343,438,38,1,' ',8.00,NULL,'2025-09-01 22:09:38','2025-09-01 22:09:38',NULL,NULL,8.00,NULL,NULL,NULL,NULL),(62,46,835,438,36,3,' ',8.00,NULL,'2025-09-02 11:38:14','2025-09-02 11:38:14',NULL,NULL,8.00,NULL,NULL,NULL,NULL),(63,47,836,438,36,2,' ',12.00,NULL,'2025-09-02 11:39:43','2025-09-02 11:40:12',NULL,NULL,12.00,NULL,NULL,NULL,NULL),(64,48,836,438,36,3,' ',12.00,NULL,'2025-09-02 12:02:30','2025-09-02 12:02:30',NULL,NULL,12.00,NULL,NULL,NULL,NULL),(65,49,836,438,36,4,' ',12.00,NULL,'2025-09-02 12:15:00','2025-09-02 12:15:00',NULL,NULL,12.00,NULL,NULL,NULL,NULL),(66,50,833,438,36,3,' ',14.00,NULL,'2025-09-02 14:25:58','2025-09-02 14:25:58',NULL,NULL,14.00,NULL,NULL,NULL,NULL),(67,51,753,438,36,2,' ',22.00,NULL,'2025-09-02 14:34:20','2025-09-02 14:34:20',NULL,NULL,22.00,NULL,NULL,NULL,NULL),(68,52,75,438,36,1,' ',38.00,NULL,'2025-09-02 14:36:08','2025-09-02 14:36:08',NULL,NULL,38.00,NULL,NULL,NULL,NULL),(69,53,723,438,36,2,' ',24.00,NULL,'2025-09-02 14:37:41','2025-09-02 14:37:41',NULL,NULL,24.00,NULL,NULL,NULL,NULL),(70,54,753,438,36,2,' ',22.00,NULL,'2025-09-02 14:42:26','2025-09-02 14:42:26',NULL,NULL,22.00,NULL,NULL,NULL,NULL),(71,55,753,438,36,2,' ',22.00,NULL,'2025-09-02 14:46:11','2025-09-02 14:46:11',NULL,NULL,22.00,NULL,NULL,NULL,NULL),(72,56,833,438,36,1,' ',14.00,NULL,'2025-09-03 18:32:55','2025-09-03 18:41:21',NULL,NULL,14.00,NULL,NULL,NULL,NULL),(73,57,836,438,36,1,' ',12.00,NULL,'2025-09-03 19:02:43','2025-09-03 19:02:43',NULL,NULL,12.00,NULL,NULL,NULL,NULL),(74,58,833,438,36,1,' ',14.00,NULL,'2025-09-03 19:06:19','2025-09-03 19:06:19',NULL,NULL,14.00,NULL,NULL,NULL,NULL),(75,59,707,438,37,1,' ',20.00,NULL,'2025-09-03 20:53:30','2025-09-03 20:53:30',NULL,NULL,20.00,NULL,NULL,NULL,NULL),(76,60,344,438,38,1,' ',6.00,NULL,'2025-09-04 17:41:02','2025-09-04 17:41:02',NULL,NULL,6.00,NULL,NULL,NULL,NULL),(78,61,544,438,36,1,' ',18.00,NULL,'2025-09-04 19:30:58','2025-09-04 19:30:58',NULL,NULL,18.00,NULL,NULL,NULL,NULL),(79,62,582,438,36,2,' ',4.50,NULL,'2025-09-05 17:41:51','2025-09-05 17:46:29',NULL,NULL,4.50,NULL,NULL,NULL,NULL),(85,64,736,438,37,1,' ',18.00,NULL,'2025-09-07 15:09:09','2025-09-07 15:09:09',NULL,NULL,18.00,NULL,NULL,NULL,NULL),(86,65,537,438,36,1,' ',4.50,NULL,'2025-09-08 12:34:29','2025-09-08 12:34:29',NULL,NULL,4.50,NULL,NULL,NULL,NULL),(87,66,537,438,36,2,' ',4.50,NULL,'2025-09-08 13:01:21','2025-09-08 13:01:21',NULL,NULL,4.50,NULL,NULL,NULL,NULL),(88,67,542,438,36,1,' ',17.00,NULL,'2025-09-08 13:18:54','2025-09-08 13:18:54',NULL,NULL,17.00,NULL,NULL,NULL,NULL),(89,68,537,438,36,4,' ',4.50,NULL,'2025-09-08 15:13:01','2025-09-08 15:13:01',NULL,NULL,4.50,NULL,NULL,NULL,NULL),(90,69,726,438,37,1,' ',26.00,NULL,'2025-09-09 13:15:44','2025-09-09 13:15:44',NULL,NULL,26.00,NULL,NULL,NULL,NULL),(93,70,616,438,36,1,' ',16.00,NULL,'2025-09-09 19:58:15','2025-09-09 19:58:15',NULL,NULL,16.00,NULL,NULL,NULL,NULL),(94,71,582,438,36,5,' ',4.50,NULL,'2025-09-09 20:53:01','2025-09-09 20:53:27',NULL,NULL,4.50,NULL,NULL,'طباعة لوقو',NULL),(95,72,214,438,36,1,' ',6.00,NULL,'2025-09-10 12:54:19','2025-09-10 12:54:19',NULL,NULL,6.00,NULL,NULL,NULL,NULL),(98,63,573,438,36,1,' ',4.50,NULL,'2025-09-10 22:52:11','2025-09-10 22:52:11',NULL,NULL,4.50,NULL,NULL,NULL,NULL),(99,73,582,438,36,4,' ',4.50,NULL,'2025-09-10 22:54:53','2025-09-10 22:55:08',NULL,NULL,4.50,NULL,NULL,NULL,NULL),(100,73,580,438,36,1,' ',4.50,NULL,'2025-09-10 22:55:17','2025-09-10 22:55:17',NULL,NULL,4.50,NULL,NULL,NULL,NULL),(101,73,573,438,36,1,' ',4.50,NULL,'2025-09-10 22:55:49','2025-09-10 22:55:49',NULL,NULL,4.50,NULL,NULL,NULL,NULL),(102,74,658,438,37,1,' ',10.00,NULL,'2025-09-11 13:14:59','2025-09-11 13:14:59',NULL,NULL,10.00,NULL,NULL,NULL,NULL),(103,75,190,438,39,1,' ',13.00,NULL,'2025-09-12 12:31:49','2025-09-12 12:31:49',NULL,NULL,13.00,NULL,NULL,NULL,NULL),(104,76,833,438,36,1,' ',14.00,NULL,'2025-09-13 16:47:49','2025-09-13 16:47:49',NULL,NULL,14.00,NULL,NULL,NULL,NULL),(105,77,805,438,36,1,' ',12.00,NULL,'2025-09-15 16:19:53','2025-09-15 16:19:53',NULL,NULL,12.00,NULL,NULL,NULL,NULL),(106,77,802,438,36,1,' ',2.25,NULL,'2025-09-15 16:20:11','2025-09-15 16:20:11',NULL,NULL,2.25,NULL,NULL,NULL,NULL),(108,28,733,438,36,1,' ',23.00,NULL,'2025-09-15 19:15:52','2025-09-15 19:15:52',NULL,NULL,23.00,NULL,NULL,NULL,NULL),(109,78,639,438,38,1,' ',4.50,NULL,'2025-09-17 18:26:24','2025-09-17 18:26:24',NULL,NULL,4.50,NULL,NULL,NULL,NULL),(110,78,637,438,38,1,' ',4.50,NULL,'2025-09-17 18:26:46','2025-09-17 18:26:46',NULL,NULL,4.50,NULL,NULL,NULL,NULL),(111,79,685,438,36,1,' ',10.00,NULL,'2025-09-17 20:39:32','2025-09-17 20:39:32',NULL,NULL,10.00,NULL,NULL,NULL,NULL),(112,80,740,438,37,1,' ',22.00,NULL,'2025-09-18 06:18:11','2025-09-18 06:18:11',NULL,NULL,22.00,NULL,NULL,NULL,NULL),(113,81,270,438,36,1,' ',13.00,NULL,'2025-09-18 18:08:57','2025-09-18 18:08:57',NULL,NULL,13.00,NULL,NULL,NULL,NULL),(114,82,676,438,38,1,' ',3.00,NULL,'2025-09-18 20:27:29','2025-09-18 20:27:29',NULL,NULL,3.00,NULL,NULL,NULL,NULL),(115,83,220,438,39,1,' ',3.00,NULL,'2025-09-19 13:11:20','2025-09-19 13:11:20',NULL,NULL,3.00,NULL,NULL,NULL,NULL),(118,84,721,438,36,1,' ',18.00,NULL,'2025-09-19 13:20:34','2025-09-19 13:20:34',NULL,NULL,18.00,NULL,NULL,NULL,NULL),(119,85,733,438,36,1,' ',23.00,NULL,'2025-09-19 21:19:32','2025-09-19 21:19:32',NULL,NULL,23.00,NULL,NULL,NULL,NULL),(120,86,607,438,37,1,' ',19.00,NULL,'2025-09-20 00:36:38','2025-09-20 00:36:38',NULL,NULL,19.00,NULL,NULL,NULL,NULL),(121,87,580,438,36,1,' ',4.50,NULL,'2025-09-21 18:49:45','2025-09-21 18:49:45',NULL,NULL,4.50,NULL,NULL,NULL,NULL),(122,88,713,438,36,1,' ',20.00,NULL,'2025-09-22 14:09:03','2025-09-22 14:09:03',NULL,NULL,20.00,NULL,NULL,NULL,NULL),(123,89,655,438,37,1,' ',10.00,NULL,'2025-09-23 07:01:53','2025-09-23 07:01:53',NULL,NULL,10.00,NULL,NULL,NULL,NULL),(124,90,845,709,49,2,' ',2.00,NULL,'2025-09-23 12:23:23','2025-09-23 12:23:23',NULL,NULL,2.00,NULL,NULL,NULL,NULL),(125,91,347,438,38,1,' ',14.00,NULL,'2025-09-28 08:07:35','2025-09-28 08:07:35',NULL,NULL,14.00,NULL,NULL,NULL,NULL),(126,92,766,438,39,2,' ',3.00,NULL,'2025-09-28 16:28:56','2025-09-28 16:28:56',NULL,NULL,3.00,NULL,NULL,NULL,NULL),(128,93,580,438,36,4,' ',4.50,NULL,'2025-09-29 17:26:45','2025-09-29 17:26:45',NULL,NULL,4.50,NULL,NULL,NULL,NULL),(129,94,270,438,36,1,' ',13.00,NULL,'2025-09-29 20:29:00','2025-09-29 20:29:00',NULL,NULL,13.00,NULL,NULL,NULL,NULL),(130,95,270,438,36,1,' ',13.00,NULL,'2025-09-29 20:46:28','2025-09-29 20:46:28',NULL,NULL,13.00,NULL,NULL,NULL,NULL),(131,96,846,709,49,1,' ',2.50,NULL,'2025-09-30 15:10:03','2025-09-30 15:10:03',NULL,NULL,2.50,NULL,NULL,NULL,NULL),(132,97,643,438,38,1,' ',4.50,NULL,'2025-09-30 19:52:49','2025-09-30 19:52:49',NULL,NULL,4.50,NULL,NULL,NULL,NULL),(133,97,641,438,38,1,' ',4.50,NULL,'2025-09-30 19:53:05','2025-09-30 19:59:22',NULL,NULL,4.50,NULL,NULL,NULL,NULL),(134,97,638,438,38,1,' ',4.50,NULL,'2025-09-30 19:53:15','2025-09-30 19:53:15',NULL,NULL,4.50,NULL,NULL,NULL,NULL),(135,98,767,438,39,1,' ',4.00,NULL,'2025-09-30 21:04:11','2025-09-30 21:04:11',NULL,NULL,4.00,NULL,NULL,NULL,NULL),(136,99,445,438,36,1,' ',13.00,NULL,'2025-10-01 04:44:12','2025-10-01 04:44:12',NULL,NULL,13.00,NULL,NULL,NULL,NULL),(137,100,237,438,39,1,' ',28.00,NULL,'2025-10-02 14:28:38','2025-10-02 14:28:38',NULL,NULL,28.00,NULL,NULL,NULL,NULL),(138,101,455,438,39,1,' ',13.00,NULL,'2025-10-03 19:07:56','2025-10-03 19:07:56',NULL,NULL,13.00,NULL,NULL,NULL,NULL),(139,102,684,438,36,1,' ',10.00,NULL,'2025-10-04 13:11:40','2025-10-04 13:11:40',NULL,NULL,10.00,NULL,NULL,NULL,NULL),(141,103,405,438,38,1,'590',3.70,NULL,'2025-10-04 14:51:31','2025-10-04 14:51:31',NULL,NULL,3.00,NULL,NULL,NULL,NULL),(142,104,240,438,39,1,' ',12.00,NULL,'2025-10-04 15:09:58','2025-10-04 15:09:58',NULL,NULL,12.00,NULL,NULL,NULL,NULL),(143,105,700,438,36,1,' ',3.00,NULL,'2025-10-04 17:50:37','2025-10-04 17:50:37',NULL,NULL,3.00,NULL,NULL,NULL,NULL),(144,106,300,438,39,1,' ',8.50,NULL,'2025-10-06 08:28:08','2025-10-06 08:28:08',NULL,NULL,8.50,NULL,NULL,NULL,NULL),(145,40,580,438,36,1,' ',4.50,NULL,'2025-10-06 15:20:25','2025-10-06 15:20:25',NULL,NULL,4.50,NULL,NULL,NULL,NULL),(147,107,702,438,37,1,' ',14.00,NULL,'2025-10-06 16:13:41','2025-10-06 16:13:41',NULL,NULL,14.00,NULL,NULL,NULL,NULL),(148,108,805,438,36,1,' ',12.00,NULL,'2025-10-07 14:57:33','2025-10-07 14:57:33',NULL,NULL,12.00,NULL,NULL,NULL,NULL),(149,109,92,438,39,1,' ',16.00,NULL,'2025-10-11 16:46:13','2025-10-11 16:47:16',NULL,NULL,16.00,NULL,NULL,NULL,NULL),(150,110,92,438,39,1,' ',16.00,NULL,'2025-10-11 17:24:41','2025-10-11 17:24:41',NULL,NULL,16.00,NULL,NULL,NULL,NULL),(151,111,853,724,50,1,' ',0.50,NULL,'2025-10-13 07:00:02','2025-10-13 07:00:02',NULL,NULL,0.50,NULL,NULL,NULL,NULL),(152,112,832,438,36,1,' ',10.00,NULL,'2025-10-14 08:21:23','2025-10-14 08:21:23',NULL,NULL,10.00,NULL,NULL,NULL,NULL),(153,113,697,438,36,1,' ',3.00,NULL,'2025-10-14 08:25:32','2025-10-14 08:25:32',NULL,NULL,3.00,NULL,NULL,NULL,NULL),(154,113,561,438,36,1,' ',3.00,NULL,'2025-10-14 08:26:19','2025-10-14 08:26:19',NULL,NULL,3.00,NULL,NULL,NULL,NULL),(155,114,643,438,38,1,' ',4.50,NULL,'2025-10-15 07:59:40','2025-10-15 07:59:40',NULL,NULL,4.50,NULL,NULL,NULL,NULL),(156,115,204,438,39,1,' ',7.50,NULL,'2025-10-16 00:42:56','2025-10-16 00:42:56',NULL,NULL,7.50,NULL,NULL,NULL,NULL),(157,116,568,438,36,1,' ',3.00,NULL,'2025-10-17 13:43:43','2025-10-17 13:43:43',NULL,NULL,3.00,NULL,NULL,NULL,NULL),(158,117,766,438,39,1,' ',3.00,NULL,'2025-10-17 16:50:22','2025-10-17 16:50:22',NULL,NULL,3.00,NULL,NULL,NULL,NULL),(159,118,826,707,48,1,' ',3.75,NULL,'2025-10-18 04:03:10','2025-10-18 04:03:10',NULL,NULL,3.75,NULL,NULL,NULL,NULL),(160,119,572,438,36,1,' ',4.50,NULL,'2025-10-18 13:20:32','2025-10-18 13:20:32',NULL,NULL,4.50,NULL,NULL,NULL,NULL),(161,120,643,438,38,1,' ',4.50,NULL,'2025-10-18 15:37:48','2025-10-18 15:37:48',NULL,NULL,4.50,NULL,NULL,NULL,NULL),(162,121,828,438,38,1,' ',14.00,NULL,'2025-10-18 18:50:21','2025-10-18 18:50:21',NULL,NULL,14.00,NULL,NULL,NULL,NULL),(163,122,701,438,36,1,' ',3.00,NULL,'2025-10-19 00:44:03','2025-10-19 00:44:03',NULL,NULL,3.00,NULL,NULL,NULL,NULL),(164,123,580,438,36,1,' ',4.50,NULL,'2025-10-19 19:56:32','2025-10-19 19:56:32',NULL,NULL,4.50,NULL,NULL,NULL,NULL),(165,124,822,707,48,1,' ',7.50,NULL,'2025-10-20 11:42:29','2025-10-20 11:42:29',NULL,NULL,7.50,NULL,NULL,NULL,NULL),(166,125,828,438,38,1,' ',14.00,NULL,'2025-10-20 15:17:42','2025-10-20 15:17:42',NULL,NULL,14.00,NULL,NULL,'كل عام وانت بخير راكان حبيبي',NULL),(167,126,71,438,39,1,' ',23.00,NULL,'2025-10-20 23:24:28','2025-10-20 23:24:28',NULL,NULL,23.00,NULL,NULL,NULL,NULL),(168,127,822,707,48,2,' ',7.50,NULL,'2025-10-21 11:12:55','2025-10-21 11:13:10',NULL,NULL,7.50,NULL,NULL,NULL,NULL),(169,128,549,438,36,1,' ',12.00,NULL,'2025-10-21 13:03:51','2025-10-21 13:03:51',NULL,NULL,12.00,NULL,NULL,NULL,NULL),(170,129,828,438,38,1,' ',14.00,NULL,'2025-10-21 13:25:19','2025-10-21 13:25:19',NULL,NULL,14.00,NULL,NULL,NULL,NULL),(171,130,358,438,38,1,' ',12.00,NULL,'2025-10-21 14:31:19','2025-10-21 14:31:19',NULL,NULL,12.00,NULL,NULL,NULL,NULL),(172,131,358,438,38,1,' ',12.00,NULL,'2025-10-21 14:35:45','2025-10-21 14:39:27',NULL,NULL,12.00,NULL,NULL,NULL,NULL),(173,132,661,438,37,1,' ',4.00,NULL,'2025-10-21 23:25:59','2025-10-21 23:25:59',NULL,NULL,4.00,NULL,NULL,NULL,NULL),(175,133,290,438,39,1,' ',6.00,NULL,'2025-10-22 07:25:22','2025-10-22 07:35:16',NULL,NULL,6.00,NULL,NULL,NULL,NULL),(176,133,841,438,39,1,' ',2.25,NULL,'2025-10-22 07:34:23','2025-10-22 07:34:23',NULL,NULL,2.25,NULL,NULL,NULL,NULL),(178,135,449,438,39,1,' ',8.00,NULL,'2025-10-22 13:16:52','2025-10-22 13:16:52',NULL,NULL,8.00,NULL,NULL,NULL,NULL),(179,135,451,438,39,1,' ',15.00,NULL,'2025-10-22 13:17:08','2025-10-22 13:17:08',NULL,NULL,15.00,NULL,NULL,NULL,NULL),(181,134,644,438,37,1,' ',4.50,NULL,'2025-10-22 13:23:11','2025-10-27 18:22:47',NULL,NULL,4.50,NULL,NULL,NULL,NULL),(183,134,651,438,37,1,' ',4.50,NULL,'2025-10-22 13:23:40','2025-10-27 18:22:49',NULL,NULL,4.50,NULL,NULL,NULL,NULL),(185,136,290,438,39,1,' ',6.00,NULL,'2025-10-22 17:10:59','2025-10-22 17:10:59',NULL,NULL,6.00,NULL,NULL,NULL,NULL),(186,137,805,438,36,1,' ',12.00,NULL,'2025-10-22 20:50:33','2025-10-22 20:50:33',NULL,NULL,12.00,NULL,NULL,NULL,NULL),(187,138,214,438,36,1,' ',6.00,NULL,'2025-10-23 10:19:13','2025-10-23 10:19:13',NULL,NULL,6.00,NULL,NULL,NULL,NULL),(189,139,643,438,38,1,' ',4.50,NULL,'2025-10-24 00:14:34','2025-10-24 00:14:34',NULL,NULL,4.50,NULL,NULL,NULL,NULL),(190,139,638,438,38,1,' ',4.50,NULL,'2025-10-24 00:14:48','2025-10-24 00:14:48',NULL,NULL,4.50,NULL,NULL,NULL,NULL),(191,140,681,438,38,1,' ',10.00,NULL,'2025-10-24 13:32:35','2025-10-24 13:32:35',NULL,NULL,10.00,NULL,NULL,NULL,NULL),(192,141,502,438,38,1,' ',10.50,NULL,'2025-10-24 15:21:07','2025-10-24 15:21:07',NULL,NULL,10.50,NULL,NULL,NULL,NULL),(194,142,640,438,38,1,' ',4.50,NULL,'2025-10-25 21:20:35','2025-10-25 21:20:35',NULL,NULL,4.50,NULL,NULL,NULL,NULL),(195,142,643,438,38,1,' ',4.50,NULL,'2025-10-25 21:21:47','2025-10-25 21:21:47',NULL,NULL,4.50,NULL,NULL,NULL,NULL),(196,143,92,438,39,1,' ',16.00,NULL,'2025-10-26 13:08:48','2025-10-26 13:08:48',NULL,NULL,16.00,NULL,NULL,NULL,NULL),(197,144,92,438,39,1,' ',16.00,NULL,'2025-10-26 13:14:09','2025-10-26 13:14:09',NULL,NULL,16.00,NULL,NULL,NULL,NULL),(198,145,841,438,39,1,' ',2.25,NULL,'2025-10-26 14:48:19','2025-10-26 14:48:19',NULL,NULL,2.25,NULL,NULL,NULL,NULL),(199,146,652,438,37,1,' ',4.50,NULL,'2025-10-26 20:59:46','2025-10-26 20:59:46',NULL,NULL,4.50,NULL,NULL,NULL,NULL),(200,146,647,438,37,1,' ',4.50,NULL,'2025-10-26 21:00:04','2025-10-26 21:00:04',NULL,NULL,4.50,NULL,NULL,NULL,NULL),(201,146,644,438,37,1,' ',4.50,NULL,'2025-10-26 21:00:18','2025-10-26 21:00:18',NULL,NULL,4.50,NULL,NULL,NULL,NULL),(202,147,645,438,37,1,' ',4.50,NULL,'2025-10-27 14:59:46','2025-10-27 14:59:46',NULL,NULL,4.50,NULL,NULL,NULL,NULL),(203,148,680,438,36,1,' ',10.00,NULL,'2025-10-27 16:11:37','2025-10-27 16:11:37',NULL,NULL,10.00,NULL,NULL,NULL,NULL),(204,134,652,438,37,1,' ',4.50,NULL,'2025-10-27 18:21:41','2025-10-27 18:21:41',NULL,NULL,4.50,NULL,NULL,NULL,NULL),(205,134,649,438,37,1,' ',4.50,NULL,'2025-10-27 18:22:04','2025-10-27 18:22:04',NULL,NULL,4.50,NULL,NULL,NULL,NULL),(206,134,646,438,37,1,' ',4.50,NULL,'2025-10-27 18:22:28','2025-10-27 18:22:28',NULL,NULL,4.50,NULL,NULL,NULL,NULL);

--
-- Table structure for table `product_otherdatas`
--

CREATE TABLE `product_otherdatas` (
  `id` bigint unsigned NOT NULL AUTO_INCREMENT,
  `product_id` int unsigned DEFAULT NULL,
  `input_key_ar` varchar(191) CHARACTER SET utf8mb4 COLLATE utf8mb4_unicode_ci NOT NULL,
  `input_value_ar` varchar(191) CHARACTER SET utf8mb4 COLLATE utf8mb4_unicode_ci NOT NULL,
  `input_key_en` varchar(191) CHARACTER SET utf8mb4 COLLATE utf8mb4_unicode_ci DEFAULT NULL,
  `input_value_en` varchar(191) CHARACTER SET utf8mb4 COLLATE utf8mb4_unicode_ci DEFAULT NULL,
  `created_at` timestamp NULL DEFAULT NULL,
  `updated_at` timestamp NULL DEFAULT NULL,
  `user_id` int DEFAULT NULL,
  PRIMARY KEY (`id`),
  KEY `product_otherdatas_product_id_foreign` (`product_id`)
) ENGINE=InnoDB AUTO_INCREMENT=20 DEFAULT CHARSET=utf8mb4 COLLATE=utf8mb4_unicode_ci;

--
-- Dumping data for table `product_otherdatas`
--

INSERT INTO `product_otherdatas` (`id`, `product_id`, `input_key_ar`, `input_value_ar`, `input_key_en`, `input_value_en`, `created_at`, `updated_at`, `user_id`) VALUES (3,NULL,'asdas','','asdasdda',NULL,'2024-03-30 13:52:10','2024-03-30 13:52:10',348),(18,NULL,'الفرع الاول','','asdsad٢',NULL,'2024-03-30 13:58:18','2024-03-30 13:58:18',344),(19,NULL,'الفرع الثاني','','ccxz',NULL,'2024-03-30 13:58:18','2024-03-30 13:58:18',344);

--
-- Table structure for table `product_pwrs`
--

CREATE TABLE `product_pwrs` (
  `id` int unsigned NOT NULL AUTO_INCREMENT,
  `product_id` int unsigned DEFAULT NULL,
  `pwr_id` int unsigned DEFAULT NULL,
  `in_stock` int NOT NULL DEFAULT '1',
  `status` int NOT NULL DEFAULT '1',
  `created_at` timestamp NULL DEFAULT NULL,
  `updated_at` timestamp NULL DEFAULT NULL,
  PRIMARY KEY (`id`),
  KEY `product_pwrs_product_id_foreign` (`product_id`),
  KEY `product_pwrs_pwr_id_foreign` (`pwr_id`),
  CONSTRAINT `product_pwrs_product_id_foreign` FOREIGN KEY (`product_id`) REFERENCES `products` (`id`) ON DELETE CASCADE,
  CONSTRAINT `product_pwrs_pwr_id_foreign` FOREIGN KEY (`pwr_id`) REFERENCES `pwrs` (`id`) ON DELETE CASCADE
) ENGINE=InnoDB DEFAULT CHARSET=utf8mb4 COLLATE=utf8mb4_unicode_ci;

--
-- Dumping data for table `product_pwrs`
--


--
-- Table structure for table `product_translations`
--

CREATE TABLE `product_translations` (
  `id` int unsigned NOT NULL AUTO_INCREMENT,
  `product_id` int unsigned NOT NULL,
  `name` varchar(255) CHARACTER SET utf8mb4 COLLATE utf8mb4_unicode_ci NOT NULL,
  `content` text CHARACTER SET utf8mb4 COLLATE utf8mb4_unicode_ci NOT NULL,
  `Size_guide` varchar(191) CHARACTER SET utf8mb4 COLLATE utf8mb4_unicode_ci DEFAULT NULL,
  `meta_keywords` text CHARACTER SET utf8mb4 COLLATE utf8mb4_unicode_ci,
  `locale` varchar(255) CHARACTER SET utf8mb4 COLLATE utf8mb4_unicode_ci NOT NULL,
  `created_at` timestamp NULL DEFAULT NULL,
  `updated_at` timestamp NULL DEFAULT NULL,
  `monthly` varchar(191) CHARACTER SET utf8mb4 COLLATE utf8mb4_unicode_ci DEFAULT NULL,
  `note` text COLLATE utf8mb4_unicode_ci,
  `second_note` varchar(191) COLLATE utf8mb4_unicode_ci DEFAULT NULL,
  PRIMARY KEY (`id`),
  UNIQUE KEY `product_translations_product_id_locale_unique` (`product_id`,`locale`),
  KEY `product_translations_locale_index` (`locale`),
  CONSTRAINT `product_translations_product_id_foreign` FOREIGN KEY (`product_id`) REFERENCES `products` (`id`) ON DELETE CASCADE
) ENGINE=InnoDB AUTO_INCREMENT=1212 DEFAULT CHARSET=utf8mb4 COLLATE=utf8mb4_unicode_ci;

--
-- Dumping data for table `product_translations`
--

INSERT INTO `product_translations` (`id`, `product_id`, `name`, `content`, `Size_guide`, `meta_keywords`, `locale`, `created_at`, `updated_at`, `monthly`, `note`, `second_note`) VALUES (53,65,'ماعون تشوكلت فاخر','51 حبة تشوكلت مع ماعون ذهبي هندي كواليتي عالية',NULL,NULL,'ar',NULL,NULL,NULL,NULL,NULL),(54,65,'Luxury chocolate bowl','51 Chocolates with Indian Gold Plate High Quality',NULL,NULL,'en',NULL,NULL,NULL,NULL,NULL),(55,66,'ماعون تشوكلت فاخر','51 حبة تشوكلت مع ماعون ذهبي هندي كواليتي عالية','منتج',NULL,'ar',NULL,NULL,NULL,NULL,NULL),(56,66,'Luxury chocolate bowl','51 Chocolates with Indian Gold Plate High Quality','منتج',NULL,'en',NULL,NULL,NULL,NULL,NULL),(57,67,'تنسيق مواليد','شوكلا مشكلة 35 حبة بتنسيق مميز',NULL,NULL,'ar',NULL,NULL,NULL,NULL,NULL),(58,67,'Birth coordination','35 pieces of assorted chocolate in a distinctive arrangement',NULL,NULL,'en',NULL,NULL,NULL,NULL,NULL),(59,68,'باقة عروس','باقة عروس تنسيق يدوي ورد صناعي',NULL,NULL,'ar',NULL,NULL,NULL,'اكتب ملاحظتك هنا',NULL),(60,68,'Bridal bouquet','Bridal bouquet handmade arrangement artificial flowers',NULL,NULL,'en',NULL,NULL,NULL,'اكتب ملاحظتك هنا',NULL),(61,70,'كاكاو تنسيق مواليد','35 حبة تشوكلت',NULL,NULL,'ar',NULL,NULL,NULL,NULL,NULL),(62,70,'Cocoa births','35 chocolate pieces',NULL,NULL,'en',NULL,NULL,NULL,NULL,NULL),(63,71,'صينية كاكاو توزيعات مواليد','صينية كاكاو توزيعات مواليد 45 حبة كاكاو',NULL,NULL,'ar',NULL,NULL,NULL,NULL,NULL),(64,71,'Cocoa tray for newborn gifts,','Cocoa tray for newborn gifts, 45 cocoa beans',NULL,NULL,'en',NULL,NULL,NULL,NULL,NULL),(65,72,'صينية كاكاو فاخرة توزيعات مواليد','Luxury cocoa tray for newborn gifts',NULL,NULL,'ar',NULL,NULL,NULL,NULL,NULL),(66,72,'Luxury cocoa tray for newborn gifts','Luxury cocoa tray for newborn gifts',NULL,NULL,'en',NULL,NULL,NULL,NULL,NULL),(67,73,'ماعون كاكاو فاخر','ماعون كاكاو فاخر 51 حبة كاكاو',NULL,NULL,'ar',NULL,NULL,NULL,NULL,NULL),(68,73,'Luxury cocoa','Luxury cocoa pot 51 cocoa beans',NULL,NULL,'en',NULL,NULL,NULL,NULL,NULL),(69,74,'كاكاو فاخرة','شوكولا فاخرة 81 حبة مع طبق تقديم اصلي فاخر',NULL,NULL,'ar',NULL,NULL,NULL,NULL,NULL),(70,74,'luxury cocoa','81 pieces of luxury chocolate with a luxury original serving plate',NULL,NULL,'en',NULL,NULL,NULL,NULL,NULL),(71,75,'ماعون تشوكلت فاخر','شوكولا فاخرة 81 حبة مع طبق تقديم اصلي فاخر',NULL,NULL,'ar',NULL,NULL,NULL,NULL,NULL),(72,75,'Luxury chocolate bowl','شوكولا فاخرة 81 حبة مع طبق تقديم اصلي فاخر',NULL,NULL,'en',NULL,NULL,NULL,NULL,NULL),(73,76,'تنسيق كاكاو  مواليد','تنسيق كاكاو  مواليد',NULL,NULL,'ar',NULL,NULL,NULL,NULL,NULL),(74,76,'Chocolate arrangement for newborns','Chocolate arrangement for newborns',NULL,NULL,'en',NULL,NULL,NULL,NULL,NULL),(75,77,'ماعون تشوكلت فاخر','61 حبة تشوكلت بحشوات مختلفة',NULL,NULL,'ar',NULL,NULL,NULL,NULL,NULL),(76,77,'Luxury chocolate bowl','61 chocolate pieces with different fillings',NULL,NULL,'en',NULL,NULL,NULL,NULL,NULL),(77,78,'ماعون تشوكلت فاخر','61 حبة تشوكلت بحشوات مختلفة',NULL,NULL,'ar',NULL,NULL,NULL,NULL,NULL),(78,78,'Luxury chocolate bowl','61 chocolate pieces with different fillings',NULL,NULL,'en',NULL,NULL,NULL,NULL,NULL),(79,79,'ماعون تشوكلت فاخر','51 chocolate pieces with different fillings',NULL,NULL,'ar',NULL,NULL,NULL,NULL,NULL),(80,79,'Luxury chocolate bowl','51 chocolate pieces with different fillings',NULL,NULL,'en',NULL,NULL,NULL,NULL,NULL),(81,80,'تنسيق شوكلاته مواليد','تنسيق شوكلاته مواليد',NULL,NULL,'ar',NULL,NULL,NULL,NULL,NULL),(82,80,'Chocolate arrangement for newborns','Chocolate arrangement for newborns',NULL,NULL,'en',NULL,NULL,NULL,NULL,NULL),(83,81,'تنسيق شوكلاته مواليد','تنسيق شوكلاته مواليد',NULL,NULL,'ar',NULL,NULL,NULL,NULL,NULL),(84,81,'Chocolate arrangement for newborns','Chocolate arrangement for newborns',NULL,NULL,'en',NULL,NULL,NULL,NULL,NULL),(85,82,'ستاند عروس','ستاند عروس تنسيق يدوي خاص',NULL,NULL,'ar',NULL,NULL,NULL,NULL,NULL),(86,82,'Bride stand','Special handmade bridal stand',NULL,NULL,'en',NULL,NULL,NULL,NULL,NULL),(87,83,'ستاند عروس','ستاند عروس تنسيق يدوي خاص',NULL,NULL,'ar',NULL,NULL,NULL,NULL,NULL),(88,83,'Bride stand','Special handmade bridal stand',NULL,NULL,'en',NULL,NULL,NULL,NULL,NULL),(89,84,'ستاند عروس','ستاند عروس تنسيق يدوي خاص',NULL,NULL,'ar',NULL,NULL,NULL,NULL,NULL),(90,84,'Bride stand','Special handmade bridal stand',NULL,NULL,'en',NULL,NULL,NULL,NULL,NULL),(91,85,'مسكة عروس','مسكة عروس تنسيق يدوي خاصة ورد صناعي',NULL,NULL,'ar',NULL,NULL,NULL,NULL,NULL),(92,85,'Bridal bouquet','Bridal bouquet handmade arrangement special artificial flowers',NULL,NULL,'en',NULL,NULL,NULL,NULL,NULL),(93,86,'شوكلاته بالهيل','ربع كيلو شوكلاته  بالهيل  مغلفة',NULL,NULL,'ar',NULL,NULL,NULL,NULL,NULL),(94,86,'Chocolate with cardamom','A quarter kilo of chocolate with cardamom, coated',NULL,NULL,'en',NULL,NULL,NULL,NULL,NULL),(95,88,'شوكلاته تشيز كيك فراولة','ربع كيلو شوكلاته تشيز كيك فراولة',NULL,NULL,'ar',NULL,NULL,NULL,NULL,NULL),(96,88,'Chocolate cheesecake strawberry','A quarter kilo of chocolate and strawberry cheesecake',NULL,NULL,'en',NULL,NULL,NULL,NULL,NULL),(97,89,'شوكولاتة براوني كيك','ربع كيلو شوكولاتة براوني كيك',NULL,NULL,'ar',NULL,NULL,NULL,NULL,NULL),(98,89,'Chocolate brownie cake','A quarter kilo of chocolate brownie cake',NULL,NULL,'en',NULL,NULL,NULL,NULL,NULL),(99,90,'Oreo chocolate with caramel','ربع كيلو شوكولاتة اوريو بالكراميل',NULL,NULL,'ar',NULL,NULL,NULL,NULL,NULL),(100,90,'Oreo chocolate with caramel','A quarter kilo of Oreo chocolate with caramel',NULL,NULL,'en',NULL,NULL,NULL,NULL,NULL),(101,91,'ماعون تشوكلت ذهبي فاخر','ماعون تشوكلت ذهبي فاخر',NULL,NULL,'ar',NULL,NULL,NULL,NULL,NULL),(102,91,'Luxury golden chocolate bowl','Luxury golden chocolate bowl',NULL,NULL,'en',NULL,NULL,NULL,NULL,NULL),(103,92,'ماعون تشوكلت ذهبي','ماعون شوكلت ذهبي .الشوكولاته حشوات  مختلفة',NULL,NULL,'ar',NULL,NULL,NULL,NULL,NULL),(104,92,'Golden chocolate bowl','Golden chocolate bowl. Chocolate with different flavours',NULL,NULL,'en',NULL,NULL,NULL,NULL,NULL),(111,103,'باقة ورد جوري','باقة ورد 30 حبة لون احمر','عدد 30 حبة',NULL,'ar',NULL,NULL,NULL,NULL,NULL),(112,103,'A bouquet of roses','باقة ورد 30 حبة لون احمر','30 red roses',NULL,'en',NULL,NULL,NULL,NULL,NULL),(113,104,'باقة ورد جوري30وردة','30وردة لون احمر','عدد 30 حبة',NULL,'ar',NULL,NULL,NULL,'اكتب ملاحظتك هنا',NULL),(114,104,'باقة ورد جوري30وردة','A bouquet of 30 red roses','30 red roses',NULL,'en',NULL,NULL,NULL,'اكتب ملاحظتك هنا',NULL),(117,108,'بوكس شوكلا','بوكس شوكلا',NULL,NULL,'ar',NULL,NULL,NULL,NULL,NULL),(118,108,'بوكس شوكلا','بوكس شوكلا',NULL,NULL,'en',NULL,NULL,NULL,NULL,NULL),(119,110,'هدية بوكس شوكولاته','بوكس شوكولاته منسق بالورد الصناعي',NULL,NULL,'ar',NULL,NULL,NULL,NULL,NULL),(120,110,'Chocolate gift box','Chocolate box arranged with artificial flowers',NULL,NULL,'en',NULL,NULL,NULL,NULL,NULL),(121,111,'فازة شوكولاته معدنية','فازة معدنية ذهبية تحتوي على شوكولاته',NULL,NULL,'ar',NULL,NULL,NULL,NULL,NULL),(122,111,'Metal chocolate vase','Golden metal vase containing chocolate',NULL,NULL,'en',NULL,NULL,NULL,NULL,NULL),(123,112,'صيتية شوكولاته فضية معدنية','صينية شوكولاته منسقة بالورد الصناعي',NULL,NULL,'ar',NULL,NULL,NULL,NULL,NULL),(124,112,'Metallic silver chocolate','A chocolate tray decorated with artificial flowers',NULL,NULL,'en',NULL,NULL,NULL,NULL,NULL),(125,113,'تلل','تلال',NULL,NULL,'ar',NULL,NULL,NULL,NULL,NULL),(126,113,'تت','لانةلا',NULL,NULL,'en',NULL,NULL,NULL,NULL,NULL),(127,115,'ماذن رمضانية','ماذن رمضانية',NULL,NULL,'ar',NULL,NULL,NULL,NULL,NULL),(128,115,'Ramadan minarets','Ramadan minarets',NULL,NULL,'en',NULL,NULL,NULL,NULL,NULL),(129,116,'ماذن رمضانية','ماذن رمضانية',NULL,NULL,'ar',NULL,NULL,NULL,NULL,NULL),(130,116,'Ramadan minarets','Ramadan minarets',NULL,NULL,'en',NULL,NULL,NULL,NULL,NULL),(131,117,'باقة عروس','باقة عروس',NULL,NULL,'ar',NULL,NULL,NULL,NULL,NULL),(132,117,'Bridal bouquet','Bridal bouquet',NULL,NULL,'en',NULL,NULL,NULL,NULL,NULL),(133,118,'شوكولاته كاب كيك مميزة','ربع كيلو من شوكولاتة الكب كيك المغلفة اللذيذة',NULL,NULL,'ar',NULL,NULL,NULL,NULL,NULL),(134,118,'Special Chocolate Cupcakes','Quarter kilo of delicious chocolate covered cupcakes',NULL,NULL,'en',NULL,NULL,NULL,NULL,NULL),(135,120,'كاكاو بحشوة الهيل المميزة','ربع كيلو كاكاو مغلف بحشوة الهيل المميزة',NULL,NULL,'ar',NULL,NULL,NULL,NULL,NULL),(136,120,'Chocolate With Special Cardamom Filling','Quarter kilo of cocoa covered with a special cardamom filling',NULL,NULL,'en',NULL,NULL,NULL,NULL,NULL),(137,122,'شوكولاته البستاشيو مع الورد','ربع كيلو شوكولاتة مغلفه. حشوة البستاشيو والورد ونكهة المستكة',NULL,NULL,'ar',NULL,NULL,NULL,NULL,NULL),(138,122,'Pistachio Chocolate With Roses','Quarter kilo of coated chocolate. Pistachio filling, roses and mastic flavour',NULL,NULL,'en',NULL,NULL,NULL,NULL,NULL),(139,123,'باقة ورد ابيض','20 وردة جوري ابيض',NULL,NULL,'ar',NULL,NULL,NULL,'اكتب ملاحظتك هنا',NULL),(140,123,'bouquet of white roses','20 وردة جوري ابيض',NULL,NULL,'en',NULL,NULL,NULL,'اكتب ملاحظتك هنا',NULL),(141,125,'هدية بوكس حب','بوكس ورد مع بالون هيليوم',NULL,NULL,'ar',NULL,NULL,NULL,NULL,NULL),(142,125,'هدية بوكس حب','بوكس ورد مع بالون هيليوم',NULL,NULL,'en',NULL,NULL,NULL,NULL,NULL),(143,126,'هدية بوكس حب','بوكس ورد مع بالون هيليوم',NULL,NULL,'ar',NULL,NULL,NULL,NULL,NULL),(144,126,'هدية بوكس حب','بوكس ورد مع بالون هيليوم',NULL,NULL,'en',NULL,NULL,NULL,NULL,NULL),(145,129,'ماكرون سويت','ربع كيلو ماكرون سويت',NULL,NULL,'ar',NULL,NULL,NULL,NULL,NULL),(146,129,'ماكرون سويت','ربع كيلو ماكرون سويت',NULL,NULL,'en',NULL,NULL,NULL,NULL,NULL),(147,130,'ماكرون سويت ميكس','ربع كيلو ماكرون سويت ميكس',NULL,NULL,'ar',NULL,NULL,NULL,NULL,NULL),(148,130,'ماكرون سويت ميكس','ربع كيلو ماكرون سويت ميكس',NULL,NULL,'en',NULL,NULL,NULL,NULL,NULL),(149,131,'باقة ورد جوري','باقة ورد جوري',NULL,NULL,'ar',NULL,NULL,NULL,NULL,NULL),(150,131,'باقة ورد جوري','باقة ورد جوري',NULL,NULL,'en',NULL,NULL,NULL,NULL,NULL),(151,132,'سمسمية هلال','ربع كيلو',NULL,NULL,'ar',NULL,NULL,NULL,NULL,NULL),(152,132,'سمسمية هلال','ربع كيلو',NULL,NULL,'en',NULL,NULL,NULL,NULL,NULL),(153,133,'حلقوم بتالفستق','ربع كيلو',NULL,NULL,'ar',NULL,NULL,NULL,NULL,NULL),(154,133,'حلقوم بتالفستق','ربع كيلو',NULL,NULL,'en',NULL,NULL,NULL,NULL,NULL),(155,134,'معجوقة بستاشيو','ربع كيلو',NULL,NULL,'ar',NULL,NULL,NULL,NULL,NULL),(156,134,'معجوقة بستاشيو','ربع كيلو',NULL,NULL,'en',NULL,NULL,NULL,NULL,NULL),(157,135,'حلا رمضاني','ربع كيلو',NULL,NULL,'ar',NULL,NULL,NULL,NULL,NULL),(158,135,'حلا رمضاني','ربع كيلو',NULL,NULL,'en',NULL,NULL,NULL,NULL,NULL),(159,136,'بقلاوة رمضانية','ربع كيلو',NULL,NULL,'ar',NULL,NULL,NULL,NULL,NULL),(160,136,'بقلاوة رمضانية','ربع كيلو',NULL,NULL,'en',NULL,NULL,NULL,NULL,NULL),(161,137,'راحة بالورد','ربع كيلو',NULL,NULL,'ar',NULL,NULL,NULL,NULL,NULL),(162,137,'راحة بالورد','ربع كيلو',NULL,NULL,'en',NULL,NULL,NULL,NULL,NULL),(163,138,'عش البلبل','ربع كيلو',NULL,NULL,'ar',NULL,NULL,NULL,NULL,NULL),(164,138,'عش البلبل','ربع كيلو',NULL,NULL,'en',NULL,NULL,NULL,NULL,NULL),(165,139,'معجوقة بالبستاشيو','ربع كيلو',NULL,NULL,'ar',NULL,NULL,NULL,NULL,NULL),(166,139,'معجوقة بالبستاشيو','ربع كيلو',NULL,NULL,'en',NULL,NULL,NULL,NULL,NULL),(167,140,'حلا معجوقة البستاشيو','ربع كيلو',NULL,NULL,'ar',NULL,NULL,NULL,NULL,NULL),(168,140,'حلا معجوقة البستاشيو','ربع كيلو',NULL,NULL,'en',NULL,NULL,NULL,NULL,NULL),(169,141,'سينابون بالكراميل','قطع من السينابون بالكراميل',NULL,NULL,'ar',NULL,NULL,NULL,NULL,NULL),(170,141,'Caramel sticky bun','قطع من السينابون بالكراميل',NULL,NULL,'en',NULL,NULL,NULL,NULL,NULL),(172,143,'سينابون بالبستاشيو','قطع سينابون بالبستاشيو',NULL,NULL,'ar',NULL,NULL,NULL,NULL,NULL),(173,143,'Pistachio sticky bun','قطع سينابون بالبستاشيو',NULL,NULL,'en',NULL,NULL,NULL,NULL,NULL),(174,144,'سينابون باللوتس','3قطع سينابون لوتس',NULL,NULL,'ar',NULL,NULL,NULL,NULL,NULL),(175,144,'Lotus sticky bun','3قطع سينابون لوتس',NULL,NULL,'en',NULL,NULL,NULL,NULL,NULL),(176,145,'سينابون رول شوكولا','6 قطع سينابون بالشوكولا',NULL,NULL,'ar',NULL,NULL,NULL,NULL,NULL),(177,145,'سينابون رول شوكولا','6 قطع سينابون بالشوكولا',NULL,NULL,'en',NULL,NULL,NULL,NULL,NULL),(178,146,'تنسق كاكاو فاخر','تنسق كاكاو فاخر',NULL,NULL,'ar',NULL,NULL,NULL,NULL,NULL),(179,146,'تنسق كاكاو فاخر','تنسق كاكاو فاخر',NULL,NULL,'en',NULL,NULL,NULL,NULL,NULL),(180,147,'تنسق كاكاو فاخر','تنسق كاكاو فاخر',NULL,NULL,'ar',NULL,NULL,NULL,NULL,NULL),(181,147,'تنسق كاكاو فاخر','تنسق كاكاو فاخر',NULL,NULL,'en',NULL,NULL,NULL,NULL,NULL),(182,149,'تنسق كاكاو فاخر','تنسق كاكاو فاخر',NULL,NULL,'ar',NULL,NULL,NULL,NULL,NULL),(183,149,'تنسق كاكاو فاخر','تنسق كاكاو فاخر',NULL,NULL,'en',NULL,NULL,NULL,NULL,NULL),(184,150,'تنسق كاكاو فاخر','تنسق كاكاو فاخر',NULL,NULL,'ar',NULL,NULL,NULL,NULL,NULL),(185,150,'تنسق كاكاو فاخر','تنسق كاكاو فاخر',NULL,NULL,'en',NULL,NULL,NULL,NULL,NULL),(186,151,'تنسق كاكاو فاخر','تنسق كاكاو فاخر',NULL,NULL,'ar',NULL,NULL,NULL,NULL,NULL),(187,151,'تنسق كاكاو فاخر','تنسق كاكاو فاخر',NULL,NULL,'en',NULL,NULL,NULL,NULL,NULL),(188,152,'تنسق كاكاو فاخر','تنسق كاكاو فاخر',NULL,NULL,'ar',NULL,NULL,NULL,NULL,NULL),(189,152,'تنسق كاكاو فاخر','تنسق كاكاو فاخر',NULL,NULL,'en',NULL,NULL,NULL,NULL,NULL),(190,153,'تنسق كاكاو فاخر','تنسق كاكاو فاخر',NULL,NULL,'ar',NULL,NULL,NULL,NULL,NULL),(191,153,'تنسق كاكاو فاخر','تنسق كاكاو فاخر',NULL,NULL,'en',NULL,NULL,NULL,NULL,NULL),(192,157,'تنسيق كاكاو تخرح','تنسيق كاكاو تخرح',NULL,NULL,'ar',NULL,NULL,NULL,NULL,NULL),(193,157,'تنسيق كاكاو تخرح','تنسيق كاكاو تخرح',NULL,NULL,'en',NULL,NULL,NULL,NULL,NULL),(194,158,'تنسيق كاكاو تخرح','تنسيق كاكاو تخرح',NULL,NULL,'ar',NULL,NULL,NULL,NULL,NULL),(195,158,'تنسيق كاكاو تخرح','تنسيق كاكاو تخرح',NULL,NULL,'en',NULL,NULL,NULL,NULL,NULL),(196,159,'كاكاو الهبة كنافة وبستاشيو','ربع كيلو كاكاو الهبة كنافة وبستاشيو',NULL,NULL,'ar',NULL,NULL,NULL,NULL,NULL),(197,159,'كاكاو الهبة كنافة وبستاشيو','ربع كيلو كاكاو الهبة كنافة وبستاشيو',NULL,NULL,'en',NULL,NULL,NULL,NULL,NULL),(198,166,'ماعون تشوكلت فاخر','ماعون تشوكلت فاخر',NULL,NULL,'ar',NULL,NULL,NULL,NULL,NULL),(199,166,'ماعون تشوكلت فاخر','ماعون تشوكلت فاخر',NULL,NULL,'en',NULL,NULL,NULL,NULL,NULL),(200,167,'صينية كاكاو عيد الفطر','صينية كاكاو عيد الفطر',NULL,NULL,'ar',NULL,NULL,NULL,NULL,NULL),(201,167,'صينية كاكاو عيد الفطر','صينية كاكاو عيد الفطر',NULL,NULL,'en',NULL,NULL,NULL,NULL,NULL),(202,168,'ماعون كاكاو عيد الفطر','ماعون كاكاو عيد الفطر',NULL,NULL,'ar',NULL,NULL,NULL,NULL,NULL),(203,168,'ماعون كاكاو عيد الفطر','ماعون كاكاو عيد الفطر',NULL,NULL,'en',NULL,NULL,NULL,NULL,NULL),(204,169,'ماعون تشوكلت سلفر','450 غرام من كاكاو الويفر والكريسبي شوكولا',NULL,NULL,'ar',NULL,NULL,NULL,NULL,NULL),(205,169,'ماعون تشوكلت سلفر','450 غرام من كاكاو الويفر والكريسبي شوكولا',NULL,NULL,'en',NULL,NULL,NULL,NULL,NULL),(206,170,'تنسيق هدية بيبي بوي','تنسيق هدية بيبي بوي',NULL,NULL,'ar',NULL,NULL,NULL,NULL,NULL),(207,170,'تنسيق هدية بيبي بوي','تنسيق هدية بيبي بوي',NULL,NULL,'en',NULL,NULL,NULL,NULL,NULL),(208,171,'هدية بوكس بيبي غيرل','هدية بوكس بيبي غيرل',NULL,NULL,'ar',NULL,NULL,NULL,NULL,NULL),(209,171,'هدية بوكس بيبي غيرل','هدية بوكس بيبي غيرل',NULL,NULL,'en',NULL,NULL,NULL,NULL,NULL),(210,172,'هدية تخرح ماعون كاكاو فاخر','هدية تخرح ماعون كاكاو فاخر',NULL,NULL,'ar',NULL,NULL,NULL,NULL,NULL),(211,172,'هدية تخرح ماعون كاكاو فاخر','هدية تخرح ماعون كاكاو فاخر',NULL,NULL,'en',NULL,NULL,NULL,NULL,NULL),(212,174,'ماعون تشوكلت فاخر','ماعون فاخر 780 غرام كاكاو مزين بالورد الصناعي',NULL,NULL,'ar',NULL,NULL,NULL,NULL,NULL),(213,174,'ماعون تشوكلت فاخر','ماعون فاخر 780 غرام كاكاو مزين بالورد الصناعي',NULL,NULL,'en',NULL,NULL,NULL,NULL,NULL),(214,175,'ماعون تشوكلت فاخر','ماعون فاخر  مزين بالورد الصناعي',NULL,NULL,'ar',NULL,NULL,NULL,NULL,NULL),(215,175,'ماعون تشوكلت فاخر','ماعون فاخر  مزين بالورد الصناعي',NULL,NULL,'en',NULL,NULL,NULL,NULL,NULL),(216,177,'هدية مولود تنسيق كاكاو فاخر','تحتوي على 880غرام كاكاو مزينة بالورد الصناعي الصوف',NULL,NULL,'ar',NULL,NULL,NULL,NULL,NULL),(217,177,'هدية مولود تنسيق كاكاو فاخر','تحتوي على 880غرام كاكاو مزينة بالورد الصناعي الصوف',NULL,NULL,'en',NULL,NULL,NULL,NULL,NULL),(218,179,'هدية تخرج كاكاو فاخر','هدية تخرج كاكاو فاخر',NULL,NULL,'ar',NULL,NULL,NULL,NULL,NULL),(219,179,'هدية تخرج كاكاو فاخر','هدية تخرج كاكاو فاخر',NULL,NULL,'en',NULL,NULL,NULL,NULL,NULL),(220,180,'صينية  شوكولاته للعيد','تحتوي 47 حبة من كاكاو الويفر والهلال البستاشيو',NULL,NULL,'ar',NULL,NULL,NULL,NULL,NULL),(221,180,'صينية  شوكولاته للعيد','تحتوي 47 حبة من كاكاو الويفر والهلال البستاشيو',NULL,NULL,'en',NULL,NULL,NULL,NULL,NULL),(222,181,'بوكس شوكولاته مع غلاف صورة اية قرأنية','بوكس شوكولاته  34 حبة شوكولاته مع غلاف صورة اية قرأنية',NULL,NULL,'ar',NULL,NULL,NULL,NULL,NULL),(223,181,'بوكس شوكولاته مع غلاف صورة اية قرأنية','بوكس شوكولاته  34 حبة شوكولاته مع غلاف صورة اية قرأنية',NULL,NULL,'en',NULL,NULL,NULL,NULL,NULL),(224,182,'بوكس شوكولاته مع غلاف صورة اية قرأنية','بوكس شوكولاته 26 حبة شوكولاته مع غلاف صورة اية قرأنية',NULL,NULL,'ar',NULL,NULL,NULL,NULL,NULL),(225,182,'بوكس شوكولاته مع غلاف صورة اية قرأنية','بوكس شوكولاته 26 حبة شوكولاته مع غلاف صورة اية قرأنية',NULL,NULL,'en',NULL,NULL,NULL,NULL,NULL),(226,183,'بوكس شوكولاته مع غلاف صورة اية قرأنية','بوكس شوكولاته 28 حبة شوكولاته مع غلاف صورة اية قرأنية',NULL,NULL,'ar',NULL,NULL,NULL,NULL,NULL),(227,183,'بوكس شوكولاته مع غلاف صورة اية قرأنية','بوكس شوكولاته 28 حبة شوكولاته مع غلاف صورة اية قرأنية',NULL,NULL,'en',NULL,NULL,NULL,NULL,NULL),(228,184,'تنسيق شوكولاته مناسبة  مواليد','تنسيق شوكولاته مناسبة  مواليد  \r\n‎240غرام شوكولاته ، \r\n‎17حبة شوكولاته',NULL,NULL,'ar',NULL,NULL,NULL,NULL,NULL),(229,184,'تنسيق شوكولاته مناسبة  مواليد','تنسيق شوكولاته مناسبة  مواليد  \r\n‎240غرام شوكولاته ، \r\n‎17حبة شوكولاته',NULL,NULL,'en',NULL,NULL,NULL,NULL,NULL),(230,189,'هدية تنسيق شوكولاته مناسبة  مواليد','‎35حبةشوكولاته \r\n‎500غرام شوكولاته',NULL,NULL,'ar',NULL,NULL,NULL,NULL,NULL),(231,189,'هدية تنسيق شوكولاته مناسبة  مواليد','‎35حبةشوكولاته \r\n‎500غرام شوكولاته',NULL,NULL,'en',NULL,NULL,NULL,NULL,NULL),(232,190,'هدية مواليد شوكولاته فاخرة','40 حبة شوكولاته فاخرة منسقة بالورد الصناعي',NULL,NULL,'ar',NULL,NULL,NULL,NULL,NULL),(233,190,'هدية مواليد شوكولاته فاخرة','40 حبة شوكولاته فاخرة منسقة بالورد الصناعي',NULL,NULL,'en',NULL,NULL,NULL,NULL,NULL),(234,191,'هدية مواليد شوكولاته فاخرة','24حبة شوكولاته فاخرة',NULL,NULL,'ar',NULL,NULL,NULL,NULL,NULL),(235,191,'هدية مواليد شوكولاته فاخرة','24حبة شوكولاته فاخرة',NULL,NULL,'en',NULL,NULL,NULL,NULL,NULL),(236,193,'هدية مواليد شوكولاته فاخرة','48 حبة شوكولاته فاخرة منسقة بالورد الصناعي',NULL,NULL,'ar',NULL,NULL,NULL,NULL,NULL),(237,193,'هدية مواليد شوكولاته فاخرة','40 حبة شوكولاته فاخرة منسقة بالورد الصناعي',NULL,NULL,'en',NULL,NULL,NULL,NULL,NULL),(238,194,'هدية مواليد شوكولاته فاخرة','هدية مواليد شوكولاته فاخرة',NULL,NULL,'ar',NULL,NULL,NULL,NULL,NULL),(239,194,'هدية مواليد شوكولاته فاخرة','هدية مواليد شوكولاته فاخرة',NULL,NULL,'en',NULL,NULL,NULL,NULL,NULL),(240,195,'هدية تفوق  وتخرج شوكولاته فاخرة','هدية تفوق  وتخرج شوكولاته فاخرة',NULL,NULL,'ar',NULL,NULL,NULL,NULL,NULL),(241,195,'هدية تفوق  وتخرج شوكولاته فاخرة','هدية تفوق  وتخرج شوكولاته فاخرة',NULL,NULL,'en',NULL,NULL,NULL,NULL,NULL),(242,196,'هدية تفوق  وتخرج شوكولاته فاخرة','24 حبة شوكولاته فاخرة ، هدية مميزة تنسيق ورد صناعي',NULL,NULL,'ar',NULL,NULL,NULL,NULL,NULL),(243,196,'هدية تفوق  وتخرج شوكولاته فاخرة','24 حبة شوكولاته فاخرة ، هدية مميزة تنسيق ورد صناعي',NULL,NULL,'en',NULL,NULL,NULL,NULL,NULL),(244,197,'هدية تفوق  وتخرج شوكولاته فاخرة','24 حبة شوكولاته فاخرة ، هدية مميزة تنسيق ورد صناعي',NULL,NULL,'ar',NULL,NULL,NULL,NULL,NULL),(245,197,'هدية تفوق  وتخرج شوكولاته فاخرة','24 حبة شوكولاته فاخرة ، هدية مميزة تنسيق ورد صناعي',NULL,NULL,'en',NULL,NULL,NULL,NULL,NULL),(246,198,'هدية مميزة من الشوكولاته الفاخرة','600غرام شوكولاته صينية توزيعات',NULL,NULL,'ar',NULL,NULL,NULL,NULL,NULL),(247,198,'هدية مميزة من الشوكولاته الفاخرة','600غرام شوكولاته صينية توزيعات',NULL,NULL,'en',NULL,NULL,NULL,NULL,NULL),(248,199,'هدية مميزة من الشوكولاته الفاخرة','35حبة شوكولاته  570 غرام',NULL,NULL,'ar',NULL,NULL,NULL,NULL,NULL),(249,199,'هدية مميزة من الشوكولاته الفاخرة','35حبة شوكولاته  570 غرام',NULL,NULL,'en',NULL,NULL,NULL,NULL,NULL),(250,201,'هدية مميزة من الشوكولاته الفاخرة','580غرام شوكولاته فاخرة',NULL,NULL,'ar',NULL,NULL,NULL,NULL,NULL),(251,201,'هدية مميزة من الشوكولاته الفاخرة','580غرام شوكولاته فاخرة',NULL,NULL,'en',NULL,NULL,NULL,NULL,NULL),(252,204,'باقة وردة هدية مميزة','باقة وردة هدية مميزة',NULL,NULL,'ar',NULL,NULL,NULL,NULL,NULL),(253,204,'باقة وردة هدية مميزة','باقة وردة هدية مميزة',NULL,NULL,'en',NULL,NULL,NULL,NULL,NULL),(254,209,'باقة وردة هدية مميزة','باقة وردة هدية مميزة',NULL,NULL,'ar',NULL,NULL,NULL,NULL,NULL),(255,209,'باقة وردة هدية مميزة','باقة وردة هدية مميزة',NULL,NULL,'en',NULL,NULL,NULL,NULL,NULL),(256,210,'باقة وردة هدية مميزة','باقة وردة هدية مميزة',NULL,NULL,'ar',NULL,NULL,NULL,NULL,NULL),(257,210,'باقة وردة هدية مميزة','باقة وردة هدية مميزة',NULL,NULL,'en',NULL,NULL,NULL,NULL,NULL),(258,211,'باقة وردة هدية مميزة','باقة وردة هدية مميزة',NULL,NULL,'ar',NULL,NULL,NULL,NULL,NULL),(259,211,'باقة وردة هدية مميزة','باقة وردة هدية مميزة',NULL,NULL,'en',NULL,NULL,NULL,NULL,NULL),(260,212,'باقة  30 ودة هدية مميزة','30 ودة',NULL,NULL,'ar',NULL,NULL,NULL,'اكتب ملاحظتك هنا',NULL),(261,212,'باقة  30 ودة هدية مميزة','30 ودة',NULL,NULL,'en',NULL,NULL,NULL,'اكتب ملاحظتك هنا',NULL),(262,213,'باقة وردة هدية مميزة','باقة وردة هدية مميزة',NULL,NULL,'ar',NULL,NULL,NULL,NULL,NULL),(263,213,'باقة وردة هدية مميزة','باقة وردة هدية مميزة',NULL,NULL,'en',NULL,NULL,NULL,NULL,NULL),(264,214,'باقة وردة هدية مميزة','باقة وردة هدية مميزة','اضافة عبارة اكريلك',NULL,'ar',NULL,NULL,NULL,NULL,NULL),(265,214,'باقة وردة هدية مميزة','باقة وردة هدية مميزة','اضافة عبارة اكريلك',NULL,'en',NULL,NULL,NULL,NULL,NULL),(266,215,'باقة وردة هدية مميزة','باقة وردة هدية مميزة',NULL,NULL,'ar',NULL,NULL,NULL,NULL,NULL),(267,215,'باقة وردة هدية مميزة','باقة وردة هدية مميزة',NULL,NULL,'en',NULL,NULL,NULL,NULL,NULL),(268,216,'باقة وردة هدية مميزة','باقة وردة هدية مميزة',NULL,NULL,'ar',NULL,NULL,NULL,NULL,NULL),(269,216,'باقة وردة هدية مميزة','باقة وردة هدية مميزة',NULL,NULL,'en',NULL,NULL,NULL,NULL,NULL),(270,217,'باقة وردة هدية مميزة','باقة وردة هدية مميزة',NULL,NULL,'ar',NULL,NULL,NULL,NULL,NULL),(271,217,'باقة وردة هدية مميزة','باقة وردة هدية مميزة',NULL,NULL,'en',NULL,NULL,NULL,NULL,NULL),(272,218,'تنسيق اكريلك تقديم العانية','تنسيق اكريلك تقديم العانية',NULL,NULL,'ar',NULL,NULL,NULL,NULL,NULL),(273,218,'تنسيق اكريلك تقديم العانية','تنسيق اكريلك تقديم العانية',NULL,NULL,'en',NULL,NULL,NULL,NULL,NULL),(274,219,'تنسيق اكريلك تقديم العانية','تنسيق اكريلك تقديم العانية',NULL,NULL,'ar',NULL,NULL,NULL,NULL,NULL),(275,219,'تنسيق اكريلك تقديم العانية','تنسيق اكريلك تقديم العانية',NULL,NULL,'en',NULL,NULL,NULL,NULL,NULL),(276,220,'تنسيق اكريلك تقديم العانية','تنسيق اكريلك تقديم العانية',NULL,NULL,'ar',NULL,NULL,NULL,NULL,NULL),(277,220,'تنسيق اكريلك تقديم العانية','تنسيق اكريلك تقديم العانية',NULL,NULL,'en',NULL,NULL,NULL,NULL,NULL),(278,222,'باقة  30 ودة هدية مميزة','باقة  30 ودة هدية مميزة',NULL,NULL,'ar',NULL,NULL,NULL,'اكتب ملاحظتك هنا',NULL),(279,222,'باقة  30 ودة هدية مميزة','باقة  30 ودة هدية مميزة',NULL,NULL,'en',NULL,NULL,NULL,'اكتب ملاحظتك هنا',NULL),(280,224,'هدية ورد مميزة','هدية ورد مميزة',NULL,NULL,'ar',NULL,NULL,NULL,NULL,NULL),(281,224,'هدية ورد مميزة','هدية ورد مميزة',NULL,NULL,'en',NULL,NULL,NULL,NULL,NULL),(282,225,'هدية ورد مميزة','هدية ورد مميزة',NULL,NULL,'ar',NULL,NULL,NULL,NULL,NULL),(283,225,'هدية ورد مميزة','هدية ورد مميزة',NULL,NULL,'en',NULL,NULL,NULL,NULL,NULL),(284,226,'هدية ورد مميزة','هدية ورد مميزة',NULL,NULL,'ar',NULL,NULL,NULL,NULL,NULL),(285,226,'هدية ورد مميزة','هدية ورد مميزة',NULL,NULL,'en',NULL,NULL,NULL,NULL,NULL),(286,227,'باقة ورد ميكس','باقة ورد ميكس',NULL,NULL,'ar',NULL,NULL,NULL,NULL,NULL),(287,227,'باقة ورد ميكس','باقة ورد ميكس',NULL,NULL,'en',NULL,NULL,NULL,NULL,NULL),(288,228,'فازة ساق البامبو','فازة ساق البامبو',NULL,NULL,'ar',NULL,NULL,NULL,NULL,NULL),(289,228,'فازة ساق البامبو','فازة ساق البامبو',NULL,NULL,'en',NULL,NULL,NULL,NULL,NULL),(290,229,'فازة ساق البامبو','فازة ساق البامبو عدد واحد',NULL,NULL,'ar',NULL,NULL,NULL,NULL,NULL),(291,229,'فازة ساق البامبو','فازة ساق البامبو عدد واحد',NULL,NULL,'en',NULL,NULL,NULL,NULL,NULL),(292,232,'مسكة عروس','مسكة عروس',NULL,NULL,'ar',NULL,NULL,NULL,'dd',NULL),(293,232,'مسكة عروس','مسكة عروس',NULL,NULL,'en',NULL,NULL,NULL,'w2',NULL),(294,236,'صينية شوكولاته العيد','صينية شوكولاته العيد',NULL,NULL,'ar',NULL,NULL,NULL,'نتانعبلعن',NULL),(295,236,'صينية شوكولاته العيد','صينية شوكولاته العيد',NULL,NULL,'en',NULL,NULL,NULL,'عيد سعيد',NULL),(296,237,'ماعون تشوكلت فاخر','تحتوي على 42 حبة شوكولاته',NULL,NULL,'ar',NULL,NULL,NULL,NULL,NULL),(297,237,'ماعون تشوكلت فاخر','تحتوي على 42 حبة شوكولاته',NULL,NULL,'en',NULL,NULL,NULL,NULL,NULL),(298,238,'بوكس شوكلاته فاخر','يحتوي على 47 حبة شوكلاته',NULL,NULL,'ar',NULL,NULL,NULL,NULL,NULL),(299,238,'بوكس شوكلاته فاخر','يحتوي على 47 حبة شوكلاته',NULL,NULL,'en',NULL,NULL,NULL,NULL,NULL),(300,240,'ماعون تشوكلت ذهبي','يحتوي على 33 حبة شوكولاته',NULL,NULL,'ar',NULL,NULL,NULL,NULL,NULL),(301,240,'ماعون تشوكلت ذهبي','يحتوي على 33 حبة شوكولاته',NULL,NULL,'en',NULL,NULL,NULL,NULL,NULL),(302,242,'صينية شوكولاته عيد الاضحى','تحتوي على 40 حبة شوكولاته',NULL,NULL,'ar',NULL,NULL,NULL,'اضف صورة الستيكر',NULL),(303,242,'صينية شوكولاته عيد الاضحى','تحتوي على 40 حبة شوكولاته',NULL,NULL,'en',NULL,NULL,NULL,'اضف صورة الستيكر',NULL),(304,243,'ماعون شوكولاته عيد الاضحى','يحتوب على 57 حبة شوكولاته',NULL,NULL,'ar',NULL,NULL,NULL,NULL,NULL),(305,243,'ماعون شوكولاته عيد الاضحى','يحتوب على 57 حبة شوكولاته',NULL,NULL,'en',NULL,NULL,NULL,NULL,NULL),(306,246,'ماعون شوكولاته مناسبة الحج','يحتوي على 45 حبة شوكولاته',NULL,NULL,'ar',NULL,NULL,NULL,NULL,NULL),(307,246,'ماعون شوكولاته مناسبة الحج','يحتوي على 45 حبة شوكولاته',NULL,NULL,'en',NULL,NULL,NULL,NULL,NULL),(308,247,'ماعون شوكولاته مناسبة الحج','يحتوي على 66 حبة شوكولاته',NULL,NULL,'ar',NULL,NULL,NULL,NULL,NULL),(309,247,'ماعون شوكولاته مناسبة الحج','يحتوي على 66 حبة شوكولاته',NULL,NULL,'en',NULL,NULL,NULL,NULL,NULL),(310,248,'صينية شوكولاته وتوزيعات الحج','تحتوي على 47حبة شوكولاته مزينة بالورد الصناعي',NULL,NULL,'ar',NULL,NULL,NULL,NULL,NULL),(311,248,'صينية شوكولاته وتوزيعات الحج','تحتوي على 47حبة شوكولاته مزينة بالورد الصناعي',NULL,NULL,'en',NULL,NULL,NULL,NULL,NULL),(312,250,'كيك دبدوب','كيك دبدوب',NULL,NULL,'ar',NULL,NULL,NULL,NULL,NULL),(313,250,'كيك دبدوب','كيك دبدوب',NULL,NULL,'en',NULL,NULL,NULL,NULL,NULL),(314,253,'بوكس شوكولاته','بوكس شوكولاته',NULL,NULL,'ar',NULL,NULL,NULL,NULL,NULL),(315,253,'بوكس شوكولاته','بوكس شوكولاته',NULL,NULL,'en',NULL,NULL,NULL,NULL,NULL),(316,254,'ماعون شوكولاته فاخر','ماعون شوكولاته فاخر',NULL,NULL,'ar',NULL,NULL,NULL,NULL,NULL),(317,254,'ماعون شوكولاته فاخر','ماعون شوكولاته فاخر',NULL,NULL,'en',NULL,NULL,NULL,NULL,NULL),(318,257,'صينية شوكولاته مناسبة الحج','تحتوي على 71حبة شوكولاته',NULL,NULL,'ar',NULL,NULL,NULL,'اكتب ملاحظتك هنا',NULL),(319,257,'صينية شوكولاته مناسبة الحج','تحتوي على 71حبة شوكولاته',NULL,NULL,'en',NULL,NULL,NULL,'اكتب ملاحظتك هنا',NULL),(320,258,'صينية شوكولاته فاخرة مناسبة الحج','تحتوي على 34حبة شوكولاته',NULL,NULL,'ar',NULL,NULL,NULL,'اكتب ملاحظتك هنا',NULL),(321,258,'صينية شوكولاته فاخرة مناسبة الحج','تحتوي على 34حبة شوكولاته',NULL,NULL,'en',NULL,NULL,NULL,'اكتب ملاحظتك هنا',NULL),(322,259,'صينية شوكولاته فاخرة','تحتوي على 41 حبة شوكولاته',NULL,NULL,'ar',NULL,NULL,NULL,NULL,NULL),(323,259,'صينية شوكولاته فاخرة','تحتوي على 41حبة شوكولاه',NULL,NULL,'en',NULL,NULL,NULL,NULL,NULL),(324,260,'صينية شوكولاته فاخرة مناسبة الحج','تحتوي على 51 حبة شوكولاته',NULL,NULL,'ar',NULL,NULL,NULL,'اكتب ملاحظتك هنا',NULL),(325,260,'صينية شوكولاته فاخرة مناسبة الحج','تحتوي على 51 حبة شوكولاته',NULL,NULL,'en',NULL,NULL,NULL,'اكتب ملاحظتك هنا',NULL),(326,262,'ماعون شوكولاته فاخر','يحتوي على 48 حبة شوكولاته',NULL,NULL,'ar',NULL,NULL,NULL,'اكتب ملاحظتك هنا',NULL),(327,262,'ماعون شوكولاته فاخر','ماعون شوكولاته فاخر',NULL,NULL,'en',NULL,NULL,NULL,'اكتب ملاحظتك هنا',NULL),(328,263,'تنسيق اكريلك تقديم العانية','تنسيق اكريلك تقديم العانية',NULL,NULL,'ar',NULL,NULL,NULL,'اضف المبلغ',NULL),(329,263,'تنسيق اكريلك تقديم العانية','تنسيق اكريلك تقديم العانية',NULL,NULL,'en',NULL,NULL,NULL,'اضف المبلغ',NULL),(330,265,'سلة تقديم العانية','سلة تقديم العانية',NULL,NULL,'ar',NULL,NULL,NULL,'اختر لون الورد طبيعي ام صناعي',NULL),(331,265,'سلة تقديم العانية','سلة تقديم العانية',NULL,NULL,'en',NULL,NULL,NULL,'اختر لون الورد طبيعي ام صناعي',NULL),(332,266,'سلة تقديم العانية','سلة تقديم العانية',NULL,NULL,'ar',NULL,NULL,NULL,'اكتب نوع الورد طبيعي ام صناعي',NULL),(333,266,'سلة تقديم العانية','سلة تقديم العانية',NULL,NULL,'en',NULL,NULL,NULL,'اكتب نوع الورد طبيعي ام صناعي',NULL),(334,267,'ماعون شوكولاته فاخر ،عيد الاضحى','يحتوي على 21حبة شوكولاته',NULL,NULL,'ar',NULL,NULL,NULL,'اكتب ملاحظتك هنا',NULL),(335,267,'ماعون شوكولاته فاخر ،عيد الاضحى','يحتوي على 21حبة شوكولاته',NULL,NULL,'en',NULL,NULL,NULL,'اكتب ملاحظتك هنا',NULL),(336,269,'هدية مواليد شوكولاته فاخرة','تحتوي على 42 حبة شوكولاته',NULL,NULL,'ar',NULL,NULL,NULL,NULL,NULL),(337,269,'هدية مواليد شوكولاته فاخرة','تحتوي على 42 حبة شوكولاته',NULL,NULL,'en',NULL,NULL,NULL,NULL,NULL),(338,270,'هدية مواليد شوكولاته فاخرة','تحتوي على 42 حبة شوكولاته',NULL,NULL,'ar',NULL,NULL,NULL,NULL,NULL),(339,270,'هدية مواليد شوكولاته فاخرة','تحتوي على 42 حبة شوكولاته',NULL,NULL,'en',NULL,NULL,NULL,NULL,NULL),(340,271,'هدية مواليد شوكولاته فاخرة','تحتوي على 42 حبة شوكولاته',NULL,NULL,'ar',NULL,NULL,NULL,NULL,NULL),(341,271,'هدية مواليد شوكولاته فاخرة','تحتوي على 42 حبة شوكولاته',NULL,NULL,'en',NULL,NULL,NULL,NULL,NULL),(342,272,'هدية مواليد شوكولاته فاخرة','تحتوي على 42 حبة شوكولاته',NULL,NULL,'ar',NULL,NULL,NULL,NULL,NULL),(343,272,'هدية مواليد شوكولاته فاخرة','تحتوي على 42 حبة شوكولاته',NULL,NULL,'en',NULL,NULL,NULL,NULL,NULL),(344,274,'باقة ورد  جوري','20 وردة حمراء','555555555',NULL,'ar',NULL,NULL,NULL,'اكتب اسم العبارة التي على البوكيه',NULL),(345,274,'باقة ورد جوري','20 وردة حمراء','3333333',NULL,'en',NULL,NULL,NULL,'11111111',NULL),(346,281,'وشاح تخرح مع كتابة الاسم','وشاح قماش مع كتابة الاسم',NULL,NULL,'ar',NULL,NULL,NULL,'اكتب اسم الطالب لطباعته على الوشاح',NULL),(347,281,'وشاح تخرح مع كتابة الاسم','وشاح قماش مع كتابة الاسم',NULL,NULL,'en',NULL,NULL,NULL,'اكتب اسم الطالب لطباعته على الوشاح',NULL),(348,282,'وشاح تخرج','وشاح تخرج مع كتابة الاسم',NULL,NULL,'ar',NULL,NULL,NULL,'اكتب اسم الطالب لطباعته على الوشاح',NULL),(349,282,'وشاح تخرج','وشاح تخرج مع كتابة الاسم',NULL,NULL,'en',NULL,NULL,NULL,'اكتب اسم الطالب لطباعته على الوشاح',NULL),(350,283,'وشاح تخرج','وشاح تخرج مع كتابة الاسم',NULL,NULL,'ar',NULL,NULL,NULL,'اكتب اسم الطالب',NULL),(351,283,'وشاح تخرج','وشاح تخرج مع كتابة الاسم',NULL,NULL,'en',NULL,NULL,NULL,'اكتب اسم الطالب هنا','اكتب رسالة اهداء'),(352,299,'ماعون شوكولاته فاخر مناسبة الحج','يحتوي على 45حبة شوكولاته',NULL,NULL,'ar',NULL,NULL,NULL,'اكتب كرت الاهداء',NULL),(353,299,'ماعون شوكولاته فاخر مناسبة الحج','يحتوي على 45حبة شوكولاته',NULL,NULL,'en',NULL,NULL,NULL,'اكتب كرت الاهداء',NULL),(354,300,'باقة وردة هدية مميزة','باقة وردة هدية مميزة',NULL,NULL,'ar',NULL,NULL,NULL,'اكتب ملاحظتك هنا',NULL),(355,300,'باقة وردة هدية مميزة','باقة وردة هدية مميزة',NULL,NULL,'en',NULL,NULL,NULL,'اكتب ملاحظتك هنا',NULL),(356,301,'باقة وردة هدية مميزة','باقة وردة هدية مميزة',NULL,NULL,'ar',NULL,NULL,NULL,'اكتب ملاحظتك هنا',NULL),(357,301,'باقة وردة هدية مميزة','باقة وردة هدية مميزة',NULL,NULL,'en',NULL,NULL,NULL,'اكتب ملاحظتك هنا',NULL),(358,302,'باقة وردة هدية مميزة','باقة وردة هدية مميزة',NULL,NULL,'ar',NULL,NULL,NULL,'اكتب ملاحظتك هنا',NULL),(359,302,'باقة وردة هدية مميزة','باقة وردة هدية مميزة',NULL,NULL,'en',NULL,NULL,NULL,'اكتب ملاحظتك هنا',NULL),(360,289,'باقة وردة هدية مميزة','باقة وردة هدية مميزة',NULL,NULL,'ar',NULL,NULL,NULL,'اكتب ملاحظتك هنا',NULL),(361,289,'باقة وردة هدية مميزة','باقة وردة هدية مميزة',NULL,NULL,'en',NULL,NULL,NULL,'اكتب ملاحظتك هنا',NULL),(362,293,'باقة وردة هدية مميزة','باقة وردة هدية مميزة',NULL,NULL,'ar',NULL,NULL,NULL,'اكتب ملاحظتك هنا',NULL),(363,293,'باقة وردة هدية مميزة','باقة وردة هدية مميزة',NULL,NULL,'en',NULL,NULL,NULL,'اكتب ملاحظتك هنا',NULL),(364,294,'باقة وردة هدية مميزة','باقة وردة هدية مميزة',NULL,NULL,'ar',NULL,NULL,NULL,'اكتب ملاحظتك هنا',NULL),(365,294,'باقة وردة هدية مميزة','باقة وردة هدية مميزة',NULL,NULL,'en',NULL,NULL,NULL,'اكتب ملاحظتك هنا',NULL),(366,305,'صينية شوكولاته فاخرة مناسبة الحج','تحتوي على٦٣حبة شوكولاته',NULL,NULL,'ar',NULL,NULL,NULL,'اكتب ملاحظتك هنا',NULL),(367,305,'صينية شوكولاته فاخرة مناسبة الحج','تحتوي على ٦٣حبة شوكولاته',NULL,NULL,'en',NULL,NULL,NULL,'اكتب ملاحظتك هنا',NULL),(368,307,'مغلف شوكولا للحج','مغلف شوكولا للحج عدد 49 حبه شوكولا',NULL,NULL,'ar',NULL,NULL,NULL,'اكتب ملاحظتك هنا',NULL),(369,307,'مغلف شوكولا للحج','مغلف شوكولا للحج عدد 49 حبه شوكولا',NULL,NULL,'en',NULL,NULL,NULL,'اكتب ملاحظتك هنا',NULL),(370,309,'صينيه شوكولا للحج','صينيه بغطاء اكرلك مع شوكولا للحج عدد 54 حبه شوكولا',NULL,NULL,'ar',NULL,NULL,NULL,'اكتب ملاحظتك هنا',NULL),(371,309,'صينيه شوكولا للحج','صينيه بغطاء اكرلك مع شوكولا للحج عدد 54 حبه شوكولا',NULL,NULL,'en',NULL,NULL,NULL,'اكتب ملاحظتك هنا',NULL),(372,308,'باقة وردة هدية مميزة','',NULL,NULL,'ar',NULL,NULL,NULL,'اكتب ملاحظتك هنا',NULL),(373,308,'باقة وردة هدية مميزة','',NULL,NULL,'en',NULL,NULL,NULL,'اكتب ملاحظتك هنا',NULL),(374,310,'ماعون ذهبي مع شوكولا للحج','ماعون ذهبي مع شوكولا للحج عدد 33 حبه شوكولا',NULL,NULL,'ar',NULL,NULL,NULL,NULL,NULL),(375,310,'ماعون ذهبي مع شوكولا للحج','ماعون ذهبي مع شوكولا للحج عدد 33 حبه شوكولا',NULL,NULL,'en',NULL,NULL,NULL,NULL,NULL),(376,311,'صينية شوكولاته فاخرة مناسبة الحج','مغلف شوكولا 45 حبه',NULL,NULL,'ar',NULL,NULL,NULL,NULL,NULL),(377,311,'صينية شوكولاته فاخرة مناسبة الحج','مغلف شوكولا 45 حبه',NULL,NULL,'en',NULL,NULL,NULL,NULL,NULL),(378,296,'باقة وردة هدية مميزة','باقة ورد',NULL,NULL,'ar',NULL,NULL,NULL,NULL,NULL),(379,313,'صينية شوكولاته فاخرة مناسبة الحج','صينيه شوكولاته فاخره عدد 63 حبه',NULL,NULL,'ar',NULL,NULL,NULL,'اكتب ملاحظتك هنا',NULL),(380,313,'صينية شوكولاته فاخرة مناسبة الحج','صينيه شوكولاته فاخره عدد 63 حبه',NULL,NULL,'en',NULL,NULL,NULL,'اكتب ملاحظتك هنا',NULL),(381,314,'صينية شوكولاته فاخرة مناسبة الحج','تحتوي علي 50 حبه',NULL,NULL,'ar',NULL,NULL,NULL,NULL,NULL),(382,316,'صينية شوكولاته فاخرة مناسبة الحج','تحتوي علي 47 حبه',NULL,NULL,'ar',NULL,NULL,NULL,NULL,NULL),(383,319,'صينية شوكولاته فاخرة مناسبة الحج','تحتوي علي 66 حبه',NULL,NULL,'ar',NULL,NULL,NULL,NULL,NULL),(384,320,'صينية شوكولاته فاخرة مناسبة الحج','تحتوي علي 63 حبه',NULL,NULL,'ar',NULL,NULL,NULL,NULL,NULL),(385,320,'صينية شوكولاته فاخرة مناسبة الحج','تحتوي علي 63 حبه',NULL,NULL,'en',NULL,NULL,NULL,NULL,NULL),(386,292,'باقة وردة هدية مميزة','باقة وردة هدية مميزة',NULL,NULL,'ar',NULL,NULL,NULL,NULL,NULL),(387,292,'باقة وردة هدية مميزة','باقة وردة هدية مميزة',NULL,NULL,'en',NULL,NULL,NULL,NULL,NULL),(388,291,'باقة وردة هدية مميزة','باقة وردة هدية مميزة',NULL,NULL,'ar',NULL,NULL,NULL,NULL,NULL),(389,291,'باقة وردة هدية مميزة','باقة وردة هدية مميزة',NULL,NULL,'en',NULL,NULL,NULL,NULL,NULL),(390,290,'باقة وردة هدية مميزة','باقة وردة هدية مميزة',NULL,NULL,'ar',NULL,NULL,NULL,NULL,NULL),(391,290,'باقة وردة هدية مميزة','باقة وردة هدية مميزة',NULL,NULL,'en',NULL,NULL,NULL,NULL,NULL),(392,314,'صينية شوكولاته فاخرة مناسبة الحج','صينية شوكولاته فاخرة مناسبة الحج',NULL,NULL,'en',NULL,NULL,NULL,NULL,NULL),(393,321,'صينية شوكولاته فاخرة مناسبة الحج','تحتوي علي 71 حبه',NULL,NULL,'ar',NULL,NULL,NULL,NULL,NULL),(394,321,'صينية شوكولاته فاخرة مناسبة الحج','تحتوي علي 71 حبه شوكولا',NULL,NULL,'en',NULL,NULL,NULL,NULL,NULL),(395,322,'صينية شوكولاته فاخرة مناسبة الحج','تحتوي علي 34 حبه',NULL,NULL,'ar',NULL,NULL,NULL,NULL,NULL),(396,322,'صينية شوكولاته فاخرة مناسبة الحج','تحتوي علي 34 حبه',NULL,NULL,'en',NULL,NULL,NULL,NULL,NULL),(397,324,'صينية شوكولاته فاخرة مناسبة الحج','تحتوي علي 41 حبه',NULL,NULL,'ar',NULL,NULL,NULL,NULL,NULL),(398,324,'صينية شوكولاته فاخرة مناسبة الحج','تحتوي علي 41 حبه',NULL,NULL,'en',NULL,NULL,NULL,NULL,NULL),(399,326,'مغلف شوكولا للحج','مغلف شوكولا مع ورد صناعي للحج عدد 98 حبه شوكولا',NULL,NULL,'ar',NULL,NULL,NULL,NULL,NULL),(400,326,'مغلف شوكولا للحج','مغلف شوكولا مع ورد صناعي للحج عدد 98 حبه شوكولا',NULL,NULL,'en',NULL,NULL,NULL,NULL,NULL),(401,328,'صينيه شوكولا للحج','صينيه شوكولا للحج عدد 66حبه شوكولا',NULL,NULL,'ar',NULL,NULL,NULL,NULL,NULL),(402,328,'صينيه شوكولا للحج','صينيه شوكولا للحج عدد 66حبه شوكولا',NULL,NULL,'en',NULL,NULL,NULL,NULL,NULL),(403,329,'مغلف شوكولا للحج','مغلف ورد صناعي مع شوكولا للحج عدد 45 حبه',NULL,NULL,'ar',NULL,NULL,NULL,NULL,NULL),(404,329,'مغلف شوكولا للحج','مغلف ورد صناعي مع شوكولا للحج عدد 45 حبه',NULL,NULL,'en',NULL,NULL,NULL,NULL,NULL),(405,330,'صينيه شوكولا للحج','صينيه دائرية مع ورد صناعي مع شوكولا للحج عدد 63 حبه شوكولا',NULL,NULL,'ar',NULL,NULL,NULL,NULL,NULL),(406,330,'صينيه شوكولا للحج','صينيه دائرية مع ورد صناعي مع شوكولا للحج عدد 63 حبه شوكولا',NULL,NULL,'en',NULL,NULL,NULL,NULL,NULL),(407,332,'ماعون شوكولا للحج','ماعون فضي مع ورد صناعي مع شوكولا للحج عدد 50 حبه شوكولا',NULL,NULL,'ar',NULL,NULL,NULL,NULL,NULL),(408,332,'ماعون شوكولا للحج','ماعون فضي مع ورد صناعي مع شوكولا للحج عدد 50 حبه شوكولا',NULL,NULL,'en',NULL,NULL,NULL,NULL,NULL),(409,333,'صينيه مستطيل شوكولا للحج','صينيه مستطيلة مع ورد صناعي مع توزيعات + شوكولا للحج عدد 47 حبه',NULL,NULL,'ar',NULL,NULL,NULL,NULL,NULL),(410,333,'صينيه مستطيل شوكولا للحج','صينيه مستطيلة مع ورد صناعي مع توزيعات + شوكولا للحج عدد 47 حبه',NULL,NULL,'en',NULL,NULL,NULL,NULL,NULL),(411,334,'صينية كاكاو','صينية كاكاو',NULL,NULL,'ar',NULL,NULL,NULL,'اكتب ملاحظتك هنا',NULL),(412,334,'صينية كاكاو','صينية كاكاو',NULL,NULL,'en',NULL,NULL,NULL,'اكتب ملاحظتك هنا',NULL),(413,335,'صينيه شوكولا للحج','صينية شوكولا مع شريطة للحج عدد 48 حبة',NULL,NULL,'ar',NULL,NULL,NULL,NULL,NULL),(414,335,'صينيه شوكولا للحج','صينية شوكولا مع شريطة للحج عدد 48 حبة',NULL,NULL,'en',NULL,NULL,NULL,NULL,NULL),(415,339,'تنسيق شوكولاته فاخر','تنسيق شوكولاته فاخر',NULL,NULL,'ar',NULL,NULL,NULL,'اكتب ملاحظتك هنا',NULL),(416,339,'تنسيق شوكولاته فاخر','تنسيق شوكولاته فاخر',NULL,NULL,'en',NULL,NULL,NULL,'اكتب ملاحظتك هنا',NULL),(417,340,'صينية شوكولاته العيد','صينية شوكولاته العيد',NULL,NULL,'ar',NULL,NULL,NULL,'اكتب ملاحظتك هنا',NULL),(418,340,'صينية شوكولاته العيد','صينية شوكولاته العيد',NULL,NULL,'en',NULL,NULL,NULL,'اكتب ملاحظتك هنا',NULL),(419,341,'باقة ورد مميزة','باقه ورد مميزة 30 حبه جوري مع اهواد اخضر',NULL,NULL,'ar',NULL,NULL,NULL,NULL,NULL),(420,341,'باقة ورد مميزة','باقه ورد مميزة 30 حبه جوري مع اهواد اخضر',NULL,NULL,'en',NULL,NULL,NULL,NULL,NULL),(421,343,'بوكيه ورد هدية مميزة','بوكيه مميز 30 حبه جوري',NULL,NULL,'ar',NULL,NULL,NULL,NULL,NULL),(422,343,'بوكيه ورد هدية مميزة','بوكيه مميز 30 حبه جوري',NULL,NULL,'en',NULL,NULL,NULL,NULL,NULL),(423,344,'بوكيه ورد هدية مميزة','بوكيه ورد استوماريا هدية مميزة 20 عود',NULL,NULL,'ar',NULL,NULL,NULL,NULL,NULL),(424,344,'بوكيه ورد هدية مميزة','بوكيه ورد استوماريا هدية مميزة 20 عود',NULL,NULL,'en',NULL,NULL,NULL,NULL,NULL),(425,346,'باقة وردة هدية مميزة','باقة وردة استوماريا 20 عود هدية مميزة',NULL,NULL,'ar',NULL,NULL,NULL,NULL,NULL),(426,346,'باقة وردة هدية مميزة','باقة وردة استوماريا 20 عود هدية مميزة',NULL,NULL,'en',NULL,NULL,NULL,NULL,NULL),(427,347,'باقة ورد هدية مميزة','باقة ورد جوري هدية مميزة مع خضار',NULL,NULL,'ar',NULL,NULL,NULL,NULL,NULL),(428,347,'باقة ورد هدية مميزة','باقة ورد جوري هدية مميزة مع خضار',NULL,NULL,'en',NULL,NULL,NULL,NULL,NULL),(429,348,'بوكيه ورد هدية مميزة','بوكيه ورد هدية مميزة 20عود ورد',NULL,NULL,'ar',NULL,NULL,NULL,NULL,NULL),(430,348,'بوكيه ورد هدية مميزة','بوكيه ورد هدية مميزة 20عود ورد',NULL,NULL,'en',NULL,NULL,NULL,NULL,NULL),(431,351,'باقة وردة هدية مميزة','باقة وردة هدية مميزة',NULL,NULL,'ar',NULL,NULL,NULL,NULL,NULL),(432,351,'باقة وردة هدية مميزة','باقة وردة هدية مميزة',NULL,NULL,'en',NULL,NULL,NULL,NULL,NULL),(433,352,'باقة ورد هدية مميزة','باقة ورد  30 حبه هدية مميزة',NULL,NULL,'ar',NULL,NULL,NULL,NULL,NULL),(434,352,'باقة ورد هدية مميزة','باقة ورد  30 حبه هدية مميزة',NULL,NULL,'en',NULL,NULL,NULL,NULL,NULL),(435,355,'باقة وردة هدية مميزة','باقة وردة 20 عود هدية مميزة',NULL,NULL,'ar',NULL,NULL,NULL,NULL,NULL),(436,355,'باقة وردة هدية مميزة','باقة وردة 20 عود هدية مميزة',NULL,NULL,'en',NULL,NULL,NULL,NULL,NULL),(437,356,'باقة وردة هدية مميزة','باقة وردة  30 حبه هدية مميزة',NULL,NULL,'ar',NULL,NULL,NULL,NULL,NULL),(438,356,'باقة وردة هدية مميزة','باقة وردة  30 حبه هدية مميزة',NULL,NULL,'en',NULL,NULL,NULL,NULL,NULL),(439,357,'باقة وردة هدية مميزة','باقة وردة  20 عود هدية مميزة',NULL,NULL,'ar',NULL,NULL,NULL,NULL,NULL),(440,357,'باقة وردة هدية مميزة','باقة وردة  20 عود هدية مميزة',NULL,NULL,'en',NULL,NULL,NULL,NULL,NULL),(441,358,'باقة ورد هدية مميزة','باقة ورد 20 عود هدية مميزة',NULL,NULL,'ar',NULL,NULL,NULL,NULL,NULL),(442,358,'باقة ورد هدية مميزة','باقة ورد 20 عود هدية مميزة',NULL,NULL,'en',NULL,NULL,NULL,NULL,NULL),(443,359,'وشاح تخرج','وشاح تخرج ورد صناعي كتابة الاسم حسب اختياركم',NULL,NULL,'ar',NULL,NULL,NULL,'ادخل اسم الطالب','اكتب رسالة اهداء'),(444,359,'وشاح تخرج','وشاح تخرج ورد صناعي كتابة الاسم حسب اختياركم',NULL,NULL,'en',NULL,NULL,NULL,'ادخل اسم الطالب','اكتب رسالة اهداء'),(445,360,'صينية توزيعات الحج','27توزيعة شوكولاته',NULL,NULL,'ar',NULL,NULL,NULL,'اكتب ملاحظتك هنا',NULL),(446,360,'صينية توزيعات الحج','27توزيعة شوكولاته',NULL,NULL,'en',NULL,NULL,NULL,'اكتب ملاحظتك هنا',NULL),(447,361,'صينية توزيعات حج','27 توزيعة شوكولاته',NULL,NULL,'ar',NULL,NULL,NULL,'اكتب ملاحظتك هنا',NULL),(448,361,'صينية توزيعات حج','27 توزيعة شوكولاته',NULL,NULL,'en',NULL,NULL,NULL,'اكتب ملاحظتك هنا',NULL),(449,362,'ماعون شوكولاته مناسبة الحج','يحتوي على 63 حبة شوكولاته',NULL,NULL,'ar',NULL,NULL,NULL,'اكتب ملاحظتك هنا',NULL),(450,362,'ماعون شوكولاته مناسبة الحج','يحتوي على 63 حبة شوكولاته',NULL,NULL,'en',NULL,NULL,NULL,'اكتب ملاحظتك هنا',NULL),(451,365,'مغلف شوكولا للحج','مغلف شوكولا للحج 63 حبه شوكولا',NULL,NULL,'ar',NULL,NULL,NULL,NULL,NULL),(452,365,'Happy birthday','مغلف شوكولا للحج 63 حبه شوكولا',NULL,NULL,'en',NULL,NULL,NULL,NULL,NULL),(453,366,'مغلف شوكولا للحج','مغلف شوكولا للحج عدد 70 حبه شوكولا',NULL,NULL,'ar',NULL,NULL,NULL,NULL,NULL),(454,366,'مغلف شوكولا للحج','مغلف شوكولا للحج عدد 70 حبه شوكولا',NULL,NULL,'en',NULL,NULL,NULL,NULL,NULL),(455,368,'صنيه شوكولاتة حج فاخرة  H001','صنيه شوكولاته للحج 27 حبه',NULL,NULL,'ar',NULL,NULL,NULL,NULL,NULL),(456,368,'Luxury Hajj Chocolate Tray H001','Chocolate tray for Hajj, 27 pieces',NULL,NULL,'en',NULL,NULL,NULL,NULL,NULL),(457,370,'صنيه شوكولاتة حج فاخرة  H002','صنيه توزيعات حج 33 حبه',NULL,NULL,'ar',NULL,NULL,NULL,NULL,NULL),(458,370,'Luxury Hajj Chocolate Tray H002','Hajj distribution tray, 33 pieces',NULL,NULL,'en',NULL,NULL,NULL,NULL,NULL),(459,371,'صنيه شوكولاتة حج فاخرة  H001','صنيه توزيعات للحج 27 حبه',NULL,NULL,'ar',NULL,NULL,NULL,NULL,NULL),(460,371,'Luxury Hajj Chocolate Tray H001','Hajj distribution tray, 27 pieces',NULL,NULL,'en',NULL,NULL,NULL,NULL,NULL),(461,372,'صنيه شوكولاتة حج فاخرة  H003','صنيه حج 53 حبه',NULL,NULL,'ar',NULL,NULL,NULL,NULL,NULL),(462,372,'Luxury Hajj Chocolate Tray H003','Hajj tray 53 pieces',NULL,NULL,'en',NULL,NULL,NULL,NULL,NULL),(463,373,'مغلف شوكولا للحج','مغلف شوكولا للحج عدد 40 حبه شوكولا',NULL,NULL,'ar',NULL,NULL,NULL,NULL,NULL),(464,373,'مغلف شوكولا للحج','مغلف شوكولا للحج عدد 40 حبه شوكولا',NULL,NULL,'en',NULL,NULL,NULL,NULL,NULL),(465,374,'مغلف شوكولا للحج','مغلف شوكولا للحج عدد 80 حبه',NULL,NULL,'ar',NULL,NULL,NULL,NULL,NULL),(466,374,'مغلف شوكولا للحج','مغلف شوكولا للحج عدد 80 حبه',NULL,NULL,'en',NULL,NULL,NULL,NULL,NULL),(467,375,'مغلف شوكولا للحج','مغلف شوكولا للحج عدد 40 حبه شوكولا',NULL,NULL,'ar',NULL,NULL,NULL,NULL,NULL),(468,375,'مغلف شوكولا للحج','مغلف شوكولا للحج عدد 40 حبه شوكولا',NULL,NULL,'en',NULL,NULL,NULL,NULL,NULL),(469,376,'ماعون ذهبي مع شوكولا للحج','ماعون ذهبي مع شوكولا للحج 33 حبه',NULL,NULL,'ar',NULL,NULL,NULL,NULL,NULL),(470,376,'ماعون ذهبي مع شوكولا للحج','ماعون ذهبي مع شوكولا للحج 33 حبه',NULL,NULL,'en',NULL,NULL,NULL,NULL,NULL),(471,378,'مغلف شوكولا مواليد بناتي','مغلف شوكولا مواليد بناتي عدد 42 حبه',NULL,NULL,'ar',NULL,NULL,NULL,NULL,NULL),(472,378,'مغلف شوكولا مواليد بناتي','مغلف شوكولا مواليد بناتي عدد 42 حبه',NULL,NULL,'en',NULL,NULL,NULL,NULL,NULL),(473,379,'مغلف شوكولا مواليد ولادي','مغلف شوكولا مواليد ولادي عدد 34 حبه شوكولا',NULL,NULL,'ar',NULL,NULL,NULL,NULL,NULL),(474,379,'مغلف شوكولا مواليد ولادي','مغلف شوكولا مواليد ولادي عدد 34 حبه شوكولا',NULL,NULL,'en',NULL,NULL,NULL,NULL,NULL),(475,380,'صينيه شوكولا مواليد ولادي','صينيه شوكولا مواليد ولادي عدد 36 حبه',NULL,NULL,'ar',NULL,NULL,NULL,NULL,NULL),(476,380,'صينيه شوكولا مواليد ولادي','صينيه شوكولا مواليد ولادي عدد 36 حبه',NULL,NULL,'en',NULL,NULL,NULL,NULL,NULL),(477,381,'مغلف شوكولا مواليد ولادي','مغلف شوكولا مواليد ولادي37 حبه',NULL,NULL,'ar',NULL,NULL,NULL,NULL,NULL),(478,381,'مغلف شوكولا مواليد ولادي','مغلف شوكولا مواليد ولادي37 حبه',NULL,NULL,'en',NULL,NULL,NULL,NULL,NULL),(479,382,'مغلف شوكولا مواليد ولادي','مغلف شوكولا مواليد ولادي عدد 46 حبه',NULL,NULL,'ar',NULL,NULL,NULL,NULL,NULL),(480,382,'مغلف شوكولا مواليد ولادي','مغلف شوكولا مواليد ولادي عدد 46 حبه',NULL,NULL,'en',NULL,NULL,NULL,NULL,NULL),(481,383,'مغلف شوكولا مواليد ولادي','مغلف شوكولا مواليد ولادي 42 حبه',NULL,NULL,'ar',NULL,NULL,NULL,NULL,NULL),(482,383,'مغلف شوكولا مواليد ولادي','مغلف شوكولا مواليد ولادي 42 حبه',NULL,NULL,'en',NULL,NULL,NULL,NULL,NULL),(483,384,'مغلف شوكولا مواليد بناتي','مغلف شوكولا مواليد بناتي  عدد 38 حبه',NULL,NULL,'ar',NULL,NULL,NULL,NULL,NULL),(484,384,'مغلف شوكولا مواليد بناتي','مغلف شوكولا مواليد بناتي  عدد 38 حبه',NULL,NULL,'en',NULL,NULL,NULL,NULL,NULL),(485,385,'مغلف شوكولا مواليد ولادي','مغلف شوكولا مواليد ولادي عدد 35 حبه',NULL,NULL,'ar',NULL,NULL,NULL,NULL,NULL),(486,385,'مغلف شوكولا مواليد ولادي','مغلف شوكولا مواليد ولادي عدد 35 حبه',NULL,NULL,'en',NULL,NULL,NULL,NULL,NULL),(487,387,'مغلف شوكولا مواليد ولادي','مغلف شوكولا مواليد ولادي عدد 51 حبة',NULL,NULL,'ar',NULL,NULL,NULL,NULL,NULL),(488,387,'مغلف شوكولا مواليد ولادي','مغلف شوكولا مواليد ولادي عدد 51 حبة',NULL,NULL,'en',NULL,NULL,NULL,NULL,NULL),(489,388,'مغلف شوكولا مواليد ولادي','مغلف شوكولا مواليد ولادي عدد 40 حبه',NULL,NULL,'ar',NULL,NULL,NULL,NULL,NULL),(490,388,'مغلف شوكولا مواليد ولادي','مغلف شوكولا مواليد ولادي عدد 40 حبه',NULL,NULL,'en',NULL,NULL,NULL,NULL,NULL),(491,389,'صنيه شوكولاتة حج فاخرة  H004','صنيه توزيعات حج من الشكولاته الفاخره عدد 47 حبه',NULL,NULL,'ar',NULL,NULL,NULL,NULL,NULL),(492,389,'Luxury Hajj Chocolate Tray H004','Hajj distribution tray of 47 luxury chocolates',NULL,NULL,'en',NULL,NULL,NULL,NULL,NULL),(493,390,'صنيه شوكولاتة حج فاخرة  H005','صنيه توزيعات حج من الشكولاته الفاخره عدد 50 حبه',NULL,NULL,'ar',NULL,NULL,NULL,NULL,NULL),(494,390,'Luxury Hajj Chocolate Tray H005','Hajj distribution tray of 50 luxury chocolates',NULL,NULL,'en',NULL,NULL,NULL,NULL,NULL),(495,391,'صنيه شوكولاتة حج فاخرة  H006','صنيه توزيعات حج من الشكولاته الفاخره عدد 66\r\n حبه',NULL,NULL,'ar',NULL,NULL,NULL,NULL,NULL),(496,391,'Luxury Hajj Chocolate Tray H006','Hajj distribution tray of 66 luxury chocolates',NULL,NULL,'en',NULL,NULL,NULL,NULL,NULL),(497,392,'صنيه شوكولاتة حج فاخرة  H007','صنيه توزيعات حج من الشكولاته الفاخره عدد 60\r\n حبه',NULL,NULL,'ar',NULL,NULL,NULL,NULL,NULL),(498,392,'Luxury Hajj Chocolate Tray H007','Hajj distribution tray of 60 luxury chocolates',NULL,NULL,'en',NULL,NULL,NULL,NULL,NULL),(499,393,'صنيه شوكولاتة حج فاخرة  H008','صنيه توزيعات حج من الشكولاته الفاخره عدد 45\r\n حبه',NULL,NULL,'ar',NULL,NULL,NULL,NULL,NULL),(500,393,'Luxury Hajj Chocolate Tray H008','Hajj distribution tray of 45 luxury chocolates',NULL,NULL,'en',NULL,NULL,NULL,NULL,NULL),(501,394,'صنيه شوكولاتة حج فاخرة  H009','صنيه توزيعات حج من الشكولاته الفاخره عدد 63\r\n حبه',NULL,NULL,'ar',NULL,NULL,NULL,NULL,NULL),(502,394,'Luxury Hajj Chocolate Tray H009','Hajj distribution tray of 63 luxury chocolate',NULL,NULL,'en',NULL,NULL,NULL,NULL,NULL),(503,395,'صنيه شوكولاتة حج فاخرة  H010','صنيه توزيعات حج من الشكولاته الفاخره عدد 45\r\n حبه',NULL,NULL,'ar',NULL,NULL,NULL,NULL,NULL),(504,395,'Luxury Hajj Chocolate Tray H010','Hajj distribution tray of 45 luxury chocolates',NULL,NULL,'en',NULL,NULL,NULL,NULL,NULL),(505,396,'صنيه شوكولاتة حج فاخرة  H011','صنيه توزيعات حج من الشكولاته الفاخره عدد 118\r\n حبه',NULL,NULL,'ar',NULL,NULL,NULL,NULL,NULL),(506,396,'Luxury Hajj Chocolate Tray H011','Hajj distribution tray of 118 luxury chocolates',NULL,NULL,'en',NULL,NULL,NULL,NULL,NULL),(507,397,'صنيه شوكولاتة حج فاخرة  H012','صنيه توزيعات حج من الشكولاته الفاخره عدد 53\r\n حبه',NULL,NULL,'ar',NULL,NULL,NULL,NULL,NULL),(508,397,'Luxury Hajj Chocolate Tray H012','Hajj distribution tray of 53 luxury chocolates',NULL,NULL,'en',NULL,NULL,NULL,NULL,NULL),(509,398,'صنيه شوكولاتة حج فاخرة  H013','صنيه توزيعات حج من الشكولاته الفاخره عدد 49\r\n حبه',NULL,NULL,'ar',NULL,NULL,NULL,NULL,NULL),(510,398,'Luxury Hajj Chocolate Tray H013','Hajj distribution tray of 49 luxury chocolates',NULL,NULL,'en',NULL,NULL,NULL,NULL,NULL),(511,399,'استاند شوكولاتة حج فاخرة  H013','استاند توزيعات حج عدد 85 حبه',NULL,NULL,'ar',NULL,NULL,NULL,NULL,NULL),(512,399,'Luxury Hajj Chocolate Stand H013','Hajj distribution stand, 85 pieces',NULL,NULL,'en',NULL,NULL,NULL,NULL,NULL),(513,400,'علبه اكرلك للعانية','علبه اكرلك للعانية مع ورد صناعي',NULL,NULL,'ar',NULL,NULL,NULL,NULL,NULL),(514,400,'علبه اكرلك للعانية','علبه اكرلك للعانية مع ورد صناعي',NULL,NULL,'en',NULL,NULL,NULL,NULL,NULL),(515,401,'علبه اكرلك للعانية','علبه اكرلك  مع ورد صناعي للعانية',NULL,NULL,'ar',NULL,NULL,NULL,NULL,NULL),(516,401,'علبه اكرلك للعانية','علبه اكرلك  مع ورد صناعي للعانية',NULL,NULL,'en',NULL,NULL,NULL,NULL,NULL),(517,402,'علبه اكرلك للعانية','علبه اكرلك  مع ورد صناعي للعانية',NULL,NULL,'ar',NULL,NULL,NULL,NULL,NULL),(518,402,'علبه اكرلك للعانية','علبه اكرلك  مع ورد صناعي للعانية',NULL,NULL,'en',NULL,NULL,NULL,NULL,NULL),(519,403,'علبه اكرلك للعانية','علبه اكرلك مع ورد صناعي للعانية',NULL,NULL,'ar',NULL,NULL,NULL,NULL,NULL),(520,403,'علبه اكرلك للعانية','علبه اكرلك مع ورد صناعي للعانية',NULL,NULL,'en',NULL,NULL,NULL,NULL,NULL),(521,404,'علبه اكرلك للعانية','علبه اكرلك  مع ورد صناعي للعانية',NULL,NULL,'ar',NULL,NULL,NULL,NULL,NULL),(522,404,'علبه اكرلك للعانية','علبه اكرلك  مع ورد صناعي للعانية',NULL,NULL,'en',NULL,NULL,NULL,NULL,NULL),(523,405,'علبه اكرلك للعانية','علبه اكرلك مع ورد صناعي للعانية',NULL,NULL,'ar',NULL,NULL,NULL,NULL,NULL),(524,405,'علبه اكرلك للعانية','علبه اكرلك مع ورد صناعي للعانية',NULL,NULL,'en',NULL,NULL,NULL,NULL,NULL),(525,406,'صينيه شوكولا للحج','صينيه شوكولا للحج عدد 45 حبة',NULL,NULL,'ar',NULL,NULL,NULL,NULL,NULL),(526,406,'صينيه شوكولا للحج','صينيه شوكولا للحج عدد 45 حبة',NULL,NULL,'en',NULL,NULL,NULL,NULL,NULL),(527,407,'مغلف كاكاو','ماعون لون ذهبي مع كاكاو ابيض و ذهبي وورد صناعي',NULL,NULL,'ar',NULL,NULL,NULL,NULL,NULL),(528,407,'Chocolate Bowl','Gold plate with white and gold cocoa and artificial roses',NULL,NULL,'en',NULL,NULL,NULL,NULL,NULL),(529,408,'صينية كاكاو','صينية لون ذهبي مع كاكاو لو بيج و ذهبي و فازة ورد صناعي',NULL,NULL,'ar',NULL,NULL,NULL,NULL,NULL),(530,408,'Cacao Tray','Gold tray with beige and gold cocoa and a vase of artificial flowers',NULL,NULL,'en',NULL,NULL,NULL,NULL,NULL),(531,409,'باقه ورد احمر 30 حبه B001','باقه ورد جوري احمر 30 حبه تغليف خام اسود',NULL,NULL,'ar',NULL,NULL,NULL,NULL,NULL),(532,409,'Bouquet of 30 red roses B001','A bouquet of 30 red roses, wrapped in black',NULL,NULL,'en',NULL,NULL,NULL,NULL,NULL),(533,410,'باقه ورد احمر 30 حبه B002','باقه ورد احمر تغليف اسود مع اضافه خضار',NULL,NULL,'ar',NULL,NULL,NULL,NULL,NULL),(534,410,'Bouquet of 30 red roses B002','A bouquet of red roses, black packaging with the addition of green',NULL,NULL,'en',NULL,NULL,NULL,NULL,NULL),(535,412,'باقه ورد احمر 30 حبه B003','باقه ورد احمر تغليف ابيض مع اضافه  خضار',NULL,NULL,'ar',NULL,NULL,NULL,NULL,NULL),(536,412,'Bouquet of 30 red roses B003','A bouquet of red roses,white packaging with the addition of green color',NULL,NULL,'en',NULL,NULL,NULL,NULL,NULL),(537,413,'مغلف كاكاو','مغلف كاكاو',NULL,NULL,'ar',NULL,NULL,NULL,NULL,NULL),(538,413,'Fixed Chocolate','Fixed Chocolate',NULL,NULL,'en',NULL,NULL,NULL,NULL,NULL),(539,414,'باقه ورد احمر 30 حبه B004','باقه ورد احمر تغليف ابيض',NULL,NULL,'ar',NULL,NULL,NULL,NULL,NULL),(540,414,'Bouquet of 30 red roses B004','A bouquet of red roses, white packaging with',NULL,NULL,'en',NULL,NULL,NULL,NULL,NULL),(541,415,'باقه ورد احمر 30 حبه B005','باقه ورد احمر 30 حبه تغليف ورق اسود',NULL,NULL,'ar',NULL,NULL,NULL,NULL,NULL),(542,415,'Bouquet of 30 red roses B005','Bouquet of 30 red roses, wrapped in black paper',NULL,NULL,'en',NULL,NULL,NULL,NULL,NULL),(543,416,'باقه ورد احمر 30 حبه B006','باقه ورد احمر 30 حبه تغليف ورق اسود مع اضافه خضار',NULL,NULL,'ar',NULL,NULL,NULL,NULL,NULL),(544,416,'Bouquet of 30 red roses B006','A bouquet of 30 red roses, wrapped in black paper with added green color.',NULL,NULL,'en',NULL,NULL,NULL,NULL,NULL),(545,417,'باقه ورد احمر 30 حبه B007','باقه ورد احمر 30 حبه تغليف ورق ابيض مع اضافه خضار',NULL,NULL,'ar',NULL,NULL,NULL,NULL,NULL),(546,417,'Bouquet of 30 red roses B007','A bouquet of 30 red roses, wrapped in white paper with added green color.',NULL,NULL,'en',NULL,NULL,NULL,NULL,NULL),(547,418,'باقه ورد احمر 30 حبه B008','باقه ورد احمر 30 حبه تغلف ابيض',NULL,NULL,'ar',NULL,NULL,NULL,NULL,NULL),(548,418,'Bouquet of 30 red roses B008','A bouquet of 30 red roses, wrapped in white',NULL,NULL,'en',NULL,NULL,NULL,NULL,NULL),(549,419,'باقه ورد احمر  بيبي روز 20 حبه B009','باقه ورد احمر بيبي روز 20 حبه تغليف اسود',NULL,NULL,'ar',NULL,NULL,NULL,NULL,NULL),(550,419,'Bouquet of 20 red baby roses B008','A bouquet of 20 red baby roses, black packaging',NULL,NULL,'en',NULL,NULL,NULL,NULL,NULL),(551,420,'باقه ورد  بيبي روز احمر 20 حبه B010','باقه ورد بيبي روز احمر تغليف ابيض',NULL,NULL,'ar',NULL,NULL,NULL,NULL,NULL),(552,420,'Baby Rose Bouquet, 20 Red Roses B010','Red baby rose bouquet, white wrapping',NULL,NULL,'en',NULL,NULL,NULL,NULL,NULL),(553,421,'باقه ورد استروماريا 10 حبات B011','باقه ورد استروماريا 10 حبات تغليف اسود',NULL,NULL,'ar',NULL,NULL,NULL,NULL,NULL),(554,421,'Bouquet of 10 Astromeria flowers B011','10-piece Astromaria bouquet, black packaging',NULL,NULL,'en',NULL,NULL,NULL,NULL,NULL),(555,422,'باقه ورد استروماريا 10 حبات  B012','باقه ورد استروماريا 10 حبات تغليف اسود',NULL,NULL,'ar',NULL,NULL,NULL,NULL,NULL),(556,422,'Bouquet of 10 Astromeria flowers B012','10-piece Astromaria bouquet, black packaging',NULL,NULL,'en',NULL,NULL,NULL,NULL,NULL),(557,423,'باقه ورد استروماريا 10 حبات تغليف وردي B013','باقه ورد استروماريا 10 حبات تغليف وردي',NULL,NULL,'ar',NULL,NULL,NULL,NULL,NULL),(558,423,'10-piece Astromeria bouquet, pink wrapping B013','10-piece Astromeria bouquet, pink wrapping',NULL,NULL,'en',NULL,NULL,NULL,NULL,NULL),(559,424,'باقه ورد ميكس الوان B014','باقه ورد ميكس الوان',NULL,NULL,'ar',NULL,NULL,NULL,NULL,NULL),(560,424,'Mixed color rose bouquet B014','Mixed color bouquet of roses',NULL,NULL,'en',NULL,NULL,NULL,NULL,NULL),(561,425,'باقه ورد ميكس الوان B015','باقه ورد ميكس الوان',NULL,NULL,'ar',NULL,NULL,NULL,NULL,NULL),(562,425,'Mixed color bouquet of roses B015','Mixed color bouquet of roses',NULL,NULL,'en',NULL,NULL,NULL,NULL,NULL),(563,427,'ماعون شوكولاته فاخر مناسبة الحج','ماعون شوكولاته فاخر مناسبة الحج',NULL,NULL,'ar',NULL,NULL,NULL,'اكتب ملاحظتك هنا',NULL),(564,427,'ماعون شوكولاته فاخر مناسبة الحج','ماعون شوكولاته فاخر مناسبة الحج',NULL,NULL,'en',NULL,NULL,NULL,'اكتب ملاحظتك هنا',NULL),(565,426,'سله ورد احمر B016','سله ورد احمر B016',NULL,NULL,'ar',NULL,NULL,NULL,NULL,NULL),(566,426,'Red rose basket B016','Red rose basket B016',NULL,NULL,'en',NULL,NULL,NULL,NULL,NULL),(567,428,'سله ميكس الوان B017','سله الوان B017',NULL,NULL,'ar',NULL,NULL,NULL,NULL,NULL),(568,428,'Color basket B017 MIX','Red rose basket B016',NULL,NULL,'en',NULL,NULL,NULL,NULL,NULL),(569,429,'سله ميكس  الوان B018','سله ميكس  الوان',NULL,NULL,'ar',NULL,NULL,NULL,NULL,NULL),(570,429,'Mix color basket B018','Mix color basket',NULL,NULL,'en',NULL,NULL,NULL,NULL,NULL),(571,434,'صينية شوكولاته فاخرة مناسبة الحج','تحتوي على 83حبة شوكولاته',NULL,NULL,'ar',NULL,NULL,NULL,'اكتب ملاحظتك هنا',NULL),(572,434,'صينية شوكولاته فاخرة مناسبة الحج','تحتوي على 83حبة شوكولاته',NULL,NULL,'en',NULL,NULL,NULL,'اكتب ملاحظتك هنا',NULL),(573,437,'ماعون شوكولاته فاخر','ماعون شوكلاته فاخر',NULL,NULL,'ar',NULL,NULL,NULL,NULL,NULL),(574,437,'ماعون شوكلاته فاخر','ماعون شوكلاته فاخر',NULL,NULL,'en',NULL,NULL,NULL,NULL,NULL),(575,438,'ماعون شوكولاته فاخر مناسبة الحج','ماعون شوكلاته فاخر',NULL,NULL,'ar',NULL,NULL,NULL,'اكتب ملاحظتك هنا',NULL),(576,438,'ماعون شوكلاته فاخر','ماعون شوكلاته فاخر',NULL,NULL,'en',NULL,NULL,NULL,'اكتب ملاحظتك هنا',NULL),(577,439,'صينية شوكولاته فاخرة','صينية شوكولاته فاخرة',NULL,NULL,'ar',NULL,NULL,NULL,'اكتب ملاحظتك هنا',NULL),(578,439,'صينية شوكولاته فاخرة','صينية شوكولاته فاخرة',NULL,NULL,'en',NULL,NULL,NULL,'اكتب ملاحظتك هنا',NULL),(579,440,'باقة وردة هدية مميزة','باقة وردة هدية مميزة',NULL,NULL,'ar',NULL,NULL,NULL,NULL,NULL),(580,440,'باقة وردة هدية مميزة','باقة وردة هدية مميزة',NULL,NULL,'en',NULL,NULL,NULL,NULL,NULL),(581,441,'باقة وردة هدية مميزة','باقة وردة هدية مميزة',NULL,NULL,'ar',NULL,NULL,NULL,NULL,NULL),(582,441,'باقة وردة هدية مميزة','باقة وردة هدية مميزة',NULL,NULL,'en',NULL,NULL,NULL,NULL,NULL),(583,442,'شوكولاته الهبة بستاشيو وكنافة','250 غرام من اشلوكولاته المغلفة',NULL,NULL,'ar',NULL,NULL,NULL,'اكتب ملاحظتك هنا','اكتب رسالة اهداء'),(584,442,'شوكولاته الهبة بستاشيو وكنافة','250 غرام من اشلوكولاته المغلفة',NULL,NULL,'en',NULL,NULL,NULL,'اكتب ملاحظتك هنا','اكتب رسالة اهداء'),(585,443,'شوكولاته قمر الدين','250 غرام من الشوكولاته المغلفة',NULL,NULL,'ar',NULL,NULL,NULL,'اكتب ملاحظتك هنا',NULL),(586,443,'شوكولاته قمر الدين','250 غرام من الشوكولاته المغلفة',NULL,NULL,'en',NULL,NULL,NULL,'اكتب ملاحظتك هنا',NULL),(587,445,'بوكس ورد مع بالون احمر هدية حب','بوكس 20 وردة جوري مع خمس بالون هييلويم',NULL,NULL,'ar',NULL,NULL,NULL,'اكتب ملاحظتك هنا',NULL),(588,445,'بوكس ورد مع بالون احمر هدية حب','بوكس 20 وردة جوري مع خمس بالون هييلويم',NULL,NULL,'en',NULL,NULL,NULL,'اكتب ملاحظتك هنا',NULL),(589,447,'صينية دزة مخمل مع ورد طبيعي','صينية دزة مخمل مع ورد طبيعي',NULL,NULL,'ar',NULL,NULL,NULL,NULL,NULL),(590,447,'صينية دزة مخمل مع ورد طبيعي','صينية دزة مخمل مع ورد طبيعي',NULL,NULL,'en',NULL,NULL,NULL,NULL,NULL),(591,448,'باقة وردة هدية مميزة','باقة وردة هدية مميزة',NULL,NULL,'ar',NULL,NULL,NULL,NULL,NULL),(592,448,'باقة وردة هدية مميزة','باقة وردة هدية مميزة',NULL,NULL,'en',NULL,NULL,NULL,NULL,NULL),(593,449,'باقة وردة هدية مميزة','باقة وردة هدية مميزة',NULL,NULL,'ar',NULL,NULL,NULL,NULL,NULL),(594,449,'باقة وردة هدية مميزة','باقة وردة هدية مميزة',NULL,NULL,'en',NULL,NULL,NULL,NULL,NULL),(595,450,'سله وردة هدية مميزة','سله وردة هدية مميزة',NULL,NULL,'ar',NULL,NULL,NULL,NULL,NULL),(596,450,'سله وردة هدية مميزة','سله وردة هدية مميزة',NULL,NULL,'en',NULL,NULL,NULL,NULL,NULL),(597,451,'سله وردة هدية مميزة','سله وردة هدية مميزة',NULL,NULL,'ar',NULL,NULL,NULL,NULL,NULL),(598,451,'سله وردة هدية مميزة','سله وردة هدية مميزة',NULL,NULL,'en',NULL,NULL,NULL,NULL,NULL),(599,452,'سله وردة هدية مميزة','سله وردة هدية مميزة',NULL,NULL,'ar',NULL,NULL,NULL,NULL,NULL),(600,452,'سله وردة هدية مميزة','سله وردة هدية مميزة',NULL,NULL,'en',NULL,NULL,NULL,NULL,NULL),(601,453,'باقة وردة هدية مميزة','باقة وردة هدية مميزة',NULL,NULL,'ar',NULL,NULL,NULL,NULL,NULL),(602,453,'باقة وردة هدية مميزة','باقة وردة هدية مميزة',NULL,NULL,'en',NULL,NULL,NULL,NULL,NULL),(603,454,'باقة وردة هدية مميزة','باقة وردة هدية مميزة',NULL,NULL,'ar',NULL,NULL,NULL,NULL,NULL),(604,454,'باقة وردة هدية مميزة','باقة وردة هدية مميزة',NULL,NULL,'en',NULL,NULL,NULL,NULL,NULL),(605,455,'باقة وردة هدية مميزة','باقة وردة هدية مميزة',NULL,NULL,'ar',NULL,NULL,NULL,NULL,NULL),(606,455,'باقة وردة هدية مميزة','باقة وردة هدية مميزة',NULL,NULL,'en',NULL,NULL,NULL,NULL,NULL),(607,457,'صينية شوكولاته فاخرة','تحتوي على 92 حبة شوكولاته',NULL,NULL,'ar',NULL,NULL,NULL,NULL,NULL),(608,457,'صينية شوكولاته فاخرة','تحتوي على 92 حبة شوكولاته',NULL,NULL,'en',NULL,NULL,NULL,NULL,NULL),(609,456,'sadad','asd',NULL,NULL,'ar',NULL,NULL,NULL,NULL,NULL),(610,456,'asda','as',NULL,NULL,'en',NULL,NULL,NULL,NULL,NULL),(611,461,'كيك الرجل الاخضر','كيك الرجل الاخضر 5 اشخاص',NULL,NULL,'ar',NULL,NULL,NULL,'اكتب ملاحظتك هنا',NULL),(612,461,'كيك الرجل الاخضر','كيك الرجل الاخضر 5 اشخاص',NULL,NULL,'en',NULL,NULL,NULL,'اكتب ملاحظتك هنا',NULL),(613,462,'باندا كيك','5اشخاص',NULL,NULL,'ar',NULL,NULL,NULL,'اكتب ملاحظتك هنا',NULL),(614,462,'باندا كيك','5اشخاص',NULL,NULL,'en',NULL,NULL,NULL,'اكتب ملاحظتك هنا',NULL),(615,463,'باو كيك','5 اشخاص',NULL,NULL,'ar',NULL,NULL,NULL,'اكتب ملاحظتك هنا',NULL),(616,463,'باو كيك','5 اشخاص',NULL,NULL,'en',NULL,NULL,NULL,'اكتب ملاحظتك هنا',NULL),(617,465,'صينية كاكاو مناسبة الحج','صينية كاكاو مناسبة الحج',NULL,NULL,'ar',NULL,NULL,NULL,NULL,NULL),(618,465,'صينية كاكاو مناسبة الحج','صينية كاكاو مناسبة الحج',NULL,NULL,'en',NULL,NULL,NULL,NULL,NULL),(619,466,'صينية كاكاو مناسبة الحج','صينية كاكاو مناسبة الحج',NULL,NULL,'ar',NULL,NULL,NULL,'اكتب ملاحظتك هنا',NULL),(620,466,'صينية كاكاو مناسبة الحج','صينية كاكاو مناسبة الحج',NULL,NULL,'en',NULL,NULL,NULL,'اكتب ملاحظتك هنا',NULL),(621,467,'دراجيه فراولة مغطسة بالشوكولاته','ربع كيلو من الدراجيه',NULL,NULL,'ar',NULL,NULL,NULL,'اكتب ملاحظتك هنا',NULL),(622,467,'دراجيه فراولة مغطسة بالشوكولاته','ربع كيلو من الدراجيه',NULL,NULL,'en',NULL,NULL,NULL,'اكتب ملاحظتك هنا',NULL),(623,471,'صينية شوكولاته فاخرة مناسبة الحج','صينية شوكولاته فاخرة مناسبة الحج',NULL,NULL,'ar',NULL,NULL,NULL,'اكتب ملاحظتك هنا',NULL),(624,471,'صينية شوكولاته فاخرة مناسبة الحج','صينية شوكولاته فاخرة مناسبة الحج',NULL,NULL,'en',NULL,NULL,NULL,'اكتب ملاحظتك هنا',NULL),(625,472,'صينية شوكولاته فاخرة مناسبة الحج','صينية شوكولاته فاخرة مناسبة الحج',NULL,NULL,'ar',NULL,NULL,NULL,'اكتب ملاحظتك هنا',NULL),(626,472,'صينية شوكولاته فاخرة مناسبة الحج','صينية شوكولاته فاخرة مناسبة الحج',NULL,NULL,'en',NULL,NULL,NULL,'اكتب ملاحظتك هنا',NULL),(627,473,'هدايا توزيعات مواليد ولادي','شوكولاته مواليد ولادي فاخره 47  حبه',NULL,NULL,'ar',NULL,NULL,NULL,NULL,NULL),(628,473,'Baby Boy Gift','Luxury baby boy chocolate, 47 pieces',NULL,NULL,'en',NULL,NULL,NULL,NULL,NULL),(629,474,'هدايا توزيعات مواليد ولادي','شوكولاته مواليد ولادي فاخره 28  حبه',NULL,NULL,'ar',NULL,NULL,NULL,NULL,NULL),(630,474,'Baby Boy Gift','Luxury baby boy chocolate,28 pieces',NULL,NULL,'en',NULL,NULL,NULL,NULL,NULL),(631,475,'هدايا توزيعات مواليد ولادي','شوكولاته مواليد ولادي فاخره 49  حبه',NULL,NULL,'ar',NULL,NULL,NULL,NULL,NULL),(632,475,'Baby Boy Gift','Luxury baby boy chocolate, 49 pieces',NULL,NULL,'en',NULL,NULL,NULL,NULL,NULL),(633,476,'هدايا توزيعات مواليد ولادي','شوكولاته مواليد ولادي فاخره 40  حبه',NULL,NULL,'ar',NULL,NULL,NULL,NULL,NULL),(634,476,'Baby Boy Gift 4','Luxury baby boy chocolate, 40 pieces',NULL,NULL,'en',NULL,NULL,NULL,NULL,NULL),(635,477,'هدايا توزيعات مواليد ولادي','شوكولاته مواليد ولادي فاخره 63حبه',NULL,NULL,'ar',NULL,NULL,NULL,NULL,NULL),(636,477,'Baby Boy Gift','Luxury baby boy chocolate, 63 pieces',NULL,NULL,'en',NULL,NULL,NULL,NULL,NULL),(637,478,'هدايا توزيعات مواليد ولادي','شوكولاته مواليد ولادي فاخره 60حبه',NULL,NULL,'ar',NULL,NULL,NULL,NULL,NULL),(638,478,'Baby Boy Gift','Luxury baby boy chocolate, 60 pieces',NULL,NULL,'en',NULL,NULL,NULL,NULL,NULL),(639,479,'هدايا توزيعات مواليد بناتي','هدايا توزيعات مواليد بناتي عدد 48 حبه',NULL,NULL,'ar',NULL,NULL,NULL,NULL,NULL),(640,479,'Baby girl Gift Distributions','baby girl gifts 48 pcs',NULL,NULL,'en',NULL,NULL,NULL,NULL,NULL),(641,480,'هدايا توزيعات مواليد بناتي','توزيعات شوكولاته فاخره مواليد بناتي عدد 54 حبه',NULL,NULL,'ar',NULL,NULL,NULL,NULL,NULL),(642,480,'Baby girl Gift','Luxury chocolate distributions for my daughters\' newborns, 54 pieces',NULL,NULL,'en',NULL,NULL,NULL,NULL,NULL),(643,481,'هدايا توزيعات مواليد بناتي','توزيعات شوكولاته فاخره مواليد بناتي عدد 39حبه',NULL,NULL,'ar',NULL,NULL,NULL,NULL,NULL),(644,481,'Baby girl Gift','Luxury chocolate distributions for my daughters\' newborns, 39 pieces',NULL,NULL,'en',NULL,NULL,NULL,NULL,NULL),(645,482,'هدايا توزيعات مواليد بناتي','توزيعات شوكولاته فاخره مواليد بناتي عدد 40حبه',NULL,NULL,'ar',NULL,NULL,NULL,NULL,NULL),(646,482,'Baby girl Gift','Luxury chocolate distributions for my daughters\' newborns, 40 pieces',NULL,NULL,'en',NULL,NULL,NULL,NULL,NULL),(647,483,'هدايا توزيعات مواليد بناتي','توزيعات شوكولاته فاخره مواليد بناتي عدد 43حبه',NULL,NULL,'ar',NULL,NULL,NULL,NULL,NULL),(648,483,'Baby girl Gift','Luxury chocolate distributions for my daughters\' newborns, 43 pieces',NULL,NULL,'en',NULL,NULL,NULL,NULL,NULL),(649,485,'هدايا توزيعات مواليد بناتي','توزيعات شوكولاته فاخره مواليد بناتي عدد 34حبه',NULL,NULL,'ar',NULL,NULL,NULL,NULL,NULL),(650,485,'Baby girl Gift','Luxury chocolate distributions for my daughters\' newborns, 34 pieces',NULL,NULL,'en',NULL,NULL,NULL,NULL,NULL),(651,486,'تنسق كاكاو فاخر','عدد حبات الشوكولا 28 حبه',NULL,NULL,'ar',NULL,NULL,NULL,NULL,NULL),(652,486,'تنسق كاكاو فاخر','عدد حبات الشوكولا 28 حبه',NULL,NULL,'en',NULL,NULL,NULL,NULL,NULL),(653,487,'ماعون تشوكلت فاخر','عدد الحبات 40 حبه',NULL,NULL,'ar',NULL,NULL,NULL,NULL,NULL),(654,487,'ماعون تشوكلت فاخر','عدد الحبات 40 حبه',NULL,NULL,'en',NULL,NULL,NULL,NULL,NULL),(655,488,'ماعون تشوكلت فاخر','عدد الحبات 47',NULL,NULL,'ar',NULL,NULL,NULL,NULL,NULL),(656,488,'عدد الحبات 40 حبه','عدد الحبات 47',NULL,NULL,'en',NULL,NULL,NULL,NULL,NULL),(657,489,'ماعون تشوكلت فاخر','عدد الحبات 49',NULL,NULL,'ar',NULL,NULL,NULL,NULL,NULL),(658,489,'ماعون تشوكلت فاخر','عدد الحبات 49',NULL,NULL,'en',NULL,NULL,NULL,NULL,NULL),(659,490,'ماعون تشوكلت فاخر','عدد الحبات 60',NULL,NULL,'ar',NULL,NULL,NULL,NULL,NULL),(660,490,'ماعون تشوكلت فاخر','عدد الحبات 60',NULL,NULL,'en',NULL,NULL,NULL,NULL,NULL),(661,491,'تنسق كاكاو فاخر','عدد الحبات 63',NULL,NULL,'ar',NULL,NULL,NULL,NULL,NULL),(662,491,'تنسق كاكاو فاخر','عدد الحبات 63',NULL,NULL,'en',NULL,NULL,NULL,NULL,NULL),(663,492,'ماعون تشوكلت فاخر','عدد الحبات 34',NULL,NULL,'ar',NULL,NULL,NULL,NULL,NULL),(664,492,'ماعون تشوكلت فاخر','عدد الحبات 34',NULL,NULL,'en',NULL,NULL,NULL,NULL,NULL),(665,493,'تنسق كاكاو فاخر','عدد الحبات 39',NULL,NULL,'ar',NULL,NULL,NULL,NULL,NULL),(666,493,'تنسق كاكاو فاخر','عدد الحبات 39',NULL,NULL,'en',NULL,NULL,NULL,NULL,NULL),(667,495,'تنسق كاكاو فاخر','عدد الحبات 15',NULL,NULL,'ar',NULL,NULL,NULL,NULL,NULL),(668,495,'تنسق كاكاو فاخر','عدد الحبات 15',NULL,NULL,'en',NULL,NULL,NULL,NULL,NULL),(669,496,'تنسق كاكاو فاخر','عدد الحبات 43',NULL,NULL,'ar',NULL,NULL,NULL,NULL,NULL),(670,496,'تنسق كاكاو فاخر','عدد الحبات 43',NULL,NULL,'en',NULL,NULL,NULL,NULL,NULL),(671,497,'تنسق كاكاو فاخر','عدد الحبات 48',NULL,NULL,'ar',NULL,NULL,NULL,NULL,NULL),(672,497,'تنسق كاكاو فاخر','12.8',NULL,NULL,'en',NULL,NULL,NULL,NULL,NULL),(673,498,'ماعون تشوكلت فاخر','عدد الحبات 54',NULL,NULL,'ar',NULL,NULL,NULL,NULL,NULL),(674,498,'ماعون تشوكلت فاخر','عدد الحبات 54',NULL,NULL,'en',NULL,NULL,NULL,NULL,NULL),(675,501,'مغلف شوكولا مواليد ولادي','مغلف شوكولا مواليد ولادي',NULL,NULL,'ar',NULL,NULL,NULL,NULL,NULL),(676,501,'مغلف شوكولا مواليد ولادي','مغلف شوكولا مواليد ولادي',NULL,NULL,'en',NULL,NULL,NULL,NULL,NULL),(677,502,'مغلف شوكولا مواليد ولادي','مغلف شوكولا مواليد ولادي',NULL,NULL,'ar',NULL,NULL,NULL,NULL,NULL),(678,502,'مغلف شوكولا مواليد ولادي','مغلف شوكولا مواليد ولادي',NULL,NULL,'en',NULL,NULL,NULL,NULL,NULL),(679,503,'مغلف شوكولا مواليد ولادي','مغلف شوكولا مواليد ولادي',NULL,NULL,'ar',NULL,NULL,NULL,NULL,NULL),(680,503,'مغلف شوكولا مواليد ولادي','مغلف شوكولا مواليد ولادي',NULL,NULL,'en',NULL,NULL,NULL,NULL,NULL),(681,505,'ترافيل','شوكولاته ترافل بحشوة الكندر واللوتس',NULL,NULL,'ar',NULL,NULL,NULL,'اكتب ملاحظتك هنا',NULL),(682,505,'ترافيل','شوكولاته ترافل بحشوة الكندر واللوتس',NULL,NULL,'en',NULL,NULL,NULL,'اكتب ملاحظتك هنا',NULL),(683,506,'ميني فطاير','72 حبة ميني فطاير',NULL,NULL,'ar',NULL,NULL,NULL,'اكتب ملاحظتك هنا',NULL),(684,506,'ميني فطاير','72 حبة ميني فطاير',NULL,NULL,'en',NULL,NULL,NULL,'اكتب ملاحظتك هنا',NULL),(685,507,'موالح كانابيه','موالح كانابيه',NULL,NULL,'ar',NULL,NULL,NULL,'اكتب ملاحظتك هنا',NULL),(686,507,'موالح كانابيه','موالح كانابيه',NULL,NULL,'en',NULL,NULL,NULL,'اكتب ملاحظتك هنا',NULL),(687,508,'مغلف شوكولا مواليد ولادي','مغلف شوكولا مواليد ولادي',NULL,NULL,'ar',NULL,NULL,NULL,NULL,NULL),(688,508,'مغلف شوكولا مواليد ولادي','مغلف شوكولا مواليد ولادي',NULL,NULL,'en',NULL,NULL,NULL,NULL,NULL),(689,509,'مغلف شوكولا مواليد ولادي','مغلف شوكولا مواليد ولادي',NULL,NULL,'ar',NULL,NULL,NULL,NULL,NULL),(690,509,'مغلف شوكولا مواليد ولادي','مغلف شوكولا مواليد ولادي',NULL,NULL,'en',NULL,NULL,NULL,NULL,NULL),(691,510,'مغلف شوكولا مواليد بناتي','مغلف شوكولا مواليد بناتي',NULL,NULL,'ar',NULL,NULL,NULL,NULL,NULL),(692,510,'مغلف شوكولا مواليد بناتي','مغلف شوكولا مواليد بناتي',NULL,NULL,'en',NULL,NULL,NULL,NULL,NULL),(693,512,'مغلف شوكولا مواليد بناتي','مغلف شوكولا مواليد بناتي',NULL,NULL,'ar',NULL,NULL,NULL,NULL,NULL),(694,512,'مغلف شوكولا مواليد بناتي','مغلف شوكولا مواليد بناتي',NULL,NULL,'en',NULL,NULL,NULL,NULL,NULL),(695,513,'مغلف شوكولا مواليد بناتي','مغلف شوكولا مواليد بناتي',NULL,NULL,'ar',NULL,NULL,NULL,NULL,NULL),(696,513,'مغلف شوكولا مواليد بناتي','مغلف شوكولا مواليد بناتي',NULL,NULL,'en',NULL,NULL,NULL,NULL,NULL),(697,514,'مغلف شوكولا مواليد بناتي','مغلف شوكولا مواليد بناتي',NULL,NULL,'ar',NULL,NULL,NULL,NULL,NULL),(698,514,'مغلف شوكولا مواليد بناتي','مغلف شوكولا مواليد بناتي',NULL,NULL,'en',NULL,NULL,NULL,NULL,NULL),(699,515,'مغلف شوكولا مواليد بناتي','مغلف شوكولا مواليد بناتي',NULL,NULL,'ar',NULL,NULL,NULL,NULL,NULL),(700,515,'مغلف شوكولا مواليد بناتي','مغلف شوكولا مواليد بناتي',NULL,NULL,'en',NULL,NULL,NULL,NULL,NULL),(701,516,'مغلف شوكولا مواليد بناتي','مغلف شوكولا مواليد بناتي',NULL,NULL,'ar',NULL,NULL,NULL,NULL,NULL),(702,516,'مغلف شوكولا مواليد بناتي','مغلف شوكولا مواليد بناتي',NULL,NULL,'en',NULL,NULL,NULL,NULL,NULL),(703,517,'مغلف شوكولا مواليد بناتي','مغلف شوكولا مواليد بناتي',NULL,NULL,'ar',NULL,NULL,NULL,NULL,'asdasd'),(704,517,'مغلف شوكولا مواليد بناتي','مغلف شوكولا مواليد بناتي',NULL,NULL,'en',NULL,NULL,NULL,NULL,'asdasd3w'),(705,527,'وشاح تخرج مع كتابة الاسم','وشاح تخرج مع كتابة الاسم',NULL,NULL,'ar',NULL,NULL,NULL,'ادخل اسم الطالب','اكتب كرت الاهداء'),(706,527,'وشاح تخرج مع كتابة الاسم','وشاح تخرج مع كتابة الاسم',NULL,NULL,'en',NULL,NULL,NULL,'ادخل اسم الطالب','اكتب كرت الاهداء'),(707,534,'وشاح تخرح مع كتابة الاسم','وشاح تخرح مع كتابة الاسم',NULL,NULL,'ar',NULL,NULL,NULL,'اكتب ملاحظتك هنا','اكتب رسالة اهداء'),(708,534,'وشاح تخرح مع كتابة الاسم','وشاح تخرح مع كتابة الاسم',NULL,NULL,'en',NULL,NULL,NULL,'اكتب ملاحظتك هنا','اكتب رسالة اهداء'),(709,535,'كاكاو بحشوة الهيل','ربع كيلو',NULL,NULL,'ar',NULL,NULL,NULL,'اكتب ملاحظتك هنا',NULL),(710,535,'كاكاو بحشوة الهيل','ربع كيلر',NULL,NULL,'en',NULL,NULL,NULL,'اكتب ملاحظتك هنا',NULL),(711,537,'كاب كيك مغطس بالكاكاو','ربع كيلو',NULL,NULL,'ar',NULL,NULL,NULL,'اكتب ملاحظتك هنا',NULL),(712,537,'كاب كيك مغطس بالكاكاو','ربع كيلو',NULL,NULL,'en',NULL,NULL,NULL,'اكتب ملاحظتك هنا',NULL),(713,538,'كاكاو الاوريو','ربع كيلو',NULL,NULL,'ar',NULL,NULL,NULL,NULL,NULL),(714,538,'كاماو الاوريو','ربع كيلو',NULL,NULL,'en',NULL,NULL,NULL,NULL,NULL),(715,539,'كاكاو التشيز كيك','ربع كيلو',NULL,NULL,'ar',NULL,NULL,NULL,NULL,NULL),(716,539,'كاكاو تشيز كيك','ربع كيلو',NULL,NULL,'en',NULL,NULL,NULL,NULL,NULL),(717,542,'هدية مواليد شوكولاته فاخرة','هدية مواليد شوكولاته فاخرة',NULL,NULL,'ar',NULL,NULL,NULL,'اكتب ملاحظتك هنا',NULL),(718,542,'هدية مواليد شوكولاته فاخرة','هدية مواليد شوكولاته فاخرة',NULL,NULL,'en',NULL,NULL,NULL,'اكتب ملاحظتك هنا',NULL),(719,543,'هدية مواليد شوكولاته فاخرة','هدية مواليد شوكولاته فاخرة',NULL,NULL,'ar',NULL,NULL,NULL,'اكتب ملاحظتك هنا',NULL),(720,543,'هدية مواليد شوكولاته فاخرة','هدية مواليد شوكولاته فاخرة',NULL,NULL,'en',NULL,NULL,NULL,'اكتب ملاحظتك هنا',NULL),(721,544,'هدية مواليد شوكولاته فاخرة','هدية مواليد شوكولاته فاخرة',NULL,NULL,'ar',NULL,NULL,NULL,'اكتب ملاحظتك هنا',NULL),(722,544,'هدية مواليد شوكولاته فاخرة','هدية مواليد شوكولاته فاخرة',NULL,NULL,'en',NULL,NULL,NULL,'اكتب ملاحظتك هنا',NULL),(723,545,'هدية مواليد شوكولاته فاخرة','هدية مواليد شوكولاته فاخرة',NULL,NULL,'ar',NULL,NULL,NULL,'اكتب ملاحظتك هنا',NULL),(724,545,'هدية مواليد شوكولاته فاخرة','هدية مواليد شوكولاته فاخرة',NULL,NULL,'en',NULL,NULL,NULL,'اكتب ملاحظتك هنا',NULL),(725,549,'هدية مواليد شوكولاته فاخرة','هدية مواليد شوكولاته فاخرة',NULL,NULL,'ar',NULL,NULL,NULL,'اكتب ملاحظتك هنا',NULL),(726,549,'هدية مواليد شوكولاته فاخرة','هدية مواليد شوكولاته فاخرة',NULL,NULL,'en',NULL,NULL,NULL,'اكتب ملاحظتك هنا',NULL),(727,551,'هدية مواليد شوكولاته فاخرة','هدية مواليد شوكولاته فاخرة',NULL,NULL,'ar',NULL,NULL,NULL,'اكتب ملاحظتك هنا',NULL),(728,551,'هدية مواليد شوكولاته فاخرة','هدية مواليد شوكولاته فاخرة',NULL,NULL,'en',NULL,NULL,NULL,'اكتب ملاحظتك هنا',NULL),(729,552,'هدية مواليد شوكولاته فاخرة','هدية مواليد شوكولاته فاخرة',NULL,NULL,'ar',NULL,NULL,NULL,'اكتب ملاحظتك هنا',NULL),(730,552,'هدية مواليد شوكولاته فاخرة','هدية مواليد شوكولاته فاخرة',NULL,NULL,'en',NULL,NULL,NULL,'اكتب ملاحظتك هنا',NULL),(731,553,'هدية مواليد شوكولاته فاخرة','هدية مواليد شوكولاته فاخرة',NULL,NULL,'ar',NULL,NULL,NULL,'اكتب ملاحظتك هنا',NULL),(732,553,'هدية مواليد شوكولاته فاخرة','هدية مواليد شوكولاته فاخرة',NULL,NULL,'en',NULL,NULL,NULL,'اكتب ملاحظتك هنا',NULL),(733,556,'تنسيق اكريلك تقديم العانية','تنسيق اكريلك تقديم العانية',NULL,NULL,'ar',NULL,NULL,NULL,'اكتب ملاحظتك هنا',NULL),(734,556,'تنسيق اكريلك تقديم العانية','تنسيق اكريلك تقديم العانية',NULL,NULL,'en',NULL,NULL,NULL,'اكتب ملاحظتك هنا',NULL),(735,558,'تنسيق اكريلك تقديم هدية','تنسيق اكريلك تقديم هدية',NULL,NULL,'ar',NULL,NULL,NULL,'اكتب ملاحظتك هنا',NULL),(736,558,'تنسيق اكريلك تقديم هدية','تنسيق اكريلك تقديم هدية',NULL,NULL,'en',NULL,NULL,NULL,'اكتب ملاحظتك هنا',NULL),(737,559,'تنسيق اكريلك تقديم هدية','تنسيق اكريلك تقديم هدية',NULL,NULL,'ar',NULL,NULL,NULL,'اكتب ملاحظتك هنا',NULL),(738,559,'تنسيق اكريلك تقديم هدية','تنسيق اكريلك تقديم هدية',NULL,NULL,'en',NULL,NULL,NULL,'اكتب ملاحظتك هنا',NULL),(739,560,'تنسيق اكريلك تقديم هدية','تنسيق اكريلك تقديم هدية',NULL,NULL,'ar',NULL,NULL,NULL,'اكتب ملاحظتك هنا',NULL),(740,560,'تنسيق اكريلك تقديم هدية','تنسيق اكريلك تقديم هدية',NULL,NULL,'en',NULL,NULL,NULL,'اكتب ملاحظتك هنا',NULL),(741,561,'تنسيق تقدم الهدية','تنسيق تقدم الهدية',NULL,NULL,'ar',NULL,NULL,NULL,'اكتب ملاحظتك هنا','اكتب رسالة اهداء'),(742,561,'تنسيق تقدم الهدية','تنسيق تقدم الهدية',NULL,NULL,'en',NULL,NULL,NULL,'اكتب ملاحظتك هنا','اكتب رسالة اهداء'),(743,562,'تنسيق تقدم الهدية','تنسيق تقدم الهدية',NULL,NULL,'ar',NULL,NULL,NULL,'اكتب ملاحظتك هنا','اكتب رسالة اهداء'),(744,562,'تنسيق تقدم الهدية','تنسيق تقدم الهدية',NULL,NULL,'en',NULL,NULL,NULL,'اكتب ملاحظتك هنا','اكتب رسالة اهداء'),(745,566,'تنسيق تقدم الهدية','تنسيق تقدم الهدية',NULL,NULL,'ar',NULL,NULL,NULL,'اكتب ملاحظتك هنا','اكتب كرت الاهداء'),(746,566,'تنسيق تقدم الهدية','تنسيق تقدم الهدية',NULL,NULL,'en',NULL,NULL,NULL,'اكتب ملاحظتك هنا','اكتب كرت الاهداء'),(747,567,'تنسيق اكريلك تقديم هدية','تنسيق اكريلك تقديم هدية',NULL,NULL,'ar',NULL,NULL,NULL,'اكتب ملاحظتك هنا','اكتب رسالة اهداء'),(748,567,'تنسيق اكريلك تقديم هدية','تنسيق اكريلك تقديم هدية',NULL,NULL,'en',NULL,NULL,NULL,'اكتب ملاحظتك هنا','اكتب رسالة اهداء'),(749,568,'تنسيق اكريلك تقديم هدية','تنسيق اكريلك تقديم هدية',NULL,NULL,'ar',NULL,NULL,NULL,'اكتب ملاحظتك هنا','اكتب رسالة اهداء'),(750,568,'تنسيق اكريلك تقديم هدية','تنسيق اكريلك تقديم هدية',NULL,NULL,'en',NULL,NULL,NULL,'اكتب ملاحظتك هنا','اكتب رسالة اهداء'),(751,569,'تنسيق اكريلك تقديم هدية','تنسيق اكريلك تقديم هدية',NULL,NULL,'ar',NULL,NULL,NULL,'اكتب ملاحظتك هنا','اكتب رسالة اهداء'),(752,569,'تنسيق اكريلك تقديم هدية','تنسيق اكريلك تقديم هدية',NULL,NULL,'en',NULL,NULL,NULL,'اكتب ملاحظتك هنا','اكتب رسالة اهداء'),(753,572,'شوكولاته كورنوفلكس','ربع كيلو',NULL,NULL,'ar',NULL,NULL,NULL,'اكتب ملاحظتك هنا',NULL),(754,572,'شوكولاته كورنوفلكس','ربع كيلو',NULL,NULL,'en',NULL,NULL,NULL,'اكتب ملاحظتك هنا',NULL),(755,573,'شوكولاته الكريسبي المقرمشة','ربع كيلو',NULL,NULL,'ar',NULL,NULL,NULL,'اكتب ملاحظتك هنا',NULL),(756,573,'شوكولاته الكريسبي المقرمشة','ربع كيلو',NULL,NULL,'en',NULL,NULL,NULL,NULL,NULL),(757,574,'شوكولاته المكسرات','ربع كيلو',NULL,NULL,'ar',NULL,NULL,NULL,NULL,NULL),(758,574,'شوكولاته المكسرات','ربع كيلو',NULL,NULL,'en',NULL,NULL,NULL,'اكتب ملاحظتك هنا',NULL),(759,575,'باقة بيبي جوري','20 غصن',NULL,NULL,'ar',NULL,NULL,NULL,'اكتب ملاحظتك هنا',NULL),(760,575,'باقة بيبي جوري','20 غصن',NULL,NULL,'en',NULL,NULL,NULL,'اكتب ملاحظتك هنا','اكتب رسالة اهداء'),(761,576,'بافة ورد استوماريا','20 غصن',NULL,NULL,'ar',NULL,NULL,NULL,'اكتب ملاحظتك هنا',NULL),(762,576,'بافة ورد استوماريا','20 غصن',NULL,NULL,'en',NULL,NULL,NULL,'اكتب ملاحظتك هنا','اكتب رسالة اهداء'),(763,577,'باقة ورد جوري','30 وردة',NULL,NULL,'ar',NULL,NULL,NULL,NULL,NULL),(764,577,'باقة ورد جوري','30 وردة',NULL,NULL,'en',NULL,NULL,NULL,'اكتب ملاحظتك هنا','اكتب رسالة اهداء'),(765,578,'باقة وردة هدية مميزة','30 وردة',NULL,NULL,'ar',NULL,NULL,NULL,NULL,NULL),(766,578,'باقة وردة هدية مميزة','30 وردة',NULL,NULL,'en',NULL,NULL,NULL,'اكتب ملاحظتك هنا','اكتب رسالة اهداء'),(767,579,'باقة ورد جوري','30 وردة',NULL,NULL,'ar',NULL,NULL,NULL,NULL,NULL),(768,579,'باقة ورد جوري','30 وردة',NULL,NULL,'en',NULL,NULL,NULL,'اكتب ملاحظتك هنا','اكتب رسالة اهداء'),(769,580,'شوكولاته البندق','ربع كيلو',NULL,NULL,'ar',NULL,NULL,NULL,'اكتب ملاحظتك هنا',NULL),(770,580,'شوكولاته البندق','ربع كيلو',NULL,NULL,'en',NULL,NULL,NULL,'اكتب ملاحظتك هنا','اكتب رسالة اهداء'),(771,581,'شوكولاته سيكار','ريع كيلو',NULL,NULL,'ar',NULL,NULL,NULL,'اكتب ملاحظتك هنا','اكتب رسالة اهداء'),(772,581,'شوكولاته سيكار','ريع كيلو',NULL,NULL,'en',NULL,NULL,NULL,'اكتب ملاحظتك هنا','اكتب رسالة اهداء'),(773,582,'شوكولاته الويفر','ربع كيلو',NULL,NULL,'ar',NULL,NULL,NULL,'اكتب ملاحظتك هنا','اكتب رسالة اهداء'),(774,582,'شوكولاته الويفر','ربع كيلو',NULL,NULL,'en',NULL,NULL,NULL,'اكتب ملاحظتك هنا','اكتب رسالة اهداء'),(775,604,'هدايا توزيعات','هدايا توزيعات مناسبات مع شوكولاته فاخره عدد ٤٦ حبه',NULL,NULL,'ar',NULL,NULL,NULL,NULL,NULL),(776,604,'Distribution gifts','Occasion gifts with 46 pieces of luxury chocolate',NULL,NULL,'en',NULL,NULL,NULL,NULL,NULL),(777,605,'هدايا توزيعات','هدايا توزيعات مع شوكولاته فاخره عدد ٢٧ حبه',NULL,NULL,'ar',NULL,NULL,NULL,NULL,NULL),(778,605,'Distribution gifts','Gift distributions with 27 luxury chocolates',NULL,NULL,'en',NULL,NULL,NULL,NULL,NULL),(779,606,'هدايا توزيعات','هدايا توزيعات مع شوكولاته فاخره عدد 50 حبه',NULL,NULL,'ar',NULL,NULL,NULL,NULL,NULL),(780,606,'Distribution gifts','Gift distributions with 50 luxury chocolates',NULL,NULL,'en',NULL,NULL,NULL,NULL,NULL),(781,607,'هدايا توزيعات','هدايا توزيعات مع شوكولاته فاخره عدد 50 حبه',NULL,NULL,'ar',NULL,NULL,NULL,NULL,NULL),(782,607,'Distribution gifts','Gift distributions with 50 luxury chocolates',NULL,NULL,'en',NULL,NULL,NULL,NULL,NULL),(783,608,'هدايا توزيعات','هدايا توزيعات مع شوكولاته فاخره عدد 60 حبه',NULL,NULL,'ar',NULL,NULL,NULL,NULL,NULL),(784,608,'Distribution gifts','Gift distributions with 60 luxury chocolates',NULL,NULL,'en',NULL,NULL,NULL,NULL,NULL),(785,609,'هدايا توزيعات','هدايا توزيعات مع شوكولاته فاخره عدد 54 حبه',NULL,NULL,'ar',NULL,NULL,NULL,NULL,NULL),(786,609,'Distribution gifts','Gift distributions with 54 luxury chocolates',NULL,NULL,'en',NULL,NULL,NULL,NULL,NULL),(787,610,'هدايا توزيعات','هدايا توزيعات مع شوكولاته فاخره عدد 80 حبه',NULL,NULL,'ar',NULL,NULL,NULL,NULL,NULL),(788,610,'Distribution gifts','Gift distributions with 80 luxury chocolates',NULL,NULL,'en',NULL,NULL,NULL,NULL,NULL),(789,611,'هدايا توزيعات','هدايا توزيعات مع شوكولاته فاخره عدد 57 حبه',NULL,NULL,'ar',NULL,NULL,NULL,NULL,NULL),(790,611,'Distribution gifts','Gift distributions with 57 luxury chocolates',NULL,NULL,'en',NULL,NULL,NULL,NULL,NULL),(791,612,'هدايا توزيعات','هدايا توزيعات مع شوكولاته فاخره عدد 30 حبه',NULL,NULL,'ar',NULL,NULL,NULL,NULL,NULL),(792,612,'Distribution gifts','Gift distributions with 30 luxury chocolates',NULL,NULL,'en',NULL,NULL,NULL,NULL,NULL),(793,613,'هدايا توزيعات','هدايا توزيعات مع شوكولاته فاخره عدد 46 حبه',NULL,NULL,'ar',NULL,NULL,NULL,NULL,NULL),(794,613,'Distribution gifts','Gift distributions with 46 pieces of luxury chocolate',NULL,NULL,'en',NULL,NULL,NULL,NULL,NULL),(795,614,'هدايا توزيعات','هدايا توزيعات مع شوكولاته فاخره عدد 61 حبه',NULL,NULL,'ar',NULL,NULL,NULL,NULL,NULL),(796,614,'Distribution gifts','Gift distributions with 61 luxury chocolates',NULL,NULL,'en',NULL,NULL,NULL,NULL,NULL),(797,615,'هدايا توزيعات','هدايا توزيعات مع شوكولاته فاخره عدد 46 حبه',NULL,NULL,'ar',NULL,NULL,NULL,NULL,NULL),(798,615,'Distribution gifts','Gift distributions with 46 pieces of luxury chocolate',NULL,NULL,'en',NULL,NULL,NULL,NULL,NULL),(799,616,'هدايا توزيعات','هدايا توزيعات مع شوكولاته فاخره عدد 27 حبه',NULL,NULL,'ar',NULL,NULL,NULL,NULL,NULL),(800,616,'Distribution gifts','Gift distributions with 27 luxury chocolates',NULL,NULL,'en',NULL,NULL,NULL,NULL,NULL),(801,617,'هدايا توزيعات','هدايا توزيعات مع شوكولاته فاخره عدد 50 حبه',NULL,NULL,'ar',NULL,NULL,NULL,NULL,NULL),(802,617,'Distribution gifts','Gift distributions with 50 luxury chocolates',NULL,NULL,'en',NULL,NULL,NULL,NULL,NULL),(803,618,'هدايا توزيعات','هدايا توزيعات مع شوكولاته فاخره عدد 50 حبه',NULL,NULL,'ar',NULL,NULL,NULL,NULL,NULL),(804,618,'Distribution gifts','Gift distributions with 50 luxury chocolates',NULL,NULL,'en',NULL,NULL,NULL,NULL,NULL),(805,619,'هدايا توزيعات','هدايا توزيعات مع شوكولاته فاخره عدد 60 حبه',NULL,NULL,'ar',NULL,NULL,NULL,NULL,NULL),(806,619,'Distribution gifts','Gift distributions with 60 luxury chocolates',NULL,NULL,'en',NULL,NULL,NULL,NULL,NULL),(807,620,'هدايا توزيعات','هدايا توزيعات مع شوكولاته فاخره عدد 54 حبه',NULL,NULL,'ar',NULL,NULL,NULL,NULL,NULL),(808,620,'Distribution gifts','Gift distributions with 54 luxury chocolates',NULL,NULL,'en',NULL,NULL,NULL,NULL,NULL),(809,621,'هدايا توزيعات','هدايا توزيعات مع شوكولاته فاخره عدد 80 حبه',NULL,NULL,'ar',NULL,NULL,NULL,NULL,NULL),(810,621,'Distribution gifts','Gift distributions with 80 luxury chocolates',NULL,NULL,'en',NULL,NULL,NULL,NULL,NULL),(811,622,'هدايا توزيعات','هدايا توزيعات مع شوكولاته فاخره عدد 57 حبه',NULL,NULL,'ar',NULL,NULL,NULL,NULL,NULL),(812,622,'Distribution gifts','Gift distributions with 57 luxury chocolates',NULL,NULL,'en',NULL,NULL,NULL,NULL,NULL),(813,623,'هدايا توزيعات','هدايا توزيعات مع شوكولاته فاخره عدد 30 حبه',NULL,NULL,'ar',NULL,NULL,NULL,'اكتب ملاحظتك هنا','اكتب رسالة اهداء'),(814,623,'Distribution gifts','Gift distributions with 30 luxury chocolates',NULL,NULL,'en',NULL,NULL,NULL,'اكتب ملاحظتك هنا','اكتب رسالة اهداء'),(815,624,'هدايا توزيعات','هدايا توزيعات مع شوكولاته فاخره عدد 46 حبه',NULL,NULL,'ar',NULL,NULL,NULL,NULL,NULL),(816,624,'Distribution gifts','Gift distributions with 46 pieces of luxury chocolate',NULL,NULL,'en',NULL,NULL,NULL,NULL,NULL),(817,625,'هدايا توزيعات','هدايا توزيعات مع شوكولاته فاخره عدد 61 حبه',NULL,NULL,'ar',NULL,NULL,NULL,NULL,NULL),(818,625,'Distribution gifts','Gift distributions with 61 luxury chocolates',NULL,NULL,'en',NULL,NULL,NULL,NULL,NULL),(819,484,'هدايا توزيعات','هدايا توزيعات مواليد بناتي',NULL,NULL,'ar',NULL,NULL,NULL,NULL,NULL),(820,484,'Distribution gifts','Gifts for my daughters\' newborns',NULL,NULL,'en',NULL,NULL,NULL,NULL,NULL),(821,626,'مغلف شوكولا مناسبات عامه','مغلف شوكولا مناسبات عامه عدد 46 حبه',NULL,NULL,'ar',NULL,NULL,NULL,NULL,NULL),(822,626,'مغلف شوكولا مناسبات عامه','مغلف شوكولا مناسبات عامه عدد 46 حبه',NULL,NULL,'en',NULL,NULL,NULL,NULL,NULL),(823,627,'مغلف شوكولا مناسبات عامه','مغلف شوكولا مناسبات عامه',NULL,NULL,'ar',NULL,NULL,NULL,NULL,NULL),(824,627,'مغلف شوكولا مناسبات عامه','مغلف شوكولا مناسبات عامه',NULL,NULL,'en',NULL,NULL,NULL,NULL,NULL),(825,628,'مغلف شوكولا مناسبات عامه','مغلف شوكولا مناسبات عامه عدد 50 حبه',NULL,NULL,'ar',NULL,NULL,NULL,NULL,NULL),(826,628,'مغلف شوكولا مناسبات عامه','مغلف شوكولا مناسبات عامه عدد 50 حبه',NULL,NULL,'en',NULL,NULL,NULL,NULL,NULL),(827,629,'مغلف شوكولا مناسبات عامه','مغلف شوكولا مناسبات عامه عدد 50 حبه',NULL,NULL,'ar',NULL,NULL,NULL,NULL,NULL),(828,629,'مغلف شوكولا مناسبات عامه','مغلف شوكولا مناسبات عامه عدد 50 حبه',NULL,NULL,'en',NULL,NULL,NULL,NULL,NULL),(829,630,'مغلف شوكولا مناسبات عامه','مغلف شوكولا مناسبات عامه عدد 60 حبه',NULL,NULL,'ar',NULL,NULL,NULL,NULL,NULL),(830,630,'مغلف شوكولا مناسبات عامه','مغلف شوكولا مناسبات عامه عدد 60 حبه',NULL,NULL,'en',NULL,NULL,NULL,NULL,NULL),(831,631,'مغلف شوكولا مناسبات عامه','مغلف شوكولا مناسبات عامه عدد 54 حبه',NULL,NULL,'ar',NULL,NULL,NULL,NULL,NULL),(832,631,'مغلف شوكولا مناسبات عامه','مغلف شوكولا مناسبات عامه عدد 54 حبه',NULL,NULL,'en',NULL,NULL,NULL,NULL,NULL),(833,632,'مغلف شوكولا مناسبات عامه','مغلف شوكولا مناسبات عامه عدد 80 حبه',NULL,NULL,'ar',NULL,NULL,NULL,NULL,NULL),(834,632,'مغلف شوكولا مناسبات عامه','مغلف شوكولا مناسبات عامه عدد 80 حبه',NULL,NULL,'en',NULL,NULL,NULL,NULL,NULL),(835,633,'مغلف شوكولا مناسبات عامه','مغلف شوكولا مناسبات عامه عدد 57 حبه',NULL,NULL,'ar',NULL,NULL,NULL,NULL,NULL),(836,633,'مغلف شوكولا مناسبات عامه','مغلف شوكولا مناسبات عامه عدد 57 حبه',NULL,NULL,'en',NULL,NULL,NULL,NULL,NULL),(837,634,'مغلف شوكولا مناسبات عامه','مغلف شوكولا مناسبات عامه عدد 30 حبه',NULL,NULL,'ar',NULL,NULL,NULL,NULL,NULL),(838,634,'مغلف شوكولا مناسبات عامه','مغلف شوكولا مناسبات عامه عدد 30 حبه',NULL,NULL,'en',NULL,NULL,NULL,NULL,NULL),(839,635,'مغلف شوكولا مناسبات عامه','مغلف شوكولا مناسبات عامه عدد 40 حبه',NULL,NULL,'ar',NULL,NULL,NULL,NULL,NULL),(840,635,'مغلف شوكولا مناسبات عامه','مغلف شوكولا مناسبات عامه عدد 40 حبه',NULL,NULL,'en',NULL,NULL,NULL,NULL,NULL),(841,636,'مغلف شوكولا مناسبات عامه','مغلف شوكولا مناسبات عامه عدد 61 حبه',NULL,NULL,'ar',NULL,NULL,NULL,NULL,NULL),(842,636,'مغلف شوكولا مناسبات عامه','مغلف شوكولا مناسبات عامه عدد 61 حبه',NULL,NULL,'en',NULL,NULL,NULL,NULL,NULL),(843,637,'شوكولا بحشوة البندق','250جرام شوكولا بحشوة البندق',NULL,NULL,'ar',NULL,NULL,NULL,NULL,NULL),(844,637,'شوكولا بحشوة البندق','250جرام شوكولا بحشوة البندق',NULL,NULL,'en',NULL,NULL,NULL,NULL,NULL),(845,638,'شوكولا بحشوة تشيز كيك','250 جرام شوكولا بحشوة تشيز كيك',NULL,NULL,'ar',NULL,NULL,NULL,NULL,NULL),(846,638,'شوكولا بحشوة تشيز كيك','250 جرام شوكولا بحشوة تشيز كيك',NULL,NULL,'en',NULL,NULL,NULL,NULL,NULL),(847,639,'شوكولا بحشوة كاب كيك','250جرام شوكولا بحشوة كاب كيك',NULL,NULL,'ar',NULL,NULL,NULL,NULL,NULL),(848,639,'شوكولا بحشوة  كاب كيك','250جرام شوكولا بحشوة كاب كيك',NULL,NULL,'en',NULL,NULL,NULL,NULL,NULL),(849,640,'شوكولا بحشوة الكرسبي','250 جرام شوكولا بحشوة الكرسبي',NULL,NULL,'ar',NULL,NULL,NULL,NULL,NULL),(850,640,'شوكولا بحشوة الكرسبي','250 جرام شوكولا بحشوة الكرسبي',NULL,NULL,'en',NULL,NULL,NULL,NULL,NULL),(851,641,'شوكولا بحشوة البستاشيو','250 جرام شوكولا بحشوة البستاشيو',NULL,NULL,'ar',NULL,NULL,NULL,NULL,NULL),(852,641,'شوكولا بحشوة البستاشيو','250 جرام شوكولا بحشوة البستاشيو',NULL,NULL,'en',NULL,NULL,NULL,NULL,NULL),(853,642,'شوكولا بحشوة المسكرات','250 جرام شوكولا بحشوة المسكرات',NULL,NULL,'ar',NULL,NULL,NULL,NULL,NULL),(854,642,'شوكولا بحشوة المسكرات','250 جرام شوكولا بحشوة المسكرات',NULL,NULL,'en',NULL,NULL,NULL,NULL,NULL),(855,643,'شوكولا بحشوة الويفر','250 جرام شوكولا بحشوة الويفر',NULL,NULL,'ar',NULL,NULL,NULL,NULL,NULL),(856,643,'شوكولا بحشوة الويفر','250 جرام شوكولا بحشوة الويفر',NULL,NULL,'en',NULL,NULL,NULL,NULL,NULL),(857,644,'شوكولاته الويفر','الوزن ربع كيلو',NULL,NULL,'ar',NULL,NULL,NULL,NULL,NULL),(858,644,'wafar','Weight is a quarter kilo',NULL,NULL,'en',NULL,NULL,NULL,NULL,NULL),(859,645,'اونصه مكسرات','الوزن ربع كيلو',NULL,NULL,'ar',NULL,NULL,NULL,NULL,NULL),(860,645,'ounce of nuts','Weight is a quarter kilo',NULL,NULL,'en',NULL,NULL,NULL,NULL,NULL),(861,646,'رايس كرسبي','الوزن ربع كيلو',NULL,NULL,'ar',NULL,NULL,NULL,NULL,NULL),(862,646,'Rice Crispies','Weight is a quarter kilo',NULL,NULL,'en',NULL,NULL,NULL,NULL,NULL),(863,647,'بستاشيو كنافه','الوزن ربع كيلو',NULL,NULL,'ar',NULL,NULL,NULL,NULL,NULL),(864,647,'Pistachio Kunafa','Weight is a quarter kilo',NULL,NULL,'en',NULL,NULL,NULL,NULL,NULL),(865,648,'تشيزكيك','الوزن ربع كيلو',NULL,NULL,'ar',NULL,NULL,NULL,NULL,NULL),(866,648,'Cheesecake','Weight is a quarter kilo',NULL,NULL,'en',NULL,NULL,NULL,NULL,NULL),(867,649,'ثلاث حبات بندق','الوزن ربع كيلو',NULL,NULL,'ar',NULL,NULL,NULL,NULL,NULL),(868,649,'Three hazelnuts','Weight is a quarter kilo',NULL,NULL,'en',NULL,NULL,NULL,NULL,NULL),(869,650,'كب كيك','الوزن ربع كيلو',NULL,NULL,'ar',NULL,NULL,NULL,NULL,NULL),(870,650,'Cupcake','Weight is a quarter kilo',NULL,NULL,'en',NULL,NULL,NULL,NULL,NULL),(871,651,'اصابع سيجار','الوزن ربع كيلو',NULL,NULL,'ar',NULL,NULL,NULL,NULL,NULL),(872,651,'cigar sticks','Weight is a quarter kilo',NULL,NULL,'en',NULL,NULL,NULL,NULL,NULL),(873,652,'فيوتين','الوزن ربع كيلو',NULL,NULL,'ar',NULL,NULL,NULL,NULL,NULL),(874,652,'Futin','Weight is a quarter kilo',NULL,NULL,'en',NULL,NULL,NULL,NULL,NULL),(875,654,'عانية','صندوق اكليراك مع ورد صناعي',NULL,NULL,'ar',NULL,NULL,NULL,NULL,NULL),(876,654,'Aaniya','Acrylic box with artificial flowers',NULL,NULL,'en',NULL,NULL,NULL,NULL,NULL),(877,655,'عانية','صندوق اكليراك مع ورد صناعي',NULL,NULL,'ar',NULL,NULL,NULL,NULL,NULL),(878,655,'Aaniya','Acrylic box with artificial flowers',NULL,NULL,'en',NULL,NULL,NULL,NULL,NULL),(879,656,'عانية','صندوق اكليراك مع ورد صناعي',NULL,NULL,'ar',NULL,NULL,NULL,NULL,NULL),(880,656,'Aaniya','Acrylic box with artificial flowers',NULL,NULL,'en',NULL,NULL,NULL,NULL,NULL),(881,657,'عانية','صندوق اكليراك مع ورد صناعي',NULL,NULL,'ar',NULL,NULL,NULL,NULL,NULL),(882,657,'Aaniya','Acrylic box with artificial flowers',NULL,NULL,'en',NULL,NULL,NULL,NULL,NULL),(883,658,'عانية','صندوق اكليراك مع ورد صناعي',NULL,NULL,'ar',NULL,NULL,NULL,NULL,NULL),(884,658,'Aaniya','Acrylic box with artificial flowers',NULL,NULL,'en',NULL,NULL,NULL,NULL,NULL),(885,659,'عانية','استاند اكليراك مع ورد صناعي',NULL,NULL,'ar',NULL,NULL,NULL,NULL,NULL),(886,659,'Aaniya','Acrylic stand with artificial flowers',NULL,NULL,'en',NULL,NULL,NULL,NULL,NULL),(887,660,'عانية','استاند اكليراك مع ورد صناعي',NULL,NULL,'ar',NULL,NULL,NULL,NULL,NULL),(888,660,'Aaniya','Acrylic stand with artificial flowers',NULL,NULL,'en',NULL,NULL,NULL,NULL,NULL),(889,661,'عانية','سلة اكليراك مع ورد صناعي',NULL,NULL,'ar',NULL,NULL,NULL,NULL,NULL),(890,661,'Aaniya','Acrylic basket with artificial flowers',NULL,NULL,'en',NULL,NULL,NULL,NULL,NULL),(891,662,'عانية','سلة اكليراك مع ورد صناعي',NULL,NULL,'ar',NULL,NULL,NULL,NULL,NULL),(892,662,'Aaniya','Acrylic basket with artificial flowers',NULL,NULL,'en',NULL,NULL,NULL,NULL,NULL),(893,663,'عانية','سلة اكليراك مع ورد صناعي',NULL,NULL,'ar',NULL,NULL,NULL,NULL,NULL),(894,663,'Aaniya','Acrylic basket with artificial flowers',NULL,NULL,'en',NULL,NULL,NULL,NULL,NULL),(895,664,'عانية','سلة اكليراك مع ورد صناعي',NULL,NULL,'ar',NULL,NULL,NULL,NULL,NULL),(896,664,'Aaniya','Acrylic basket with artificial flowers',NULL,NULL,'en',NULL,NULL,NULL,NULL,NULL),(897,665,'عانية','سلة اكليراك مع ورد صناعي',NULL,NULL,'ar',NULL,NULL,NULL,NULL,NULL),(898,665,'Aaniya','Acrylic basket with artificial flowers',NULL,NULL,'en',NULL,NULL,NULL,NULL,NULL),(899,666,'عانية','سلة اكليراك مع ورد صناعي',NULL,NULL,'ar',NULL,NULL,NULL,NULL,NULL),(900,666,'Aaniya','Acrylic basket with artificial flowers',NULL,NULL,'en',NULL,NULL,NULL,NULL,NULL),(901,667,'عانية','سلة اكليراك مع ورد صناعي',NULL,NULL,'ar',NULL,NULL,NULL,NULL,NULL),(902,667,'Aaniya','Acrylic basket with artificial flowers',NULL,NULL,'en',NULL,NULL,NULL,NULL,NULL),(903,668,'عانية','سلة اكليراك مع ورد صناعي',NULL,NULL,'ar',NULL,NULL,NULL,NULL,NULL),(904,668,'Aaniya','Acrylic basket with artificial flowers',NULL,NULL,'en',NULL,NULL,NULL,NULL,NULL),(905,669,'اكرلك مع ورد صناعي','اكرلك مع ورد صناعي',NULL,NULL,'ar',NULL,NULL,NULL,NULL,NULL),(906,669,'اكرلك مع ورد صناعي','اكرلك مع ورد صناعي',NULL,NULL,'en',NULL,NULL,NULL,NULL,NULL),(907,670,'اكرلك مع ورد صناعي','اكرلك مع ورد صناعي',NULL,NULL,'ar',NULL,NULL,NULL,NULL,NULL),(908,670,'اكرلك مع ورد صناعي','اكرلك مع ورد صناعي',NULL,NULL,'en',NULL,NULL,NULL,NULL,NULL),(909,673,'علبه اكرلك للعانية','علبه اكرلك للعانية',NULL,NULL,'ar',NULL,NULL,NULL,NULL,NULL),(910,673,'علبه اكرلك للعانية','علبه اكرلك للعانية',NULL,NULL,'en',NULL,NULL,NULL,NULL,NULL),(911,674,'علبه اكرلك للعانية','علبه اكرلك للعانية',NULL,NULL,'ar',NULL,NULL,NULL,NULL,NULL),(912,674,'علبه اكرلك للعانية','علبه اكرلك للعانية',NULL,NULL,'en',NULL,NULL,NULL,NULL,NULL),(913,675,'علبه اكرلك للعانية','علبه اكرلك للعانية',NULL,NULL,'ar',NULL,NULL,NULL,NULL,NULL),(914,675,'علبه اكرلك للعانية','علبه اكرلك للعانية',NULL,NULL,'en',NULL,NULL,NULL,NULL,NULL),(915,676,'علبه اكرلك للعانية','علبه اكرلك للعانية',NULL,NULL,'ar',NULL,NULL,NULL,NULL,NULL),(916,676,'علبه اكرلك للعانية','علبه اكرلك للعانية',NULL,NULL,'en',NULL,NULL,NULL,NULL,NULL),(917,677,'علبه اكرلك للعانية','علبه اكرلك للعانية',NULL,NULL,'ar',NULL,NULL,NULL,NULL,NULL),(918,677,'علبه اكرلك للعانية','علبه اكرلك للعانية',NULL,NULL,'en',NULL,NULL,NULL,NULL,NULL),(919,678,'علبه اكرلك للعانية','علبه اكرلك للعانية',NULL,NULL,'ar',NULL,NULL,NULL,NULL,NULL),(920,678,'علبه اكرلك للعانية','علبه اكرلك للعانية',NULL,NULL,'en',NULL,NULL,NULL,NULL,NULL),(921,679,'علبه اكرلك للعانية','علبه اكرلك للعانية',NULL,NULL,'ar',NULL,NULL,NULL,NULL,NULL),(922,679,'علبه اكرلك للعانية','علبه اكرلك للعانية',NULL,NULL,'en',NULL,NULL,NULL,NULL,NULL),(923,681,'بوكس اكرلك للعانية','بوكس اكرلك للعانية',NULL,NULL,'ar',NULL,NULL,NULL,NULL,NULL),(924,681,'بوكس اكرلك للعانية','بوكس اكرلك للعانية',NULL,NULL,'en',NULL,NULL,NULL,NULL,NULL),(925,682,'بوكس اكرلك للعانية','بوكس اكرلك للعانية',NULL,NULL,'ar',NULL,NULL,NULL,NULL,NULL),(926,682,'بوكس اكرلك للعانية','بوكس اكرلك للعانية',NULL,NULL,'en',NULL,NULL,NULL,NULL,NULL),(927,680,'عانية','صندوق اكليراك مع ورد صناعي',NULL,NULL,'ar',NULL,NULL,NULL,NULL,NULL),(928,680,'Aaniya','Acrylic box with artificial flowers',NULL,NULL,'en',NULL,NULL,NULL,NULL,NULL),(929,684,'عانية','صندوق اكليراك مع ورد صناعي',NULL,NULL,'ar',NULL,NULL,NULL,NULL,NULL),(930,684,'Aaniya','Acrylic box with artificial flowers',NULL,NULL,'en',NULL,NULL,NULL,NULL,NULL),(931,685,'عانية','صندوق اكليراك مع ورد صناعي',NULL,NULL,'ar',NULL,NULL,NULL,NULL,NULL),(932,685,'Aaniya','Acrylic box with artificial flowers',NULL,NULL,'en',NULL,NULL,NULL,NULL,NULL),(933,686,'بوكس اكرلك للعانية','بوكس اكرلك للعانية',NULL,NULL,'ar',NULL,NULL,NULL,NULL,NULL),(934,686,'بوكس اكرلك للعانية','بوكس اكرلك للعانية',NULL,NULL,'en',NULL,NULL,NULL,NULL,NULL),(935,687,'عانية','صندوق اكليراك مع ورد صناعي',NULL,NULL,'ar',NULL,NULL,NULL,NULL,NULL),(936,687,'Aaniya','Acrylic box with artificial flowers',NULL,NULL,'en',NULL,NULL,NULL,NULL,NULL),(937,688,'عانية','استاند اكليراك مع ورد صناعي',NULL,NULL,'ar',NULL,NULL,NULL,NULL,NULL),(938,688,'Aaniya','Acrylic stand with artificial flowers',NULL,NULL,'en',NULL,NULL,NULL,NULL,NULL),(939,690,'عانية','استاند اكليراك مع ورد صناعي',NULL,NULL,'ar',NULL,NULL,NULL,NULL,NULL),(940,690,'Aaniya','Acrylic stand with artificial flowers',NULL,NULL,'en',NULL,NULL,NULL,NULL,NULL),(941,689,'بوكس اكرلك للعانية','بوكس اكرلك للعانية',NULL,NULL,'ar',NULL,NULL,NULL,NULL,NULL),(942,689,'بوكس اكرلك للعانية','بوكس اكرلك للعانية',NULL,NULL,'en',NULL,NULL,NULL,NULL,NULL),(943,691,'عانية','سلة اكليراك مع ورد صناعي',NULL,NULL,'ar',NULL,NULL,NULL,NULL,NULL),(944,691,'Aaniya','Acrylic basket with artificial flowers',NULL,NULL,'en',NULL,NULL,NULL,NULL,NULL),(945,693,'عانية','سلة اكليراك مع ورد صناعي',NULL,NULL,'ar',NULL,NULL,NULL,NULL,NULL),(946,693,'Aaniya','Acrylic basket with artificial flowers',NULL,NULL,'en',NULL,NULL,NULL,NULL,NULL),(947,692,'اكرلك مع ورد صناعي','اكرلك مع ورد صناعي',NULL,NULL,'ar',NULL,NULL,NULL,NULL,NULL),(948,692,'اكرلك مع ورد صناعي','اكرلك مع ورد صناعي',NULL,NULL,'en',NULL,NULL,NULL,NULL,NULL),(949,694,'عانية','سلة اكليراك مع ورد صناعي',NULL,NULL,'ar',NULL,NULL,NULL,NULL,NULL),(950,694,'Aaniya','Acrylic basket with artificial flowers',NULL,NULL,'en',NULL,NULL,NULL,NULL,NULL),(951,695,'عانية','سلة اكليراك مع ورد صناعي',NULL,NULL,'ar',NULL,NULL,NULL,NULL,NULL),(952,695,'Aaniya','Acrylic basket with artificial flowers',NULL,NULL,'en',NULL,NULL,NULL,NULL,NULL),(953,696,'اكرلك مع ورد صناعي','اكرلك مع ورد صناعي',NULL,NULL,'ar',NULL,NULL,NULL,NULL,NULL),(954,696,'اكرلك مع ورد صناعي','اكرلك مع ورد صناعي',NULL,NULL,'en',NULL,NULL,NULL,NULL,NULL),(955,697,'عانية','سلة اكليراك مع ورد صناعي',NULL,NULL,'ar',NULL,NULL,NULL,NULL,NULL),(956,697,'Aaniya','Acrylic basket with artificial flowers',NULL,NULL,'en',NULL,NULL,NULL,NULL,NULL),(957,699,'عانية','سلة اكليراك مع ورد صناعي',NULL,NULL,'ar',NULL,NULL,NULL,NULL,NULL),(958,699,'Aaniya','Acrylic basket with artificial flowers',NULL,NULL,'en',NULL,NULL,NULL,NULL,NULL),(959,698,'علبه اكرلك للعانية','علبه اكرلك للعانية',NULL,NULL,'ar',NULL,NULL,NULL,NULL,NULL),(960,698,'علبه اكرلك للعانية','علبه اكرلك للعانية',NULL,NULL,'en',NULL,NULL,NULL,NULL,NULL),(961,700,'عانية','سلة اكليراك مع ورد صناعي',NULL,NULL,'ar',NULL,NULL,NULL,NULL,NULL),(962,700,'Aaniya','Acrylic basket with artificial flowers',NULL,NULL,'en',NULL,NULL,NULL,NULL,NULL),(963,701,'عانية','سلة اكليراك مع ورد صناعي',NULL,NULL,'ar',NULL,NULL,NULL,NULL,NULL),(964,701,'Aaniya','Acrylic basket with artificial flowers',NULL,NULL,'en',NULL,NULL,NULL,NULL,NULL),(965,702,'صنيه تقديم شوكولاته','صنيه مع كاكاو و ورد صناعي عدد 33 حبه',NULL,NULL,'ar',NULL,NULL,NULL,NULL,NULL),(966,702,'Chocolate serving tray','Tray with cocoa and artificial roses, 33 pieces',NULL,NULL,'en',NULL,NULL,NULL,NULL,NULL),(967,703,'صنيه تقديم شوكولاته','صنيه مع كاكاو و ورد صناعي عدد 66 حبه',NULL,NULL,'ar',NULL,NULL,NULL,NULL,NULL),(968,703,'Chocolate serving tray','Tray with cocoa and artificial roses, 66 pieces',NULL,NULL,'en',NULL,NULL,NULL,NULL,NULL),(969,704,'صنيه تقديم شوكولاته','صنيه مع كاكاو و ورد صناعي عدد 53 حبه',NULL,NULL,'ar',NULL,NULL,NULL,NULL,NULL),(970,704,'Chocolate serving tray','Tray with cocoa and artificial roses,53 pieces',NULL,NULL,'en',NULL,NULL,NULL,NULL,NULL),(971,706,'صنيه تقديم شوكولاته','صنيه مع كاكاو و ورد صناعي عدد 52 حبه',NULL,NULL,'ar',NULL,NULL,NULL,NULL,NULL),(972,706,'Chocolate serving tray','Tray with cocoa and artificial roses, 52 pieces',NULL,NULL,'en',NULL,NULL,NULL,NULL,NULL),(973,707,'ماعون  تقديم شوكولاته','فازه مع كاكاو و ورد صناعي عدد 50حبه',NULL,NULL,'ar',NULL,NULL,NULL,NULL,NULL),(974,707,'Chocolate serving Vase','Vase with cocoa and 50 artificial roses',NULL,NULL,'en',NULL,NULL,NULL,NULL,NULL),(975,708,'صنيه تقديم شوكولاته','صنيه مع كاكاو و ورد صناعي عدد 36حبه',NULL,NULL,'ar',NULL,NULL,NULL,NULL,NULL),(976,708,'Chocolate serving tray','Tray with cocoa and artificial roses, 36 pieces',NULL,NULL,'en',NULL,NULL,NULL,NULL,NULL),(977,709,'صنيه تقديم شوكولاته','صنيه مع كاكاو و ورد صناعي عدد 33 حبه',NULL,NULL,'ar',NULL,NULL,NULL,NULL,NULL),(978,709,'Chocolate serving tray','Tray with cocoa and artificial roses, 33 pieces',NULL,NULL,'en',NULL,NULL,NULL,NULL,NULL),(979,710,'صنيه تقديم شوكولاته','صنيه مع كاكاو و ورد صناعي عدد 66 حبه',NULL,NULL,'ar',NULL,NULL,NULL,NULL,NULL),(980,710,'Chocolate serving tray','Tray with cocoa and artificial roses, 66 pieces',NULL,NULL,'en',NULL,NULL,NULL,NULL,NULL),(981,711,'صنيه تقديم شوكولاته','صنيه مع كاكاو و ورد صناعي عدد 53 حبه',NULL,NULL,'ar',NULL,NULL,NULL,NULL,NULL),(982,711,'Chocolate serving tray','Tray with cocoa and artificial roses, 53 pieces',NULL,NULL,'en',NULL,NULL,NULL,NULL,NULL),(983,712,'صنيه تقديم شوكولاته','صنيه مع كاكاو و ورد صناعي عدد 52 حبه',NULL,NULL,'ar',NULL,NULL,NULL,NULL,NULL),(984,712,'Chocolate serving tray','Tray with cocoa and artificial roses, 52 pieces',NULL,NULL,'en',NULL,NULL,NULL,NULL,NULL),(985,713,'ماعون  تقديم شوكولاته','ماعون مع كاكاو و ورد صناعي عدد 50 حبه',NULL,NULL,'ar',NULL,NULL,NULL,NULL,NULL),(986,713,'Chocolate serving Vase','Vase with cocoa and artificial roses, 50 pieces',NULL,NULL,'en',NULL,NULL,NULL,NULL,NULL),(987,714,'صنيه تقديم شوكولاته','صنيه مع كاكاو و ورد صناعي عدد 36 حبه',NULL,NULL,'ar',NULL,NULL,NULL,NULL,NULL),(988,714,'Chocolate serving tray','Tray with cocoa and artificial roses, 36 pieces',NULL,NULL,'en',NULL,NULL,NULL,NULL,NULL),(989,716,'صنيه تقديم شوكولاته','صنية تقديم شكولاته مع ورد صناعي عدد 91 حبه',NULL,NULL,'ar',NULL,NULL,NULL,NULL,NULL),(990,716,'Chocolate serving tray','Chocolate serving tray with artificial roses, 91 pieces',NULL,NULL,'en',NULL,NULL,NULL,NULL,NULL),(991,717,'صنيه تقديم شوكولاته','صنية تقديم شكولاته مع ورد صناعي عدد 37 حبه',NULL,NULL,'ar',NULL,NULL,NULL,NULL,NULL),(992,717,'Chocolate serving tray','Chocolate serving tray with 37 artificial roses',NULL,NULL,'en',NULL,NULL,NULL,NULL,NULL),(993,718,'صنيه تقديم شوكولاته','صنية تقديم شكولاته عدد 37 حبه',NULL,NULL,'ar',NULL,NULL,NULL,NULL,NULL),(994,718,'Chocolate serving tray','Chocolate serving tray, 37 pieces',NULL,NULL,'en',NULL,NULL,NULL,NULL,NULL),(995,720,'توزيعات شوكولاته','صنيه توزيعات شوكولاته فاخره عدد 56 حبه',NULL,NULL,'ar',NULL,NULL,NULL,NULL,NULL),(996,720,'chocolate distributions','Luxury chocolate distribution tray, 56 pieces',NULL,NULL,'en',NULL,NULL,NULL,NULL,NULL),(997,721,'صنيه تقديم شةكولاته','صنيه توزيعات شوكولاته فاخره عدد 56 حبه',NULL,NULL,'ar',NULL,NULL,NULL,NULL,NULL),(998,721,'chocolate distributions','Luxury chocolate distribution tray, 56 pieces.',NULL,NULL,'en',NULL,NULL,NULL,NULL,NULL),(999,722,'توزيعات شوكولاته','صنيه توزيعات شوكولاته فاخره عدد 73 حبه',NULL,NULL,'ar',NULL,NULL,NULL,NULL,NULL),(1000,722,'chocolate distributions','Luxury chocolate distribution tray, 73 pieces',NULL,NULL,'en',NULL,NULL,NULL,NULL,NULL),(1001,723,'صنيه تقديم شوكلاته','صنيه توزيعات شوكولاته فاخره عدد 73حبه',NULL,NULL,'ar',NULL,NULL,NULL,NULL,NULL),(1002,723,'chocolate distributions','Luxury chocolate distribution tray, 73 pieces.',NULL,NULL,'en',NULL,NULL,NULL,NULL,NULL),(1003,724,'توزيعات شوكولاته','صنيه توزيعات شوكولاته فاخره عدد 77حبه',NULL,NULL,'ar',NULL,NULL,NULL,NULL,NULL),(1004,724,'chocolate distributions','Luxury chocolate distribution tray, 77 pieces',NULL,NULL,'en',NULL,NULL,NULL,NULL,NULL),(1005,725,'توزيعات شوكولاته','صنيه توزيعات شوكولاته فاخره عدد 77حبه',NULL,NULL,'ar',NULL,NULL,NULL,NULL,NULL),(1006,725,'chocolate distributions','Luxury chocolate distribution tray, 77 pieces.',NULL,NULL,'en',NULL,NULL,NULL,NULL,NULL),(1007,726,'توزيعات شوكولاته','صنيه توزيعات شوكولاته فاخره عدد 97 حبه',NULL,NULL,'ar',NULL,NULL,NULL,NULL,NULL),(1008,726,'chocolate distributions','Luxury chocolate distribution tray, 97 pieces',NULL,NULL,'en',NULL,NULL,NULL,NULL,NULL),(1009,727,'توزيعات الشوكولاتة','صنيه توزيعات شوكولاته فاخره عدد 97 حبه',NULL,NULL,'ar',NULL,NULL,NULL,NULL,NULL),(1010,727,'chocolate distributions','Luxury chocolate distribution tray, 97 pieces.',NULL,NULL,'en',NULL,NULL,NULL,NULL,NULL),(1011,728,'توزيعات شوكولاته','صنيه توزيعات شوكولاته فاخره عدد 98 حبه',NULL,NULL,'ar',NULL,NULL,NULL,NULL,NULL),(1012,728,'chocolate distributions','Luxury chocolate distribution tray, 98 pieces',NULL,NULL,'en',NULL,NULL,NULL,NULL,NULL),(1013,729,'توزيعات الشوكولاتة','صنيه توزيعات شوكولاته فاخره عدد 98 حبه',NULL,NULL,'ar',NULL,NULL,NULL,NULL,NULL),(1014,729,'chocolate distributions','Luxury chocolate distribution tray, 98 pieces.',NULL,NULL,'en',NULL,NULL,NULL,NULL,NULL),(1015,730,'توزيعات شوكولاته','صنيه توزيعات شوكولاته فاخره عدد 68 حبه',NULL,NULL,'ar',NULL,NULL,NULL,NULL,NULL),(1016,730,'chocolate distributions','Luxury chocolate distribution tray, 68 pieces',NULL,NULL,'en',NULL,NULL,NULL,NULL,NULL),(1017,731,'توزيعات شوكولاته','صنيه توزيعات شوكولاته فاخره عدد 74حبه',NULL,NULL,'ar',NULL,NULL,NULL,NULL,NULL),(1018,731,'chocolate distributions','Luxury chocolate distribution tray, 74 pieces',NULL,NULL,'en',NULL,NULL,NULL,NULL,NULL),(1019,732,'توزيعات الشوكولاتة','صنيه توزيعات شوكولاته فاخره عدد 68 حبه',NULL,NULL,'ar',NULL,NULL,NULL,NULL,NULL),(1020,732,'chocolate distributions','Luxury chocolate distribution tray, 68 pieces.',NULL,NULL,'en',NULL,NULL,NULL,NULL,NULL),(1021,733,'توزيعات الشوكولاتة','صنيه توزيعات شوكولاته فاخره عدد 74حبه',NULL,NULL,'ar',NULL,NULL,NULL,NULL,NULL),(1022,733,'chocolate distributions','Luxury chocolate distribution tray, 74 pieces.',NULL,NULL,'en',NULL,NULL,NULL,NULL,NULL),(1023,735,'توزيعات شيكولاته','صنيه تقديم شيكولاته عدد 40 حبه',NULL,NULL,'ar',NULL,NULL,NULL,NULL,NULL),(1024,735,'Chocolate serving tray','Chocolate serving tray, 40 pieces',NULL,NULL,'en',NULL,NULL,NULL,NULL,NULL),(1025,736,'صنيه تقديم شوكولاته','صنيه تقديم شيكولاته عدد 52حبه',NULL,NULL,'ar',NULL,NULL,NULL,NULL,NULL),(1026,736,'Chocolate serving tray','Chocolate serving tray, 52 pieces',NULL,NULL,'en',NULL,NULL,NULL,NULL,NULL),(1027,737,'صنيه تقديم شوكولاته','صنيه تقديم شيكولاته عدد 96 حبه',NULL,NULL,'ar',NULL,NULL,NULL,NULL,NULL),(1028,737,'Chocolate serving tray','Chocolate serving tray, 96 pieces',NULL,NULL,'en',NULL,NULL,NULL,NULL,NULL),(1029,739,'ماعون  تقديم شوكولاته','ماعون تقديم من الشكولاته الفاخره عدد  42 حبه',NULL,NULL,'ar',NULL,NULL,NULL,NULL,NULL),(1030,739,'Chocolate serving Vase','42 pieces of luxury chocolate serving tray',NULL,NULL,'en',NULL,NULL,NULL,NULL,NULL),(1031,740,'صنيه تقديم شوكولاته','ماعون تقديم من الشكولاته الفاخره عدد  32 حبه',NULL,NULL,'ar',NULL,NULL,NULL,NULL,NULL),(1032,740,'Chocolate serving Vase','32 pieces of luxury chocolate serving tray',NULL,NULL,'en',NULL,NULL,NULL,NULL,NULL),(1033,741,'سله تقديم شوكولاته','سله تقديم شوكولاته عدد 66 حبه',NULL,NULL,'ar',NULL,NULL,NULL,NULL,NULL),(1034,741,'chocolate serving basket','66-piece chocolate serving basket',NULL,NULL,'en',NULL,NULL,NULL,NULL,NULL),(1035,743,'سله تقديم شوكولاته','سله تقديم شوكولاته عدد 58 حبه',NULL,NULL,'ar',NULL,NULL,NULL,NULL,NULL),(1036,743,'chocolate serving basket','58-piece chocolate serving basket',NULL,NULL,'en',NULL,NULL,NULL,NULL,NULL),(1037,744,'سله تقديم شوكولاته','سله تقديم شوكولاته عدد 48 حبه',NULL,NULL,'ar',NULL,NULL,NULL,NULL,NULL),(1038,744,'chocolate serving basket','48-piece chocolate serving basket',NULL,NULL,'en',NULL,NULL,NULL,NULL,NULL),(1039,745,'سله تقديم شوكولاته','سله تقديم شوكولاته عدد 42 حبه',NULL,NULL,'ar',NULL,NULL,NULL,NULL,NULL),(1040,745,'chocolate serving basket','42-piece chocolate serving basket',NULL,NULL,'en',NULL,NULL,NULL,NULL,NULL),(1041,746,'سله تقديم شوكولاته','سله تقديم شوكولاته عدد 42 حبه',NULL,NULL,'ar',NULL,NULL,NULL,NULL,NULL),(1042,746,'chocolate serving basket','42-piece chocolate serving basket',NULL,NULL,'en',NULL,NULL,NULL,NULL,NULL),(1043,747,'سله تقديم شوكولاته','سله تقديم شوكولاته عدد 66 حبه',NULL,NULL,'ar',NULL,NULL,NULL,NULL,NULL),(1044,747,'chocolate serving basket','66-piece chocolate serving basket',NULL,NULL,'en',NULL,NULL,NULL,NULL,NULL),(1045,748,'سله تقديم شوكولاته','سله تقديم شوكولاته عدد 58 حبه',NULL,NULL,'ar',NULL,NULL,NULL,NULL,NULL),(1046,748,'chocolate serving basket','58-piece chocolate serving basket',NULL,NULL,'en',NULL,NULL,NULL,NULL,NULL),(1047,749,'سله تقديم شوكولاته','سله تقديم شوكولاته عدد 48 حبه',NULL,NULL,'ar',NULL,NULL,NULL,NULL,NULL),(1048,749,'chocolate serving basket','48-piece chocolate serving basket',NULL,NULL,'en',NULL,NULL,NULL,NULL,NULL),(1049,750,'سله تقديم شوكولاته','سله تقديم شوكولاته عدد 42 حبه',NULL,NULL,'ar',NULL,NULL,NULL,NULL,NULL),(1050,750,'chocolate serving basket','42-piece chocolate serving basket',NULL,NULL,'en',NULL,NULL,NULL,NULL,NULL),(1051,751,'سله تقديم شوكولاته','سله تقديم شوكولاته عدد 42 حبه',NULL,NULL,'ar',NULL,NULL,NULL,NULL,NULL),(1052,751,'chocolate serving basket','42-piece chocolate serving basket',NULL,NULL,'en',NULL,NULL,NULL,NULL,NULL),(1053,752,'ماعون تقديم شوكولاته','ماعون تقديم شوكولاته عدد 42 حبه',NULL,NULL,'ar',NULL,NULL,NULL,NULL,NULL),(1054,752,'chocolate serving vase','42-piece chocolate presentation vase',NULL,NULL,'en',NULL,NULL,NULL,NULL,NULL),(1055,753,'ماعون تقديم شوكولاته','فازه تقديم شوكولاته عدد 32حبه',NULL,NULL,'ar',NULL,NULL,NULL,NULL,NULL),(1056,753,'chocolate serving vase','32-piece chocolate presentation vase',NULL,NULL,'en',NULL,NULL,NULL,NULL,NULL),(1057,755,'مغلف شوكولا مناسبات عامه','مغلف شوكولا مناسبات عامه عدد 42 حبه شوكولا',NULL,NULL,'ar',NULL,NULL,NULL,NULL,NULL),(1058,755,'مغلف شوكولا مناسبات عامه','مغلف شوكولا مناسبات عامه عدد 42 حبه شوكولا',NULL,NULL,'en',NULL,NULL,NULL,NULL,NULL),(1059,756,'مغلف شوكولا مناسبات عامه','مغلف شوكولا مناسبات عامه عدد 32 حبه شوكولا',NULL,NULL,'ar',NULL,NULL,NULL,NULL,NULL),(1060,756,'مغلف شوكولا مناسبات عامه','مغلف شوكولا مناسبات عامه عدد 32 حبه شوكولا',NULL,NULL,'en',NULL,NULL,NULL,NULL,NULL),(1061,757,'مغلف شوكولا مواليد بناتي','مغلف شوكولا مواليد بناتي 66 حبه',NULL,NULL,'ar',NULL,NULL,NULL,NULL,NULL),(1062,757,'مغلف شوكولا مواليد بناتي','مغلف شوكولا مواليد بناتي 66 حبه',NULL,NULL,'en',NULL,NULL,NULL,NULL,NULL),(1063,758,'مغلف شوكولا مواليد بناتي','مغلف شوكولا مواليد بناتي عدد 58 حبه',NULL,NULL,'ar',NULL,NULL,NULL,NULL,NULL),(1064,758,'مغلف شوكولا مواليد بناتي','مغلف شوكولا مواليد بناتي عدد 58 حبه',NULL,NULL,'en',NULL,NULL,NULL,NULL,NULL),(1065,759,'مغلف شوكولا مواليد بناتي','مغلف شوكولا مواليد بناتي عدد 48 حبه',NULL,NULL,'ar',NULL,NULL,NULL,NULL,NULL),(1066,759,'مغلف شوكولا مواليد بناتي','مغلف شوكولا مواليد بناتي عدد 48 حبه',NULL,NULL,'en',NULL,NULL,NULL,NULL,NULL),(1067,760,'مغلف شوكولا مواليد بناتي','مغلف شوكولا مواليد بناتي 42 حبه',NULL,NULL,'ar',NULL,NULL,NULL,NULL,NULL),(1068,760,'مغلف شوكولا مواليد بناتي','مغلف شوكولا مواليد بناتي 42 حبه',NULL,NULL,'en',NULL,NULL,NULL,NULL,NULL),(1069,762,'مغلف شوكولا مواليد بناتي','مغلف شوكولا مواليد بناتي عدد 42 حبه',NULL,NULL,'ar',NULL,NULL,NULL,NULL,NULL),(1070,762,'مغلف شوكولا مواليد بناتي','مغلف شوكولا مواليد بناتي عدد 42 حبه',NULL,NULL,'en',NULL,NULL,NULL,NULL,NULL),(1071,765,'مغلف شيكولاته','ماعون شكولاته مع ورد صناعي',NULL,NULL,'ar',NULL,NULL,NULL,NULL,NULL),(1072,765,'chocolate vase','Chocolate bowl with artificial roses',NULL,NULL,'en',NULL,NULL,NULL,NULL,NULL),(1073,766,'Aaniya','Aaniya',NULL,NULL,'ar',NULL,NULL,NULL,NULL,NULL),(1074,766,'ACRYLIC BASKET WITH ARTIFICAL FLOWES','ACRYLIC BASKET WITH ARTIFICAL FLOWES',NULL,NULL,'en',NULL,NULL,NULL,NULL,NULL),(1075,767,'Aaniya','Aaniya',NULL,NULL,'ar',NULL,NULL,NULL,NULL,NULL),(1076,767,'ACRYLIC BASKET WITH ARTIFICAL FLOWES','ACRYLIC BASKET WITH ARTIFICAL FLOWES',NULL,NULL,'en',NULL,NULL,NULL,NULL,NULL),(1077,768,'Aaniya','Aaniya',NULL,NULL,'ar',NULL,NULL,NULL,NULL,NULL),(1078,768,'Acrylic box WITH ARTIFICAL FLOWES','Acrylic box WITH ARTIFICAL FLOWES',NULL,NULL,'en',NULL,NULL,NULL,NULL,NULL),(1079,769,'Aaniya','Aaniya',NULL,NULL,'ar',NULL,NULL,NULL,NULL,NULL),(1080,769,'ACRYLIC BASKET WITH ARTIFICAL FLOWES','ACRYLIC BASKET WITH ARTIFICIAL FLOWES',NULL,NULL,'en',NULL,NULL,NULL,NULL,NULL),(1081,770,'Aaniya','Aaniya',NULL,NULL,'ar',NULL,NULL,NULL,NULL,NULL),(1082,770,'Acrylic stand with artificial flower','Acrylic stand with artificial flower',NULL,NULL,'en',NULL,NULL,NULL,NULL,NULL),(1083,771,'مغلف شوكولا','مغلف شوكولا',NULL,NULL,'ar',NULL,NULL,NULL,NULL,NULL),(1084,771,'OCCASION GIFT WITH 46 Pieces of luxury chocolate','OCCASION GIFT WITH 46 Pieces of luxury chocolate',NULL,NULL,'en',NULL,NULL,NULL,NULL,NULL),(1085,772,'مغلف شوكولا','مغلف شوكولا',NULL,NULL,'ar',NULL,NULL,NULL,NULL,NULL),(1086,772,'OCCASION GIFT WITH 27 Pieces of luxury chocolate','OCCASION GIFT WITH 27 Pieces of luxury chocolate',NULL,NULL,'en',NULL,NULL,NULL,NULL,NULL),(1087,773,'مغلف شوكولا','مغلف شوكولا',NULL,NULL,'ar',NULL,NULL,NULL,NULL,NULL),(1088,773,'OCCASION GIFT WITH 50 Pieces of luxury chocolate','OCCASION GIFT WITH 50 Pieces of luxury chocolate',NULL,NULL,'en',NULL,NULL,NULL,NULL,NULL),(1089,774,'مغلف شوكولا','مغلف شوكولا',NULL,NULL,'ar',NULL,NULL,NULL,NULL,NULL),(1090,774,'OCCASION GIFT WITH 61 Pieces of luxury chocolate','OCCASION GIFT WITH 61 Pieces of luxury chocolate',NULL,NULL,'en',NULL,NULL,NULL,NULL,NULL),(1091,775,'مغلف شوكولا','مغلف شوكولا',NULL,NULL,'ar',NULL,NULL,NULL,NULL,NULL),(1092,775,'OCCASION GIFT WITH 54 Pieces of luxury chocolate','OCCASION GIFT WITH 54 Pieces of luxury chocolate',NULL,NULL,'en',NULL,NULL,NULL,NULL,NULL),(1093,776,'مغلف شوكولا','مغلف شوكولا',NULL,NULL,'ar',NULL,NULL,NULL,NULL,NULL),(1094,776,'tray with cococa and artificaial roses,33 pieces','tray with cococa and artificaial roses,33 pieces',NULL,NULL,'en',NULL,NULL,NULL,NULL,NULL),(1095,779,'توزيعات شيكولاته','بوكس توزيعات من الشكولاته الفاخره 22 حبه',NULL,NULL,'ar',NULL,NULL,NULL,NULL,NULL),(1096,779,'chocolate distributions','Luxury chocolate distribution box, 22 pieces',NULL,NULL,'en',NULL,NULL,NULL,NULL,NULL),(1097,780,'توزيعات شيكولاته','بوكس توزيعات من الشكولاته الفاخره 35 حبه',NULL,NULL,'ar',NULL,NULL,NULL,NULL,NULL),(1098,780,'chocolate distributions','Luxury chocolate distribution box, 35 pieces',NULL,NULL,'en',NULL,NULL,NULL,NULL,NULL),(1099,781,'توزيعات شيكولاته','بوكس توزيعات من الشكولاته الفاخره 36 حبه',NULL,NULL,'ar',NULL,NULL,NULL,NULL,NULL),(1100,781,'chocolate distributions','Luxury chocolate distribution box, 36 pieces',NULL,NULL,'en',NULL,NULL,NULL,NULL,NULL),(1101,782,'توزيعات شيكولاته','بوكس توزيعات من الشكولاته الفاخره 46 حبه',NULL,NULL,'ar',NULL,NULL,NULL,NULL,NULL),(1102,782,'chocolate distributions','Luxury chocolate distribution box, 46 pieces',NULL,NULL,'en',NULL,NULL,NULL,NULL,NULL),(1103,783,'توزيعات شيكولاته','بوكس توزيعات من الشكولاته الفاخره 50 حبه',NULL,NULL,'ar',NULL,NULL,NULL,NULL,NULL),(1104,783,'chocolate distributions','Luxury chocolate distribution box, 50 pieces',NULL,NULL,'en',NULL,NULL,NULL,NULL,NULL),(1105,784,'توزيعات شيكولاته','بوكس توزيعات من الشكولاته الفاخره 55 حبه',NULL,NULL,'ar',NULL,NULL,NULL,NULL,NULL),(1106,784,'chocolate distributions','Luxury chocolate distribution box, 55 pieces',NULL,NULL,'en',NULL,NULL,NULL,NULL,NULL),(1107,785,'توزيعات شيكولاته','بوكس توزيعات من الشكولاته الفاخره 80 حبه',NULL,NULL,'ar',NULL,NULL,NULL,NULL,NULL),(1108,785,'chocolate distributions','Luxury chocolate distribution box, 80 pieces',NULL,NULL,'en',NULL,NULL,NULL,NULL,NULL),(1109,786,'مغلف شوكولا مواليد ولادي','مغلف شوكولا مواليد ولادي عدد22 حبه',NULL,NULL,'ar',NULL,NULL,NULL,NULL,NULL),(1110,786,'مغلف شوكولا مواليد ولادي','مغلف شوكولا مواليد ولادي عدد22 حبه',NULL,NULL,'en',NULL,NULL,NULL,NULL,NULL),(1111,787,'مغلف شوكولا مواليد ولادي','مغلف شوكولا مواليد ولادي عدد 35 حبه',NULL,NULL,'ar',NULL,NULL,NULL,NULL,NULL),(1112,787,'مغلف شوكولا مواليد ولادي','مغلف شوكولا مواليد ولادي عدد 35 حبه',NULL,NULL,'en',NULL,NULL,NULL,NULL,NULL),(1113,788,'مغلف شوكولا مواليد ولادي','مغلف شوكولا مواليد ولادي عدد 36 حبه',NULL,NULL,'ar',NULL,NULL,NULL,NULL,NULL),(1114,788,'مغلف شوكولا مواليد ولادي','مغلف شوكولا مواليد ولادي عدد 36 حبه',NULL,NULL,'en',NULL,NULL,NULL,NULL,NULL),(1115,789,'مغلف شوكولا مواليد ولادي','مغلف شوكولا مواليد ولادي عدد 46 حبه',NULL,NULL,'ar',NULL,NULL,NULL,NULL,NULL),(1116,789,'مغلف شوكولا مواليد ولادي','مغلف شوكولا مواليد ولادي عدد 46 حبه',NULL,NULL,'en',NULL,NULL,NULL,NULL,NULL),(1117,790,'مغلف شوكولا مواليد ولادي','مغلف شوكولا مواليد ولادي عدد 50 حبه',NULL,NULL,'ar',NULL,NULL,NULL,NULL,NULL),(1118,790,'مغلف شوكولا مواليد ولادي','مغلف شوكولا مواليد ولادي عدد 50 حبه',NULL,NULL,'en',NULL,NULL,NULL,NULL,NULL),(1119,791,'مغلف شوكولا مواليد ولادي','مغلف شوكولا مواليد ولادي عدد 55 حبه',NULL,NULL,'ar',NULL,NULL,NULL,NULL,NULL),(1120,791,'مغلف شوكولا مواليد ولادي','مغلف شوكولا مواليد ولادي عدد 55 حبه',NULL,NULL,'en',NULL,NULL,NULL,NULL,NULL),(1121,792,'مغلف شوكولا مواليد ولادي','مغلف شوكولا مواليد ولادي عدد 80 حبه',NULL,NULL,'ar',NULL,NULL,NULL,NULL,NULL),(1122,792,'مغلف شوكولا مواليد ولادي','مغلف شوكولا مواليد ولادي عدد 80 حبه',NULL,NULL,'en',NULL,NULL,NULL,NULL,NULL),(1123,795,'هدية مواليد بيبي بوي','هدية مواليد بيبي بوي',NULL,NULL,'ar',NULL,NULL,NULL,'اكتب ملاحظتك هنا','اكتب رسالة اهداء'),(1124,795,'هدية مواليد بيبي بوي','هدية مواليد بيبي بوي',NULL,NULL,'en',NULL,NULL,NULL,'اكتب ملاحظتك هنا','اكتب رسالة اهداء'),(1125,796,'هدية مواليد شوكولاته فاخرة','هدية مواليد شوكولاته فاخرة',NULL,NULL,'ar',NULL,NULL,NULL,'اكتب ملاحظتك هنا','اكتب رسالة اهداء'),(1126,796,'هدية مواليد شوكولاته فاخرة','هدية مواليد شوكولاته فاخرة',NULL,NULL,'en',NULL,NULL,NULL,'اكتب ملاحظتك هنا','اكتب رسالة اهداء'),(1127,797,'هدية مواليد شوكولاته فاخرة','هدية مواليد شوكولاته فاخرة',NULL,NULL,'ar',NULL,NULL,NULL,'اكتب ملاحظتك هنا','اكتب رسالة اهداء'),(1128,797,'هدية مواليد شوكولاته فاخرة','هدية مواليد شوكولاته فاخرة',NULL,NULL,'en',NULL,NULL,NULL,'اكتب ملاحظتك هنا','اكتب رسالة اهداء'),(1129,798,'هدية مواليد شوكولاته فاخرة','هدية مواليد شوكولاته فاخرة',NULL,NULL,'ar',NULL,NULL,NULL,'اكتب ملاحظتك هنا','اكتب رسالة اهداء'),(1130,798,'هدية مواليد شوكولاته فاخرة','هدية مواليد شوكولاته فاخرة',NULL,NULL,'en',NULL,NULL,NULL,'اكتب ملاحظتك هنا','اكتب رسالة اهداء'),(1131,799,'استاند عروسة','استاند عروسة تصميم يدوي',NULL,NULL,'ar',NULL,NULL,NULL,'اكتب ملاحظتك هنا','اكتب تفاصيل اللوحة'),(1132,799,'استاند عروسة','استاند عروسة تصميم يدوي',NULL,NULL,'en',NULL,NULL,NULL,'اكتب ملاحظتك هنا','اكتب تفاصيل اللوحة'),(1133,802,'علبة بيتفور مقرمش','بحشوة البرالين',NULL,NULL,'ar',NULL,NULL,NULL,'اكتب ملاحظتك هنا','اكتب ملاحظتك هنا'),(1134,802,'علبة بيتفور مقرمش','بحشوة البرالين',NULL,NULL,'en',NULL,NULL,NULL,'اكتب ملاحظتك هنا','اكتب ملاحظتك هنا'),(1135,805,'ماعون بيتيفور مقرمش فريش','بنكهة البرالين',NULL,NULL,'ar',NULL,NULL,NULL,'اكتب ملاحظتك هنا','اكتب ملاحظتك هنا'),(1136,805,'ماعون بيتيفور مقرمش فريش','بنكهة البرالين',NULL,NULL,'en',NULL,NULL,NULL,'اكتب ملاحظتك هنا',NULL),(1137,813,'استاند عروس هدية مميزة','صنع يدوي',NULL,NULL,'ar',NULL,NULL,NULL,'اكتب ملاحظتك هنا','اكتب ملاحظتك هنا'),(1138,813,'استاند عروس هدية مميزة','صنع يدوي',NULL,NULL,'en',NULL,NULL,NULL,NULL,NULL),(1139,814,'استاند عروسة هدية مميزة','صنع يدوي',NULL,NULL,'ar',NULL,NULL,NULL,'اكتب ملاحظتك هنا','اكتب ملاحظتك هنا'),(1140,814,'استاند عروسة هدية مميزة','صنع يدوي',NULL,NULL,'en',NULL,NULL,NULL,'اكتب ملاحظتك هنا',NULL),(1141,815,'استاند عروسة','صنع يدوي',NULL,NULL,'ar',NULL,NULL,NULL,'اكتب ملاحظتك هنا','اكتب ملاحظتك هنا'),(1142,815,'استاند عروسة','شغل يدوي',NULL,NULL,'en',NULL,NULL,NULL,'اكتب ملاحظتك هنا',NULL),(1143,816,'استاند عروسة','شغل يدوي',NULL,NULL,'ar',NULL,NULL,NULL,'اكتب ملاحظتك هنا','اكتب ملاحظتك هنا'),(1144,816,'استاند عروسة','شغل يدوي',NULL,NULL,'en',NULL,NULL,NULL,'اكتب ملاحظتك هنا',NULL),(1145,817,'استاند عروس هدية مميزة','تنسيق يدوي',NULL,NULL,'ar',NULL,NULL,NULL,'اكتب ملاحظتك هنا','اكتب ملاحظتك هنا'),(1146,818,'استاند عروسة','تنسيق يدوي',NULL,NULL,'ar',NULL,NULL,NULL,'اكتب ملاحظتك هنا','اكتب ملاحظتك هنا'),(1147,818,'استاند عروسة','تنسيق يدوي',NULL,NULL,'en',NULL,NULL,NULL,'اكتب ملاحظتك هنا',NULL),(1148,819,'استاند محجبة هدية مميزة','استاند محجبة فخم',NULL,NULL,'ar',NULL,NULL,NULL,'اكتب ملاحظتك هنا',NULL),(1149,820,'استاند عروسة فاخر','شغل يدوي كافة التفاصيل حسب طلبكم',NULL,NULL,'ar',NULL,NULL,NULL,'اكتب ملاحظتك هنا',NULL),(1150,820,'استاند عروسة فاخر','شغل يدوي كافة التفاصيل حسب طلبكم',NULL,NULL,'en',NULL,NULL,NULL,'اكتب ملاحظتك هنا',NULL),(1151,821,'استاند عروسة','شغل يدوي كافة التفاصيل حسب طلبكم',NULL,NULL,'ar',NULL,NULL,NULL,'اكتب ملاحظتك هنا','اكتب ملاحظتك هنا'),(1152,821,'استاند عروسة','شغل يدوي كافة التفاصيل حسب طلبكم',NULL,NULL,'en',NULL,NULL,NULL,NULL,NULL),(1153,822,'توزيعات عقيلي 10 حبات  مع كتابة الاسم','عشر حبات من توزيعات عقيلي مع كتابة الاسم',NULL,NULL,'ar',NULL,NULL,NULL,'اكتب اسم الشخص او المناسبة','اكتب اسم الشخص او المناسبة'),(1154,823,'صينية 12 قطعة عقيلي بالهيل والزعفران','صينية 12 قطعة عقيلي بالهيل والزعفران',NULL,NULL,'ar',NULL,NULL,NULL,'اكتب ملاحظتك هنا','اكتب ملاحظتك هنا'),(1155,823,'صينية 12 قطعة عقيلي بالهيل والزعفران','صينية 12 قطعة عقيلي بالهيل والزعفران',NULL,NULL,'en',NULL,NULL,NULL,'اكتب ملاحظتك هنا','اكتب ملاحظتك هنا'),(1156,824,'سلة عقيلي فاخر بالزعفران والهيل 4 قطع','سلة عقيلي فاخر بالزعفران والهيل 4 قطع',NULL,NULL,'ar',NULL,NULL,NULL,'اكتب ملاحظتك هنا','اكتب ملاحظتك هنا'),(1157,825,'صينية عقيلي فاخرة 20 قطعة عقيلي','صينية عقيلي فاخرةً 20 قطعة عقيلي',NULL,NULL,'ar',NULL,NULL,NULL,'اكتب ملاحظتك هنا','اكتب ملاحظتك هنا'),(1158,825,'صينية عقيلي فاخرةً 20 قطعة عقيلي','صينية عقيلي فاخرةً 20 قطعة عقيلي',NULL,NULL,'en',NULL,NULL,NULL,NULL,NULL),(1159,826,'سلة عقيلي فاخرة بالزعفران والهيل 6 قطع','سلة عقيلي فاخرة بالزعفران والهيل 6 قطع',NULL,NULL,'ar',NULL,NULL,NULL,'اكتب ملاحظتك هنا','اكتب ملاحظتك هنا'),(1160,826,'سلة عقيلي فاخرة بالزعفران والهيل 6 قطع','سلة عقيلي فاخرة بالزعفران والهيل 6 قطع',NULL,NULL,'en',NULL,NULL,NULL,NULL,NULL),(1161,824,'سلة عقيلي فاخر بالزعفران والهيل 4 قطع','سلة عقيلي فاخر بالزعفران والهيل 4 قطع',NULL,NULL,'en',NULL,NULL,NULL,'اكتب ملاحظتك هنا','اكتب ملاحظتك هنا'),(1162,822,'توزيعات عقيلي 10 حبات  مع كتابة الاسم','عشر حبات من توزيعات عقيلي مع كتابة الاسم',NULL,NULL,'en',NULL,NULL,NULL,'اكتب اسم الشخص او المناسبة','اكتب اسم الشخص او المناسبة'),(1163,827,'فازا مع شوكولا','فازا مع  30 حبه شوكولا',NULL,NULL,'ar',NULL,NULL,NULL,NULL,NULL),(1164,827,'فازا مع شوكولا','فازا مع  30 حبه شوكولا',NULL,NULL,'en',NULL,NULL,NULL,NULL,NULL),(1165,828,'فازا مع شوكولا','فازا مع شوكولا عدد 43 حبه',NULL,NULL,'ar',NULL,NULL,NULL,'اكتب ملاحظتك هنا',NULL),(1166,828,'فازا مع شوكولا','فازا مع شوكولا عدد 43 حبه',NULL,NULL,'en',NULL,NULL,NULL,'اكتب ملاحظتك هنا',NULL),(1167,829,'فازا مع شوكولا','فازا مع شوكولا عدد 28 حبه',NULL,NULL,'ar',NULL,NULL,NULL,NULL,NULL),(1168,829,'فازا مع شوكولا','فازا مع شوكولا عدد 28 حبه',NULL,NULL,'en',NULL,NULL,NULL,NULL,NULL),(1169,830,'فازا مع شوكولا','فازا مع شوكولا عدد 20 حبه',NULL,NULL,'ar',NULL,NULL,NULL,NULL,NULL),(1170,830,'فازا مع شوكولا عدد 28 حبه','فازا مع شوكولا عدد 20 حبه',NULL,NULL,'en',NULL,NULL,NULL,NULL,NULL),(1171,832,'تنسيق شوكلاته فاخر','30 حبة شوكولاته بحشوات مختلفة',NULL,NULL,'ar',NULL,NULL,NULL,'اكتب ملاحظتك هنا',NULL),(1172,832,'تنسيق شولاته فاخر','30 حبة شوكولاته بحشوات مختلفة',NULL,NULL,'en',NULL,NULL,NULL,'اكتب ملاحظتك هنا','اكتب ملاحظتك هنا'),(1173,833,'تنسق كاكاو فاخر','يحتوي على 43 حبة شوكولاته بحشوات مختلفة',NULL,NULL,'ar',NULL,NULL,NULL,NULL,NULL),(1174,833,'تنسق كاكاو فاخر','يحتوي على 43 حبة شوكولاته بحشوات مختلفة',NULL,NULL,'en',NULL,NULL,NULL,'اكتب ملاحظتك هنا','اكتب رسالة اهداء'),(1175,835,'تنسيق كاكاو فاخر','يحتوي على 20 حبة شوكولاته بحشوات مختلفة',NULL,NULL,'ar',NULL,NULL,NULL,'اكتب ملاحظتك هنا','اكتب رسالة اهداء'),(1176,835,'تنسيق كاكاو فاخر','يحتوي على 20 حبة شوكولاته بحشوات مختلفة',NULL,NULL,'en',NULL,NULL,NULL,'اكتب ملاحظتك هنا','اكتب رسالة اهداء'),(1177,836,'ماعون شوكولاته فاخر','يحتوي على 28 حبة شوكولاته بحشوات مختلفة',NULL,NULL,'ar',NULL,NULL,NULL,'اكتب ملاحظتك هنا','اكتب رسالة اهداء'),(1178,836,'ماعون شوكولاته فاخر','يحتوي على 28 حبة شوكولاته بحشوات مختلفة',NULL,NULL,'en',NULL,NULL,NULL,'اكتب ملاحظتك هنا','اكتب رسالة اهداء'),(1179,837,'ماعون شوكولا فاخر','يحتوي علي 28 حبه شوكولاته بحشوات مختلفه',NULL,NULL,'ar',NULL,NULL,NULL,NULL,NULL),(1180,837,'ماعون شوكولا فاخر','يحتوي علي 28 حبه شوكولاته بحشوات مختلفه',NULL,NULL,'en',NULL,NULL,NULL,NULL,NULL),(1181,838,'ماعون شوكولاته فاخر','يحتوي علي 28 حبه شوكولاته بحشوات مختلفه',NULL,NULL,'ar',NULL,NULL,NULL,NULL,NULL),(1182,838,'ماعون شوكولاته فاخر','يحتوي علي 28 حبه شوكولاته بحشوات مختلفه',NULL,NULL,'en',NULL,NULL,NULL,NULL,NULL),(1183,842,'ماعون بيتفور مقرمش فريش','بنكهة البرالين',NULL,NULL,'ar',NULL,NULL,NULL,NULL,NULL),(1184,842,'ماعون بيتفور مقرمش فريش','بنكهة البرالين',NULL,NULL,'en',NULL,NULL,NULL,NULL,NULL),(1185,845,'كيس توزيعات زفاف','كيس توزيعات زفاف  تنسيق يدوي',NULL,NULL,'ar',NULL,NULL,NULL,'اكتب ملاحظتك هنا',NULL),(1186,845,'كيس توزيعات زفاف','كيس توزيعات زفاف  تنسيق يدوي',NULL,NULL,'en',NULL,NULL,NULL,'اكتب ملاحظتك هنا',NULL),(1187,846,'توزيعة زفاف فاخرة','توزيعة زفاف مشغولة بطريقة يديوية بدون الملبس',NULL,NULL,'ar',NULL,NULL,NULL,'اكتب اسماء الاشخاص او المناسبة واضف ملاحظاتك',NULL),(1188,846,'توزيعة زفاف فاخرة','توزيعة زفاف مشغولة بطريقة يديوية بدون الملبس',NULL,NULL,'en',NULL,NULL,NULL,'اكتب اسماء الاشخاص او المناسبة واضف ملاحظاتك',NULL),(1189,847,'كيلو شوكولاته ليوم المعلم','ميكس كيلو شوكولاته ليوم المعلم',NULL,NULL,'ar',NULL,NULL,NULL,'اكتب ملاحظتك هنا',NULL),(1190,847,'كيلو شوكولاته ليوم المعلم','ميكس كيلو شوكولاته ليوم المعلم',NULL,NULL,'en',NULL,NULL,NULL,NULL,NULL),(1191,848,'صينية بيتفور فريش','صينية بيتفور فريش الكتابة حسب الطلب',NULL,NULL,'ar',NULL,NULL,NULL,'ادخل الاسم الذي تريده على البيتفور واكتب ملاحظتك هنا','ادخل الاسم الذي تريده على البيتفور واكتب ملاحظتك هنا'),(1192,848,'صينية بيتفور فريش','صينية بيتفور فريش الكتابة حسب الطلب',NULL,NULL,'en',NULL,NULL,NULL,'ادخل الاسم الذي تريده على البيتفور واكتب ملاحظتك هنا','ادخل الاسم الذي تريده على البيتفور واكتب ملاحظتك هنا'),(1193,849,'توزيعة يوم المعلم شوكولاته مع ورد صناعي','توزيعة يوم المعلم شوكولاته مع ورد صناعي',NULL,NULL,'ar',NULL,NULL,NULL,'اكتب ملاحظتك هنا',NULL),(1194,849,'توزيعة يوم المعلم شوكولاته مع ورد صناعي','توزيعة يوم المعلم شوكولاته مع ورد صناعي',NULL,NULL,'en',NULL,NULL,NULL,'اكتب ملاحظتك هنا',NULL),(1195,850,'توزيعات شوكولاته و ورد صناعي','توزيعات شوكولاته و ورد صناعي',NULL,NULL,'ar',NULL,NULL,NULL,'اكتب ملاحظتك هنا','اكتب ملاحظتك هنا'),(1196,850,'توزيعات شوكولاته و ورد صناعي','توزيعات شوكولاته و ورد صناعي',NULL,NULL,'en',NULL,NULL,NULL,'اكتب ملاحظتك هنا','اكتب ملاحظتك هنا'),(1197,851,'بوكيه الحرف','الحرف حسب الطلب',NULL,NULL,'ar',NULL,NULL,NULL,'اكتب ملاحظتك هنا',NULL),(1198,851,'بوكيه الحرف','الحرف حسب الطلب',NULL,NULL,'en',NULL,NULL,NULL,'اكتب ملاحظتك هنا','اكتب رسالة اهداء'),(1199,853,'توزيعة ورد','الكتابة حسب الطلب',NULL,NULL,'ar',NULL,NULL,NULL,'اكتب الاسم ولون الورد واضف ملاحظتك هنا','اكتب الاسم ولون الورد واضف ملاحظتك هنا'),(1200,853,'توزيعة ورد','الكتابة حسب اطلب',NULL,NULL,'en',NULL,NULL,NULL,NULL,NULL),(1201,854,'بوكيه غلا','بوكس  وردي\r\nيحتوي على بوكيه بيبي روز\r\nلون الورد من اخياركم',NULL,NULL,'ar',NULL,NULL,NULL,'اضف ملاحظتك هنا',NULL),(1202,854,'Box gala','بوكس بوكيه الورد',NULL,NULL,'en',NULL,NULL,NULL,NULL,NULL),(1203,856,'كيس ورد منثور','ورد منثور احمرطبيعي حجم وسط',NULL,NULL,'ar',NULL,NULL,NULL,'اضف ملاحظتك هنا',NULL),(1204,856,'كيس ورد منثور','ورد منثور احمر طبيعي حجم وسط',NULL,NULL,'en',NULL,NULL,NULL,NULL,NULL),(1205,860,'بوكيه رغد','بوكيه رغد يحتوي على ٢٠ غصن من زهور التوليب',NULL,NULL,'ar',NULL,NULL,NULL,'اضافه كرت','اضافه كرت اهداء'),(1206,861,'هدايا مواليد','هديه فخمه عباره عن كبت يحتوي على ملابس للمولود 3 وتوزيعات شكلاته سوسريه عدد٤\r\nومزين بالزهور الطبيعيه او الصناعيه من اختياركم\r\nلون الكبت من اختياركم',NULL,NULL,'ar',NULL,NULL,NULL,'اكتب ملاحظتك هنا','اضافه كرت اهداء'),(1208,861,'هدايا مواليد','هديه فخمه عباره عن كبت يحتوي على ملابس للمولود 3 وتوزيعات شكلاته سوسريه عدد٤\r\nومزين بالزهور الطبيعيه او الصناعيه من اختياركم\r\nلون الكبت من اختياركم',NULL,NULL,'en',NULL,NULL,NULL,NULL,NULL),(1209,865,'بوكس الحمدلله على السلامه','بوكس اكلرك اسود مكتوب عليه عباره الحمدلله على السلامه منسق بالزهور المتوفره في المحل\r\nويحتوي على شكلاته سوسريه +كرت اهداء',NULL,NULL,'ar',NULL,NULL,NULL,NULL,NULL),(1210,841,'بيتفور برالين بندق','بيتفور برالين بندق',NULL,NULL,'ar',NULL,NULL,NULL,NULL,NULL),(1211,841,'بيتفور برالين بندق','بيتفور برالين بندق',NULL,NULL,'en',NULL,NULL,NULL,NULL,NULL);

--
