-- Table structure for table `oauth_auth_codes`
--

CREATE TABLE `oauth_auth_codes` (
  `id` varchar(100) CHARACTER SET utf8mb4 COLLATE utf8mb4_unicode_ci NOT NULL,
  `user_id` bigint unsigned NOT NULL,
  `client_id` bigint unsigned NOT NULL,
  `scopes` text CHARACTER SET utf8mb4 COLLATE utf8mb4_unicode_ci,
  `revoked` tinyint(1) NOT NULL,
  `expires_at` datetime DEFAULT NULL,
  PRIMARY KEY (`id`),
  KEY `oauth_auth_codes_user_id_index` (`user_id`)
) ENGINE=InnoDB DEFAULT CHARSET=utf8mb4 COLLATE=utf8mb4_unicode_ci;

--
-- Dumping data for table `oauth_auth_codes`
--


--
-- Table structure for table `oauth_clients`
--

CREATE TABLE `oauth_clients` (
  `id` bigint unsigned NOT NULL AUTO_INCREMENT,
  `user_id` bigint unsigned DEFAULT NULL,
  `name` varchar(255) CHARACTER SET utf8mb4 COLLATE utf8mb4_unicode_ci NOT NULL,
  `secret` varchar(100) CHARACTER SET utf8mb4 COLLATE utf8mb4_unicode_ci DEFAULT NULL,
  `provider` varchar(255) CHARACTER SET utf8mb4 COLLATE utf8mb4_unicode_ci DEFAULT NULL,
  `redirect` text CHARACTER SET utf8mb4 COLLATE utf8mb4_unicode_ci NOT NULL,
  `personal_access_client` tinyint(1) NOT NULL,
  `password_client` tinyint(1) NOT NULL,
  `revoked` tinyint(1) NOT NULL,
  `created_at` timestamp NULL DEFAULT NULL,
  `updated_at` timestamp NULL DEFAULT NULL,
  PRIMARY KEY (`id`),
  KEY `oauth_clients_user_id_index` (`user_id`)
) ENGINE=InnoDB AUTO_INCREMENT=3 DEFAULT CHARSET=utf8mb4 COLLATE=utf8mb4_unicode_ci;

--
-- Dumping data for table `oauth_clients`
--

INSERT INTO `oauth_clients` (`id`, `user_id`, `name`, `secret`, `provider`, `redirect`, `personal_access_client`, `password_client`, `revoked`, `created_at`, `updated_at`) VALUES (1,NULL,'Laravel Personal Access Client','M5hKJeOymQ5ybOqGLb1ZHeZwAvggkkcZi4jSuwrX',NULL,'http://localhost',1,0,0,'2022-06-22 10:12:48','2022-06-22 10:12:48'),(2,NULL,'Laravel Password Grant Client','oiElx9TLRlbGMJYB07DzGeD7GcN1SQMxbg24HbDa','users','http://localhost',0,1,0,'2022-06-22 10:12:48','2022-06-22 10:12:48');

--
-- Table structure for table `oauth_personal_access_clients`
--

CREATE TABLE `oauth_personal_access_clients` (
  `id` bigint unsigned NOT NULL AUTO_INCREMENT,
  `client_id` bigint unsigned NOT NULL,
  `created_at` timestamp NULL DEFAULT NULL,
  `updated_at` timestamp NULL DEFAULT NULL,
  PRIMARY KEY (`id`)
) ENGINE=InnoDB AUTO_INCREMENT=2 DEFAULT CHARSET=utf8mb4 COLLATE=utf8mb4_unicode_ci;

--
-- Dumping data for table `oauth_personal_access_clients`
--

INSERT INTO `oauth_personal_access_clients` (`id`, `client_id`, `created_at`, `updated_at`) VALUES (1,1,'2022-06-22 10:12:48','2022-06-22 10:12:48');

--
-- Table structure for table `oauth_refresh_tokens`
--

CREATE TABLE `oauth_refresh_tokens` (
  `id` varchar(100) CHARACTER SET utf8mb4 COLLATE utf8mb4_unicode_ci NOT NULL,
  `access_token_id` varchar(100) CHARACTER SET utf8mb4 COLLATE utf8mb4_unicode_ci NOT NULL,
  `revoked` tinyint(1) NOT NULL,
  `expires_at` datetime DEFAULT NULL,
  PRIMARY KEY (`id`),
  KEY `oauth_refresh_tokens_access_token_id_index` (`access_token_id`)
) ENGINE=InnoDB DEFAULT CHARSET=utf8mb4 COLLATE=utf8mb4_unicode_ci;

--
-- Dumping data for table `oauth_refresh_tokens`
--


--
-- Table structure for table `offer_orders`
--

CREATE TABLE `offer_orders` (
  `id` int unsigned NOT NULL AUTO_INCREMENT,
  `type` varchar(255) CHARACTER SET utf8mb4 COLLATE utf8mb4_unicode_ci DEFAULT NULL,
  `offer_id` int unsigned DEFAULT NULL,
  `order_id` int unsigned DEFAULT NULL,
  `order_product_id` int unsigned DEFAULT NULL,
  `amount` int NOT NULL DEFAULT '1',
  `discount` decimal(8,2) NOT NULL,
  `created_at` timestamp NULL DEFAULT NULL,
  `updated_at` timestamp NULL DEFAULT NULL,
  PRIMARY KEY (`id`),
  KEY `offer_orders_offer_id_foreign` (`offer_id`),
  KEY `offer_orders_order_id_foreign` (`order_id`),
  KEY `offer_orders_order_product_id_foreign` (`order_product_id`)
) ENGINE=InnoDB DEFAULT CHARSET=utf8mb4 COLLATE=utf8mb4_unicode_ci;

--
-- Dumping data for table `offer_orders`
--


--
-- Table structure for table `offer_translations`
--

CREATE TABLE `offer_translations` (
  `id` int unsigned NOT NULL AUTO_INCREMENT,
  `offer_id` int unsigned NOT NULL,
  `title` varchar(255) CHARACTER SET utf8mb4 COLLATE utf8mb4_unicode_ci NOT NULL,
  `content` text CHARACTER SET utf8mb4 COLLATE utf8mb4_unicode_ci NOT NULL,
  `locale` varchar(255) CHARACTER SET utf8mb4 COLLATE utf8mb4_unicode_ci NOT NULL,
  `created_at` timestamp NULL DEFAULT NULL,
  `updated_at` timestamp NULL DEFAULT NULL,
  PRIMARY KEY (`id`),
  UNIQUE KEY `offer_translations_offer_id_locale_unique` (`offer_id`,`locale`),
  KEY `offer_translations_locale_index` (`locale`)
) ENGINE=InnoDB AUTO_INCREMENT=13 DEFAULT CHARSET=utf8mb4 COLLATE=utf8mb4_unicode_ci;

--
-- Dumping data for table `offer_translations`
--

INSERT INTO `offer_translations` (`id`, `offer_id`, `title`, `content`, `locale`, `created_at`, `updated_at`) VALUES (3,2,'Buy 2 Get 1 Free','<p>Buy 2 Get 1 Free</p>','ar',NULL,NULL),(4,2,'Buy 2 Get 1 Free','<p>Buy 2 Get 1 Free</p>','en',NULL,NULL),(11,6,'Buy 2 Get 1','<p>asdasdasd</p>','ar',NULL,NULL),(12,6,'Buy 2 Get 1','<p>asdasd</p>','en',NULL,NULL);

--
-- Table structure for table `offers`
--

CREATE TABLE `offers` (
  `id` int unsigned NOT NULL AUTO_INCREMENT,
  `image` varchar(255) CHARACTER SET utf8mb4 COLLATE utf8mb4_unicode_ci DEFAULT NULL,
  `Discount` decimal(8,2) NOT NULL DEFAULT '0.00',
  `Origin` int NOT NULL,
  `Target` int NOT NULL,
  `Active` int NOT NULL DEFAULT '1',
  `created_at` timestamp NULL DEFAULT NULL,
  `updated_at` timestamp NULL DEFAULT NULL,
  PRIMARY KEY (`id`)
) ENGINE=InnoDB DEFAULT CHARSET=utf8mb4 COLLATE=utf8mb4_unicode_ci;

--
-- Dumping data for table `offers`
--


--
-- Table structure for table `order_comments`
--

CREATE TABLE `order_comments` (
  `id` int unsigned NOT NULL AUTO_INCREMENT,
  `order_id` int unsigned NOT NULL,
  `rate` int NOT NULL DEFAULT '1',
  `comment` text CHARACTER SET utf8mb4 COLLATE utf8mb4_unicode_ci NOT NULL,
  `created_at` timestamp NULL DEFAULT NULL,
  `updated_at` timestamp NULL DEFAULT NULL,
  PRIMARY KEY (`id`),
  KEY `order_comments_order_id_foreign` (`order_id`)
) ENGINE=InnoDB DEFAULT CHARSET=utf8mb4 COLLATE=utf8mb4_unicode_ci;

--
-- Dumping data for table `order_comments`
--


--
-- Table structure for table `order_coupons`
--

CREATE TABLE `order_coupons` (
  `id` int unsigned NOT NULL AUTO_INCREMENT,
  `order_id` int unsigned DEFAULT NULL,
  `price` double NOT NULL,
  `discountprice` double NOT NULL,
  `code` varchar(255) CHARACTER SET utf8mb4 COLLATE utf8mb4_unicode_ci NOT NULL,
  `value` varchar(255) CHARACTER SET utf8mb4 COLLATE utf8mb4_unicode_ci NOT NULL,
  `ids` varchar(255) CHARACTER SET utf8mb4 COLLATE utf8mb4_unicode_ci NOT NULL,
  `type` varchar(255) CHARACTER SET utf8mb4 COLLATE utf8mb4_unicode_ci NOT NULL,
  `coupons_id` int unsigned NOT NULL,
  `created_at` timestamp NULL DEFAULT NULL,
  `updated_at` timestamp NULL DEFAULT NULL,
  `subscribe_id` int DEFAULT NULL,
  PRIMARY KEY (`id`),
  KEY `order_coupons_order_id_foreign` (`order_id`),
  KEY `order_coupons_coupons_id_foreign` (`coupons_id`)
) ENGINE=InnoDB DEFAULT CHARSET=utf8mb4 COLLATE=utf8mb4_unicode_ci;

--
-- Dumping data for table `order_coupons`
--


--
-- Table structure for table `order_options`
--

CREATE TABLE `order_options` (
  `id` int unsigned NOT NULL AUTO_INCREMENT,
  `order_id` int unsigned DEFAULT NULL,
  `product_order_id` int unsigned DEFAULT NULL,
  `Logo` varchar(255) CHARACTER SET utf8mb4 COLLATE utf8mb4_unicode_ci DEFAULT NULL,
  `Logo_frontName` varchar(255) CHARACTER SET utf8mb4 COLLATE utf8mb4_unicode_ci DEFAULT NULL,
  `Logo_backName` varchar(255) CHARACTER SET utf8mb4 COLLATE utf8mb4_unicode_ci DEFAULT NULL,
  `font_image` varchar(255) CHARACTER SET utf8mb4 COLLATE utf8mb4_unicode_ci DEFAULT NULL,
  `font_image_frontName` varchar(255) CHARACTER SET utf8mb4 COLLATE utf8mb4_unicode_ci DEFAULT NULL,
  `font_image_backName` varchar(255) CHARACTER SET utf8mb4 COLLATE utf8mb4_unicode_ci DEFAULT NULL,
  `created_at` timestamp NULL DEFAULT NULL,
  `updated_at` timestamp NULL DEFAULT NULL,
  `Logo_second` varchar(191) CHARACTER SET utf8mb4 COLLATE utf8mb4_unicode_ci DEFAULT NULL,
  `Logo_frontName_second` varchar(191) CHARACTER SET utf8mb4 COLLATE utf8mb4_unicode_ci DEFAULT NULL,
  `Logo_backName_second` varchar(191) CHARACTER SET utf8mb4 COLLATE utf8mb4_unicode_ci DEFAULT NULL,
  `font_image_second` varchar(191) CHARACTER SET utf8mb4 COLLATE utf8mb4_unicode_ci DEFAULT NULL,
  `font_image_frontName_second` varchar(191) CHARACTER SET utf8mb4 COLLATE utf8mb4_unicode_ci DEFAULT NULL,
  `font_image_backName_second` varchar(191) CHARACTER SET utf8mb4 COLLATE utf8mb4_unicode_ci DEFAULT NULL,
  PRIMARY KEY (`id`),
  KEY `order_options_order_id_foreign` (`order_id`),
  KEY `order_options_product_order_id_foreign` (`product_order_id`)
) ENGINE=InnoDB DEFAULT CHARSET=utf8mb4 COLLATE=utf8mb4_unicode_ci;

--
-- Dumping data for table `order_options`
--


--
-- Table structure for table `order_product_features`
--

CREATE TABLE `order_product_features` (
  `id` bigint unsigned NOT NULL AUTO_INCREMENT,
  `order_product_id` int unsigned NOT NULL,
  `feature_id` int unsigned NOT NULL,
  `option_id` int unsigned NOT NULL,
  `product_id` int unsigned DEFAULT NULL,
  `title` varchar(255) CHARACTER SET utf8mb4 COLLATE utf8mb4_unicode_ci NOT NULL,
  `price` double(8,2) DEFAULT NULL,
  `count` int DEFAULT NULL,
  `created_at` timestamp NULL DEFAULT NULL,
  `updated_at` timestamp NULL DEFAULT NULL,
  PRIMARY KEY (`id`),
  KEY `order_product_features_order_product_id_foreign` (`order_product_id`),
  KEY `order_product_features_feature_id_foreign` (`feature_id`),
  KEY `order_product_features_option_id_foreign` (`option_id`),
  KEY `order_product_features_product_id_foreign` (`product_id`)
) ENGINE=InnoDB DEFAULT CHARSET=utf8mb4 COLLATE=utf8mb4_unicode_ci;

--
-- Dumping data for table `order_product_features`
--


--
-- Table structure for table `order_shippings`
--

CREATE TABLE `order_shippings` (
  `id` int unsigned NOT NULL AUTO_INCREMENT,
  `order_id` int unsigned NOT NULL,
  `country_id` int DEFAULT NULL,
  `government_id` int unsigned DEFAULT NULL,
  `region_id` int unsigned DEFAULT NULL,
  `block` varchar(255) CHARACTER SET utf8mb4 COLLATE utf8mb4_unicode_ci DEFAULT NULL,
  `gada` varchar(255) CHARACTER SET utf8mb4 COLLATE utf8mb4_unicode_ci DEFAULT NULL,
  `jada` varchar(255) CHARACTER SET utf8mb4 COLLATE utf8mb4_unicode_ci DEFAULT NULL,
  `building` varchar(255) CHARACTER SET utf8mb4 COLLATE utf8mb4_unicode_ci DEFAULT NULL,
  `floor` varchar(255) CHARACTER SET utf8mb4 COLLATE utf8mb4_unicode_ci DEFAULT NULL,
  `room_number` varchar(255) CHARACTER SET utf8mb4 COLLATE utf8mb4_unicode_ci DEFAULT NULL,
  `created_at` timestamp NULL DEFAULT NULL,
  `updated_at` timestamp NULL DEFAULT NULL,
  `lat` varchar(191) CHARACTER SET utf8mb4 COLLATE utf8mb4_unicode_ci DEFAULT NULL,
  `long` varchar(191) CHARACTER SET utf8mb4 COLLATE utf8mb4_unicode_ci DEFAULT NULL,
  `type` varchar(111) CHARACTER SET utf8mb4 COLLATE utf8mb4_unicode_ci DEFAULT NULL,
  `note` varchar(111) CHARACTER SET utf8mb4 COLLATE utf8mb4_unicode_ci DEFAULT NULL,
  `user_mobile` varchar(111) CHARACTER SET utf8mb4 COLLATE utf8mb4_unicode_ci DEFAULT NULL,
  PRIMARY KEY (`id`),
  KEY `order_shippings_order_id_foreign` (`order_id`),
  KEY `order_shippings_government_id_foreign` (`government_id`),
  KEY `order_shippings_region_id_foreign` (`region_id`)
) ENGINE=InnoDB AUTO_INCREMENT=15 DEFAULT CHARSET=utf8mb4 COLLATE=utf8mb4_unicode_ci;

--
-- Dumping data for table `order_shippings`
--

INSERT INTO `order_shippings` (`id`, `order_id`, `country_id`, `government_id`, `region_id`, `block`, `gada`, `jada`, `building`, `floor`, `room_number`, `created_at`, `updated_at`, `lat`, `long`, `type`, `note`, `user_mobile`) VALUES (1,1,NULL,12,127,'4','4','4','4',NULL,NULL,NULL,NULL,NULL,NULL,'2',NULL,'67782374'),(2,2,NULL,NULL,NULL,NULL,NULL,NULL,NULL,NULL,NULL,NULL,NULL,'556677','223344','1',NULL,NULL),(3,3,NULL,NULL,NULL,NULL,NULL,NULL,NULL,NULL,NULL,NULL,NULL,'556677','223344','1',NULL,NULL),(4,4,NULL,8,40,'3','2','3','5',NULL,NULL,NULL,NULL,NULL,NULL,'2',NULL,'67782374'),(5,12,NULL,13,140,'2','4','6','7',NULL,NULL,NULL,NULL,NULL,NULL,'2',NULL,'67782374'),(6,13,NULL,NULL,NULL,NULL,NULL,NULL,NULL,NULL,NULL,NULL,NULL,'556677','223344','1',NULL,NULL),(7,14,NULL,13,140,'2','4','6','7',NULL,NULL,NULL,NULL,NULL,NULL,'2',NULL,'67782374'),(8,18,NULL,NULL,NULL,NULL,NULL,NULL,NULL,NULL,NULL,NULL,NULL,'556677','223344','1',NULL,NULL),(9,19,NULL,NULL,NULL,NULL,NULL,NULL,NULL,NULL,NULL,NULL,NULL,'556677','223344','1',NULL,NULL),(10,20,NULL,NULL,NULL,NULL,NULL,NULL,NULL,NULL,NULL,NULL,NULL,'556677','223344','1',NULL,NULL),(11,24,NULL,NULL,NULL,NULL,NULL,NULL,NULL,NULL,NULL,NULL,NULL,'556677','223344','1',NULL,NULL),(12,27,NULL,NULL,NULL,NULL,NULL,NULL,NULL,NULL,NULL,NULL,NULL,'556677','223344','1',NULL,NULL),(13,28,NULL,NULL,NULL,NULL,NULL,NULL,NULL,NULL,NULL,NULL,NULL,NULL,'223344','1',NULL,NULL),(14,29,NULL,10,82,'2','2','4','2',NULL,NULL,NULL,NULL,NULL,NULL,'2',NULL,'+96567782374');

--
-- Table structure for table `orders`
--

CREATE TABLE `orders` (
  `id` int unsigned NOT NULL AUTO_INCREMENT,
  `order_number` varchar(255) CHARACTER SET utf8mb4 COLLATE utf8mb4_unicode_ci NOT NULL,
  `total_price` varchar(191) CHARACTER SET utf8mb4 COLLATE utf8mb4_unicode_ci DEFAULT NULL,
  `user_id` int unsigned DEFAULT NULL,
  `incart` tinyint(1) NOT NULL DEFAULT '1',
  `mac_address` varchar(255) CHARACTER SET utf8mb4 COLLATE utf8mb4_unicode_ci DEFAULT NULL,
  `price_ship` double(8,2) DEFAULT NULL,
  `shipping_Type` varchar(255) CHARACTER SET utf8mb4 COLLATE utf8mb4_unicode_ci DEFAULT NULL,
  `delivery_time` date DEFAULT NULL,
  `order_done_date` varchar(255) CHARACTER SET utf8mb4 COLLATE utf8mb4_unicode_ci DEFAULT NULL,
  `status` enum('pending','cancel','confirm','out_of_delivery','delivered') CHARACTER SET utf8mb4 COLLATE utf8mb4_unicode_ci NOT NULL,
  `payment_method` int unsigned DEFAULT NULL,
  `payment_status` enum('paid','unPaid') CHARACTER SET utf8mb4 COLLATE utf8mb4_unicode_ci NOT NULL,
  `deleted_at` timestamp NULL DEFAULT NULL,
  `created_at` timestamp NULL DEFAULT NULL,
  `updated_at` timestamp NULL DEFAULT NULL,
  `delivery_date_time` time DEFAULT NULL,
  `payment_id` int DEFAULT NULL,
  `nameOfCart` varchar(191) CHARACTER SET utf8mb4 COLLATE utf8mb4_unicode_ci DEFAULT NULL,
  `country_code` varchar(191) CHARACTER SET utf8mb4 COLLATE utf8mb4_unicode_ci DEFAULT NULL,
  `country_id` int DEFAULT NULL,
  `vat` decimal(10,0) NOT NULL DEFAULT '0',
  `cod_services` decimal(10,0) NOT NULL DEFAULT '0',
  `cancel_order` int NOT NULL DEFAULT '0',
  `rep_id` int DEFAULT NULL,
  `device_token` varchar(191) CHARACTER SET utf8mb4 COLLATE utf8mb4_unicode_ci DEFAULT NULL,
  `employee_id` int DEFAULT NULL,
  PRIMARY KEY (`id`),
  KEY `orders_user_id_foreign` (`user_id`),
  KEY `orders_payment_method_foreign` (`payment_method`)
) ENGINE=InnoDB AUTO_INCREMENT=30 DEFAULT CHARSET=utf8mb4 COLLATE=utf8mb4_unicode_ci;

--
-- Dumping data for table `orders`
--

INSERT INTO `orders` (`id`, `order_number`, `total_price`, `user_id`, `incart`, `mac_address`, `price_ship`, `shipping_Type`, `delivery_time`, `order_done_date`, `status`, `payment_method`, `payment_status`, `deleted_at`, `created_at`, `updated_at`, `delivery_date_time`, `payment_id`, `nameOfCart`, `country_code`, `country_id`, `vat`, `cod_services`, `cancel_order`, `rep_id`, `device_token`, `employee_id`) VALUES (1,'34057','10.000',388,0,NULL,NULL,'2','2023-11-23','2023-11-23 14:50:48','cancel',13,'paid',NULL,'2023-11-23 14:50:39','2023-11-23 14:50:48','14:50:37',NULL,NULL,NULL,NULL,0,0,0,NULL,NULL,NULL),(2,'7304','12.000',388,0,NULL,NULL,'1','2023-11-23','2023-11-23 14:51:49','pending',13,'paid',NULL,'2023-11-23 14:51:43','2023-11-24 00:50:04','14:51:42',NULL,NULL,NULL,NULL,0,0,0,NULL,NULL,392),(3,'92661','12.000',388,0,NULL,NULL,'1','2023-11-25','2023-11-23 17:45:25','pending',13,'paid',NULL,'2023-11-23 17:45:18','2023-11-30 16:41:07','10:40:00',NULL,NULL,NULL,NULL,0,0,0,NULL,NULL,392),(4,'16651','10.000',388,0,NULL,NULL,'2','2023-11-25','2023-11-23 23:13:41','pending',13,'paid',NULL,'2023-11-23 23:12:56','2023-11-24 00:40:03','12:12:00',NULL,NULL,NULL,NULL,0,0,0,NULL,NULL,392),(12,'77765','10.000',388,0,NULL,NULL,'2','2023-11-25','2023-11-25 11:51:58','pending',13,'paid',NULL,'2023-11-25 11:29:39','2023-11-25 11:51:58','12:12:00',NULL,NULL,NULL,NULL,0,0,0,NULL,NULL,NULL),(13,'39049','10.000',388,0,NULL,NULL,'1','2023-11-25','2023-11-25 13:14:03','pending',13,'paid',NULL,'2023-11-25 13:13:50','2023-11-25 13:14:03','13:13:49',NULL,NULL,NULL,NULL,0,0,0,NULL,NULL,NULL),(14,'14147','23.000',388,0,NULL,NULL,'2','2023-11-25','2023-11-25 14:45:35','pending',13,'paid',NULL,'2023-11-25 14:42:06','2023-11-25 14:45:35','14:42:05',NULL,NULL,NULL,NULL,0,0,0,NULL,NULL,NULL),(18,'92469','10.000',391,0,NULL,NULL,'1','2023-11-25','2023-11-25 23:30:46','pending',13,'unPaid',NULL,'2023-11-25 23:26:26','2023-11-25 23:30:46','23:26:24',NULL,NULL,NULL,NULL,0,0,0,NULL,NULL,NULL),(19,'34269','10.000',391,0,NULL,NULL,'1','2023-11-26','2023-11-26 00:10:51','pending',13,'unPaid',NULL,'2023-11-26 00:10:34','2023-11-26 00:10:51','00:10:32',NULL,NULL,NULL,NULL,0,0,0,NULL,NULL,NULL),(20,'53113','10.000',391,0,NULL,NULL,'1','2023-11-26','2023-11-26 00:18:10','pending',13,'unPaid',NULL,'2023-11-26 00:17:56','2023-11-26 00:18:10','00:17:55',NULL,NULL,NULL,NULL,0,0,0,NULL,NULL,NULL),(24,'34704','10.000',395,0,NULL,NULL,'1','2023-11-26','2023-11-26 13:29:46','pending',13,'unPaid',NULL,'2023-11-26 13:29:18','2023-11-26 13:29:46','13:29:15',NULL,NULL,NULL,NULL,0,0,0,NULL,NULL,NULL),(27,'96116','12.000',402,0,NULL,NULL,'1','2023-11-28','2023-11-28 10:42:16','pending',13,'unPaid',NULL,'2023-11-28 10:41:51','2023-11-28 10:42:16','10:41:48',NULL,NULL,NULL,NULL,0,0,0,NULL,NULL,NULL),(28,'52526','10.000',405,0,NULL,NULL,'1','2023-11-30','2023-11-30 15:14:07','pending',13,'unPaid',NULL,'2023-11-30 15:13:30','2023-11-30 15:14:07','15:13:17',NULL,NULL,NULL,NULL,0,0,0,NULL,NULL,NULL),(29,'11413','12.000',405,0,NULL,NULL,'2','2023-11-30','2023-11-30 15:26:16','pending',13,'unPaid',NULL,'2023-11-30 15:25:28','2023-11-30 15:26:16','15:25:20',NULL,NULL,NULL,NULL,0,0,0,NULL,NULL,NULL);

--
-- Table structure for table `page_translations`
--

CREATE TABLE `page_translations` (
  `id` int unsigned NOT NULL AUTO_INCREMENT,
  `page_id` int unsigned NOT NULL,
  `title` varchar(255) CHARACTER SET utf8mb4 COLLATE utf8mb4_unicode_ci DEFAULT NULL,
  `locale` varchar(255) CHARACTER SET utf8mb4 COLLATE utf8mb4_unicode_ci NOT NULL,
  `content` text CHARACTER SET utf8mb4 COLLATE utf8mb4_unicode_ci,
  `created_at` timestamp NULL DEFAULT NULL,
  `updated_at` timestamp NULL DEFAULT NULL,
  PRIMARY KEY (`id`),
  UNIQUE KEY `page_translations_page_id_locale_unique` (`page_id`,`locale`),
  KEY `page_translations_locale_index` (`locale`)
) ENGINE=InnoDB AUTO_INCREMENT=35 DEFAULT CHARSET=utf8mb4 COLLATE=utf8mb4_unicode_ci;

--
-- Dumping data for table `page_translations`
--

INSERT INTO `page_translations` (`id`, `page_id`, `title`, `locale`, `content`, `created_at`, `updated_at`) VALUES (1,1,'من نحن','ar','<h2 style=\"text-align:right\">عن بياتو سانو</h2>\r\n\r\n<p style=\"text-align:right\">يوفر &ldquo;بيانو سانو&rdquo; وجبات صحية عالية الجودة تساعد في التحكم بالوزن والعلاجات الطبية. إنه مفهوم من نوعه كمركز صحي للمعرفة الغذائية.</p>\r\n\r\n<p style=\"text-align:right\">وقد نجح الامتياز الذي بدأ من الكويت&nbsp;يتجاوز كمفهوم لفقدان الوزن واللياقة الصحية، لتصل إلى مساعدة الافراد على التمتع بأسلوب حياة أفضل.</p>\r\n\r\n<p style=\"text-align:right\">وتوفر القائمة الغذائية الفريدة متعددة الوجبات في &ldquo;بياتو سانو&rdquo; تجربة دائمة التوسع وبجودة عالية، كما توفر العديد من الخيارات لمذاق رائع يرضي محبي مختلف أنواع الطهي، مع برامج غذائية متنوعة.</p>\r\n\r\n<p style=\"text-align:right\">&nbsp;وما يميّز وجبات &ldquo;بياتو سانو&rdquo; هو أنها قادرة على الامتثال لجميع متطلبات النظام الغذائي وفي أي مكان، وذلك من خلال الاستفادة من الانتشار الواسع الذي يتمثل بوجود مطبخ مركزي ،وفرعين ومركز اتصال ذو كفاءه عالية&nbsp;</p>\r\n\r\n<p style=\"text-align:right\">لتلبية كافة أفراد المجتمع بالمنتجات الصحية الغذائية المتنوعة&nbsp;</p>\r\n\r\n<p style=\"text-align:right\">يقدم مطبخ &ldquo;بياتو سانو&rdquo; أكثر من 500&nbsp;ألف&nbsp;وجبة سنوياً، تقوم من خلالها بتزويد آلاف الأشخاص بأنظمة غذائية خاصة ووجبات متوازنة وبشكل مستمر&nbsp;</p>',NULL,NULL),(2,1,'who are we','en','<p>About PiattoSano<br />\r\nPiattoSano provides healthy, high-quality meals that help with weight control and medical treatments. It is conceptualized as a health hub of nutritional knowledge.</p>\r\n\r\n<p>The franchise that started from Kuwait has succeeded beyond as a weight loss and healthy fitness concept, to help individuals enjoy a better lifestyle.</p>\r\n\r\n<p>The unique multi-meal food menu at PiattoSano provides an ever-expanding experience of high quality, and provides many options for a great taste that satisfies lovers of different types of cooking, with a variety of food programs.</p>\r\n\r\n<p>What distinguishes &ldquo;PiattoSano&rdquo; meals is that they are able to comply with all dietary requirements and anywhere, by taking advantage of the wide spread represented by the presence of a central kitchen, two branches and a highly efficient call center.</p>\r\n\r\n<p>To meet all members of society with a variety of healthy food products</p>\r\n\r\n<p>The &ldquo;PiattoSano&rdquo; kitchen serves more than 500,000 meals annually, through which it provides thousands of people with special diets and balanced meals on an ongoing basis.</p>',NULL,NULL),(3,2,'سياسة الاستبدال والاسترجاع','ar','<p dir=\"rtl\">kr</p>',NULL,NULL),(4,2,'sale policy','en','<p>kk</p>',NULL,NULL),(5,3,'الشروط والاحكام','ar','<p style=\"text-align:right\">الشروط والأحكام</p>\r\n\r\n<p style=\"text-align:right\">&nbsp;</p>\r\n\r\n<p style=\"text-align:right\">يعتبر بياتو سانو للوجبات الصحية من أبرز المراكز الرائدة في مجال تقديم برامج الحمية الصحية . تقدم خدماتنا من قبل خبراء ومتخصصين على درجة عالية من الكفاءة ، جميع البرامج ذات سعرات حرارية مدروسة ومحددة وفقا لحالة كل عميل ، ولتحقيق أفضل النتائج يجب على العميل الالتزام بخطة الطعام وممارسة الرياضة المنتظمة</p>\r\n\r\n<p style=\"text-align:right\">&nbsp;</p>\r\n\r\n<p style=\"text-align:right\">يلتزم العميل بتعبئة استمارة الاشتراك واختيار الوجبات من قائمة الطعام الخاصة بالبرنامج</p>\r\n\r\n<p style=\"text-align:right\">المراد الاشتراك به لكامل مدة الاشتراك * وسداد قيمة الاشتراك مسبقا عند التوقيع ، على أن يسري البرنامج بعد ( 24-48 ) ساعة عمل تبدأ من تاريخ توقيع هذه الاستمارة.</p>\r\n\r\n<p style=\"text-align:right\">في حال رغب العميل بخدمة توصيل الوجبات ، فان مواعيد التوصيل تبدأ من الساعة 6:00</p>\r\n\r\n<p style=\"text-align:right\">صباحا وتنتهي حوالي الساعة 4:00 عصرا من كل يوم وفقا لجدول المواعيد ، مع الأخذ في الاعتبار أنه قد يحدث تفاوت في وقت التوصيل المحدد للعميل بواقع ساعتين (+/-).</p>\r\n\r\n<p style=\"text-align:right\">يلتزم العميل بوضع الوجبات بعد إخراجها من الصندوق داخل الثلاجة فور استلامه وذلك للمحافظة على سلامة وجودة الوجبات من الناحية الصحية وقيمتها الغذائية. مع أهمية عدم الاحتفاظ بالوجبات لمدة تزيد عن( 48 ) ساعة والامتناع عن استخدامها بعد ذلك .</p>\r\n\r\n<p style=\"text-align:right\">يدرك العميل أنه في حال عدم تواجده أو من ينوب عنه لاستلام صندوق الوجبات،وعدم تمكن العميل أو من ينوب عنه من إستلام الوجبات في المكان المحدد للتوصيل ، فسيتم إعادة الصندوق الى المطبخ الرئيسي ولا يحق للعميل بالمطالبة بهذا اليوم</p>\r\n\r\n<p style=\"text-align:right\">كما لايحق للعميل طلب التعويض عن الوجبات المنتهية الصلاحية نتيجة لذلك</p>\r\n\r\n<p style=\"text-align:right\">يسمح للعميل خلال مدة الاشتراك تعليق/ ايقاف البرنامج بشكل مؤقت لمدة لا تزيد عن صلاحية كل برنامج</p>\r\n\r\n<p style=\"text-align:right\">1، كما يمكن للعميل إلغاء أو تغيير نوعية الوجبات خلال مدة الإشتراك ، على أن يبلغ مركز الاتصال رغبته في ذلك قبل ( 72 ) ساعة ، قبل الساعة ( 11 ) صباحا</p>\r\n\r\n<p style=\"text-align:right\">&nbsp;</p>\r\n\r\n<p style=\"text-align:right\">يُسمح باسترداد الأموال وتعليق / إيقاف الاشتراك&nbsp;..</p>\r\n\r\n<p style=\"text-align:right\">في حال توقف العميل من تلقاء نفسه عن استلام الوجبات ولم يشعر الشركة وانتهت فترة صلاحية البرنامج ، فانه لا يحق للعميل المطالبة باسترداد باقي قيمة الاشتراك المدفوع عن الوجبات غير المستخمه ، يتوجب على العميل السداد قبل (2) أيام من تاريخ إنتهاء الأشتراك الحالي للتجديد&nbsp;</p>\r\n\r\n<p style=\"text-align:right\"><br />\r\n&nbsp; &nbsp;&nbsp;وذلك لتجنب أي انقطاع&nbsp; &nbsp;<br />\r\n&nbsp;</p>\r\n\r\n<p style=\"text-align:right\">يحق للعميل تغيير العنوان الذي يريد فيه استلام صندوق بعد إشعار مركز الاتصال بمدة لا تقل</p>\r\n\r\n<p style=\"text-align:right\">&nbsp;عن (48) ساعة</p>\r\n\r\n<p style=\"text-align:right\">صلاحية البرنامج في حال العروض الترويجية تختلف عن مدة صلاحيته الأساسية وتخضع لشروط وأحكام العرض الترويجي</p>\r\n\r\n<p style=\"text-align:right\">&nbsp;</p>\r\n\r\n<p style=\"text-align:right\">&nbsp;</p>\r\n\r\n<p style=\"text-align:right\"><strong>ارقام وأوقات تهمك</strong></p>\r\n\r\n<p style=\"text-align:right\">عند وجود أي شكوى لدى العميل أو عدم استلام الوجبات في موعدها يمكنك الاتصال بمركز خدمة العملاء على الرقم 22007000 &ndash; 94012020 - 94015050</p>\r\n\r\n<p style=\"text-align:right\">مواعيد العمل من الساعة 11 صباحا وحتى الساعة 1 بعد منتصف ليل</p>\r\n\r\n<p style=\"text-align:right\">&nbsp;</p>\r\n\r\n<p style=\"text-align:right\">&nbsp;</p>\r\n\r\n<p style=\"text-align:right\"><strong>ملاحظة</strong></p>\r\n\r\n<p style=\"text-align:right\">(*) إذا اغفل العميل اختيار أي من الوجبات ضمن مدة الاشتراك فإن ذلك قد يؤدي إلى عدم توصيل الوجبات لذلك اليوم كما أن الشركة غير ملزمة بخيارات محددة</p>\r\n\r\n<p style=\"text-align:right\"><br />\r\nيجب أن يكون العميل على دراية وممتثلاً لفترة البرنامج المشترك فيه<br />\r\n&nbsp;</p>\r\n\r\n<p style=\"text-align:right\">&nbsp;</p>\r\n\r\n<p style=\"text-align:right\">&nbsp;</p>\r\n\r\n<p style=\"text-align:right\">&nbsp;</p>',NULL,NULL),(6,3,'Terms and Conditions','en','<p>Terms and Conditions</p>\r\n\r\n<p>Piatto Sano Healthy Meals is one of the leading centers in the field of providing healthy diet programs. Our services are provided by experts and specialists with a high degree of competence. All programs have calculated calories and are specific according to the condition of each client. To achieve the best results, the client must adhere to the food plan and exercise regularly.</p>\r\n\r\n<p>The customer is obligated to fill out the subscription form and choose meals from the program&#39;s menu</p>\r\n\r\n<p>You want to subscribe to it for the entire subscription period * and pay the subscription value in advance upon signing, provided that the program takes effect after (24-48) working hours starting from the date of signing this form.</p>\r\n\r\n<p>In the event that the customer desires the meal delivery service, the delivery times start from 6:00</p>\r\n\r\n<p>morning and ends around 4:00 pm every day according to the appointment schedule, taking into account that there may be a discrepancy in the delivery time specified for the customer by two hours (+/-).</p>\r\n\r\n<p>The customer is obligated to place the meals, after taking them out of the box, inside the refrigerator immediately upon receiving them, in order to preserve the safety and quality of the meals in terms of health and nutritional value. With the importance of not keeping meals for more than (48) hours and refraining from using them after that.</p>\r\n\r\n<p>The customer understands that if he or his representative is not present to receive the meal box, the driver is not allowed to leave the meal box in front of the designated place for delivery (for example, home).</p>\r\n\r\n<p>Upon delivery, and the customer or his representative is not able to receive the meals at the specified place for delivery, the box will be returned to the main kitchen and the customer is not entitled to claim this day</p>\r\n\r\n<p>The customer is also not entitled to request compensation for expired meals as a result</p>\r\n\r\n<p>During the subscription period, the customer is allowed to suspend / suspend the program temporarily for a period not exceeding the validity of each program</p>\r\n\r\n<p>1, The customer can also cancel or change the quality of meals during the subscription period, provided that he notifies the call center of his desire to do so before (48) h /discontinuation of some 7-day programs and any 7-day SMART program are not allowed</p>\r\n\r\n<p>The customer is not entitled to refund the remainder of the paid subscription value after (3) days from the date of delivery start.</p>\r\n\r\n<p>However, the customer has the right to transfer the balance of the remaining days to a relative or friend. An amount of (25) KD will be deducted from the value of the remaining subscription for administrative services.</p>\r\n\r\n<p>In the event that the customer stops receiving the meals on his own and does not notify the company and the validity period of the program has expired, the customer is not entitled to claim the rest of the subscription value paid for the undelivered meals.</p>\r\n\r\n<p>To renew the subscription, the customer must pay (3) days prior to the expiry date of the current subscription</p>\r\n\r\n<p>This is to avoid any interruption</p>\r\n\r\n<p>The customer has the right to change the address where he wants to receive a box after notifying the call center within a period of no less</p>\r\n\r\n<p>for (72) hours</p>\r\n\r\n<p>The validity of the program in the event of promotional offers differs from its original validity period and is subject to the terms and conditions of the promotional offer</p>\r\n\r\n<p>Numbers and times that interest you</p>\r\n\r\n<p>When the customer has any complaint or not receiving meals on time, you can contact the customer service center at 22007000 - 94012020 - 94015050</p>\r\n\r\n<p>Working hours are from 11 am until 1 am</p>\r\n\r\n<p>note</p>\r\n\r\n<p>(*) If the customer neglects to choose any of the meals within the subscription period, this may lead to non-delivery of meals for that day, and the company is not bound by specific options</p>\r\n\r\n<p>The customer must be aware of and comply with the period of the program he/she is participating in</p>',NULL,NULL),(13,7,'اشتراكات شهرية واسبوعية','ar','<p style=\"text-align:right\">&nbsp;</p>\r\n\r\n<p style=\"text-align:right\">&nbsp;</p>\r\n\r\n<p style=\"text-align:right\">إليك بعض الفوائد الرئيسية للاشتراكات اليومية الصحية :</p>\r\n\r\n<p style=\"text-align:right\">&nbsp;</p>\r\n\r\n<p style=\"text-align:right\">وعي صحي أفضل: تساعد الاشتراكات اليومية الصحية في زيادة الوعي بالصحة وتوفير معلومات مفيدة حول النظام الغذائي الصحي والتمارين الرياضية وأساليب الحياة الصحية الأخرى. يمكن أن تساهم في تعزيز القدرة على اتخاذ قرارات صحية أفضل</p>\r\n\r\n<p style=\"text-align:right\">&nbsp;</p>\r\n\r\n<p style=\"text-align:right\">تحسين اللياقة البدنية: تقدم الاشتراكات اليومية الصحية برامج تمرين متنوعة ومخصصة تهدف إلى تحسين اللياقة البدنية وزيادة القوة والمرونة والتحمل. يمكن أن تشمل هذه البرامج التمارين القلبية، وتمارين القوة، وتمارين تحسين المرونة، وتمارين الاسترخاء والتأمل</p>\r\n\r\n<p style=\"text-align:right\">&nbsp;</p>\r\n\r\n<p style=\"text-align:right\">نظام غذائي صحي: يمكن أن توفر الاشتراكات اليومية الصحية أيضًا خططًا غذائية صحية مصممة لتلبية احتياجات الجسم وتعزيز الصحة العامة. يمكن أن تشمل هذه الخطط توجيهات لتناول مجموعة متنوعة من الأطعمة الصحية وتجنب الأطعمة غير الصحية</p>',NULL,NULL),(14,7,'Monthly Or weekly subscriptions','en','<p>Here are some of the key benefits of healthy daily subscriptions:</p>\r\n\r\n<p>Better Health Awareness: Health daily subscriptions help raise health awareness and provide useful information about healthy diet, exercise and other healthy lifestyles. It can contribute to enhancing the ability to make better health decisions</p>\r\n\r\n<p>IMPROVE FITNESS: Healthy Daily Subscriptions offer diverse, customized exercise programs aimed at improving physical fitness and increasing strength, flexibility, and endurance. These programs can include cardio, strength training, flexibility training, relaxation and meditation exercises</p>\r\n\r\n<p>Healthy Diet: Healthy Daily Subscriptions can also provide healthy food plans designed to meet the body&#39;s needs and promote overall health. These plans can include directions for eating a variety of healthy foods and avoiding unhealthy foods</p>',NULL,NULL),(15,8,'-','ar','<p>-</p>',NULL,NULL),(16,8,'-','en','<p>-</p>',NULL,NULL),(17,9,NULL,'ar','<p>-شيس</p>',NULL,NULL),(18,9,NULL,'en','<p>-شسي</p>',NULL,NULL),(19,10,NULL,'ar','<p>89</p>',NULL,NULL),(20,10,NULL,'en','<p>89</p>',NULL,NULL),(21,11,NULL,'ar',NULL,NULL,NULL),(22,11,NULL,'en',NULL,NULL,NULL),(23,12,'طلبات يوميه','ar','<p>يصل إليك طلبك الصحي ساخن ولذيذ بأسرع وقت ممكن&nbsp;<br />\r\nيتم تحضير طلبك في نفس اللحظه التي يتم فيها الطلب&nbsp;<br />\r\nبأختيارك من الوجبات الصحيه العديده التي نوفرها داخل التطبيق&nbsp;<br />\r\nوتوصيلها طازجه إلى جميع مناطق الكويت&nbsp;</p>',NULL,NULL),(24,12,'Dialy order','en','<pre>\r\nYour healthy order arrives to you hot and delicious as quickly as possible\r\nYour order is prepared at the same moment you place the order\r\nWith your choice of the many healthy meals that we provide within the application\r\nIt is delivered fresh to all areas of Kuwait</pre>',NULL,NULL),(25,13,'اطلب من المتجر','ar','<p>اطلب من المتجر</p>',NULL,NULL),(26,13,'اطلب من المتجر','en','<p>اطلب من المتجر</p>',NULL,NULL),(27,14,'اشتراك نزول الوزن','ar',NULL,NULL,NULL),(28,14,NULL,'en',NULL,NULL,NULL),(29,15,'لايف ستايل','ar',NULL,NULL,NULL),(30,15,'Life stayl','en',NULL,NULL,NULL),(31,16,'مواعيد الدوام','ar','<h3>اوقات الدوام</h3>\r\n\r\n<table>\r\n	<tbody>\r\n		<tr>\r\n			<th>السبت:</th>\r\n			<td>11:00 ص &ndash; 1:00 ص</td>\r\n		</tr>\r\n		<tr>\r\n			<th>الأحد:</th>\r\n			<td>11:00 ص &ndash; 1:00 ص</td>\r\n		</tr>\r\n		<tr>\r\n			<th>الاثنين:</th>\r\n			<td>\r\n			<table>\r\n				<tbody>\r\n					<tr>\r\n						<td>11:00 ص &ndash; 1:00 ص</td>\r\n					</tr>\r\n				</tbody>\r\n			</table>\r\n			</td>\r\n		</tr>\r\n		<tr>\r\n			<th>الثلاثاء:</th>\r\n			<td>11:00 ص &ndash; 1:00 ص</td>\r\n		</tr>\r\n		<tr>\r\n			<th>الأربعاء:</th>\r\n			<td>11:00 ص &ndash; 1:00 ص</td>\r\n		</tr>\r\n		<tr>\r\n			<th>الخميس:</th>\r\n			<td>11:00 ص &ndash; 1:00 ص</td>\r\n		</tr>\r\n		<tr>\r\n			<th>الجمعة:</th>\r\n			<td>1:00 ص &ndash; 1:00 م</td>\r\n		</tr>\r\n	</tbody>\r\n</table>\r\n\r\n<ul>\r\n</ul>',NULL,NULL),(32,16,NULL,'en','<h3>اوقات الدوام</h3>\r\n\r\n<table>\r\n	<tbody>\r\n		<tr>\r\n			<th>Satrday</th>\r\n			<td>11:00 ص &ndash; 1:00 ص</td>\r\n		</tr>\r\n		<tr>\r\n			<th>Sunday</th>\r\n			<td>11:00 ص &ndash; 1:00 ص</td>\r\n		</tr>\r\n		<tr>\r\n			<th>Monday</th>\r\n			<td>\r\n			<table>\r\n				<tbody>\r\n					<tr>\r\n						<td>11:00 ص &ndash; 1:00 ص</td>\r\n					</tr>\r\n				</tbody>\r\n			</table>\r\n			</td>\r\n		</tr>\r\n		<tr>\r\n			<th>Tusday:</th>\r\n			<td>11:00 ص &ndash; 1:00 ص</td>\r\n		</tr>\r\n		<tr>\r\n			<th>Wensday:</th>\r\n			<td>11:00 ص &ndash; 1:00 ص</td>\r\n		</tr>\r\n		<tr>\r\n			<th>Thursday:</th>\r\n			<td>11:00 ص &ndash; 1:00 ص</td>\r\n		</tr>\r\n		<tr>\r\n			<th>Friday:</th>\r\n			<td>1:00 ص &ndash; 1:00 م</td>\r\n		</tr>\r\n	</tbody>\r\n</table>\r\n\r\n<ul>\r\n</ul>',NULL,NULL),(33,17,'بناء عضل','ar',NULL,NULL,NULL),(34,17,'Body Building','en',NULL,NULL,NULL);

--
-- Table structure for table `pages`
--

CREATE TABLE `pages` (
  `id` int unsigned NOT NULL AUTO_INCREMENT,
  `created_at` timestamp NULL DEFAULT NULL,
  `updated_at` timestamp NULL DEFAULT NULL,
  `image` varchar(191) CHARACTER SET utf8mb4 COLLATE utf8mb4_unicode_ci DEFAULT NULL,
  `type` int NOT NULL DEFAULT '0',
  PRIMARY KEY (`id`)
) ENGINE=InnoDB AUTO_INCREMENT=4 DEFAULT CHARSET=utf8mb4 COLLATE=utf8mb4_unicode_ci;

--
-- Dumping data for table `pages`
--

INSERT INTO `pages` (`id`, `created_at`, `updated_at`, `image`, `type`) VALUES (1,'2022-06-28 09:49:28','2023-11-27 13:33:56','2022-06-29-farm.docx',0),(3,'2022-11-03 11:43:26','2023-09-27 20:14:23',NULL,0);

--
-- Table structure for table `password_resets`
--

CREATE TABLE `password_resets` (
  `email` varchar(255) CHARACTER SET utf8mb4 COLLATE utf8mb4_unicode_ci NOT NULL,
  `token` varchar(255) CHARACTER SET utf8mb4 COLLATE utf8mb4_unicode_ci NOT NULL,
  `created_at` timestamp NULL DEFAULT NULL,
  KEY `password_resets_email_index` (`email`)
) ENGINE=InnoDB DEFAULT CHARSET=utf8mb4 COLLATE=utf8mb4_unicode_ci;

--
-- Dumping data for table `password_resets`
--


--
-- Table structure for table `payment_method_translations`
--

CREATE TABLE `payment_method_translations` (
  `id` int unsigned NOT NULL AUTO_INCREMENT,
  `payment_method_id` int unsigned NOT NULL,
  `title` varchar(255) CHARACTER SET utf8mb4 COLLATE utf8mb4_unicode_ci DEFAULT NULL,
  `locale` varchar(255) CHARACTER SET utf8mb4 COLLATE utf8mb4_unicode_ci NOT NULL,
  `created_at` timestamp NULL DEFAULT NULL,
  `updated_at` timestamp NULL DEFAULT NULL,
  PRIMARY KEY (`id`),
  UNIQUE KEY `payment_method_translations_payment_method_id_locale_unique` (`payment_method_id`,`locale`)
) ENGINE=InnoDB AUTO_INCREMENT=27 DEFAULT CHARSET=utf8mb4 COLLATE=utf8mb4_unicode_ci;

--
-- Dumping data for table `payment_method_translations`
--

INSERT INTO `payment_method_translations` (`id`, `payment_method_id`, `title`, `locale`, `created_at`, `updated_at`) VALUES (1,1,'كاش عند التوصيل','ar',NULL,NULL),(2,1,'Cash on delivery','en',NULL,NULL),(3,2,'K Net','ar',NULL,NULL),(4,2,'K Net','en',NULL,NULL),(5,3,'فيزا / ماستركارد','ar',NULL,NULL),(6,3,'Visa/Mater','en',NULL,NULL),(13,7,'كروت الدفع المدينة (الامارات)','ar',NULL,NULL),(14,7,'UAE Debit Cards','en',NULL,NULL),(15,8,'كروت الدفع المدينة (قطر)','ar',NULL,NULL),(16,8,'Qatar Debit Cards','en',NULL,NULL),(19,10,'Saudi Credit Card','ar',NULL,NULL),(20,10,'Saudi Credit Card','en',NULL,NULL),(21,11,'AMEX','ar',NULL,NULL),(22,11,'AMEX','en',NULL,NULL),(23,12,'Apple Pay','ar',NULL,NULL),(24,12,'Apple Pay','en',NULL,NULL),(25,13,'كاش','ar',NULL,NULL),(26,13,'Cash On Delivery','en',NULL,NULL);

--
-- Table structure for table `payment_methods`
--

CREATE TABLE `payment_methods` (
  `id` int unsigned NOT NULL AUTO_INCREMENT,
  `image` varchar(255) CHARACTER SET utf8mb4 COLLATE utf8mb4_unicode_ci DEFAULT NULL,
  `type` int NOT NULL DEFAULT '0',
  `status` int NOT NULL DEFAULT '0',
  `created_at` timestamp NULL DEFAULT NULL,
  `updated_at` timestamp NULL DEFAULT NULL,
  PRIMARY KEY (`id`)
) ENGINE=InnoDB AUTO_INCREMENT=14 DEFAULT CHARSET=utf8mb4 COLLATE=utf8mb4_unicode_ci;

--
-- Dumping data for table `payment_methods`
--

INSERT INTO `payment_methods` (`id`, `image`, `type`, `status`, `created_at`, `updated_at`) VALUES (2,'2023-10-10-knet.png',1,1,'2022-06-22 10:20:09','2023-11-25 15:20:53'),(3,'2023-10-10-Visa-Mastercard-logo-shffaf.com2_.png',2,1,'2022-11-19 19:56:03','2023-10-10 02:15:49'),(7,'2023-02-18-vm.png',8,0,'2022-11-19 20:48:14','2023-05-29 14:12:14'),(8,'2023-02-18-np.png',9,0,'2022-11-19 20:49:50','2023-05-29 14:12:18'),(10,'2023-02-18-vm.png',4,0,'2023-02-18 07:10:55','2023-05-29 14:12:20'),(11,'2023-02-18-ae.png',3,0,'2023-02-18 07:11:41','2023-05-29 14:12:21'),(12,'2023-10-10-5968601.png',24,0,'2023-10-08 22:01:42','2023-11-25 15:19:32'),(13,'2023-10-10-cash-on-delivery-badge-pack-free-png.webp',0,1,'2023-10-10 01:49:01','2023-11-25 15:20:39');

--
-- Table structure for table `permission_role`
--

CREATE TABLE `permission_role` (
  `permission_id` bigint unsigned NOT NULL,
  `role_id` bigint unsigned NOT NULL,
  PRIMARY KEY (`permission_id`,`role_id`),
  KEY `permission_role_role_id_foreign` (`role_id`)
) ENGINE=InnoDB DEFAULT CHARSET=utf8mb4 COLLATE=utf8mb4_unicode_ci;

--
-- Dumping data for table `permission_role`
--

INSERT INTO `permission_role` (`permission_id`, `role_id`) VALUES (1,1),(2,1),(3,1),(4,1),(5,1),(6,1),(7,1),(8,1),(9,1),(10,1),(11,1),(12,1),(13,1),(14,1),(15,1),(16,1),(17,1),(18,1),(19,1),(20,1),(21,1),(22,1),(23,1),(24,1),(25,1),(26,1),(27,1),(28,1),(29,1),(30,1),(31,1),(32,1),(33,1),(34,1),(35,1),(36,1),(37,1),(38,1),(39,1),(40,1),(41,1),(42,1),(43,1),(44,1),(45,1),(46,1),(47,1),(48,1),(49,1),(50,1),(51,1),(52,1),(53,1),(54,1),(55,1),(56,1),(57,1),(58,1),(59,1),(60,1),(61,1),(62,1),(63,1),(64,1),(1,8),(1,14),(25,14),(26,14),(27,14),(28,14),(37,14),(38,14),(39,14),(40,14),(41,14),(42,14),(43,14),(44,14),(53,14),(54,14),(55,14),(56,14),(57,14),(58,14),(59,14),(60,14),(38,15);

--
-- Table structure for table `permission_user`
--

CREATE TABLE `permission_user` (
  `permission_id` bigint unsigned NOT NULL,
  `user_id` bigint unsigned NOT NULL,
  `user_type` varchar(255) CHARACTER SET utf8mb4 COLLATE utf8mb4_unicode_ci NOT NULL,
  PRIMARY KEY (`user_id`,`permission_id`,`user_type`),
  KEY `permission_user_permission_id_foreign` (`permission_id`)
) ENGINE=InnoDB DEFAULT CHARSET=utf8mb4 COLLATE=utf8mb4_unicode_ci;

--
-- Dumping data for table `permission_user`
--


--
-- Table structure for table `permissions`
--

CREATE TABLE `permissions` (
  `id` bigint unsigned NOT NULL AUTO_INCREMENT,
  `name` varchar(255) CHARACTER SET utf8mb4 COLLATE utf8mb4_unicode_ci NOT NULL,
  `display_name` varchar(255) CHARACTER SET utf8mb4 COLLATE utf8mb4_unicode_ci DEFAULT NULL,
  `description` varchar(255) CHARACTER SET utf8mb4 COLLATE utf8mb4_unicode_ci DEFAULT NULL,
  `created_at` timestamp NULL DEFAULT NULL,
  `updated_at` timestamp NULL DEFAULT NULL,
  PRIMARY KEY (`id`),
  UNIQUE KEY `permissions_name_unique` (`name`)
) ENGINE=InnoDB AUTO_INCREMENT=65 DEFAULT CHARSET=utf8mb4 COLLATE=utf8mb4_unicode_ci;

--
-- Dumping data for table `permissions`
--

INSERT INTO `permissions` (`id`, `name`, `display_name`, `description`, `created_at`, `updated_at`) VALUES (1,'create_users','Create Users','Create Users','2022-06-21 09:32:18','2022-06-21 09:32:18'),(2,'read_users','Read Users','Read Users','2022-06-21 09:32:18','2022-06-21 09:32:18'),(3,'update_users','Update Users','Update Users','2022-06-21 09:32:18','2022-06-21 09:32:18'),(4,'delete_users','Delete Users','Delete Users','2022-06-21 09:32:18','2022-06-21 09:32:18'),(5,'create_roles','Create Roles','Create Roles','2022-06-21 09:32:18','2022-06-21 09:32:18'),(6,'read_roles','Read Roles','Read Roles','2022-06-21 09:32:18','2022-06-21 09:32:18'),(7,'update_roles','Update Roles','Update Roles','2022-06-21 09:32:18','2022-06-21 09:32:18'),(8,'delete_roles','Delete Roles','Delete Roles','2022-06-21 09:32:18','2022-06-21 09:32:18'),(9,'create_notifications','Create Notifications','Create Notifications','2022-06-21 09:32:18','2022-06-21 09:32:18'),(10,'read_notifications','Read Notifications','Read Notifications','2022-06-21 09:32:18','2022-06-21 09:32:18'),(11,'update_notifications','Update Notifications','Update Notifications','2022-06-21 09:32:18','2022-06-21 09:32:18'),(12,'delete_notifications','Delete Notifications','Delete Notifications','2022-06-21 09:32:18','2022-06-21 09:32:18'),(13,'create_sliders','Create Sliders','Create Sliders','2022-06-21 09:32:18','2022-06-21 09:32:18'),(14,'read_sliders','Read Sliders','Read Sliders','2022-06-21 09:32:18','2022-06-21 09:32:18'),(15,'update_sliders','Update Sliders','Update Sliders','2022-06-21 09:32:18','2022-06-21 09:32:18'),(16,'delete_sliders','Delete Sliders','Delete Sliders','2022-06-21 09:32:18','2022-06-21 09:32:18'),(17,'create_settings','Create Settings','Create Settings','2022-06-21 09:32:18','2022-06-21 09:32:18'),(18,'read_settings','Read Settings','Read Settings','2022-06-21 09:32:18','2022-06-21 09:32:18'),(19,'update_settings','Update Settings','Update Settings','2022-06-21 09:32:18','2022-06-21 09:32:18'),(20,'delete_settings','Delete Settings','Delete Settings','2022-06-21 09:32:18','2022-06-21 09:32:18'),(21,'create_categories','Create Categories','Create Categories','2022-06-21 09:32:18','2022-06-21 09:32:18'),(22,'read_categories','Read Categories','Read Categories','2022-06-21 09:32:18','2022-06-21 09:32:18'),(23,'update_categories','Update Categories','Update Categories','2022-06-21 09:32:18','2022-06-21 09:32:18'),(24,'delete_categories','Delete Categories','Delete Categories','2022-06-21 09:32:18','2022-06-21 09:32:18'),(25,'create_products','Create Products','Create Products','2022-06-21 09:32:18','2022-06-21 09:32:18'),(26,'read_products','Read Products','Read Products','2022-06-21 09:32:18','2022-06-21 09:32:18'),(27,'update_products','Update Products','Update Products','2022-06-21 09:32:18','2022-06-21 09:32:18'),(28,'delete_products','Delete Products','Delete Products','2022-06-21 09:32:18','2022-06-21 09:32:18'),(29,'create_paymentMethods','Create PaymentMethods','Create PaymentMethods','2022-06-21 09:32:18','2022-06-21 09:32:18'),(30,'read_paymentMethods','Read PaymentMethods','Read PaymentMethods','2022-06-21 09:32:18','2022-06-21 09:32:18'),(31,'update_paymentMethods','Update PaymentMethods','Update PaymentMethods','2022-06-21 09:32:18','2022-06-21 09:32:18'),(32,'delete_paymentMethods','Delete PaymentMethods','Delete PaymentMethods','2022-06-21 09:32:18','2022-06-21 09:32:18'),(33,'create_shippingType','Create ShippingType','Create ShippingType','2022-06-21 09:32:18','2022-06-21 09:32:18'),(34,'read_shippingType','Read ShippingType','Read ShippingType','2022-06-21 09:32:18','2022-06-21 09:32:18'),(35,'update_shippingType','Update ShippingType','Update ShippingType','2022-06-21 09:32:18','2022-06-21 09:32:18'),(36,'delete_shippingType','Delete ShippingType','Delete ShippingType','2022-06-21 09:32:18','2022-06-21 09:32:18'),(37,'create_orders','Create Orders','Create Orders','2022-06-21 09:32:18','2022-06-21 09:32:18'),(38,'read_orders','Read Orders','Read Orders','2022-06-21 09:32:18','2022-06-21 09:32:18'),(39,'update_orders','Update Orders','Update Orders','2022-06-21 09:32:18','2022-06-21 09:32:18'),(40,'delete_orders','Delete Orders','Delete Orders','2022-06-21 09:32:18','2022-06-21 09:32:18'),(41,'create_reports','Create Reports','Create Reports','2022-06-21 09:32:18','2022-06-21 09:32:18'),(42,'read_reports','Read Reports','Read Reports','2022-06-21 09:32:18','2022-06-21 09:32:18'),(43,'update_reports','Update Reports','Update Reports','2022-06-21 09:32:18','2022-06-21 09:32:18'),(44,'delete_reports','Delete Reports','Delete Reports','2022-06-21 09:32:18','2022-06-21 09:32:18'),(45,'create_governments','Create Governments','Create Governments','2022-06-21 09:32:18','2022-06-21 09:32:18'),(46,'read_governments','Read Governments','Read Governments','2022-06-21 09:32:18','2022-06-21 09:32:18'),(47,'update_governments','Update Governments','Update Governments','2022-06-21 09:32:18','2022-06-21 09:32:18'),(48,'delete_governments','Delete Governments','Delete Governments','2022-06-21 09:32:18','2022-06-21 09:32:18'),(49,'create_regions','Create Regions','Create Regions','2022-06-21 09:32:18','2022-06-21 09:32:18'),(50,'read_regions','Read Regions','Read Regions','2022-06-21 09:32:18','2022-06-21 09:32:18'),(51,'update_regions','Update Regions','Update Regions','2022-06-21 09:32:18','2022-06-21 09:32:18'),(52,'delete_regions','Delete Regions','Delete Regions','2022-06-21 09:32:18','2022-06-21 09:32:18'),(53,'create_discount','Create Discount','Create Discount','2022-06-21 09:32:18','2022-06-21 09:32:18'),(54,'read_discount','Read Discount','Read Discount','2022-06-21 09:32:18','2022-06-21 09:32:18'),(55,'update_discount','Update Discount','Update Discount','2022-06-21 09:32:18','2022-06-21 09:32:18'),(56,'delete_discount','Delete Discount','Delete Discount','2022-06-21 09:32:18','2022-06-21 09:32:18'),(57,'create_times','Create Times','Create Times','2022-06-21 09:32:18','2022-06-21 09:32:18'),(58,'read_times','Read Times','Read Times','2022-06-21 09:32:18','2022-06-21 09:32:18'),(59,'update_times','Update Times','Update Times','2022-06-21 09:32:18','2022-06-21 09:32:18'),(60,'delete_times','Delete Times','Delete Times','2022-06-21 09:32:18','2022-06-21 09:32:18'),(61,'create_tagers','Create Tagers','Create Tagers','2022-06-21 09:32:18','2022-06-21 09:32:18'),(62,'read_tagers','Read Tagers','Read Tagers','2022-06-21 09:32:18','2022-06-21 09:32:18'),(63,'update_tagers','Update Tagers','Update Tagers','2022-06-21 09:32:18','2022-06-21 09:32:18'),(64,'delete_tagers','Delete Tagers','Delete Tagers','2022-06-21 09:32:18','2022-06-21 09:32:18');

--
-- Table structure for table `personal_access_tokens`
--

CREATE TABLE `personal_access_tokens` (
  `id` bigint unsigned NOT NULL AUTO_INCREMENT,
  `tokenable_type` varchar(255) CHARACTER SET utf8mb4 COLLATE utf8mb4_unicode_ci NOT NULL,
  `tokenable_id` bigint unsigned NOT NULL,
  `name` varchar(255) CHARACTER SET utf8mb4 COLLATE utf8mb4_unicode_ci NOT NULL,
  `token` varchar(64) CHARACTER SET utf8mb4 COLLATE utf8mb4_unicode_ci NOT NULL,
  `abilities` text CHARACTER SET utf8mb4 COLLATE utf8mb4_unicode_ci,
  `last_used_at` timestamp NULL DEFAULT NULL,
  `created_at` timestamp NULL DEFAULT NULL,
  `updated_at` timestamp NULL DEFAULT NULL,
  PRIMARY KEY (`id`),
  UNIQUE KEY `personal_access_tokens_token_unique` (`token`),
  KEY `personal_access_tokens_tokenable_type_tokenable_id_index` (`tokenable_type`,`tokenable_id`)
) ENGINE=InnoDB DEFAULT CHARSET=utf8mb4 COLLATE=utf8mb4_unicode_ci;

--
-- Dumping data for table `personal_access_tokens`
--


--
-- Table structure for table `product_categories`
--

CREATE TABLE `product_categories` (
  `id` int unsigned NOT NULL AUTO_INCREMENT,
  `product_id` int unsigned DEFAULT NULL,
  `category_id` int unsigned DEFAULT NULL,
  `created_at` timestamp NULL DEFAULT NULL,
  `updated_at` timestamp NULL DEFAULT NULL,
  PRIMARY KEY (`id`),
  KEY `product_categories_product_id_foreign` (`product_id`),
  KEY `product_categories_category_id_foreign` (`category_id`)
) ENGINE=InnoDB AUTO_INCREMENT=4 DEFAULT CHARSET=utf8mb4 COLLATE=utf8mb4_unicode_ci;

--
-- Dumping data for table `product_categories`
--

INSERT INTO `product_categories` (`id`, `product_id`, `category_id`, `created_at`, `updated_at`) VALUES (1,1,1,NULL,NULL),(2,5,1,NULL,NULL),(3,6,7,NULL,NULL);

--
-- Table structure for table `product_orders`
--

CREATE TABLE `product_orders` (
  `id` int unsigned NOT NULL AUTO_INCREMENT,
  `order_id` int unsigned NOT NULL,
  `product_id` int unsigned NOT NULL,
  `user_id` int DEFAULT NULL,
  `quantity` int NOT NULL DEFAULT '1',
  `option` text CHARACTER SET utf8mb4 COLLATE utf8mb4_unicode_ci NOT NULL,
  `price` decimal(8,2) NOT NULL,
  `shipping_cost` decimal(8,2) DEFAULT NULL,
  `created_at` timestamp NULL DEFAULT NULL,
  `updated_at` timestamp NULL DEFAULT NULL,
  `category_id` int NOT NULL,
  `nameOfCart` varchar(191) CHARACTER SET utf8mb4 COLLATE utf8mb4_unicode_ci DEFAULT NULL,
  `real_price` varchar(191) CHARACTER SET utf8mb4 COLLATE utf8mb4_unicode_ci DEFAULT NULL,
  `pwr_right` varchar(191) CHARACTER SET utf8mb4 COLLATE utf8mb4_unicode_ci DEFAULT NULL,
  `pwr_left` varchar(191) CHARACTER SET utf8mb4 COLLATE utf8mb4_unicode_ci NOT NULL,
  `count_right_eye` int DEFAULT NULL,
  `count_left_eye` int DEFAULT NULL,
  `product_price` decimal(8,2) DEFAULT NULL,
  `offer_id` int DEFAULT NULL,
  `price_pwr_left` decimal(8,2) NOT NULL DEFAULT '0.00',
  `price_pwr_right` decimal(8,2) NOT NULL DEFAULT '0.00',
  `min_price` decimal(8,2) NOT NULL DEFAULT '0.00',
  PRIMARY KEY (`id`),
  KEY `product_orders_order_id_foreign` (`order_id`),
  KEY `product_orders_product_id_foreign` (`product_id`)
) ENGINE=InnoDB AUTO_INCREMENT=30 DEFAULT CHARSET=utf8mb4 COLLATE=utf8mb4_unicode_ci;

--
-- Dumping data for table `product_orders`
--

INSERT INTO `product_orders` (`id`, `order_id`, `product_id`, `user_id`, `quantity`, `option`, `price`, `shipping_cost`, `created_at`, `updated_at`, `category_id`, `nameOfCart`, `real_price`, `pwr_right`, `pwr_left`, `count_right_eye`, `count_left_eye`, `product_price`, `offer_id`, `price_pwr_left`, `price_pwr_right`, `min_price`) VALUES (1,1,1,1,1,' ',10.00,NULL,'2023-11-23 14:50:39','2023-11-23 14:50:39',1,NULL,NULL,NULL,'',NULL,NULL,NULL,NULL,0.00,0.00,0.00),(2,2,5,391,1,' ',12.00,NULL,'2023-11-23 14:51:43','2023-11-23 14:51:43',1,NULL,NULL,NULL,'',NULL,NULL,NULL,NULL,0.00,0.00,0.00),(3,3,5,391,1,' ',12.00,NULL,'2023-11-23 17:45:18','2023-11-23 17:45:18',1,NULL,NULL,NULL,'',NULL,NULL,NULL,NULL,0.00,0.00,0.00),(4,4,1,391,1,' ',10.00,NULL,'2023-11-23 23:12:56','2023-11-23 23:12:56',1,NULL,NULL,NULL,'',NULL,NULL,NULL,NULL,0.00,0.00,0.00),(12,12,1,391,1,' ',10.00,NULL,'2023-11-25 11:29:39','2023-11-25 11:29:39',1,NULL,NULL,NULL,'',NULL,NULL,NULL,NULL,0.00,0.00,0.00),(13,13,1,391,1,' ',10.00,NULL,'2023-11-25 13:13:50','2023-11-25 13:13:50',1,NULL,NULL,NULL,'',NULL,NULL,NULL,NULL,0.00,0.00,0.00),(14,14,6,391,1,' ',23.00,NULL,'2023-11-25 14:42:06','2023-11-25 14:42:06',7,NULL,NULL,NULL,'',NULL,NULL,NULL,NULL,0.00,0.00,0.00),(18,18,1,391,1,' ',10.00,NULL,'2023-11-25 23:26:26','2023-11-25 23:26:26',1,NULL,NULL,NULL,'',NULL,NULL,NULL,NULL,0.00,0.00,0.00),(19,19,1,391,1,' ',10.00,NULL,'2023-11-26 00:10:34','2023-11-26 00:10:34',1,NULL,NULL,NULL,'',NULL,NULL,NULL,NULL,0.00,0.00,0.00),(20,20,1,391,1,' ',10.00,NULL,'2023-11-26 00:17:56','2023-11-26 00:17:56',1,NULL,NULL,NULL,'',NULL,NULL,NULL,NULL,0.00,0.00,0.00),(24,24,1,391,1,' ',10.00,NULL,'2023-11-26 13:29:18','2023-11-26 13:29:18',1,NULL,NULL,NULL,'',NULL,NULL,NULL,NULL,0.00,0.00,0.00),(27,27,5,391,1,' ',12.00,NULL,'2023-11-28 10:41:51','2023-11-28 10:41:51',1,NULL,NULL,NULL,'',NULL,NULL,NULL,NULL,0.00,0.00,0.00),(28,28,1,391,1,' ',10.00,NULL,'2023-11-30 15:13:30','2023-11-30 15:13:30',1,NULL,NULL,NULL,'',NULL,NULL,NULL,NULL,0.00,0.00,0.00),(29,29,5,391,1,' ',12.00,NULL,'2023-11-30 15:25:28','2023-11-30 15:25:28',1,NULL,NULL,NULL,'',NULL,NULL,NULL,NULL,0.00,0.00,0.00);

--
-- Table structure for table `product_otherdatas`
--

CREATE TABLE `product_otherdatas` (
  `id` bigint unsigned NOT NULL AUTO_INCREMENT,
  `product_id` int unsigned DEFAULT NULL,
  `input_key_ar` varchar(191) CHARACTER SET utf8mb4 COLLATE utf8mb4_unicode_ci NOT NULL,
  `input_value_ar` varchar(191) CHARACTER SET utf8mb4 COLLATE utf8mb4_unicode_ci NOT NULL,
  `input_key_en` varchar(191) CHARACTER SET utf8mb4 COLLATE utf8mb4_unicode_ci DEFAULT NULL,
  `input_value_en` varchar(191) CHARACTER SET utf8mb4 COLLATE utf8mb4_unicode_ci DEFAULT NULL,
  `created_at` timestamp NULL DEFAULT NULL,
  `updated_at` timestamp NULL DEFAULT NULL,
  PRIMARY KEY (`id`),
  KEY `product_otherdatas_product_id_foreign` (`product_id`)
) ENGINE=InnoDB DEFAULT CHARSET=utf8mb4 COLLATE=utf8mb4_unicode_ci;

--
-- Dumping data for table `product_otherdatas`
--


--
-- Table structure for table `product_pwrs`
--

CREATE TABLE `product_pwrs` (
  `id` int unsigned NOT NULL AUTO_INCREMENT,
  `product_id` int unsigned DEFAULT NULL,
  `pwr_id` int unsigned DEFAULT NULL,
  `in_stock` int NOT NULL DEFAULT '1',
  `status` int NOT NULL DEFAULT '1',
  `created_at` timestamp NULL DEFAULT NULL,
  `updated_at` timestamp NULL DEFAULT NULL,
  PRIMARY KEY (`id`),
  KEY `product_pwrs_product_id_foreign` (`product_id`),
  KEY `product_pwrs_pwr_id_foreign` (`pwr_id`)
) ENGINE=InnoDB DEFAULT CHARSET=utf8mb4 COLLATE=utf8mb4_unicode_ci;

--
-- Dumping data for table `product_pwrs`
--


--
-- Table structure for table `product_translations`
--

CREATE TABLE `product_translations` (
  `id` int unsigned NOT NULL AUTO_INCREMENT,
  `product_id` int unsigned NOT NULL,
  `name` varchar(255) CHARACTER SET utf8mb4 COLLATE utf8mb4_unicode_ci NOT NULL,
  `content` text CHARACTER SET utf8mb4 COLLATE utf8mb4_unicode_ci,
  `meta_keywords` text CHARACTER SET utf8mb4 COLLATE utf8mb4_unicode_ci,
  `locale` varchar(255) CHARACTER SET utf8mb4 COLLATE utf8mb4_unicode_ci NOT NULL,
  `created_at` timestamp NULL DEFAULT NULL,
  `updated_at` timestamp NULL DEFAULT NULL,
  `monthly` varchar(191) CHARACTER SET utf8mb4 COLLATE utf8mb4_unicode_ci DEFAULT NULL,
  PRIMARY KEY (`id`),
  UNIQUE KEY `product_translations_product_id_locale_unique` (`product_id`,`locale`),
  KEY `product_translations_locale_index` (`locale`)
) ENGINE=InnoDB AUTO_INCREMENT=7 DEFAULT CHARSET=utf8mb4 COLLATE=utf8mb4_unicode_ci;

--
-- Dumping data for table `product_translations`
--

INSERT INTO `product_translations` (`id`, `product_id`, `name`, `content`, `meta_keywords`, `locale`, `created_at`, `updated_at`, `monthly`) VALUES (1,1,'خدمة غسيل السيارات','<p>خدمة غسيل السيارات</p>',NULL,'ar',NULL,NULL,NULL),(2,1,'خدمة غسيل السيارات','<p>خدمة غسيل السيارات</p>',NULL,'en',NULL,NULL,NULL),(3,5,'غسيل سيارات 2','<p>غسيل سيارات 2</p>',NULL,'ar',NULL,NULL,NULL),(4,5,'غسيل سيارات 2','<p>غسيل سيارات 2</p>',NULL,'en',NULL,NULL,NULL),(5,6,'غسيل سيارة','<p>غسيل سيارة&nbsp;</p>',NULL,'ar',NULL,NULL,NULL),(6,6,'غسيل سيارة','<p>غسيل سيارة&nbsp;</p>',NULL,'en',NULL,NULL,NULL);

--
-- Table structure for table `products`
--

CREATE TABLE `products` (
  `id` int unsigned NOT NULL AUTO_INCREMENT,
  `image` varchar(255) CHARACTER SET utf8mb4 COLLATE utf8mb4_unicode_ci DEFAULT NULL,
  `user_id` int unsigned DEFAULT NULL,
  `mainprice` decimal(8,2) DEFAULT '0.00',
  `discount` decimal(8,2) NOT NULL DEFAULT '0.00',
  `stoke` int NOT NULL DEFAULT '0',
  `option` enum('true','false') CHARACTER SET utf8mb4 COLLATE utf8mb4_unicode_ci DEFAULT NULL,
  `code` varchar(255) CHARACTER SET utf8mb4 COLLATE utf8mb4_unicode_ci DEFAULT NULL,
  `status` enum('pending','reject','active') CHARACTER SET utf8mb4 COLLATE utf8mb4_unicode_ci NOT NULL DEFAULT 'pending',
  `reason` longtext CHARACTER SET utf8mb4 COLLATE utf8mb4_unicode_ci,
  `deleted_at` timestamp NULL DEFAULT NULL,
  `created_at` timestamp NULL DEFAULT NULL,
  `updated_at` timestamp NULL DEFAULT NULL,
  `checked` int NOT NULL DEFAULT '1',
  `knetPay` int NOT NULL DEFAULT '0',
  `arrivalTime` varchar(191) CHARACTER SET utf8mb4 COLLATE utf8mb4_unicode_ci DEFAULT NULL,
  `news` int DEFAULT NULL,
  `const` int NOT NULL DEFAULT '0',
  `brand_id` int DEFAULT NULL,
  `category_id` int DEFAULT NULL,
  `pwr_price` decimal(10,0) DEFAULT NULL,
  `original` tinyint NOT NULL DEFAULT '0',
  `hasPwr` tinyint NOT NULL DEFAULT '0',
  `monthly` tinyint NOT NULL DEFAULT '0',
  `rate` int NOT NULL DEFAULT '0',
  PRIMARY KEY (`id`),
  KEY `products_user_id_foreign` (`user_id`)
) ENGINE=InnoDB AUTO_INCREMENT=7 DEFAULT CHARSET=utf8mb4 COLLATE=utf8mb4_unicode_ci;

--
-- Dumping data for table `products`
--

INSERT INTO `products` (`id`, `image`, `user_id`, `mainprice`, `discount`, `stoke`, `option`, `code`, `status`, `reason`, `deleted_at`, `created_at`, `updated_at`, `checked`, `knetPay`, `arrivalTime`, `news`, `const`, `brand_id`, `category_id`, `pwr_price`, `original`, `hasPwr`, `monthly`, `rate`) VALUES (1,'2023-11-13-289ca1bd61bad475c8c3ae6dc811d8e4.png',391,12.00,10.00,0,NULL,NULL,'active',NULL,NULL,'2023-11-13 19:46:07','2023-11-14 20:22:15',1,0,NULL,NULL,0,NULL,0,NULL,0,0,0,3),(5,'2023-11-19-681ab0e34f86468102cac5c0adca7714.png',391,0.00,12.00,0,NULL,NULL,'active',NULL,NULL,'2023-11-19 01:01:37','2023-11-19 01:02:38',1,0,NULL,NULL,0,NULL,0,NULL,0,0,0,0),(6,'2023-11-25-download.jpg',391,0.00,23.00,0,NULL,NULL,'active',NULL,NULL,'2023-11-25 14:34:44','2023-11-25 14:37:41',1,0,NULL,NULL,0,NULL,0,NULL,0,0,0,0);

--
-- Table structure for table `public_notifcations`
--

CREATE TABLE `public_notifcations` (
  `id` int unsigned NOT NULL AUTO_INCREMENT,
  `user_id` int unsigned DEFAULT NULL,
  `title` varchar(255) CHARACTER SET utf8mb4 COLLATE utf8mb4_unicode_ci NOT NULL,
  `message` text CHARACTER SET utf8mb4 COLLATE utf8mb4_unicode_ci NOT NULL,
  `data` text CHARACTER SET utf8mb4 COLLATE utf8mb4_unicode_ci NOT NULL,
  `created_at` timestamp NULL DEFAULT NULL,
  `updated_at` timestamp NULL DEFAULT NULL,
  `group` int DEFAULT NULL,
  PRIMARY KEY (`id`),
  KEY `public_notifcations_user_id_foreign` (`user_id`)
) ENGINE=InnoDB AUTO_INCREMENT=79 DEFAULT CHARSET=utf8mb4 COLLATE=utf8mb4_unicode_ci;

--
-- Dumping data for table `public_notifcations`
--

INSERT INTO `public_notifcations` (`id`, `user_id`, `title`, `message`, `data`, `created_at`, `updated_at`, `group`) VALUES (72,1,'','لحقوا على آخر عروضنا المقدمة من شركة سيفتي ووش لغسيل السيارات \r\n\r\nالعرض ساري لفترة محدودة \r\n\r\nتواصلوا ويانا الحين على رقم \r\n\r\n 60007592\r\n\r\nانستقرام :  https://www.instagram.com/safety.wash.q8\r\n\r\nاحجز الحين وغّسل سيارتك بعدين','{\"image\":\"https:\\/\\/faltamediaa.topapp-kw.com\\/storage\\/images\\/notifications\\/pfwrSjyulCJ1AlBIWA1aiMGI0rxw23Njbgez1xR8.jpg\"}','2023-12-14 11:40:21','2023-12-14 11:40:21',16),(73,1,'','لحقوا على آخر عروضنا المقدمة من شركة سيفتي ووش لغسيل السيارات 🤩\r\n\r\n🌟 العرض ساري لفترة محدودة \r\n\r\nتواصلوا ويانا الحين على رقم \r\n\r\n📞 60007592\r\n\r\nانستقرام :  https://www.instagram.com/safety.wash.q8\r\n\r\nاحجز الحين وغّسل سيارتك بعدين 😍','{\"image\":\"https:\\/\\/faltamediaa.topapp-kw.com\\/storage\\/images\\/notifications\\/ysaE2AxxkP8409vsYNXH6MTn00dZWL64XdeXCkz6.jpg\"}','2023-12-14 11:41:01','2023-12-14 11:41:01',16),(74,1,'','لحقوا على آخر عروضنا المقدمة من شركة سيفتي ووش لغسيل السيارات 🤩\r\n\r\n🌟 العرض ساري لفترة محدودة \r\n\r\nتواصلوا ويانا الحين على رقم \r\n\r\n📞 60007592\r\n\r\nانستقرام :  https://www.instagram.com/safety.wash.q8\r\n\r\nاحجز الحين وغّسل سيارتك بعدين 😍','{\"image\":\"https:\\/\\/faltamediaa.topapp-kw.com\\/storage\\/images\\/notifications\\/QnvOqZQQeIvjOWDug6ExJoHAnlGCK6Nd8DMQcpml.jpg\"}','2023-12-14 12:12:13','2023-12-14 12:12:13',15),(76,1,'','وفــر فلوســك  🤩  \r\nواحصل على عرض التوفير من سيفتي ووش 🌟\r\nغّسل سيارتك الحين بسعر 3 دنانير فقط *لفترة محدودة*\r\n\r\nأطلب العرض الحين أو احجزه حق بعدين\r\n\r\nتواصل ويانا على رقم 📞 60007592   \r\nhttps://www.instagram.com/safety.wash.q8 انستقرام','{\"image\":\"https:\\/\\/faltamediaa.topapp-kw.com\\/storage\\/images\\/notifications\\/z4oYYk2A08zvroq2r61fokcwuLUBuNQMkPnfHbBy.png\"}','2024-01-24 12:02:14','2024-01-24 12:02:14',17),(77,1,'','وفــر فلوســك  🤩  \r\nواحصل على عرض التوفير من سيفتي ووش 🌟\r\nغّسل سيارتك الحين بسعر 3 دنانير فقط لفترة محدودة\r\n\r\nأطلب العرض الحين أو احجزه حق بعدين\r\n\r\nتواصل ويانا على رقم 📞 60007592   \r\n\r\nhttps://www.instagram.com/safety.wash.q8 انستقرام','{\"image\":\"https:\\/\\/faltamediaa.topapp-kw.com\\/storage\\/images\\/notifications\\/m046pSAp0QKodEe5sHnJ06YCgHWUHIq0SF3qa7iy.png\"}','2024-01-24 12:19:32','2024-01-24 12:19:32',18),(78,1,'','وفــر فلوســك  🤩  \r\nواحصل على عرض التوفير من سيفتي ووش 🌟\r\nغّسل سيارتك الحين بسعر 3 دنانير فقط لفترة محدودة\r\n\r\nأطلب العرض الحين أو احجزه حق بعدين\r\n\r\nتواصل ويانا على رقم 📞 60007592   \r\n\r\nhttps://www.instagram.com/safety.wash.q8 انستقرام','{\"image\":\"https:\\/\\/faltamediaa.topapp-kw.com\\/storage\\/images\\/notifications\\/DiYPLK4XYX0EvKGl2jcJ1JC04JXhA7ERsFLEvZtd.png\"}','2024-01-24 12:35:53','2024-01-24 12:35:53',18);

--
-- Table structure for table `pwrs`
--

CREATE TABLE `pwrs` (
  `id` int unsigned NOT NULL AUTO_INCREMENT,
  `name` varchar(255) CHARACTER SET utf8mb4 COLLATE utf8mb4_unicode_ci NOT NULL,
  `stoke` int NOT NULL DEFAULT '1',
  `stoke_staus` int NOT NULL DEFAULT '1',
  `created_at` timestamp NULL DEFAULT NULL,
  `updated_at` timestamp NULL DEFAULT NULL,
  PRIMARY KEY (`id`)
) ENGINE=InnoDB DEFAULT CHARSET=utf8mb4 COLLATE=utf8mb4_unicode_ci;

--
-- Dumping data for table `pwrs`
--


--
-- Table structure for table `rate_users`
--

CREATE TABLE `rate_users` (
  `id` int unsigned NOT NULL AUTO_INCREMENT,
  `title` varchar(255) CHARACTER SET utf8mb4 COLLATE utf8mb4_unicode_ci DEFAULT NULL,
  `content` text CHARACTER SET utf8mb4 COLLATE utf8mb4_unicode_ci,
  `rate` int NOT NULL DEFAULT '1',
  `user_id` int unsigned NOT NULL,
  `created_at` timestamp NULL DEFAULT NULL,
  `updated_at` timestamp NULL DEFAULT NULL,
  `company_id` int DEFAULT NULL,
  `order_id` int DEFAULT NULL,
  PRIMARY KEY (`id`),
  KEY `rate_users_user_id_foreign` (`user_id`)
) ENGINE=InnoDB AUTO_INCREMENT=22 DEFAULT CHARSET=utf8mb4 COLLATE=utf8mb4_unicode_ci;

--
-- Dumping data for table `rate_users`
--

INSERT INTO `rate_users` (`id`, `title`, `content`, `rate`, `user_id`, `created_at`, `updated_at`, `company_id`, `order_id`) VALUES (1,'الشغل ممتاز','الشغل ممتاز جداا',3,1,NULL,NULL,391,NULL),(2,NULL,'text title',5,391,'2023-11-22 20:07:55','2023-11-22 20:07:55',NULL,NULL),(3,NULL,'text title',5,391,'2023-11-22 20:07:57','2023-11-22 20:07:57',NULL,NULL),(4,NULL,'text title',5,391,'2023-11-22 20:08:09','2023-11-22 20:08:09',NULL,NULL),(5,NULL,'text title',5,391,'2023-11-22 20:09:37','2023-11-22 20:09:37',NULL,NULL),(6,NULL,'text title',5,391,'2023-11-22 20:10:37','2023-11-22 20:10:37',391,NULL),(7,NULL,'text title',5,391,'2023-11-22 20:34:05','2023-11-22 20:34:05',391,NULL),(8,NULL,'text title',5,391,'2023-11-22 20:34:27','2023-11-22 20:34:27',391,81),(9,NULL,'fdsgfdsgfsd',0,388,'2023-11-24 00:06:06','2023-11-24 00:06:06',391,1),(10,NULL,'fdsgfdsgfsd',4,388,'2023-11-24 00:06:22','2023-11-24 00:06:22',391,1),(11,NULL,'ممتاز',5,388,'2023-11-24 00:06:59','2023-11-24 00:06:59',391,2),(12,NULL,'ممتاز',5,388,'2023-11-24 00:07:25','2023-11-24 00:07:25',391,3),(13,NULL,'ممتاز يانور',4,388,'2023-11-24 00:26:18','2023-11-24 00:26:18',391,2),(14,NULL,'ممتاز يانور',4,388,'2023-11-24 00:27:26','2023-11-24 00:27:26',391,2),(15,NULL,'text title',5,391,'2023-11-24 00:27:53','2023-11-24 00:27:53',391,81),(16,NULL,'يسبلبسي',3,388,'2023-11-24 00:28:25','2023-11-24 00:28:25',391,4),(17,NULL,'يسبلبسي',3,388,'2023-11-24 00:29:07','2023-11-24 00:29:07',391,4),(18,NULL,'يسبلبسي',3,388,'2023-11-24 00:30:30','2023-11-24 00:30:30',391,4),(19,NULL,'dafgfdsgfdsgsdds',3,388,'2023-11-24 00:32:27','2023-11-24 00:32:27',391,1),(20,NULL,'answer shehata',5,388,'2023-11-25 11:52:25','2023-11-25 11:52:25',391,1),(21,NULL,'خد مة ممتازة جدا',5,388,'2023-11-25 14:48:31','2023-11-25 14:48:31',391,1);

--
-- Table structure for table `refund_products`
--

CREATE TABLE `refund_products` (
  `id` int unsigned NOT NULL AUTO_INCREMENT,
  `user_id` int unsigned DEFAULT NULL,
  `product_order_id` int unsigned DEFAULT NULL,
  `product_id` int unsigned DEFAULT NULL,
  `type` varchar(255) CHARACTER SET utf8mb4 COLLATE utf8mb4_unicode_ci DEFAULT NULL,
  `notes` text CHARACTER SET utf8mb4 COLLATE utf8mb4_unicode_ci,
  `created_at` timestamp NULL DEFAULT NULL,
  `updated_at` timestamp NULL DEFAULT NULL,
  `restore` int DEFAULT '0',
  PRIMARY KEY (`id`),
  KEY `refund_products_user_id_foreign` (`user_id`),
  KEY `refund_products_product_id_foreign` (`product_id`),
  KEY `refund_products_product_order_id_foreign` (`product_order_id`)
) ENGINE=InnoDB DEFAULT CHARSET=utf8mb4 COLLATE=utf8mb4_unicode_ci;

--
-- Dumping data for table `refund_products`
--


--
-- Table structure for table `region_translations`
--

CREATE TABLE `region_translations` (
  `id` int unsigned NOT NULL AUTO_INCREMENT,
  `region_id` int unsigned NOT NULL,
  `name` varchar(255) CHARACTER SET utf8mb4 COLLATE utf8mb4_unicode_ci NOT NULL,
  `locale` varchar(255) CHARACTER SET utf8mb4 COLLATE utf8mb4_unicode_ci NOT NULL,
  `created_at` timestamp NULL DEFAULT NULL,
  `updated_at` timestamp NULL DEFAULT NULL,
  `arrival` varchar(191) CHARACTER SET utf8mb4 COLLATE utf8mb4_unicode_ci DEFAULT NULL,
  PRIMARY KEY (`id`),
  UNIQUE KEY `region_translations_region_id_locale_unique` (`region_id`,`locale`),
  KEY `region_translations_locale_index` (`locale`)
) ENGINE=InnoDB AUTO_INCREMENT=305 DEFAULT CHARSET=utf8mb4 COLLATE=utf8mb4_unicode_ci;

--
-- Dumping data for table `region_translations`
--

INSERT INTO `region_translations` (`id`, `region_id`, `name`, `locale`, `created_at`, `updated_at`, `arrival`) VALUES (37,19,'مدينة الكويت','ar',NULL,NULL,'بعد ٢٤ ساعة'),(38,19,'kuwait City','en',NULL,NULL,'After 24 Hours'),(39,20,'دسمان','ar',NULL,NULL,'بعد ٢٤ ساعة'),(40,20,'Dasman','en',NULL,NULL,'After 24 Hours'),(41,21,'شرق','ar',NULL,NULL,'بعد ٢٤ ساعة'),(42,21,'Sharq','en',NULL,NULL,'After 24 Hours'),(43,22,'الصوابر','ar',NULL,NULL,'بعد ٢٤ ساعة'),(44,22,'Sawber','en',NULL,NULL,'After 24 Hours'),(45,23,'المرقاب','ar',NULL,NULL,'بعد ٢٤ ساعة'),(46,23,'Mirqab','en',NULL,NULL,'After 24 Hours'),(47,24,'القبلة','ar',NULL,NULL,'بعد ٢٤ ساعة'),(48,24,'Qibla','en',NULL,NULL,'After 24 Hours'),(49,25,'الصالحية','ar',NULL,NULL,'بعد ٢٤ ساعة'),(50,25,'Salhiya','en',NULL,NULL,'After 24 Hours'),(51,26,'الوطية','ar',NULL,NULL,'بعد ٢٤ ساعة'),(52,26,'Watiya','en',NULL,NULL,'After 24 Hours'),(53,27,'بنيد القار','ar',NULL,NULL,'بعد ٢٤ ساعة'),(54,27,'Binid elgar','en',NULL,NULL,'After 24 Hours'),(55,28,'كيفان','ar',NULL,NULL,'بعد ٢٤ ساعة'),(56,28,'Kefan','en',NULL,NULL,'After 24 Hours'),(57,29,'الدوحة','ar',NULL,NULL,'بعد ٢٤ ساعة'),(58,29,'Douha','en',NULL,NULL,'After 24 Hours'),(59,30,'الدسمة','ar',NULL,NULL,'بعد ٢٤ ساعة'),(60,30,'Dasma','en',NULL,NULL,'After 24 Hours'),(61,31,'الدعية','ar',NULL,NULL,'بعد ٢٤ ساعة'),(62,31,'Daiya','en',NULL,NULL,'After 24 Hours'),(63,32,'المنصورية','ar',NULL,NULL,'بعد ٢٤ ساعة'),(64,32,'Mansoriya','en',NULL,NULL,'After 24 Hours'),(65,33,'ضاحية عبد الله السالم','ar',NULL,NULL,'بعد ٢٤ ساعة'),(66,33,'Abdulallah al-salem','en',NULL,NULL,'After 24 Hours'),(67,34,'النزهة','ar',NULL,NULL,'بعد ٢٤ ساعة'),(68,34,'Nuzha','en',NULL,NULL,'After 24 Hours'),(69,35,'الفيحاء','ar',NULL,NULL,'بعد ٢٤ ساعة'),(70,35,'Fayha','en',NULL,NULL,'After 24 Hours'),(71,36,'الشامية','ar',NULL,NULL,'بعد ٢٤ ساعة'),(72,36,'Shamiya','en',NULL,NULL,'After 24 Hours'),(73,37,'الروضة','ar',NULL,NULL,'بعد ٢٤ ساعة'),(74,37,'Rowda','en',NULL,NULL,'After 24 Hours'),(75,38,'العديلية','ar',NULL,NULL,'بعد ٢٤ ساعة'),(76,38,'Adileya','en',NULL,NULL,'After 24 Hours'),(77,39,'الخالدية','ar',NULL,NULL,'بعد ٢٤ ساعة'),(78,39,'khaldiya','en',NULL,NULL,'After 24 Hours'),(79,40,'القادسية','ar',NULL,NULL,'بعد ٢٤ ساعة'),(80,40,'Qadisya','en',NULL,NULL,'After 24 Hours'),(81,41,'قرطبة','ar',NULL,NULL,'بعد ٢٤ ساعة'),(82,41,'Qurtoba','en',NULL,NULL,'After 24 Hours'),(83,42,'السرة','ar',NULL,NULL,'بعد ٢٤ ساعة'),(84,42,'Sorra','en',NULL,NULL,'After 24 Hours'),(85,43,'اليرموك','ar',NULL,NULL,'بعد ٢٤ ساعة'),(86,43,'Yarmouk','en',NULL,NULL,'After 24 Hours'),(87,44,'الشويخ','ar',NULL,NULL,'بعد ٢٤ ساعة'),(88,44,'Shiwayakh','en',NULL,NULL,'After 24 Hours'),(89,45,'الري','ar',NULL,NULL,'بعد ٢٤ ساعة'),(90,45,'Alrai','en',NULL,NULL,'After 24 Hours'),(91,46,'غرناطة','ar',NULL,NULL,'بعد ٢٤ ساعة'),(92,46,'Granada','en',NULL,NULL,'After 24 Hours'),(93,47,'الصليبيخات','ar',NULL,NULL,'بعد ٢٤ ساعة'),(94,47,'Sulibkhat','en',NULL,NULL,'After 24 Hours'),(95,48,'النهضة','ar',NULL,NULL,'بعد ٢٤ ساعة'),(96,48,'Nahda','en',NULL,NULL,'After 24 Hours'),(97,49,'مدينة جابر الأحمد','ar',NULL,NULL,'بعد ٢٤ ساعة'),(98,49,'Jaber Al-ahmed city','en',NULL,NULL,'After 24 Hours'),(99,50,'القيروان','ar',NULL,NULL,'بعد ٢٤ ساعة'),(100,50,'Qairawan','en',NULL,NULL,'After 24 Hours'),(101,51,'شمال غرب الصليبيخات','ar',NULL,NULL,'بعد ٢٤ ساعة'),(102,51,'East Sulibkhat','en',NULL,NULL,'After 24 Hours'),(103,52,'الفنطاس','ar',NULL,NULL,'بعد ٢٤ ساعة'),(104,52,'Fintas','en',NULL,NULL,'After 24 Hours'),(105,53,'العقيلة','ar',NULL,NULL,'بعد ٢٤ ساعة'),(106,53,'Eqaila','en',NULL,NULL,'After 24 Hours'),(107,54,'الظهر','ar',NULL,NULL,'بعد ٢٤ ساعة'),(108,54,'Zuhor','en',NULL,NULL,'After 24 Hours'),(109,55,'المقوع','ar',NULL,NULL,'بعد ٢٤ ساعة'),(110,55,'Moqwa','en',NULL,NULL,'After 24 Hours'),(111,56,'المهبولة','ar',NULL,NULL,'بعد ٢٤ ساعة'),(112,56,'Mahbola','en',NULL,NULL,'After 24 Hours'),(113,57,'الرقة','ar',NULL,NULL,'بعد ٢٤ ساعة'),(114,57,'Riqa','en',NULL,NULL,'After 24 Hours'),(115,58,'هدية','ar',NULL,NULL,'بعد ٢٤ ساعة'),(116,58,'Hadiya','en',NULL,NULL,'After 24 Hours'),(117,59,'أبو حليفة','ar',NULL,NULL,'بعد ٢٤ ساعة'),(118,59,'Abu helifa','en',NULL,NULL,'After 24 Hours'),(119,60,'الصباحية','ar',NULL,NULL,'بعد ٢٤ ساعة'),(120,60,'Sabhiya','en',NULL,NULL,'After 24 Hours'),(121,61,'المنقف','ar',NULL,NULL,'بعد ٢٤ ساعة'),(122,61,'Manqaf','en',NULL,NULL,'After 24 Hours'),(123,62,'الفحيحيل','ar',NULL,NULL,'بعد ٢٤ ساعة'),(124,62,'Fahahel','en',NULL,NULL,'After 24 Hours'),(125,63,'الأحمدي','ar',NULL,NULL,'بعد ٢٤ ساعة'),(126,63,'Ahmadi','en',NULL,NULL,'After 24 Hours'),(127,64,'الوفرة','ar',NULL,NULL,'بعد ٢٤ ساعة'),(128,64,'Wafra','en',NULL,NULL,'After 24 Hours'),(129,65,'الزور','ar',NULL,NULL,'بعد ٢٤ ساعة'),(130,65,'Zoor','en',NULL,NULL,'After 24 Hours'),(131,66,'الخيران','ar',NULL,NULL,'بعد ٢٤ ساعة'),(132,66,'Khiyran','en',NULL,NULL,'After 24 Hours'),(133,67,'ميناء عبد الله','ar',NULL,NULL,'بعد ٢٤ ساعة'),(134,67,'Menaa Abdulallah','en',NULL,NULL,'After 24 Hours'),(135,68,'الوفرة الزراعية','ar',NULL,NULL,'بعد ٢٤ ساعة'),(136,68,'Wafra ziraeya','en',NULL,NULL,'After 24 Hours'),(137,69,'بنيدر','ar',NULL,NULL,'بعد ٢٤ ساعة'),(138,69,'Binder','en',NULL,NULL,'After 24 Hours'),(139,70,'الجليعة','ar',NULL,NULL,'بعد ٢٤ ساعة'),(140,70,'Gelaya','en',NULL,NULL,'After 24 Hours'),(141,71,'الضباعية','ar',NULL,NULL,'بعد ٢٤ ساعة'),(142,71,'Dabiya','en',NULL,NULL,'After 24 Hours'),(143,72,'ضاحية جابر العلي','ar',NULL,NULL,'بعد ٢٤ ساعة'),(144,72,'Jaber Al-ali','en',NULL,NULL,'بعد ٢٤ ساعة'),(145,73,'ضاحية فهد الأحمد','ar',NULL,NULL,'بعد ٢٤ ساعة'),(146,73,'Fahd Al-ahmed','en',NULL,NULL,'After 24 Hours'),(147,74,'الشعيبة','ar',NULL,NULL,'بعد ٢٤ ساعة'),(148,74,'Sheeyba','en',NULL,NULL,'After 24 Hours'),(149,75,'واره','ar',NULL,NULL,'بعد ٢٤ ساعة'),(150,75,'Waaraa','en',NULL,NULL,'After 24 Hours'),(151,76,'مدينة صباح الأحمد','ar',NULL,NULL,'بعد ٢٤ ساعة'),(152,76,'Sobah Al-ahmed','en',NULL,NULL,'After 24 Hours'),(153,77,'النويصيب','ar',NULL,NULL,'بعد ٢٤ ساعة'),(154,77,'Nouyseb','en',NULL,NULL,'After 24 Hours'),(155,78,'مدينة الخيران','ar',NULL,NULL,'بعد ٢٤ ساعة'),(156,78,'Khiran City','en',NULL,NULL,'After 24 Hours'),(157,79,'ضاحية علي صباح السالم أم الهيمان سابقاً','ar',NULL,NULL,'بعد ٢٤ ساعة'),(158,79,'Ali Subah Al-salem','en',NULL,NULL,'After 24 Hours'),(159,80,'مدينة صباح الأحمد البحرية','ar',NULL,NULL,'بعد ٢٤ ساعة'),(160,80,'Subah Al-ahmed bahrya','en',NULL,NULL,'After 24 Hours'),(161,81,'أبرق خيطان','ar',NULL,NULL,'بعد ٢٤ ساعة'),(162,81,'Abrq Khitan','en',NULL,NULL,'After 24 Hours'),(163,82,'الأندلس','ar',NULL,NULL,'بعد ٢٤ ساعة'),(164,82,'Andalus','en',NULL,NULL,'After 24 Hours'),(165,83,'اشبيلية','ar',NULL,NULL,'بعد ٢٤ ساعة'),(166,83,'Ashbilya','en',NULL,NULL,'After 24 Hours'),(167,84,'جليب الشيوخ','ar',NULL,NULL,'بعد ٢٤ ساعة'),(168,84,'Jeleeb Al-shwikh','en',NULL,NULL,'After 24 Hours'),(169,85,'خيطان','ar',NULL,NULL,'بعد ٢٤ ساعة'),(170,85,'Khitan','en',NULL,NULL,'After 24 Hours'),(171,86,'خيطان الجديدة','ar',NULL,NULL,'بعد ٢٤ ساعة'),(172,86,'New Khitan','en',NULL,NULL,'After 24 Hours'),(173,87,'العمرية','ar',NULL,NULL,'بعد ٢٤ ساعة'),(174,87,'Omarya','en',NULL,NULL,'After 24 Hours'),(175,88,'العارضية','ar',NULL,NULL,'بعد ٢٤ ساعة'),(176,88,'Ardiya','en',NULL,NULL,'After 24 Hours'),(177,89,'العارضية الصناعية','ar',NULL,NULL,'بعد ٢٤ ساعة'),(178,89,'Ardiya Senaya','en',NULL,NULL,'After 24 Hours'),(179,90,'العباسية','ar',NULL,NULL,'بعد ٢٤ ساعة'),(180,90,'Abasiya','en',NULL,NULL,'After 24 Hours'),(181,91,'الفردوس','ar',NULL,NULL,'بعد ٢٤ ساعة'),(182,91,'Fardaus','en',NULL,NULL,'After 24 Hours'),(183,92,'الفروانية','ar',NULL,NULL,'بعد ٢٤ ساعة'),(184,92,'Farwaniya','en',NULL,NULL,'After 24 Hours'),(185,93,'الحساوي','ar',NULL,NULL,'بعد ٢٤ ساعة'),(186,93,'Hasawi','en',NULL,NULL,'After 24 Hours'),(187,94,'الشدادية','ar',NULL,NULL,'بعد ٢٤ ساعة'),(188,94,'Shadadya','en',NULL,NULL,'After 24 Hours'),(189,95,'الرابية','ar',NULL,NULL,'بعد ٢٤ ساعة'),(190,95,'Rabya','en',NULL,NULL,'After 24 Hours'),(191,96,'الرحاب','ar',NULL,NULL,'بعد ٢٤ ساعة'),(192,96,'Rehab','en',NULL,NULL,'After 24 Hours'),(193,97,'الرقعي','ar',NULL,NULL,'بعد ٢٤ ساعة'),(194,97,'Reqai','en',NULL,NULL,'After 24 Hours'),(195,98,'الري الصناعية','ar',NULL,NULL,'بعد ٢٤ ساعة'),(196,98,'Al-rai senya','en',NULL,NULL,'After 24 Hours'),(197,99,'ضاحية صباح الناصر','ar',NULL,NULL,'بعد ٢٤ ساعة'),(198,99,'Sobah - Al-nasser','en',NULL,NULL,'After 24 Hours'),(199,100,'ضاحية عبد الله المبارك','ar',NULL,NULL,'بعد ٢٤ ساعة'),(200,100,'Abdulallh Mubarak','en',NULL,NULL,'After 24 Hours'),(201,101,'الضجيج','ar',NULL,NULL,'بعد ٢٤ ساعة'),(202,101,'Dagej','en',NULL,NULL,'After 24 Hours'),(203,102,'الصليبية','ar',NULL,NULL,'بعد ٢٤ ساعة'),(204,102,'Salibiya','en',NULL,NULL,'After 24 Hours'),(205,103,'أمغرة','ar',NULL,NULL,'بعد ٢٤ ساعة'),(206,103,'Amgra','en',NULL,NULL,'After 24 Hours'),(207,104,'النعيم','ar',NULL,NULL,'بعد ٢٤ ساعة'),(208,104,'Naeem','en',NULL,NULL,'After 24 Hours'),(209,105,'القصر','ar',NULL,NULL,'بعد ٢٤ ساعة'),(210,105,'Qasr','en',NULL,NULL,'After 24 Hours'),(211,106,'الواحة','ar',NULL,NULL,'بعد ٢٤ ساعة'),(212,106,'Waha','en',NULL,NULL,'After 24 Hours'),(213,107,'تيماء','ar',NULL,NULL,'بعد ٢٤ ساعة'),(214,107,'Tayma','en',NULL,NULL,'After 24 Hours'),(215,108,'النسيم','ar',NULL,NULL,'بعد ٢٤ ساعة'),(216,108,'Nassem','en',NULL,NULL,'After 24 Hours'),(217,109,'العيون','ar',NULL,NULL,'بعد ٢٤ ساعة'),(218,109,'Eyoun','en',NULL,NULL,'After 24 Hours'),(219,110,'القيصرية','ar',NULL,NULL,'بعد ٢٤ ساعة'),(220,110,'Qaysarya','en',NULL,NULL,'After 24 Hours'),(221,111,'العبدلي','ar',NULL,NULL,'بعد ٢٤ ساعة'),(222,111,'Abali','en',NULL,NULL,'After 24 Hours'),(223,112,'الجهراء القديمة','ar',NULL,NULL,'بعد ٢٤ ساعة'),(224,112,'Old Jahra','en',NULL,NULL,'After 24 Hours'),(225,113,'الجهراء الجديدة','ar',NULL,NULL,'بعد ٢٤ ساعة'),(226,113,'New jahra','en',NULL,NULL,'After 24 Hours'),(227,114,'كاظمة','ar',NULL,NULL,'بعد ٢٤ ساعة'),(228,114,'Kazma','en',NULL,NULL,'After 24 Hours'),(229,115,'مدينة سعد العبد الله','ar',NULL,NULL,'بعد ٢٤ ساعة'),(230,115,'Saad - Al-abdullah','en',NULL,NULL,'After 24 Hours'),(231,116,'السالمي','ar',NULL,NULL,'بعد ٢٤ ساعة'),(232,116,'Alsalmi','en',NULL,NULL,'After 24 Hours'),(233,117,'المطلاع','ar',NULL,NULL,'بعد ٢٤ ساعة'),(234,117,'Metlah','en',NULL,NULL,'After 24 Hours'),(235,118,'مدينة الحرير','ar',NULL,NULL,'بعد ٢٤ ساعة'),(236,118,'Harir city','en',NULL,NULL,'After 24 Hours'),(237,119,'كبد','ar',NULL,NULL,'بعد ٢٤ ساعة'),(238,119,'Kabad','en',NULL,NULL,'After 24 Hours'),(239,120,'الروضتين','ar',NULL,NULL,'بعد ٢٤ ساعة'),(240,120,'Rawdaten','en',NULL,NULL,'After 24 Hours'),(241,121,'الصبية','ar',NULL,NULL,'بعد ٢٤ ساعة'),(242,121,'Subya','en',NULL,NULL,'After 24 Hours'),(243,122,'حولي','ar',NULL,NULL,'بعد ٢٤ ساعة'),(244,122,'Hawalli','en',NULL,NULL,'After 24 Hours'),(245,123,'الشعب','ar',NULL,NULL,'بعد ٢٤ ساعة'),(246,123,'Shaab','en',NULL,NULL,'After 24 Hours'),(247,124,'السالمية','ar',NULL,NULL,'بعد ٢٤ ساعة'),(248,124,'Salmya','en',NULL,NULL,'After 24 Hours'),(249,125,'الرميثية','ar',NULL,NULL,'بعد ٢٤ ساعة'),(250,125,'Romythiya','en',NULL,NULL,'After 24 Hours'),(251,126,'الجابرية','ar',NULL,NULL,'بعد ٢٤ ساعة'),(252,126,'Jabrya','en',NULL,NULL,'After 24 Hours'),(253,127,'مشرف','ar',NULL,NULL,'بعد ٢٤ ساعة'),(254,127,'Meshrif','en',NULL,NULL,'After 24 Hours'),(255,128,'بيان','ar',NULL,NULL,'بعد ٢٤ ساعة'),(256,128,'Bayan','en',NULL,NULL,'After 24 Hours'),(257,129,'آلبدع','ar',NULL,NULL,'بعد ٢٤ ساعة'),(258,129,'Albedaa','en',NULL,NULL,'After 24 Hours'),(259,130,'النقرة','ar',NULL,NULL,'بعد ٢٤ ساعة'),(260,130,'Noqra','en',NULL,NULL,'After 24 Hours'),(261,131,'ميدان حولي','ar',NULL,NULL,'بعد ٢٤ ساعة'),(262,131,'Medaan Hawalli','en',NULL,NULL,'After 24 Hours'),(263,132,'ضاحية مبارك العبد الله الجابر','ar',NULL,NULL,'بعد ٢٤ ساعة'),(264,132,'Mubarak Al-adbullah Algaber','en',NULL,NULL,'After 24 Hours'),(265,133,'سلوى','ar',NULL,NULL,'بعد ٢٤ ساعة'),(266,133,'Salwa','en',NULL,NULL,'After 24 Hours'),(267,134,'جنوب السرة','ar',NULL,NULL,'بعد ٢٤ ساعة'),(268,134,'Ganub Al-Surra','en',NULL,NULL,'After 24 Hours'),(269,135,'الزهراء','ar',NULL,NULL,'بعد ٢٤ ساعة'),(270,135,'Al-zahra','en',NULL,NULL,'After 24 Hours'),(271,136,'الصديق','ar',NULL,NULL,'بعد ٢٤ ساعة'),(272,136,'Sedeq','en',NULL,NULL,'After 24 Hours'),(273,137,'حطين','ar',NULL,NULL,'بعد ٢٤ ساعة'),(274,137,'Hiten','en',NULL,NULL,'After 24 Hours'),(275,138,'السلام','ar',NULL,NULL,'بعد ٢٤ ساعة'),(276,138,'Alsalam','en',NULL,NULL,'After 24 Hours'),(277,139,'الشهداء','ar',NULL,NULL,'بعد ٢٤ ساعة'),(278,139,'Showhada','en',NULL,NULL,'After 24 Hours'),(279,140,'العدان','ar',NULL,NULL,'بعد ٢٤ ساعة'),(280,140,'Adan','en',NULL,NULL,'After 24 Hours'),(281,141,'القصور','ar',NULL,NULL,'بعد ٢٤ ساعة'),(282,141,'Qusor','en',NULL,NULL,'After 24 Hours'),(283,142,'القرين','ar',NULL,NULL,'بعد ٢٤ ساعة'),(284,142,'Quren','en',NULL,NULL,'After 24 Hours'),(285,143,'ضاحية صباح السالم','ar',NULL,NULL,'بعد ٢٤ ساعة'),(286,143,'Subah Al-salem','en',NULL,NULL,'After 24 Hours'),(287,144,'المسيلة','ar',NULL,NULL,'بعد ٢٤ ساعة'),(288,144,'Mesilya','en',NULL,NULL,'After 24 Hours'),(289,145,'المسايل','ar',NULL,NULL,'بعد ٢٤ ساعة'),(290,145,'Masayel','en',NULL,NULL,'After 24 Hours'),(291,146,'أبو فطيرة','ar',NULL,NULL,'بعد ٢٤ ساعة'),(292,146,'Abu fetra','en',NULL,NULL,'After 24 Hours'),(293,147,'أبو الحصانية','ar',NULL,NULL,'بعد ٢٤ ساعة'),(294,147,'Abu Alhusanya','en',NULL,NULL,'After 24 Hours'),(295,148,'صبحان','ar',NULL,NULL,'بعد ٢٤ ساعة'),(296,148,'Sabhan','en',NULL,NULL,'After 24 Hours'),(297,149,'الفنيطيس','ar',NULL,NULL,'بعد ٢٤ ساعة'),(298,149,'Fintes','en',NULL,NULL,'After 24 Hours'),(301,151,'ضاحيه مبارك الكبير','ar',NULL,NULL,'ضاحيه مبارك الكبير'),(302,151,'ضاحيه مبارك الكبير','en',NULL,NULL,'ضاحيه مبارك الكبير'),(303,152,'شارع فهد السالم','ar',NULL,NULL,NULL),(304,152,'Fahad alsalem st','en',NULL,NULL,NULL);

--
-- Table structure for table `regions`
--

CREATE TABLE `regions` (
  `id` int unsigned NOT NULL AUTO_INCREMENT,
  `status` tinyint(1) NOT NULL DEFAULT '1',
  `address_address` varchar(255) CHARACTER SET utf8mb4 COLLATE utf8mb4_unicode_ci NOT NULL,
  `address_latitude` double NOT NULL,
  `address_longitude` double NOT NULL,
  `governments_id` int unsigned NOT NULL,
  `created_at` timestamp NULL DEFAULT NULL,
  `updated_at` timestamp NULL DEFAULT NULL,
  PRIMARY KEY (`id`),
  KEY `regions_governments_id_foreign` (`governments_id`)
) ENGINE=InnoDB AUTO_INCREMENT=153 DEFAULT CHARSET=utf8mb4 COLLATE=utf8mb4_unicode_ci;

--
-- Dumping data for table `regions`
--

INSERT INTO `regions` (`id`, `status`, `address_address`, `address_latitude`, `address_longitude`, `governments_id`, `created_at`, `updated_at`) VALUES (19,1,'مدينة الكويت',0,0,8,'2022-08-25 10:34:31','2023-11-25 14:27:30'),(20,1,'دسمان',0,0,8,'2022-08-25 10:36:00','2022-08-25 10:36:00'),(21,1,'شرق',0,0,8,'2022-08-25 10:36:31','2022-08-25 10:36:31'),(22,1,'الصوابر',0,0,8,'2022-08-25 10:41:53','2022-08-25 10:41:53'),(23,1,'المرقاب',0,0,8,'2022-08-25 10:42:29','2022-08-25 10:42:29'),(24,1,'القبلة',0,0,8,'2022-08-25 10:42:56','2022-08-25 10:42:56'),(25,1,'الصالحية',0,0,8,'2022-08-25 10:43:27','2022-08-25 10:43:27'),(26,1,'الوطية',0,0,8,'2022-08-25 10:43:58','2022-08-25 10:43:58'),(27,1,'بنيد القار',0,0,8,'2022-08-25 10:44:54','2022-08-25 10:44:54'),(28,1,'كيفان',0,0,8,'2022-08-25 10:45:21','2022-08-25 10:45:21'),(29,1,'الدوحة',0,0,8,'2022-08-25 10:46:27','2022-08-25 10:46:27'),(30,1,'الدسمة',0,0,8,'2022-08-25 10:46:52','2022-08-25 10:46:52'),(31,1,'الدعية',0,0,8,'2022-08-25 10:48:10','2022-08-25 10:48:10'),(32,1,'المنصورية',0,0,8,'2022-08-25 10:48:40','2022-08-25 10:48:40'),(33,1,'ضاحية عبد الله السالم',0,0,8,'2022-08-25 10:49:23','2022-08-25 10:49:23'),(34,1,'النزهة',0,0,8,'2022-08-25 10:49:56','2022-08-25 10:49:56'),(35,1,'الفيحاء',0,0,8,'2022-08-25 10:50:29','2022-08-25 10:50:29'),(36,1,'الشامية',0,0,8,'2022-08-25 10:51:07','2022-08-25 10:51:07'),(37,1,'الروضة',0,0,8,'2022-08-25 10:51:48','2022-08-25 10:51:48'),(38,1,'العديلية',0,0,8,'2022-08-25 10:52:21','2022-08-25 10:52:21'),(39,1,'الخالدية',0,0,8,'2022-08-25 10:53:18','2022-08-25 10:53:18'),(40,1,'القادسية',0,0,8,'2022-08-25 10:53:43','2022-08-25 10:53:43'),(41,1,'قرطبة',0,0,8,'2022-08-25 10:54:11','2022-08-25 10:54:11'),(42,1,'السرة',0,0,8,'2022-08-25 10:54:40','2022-08-25 10:54:40'),(43,1,'اليرموك',0,0,8,'2022-08-25 10:55:09','2022-08-25 10:55:09'),(44,1,'الشويخ',0,0,8,'2022-08-25 10:55:54','2022-08-25 10:55:54'),(45,1,'الري',0,0,8,'2022-08-25 10:56:14','2022-08-25 10:56:14'),(46,1,'غرناطة، Kuwait',29.312521,47.8785532,8,'2022-08-25 10:57:53','2022-08-25 10:57:53'),(47,1,'الصليبيخات',29.312521,47.8785532,8,'2022-08-25 10:59:18','2022-08-25 10:59:18'),(48,1,'النهضة',29.312521,47.8785532,8,'2022-08-25 10:59:50','2022-08-25 10:59:50'),(49,1,'مدينة جابر الأحمد',29.312521,47.8785532,8,'2022-08-25 11:00:29','2022-08-25 11:00:29'),(50,1,'القيروان',29.312521,47.8785532,8,'2022-08-25 11:01:01','2022-08-25 11:01:01'),(51,1,'شمال غرب الصليبيخات',29.312521,47.8785532,8,'2022-08-25 11:02:03','2022-08-25 11:02:03'),(52,1,'الفنطاس',29.312521,47.8785532,9,'2022-08-25 11:02:23','2022-08-25 11:02:23'),(53,1,'العقيلة',29.312521,47.8785532,9,'2022-08-25 11:02:49','2022-08-25 11:02:49'),(54,1,'الظهر',29.312521,47.8785532,9,'2022-08-25 11:03:15','2022-08-25 11:03:15'),(55,0,'المقوع',29.312521,47.8785532,9,'2022-08-25 11:03:52','2023-05-30 04:44:19'),(56,1,'المهبولة',29.312521,47.8785532,9,'2022-08-25 11:08:24','2022-08-25 11:08:24'),(57,1,'الرقة',29.312521,47.8785532,9,'2022-08-25 11:08:46','2022-08-25 11:08:46'),(58,1,'هدية',29.312521,47.8785532,9,'2022-08-25 11:09:06','2022-08-25 11:09:06'),(59,1,'أبو حليفة',29.312521,47.8785532,9,'2022-08-25 11:09:46','2022-08-25 11:09:46'),(60,1,'الصباحية',29.312521,47.8785532,9,'2022-08-25 11:10:14','2022-08-25 11:10:14'),(61,1,'المنقف',29.312521,47.8785532,9,'2022-08-25 11:10:44','2022-08-25 11:10:44'),(62,1,'الفحيحيل',29.312521,47.8785532,9,'2022-08-25 11:11:17','2022-08-25 11:11:17'),(63,1,'الأحمدي',29.312521,47.8785532,9,'2022-08-25 11:11:52','2022-08-25 11:11:52'),(64,0,'الوفرة',29.312521,47.8785532,9,'2022-08-25 11:12:12','2023-05-30 04:44:10'),(65,0,'الزور',29.312521,47.8785532,9,'2022-08-25 11:12:36','2023-05-30 04:43:57'),(66,1,'الخيران',29.312521,47.8785532,9,'2022-08-25 11:13:08','2022-08-25 11:13:08'),(67,0,'ميناء عبد الله',29.312521,47.8785532,9,'2022-08-25 11:13:55','2023-05-30 04:43:52'),(68,0,'الوفرة الزراعية',29.312521,47.8785532,9,'2022-08-25 11:14:28','2023-05-30 04:43:49'),(69,0,'بنيدر',29.312521,47.8785532,9,'2022-08-25 11:14:58','2023-05-30 04:43:46'),(70,1,'الجليعة',29.312521,47.8785532,9,'2022-08-25 11:15:37','2022-08-25 11:15:37'),(71,0,'الضباعية',29.312521,47.8785532,9,'2022-08-25 11:16:05','2023-05-30 04:43:43'),(72,1,'ضاحية جابر العلي',29.312521,47.8785532,9,'2022-08-25 11:16:38','2022-08-25 11:16:38'),(73,0,'ضاحية فهد الأحمد',29.312521,47.8785532,9,'2022-08-25 11:17:13','2023-05-30 04:43:22'),(74,0,'الشعيبة',29.312521,47.8785532,9,'2022-08-25 11:17:41','2023-05-30 04:43:30'),(75,0,'واره',29.312521,47.8785532,9,'2022-08-25 11:18:02','2023-05-30 04:43:20'),(76,1,'مدينة صباح الأحمد',29.312521,47.8785532,9,'2022-08-25 11:18:43','2022-08-25 11:18:43'),(77,1,'النويصيب',29.312521,47.8785532,9,'2022-08-25 11:19:20','2022-08-25 11:19:20'),(78,1,'مدينة الخيران',29.312521,47.8785532,9,'2022-08-25 11:19:53','2022-08-25 11:19:53'),(79,1,'ضاحية علي صباح السالم أم الهيمان سابقاً',29.312521,47.8785532,9,'2022-08-25 11:20:38','2022-08-25 11:20:38'),(80,1,'مدينة صباح الأحمد البحرية',29.312521,47.8785532,9,'2022-08-25 11:21:22','2022-08-25 11:21:22'),(81,1,'Abrq Khitan',29.312521,47.8785532,10,'2022-08-25 11:22:08','2022-08-25 11:22:08'),(82,1,'الأندلس',29.312521,47.8785532,10,'2022-08-25 11:22:29','2022-08-25 11:22:29'),(83,1,'اشبيلية',29.312521,47.8785532,10,'2022-08-25 11:23:08','2022-08-25 11:23:08'),(84,1,'جليب الشيوخ',29.312521,47.8785532,10,'2022-08-25 11:23:43','2022-08-25 11:23:43'),(85,1,'خيطان',29.312521,47.8785532,10,'2022-08-25 11:24:06','2022-08-25 11:24:06'),(86,0,'خيطان الجديدة',29.312521,47.8785532,10,'2022-08-25 11:24:30','2023-05-30 04:44:37'),(87,1,'العمرية',29.312521,47.8785532,10,'2022-08-25 11:24:58','2022-08-25 11:24:58'),(88,1,'العارضية',29.312521,47.8785532,10,'2022-08-25 11:25:22','2022-08-25 11:25:22'),(89,1,'العارضية الصناعية',29.312521,47.8785532,10,'2022-08-25 11:26:01','2022-08-25 11:26:01'),(90,1,'العباسية',29.312521,47.8785532,10,'2022-08-25 11:26:30','2022-08-25 11:26:30'),(91,1,'الفردوس',29.312521,47.8785532,10,'2022-08-25 11:27:01','2022-08-25 11:27:01'),(92,1,'الفروانية',29.312521,47.8785532,10,'2022-08-25 11:27:27','2022-08-25 11:27:27'),(93,1,'الحساوي',29.312521,47.8785532,10,'2022-08-25 11:27:52','2022-08-25 11:27:52'),(94,1,'الشدادية',0,0,10,'2022-08-25 11:31:28','2022-08-25 11:31:28'),(95,1,'الرابية',0,0,10,'2022-08-25 11:31:56','2022-08-25 11:31:56'),(96,1,'الرحاب',0,0,10,'2022-08-25 11:32:37','2022-08-25 11:32:37'),(97,1,'الرقعي',0,0,10,'2022-08-25 11:34:15','2022-08-25 11:34:15'),(98,1,'الري الصناعية',0,0,10,'2022-08-25 11:34:49','2022-08-25 11:34:49'),(99,1,'ضاحية صباح الناصر',0,0,10,'2022-08-25 11:35:48','2022-08-25 11:35:48'),(100,1,'ضاحية عبد الله المبارك',0,0,10,'2022-08-25 11:36:25','2022-08-25 11:36:25'),(101,1,'Dagej',0,0,10,'2022-08-25 11:37:32','2022-08-25 11:37:32'),(102,1,'الصليبية',0,0,11,'2022-08-25 11:38:04','2022-08-25 11:38:04'),(103,1,'أمغرة',0,0,11,'2022-08-25 11:38:29','2022-08-25 11:38:29'),(104,1,'Naeem',0,0,11,'2022-08-25 11:39:03','2022-08-25 11:39:03'),(105,1,'القصر',0,0,11,'2022-08-25 11:42:07','2022-08-25 11:42:07'),(106,1,'الواحة',0,0,11,'2022-08-25 11:42:30','2022-08-25 11:42:30'),(107,1,'تيماء',0,0,11,'2022-08-25 11:42:50','2022-08-25 11:42:50'),(108,1,'النسيم',0,0,11,'2022-08-25 11:43:13','2022-08-25 11:43:13'),(109,1,'العيون',0,0,11,'2022-08-25 11:43:44','2022-08-25 11:43:44'),(110,1,'القيصرية',0,0,11,'2022-08-25 11:44:37','2022-08-25 11:44:37'),(111,1,'العبدلي',0,0,11,'2022-08-25 11:45:06','2022-08-25 11:45:06'),(112,0,'الجهراء القديمة',0,0,11,'2022-08-25 11:46:42','2023-05-30 04:42:48'),(113,0,'New jahra',0,0,11,'2022-08-25 11:47:31','2023-05-30 04:42:44'),(114,0,'كاظمة',0,0,11,'2022-08-25 11:47:48','2023-05-30 04:42:33'),(115,1,'مدينة سعد العبد الله',0,0,11,'2022-08-25 11:48:22','2022-08-25 11:48:22'),(116,0,'السالمي',0,0,11,'2022-08-25 11:48:52','2023-05-30 04:42:27'),(117,1,'المطلاع',0,0,11,'2022-08-25 11:49:24','2022-08-25 11:49:24'),(118,0,'مدينة الحرير',0,0,11,'2022-08-25 11:50:13','2023-05-30 04:42:24'),(119,0,'كبد',0,0,11,'2022-08-25 11:50:44','2023-05-30 04:44:59'),(120,0,'الروضتين',0,0,11,'2022-08-25 11:51:21','2023-05-30 04:45:13'),(121,0,'الصبية',0,0,11,'2022-08-25 11:51:47','2023-05-30 04:47:15'),(122,1,'حولي',0,0,12,'2022-08-25 11:52:26','2022-08-25 11:52:26'),(123,1,'الشعب',0,0,12,'2022-08-25 11:52:47','2022-08-25 11:52:47'),(124,1,'السالمية',0,0,12,'2022-08-25 11:53:07','2022-08-25 11:53:07'),(125,1,'الرميثية',0,0,12,'2022-08-25 11:53:52','2022-08-25 11:53:52'),(126,1,'الجابرية',0,0,12,'2022-08-25 11:54:15','2022-08-25 11:54:15'),(127,1,'مشرف',0,0,12,'2022-08-25 11:54:39','2022-08-25 11:54:39'),(128,1,'بيان',0,0,12,'2022-08-25 11:54:57','2022-08-25 11:54:57'),(129,1,'آلبدع',0,0,12,'2022-08-25 11:55:23','2022-08-25 11:55:23'),(130,1,'النقرة',0,0,12,'2022-08-25 11:55:53','2022-08-25 11:55:53'),(131,1,'ميدان حولي',0,0,12,'2022-08-25 11:56:15','2022-08-25 11:56:15'),(132,1,'ضاحية مبارك العبد الله الجابر',0,0,12,'2022-08-25 11:57:05','2022-08-25 11:57:05'),(133,1,'سلوى',0,0,12,'2022-08-25 11:57:23','2022-08-25 11:57:23'),(134,1,'جنوب السرة',0,0,12,'2022-08-25 11:57:54','2022-08-25 11:57:54'),(135,1,'الزهراء',0,0,12,'2022-08-25 11:58:27','2022-08-25 11:58:27'),(136,1,'الصديق',0,0,12,'2022-08-25 11:59:17','2022-08-25 11:59:17'),(137,1,'حطين',0,0,12,'2022-08-25 11:59:57','2022-08-25 11:59:57'),(138,1,'السلام',0,0,12,'2022-08-25 12:01:35','2022-08-25 12:01:35'),(139,1,'الشهداء',0,0,12,'2022-08-25 12:02:07','2022-08-25 12:02:07'),(140,1,'العدان',0,0,13,'2022-08-25 12:02:29','2022-08-25 12:02:29'),(141,1,'القصور',0,0,13,'2022-08-25 12:02:59','2022-08-25 12:02:59'),(142,1,'القرين',0,0,13,'2022-08-25 12:03:31','2022-08-25 12:03:31'),(143,1,'ضاحية صباح السالم',0,0,13,'2022-08-25 12:04:02','2022-08-25 12:04:02'),(144,1,'المسيلة',0,0,13,'2022-08-25 12:04:27','2022-08-25 12:04:27'),(145,1,'المسايل',0,0,13,'2022-08-25 12:04:54','2022-08-25 12:04:54'),(146,1,'أبو فطيرة',0,0,13,'2022-08-25 12:05:20','2022-08-25 12:05:20'),(147,1,'أبو الحصانية',0,0,13,'2022-08-25 12:05:57','2022-08-25 12:05:57'),(148,1,'صبحان',0,0,13,'2022-08-25 12:06:25','2022-08-25 12:06:25'),(149,1,'الفنيطيس',0,0,13,'2022-08-25 12:06:55','2022-08-25 12:06:55'),(151,1,'مبارك الكبير، الكويت‎',29.1886698,48.0806909,13,'2022-08-28 01:58:47','2022-08-28 01:58:47'),(152,1,'Fahad Al-Salem Street, Kuwait City, Kuwait',29.3673691,47.9677177,8,'2023-05-29 14:16:50','2023-05-29 14:16:50');

--
-- Table structure for table `role_user`
--

CREATE TABLE `role_user` (
  `role_id` bigint unsigned NOT NULL,
  `user_id` bigint unsigned NOT NULL,
  `user_type` varchar(255) CHARACTER SET utf8mb4 COLLATE utf8mb4_unicode_ci NOT NULL,
  PRIMARY KEY (`user_id`,`role_id`,`user_type`),
  KEY `role_user_role_id_foreign` (`role_id`)
) ENGINE=InnoDB DEFAULT CHARSET=utf8mb4 COLLATE=utf8mb4_unicode_ci;

--
-- Dumping data for table `role_user`
--

INSERT INTO `role_user` (`role_id`, `user_id`, `user_type`) VALUES (1,1,'App\\Models\\User'),(3,55,'App\\Models\\User'),(3,58,'App\\Models\\User'),(3,147,'App\\Models\\User'),(3,149,'App\\Models\\User'),(3,156,'App\\Models\\User'),(3,159,'App\\Models\\User'),(3,171,'App\\Models\\User'),(3,390,'App\\Models\\User'),(3,409,'App\\Models\\User'),(3,411,'App\\Models\\User'),(3,415,'App\\Models\\User'),(3,420,'App\\Models\\User'),(3,424,'App\\Models\\User'),(3,426,'App\\Models\\User'),(3,430,'App\\Models\\User'),(3,431,'App\\Models\\User'),(3,1117,'App\\Models\\User'),(3,1118,'App\\Models\\User'),(3,1119,'App\\Models\\User'),(3,1120,'App\\Models\\User'),(3,1121,'App\\Models\\User'),(3,1122,'App\\Models\\User'),(3,1123,'App\\Models\\User'),(3,1124,'App\\Models\\User'),(3,1125,'App\\Models\\User'),(3,1126,'App\\Models\\User'),(3,1127,'App\\Models\\User'),(3,1128,'App\\Models\\User'),(3,1129,'App\\Models\\User'),(3,1130,'App\\Models\\User'),(3,1131,'App\\Models\\User'),(3,1132,'App\\Models\\User'),(3,1133,'App\\Models\\User'),(3,1134,'App\\Models\\User'),(3,1135,'App\\Models\\User'),(3,1136,'App\\Models\\User'),(3,1137,'App\\Models\\User'),(3,1138,'App\\Models\\User'),(3,1139,'App\\Models\\User'),(3,1140,'App\\Models\\User'),(3,1141,'App\\Models\\User'),(3,1142,'App\\Models\\User'),(3,1143,'App\\Models\\User'),(3,1144,'App\\Models\\User'),(3,1145,'App\\Models\\User'),(3,1146,'App\\Models\\User'),(3,1147,'App\\Models\\User'),(3,1148,'App\\Models\\User'),(3,1149,'App\\Models\\User'),(3,1150,'App\\Models\\User'),(3,1151,'App\\Models\\User'),(3,1152,'App\\Models\\User'),(3,1153,'App\\Models\\User'),(3,1154,'App\\Models\\User'),(3,1155,'App\\Models\\User'),(3,1156,'App\\Models\\User'),(3,1157,'App\\Models\\User'),(3,1158,'App\\Models\\User'),(3,1159,'App\\Models\\User'),(3,1160,'App\\Models\\User'),(3,1161,'App\\Models\\User'),(3,1162,'App\\Models\\User'),(3,1163,'App\\Models\\User'),(3,1164,'App\\Models\\User'),(3,1165,'App\\Models\\User'),(3,1166,'App\\Models\\User'),(3,1167,'App\\Models\\User'),(3,1168,'App\\Models\\User'),(3,1169,'App\\Models\\User'),(3,1170,'App\\Models\\User'),(3,1171,'App\\Models\\User'),(3,1172,'App\\Models\\User'),(3,1173,'App\\Models\\User'),(3,1174,'App\\Models\\User'),(3,1175,'App\\Models\\User'),(3,1176,'App\\Models\\User'),(3,1177,'App\\Models\\User'),(3,1178,'App\\Models\\User'),(3,1179,'App\\Models\\User'),(3,1180,'App\\Models\\User'),(3,1181,'App\\Models\\User'),(3,1182,'App\\Models\\User'),(3,1183,'App\\Models\\User'),(3,1184,'App\\Models\\User'),(3,1185,'App\\Models\\User'),(3,1186,'App\\Models\\User'),(3,1187,'App\\Models\\User'),(3,1188,'App\\Models\\User'),(3,1189,'App\\Models\\User'),(3,1190,'App\\Models\\User'),(3,1191,'App\\Models\\User'),(3,1192,'App\\Models\\User'),(3,1193,'App\\Models\\User'),(3,1194,'App\\Models\\User'),(3,1195,'App\\Models\\User'),(3,1196,'App\\Models\\User'),(3,1197,'App\\Models\\User'),(3,1198,'App\\Models\\User'),(3,1199,'App\\Models\\User'),(3,1200,'App\\Models\\User'),(3,1201,'App\\Models\\User'),(3,1202,'App\\Models\\User'),(3,1203,'App\\Models\\User'),(3,1204,'App\\Models\\User'),(3,1205,'App\\Models\\User'),(3,1206,'App\\Models\\User'),(3,1207,'App\\Models\\User'),(3,1208,'App\\Models\\User'),(3,1209,'App\\Models\\User'),(3,1210,'App\\Models\\User'),(3,1211,'App\\Models\\User'),(3,1212,'App\\Models\\User'),(3,1213,'App\\Models\\User'),(3,1214,'App\\Models\\User'),(3,1215,'App\\Models\\User'),(3,1216,'App\\Models\\User'),(3,1217,'App\\Models\\User'),(3,1218,'App\\Models\\User'),(3,1219,'App\\Models\\User'),(3,1220,'App\\Models\\User'),(3,1221,'App\\Models\\User'),(3,1222,'App\\Models\\User'),(3,1223,'App\\Models\\User'),(3,1224,'App\\Models\\User'),(3,1225,'App\\Models\\User'),(3,1226,'App\\Models\\User'),(3,1227,'App\\Models\\User'),(3,1228,'App\\Models\\User'),(3,1229,'App\\Models\\User'),(3,1230,'App\\Models\\User'),(3,1231,'App\\Models\\User'),(3,1232,'App\\Models\\User'),(3,1233,'App\\Models\\User'),(3,1234,'App\\Models\\User'),(3,1235,'App\\Models\\User'),(3,1236,'App\\Models\\User'),(3,1237,'App\\Models\\User'),(3,1238,'App\\Models\\User'),(3,1239,'App\\Models\\User'),(3,1240,'App\\Models\\User'),(3,1241,'App\\Models\\User'),(3,1242,'App\\Models\\User'),(3,1243,'App\\Models\\User'),(3,1244,'App\\Models\\User'),(3,1245,'App\\Models\\User'),(3,1246,'App\\Models\\User'),(3,1247,'App\\Models\\User'),(3,1248,'App\\Models\\User'),(3,1249,'App\\Models\\User'),(3,1250,'App\\Models\\User'),(3,1251,'App\\Models\\User'),(3,1252,'App\\Models\\User'),(3,1253,'App\\Models\\User'),(3,1254,'App\\Models\\User'),(3,1255,'App\\Models\\User'),(3,1256,'App\\Models\\User'),(3,1257,'App\\Models\\User'),(3,1258,'App\\Models\\User'),(3,1259,'App\\Models\\User'),(3,1260,'App\\Models\\User'),(3,1261,'App\\Models\\User'),(3,1262,'App\\Models\\User'),(3,1263,'App\\Models\\User'),(3,1264,'App\\Models\\User'),(3,1265,'App\\Models\\User'),(3,1266,'App\\Models\\User'),(3,1267,'App\\Models\\User'),(3,1268,'App\\Models\\User'),(3,1269,'App\\Models\\User'),(3,1270,'App\\Models\\User'),(3,1271,'App\\Models\\User'),(3,1272,'App\\Models\\User'),(3,1273,'App\\Models\\User'),(3,1274,'App\\Models\\User'),(3,1275,'App\\Models\\User'),(3,1276,'App\\Models\\User'),(3,1277,'App\\Models\\User'),(3,1278,'App\\Models\\User'),(3,1279,'App\\Models\\User'),(3,1280,'App\\Models\\User'),(3,1281,'App\\Models\\User'),(3,1282,'App\\Models\\User'),(3,1283,'App\\Models\\User'),(3,1284,'App\\Models\\User'),(3,1285,'App\\Models\\User'),(3,1286,'App\\Models\\User'),(3,1287,'App\\Models\\User'),(3,1288,'App\\Models\\User'),(3,1289,'App\\Models\\User'),(3,1290,'App\\Models\\User'),(3,1291,'App\\Models\\User'),(3,1292,'App\\Models\\User'),(3,1293,'App\\Models\\User'),(3,1294,'App\\Models\\User'),(3,1295,'App\\Models\\User'),(3,1296,'App\\Models\\User'),(3,1297,'App\\Models\\User'),(3,1298,'App\\Models\\User'),(3,1299,'App\\Models\\User'),(3,1300,'App\\Models\\User'),(3,1301,'App\\Models\\User'),(3,1302,'App\\Models\\User'),(3,1303,'App\\Models\\User'),(3,1304,'App\\Models\\User'),(3,1305,'App\\Models\\User'),(3,1306,'App\\Models\\User'),(3,1307,'App\\Models\\User'),(3,1308,'App\\Models\\User'),(3,1309,'App\\Models\\User'),(3,1310,'App\\Models\\User'),(3,1311,'App\\Models\\User'),(3,1312,'App\\Models\\User'),(3,1313,'App\\Models\\User'),(3,1314,'App\\Models\\User'),(3,1315,'App\\Models\\User'),(3,1316,'App\\Models\\User'),(3,1317,'App\\Models\\User'),(3,1318,'App\\Models\\User'),(3,1319,'App\\Models\\User'),(3,1320,'App\\Models\\User'),(3,1321,'App\\Models\\User'),(3,1322,'App\\Models\\User'),(3,1323,'App\\Models\\User'),(3,1324,'App\\Models\\User'),(3,1325,'App\\Models\\User'),(3,1326,'App\\Models\\User'),(3,1327,'App\\Models\\User'),(3,1328,'App\\Models\\User'),(3,1329,'App\\Models\\User'),(3,1330,'App\\Models\\User'),(3,1331,'App\\Models\\User'),(3,1332,'App\\Models\\User'),(3,1333,'App\\Models\\User'),(3,1334,'App\\Models\\User'),(3,1335,'App\\Models\\User'),(3,1336,'App\\Models\\User'),(3,1337,'App\\Models\\User'),(3,1338,'App\\Models\\User'),(3,1339,'App\\Models\\User'),(3,1340,'App\\Models\\User'),(3,1341,'App\\Models\\User'),(3,1342,'App\\Models\\User'),(3,1343,'App\\Models\\User'),(3,1344,'App\\Models\\User'),(3,1345,'App\\Models\\User'),(3,1346,'App\\Models\\User'),(3,1347,'App\\Models\\User'),(3,1348,'App\\Models\\User'),(3,1349,'App\\Models\\User'),(3,1350,'App\\Models\\User'),(3,1351,'App\\Models\\User'),(3,1352,'App\\Models\\User'),(3,1353,'App\\Models\\User'),(3,1354,'App\\Models\\User'),(3,1355,'App\\Models\\User'),(3,1356,'App\\Models\\User'),(3,1357,'App\\Models\\User'),(3,1358,'App\\Models\\User'),(3,1359,'App\\Models\\User'),(3,1360,'App\\Models\\User'),(3,1361,'App\\Models\\User'),(3,1362,'App\\Models\\User'),(3,1363,'App\\Models\\User'),(3,1364,'App\\Models\\User'),(3,1365,'App\\Models\\User'),(3,1366,'App\\Models\\User'),(3,1367,'App\\Models\\User'),(3,1368,'App\\Models\\User'),(3,1369,'App\\Models\\User'),(3,1370,'App\\Models\\User'),(3,1371,'App\\Models\\User'),(3,1372,'App\\Models\\User'),(3,1373,'App\\Models\\User'),(3,1374,'App\\Models\\User'),(3,1375,'App\\Models\\User'),(3,1376,'App\\Models\\User'),(3,1377,'App\\Models\\User'),(3,1378,'App\\Models\\User'),(3,1379,'App\\Models\\User'),(3,1380,'App\\Models\\User'),(3,1381,'App\\Models\\User'),(3,1382,'App\\Models\\User'),(3,1383,'App\\Models\\User'),(3,1384,'App\\Models\\User'),(3,1385,'App\\Models\\User'),(3,1386,'App\\Models\\User'),(3,1387,'App\\Models\\User'),(3,1388,'App\\Models\\User'),(3,1389,'App\\Models\\User'),(3,1390,'App\\Models\\User'),(3,1391,'App\\Models\\User'),(3,1392,'App\\Models\\User'),(3,1393,'App\\Models\\User'),(3,1394,'App\\Models\\User'),(3,1395,'App\\Models\\User'),(3,1396,'App\\Models\\User'),(3,1397,'App\\Models\\User'),(3,1398,'App\\Models\\User'),(3,1399,'App\\Models\\User'),(3,1400,'App\\Models\\User'),(3,1401,'App\\Models\\User'),(3,1402,'App\\Models\\User'),(3,1403,'App\\Models\\User'),(3,1404,'App\\Models\\User'),(3,1405,'App\\Models\\User'),(3,1406,'App\\Models\\User'),(3,1407,'App\\Models\\User'),(3,1408,'App\\Models\\User'),(3,1409,'App\\Models\\User'),(3,1410,'App\\Models\\User'),(3,1411,'App\\Models\\User'),(3,1412,'App\\Models\\User'),(3,1413,'App\\Models\\User'),(3,1414,'App\\Models\\User'),(3,1415,'App\\Models\\User'),(3,1416,'App\\Models\\User'),(3,1417,'App\\Models\\User'),(3,1418,'App\\Models\\User'),(3,1419,'App\\Models\\User'),(3,1420,'App\\Models\\User'),(3,1421,'App\\Models\\User'),(3,1422,'App\\Models\\User'),(3,1423,'App\\Models\\User'),(3,1424,'App\\Models\\User'),(3,1425,'App\\Models\\User'),(3,1426,'App\\Models\\User'),(3,1427,'App\\Models\\User'),(3,1428,'App\\Models\\User'),(3,1429,'App\\Models\\User'),(3,1430,'App\\Models\\User'),(3,1431,'App\\Models\\User'),(3,1432,'App\\Models\\User'),(3,1433,'App\\Models\\User'),(3,1434,'App\\Models\\User'),(3,1435,'App\\Models\\User'),(3,1436,'App\\Models\\User'),(3,1437,'App\\Models\\User'),(3,1438,'App\\Models\\User'),(3,1439,'App\\Models\\User'),(3,1440,'App\\Models\\User'),(3,1441,'App\\Models\\User'),(3,1442,'App\\Models\\User'),(3,1443,'App\\Models\\User'),(3,1444,'App\\Models\\User'),(3,1445,'App\\Models\\User'),(3,1446,'App\\Models\\User'),(3,1447,'App\\Models\\User'),(3,1448,'App\\Models\\User'),(3,1449,'App\\Models\\User'),(3,1450,'App\\Models\\User'),(3,1451,'App\\Models\\User'),(3,1452,'App\\Models\\User'),(3,1453,'App\\Models\\User'),(3,1454,'App\\Models\\User'),(3,1455,'App\\Models\\User'),(3,1456,'App\\Models\\User'),(3,1457,'App\\Models\\User'),(3,1458,'App\\Models\\User'),(3,1459,'App\\Models\\User'),(3,1460,'App\\Models\\User'),(3,1461,'App\\Models\\User'),(3,1462,'App\\Models\\User'),(3,1463,'App\\Models\\User'),(3,1464,'App\\Models\\User'),(3,1465,'App\\Models\\User'),(3,1466,'App\\Models\\User'),(3,1467,'App\\Models\\User'),(3,1468,'App\\Models\\User'),(3,1469,'App\\Models\\User'),(3,1470,'App\\Models\\User'),(3,1471,'App\\Models\\User'),(3,1472,'App\\Models\\User'),(3,1473,'App\\Models\\User'),(3,1474,'App\\Models\\User'),(3,1475,'App\\Models\\User'),(3,1476,'App\\Models\\User'),(3,1477,'App\\Models\\User'),(3,1478,'App\\Models\\User'),(3,1479,'App\\Models\\User'),(3,1480,'App\\Models\\User'),(3,1481,'App\\Models\\User'),(3,1482,'App\\Models\\User'),(3,1483,'App\\Models\\User'),(3,1484,'App\\Models\\User'),(3,1485,'App\\Models\\User'),(3,1486,'App\\Models\\User'),(3,1487,'App\\Models\\User'),(3,1488,'App\\Models\\User'),(3,1489,'App\\Models\\User'),(3,1490,'App\\Models\\User'),(3,1491,'App\\Models\\User'),(3,1492,'App\\Models\\User'),(3,1493,'App\\Models\\User'),(3,1494,'App\\Models\\User'),(3,1495,'App\\Models\\User'),(3,1496,'App\\Models\\User'),(3,1497,'App\\Models\\User'),(3,1498,'App\\Models\\User'),(3,1499,'App\\Models\\User'),(3,1500,'App\\Models\\User'),(3,1501,'App\\Models\\User'),(3,1502,'App\\Models\\User'),(3,1503,'App\\Models\\User'),(3,1504,'App\\Models\\User'),(3,1505,'App\\Models\\User'),(3,1506,'App\\Models\\User'),(3,1507,'App\\Models\\User'),(3,1508,'App\\Models\\User'),(3,1509,'App\\Models\\User'),(3,1510,'App\\Models\\User'),(3,1511,'App\\Models\\User'),(3,1512,'App\\Models\\User'),(3,1513,'App\\Models\\User'),(3,1514,'App\\Models\\User'),(3,1515,'App\\Models\\User'),(3,1516,'App\\Models\\User'),(3,1517,'App\\Models\\User'),(3,1518,'App\\Models\\User'),(3,1519,'App\\Models\\User'),(3,1520,'App\\Models\\User'),(3,1521,'App\\Models\\User'),(3,1522,'App\\Models\\User'),(3,1523,'App\\Models\\User'),(3,1524,'App\\Models\\User'),(3,1525,'App\\Models\\User'),(3,1526,'App\\Models\\User'),(3,1527,'App\\Models\\User'),(3,1528,'App\\Models\\User'),(3,1529,'App\\Models\\User'),(3,1530,'App\\Models\\User'),(3,1531,'App\\Models\\User'),(3,1532,'App\\Models\\User'),(3,1533,'App\\Models\\User'),(3,1534,'App\\Models\\User'),(3,1535,'App\\Models\\User'),(3,1536,'App\\Models\\User'),(3,1537,'App\\Models\\User'),(3,1538,'App\\Models\\User'),(3,1539,'App\\Models\\User'),(3,1540,'App\\Models\\User'),(3,1541,'App\\Models\\User'),(3,1542,'App\\Models\\User'),(3,1543,'App\\Models\\User'),(3,1544,'App\\Models\\User'),(3,1545,'App\\Models\\User'),(3,1546,'App\\Models\\User'),(3,1547,'App\\Models\\User'),(3,1548,'App\\Models\\User'),(3,1549,'App\\Models\\User'),(3,1550,'App\\Models\\User'),(3,1551,'App\\Models\\User'),(3,1552,'App\\Models\\User'),(3,1553,'App\\Models\\User'),(3,1554,'App\\Models\\User'),(3,1555,'App\\Models\\User'),(3,1556,'App\\Models\\User'),(3,1557,'App\\Models\\User'),(3,1558,'App\\Models\\User'),(3,1559,'App\\Models\\User'),(3,1560,'App\\Models\\User'),(3,1561,'App\\Models\\User'),(3,1562,'App\\Models\\User'),(3,1563,'App\\Models\\User'),(3,1564,'App\\Models\\User'),(3,1565,'App\\Models\\User'),(3,1566,'App\\Models\\User'),(3,1567,'App\\Models\\User'),(3,1568,'App\\Models\\User'),(3,1569,'App\\Models\\User'),(3,1570,'App\\Models\\User'),(3,1571,'App\\Models\\User'),(3,1572,'App\\Models\\User'),(3,1573,'App\\Models\\User'),(3,1574,'App\\Models\\User'),(3,1575,'App\\Models\\User'),(3,1576,'App\\Models\\User'),(3,1577,'App\\Models\\User'),(3,1578,'App\\Models\\User'),(3,1579,'App\\Models\\User'),(3,1580,'App\\Models\\User'),(3,1581,'App\\Models\\User'),(3,1582,'App\\Models\\User'),(3,1583,'App\\Models\\User'),(3,1584,'App\\Models\\User'),(3,1585,'App\\Models\\User'),(3,1586,'App\\Models\\User'),(3,1587,'App\\Models\\User'),(3,1588,'App\\Models\\User'),(3,1589,'App\\Models\\User'),(3,1590,'App\\Models\\User'),(3,1591,'App\\Models\\User'),(3,1592,'App\\Models\\User'),(3,1593,'App\\Models\\User'),(3,1594,'App\\Models\\User'),(3,1595,'App\\Models\\User'),(3,1596,'App\\Models\\User'),(3,1597,'App\\Models\\User'),(3,1598,'App\\Models\\User'),(3,1599,'App\\Models\\User'),(3,1600,'App\\Models\\User'),(3,1601,'App\\Models\\User'),(3,1602,'App\\Models\\User'),(3,1603,'App\\Models\\User'),(3,1604,'App\\Models\\User'),(3,1605,'App\\Models\\User'),(3,1606,'App\\Models\\User'),(3,1607,'App\\Models\\User'),(3,1608,'App\\Models\\User'),(3,1609,'App\\Models\\User'),(3,1610,'App\\Models\\User'),(3,1611,'App\\Models\\User'),(3,1612,'App\\Models\\User'),(3,1613,'App\\Models\\User'),(3,1614,'App\\Models\\User'),(3,1615,'App\\Models\\User'),(3,1616,'App\\Models\\User'),(3,1617,'App\\Models\\User'),(3,1618,'App\\Models\\User'),(3,1619,'App\\Models\\User'),(3,1620,'App\\Models\\User'),(3,1621,'App\\Models\\User'),(3,1622,'App\\Models\\User'),(3,1623,'App\\Models\\User'),(3,1624,'App\\Models\\User'),(3,1625,'App\\Models\\User'),(3,1626,'App\\Models\\User'),(3,1627,'App\\Models\\User'),(3,1628,'App\\Models\\User'),(3,1629,'App\\Models\\User'),(3,1630,'App\\Models\\User'),(3,1631,'App\\Models\\User'),(3,1632,'App\\Models\\User'),(3,1633,'App\\Models\\User'),(3,1634,'App\\Models\\User'),(3,1635,'App\\Models\\User'),(3,1636,'App\\Models\\User'),(3,1637,'App\\Models\\User'),(3,1638,'App\\Models\\User'),(3,1639,'App\\Models\\User'),(3,1640,'App\\Models\\User'),(3,1641,'App\\Models\\User'),(3,1642,'App\\Models\\User'),(3,1643,'App\\Models\\User'),(3,1644,'App\\Models\\User'),(3,1645,'App\\Models\\User'),(3,1646,'App\\Models\\User'),(3,1647,'App\\Models\\User'),(3,1648,'App\\Models\\User'),(3,1649,'App\\Models\\User'),(3,1650,'App\\Models\\User'),(3,1651,'App\\Models\\User'),(3,1652,'App\\Models\\User'),(3,1653,'App\\Models\\User'),(3,1654,'App\\Models\\User'),(3,1655,'App\\Models\\User'),(3,1656,'App\\Models\\User'),(3,1657,'App\\Models\\User'),(3,1658,'App\\Models\\User'),(3,1659,'App\\Models\\User'),(3,1660,'App\\Models\\User'),(3,1661,'App\\Models\\User'),(3,1662,'App\\Models\\User'),(3,1663,'App\\Models\\User'),(3,1664,'App\\Models\\User'),(3,1665,'App\\Models\\User'),(3,1666,'App\\Models\\User'),(3,1667,'App\\Models\\User'),(3,1668,'App\\Models\\User'),(3,1669,'App\\Models\\User'),(3,1670,'App\\Models\\User'),(3,1671,'App\\Models\\User'),(3,1672,'App\\Models\\User'),(3,1673,'App\\Models\\User'),(3,1674,'App\\Models\\User'),(3,1675,'App\\Models\\User'),(3,1676,'App\\Models\\User'),(3,1677,'App\\Models\\User'),(3,1678,'App\\Models\\User'),(3,1679,'App\\Models\\User'),(3,1680,'App\\Models\\User'),(3,1681,'App\\Models\\User'),(3,1682,'App\\Models\\User'),(3,1683,'App\\Models\\User'),(3,1684,'App\\Models\\User'),(3,1685,'App\\Models\\User'),(3,1686,'App\\Models\\User'),(3,1687,'App\\Models\\User'),(3,1688,'App\\Models\\User'),(3,1689,'App\\Models\\User'),(3,1690,'App\\Models\\User'),(3,1691,'App\\Models\\User'),(3,1692,'App\\Models\\User'),(3,1693,'App\\Models\\User'),(3,1694,'App\\Models\\User'),(3,1695,'App\\Models\\User'),(3,1696,'App\\Models\\User'),(3,1697,'App\\Models\\User'),(3,1698,'App\\Models\\User'),(3,1699,'App\\Models\\User'),(3,1700,'App\\Models\\User'),(3,1701,'App\\Models\\User'),(3,1702,'App\\Models\\User'),(3,1703,'App\\Models\\User'),(3,1704,'App\\Models\\User'),(3,1705,'App\\Models\\User'),(3,1706,'App\\Models\\User'),(3,1707,'App\\Models\\User'),(3,1708,'App\\Models\\User'),(3,1709,'App\\Models\\User'),(3,1710,'App\\Models\\User'),(3,1711,'App\\Models\\User'),(3,1712,'App\\Models\\User'),(3,1713,'App\\Models\\User'),(3,1714,'App\\Models\\User'),(3,1715,'App\\Models\\User'),(3,1716,'App\\Models\\User'),(3,1717,'App\\Models\\User'),(3,1718,'App\\Models\\User'),(3,1719,'App\\Models\\User'),(3,1720,'App\\Models\\User'),(3,1721,'App\\Models\\User'),(3,1722,'App\\Models\\User'),(3,1723,'App\\Models\\User'),(3,1724,'App\\Models\\User'),(3,1725,'App\\Models\\User'),(3,1726,'App\\Models\\User'),(3,1727,'App\\Models\\User'),(3,1728,'App\\Models\\User'),(3,1729,'App\\Models\\User'),(3,1730,'App\\Models\\User'),(3,1731,'App\\Models\\User'),(3,1732,'App\\Models\\User'),(3,1733,'App\\Models\\User'),(3,1734,'App\\Models\\User'),(3,1735,'App\\Models\\User'),(3,1736,'App\\Models\\User'),(3,1737,'App\\Models\\User'),(3,1738,'App\\Models\\User'),(3,1739,'App\\Models\\User'),(3,1740,'App\\Models\\User'),(3,1741,'App\\Models\\User'),(3,1742,'App\\Models\\User'),(3,1743,'App\\Models\\User'),(3,1744,'App\\Models\\User'),(3,1745,'App\\Models\\User'),(3,1746,'App\\Models\\User'),(3,1747,'App\\Models\\User'),(3,1748,'App\\Models\\User'),(3,1749,'App\\Models\\User'),(3,1750,'App\\Models\\User'),(3,1751,'App\\Models\\User'),(3,1752,'App\\Models\\User'),(3,1753,'App\\Models\\User'),(3,1754,'App\\Models\\User'),(3,1755,'App\\Models\\User'),(3,1756,'App\\Models\\User'),(3,1757,'App\\Models\\User'),(3,1758,'App\\Models\\User'),(3,1759,'App\\Models\\User'),(3,1760,'App\\Models\\User'),(3,1761,'App\\Models\\User'),(3,1762,'App\\Models\\User'),(3,1763,'App\\Models\\User'),(3,1764,'App\\Models\\User'),(3,1765,'App\\Models\\User'),(3,1766,'App\\Models\\User'),(3,1767,'App\\Models\\User'),(3,1768,'App\\Models\\User'),(3,1769,'App\\Models\\User'),(3,1770,'App\\Models\\User'),(3,1771,'App\\Models\\User'),(3,1772,'App\\Models\\User'),(3,1773,'App\\Models\\User'),(3,1774,'App\\Models\\User'),(3,1775,'App\\Models\\User'),(3,1776,'App\\Models\\User'),(3,1777,'App\\Models\\User'),(3,1778,'App\\Models\\User'),(3,1779,'App\\Models\\User'),(3,1780,'App\\Models\\User'),(3,1781,'App\\Models\\User'),(3,1782,'App\\Models\\User'),(3,1783,'App\\Models\\User'),(3,1784,'App\\Models\\User'),(3,1785,'App\\Models\\User'),(3,1786,'App\\Models\\User'),(3,1787,'App\\Models\\User'),(3,1788,'App\\Models\\User'),(3,1789,'App\\Models\\User'),(3,1790,'App\\Models\\User'),(3,1791,'App\\Models\\User'),(3,1792,'App\\Models\\User'),(3,1793,'App\\Models\\User'),(3,1794,'App\\Models\\User'),(3,1795,'App\\Models\\User'),(3,1796,'App\\Models\\User'),(3,1797,'App\\Models\\User'),(3,1798,'App\\Models\\User'),(3,1799,'App\\Models\\User'),(3,1800,'App\\Models\\User'),(3,1801,'App\\Models\\User'),(3,1802,'App\\Models\\User'),(3,1803,'App\\Models\\User'),(3,1804,'App\\Models\\User'),(3,1805,'App\\Models\\User'),(3,1806,'App\\Models\\User'),(3,1807,'App\\Models\\User'),(3,1808,'App\\Models\\User'),(3,1809,'App\\Models\\User'),(3,1810,'App\\Models\\User'),(3,1811,'App\\Models\\User'),(3,1812,'App\\Models\\User'),(3,1813,'App\\Models\\User'),(3,1814,'App\\Models\\User'),(3,1815,'App\\Models\\User'),(3,1816,'App\\Models\\User'),(3,1817,'App\\Models\\User'),(3,1818,'App\\Models\\User'),(3,1819,'App\\Models\\User'),(3,1820,'App\\Models\\User'),(3,1821,'App\\Models\\User'),(3,1822,'App\\Models\\User'),(3,1823,'App\\Models\\User'),(3,1824,'App\\Models\\User'),(3,1825,'App\\Models\\User'),(3,1826,'App\\Models\\User'),(3,1827,'App\\Models\\User'),(3,1828,'App\\Models\\User'),(3,1829,'App\\Models\\User'),(3,1830,'App\\Models\\User'),(3,1831,'App\\Models\\User'),(3,1832,'App\\Models\\User'),(3,1833,'App\\Models\\User'),(3,1834,'App\\Models\\User'),(3,1835,'App\\Models\\User'),(3,1836,'App\\Models\\User'),(3,1837,'App\\Models\\User'),(3,1838,'App\\Models\\User'),(3,1839,'App\\Models\\User'),(3,1840,'App\\Models\\User'),(3,1841,'App\\Models\\User'),(3,1842,'App\\Models\\User'),(3,1843,'App\\Models\\User'),(3,1844,'App\\Models\\User'),(3,1845,'App\\Models\\User'),(3,1846,'App\\Models\\User'),(3,1847,'App\\Models\\User'),(3,1848,'App\\Models\\User'),(3,1849,'App\\Models\\User'),(3,1850,'App\\Models\\User'),(3,1851,'App\\Models\\User'),(3,1852,'App\\Models\\User'),(3,1853,'App\\Models\\User'),(3,1854,'App\\Models\\User'),(3,1855,'App\\Models\\User'),(3,1856,'App\\Models\\User'),(3,1857,'App\\Models\\User'),(3,1858,'App\\Models\\User'),(3,1859,'App\\Models\\User'),(3,1860,'App\\Models\\User'),(3,1861,'App\\Models\\User'),(3,1862,'App\\Models\\User'),(3,1863,'App\\Models\\User'),(3,1864,'App\\Models\\User'),(3,1865,'App\\Models\\User'),(3,1866,'App\\Models\\User'),(3,1867,'App\\Models\\User'),(3,1868,'App\\Models\\User'),(3,1869,'App\\Models\\User'),(3,1870,'App\\Models\\User'),(3,1871,'App\\Models\\User'),(3,1872,'App\\Models\\User'),(3,1873,'App\\Models\\User'),(3,1874,'App\\Models\\User'),(3,1875,'App\\Models\\User'),(3,1876,'App\\Models\\User'),(3,1877,'App\\Models\\User'),(3,1878,'App\\Models\\User'),(3,1879,'App\\Models\\User'),(3,1880,'App\\Models\\User'),(3,1881,'App\\Models\\User'),(3,1882,'App\\Models\\User'),(3,1883,'App\\Models\\User'),(3,1884,'App\\Models\\User'),(3,1885,'App\\Models\\User'),(3,1886,'App\\Models\\User'),(3,1887,'App\\Models\\User'),(3,1888,'App\\Models\\User'),(3,1889,'App\\Models\\User'),(3,1890,'App\\Models\\User'),(3,1891,'App\\Models\\User'),(3,1892,'App\\Models\\User'),(3,1893,'App\\Models\\User'),(3,1894,'App\\Models\\User'),(3,1895,'App\\Models\\User'),(3,1896,'App\\Models\\User'),(3,1897,'App\\Models\\User'),(3,1898,'App\\Models\\User'),(3,1899,'App\\Models\\User'),(3,1900,'App\\Models\\User'),(3,1901,'App\\Models\\User'),(3,1902,'App\\Models\\User'),(3,1903,'App\\Models\\User'),(3,1904,'App\\Models\\User'),(3,1905,'App\\Models\\User'),(3,1906,'App\\Models\\User'),(3,1907,'App\\Models\\User'),(3,1908,'App\\Models\\User'),(3,1909,'App\\Models\\User'),(3,1910,'App\\Models\\User'),(3,1911,'App\\Models\\User'),(3,1912,'App\\Models\\User'),(3,1913,'App\\Models\\User'),(3,1914,'App\\Models\\User'),(3,1915,'App\\Models\\User'),(3,1916,'App\\Models\\User'),(3,1917,'App\\Models\\User'),(3,1918,'App\\Models\\User'),(3,1919,'App\\Models\\User'),(3,1920,'App\\Models\\User'),(3,1921,'App\\Models\\User'),(3,1922,'App\\Models\\User'),(3,1923,'App\\Models\\User'),(3,1924,'App\\Models\\User'),(3,1925,'App\\Models\\User'),(3,1926,'App\\Models\\User'),(3,1927,'App\\Models\\User'),(3,1928,'App\\Models\\User'),(3,1929,'App\\Models\\User'),(3,1930,'App\\Models\\User'),(3,1931,'App\\Models\\User'),(3,1932,'App\\Models\\User'),(3,1933,'App\\Models\\User'),(3,1934,'App\\Models\\User'),(3,1935,'App\\Models\\User'),(3,1936,'App\\Models\\User'),(3,1937,'App\\Models\\User'),(3,1938,'App\\Models\\User'),(3,1939,'App\\Models\\User'),(3,1940,'App\\Models\\User'),(3,1941,'App\\Models\\User'),(3,1942,'App\\Models\\User'),(3,1943,'App\\Models\\User'),(3,1944,'App\\Models\\User'),(3,1945,'App\\Models\\User'),(3,1946,'App\\Models\\User'),(3,1947,'App\\Models\\User'),(3,1948,'App\\Models\\User'),(3,1949,'App\\Models\\User'),(3,1950,'App\\Models\\User'),(3,1951,'App\\Models\\User'),(3,1952,'App\\Models\\User'),(3,1953,'App\\Models\\User'),(3,1954,'App\\Models\\User'),(3,1955,'App\\Models\\User'),(3,1956,'App\\Models\\User'),(3,1957,'App\\Models\\User'),(3,1958,'App\\Models\\User'),(3,1959,'App\\Models\\User'),(3,1960,'App\\Models\\User'),(3,1961,'App\\Models\\User'),(3,1962,'App\\Models\\User'),(3,1963,'App\\Models\\User'),(3,1964,'App\\Models\\User'),(3,1965,'App\\Models\\User'),(3,1966,'App\\Models\\User'),(3,1967,'App\\Models\\User'),(3,1968,'App\\Models\\User'),(3,1969,'App\\Models\\User'),(3,1970,'App\\Models\\User'),(3,1971,'App\\Models\\User'),(3,1972,'App\\Models\\User'),(3,1973,'App\\Models\\User'),(3,1974,'App\\Models\\User'),(3,1975,'App\\Models\\User'),(3,1976,'App\\Models\\User'),(3,1977,'App\\Models\\User'),(3,1978,'App\\Models\\User'),(3,1979,'App\\Models\\User'),(3,1980,'App\\Models\\User'),(3,1981,'App\\Models\\User'),(3,1982,'App\\Models\\User'),(3,1983,'App\\Models\\User'),(3,1984,'App\\Models\\User'),(3,1985,'App\\Models\\User'),(3,1986,'App\\Models\\User'),(3,1987,'App\\Models\\User'),(3,1988,'App\\Models\\User'),(3,1989,'App\\Models\\User'),(3,1990,'App\\Models\\User'),(3,1991,'App\\Models\\User'),(3,1992,'App\\Models\\User'),(3,1993,'App\\Models\\User'),(3,1994,'App\\Models\\User'),(3,1995,'App\\Models\\User'),(3,1996,'App\\Models\\User'),(3,1997,'App\\Models\\User'),(3,1998,'App\\Models\\User'),(3,1999,'App\\Models\\User'),(3,2000,'App\\Models\\User'),(3,2001,'App\\Models\\User'),(3,2002,'App\\Models\\User'),(3,2003,'App\\Models\\User'),(3,2004,'App\\Models\\User'),(3,2005,'App\\Models\\User'),(3,2006,'App\\Models\\User'),(3,2007,'App\\Models\\User'),(3,2008,'App\\Models\\User'),(3,2009,'App\\Models\\User'),(3,2010,'App\\Models\\User'),(3,2011,'App\\Models\\User'),(3,2012,'App\\Models\\User'),(3,2013,'App\\Models\\User'),(3,2014,'App\\Models\\User'),(3,2015,'App\\Models\\User'),(3,2016,'App\\Models\\User'),(3,2017,'App\\Models\\User'),(3,2018,'App\\Models\\User'),(3,2019,'App\\Models\\User'),(3,2020,'App\\Models\\User'),(3,2021,'App\\Models\\User'),(3,2022,'App\\Models\\User'),(3,2023,'App\\Models\\User'),(3,2024,'App\\Models\\User'),(3,2025,'App\\Models\\User'),(3,2026,'App\\Models\\User'),(3,2027,'App\\Models\\User'),(3,2028,'App\\Models\\User'),(3,2029,'App\\Models\\User'),(3,2030,'App\\Models\\User'),(3,2031,'App\\Models\\User'),(3,2032,'App\\Models\\User'),(3,2033,'App\\Models\\User'),(3,2034,'App\\Models\\User'),(3,2035,'App\\Models\\User'),(3,2036,'App\\Models\\User'),(3,2037,'App\\Models\\User'),(3,2038,'App\\Models\\User'),(3,2039,'App\\Models\\User'),(3,2040,'App\\Models\\User'),(3,2041,'App\\Models\\User'),(3,2042,'App\\Models\\User'),(3,2043,'App\\Models\\User'),(3,2044,'App\\Models\\User'),(3,2045,'App\\Models\\User'),(3,2046,'App\\Models\\User'),(3,2047,'App\\Models\\User'),(3,2048,'App\\Models\\User'),(3,2049,'App\\Models\\User'),(3,2050,'App\\Models\\User'),(3,2051,'App\\Models\\User'),(3,2052,'App\\Models\\User'),(3,2053,'App\\Models\\User'),(3,2054,'App\\Models\\User'),(3,2055,'App\\Models\\User'),(3,2056,'App\\Models\\User'),(3,2057,'App\\Models\\User'),(3,2058,'App\\Models\\User'),(3,2059,'App\\Models\\User'),(3,2060,'App\\Models\\User'),(3,2061,'App\\Models\\User'),(3,2062,'App\\Models\\User'),(3,2063,'App\\Models\\User'),(3,2064,'App\\Models\\User'),(3,2065,'App\\Models\\User'),(3,2066,'App\\Models\\User'),(3,2067,'App\\Models\\User'),(3,2068,'App\\Models\\User'),(3,2069,'App\\Models\\User'),(3,2070,'App\\Models\\User'),(3,2071,'App\\Models\\User'),(3,2072,'App\\Models\\User'),(3,2073,'App\\Models\\User'),(3,2074,'App\\Models\\User'),(3,2075,'App\\Models\\User'),(3,2076,'App\\Models\\User'),(3,2077,'App\\Models\\User'),(3,2078,'App\\Models\\User'),(3,2079,'App\\Models\\User'),(8,106,'App\\Models\\User'),(8,107,'App\\Models\\User'),(8,108,'App\\Models\\User'),(8,109,'App\\Models\\User'),(8,111,'App\\Models\\User'),(8,127,'App\\Models\\User'),(8,128,'App\\Models\\User'),(8,130,'App\\Models\\User'),(8,131,'App\\Models\\User'),(8,132,'App\\Models\\User'),(8,133,'App\\Models\\User'),(8,134,'App\\Models\\User'),(8,135,'App\\Models\\User'),(8,136,'App\\Models\\User'),(8,137,'App\\Models\\User'),(8,138,'App\\Models\\User'),(8,139,'App\\Models\\User'),(8,140,'App\\Models\\User'),(8,141,'App\\Models\\User'),(8,142,'App\\Models\\User'),(8,143,'App\\Models\\User'),(8,144,'App\\Models\\User'),(8,145,'App\\Models\\User'),(8,150,'App\\Models\\User'),(8,152,'App\\Models\\User'),(8,153,'App\\Models\\User'),(8,155,'App\\Models\\User'),(8,157,'App\\Models\\User'),(8,158,'App\\Models\\User'),(8,161,'App\\Models\\User'),(8,163,'App\\Models\\User'),(8,164,'App\\Models\\User'),(8,165,'App\\Models\\User'),(8,166,'App\\Models\\User'),(8,167,'App\\Models\\User'),(8,172,'App\\Models\\User'),(8,173,'App\\Models\\User'),(8,174,'App\\Models\\User'),(8,175,'App\\Models\\User'),(8,176,'App\\Models\\User'),(8,177,'App\\Models\\User'),(8,178,'App\\Models\\User'),(8,179,'App\\Models\\User'),(8,180,'App\\Models\\User'),(8,181,'App\\Models\\User'),(8,182,'App\\Models\\User'),(8,183,'App\\Models\\User'),(8,184,'App\\Models\\User'),(8,185,'App\\Models\\User'),(8,186,'App\\Models\\User'),(8,187,'App\\Models\\User'),(8,188,'App\\Models\\User'),(8,189,'App\\Models\\User'),(8,190,'App\\Models\\User'),(8,191,'App\\Models\\User'),(8,192,'App\\Models\\User'),(8,193,'App\\Models\\User'),(8,194,'App\\Models\\User'),(8,195,'App\\Models\\User'),(8,196,'App\\Models\\User'),(8,197,'App\\Models\\User'),(8,198,'App\\Models\\User'),(8,199,'App\\Models\\User'),(8,200,'App\\Models\\User'),(8,201,'App\\Models\\User'),(8,202,'App\\Models\\User'),(8,203,'App\\Models\\User'),(8,204,'App\\Models\\User'),(8,205,'App\\Models\\User'),(8,206,'App\\Models\\User'),(8,207,'App\\Models\\User'),(8,208,'App\\Models\\User'),(8,209,'App\\Models\\User'),(8,210,'App\\Models\\User'),(8,212,'App\\Models\\User'),(8,213,'App\\Models\\User'),(8,214,'App\\Models\\User'),(8,215,'App\\Models\\User'),(8,216,'App\\Models\\User'),(8,217,'App\\Models\\User'),(8,218,'App\\Models\\User'),(8,219,'App\\Models\\User'),(8,220,'App\\Models\\User'),(8,221,'App\\Models\\User'),(8,222,'App\\Models\\User'),(8,223,'App\\Models\\User'),(8,224,'App\\Models\\User'),(8,225,'App\\Models\\User'),(8,226,'App\\Models\\User'),(8,227,'App\\Models\\User'),(8,228,'App\\Models\\User'),(8,229,'App\\Models\\User'),(8,230,'App\\Models\\User'),(8,231,'App\\Models\\User'),(8,232,'App\\Models\\User'),(8,233,'App\\Models\\User'),(8,234,'App\\Models\\User'),(8,235,'App\\Models\\User'),(8,236,'App\\Models\\User'),(8,237,'App\\Models\\User'),(8,238,'App\\Models\\User'),(8,239,'App\\Models\\User'),(8,240,'App\\Models\\User'),(8,241,'App\\Models\\User'),(8,242,'App\\Models\\User'),(8,243,'App\\Models\\User'),(8,244,'App\\Models\\User'),(8,245,'App\\Models\\User'),(8,246,'App\\Models\\User'),(8,247,'App\\Models\\User'),(8,248,'App\\Models\\User'),(8,249,'App\\Models\\User'),(8,250,'App\\Models\\User'),(8,251,'App\\Models\\User'),(8,252,'App\\Models\\User'),(8,253,'App\\Models\\User'),(8,254,'App\\Models\\User'),(8,255,'App\\Models\\User'),(8,256,'App\\Models\\User'),(8,257,'App\\Models\\User'),(8,258,'App\\Models\\User'),(8,259,'App\\Models\\User'),(8,260,'App\\Models\\User'),(8,261,'App\\Models\\User'),(8,262,'App\\Models\\User'),(8,263,'App\\Models\\User'),(8,264,'App\\Models\\User'),(8,265,'App\\Models\\User'),(8,266,'App\\Models\\User'),(8,267,'App\\Models\\User'),(8,268,'App\\Models\\User'),(8,269,'App\\Models\\User'),(8,270,'App\\Models\\User'),(8,271,'App\\Models\\User'),(8,272,'App\\Models\\User'),(8,273,'App\\Models\\User'),(8,274,'App\\Models\\User'),(8,275,'App\\Models\\User'),(8,276,'App\\Models\\User'),(8,277,'App\\Models\\User'),(8,278,'App\\Models\\User'),(8,280,'App\\Models\\User'),(8,281,'App\\Models\\User'),(8,282,'App\\Models\\User'),(8,283,'App\\Models\\User'),(8,284,'App\\Models\\User'),(8,285,'App\\Models\\User'),(8,286,'App\\Models\\User'),(8,287,'App\\Models\\User'),(8,288,'App\\Models\\User'),(8,289,'App\\Models\\User'),(8,290,'App\\Models\\User'),(8,291,'App\\Models\\User'),(8,292,'App\\Models\\User'),(8,293,'App\\Models\\User'),(8,294,'App\\Models\\User'),(8,295,'App\\Models\\User'),(8,296,'App\\Models\\User'),(8,297,'App\\Models\\User'),(8,298,'App\\Models\\User'),(8,299,'App\\Models\\User'),(8,300,'App\\Models\\User'),(8,301,'App\\Models\\User'),(8,302,'App\\Models\\User'),(8,303,'App\\Models\\User'),(8,304,'App\\Models\\User'),(8,305,'App\\Models\\User'),(8,306,'App\\Models\\User'),(8,307,'App\\Models\\User'),(8,308,'App\\Models\\User'),(8,309,'App\\Models\\User'),(8,310,'App\\Models\\User'),(8,311,'App\\Models\\User'),(8,312,'App\\Models\\User'),(8,313,'App\\Models\\User'),(8,314,'App\\Models\\User'),(8,315,'App\\Models\\User'),(8,316,'App\\Models\\User'),(8,317,'App\\Models\\User'),(8,318,'App\\Models\\User'),(8,319,'App\\Models\\User'),(8,320,'App\\Models\\User'),(8,321,'App\\Models\\User'),(8,322,'App\\Models\\User'),(8,323,'App\\Models\\User'),(8,324,'App\\Models\\User'),(8,325,'App\\Models\\User'),(8,326,'App\\Models\\User'),(8,327,'App\\Models\\User'),(8,328,'App\\Models\\User'),(8,329,'App\\Models\\User'),(8,330,'App\\Models\\User'),(8,331,'App\\Models\\User'),(8,332,'App\\Models\\User'),(8,333,'App\\Models\\User'),(8,334,'App\\Models\\User'),(8,335,'App\\Models\\User'),(8,336,'App\\Models\\User'),(8,337,'App\\Models\\User'),(8,338,'App\\Models\\User'),(8,339,'App\\Models\\User'),(8,340,'App\\Models\\User'),(8,341,'App\\Models\\User'),(8,342,'App\\Models\\User'),(8,343,'App\\Models\\User'),(8,344,'App\\Models\\User'),(8,345,'App\\Models\\User'),(8,346,'App\\Models\\User'),(8,347,'App\\Models\\User'),(8,348,'App\\Models\\User'),(8,349,'App\\Models\\User'),(8,350,'App\\Models\\User'),(8,351,'App\\Models\\User'),(8,352,'App\\Models\\User'),(8,353,'App\\Models\\User'),(8,354,'App\\Models\\User'),(8,355,'App\\Models\\User'),(8,356,'App\\Models\\User'),(8,357,'App\\Models\\User'),(8,358,'App\\Models\\User'),(8,359,'App\\Models\\User'),(8,360,'App\\Models\\User'),(8,361,'App\\Models\\User'),(8,362,'App\\Models\\User'),(8,363,'App\\Models\\User'),(8,364,'App\\Models\\User'),(8,365,'App\\Models\\User'),(8,366,'App\\Models\\User'),(8,367,'App\\Models\\User'),(8,368,'App\\Models\\User'),(8,369,'App\\Models\\User'),(8,370,'App\\Models\\User'),(8,371,'App\\Models\\User'),(8,372,'App\\Models\\User'),(8,373,'App\\Models\\User'),(8,374,'App\\Models\\User'),(8,375,'App\\Models\\User'),(8,387,'App\\Models\\User'),(8,388,'App\\Models\\User'),(8,394,'App\\Models\\User'),(8,405,'App\\Models\\User'),(14,378,'App\\Models\\User'),(14,379,'App\\Models\\User'),(14,380,'App\\Models\\User'),(14,381,'App\\Models\\User'),(14,382,'App\\Models\\User'),(14,383,'App\\Models\\User'),(14,384,'App\\Models\\User'),(14,385,'App\\Models\\User'),(14,386,'App\\Models\\User'),(14,391,'App\\Models\\User'),(15,392,'App\\Models\\User');

--
-- Table structure for table `roles`
--

CREATE TABLE `roles` (
  `id` bigint unsigned NOT NULL AUTO_INCREMENT,
  `name` varchar(255) CHARACTER SET utf8mb4 COLLATE utf8mb4_unicode_ci NOT NULL,
  `display_name` varchar(255) CHARACTER SET utf8mb4 COLLATE utf8mb4_unicode_ci DEFAULT NULL,
  `description` varchar(255) CHARACTER SET utf8mb4 COLLATE utf8mb4_unicode_ci DEFAULT NULL,
  `created_at` timestamp NULL DEFAULT NULL,
  `updated_at` timestamp NULL DEFAULT NULL,
  PRIMARY KEY (`id`),
  UNIQUE KEY `roles_name_unique` (`name`)
) ENGINE=InnoDB AUTO_INCREMENT=16 DEFAULT CHARSET=utf8mb4 COLLATE=utf8mb4_unicode_ci;

--
-- Dumping data for table `roles`
--

INSERT INTO `roles` (`id`, `name`, `display_name`, `description`, `created_at`, `updated_at`) VALUES (1,'super_admin','Super Admin','Super Admin','2022-06-21 09:32:18','2022-06-21 09:32:18'),(3,'admin','Admin','Admin','2022-06-21 09:32:18','2022-06-21 09:32:18'),(8,'clients',NULL,NULL,'2023-02-28 10:41:51','2023-02-28 10:41:51'),(14,'Company',NULL,NULL,'2023-11-13 01:06:48','2023-11-13 01:06:48'),(15,'cars',NULL,NULL,'2023-11-24 00:10:36','2023-11-27 14:44:15');

--
-- Table structure for table `shipping_type_translations`
--

CREATE TABLE `shipping_type_translations` (
  `id` int unsigned NOT NULL AUTO_INCREMENT,
  `shipping_type_id` int unsigned NOT NULL,
  `title` varchar(255) CHARACTER SET utf8mb4 COLLATE utf8mb4_unicode_ci DEFAULT NULL,
  `locale` varchar(255) CHARACTER SET utf8mb4 COLLATE utf8mb4_unicode_ci NOT NULL,
  `created_at` timestamp NULL DEFAULT NULL,
  `updated_at` timestamp NULL DEFAULT NULL,
  PRIMARY KEY (`id`),
  UNIQUE KEY `shipping_type_translations_shipping_type_id_locale_unique` (`shipping_type_id`,`locale`)
) ENGINE=InnoDB DEFAULT CHARSET=utf8mb4 COLLATE=utf8mb4_unicode_ci;

--
-- Dumping data for table `shipping_type_translations`
--


--
-- Table structure for table `shipping_types`
--

CREATE TABLE `shipping_types` (
  `id` int unsigned NOT NULL AUTO_INCREMENT,
  `image` varchar(255) CHARACTER SET utf8mb4 COLLATE utf8mb4_unicode_ci DEFAULT NULL,
  `type` int NOT NULL DEFAULT '0',
  `status` int NOT NULL DEFAULT '0',
  `created_at` timestamp NULL DEFAULT NULL,
  `updated_at` timestamp NULL DEFAULT NULL,
  PRIMARY KEY (`id`)
) ENGINE=InnoDB DEFAULT CHARSET=utf8mb4 COLLATE=utf8mb4_unicode_ci;

--
-- Dumping data for table `shipping_types`
--


--
-- Table structure for table `short_terms`
--

CREATE TABLE `short_terms` (
  `id` int unsigned NOT NULL AUTO_INCREMENT,
  `Ticket` varchar(255) CHARACTER SET utf8mb4 COLLATE utf8mb4_unicode_ci NOT NULL,
  `AccountNo` varchar(255) CHARACTER SET utf8mb4 COLLATE utf8mb4_unicode_ci NOT NULL,
  `Action` varchar(255) CHARACTER SET utf8mb4 COLLATE utf8mb4_unicode_ci NOT NULL,
  `FirstSymbol` varchar(255) CHARACTER SET utf8mb4 COLLATE utf8mb4_unicode_ci NOT NULL,
  `PriceCurrent` varchar(255) CHARACTER SET utf8mb4 COLLATE utf8mb4_unicode_ci NOT NULL,
  `PriceOpen` varchar(255) CHARACTER SET utf8mb4 COLLATE utf8mb4_unicode_ci NOT NULL,
  `PriceSL` varchar(255) CHARACTER SET utf8mb4 COLLATE utf8mb4_unicode_ci NOT NULL,
  `PriceTP` varchar(255) CHARACTER SET utf8mb4 COLLATE utf8mb4_unicode_ci NOT NULL,
  `Profit` varchar(255) CHARACTER SET utf8mb4 COLLATE utf8mb4_unicode_ci NOT NULL,
  `SecondSymbol` varchar(255) CHARACTER SET utf8mb4 COLLATE utf8mb4_unicode_ci NOT NULL,
  `Symbol` varchar(255) CHARACTER SET utf8mb4 COLLATE utf8mb4_unicode_ci DEFAULT NULL,
  `Time` varchar(255) CHARACTER SET utf8mb4 COLLATE utf8mb4_unicode_ci NOT NULL,
  `Volume` varchar(255) CHARACTER SET utf8mb4 COLLATE utf8mb4_unicode_ci NOT NULL,
  `created_at` timestamp NULL DEFAULT NULL,
  `updated_at` timestamp NULL DEFAULT NULL,
  PRIMARY KEY (`id`)
) ENGINE=InnoDB DEFAULT CHARSET=utf8mb4 COLLATE=utf8mb4_unicode_ci;

--
-- Dumping data for table `short_terms`
--


--
-- Table structure for table `slider_translations`
--

CREATE TABLE `slider_translations` (
  `id` int unsigned NOT NULL AUTO_INCREMENT,
  `slider_id` int unsigned NOT NULL,
  `name` varchar(255) CHARACTER SET utf8mb4 COLLATE utf8mb4_unicode_ci DEFAULT NULL,
  `content` varchar(255) CHARACTER SET utf8mb4 COLLATE utf8mb4_unicode_ci DEFAULT NULL,
  `locale` varchar(255) CHARACTER SET utf8mb4 COLLATE utf8mb4_unicode_ci NOT NULL,
  `created_at` timestamp NULL DEFAULT NULL,
  `updated_at` timestamp NULL DEFAULT NULL,
  PRIMARY KEY (`id`),
  UNIQUE KEY `slider_translations_slider_id_locale_unique` (`slider_id`,`locale`),
  KEY `slider_translations_locale_index` (`locale`)
) ENGINE=InnoDB DEFAULT CHARSET=utf8mb4 COLLATE=utf8mb4_unicode_ci;

--
-- Dumping data for table `slider_translations`
--


--
-- Table structure for table `sliders`
--

CREATE TABLE `sliders` (
  `id` int unsigned NOT NULL AUTO_INCREMENT,
  `image` varchar(255) CHARACTER SET utf8mb4 COLLATE utf8mb4_unicode_ci NOT NULL,
  `type` enum('none','category','product') CHARACTER SET utf8mb4 COLLATE utf8mb4_unicode_ci NOT NULL DEFAULT 'none',
  `id_number` int DEFAULT NULL,
  `status` varchar(255) CHARACTER SET utf8mb4 COLLATE utf8mb4_unicode_ci NOT NULL DEFAULT '1',
  `created_at` timestamp NULL DEFAULT NULL,
  `updated_at` timestamp NULL DEFAULT NULL,
  `banner` int DEFAULT '0',
  PRIMARY KEY (`id`)
) ENGINE=InnoDB AUTO_INCREMENT=9 DEFAULT CHARSET=utf8mb4 COLLATE=utf8mb4_unicode_ci;

--
-- Dumping data for table `sliders`
--

INSERT INTO `sliders` (`id`, `image`, `type`, `id_number`, `status`, `created_at`, `updated_at`, `banner`) VALUES (4,'559876-images.jpeg','category',4444,'1','2022-11-08 09:06:43','2023-11-22 00:29:46',0),(8,'53213-download.jpg','none',NULL,'1','2023-11-25 14:31:44','2023-11-25 14:31:44',0);

--
-- Table structure for table `subscribe_types`
--

CREATE TABLE `subscribe_types` (
  `id` bigint unsigned NOT NULL AUTO_INCREMENT,
  `subscription_id` bigint unsigned NOT NULL,
  `meals` int DEFAULT NULL,
  `snacks` int DEFAULT NULL,
  `created_at` timestamp NULL DEFAULT NULL,
  `updated_at` timestamp NULL DEFAULT NULL,
  `image` varchar(191) CHARACTER SET utf8mb4 COLLATE utf8mb4_unicode_ci DEFAULT NULL,
  PRIMARY KEY (`id`),
  KEY `subscribe_types_subscription_id_foreign` (`subscription_id`)
) ENGINE=InnoDB DEFAULT CHARSET=utf8mb4 COLLATE=utf8mb4_unicode_ci;

--
-- Dumping data for table `subscribe_types`
--


--
-- Table structure for table `subscription_days`
--

CREATE TABLE `subscription_days` (
  `id` bigint unsigned NOT NULL AUTO_INCREMENT,
  `subscription_type_id` bigint unsigned NOT NULL,
  `amount` decimal(8,2) DEFAULT NULL,
  `day` int DEFAULT NULL,
  `boxes` varchar(191) CHARACTER SET utf8mb4 COLLATE utf8mb4_unicode_ci DEFAULT NULL,
  `created_at` timestamp NULL DEFAULT NULL,
  `updated_at` timestamp NULL DEFAULT NULL,
  PRIMARY KEY (`id`),
  KEY `subscription_days_subscription_id_foreign` (`subscription_type_id`)
) ENGINE=InnoDB DEFAULT CHARSET=utf8mb4 COLLATE=utf8mb4_unicode_ci;

--
-- Dumping data for table `subscription_days`
--


--
-- Table structure for table `subscription_orders`
--

CREATE TABLE `subscription_orders` (
  `id` bigint unsigned NOT NULL AUTO_INCREMENT,
  `order_number` varchar(191) CHARACTER SET utf8mb4 COLLATE utf8mb4_unicode_ci DEFAULT NULL,
  `user_id` int unsigned NOT NULL,
  `menu_id` bigint unsigned DEFAULT NULL,
  `subscription_id` bigint unsigned DEFAULT NULL,
  `address_id` int DEFAULT NULL,
  `date` date NOT NULL,
  `days` varchar(255) CHARACTER SET utf8mb4 COLLATE utf8mb4_unicode_ci NOT NULL,
  `original_days` varchar(191) CHARACTER SET utf8mb4 COLLATE utf8mb4_unicode_ci DEFAULT NULL,
  `status` varchar(255) CHARACTER SET utf8mb4 COLLATE utf8mb4_unicode_ci DEFAULT NULL,
  `salary` double NOT NULL DEFAULT '0',
  `payment_id` int DEFAULT NULL,
  `created_at` timestamp NULL DEFAULT NULL,
  `updated_at` timestamp NULL DEFAULT NULL,
  `subscribe_type_id` int DEFAULT NULL,
  `extrasnack_id` int DEFAULT NULL,
  `expireDate` date DEFAULT NULL,
  `RestartDate` date DEFAULT NULL,
  `remaining_days` int DEFAULT NULL,
  `active` int NOT NULL DEFAULT '1',
  `change_address` date DEFAULT NULL,
  `new_address_id` int DEFAULT NULL,
  `payment_method` varchar(11) CHARACTER SET utf8mb4 COLLATE utf8mb4_unicode_ci DEFAULT NULL,
  `inCart` int NOT NULL DEFAULT '0',
  `mac_address` varchar(191) CHARACTER SET utf8mb4 COLLATE utf8mb4_unicode_ci DEFAULT NULL,
  `discount_price` varchar(191) CHARACTER SET utf8mb4 COLLATE utf8mb4_unicode_ci DEFAULT NULL,
  `dicount_value` varchar(191) CHARACTER SET utf8mb4 COLLATE utf8mb4_unicode_ci DEFAULT NULL,
  `discount_name` varchar(111) CHARACTER SET utf8mb4 COLLATE utf8mb4_unicode_ci DEFAULT NULL,
  PRIMARY KEY (`id`),
  KEY `subscription_orders_user_id_foreign` (`user_id`),
  KEY `subscription_orders_menu_id_foreign` (`menu_id`),
  KEY `subscription_orders_subscription_id_foreign` (`subscription_id`)
) ENGINE=InnoDB DEFAULT CHARSET=utf8mb4 COLLATE=utf8mb4_unicode_ci;

--
-- Dumping data for table `subscription_orders`
--


--
-- Table structure for table `subscription_translations`
--

CREATE TABLE `subscription_translations` (
  `id` bigint unsigned NOT NULL AUTO_INCREMENT,
  `subscription_id` bigint unsigned NOT NULL,
  `name` varchar(255) CHARACTER SET utf8mb4 COLLATE utf8mb4_unicode_ci NOT NULL,
  `section` varchar(255) CHARACTER SET utf8mb4 COLLATE utf8mb4_unicode_ci NOT NULL,
  `text` text CHARACTER SET utf8mb4 COLLATE utf8mb4_unicode_ci NOT NULL,
  `created_at` timestamp NULL DEFAULT NULL,
  `updated_at` timestamp NULL DEFAULT NULL,
  `locale` varchar(255) CHARACTER SET utf8mb4 COLLATE utf8mb4_unicode_ci NOT NULL,
  PRIMARY KEY (`id`),
  UNIQUE KEY `subsciption_translations_subsciption_id_locale_unique` (`subscription_id`,`locale`),
  KEY `subsciption_translations_locale_index` (`locale`)
) ENGINE=InnoDB DEFAULT CHARSET=utf8mb4 COLLATE=utf8mb4_unicode_ci;

--
-- Dumping data for table `subscription_translations`
--


--
-- Table structure for table `subscriptions`
--

CREATE TABLE `subscriptions` (
  `id` bigint unsigned NOT NULL AUTO_INCREMENT,
  `image` varchar(255) CHARACTER SET utf8mb4 COLLATE utf8mb4_unicode_ci NOT NULL,
  `days` text CHARACTER SET utf8mb4 COLLATE utf8mb4_unicode_ci,
  `created_at` timestamp NULL DEFAULT NULL,
  `updated_at` timestamp NULL DEFAULT NULL,
  `status` int DEFAULT '1',
  `how_often` int DEFAULT NULL,
  PRIMARY KEY (`id`)
) ENGINE=InnoDB DEFAULT CHARSET=utf8mb4 COLLATE=utf8mb4_unicode_ci;

--
-- Dumping data for table `subscriptions`
--


--
-- Table structure for table `tagers`
--

CREATE TABLE `tagers` (
  `id` int unsigned NOT NULL AUTO_INCREMENT,
  `user_id` int unsigned NOT NULL,
  `instagram_link` varchar(255) CHARACTER SET utf8mb4 COLLATE utf8mb4_unicode_ci DEFAULT NULL,
  `banners` text CHARACTER SET utf8mb4 COLLATE utf8mb4_unicode_ci,
  `created_at` timestamp NULL DEFAULT NULL,
  `updated_at` timestamp NULL DEFAULT NULL,
  PRIMARY KEY (`id`),
  KEY `tagers_user_id_foreign` (`user_id`)
) ENGINE=InnoDB AUTO_INCREMENT=6 DEFAULT CHARSET=utf8mb4 COLLATE=utf8mb4_unicode_ci;

--
-- Dumping data for table `tagers`
--

INSERT INTO `tagers` (`id`, `user_id`, `instagram_link`, `banners`, `created_at`, `updated_at`) VALUES (2,47,'https://forsa.topapp-kw.com/ar/admin/panel/tagers/create','[\"2022-06-26-e5e46aed80d0ea36e1ce0e66694b02f81648659101471.png\"]','2022-06-25 08:39:01','2022-06-26 08:48:14'),(3,51,'https://forsa.topapp-kw.com/ar/admin/panel/tagers/create','[\"2022-06-26-unnamed.png\"]','2022-06-25 08:43:38','2022-06-26 08:52:05'),(4,52,'https://forsa.topapp-kw.com/ar/admin/panel/tagers/create','[\"2022-06-25-unnamed-1.png\"]','2022-06-25 08:49:26','2022-06-25 08:49:26'),(5,53,'https://forsa.topapp-kw.com/ar/admin/panel/tagers/create','[\"2022-06-25-b350d943a372f3f36a876b10b3f40038_icon.png\"]','2022-06-25 08:53:19','2022-06-25 08:53:19');

--
-- Table structure for table `topic_subscripts`
--

CREATE TABLE `topic_subscripts` (
  `id` int unsigned NOT NULL AUTO_INCREMENT,
  `topics_id` int unsigned DEFAULT NULL,
  `status` varchar(255) CHARACTER SET utf8mb4 COLLATE utf8mb4_unicode_ci NOT NULL,
  `symobleName` varchar(255) CHARACTER SET utf8mb4 COLLATE utf8mb4_unicode_ci NOT NULL,
  `created_at` timestamp NULL DEFAULT NULL,
  `updated_at` timestamp NULL DEFAULT NULL,
  PRIMARY KEY (`id`),
  KEY `topic_subscripts_topics_id_foreign` (`topics_id`)
) ENGINE=InnoDB DEFAULT CHARSET=utf8mb4 COLLATE=utf8mb4_unicode_ci;

--
-- Dumping data for table `topic_subscripts`
--


--
-- Table structure for table `topics`
--

CREATE TABLE `topics` (
  `id` int unsigned NOT NULL AUTO_INCREMENT,
  `token` text CHARACTER SET utf8mb4 COLLATE utf8mb4_unicode_ci,
  `created_at` timestamp NULL DEFAULT NULL,
  `updated_at` timestamp NULL DEFAULT NULL,
  PRIMARY KEY (`id`)
) ENGINE=InnoDB DEFAULT CHARSET=utf8mb4 COLLATE=utf8mb4_unicode_ci;

--
-- Dumping data for table `topics`
--


--
-- Table structure for table `user_addresses`
--

CREATE TABLE `user_addresses` (
  `id` int unsigned NOT NULL AUTO_INCREMENT,
  `user_id` int unsigned DEFAULT NULL,
  `governments_id` int unsigned DEFAULT NULL,
  `region_id` int unsigned DEFAULT NULL,
  `block` varchar(255) CHARACTER SET utf8mb4 COLLATE utf8mb4_unicode_ci DEFAULT NULL,
  `Street_number` varchar(255) CHARACTER SET utf8mb4 COLLATE utf8mb4_unicode_ci DEFAULT NULL,
  `gada` varchar(191) CHARACTER SET utf8mb4 COLLATE utf8mb4_unicode_ci DEFAULT NULL,
  `Apartment_number` varchar(255) CHARACTER SET utf8mb4 COLLATE utf8mb4_unicode_ci DEFAULT NULL,
  `floor_number` varchar(255) CHARACTER SET utf8mb4 COLLATE utf8mb4_unicode_ci DEFAULT NULL,
  `house_number` varchar(255) CHARACTER SET utf8mb4 COLLATE utf8mb4_unicode_ci DEFAULT NULL,
  `type` varchar(255) CHARACTER SET utf8mb4 COLLATE utf8mb4_unicode_ci NOT NULL,
  `user_name` varchar(255) CHARACTER SET utf8mb4 COLLATE utf8mb4_unicode_ci DEFAULT NULL,
  `phone` varchar(255) CHARACTER SET utf8mb4 COLLATE utf8mb4_unicode_ci DEFAULT NULL,
  `email` varchar(255) CHARACTER SET utf8mb4 COLLATE utf8mb4_unicode_ci DEFAULT NULL,
  `created_at` timestamp NULL DEFAULT NULL,
  `updated_at` timestamp NULL DEFAULT NULL,
  `checked` varchar(11) CHARACTER SET utf8mb4 COLLATE utf8mb4_unicode_ci DEFAULT NULL,
  `lat` varchar(191) CHARACTER SET utf8mb4 COLLATE utf8mb4_unicode_ci DEFAULT NULL,
  `long` varchar(191) CHARACTER SET utf8mb4 COLLATE utf8mb4_unicode_ci DEFAULT NULL,
  `country_id` int DEFAULT NULL,
  `secondphone` varchar(191) CHARACTER SET utf8mb4 COLLATE utf8mb4_unicode_ci DEFAULT NULL,
  `governments` varchar(191) CHARACTER SET utf8mb4 COLLATE utf8mb4_unicode_ci DEFAULT NULL,
  `regions` varchar(191) CHARACTER SET utf8mb4 COLLATE utf8mb4_unicode_ci DEFAULT NULL,
  `note` text CHARACTER SET utf8mb4 COLLATE utf8mb4_unicode_ci,
  `civil_id` varchar(191) CHARACTER SET utf8mb4 COLLATE utf8mb4_unicode_ci DEFAULT NULL,
  `mac_address` varchar(191) CHARACTER SET utf8mb4 COLLATE utf8mb4_unicode_ci DEFAULT NULL,
  `old_id_addresss` int DEFAULT NULL,
  `changed_date` date DEFAULT NULL,
  `url_link` text CHARACTER SET utf8mb4 COLLATE utf8mb4_unicode_ci,
  PRIMARY KEY (`id`),
  KEY `user_addresses_user_id_foreign` (`user_id`),
  KEY `user_addresses_governments_id_foreign` (`governments_id`),
  KEY `user_addresses_region_id_foreign` (`region_id`)
) ENGINE=InnoDB AUTO_INCREMENT=121 DEFAULT CHARSET=utf8mb4 COLLATE=utf8mb4_unicode_ci;

--
-- Dumping data for table `user_addresses`
--

INSERT INTO `user_addresses` (`id`, `user_id`, `governments_id`, `region_id`, `block`, `Street_number`, `gada`, `Apartment_number`, `floor_number`, `house_number`, `type`, `user_name`, `phone`, `email`, `created_at`, `updated_at`, `checked`, `lat`, `long`, `country_id`, `secondphone`, `governments`, `regions`, `note`, `civil_id`, `mac_address`, `old_id_addresss`, `changed_date`, `url_link`) VALUES (5,391,NULL,NULL,NULL,NULL,NULL,NULL,NULL,NULL,'1',NULL,NULL,NULL,'2023-11-19 22:54:29','2023-11-26 00:18:03','false','12312','123123123',NULL,NULL,NULL,NULL,NULL,NULL,NULL,NULL,NULL,NULL),(18,391,NULL,NULL,NULL,NULL,NULL,NULL,NULL,NULL,'1',NULL,NULL,NULL,'2023-11-21 16:11:41','2023-11-26 00:18:03','false','12312','123123123',NULL,NULL,NULL,NULL,NULL,NULL,NULL,NULL,NULL,NULL),(19,391,NULL,NULL,NULL,NULL,NULL,NULL,NULL,NULL,'1',NULL,NULL,NULL,'2023-11-21 16:23:39','2023-11-26 00:18:03','false','556677','223344',NULL,NULL,NULL,NULL,NULL,NULL,NULL,NULL,NULL,NULL),(20,391,NULL,NULL,NULL,NULL,NULL,NULL,NULL,NULL,'1',NULL,NULL,NULL,'2023-11-21 16:23:44','2023-11-26 00:18:03','false','556677','223344',NULL,NULL,NULL,NULL,NULL,NULL,NULL,NULL,NULL,NULL),(21,391,NULL,NULL,NULL,NULL,NULL,NULL,NULL,NULL,'1',NULL,NULL,NULL,'2023-11-21 16:23:53','2023-11-26 00:18:03','false','556677','223344',NULL,NULL,NULL,NULL,NULL,NULL,NULL,NULL,NULL,NULL),(22,391,NULL,NULL,NULL,NULL,NULL,NULL,NULL,NULL,'1',NULL,NULL,NULL,'2023-11-21 16:29:04','2023-11-26 00:18:03','false','556677','223344',NULL,NULL,NULL,NULL,NULL,NULL,NULL,NULL,NULL,NULL),(23,391,NULL,NULL,NULL,NULL,NULL,NULL,NULL,NULL,'1',NULL,NULL,NULL,'2023-11-21 16:30:45','2023-11-26 00:18:03','false','556677','223344',NULL,NULL,NULL,NULL,NULL,NULL,NULL,NULL,NULL,NULL),(25,391,NULL,NULL,NULL,NULL,NULL,NULL,NULL,NULL,'1',NULL,NULL,NULL,'2023-11-21 16:37:10','2023-11-26 00:18:03','false','556677','223344',NULL,NULL,NULL,NULL,NULL,NULL,NULL,NULL,NULL,NULL),(26,391,NULL,NULL,NULL,NULL,NULL,NULL,NULL,NULL,'1',NULL,NULL,NULL,'2023-11-21 16:38:58','2023-11-26 00:18:03','false','556677','223344',NULL,NULL,NULL,NULL,NULL,NULL,NULL,NULL,NULL,NULL),(27,391,NULL,NULL,NULL,NULL,NULL,NULL,NULL,NULL,'1',NULL,NULL,NULL,'2023-11-21 16:38:59','2023-11-26 00:18:03','false','556677','223344',NULL,NULL,NULL,NULL,NULL,NULL,NULL,NULL,NULL,NULL),(28,391,NULL,NULL,NULL,NULL,NULL,NULL,NULL,NULL,'1',NULL,NULL,NULL,'2023-11-21 16:39:02','2023-11-26 00:18:03','false','556677','223344',NULL,NULL,NULL,NULL,NULL,NULL,NULL,NULL,NULL,NULL),(29,391,NULL,NULL,NULL,NULL,NULL,NULL,NULL,NULL,'1',NULL,NULL,NULL,'2023-11-21 16:44:10','2023-11-26 00:18:03','false','556677','223344',NULL,NULL,NULL,NULL,NULL,NULL,NULL,NULL,NULL,NULL),(34,391,NULL,NULL,NULL,NULL,NULL,NULL,NULL,NULL,'1',NULL,NULL,NULL,'2023-11-21 17:03:07','2023-11-26 00:18:03','false','12312','123123123',NULL,NULL,NULL,NULL,NULL,NULL,NULL,NULL,NULL,NULL),(36,391,NULL,NULL,NULL,NULL,NULL,NULL,NULL,NULL,'1',NULL,NULL,NULL,'2023-11-21 17:03:19','2023-11-26 00:18:03','false','12312','123123123',NULL,NULL,NULL,NULL,NULL,NULL,NULL,NULL,NULL,NULL),(38,391,NULL,NULL,NULL,NULL,NULL,NULL,NULL,NULL,'1',NULL,NULL,NULL,'2023-11-21 17:15:05','2023-11-26 00:18:03','false','556677','223344',NULL,NULL,NULL,NULL,NULL,NULL,NULL,NULL,NULL,NULL),(39,391,NULL,NULL,NULL,NULL,NULL,NULL,NULL,NULL,'1',NULL,NULL,NULL,'2023-11-21 17:16:59','2023-11-26 00:18:03','false','556677','223344',NULL,NULL,NULL,NULL,NULL,NULL,NULL,NULL,NULL,NULL),(40,391,NULL,NULL,NULL,NULL,NULL,NULL,NULL,NULL,'1',NULL,NULL,NULL,'2023-11-21 17:23:12','2023-11-26 00:18:03','false','556677','223344',NULL,NULL,NULL,NULL,NULL,NULL,NULL,NULL,NULL,NULL),(42,391,9,59,'3','3','3','.','.','3','2','Anwer','67782374',NULL,'2023-11-21 22:07:46','2023-11-26 00:18:03','false',NULL,NULL,NULL,NULL,NULL,NULL,'3',NULL,'1233567',NULL,NULL,NULL),(43,391,NULL,NULL,NULL,NULL,NULL,NULL,NULL,NULL,'1',NULL,NULL,NULL,'2023-11-21 22:13:08','2023-11-26 00:18:03','false','12312','123123123',NULL,NULL,NULL,NULL,NULL,NULL,NULL,NULL,NULL,NULL),(44,391,NULL,NULL,NULL,NULL,NULL,NULL,NULL,NULL,'1',NULL,NULL,NULL,'2023-11-21 22:13:41','2023-11-26 00:18:03','false','12312','123123123',NULL,NULL,NULL,NULL,NULL,NULL,NULL,NULL,NULL,NULL),(45,391,NULL,NULL,NULL,NULL,NULL,NULL,NULL,NULL,'1',NULL,NULL,NULL,'2023-11-21 22:16:58','2023-11-26 00:18:03','false','12312','123123123',NULL,NULL,NULL,NULL,NULL,NULL,NULL,NULL,NULL,NULL),(46,391,NULL,NULL,NULL,NULL,NULL,NULL,NULL,NULL,'1',NULL,NULL,NULL,'2023-11-21 22:17:19','2023-11-26 00:18:03','false','12312','123123123',NULL,NULL,NULL,NULL,NULL,NULL,NULL,NULL,NULL,NULL),(47,391,NULL,NULL,NULL,NULL,NULL,NULL,NULL,NULL,'1',NULL,NULL,NULL,'2023-11-21 22:17:26','2023-11-26 00:18:03','false','12312','123123123',NULL,NULL,NULL,NULL,NULL,NULL,NULL,NULL,NULL,NULL),(48,391,NULL,NULL,NULL,NULL,NULL,NULL,NULL,NULL,'1',NULL,NULL,NULL,'2023-11-21 22:25:26','2023-11-26 00:18:03','false','12312','123123123',NULL,NULL,NULL,NULL,NULL,NULL,NULL,NULL,NULL,NULL),(49,391,NULL,NULL,NULL,NULL,NULL,NULL,NULL,NULL,'1',NULL,NULL,NULL,'2023-11-21 22:25:40','2023-11-26 00:18:03','false','12312','123123123',NULL,NULL,NULL,NULL,NULL,NULL,NULL,NULL,NULL,NULL),(50,391,8,19,'2','5','1',NULL,NULL,'4','2','samer','55022830',NULL,'2023-11-21 22:26:33','2023-11-26 00:18:03','false',NULL,NULL,NULL,NULL,NULL,NULL,'asdasdas',NULL,'qwqq9876',NULL,NULL,NULL),(51,391,NULL,NULL,NULL,NULL,NULL,NULL,NULL,NULL,'1',NULL,NULL,NULL,'2023-11-21 22:26:35','2023-11-26 00:18:03','false','12312','123123123',NULL,NULL,NULL,NULL,NULL,NULL,NULL,NULL,NULL,NULL),(52,391,8,19,'2','5','1',NULL,NULL,'4','2','samer','55022830',NULL,'2023-11-21 22:26:37','2023-11-26 00:18:03','false',NULL,NULL,NULL,NULL,NULL,NULL,'asdasdas',NULL,'qwqq9876',NULL,NULL,NULL),(53,391,8,19,'2','5','1',NULL,NULL,'4','2','samer','55022830',NULL,'2023-11-21 22:27:12','2023-11-26 00:18:03','false',NULL,NULL,NULL,NULL,NULL,NULL,'asdasdas',NULL,'qwqq9876',NULL,NULL,NULL),(54,391,NULL,NULL,NULL,NULL,NULL,NULL,NULL,NULL,'1',NULL,NULL,NULL,'2023-11-21 22:27:18','2023-11-26 00:18:03','false','12312','123123123',NULL,NULL,NULL,NULL,NULL,NULL,NULL,NULL,NULL,NULL),(55,391,8,19,'2','5','1',NULL,NULL,'4','2','samer','55022830',NULL,'2023-11-21 22:27:48','2023-11-26 00:18:03','false',NULL,NULL,NULL,NULL,NULL,NULL,'asdasdas',NULL,'qwqq9876',NULL,NULL,NULL),(56,391,NULL,NULL,NULL,NULL,NULL,NULL,NULL,NULL,'1',NULL,NULL,NULL,'2023-11-22 00:04:19','2023-11-26 00:18:03','false','12312','123123123',NULL,NULL,NULL,NULL,NULL,NULL,NULL,NULL,NULL,NULL),(57,391,NULL,NULL,NULL,NULL,NULL,NULL,NULL,NULL,'1',NULL,NULL,NULL,'2023-11-22 00:05:27','2023-11-26 00:18:03','false','12312','123123123',NULL,NULL,NULL,NULL,NULL,NULL,NULL,NULL,NULL,NULL),(58,391,NULL,NULL,NULL,NULL,NULL,NULL,NULL,NULL,'1',NULL,NULL,NULL,'2023-11-22 00:26:14','2023-11-26 00:18:03','false','556677','223344',NULL,NULL,NULL,NULL,NULL,NULL,NULL,NULL,NULL,NULL),(59,391,NULL,NULL,NULL,NULL,NULL,NULL,NULL,NULL,'1',NULL,NULL,NULL,'2023-11-22 00:31:18','2023-11-26 00:18:03','false','556677','223344',NULL,NULL,NULL,NULL,NULL,NULL,NULL,NULL,NULL,NULL),(60,391,NULL,NULL,NULL,NULL,NULL,NULL,NULL,NULL,'1',NULL,NULL,NULL,'2023-11-22 00:31:35','2023-11-26 00:18:03','false','556677','223344',NULL,NULL,NULL,NULL,NULL,NULL,NULL,NULL,NULL,NULL),(61,391,NULL,NULL,NULL,NULL,NULL,NULL,NULL,NULL,'1',NULL,NULL,NULL,'2023-11-22 00:32:20','2023-11-26 00:18:03','false','556677','223344',NULL,NULL,NULL,NULL,NULL,NULL,NULL,NULL,NULL,NULL),(62,391,NULL,NULL,NULL,NULL,NULL,NULL,NULL,NULL,'1',NULL,NULL,NULL,'2023-11-22 01:15:48','2023-11-26 00:18:03','false','12312','123123123',NULL,NULL,NULL,NULL,NULL,NULL,NULL,NULL,NULL,NULL),(63,388,NULL,NULL,NULL,NULL,NULL,NULL,NULL,NULL,'1',NULL,NULL,NULL,'2023-11-22 01:29:50','2023-11-25 14:45:13','false','556677','223344',NULL,NULL,NULL,NULL,NULL,NULL,NULL,NULL,NULL,NULL),(64,388,NULL,NULL,NULL,NULL,NULL,NULL,NULL,NULL,'1',NULL,NULL,NULL,'2023-11-22 01:31:32','2023-11-25 14:45:13','false','556677','223344',NULL,NULL,NULL,NULL,NULL,NULL,NULL,NULL,NULL,NULL),(65,388,NULL,NULL,NULL,NULL,NULL,NULL,NULL,NULL,'1',NULL,NULL,NULL,'2023-11-22 01:32:41','2023-11-25 14:45:13','false','556677','223344',NULL,NULL,NULL,NULL,NULL,NULL,NULL,NULL,NULL,NULL),(66,388,NULL,NULL,NULL,NULL,NULL,NULL,NULL,NULL,'1',NULL,NULL,NULL,'2023-11-22 01:35:14','2023-11-25 14:45:13','false','556677','223344',NULL,NULL,NULL,NULL,NULL,NULL,NULL,NULL,NULL,NULL),(67,388,NULL,NULL,NULL,NULL,NULL,NULL,NULL,NULL,'1',NULL,NULL,NULL,'2023-11-22 01:37:13','2023-11-25 14:45:13','false','556677','223344',NULL,NULL,NULL,NULL,NULL,NULL,NULL,NULL,NULL,NULL),(68,388,8,24,'2','2','2',NULL,NULL,'2','2','Anwer','67782374',NULL,'2023-11-22 01:39:08','2023-11-25 14:45:13','false',NULL,NULL,NULL,NULL,NULL,NULL,'3',NULL,'123123',NULL,NULL,NULL),(72,388,9,53,'4','4','4',NULL,NULL,'4','2','Anwer','67782374',NULL,'2023-11-22 14:17:07','2023-11-25 14:45:13','false',NULL,NULL,NULL,NULL,NULL,NULL,'4',NULL,'123',NULL,NULL,NULL),(73,388,9,53,'4','4','4',NULL,NULL,'4','2','Anwer','67782374',NULL,'2023-11-22 14:17:10','2023-11-25 14:45:13','false',NULL,NULL,NULL,NULL,NULL,NULL,'4',NULL,'123',NULL,NULL,NULL),(74,388,9,53,'4','4','4',NULL,NULL,'4','2','Anwer','67782374',NULL,'2023-11-22 14:17:51','2023-11-25 14:45:13','false',NULL,NULL,NULL,NULL,NULL,NULL,'4',NULL,'123',NULL,NULL,NULL),(80,388,12,127,'4','4','4',NULL,NULL,'4','2','Anwer','67782374',NULL,'2023-11-22 14:22:15','2023-11-25 14:45:13','false',NULL,NULL,NULL,NULL,NULL,NULL,'4',NULL,'0BC66903-84C7-490E-AEDF-7FA34C071138',NULL,NULL,NULL),(81,388,13,151,'55','5','5',NULL,NULL,'5','2','Anwer','67782374',NULL,'2023-11-22 14:22:41','2023-11-25 14:45:13','false',NULL,NULL,NULL,NULL,NULL,NULL,'5',NULL,'0BC66903-84C7-490E-AEDF-7FA34C071138',NULL,NULL,NULL),(82,388,NULL,NULL,NULL,NULL,NULL,NULL,NULL,NULL,'1',NULL,NULL,NULL,'2023-11-22 14:22:54','2023-11-25 14:45:13','false','556677','223344',NULL,NULL,NULL,NULL,NULL,NULL,NULL,NULL,NULL,NULL),(83,388,NULL,NULL,NULL,NULL,NULL,NULL,NULL,NULL,'1',NULL,NULL,NULL,'2023-11-22 14:27:41','2023-11-25 14:45:13','false','556677','223344',NULL,NULL,NULL,NULL,NULL,NULL,NULL,NULL,NULL,NULL),(84,388,NULL,NULL,NULL,NULL,NULL,NULL,NULL,NULL,'1',NULL,NULL,NULL,'2023-11-22 14:28:20','2023-11-25 14:45:13','false','556677','223344',NULL,NULL,NULL,NULL,NULL,NULL,NULL,NULL,NULL,NULL),(85,388,11,105,'7','7','7',NULL,NULL,'7','2','Anwer','67782374',NULL,'2023-11-22 14:33:01','2023-11-25 14:45:13','false',NULL,NULL,NULL,NULL,NULL,NULL,'8',NULL,'0BC66903-84C7-490E-AEDF-7FA34C071138',NULL,NULL,NULL),(86,388,NULL,NULL,NULL,NULL,NULL,NULL,NULL,NULL,'1',NULL,NULL,NULL,'2023-11-22 15:33:51','2023-11-25 14:45:13','false','556677','223344',NULL,NULL,NULL,NULL,NULL,NULL,NULL,NULL,NULL,NULL),(87,388,NULL,NULL,NULL,NULL,NULL,NULL,NULL,NULL,'1',NULL,NULL,NULL,'2023-11-22 15:34:50','2023-11-25 14:45:13','false','556677','223344',NULL,NULL,NULL,NULL,NULL,NULL,NULL,NULL,NULL,NULL),(88,391,8,19,'2','5','1',NULL,NULL,'4','2','samer','55022830',NULL,'2023-11-22 19:45:16','2023-11-26 00:18:03','false',NULL,NULL,NULL,NULL,NULL,NULL,'asdasdas',NULL,'qwqq9876',NULL,NULL,NULL),(89,388,NULL,NULL,NULL,NULL,NULL,NULL,NULL,NULL,'1',NULL,NULL,NULL,'2023-11-23 14:51:46','2023-11-25 14:45:13','false','556677','223344',NULL,NULL,NULL,NULL,NULL,NULL,NULL,NULL,NULL,NULL),(90,388,NULL,NULL,NULL,NULL,NULL,NULL,NULL,NULL,'1',NULL,NULL,NULL,'2023-11-23 17:45:21','2023-11-25 14:45:13','false','556677','223344',NULL,NULL,NULL,NULL,NULL,NULL,NULL,NULL,NULL,NULL),(91,388,8,40,'3','2','3',NULL,NULL,'5','2','Anwer','67782374',NULL,'2023-11-23 23:13:32','2023-11-25 14:45:13','false',NULL,NULL,NULL,NULL,NULL,NULL,'3',NULL,'69966228-DE57-40EA-A544-87E9FA155248',NULL,NULL,NULL),(92,388,NULL,NULL,NULL,NULL,NULL,NULL,NULL,NULL,'1',NULL,NULL,NULL,'2023-11-24 01:06:20','2023-11-25 14:45:13','false','556677','223344',NULL,NULL,NULL,NULL,NULL,NULL,NULL,NULL,NULL,NULL),(93,388,NULL,NULL,NULL,NULL,NULL,NULL,NULL,NULL,'1',NULL,NULL,NULL,'2023-11-24 01:07:23','2023-11-25 14:45:13','false','556677','223344',NULL,NULL,NULL,NULL,NULL,NULL,NULL,NULL,NULL,NULL),(94,388,NULL,NULL,NULL,NULL,NULL,NULL,NULL,NULL,'1',NULL,NULL,NULL,'2023-11-24 01:08:35','2023-11-25 14:45:13','false','556677','223344',NULL,NULL,NULL,NULL,NULL,NULL,NULL,NULL,NULL,NULL),(95,388,NULL,NULL,NULL,NULL,NULL,NULL,NULL,NULL,'1',NULL,NULL,NULL,'2023-11-24 01:20:52','2023-11-25 14:45:13','false','556677','223344',NULL,NULL,NULL,NULL,NULL,NULL,NULL,NULL,NULL,NULL),(96,388,NULL,NULL,NULL,NULL,NULL,NULL,NULL,NULL,'1',NULL,NULL,NULL,'2023-11-24 01:21:01','2023-11-25 14:45:13','false','556677','223344',NULL,NULL,NULL,NULL,NULL,NULL,NULL,NULL,NULL,NULL),(97,388,NULL,NULL,NULL,NULL,NULL,NULL,NULL,NULL,'1',NULL,NULL,NULL,'2023-11-24 01:26:01','2023-11-25 14:45:13','false','556677','223344',NULL,NULL,NULL,NULL,NULL,NULL,NULL,NULL,NULL,NULL),(98,388,13,140,'2','4','6',NULL,NULL,'7','2','Anwer','67782374',NULL,'2023-11-25 11:30:25','2023-11-25 14:45:13','true',NULL,NULL,NULL,NULL,NULL,NULL,'8',NULL,'7499F14B-D98A-49B9-8AC9-5270AC63D7EB',NULL,NULL,NULL),(99,388,NULL,NULL,NULL,NULL,NULL,NULL,NULL,NULL,'1',NULL,NULL,NULL,'2023-11-25 13:13:57','2023-11-25 14:45:13','false','556677','223344',NULL,NULL,NULL,NULL,NULL,NULL,NULL,NULL,NULL,NULL),(100,388,10,91,'4','4','4',NULL,NULL,'6','2','Anwer','67782374',NULL,'2023-11-25 14:42:57','2023-11-25 14:45:13','false',NULL,NULL,NULL,NULL,NULL,NULL,'876',NULL,'7499F14B-D98A-49B9-8AC9-5270AC63D7EB',NULL,NULL,NULL),(101,388,NULL,NULL,NULL,NULL,NULL,NULL,NULL,NULL,'1',NULL,NULL,NULL,'2023-11-25 14:44:58','2023-11-25 14:45:13','false','556677','223344',NULL,NULL,NULL,NULL,NULL,NULL,NULL,NULL,NULL,NULL),(102,391,NULL,NULL,NULL,NULL,NULL,NULL,NULL,NULL,'1',NULL,NULL,NULL,'2023-11-25 15:12:21','2023-11-26 00:18:03','false','556677','223344',NULL,NULL,NULL,NULL,NULL,NULL,NULL,NULL,NULL,NULL),(103,391,NULL,NULL,NULL,NULL,NULL,NULL,NULL,NULL,'1',NULL,NULL,NULL,'2023-11-25 15:19:41','2023-11-26 00:18:03','false','556677','223344',NULL,NULL,NULL,NULL,NULL,NULL,NULL,NULL,NULL,NULL),(104,391,NULL,NULL,NULL,NULL,NULL,NULL,NULL,NULL,'1',NULL,NULL,NULL,'2023-11-25 15:20:43','2023-11-26 00:18:03','false','556677','223344',NULL,NULL,NULL,NULL,NULL,NULL,NULL,NULL,NULL,NULL),(105,391,NULL,NULL,NULL,NULL,NULL,NULL,NULL,NULL,'1',NULL,NULL,NULL,'2023-11-25 15:20:58','2023-11-26 00:18:03','false','556677','223344',NULL,NULL,NULL,NULL,NULL,NULL,NULL,NULL,NULL,NULL),(106,391,NULL,NULL,NULL,NULL,NULL,NULL,NULL,NULL,'1',NULL,NULL,NULL,'2023-11-25 23:23:10','2023-11-26 00:18:03','false','556677','223344',NULL,NULL,NULL,NULL,NULL,NULL,NULL,NULL,NULL,NULL),(107,391,NULL,NULL,NULL,NULL,NULL,NULL,NULL,NULL,'1',NULL,NULL,NULL,'2023-11-25 23:24:57','2023-11-26 00:18:03','false','556677','223344',NULL,NULL,NULL,NULL,NULL,NULL,NULL,NULL,NULL,NULL),(108,391,NULL,NULL,NULL,NULL,NULL,NULL,NULL,NULL,'1',NULL,NULL,NULL,'2023-11-25 23:26:31','2023-11-26 00:18:03','false','556677','223344',NULL,NULL,NULL,NULL,NULL,NULL,NULL,NULL,NULL,NULL),(109,391,NULL,NULL,NULL,NULL,NULL,NULL,NULL,NULL,'1',NULL,NULL,NULL,'2023-11-25 23:30:09','2023-11-26 00:18:03','false','556677','223344',NULL,NULL,NULL,NULL,NULL,NULL,NULL,NULL,NULL,NULL),(110,391,NULL,NULL,NULL,NULL,NULL,NULL,NULL,NULL,'1',NULL,NULL,NULL,'2023-11-26 00:10:39','2023-11-26 00:18:03','false','556677','223344',NULL,NULL,NULL,NULL,NULL,NULL,NULL,NULL,NULL,NULL),(111,391,NULL,NULL,NULL,NULL,NULL,NULL,NULL,NULL,'1',NULL,NULL,NULL,'2023-11-26 00:18:03','2023-11-26 00:18:03','true','556677','223344',NULL,NULL,NULL,NULL,NULL,NULL,NULL,NULL,NULL,NULL),(112,395,NULL,NULL,NULL,NULL,NULL,NULL,NULL,NULL,'1',NULL,NULL,NULL,'2023-11-26 13:19:21','2023-11-26 13:35:01','false','556677','223344',NULL,NULL,NULL,NULL,NULL,NULL,NULL,NULL,NULL,NULL),(113,395,NULL,NULL,NULL,NULL,NULL,NULL,NULL,NULL,'1',NULL,NULL,NULL,'2023-11-26 13:19:47','2023-11-26 13:35:01','false','556677','223344',NULL,NULL,NULL,NULL,NULL,NULL,NULL,NULL,NULL,NULL),(114,395,NULL,NULL,NULL,NULL,NULL,NULL,NULL,NULL,'1',NULL,NULL,NULL,'2023-11-26 13:29:32','2023-11-26 13:35:01','false','556677','223344',NULL,NULL,NULL,NULL,NULL,NULL,NULL,NULL,NULL,NULL),(115,395,NULL,NULL,NULL,NULL,NULL,NULL,NULL,NULL,'1',NULL,NULL,NULL,'2023-11-26 13:30:51','2023-11-26 13:35:01','false','556677','223344',NULL,NULL,NULL,NULL,NULL,NULL,NULL,NULL,NULL,NULL),(116,395,NULL,NULL,NULL,NULL,NULL,NULL,NULL,NULL,'1',NULL,NULL,NULL,'2023-11-26 13:31:28','2023-11-26 13:35:01','false','556677','223344',NULL,NULL,NULL,NULL,NULL,NULL,NULL,NULL,NULL,NULL),(117,395,NULL,NULL,NULL,NULL,NULL,NULL,NULL,NULL,'1',NULL,NULL,NULL,'2023-11-26 13:35:01','2023-11-26 13:35:01','true','556677','223344',NULL,NULL,NULL,NULL,NULL,NULL,NULL,NULL,NULL,NULL),(118,402,NULL,NULL,NULL,NULL,NULL,NULL,NULL,NULL,'1',NULL,NULL,NULL,'2023-11-28 10:42:07','2023-11-28 10:42:07','true','556677','223344',NULL,NULL,NULL,NULL,NULL,NULL,NULL,NULL,NULL,NULL),(119,405,NULL,NULL,NULL,NULL,NULL,NULL,NULL,NULL,'1',NULL,NULL,NULL,'2023-11-30 15:13:45','2023-11-30 15:26:05','false',NULL,'223344',NULL,NULL,NULL,NULL,NULL,NULL,NULL,NULL,NULL,NULL),(120,405,10,82,'2','2','4',NULL,NULL,'2','2','dfdddd','+96567782374',NULL,'2023-11-30 15:25:59','2023-11-30 15:26:05','true',NULL,NULL,NULL,NULL,NULL,NULL,'22',NULL,'38f16b735e132a8d',NULL,NULL,NULL);

--
-- Table structure for table `user_categories`
--

CREATE TABLE `user_categories` (
  `id` int unsigned NOT NULL AUTO_INCREMENT,
  `user_id` int unsigned NOT NULL,
  `category_id` int unsigned NOT NULL,
  `created_at` timestamp NULL DEFAULT NULL,
  `updated_at` timestamp NULL DEFAULT NULL,
  PRIMARY KEY (`id`),
  KEY `user_categories_user_id_foreign` (`user_id`),
  KEY `user_categories_category_id_foreign` (`category_id`)
) ENGINE=InnoDB DEFAULT CHARSET=utf8mb4 COLLATE=utf8mb4_unicode_ci;

--
-- Dumping data for table `user_categories`
--


--
-- Table structure for table `user_orders`
--

CREATE TABLE `user_orders` (
  `id` int unsigned NOT NULL AUTO_INCREMENT,
  `user_id` int unsigned DEFAULT NULL,
  `order_id` int unsigned DEFAULT NULL,
  `status` enum('wait','refused','accepted','shipped','complete') CHARACTER SET utf8mb4 COLLATE utf8mb4_unicode_ci NOT NULL,
  `created_at` timestamp NULL DEFAULT NULL,
  `updated_at` timestamp NULL DEFAULT NULL,
  PRIMARY KEY (`id`),
  KEY `user_orders_user_id_foreign` (`user_id`),
  KEY `user_orders_order_id_foreign` (`order_id`)
) ENGINE=InnoDB DEFAULT CHARSET=utf8mb4 COLLATE=utf8mb4_unicode_ci;

--
-- Dumping data for table `user_orders`
--


--
-- Table structure for table `user_products`
--

CREATE TABLE `user_products` (
  `id` int unsigned NOT NULL AUTO_INCREMENT,
  `user_id` int unsigned NOT NULL,
  `product_id` int unsigned NOT NULL,
  `created_at` timestamp NULL DEFAULT NULL,
  `updated_at` timestamp NULL DEFAULT NULL,
  PRIMARY KEY (`id`),
  KEY `user_products_user_id_foreign` (`user_id`),
  KEY `user_products_product_id_foreign` (`product_id`)
) ENGINE=InnoDB DEFAULT CHARSET=utf8mb4 COLLATE=utf8mb4_unicode_ci;

--
-- Dumping data for table `user_products`
--


--
-- Table structure for table `users`
--

CREATE TABLE `users` (
  `id` int unsigned NOT NULL AUTO_INCREMENT,
  `name` varchar(255) CHARACTER SET utf8mb4 COLLATE utf8mb4_unicode_ci DEFAULT NULL,
  `email` varchar(255) CHARACTER SET utf8mb4 COLLATE utf8mb4_unicode_ci DEFAULT NULL,
  `email_verified_at` timestamp NULL DEFAULT NULL,
  `password` varchar(255) CHARACTER SET utf8mb4 COLLATE utf8mb4_unicode_ci DEFAULT NULL,
  `status` int NOT NULL DEFAULT '1',
  `phone` varchar(255) CHARACTER SET utf8mb4 COLLATE utf8mb4_unicode_ci DEFAULT NULL,
  `unique_id` varchar(255) CHARACTER SET utf8mb4 COLLATE utf8mb4_unicode_ci DEFAULT NULL,
  `civil_id` varchar(255) CHARACTER SET utf8mb4 COLLATE utf8mb4_unicode_ci DEFAULT NULL,
  `activation_code` varchar(255) CHARACTER SET utf8mb4 COLLATE utf8mb4_unicode_ci DEFAULT NULL,
  `remember_token` varchar(100) CHARACTER SET utf8mb4 COLLATE utf8mb4_unicode_ci DEFAULT NULL,
  `created_at` timestamp NULL DEFAULT NULL,
  `updated_at` timestamp NULL DEFAULT NULL,
  `address` varchar(255) CHARACTER SET utf8mb4 COLLATE utf8mb4_unicode_ci DEFAULT NULL,
  `lat` varchar(255) CHARACTER SET utf8mb4 COLLATE utf8mb4_unicode_ci DEFAULT NULL,
  `long` varchar(255) CHARACTER SET utf8mb4 COLLATE utf8mb4_unicode_ci DEFAULT NULL,
  `image` varchar(255) CHARACTER SET utf8mb4 COLLATE utf8mb4_unicode_ci DEFAULT NULL,
  `device_token` text CHARACTER SET utf8mb4 COLLATE utf8mb4_unicode_ci,
  `Comapny_name` varchar(191) CHARACTER SET utf8mb4 COLLATE utf8mb4_unicode_ci DEFAULT NULL,
  `rate` int DEFAULT '1',
  `company_precentage` int NOT NULL DEFAULT '0',
  `group` varchar(191) CHARACTER SET utf8mb4 COLLATE utf8mb4_unicode_ci DEFAULT NULL,
  PRIMARY KEY (`id`)
) ENGINE=InnoDB AUTO_INCREMENT=2080 DEFAULT CHARSET=utf8mb4 COLLATE=utf8mb4_unicode_ci;

--
-- Dumping data for table `users`
--

INSERT INTO `users` (`id`, `name`, `email`, `email_verified_at`, `password`, `status`, `phone`, `unique_id`, `civil_id`, `activation_code`, `remember_token`, `created_at`, `updated_at`, `address`, `lat`, `long`, `image`, `device_token`, `Comapny_name`, `rate`, `company_precentage`, `group`) VALUES (1,'admin','admin@admin.com',NULL,'$2y$10$g9ceBZqU5q04D9oL5lUXOuF7Nxvnnf6WQF4E6nouYEL4rGuQS6MOy',1,'96551007138',NULL,'3222',NULL,NULL,'2022-06-21 09:32:18','2024-01-24 12:08:49',NULL,NULL,NULL,NULL,NULL,NULL,1,0,'18'),(1117,'الشركه الكويتيه/مزايا',NULL,NULL,NULL,1,'96992001',NULL,NULL,NULL,NULL,'2024-01-24 12:07:31','2024-01-24 12:08:35',NULL,NULL,NULL,NULL,NULL,NULL,1,0,'18'),(1118,'طلال عبد اللة مسعد ',NULL,NULL,NULL,1,'99440056',NULL,NULL,NULL,NULL,'2024-01-24 12:07:31','2024-01-24 12:08:35',NULL,NULL,NULL,NULL,NULL,NULL,1,0,'18'),(1119,'خديجه على دخيل',NULL,NULL,NULL,1,'99370083',NULL,NULL,NULL,NULL,'2024-01-24 12:07:31','2024-01-24 12:08:35',NULL,NULL,NULL,NULL,NULL,NULL,1,0,'18'),(1120,'زينب غلوم محمد',NULL,NULL,NULL,1,'99553466',NULL,NULL,NULL,NULL,'2024-01-24 12:07:31','2024-01-24 12:08:35',NULL,NULL,NULL,NULL,NULL,NULL,1,0,'18'),(1121,'فضه بسام خليل',NULL,NULL,NULL,1,'63331861',NULL,NULL,NULL,NULL,'2024-01-24 12:07:32','2024-01-24 12:08:35',NULL,NULL,NULL,NULL,NULL,NULL,1,0,'18'),(1122,'احمد عبد اللة حسن ',NULL,NULL,NULL,1,'99794191',NULL,NULL,NULL,NULL,'2024-01-24 12:07:32','2024-01-24 12:08:35',NULL,NULL,NULL,NULL,NULL,NULL,1,0,'18'),(1123,'جعفر محمد مختار ',NULL,NULL,NULL,1,'99990219',NULL,NULL,NULL,NULL,'2024-01-24 12:07:32','2024-01-24 12:08:35',NULL,NULL,NULL,NULL,NULL,NULL,1,0,'18'),(1124,'فاطمه على عيسى',NULL,NULL,NULL,1,'90946040',NULL,NULL,NULL,NULL,'2024-01-24 12:07:32','2024-01-24 12:08:35',NULL,NULL,NULL,NULL,NULL,NULL,1,0,'18'),(1125,'شركة خف ',NULL,NULL,NULL,1,'50771366',NULL,NULL,NULL,NULL,'2024-01-24 12:07:32','2024-01-24 12:08:35',NULL,NULL,NULL,NULL,NULL,NULL,1,0,'18'),(1126,'محمد تركى الهاجرى ',NULL,NULL,NULL,1,'51171557',NULL,NULL,NULL,NULL,'2024-01-24 12:07:32','2024-01-24 12:08:35',NULL,NULL,NULL,NULL,NULL,NULL,1,0,'18'),(1127,'زكيه عبد النبى',NULL,NULL,NULL,1,'66006147',NULL,NULL,NULL,NULL,'2024-01-24 12:07:32','2024-01-24 12:08:35',NULL,NULL,NULL,NULL,NULL,NULL,1,0,'18'),(1128,'فارس فهد صياح',NULL,NULL,NULL,1,'90090284',NULL,NULL,NULL,NULL,'2024-01-24 12:07:32','2024-01-24 12:08:35',NULL,NULL,NULL,NULL,NULL,NULL,1,0,'18'),(1129,'انجى وجيه',NULL,NULL,NULL,1,'51449946',NULL,NULL,NULL,NULL,'2024-01-24 12:07:32','2024-01-24 12:08:35',NULL,NULL,NULL,NULL,NULL,NULL,1,0,'18'),(1130,'جلاديس نينون بريزيو ',NULL,NULL,NULL,1,'99412686',NULL,NULL,NULL,NULL,'2024-01-24 12:07:32','2024-01-24 12:08:35',NULL,NULL,NULL,NULL,NULL,NULL,1,0,'18'),(1131,'عائشة مبارك صالح ',NULL,NULL,NULL,1,'97417711',NULL,NULL,NULL,NULL,'2024-01-24 12:07:32','2024-01-24 12:08:35',NULL,NULL,NULL,NULL,NULL,NULL,1,0,'18'),(1132,'حصه محمد حسين ',NULL,NULL,NULL,1,'66068423',NULL,NULL,NULL,NULL,'2024-01-24 12:07:32','2024-01-24 12:08:35',NULL,NULL,NULL,NULL,NULL,NULL,1,0,'18'),(1133,'غاليه صالح سعد المطيري ',NULL,NULL,NULL,1,'66004299',NULL,NULL,NULL,NULL,'2024-01-24 12:07:32','2024-01-24 12:08:35',NULL,NULL,NULL,NULL,NULL,NULL,1,0,'18'),(1134,'شركة وادي العالمية للتجارة ',NULL,NULL,NULL,1,'97220534',NULL,NULL,NULL,NULL,'2024-01-24 12:07:32','2024-01-24 12:08:35',NULL,NULL,NULL,NULL,NULL,NULL,1,0,'18'),(1135,'ياسر عبدالعال عبدالحكيم ',NULL,NULL,NULL,1,'98818234',NULL,NULL,NULL,NULL,'2024-01-24 12:07:32','2024-01-24 12:08:35',NULL,NULL,NULL,NULL,NULL,NULL,1,0,'18'),(1136,'غنيمه عيسى محمد العيسى ',NULL,NULL,NULL,1,'99844118',NULL,NULL,NULL,NULL,'2024-01-24 12:07:32','2024-01-24 12:08:35',NULL,NULL,NULL,NULL,NULL,NULL,1,0,'18'),(1137,'يعقوب يوسف راشد يوسف ',NULL,NULL,NULL,1,'94467344',NULL,NULL,NULL,NULL,'2024-01-24 12:07:32','2024-01-24 12:08:35',NULL,NULL,NULL,NULL,NULL,NULL,1,0,'18'),(1138,'زينب ابراهيم ',NULL,NULL,NULL,1,'66774467',NULL,NULL,NULL,NULL,'2024-01-24 12:07:32','2024-01-24 12:08:35',NULL,NULL,NULL,NULL,NULL,NULL,1,0,'18'),(1139,'حسين ابراهيم محمد',NULL,NULL,NULL,1,'66467618',NULL,NULL,NULL,NULL,'2024-01-24 12:07:32','2024-01-24 12:08:35',NULL,NULL,NULL,NULL,NULL,NULL,1,0,'18'),(1140,'سعيد غانم محمد ',NULL,NULL,NULL,1,'99611696',NULL,NULL,NULL,NULL,'2024-01-24 12:07:32','2024-01-24 12:08:35',NULL,NULL,NULL,NULL,NULL,NULL,1,0,'18'),(1141,'عائشه خالد يوسف ',NULL,NULL,NULL,1,'90902440',NULL,NULL,NULL,NULL,'2024-01-24 12:07:32','2024-01-24 12:08:35',NULL,NULL,NULL,NULL,NULL,NULL,1,0,'18'),(1142,'مشريه طلب خليفه ',NULL,NULL,NULL,1,'60660007',NULL,NULL,NULL,NULL,'2024-01-24 12:07:32','2024-01-24 12:08:35',NULL,NULL,NULL,NULL,NULL,NULL,1,0,'18'),(1143,'طيبه مساعد عبدالعزيز ',NULL,NULL,NULL,1,'55993737',NULL,NULL,NULL,NULL,'2024-01-24 12:07:32','2024-01-24 12:08:35',NULL,NULL,NULL,NULL,NULL,NULL,1,0,'18'),(1144,'شركة كيمفيك للخدمات ',NULL,NULL,NULL,1,'55946061',NULL,NULL,NULL,NULL,'2024-01-24 12:07:32','2024-01-24 12:08:35',NULL,NULL,NULL,NULL,NULL,NULL,1,0,'18'),(1145,'ليلا عبدالرضا اجرش ',NULL,NULL,NULL,1,'97271100',NULL,NULL,NULL,NULL,'2024-01-24 12:07:32','2024-01-24 12:08:35',NULL,NULL,NULL,NULL,NULL,NULL,1,0,'18'),(1146,'نورا عوض خالد ',NULL,NULL,NULL,1,'99248488',NULL,NULL,NULL,NULL,'2024-01-24 12:07:32','2024-01-24 12:08:35',NULL,NULL,NULL,NULL,NULL,NULL,1,0,'18'),(1147,'وليد خالد محمد ',NULL,NULL,NULL,1,'50184885',NULL,NULL,NULL,NULL,'2024-01-24 12:07:32','2024-01-24 12:08:35',NULL,NULL,NULL,NULL,NULL,NULL,1,0,'18'),(1148,'مساعد جاسم عيسى ',NULL,NULL,NULL,1,'62222057',NULL,NULL,NULL,NULL,'2024-01-24 12:07:32','2024-01-24 12:08:35',NULL,NULL,NULL,NULL,NULL,NULL,1,0,'18'),(1149,'شركة الامتداد',NULL,NULL,NULL,1,'66644594',NULL,NULL,NULL,NULL,'2024-01-24 12:07:32','2024-01-24 12:08:35',NULL,NULL,NULL,NULL,NULL,NULL,1,0,'18'),(1150,'اسامه حمد مؤنس ',NULL,NULL,NULL,1,'65727577',NULL,NULL,NULL,NULL,'2024-01-24 12:07:32','2024-01-24 12:08:35',NULL,NULL,NULL,NULL,NULL,NULL,1,0,'18'),(1151,'شروق حسين العلي ',NULL,NULL,NULL,1,'94996876',NULL,NULL,NULL,NULL,'2024-01-24 12:07:32','2024-01-24 12:08:35',NULL,NULL,NULL,NULL,NULL,NULL,1,0,'18'),(1152,'نسيمه ناصر علي ',NULL,NULL,NULL,1,'99903233',NULL,NULL,NULL,NULL,'2024-01-24 12:07:32','2024-01-24 12:08:35',NULL,NULL,NULL,NULL,NULL,NULL,1,0,'18'),(1153,'سليمان علي عبدالكريم ',NULL,NULL,NULL,1,'96767907',NULL,NULL,NULL,NULL,'2024-01-24 12:07:32','2024-01-24 12:08:35',NULL,NULL,NULL,NULL,NULL,NULL,1,0,'18'),(1154,'شركة اقطار اسيا لتجارة ',NULL,NULL,NULL,1,'97752276',NULL,NULL,NULL,NULL,'2024-01-24 12:07:32','2024-01-24 12:08:35',NULL,NULL,NULL,NULL,NULL,NULL,1,0,'18'),(1155,'ابتسام عبدالرحمن حمد ',NULL,NULL,NULL,1,'97811155',NULL,NULL,NULL,NULL,'2024-01-24 12:07:32','2024-01-24 12:08:35',NULL,NULL,NULL,NULL,NULL,NULL,1,0,'18'),(1156,'عبدالله احمد منيزل ',NULL,NULL,NULL,1,'90007887',NULL,NULL,NULL,NULL,'2024-01-24 12:07:32','2024-01-24 12:08:35',NULL,NULL,NULL,NULL,NULL,NULL,1,0,'18'),(1157,'مبارك محمد حمد ',NULL,NULL,NULL,1,'99778859',NULL,NULL,NULL,NULL,'2024-01-24 12:07:32','2024-01-24 12:08:35',NULL,NULL,NULL,NULL,NULL,NULL,1,0,'18'),(1158,'فرح سعد محمد الديحاني ',NULL,NULL,NULL,1,'96690998',NULL,NULL,NULL,NULL,'2024-01-24 12:07:32','2024-01-24 12:08:35',NULL,NULL,NULL,NULL,NULL,NULL,1,0,'18'),(1159,'يوسف زهير عبدالحي اليعقوب ',NULL,NULL,NULL,1,'98998559',NULL,NULL,NULL,NULL,'2024-01-24 12:07:32','2024-01-24 12:08:35',NULL,NULL,NULL,NULL,NULL,NULL,1,0,'18'),(1160,'بسام راشد احمد الهاجري ',NULL,NULL,NULL,1,'99822224',NULL,NULL,NULL,NULL,'2024-01-24 12:07:32','2024-01-24 12:08:35',NULL,NULL,NULL,NULL,NULL,NULL,1,0,'18'),(1161,'هيا حمد جزاع المطيري ',NULL,NULL,NULL,1,'50550207',NULL,NULL,NULL,NULL,'2024-01-24 12:07:32','2024-01-24 12:08:35',NULL,NULL,NULL,NULL,NULL,NULL,1,0,'18'),(1162,'محمد عبد اللة محمد محمد ',NULL,NULL,NULL,1,'94947655',NULL,NULL,NULL,NULL,'2024-01-24 12:07:32','2024-01-24 12:08:35',NULL,NULL,NULL,NULL,NULL,NULL,1,0,'18'),(1163,'وداد هويجم باوى ',NULL,NULL,NULL,1,'65851999',NULL,NULL,NULL,NULL,'2024-01-24 12:07:32','2024-01-24 12:08:35',NULL,NULL,NULL,NULL,NULL,NULL,1,0,'18'),(1164,'على حسين على الغريب',NULL,NULL,NULL,1,'90900628',NULL,NULL,NULL,NULL,'2024-01-24 12:07:32','2024-01-24 12:08:35',NULL,NULL,NULL,NULL,NULL,NULL,1,0,'18'),(1165,'مشعل خرافى',NULL,NULL,NULL,1,'99608040',NULL,NULL,NULL,NULL,'2024-01-24 12:07:32','2024-01-24 12:08:35',NULL,NULL,NULL,NULL,NULL,NULL,1,0,'18'),(1166,'مها مفرح دغيمان الرشيدى',NULL,NULL,NULL,1,'99761970',NULL,NULL,NULL,NULL,'2024-01-24 12:07:32','2024-01-24 12:08:35',NULL,NULL,NULL,NULL,NULL,NULL,1,0,'18'),(1167,'عبد اللة محمد حسن',NULL,NULL,NULL,1,'99744882',NULL,NULL,NULL,NULL,'2024-01-24 12:07:32','2024-01-24 12:08:35',NULL,NULL,NULL,NULL,NULL,NULL,1,0,'18'),(1168,'احمد جميل',NULL,NULL,NULL,1,'65541449',NULL,NULL,NULL,NULL,'2024-01-24 12:07:32','2024-01-24 12:08:35',NULL,NULL,NULL,NULL,NULL,NULL,1,0,'18'),(1169,'محمد ابراهيم محمود',NULL,NULL,NULL,1,'95578572',NULL,NULL,NULL,NULL,'2024-01-24 12:07:32','2024-01-24 12:08:35',NULL,NULL,NULL,NULL,NULL,NULL,1,0,'18'),(1170,'هيام محمد على الابراهيم ',NULL,NULL,NULL,1,'99077002',NULL,NULL,NULL,NULL,'2024-01-24 12:07:32','2024-01-24 12:08:35',NULL,NULL,NULL,NULL,NULL,NULL,1,0,'18'),(1171,'لقبال خالد يوسف العدسانى ',NULL,NULL,NULL,1,'99850375',NULL,NULL,NULL,NULL,'2024-01-24 12:07:32','2024-01-24 12:08:35',NULL,NULL,NULL,NULL,NULL,NULL,1,0,'18'),(1172,'راجيش كانا',NULL,NULL,NULL,1,'60425245',NULL,NULL,NULL,NULL,'2024-01-24 12:07:32','2024-01-24 12:08:35',NULL,NULL,NULL,NULL,NULL,NULL,1,0,'18'),(1173,'بسام راشد احمد',NULL,NULL,NULL,1,'99822224',NULL,NULL,NULL,NULL,'2024-01-24 12:07:32','2024-01-24 12:08:35',NULL,NULL,NULL,NULL,NULL,NULL,1,0,'18'),(1174,'ايلاف بدر خليفه',NULL,NULL,NULL,1,'99882131',NULL,NULL,NULL,NULL,'2024-01-24 12:07:32','2024-01-24 12:08:35',NULL,NULL,NULL,NULL,NULL,NULL,1,0,'18'),(1175,'منى ابراهيم عبد اللة',NULL,NULL,NULL,1,'99399463',NULL,NULL,NULL,NULL,'2024-01-24 12:07:32','2024-01-24 12:08:35',NULL,NULL,NULL,NULL,NULL,NULL,1,0,'18'),(1176,'مريم طلال منصور',NULL,NULL,NULL,1,'98994118',NULL,NULL,NULL,NULL,'2024-01-24 12:07:32','2024-01-24 12:08:35',NULL,NULL,NULL,NULL,NULL,NULL,1,0,'18'),(1177,'وائل عبد المحسن البدر',NULL,NULL,NULL,1,'99650905',NULL,NULL,NULL,NULL,'2024-01-24 12:07:32','2024-01-24 12:08:35',NULL,NULL,NULL,NULL,NULL,NULL,1,0,'18'),(1178,'هبه روبى اسماعيل ',NULL,NULL,NULL,1,'513216842',NULL,NULL,NULL,NULL,'2024-01-24 12:07:32','2024-01-24 12:08:35',NULL,NULL,NULL,NULL,NULL,NULL,1,0,'18'),(1179,'جنان طالب عباس اكبر ',NULL,NULL,NULL,1,'99225508',NULL,NULL,NULL,NULL,'2024-01-24 12:07:32','2024-01-24 12:08:35',NULL,NULL,NULL,NULL,NULL,NULL,1,0,'18'),(1180,'عبد اللة احمد محمد البندرى',NULL,NULL,NULL,1,'99767408',NULL,NULL,NULL,NULL,'2024-01-24 12:07:32','2024-01-24 12:08:35',NULL,NULL,NULL,NULL,NULL,NULL,1,0,'18'),(1181,'نور سلطان سليمان',NULL,NULL,NULL,1,'99797793',NULL,NULL,NULL,NULL,'2024-01-24 12:07:32','2024-01-24 12:08:35',NULL,NULL,NULL,NULL,NULL,NULL,1,0,'18'),(1182,'غازى عابر بشيت ',NULL,NULL,NULL,1,'97865556',NULL,NULL,NULL,NULL,'2024-01-24 12:07:32','2024-01-24 12:08:35',NULL,NULL,NULL,NULL,NULL,NULL,1,0,'18'),(1183,'فاطمه حسين نادر',NULL,NULL,NULL,1,'65543337',NULL,NULL,NULL,NULL,'2024-01-24 12:07:32','2024-01-24 12:08:35',NULL,NULL,NULL,NULL,NULL,NULL,1,0,'18'),(1184,'غانم فهيد غنيم',NULL,NULL,NULL,1,'66797097',NULL,NULL,NULL,NULL,'2024-01-24 12:07:32','2024-01-24 12:08:35',NULL,NULL,NULL,NULL,NULL,NULL,1,0,'18'),(1185,'اسامه حسين اسماعيل ',NULL,NULL,NULL,1,'99443993',NULL,NULL,NULL,NULL,'2024-01-24 12:07:32','2024-01-24 12:08:35',NULL,NULL,NULL,NULL,NULL,NULL,1,0,'18'),(1186,'فاطمه عدنان عبد القادر',NULL,NULL,NULL,1,'99925743',NULL,NULL,NULL,NULL,'2024-01-24 12:07:32','2024-01-24 12:08:35',NULL,NULL,NULL,NULL,NULL,NULL,1,0,'18'),(1187,'العنود مهل صالح المطيرى',NULL,NULL,NULL,1,'55078887',NULL,NULL,NULL,NULL,'2024-01-24 12:07:32','2024-01-24 12:08:35',NULL,NULL,NULL,NULL,NULL,NULL,1,0,'18'),(1188,'هند سعد راشد القحطانى',NULL,NULL,NULL,1,'99311099',NULL,NULL,NULL,NULL,'2024-01-24 12:07:32','2024-01-24 12:08:35',NULL,NULL,NULL,NULL,NULL,NULL,1,0,'18'),(1189,'نورة سليمان خليفه السهلى ',NULL,NULL,NULL,1,'60393535',NULL,NULL,NULL,NULL,'2024-01-24 12:07:32','2024-01-24 12:08:35',NULL,NULL,NULL,NULL,NULL,NULL,1,0,'18'),(1190,'معتز توفيق خليل',NULL,NULL,NULL,1,'60670838',NULL,NULL,NULL,NULL,'2024-01-24 12:07:32','2024-01-24 12:08:35',NULL,NULL,NULL,NULL,NULL,NULL,1,0,'18'),(1191,'احمد اسماعيل الطحان',NULL,NULL,NULL,1,'99775049',NULL,NULL,NULL,NULL,'2024-01-24 12:07:32','2024-01-24 12:08:35',NULL,NULL,NULL,NULL,NULL,NULL,1,0,'18'),(1192,'دلال مشعان عيسى الحربان ',NULL,NULL,NULL,1,'55224302',NULL,NULL,NULL,NULL,'2024-01-24 12:07:32','2024-01-24 12:08:35',NULL,NULL,NULL,NULL,NULL,NULL,1,0,'18'),(1193,'حمد فؤاد عبد الرحمن',NULL,NULL,NULL,1,'90979799',NULL,NULL,NULL,NULL,'2024-01-24 12:07:32','2024-01-24 12:08:35',NULL,NULL,NULL,NULL,NULL,NULL,1,0,'18'),(1194,'عبد العزيز عبد اللة محمد',NULL,NULL,NULL,1,'67077072',NULL,NULL,NULL,NULL,'2024-01-24 12:07:32','2024-01-24 12:08:35',NULL,NULL,NULL,NULL,NULL,NULL,1,0,'18'),(1195,'اسماء كريم محمد بو حمد ',NULL,NULL,NULL,1,'96641183',NULL,NULL,NULL,NULL,'2024-01-24 12:07:32','2024-01-24 12:08:35',NULL,NULL,NULL,NULL,NULL,NULL,1,0,'18'),(1196,'عبد العزيز سعود عبد اللة',NULL,NULL,NULL,1,'64447434',NULL,NULL,NULL,NULL,'2024-01-24 12:07:32','2024-01-24 12:08:35',NULL,NULL,NULL,NULL,NULL,NULL,1,0,'18'),(1197,'نوف عبد اللة احمد',NULL,NULL,NULL,1,'99855765',NULL,NULL,NULL,NULL,'2024-01-24 12:07:32','2024-01-24 12:08:35',NULL,NULL,NULL,NULL,NULL,NULL,1,0,'18'),(1198,'البنك الدولى',NULL,NULL,NULL,1,'97666603',NULL,NULL,NULL,NULL,'2024-01-24 12:07:32','2024-01-24 12:08:35',NULL,NULL,NULL,NULL,NULL,NULL,1,0,'18'),(1199,'يوسف عبد الرضا عيسى ',NULL,NULL,NULL,1,'99150500',NULL,NULL,NULL,NULL,'2024-01-24 12:07:32','2024-01-24 12:08:35',NULL,NULL,NULL,NULL,NULL,NULL,1,0,'18'),(1200,'ايمان محمد عبد العزيزالمجمد',NULL,NULL,NULL,1,'97224861',NULL,NULL,NULL,NULL,'2024-01-24 12:07:32','2024-01-24 12:08:35',NULL,NULL,NULL,NULL,NULL,NULL,1,0,'18'),(1201,'رغد عبد الرحمن عبد العزيز',NULL,NULL,NULL,1,'55037372',NULL,NULL,NULL,NULL,'2024-01-24 12:07:32','2024-01-24 12:08:35',NULL,NULL,NULL,NULL,NULL,NULL,1,0,'18'),(1202,'مشاعل خالد سليمان ',NULL,NULL,NULL,1,'66336110',NULL,NULL,NULL,NULL,'2024-01-24 12:07:32','2024-01-24 12:08:35',NULL,NULL,NULL,NULL,NULL,NULL,1,0,'18'),(1203,'امنه متروك محمد المتروك',NULL,NULL,NULL,1,'99774855',NULL,NULL,NULL,NULL,'2024-01-24 12:07:32','2024-01-24 12:08:35',NULL,NULL,NULL,NULL,NULL,NULL,1,0,'18'),(1204,'وضحاء قاسم محمد الهزيمى ',NULL,NULL,NULL,1,'66915466',NULL,NULL,NULL,NULL,'2024-01-24 12:07:32','2024-01-24 12:08:35',NULL,NULL,NULL,NULL,NULL,NULL,1,0,'18'),(1205,'محمد على حسين الشطى',NULL,NULL,NULL,1,'69966914',NULL,NULL,NULL,NULL,'2024-01-24 12:07:32','2024-01-24 12:08:35',NULL,NULL,NULL,NULL,NULL,NULL,1,0,'18'),(1206,'مدحت ماهر عبد الحليم بركات ',NULL,NULL,NULL,1,'99533962',NULL,NULL,NULL,NULL,'2024-01-24 12:07:32','2024-01-24 12:08:35',NULL,NULL,NULL,NULL,NULL,NULL,1,0,'18'),(1207,'على عبد اللة عبد السلام ',NULL,NULL,NULL,1,'65636333',NULL,NULL,NULL,NULL,'2024-01-24 12:07:32','2024-01-24 12:08:35',NULL,NULL,NULL,NULL,NULL,NULL,1,0,'18'),(1208,'جاسم عادل جاسم الفهد',NULL,NULL,NULL,1,'90969733',NULL,NULL,NULL,NULL,'2024-01-24 12:07:32','2024-01-24 12:08:35',NULL,NULL,NULL,NULL,NULL,NULL,1,0,'18'),(1209,'جراح العنزى',NULL,NULL,NULL,1,'95001999',NULL,NULL,NULL,NULL,'2024-01-24 12:07:32','2024-01-24 12:08:35',NULL,NULL,NULL,NULL,NULL,NULL,1,0,'18'),(1210,'لطيفه مشعل محمد',NULL,NULL,NULL,1,'65580062',NULL,NULL,NULL,NULL,'2024-01-24 12:07:32','2024-01-24 12:08:35',NULL,NULL,NULL,NULL,NULL,NULL,1,0,'18'),(1211,'طلال حسان عبد العزيز ',NULL,NULL,NULL,1,'94776119',NULL,NULL,NULL,NULL,'2024-01-24 12:07:32','2024-01-24 12:08:35',NULL,NULL,NULL,NULL,NULL,NULL,1,0,'18'),(1212,'عبد اللة صالح عبد اللة ',NULL,NULL,NULL,1,'66660747',NULL,NULL,NULL,NULL,'2024-01-24 12:07:32','2024-01-24 12:08:35',NULL,NULL,NULL,NULL,NULL,NULL,1,0,'18'),(1213,'امل سالم احمد',NULL,NULL,NULL,1,'99229418',NULL,NULL,NULL,NULL,'2024-01-24 12:07:32','2024-01-24 12:08:35',NULL,NULL,NULL,NULL,NULL,NULL,1,0,'18'),(1214,'محمد جاسم محمد النجدى',NULL,NULL,NULL,1,'99888379',NULL,NULL,NULL,NULL,'2024-01-24 12:07:32','2024-01-24 12:08:35',NULL,NULL,NULL,NULL,NULL,NULL,1,0,'18'),(1215,'مشاعل غازى حمود المطيرى',NULL,NULL,NULL,1,'55110118',NULL,NULL,NULL,NULL,'2024-01-24 12:07:32','2024-01-24 12:08:35',NULL,NULL,NULL,NULL,NULL,NULL,1,0,'18'),(1216,'وضحه شليويح حسين ',NULL,NULL,NULL,1,'99996372',NULL,NULL,NULL,NULL,'2024-01-24 12:07:32','2024-01-24 12:08:35',NULL,NULL,NULL,NULL,NULL,NULL,1,0,'18'),(1217,'عدنان احمد ابراهيم ',NULL,NULL,NULL,1,'51020101',NULL,NULL,NULL,NULL,'2024-01-24 12:07:32','2024-01-24 12:08:35',NULL,NULL,NULL,NULL,NULL,NULL,1,0,'18'),(1218,'بتول حسين محمد حاجيه',NULL,NULL,NULL,1,'96629998',NULL,NULL,NULL,NULL,'2024-01-24 12:07:32','2024-01-24 12:08:35',NULL,NULL,NULL,NULL,NULL,NULL,1,0,'18'),(1219,'فضه طلال عايض الشلاحى',NULL,NULL,NULL,1,'99896602',NULL,NULL,NULL,NULL,'2024-01-24 12:07:32','2024-01-24 12:08:35',NULL,NULL,NULL,NULL,NULL,NULL,1,0,'18'),(1220,'شركة عقارات الكويت ',NULL,NULL,NULL,1,'97275490',NULL,NULL,NULL,NULL,'2024-01-24 12:07:32','2024-01-24 12:08:35',NULL,NULL,NULL,NULL,NULL,NULL,1,0,'18'),(1221,'فاطمه عماد عيسى',NULL,NULL,NULL,1,'98863212',NULL,NULL,NULL,NULL,'2024-01-24 12:07:32','2024-01-24 12:08:35',NULL,NULL,NULL,NULL,NULL,NULL,1,0,'18'),(1222,'سارة خالد عبد الخضر',NULL,NULL,NULL,1,'67072616',NULL,NULL,NULL,NULL,'2024-01-24 12:07:32','2024-01-24 12:08:35',NULL,NULL,NULL,NULL,NULL,NULL,1,0,'18'),(1223,'الدكتور عبد الرحمن ابراهيم سعد',NULL,NULL,NULL,1,'50172707',NULL,NULL,NULL,NULL,'2024-01-24 12:07:32','2024-01-24 12:08:35',NULL,NULL,NULL,NULL,NULL,NULL,1,0,'18'),(1224,'نايف غنيم غضيان المطيرى',NULL,NULL,NULL,1,'90909525',NULL,NULL,NULL,NULL,'2024-01-24 12:07:32','2024-01-24 12:08:35',NULL,NULL,NULL,NULL,NULL,NULL,1,0,'18'),(1225,'على عبد الجليل على ',NULL,NULL,NULL,1,'65999889',NULL,NULL,NULL,NULL,'2024-01-24 12:07:32','2024-01-24 12:08:35',NULL,NULL,NULL,NULL,NULL,NULL,1,0,'18'),(1226,'منيرة عيسى حسن الفضاله',NULL,NULL,NULL,1,'95575733',NULL,NULL,NULL,NULL,'2024-01-24 12:07:32','2024-01-24 12:08:35',NULL,NULL,NULL,NULL,NULL,NULL,1,0,'18'),(1227,'احلام جاسم خضير',NULL,NULL,NULL,1,'51616174',NULL,NULL,NULL,NULL,'2024-01-24 12:07:32','2024-01-24 12:08:35',NULL,NULL,NULL,NULL,NULL,NULL,1,0,'18'),(1228,'نهى مرزوق عايض العتيبى',NULL,NULL,NULL,1,'99075247',NULL,NULL,NULL,NULL,'2024-01-24 12:07:32','2024-01-24 12:08:35',NULL,NULL,NULL,NULL,NULL,NULL,1,0,'18'),(1229,'حسين عبد الرسول طاهر',NULL,NULL,NULL,1,'60448042',NULL,NULL,NULL,NULL,'2024-01-24 12:07:32','2024-01-24 12:08:35',NULL,NULL,NULL,NULL,NULL,NULL,1,0,'18'),(1230,'هدى عتلى حسين ',NULL,NULL,NULL,1,'91113121',NULL,NULL,NULL,NULL,'2024-01-24 12:07:32','2024-01-24 12:08:35',NULL,NULL,NULL,NULL,NULL,NULL,1,0,'18'),(1231,'منى عباس فايز',NULL,NULL,NULL,1,'99190444',NULL,NULL,NULL,NULL,'2024-01-24 12:07:32','2024-01-24 12:08:35',NULL,NULL,NULL,NULL,NULL,NULL,1,0,'18'),(1232,'شركة بروج العالميه',NULL,NULL,NULL,1,'91104482',NULL,NULL,NULL,NULL,'2024-01-24 12:07:32','2024-01-24 12:08:35',NULL,NULL,NULL,NULL,NULL,NULL,1,0,'18'),(1233,'مصاعد حازم',NULL,NULL,NULL,1,'66499611',NULL,NULL,NULL,NULL,'2024-01-24 12:07:32','2024-01-24 12:08:35',NULL,NULL,NULL,NULL,NULL,NULL,1,0,'18'),(1234,'مريم حيدر اسد ',NULL,NULL,NULL,1,'55593905',NULL,NULL,NULL,NULL,'2024-01-24 12:07:32','2024-01-24 12:08:35',NULL,NULL,NULL,NULL,NULL,NULL,1,0,'18'),(1235,'فهد عامر خلف',NULL,NULL,NULL,1,'55844883',NULL,NULL,NULL,NULL,'2024-01-24 12:07:32','2024-01-24 12:08:35',NULL,NULL,NULL,NULL,NULL,NULL,1,0,'18'),(1236,'طلال ذياب فليطح الموعد',NULL,NULL,NULL,1,'99277786',NULL,NULL,NULL,NULL,'2024-01-24 12:07:32','2024-01-24 12:08:35',NULL,NULL,NULL,NULL,NULL,NULL,1,0,'18'),(1237,'شيخه عبد الحميد صالح',NULL,NULL,NULL,1,'99066049',NULL,NULL,NULL,NULL,'2024-01-24 12:07:32','2024-01-24 12:08:35',NULL,NULL,NULL,NULL,NULL,NULL,1,0,'18'),(1238,'يعقوب عبد اللة يوسف',NULL,NULL,NULL,1,'99721200',NULL,NULL,NULL,NULL,'2024-01-24 12:07:32','2024-01-24 12:08:35',NULL,NULL,NULL,NULL,NULL,NULL,1,0,'18'),(1239,'نهى عبد الحميد لطفى',NULL,NULL,NULL,1,'97743532',NULL,NULL,NULL,NULL,'2024-01-24 12:07:32','2024-01-24 12:08:35',NULL,NULL,NULL,NULL,NULL,NULL,1,0,'18'),(1240,'عبد اللة على ناصر الهاجرى',NULL,NULL,NULL,1,'96735272',NULL,NULL,NULL,NULL,'2024-01-24 12:07:32','2024-01-24 12:08:35',NULL,NULL,NULL,NULL,NULL,NULL,1,0,'18'),(1241,'فجر فواز عبد العزيز ',NULL,NULL,NULL,1,'61005555',NULL,NULL,NULL,NULL,'2024-01-24 12:07:32','2024-01-24 12:08:35',NULL,NULL,NULL,NULL,NULL,NULL,1,0,'18'),(1242,'ناصر شعبان باقر',NULL,NULL,NULL,1,'58855877',NULL,NULL,NULL,NULL,'2024-01-24 12:07:32','2024-01-24 12:08:35',NULL,NULL,NULL,NULL,NULL,NULL,1,0,'18'),(1243,'ليلى عمر البكوش',NULL,NULL,NULL,1,'99024087',NULL,NULL,NULL,NULL,'2024-01-24 12:07:32','2024-01-24 12:08:35',NULL,NULL,NULL,NULL,NULL,NULL,1,0,'18'),(1244,'عبد العزيز سالم عبد الرضا',NULL,NULL,NULL,1,'67660003',NULL,NULL,NULL,NULL,'2024-01-24 12:07:32','2024-01-24 12:08:35',NULL,NULL,NULL,NULL,NULL,NULL,1,0,'18'),(1245,'عثمان سالم عثمان ',NULL,NULL,NULL,1,'99266884',NULL,NULL,NULL,NULL,'2024-01-24 12:07:32','2024-01-24 12:08:35',NULL,NULL,NULL,NULL,NULL,NULL,1,0,'18'),(1246,'بشاير خالد جمعان',NULL,NULL,NULL,1,'55030017',NULL,NULL,NULL,NULL,'2024-01-24 12:07:32','2024-01-24 12:08:35',NULL,NULL,NULL,NULL,NULL,NULL,1,0,'18'),(1247,'حمد احمد جاسم',NULL,NULL,NULL,1,'99538783',NULL,NULL,NULL,NULL,'2024-01-24 12:07:32','2024-01-24 12:08:35',NULL,NULL,NULL,NULL,NULL,NULL,1,0,'18'),(1248,'بشاير عبد الرضا رجب الصراف',NULL,NULL,NULL,1,'97777134',NULL,NULL,NULL,NULL,'2024-01-24 12:07:32','2024-01-24 12:08:35',NULL,NULL,NULL,NULL,NULL,NULL,1,0,'18'),(1249,'عبد اللة خالد احمد',NULL,NULL,NULL,1,'55565332',NULL,NULL,NULL,NULL,'2024-01-24 12:07:32','2024-01-24 12:08:35',NULL,NULL,NULL,NULL,NULL,NULL,1,0,'18'),(1250,'حسين انور حسين ',NULL,NULL,NULL,1,'63330214',NULL,NULL,NULL,NULL,'2024-01-24 12:07:32','2024-01-24 12:08:35',NULL,NULL,NULL,NULL,NULL,NULL,1,0,'18'),(1251,'علاء عبد الخالق عبد اللطيف',NULL,NULL,NULL,1,'97171671',NULL,NULL,NULL,NULL,'2024-01-24 12:07:32','2024-01-24 12:08:35',NULL,NULL,NULL,NULL,NULL,NULL,1,0,'18'),(1252,'جاسم خليل عباس',NULL,NULL,NULL,1,'99521259',NULL,NULL,NULL,NULL,'2024-01-24 12:07:32','2024-01-24 12:08:35',NULL,NULL,NULL,NULL,NULL,NULL,1,0,'18'),(1253,'جوانا على غدار',NULL,NULL,NULL,1,'94039732',NULL,NULL,NULL,NULL,'2024-01-24 12:07:32','2024-01-24 12:08:35',NULL,NULL,NULL,NULL,NULL,NULL,1,0,'18'),(1254,'محمود على اسماعيل',NULL,NULL,NULL,1,'99018574',NULL,NULL,NULL,NULL,'2024-01-24 12:07:32','2024-01-24 12:08:35',NULL,NULL,NULL,NULL,NULL,NULL,1,0,'18'),(1255,'عبد العزيز طارق على الشطى',NULL,NULL,NULL,1,'90996262',NULL,NULL,NULL,NULL,'2024-01-24 12:07:32','2024-01-24 12:08:35',NULL,NULL,NULL,NULL,NULL,NULL,1,0,'18'),(1256,'رقيه عمر على',NULL,NULL,NULL,1,'99333748',NULL,NULL,NULL,NULL,'2024-01-24 12:07:32','2024-01-24 12:08:35',NULL,NULL,NULL,NULL,NULL,NULL,1,0,'18'),(1257,'محمد عبد اللة مبارك',NULL,NULL,NULL,1,'50915332',NULL,NULL,NULL,NULL,'2024-01-24 12:07:32','2024-01-24 12:08:35',NULL,NULL,NULL,NULL,NULL,NULL,1,0,'18'),(1258,'حسين محمد حسين ',NULL,NULL,NULL,1,'60403097',NULL,NULL,NULL,NULL,'2024-01-24 12:07:32','2024-01-24 12:08:35',NULL,NULL,NULL,NULL,NULL,NULL,1,0,'18'),(1259,'اسراء عبد الحميد ',NULL,NULL,NULL,1,'97727453',NULL,NULL,NULL,NULL,'2024-01-24 12:07:32','2024-01-24 12:08:35',NULL,NULL,NULL,NULL,NULL,NULL,1,0,'18'),(1260,'امل سعد شجاع',NULL,NULL,NULL,1,'65552480/66693924',NULL,NULL,NULL,NULL,'2024-01-24 12:07:32','2024-01-24 12:08:35',NULL,NULL,NULL,NULL,NULL,NULL,1,0,'18'),(1261,'افراح العجمى',NULL,NULL,NULL,1,'90907874',NULL,NULL,NULL,NULL,'2024-01-24 12:07:32','2024-01-24 12:08:35',NULL,NULL,NULL,NULL,NULL,NULL,1,0,'18'),(1262,'مروج عباس',NULL,NULL,NULL,1,'96983231',NULL,NULL,NULL,NULL,'2024-01-24 12:07:32','2024-01-24 12:08:35',NULL,NULL,NULL,NULL,NULL,NULL,1,0,'18'),(1263,'احمد علاء الدين ',NULL,NULL,NULL,1,'99736010',NULL,NULL,NULL,NULL,'2024-01-24 12:07:32','2024-01-24 12:08:35',NULL,NULL,NULL,NULL,NULL,NULL,1,0,'18'),(1264,'طارق سليمان على',NULL,NULL,NULL,1,'97878271',NULL,NULL,NULL,NULL,'2024-01-24 12:07:32','2024-01-24 12:08:35',NULL,NULL,NULL,NULL,NULL,NULL,1,0,'18'),(1265,'سلطان سعد سعود',NULL,NULL,NULL,1,'99757047',NULL,NULL,NULL,NULL,'2024-01-24 12:07:32','2024-01-24 12:08:35',NULL,NULL,NULL,NULL,NULL,NULL,1,0,'18'),(1266,'مريم عبد اللة صالح العنزى',NULL,NULL,NULL,1,'66129797',NULL,NULL,NULL,NULL,'2024-01-24 12:07:32','2024-01-24 12:08:35',NULL,NULL,NULL,NULL,NULL,NULL,1,0,'18'),(1267,'راجيه محمد اسماعيل',NULL,NULL,NULL,1,'51033151',NULL,NULL,NULL,NULL,'2024-01-24 12:07:32','2024-01-24 12:08:35',NULL,NULL,NULL,NULL,NULL,NULL,1,0,'18'),(1268,'شيخه عادل عبدالرؤوف البسام ',NULL,NULL,NULL,1,'55666091',NULL,NULL,NULL,NULL,'2024-01-24 12:07:32','2024-01-24 12:08:35',NULL,NULL,NULL,NULL,NULL,NULL,1,0,'18'),(1269,'شمائل وداد حسن ',NULL,NULL,NULL,1,'99524862',NULL,NULL,NULL,NULL,'2024-01-24 12:07:32','2024-01-24 12:08:35',NULL,NULL,NULL,NULL,NULL,NULL,1,0,'18'),(1270,'زينب نبيل مكى ',NULL,NULL,NULL,1,'50000718',NULL,NULL,NULL,NULL,'2024-01-24 12:07:32','2024-01-24 12:08:35',NULL,NULL,NULL,NULL,NULL,NULL,1,0,'18'),(1271,'حمد رضا محمد الصايغ',NULL,NULL,NULL,1,'99420757',NULL,NULL,NULL,NULL,'2024-01-24 12:07:32','2024-01-24 12:08:35',NULL,NULL,NULL,NULL,NULL,NULL,1,0,'18'),(1272,'خديجه على دخيل',NULL,NULL,NULL,1,'99370083',NULL,NULL,NULL,NULL,'2024-01-24 12:07:32','2024-01-24 12:08:35',NULL,NULL,NULL,NULL,NULL,NULL,1,0,'18'),(1273,'رغد خالد محمد الدلامه ',NULL,NULL,NULL,1,'99120226',NULL,NULL,NULL,NULL,'2024-01-24 12:07:32','2024-01-24 12:08:35',NULL,NULL,NULL,NULL,NULL,NULL,1,0,'18'),(1274,'امل محمد بارة',NULL,NULL,NULL,1,'95553565',NULL,NULL,NULL,NULL,'2024-01-24 12:07:32','2024-01-24 12:08:35',NULL,NULL,NULL,NULL,NULL,NULL,1,0,'18'),(1275,'رائد كنجو',NULL,NULL,NULL,1,'97928849',NULL,NULL,NULL,NULL,'2024-01-24 12:07:32','2024-01-24 12:08:35',NULL,NULL,NULL,NULL,NULL,NULL,1,0,'18'),(1276,'عادل حسن صالح',NULL,NULL,NULL,1,'99811995',NULL,NULL,NULL,NULL,'2024-01-24 12:07:32','2024-01-24 12:08:35',NULL,NULL,NULL,NULL,NULL,NULL,1,0,'18'),(1277,'الشيخه هوازن الجابر ',NULL,NULL,NULL,1,'90993667',NULL,NULL,NULL,NULL,'2024-01-24 12:07:32','2024-01-24 12:08:35',NULL,NULL,NULL,NULL,NULL,NULL,1,0,'18'),(1278,'كايد فخر الدين ',NULL,NULL,NULL,1,'99537851',NULL,NULL,NULL,NULL,'2024-01-24 12:07:32','2024-01-24 12:08:35',NULL,NULL,NULL,NULL,NULL,NULL,1,0,'18'),(1279,'طارق خليل ابراهيم',NULL,NULL,NULL,1,'69333203',NULL,NULL,NULL,NULL,'2024-01-24 12:07:32','2024-01-24 12:08:35',NULL,NULL,NULL,NULL,NULL,NULL,1,0,'18'),(1280,'عبد اللة محمد عبد الكريم ',NULL,NULL,NULL,1,'99565929',NULL,NULL,NULL,NULL,'2024-01-24 12:07:32','2024-01-24 12:08:35',NULL,NULL,NULL,NULL,NULL,NULL,1,0,'18'),(1281,'خالد عبد العزيز مهلهل',NULL,NULL,NULL,1,'99166199',NULL,NULL,NULL,NULL,'2024-01-24 12:07:32','2024-01-24 12:08:35',NULL,NULL,NULL,NULL,NULL,NULL,1,0,'18'),(1282,'اسراء كريدى عبد الرزاق ',NULL,NULL,NULL,1,'98909050',NULL,NULL,NULL,NULL,'2024-01-24 12:07:32','2024-01-24 12:08:35',NULL,NULL,NULL,NULL,NULL,NULL,1,0,'18'),(1283,'محمد جابرعلى جابر',NULL,NULL,NULL,1,'99592010',NULL,NULL,NULL,NULL,'2024-01-24 12:07:32','2024-01-24 12:08:35',NULL,NULL,NULL,NULL,NULL,NULL,1,0,'18'),(1284,'فيصل حمد محمد الجدى',NULL,NULL,NULL,1,'50508808',NULL,NULL,NULL,NULL,'2024-01-24 12:07:32','2024-01-24 12:08:35',NULL,NULL,NULL,NULL,NULL,NULL,1,0,'18'),(1285,'منال محمد رحيل',NULL,NULL,NULL,1,'50408805',NULL,NULL,NULL,NULL,'2024-01-24 12:07:32','2024-01-24 12:08:35',NULL,NULL,NULL,NULL,NULL,NULL,1,0,'18'),(1286,'صفاء على طاهر',NULL,NULL,NULL,1,'67070526',NULL,NULL,NULL,NULL,'2024-01-24 12:07:32','2024-01-24 12:08:35',NULL,NULL,NULL,NULL,NULL,NULL,1,0,'18'),(1287,'عبد الرحمن سالم حزمى',NULL,NULL,NULL,1,'98818885',NULL,NULL,NULL,NULL,'2024-01-24 12:07:32','2024-01-24 12:08:35',NULL,NULL,NULL,NULL,NULL,NULL,1,0,'18'),(1288,'فهد زهير عبد المحسن ',NULL,NULL,NULL,1,'99822229',NULL,NULL,NULL,NULL,'2024-01-24 12:07:32','2024-01-24 12:08:35',NULL,NULL,NULL,NULL,NULL,NULL,1,0,'18'),(1289,'زين جمال حمد الفارس',NULL,NULL,NULL,1,'99735386',NULL,NULL,NULL,NULL,'2024-01-24 12:07:32','2024-01-24 12:08:35',NULL,NULL,NULL,NULL,NULL,NULL,1,0,'18'),(1290,'مصطفى احمد حسين ',NULL,NULL,NULL,1,'99620065',NULL,NULL,NULL,NULL,'2024-01-24 12:07:32','2024-01-24 12:08:35',NULL,NULL,NULL,NULL,NULL,NULL,1,0,'18'),(1291,'محمد عبد اللة احمد ',NULL,NULL,NULL,1,'99655207',NULL,NULL,NULL,NULL,'2024-01-24 12:07:32','2024-01-24 12:08:35',NULL,NULL,NULL,NULL,NULL,NULL,1,0,'18'),(1292,'طيف فيصل حمدان ',NULL,NULL,NULL,1,'60698866',NULL,NULL,NULL,NULL,'2024-01-24 12:07:32','2024-01-24 12:08:35',NULL,NULL,NULL,NULL,NULL,NULL,1,0,'18'),(1293,'نواف محمد احمد',NULL,NULL,NULL,1,'55856699',NULL,NULL,NULL,NULL,'2024-01-24 12:07:32','2024-01-24 12:08:35',NULL,NULL,NULL,NULL,NULL,NULL,1,0,'18'),(1294,'ريم سعد محمد',NULL,NULL,NULL,1,'96679556',NULL,NULL,NULL,NULL,'2024-01-24 12:07:32','2024-01-24 12:08:35',NULL,NULL,NULL,NULL,NULL,NULL,1,0,'18'),(1295,'وائل فاروق شرف',NULL,NULL,NULL,1,'66728867',NULL,NULL,NULL,NULL,'2024-01-24 12:07:32','2024-01-24 12:08:35',NULL,NULL,NULL,NULL,NULL,NULL,1,0,'18'),(1296,'فايزة فلاح عايض',NULL,NULL,NULL,1,'51513110',NULL,NULL,NULL,NULL,'2024-01-24 12:07:32','2024-01-24 12:08:35',NULL,NULL,NULL,NULL,NULL,NULL,1,0,'18'),(1297,'حسين عادل عيدان محميد',NULL,NULL,NULL,1,'99977168',NULL,NULL,NULL,NULL,'2024-01-24 12:07:32','2024-01-24 12:08:35',NULL,NULL,NULL,NULL,NULL,NULL,1,0,'18'),(1298,'بدر حسين على الكنكونى',NULL,NULL,NULL,1,'98884105',NULL,NULL,NULL,NULL,'2024-01-24 12:07:32','2024-01-24 12:08:35',NULL,NULL,NULL,NULL,NULL,NULL,1,0,'18'),(1299,'احمد بيومى محمد',NULL,NULL,NULL,1,'97673886',NULL,NULL,NULL,NULL,'2024-01-24 12:07:32','2024-01-24 12:08:35',NULL,NULL,NULL,NULL,NULL,NULL,1,0,'18'),(1300,'اسماء ناصر شجاع ',NULL,NULL,NULL,1,'98898362',NULL,NULL,NULL,NULL,'2024-01-24 12:07:32','2024-01-24 12:08:35',NULL,NULL,NULL,NULL,NULL,NULL,1,0,'18'),(1301,'ايمان على اسماعيل',NULL,NULL,NULL,1,'99637883',NULL,NULL,NULL,NULL,'2024-01-24 12:07:32','2024-01-24 12:08:35',NULL,NULL,NULL,NULL,NULL,NULL,1,0,'18'),(1302,'عبد اللة سعود عبد الله العجمى',NULL,NULL,NULL,1,'55553092',NULL,NULL,NULL,NULL,'2024-01-24 12:07:32','2024-01-24 12:08:35',NULL,NULL,NULL,NULL,NULL,NULL,1,0,'18'),(1303,'ياسر ابراهيم سليمان',NULL,NULL,NULL,1,'92209224',NULL,NULL,NULL,NULL,'2024-01-24 12:07:32','2024-01-24 12:08:35',NULL,NULL,NULL,NULL,NULL,NULL,1,0,'18'),(1304,'امنه بصرى محسن ',NULL,NULL,NULL,1,'97953320',NULL,NULL,NULL,NULL,'2024-01-24 12:07:32','2024-01-24 12:08:35',NULL,NULL,NULL,NULL,NULL,NULL,1,0,'18'),(1305,'سفارة جنوب افريقيا ',NULL,NULL,NULL,1,'99336572',NULL,NULL,NULL,NULL,'2024-01-24 12:07:32','2024-01-24 12:08:35',NULL,NULL,NULL,NULL,NULL,NULL,1,0,'18'),(1306,'مشاعل مصطفى جمعه ',NULL,NULL,NULL,1,'66695669',NULL,NULL,NULL,NULL,'2024-01-24 12:07:32','2024-01-24 12:08:35',NULL,NULL,NULL,NULL,NULL,NULL,1,0,'18'),(1307,'حنان عباس عبد الرزاق ',NULL,NULL,NULL,1,'66322622',NULL,NULL,NULL,NULL,'2024-01-24 12:07:32','2024-01-24 12:08:35',NULL,NULL,NULL,NULL,NULL,NULL,1,0,'18'),(1308,'هادى اسد الله',NULL,NULL,NULL,1,'99990300',NULL,NULL,NULL,NULL,'2024-01-24 12:07:32','2024-01-24 12:08:35',NULL,NULL,NULL,NULL,NULL,NULL,1,0,'18'),(1309,'عبد اللة مبارك محمد',NULL,NULL,NULL,1,'60455525',NULL,NULL,NULL,NULL,'2024-01-24 12:07:32','2024-01-24 12:08:35',NULL,NULL,NULL,NULL,NULL,NULL,1,0,'18'),(1310,'ساميه سعيد محمد',NULL,NULL,NULL,1,'50558224',NULL,NULL,NULL,NULL,'2024-01-24 12:07:32','2024-01-24 12:08:35',NULL,NULL,NULL,NULL,NULL,NULL,1,0,'18'),(1311,'عبد العزيز عبد اللة حسين ',NULL,NULL,NULL,1,'6675416',NULL,NULL,NULL,NULL,'2024-01-24 12:07:32','2024-01-24 12:08:35',NULL,NULL,NULL,NULL,NULL,NULL,1,0,'18'),(1312,'دلال حبيب سراب امير ',NULL,NULL,NULL,1,'99772237',NULL,NULL,NULL,NULL,'2024-01-24 12:07:32','2024-01-24 12:08:35',NULL,NULL,NULL,NULL,NULL,NULL,1,0,'18'),(1313,'نبيل يوسف محمد',NULL,NULL,NULL,1,'99652541',NULL,NULL,NULL,NULL,'2024-01-24 12:07:32','2024-01-24 12:08:35',NULL,NULL,NULL,NULL,NULL,NULL,1,0,'18'),(1314,'ذكريات احمد على ',NULL,NULL,NULL,1,'95555574',NULL,NULL,NULL,NULL,'2024-01-24 12:07:32','2024-01-24 12:08:35',NULL,NULL,NULL,NULL,NULL,NULL,1,0,'18'),(1315,'مريم سالم محمد',NULL,NULL,NULL,1,'51315111',NULL,NULL,NULL,NULL,'2024-01-24 12:07:32','2024-01-24 12:08:35',NULL,NULL,NULL,NULL,NULL,NULL,1,0,'18'),(1316,'احمد مصطفى عوض ',NULL,NULL,NULL,1,'65756609',NULL,NULL,NULL,NULL,'2024-01-24 12:07:32','2024-01-24 12:08:35',NULL,NULL,NULL,NULL,NULL,NULL,1,0,'18'),(1317,'انوار حمد محمد الحردان',NULL,NULL,NULL,1,'99040310',NULL,NULL,NULL,NULL,'2024-01-24 12:07:32','2024-01-24 12:08:35',NULL,NULL,NULL,NULL,NULL,NULL,1,0,'18'),(1318,'فيصل محمد حمد الوقيان ',NULL,NULL,NULL,1,'99665500',NULL,NULL,NULL,NULL,'2024-01-24 12:07:32','2024-01-24 12:08:35',NULL,NULL,NULL,NULL,NULL,NULL,1,0,'18'),(1319,'فهد مجيد على البغلى ',NULL,NULL,NULL,1,'99687706',NULL,NULL,NULL,NULL,'2024-01-24 12:07:32','2024-01-24 12:08:35',NULL,NULL,NULL,NULL,NULL,NULL,1,0,'18'),(1320,'ندى عطيه جدعان',NULL,NULL,NULL,1,'50500862',NULL,NULL,NULL,NULL,'2024-01-24 12:07:32','2024-01-24 12:08:35',NULL,NULL,NULL,NULL,NULL,NULL,1,0,'18'),(1321,'نورة عبد الرحمن عبد اللة ',NULL,NULL,NULL,1,'96691583',NULL,NULL,NULL,NULL,'2024-01-24 12:07:32','2024-01-24 12:08:35',NULL,NULL,NULL,NULL,NULL,NULL,1,0,'18'),(1322,'فاتن سالم فاضل المرى',NULL,NULL,NULL,1,'97893738',NULL,NULL,NULL,NULL,'2024-01-24 12:07:32','2024-01-24 12:08:35',NULL,NULL,NULL,NULL,NULL,NULL,1,0,'18'),(1323,'يوسف عبد الله عبد الرسول ',NULL,NULL,NULL,1,'67001206',NULL,NULL,NULL,NULL,'2024-01-24 12:07:32','2024-01-24 12:08:35',NULL,NULL,NULL,NULL,NULL,NULL,1,0,'18'),(1324,'عبد الوهاب راند محمد',NULL,NULL,NULL,1,'94408800',NULL,NULL,NULL,NULL,'2024-01-24 12:07:32','2024-01-24 12:08:35',NULL,NULL,NULL,NULL,NULL,NULL,1,0,'18'),(1325,'صالح عبد الوهاب صالح',NULL,NULL,NULL,1,'9333013',NULL,NULL,NULL,NULL,'2024-01-24 12:07:32','2024-01-24 12:08:35',NULL,NULL,NULL,NULL,NULL,NULL,1,0,'18'),(1326,'احمد جعفر سيد مرتضى ',NULL,NULL,NULL,1,'95584777',NULL,NULL,NULL,NULL,'2024-01-24 12:07:32','2024-01-24 12:08:35',NULL,NULL,NULL,NULL,NULL,NULL,1,0,'18'),(1327,'محمد اسماعيل محمد ابو الليل',NULL,NULL,NULL,1,'50573700',NULL,NULL,NULL,NULL,'2024-01-24 12:07:32','2024-01-24 12:08:35',NULL,NULL,NULL,NULL,NULL,NULL,1,0,'18'),(1328,'ربيع روفايل',NULL,NULL,NULL,1,'60705649',NULL,NULL,NULL,NULL,'2024-01-24 12:07:32','2024-01-24 12:08:35',NULL,NULL,NULL,NULL,NULL,NULL,1,0,'18'),(1329,'صادق جاسم عبد على ',NULL,NULL,NULL,1,'99854520',NULL,NULL,NULL,NULL,'2024-01-24 12:07:32','2024-01-24 12:08:35',NULL,NULL,NULL,NULL,NULL,NULL,1,0,'18'),(1330,'الشيخ سالم خالد جابر',NULL,NULL,NULL,1,'97888227',NULL,NULL,NULL,NULL,'2024-01-24 12:07:32','2024-01-24 12:08:35',NULL,NULL,NULL,NULL,NULL,NULL,1,0,'18'),(1331,'دهام سعود صفوق',NULL,NULL,NULL,1,'66330400',NULL,NULL,NULL,NULL,'2024-01-24 12:07:32','2024-01-24 12:08:35',NULL,NULL,NULL,NULL,NULL,NULL,1,0,'18'),(1332,'نوال على محمد الفيلكاوى',NULL,NULL,NULL,1,'69677745',NULL,NULL,NULL,NULL,'2024-01-24 12:07:32','2024-01-24 12:08:35',NULL,NULL,NULL,NULL,NULL,NULL,1,0,'18'),(1333,'عبد اللة خالد راشد ',NULL,NULL,NULL,1,'99094940',NULL,NULL,NULL,NULL,'2024-01-24 12:07:32','2024-01-24 12:08:35',NULL,NULL,NULL,NULL,NULL,NULL,1,0,'18'),(1334,'عبد العزيز تركى',NULL,NULL,NULL,1,'99915669',NULL,NULL,NULL,NULL,'2024-01-24 12:07:32','2024-01-24 12:08:35',NULL,NULL,NULL,NULL,NULL,NULL,1,0,'18'),(1335,'على سليمان عبد اللة القلاف',NULL,NULL,NULL,1,'60760736',NULL,NULL,NULL,NULL,'2024-01-24 12:07:32','2024-01-24 12:08:35',NULL,NULL,NULL,NULL,NULL,NULL,1,0,'18'),(1336,'منى عطيه ماضى الشمرى',NULL,NULL,NULL,1,'99648479',NULL,NULL,NULL,NULL,'2024-01-24 12:07:32','2024-01-24 12:08:35',NULL,NULL,NULL,NULL,NULL,NULL,1,0,'18'),(1337,'مبارك سليم مبارك ',NULL,NULL,NULL,1,'66890333',NULL,NULL,NULL,NULL,'2024-01-24 12:07:33','2024-01-24 12:08:35',NULL,NULL,NULL,NULL,NULL,NULL,1,0,'18'),(1338,'محمد عبد الحميد الفيكاوى ',NULL,NULL,NULL,1,'55309396',NULL,NULL,NULL,NULL,'2024-01-24 12:07:33','2024-01-24 12:08:35',NULL,NULL,NULL,NULL,NULL,NULL,1,0,'18'),(1339,'محمد سعيد على ناصر ',NULL,NULL,NULL,1,'55464518',NULL,NULL,NULL,NULL,'2024-01-24 12:07:33','2024-01-24 12:08:35',NULL,NULL,NULL,NULL,NULL,NULL,1,0,'18'),(1340,'رباب فاضل جاسم ',NULL,NULL,NULL,1,'55757123',NULL,NULL,NULL,NULL,'2024-01-24 12:07:33','2024-01-24 12:08:35',NULL,NULL,NULL,NULL,NULL,NULL,1,0,'18'),(1341,'فهد ثامر محمد الرشيد',NULL,NULL,NULL,1,'55323600',NULL,NULL,NULL,NULL,'2024-01-24 12:07:33','2024-01-24 12:08:35',NULL,NULL,NULL,NULL,NULL,NULL,1,0,'18'),(1342,'يونس محمد محمد',NULL,NULL,NULL,1,'99976549',NULL,NULL,NULL,NULL,'2024-01-24 12:07:33','2024-01-24 12:08:35',NULL,NULL,NULL,NULL,NULL,NULL,1,0,'18'),(1343,'الدكتور خالد محمد المجرب ',NULL,NULL,NULL,1,'90949095',NULL,NULL,NULL,NULL,'2024-01-24 12:07:33','2024-01-24 12:08:35',NULL,NULL,NULL,NULL,NULL,NULL,1,0,'18'),(1344,'نور خالد ناصر',NULL,NULL,NULL,1,'99026944',NULL,NULL,NULL,NULL,'2024-01-24 12:07:33','2024-01-24 12:08:35',NULL,NULL,NULL,NULL,NULL,NULL,1,0,'18'),(1345,'احمد سيد محمد خليل ',NULL,NULL,NULL,1,'99317393',NULL,NULL,NULL,NULL,'2024-01-24 12:07:33','2024-01-24 12:08:35',NULL,NULL,NULL,NULL,NULL,NULL,1,0,'18'),(1346,'محمد عبد اللة جاسم القضيبى ',NULL,NULL,NULL,1,'99873272',NULL,NULL,NULL,NULL,'2024-01-24 12:07:33','2024-01-24 12:08:35',NULL,NULL,NULL,NULL,NULL,NULL,1,0,'18'),(1347,'محمد عدنان عبد اللة النجادة ',NULL,NULL,NULL,1,'60677477',NULL,NULL,NULL,NULL,'2024-01-24 12:07:33','2024-01-24 12:08:35',NULL,NULL,NULL,NULL,NULL,NULL,1,0,'18'),(1348,'محمد عبد الشكور على',NULL,NULL,NULL,1,'55557168',NULL,NULL,NULL,NULL,'2024-01-24 12:07:33','2024-01-24 12:08:35',NULL,NULL,NULL,NULL,NULL,NULL,1,0,'18'),(1349,'افراح هادى ناصر ',NULL,NULL,NULL,1,'66066002',NULL,NULL,NULL,NULL,'2024-01-24 12:07:33','2024-01-24 12:08:35',NULL,NULL,NULL,NULL,NULL,NULL,1,0,'18'),(1350,'امانى الشوشان ',NULL,NULL,NULL,1,'55512344',NULL,NULL,NULL,NULL,'2024-01-24 12:07:33','2024-01-24 12:08:35',NULL,NULL,NULL,NULL,NULL,NULL,1,0,'18'),(1351,'جاسم عباس على تقى ',NULL,NULL,NULL,1,'99067414',NULL,NULL,NULL,NULL,'2024-01-24 12:07:33','2024-01-24 12:08:35',NULL,NULL,NULL,NULL,NULL,NULL,1,0,'18'),(1352,'زاهيه دبوس تركى',NULL,NULL,NULL,1,'99711328',NULL,NULL,NULL,NULL,'2024-01-24 12:07:33','2024-01-24 12:08:35',NULL,NULL,NULL,NULL,NULL,NULL,1,0,'18'),(1353,'الجازى رياض شداد',NULL,NULL,NULL,1,'51463637',NULL,NULL,NULL,NULL,'2024-01-24 12:07:33','2024-01-24 12:08:35',NULL,NULL,NULL,NULL,NULL,NULL,1,0,'18'),(1354,'جيلان محمود سامى امام ',NULL,NULL,NULL,1,'98083325',NULL,NULL,NULL,NULL,'2024-01-24 12:07:33','2024-01-24 12:08:35',NULL,NULL,NULL,NULL,NULL,NULL,1,0,'18'),(1355,'حسنه عبد اللة عوض ',NULL,NULL,NULL,1,'60607679',NULL,NULL,NULL,NULL,'2024-01-24 12:07:33','2024-01-24 12:08:35',NULL,NULL,NULL,NULL,NULL,NULL,1,0,'18'),(1356,'منار مشعل فهد ',NULL,NULL,NULL,1,'99058470',NULL,NULL,NULL,NULL,'2024-01-24 12:07:33','2024-01-24 12:08:35',NULL,NULL,NULL,NULL,NULL,NULL,1,0,'18'),(1357,'على محمد حسيبن الصايغ ',NULL,NULL,NULL,1,'97668832',NULL,NULL,NULL,NULL,'2024-01-24 12:07:33','2024-01-24 12:08:35',NULL,NULL,NULL,NULL,NULL,NULL,1,0,'18'),(1358,'سميرة حبيب محمد كمال ',NULL,NULL,NULL,1,'66055014',NULL,NULL,NULL,NULL,'2024-01-24 12:07:33','2024-01-24 12:08:35',NULL,NULL,NULL,NULL,NULL,NULL,1,0,'18'),(1359,'امل فهد عبد العزيز ',NULL,NULL,NULL,1,'65033477',NULL,NULL,NULL,NULL,'2024-01-24 12:07:33','2024-01-24 12:08:35',NULL,NULL,NULL,NULL,NULL,NULL,1,0,'18'),(1360,'حسن اكبر كردونى',NULL,NULL,NULL,1,'95556158',NULL,NULL,NULL,NULL,'2024-01-24 12:07:33','2024-01-24 12:08:35',NULL,NULL,NULL,NULL,NULL,NULL,1,0,'18'),(1361,'عبد العزيز فاضل العجمى',NULL,NULL,NULL,1,'99989516',NULL,NULL,NULL,NULL,'2024-01-24 12:07:33','2024-01-24 12:08:35',NULL,NULL,NULL,NULL,NULL,NULL,1,0,'18'),(1362,'حسن حسين محمد احمد',NULL,NULL,NULL,1,'55551799',NULL,NULL,NULL,NULL,'2024-01-24 12:07:33','2024-01-24 12:08:35',NULL,NULL,NULL,NULL,NULL,NULL,1,0,'18'),(1363,'محمد حسين اغا عباس',NULL,NULL,NULL,1,'66768866',NULL,NULL,NULL,NULL,'2024-01-24 12:07:33','2024-01-24 12:08:35',NULL,NULL,NULL,NULL,NULL,NULL,1,0,'18'),(1364,'فوزيه ضيدان فالح',NULL,NULL,NULL,1,'66874411',NULL,NULL,NULL,NULL,'2024-01-24 12:07:33','2024-01-24 12:08:35',NULL,NULL,NULL,NULL,NULL,NULL,1,0,'18'),(1365,'عمر محمد عمر العصيمى',NULL,NULL,NULL,1,'67777694',NULL,NULL,NULL,NULL,'2024-01-24 12:07:33','2024-01-24 12:08:35',NULL,NULL,NULL,NULL,NULL,NULL,1,0,'18'),(1366,'فاطمه عبد اللة حيدر ',NULL,NULL,NULL,1,'98805089',NULL,NULL,NULL,NULL,'2024-01-24 12:07:33','2024-01-24 12:08:35',NULL,NULL,NULL,NULL,NULL,NULL,1,0,'18'),(1367,'بشاير طالب عبد الرزاق ',NULL,NULL,NULL,1,'55404840',NULL,NULL,NULL,NULL,'2024-01-24 12:07:33','2024-01-24 12:08:35',NULL,NULL,NULL,NULL,NULL,NULL,1,0,'18'),(1368,'براك عبد المحسن صقر ',NULL,NULL,NULL,1,'99006464',NULL,NULL,NULL,NULL,'2024-01-24 12:07:33','2024-01-24 12:08:35',NULL,NULL,NULL,NULL,NULL,NULL,1,0,'18'),(1369,'محمد خليل موسى ',NULL,NULL,NULL,1,'96686113',NULL,NULL,NULL,NULL,'2024-01-24 12:07:33','2024-01-24 12:08:35',NULL,NULL,NULL,NULL,NULL,NULL,1,0,'18'),(1370,'محمد عبد الوهاب امام ',NULL,NULL,NULL,1,'99221263',NULL,NULL,NULL,NULL,'2024-01-24 12:07:33','2024-01-24 12:08:35',NULL,NULL,NULL,NULL,NULL,NULL,1,0,'18'),(1371,'محمد توفيق حافظ عبد اللة ',NULL,NULL,NULL,1,'97119515',NULL,NULL,NULL,NULL,'2024-01-24 12:07:33','2024-01-24 12:08:35',NULL,NULL,NULL,NULL,NULL,NULL,1,0,'18'),(1372,'ميسم احمد مصطفى ',NULL,NULL,NULL,1,'99922578',NULL,NULL,NULL,NULL,'2024-01-24 12:07:33','2024-01-24 12:08:35',NULL,NULL,NULL,NULL,NULL,NULL,1,0,'18'),(1373,'فهد فاضل تركى السبع ',NULL,NULL,NULL,1,'99320057',NULL,NULL,NULL,NULL,'2024-01-24 12:07:33','2024-01-24 12:08:35',NULL,NULL,NULL,NULL,NULL,NULL,1,0,'18'),(1374,'احمد عبد القادر محمد',NULL,NULL,NULL,1,'50945045',NULL,NULL,NULL,NULL,'2024-01-24 12:07:33','2024-01-24 12:08:35',NULL,NULL,NULL,NULL,NULL,NULL,1,0,'18'),(1375,'شريفه حمد عيفان الجربوع',NULL,NULL,NULL,1,'99723268',NULL,NULL,NULL,NULL,'2024-01-24 12:07:33','2024-01-24 12:08:35',NULL,NULL,NULL,NULL,NULL,NULL,1,0,'18'),(1376,'دلال عادل عبد اللة العبد ',NULL,NULL,NULL,1,'94406536',NULL,NULL,NULL,NULL,'2024-01-24 12:07:33','2024-01-24 12:08:35',NULL,NULL,NULL,NULL,NULL,NULL,1,0,'18'),(1377,'عمار فهيد سعد السبوق',NULL,NULL,NULL,1,'50100058',NULL,NULL,NULL,NULL,'2024-01-24 12:07:33','2024-01-24 12:08:35',NULL,NULL,NULL,NULL,NULL,NULL,1,0,'18'),(1378,'مشارى جمال عبد الكريم ',NULL,NULL,NULL,1,'65551821',NULL,NULL,NULL,NULL,'2024-01-24 12:07:33','2024-01-24 12:08:35',NULL,NULL,NULL,NULL,NULL,NULL,1,0,'18'),(1379,'على احمد حسين ',NULL,NULL,NULL,1,'60002247',NULL,NULL,NULL,NULL,'2024-01-24 12:07:33','2024-01-24 12:08:35',NULL,NULL,NULL,NULL,NULL,NULL,1,0,'18'),(1380,'شركة انجازات ',NULL,NULL,NULL,1,'55333556',NULL,NULL,NULL,NULL,'2024-01-24 12:07:33','2024-01-24 12:08:35',NULL,NULL,NULL,NULL,NULL,NULL,1,0,'18'),(1381,'عبد اللة محمد المشوح ',NULL,NULL,NULL,1,'98818882',NULL,NULL,NULL,NULL,'2024-01-24 12:07:33','2024-01-24 12:08:35',NULL,NULL,NULL,NULL,NULL,NULL,1,0,'18'),(1382,'هيفاء محمد عبداللة ',NULL,NULL,NULL,1,'99303068',NULL,NULL,NULL,NULL,'2024-01-24 12:07:33','2024-01-24 12:08:35',NULL,NULL,NULL,NULL,NULL,NULL,1,0,'18'),(1383,'بدور سعود حمود ',NULL,NULL,NULL,1,'99879144',NULL,NULL,NULL,NULL,'2024-01-24 12:07:33','2024-01-24 12:08:35',NULL,NULL,NULL,NULL,NULL,NULL,1,0,'18'),(1384,'شيخه عبد اللة عبد النبى ',NULL,NULL,NULL,1,'55575351',NULL,NULL,NULL,NULL,'2024-01-24 12:07:33','2024-01-24 12:08:35',NULL,NULL,NULL,NULL,NULL,NULL,1,0,'18'),(1385,'فتحى حسن ادريس ',NULL,NULL,NULL,1,'99373762',NULL,NULL,NULL,NULL,'2024-01-24 12:07:33','2024-01-24 12:08:35',NULL,NULL,NULL,NULL,NULL,NULL,1,0,'18'),(1386,'احمد فؤاد سالم الشطى',NULL,NULL,NULL,1,'99981739',NULL,NULL,NULL,NULL,'2024-01-24 12:07:33','2024-01-24 12:08:35',NULL,NULL,NULL,NULL,NULL,NULL,1,0,'18'),(1387,'شركة الجهرا لمعدات التنضيف',NULL,NULL,NULL,1,'99572967',NULL,NULL,NULL,NULL,'2024-01-24 12:07:33','2024-01-24 12:08:35',NULL,NULL,NULL,NULL,NULL,NULL,1,0,'18'),(1388,'روان عبد اللة سعد الادغم ',NULL,NULL,NULL,1,'66407530',NULL,NULL,NULL,NULL,'2024-01-24 12:07:33','2024-01-24 12:08:35',NULL,NULL,NULL,NULL,NULL,NULL,1,0,'18'),(1389,'يحى رفعت عبد الفتاح ',NULL,NULL,NULL,1,'69955285',NULL,NULL,NULL,NULL,'2024-01-24 12:07:33','2024-01-24 12:08:35',NULL,NULL,NULL,NULL,NULL,NULL,1,0,'18'),(1390,'ابراهيم عبد اللة العجمى',NULL,NULL,NULL,1,'51559564',NULL,NULL,NULL,NULL,'2024-01-24 12:07:33','2024-01-24 12:08:35',NULL,NULL,NULL,NULL,NULL,NULL,1,0,'18'),(1391,'على عصام عبد اللة ',NULL,NULL,NULL,1,'98931497',NULL,NULL,NULL,NULL,'2024-01-24 12:07:33','2024-01-24 12:08:35',NULL,NULL,NULL,NULL,NULL,NULL,1,0,'18'),(1392,'عبد العزيز مشعان نورى ',NULL,NULL,NULL,1,'66624124',NULL,NULL,NULL,NULL,'2024-01-24 12:07:33','2024-01-24 12:08:35',NULL,NULL,NULL,NULL,NULL,NULL,1,0,'18'),(1393,'شيماء احمد طة  الفيلكاوى',NULL,NULL,NULL,1,'61110888',NULL,NULL,NULL,NULL,'2024-01-24 12:07:33','2024-01-24 12:08:35',NULL,NULL,NULL,NULL,NULL,NULL,1,0,'18'),(1394,'جوانا سامى ايوب ',NULL,NULL,NULL,1,'99065153',NULL,NULL,NULL,NULL,'2024-01-24 12:07:33','2024-01-24 12:08:35',NULL,NULL,NULL,NULL,NULL,NULL,1,0,'18'),(1395,'امنه راشد حامد',NULL,NULL,NULL,1,'97333079',NULL,NULL,NULL,NULL,'2024-01-24 12:07:33','2024-01-24 12:08:35',NULL,NULL,NULL,NULL,NULL,NULL,1,0,'18'),(1396,'وداد حمدان مزيد الرويعى ',NULL,NULL,NULL,1,'98999938',NULL,NULL,NULL,NULL,'2024-01-24 12:07:33','2024-01-24 12:08:35',NULL,NULL,NULL,NULL,NULL,NULL,1,0,'18'),(1397,'الشركة المتحدة لادارة المرافق',NULL,NULL,NULL,1,'66281605',NULL,NULL,NULL,NULL,'2024-01-24 12:07:33','2024-01-24 12:08:35',NULL,NULL,NULL,NULL,NULL,NULL,1,0,'18'),(1398,'مشارى احمد محمد الكندرى ',NULL,NULL,NULL,1,'99005527',NULL,NULL,NULL,NULL,'2024-01-24 12:07:33','2024-01-24 12:08:35',NULL,NULL,NULL,NULL,NULL,NULL,1,0,'18'),(1399,'يعقوب يوسف على الزيد ',NULL,NULL,NULL,1,'98884822',NULL,NULL,NULL,NULL,'2024-01-24 12:07:33','2024-01-24 12:08:35',NULL,NULL,NULL,NULL,NULL,NULL,1,0,'18'),(1400,'شركة غاليه لتكنولوجيا البرمجه ',NULL,NULL,NULL,1,'60787614',NULL,NULL,NULL,NULL,'2024-01-24 12:07:33','2024-01-24 12:08:35',NULL,NULL,NULL,NULL,NULL,NULL,1,0,'18'),(1401,'فاطمه كاظم عبد اللة ',NULL,NULL,NULL,1,'66707708',NULL,NULL,NULL,NULL,'2024-01-24 12:07:33','2024-01-24 12:08:35',NULL,NULL,NULL,NULL,NULL,NULL,1,0,'18'),(1402,'سالم مصطفى احمد المرزوق ',NULL,NULL,NULL,1,'66696886',NULL,NULL,NULL,NULL,'2024-01-24 12:07:33','2024-01-24 12:08:35',NULL,NULL,NULL,NULL,NULL,NULL,1,0,'18'),(1403,'محمد رشوان عبد المحسن ',NULL,NULL,NULL,1,'50708150',NULL,NULL,NULL,NULL,'2024-01-24 12:07:33','2024-01-24 12:08:35',NULL,NULL,NULL,NULL,NULL,NULL,1,0,'18'),(1404,'عيسى عطيه محمد الظفيرى ',NULL,NULL,NULL,1,'90907935',NULL,NULL,NULL,NULL,'2024-01-24 12:07:33','2024-01-24 12:08:35',NULL,NULL,NULL,NULL,NULL,NULL,1,0,'18'),(1405,'راشد فهد صالح الحربى ',NULL,NULL,NULL,1,'94955754',NULL,NULL,NULL,NULL,'2024-01-24 12:07:33','2024-01-24 12:08:35',NULL,NULL,NULL,NULL,NULL,NULL,1,0,'18'),(1406,'خلود عطيه عبد اللة ',NULL,NULL,NULL,1,'69686612',NULL,NULL,NULL,NULL,'2024-01-24 12:07:33','2024-01-24 12:08:35',NULL,NULL,NULL,NULL,NULL,NULL,1,0,'18'),(1407,'ياسمين عبد المحسن ضحى ',NULL,NULL,NULL,1,'51252222',NULL,NULL,NULL,NULL,'2024-01-24 12:07:33','2024-01-24 12:08:35',NULL,NULL,NULL,NULL,NULL,NULL,1,0,'18'),(1408,'عبد الرحمن فهد سعد العميرة ',NULL,NULL,NULL,1,'97241444',NULL,NULL,NULL,NULL,'2024-01-24 12:07:33','2024-01-24 12:08:35',NULL,NULL,NULL,NULL,NULL,NULL,1,0,'18'),(1409,'روان صفر جابر عزيز ',NULL,NULL,NULL,1,'90913134',NULL,NULL,NULL,NULL,'2024-01-24 12:07:33','2024-01-24 12:08:35',NULL,NULL,NULL,NULL,NULL,NULL,1,0,'18'),(1410,'فاطمه محمد تركى الخميس ',NULL,NULL,NULL,1,'98739289',NULL,NULL,NULL,NULL,'2024-01-24 12:07:33','2024-01-24 12:08:35',NULL,NULL,NULL,NULL,NULL,NULL,1,0,'18'),(1411,'انفال عبد المجيد سليمان ',NULL,NULL,NULL,1,'99070484',NULL,NULL,NULL,NULL,'2024-01-24 12:07:33','2024-01-24 12:08:35',NULL,NULL,NULL,NULL,NULL,NULL,1,0,'18'),(1412,'الزهراء يوسف مندنى ',NULL,NULL,NULL,1,'66963119',NULL,NULL,NULL,NULL,'2024-01-24 12:07:33','2024-01-24 12:08:35',NULL,NULL,NULL,NULL,NULL,NULL,1,0,'18'),(1413,'ليال  يعقوب ابراهيم عليان ',NULL,NULL,NULL,1,'51006054',NULL,NULL,NULL,NULL,'2024-01-24 12:07:33','2024-01-24 12:08:35',NULL,NULL,NULL,NULL,NULL,NULL,1,0,'18'),(1414,'مريم يديوى منشد عرفج ',NULL,NULL,NULL,1,'96624448',NULL,NULL,NULL,NULL,'2024-01-24 12:07:33','2024-01-24 12:08:35',NULL,NULL,NULL,NULL,NULL,NULL,1,0,'18'),(1415,'وليد جعفر محمد الصايغ',NULL,NULL,NULL,1,'69999990',NULL,NULL,NULL,NULL,'2024-01-24 12:07:33','2024-01-24 12:08:35',NULL,NULL,NULL,NULL,NULL,NULL,1,0,'18'),(1416,'كوشال بهاتيا لال ',NULL,NULL,NULL,1,'69332910',NULL,NULL,NULL,NULL,'2024-01-24 12:07:33','2024-01-24 12:08:35',NULL,NULL,NULL,NULL,NULL,NULL,1,0,'18'),(1417,'شركة مجموعه عبد الرزاق ',NULL,NULL,NULL,1,'50295005',NULL,NULL,NULL,NULL,'2024-01-24 12:07:33','2024-01-24 12:08:35',NULL,NULL,NULL,NULL,NULL,NULL,1,0,'18'),(1418,'نورة حمد فهد العجمى ',NULL,NULL,NULL,1,'51111693',NULL,NULL,NULL,NULL,'2024-01-24 12:07:33','2024-01-24 12:08:35',NULL,NULL,NULL,NULL,NULL,NULL,1,0,'18'),(1419,'اشواق جواد حسن ',NULL,NULL,NULL,1,'99735574',NULL,NULL,NULL,NULL,'2024-01-24 12:07:33','2024-01-24 12:08:35',NULL,NULL,NULL,NULL,NULL,NULL,1,0,'18'),(1420,'يوسف حسين على عبد اللة',NULL,NULL,NULL,1,'94422797',NULL,NULL,NULL,NULL,'2024-01-24 12:07:33','2024-01-24 12:08:35',NULL,NULL,NULL,NULL,NULL,NULL,1,0,'18'),(1421,'مريم عبد اللة صالح الشواف ',NULL,NULL,NULL,1,'67790066',NULL,NULL,NULL,NULL,'2024-01-24 12:07:33','2024-01-24 12:08:35',NULL,NULL,NULL,NULL,NULL,NULL,1,0,'18'),(1422,'عبد اللطيف عبد المجيد محمود ',NULL,NULL,NULL,1,'99681219',NULL,NULL,NULL,NULL,'2024-01-24 12:07:33','2024-01-24 12:08:35',NULL,NULL,NULL,NULL,NULL,NULL,1,0,'18'),(1423,'ريم سهيل محمد البناى',NULL,NULL,NULL,1,'99828373',NULL,NULL,NULL,NULL,'2024-01-24 12:07:33','2024-01-24 12:08:35',NULL,NULL,NULL,NULL,NULL,NULL,1,0,'18'),(1424,'عائشه عبد اللة محمد الكندرى',NULL,NULL,NULL,1,'97443379',NULL,NULL,NULL,NULL,'2024-01-24 12:07:33','2024-01-24 12:08:35',NULL,NULL,NULL,NULL,NULL,NULL,1,0,'18'),(1425,'احمد عبد القادر محمد العنزى',NULL,NULL,NULL,1,'50945045',NULL,NULL,NULL,NULL,'2024-01-24 12:07:33','2024-01-24 12:08:35',NULL,NULL,NULL,NULL,NULL,NULL,1,0,'18'),(1426,'غنيمه وليد القيسى',NULL,NULL,NULL,1,'55562775',NULL,NULL,NULL,NULL,'2024-01-24 12:07:33','2024-01-24 12:08:35',NULL,NULL,NULL,NULL,NULL,NULL,1,0,'18'),(1427,'شركة جرسن العالميه',NULL,NULL,NULL,1,'55579533',NULL,NULL,NULL,NULL,'2024-01-24 12:07:33','2024-01-24 12:08:35',NULL,NULL,NULL,NULL,NULL,NULL,1,0,'18'),(1428,'عفيفه عمار فاضل ',NULL,NULL,NULL,1,'55649992',NULL,NULL,NULL,NULL,'2024-01-24 12:07:33','2024-01-24 12:08:35',NULL,NULL,NULL,NULL,NULL,NULL,1,0,'18'),(1429,'هندى سعيد هندى ',NULL,NULL,NULL,1,'51116579',NULL,NULL,NULL,NULL,'2024-01-24 12:07:33','2024-01-24 12:08:35',NULL,NULL,NULL,NULL,NULL,NULL,1,0,'18'),(1430,'سارة صالح مبارك الهران ',NULL,NULL,NULL,1,'51310070',NULL,NULL,NULL,NULL,'2024-01-24 12:07:33','2024-01-24 12:08:35',NULL,NULL,NULL,NULL,NULL,NULL,1,0,'18'),(1431,'روان فهد عبد اللة ',NULL,NULL,NULL,1,'60933319',NULL,NULL,NULL,NULL,'2024-01-24 12:07:33','2024-01-24 12:08:35',NULL,NULL,NULL,NULL,NULL,NULL,1,0,'18'),(1432,'اسراء دهراب امير ',NULL,NULL,NULL,1,'97799070',NULL,NULL,NULL,NULL,'2024-01-24 12:07:33','2024-01-24 12:08:35',NULL,NULL,NULL,NULL,NULL,NULL,1,0,'18'),(1433,'حمود فهد حمود الغنام ',NULL,NULL,NULL,1,'99833424',NULL,NULL,NULL,NULL,'2024-01-24 12:07:33','2024-01-24 12:08:35',NULL,NULL,NULL,NULL,NULL,NULL,1,0,'18'),(1434,'كمال عبد المجيد يوسف',NULL,NULL,NULL,1,'99207206',NULL,NULL,NULL,NULL,'2024-01-24 12:07:33','2024-01-24 12:08:35',NULL,NULL,NULL,NULL,NULL,NULL,1,0,'18'),(1435,'سامح يونس امين عبد القادر ',NULL,NULL,NULL,1,'65970847',NULL,NULL,NULL,NULL,'2024-01-24 12:07:33','2024-01-24 12:08:35',NULL,NULL,NULL,NULL,NULL,NULL,1,0,'18'),(1436,'شركة الهندسيه ',NULL,NULL,NULL,1,'99548430',NULL,NULL,NULL,NULL,'2024-01-24 12:07:33','2024-01-24 12:08:35',NULL,NULL,NULL,NULL,NULL,NULL,1,0,'18'),(1437,'عبد الرحيم ابراهيم عبد الرحيم ',NULL,NULL,NULL,1,'90944664',NULL,NULL,NULL,NULL,'2024-01-24 12:07:33','2024-01-24 12:08:35',NULL,NULL,NULL,NULL,NULL,NULL,1,0,'18'),(1438,'شركة بيسك ',NULL,NULL,NULL,1,'69338304',NULL,NULL,NULL,NULL,'2024-01-24 12:07:33','2024-01-24 12:08:35',NULL,NULL,NULL,NULL,NULL,NULL,1,0,'18'),(1439,'عمر خالد يعقوب ',NULL,NULL,NULL,1,'95549588',NULL,NULL,NULL,NULL,'2024-01-24 12:07:33','2024-01-24 12:08:35',NULL,NULL,NULL,NULL,NULL,NULL,1,0,'18'),(1440,'فاطمه عبد الرزاق سالم',NULL,NULL,NULL,1,'97711786',NULL,NULL,NULL,NULL,'2024-01-24 12:07:33','2024-01-24 12:08:35',NULL,NULL,NULL,NULL,NULL,NULL,1,0,'18'),(1441,'منصور محمد جودة العنزى',NULL,NULL,NULL,1,'55531066',NULL,NULL,NULL,NULL,'2024-01-24 12:07:33','2024-01-24 12:08:35',NULL,NULL,NULL,NULL,NULL,NULL,1,0,'18'),(1442,'ناصر ابراهيم عبود ',NULL,NULL,NULL,1,'55805517',NULL,NULL,NULL,NULL,'2024-01-24 12:07:33','2024-01-24 12:08:35',NULL,NULL,NULL,NULL,NULL,NULL,1,0,'18'),(1443,'سعاد احمد عبد الوهاب',NULL,NULL,NULL,1,'99571200',NULL,NULL,NULL,NULL,'2024-01-24 12:07:33','2024-01-24 12:08:35',NULL,NULL,NULL,NULL,NULL,NULL,1,0,'18'),(1444,'ناتالى وجيه ابراهيم عزب',NULL,NULL,NULL,1,'96060217',NULL,NULL,NULL,NULL,'2024-01-24 12:07:33','2024-01-24 12:08:35',NULL,NULL,NULL,NULL,NULL,NULL,1,0,'18'),(1445,'عهود ابراهيم عبد اللة ',NULL,NULL,NULL,1,'94414408',NULL,NULL,NULL,NULL,'2024-01-24 12:07:33','2024-01-24 12:08:35',NULL,NULL,NULL,NULL,NULL,NULL,1,0,'18'),(1446,'فرح عبد الرضا غلوم ',NULL,NULL,NULL,1,'97250101',NULL,NULL,NULL,NULL,'2024-01-24 12:07:33','2024-01-24 12:08:35',NULL,NULL,NULL,NULL,NULL,NULL,1,0,'18'),(1447,'سارة ناصر خلف ',NULL,NULL,NULL,1,'66665712',NULL,NULL,NULL,NULL,'2024-01-24 12:07:33','2024-01-24 12:08:35',NULL,NULL,NULL,NULL,NULL,NULL,1,0,'18'),(1448,'عائشه خالد على بو رحمه ',NULL,NULL,NULL,1,'99367724',NULL,NULL,NULL,NULL,'2024-01-24 12:07:33','2024-01-24 12:08:35',NULL,NULL,NULL,NULL,NULL,NULL,1,0,'18'),(1449,'احمد صالح ملك',NULL,NULL,NULL,1,'55155693',NULL,NULL,NULL,NULL,'2024-01-24 12:07:33','2024-01-24 12:08:35',NULL,NULL,NULL,NULL,NULL,NULL,1,0,'18'),(1450,'بدر سعود سعد الفريج ',NULL,NULL,NULL,1,'65643466',NULL,NULL,NULL,NULL,'2024-01-24 12:07:33','2024-01-24 12:08:35',NULL,NULL,NULL,NULL,NULL,NULL,1,0,'18'),(1451,'صبرى محمد عبد الدايم',NULL,NULL,NULL,1,'56646041',NULL,NULL,NULL,NULL,'2024-01-24 12:07:33','2024-01-24 12:08:35',NULL,NULL,NULL,NULL,NULL,NULL,1,0,'18'),(1452,'شريفه جاسم عبد اللة الفريج ',NULL,NULL,NULL,1,'99776273',NULL,NULL,NULL,NULL,'2024-01-24 12:07:33','2024-01-24 12:08:35',NULL,NULL,NULL,NULL,NULL,NULL,1,0,'18'),(1453,'نوف وليد محمد ',NULL,NULL,NULL,1,'90090557',NULL,NULL,NULL,NULL,'2024-01-24 12:07:33','2024-01-24 12:08:35',NULL,NULL,NULL,NULL,NULL,NULL,1,0,'18'),(1454,'محمد عبد القادر احمد',NULL,NULL,NULL,1,'97799812',NULL,NULL,NULL,NULL,'2024-01-24 12:07:33','2024-01-24 12:08:35',NULL,NULL,NULL,NULL,NULL,NULL,1,0,'18'),(1455,'لولوة فيصل مشارى ',NULL,NULL,NULL,1,'92299112',NULL,NULL,NULL,NULL,'2024-01-24 12:07:33','2024-01-24 12:08:35',NULL,NULL,NULL,NULL,NULL,NULL,1,0,'18'),(1456,'فاطمه سلمان محمد القطان ',NULL,NULL,NULL,1,'96663077',NULL,NULL,NULL,NULL,'2024-01-24 12:07:33','2024-01-24 12:08:35',NULL,NULL,NULL,NULL,NULL,NULL,1,0,'18'),(1457,'عبد اللة على طالب جابر ',NULL,NULL,NULL,1,'92229000',NULL,NULL,NULL,NULL,'2024-01-24 12:07:33','2024-01-24 12:08:35',NULL,NULL,NULL,NULL,NULL,NULL,1,0,'18'),(1458,'ابراهيم محمد على القطان ',NULL,NULL,NULL,1,'69956237',NULL,NULL,NULL,NULL,'2024-01-24 12:07:33','2024-01-24 12:08:35',NULL,NULL,NULL,NULL,NULL,NULL,1,0,'18'),(1459,'ايمان بدر مغيران ',NULL,NULL,NULL,1,'50288580',NULL,NULL,NULL,NULL,'2024-01-24 12:07:33','2024-01-24 12:08:35',NULL,NULL,NULL,NULL,NULL,NULL,1,0,'18'),(1460,'الدكتور رائد عباس ',NULL,NULL,NULL,1,'99706840',NULL,NULL,NULL,NULL,'2024-01-24 12:07:33','2024-01-24 12:08:35',NULL,NULL,NULL,NULL,NULL,NULL,1,0,'18'),(1461,'هيثم حسين عيسى',NULL,NULL,NULL,1,'98874234',NULL,NULL,NULL,NULL,'2024-01-24 12:07:33','2024-01-24 12:08:35',NULL,NULL,NULL,NULL,NULL,NULL,1,0,'18'),(1462,'دانه عبد اللة عبد الكريم ',NULL,NULL,NULL,1,'51303049',NULL,NULL,NULL,NULL,'2024-01-24 12:07:33','2024-01-24 12:08:35',NULL,NULL,NULL,NULL,NULL,NULL,1,0,'18'),(1463,'روان ناصر ابراهيم ',NULL,NULL,NULL,1,'66738036',NULL,NULL,NULL,NULL,'2024-01-24 12:07:33','2024-01-24 12:08:35',NULL,NULL,NULL,NULL,NULL,NULL,1,0,'18'),(1464,'خلدا ناصر هزاع',NULL,NULL,NULL,1,'50209922',NULL,NULL,NULL,NULL,'2024-01-24 12:07:33','2024-01-24 12:08:35',NULL,NULL,NULL,NULL,NULL,NULL,1,0,'18'),(1465,'ملاك محمد عبد الجبار ',NULL,NULL,NULL,1,'90905624',NULL,NULL,NULL,NULL,'2024-01-24 12:07:33','2024-01-24 12:08:35',NULL,NULL,NULL,NULL,NULL,NULL,1,0,'18'),(1466,'رواء محمد عبد المحسن ',NULL,NULL,NULL,1,'65651364',NULL,NULL,NULL,NULL,'2024-01-24 12:07:33','2024-01-24 12:08:35',NULL,NULL,NULL,NULL,NULL,NULL,1,0,'18'),(1467,'احمد سلمان محمود ',NULL,NULL,NULL,1,'99966796',NULL,NULL,NULL,NULL,'2024-01-24 12:07:33','2024-01-24 12:08:35',NULL,NULL,NULL,NULL,NULL,NULL,1,0,'18'),(1468,'نوف خالد احمد',NULL,NULL,NULL,1,'97915500',NULL,NULL,NULL,NULL,'2024-01-24 12:07:33','2024-01-24 12:08:35',NULL,NULL,NULL,NULL,NULL,NULL,1,0,'18'),(1469,'اسرار حسن عبد الكريم',NULL,NULL,NULL,1,'99846260',NULL,NULL,NULL,NULL,'2024-01-24 12:07:33','2024-01-24 12:08:35',NULL,NULL,NULL,NULL,NULL,NULL,1,0,'18'),(1470,'على ابراهيم عبد النبى',NULL,NULL,NULL,1,'55882291',NULL,NULL,NULL,NULL,'2024-01-24 12:07:33','2024-01-24 12:08:35',NULL,NULL,NULL,NULL,NULL,NULL,1,0,'18'),(1471,'عائشه نايف سلطان ',NULL,NULL,NULL,1,'66010636',NULL,NULL,NULL,NULL,'2024-01-24 12:07:33','2024-01-24 12:08:35',NULL,NULL,NULL,NULL,NULL,NULL,1,0,'18'),(1472,'منيرة يوسف امان القطان',NULL,NULL,NULL,1,'50222663',NULL,NULL,NULL,NULL,'2024-01-24 12:07:33','2024-01-24 12:08:35',NULL,NULL,NULL,NULL,NULL,NULL,1,0,'18'),(1473,'منال حمد محمد المطيرى ',NULL,NULL,NULL,1,'51007760',NULL,NULL,NULL,NULL,'2024-01-24 12:07:33','2024-01-24 12:08:35',NULL,NULL,NULL,NULL,NULL,NULL,1,0,'18'),(1474,'دلال يوسف عبد الرزاق',NULL,NULL,NULL,1,'90000902',NULL,NULL,NULL,NULL,'2024-01-24 12:07:33','2024-01-24 12:08:35',NULL,NULL,NULL,NULL,NULL,NULL,1,0,'18'),(1475,'شركة هيفى بيلدنج ',NULL,NULL,NULL,1,'99393833',NULL,NULL,NULL,NULL,'2024-01-24 12:07:33','2024-01-24 12:08:35',NULL,NULL,NULL,NULL,NULL,NULL,1,0,'18'),(1476,'مريم جاسم',NULL,NULL,NULL,1,'90068288',NULL,NULL,NULL,NULL,'2024-01-24 12:07:33','2024-01-24 12:08:35',NULL,NULL,NULL,NULL,NULL,NULL,1,0,'18'),(1477,'ندى رياض محمد ',NULL,NULL,NULL,1,'99880128',NULL,NULL,NULL,NULL,'2024-01-24 12:07:33','2024-01-24 12:08:35',NULL,NULL,NULL,NULL,NULL,NULL,1,0,'18'),(1478,'عمر عادل على ',NULL,NULL,NULL,1,'97333835',NULL,NULL,NULL,NULL,'2024-01-24 12:07:33','2024-01-24 12:08:35',NULL,NULL,NULL,NULL,NULL,NULL,1,0,'18'),(1479,'عبد العزيز مضحى مطر ',NULL,NULL,NULL,1,'67010113',NULL,NULL,NULL,NULL,'2024-01-24 12:07:33','2024-01-24 12:08:35',NULL,NULL,NULL,NULL,NULL,NULL,1,0,'18'),(1480,'فجر وليد عبد الرزاق',NULL,NULL,NULL,1,'67776358',NULL,NULL,NULL,NULL,'2024-01-24 12:07:33','2024-01-24 12:08:35',NULL,NULL,NULL,NULL,NULL,NULL,1,0,'18'),(1481,'فهد عباس حسين حيدر ',NULL,NULL,NULL,1,'99521699',NULL,NULL,NULL,NULL,'2024-01-24 12:07:33','2024-01-24 12:08:35',NULL,NULL,NULL,NULL,NULL,NULL,1,0,'18'),(1482,'غاده محمد احمد ',NULL,NULL,NULL,1,'94058098',NULL,NULL,NULL,NULL,'2024-01-24 12:07:33','2024-01-24 12:08:35',NULL,NULL,NULL,NULL,NULL,NULL,1,0,'18'),(1483,'هبه عيسى احمد',NULL,NULL,NULL,1,'99521441',NULL,NULL,NULL,NULL,'2024-01-24 12:07:33','2024-01-24 12:08:35',NULL,NULL,NULL,NULL,NULL,NULL,1,0,'18'),(1484,'شركة بن دوسر اوتو ',NULL,NULL,NULL,1,'51024246',NULL,NULL,NULL,NULL,'2024-01-24 12:07:33','2024-01-24 12:08:35',NULL,NULL,NULL,NULL,NULL,NULL,1,0,'18'),(1485,'هاجر ناصر محسن ',NULL,NULL,NULL,1,'99133091',NULL,NULL,NULL,NULL,'2024-01-24 12:07:33','2024-01-24 12:08:35',NULL,NULL,NULL,NULL,NULL,NULL,1,0,'18'),(1486,'راميه حسين ',NULL,NULL,NULL,1,'55456130',NULL,NULL,NULL,NULL,'2024-01-24 12:07:33','2024-01-24 12:08:35',NULL,NULL,NULL,NULL,NULL,NULL,1,0,'18'),(1487,'انوار مضحي غضيان ',NULL,NULL,NULL,1,'96060422',NULL,NULL,NULL,NULL,'2024-01-24 12:07:33','2024-01-24 12:08:35',NULL,NULL,NULL,NULL,NULL,NULL,1,0,'18'),(1488,'شركة مجموعة تانبا الذهبية ',NULL,NULL,NULL,1,'90017400',NULL,NULL,NULL,NULL,'2024-01-24 12:07:33','2024-01-24 12:08:35',NULL,NULL,NULL,NULL,NULL,NULL,1,0,'18'),(1489,'رفعه سعود حسين ',NULL,NULL,NULL,1,'55111043',NULL,NULL,NULL,NULL,'2024-01-24 12:07:33','2024-01-24 12:08:35',NULL,NULL,NULL,NULL,NULL,NULL,1,0,'18'),(1490,'مبارك منصور ندهان ',NULL,NULL,NULL,1,'50183335',NULL,NULL,NULL,NULL,'2024-01-24 12:07:33','2024-01-24 12:08:35',NULL,NULL,NULL,NULL,NULL,NULL,1,0,'18'),(1491,'نوال حسين علي ',NULL,NULL,NULL,1,'99456567',NULL,NULL,NULL,NULL,'2024-01-24 12:07:33','2024-01-24 12:08:35',NULL,NULL,NULL,NULL,NULL,NULL,1,0,'18'),(1492,'شركة فور جي لتوصيل ',NULL,NULL,NULL,1,'66938447/97589388',NULL,NULL,NULL,NULL,'2024-01-24 12:07:33','2024-01-24 12:08:35',NULL,NULL,NULL,NULL,NULL,NULL,1,0,'18'),(1493,'براك غانم عبداللطيف ',NULL,NULL,NULL,1,'66605558',NULL,NULL,NULL,NULL,'2024-01-24 12:07:33','2024-01-24 12:08:35',NULL,NULL,NULL,NULL,NULL,NULL,1,0,'18'),(1494,'اميره مطلق خالد ',NULL,NULL,NULL,1,'98590988',NULL,NULL,NULL,NULL,'2024-01-24 12:07:33','2024-01-24 12:08:35',NULL,NULL,NULL,NULL,NULL,NULL,1,0,'18'),(1495,'فايزة خالد عبدالله',NULL,NULL,NULL,1,'65518417',NULL,NULL,NULL,NULL,'2024-01-24 12:07:33','2024-01-24 12:08:35',NULL,NULL,NULL,NULL,NULL,NULL,1,0,'18'),(1496,'خالد علي عامر الشطي ',NULL,NULL,NULL,1,'99411117',NULL,NULL,NULL,NULL,'2024-01-24 12:07:33','2024-01-24 12:08:35',NULL,NULL,NULL,NULL,NULL,NULL,1,0,'18'),(1497,'فواز عبدالله عزيران ',NULL,NULL,NULL,1,'99771774',NULL,NULL,NULL,NULL,'2024-01-24 12:07:33','2024-01-24 12:08:35',NULL,NULL,NULL,NULL,NULL,NULL,1,0,'18'),(1498,'نور فهد محمد العجمي ',NULL,NULL,NULL,1,'99654699',NULL,NULL,NULL,NULL,'2024-01-24 12:07:33','2024-01-24 12:08:35',NULL,NULL,NULL,NULL,NULL,NULL,1,0,'18'),(1499,'مشعل وليد يوسف ',NULL,NULL,NULL,1,'51544225',NULL,NULL,NULL,NULL,'2024-01-24 12:07:33','2024-01-24 12:08:35',NULL,NULL,NULL,NULL,NULL,NULL,1,0,'18'),(1500,'احمد فهيد الغضوري ',NULL,NULL,NULL,1,'99294060',NULL,NULL,NULL,NULL,'2024-01-24 12:07:33','2024-01-24 12:08:35',NULL,NULL,NULL,NULL,NULL,NULL,1,0,'18'),(1501,'الشيخه لولوه جابر الاحمد ',NULL,NULL,NULL,1,'66988866',NULL,NULL,NULL,NULL,'2024-01-24 12:07:33','2024-01-24 12:08:35',NULL,NULL,NULL,NULL,NULL,NULL,1,0,'18'),(1502,'ندى حمد سليمان الدوسري ',NULL,NULL,NULL,1,'55305010',NULL,NULL,NULL,NULL,'2024-01-24 12:07:33','2024-01-24 12:08:35',NULL,NULL,NULL,NULL,NULL,NULL,1,0,'18'),(1503,'احمد علاء الدين سيد ',NULL,NULL,NULL,1,'99736010',NULL,NULL,NULL,NULL,'2024-01-24 12:07:33','2024-01-24 12:08:35',NULL,NULL,NULL,NULL,NULL,NULL,1,0,'18'),(1504,'افراح صالح صبر الشمري ',NULL,NULL,NULL,1,'99098990',NULL,NULL,NULL,NULL,'2024-01-24 12:07:33','2024-01-24 12:08:35',NULL,NULL,NULL,NULL,NULL,NULL,1,0,'18'),(1505,'جمانه احمد هاشم ',NULL,NULL,NULL,1,'98895522',NULL,NULL,NULL,NULL,'2024-01-24 12:07:33','2024-01-24 12:08:35',NULL,NULL,NULL,NULL,NULL,NULL,1,0,'18'),(1506,'وليد خالد عبدالرزاق ',NULL,NULL,NULL,1,'97355559',NULL,NULL,NULL,NULL,'2024-01-24 12:07:33','2024-01-24 12:08:35',NULL,NULL,NULL,NULL,NULL,NULL,1,0,'18'),(1507,'اميره شهاب عودة ',NULL,NULL,NULL,1,'66543837',NULL,NULL,NULL,NULL,'2024-01-24 12:07:33','2024-01-24 12:08:35',NULL,NULL,NULL,NULL,NULL,NULL,1,0,'18'),(1508,'نورا صفا حميده ',NULL,NULL,NULL,1,'60003566',NULL,NULL,NULL,NULL,'2024-01-24 12:07:33','2024-01-24 12:08:35',NULL,NULL,NULL,NULL,NULL,NULL,1,0,'18'),(1509,'حسين طاهر عبدالرسول ',NULL,NULL,NULL,1,'66794377',NULL,NULL,NULL,NULL,'2024-01-24 12:07:33','2024-01-24 12:08:35',NULL,NULL,NULL,NULL,NULL,NULL,1,0,'18'),(1510,'يوسف عبدالحميد قاسم ',NULL,NULL,NULL,1,'55422886',NULL,NULL,NULL,NULL,'2024-01-24 12:07:33','2024-01-24 12:08:35',NULL,NULL,NULL,NULL,NULL,NULL,1,0,'18'),(1511,'منيرة بدر مخيزيم',NULL,NULL,NULL,1,'94998998',NULL,NULL,NULL,NULL,'2024-01-24 12:07:33','2024-01-24 12:08:35',NULL,NULL,NULL,NULL,NULL,NULL,1,0,'18'),(1512,'مادونا عاطف نجيب ',NULL,NULL,NULL,1,'66810098',NULL,NULL,NULL,NULL,'2024-01-24 12:07:33','2024-01-24 12:08:35',NULL,NULL,NULL,NULL,NULL,NULL,1,0,'18'),(1513,'عادل مهدى محمد صالح ',NULL,NULL,NULL,1,'50945541',NULL,NULL,NULL,NULL,'2024-01-24 12:07:33','2024-01-24 12:08:35',NULL,NULL,NULL,NULL,NULL,NULL,1,0,'18'),(1514,'انفال صباح جراح مهنا ',NULL,NULL,NULL,1,'98722995',NULL,NULL,NULL,NULL,'2024-01-24 12:07:33','2024-01-24 12:08:35',NULL,NULL,NULL,NULL,NULL,NULL,1,0,'18'),(1515,'اسماء عبد اللة خالد ',NULL,NULL,NULL,1,'50109912',NULL,NULL,NULL,NULL,'2024-01-24 12:07:33','2024-01-24 12:08:35',NULL,NULL,NULL,NULL,NULL,NULL,1,0,'18'),(1516,'عبد اللة محمد مبارك',NULL,NULL,NULL,1,'99555080',NULL,NULL,NULL,NULL,'2024-01-24 12:07:33','2024-01-24 12:08:35',NULL,NULL,NULL,NULL,NULL,NULL,1,0,'18'),(1517,'عيسي عمر  علي قطامش',NULL,NULL,NULL,1,'94088044',NULL,NULL,NULL,NULL,'2024-01-24 12:07:33','2024-01-24 12:08:35',NULL,NULL,NULL,NULL,NULL,NULL,1,0,'18'),(1518,'مني كاظم محمد حمود',NULL,NULL,NULL,1,'99788443',NULL,NULL,NULL,NULL,'2024-01-24 12:07:33','2024-01-24 12:08:35',NULL,NULL,NULL,NULL,NULL,NULL,1,0,'18'),(1519,'على عبد الرسول محمود',NULL,NULL,NULL,1,'97404089',NULL,NULL,NULL,NULL,'2024-01-24 12:07:33','2024-01-24 12:08:35',NULL,NULL,NULL,NULL,NULL,NULL,1,0,'18'),(1520,'ناصر هشام السيد عبد الرحمن ',NULL,NULL,NULL,1,'97600444',NULL,NULL,NULL,NULL,'2024-01-24 12:07:33','2024-01-24 12:08:35',NULL,NULL,NULL,NULL,NULL,NULL,1,0,'18'),(1521,'على مرضى العجمى ',NULL,NULL,NULL,1,'99964424',NULL,NULL,NULL,NULL,'2024-01-24 12:07:33','2024-01-24 12:08:35',NULL,NULL,NULL,NULL,NULL,NULL,1,0,'18'),(1522,'فاطمه علي محمود شعبان ',NULL,NULL,NULL,1,'99909183',NULL,NULL,NULL,NULL,'2024-01-24 12:07:33','2024-01-24 12:08:35',NULL,NULL,NULL,NULL,NULL,NULL,1,0,'18'),(1523,'احمد زهير لطفي نجم ',NULL,NULL,NULL,1,'60005473',NULL,NULL,NULL,NULL,'2024-01-24 12:07:33','2024-01-24 12:08:35',NULL,NULL,NULL,NULL,NULL,NULL,1,0,'18'),(1524,'محمد احمد فاروق ',NULL,NULL,NULL,1,'99416595',NULL,NULL,NULL,NULL,'2024-01-24 12:07:33','2024-01-24 12:08:35',NULL,NULL,NULL,NULL,NULL,NULL,1,0,'18'),(1525,'حميد حسين علي ',NULL,NULL,NULL,1,'99110788',NULL,NULL,NULL,NULL,'2024-01-24 12:07:33','2024-01-24 12:08:35',NULL,NULL,NULL,NULL,NULL,NULL,1,0,'18'),(1526,'محمد يوسف محمد الكندري',NULL,NULL,NULL,1,'66277725',NULL,NULL,NULL,NULL,'2024-01-24 12:07:33','2024-01-24 12:08:35',NULL,NULL,NULL,NULL,NULL,NULL,1,0,'18'),(1527,'عبدالحميد احمد سهراب ',NULL,NULL,NULL,1,'95575645',NULL,NULL,NULL,NULL,'2024-01-24 12:07:33','2024-01-24 12:08:35',NULL,NULL,NULL,NULL,NULL,NULL,1,0,'18'),(1528,'فاطمه وائل محمود ',NULL,NULL,NULL,1,'60066373',NULL,NULL,NULL,NULL,'2024-01-24 12:07:33','2024-01-24 12:08:35',NULL,NULL,NULL,NULL,NULL,NULL,1,0,'18'),(1529,'زياد يحي كزاك ',NULL,NULL,NULL,1,'97685100',NULL,NULL,NULL,NULL,'2024-01-24 12:07:33','2024-01-24 12:08:35',NULL,NULL,NULL,NULL,NULL,NULL,1,0,'18'),(1530,'زهراء احسان جاسم ',NULL,NULL,NULL,1,'95525313',NULL,NULL,NULL,NULL,'2024-01-24 12:07:33','2024-01-24 12:08:35',NULL,NULL,NULL,NULL,NULL,NULL,1,0,'18'),(1531,'زيد غازي سالم ',NULL,NULL,NULL,1,'66767797',NULL,NULL,NULL,NULL,'2024-01-24 12:07:33','2024-01-24 12:08:35',NULL,NULL,NULL,NULL,NULL,NULL,1,0,'18'),(1532,'ندى عباس محمد ',NULL,NULL,NULL,1,'97112627',NULL,NULL,NULL,NULL,'2024-01-24 12:07:33','2024-01-24 12:08:35',NULL,NULL,NULL,NULL,NULL,NULL,1,0,'18'),(1533,'ملاك سعد عواد العنزى',NULL,NULL,NULL,1,'55667789',NULL,NULL,NULL,NULL,'2024-01-24 12:07:33','2024-01-24 12:08:35',NULL,NULL,NULL,NULL,NULL,NULL,1,0,'18'),(1534,'طارق مصطفى محمد ',NULL,NULL,NULL,1,'99509925',NULL,NULL,NULL,NULL,'2024-01-24 12:07:33','2024-01-24 12:08:35',NULL,NULL,NULL,NULL,NULL,NULL,1,0,'18'),(1535,'خالد احمد مناور ساري ',NULL,NULL,NULL,1,'55527721',NULL,NULL,NULL,NULL,'2024-01-24 12:07:33','2024-01-24 12:08:35',NULL,NULL,NULL,NULL,NULL,NULL,1,0,'18'),(1536,'عذاري عبدالعزيز سعود ',NULL,NULL,NULL,1,'55000575',NULL,NULL,NULL,NULL,'2024-01-24 12:07:33','2024-01-24 12:08:35',NULL,NULL,NULL,NULL,NULL,NULL,1,0,'18'),(1537,'شركة كيمفيك ',NULL,NULL,NULL,1,'99828866',NULL,NULL,NULL,NULL,'2024-01-24 12:07:33','2024-01-24 12:08:35',NULL,NULL,NULL,NULL,NULL,NULL,1,0,'18'),(1538,'عيسى علي عيد العصفور ',NULL,NULL,NULL,1,'55921122',NULL,NULL,NULL,NULL,'2024-01-24 12:07:33','2024-01-24 12:08:35',NULL,NULL,NULL,NULL,NULL,NULL,1,0,'18'),(1539,'عبد اللة على عبد اللة ',NULL,NULL,NULL,1,'55188771',NULL,NULL,NULL,NULL,'2024-01-24 12:07:33','2024-01-24 12:08:35',NULL,NULL,NULL,NULL,NULL,NULL,1,0,'18'),(1540,'هاجر خليل غلوم احمد ',NULL,NULL,NULL,1,'60610708',NULL,NULL,NULL,NULL,'2024-01-24 12:07:33','2024-01-24 12:08:35',NULL,NULL,NULL,NULL,NULL,NULL,1,0,'18'),(1541,'سالي بسام محمد ',NULL,NULL,NULL,1,'50323337',NULL,NULL,NULL,NULL,'2024-01-24 12:07:33','2024-01-24 12:08:35',NULL,NULL,NULL,NULL,NULL,NULL,1,0,'18'),(1542,'نهى عبدالحميد لطفي ',NULL,NULL,NULL,1,'97743532',NULL,NULL,NULL,NULL,'2024-01-24 12:07:33','2024-01-24 12:08:35',NULL,NULL,NULL,NULL,NULL,NULL,1,0,'18'),(1543,'ابرار حسين ابراهيم ',NULL,NULL,NULL,1,'97975521',NULL,NULL,NULL,NULL,'2024-01-24 12:07:33','2024-01-24 12:08:35',NULL,NULL,NULL,NULL,NULL,NULL,1,0,'18'),(1544,'حنان سرور مطر الرشيدي',NULL,NULL,NULL,1,'95560001',NULL,NULL,NULL,NULL,'2024-01-24 12:07:33','2024-01-24 12:08:35',NULL,NULL,NULL,NULL,NULL,NULL,1,0,'18'),(1545,'عمر حمد عبد القادر',NULL,NULL,NULL,1,'51512348',NULL,NULL,NULL,NULL,'2024-01-24 12:07:33','2024-01-24 12:08:35',NULL,NULL,NULL,NULL,NULL,NULL,1,0,'18'),(1546,'سعود راشد عبد اللة الرندى',NULL,NULL,NULL,1,'98032156',NULL,NULL,NULL,NULL,'2024-01-24 12:07:33','2024-01-24 12:08:35',NULL,NULL,NULL,NULL,NULL,NULL,1,0,'18'),(1547,'سارة وليد صفر على ',NULL,NULL,NULL,1,'91110592',NULL,NULL,NULL,NULL,'2024-01-24 12:07:33','2024-01-24 12:08:35',NULL,NULL,NULL,NULL,NULL,NULL,1,0,'18'),(1548,'مريم عبد اللة راشد الوهيب',NULL,NULL,NULL,1,'51505990',NULL,NULL,NULL,NULL,'2024-01-24 12:07:33','2024-01-24 12:08:35',NULL,NULL,NULL,NULL,NULL,NULL,1,0,'18'),(1549,'احمد فيصل احمد محمد',NULL,NULL,NULL,1,'99308692',NULL,NULL,NULL,NULL,'2024-01-24 12:07:33','2024-01-24 12:08:35',NULL,NULL,NULL,NULL,NULL,NULL,1,0,'18'),(1550,'دلال عبد اللة احمد عبد الرحيم ',NULL,NULL,NULL,1,'55998022',NULL,NULL,NULL,NULL,'2024-01-24 12:07:33','2024-01-24 12:08:35',NULL,NULL,NULL,NULL,NULL,NULL,1,0,'18'),(1551,'افنان على حسين الكندرى',NULL,NULL,NULL,1,'50566766',NULL,NULL,NULL,NULL,'2024-01-24 12:07:33','2024-01-24 12:08:35',NULL,NULL,NULL,NULL,NULL,NULL,1,0,'18'),(1552,'بدر جاسم جعفر البيرمى',NULL,NULL,NULL,1,'66772221',NULL,NULL,NULL,NULL,'2024-01-24 12:07:33','2024-01-24 12:08:35',NULL,NULL,NULL,NULL,NULL,NULL,1,0,'18'),(1553,'محمد حسين اغا عباس',NULL,NULL,NULL,1,'66768866',NULL,NULL,NULL,NULL,'2024-01-24 12:07:33','2024-01-24 12:08:35',NULL,NULL,NULL,NULL,NULL,NULL,1,0,'18'),(1554,'احمد محمد طارق محمد',NULL,NULL,NULL,1,'66435501',NULL,NULL,NULL,NULL,'2024-01-24 12:07:33','2024-01-24 12:08:35',NULL,NULL,NULL,NULL,NULL,NULL,1,0,'18'),(1555,'شهرام سعيد سواعدى',NULL,NULL,NULL,1,'94467344',NULL,NULL,NULL,NULL,'2024-01-24 12:07:33','2024-01-24 12:08:35',NULL,NULL,NULL,NULL,NULL,NULL,1,0,'18'),(1556,'نور فاضل عبد الرزاق',NULL,NULL,NULL,1,'99404413',NULL,NULL,NULL,NULL,'2024-01-24 12:07:33','2024-01-24 12:08:35',NULL,NULL,NULL,NULL,NULL,NULL,1,0,'18'),(1557,'شهد بدر ناصر ',NULL,NULL,NULL,1,'60009175',NULL,NULL,NULL,NULL,'2024-01-24 12:07:33','2024-01-24 12:08:35',NULL,NULL,NULL,NULL,NULL,NULL,1,0,'18'),(1558,'احمد اسماعيل عباس ',NULL,NULL,NULL,1,'97774422',NULL,NULL,NULL,NULL,'2024-01-24 12:07:33','2024-01-24 12:08:35',NULL,NULL,NULL,NULL,NULL,NULL,1,0,'18'),(1559,'شركة كيمفيك ',NULL,NULL,NULL,1,'96003332',NULL,NULL,NULL,NULL,'2024-01-24 12:07:33','2024-01-24 12:08:35',NULL,NULL,NULL,NULL,NULL,NULL,1,0,'18'),(1560,'زهرة رضا محمد',NULL,NULL,NULL,1,'66020100',NULL,NULL,NULL,NULL,'2024-01-24 12:07:33','2024-01-24 12:08:35',NULL,NULL,NULL,NULL,NULL,NULL,1,0,'18'),(1561,'خالد احمد حمود الغونيم ',NULL,NULL,NULL,1,'97117234',NULL,NULL,NULL,NULL,'2024-01-24 12:07:33','2024-01-24 12:08:35',NULL,NULL,NULL,NULL,NULL,NULL,1,0,'18'),(1562,'يعقوب على ملا كراشى ',NULL,NULL,NULL,1,'66647772',NULL,NULL,NULL,NULL,'2024-01-24 12:07:33','2024-01-24 12:08:35',NULL,NULL,NULL,NULL,NULL,NULL,1,0,'18'),(1563,'عبد العزيز اسماعيل احمد',NULL,NULL,NULL,1,'99996027',NULL,NULL,NULL,NULL,'2024-01-24 12:07:33','2024-01-24 12:08:35',NULL,NULL,NULL,NULL,NULL,NULL,1,0,'18'),(1564,'فاضل عبد الحسين',NULL,NULL,NULL,1,'66237272',NULL,NULL,NULL,NULL,'2024-01-24 12:07:34','2024-01-24 12:08:35',NULL,NULL,NULL,NULL,NULL,NULL,1,0,'18'),(1565,'شوقى ادمون بركات ',NULL,NULL,NULL,1,'50287411',NULL,NULL,NULL,NULL,'2024-01-24 12:07:34','2024-01-24 12:08:35',NULL,NULL,NULL,NULL,NULL,NULL,1,0,'18'),(1566,'بشاير ابراهيم محمد',NULL,NULL,NULL,1,'51225850',NULL,NULL,NULL,NULL,'2024-01-24 12:07:34','2024-01-24 12:08:35',NULL,NULL,NULL,NULL,NULL,NULL,1,0,'18'),(1567,'فيصل طارق ناصر',NULL,NULL,NULL,1,'99864041',NULL,NULL,NULL,NULL,'2024-01-24 12:07:34','2024-01-24 12:08:35',NULL,NULL,NULL,NULL,NULL,NULL,1,0,'18'),(1568,'داود سليمان محمد',NULL,NULL,NULL,1,'66080263',NULL,NULL,NULL,NULL,'2024-01-24 12:07:34','2024-01-24 12:08:35',NULL,NULL,NULL,NULL,NULL,NULL,1,0,'18'),(1569,'ديالا اسعد ابودرعى',NULL,NULL,NULL,1,'97666397',NULL,NULL,NULL,NULL,'2024-01-24 12:07:34','2024-01-24 12:08:35',NULL,NULL,NULL,NULL,NULL,NULL,1,0,'18'),(1570,'بشار احمد حسن الشراح',NULL,NULL,NULL,1,'50000144',NULL,NULL,NULL,NULL,'2024-01-24 12:07:34','2024-01-24 12:08:35',NULL,NULL,NULL,NULL,NULL,NULL,1,0,'18'),(1571,'غسان مصطفى ابو حويلى ',NULL,NULL,NULL,1,'99645166',NULL,NULL,NULL,NULL,'2024-01-24 12:07:34','2024-01-24 12:08:35',NULL,NULL,NULL,NULL,NULL,NULL,1,0,'18'),(1572,'وليد عبد العزيز محمد السالم ',NULL,NULL,NULL,1,'94468830',NULL,NULL,NULL,NULL,'2024-01-24 12:07:34','2024-01-24 12:08:35',NULL,NULL,NULL,NULL,NULL,NULL,1,0,'18'),(1573,'على عيسى ابراهيم',NULL,NULL,NULL,1,'66399333',NULL,NULL,NULL,NULL,'2024-01-24 12:07:34','2024-01-24 12:08:35',NULL,NULL,NULL,NULL,NULL,NULL,1,0,'18'),(1574,'فهد على سعود المنيع ',NULL,NULL,NULL,1,'60945090',NULL,NULL,NULL,NULL,'2024-01-24 12:07:34','2024-01-24 12:08:35',NULL,NULL,NULL,NULL,NULL,NULL,1,0,'18'),(1575,'دلال فيصل محمد الفضاله',NULL,NULL,NULL,1,'55517450',NULL,NULL,NULL,NULL,'2024-01-24 12:07:34','2024-01-24 12:08:35',NULL,NULL,NULL,NULL,NULL,NULL,1,0,'18'),(1576,'زينب عبد اللة جواد ',NULL,NULL,NULL,1,'66389262',NULL,NULL,NULL,NULL,'2024-01-24 12:07:34','2024-01-24 12:08:35',NULL,NULL,NULL,NULL,NULL,NULL,1,0,'18'),(1577,'محمد مصطفى محمود الدسوقى',NULL,NULL,NULL,1,'69303840',NULL,NULL,NULL,NULL,'2024-01-24 12:07:34','2024-01-24 12:08:35',NULL,NULL,NULL,NULL,NULL,NULL,1,0,'18'),(1578,'احمد نايف مخلد',NULL,NULL,NULL,1,'51441010',NULL,NULL,NULL,NULL,'2024-01-24 12:07:34','2024-01-24 12:08:35',NULL,NULL,NULL,NULL,NULL,NULL,1,0,'18'),(1579,'عبير عنترمنيف',NULL,NULL,NULL,1,'69680007',NULL,NULL,NULL,NULL,'2024-01-24 12:07:34','2024-01-24 12:08:35',NULL,NULL,NULL,NULL,NULL,NULL,1,0,'18'),(1580,'صلاح خليل ابراهيم',NULL,NULL,NULL,1,'97778267',NULL,NULL,NULL,NULL,'2024-01-24 12:07:34','2024-01-24 12:08:35',NULL,NULL,NULL,NULL,NULL,NULL,1,0,'18'),(1581,'يونس حاجى على ',NULL,NULL,NULL,1,'96642646',NULL,NULL,NULL,NULL,'2024-01-24 12:07:34','2024-01-24 12:08:35',NULL,NULL,NULL,NULL,NULL,NULL,1,0,'18'),(1582,'ورود لزام ثامر',NULL,NULL,NULL,1,'55553026',NULL,NULL,NULL,NULL,'2024-01-24 12:07:34','2024-01-24 12:08:35',NULL,NULL,NULL,NULL,NULL,NULL,1,0,'18'),(1583,'عبد العزيز خالد يوسف',NULL,NULL,NULL,1,'66441211',NULL,NULL,NULL,NULL,'2024-01-24 12:07:34','2024-01-24 12:08:35',NULL,NULL,NULL,NULL,NULL,NULL,1,0,'18'),(1584,'مشعل محمد احمد الخميس',NULL,NULL,NULL,1,'55222878',NULL,NULL,NULL,NULL,'2024-01-24 12:07:34','2024-01-24 12:08:35',NULL,NULL,NULL,NULL,NULL,NULL,1,0,'18'),(1585,'شركة باور جريد',NULL,NULL,NULL,1,'98590630',NULL,NULL,NULL,NULL,'2024-01-24 12:07:34','2024-01-24 12:08:35',NULL,NULL,NULL,NULL,NULL,NULL,1,0,'18'),(1586,'شركة باور جريد',NULL,NULL,NULL,1,'98590630',NULL,NULL,NULL,NULL,'2024-01-24 12:07:34','2024-01-24 12:08:35',NULL,NULL,NULL,NULL,NULL,NULL,1,0,'18'),(1587,'نهى ممدوح رجب',NULL,NULL,NULL,1,'97860068',NULL,NULL,NULL,NULL,'2024-01-24 12:07:34','2024-01-24 12:08:35',NULL,NULL,NULL,NULL,NULL,NULL,1,0,'18'),(1588,'عبد الوهاب عبد العزيز',NULL,NULL,NULL,1,'94944032',NULL,NULL,NULL,NULL,'2024-01-24 12:07:34','2024-01-24 12:08:35',NULL,NULL,NULL,NULL,NULL,NULL,1,0,'18'),(1589,'مريم يعقوب يوسف',NULL,NULL,NULL,1,'69993069',NULL,NULL,NULL,NULL,'2024-01-24 12:07:34','2024-01-24 12:08:35',NULL,NULL,NULL,NULL,NULL,NULL,1,0,'18'),(1590,'رشا عبد السميع',NULL,NULL,NULL,1,'99756866',NULL,NULL,NULL,NULL,'2024-01-24 12:07:34','2024-01-24 12:08:35',NULL,NULL,NULL,NULL,NULL,NULL,1,0,'18'),(1591,'دلال خشمان عبد اللة',NULL,NULL,NULL,1,'90911179',NULL,NULL,NULL,NULL,'2024-01-24 12:07:34','2024-01-24 12:08:35',NULL,NULL,NULL,NULL,NULL,NULL,1,0,'18'),(1592,'مروج انور حسن',NULL,NULL,NULL,1,'51411099',NULL,NULL,NULL,NULL,'2024-01-24 12:07:34','2024-01-24 12:08:35',NULL,NULL,NULL,NULL,NULL,NULL,1,0,'18'),(1593,'كامل عبد اللة محمد',NULL,NULL,NULL,1,'55277678',NULL,NULL,NULL,NULL,'2024-01-24 12:07:34','2024-01-24 12:08:35',NULL,NULL,NULL,NULL,NULL,NULL,1,0,'18'),(1594,'عبد العزيز عوض ',NULL,NULL,NULL,1,'50550900',NULL,NULL,NULL,NULL,'2024-01-24 12:07:34','2024-01-24 12:08:35',NULL,NULL,NULL,NULL,NULL,NULL,1,0,'18'),(1595,'صالح عبد اللة محمد',NULL,NULL,NULL,1,'50882282',NULL,NULL,NULL,NULL,'2024-01-24 12:07:34','2024-01-24 12:08:35',NULL,NULL,NULL,NULL,NULL,NULL,1,0,'18'),(1596,'اريج سمير محمد',NULL,NULL,NULL,1,'66026770',NULL,NULL,NULL,NULL,'2024-01-24 12:07:34','2024-01-24 12:08:35',NULL,NULL,NULL,NULL,NULL,NULL,1,0,'18'),(1597,'عائشه فهد عبد الرزاق',NULL,NULL,NULL,1,'67796633',NULL,NULL,NULL,NULL,'2024-01-24 12:07:34','2024-01-24 12:08:35',NULL,NULL,NULL,NULL,NULL,NULL,1,0,'18'),(1598,'شيخه ناصر يوسف',NULL,NULL,NULL,1,'65151846',NULL,NULL,NULL,NULL,'2024-01-24 12:07:34','2024-01-24 12:08:35',NULL,NULL,NULL,NULL,NULL,NULL,1,0,'18'),(1599,'محمد على ابوزيد درويش',NULL,NULL,NULL,1,'60028377',NULL,NULL,NULL,NULL,'2024-01-24 12:07:34','2024-01-24 12:08:35',NULL,NULL,NULL,NULL,NULL,NULL,1,0,'18'),(1600,'امل محمد جعفر',NULL,NULL,NULL,1,'66696152',NULL,NULL,NULL,NULL,'2024-01-24 12:07:34','2024-01-24 12:08:35',NULL,NULL,NULL,NULL,NULL,NULL,1,0,'18'),(1601,'فاطمه عبد الامير هلال',NULL,NULL,NULL,1,'65190003',NULL,NULL,NULL,NULL,'2024-01-24 12:07:34','2024-01-24 12:08:35',NULL,NULL,NULL,NULL,NULL,NULL,1,0,'18'),(1602,'فرح داود على',NULL,NULL,NULL,1,'50047112',NULL,NULL,NULL,NULL,'2024-01-24 12:07:34','2024-01-24 12:08:35',NULL,NULL,NULL,NULL,NULL,NULL,1,0,'18'),(1603,'ماجدة سيد محمود',NULL,NULL,NULL,1,'94033820',NULL,NULL,NULL,NULL,'2024-01-24 12:07:34','2024-01-24 12:08:35',NULL,NULL,NULL,NULL,NULL,NULL,1,0,'18'),(1604,'فاطمه احمد صالح',NULL,NULL,NULL,1,'66441235',NULL,NULL,NULL,NULL,'2024-01-24 12:07:34','2024-01-24 12:08:35',NULL,NULL,NULL,NULL,NULL,NULL,1,0,'18'),(1605,'دلال فاضل عباس',NULL,NULL,NULL,1,'99059960',NULL,NULL,NULL,NULL,'2024-01-24 12:07:34','2024-01-24 12:08:35',NULL,NULL,NULL,NULL,NULL,NULL,1,0,'18'),(1606,'شركة اقطار اسيا',NULL,NULL,NULL,1,'97752276',NULL,NULL,NULL,NULL,'2024-01-24 12:07:34','2024-01-24 12:08:35',NULL,NULL,NULL,NULL,NULL,NULL,1,0,'18'),(1607,'محمد عماد على ى',NULL,NULL,NULL,1,'97978796',NULL,NULL,NULL,NULL,'2024-01-24 12:07:34','2024-01-24 12:08:35',NULL,NULL,NULL,NULL,NULL,NULL,1,0,'18'),(1608,'احمد محمد زايد',NULL,NULL,NULL,1,'99838385',NULL,NULL,NULL,NULL,'2024-01-24 12:07:34','2024-01-24 12:08:35',NULL,NULL,NULL,NULL,NULL,NULL,1,0,'18'),(1609,'محمد عبد اللطيف حسن',NULL,NULL,NULL,1,'67779877',NULL,NULL,NULL,NULL,'2024-01-24 12:07:34','2024-01-24 12:08:35',NULL,NULL,NULL,NULL,NULL,NULL,1,0,'18'),(1610,'طلال كمال تقى',NULL,NULL,NULL,1,'66604282',NULL,NULL,NULL,NULL,'2024-01-24 12:07:34','2024-01-24 12:08:35',NULL,NULL,NULL,NULL,NULL,NULL,1,0,'18'),(1611,'حنان سليمان على ',NULL,NULL,NULL,1,'66663856',NULL,NULL,NULL,NULL,'2024-01-24 12:07:34','2024-01-24 12:08:35',NULL,NULL,NULL,NULL,NULL,NULL,1,0,'18'),(1612,'دنهاش على الحسين ',NULL,NULL,NULL,1,'99709906',NULL,NULL,NULL,NULL,'2024-01-24 12:07:34','2024-01-24 12:08:35',NULL,NULL,NULL,NULL,NULL,NULL,1,0,'18'),(1613,'عبد الرحمن عيد عبد اللة',NULL,NULL,NULL,1,'65566642',NULL,NULL,NULL,NULL,'2024-01-24 12:07:34','2024-01-24 12:08:35',NULL,NULL,NULL,NULL,NULL,NULL,1,0,'18'),(1614,'زكيه حجى حسن الصراف',NULL,NULL,NULL,1,'66508880',NULL,NULL,NULL,NULL,'2024-01-24 12:07:34','2024-01-24 12:08:35',NULL,NULL,NULL,NULL,NULL,NULL,1,0,'18'),(1615,'اسماء عبد اللة على',NULL,NULL,NULL,1,'60408089',NULL,NULL,NULL,NULL,'2024-01-24 12:07:34','2024-01-24 12:08:35',NULL,NULL,NULL,NULL,NULL,NULL,1,0,'18'),(1616,'منى عواد الظفيرى',NULL,NULL,NULL,1,'65965966',NULL,NULL,NULL,NULL,'2024-01-24 12:07:34','2024-01-24 12:08:35',NULL,NULL,NULL,NULL,NULL,NULL,1,0,'18'),(1617,'نهاد عبد الحميد',NULL,NULL,NULL,1,'55334450',NULL,NULL,NULL,NULL,'2024-01-24 12:07:34','2024-01-24 12:08:35',NULL,NULL,NULL,NULL,NULL,NULL,1,0,'18'),(1618,'هيثم مدحت عبد الرحمن',NULL,NULL,NULL,1,'97203877',NULL,NULL,NULL,NULL,'2024-01-24 12:07:34','2024-01-24 12:08:35',NULL,NULL,NULL,NULL,NULL,NULL,1,0,'18'),(1619,'ديما جمعان براك ',NULL,NULL,NULL,1,'99934977',NULL,NULL,NULL,NULL,'2024-01-24 12:07:34','2024-01-24 12:08:35',NULL,NULL,NULL,NULL,NULL,NULL,1,0,'18'),(1620,'وليد خلف مطلق',NULL,NULL,NULL,1,'66093634',NULL,NULL,NULL,NULL,'2024-01-24 12:07:34','2024-01-24 12:08:35',NULL,NULL,NULL,NULL,NULL,NULL,1,0,'18'),(1621,'منى عبد اللة محمد',NULL,NULL,NULL,1,'55330833',NULL,NULL,NULL,NULL,'2024-01-24 12:07:34','2024-01-24 12:08:35',NULL,NULL,NULL,NULL,NULL,NULL,1,0,'18'),(1622,'ناديه يعقوب رشيد',NULL,NULL,NULL,1,'99039419',NULL,NULL,NULL,NULL,'2024-01-24 12:07:34','2024-01-24 12:08:35',NULL,NULL,NULL,NULL,NULL,NULL,1,0,'18'),(1623,'زينب بشير عثمان',NULL,NULL,NULL,1,'50938332',NULL,NULL,NULL,NULL,'2024-01-24 12:07:34','2024-01-24 12:08:35',NULL,NULL,NULL,NULL,NULL,NULL,1,0,'18'),(1624,'فرح عبد اللة محمد',NULL,NULL,NULL,1,'99220062',NULL,NULL,NULL,NULL,'2024-01-24 12:07:34','2024-01-24 12:08:35',NULL,NULL,NULL,NULL,NULL,NULL,1,0,'18'),(1625,'منال مضحى الشمرى',NULL,NULL,NULL,1,'55457157',NULL,NULL,NULL,NULL,'2024-01-24 12:07:34','2024-01-24 12:08:35',NULL,NULL,NULL,NULL,NULL,NULL,1,0,'18'),(1626,'فاطمه وائل محمود',NULL,NULL,NULL,1,'66636636',NULL,NULL,NULL,NULL,'2024-01-24 12:07:34','2024-01-24 12:08:35',NULL,NULL,NULL,NULL,NULL,NULL,1,0,'18'),(1627,'بشاير فهد سيتى',NULL,NULL,NULL,1,'67067122',NULL,NULL,NULL,NULL,'2024-01-24 12:07:34','2024-01-24 12:08:35',NULL,NULL,NULL,NULL,NULL,NULL,1,0,'18'),(1628,'فهد طلال بدر',NULL,NULL,NULL,1,'55125267',NULL,NULL,NULL,NULL,'2024-01-24 12:07:34','2024-01-24 12:08:35',NULL,NULL,NULL,NULL,NULL,NULL,1,0,'18'),(1629,'جاسم محمد عبد اللة',NULL,NULL,NULL,1,'99888379',NULL,NULL,NULL,NULL,'2024-01-24 12:07:34','2024-01-24 12:08:35',NULL,NULL,NULL,NULL,NULL,NULL,1,0,'18'),(1630,'فاطمه زبير احمد الشريف',NULL,NULL,NULL,1,'96904477',NULL,NULL,NULL,NULL,'2024-01-24 12:07:34','2024-01-24 12:08:35',NULL,NULL,NULL,NULL,NULL,NULL,1,0,'18'),(1631,'ترينيد اد كالوب',NULL,NULL,NULL,1,'66070431',NULL,NULL,NULL,NULL,'2024-01-24 12:07:34','2024-01-24 12:08:35',NULL,NULL,NULL,NULL,NULL,NULL,1,0,'18'),(1632,'فاطمه رشيد عبد الحميد',NULL,NULL,NULL,1,'55556647',NULL,NULL,NULL,NULL,'2024-01-24 12:07:34','2024-01-24 12:08:35',NULL,NULL,NULL,NULL,NULL,NULL,1,0,'18'),(1633,'فاطمه سمير سالم',NULL,NULL,NULL,1,'66610589',NULL,NULL,NULL,NULL,'2024-01-24 12:07:34','2024-01-24 12:08:35',NULL,NULL,NULL,NULL,NULL,NULL,1,0,'18'),(1634,'سيف سالم سيف',NULL,NULL,NULL,1,'97844006',NULL,NULL,NULL,NULL,'2024-01-24 12:07:34','2024-01-24 12:08:35',NULL,NULL,NULL,NULL,NULL,NULL,1,0,'18'),(1635,'محمد جعفر علم تقى',NULL,NULL,NULL,1,'66655594',NULL,NULL,NULL,NULL,'2024-01-24 12:07:34','2024-01-24 12:08:35',NULL,NULL,NULL,NULL,NULL,NULL,1,0,'18'),(1636,'احمد حسين موسى',NULL,NULL,NULL,1,'99611018',NULL,NULL,NULL,NULL,'2024-01-24 12:07:34','2024-01-24 12:08:35',NULL,NULL,NULL,NULL,NULL,NULL,1,0,'18'),(1637,'ريم محمد ابراهيم',NULL,NULL,NULL,1,'94473391',NULL,NULL,NULL,NULL,'2024-01-24 12:07:34','2024-01-24 12:08:35',NULL,NULL,NULL,NULL,NULL,NULL,1,0,'18'),(1638,'خلود سليمان بلال',NULL,NULL,NULL,1,'67770997',NULL,NULL,NULL,NULL,'2024-01-24 12:07:34','2024-01-24 12:08:35',NULL,NULL,NULL,NULL,NULL,NULL,1,0,'18'),(1639,'عيدة حسين يوسف ',NULL,NULL,NULL,1,'50803606',NULL,NULL,NULL,NULL,'2024-01-24 12:07:34','2024-01-24 12:08:35',NULL,NULL,NULL,NULL,NULL,NULL,1,0,'18'),(1640,'احمد عباس ابراهيم',NULL,NULL,NULL,1,'99938999',NULL,NULL,NULL,NULL,'2024-01-24 12:07:34','2024-01-24 12:08:35',NULL,NULL,NULL,NULL,NULL,NULL,1,0,'18'),(1641,'على يوسف يعقوب',NULL,NULL,NULL,1,'5023330',NULL,NULL,NULL,NULL,'2024-01-24 12:07:34','2024-01-24 12:08:35',NULL,NULL,NULL,NULL,NULL,NULL,1,0,'18'),(1642,'ندى عيسى زكى شقرة',NULL,NULL,NULL,1,'51421421',NULL,NULL,NULL,NULL,'2024-01-24 12:07:34','2024-01-24 12:08:35',NULL,NULL,NULL,NULL,NULL,NULL,1,0,'18'),(1643,'هانى حسنى احمد',NULL,NULL,NULL,1,'60303124',NULL,NULL,NULL,NULL,'2024-01-24 12:07:34','2024-01-24 12:08:35',NULL,NULL,NULL,NULL,NULL,NULL,1,0,'18'),(1644,'بشار بركات محمد',NULL,NULL,NULL,1,'97670857',NULL,NULL,NULL,NULL,'2024-01-24 12:07:34','2024-01-24 12:08:35',NULL,NULL,NULL,NULL,NULL,NULL,1,0,'18'),(1645,'بشاير محمد كمعان ',NULL,NULL,NULL,1,'99783283',NULL,NULL,NULL,NULL,'2024-01-24 12:07:34','2024-01-24 12:08:35',NULL,NULL,NULL,NULL,NULL,NULL,1,0,'18'),(1646,'جنى عبد الغفار',NULL,NULL,NULL,1,'96968111',NULL,NULL,NULL,NULL,'2024-01-24 12:07:34','2024-01-24 12:08:35',NULL,NULL,NULL,NULL,NULL,NULL,1,0,'18'),(1647,'رائد صالح يوسف الصفى ',NULL,NULL,NULL,1,'99038663',NULL,NULL,NULL,NULL,'2024-01-24 12:07:34','2024-01-24 12:08:35',NULL,NULL,NULL,NULL,NULL,NULL,1,0,'18'),(1648,'جمال يوسف محمد',NULL,NULL,NULL,1,'99173847',NULL,NULL,NULL,NULL,'2024-01-24 12:07:34','2024-01-24 12:08:35',NULL,NULL,NULL,NULL,NULL,NULL,1,0,'18'),(1649,'شهد ابراهيم احمد',NULL,NULL,NULL,1,'94498851',NULL,NULL,NULL,NULL,'2024-01-24 12:07:34','2024-01-24 12:08:35',NULL,NULL,NULL,NULL,NULL,NULL,1,0,'18'),(1650,'دانه سامر المالح',NULL,NULL,NULL,1,'96969393',NULL,NULL,NULL,NULL,'2024-01-24 12:07:34','2024-01-24 12:08:35',NULL,NULL,NULL,NULL,NULL,NULL,1,0,'18'),(1651,'يونس محمد',NULL,NULL,NULL,1,'99976546',NULL,NULL,NULL,NULL,'2024-01-24 12:07:34','2024-01-24 12:08:35',NULL,NULL,NULL,NULL,NULL,NULL,1,0,'18'),(1652,'حلا سعد ناصر',NULL,NULL,NULL,1,'98985959',NULL,NULL,NULL,NULL,'2024-01-24 12:07:34','2024-01-24 12:08:35',NULL,NULL,NULL,NULL,NULL,NULL,1,0,'18'),(1653,'خالد على عامر',NULL,NULL,NULL,1,'99411117',NULL,NULL,NULL,NULL,'2024-01-24 12:07:34','2024-01-24 12:08:35',NULL,NULL,NULL,NULL,NULL,NULL,1,0,'18'),(1654,'عامر وليد حمود',NULL,NULL,NULL,1,'96977736',NULL,NULL,NULL,NULL,'2024-01-24 12:07:34','2024-01-24 12:08:35',NULL,NULL,NULL,NULL,NULL,NULL,1,0,'18'),(1655,'افراح بدر ناصر',NULL,NULL,NULL,1,'99878499',NULL,NULL,NULL,NULL,'2024-01-24 12:07:34','2024-01-24 12:08:35',NULL,NULL,NULL,NULL,NULL,NULL,1,0,'18'),(1656,'خالد على عامر الشطى ',NULL,NULL,NULL,1,'99411117',NULL,NULL,NULL,NULL,'2024-01-24 12:07:34','2024-01-24 12:08:35',NULL,NULL,NULL,NULL,NULL,NULL,1,0,'18'),(1657,'عبد اللة عيسى على',NULL,NULL,NULL,1,'66543837',NULL,NULL,NULL,NULL,'2024-01-24 12:07:34','2024-01-24 12:08:35',NULL,NULL,NULL,NULL,NULL,NULL,1,0,'18'),(1658,'احمد ناصر احمد ',NULL,NULL,NULL,1,'94444250',NULL,NULL,NULL,NULL,'2024-01-24 12:07:34','2024-01-24 12:08:35',NULL,NULL,NULL,NULL,NULL,NULL,1,0,'18'),(1659,'مقيته عوض مسعود',NULL,NULL,NULL,1,'51155661',NULL,NULL,NULL,NULL,'2024-01-24 12:07:34','2024-01-24 12:08:35',NULL,NULL,NULL,NULL,NULL,NULL,1,0,'18'),(1660,'طرف ابو بدر ',NULL,NULL,NULL,1,'99022322',NULL,NULL,NULL,NULL,'2024-01-24 12:07:34','2024-01-24 12:08:35',NULL,NULL,NULL,NULL,NULL,NULL,1,0,'18'),(1661,'فهد احمد محمد الراشد',NULL,NULL,NULL,1,'94040939',NULL,NULL,NULL,NULL,'2024-01-24 12:07:34','2024-01-24 12:08:35',NULL,NULL,NULL,NULL,NULL,NULL,1,0,'18'),(1662,'سارة عبد اللة محماس',NULL,NULL,NULL,1,'99721766',NULL,NULL,NULL,NULL,'2024-01-24 12:07:34','2024-01-24 12:08:35',NULL,NULL,NULL,NULL,NULL,NULL,1,0,'18'),(1663,'امنه هزاع احمد الهزاع',NULL,NULL,NULL,1,'66133393',NULL,NULL,NULL,NULL,'2024-01-24 12:07:34','2024-01-24 12:08:35',NULL,NULL,NULL,NULL,NULL,NULL,1,0,'18'),(1664,'عبد الرسول فهد محمد',NULL,NULL,NULL,1,'99649922',NULL,NULL,NULL,NULL,'2024-01-24 12:07:34','2024-01-24 12:08:35',NULL,NULL,NULL,NULL,NULL,NULL,1,0,'18'),(1665,'حوراء طالب عبد اللة ',NULL,NULL,NULL,1,'66683638',NULL,NULL,NULL,NULL,'2024-01-24 12:07:34','2024-01-24 12:08:35',NULL,NULL,NULL,NULL,NULL,NULL,1,0,'18'),(1666,'على محسن على ',NULL,NULL,NULL,1,'99687275',NULL,NULL,NULL,NULL,'2024-01-24 12:07:34','2024-01-24 12:08:35',NULL,NULL,NULL,NULL,NULL,NULL,1,0,'18'),(1667,'مريم محمد عيسى',NULL,NULL,NULL,1,'65577595',NULL,NULL,NULL,NULL,'2024-01-24 12:07:34','2024-01-24 12:08:35',NULL,NULL,NULL,NULL,NULL,NULL,1,0,'18'),(1668,'محمد جاسم محمد على ',NULL,NULL,NULL,1,'99885521',NULL,NULL,NULL,NULL,'2024-01-24 12:07:34','2024-01-24 12:08:35',NULL,NULL,NULL,NULL,NULL,NULL,1,0,'18'),(1669,'ضحى على عبد العزيز',NULL,NULL,NULL,1,'97868702',NULL,NULL,NULL,NULL,'2024-01-24 12:07:34','2024-01-24 12:08:35',NULL,NULL,NULL,NULL,NULL,NULL,1,0,'18'),(1670,'نورة وليد عبد المحسن ',NULL,NULL,NULL,1,'66609568',NULL,NULL,NULL,NULL,'2024-01-24 12:07:34','2024-01-24 12:08:35',NULL,NULL,NULL,NULL,NULL,NULL,1,0,'18'),(1671,'هيا اسماعيل عبد القدوس',NULL,NULL,NULL,1,'62221039',NULL,NULL,NULL,NULL,'2024-01-24 12:07:34','2024-01-24 12:08:35',NULL,NULL,NULL,NULL,NULL,NULL,1,0,'18'),(1672,'ضارى خالد عبد اللة',NULL,NULL,NULL,1,'99761172',NULL,NULL,NULL,NULL,'2024-01-24 12:07:34','2024-01-24 12:08:35',NULL,NULL,NULL,NULL,NULL,NULL,1,0,'18'),(1673,'ريم حمد محمد العيار',NULL,NULL,NULL,1,'66469005',NULL,NULL,NULL,NULL,'2024-01-24 12:07:34','2024-01-24 12:08:35',NULL,NULL,NULL,NULL,NULL,NULL,1,0,'18'),(1674,'نبيل يوسف محمد',NULL,NULL,NULL,1,'99652541',NULL,NULL,NULL,NULL,'2024-01-24 12:07:34','2024-01-24 12:08:35',NULL,NULL,NULL,NULL,NULL,NULL,1,0,'18'),(1675,'ناصر ابراهيم عبود ',NULL,NULL,NULL,1,'55805517',NULL,NULL,NULL,NULL,'2024-01-24 12:07:34','2024-01-24 12:08:35',NULL,NULL,NULL,NULL,NULL,NULL,1,0,'18'),(1676,'دلال خميس محمد الخميس',NULL,NULL,NULL,1,'90006577',NULL,NULL,NULL,NULL,'2024-01-24 12:07:34','2024-01-24 12:08:35',NULL,NULL,NULL,NULL,NULL,NULL,1,0,'18'),(1677,'شركة كيمفيك لتاجير السيارات',NULL,NULL,NULL,1,'66585277',NULL,NULL,NULL,NULL,'2024-01-24 12:07:34','2024-01-24 12:08:35',NULL,NULL,NULL,NULL,NULL,NULL,1,0,'18'),(1678,'يعقوب على ملا ',NULL,NULL,NULL,1,'66647772',NULL,NULL,NULL,NULL,'2024-01-24 12:07:34','2024-01-24 12:08:35',NULL,NULL,NULL,NULL,NULL,NULL,1,0,'18'),(1679,'عادل عبد اللة عبد الجبار',NULL,NULL,NULL,1,'50806644',NULL,NULL,NULL,NULL,'2024-01-24 12:07:34','2024-01-24 12:08:35',NULL,NULL,NULL,NULL,NULL,NULL,1,0,'18'),(1680,'حسين محمد توينى الثوينى ',NULL,NULL,NULL,1,'69648172',NULL,NULL,NULL,NULL,'2024-01-24 12:07:34','2024-01-24 12:08:35',NULL,NULL,NULL,NULL,NULL,NULL,1,0,'18'),(1681,'هبه هانى',NULL,NULL,NULL,1,'69990765',NULL,NULL,NULL,NULL,'2024-01-24 12:07:34','2024-01-24 12:08:35',NULL,NULL,NULL,NULL,NULL,NULL,1,0,'18'),(1682,'سارة مبارك حسن',NULL,NULL,NULL,1,'66226060',NULL,NULL,NULL,NULL,'2024-01-24 12:07:34','2024-01-24 12:08:35',NULL,NULL,NULL,NULL,NULL,NULL,1,0,'18'),(1683,'افرح عيد سند',NULL,NULL,NULL,1,'60056353',NULL,NULL,NULL,NULL,'2024-01-24 12:07:34','2024-01-24 12:08:35',NULL,NULL,NULL,NULL,NULL,NULL,1,0,'18'),(1684,'السعديه محمد باكو',NULL,NULL,NULL,1,'994476467',NULL,NULL,NULL,NULL,'2024-01-24 12:07:34','2024-01-24 12:08:35',NULL,NULL,NULL,NULL,NULL,NULL,1,0,'18'),(1685,'محمود ممدوح محمد',NULL,NULL,NULL,1,'50782232',NULL,NULL,NULL,NULL,'2024-01-24 12:07:34','2024-01-24 12:08:35',NULL,NULL,NULL,NULL,NULL,NULL,1,0,'18'),(1686,'موضى محمد عبد اللة ',NULL,NULL,NULL,1,'99042330',NULL,NULL,NULL,NULL,'2024-01-24 12:07:34','2024-01-24 12:08:35',NULL,NULL,NULL,NULL,NULL,NULL,1,0,'18'),(1687,'عليه خالد عبد المجيد',NULL,NULL,NULL,1,'50511909',NULL,NULL,NULL,NULL,'2024-01-24 12:07:34','2024-01-24 12:08:35',NULL,NULL,NULL,NULL,NULL,NULL,1,0,'18'),(1688,'ميار عبد الرحمن احمد',NULL,NULL,NULL,1,'65674777',NULL,NULL,NULL,NULL,'2024-01-24 12:07:34','2024-01-24 12:08:35',NULL,NULL,NULL,NULL,NULL,NULL,1,0,'18'),(1689,'عمران موسى حبيب ',NULL,NULL,NULL,1,'94944456',NULL,NULL,NULL,NULL,'2024-01-24 12:07:34','2024-01-24 12:08:35',NULL,NULL,NULL,NULL,NULL,NULL,1,0,'18'),(1690,'ايات محمد شمساه',NULL,NULL,NULL,1,'9858312',NULL,NULL,NULL,NULL,'2024-01-24 12:07:34','2024-01-24 12:08:35',NULL,NULL,NULL,NULL,NULL,NULL,1,0,'18'),(1691,'مريم خليفه سليمان',NULL,NULL,NULL,1,'99744698',NULL,NULL,NULL,NULL,'2024-01-24 12:07:34','2024-01-24 12:08:35',NULL,NULL,NULL,NULL,NULL,NULL,1,0,'18'),(1692,'هدى محمد فاروق',NULL,NULL,NULL,1,'66918388',NULL,NULL,NULL,NULL,'2024-01-24 12:07:34','2024-01-24 12:08:35',NULL,NULL,NULL,NULL,NULL,NULL,1,0,'18'),(1693,'فيصل حمود العتيبى ',NULL,NULL,NULL,1,'97878680',NULL,NULL,NULL,NULL,'2024-01-24 12:07:34','2024-01-24 12:08:35',NULL,NULL,NULL,NULL,NULL,NULL,1,0,'18'),(1694,'حامد محمد العنزى',NULL,NULL,NULL,1,'66619001',NULL,NULL,NULL,NULL,'2024-01-24 12:07:34','2024-01-24 12:08:35',NULL,NULL,NULL,NULL,NULL,NULL,1,0,'18'),(1695,'رندة سعيد يوسف',NULL,NULL,NULL,1,'96607270',NULL,NULL,NULL,NULL,'2024-01-24 12:07:34','2024-01-24 12:08:35',NULL,NULL,NULL,NULL,NULL,NULL,1,0,'18'),(1696,'اريام فلاح',NULL,NULL,NULL,1,'67093921',NULL,NULL,NULL,NULL,'2024-01-24 12:07:34','2024-01-24 12:08:35',NULL,NULL,NULL,NULL,NULL,NULL,1,0,'18'),(1697,'ولاء احمد محمد',NULL,NULL,NULL,1,'66870066',NULL,NULL,NULL,NULL,'2024-01-24 12:07:34','2024-01-24 12:08:35',NULL,NULL,NULL,NULL,NULL,NULL,1,0,'18'),(1698,'شريفه محمد حمود',NULL,NULL,NULL,1,'94468464',NULL,NULL,NULL,NULL,'2024-01-24 12:07:34','2024-01-24 12:08:35',NULL,NULL,NULL,NULL,NULL,NULL,1,0,'18'),(1699,'عبد اللة احمد عباس',NULL,NULL,NULL,1,'56695669',NULL,NULL,NULL,NULL,'2024-01-24 12:07:34','2024-01-24 12:08:35',NULL,NULL,NULL,NULL,NULL,NULL,1,0,'18'),(1700,'فاطمه مرتضى ',NULL,NULL,NULL,1,'65000151',NULL,NULL,NULL,NULL,'2024-01-24 12:07:34','2024-01-24 12:08:35',NULL,NULL,NULL,NULL,NULL,NULL,1,0,'18'),(1701,'سالم احمد سالم',NULL,NULL,NULL,1,'69099991',NULL,NULL,NULL,NULL,'2024-01-24 12:07:34','2024-01-24 12:08:35',NULL,NULL,NULL,NULL,NULL,NULL,1,0,'18'),(1702,'امينه عبد اللة',NULL,NULL,NULL,1,'55447000',NULL,NULL,NULL,NULL,'2024-01-24 12:07:34','2024-01-24 12:08:35',NULL,NULL,NULL,NULL,NULL,NULL,1,0,'18'),(1703,'نوير مناحى جاسم ',NULL,NULL,NULL,1,'98009995',NULL,NULL,NULL,NULL,'2024-01-24 12:07:34','2024-01-24 12:08:35',NULL,NULL,NULL,NULL,NULL,NULL,1,0,'18'),(1704,'ثامر محمد ثامر',NULL,NULL,NULL,1,'55359923',NULL,NULL,NULL,NULL,'2024-01-24 12:07:34','2024-01-24 12:08:35',NULL,NULL,NULL,NULL,NULL,NULL,1,0,'18'),(1705,'ايمان فاضل عبد اللة',NULL,NULL,NULL,1,'55280800',NULL,NULL,NULL,NULL,'2024-01-24 12:07:34','2024-01-24 12:08:35',NULL,NULL,NULL,NULL,NULL,NULL,1,0,'18'),(1706,'مزون طارق احمد ',NULL,NULL,NULL,1,'90091099',NULL,NULL,NULL,NULL,'2024-01-24 12:07:34','2024-01-24 12:08:35',NULL,NULL,NULL,NULL,NULL,NULL,1,0,'18'),(1707,'عيسى عادل عيسى',NULL,NULL,NULL,1,'67776656',NULL,NULL,NULL,NULL,'2024-01-24 12:07:34','2024-01-24 12:08:35',NULL,NULL,NULL,NULL,NULL,NULL,1,0,'18'),(1708,'احمد جاسم محمد',NULL,NULL,NULL,1,'99665264',NULL,NULL,NULL,NULL,'2024-01-24 12:07:34','2024-01-24 12:08:35',NULL,NULL,NULL,NULL,NULL,NULL,1,0,'18'),(1709,'منى خالد سعود',NULL,NULL,NULL,1,'66067611',NULL,NULL,NULL,NULL,'2024-01-24 12:07:34','2024-01-24 12:08:35',NULL,NULL,NULL,NULL,NULL,NULL,1,0,'18'),(1710,'هيا سعد محمد ',NULL,NULL,NULL,1,'98713819',NULL,NULL,NULL,NULL,'2024-01-24 12:07:34','2024-01-24 12:08:35',NULL,NULL,NULL,NULL,NULL,NULL,1,0,'18'),(1711,'اسماء محمد جودة ',NULL,NULL,NULL,1,'55188115',NULL,NULL,NULL,NULL,'2024-01-24 12:07:34','2024-01-24 12:08:35',NULL,NULL,NULL,NULL,NULL,NULL,1,0,'18'),(1712,'عامر طلال سرور',NULL,NULL,NULL,1,'55002563',NULL,NULL,NULL,NULL,'2024-01-24 12:07:34','2024-01-24 12:08:35',NULL,NULL,NULL,NULL,NULL,NULL,1,0,'18'),(1713,'بدر عثمان ابراهيم',NULL,NULL,NULL,1,'69690000',NULL,NULL,NULL,NULL,'2024-01-24 12:07:34','2024-01-24 12:08:35',NULL,NULL,NULL,NULL,NULL,NULL,1,0,'18'),(1714,'جاسم مساعد عبد اللة ',NULL,NULL,NULL,1,'98898948',NULL,NULL,NULL,NULL,'2024-01-24 12:07:34','2024-01-24 12:08:35',NULL,NULL,NULL,NULL,NULL,NULL,1,0,'18'),(1715,'احمد محمد محمد ابراهيم ',NULL,NULL,NULL,1,'96658672',NULL,NULL,NULL,NULL,'2024-01-24 12:07:34','2024-01-24 12:08:35',NULL,NULL,NULL,NULL,NULL,NULL,1,0,'18'),(1716,'منى محمود',NULL,NULL,NULL,1,'96669885',NULL,NULL,NULL,NULL,'2024-01-24 12:07:34','2024-01-24 12:08:35',NULL,NULL,NULL,NULL,NULL,NULL,1,0,'18'),(1717,'عهدى عبد اللة جواد',NULL,NULL,NULL,1,'67779235',NULL,NULL,NULL,NULL,'2024-01-24 12:07:34','2024-01-24 12:08:35',NULL,NULL,NULL,NULL,NULL,NULL,1,0,'18'),(1718,'زهرة سيد محمد',NULL,NULL,NULL,1,'66456455',NULL,NULL,NULL,NULL,'2024-01-24 12:07:34','2024-01-24 12:08:35',NULL,NULL,NULL,NULL,NULL,NULL,1,0,'18'),(1719,'زهراء شاكر غلوم ',NULL,NULL,NULL,1,'66651848',NULL,NULL,NULL,NULL,'2024-01-24 12:07:34','2024-01-24 12:08:35',NULL,NULL,NULL,NULL,NULL,NULL,1,0,'18'),(1720,'منى محمد احمد عبد الهادى ',NULL,NULL,NULL,1,'69087295',NULL,NULL,NULL,NULL,'2024-01-24 12:07:34','2024-01-24 12:08:35',NULL,NULL,NULL,NULL,NULL,NULL,1,0,'18'),(1721,'وضحه خالد فهد',NULL,NULL,NULL,1,'99328023',NULL,NULL,NULL,NULL,'2024-01-24 12:07:34','2024-01-24 12:08:35',NULL,NULL,NULL,NULL,NULL,NULL,1,0,'18'),(1722,'عبد اللة احمد عبد المحسن',NULL,NULL,NULL,1,'96044501',NULL,NULL,NULL,NULL,'2024-01-24 12:07:34','2024-01-24 12:08:35',NULL,NULL,NULL,NULL,NULL,NULL,1,0,'18'),(1723,'بدر عبداللة الخلف',NULL,NULL,NULL,1,'99957576',NULL,NULL,NULL,NULL,'2024-01-24 12:07:34','2024-01-24 12:08:35',NULL,NULL,NULL,NULL,NULL,NULL,1,0,'18'),(1724,'الشيخ/ سلمانم عبد العزيز',NULL,NULL,NULL,1,'51100887',NULL,NULL,NULL,NULL,'2024-01-24 12:07:34','2024-01-24 12:08:35',NULL,NULL,NULL,NULL,NULL,NULL,1,0,'18'),(1725,'جاسم محمود راشد',NULL,NULL,NULL,1,'99719917',NULL,NULL,NULL,NULL,'2024-01-24 12:07:34','2024-01-24 12:08:35',NULL,NULL,NULL,NULL,NULL,NULL,1,0,'18'),(1726,'سارة احمد فيصل ',NULL,NULL,NULL,1,'62225906',NULL,NULL,NULL,NULL,'2024-01-24 12:07:34','2024-01-24 12:08:35',NULL,NULL,NULL,NULL,NULL,NULL,1,0,'18'),(1727,'الاء سعود عايض',NULL,NULL,NULL,1,'97184434',NULL,NULL,NULL,NULL,'2024-01-24 12:07:34','2024-01-24 12:08:35',NULL,NULL,NULL,NULL,NULL,NULL,1,0,'18'),(1728,'احمد حاشوش خزعل',NULL,NULL,NULL,1,'99107965',NULL,NULL,NULL,NULL,'2024-01-24 12:07:34','2024-01-24 12:08:35',NULL,NULL,NULL,NULL,NULL,NULL,1,0,'18'),(1729,'محمد فهمى محمود',NULL,NULL,NULL,1,'69301585',NULL,NULL,NULL,NULL,'2024-01-24 12:07:34','2024-01-24 12:08:35',NULL,NULL,NULL,NULL,NULL,NULL,1,0,'18'),(1730,'فجر ناصر حسين',NULL,NULL,NULL,1,'50957987',NULL,NULL,NULL,NULL,'2024-01-24 12:07:34','2024-01-24 12:08:35',NULL,NULL,NULL,NULL,NULL,NULL,1,0,'18'),(1731,'نايف محمد جابر',NULL,NULL,NULL,1,'65656562',NULL,NULL,NULL,NULL,'2024-01-24 12:07:34','2024-01-24 12:08:35',NULL,NULL,NULL,NULL,NULL,NULL,1,0,'18'),(1732,'ناصر عبد اللة مهنا ',NULL,NULL,NULL,1,'99729898',NULL,NULL,NULL,NULL,'2024-01-24 12:07:34','2024-01-24 12:08:35',NULL,NULL,NULL,NULL,NULL,NULL,1,0,'18'),(1733,'رغد سعد عبد اللة',NULL,NULL,NULL,1,'97892513',NULL,NULL,NULL,NULL,'2024-01-24 12:07:34','2024-01-24 12:08:35',NULL,NULL,NULL,NULL,NULL,NULL,1,0,'18'),(1734,'شركة كيمفيك لتاجير السيارات',NULL,NULL,NULL,1,'69600854',NULL,NULL,NULL,NULL,'2024-01-24 12:07:34','2024-01-24 12:08:35',NULL,NULL,NULL,NULL,NULL,NULL,1,0,'18'),(1735,'نوران اسامه محمد',NULL,NULL,NULL,1,'607979723',NULL,NULL,NULL,NULL,'2024-01-24 12:07:34','2024-01-24 12:08:35',NULL,NULL,NULL,NULL,NULL,NULL,1,0,'18'),(1736,'سارة عادل ابراهيم',NULL,NULL,NULL,1,'65559455',NULL,NULL,NULL,NULL,'2024-01-24 12:07:34','2024-01-24 12:08:35',NULL,NULL,NULL,NULL,NULL,NULL,1,0,'18'),(1737,'الدكتور علاء ابراهيم',NULL,NULL,NULL,1,'99628457',NULL,NULL,NULL,NULL,'2024-01-24 12:07:34','2024-01-24 12:08:35',NULL,NULL,NULL,NULL,NULL,NULL,1,0,'18'),(1738,'عبد الملك عثمان طاهر',NULL,NULL,NULL,1,'96762552',NULL,NULL,NULL,NULL,'2024-01-24 12:07:34','2024-01-24 12:08:35',NULL,NULL,NULL,NULL,NULL,NULL,1,0,'18'),(1739,'سهى اسعد خليل',NULL,NULL,NULL,1,'99524892',NULL,NULL,NULL,NULL,'2024-01-24 12:07:34','2024-01-24 12:08:35',NULL,NULL,NULL,NULL,NULL,NULL,1,0,'18'),(1740,'محمود ايمن',NULL,NULL,NULL,1,'67684223',NULL,NULL,NULL,NULL,'2024-01-24 12:07:34','2024-01-24 12:08:35',NULL,NULL,NULL,NULL,NULL,NULL,1,0,'18'),(1741,'نور محمد نصار',NULL,NULL,NULL,1,'61114372',NULL,NULL,NULL,NULL,'2024-01-24 12:07:34','2024-01-24 12:08:35',NULL,NULL,NULL,NULL,NULL,NULL,1,0,'18'),(1742,'خلود سالم سعيد',NULL,NULL,NULL,1,'60329911',NULL,NULL,NULL,NULL,'2024-01-24 12:07:34','2024-01-24 12:08:35',NULL,NULL,NULL,NULL,NULL,NULL,1,0,'18'),(1743,'مريم ايوب مصطفى',NULL,NULL,NULL,1,'97533375',NULL,NULL,NULL,NULL,'2024-01-24 12:07:34','2024-01-24 12:08:35',NULL,NULL,NULL,NULL,NULL,NULL,1,0,'18'),(1744,'زينب عبد الصاحب ',NULL,NULL,NULL,1,'65636064',NULL,NULL,NULL,NULL,'2024-01-24 12:07:34','2024-01-24 12:08:35',NULL,NULL,NULL,NULL,NULL,NULL,1,0,'18'),(1745,'مريم محمد ناصر',NULL,NULL,NULL,1,'66646020',NULL,NULL,NULL,NULL,'2024-01-24 12:07:34','2024-01-24 12:08:35',NULL,NULL,NULL,NULL,NULL,NULL,1,0,'18'),(1746,'بدريه يعقوب يوسف',NULL,NULL,NULL,1,'99978897',NULL,NULL,NULL,NULL,'2024-01-24 12:07:34','2024-01-24 12:08:35',NULL,NULL,NULL,NULL,NULL,NULL,1,0,'18'),(1747,'شيخه فهد فارس',NULL,NULL,NULL,1,'99131184',NULL,NULL,NULL,NULL,'2024-01-24 12:07:34','2024-01-24 12:08:35',NULL,NULL,NULL,NULL,NULL,NULL,1,0,'18'),(1748,'ايمان ابراهيم على',NULL,NULL,NULL,1,'99994482',NULL,NULL,NULL,NULL,'2024-01-24 12:07:34','2024-01-24 12:08:35',NULL,NULL,NULL,NULL,NULL,NULL,1,0,'18'),(1749,'مسلم فيصل ابراهيم',NULL,NULL,NULL,1,'55320066',NULL,NULL,NULL,NULL,'2024-01-24 12:07:34','2024-01-24 12:08:35',NULL,NULL,NULL,NULL,NULL,NULL,1,0,'18'),(1750,'طيبيه رجائى عبد الحميد',NULL,NULL,NULL,1,'97987622',NULL,NULL,NULL,NULL,'2024-01-24 12:07:34','2024-01-24 12:08:35',NULL,NULL,NULL,NULL,NULL,NULL,1,0,'18'),(1751,'ضحى محمد عيد',NULL,NULL,NULL,1,'96611699',NULL,NULL,NULL,NULL,'2024-01-24 12:07:34','2024-01-24 12:08:35',NULL,NULL,NULL,NULL,NULL,NULL,1,0,'18'),(1752,'شركة الصفقه للتجارة العامه',NULL,NULL,NULL,1,'97429597',NULL,NULL,NULL,NULL,'2024-01-24 12:07:34','2024-01-24 12:08:35',NULL,NULL,NULL,NULL,NULL,NULL,1,0,'18'),(1753,'مجموعه الرومى ',NULL,NULL,NULL,1,'99133481',NULL,NULL,NULL,NULL,'2024-01-24 12:07:34','2024-01-24 12:08:35',NULL,NULL,NULL,NULL,NULL,NULL,1,0,'18'),(1754,'محمد مدحت ابراهيم',NULL,NULL,NULL,1,'94175696',NULL,NULL,NULL,NULL,'2024-01-24 12:07:34','2024-01-24 12:08:35',NULL,NULL,NULL,NULL,NULL,NULL,1,0,'18'),(1755,'خالد صبحى عبد المجيد ',NULL,NULL,NULL,1,'66816688',NULL,NULL,NULL,NULL,'2024-01-24 12:07:34','2024-01-24 12:08:35',NULL,NULL,NULL,NULL,NULL,NULL,1,0,'18'),(1756,'عبد اللة مبارك هيف ',NULL,NULL,NULL,1,'96676167',NULL,NULL,NULL,NULL,'2024-01-24 12:07:34','2024-01-24 12:08:35',NULL,NULL,NULL,NULL,NULL,NULL,1,0,'18'),(1757,'مريم كنعان جاسم',NULL,NULL,NULL,1,'66833268',NULL,NULL,NULL,NULL,'2024-01-24 12:07:34','2024-01-24 12:08:35',NULL,NULL,NULL,NULL,NULL,NULL,1,0,'18'),(1758,'حوراء عادل عبد الوهاب',NULL,NULL,NULL,1,'97740002',NULL,NULL,NULL,NULL,'2024-01-24 12:07:34','2024-01-24 12:08:35',NULL,NULL,NULL,NULL,NULL,NULL,1,0,'18'),(1759,'غيداء عبد العزيز ',NULL,NULL,NULL,1,'50400043',NULL,NULL,NULL,NULL,'2024-01-24 12:07:34','2024-01-24 12:08:35',NULL,NULL,NULL,NULL,NULL,NULL,1,0,'18'),(1760,'عبد الله  ابراهيم عبد النبى',NULL,NULL,NULL,1,'99688156',NULL,NULL,NULL,NULL,'2024-01-24 12:07:35','2024-01-24 12:08:35',NULL,NULL,NULL,NULL,NULL,NULL,1,0,'18'),(1761,'رقيه عبد الرحيم',NULL,NULL,NULL,1,'98817774',NULL,NULL,NULL,NULL,'2024-01-24 12:07:35','2024-01-24 12:08:35',NULL,NULL,NULL,NULL,NULL,NULL,1,0,'18'),(1762,'منيرة جرى خليفه',NULL,NULL,NULL,1,'55623935',NULL,NULL,NULL,NULL,'2024-01-24 12:07:35','2024-01-24 12:08:35',NULL,NULL,NULL,NULL,NULL,NULL,1,0,'18'),(1763,'فجر عادل عاى ',NULL,NULL,NULL,1,'50157333',NULL,NULL,NULL,NULL,'2024-01-24 12:07:35','2024-01-24 12:08:35',NULL,NULL,NULL,NULL,NULL,NULL,1,0,'18'),(1764,'عتاب حسونى جودان ',NULL,NULL,NULL,1,'90048714',NULL,NULL,NULL,NULL,'2024-01-24 12:07:35','2024-01-24 12:08:35',NULL,NULL,NULL,NULL,NULL,NULL,1,0,'18'),(1765,'صالح عبد اللطيف',NULL,NULL,NULL,1,'99555553',NULL,NULL,NULL,NULL,'2024-01-24 12:07:35','2024-01-24 12:08:35',NULL,NULL,NULL,NULL,NULL,NULL,1,0,'18'),(1766,'احمد ماجد فؤاد',NULL,NULL,NULL,1,'60005113',NULL,NULL,NULL,NULL,'2024-01-24 12:07:35','2024-01-24 12:08:35',NULL,NULL,NULL,NULL,NULL,NULL,1,0,'18'),(1767,'باسل محمد صنت',NULL,NULL,NULL,1,'66669681',NULL,NULL,NULL,NULL,'2024-01-24 12:07:35','2024-01-24 12:08:35',NULL,NULL,NULL,NULL,NULL,NULL,1,0,'18'),(1768,'شركة لافرونسيز',NULL,NULL,NULL,1,'96925516',NULL,NULL,NULL,NULL,'2024-01-24 12:07:35','2024-01-24 12:08:35',NULL,NULL,NULL,NULL,NULL,NULL,1,0,'18'),(1769,'سلمى مبارك الصيفى',NULL,NULL,NULL,1,'55184484',NULL,NULL,NULL,NULL,'2024-01-24 12:07:35','2024-01-24 12:08:35',NULL,NULL,NULL,NULL,NULL,NULL,1,0,'18'),(1770,'حسين جليل بارون',NULL,NULL,NULL,1,'66407588',NULL,NULL,NULL,NULL,'2024-01-24 12:07:35','2024-01-24 12:08:35',NULL,NULL,NULL,NULL,NULL,NULL,1,0,'18'),(1771,'على محمد كاظم',NULL,NULL,NULL,1,'97701012',NULL,NULL,NULL,NULL,'2024-01-24 12:07:35','2024-01-24 12:08:35',NULL,NULL,NULL,NULL,NULL,NULL,1,0,'18'),(1772,'مريم عبد المجيد احمد',NULL,NULL,NULL,1,'60619606',NULL,NULL,NULL,NULL,'2024-01-24 12:07:35','2024-01-24 12:08:35',NULL,NULL,NULL,NULL,NULL,NULL,1,0,'18'),(1773,'لولوة ناجى سعود',NULL,NULL,NULL,1,'50269850',NULL,NULL,NULL,NULL,'2024-01-24 12:07:35','2024-01-24 12:08:35',NULL,NULL,NULL,NULL,NULL,NULL,1,0,'18'),(1774,'فواز جاسم محمد البغلى',NULL,NULL,NULL,1,'99077337',NULL,NULL,NULL,NULL,'2024-01-24 12:07:35','2024-01-24 12:08:35',NULL,NULL,NULL,NULL,NULL,NULL,1,0,'18'),(1775,'فاطمه محمد عبد اللة',NULL,NULL,NULL,1,'99997240',NULL,NULL,NULL,NULL,'2024-01-24 12:07:35','2024-01-24 12:08:35',NULL,NULL,NULL,NULL,NULL,NULL,1,0,'18'),(1776,'نهى احمد احمد ',NULL,NULL,NULL,1,'55848487',NULL,NULL,NULL,NULL,'2024-01-24 12:07:35','2024-01-24 12:08:35',NULL,NULL,NULL,NULL,NULL,NULL,1,0,'18'),(1777,'صالح محمد صالح',NULL,NULL,NULL,1,'55449939',NULL,NULL,NULL,NULL,'2024-01-24 12:07:35','2024-01-24 12:08:35',NULL,NULL,NULL,NULL,NULL,NULL,1,0,'18'),(1778,'شريفه لاعبد اللة خالد',NULL,NULL,NULL,1,'94101904',NULL,NULL,NULL,NULL,'2024-01-24 12:07:35','2024-01-24 12:08:35',NULL,NULL,NULL,NULL,NULL,NULL,1,0,'18'),(1779,'عمرو نمر مصطفى ',NULL,NULL,NULL,1,'97242892',NULL,NULL,NULL,NULL,'2024-01-24 12:07:35','2024-01-24 12:08:35',NULL,NULL,NULL,NULL,NULL,NULL,1,0,'18'),(1780,'راشد هزال المطيرى',NULL,NULL,NULL,1,'60322711',NULL,NULL,NULL,NULL,'2024-01-24 12:07:35','2024-01-24 12:08:35',NULL,NULL,NULL,NULL,NULL,NULL,1,0,'18'),(1781,'وائل محمد رياض',NULL,NULL,NULL,1,'60633333',NULL,NULL,NULL,NULL,'2024-01-24 12:07:35','2024-01-24 12:08:35',NULL,NULL,NULL,NULL,NULL,NULL,1,0,'18'),(1782,'دلال عيسى ابراهيم',NULL,NULL,NULL,1,'99897871',NULL,NULL,NULL,NULL,'2024-01-24 12:07:35','2024-01-24 12:08:35',NULL,NULL,NULL,NULL,NULL,NULL,1,0,'18'),(1783,'متعي جميعان مهدى',NULL,NULL,NULL,1,'55571175',NULL,NULL,NULL,NULL,'2024-01-24 12:07:35','2024-01-24 12:08:35',NULL,NULL,NULL,NULL,NULL,NULL,1,0,'18'),(1784,'فريدة اسماعيل عباس',NULL,NULL,NULL,1,'66906620',NULL,NULL,NULL,NULL,'2024-01-24 12:07:35','2024-01-24 12:08:35',NULL,NULL,NULL,NULL,NULL,NULL,1,0,'18'),(1785,'تهانى عبد الرحمن ',NULL,NULL,NULL,1,'99956699',NULL,NULL,NULL,NULL,'2024-01-24 12:07:35','2024-01-24 12:08:35',NULL,NULL,NULL,NULL,NULL,NULL,1,0,'18'),(1786,'معتز عبيد',NULL,NULL,NULL,1,'96022659',NULL,NULL,NULL,NULL,'2024-01-24 12:07:35','2024-01-24 12:08:35',NULL,NULL,NULL,NULL,NULL,NULL,1,0,'18'),(1787,'غزيل هايف عبد اللة',NULL,NULL,NULL,1,'66648144',NULL,NULL,NULL,NULL,'2024-01-24 12:07:35','2024-01-24 12:08:35',NULL,NULL,NULL,NULL,NULL,NULL,1,0,'18'),(1788,'احمد حلمى احمد',NULL,NULL,NULL,1,'66622994',NULL,NULL,NULL,NULL,'2024-01-24 12:07:35','2024-01-24 12:08:35',NULL,NULL,NULL,NULL,NULL,NULL,1,0,'18'),(1789,'سلوى حمود فهد ',NULL,NULL,NULL,1,'66788560',NULL,NULL,NULL,NULL,'2024-01-24 12:07:35','2024-01-24 12:08:35',NULL,NULL,NULL,NULL,NULL,NULL,1,0,'18'),(1790,'حمد فهد عبد الرزاق',NULL,NULL,NULL,1,'91109253',NULL,NULL,NULL,NULL,'2024-01-24 12:07:35','2024-01-24 12:08:35',NULL,NULL,NULL,NULL,NULL,NULL,1,0,'18'),(1791,'منى محمد حسين ',NULL,NULL,NULL,1,'55501065',NULL,NULL,NULL,NULL,'2024-01-24 12:07:35','2024-01-24 12:08:35',NULL,NULL,NULL,NULL,NULL,NULL,1,0,'18'),(1792,'مبارك احمد مبارك',NULL,NULL,NULL,1,'96676619',NULL,NULL,NULL,NULL,'2024-01-24 12:07:35','2024-01-24 12:08:35',NULL,NULL,NULL,NULL,NULL,NULL,1,0,'18'),(1793,'ناديه يعقوب رشيد',NULL,NULL,NULL,1,'99039419',NULL,NULL,NULL,NULL,'2024-01-24 12:07:35','2024-01-24 12:08:35',NULL,NULL,NULL,NULL,NULL,NULL,1,0,'18'),(1794,'احمد رايح مفلح ',NULL,NULL,NULL,1,'99999347',NULL,NULL,NULL,NULL,'2024-01-24 12:07:35','2024-01-24 12:08:35',NULL,NULL,NULL,NULL,NULL,NULL,1,0,'18'),(1795,'ندى محمد قنطار',NULL,NULL,NULL,1,'51516716',NULL,NULL,NULL,NULL,'2024-01-24 12:07:35','2024-01-24 12:08:35',NULL,NULL,NULL,NULL,NULL,NULL,1,0,'18'),(1796,'خالد محمد دغيم',NULL,NULL,NULL,1,'51118584',NULL,NULL,NULL,NULL,'2024-01-24 12:07:35','2024-01-24 12:08:35',NULL,NULL,NULL,NULL,NULL,NULL,1,0,'18'),(1797,'عبد الرحمن خالد نعمه',NULL,NULL,NULL,1,'94469895',NULL,NULL,NULL,NULL,'2024-01-24 12:07:35','2024-01-24 12:08:35',NULL,NULL,NULL,NULL,NULL,NULL,1,0,'18'),(1798,'زينب عبد الرزاق يوسف',NULL,NULL,NULL,1,'60698669',NULL,NULL,NULL,NULL,'2024-01-24 12:07:35','2024-01-24 12:08:35',NULL,NULL,NULL,NULL,NULL,NULL,1,0,'18'),(1799,'شركة بى تى ال ',NULL,NULL,NULL,1,'98765153',NULL,NULL,NULL,NULL,'2024-01-24 12:07:35','2024-01-24 12:08:35',NULL,NULL,NULL,NULL,NULL,NULL,1,0,'18'),(1800,'عبد الرحمن داوود',NULL,NULL,NULL,1,'66779951',NULL,NULL,NULL,NULL,'2024-01-24 12:07:35','2024-01-24 12:08:35',NULL,NULL,NULL,NULL,NULL,NULL,1,0,'18'),(1801,'رانجيت باشانكاى',NULL,NULL,NULL,1,'60075738',NULL,NULL,NULL,NULL,'2024-01-24 12:07:35','2024-01-24 12:08:35',NULL,NULL,NULL,NULL,NULL,NULL,1,0,'18'),(1802,'عادل خليل يوسف',NULL,NULL,NULL,1,'99399447',NULL,NULL,NULL,NULL,'2024-01-24 12:07:35','2024-01-24 12:08:35',NULL,NULL,NULL,NULL,NULL,NULL,1,0,'18'),(1803,'هبه احمد عبد اللة',NULL,NULL,NULL,1,'99076599',NULL,NULL,NULL,NULL,'2024-01-24 12:07:35','2024-01-24 12:08:35',NULL,NULL,NULL,NULL,NULL,NULL,1,0,'18'),(1804,'محمد مهدى عمران',NULL,NULL,NULL,1,'99601172',NULL,NULL,NULL,NULL,'2024-01-24 12:07:35','2024-01-24 12:08:35',NULL,NULL,NULL,NULL,NULL,NULL,1,0,'18'),(1805,'نورة حسين درباس',NULL,NULL,NULL,1,'90000309',NULL,NULL,NULL,NULL,'2024-01-24 12:07:35','2024-01-24 12:08:35',NULL,NULL,NULL,NULL,NULL,NULL,1,0,'18'),(1806,'اسامه على احمد عبد اللة',NULL,NULL,NULL,1,'55883033',NULL,NULL,NULL,NULL,'2024-01-24 12:07:35','2024-01-24 12:08:35',NULL,NULL,NULL,NULL,NULL,NULL,1,0,'18'),(1807,'امنه حسين على البصيرى',NULL,NULL,NULL,1,'66769805',NULL,NULL,NULL,NULL,'2024-01-24 12:07:35','2024-01-24 12:08:35',NULL,NULL,NULL,NULL,NULL,NULL,1,0,'18'),(1808,'سعود ذعار زيد المطيرى',NULL,NULL,NULL,1,'69654624',NULL,NULL,NULL,NULL,'2024-01-24 12:07:35','2024-01-24 12:08:35',NULL,NULL,NULL,NULL,NULL,NULL,1,0,'18'),(1809,'فهد ثامر محمد',NULL,NULL,NULL,1,'55323600',NULL,NULL,NULL,NULL,'2024-01-24 12:07:35','2024-01-24 12:08:35',NULL,NULL,NULL,NULL,NULL,NULL,1,0,'18'),(1810,'نوف سعد ادغام ',NULL,NULL,NULL,1,'51010551',NULL,NULL,NULL,NULL,'2024-01-24 12:07:35','2024-01-24 12:08:35',NULL,NULL,NULL,NULL,NULL,NULL,1,0,'18'),(1811,'جمال عذبى احمد',NULL,NULL,NULL,1,'99973130',NULL,NULL,NULL,NULL,'2024-01-24 12:07:35','2024-01-24 12:08:35',NULL,NULL,NULL,NULL,NULL,NULL,1,0,'18'),(1812,'اسيل مشعل ابراهيم',NULL,NULL,NULL,1,'94450889',NULL,NULL,NULL,NULL,'2024-01-24 12:07:35','2024-01-24 12:08:35',NULL,NULL,NULL,NULL,NULL,NULL,1,0,'18'),(1813,'ناصر فهيد شافى العجمى',NULL,NULL,NULL,1,'65959991',NULL,NULL,NULL,NULL,'2024-01-24 12:07:35','2024-01-24 12:08:35',NULL,NULL,NULL,NULL,NULL,NULL,1,0,'18'),(1814,'وسيم محمد فاخر',NULL,NULL,NULL,1,'55543414',NULL,NULL,NULL,NULL,'2024-01-24 12:07:35','2024-01-24 12:08:35',NULL,NULL,NULL,NULL,NULL,NULL,1,0,'18'),(1815,'خديجه على نواف',NULL,NULL,NULL,1,'99015228',NULL,NULL,NULL,NULL,'2024-01-24 12:07:35','2024-01-24 12:08:35',NULL,NULL,NULL,NULL,NULL,NULL,1,0,'18'),(1816,'ناصر بدر ناصر',NULL,NULL,NULL,1,'60418817',NULL,NULL,NULL,NULL,'2024-01-24 12:07:35','2024-01-24 12:08:35',NULL,NULL,NULL,NULL,NULL,NULL,1,0,'18'),(1817,'بدر عثمان ابراهيم',NULL,NULL,NULL,1,'69690000',NULL,NULL,NULL,NULL,'2024-01-24 12:07:35','2024-01-24 12:08:35',NULL,NULL,NULL,NULL,NULL,NULL,1,0,'18'),(1818,'خديجه ابو بكر صالح ',NULL,NULL,NULL,1,'60491856',NULL,NULL,NULL,NULL,'2024-01-24 12:07:35','2024-01-24 12:08:35',NULL,NULL,NULL,NULL,NULL,NULL,1,0,'18'),(1819,'لانسى ميندونكا',NULL,NULL,NULL,1,'99814529',NULL,NULL,NULL,NULL,'2024-01-24 12:07:35','2024-01-24 12:08:35',NULL,NULL,NULL,NULL,NULL,NULL,1,0,'18'),(1820,'مرح حسن اسماعيل',NULL,NULL,NULL,1,'66803121',NULL,NULL,NULL,NULL,'2024-01-24 12:07:35','2024-01-24 12:08:35',NULL,NULL,NULL,NULL,NULL,NULL,1,0,'18'),(1821,'حياة عبد الرزاق عبد النبى',NULL,NULL,NULL,1,'97755547',NULL,NULL,NULL,NULL,'2024-01-24 12:07:35','2024-01-24 12:08:35',NULL,NULL,NULL,NULL,NULL,NULL,1,0,'18'),(1822,'عبد اللة ابداح حسين',NULL,NULL,NULL,1,'96981181',NULL,NULL,NULL,NULL,'2024-01-24 12:07:35','2024-01-24 12:08:35',NULL,NULL,NULL,NULL,NULL,NULL,1,0,'18'),(1823,'دلال خليل',NULL,NULL,NULL,1,'97149494',NULL,NULL,NULL,NULL,'2024-01-24 12:07:35','2024-01-24 12:08:35',NULL,NULL,NULL,NULL,NULL,NULL,1,0,'18'),(1824,'عبد اللة عبد الرضا احمد',NULL,NULL,NULL,1,'99379379',NULL,NULL,NULL,NULL,'2024-01-24 12:07:35','2024-01-24 12:08:35',NULL,NULL,NULL,NULL,NULL,NULL,1,0,'18'),(1825,'سيما يد اللهى',NULL,NULL,NULL,1,'99054421',NULL,NULL,NULL,NULL,'2024-01-24 12:07:35','2024-01-24 12:08:35',NULL,NULL,NULL,NULL,NULL,NULL,1,0,'18'),(1826,'خالد هشام التميمى',NULL,NULL,NULL,1,'99201883',NULL,NULL,NULL,NULL,'2024-01-24 12:07:35','2024-01-24 12:08:35',NULL,NULL,NULL,NULL,NULL,NULL,1,0,'18'),(1827,'حمد سعد سالم',NULL,NULL,NULL,1,'55853858',NULL,NULL,NULL,NULL,'2024-01-24 12:07:35','2024-01-24 12:08:35',NULL,NULL,NULL,NULL,NULL,NULL,1,0,'18'),(1828,'فرح احمد عرفان',NULL,NULL,NULL,1,'65015100',NULL,NULL,NULL,NULL,'2024-01-24 12:07:35','2024-01-24 12:08:35',NULL,NULL,NULL,NULL,NULL,NULL,1,0,'18'),(1829,'عبد العزيز طارق حسين ',NULL,NULL,NULL,1,'97643342',NULL,NULL,NULL,NULL,'2024-01-24 12:07:35','2024-01-24 12:08:35',NULL,NULL,NULL,NULL,NULL,NULL,1,0,'18'),(1830,'زهراء على عبد الرزاق',NULL,NULL,NULL,1,'66898747',NULL,NULL,NULL,NULL,'2024-01-24 12:07:35','2024-01-24 12:08:35',NULL,NULL,NULL,NULL,NULL,NULL,1,0,'18'),(1831,'محمد خالد عبد الفتاح',NULL,NULL,NULL,1,'60350650',NULL,NULL,NULL,NULL,'2024-01-24 12:07:35','2024-01-24 12:08:35',NULL,NULL,NULL,NULL,NULL,NULL,1,0,'18'),(1832,'عبد اللة بريت جلفيف',NULL,NULL,NULL,1,'55188827',NULL,NULL,NULL,NULL,'2024-01-24 12:07:35','2024-01-24 12:08:35',NULL,NULL,NULL,NULL,NULL,NULL,1,0,'18'),(1833,'سفارة روسيا',NULL,NULL,NULL,1,'95514976',NULL,NULL,NULL,NULL,'2024-01-24 12:07:35','2024-01-24 12:08:35',NULL,NULL,NULL,NULL,NULL,NULL,1,0,'18'),(1834,'حمود دعسان المطيرى',NULL,NULL,NULL,1,'9783339',NULL,NULL,NULL,NULL,'2024-01-24 12:07:35','2024-01-24 12:08:35',NULL,NULL,NULL,NULL,NULL,NULL,1,0,'18'),(1835,'امال مصطفى',NULL,NULL,NULL,1,'69995633',NULL,NULL,NULL,NULL,'2024-01-24 12:07:35','2024-01-24 12:08:35',NULL,NULL,NULL,NULL,NULL,NULL,1,0,'18'),(1836,'نور محمد على',NULL,NULL,NULL,1,'97975534',NULL,NULL,NULL,NULL,'2024-01-24 12:07:35','2024-01-24 12:08:35',NULL,NULL,NULL,NULL,NULL,NULL,1,0,'18'),(1837,'الدكتورة حنان  عبد اللطيف ',NULL,NULL,NULL,1,'99087722',NULL,NULL,NULL,NULL,'2024-01-24 12:07:35','2024-01-24 12:08:35',NULL,NULL,NULL,NULL,NULL,NULL,1,0,'18'),(1838,'حسين على دلى ',NULL,NULL,NULL,1,'99725299',NULL,NULL,NULL,NULL,'2024-01-24 12:07:35','2024-01-24 12:08:35',NULL,NULL,NULL,NULL,NULL,NULL,1,0,'18'),(1839,'حصه حمد مالك',NULL,NULL,NULL,1,'51466060',NULL,NULL,NULL,NULL,'2024-01-24 12:07:35','2024-01-24 12:08:35',NULL,NULL,NULL,NULL,NULL,NULL,1,0,'18'),(1840,'احمد خالد جبر ',NULL,NULL,NULL,1,'94977749',NULL,NULL,NULL,NULL,'2024-01-24 12:07:35','2024-01-24 12:08:35',NULL,NULL,NULL,NULL,NULL,NULL,1,0,'18'),(1841,'ناصر بدر عبد الرسول',NULL,NULL,NULL,1,'99783828',NULL,NULL,NULL,NULL,'2024-01-24 12:07:35','2024-01-24 12:08:35',NULL,NULL,NULL,NULL,NULL,NULL,1,0,'18'),(1842,'عبد اللطيف على نعمان',NULL,NULL,NULL,1,'99371442',NULL,NULL,NULL,NULL,'2024-01-24 12:07:35','2024-01-24 12:08:35',NULL,NULL,NULL,NULL,NULL,NULL,1,0,'18'),(1843,'احمد فيصل نصار ',NULL,NULL,NULL,1,'55994992',NULL,NULL,NULL,NULL,'2024-01-24 12:07:35','2024-01-24 12:08:35',NULL,NULL,NULL,NULL,NULL,NULL,1,0,'18'),(1844,'ماجدة فريد النورى ',NULL,NULL,NULL,1,'66511471',NULL,NULL,NULL,NULL,'2024-01-24 12:07:35','2024-01-24 12:08:35',NULL,NULL,NULL,NULL,NULL,NULL,1,0,'18'),(1845,'معصومه محمد حمزة ',NULL,NULL,NULL,1,'66552532',NULL,NULL,NULL,NULL,'2024-01-24 12:07:35','2024-01-24 12:08:35',NULL,NULL,NULL,NULL,NULL,NULL,1,0,'18'),(1846,'فادى حبيب انطون',NULL,NULL,NULL,1,'69301585',NULL,NULL,NULL,NULL,'2024-01-24 12:07:35','2024-01-24 12:08:35',NULL,NULL,NULL,NULL,NULL,NULL,1,0,'18'),(1847,'احمد سمحان ماجد',NULL,NULL,NULL,1,'99772572',NULL,NULL,NULL,NULL,'2024-01-24 12:07:35','2024-01-24 12:08:35',NULL,NULL,NULL,NULL,NULL,NULL,1,0,'18'),(1848,'طلال خالد محمد',NULL,NULL,NULL,1,'97457599',NULL,NULL,NULL,NULL,'2024-01-24 12:07:35','2024-01-24 12:08:35',NULL,NULL,NULL,NULL,NULL,NULL,1,0,'18'),(1849,'شركة باور جرايد',NULL,NULL,NULL,1,'98590630',NULL,NULL,NULL,NULL,'2024-01-24 12:07:35','2024-01-24 12:08:35',NULL,NULL,NULL,NULL,NULL,NULL,1,0,'18'),(1850,'نوضه راشد ثامر',NULL,NULL,NULL,1,'99956559',NULL,NULL,NULL,NULL,'2024-01-24 12:07:35','2024-01-24 12:08:35',NULL,NULL,NULL,NULL,NULL,NULL,1,0,'18'),(1851,'صاطمه حسين غلوم ',NULL,NULL,NULL,1,'97711752',NULL,NULL,NULL,NULL,'2024-01-24 12:07:35','2024-01-24 12:08:35',NULL,NULL,NULL,NULL,NULL,NULL,1,0,'18'),(1852,'منيرة حمود عبد اللة ',NULL,NULL,NULL,1,'55695569',NULL,NULL,NULL,NULL,'2024-01-24 12:07:35','2024-01-24 12:08:35',NULL,NULL,NULL,NULL,NULL,NULL,1,0,'18'),(1853,'شيخه عادل عبد الرؤوف',NULL,NULL,NULL,1,'55666091',NULL,NULL,NULL,NULL,'2024-01-24 12:07:35','2024-01-24 12:08:35',NULL,NULL,NULL,NULL,NULL,NULL,1,0,'18'),(1854,'صفاء احمد يوسف',NULL,NULL,NULL,1,'97570770',NULL,NULL,NULL,NULL,'2024-01-24 12:07:35','2024-01-24 12:08:35',NULL,NULL,NULL,NULL,NULL,NULL,1,0,'18'),(1855,'مريم مجيد عباس',NULL,NULL,NULL,1,'51666303',NULL,NULL,NULL,NULL,'2024-01-24 12:07:35','2024-01-24 12:08:35',NULL,NULL,NULL,NULL,NULL,NULL,1,0,'18'),(1856,'براء احمد على',NULL,NULL,NULL,1,'55424452',NULL,NULL,NULL,NULL,'2024-01-24 12:07:35','2024-01-24 12:08:35',NULL,NULL,NULL,NULL,NULL,NULL,1,0,'18'),(1857,'دانه على ابراهيم',NULL,NULL,NULL,1,'50555470',NULL,NULL,NULL,NULL,'2024-01-24 12:07:35','2024-01-24 12:08:35',NULL,NULL,NULL,NULL,NULL,NULL,1,0,'18'),(1858,'ابرار ماجد سيد',NULL,NULL,NULL,1,'92229174',NULL,NULL,NULL,NULL,'2024-01-24 12:07:35','2024-01-24 12:08:35',NULL,NULL,NULL,NULL,NULL,NULL,1,0,'18'),(1859,'مها حامد حمود البطاح',NULL,NULL,NULL,1,'67643206',NULL,NULL,NULL,NULL,'2024-01-24 12:07:35','2024-01-24 12:08:35',NULL,NULL,NULL,NULL,NULL,NULL,1,0,'18'),(1860,'شركة بروج العالميه ',NULL,NULL,NULL,1,'91104482',NULL,NULL,NULL,NULL,'2024-01-24 12:07:35','2024-01-24 12:08:35',NULL,NULL,NULL,NULL,NULL,NULL,1,0,'18'),(1861,'جاسم محمد على ',NULL,NULL,NULL,1,'99657337',NULL,NULL,NULL,NULL,'2024-01-24 12:07:35','2024-01-24 12:08:35',NULL,NULL,NULL,NULL,NULL,NULL,1,0,'18'),(1862,'عبد اللة خالد عبد الله العون',NULL,NULL,NULL,1,'66884155',NULL,NULL,NULL,NULL,'2024-01-24 12:07:35','2024-01-24 12:08:35',NULL,NULL,NULL,NULL,NULL,NULL,1,0,'18'),(1863,'عبد اللة اسماعيل ',NULL,NULL,NULL,1,'99807008',NULL,NULL,NULL,NULL,'2024-01-24 12:07:35','2024-01-24 12:08:35',NULL,NULL,NULL,NULL,NULL,NULL,1,0,'18'),(1864,'امل مبارك بخيت مبارك',NULL,NULL,NULL,1,'99868244',NULL,NULL,NULL,NULL,'2024-01-24 12:07:35','2024-01-24 12:08:35',NULL,NULL,NULL,NULL,NULL,NULL,1,0,'18'),(1865,'انفال سليمان صالح',NULL,NULL,NULL,1,'55788575',NULL,NULL,NULL,NULL,'2024-01-24 12:07:35','2024-01-24 12:08:35',NULL,NULL,NULL,NULL,NULL,NULL,1,0,'18'),(1866,'دانه صالح بادى ',NULL,NULL,NULL,1,'66620233',NULL,NULL,NULL,NULL,'2024-01-24 12:07:35','2024-01-24 12:08:35',NULL,NULL,NULL,NULL,NULL,NULL,1,0,'18'),(1867,'احمد عبد اللة محمد محمد',NULL,NULL,NULL,1,'68883522',NULL,NULL,NULL,NULL,'2024-01-24 12:07:35','2024-01-24 12:08:35',NULL,NULL,NULL,NULL,NULL,NULL,1,0,'18'),(1868,'عبد اللة سليمان عبد اللة',NULL,NULL,NULL,1,'95555747',NULL,NULL,NULL,NULL,'2024-01-24 12:07:35','2024-01-24 12:08:35',NULL,NULL,NULL,NULL,NULL,NULL,1,0,'18'),(1869,'انوار بدر عايد',NULL,NULL,NULL,1,'90066227',NULL,NULL,NULL,NULL,'2024-01-24 12:07:35','2024-01-24 12:08:35',NULL,NULL,NULL,NULL,NULL,NULL,1,0,'18'),(1870,'ايمن عبد الرشيد ',NULL,NULL,NULL,1,'66266602',NULL,NULL,NULL,NULL,'2024-01-24 12:07:35','2024-01-24 12:08:35',NULL,NULL,NULL,NULL,NULL,NULL,1,0,'18'),(1871,'ملاك نهار فرحان',NULL,NULL,NULL,1,'90020959',NULL,NULL,NULL,NULL,'2024-01-24 12:07:35','2024-01-24 12:08:35',NULL,NULL,NULL,NULL,NULL,NULL,1,0,'18'),(1872,'على حسن عبد الخضر',NULL,NULL,NULL,1,'99718359',NULL,NULL,NULL,NULL,'2024-01-24 12:07:35','2024-01-24 12:08:35',NULL,NULL,NULL,NULL,NULL,NULL,1,0,'18'),(1873,'عبد اللة محمود عبد الرؤف',NULL,NULL,NULL,1,'66486913',NULL,NULL,NULL,NULL,'2024-01-24 12:07:35','2024-01-24 12:08:35',NULL,NULL,NULL,NULL,NULL,NULL,1,0,'18'),(1874,'طلال محمد بلال',NULL,NULL,NULL,1,'55790600',NULL,NULL,NULL,NULL,'2024-01-24 12:07:35','2024-01-24 12:08:35',NULL,NULL,NULL,NULL,NULL,NULL,1,0,'18'),(1875,'احمد حسن ابراهيم معرفى',NULL,NULL,NULL,1,'66900009',NULL,NULL,NULL,NULL,'2024-01-24 12:07:35','2024-01-24 12:08:35',NULL,NULL,NULL,NULL,NULL,NULL,1,0,'18'),(1876,'فارس عياد عايد',NULL,NULL,NULL,1,'97877995',NULL,NULL,NULL,NULL,'2024-01-24 12:07:35','2024-01-24 12:08:35',NULL,NULL,NULL,NULL,NULL,NULL,1,0,'18'),(1877,'حمد عيد خليف',NULL,NULL,NULL,1,'97614119',NULL,NULL,NULL,NULL,'2024-01-24 12:07:35','2024-01-24 12:08:35',NULL,NULL,NULL,NULL,NULL,NULL,1,0,'18'),(1878,'نوف خالد زيد ',NULL,NULL,NULL,1,'98887417',NULL,NULL,NULL,NULL,'2024-01-24 12:07:35','2024-01-24 12:08:35',NULL,NULL,NULL,NULL,NULL,NULL,1,0,'18'),(1879,'زينب حسن الصفار',NULL,NULL,NULL,1,'67775666',NULL,NULL,NULL,NULL,'2024-01-24 12:07:35','2024-01-24 12:08:35',NULL,NULL,NULL,NULL,NULL,NULL,1,0,'18'),(1880,'ابراهيم عبد اللة العجمى ',NULL,NULL,NULL,1,'99802890',NULL,NULL,NULL,NULL,'2024-01-24 12:07:35','2024-01-24 12:08:35',NULL,NULL,NULL,NULL,NULL,NULL,1,0,'18'),(1881,'الشركة المتحدة',NULL,NULL,NULL,1,'69004421',NULL,NULL,NULL,NULL,'2024-01-24 12:07:35','2024-01-24 12:08:35',NULL,NULL,NULL,NULL,NULL,NULL,1,0,'18'),(1882,'فلاح صالح الخالدى',NULL,NULL,NULL,1,'94116388',NULL,NULL,NULL,NULL,'2024-01-24 12:07:35','2024-01-24 12:08:35',NULL,NULL,NULL,NULL,NULL,NULL,1,0,'18'),(1883,'بلال محمد بلال',NULL,NULL,NULL,1,'55803553',NULL,NULL,NULL,NULL,'2024-01-24 12:07:35','2024-01-24 12:08:35',NULL,NULL,NULL,NULL,NULL,NULL,1,0,'18'),(1884,'منى سلطان ظاهر ',NULL,NULL,NULL,1,'97025200',NULL,NULL,NULL,NULL,'2024-01-24 12:07:35','2024-01-24 12:08:35',NULL,NULL,NULL,NULL,NULL,NULL,1,0,'18'),(1885,'زينب حسن عباس',NULL,NULL,NULL,1,'99262390',NULL,NULL,NULL,NULL,'2024-01-24 12:07:35','2024-01-24 12:08:35',NULL,NULL,NULL,NULL,NULL,NULL,1,0,'18'),(1886,'خالد لافى محمد',NULL,NULL,NULL,1,'94444637',NULL,NULL,NULL,NULL,'2024-01-24 12:07:35','2024-01-24 12:08:35',NULL,NULL,NULL,NULL,NULL,NULL,1,0,'18'),(1887,'الشركة الكويتيه',NULL,NULL,NULL,1,'50381170',NULL,NULL,NULL,NULL,'2024-01-24 12:07:35','2024-01-24 12:08:35',NULL,NULL,NULL,NULL,NULL,NULL,1,0,'18'),(1888,'نايف مشعل هادى ',NULL,NULL,NULL,1,'64446436',NULL,NULL,NULL,NULL,'2024-01-24 12:07:35','2024-01-24 12:08:35',NULL,NULL,NULL,NULL,NULL,NULL,1,0,'18'),(1889,'دانه هنى مهنى',NULL,NULL,NULL,1,'55125524',NULL,NULL,NULL,NULL,'2024-01-24 12:07:35','2024-01-24 12:08:35',NULL,NULL,NULL,NULL,NULL,NULL,1,0,'18'),(1890,'حسن على نعيم',NULL,NULL,NULL,1,'99752957',NULL,NULL,NULL,NULL,'2024-01-24 12:07:35','2024-01-24 12:08:35',NULL,NULL,NULL,NULL,NULL,NULL,1,0,'18'),(1891,'منيرة محمد جاسم ',NULL,NULL,NULL,1,'50103491',NULL,NULL,NULL,NULL,'2024-01-24 12:07:35','2024-01-24 12:08:35',NULL,NULL,NULL,NULL,NULL,NULL,1,0,'18'),(1892,'ايمان فاضل عبد اللة الحى',NULL,NULL,NULL,1,'55280800',NULL,NULL,NULL,NULL,'2024-01-24 12:07:35','2024-01-24 12:08:35',NULL,NULL,NULL,NULL,NULL,NULL,1,0,'18'),(1893,'تهانى بتال مرجاح ',NULL,NULL,NULL,1,'94457772',NULL,NULL,NULL,NULL,'2024-01-24 12:07:35','2024-01-24 12:08:35',NULL,NULL,NULL,NULL,NULL,NULL,1,0,'18'),(1894,'احمد رجب محمد محمد',NULL,NULL,NULL,1,'60617720',NULL,NULL,NULL,NULL,'2024-01-24 12:07:35','2024-01-24 12:08:35',NULL,NULL,NULL,NULL,NULL,NULL,1,0,'18'),(1895,'حياه حايف مطرب العنزي',NULL,NULL,NULL,1,'99499669',NULL,NULL,NULL,NULL,'2024-01-24 12:07:35','2024-01-24 12:08:35',NULL,NULL,NULL,NULL,NULL,NULL,1,0,'18'),(1896,'راشد هذال المطيرى',NULL,NULL,NULL,1,'60322711',NULL,NULL,NULL,NULL,'2024-01-24 12:07:35','2024-01-24 12:08:35',NULL,NULL,NULL,NULL,NULL,NULL,1,0,'18'),(1897,'نازك قباني',NULL,NULL,NULL,1,'99776845',NULL,NULL,NULL,NULL,'2024-01-24 12:07:35','2024-01-24 12:08:35',NULL,NULL,NULL,NULL,NULL,NULL,1,0,'18'),(1898,'على عبد اللة على ',NULL,NULL,NULL,1,'66801444',NULL,NULL,NULL,NULL,'2024-01-24 12:07:35','2024-01-24 12:08:35',NULL,NULL,NULL,NULL,NULL,NULL,1,0,'18'),(1899,'عادل جودة هلال ',NULL,NULL,NULL,1,'90905599',NULL,NULL,NULL,NULL,'2024-01-24 12:07:35','2024-01-24 12:08:35',NULL,NULL,NULL,NULL,NULL,NULL,1,0,'18'),(1900,'زكريا احمد عبد اللة طريف',NULL,NULL,NULL,1,'65669990',NULL,NULL,NULL,NULL,'2024-01-24 12:07:35','2024-01-24 12:08:35',NULL,NULL,NULL,NULL,NULL,NULL,1,0,'18'),(1901,'شيماء احمد طة الفيلكاوى ',NULL,NULL,NULL,1,'61110888',NULL,NULL,NULL,NULL,'2024-01-24 12:07:35','2024-01-24 12:08:35',NULL,NULL,NULL,NULL,NULL,NULL,1,0,'18'),(1902,'فاطمه حمزة عباس',NULL,NULL,NULL,1,'55415568',NULL,NULL,NULL,NULL,'2024-01-24 12:07:35','2024-01-24 12:08:35',NULL,NULL,NULL,NULL,NULL,NULL,1,0,'18'),(1903,'اسلام احمد عبد الافتاح ',NULL,NULL,NULL,1,'97965900',NULL,NULL,NULL,NULL,'2024-01-24 12:07:35','2024-01-24 12:08:35',NULL,NULL,NULL,NULL,NULL,NULL,1,0,'18'),(1904,'هند عبدالعزيز ابراهيم عبدالله',NULL,NULL,NULL,1,'97944494',NULL,NULL,NULL,NULL,'2024-01-24 12:07:35','2024-01-24 12:08:35',NULL,NULL,NULL,NULL,NULL,NULL,1,0,'18'),(1905,'الشيخة روان فهد الصباح',NULL,NULL,NULL,1,'97438999',NULL,NULL,NULL,NULL,'2024-01-24 12:07:35','2024-01-24 12:08:35',NULL,NULL,NULL,NULL,NULL,NULL,1,0,'18'),(1906,'محمد سعد صيوان الشمرى',NULL,NULL,NULL,1,'50019989',NULL,NULL,NULL,NULL,'2024-01-24 12:07:35','2024-01-24 12:08:35',NULL,NULL,NULL,NULL,NULL,NULL,1,0,'18'),(1907,'محمد الشمرى ',NULL,NULL,NULL,1,'9788854',NULL,NULL,NULL,NULL,'2024-01-24 12:07:35','2024-01-24 12:08:35',NULL,NULL,NULL,NULL,NULL,NULL,1,0,'18'),(1908,'روان يعقوب يوسف ',NULL,NULL,NULL,1,'97556644',NULL,NULL,NULL,NULL,'2024-01-24 12:07:35','2024-01-24 12:08:35',NULL,NULL,NULL,NULL,NULL,NULL,1,0,'18'),(1909,'حمزة عبد الرضا حمزة',NULL,NULL,NULL,1,'90060959',NULL,NULL,NULL,NULL,'2024-01-24 12:07:35','2024-01-24 12:08:35',NULL,NULL,NULL,NULL,NULL,NULL,1,0,'18'),(1910,'مجموعه الرومى المتحدة',NULL,NULL,NULL,1,'99675951',NULL,NULL,NULL,NULL,'2024-01-24 12:07:35','2024-01-24 12:08:35',NULL,NULL,NULL,NULL,NULL,NULL,1,0,'18'),(1911,'بدر محمد عبد الكريم',NULL,NULL,NULL,1,'97630303',NULL,NULL,NULL,NULL,'2024-01-24 12:07:35','2024-01-24 12:08:35',NULL,NULL,NULL,NULL,NULL,NULL,1,0,'18'),(1912,'شروق اسماعيل عبد اللة',NULL,NULL,NULL,1,'50942221',NULL,NULL,NULL,NULL,'2024-01-24 12:07:35','2024-01-24 12:08:35',NULL,NULL,NULL,NULL,NULL,NULL,1,0,'18'),(1913,'امل دحيم مبارك',NULL,NULL,NULL,1,'51299037',NULL,NULL,NULL,NULL,'2024-01-24 12:07:35','2024-01-24 12:08:35',NULL,NULL,NULL,NULL,NULL,NULL,1,0,'18'),(1914,'خالد سبتى محمد ',NULL,NULL,NULL,1,'94092189',NULL,NULL,NULL,NULL,'2024-01-24 12:07:35','2024-01-24 12:08:35',NULL,NULL,NULL,NULL,NULL,NULL,1,0,'18'),(1915,'فاطمه على حسن بولند',NULL,NULL,NULL,1,'94470773',NULL,NULL,NULL,NULL,'2024-01-24 12:07:35','2024-01-24 12:08:35',NULL,NULL,NULL,NULL,NULL,NULL,1,0,'18'),(1916,'اسراء عبد الحليم محمد',NULL,NULL,NULL,1,'50915331',NULL,NULL,NULL,NULL,'2024-01-24 12:07:35','2024-01-24 12:08:35',NULL,NULL,NULL,NULL,NULL,NULL,1,0,'18'),(1917,'ياسر بهبهانى ',NULL,NULL,NULL,1,'66696996',NULL,NULL,NULL,NULL,'2024-01-24 12:07:35','2024-01-24 12:08:35',NULL,NULL,NULL,NULL,NULL,NULL,1,0,'18'),(1918,'عبد الرحمن محمد الصفار ',NULL,NULL,NULL,1,'50590906',NULL,NULL,NULL,NULL,'2024-01-24 12:07:35','2024-01-24 12:08:35',NULL,NULL,NULL,NULL,NULL,NULL,1,0,'18'),(1919,'عدنان ابراهيم احمد الشطى',NULL,NULL,NULL,1,'92200581',NULL,NULL,NULL,NULL,'2024-01-24 12:07:35','2024-01-24 12:08:35',NULL,NULL,NULL,NULL,NULL,NULL,1,0,'18'),(1920,'خالد ناصر محمد المشعل',NULL,NULL,NULL,1,'97778833',NULL,NULL,NULL,NULL,'2024-01-24 12:07:35','2024-01-24 12:08:35',NULL,NULL,NULL,NULL,NULL,NULL,1,0,'18'),(1921,'امير ابراهيم حسانين ابراهيم',NULL,NULL,NULL,1,'50904075',NULL,NULL,NULL,NULL,'2024-01-24 12:07:35','2024-01-24 12:08:35',NULL,NULL,NULL,NULL,NULL,NULL,1,0,'18'),(1922,'سارة مبارك علي العتيبي',NULL,NULL,NULL,1,'66581858',NULL,NULL,NULL,NULL,'2024-01-24 12:07:35','2024-01-24 12:08:35',NULL,NULL,NULL,NULL,NULL,NULL,1,0,'18'),(1923,'رشا جاسم العصفور',NULL,NULL,NULL,1,'98000410',NULL,NULL,NULL,NULL,'2024-01-24 12:07:35','2024-01-24 12:08:35',NULL,NULL,NULL,NULL,NULL,NULL,1,0,'18'),(1924,'حوراء سلمان قاسم عبدالله',NULL,NULL,NULL,1,'69999560',NULL,NULL,NULL,NULL,'2024-01-24 12:07:35','2024-01-24 12:08:35',NULL,NULL,NULL,NULL,NULL,NULL,1,0,'18'),(1925,'طارق جمال السيد يحي',NULL,NULL,NULL,1,'51284510',NULL,NULL,NULL,NULL,'2024-01-24 12:07:35','2024-01-24 12:08:35',NULL,NULL,NULL,NULL,NULL,NULL,1,0,'18'),(1926,'سعود راشد علقم العنزي',NULL,NULL,NULL,1,'67711181',NULL,NULL,NULL,NULL,'2024-01-24 12:07:35','2024-01-24 12:08:35',NULL,NULL,NULL,NULL,NULL,NULL,1,0,'18'),(1927,'نوره مساعد يوسف عبدالهادي الميلم',NULL,NULL,NULL,1,'50898380',NULL,NULL,NULL,NULL,'2024-01-24 12:07:35','2024-01-24 12:08:35',NULL,NULL,NULL,NULL,NULL,NULL,1,0,'18'),(1928,'دلال عثمان جاسم العثمان',NULL,NULL,NULL,1,'66697771',NULL,NULL,NULL,NULL,'2024-01-24 12:07:35','2024-01-24 12:08:35',NULL,NULL,NULL,NULL,NULL,NULL,1,0,'18'),(1929,'فاطمة حسين علي كرم جوهر',NULL,NULL,NULL,1,'99901423',NULL,NULL,NULL,NULL,'2024-01-24 12:07:35','2024-01-24 12:08:35',NULL,NULL,NULL,NULL,NULL,NULL,1,0,'18'),(1930,'مبارك محمد هادي النمران',NULL,NULL,NULL,1,'55769506',NULL,NULL,NULL,NULL,'2024-01-24 12:07:35','2024-01-24 12:08:35',NULL,NULL,NULL,NULL,NULL,NULL,1,0,'18'),(1931,'فاطمه عباس عبدالله كمال',NULL,NULL,NULL,1,'97555444',NULL,NULL,NULL,NULL,'2024-01-24 12:07:35','2024-01-24 12:08:35',NULL,NULL,NULL,NULL,NULL,NULL,1,0,'18'),(1932,'شملان بدر صالح الصالح',NULL,NULL,NULL,1,'99633311',NULL,NULL,NULL,NULL,'2024-01-24 12:07:35','2024-01-24 12:08:35',NULL,NULL,NULL,NULL,NULL,NULL,1,0,'18'),(1933,'جاسم محمد اسحاق العاامري',NULL,NULL,NULL,1,'99750445',NULL,NULL,NULL,NULL,'2024-01-24 12:07:35','2024-01-24 12:08:35',NULL,NULL,NULL,NULL,NULL,NULL,1,0,'18'),(1934,'خزنه شحاذه راجي المطيري',NULL,NULL,NULL,1,'96767672',NULL,NULL,NULL,NULL,'2024-01-24 12:07:35','2024-01-24 12:08:35',NULL,NULL,NULL,NULL,NULL,NULL,1,0,'18'),(1935,'حمد فهد عبدالرزاق الشريفي',NULL,NULL,NULL,1,'91109353',NULL,NULL,NULL,NULL,'2024-01-24 12:07:35','2024-01-24 12:08:35',NULL,NULL,NULL,NULL,NULL,NULL,1,0,'18'),(1936,'جنى منير مكارم',NULL,NULL,NULL,1,'51715172',NULL,NULL,NULL,NULL,'2024-01-24 12:07:35','2024-01-24 12:08:35',NULL,NULL,NULL,NULL,NULL,NULL,1,0,'18'),(1937,'اصايل نواف علي المري',NULL,NULL,NULL,1,'97345979',NULL,NULL,NULL,NULL,'2024-01-24 12:07:35','2024-01-24 12:08:35',NULL,NULL,NULL,NULL,NULL,NULL,1,0,'18'),(1938,'عبدالوهاب جاسم محمد الماجد',NULL,NULL,NULL,1,'90087556',NULL,NULL,NULL,NULL,'2024-01-24 12:07:35','2024-01-24 12:08:35',NULL,NULL,NULL,NULL,NULL,NULL,1,0,'18'),(1939,'وليد طلعت رمزي جرجس',NULL,NULL,NULL,1,'60082992',NULL,NULL,NULL,NULL,'2024-01-24 12:07:35','2024-01-24 12:08:35',NULL,NULL,NULL,NULL,NULL,NULL,1,0,'18'),(1940,'شركة اسيا كابيتال الاستثماريه',NULL,NULL,NULL,1,'97238634',NULL,NULL,NULL,NULL,'2024-01-24 12:07:35','2024-01-24 12:08:35',NULL,NULL,NULL,NULL,NULL,NULL,1,0,'18'),(1941,'بشاير سليمان',NULL,NULL,NULL,1,'98000520',NULL,NULL,NULL,NULL,'2024-01-24 12:07:35','2024-01-24 12:08:35',NULL,NULL,NULL,NULL,NULL,NULL,1,0,'18'),(1942,'عبدالله جابر غلوم عوض',NULL,NULL,NULL,1,'55545414',NULL,NULL,NULL,NULL,'2024-01-24 12:07:35','2024-01-24 12:08:35',NULL,NULL,NULL,NULL,NULL,NULL,1,0,'18'),(1943,'منال حبيب احمد علي',NULL,NULL,NULL,1,'99199069',NULL,NULL,NULL,NULL,'2024-01-24 12:07:35','2024-01-24 12:08:35',NULL,NULL,NULL,NULL,NULL,NULL,1,0,'18'),(1944,'خالد الغريب',NULL,NULL,NULL,1,'55575677',NULL,NULL,NULL,NULL,'2024-01-24 12:07:35','2024-01-24 12:08:35',NULL,NULL,NULL,NULL,NULL,NULL,1,0,'18'),(1945,'اسماء كمال ابوالقاسم حسين',NULL,NULL,NULL,1,'94188992',NULL,NULL,NULL,NULL,'2024-01-24 12:07:35','2024-01-24 12:08:35',NULL,NULL,NULL,NULL,NULL,NULL,1,0,'18'),(1946,'هند فارس محسن العنزي',NULL,NULL,NULL,1,'60406147',NULL,NULL,NULL,NULL,'2024-01-24 12:07:35','2024-01-24 12:08:35',NULL,NULL,NULL,NULL,NULL,NULL,1,0,'18'),(1947,'حوراء حسن صالح المتروك',NULL,NULL,NULL,1,'55510360',NULL,NULL,NULL,NULL,'2024-01-24 12:07:35','2024-01-24 12:08:35',NULL,NULL,NULL,NULL,NULL,NULL,1,0,'18'),(1948,'زينب عبدالجليل جبر الظفيري',NULL,NULL,NULL,1,'69066483',NULL,NULL,NULL,NULL,'2024-01-24 12:07:35','2024-01-24 12:08:35',NULL,NULL,NULL,NULL,NULL,NULL,1,0,'18'),(1949,'حمد عبد اللة محمد(رنج)',NULL,NULL,NULL,1,'55300200',NULL,NULL,NULL,NULL,'2024-01-24 12:07:35','2024-01-24 12:08:35',NULL,NULL,NULL,NULL,NULL,NULL,1,0,'18'),(1950,'زمانان علي حسين الزمانان',NULL,NULL,NULL,1,'50413434',NULL,NULL,NULL,NULL,'2024-01-24 12:07:35','2024-01-24 12:08:35',NULL,NULL,NULL,NULL,NULL,NULL,1,0,'18'),(1951,'مريم حيدر اسد',NULL,NULL,NULL,1,'55593905',NULL,NULL,NULL,NULL,'2024-01-24 12:07:35','2024-01-24 12:08:35',NULL,NULL,NULL,NULL,NULL,NULL,1,0,'18'),(1952,'خالد عبدالخالق عبدالله الناصر',NULL,NULL,NULL,1,'99052711',NULL,NULL,NULL,NULL,'2024-01-24 12:07:35','2024-01-24 12:08:35',NULL,NULL,NULL,NULL,NULL,NULL,1,0,'18'),(1953,'صابر محمد',NULL,NULL,NULL,1,'66551238',NULL,NULL,NULL,NULL,'2024-01-24 12:07:35','2024-01-24 12:08:35',NULL,NULL,NULL,NULL,NULL,NULL,1,0,'18'),(1954,'ابراهيم عبد العزيز ',NULL,NULL,NULL,1,'99949964',NULL,NULL,NULL,NULL,'2024-01-24 12:07:35','2024-01-24 12:08:35',NULL,NULL,NULL,NULL,NULL,NULL,1,0,'18'),(1955,'دلال سلطان جوهر السلطان',NULL,NULL,NULL,1,'51565165',NULL,NULL,NULL,NULL,'2024-01-24 12:07:35','2024-01-24 12:08:35',NULL,NULL,NULL,NULL,NULL,NULL,1,0,'18'),(1956,'عبدالامير جاسم محمد خان',NULL,NULL,NULL,1,'95577933',NULL,NULL,NULL,NULL,'2024-01-24 12:07:35','2024-01-24 12:08:35',NULL,NULL,NULL,NULL,NULL,NULL,1,0,'18'),(1957,'ناصر هشام السيد عبد الرحمن',NULL,NULL,NULL,1,'99703632',NULL,NULL,NULL,NULL,'2024-01-24 12:07:35','2024-01-24 12:08:35',NULL,NULL,NULL,NULL,NULL,NULL,1,0,'18'),(1958,'كارمن برافو ',NULL,NULL,NULL,1,'51133106',NULL,NULL,NULL,NULL,'2024-01-24 12:07:35','2024-01-24 12:08:35',NULL,NULL,NULL,NULL,NULL,NULL,1,0,'18'),(1959,'الفضل عباس غلوم',NULL,NULL,NULL,1,'55238463',NULL,NULL,NULL,NULL,'2024-01-24 12:07:35','2024-01-24 12:08:35',NULL,NULL,NULL,NULL,NULL,NULL,1,0,'18'),(1960,'محمد حسين نصر الله',NULL,NULL,NULL,1,'65058966',NULL,NULL,NULL,NULL,'2024-01-24 12:07:35','2024-01-24 12:08:35',NULL,NULL,NULL,NULL,NULL,NULL,1,0,'18'),(1961,'خالدة جاسم محمد سعيد',NULL,NULL,NULL,1,'69999679',NULL,NULL,NULL,NULL,'2024-01-24 12:07:35','2024-01-24 12:08:35',NULL,NULL,NULL,NULL,NULL,NULL,1,0,'18'),(1962,'مطيع فالح العجمي',NULL,NULL,NULL,1,'55571719',NULL,NULL,NULL,NULL,'2024-01-24 12:07:35','2024-01-24 12:08:35',NULL,NULL,NULL,NULL,NULL,NULL,1,0,'18'),(1963,'شركة سديم الوطنيه لتوصيل الطلبات',NULL,NULL,NULL,1,'97697091',NULL,NULL,NULL,NULL,'2024-01-24 12:07:35','2024-01-24 12:08:35',NULL,NULL,NULL,NULL,NULL,NULL,1,0,'18'),(1964,'عبيد فالح عبدالله البادي',NULL,NULL,NULL,1,'99703240',NULL,NULL,NULL,NULL,'2024-01-24 12:07:35','2024-01-24 12:08:35',NULL,NULL,NULL,NULL,NULL,NULL,1,0,'18'),(1965,'مؤيد عبدالحميد سلمان العيسى',NULL,NULL,NULL,1,'97654448',NULL,NULL,NULL,NULL,'2024-01-24 12:07:35','2024-01-24 12:08:35',NULL,NULL,NULL,NULL,NULL,NULL,1,0,'18'),(1966,'فالح حمد عايض العازمي',NULL,NULL,NULL,1,'55516633',NULL,NULL,NULL,NULL,'2024-01-24 12:07:35','2024-01-24 12:08:35',NULL,NULL,NULL,NULL,NULL,NULL,1,0,'18'),(1967,'شركة مودش المتحده ',NULL,NULL,NULL,1,'96626905',NULL,NULL,NULL,NULL,'2024-01-24 12:07:35','2024-01-24 12:08:35',NULL,NULL,NULL,NULL,NULL,NULL,1,0,'18'),(1968,'عبدالهادي طاهر صالح',NULL,NULL,NULL,1,'99690008',NULL,NULL,NULL,NULL,'2024-01-24 12:07:35','2024-01-24 12:08:35',NULL,NULL,NULL,NULL,NULL,NULL,1,0,'18'),(1969,'حسين جليل بارون كمال',NULL,NULL,NULL,1,'66407588',NULL,NULL,NULL,NULL,'2024-01-24 12:07:35','2024-01-24 12:08:35',NULL,NULL,NULL,NULL,NULL,NULL,1,0,'18'),(1970,'علياء احمد عبدالله',NULL,NULL,NULL,1,'66466553',NULL,NULL,NULL,NULL,'2024-01-24 12:07:35','2024-01-24 12:08:35',NULL,NULL,NULL,NULL,NULL,NULL,1,0,'18'),(1971,'عمرو حمدي حسن عبدالحميد علي',NULL,NULL,NULL,1,'66557082',NULL,NULL,NULL,NULL,'2024-01-24 12:07:35','2024-01-24 12:08:35',NULL,NULL,NULL,NULL,NULL,NULL,1,0,'18'),(1972,'نواف مرزوق لافي المطيري',NULL,NULL,NULL,1,'99055100',NULL,NULL,NULL,NULL,'2024-01-24 12:07:35','2024-01-24 12:08:35',NULL,NULL,NULL,NULL,NULL,NULL,1,0,'18'),(1973,'جمال عبدالله عبدالرزاق',NULL,NULL,NULL,1,'99017115',NULL,NULL,NULL,NULL,'2024-01-24 12:07:35','2024-01-24 12:08:35',NULL,NULL,NULL,NULL,NULL,NULL,1,0,'18'),(1974,'حصه قبيل مبارك الرشيدي',NULL,NULL,NULL,1,'55668920',NULL,NULL,NULL,NULL,'2024-01-24 12:07:35','2024-01-24 12:08:35',NULL,NULL,NULL,NULL,NULL,NULL,1,0,'18'),(1975,'ساره عبدالهادي سعد العجمي',NULL,NULL,NULL,1,'66586476',NULL,NULL,NULL,NULL,'2024-01-24 12:07:35','2024-01-24 12:08:35',NULL,NULL,NULL,NULL,NULL,NULL,1,0,'18'),(1976,'عبدالرحمن وائل محمد المساعد',NULL,NULL,NULL,1,'66697515',NULL,NULL,NULL,NULL,'2024-01-24 12:07:35','2024-01-24 12:08:35',NULL,NULL,NULL,NULL,NULL,NULL,1,0,'18'),(1977,'فاطمه احمد موسى الصايغ',NULL,NULL,NULL,1,'94000992',NULL,NULL,NULL,NULL,'2024-01-24 12:07:35','2024-01-24 12:08:35',NULL,NULL,NULL,NULL,NULL,NULL,1,0,'18'),(1978,'مصطفى فتحي العفيفي',NULL,NULL,NULL,1,'65140999',NULL,NULL,NULL,NULL,'2024-01-24 12:07:35','2024-01-24 12:08:35',NULL,NULL,NULL,NULL,NULL,NULL,1,0,'18'),(1979,'ماجد عبدالرحمن علي البعيجان',NULL,NULL,NULL,1,'51177890',NULL,NULL,NULL,NULL,'2024-01-24 12:07:35','2024-01-24 12:08:35',NULL,NULL,NULL,NULL,NULL,NULL,1,0,'18'),(1980,'براك علي براك العازمي',NULL,NULL,NULL,1,'50071003',NULL,NULL,NULL,NULL,'2024-01-24 12:07:35','2024-01-24 12:08:35',NULL,NULL,NULL,NULL,NULL,NULL,1,0,'18'),(1981,'امال سعد الزليط',NULL,NULL,NULL,1,'94955017',NULL,NULL,NULL,NULL,'2024-01-24 12:07:35','2024-01-24 12:08:35',NULL,NULL,NULL,NULL,NULL,NULL,1,0,'18'),(1982,'غاده السيد العربي احمد',NULL,NULL,NULL,1,'50506352',NULL,NULL,NULL,NULL,'2024-01-24 12:07:35','2024-01-24 12:08:35',NULL,NULL,NULL,NULL,NULL,NULL,1,0,'18'),(1983,'اشرف سعد مسعود ذكي',NULL,NULL,NULL,1,'56609673',NULL,NULL,NULL,NULL,'2024-01-24 12:07:35','2024-01-24 12:08:35',NULL,NULL,NULL,NULL,NULL,NULL,1,0,'18'),(1984,'زهره سالم صالح سنافي',NULL,NULL,NULL,1,'55777284',NULL,NULL,NULL,NULL,'2024-01-24 12:07:35','2024-01-24 12:08:35',NULL,NULL,NULL,NULL,NULL,NULL,1,0,'18'),(1985,'افراح حايف عمير الشمري',NULL,NULL,NULL,1,'97541417',NULL,NULL,NULL,NULL,'2024-01-24 12:07:35','2024-01-24 12:08:35',NULL,NULL,NULL,NULL,NULL,NULL,1,0,'18'),(1986,'مشعل محمد راشد الفقعان',NULL,NULL,NULL,1,'66155333',NULL,NULL,NULL,NULL,'2024-01-24 12:07:35','2024-01-24 12:08:35',NULL,NULL,NULL,NULL,NULL,NULL,1,0,'18'),(1987,'عبدالله عيد حمود الزعبي ',NULL,NULL,NULL,1,'98989872',NULL,NULL,NULL,NULL,'2024-01-24 12:07:35','2024-01-24 12:08:35',NULL,NULL,NULL,NULL,NULL,NULL,1,0,'18'),(1988,'شركة جلوبال العصريه',NULL,NULL,NULL,1,'66702287',NULL,NULL,NULL,NULL,'2024-01-24 12:07:35','2024-01-24 12:08:35',NULL,NULL,NULL,NULL,NULL,NULL,1,0,'18'),(1989,'مريم عبدالله عامر الهاجري',NULL,NULL,NULL,1,'98882719',NULL,NULL,NULL,NULL,'2024-01-24 12:07:35','2024-01-24 12:08:35',NULL,NULL,NULL,NULL,NULL,NULL,1,0,'18'),(1990,'ساره زكي محمد عبدالعظيم',NULL,NULL,NULL,1,'66951937',NULL,NULL,NULL,NULL,'2024-01-24 12:07:35','2024-01-24 12:08:35',NULL,NULL,NULL,NULL,NULL,NULL,1,0,'18'),(1991,'وضحه فواز مبارك القريان',NULL,NULL,NULL,1,'50514432',NULL,NULL,NULL,NULL,'2024-01-24 12:07:35','2024-01-24 12:08:35',NULL,NULL,NULL,NULL,NULL,NULL,1,0,'18'),(1992,'الاء احمد ندر عبدالرحمن كلش',NULL,NULL,NULL,1,'99888262',NULL,NULL,NULL,NULL,'2024-01-24 12:07:36','2024-01-24 12:08:35',NULL,NULL,NULL,NULL,NULL,NULL,1,0,'18'),(1993,'هادي محمد زبيان الرشيدي',NULL,NULL,NULL,1,'96963040',NULL,NULL,NULL,NULL,'2024-01-24 12:07:36','2024-01-24 12:08:35',NULL,NULL,NULL,NULL,NULL,NULL,1,0,'18'),(1994,'حسين احمد ياسين الامير',NULL,NULL,NULL,1,'64449288',NULL,NULL,NULL,NULL,'2024-01-24 12:07:36','2024-01-24 12:08:35',NULL,NULL,NULL,NULL,NULL,NULL,1,0,'18'),(1995,'احمد عبدالعزيز عقيل الشمري',NULL,NULL,NULL,1,'51055148',NULL,NULL,NULL,NULL,'2024-01-24 12:07:36','2024-01-24 12:08:35',NULL,NULL,NULL,NULL,NULL,NULL,1,0,'18'),(1996,'هند جاسم محمد سالم الكعبي',NULL,NULL,NULL,1,'50077936',NULL,NULL,NULL,NULL,'2024-01-24 12:07:36','2024-01-24 12:08:35',NULL,NULL,NULL,NULL,NULL,NULL,1,0,'18'),(1997,'خالد عبداللطيف الدعي',NULL,NULL,NULL,1,'99115597',NULL,NULL,NULL,NULL,'2024-01-24 12:07:36','2024-01-24 12:08:35',NULL,NULL,NULL,NULL,NULL,NULL,1,0,'18'),(1998,'عمر عبدالرحيم نايف الخطيب',NULL,NULL,NULL,1,'55335154',NULL,NULL,NULL,NULL,'2024-01-24 12:07:36','2024-01-24 12:08:35',NULL,NULL,NULL,NULL,NULL,NULL,1,0,'18'),(1999,'شركة سويت ستور للاسواق',NULL,NULL,NULL,1,'60009713',NULL,NULL,NULL,NULL,'2024-01-24 12:07:36','2024-01-24 12:08:35',NULL,NULL,NULL,NULL,NULL,NULL,1,0,'18'),(2000,'باسمه خضر جابر بخيت',NULL,NULL,NULL,1,'95505233/95558678',NULL,NULL,NULL,NULL,'2024-01-24 12:07:36','2024-01-24 12:08:35',NULL,NULL,NULL,NULL,NULL,NULL,1,0,'18'),(2001,'ابراهيم عبيسى عبدالله الحمر',NULL,NULL,NULL,1,'99600677/50901011',NULL,NULL,NULL,NULL,'2024-01-24 12:07:36','2024-01-24 12:08:35',NULL,NULL,NULL,NULL,NULL,NULL,1,0,'18'),(2002,'خالد فهد فلاح الخرينج',NULL,NULL,NULL,1,'97389331',NULL,NULL,NULL,NULL,'2024-01-24 12:07:36','2024-01-24 12:08:35',NULL,NULL,NULL,NULL,NULL,NULL,1,0,'18'),(2003,'وفاء صالح عبد الخضر ',NULL,NULL,NULL,1,'99061460',NULL,NULL,NULL,NULL,'2024-01-24 12:07:36','2024-01-24 12:08:35',NULL,NULL,NULL,NULL,NULL,NULL,1,0,'18'),(2004,'عمار عدنان عبدالعزيز ',NULL,NULL,NULL,1,'92222896',NULL,NULL,NULL,NULL,'2024-01-24 12:07:36','2024-01-24 12:08:35',NULL,NULL,NULL,NULL,NULL,NULL,1,0,'18'),(2005,'علا ابراهيم عبدالرزاق',NULL,NULL,NULL,1,'56646650',NULL,NULL,NULL,NULL,'2024-01-24 12:07:36','2024-01-24 12:08:35',NULL,NULL,NULL,NULL,NULL,NULL,1,0,'18'),(2006,'غاده سعيد كمال',NULL,NULL,NULL,1,'55563368',NULL,NULL,NULL,NULL,'2024-01-24 12:07:36','2024-01-24 12:08:35',NULL,NULL,NULL,NULL,NULL,NULL,1,0,'18'),(2007,'ثامر محمد العجمي',NULL,NULL,NULL,1,'55359923',NULL,NULL,NULL,NULL,'2024-01-24 12:07:36','2024-01-24 12:08:35',NULL,NULL,NULL,NULL,NULL,NULL,1,0,'18'),(2008,'زهراء محمد جواد جاسم',NULL,NULL,NULL,1,'66022661',NULL,NULL,NULL,NULL,'2024-01-24 12:07:36','2024-01-24 12:08:35',NULL,NULL,NULL,NULL,NULL,NULL,1,0,'18'),(2009,'وضاح منصور عباس مقامس',NULL,NULL,NULL,1,'60306020',NULL,NULL,NULL,NULL,'2024-01-24 12:07:36','2024-01-24 12:08:35',NULL,NULL,NULL,NULL,NULL,NULL,1,0,'18'),(2010,'شيماء محمد عباس بن حسين ',NULL,NULL,NULL,1,'55263322',NULL,NULL,NULL,NULL,'2024-01-24 12:07:36','2024-01-24 12:08:35',NULL,NULL,NULL,NULL,NULL,NULL,1,0,'18'),(2011,'مشاري عطالله عقيل مشعل ',NULL,NULL,NULL,1,'55457009',NULL,NULL,NULL,NULL,'2024-01-24 12:07:36','2024-01-24 12:08:35',NULL,NULL,NULL,NULL,NULL,NULL,1,0,'18'),(2012,'الشركة الكويتيه للتمويل والاستثمار ',NULL,NULL,NULL,1,'66362639',NULL,NULL,NULL,NULL,'2024-01-24 12:07:36','2024-01-24 12:08:35',NULL,NULL,NULL,NULL,NULL,NULL,1,0,'18'),(2013,'خالد محمد احمد الحمد ',NULL,NULL,NULL,1,'99880835',NULL,NULL,NULL,NULL,'2024-01-24 12:07:36','2024-01-24 12:08:35',NULL,NULL,NULL,NULL,NULL,NULL,1,0,'18'),(2014,'محمد جاسم احمد الشطي ',NULL,NULL,NULL,1,'97531111',NULL,NULL,NULL,NULL,'2024-01-24 12:07:36','2024-01-24 12:08:35',NULL,NULL,NULL,NULL,NULL,NULL,1,0,'18'),(2015,'احمد علاء الدين سيد رشدي ',NULL,NULL,NULL,1,'99736010',NULL,NULL,NULL,NULL,'2024-01-24 12:07:36','2024-01-24 12:08:35',NULL,NULL,NULL,NULL,NULL,NULL,1,0,'18'),(2016,'ماجد محمد عبدالحليم محمد حسن ',NULL,NULL,NULL,1,'90921046',NULL,NULL,NULL,NULL,'2024-01-24 12:07:36','2024-01-24 12:08:35',NULL,NULL,NULL,NULL,NULL,NULL,1,0,'18'),(2017,'شعيب عبدالسلام شعيب ',NULL,NULL,NULL,1,'50800097',NULL,NULL,NULL,NULL,'2024-01-24 12:07:36','2024-01-24 12:08:35',NULL,NULL,NULL,NULL,NULL,NULL,1,0,'18'),(2018,'الشركة الكويتيه للتمويل والاستثمار ',NULL,NULL,NULL,1,'94948199',NULL,NULL,NULL,NULL,'2024-01-24 12:07:36','2024-01-24 12:08:35',NULL,NULL,NULL,NULL,NULL,NULL,1,0,'18'),(2019,'سعد فيصل حبيب',NULL,NULL,NULL,1,'99815157',NULL,NULL,NULL,NULL,'2024-01-24 12:07:36','2024-01-24 12:08:35',NULL,NULL,NULL,NULL,NULL,NULL,1,0,'18'),(2020,'خليفه عبدالعزيز علي الغانم ',NULL,NULL,NULL,1,'99736097',NULL,NULL,NULL,NULL,'2024-01-24 12:07:36','2024-01-24 12:08:35',NULL,NULL,NULL,NULL,NULL,NULL,1,0,'18'),(2021,'شركة مرتاح لتوصيل الطلبات ',NULL,NULL,NULL,1,'66986257',NULL,NULL,NULL,NULL,'2024-01-24 12:07:36','2024-01-24 12:08:35',NULL,NULL,NULL,NULL,NULL,NULL,1,0,'18'),(2022,'سناء عبدالرحمن ابراهيم السيف',NULL,NULL,NULL,1,'90955050',NULL,NULL,NULL,NULL,'2024-01-24 12:07:36','2024-01-24 12:08:35',NULL,NULL,NULL,NULL,NULL,NULL,1,0,'18'),(2023,'يعقوب فاضل عبدالرحمن',NULL,NULL,NULL,1,'97686020',NULL,NULL,NULL,NULL,'2024-01-24 12:07:36','2024-01-24 12:08:35',NULL,NULL,NULL,NULL,NULL,NULL,1,0,'18'),(2024,'اسماء نبيل احمد العثمان',NULL,NULL,NULL,1,'90022450',NULL,NULL,NULL,NULL,'2024-01-24 12:07:36','2024-01-24 12:08:35',NULL,NULL,NULL,NULL,NULL,NULL,1,0,'18'),(2025,'عبدالله بدر عبدالله العلي',NULL,NULL,NULL,1,'94001456',NULL,NULL,NULL,NULL,'2024-01-24 12:07:36','2024-01-24 12:08:35',NULL,NULL,NULL,NULL,NULL,NULL,1,0,'18'),(2026,'احمد محمد المصرى',NULL,NULL,NULL,1,'99697001',NULL,NULL,NULL,NULL,'2024-01-24 12:07:36','2024-01-24 12:08:35',NULL,NULL,NULL,NULL,NULL,NULL,1,0,'18'),(2027,'رامي نضال قعقراني',NULL,NULL,NULL,1,'66839205',NULL,NULL,NULL,NULL,'2024-01-24 12:07:36','2024-01-24 12:08:35',NULL,NULL,NULL,NULL,NULL,NULL,1,0,'18'),(2028,'فاطمه سعد الرشيدي',NULL,NULL,NULL,1,'65655591',NULL,NULL,NULL,NULL,'2024-01-24 12:07:36','2024-01-24 12:08:35',NULL,NULL,NULL,NULL,NULL,NULL,1,0,'18'),(2029,'فاطمه ثامر ناصر الشمري ',NULL,NULL,NULL,1,'55148105',NULL,NULL,NULL,NULL,'2024-01-24 12:07:36','2024-01-24 12:08:35',NULL,NULL,NULL,NULL,NULL,NULL,1,0,'18'),(2030,'مشعل محمد احمد الخميس',NULL,NULL,NULL,1,'55222878',NULL,NULL,NULL,NULL,'2024-01-24 12:07:36','2024-01-24 12:08:35',NULL,NULL,NULL,NULL,NULL,NULL,1,0,'18'),(2031,'ابراهيم ابراهيم سعد',NULL,NULL,NULL,1,'60388993',NULL,NULL,NULL,NULL,'2024-01-24 12:07:36','2024-01-24 12:08:35',NULL,NULL,NULL,NULL,NULL,NULL,1,0,'18'),(2032,'حسين قمبر مختار',NULL,NULL,NULL,1,'97179393',NULL,NULL,NULL,NULL,'2024-01-24 12:07:36','2024-01-24 12:08:35',NULL,NULL,NULL,NULL,NULL,NULL,1,0,'18'),(2033,'هديل قاسم عودة',NULL,NULL,NULL,1,'55665805',NULL,NULL,NULL,NULL,'2024-01-24 12:07:36','2024-01-24 12:08:35',NULL,NULL,NULL,NULL,NULL,NULL,1,0,'18'),(2034,'رائد كنجو',NULL,NULL,NULL,1,'97928849',NULL,NULL,NULL,NULL,'2024-01-24 12:07:36','2024-01-24 12:08:35',NULL,NULL,NULL,NULL,NULL,NULL,1,0,'18'),(2035,'شيخه شنات ',NULL,NULL,NULL,1,'90000689',NULL,NULL,NULL,NULL,'2024-01-24 12:07:36','2024-01-24 12:08:35',NULL,NULL,NULL,NULL,NULL,NULL,1,0,'18'),(2036,'ناديه رياض عبد الحميد',NULL,NULL,NULL,1,'99945045',NULL,NULL,NULL,NULL,'2024-01-24 12:07:36','2024-01-24 12:08:35',NULL,NULL,NULL,NULL,NULL,NULL,1,0,'18'),(2037,'فى فهد ناصر الفرهود',NULL,NULL,NULL,1,'67080908',NULL,NULL,NULL,NULL,'2024-01-24 12:07:36','2024-01-24 12:08:35',NULL,NULL,NULL,NULL,NULL,NULL,1,0,'18'),(2038,'سليمان فهد سليمان ',NULL,NULL,NULL,1,'94968822',NULL,NULL,NULL,NULL,'2024-01-24 12:07:36','2024-01-24 12:08:35',NULL,NULL,NULL,NULL,NULL,NULL,1,0,'18'),(2039,'بلال حامد مصطفى',NULL,NULL,NULL,1,'96024669',NULL,NULL,NULL,NULL,'2024-01-24 12:07:36','2024-01-24 12:08:35',NULL,NULL,NULL,NULL,NULL,NULL,1,0,'18'),(2040,'فاطمه يوسف علي الصفار ',NULL,NULL,NULL,1,'66625277',NULL,NULL,NULL,NULL,'2024-01-24 12:07:36','2024-01-24 12:08:35',NULL,NULL,NULL,NULL,NULL,NULL,1,0,'18'),(2041,'علي حسين زنكي غلوم ',NULL,NULL,NULL,1,'97505966',NULL,NULL,NULL,NULL,'2024-01-24 12:07:36','2024-01-24 12:08:35',NULL,NULL,NULL,NULL,NULL,NULL,1,0,'18'),(2042,'ظاهر ناصر العنزي ',NULL,NULL,NULL,1,'55513132',NULL,NULL,NULL,NULL,'2024-01-24 12:07:36','2024-01-24 12:08:35',NULL,NULL,NULL,NULL,NULL,NULL,1,0,'18'),(2043,'مؤسسة مشعل الشمالي للتجاره العامه ',NULL,NULL,NULL,1,'52225676',NULL,NULL,NULL,NULL,'2024-01-24 12:07:36','2024-01-24 12:08:35',NULL,NULL,NULL,NULL,NULL,NULL,1,0,'18'),(2044,'سناء شنان عبدالله ',NULL,NULL,NULL,1,'99333751',NULL,NULL,NULL,NULL,'2024-01-24 12:07:36','2024-01-24 12:08:35',NULL,NULL,NULL,NULL,NULL,NULL,1,0,'18'),(2045,'بدر فهد عبدالعزيز ',NULL,NULL,NULL,1,'99774644',NULL,NULL,NULL,NULL,'2024-01-24 12:07:36','2024-01-24 12:08:35',NULL,NULL,NULL,NULL,NULL,NULL,1,0,'18'),(2046,'منى فوزى رمضان ',NULL,NULL,NULL,1,'96905443',NULL,NULL,NULL,NULL,'2024-01-24 12:07:36','2024-01-24 12:08:35',NULL,NULL,NULL,NULL,NULL,NULL,1,0,'18'),(2047,'عبد اللة الابراهيم',NULL,NULL,NULL,1,'66597070',NULL,NULL,NULL,NULL,'2024-01-24 12:07:36','2024-01-24 12:08:35',NULL,NULL,NULL,NULL,NULL,NULL,1,0,'18'),(2048,'مريم مطر كريدي ',NULL,NULL,NULL,1,'66637702',NULL,NULL,NULL,NULL,'2024-01-24 12:07:36','2024-01-24 12:08:35',NULL,NULL,NULL,NULL,NULL,NULL,1,0,'18'),(2049,'بتول طلال جعيدان العنزي ',NULL,NULL,NULL,1,'51034111',NULL,NULL,NULL,NULL,'2024-01-24 12:07:36','2024-01-24 12:08:35',NULL,NULL,NULL,NULL,NULL,NULL,1,0,'18'),(2050,'خلود عبد اللة',NULL,NULL,NULL,1,'97834116',NULL,NULL,NULL,NULL,'2024-01-24 12:07:36','2024-01-24 12:08:35',NULL,NULL,NULL,NULL,NULL,NULL,1,0,'18'),(2051,'مستشفى العرف ',NULL,NULL,NULL,1,'69090835',NULL,NULL,NULL,NULL,'2024-01-24 12:07:36','2024-01-24 12:08:35',NULL,NULL,NULL,NULL,NULL,NULL,1,0,'18'),(2052,'جمانه محمد دوشى',NULL,NULL,NULL,1,'55797777',NULL,NULL,NULL,NULL,'2024-01-24 12:07:36','2024-01-24 12:08:35',NULL,NULL,NULL,NULL,NULL,NULL,1,0,'18'),(2053,'مشارى احمد فرحان',NULL,NULL,NULL,1,'65592829',NULL,NULL,NULL,NULL,'2024-01-24 12:07:36','2024-01-24 12:08:35',NULL,NULL,NULL,NULL,NULL,NULL,1,0,'18'),(2054,'فضه بسام خليل',NULL,NULL,NULL,1,'63331861',NULL,NULL,NULL,NULL,'2024-01-24 12:07:36','2024-01-24 12:08:35',NULL,NULL,NULL,NULL,NULL,NULL,1,0,'18'),(2055,'رضيه عبد الرسول',NULL,NULL,NULL,1,'99564445',NULL,NULL,NULL,NULL,'2024-01-24 12:07:36','2024-01-24 12:08:35',NULL,NULL,NULL,NULL,NULL,NULL,1,0,'18'),(2056,'غاليه عبد الر حمن',NULL,NULL,NULL,1,'55017175',NULL,NULL,NULL,NULL,'2024-01-24 12:07:36','2024-01-24 12:08:35',NULL,NULL,NULL,NULL,NULL,NULL,1,0,'18'),(2057,'شروق احمد محمد',NULL,NULL,NULL,1,'66540450',NULL,NULL,NULL,NULL,'2024-01-24 12:07:36','2024-01-24 12:08:35',NULL,NULL,NULL,NULL,NULL,NULL,1,0,'18'),(2058,'طلال جمال ناصر',NULL,NULL,NULL,1,'99784966',NULL,NULL,NULL,NULL,'2024-01-24 12:07:36','2024-01-24 12:08:35',NULL,NULL,NULL,NULL,NULL,NULL,1,0,'18'),(2059,'ناصر عباس فرحانى',NULL,NULL,NULL,1,'60004881',NULL,NULL,NULL,NULL,'2024-01-24 12:07:36','2024-01-24 12:08:35',NULL,NULL,NULL,NULL,NULL,NULL,1,0,'18'),(2060,'ايمان يوسف يعقوب خلف ',NULL,NULL,NULL,1,'99515707',NULL,NULL,NULL,NULL,'2024-01-24 12:07:36','2024-01-24 12:08:35',NULL,NULL,NULL,NULL,NULL,NULL,1,0,'18'),(2061,'نانسي جمال جابر علام ',NULL,NULL,NULL,1,'97626360',NULL,NULL,NULL,NULL,'2024-01-24 12:07:36','2024-01-24 12:08:35',NULL,NULL,NULL,NULL,NULL,NULL,1,0,'18'),(2062,'في محمد عكرش ',NULL,NULL,NULL,1,'99830999',NULL,NULL,NULL,NULL,'2024-01-24 12:07:36','2024-01-24 12:08:35',NULL,NULL,NULL,NULL,NULL,NULL,1,0,'18'),(2063,'فهد محمد ناصر العجمي ',NULL,NULL,NULL,1,'98002284',NULL,NULL,NULL,NULL,'2024-01-24 12:07:36','2024-01-24 12:08:35',NULL,NULL,NULL,NULL,NULL,NULL,1,0,'18'),(2064,'نايف اتفي جاعد المطيري ',NULL,NULL,NULL,1,'65700666',NULL,NULL,NULL,NULL,'2024-01-24 12:07:36','2024-01-24 12:08:35',NULL,NULL,NULL,NULL,NULL,NULL,1,0,'18'),(2065,'زهرة رضا محمد ',NULL,NULL,NULL,1,'66020100',NULL,NULL,NULL,NULL,'2024-01-24 12:07:36','2024-01-24 12:08:35',NULL,NULL,NULL,NULL,NULL,NULL,1,0,'18'),(2066,'مبارك فهد هابس العتيبي ',NULL,NULL,NULL,1,'91111216',NULL,NULL,NULL,NULL,'2024-01-24 12:07:36','2024-01-24 12:08:35',NULL,NULL,NULL,NULL,NULL,NULL,1,0,'18'),(2067,'اصايل بندر شفاقه ',NULL,NULL,NULL,1,'55949434',NULL,NULL,NULL,NULL,'2024-01-24 12:07:36','2024-01-24 12:08:35',NULL,NULL,NULL,NULL,NULL,NULL,1,0,'18'),(2068,'جهاد محمد ماجد ',NULL,NULL,NULL,1,'99310478',NULL,NULL,NULL,NULL,'2024-01-24 12:07:36','2024-01-24 12:08:35',NULL,NULL,NULL,NULL,NULL,NULL,1,0,'18'),(2069,'الشيخ / عبد الله فيصل خليفه الصباح ',NULL,NULL,NULL,1,'66127058',NULL,NULL,NULL,NULL,'2024-01-24 12:07:36','2024-01-24 12:08:35',NULL,NULL,NULL,NULL,NULL,NULL,1,0,'18'),(2070,'احمد عبدالله احمد ',NULL,NULL,NULL,1,'67099026',NULL,NULL,NULL,NULL,'2024-01-24 12:07:36','2024-01-24 12:08:35',NULL,NULL,NULL,NULL,NULL,NULL,1,0,'18'),(2071,'اميرة كاظم ابراهيم',NULL,NULL,NULL,1,'60607745',NULL,NULL,NULL,NULL,'2024-01-24 12:07:36','2024-01-24 12:08:35',NULL,NULL,NULL,NULL,NULL,NULL,1,0,'18'),(2072,'محمد مصطفى محمد ياسين',NULL,NULL,NULL,1,'60059590',NULL,NULL,NULL,NULL,'2024-01-24 12:07:36','2024-01-24 12:08:35',NULL,NULL,NULL,NULL,NULL,NULL,1,0,'18'),(2073,'عواطف ابراهيم حسين',NULL,NULL,NULL,1,'99645796',NULL,NULL,NULL,NULL,'2024-01-24 12:07:36','2024-01-24 12:08:35',NULL,NULL,NULL,NULL,NULL,NULL,1,0,'18'),(2074,'جعفر محمد مختار',NULL,NULL,NULL,1,'99990219',NULL,NULL,NULL,NULL,'2024-01-24 12:07:36','2024-01-24 12:08:35',NULL,NULL,NULL,NULL,NULL,NULL,1,0,'18'),(2075,'خالد مهدى قطيف',NULL,NULL,NULL,1,'55557093',NULL,NULL,NULL,NULL,'2024-01-24 12:07:36','2024-01-24 12:08:35',NULL,NULL,NULL,NULL,NULL,NULL,1,0,'18'),(2076,'دلال محمد العتيبى',NULL,NULL,NULL,1,'55888019',NULL,NULL,NULL,NULL,'2024-01-24 12:07:36','2024-01-24 12:08:35',NULL,NULL,NULL,NULL,NULL,NULL,1,0,'18'),(2077,'خالد وليد رشود',NULL,NULL,NULL,1,'66027111',NULL,NULL,NULL,NULL,'2024-01-24 12:07:36','2024-01-24 12:08:35',NULL,NULL,NULL,NULL,NULL,NULL,1,0,'18'),(2078,'خلود خالد سالم العازمي',NULL,NULL,NULL,1,'98081541',NULL,NULL,NULL,NULL,'2024-01-24 12:07:36','2024-01-24 12:08:35',NULL,NULL,NULL,NULL,NULL,NULL,1,0,'18'),(2079,'امنه راشد حامد العنزي',NULL,NULL,NULL,1,'51175554',NULL,NULL,NULL,NULL,'2024-01-24 12:07:36','2024-01-24 12:08:35',NULL,NULL,NULL,NULL,NULL,NULL,1,0,'18');

--
-- Table structure for table `visitors`
--

CREATE TABLE `visitors` (
  `id` int unsigned NOT NULL AUTO_INCREMENT,
  `device_token` varchar(255) CHARACTER SET utf8mb4 COLLATE utf8mb4_unicode_ci DEFAULT NULL,
  `created_at` timestamp NULL DEFAULT NULL,
  `updated_at` timestamp NULL DEFAULT NULL,
  PRIMARY KEY (`id`)
) ENGINE=InnoDB AUTO_INCREMENT=3 DEFAULT CHARSET=utf8mb4 COLLATE=utf8mb4_unicode_ci;

--
-- Dumping data for table `visitors`
--

INSERT INTO `visitors` (`id`, `device_token`, `created_at`, `updated_at`) VALUES (1,NULL,'2023-02-23 05:21:01','2023-02-23 05:21:01'),(2,'asdasdasdadsa','2023-02-27 08:18:57','2023-02-27 08:18:57');

--
-- Dumping events for database 'topappkw_media'
--

--
-- Dumping routines for database 'topappkw_media'
--


