-- Table structure for table `oauth_auth_codes`
--

CREATE TABLE `oauth_auth_codes` (
  `id` varchar(100) CHARACTER SET utf8mb4 COLLATE utf8mb4_unicode_ci NOT NULL,
  `user_id` bigint unsigned NOT NULL,
  `client_id` bigint unsigned NOT NULL,
  `scopes` text CHARACTER SET utf8mb4 COLLATE utf8mb4_unicode_ci,
  `revoked` tinyint(1) NOT NULL,
  `expires_at` datetime DEFAULT NULL,
  PRIMARY KEY (`id`),
  KEY `oauth_auth_codes_user_id_index` (`user_id`)
) ENGINE=InnoDB DEFAULT CHARSET=utf8mb4 COLLATE=utf8mb4_unicode_ci;

--
-- Dumping data for table `oauth_auth_codes`
--


--
-- Table structure for table `oauth_clients`
--

CREATE TABLE `oauth_clients` (
  `id` bigint unsigned NOT NULL AUTO_INCREMENT,
  `user_id` bigint unsigned DEFAULT NULL,
  `name` varchar(255) CHARACTER SET utf8mb4 COLLATE utf8mb4_unicode_ci NOT NULL,
  `secret` varchar(100) CHARACTER SET utf8mb4 COLLATE utf8mb4_unicode_ci DEFAULT NULL,
  `provider` varchar(255) CHARACTER SET utf8mb4 COLLATE utf8mb4_unicode_ci DEFAULT NULL,
  `redirect` text CHARACTER SET utf8mb4 COLLATE utf8mb4_unicode_ci NOT NULL,
  `personal_access_client` tinyint(1) NOT NULL,
  `password_client` tinyint(1) NOT NULL,
  `revoked` tinyint(1) NOT NULL,
  `created_at` timestamp NULL DEFAULT NULL,
  `updated_at` timestamp NULL DEFAULT NULL,
  PRIMARY KEY (`id`),
  KEY `oauth_clients_user_id_index` (`user_id`)
) ENGINE=InnoDB AUTO_INCREMENT=3 DEFAULT CHARSET=utf8mb4 COLLATE=utf8mb4_unicode_ci;

--
-- Dumping data for table `oauth_clients`
--

INSERT INTO `oauth_clients` (`id`, `user_id`, `name`, `secret`, `provider`, `redirect`, `personal_access_client`, `password_client`, `revoked`, `created_at`, `updated_at`) VALUES (1,NULL,'Laravel Personal Access Client','M5hKJeOymQ5ybOqGLb1ZHeZwAvggkkcZi4jSuwrX',NULL,'http://localhost',1,0,0,'2022-06-22 10:12:48','2022-06-22 10:12:48'),(2,NULL,'Laravel Password Grant Client','oiElx9TLRlbGMJYB07DzGeD7GcN1SQMxbg24HbDa','users','http://localhost',0,1,0,'2022-06-22 10:12:48','2022-06-22 10:12:48');

--
-- Table structure for table `oauth_personal_access_clients`
--

CREATE TABLE `oauth_personal_access_clients` (
  `id` bigint unsigned NOT NULL AUTO_INCREMENT,
  `client_id` bigint unsigned NOT NULL,
  `created_at` timestamp NULL DEFAULT NULL,
  `updated_at` timestamp NULL DEFAULT NULL,
  PRIMARY KEY (`id`)
) ENGINE=InnoDB AUTO_INCREMENT=2 DEFAULT CHARSET=utf8mb4 COLLATE=utf8mb4_unicode_ci;

--
-- Dumping data for table `oauth_personal_access_clients`
--

INSERT INTO `oauth_personal_access_clients` (`id`, `client_id`, `created_at`, `updated_at`) VALUES (1,1,'2022-06-22 10:12:48','2022-06-22 10:12:48');

--
-- Table structure for table `oauth_refresh_tokens`
--

CREATE TABLE `oauth_refresh_tokens` (
  `id` varchar(100) CHARACTER SET utf8mb4 COLLATE utf8mb4_unicode_ci NOT NULL,
  `access_token_id` varchar(100) CHARACTER SET utf8mb4 COLLATE utf8mb4_unicode_ci NOT NULL,
  `revoked` tinyint(1) NOT NULL,
  `expires_at` datetime DEFAULT NULL,
  PRIMARY KEY (`id`),
  KEY `oauth_refresh_tokens_access_token_id_index` (`access_token_id`)
) ENGINE=InnoDB DEFAULT CHARSET=utf8mb4 COLLATE=utf8mb4_unicode_ci;

--
-- Dumping data for table `oauth_refresh_tokens`
--


--
-- Table structure for table `offer_orders`
--

CREATE TABLE `offer_orders` (
  `id` int unsigned NOT NULL AUTO_INCREMENT,
  `type` varchar(255) CHARACTER SET utf8mb4 COLLATE utf8mb4_unicode_ci DEFAULT NULL,
  `offer_id` int unsigned DEFAULT NULL,
  `order_id` int unsigned DEFAULT NULL,
  `order_product_id` int unsigned DEFAULT NULL,
  `amount` int NOT NULL DEFAULT '1',
  `discount` decimal(8,2) NOT NULL,
  `created_at` timestamp NULL DEFAULT NULL,
  `updated_at` timestamp NULL DEFAULT NULL,
  PRIMARY KEY (`id`),
  KEY `offer_orders_offer_id_foreign` (`offer_id`),
  KEY `offer_orders_order_id_foreign` (`order_id`),
  KEY `offer_orders_order_product_id_foreign` (`order_product_id`),
  CONSTRAINT `offer_orders_offer_id_foreign` FOREIGN KEY (`offer_id`) REFERENCES `offers` (`id`) ON DELETE CASCADE,
  CONSTRAINT `offer_orders_order_id_foreign` FOREIGN KEY (`order_id`) REFERENCES `orders` (`id`) ON DELETE CASCADE,
  CONSTRAINT `offer_orders_order_product_id_foreign` FOREIGN KEY (`order_product_id`) REFERENCES `product_orders` (`id`) ON DELETE CASCADE
) ENGINE=InnoDB DEFAULT CHARSET=utf8mb4 COLLATE=utf8mb4_unicode_ci;

--
-- Dumping data for table `offer_orders`
--


--
-- Table structure for table `offer_translations`
--

CREATE TABLE `offer_translations` (
  `id` int unsigned NOT NULL AUTO_INCREMENT,
  `offer_id` int unsigned NOT NULL,
  `title` varchar(255) CHARACTER SET utf8mb4 COLLATE utf8mb4_unicode_ci NOT NULL,
  `show_title` varchar(191) CHARACTER SET utf8mb4 COLLATE utf8mb4_unicode_ci DEFAULT NULL,
  `content` text CHARACTER SET utf8mb4 COLLATE utf8mb4_unicode_ci NOT NULL,
  `locale` varchar(255) CHARACTER SET utf8mb4 COLLATE utf8mb4_unicode_ci NOT NULL,
  `created_at` timestamp NULL DEFAULT NULL,
  `updated_at` timestamp NULL DEFAULT NULL,
  PRIMARY KEY (`id`),
  UNIQUE KEY `offer_translations_offer_id_locale_unique` (`offer_id`,`locale`),
  KEY `offer_translations_locale_index` (`locale`),
  CONSTRAINT `offer_translations_offer_id_foreign` FOREIGN KEY (`offer_id`) REFERENCES `offers` (`id`) ON DELETE CASCADE
) ENGINE=InnoDB AUTO_INCREMENT=77 DEFAULT CHARSET=utf8mb4 COLLATE=utf8mb4_unicode_ci;

--
-- Dumping data for table `offer_translations`
--

INSERT INTO `offer_translations` (`id`, `offer_id`, `title`, `show_title`, `content`, `locale`, `created_at`, `updated_at`) VALUES (7,4,'Buy 2 Get 1','اشتري 2 واحصل على 1 BELLA','<pre>\r\nاشتري 2 واحصل على 1</pre>','ar',NULL,NULL),(8,4,'Buy 2 Get 1','BUY 2 GET 1 BELLA','<p>Buy 2 Get 1</p>','en',NULL,NULL),(9,5,'اشتري 3 واحصل على 1','اشتري 3 واحصل على 1  BELLA','<p>Buy 3 Get 1</p>','ar',NULL,NULL),(10,5,'Buy 3 Get 1','BUY 3 GET 1 BELLA','<p>Buy 3 Get 1</p>','en',NULL,NULL),(13,7,'اشتري 2 واحصل على 1  AMARA','شتري 2 واحصل على 1  AMARA','<p>Amara</p>','ar',NULL,NULL),(14,7,'BUY 2 GET 1 AMARA','BUY 2 GET 1 AMARA','<p>Amara</p>','en',NULL,NULL),(15,8,'اشتري 3 واحصل على 1','اشتري 3 واحصل على 1 AMARA','<p>Amara</p>','ar',NULL,NULL),(16,8,'Buy 3 Get 1','BUY 3 GET 1 AMARA','<p>Amara</p>','en',NULL,NULL),(21,11,'اشتري 2 واحصل على 1','اشتري 2 واحصل على 1 FRESHLOOK','<p>Freshlook</p>','ar',NULL,NULL),(22,11,'BUY 2 GET 1','BUY 2 GET 1 FRESHLOOK','<p>Freshlook</p>','en',NULL,NULL),(23,12,'اشتري 2 واحصل على 1','اشتري 2 واحصل على 1 LOROYAL','<p>Loroyal</p>','ar',NULL,NULL),(24,12,'BUY 2 GET 1','BUY 2 GET 1 LOROYAL','<p>Loroyal</p>','en',NULL,NULL),(25,13,'اشتري 3 واحصل على 1','اشتري 3 واحصل على 1 LOROYAL','<p>Loroyal</p>','ar',NULL,NULL),(26,13,'BUY 3 GET 1','BUY 3 GET 1 LOROYAL','<p>Loroyal</p>','en',NULL,NULL),(27,14,'اشتري 2 واحصل على 1','اشتري 2 واحصل على 1 ADORE','<p>Adore</p>','ar',NULL,NULL),(28,14,'BUY 2 GET 1','BUY 2 GET 1 ADORE','<p>Adore</p>','en',NULL,NULL),(29,15,'اشتري 2 واحصل على 1','اشتري 2 واحصل على 1 AYAR','<p>Ayar</p>','ar',NULL,NULL),(30,15,'BUY 2 GET 1','BUY 2 GET 1 AYAR','<p>Ayar</p>','en',NULL,NULL),(31,16,'اشتري 2 واحصل على 1','اشتري 2 واحصل على 1 Cinderella','<p>Cinderella</p>','ar',NULL,NULL),(32,16,'BUY 2 GET 1','BUY 2 GET 1 CINDERELLA','<p>Cinderella</p>','en',NULL,NULL),(33,17,'اشتري 2 واحصل على 1','اشتري 2 واحصل على 1 DAHAB','<p>Dahab</p>','ar',NULL,NULL),(34,17,'BUY 2 GET 1','BUY 2 GET 1 DAHAB','<p>Dahab</p>','en',NULL,NULL),(35,18,'اشتري 2 واحصل على 1','اشتري 2 واحصل على 1 HANADI','<p>Hanadi</p>','ar',NULL,NULL),(36,18,'BUY 2 GET 1','BUY 2 GET 1 HANADI','<p>Hanadi</p>','en',NULL,NULL),(37,19,'اشتري 2 واحصل على 1','اشتري 2 واحصل على 1 JOLIE','<p>Jolie</p>','ar',NULL,NULL),(38,19,'BUY 2 GET 1','BUY 2 GET 1 JOLIE','<p>Jolie</p>','en',NULL,NULL),(39,20,'اشتري 3 واحصل على 1','اشتري 3 واحصل على 1 JOLIE','<p>Jolie</p>','ar',NULL,NULL),(40,20,'BUY 3 GET 1','BUY 3 GET 1 JOLIE','<p>Jolie</p>','en',NULL,NULL),(41,21,'اشتري 2 واحصل على 1','اشتري 2 واحصل على 1 Lareen','<p>Lareen</p>','ar',NULL,NULL),(42,21,'BUY 2 GET 1','BUY 2 GET 1 LAREEN','<p>Lareen</p>','en',NULL,NULL),(43,22,'اشتري 2 واحصل على 1','اشتري 2 واحصل على 1 LUMINOUS','<p>Luminous</p>','ar',NULL,NULL),(44,22,'BUY 2 GET 1','BUY 2 GET 1 LUMINOUS','<p>Luminous</p>','en',NULL,NULL),(45,23,'اشتري 1 واحصل على 1','اشتري 1 واحصل على 1 CV','<p>Clear Vision</p>','ar',NULL,NULL),(46,23,'BUY 1 GET 1 CV','BUY 1 GET 1 CV','<p>Clear Vision</p>','en',NULL,NULL),(47,24,'اشتري 2 واحصل على 1','اشتري 2 واحصل على 1 COOPER VISION','<p>Cooper Vision</p>','ar',NULL,NULL),(48,24,'BUY 2 GET 1','BUY 2 GET 1 COOPER VISION','<p>Cooper Vision</p>','en',NULL,NULL),(49,25,'اشتري 2 واحصل على 1','اشتري 2 واحصل على 1 BL','<p>B + L</p>','ar',NULL,NULL),(50,25,'BUY 2 GET 1','BUY 2 GET 1 BL','<p>B + L</p>','en',NULL,NULL),(51,26,'اشتري 2 واحصل على 1','اشتري 2 واحصل على 1 ALCON','<p>Alcon</p>','ar',NULL,NULL),(52,26,'BUY 2 GET 1','BUY 2 GET 1 ALCON','<p>Alcon</p>','en',NULL,NULL),(53,27,'اشتري 3 واحصل على 1','اشتري 3 واحصل على 1 DAHAB','<p>Dahab Daily</p>','ar',NULL,NULL),(54,27,'BUY 3 GET 1','BUY 3 GET 1 DAHAB','<p>Dahab Daily</p>','en',NULL,NULL),(55,28,'اشتري 2 واحصل على 1','اشتري 2 واحصل على 1 MYLENSE','<p>Buy 2 Get 1 Free</p>','ar',NULL,NULL),(56,28,'BUY 2 GET 1','BUY 2 GET 1 MYLENSE','<p>Mylense</p>','en',NULL,NULL),(57,29,'اشتري 2 واحصل على 1','اشتري 2 واحصل على 1 NATUREL','<p>BUY2 GET 1 NATUREL</p>','ar',NULL,NULL),(58,29,'BUY 2 GET 1','BUY 2 GET 1 NATUREL','<p>BUY2 GET 1 ATUREL</p>','en',NULL,NULL),(59,30,'اشتري 5 واحصل على 2','اشتري 5 واحصل على 2 Jolie','<p>Buy 5 Get 2</p>','ar',NULL,NULL),(60,30,'BUY 5 GET 2','BUY 5 GET 2 JOLIE','<p>Jolie</p>\r\n\r\n<p>&nbsp;</p>','en',NULL,NULL),(67,34,'اشتري 1 واحصل على 1','اشتري 1 واحصل على 1  BELLA','<p>Buy 1 Get 1<br />\r\n&nbsp;</p>','ar',NULL,NULL),(68,34,'Buy 1 Get 1','BUY 1 GET 1 BELLA','<p>Buy 1 Get 1<br />\r\n&nbsp;</p>','en',NULL,NULL),(69,35,'اشتري 1 واحصل على 1  Color Vision','اشتري 1 واحصل على 1 Color Vision','<p>اشتري 1 واحصل على 1</p>','ar',NULL,NULL),(70,35,'Buy 1 Get 1 Color Vision','Buy 1 Get 1 Color Vision','<p><br />\r\nBuy 1 Get 1</p>','en',NULL,NULL),(71,36,'اشتري 3 واحصل على 1','اشتري 3 واحصل على 1 Freshlook','<p>Freshlook</p>','ar',NULL,NULL),(72,36,'BUY 3 GET 1','BUY 3 GET 1 FRESHLOOK','<p>Freshlook</p>','en',NULL,NULL),(73,37,'اشتري 1 واحصل على 1','اشتري 1 واحصل على 1  LOROYAL','<p>LOROYAL</p>','ar',NULL,NULL),(74,37,'Buy 1 Get 1','BUY 1 GET 1 LOROYAL','<p>LOROYAL</p>','en',NULL,NULL),(75,38,'اشتري 3 واحصل على 1','اشتري 3 واحصل على 1 DAHAB','<p>DAHAB</p>','ar',NULL,NULL),(76,38,'BUY 3 GET 1','BUY 3 GET 1 DAHAB','<p>DAHAB</p>','en',NULL,NULL);

--
-- Table structure for table `offers`
--

CREATE TABLE `offers` (
  `id` int unsigned NOT NULL AUTO_INCREMENT,
  `image` varchar(255) CHARACTER SET utf8mb4 COLLATE utf8mb4_unicode_ci DEFAULT NULL,
  `Discount` decimal(8,2) NOT NULL DEFAULT '0.00',
  `Origin` int NOT NULL,
  `Target` int NOT NULL,
  `Active` int NOT NULL DEFAULT '1',
  `created_at` timestamp NULL DEFAULT NULL,
  `updated_at` timestamp NULL DEFAULT NULL,
  PRIMARY KEY (`id`)
) ENGINE=InnoDB AUTO_INCREMENT=39 DEFAULT CHARSET=utf8mb4 COLLATE=utf8mb4_unicode_ci;

--
-- Dumping data for table `offers`
--

INSERT INTO `offers` (`id`, `image`, `Discount`, `Origin`, `Target`, `Active`, `created_at`, `updated_at`) VALUES (4,'2023-04-04-bella-tag-red.jpg',0.00,2,1,1,'2023-03-20 05:16:32','2023-04-04 06:11:04'),(5,'2023-06-19-Bella-offer-three-plus-one.jpg',0.00,3,1,1,'2023-03-20 05:22:06','2023-06-19 11:00:25'),(7,'2023-04-04-amara-red-tag.jpg',0.00,2,1,1,'2023-04-04 06:22:14','2023-09-05 17:26:09'),(8,'2023-06-19-amara-offer.jpg',0.00,3,1,1,'2023-04-04 06:26:28','2023-09-05 17:26:11'),(11,'2023-04-04-collection-for-app-with-offer-2023.jpg',0.00,2,1,1,'2023-04-04 06:57:23','2023-07-03 07:38:19'),(12,'2023-04-04-loroyal2+1.jpg',0.00,2,1,0,'2023-04-04 07:02:18','2023-08-24 10:00:04'),(13,'2023-06-19-loroyal-offer-buy-three-plus-one.jpg',0.00,3,1,0,'2023-04-04 07:07:55','2023-08-24 10:00:05'),(14,'2023-04-04-adore2+1.jpg',0.00,2,1,1,'2023-04-04 07:11:23','2023-04-04 07:11:23'),(15,'2023-04-04-ayar-2+1.jpg',0.00,2,1,1,'2023-04-04 07:12:35','2023-04-04 07:12:35'),(16,'2023-04-04-cinderella2+1.jpg',0.00,2,1,1,'2023-04-04 07:14:11','2023-04-04 07:14:11'),(17,'2023-04-04-dahab2+1.jpg',0.00,2,1,1,'2023-04-04 07:16:10','2023-04-04 07:16:10'),(18,'2023-04-04-hanadi2+1.jpg',0.00,2,1,1,'2023-04-04 07:20:15','2023-04-04 07:20:15'),(19,'2023-04-04-jolie2+1.jpg',0.00,2,1,1,'2023-04-04 07:21:19','2023-04-04 07:21:19'),(20,'2023-06-19-jolie-three-plus-one.jpg',0.00,3,1,1,'2023-04-04 07:22:16','2023-06-19 11:01:38'),(21,'2023-04-04-lareen2+1.jpg',0.00,2,1,1,'2023-04-04 07:27:14','2023-04-04 07:27:14'),(22,'2023-04-06-1+1 LUMINOUS.jpeg',0.00,2,1,0,'2023-04-04 07:28:26','2023-08-27 09:39:16'),(23,'2023-04-04-clearvision-band-offer.jpg',0.00,1,1,1,'2023-04-04 08:57:00','2023-09-17 11:04:08'),(24,'2023-04-04-coopervision-offer.jpg',0.00,2,1,1,'2023-04-04 09:01:48','2023-04-04 09:01:48'),(25,'2023-04-04-bausch+lomb-offer-brand.jpg',0.00,2,1,0,'2023-04-04 09:06:59','2023-07-09 08:07:43'),(26,'2023-04-04-alcon-brand.jpg',0.00,2,1,0,'2023-04-04 09:14:51','2023-06-25 19:03:39'),(27,'2023-06-19-bella-daily-offer-brand.jpg',0.00,3,1,0,'2023-06-19 10:03:05','2023-07-09 08:03:15'),(28,'2023-06-19-mylenses-2+1.jpg',0.00,2,1,0,'2023-06-19 10:22:04','2023-08-27 09:39:07'),(29,'2023-06-19-Naturel-2+1.jpg',0.00,2,1,0,'2023-06-19 10:30:09','2023-08-27 09:38:53'),(30,'2023-07-31-buy-five-get-2-offer.jpg',0.00,5,2,1,'2023-07-31 13:00:29','2023-08-01 05:46:40'),(34,'2023-09-03-2023-09-03-Bella-offer-one-plus-one.jpg',0.00,1,1,1,'2023-09-03 18:48:11','2023-09-03 18:48:11'),(35,'2023-11-13-2023-11-13-Colorvision-logo.jpg',0.00,1,1,1,'2023-11-13 17:06:15','2023-11-13 17:22:27'),(36,'2023-11-21-2023-11-22-LOGO-3-1.jpg',0.00,3,1,1,'2023-11-21 17:27:03','2023-11-21 17:27:03'),(37,'2023-11-21-2023-08-24-2023-08-24-Loroya-w-offer.jpg',0.00,1,1,1,'2023-11-21 20:37:04','2023-11-21 20:37:04'),(38,'2023-11-23-2023-04-04-dahab3-1.jpg',0.00,3,1,1,'2023-11-23 10:40:53','2023-11-23 10:40:53');

--
-- Table structure for table `order_comments`
--

CREATE TABLE `order_comments` (
  `id` int unsigned NOT NULL AUTO_INCREMENT,
  `order_id` int unsigned NOT NULL,
  `rate` int NOT NULL DEFAULT '1',
  `comment` text CHARACTER SET utf8mb4 COLLATE utf8mb4_unicode_ci NOT NULL,
  `created_at` timestamp NULL DEFAULT NULL,
  `updated_at` timestamp NULL DEFAULT NULL,
  PRIMARY KEY (`id`),
  KEY `order_comments_order_id_foreign` (`order_id`),
  CONSTRAINT `order_comments_order_id_foreign` FOREIGN KEY (`order_id`) REFERENCES `orders` (`id`) ON DELETE CASCADE
) ENGINE=InnoDB DEFAULT CHARSET=utf8mb4 COLLATE=utf8mb4_unicode_ci;

--
-- Dumping data for table `order_comments`
--


--
-- Table structure for table `order_coupons`
--

CREATE TABLE `order_coupons` (
  `id` int unsigned NOT NULL AUTO_INCREMENT,
  `order_id` int unsigned NOT NULL,
  `price` double NOT NULL,
  `discountprice` double NOT NULL,
  `code` varchar(255) CHARACTER SET utf8mb4 COLLATE utf8mb4_unicode_ci NOT NULL,
  `value` varchar(255) CHARACTER SET utf8mb4 COLLATE utf8mb4_unicode_ci NOT NULL,
  `ids` varchar(255) CHARACTER SET utf8mb4 COLLATE utf8mb4_unicode_ci NOT NULL,
  `type` varchar(255) CHARACTER SET utf8mb4 COLLATE utf8mb4_unicode_ci NOT NULL,
  `coupons_id` int unsigned NOT NULL,
  `created_at` timestamp NULL DEFAULT NULL,
  `updated_at` timestamp NULL DEFAULT NULL,
  `country_code` varchar(191) CHARACTER SET utf8mb4 COLLATE utf8mb4_unicode_ci DEFAULT NULL,
  PRIMARY KEY (`id`),
  KEY `order_coupons_order_id_foreign` (`order_id`),
  KEY `order_coupons_coupons_id_foreign` (`coupons_id`),
  CONSTRAINT `order_coupons_coupons_id_foreign` FOREIGN KEY (`coupons_id`) REFERENCES `coupons` (`id`) ON DELETE CASCADE,
  CONSTRAINT `order_coupons_order_id_foreign` FOREIGN KEY (`order_id`) REFERENCES `orders` (`id`) ON DELETE CASCADE
) ENGINE=InnoDB AUTO_INCREMENT=6 DEFAULT CHARSET=utf8mb4 COLLATE=utf8mb4_unicode_ci;

--
-- Dumping data for table `order_coupons`
--


--
-- Table structure for table `order_options`
--

CREATE TABLE `order_options` (
  `id` int unsigned NOT NULL AUTO_INCREMENT,
  `order_id` int unsigned DEFAULT NULL,
  `product_order_id` int unsigned DEFAULT NULL,
  `Logo` varchar(255) CHARACTER SET utf8mb4 COLLATE utf8mb4_unicode_ci DEFAULT NULL,
  `Logo_frontName` varchar(255) CHARACTER SET utf8mb4 COLLATE utf8mb4_unicode_ci DEFAULT NULL,
  `Logo_backName` varchar(255) CHARACTER SET utf8mb4 COLLATE utf8mb4_unicode_ci DEFAULT NULL,
  `font_image` varchar(255) CHARACTER SET utf8mb4 COLLATE utf8mb4_unicode_ci DEFAULT NULL,
  `font_image_frontName` varchar(255) CHARACTER SET utf8mb4 COLLATE utf8mb4_unicode_ci DEFAULT NULL,
  `font_image_backName` varchar(255) CHARACTER SET utf8mb4 COLLATE utf8mb4_unicode_ci DEFAULT NULL,
  `created_at` timestamp NULL DEFAULT NULL,
  `updated_at` timestamp NULL DEFAULT NULL,
  `Logo_second` varchar(191) CHARACTER SET utf8mb4 COLLATE utf8mb4_unicode_ci DEFAULT NULL,
  `Logo_frontName_second` varchar(191) CHARACTER SET utf8mb4 COLLATE utf8mb4_unicode_ci DEFAULT NULL,
  `Logo_backName_second` varchar(191) CHARACTER SET utf8mb4 COLLATE utf8mb4_unicode_ci DEFAULT NULL,
  `font_image_second` varchar(191) CHARACTER SET utf8mb4 COLLATE utf8mb4_unicode_ci DEFAULT NULL,
  `font_image_frontName_second` varchar(191) CHARACTER SET utf8mb4 COLLATE utf8mb4_unicode_ci DEFAULT NULL,
  `font_image_backName_second` varchar(191) CHARACTER SET utf8mb4 COLLATE utf8mb4_unicode_ci DEFAULT NULL,
  PRIMARY KEY (`id`),
  KEY `order_options_order_id_foreign` (`order_id`),
  KEY `order_options_product_order_id_foreign` (`product_order_id`),
  CONSTRAINT `order_options_order_id_foreign` FOREIGN KEY (`order_id`) REFERENCES `orders` (`id`) ON DELETE CASCADE,
  CONSTRAINT `order_options_product_order_id_foreign` FOREIGN KEY (`product_order_id`) REFERENCES `product_orders` (`id`) ON DELETE CASCADE
) ENGINE=InnoDB DEFAULT CHARSET=utf8mb4 COLLATE=utf8mb4_unicode_ci;

--
-- Dumping data for table `order_options`
--


--
-- Table structure for table `order_product_features`
--

CREATE TABLE `order_product_features` (
  `id` bigint unsigned NOT NULL AUTO_INCREMENT,
  `order_product_id` int unsigned NOT NULL,
  `feature_id` int unsigned NOT NULL,
  `option_id` int unsigned NOT NULL,
  `product_id` int unsigned DEFAULT NULL,
  `title` varchar(255) CHARACTER SET utf8mb4 COLLATE utf8mb4_unicode_ci NOT NULL,
  `price` double(8,2) DEFAULT NULL,
  `count` int DEFAULT NULL,
  `created_at` timestamp NULL DEFAULT NULL,
  `updated_at` timestamp NULL DEFAULT NULL,
  PRIMARY KEY (`id`),
  KEY `order_product_features_order_product_id_foreign` (`order_product_id`),
  KEY `order_product_features_feature_id_foreign` (`feature_id`),
  KEY `order_product_features_option_id_foreign` (`option_id`),
  KEY `order_product_features_product_id_foreign` (`product_id`),
  CONSTRAINT `order_product_features_feature_id_foreign` FOREIGN KEY (`feature_id`) REFERENCES `features` (`id`) ON DELETE CASCADE,
  CONSTRAINT `order_product_features_option_id_foreign` FOREIGN KEY (`option_id`) REFERENCES `feature_options` (`id`) ON DELETE CASCADE,
  CONSTRAINT `order_product_features_order_product_id_foreign` FOREIGN KEY (`order_product_id`) REFERENCES `product_orders` (`id`) ON DELETE CASCADE,
  CONSTRAINT `order_product_features_product_id_foreign` FOREIGN KEY (`product_id`) REFERENCES `products` (`id`) ON DELETE CASCADE
) ENGINE=InnoDB AUTO_INCREMENT=32 DEFAULT CHARSET=utf8mb4 COLLATE=utf8mb4_unicode_ci;

--
-- Dumping data for table `order_product_features`
--


--
-- Table structure for table `order_shippings`
--

CREATE TABLE `order_shippings` (
  `id` int unsigned NOT NULL AUTO_INCREMENT,
  `order_id` int unsigned NOT NULL,
  `country_id` int DEFAULT NULL,
  `government_id` int unsigned DEFAULT NULL,
  `region_id` int unsigned DEFAULT NULL,
  `block` varchar(255) CHARACTER SET utf8mb4 COLLATE utf8mb4_unicode_ci DEFAULT NULL,
  `gada` varchar(255) CHARACTER SET utf8mb4 COLLATE utf8mb4_unicode_ci DEFAULT NULL,
  `jada` varchar(255) CHARACTER SET utf8mb4 COLLATE utf8mb4_unicode_ci DEFAULT NULL,
  `building` varchar(255) CHARACTER SET utf8mb4 COLLATE utf8mb4_unicode_ci DEFAULT NULL,
  `floor` varchar(255) CHARACTER SET utf8mb4 COLLATE utf8mb4_unicode_ci DEFAULT NULL,
  `room_number` varchar(255) CHARACTER SET utf8mb4 COLLATE utf8mb4_unicode_ci DEFAULT NULL,
  `created_at` timestamp NULL DEFAULT NULL,
  `updated_at` timestamp NULL DEFAULT NULL,
  `lat` varchar(191) CHARACTER SET utf8mb4 COLLATE utf8mb4_unicode_ci DEFAULT NULL,
  `long` varchar(191) CHARACTER SET utf8mb4 COLLATE utf8mb4_unicode_ci DEFAULT NULL,
  `type` varchar(111) CHARACTER SET utf8mb4 COLLATE utf8mb4_unicode_ci DEFAULT NULL,
  `note` varchar(111) CHARACTER SET utf8mb4 COLLATE utf8mb4_unicode_ci DEFAULT NULL,
  `phone` varchar(191) CHARACTER SET utf8mb4 COLLATE utf8mb4_unicode_ci DEFAULT NULL,
  `user_name` varchar(191) CHARACTER SET utf8mb4 COLLATE utf8mb4_unicode_ci DEFAULT NULL,
  PRIMARY KEY (`id`),
  KEY `order_shippings_order_id_foreign` (`order_id`),
  KEY `order_shippings_government_id_foreign` (`government_id`),
  KEY `order_shippings_region_id_foreign` (`region_id`),
  CONSTRAINT `order_shippings_order_id_foreign` FOREIGN KEY (`order_id`) REFERENCES `orders` (`id`) ON DELETE CASCADE
) ENGINE=InnoDB AUTO_INCREMENT=46 DEFAULT CHARSET=utf8mb4 COLLATE=utf8mb4_unicode_ci;

--
-- Dumping data for table `order_shippings`
--

INSERT INTO `order_shippings` (`id`, `order_id`, `country_id`, `government_id`, `region_id`, `block`, `gada`, `jada`, `building`, `floor`, `room_number`, `created_at`, `updated_at`, `lat`, `long`, `type`, `note`, `phone`, `user_name`) VALUES (17,53,NULL,8,19,'2','2','4','4','4',NULL,NULL,NULL,NULL,NULL,'1','4','67782374','anwer'),(18,54,NULL,8,19,'2','2','4','4','4',NULL,NULL,NULL,NULL,NULL,'1','4','67782374','anwer'),(19,55,NULL,8,19,'6','عبدالله',NULL,'13','4',NULL,NULL,NULL,NULL,NULL,'1','الباب الجانبي','50278787','احمد'),(20,49,NULL,8,19,'2','5','1','4','4',NULL,NULL,NULL,NULL,NULL,'1','asdasdas','55022830','samer'),(21,56,NULL,8,22,'hgggvgh','gggjjbbb','hvvb','bvv','bbb',NULL,NULL,NULL,NULL,NULL,'1','bvv','clients','تجريب'),(22,57,NULL,8,22,'7','cvg','hbb','bb','bb',NULL,NULL,NULL,NULL,NULL,'1','bb','clients','addcc'),(23,58,NULL,8,22,'dfc','jvv','gv','bv','vv',NULL,NULL,NULL,NULL,NULL,'1','bvv','clients','انور'),(24,59,NULL,8,22,'3','3','3','3','3',NULL,NULL,NULL,NULL,NULL,'1',NULL,'clients','anwer'),(25,60,NULL,8,22,'4','44','88','65','55',NULL,NULL,NULL,NULL,NULL,'1','755','clients','anwer'),(26,61,NULL,8,22,'4','44','88','65','55',NULL,NULL,NULL,NULL,NULL,'1','755','clients','anwer'),(27,62,NULL,8,22,'345','1234','234','324','342',NULL,NULL,NULL,NULL,NULL,'1','y363564','clients','dfsgfsdg'),(28,65,NULL,8,22,'333','3','4','7','5',NULL,NULL,NULL,NULL,NULL,'1','8','clients','fffgg'),(29,70,NULL,8,22,'fjjxjcjjxjxjd','fndncnnx','dbdbdbnd','xnxncnnx','fndncnnxnx',NULL,NULL,NULL,NULL,NULL,'1','xnxncncncncn','clients','chcjchchcjcxjcncj'),(30,74,NULL,8,22,'test','test','test','tes','test',NULL,NULL,NULL,NULL,NULL,'1','tsst','clients','test'),(31,77,NULL,8,22,'test','test','test','tes','test',NULL,NULL,NULL,NULL,NULL,'1','tsst','clients','test'),(32,78,NULL,8,22,'3','6','7','78','6',NULL,NULL,NULL,NULL,NULL,'1',NULL,'clients','asdfc'),(33,86,NULL,9,61,'2','2','2','2','2',NULL,NULL,NULL,NULL,NULL,'1','2','clients','abbbb'),(34,90,NULL,9,60,'2','3','4','54','5',NULL,NULL,NULL,NULL,NULL,'1','3','clients','anwer'),(35,91,NULL,10,90,'2','3','3','3','3',NULL,NULL,NULL,NULL,NULL,'1','3','clients','answer'),(36,92,NULL,10,90,'2','3','3','3','3',NULL,NULL,NULL,NULL,NULL,'1','3','clients','answer'),(37,104,NULL,9,60,'2','2','2','2','2',NULL,NULL,NULL,NULL,NULL,'1','2','clients','anwer'),(38,106,NULL,9,60,'2','2','2','2','2',NULL,NULL,NULL,NULL,NULL,'1','2','clients','anwer'),(39,109,NULL,9,61,'3','3','3','3','435',NULL,NULL,NULL,NULL,NULL,'1','3','clients','anwer'),(40,110,NULL,9,60,'3','3','3','3','3',NULL,NULL,NULL,NULL,NULL,'1','3','clients','anrettyr'),(41,111,NULL,10,90,'ggg','jnn','nb','jh','nj',NULL,NULL,NULL,NULL,NULL,'1','kn','clients','hbbhhjhd'),(42,114,NULL,9,61,'3','3','3','3','435',NULL,NULL,NULL,NULL,NULL,'1','3','clients','anwer'),(43,115,NULL,9,60,'33','3','3','3','3',NULL,NULL,NULL,NULL,NULL,'1','3','clients','بيغيب'),(44,116,NULL,9,60,'3','3','3','3','3',NULL,NULL,NULL,NULL,NULL,'1','3','clients','anrettyr'),(45,117,NULL,9,60,'33','3','3','3','3',NULL,NULL,NULL,NULL,NULL,'1','3','clients','بيغيب');

--
-- Table structure for table `orders`
--

CREATE TABLE `orders` (
  `id` int unsigned NOT NULL AUTO_INCREMENT,
  `order_number` varchar(255) CHARACTER SET utf8mb4 COLLATE utf8mb4_unicode_ci NOT NULL,
  `total_price` varchar(191) CHARACTER SET utf8mb4 COLLATE utf8mb4_unicode_ci DEFAULT NULL,
  `user_id` int unsigned DEFAULT NULL,
  `incart` tinyint(1) NOT NULL DEFAULT '1',
  `mac_address` varchar(255) CHARACTER SET utf8mb4 COLLATE utf8mb4_unicode_ci DEFAULT NULL,
  `price_ship` double(8,2) DEFAULT NULL,
  `shipping_Type` varchar(255) CHARACTER SET utf8mb4 COLLATE utf8mb4_unicode_ci DEFAULT NULL,
  `delivery_time` varchar(255) CHARACTER SET utf8mb4 COLLATE utf8mb4_unicode_ci DEFAULT NULL,
  `order_done_date` varchar(255) CHARACTER SET utf8mb4 COLLATE utf8mb4_unicode_ci DEFAULT NULL,
  `status` enum('pending','cancel','confirm','out_of_delivery','delivered') CHARACTER SET utf8mb4 COLLATE utf8mb4_unicode_ci NOT NULL,
  `payment_method` int unsigned DEFAULT NULL,
  `payment_status` enum('paid','unPaid') CHARACTER SET utf8mb4 COLLATE utf8mb4_unicode_ci NOT NULL,
  `deleted_at` timestamp NULL DEFAULT NULL,
  `created_at` timestamp NULL DEFAULT NULL,
  `updated_at` timestamp NULL DEFAULT NULL,
  `delivery_date_time` varchar(255) CHARACTER SET utf8mb4 COLLATE utf8mb4_unicode_ci DEFAULT NULL,
  `payment_id` int DEFAULT NULL,
  `nameOfCart` varchar(191) CHARACTER SET utf8mb4 COLLATE utf8mb4_unicode_ci DEFAULT NULL,
  `country_code` varchar(191) CHARACTER SET utf8mb4 COLLATE utf8mb4_unicode_ci DEFAULT NULL,
  `country_id` int DEFAULT NULL,
  `vat` decimal(8,3) NOT NULL DEFAULT '0.000',
  `cod_services` decimal(8,2) NOT NULL DEFAULT '0.00',
  `cancel_order` int NOT NULL DEFAULT '0',
  `rep_id` int DEFAULT NULL,
  `device_token` varchar(191) CHARACTER SET utf8mb4 COLLATE utf8mb4_unicode_ci DEFAULT NULL,
  `discount_offer` varchar(191) CHARACTER SET utf8mb4 COLLATE utf8mb4_unicode_ci DEFAULT NULL,
  `employee_id` int DEFAULT NULL,
  `drive_status` int DEFAULT NULL,
  `confirm_order` int DEFAULT NULL,
  `branch_id` int DEFAULT NULL,
  `namebyGift` varchar(191) CHARACTER SET utf8mb4 COLLATE utf8mb4_unicode_ci DEFAULT NULL,
  `phonebyGift` varchar(191) CHARACTER SET utf8mb4 COLLATE utf8mb4_unicode_ci DEFAULT NULL,
  `notebyGift` varchar(191) CHARACTER SET utf8mb4 COLLATE utf8mb4_unicode_ci DEFAULT NULL,
  PRIMARY KEY (`id`),
  KEY `orders_user_id_foreign` (`user_id`),
  KEY `orders_payment_method_foreign` (`payment_method`),
  CONSTRAINT `orders_payment_method_foreign` FOREIGN KEY (`payment_method`) REFERENCES `payment_methods` (`id`) ON DELETE CASCADE,
  CONSTRAINT `orders_user_id_foreign` FOREIGN KEY (`user_id`) REFERENCES `users` (`id`) ON DELETE CASCADE
) ENGINE=InnoDB AUTO_INCREMENT=123 DEFAULT CHARSET=utf8mb4 COLLATE=utf8mb4_unicode_ci;

--
-- Dumping data for table `orders`
--

INSERT INTO `orders` (`id`, `order_number`, `total_price`, `user_id`, `incart`, `mac_address`, `price_ship`, `shipping_Type`, `delivery_time`, `order_done_date`, `status`, `payment_method`, `payment_status`, `deleted_at`, `created_at`, `updated_at`, `delivery_date_time`, `payment_id`, `nameOfCart`, `country_code`, `country_id`, `vat`, `cod_services`, `cancel_order`, `rep_id`, `device_token`, `discount_offer`, `employee_id`, `drive_status`, `confirm_order`, `branch_id`, `namebyGift`, `phonebyGift`, `notebyGift`) VALUES (9,'78668',NULL,NULL,1,'98762asds5325d',NULL,'',NULL,NULL,'delivered',NULL,'paid','2024-05-05 14:18:29','2024-04-22 16:33:38','2024-05-05 14:18:29',NULL,NULL,NULL,NULL,NULL,0.000,0.00,0,NULL,'asdasdasdadsa',NULL,NULL,NULL,NULL,NULL,NULL,NULL,NULL),(10,'11928',NULL,NULL,1,'98762asds5325d',NULL,'',NULL,NULL,'pending',NULL,'paid','2024-05-05 14:18:29','2024-04-24 10:40:34','2024-05-05 14:18:29',NULL,NULL,NULL,NULL,NULL,0.000,0.00,0,NULL,'asdasdasdadsa',NULL,NULL,NULL,NULL,NULL,NULL,NULL,NULL),(11,'20602',NULL,NULL,1,'98762asds5325d',NULL,'',NULL,NULL,'pending',NULL,'paid','2024-05-05 14:18:29','2024-04-24 10:43:23','2024-05-05 14:18:29',NULL,NULL,NULL,NULL,NULL,0.000,0.00,0,NULL,'asdasdasdadsa',NULL,NULL,NULL,NULL,NULL,NULL,NULL,NULL),(12,'50294',NULL,NULL,1,'98762asds5325d',NULL,'',NULL,NULL,'pending',NULL,'paid','2024-05-05 14:18:29','2024-04-24 10:43:35','2024-05-05 14:18:29',NULL,NULL,NULL,NULL,NULL,0.000,0.00,0,NULL,'asdasdasdadsa',NULL,NULL,NULL,NULL,NULL,NULL,NULL,NULL),(14,'84953',NULL,NULL,1,'98762asds5325d',NULL,'',NULL,NULL,'pending',NULL,'paid','2024-05-05 14:18:29','2024-04-25 11:37:09','2024-05-05 14:18:29',NULL,NULL,NULL,NULL,NULL,0.000,0.00,0,NULL,'asdasdasdadsa',NULL,368,NULL,NULL,NULL,NULL,NULL,NULL),(15,'45527',NULL,NULL,1,'98762asds5325d',NULL,'',NULL,NULL,'pending',NULL,'paid','2024-05-05 14:18:29','2024-04-25 11:41:22','2024-05-05 14:18:29',NULL,NULL,NULL,NULL,NULL,0.000,0.00,0,NULL,'asdasdasdadsa',NULL,368,NULL,NULL,NULL,NULL,NULL,NULL),(16,'28470',NULL,NULL,1,'98762asds5325d',NULL,'',NULL,NULL,'pending',NULL,'paid','2024-05-05 14:18:29','2024-04-25 11:55:28','2024-05-05 14:18:29',NULL,NULL,NULL,NULL,NULL,0.000,0.00,0,NULL,'asdasdasdadsa',NULL,368,NULL,NULL,NULL,NULL,NULL,NULL),(19,'30545',NULL,NULL,1,'123456',NULL,'',NULL,NULL,'pending',NULL,'paid','2024-05-05 14:20:11','2024-04-28 13:09:02','2024-05-05 14:20:11',NULL,NULL,NULL,NULL,NULL,0.000,0.00,0,NULL,'asdasdasdadsa',NULL,NULL,NULL,NULL,6,NULL,NULL,NULL),(22,'45029',NULL,NULL,1,'123456',NULL,'',NULL,NULL,'pending',NULL,'paid','2024-05-05 14:20:11','2024-04-29 16:58:44','2024-05-05 14:20:11',NULL,NULL,NULL,NULL,NULL,0.000,0.00,0,NULL,'a1234',NULL,NULL,NULL,NULL,NULL,NULL,NULL,NULL),(23,'69796',NULL,NULL,1,'8888',NULL,'',NULL,NULL,'pending',NULL,'paid',NULL,'2024-04-29 17:00:19','2024-04-29 17:00:19',NULL,NULL,NULL,NULL,NULL,0.000,0.00,0,NULL,'a1234',NULL,NULL,NULL,NULL,NULL,NULL,NULL,NULL),(24,'810',NULL,NULL,1,'453634',NULL,'',NULL,NULL,'pending',NULL,'paid',NULL,'2024-04-29 23:26:21','2024-04-29 23:26:21',NULL,NULL,NULL,NULL,NULL,0.000,0.00,0,NULL,'a12343566',NULL,NULL,NULL,NULL,NULL,NULL,NULL,NULL),(44,'34694',NULL,NULL,0,'98762asds5325d',NULL,'',NULL,NULL,'pending',NULL,'paid',NULL,'2024-05-11 13:16:15','2024-05-11 13:29:20',NULL,NULL,NULL,NULL,NULL,0.000,0.00,0,NULL,'asdasdasdadsa',NULL,NULL,NULL,NULL,5,NULL,NULL,NULL),(45,'11623',NULL,NULL,1,'123456',NULL,'',NULL,NULL,'pending',NULL,'paid','2024-05-11 13:23:34','2024-05-11 13:23:12','2024-05-11 13:23:34',NULL,NULL,NULL,NULL,NULL,0.000,0.00,0,NULL,'a12343566',NULL,NULL,NULL,NULL,6,NULL,NULL,NULL),(46,'10167',NULL,NULL,1,'123456',NULL,'',NULL,NULL,'pending',NULL,'paid','2024-05-11 13:24:50','2024-05-11 13:24:08','2024-05-11 13:24:50',NULL,NULL,NULL,NULL,NULL,0.000,0.00,0,NULL,'a12343566',NULL,NULL,NULL,NULL,6,NULL,NULL,NULL),(47,'37142',NULL,NULL,1,'123456',NULL,'',NULL,NULL,'pending',NULL,'paid','2024-05-11 13:37:58','2024-05-11 13:37:17','2024-05-11 13:37:58',NULL,NULL,NULL,NULL,NULL,0.000,0.00,0,NULL,'a12343566',NULL,NULL,NULL,NULL,6,NULL,NULL,NULL),(48,'30612',NULL,NULL,1,'123456',NULL,'',NULL,NULL,'pending',NULL,'paid','2024-05-11 13:41:36','2024-05-11 13:38:03','2024-05-11 13:41:36',NULL,NULL,NULL,NULL,NULL,0.000,0.00,0,NULL,'a12343566',NULL,NULL,NULL,NULL,6,NULL,NULL,NULL),(49,'68338','2',NULL,0,'98762asds5325d',1.00,'1','date','2024-05-12 16:19:19','pending',14,'paid',NULL,'2024-05-11 13:39:52','2024-05-12 16:19:19','time',NULL,NULL,NULL,NULL,0.000,0.00,0,NULL,'asdasdasdadsa',NULL,NULL,NULL,NULL,NULL,'asd','asd','asdas'),(50,'74485',NULL,NULL,1,'123456',NULL,'',NULL,NULL,'pending',NULL,'paid','2024-05-11 13:42:08','2024-05-11 13:41:45','2024-05-11 13:42:08',NULL,NULL,NULL,NULL,NULL,0.000,0.00,0,NULL,'a12343566',NULL,NULL,NULL,NULL,6,NULL,NULL,NULL),(51,'68416',NULL,NULL,1,'123456',NULL,'',NULL,NULL,'pending',NULL,'paid','2024-05-11 13:44:29','2024-05-11 13:42:12','2024-05-11 13:44:29',NULL,NULL,NULL,NULL,NULL,0.000,0.00,0,NULL,'a12343566',NULL,NULL,NULL,NULL,6,NULL,NULL,NULL),(52,'64064',NULL,NULL,1,'123456',NULL,'',NULL,NULL,'pending',NULL,'paid','2024-05-11 17:28:56','2024-05-11 13:49:04','2024-05-11 17:28:56',NULL,NULL,NULL,NULL,NULL,0.000,0.00,0,NULL,'a12343566',NULL,NULL,NULL,NULL,6,NULL,NULL,NULL),(53,'57420','2',NULL,0,'123456',1.00,'1','date','2024-05-11 18:22:09','pending',14,'paid',NULL,'2024-05-11 18:02:19','2024-05-11 18:22:09','time',NULL,NULL,NULL,NULL,0.000,0.00,0,NULL,'a12343566',NULL,NULL,NULL,NULL,6,NULL,NULL,NULL),(54,'48824','13.000',NULL,0,'123456',3.00,'1','2024-05-11','2024-05-11 18:24:37','pending',14,'paid',NULL,'2024-05-11 18:24:02','2024-05-11 18:24:37','08:11 PM 08:11 PM',NULL,NULL,NULL,NULL,0.000,0.00,0,NULL,'a12343566',NULL,NULL,NULL,NULL,6,NULL,NULL,NULL),(55,'11864','13.000',NULL,0,'123456',3.00,'1','2024-05-11','2024-05-11 18:55:45','delivered',14,'paid',NULL,'2024-05-11 18:54:54','2024-05-11 18:57:28','08:11 PM 08:11 PM',NULL,NULL,NULL,NULL,0.000,0.00,0,NULL,'a12343566',NULL,NULL,NULL,NULL,6,NULL,NULL,NULL),(56,'59485','25.000',NULL,0,'123456',3.00,'1',NULL,'2024-05-22 17:04:43','delivered',12,'paid',NULL,'2024-05-22 16:26:21','2024-05-22 17:04:43',NULL,1,NULL,NULL,NULL,0.000,0.00,0,NULL,'a12343566',NULL,NULL,NULL,NULL,6,NULL,NULL,NULL),(57,'61545','25.000',NULL,0,'FAFF7ACA-B60A-460F-BBBD-60CB10A4C445',3.00,'1',NULL,'2024-05-22 17:25:37','delivered',12,'paid',NULL,'2024-05-22 17:24:46','2024-05-22 17:25:37',NULL,1,NULL,NULL,NULL,0.000,0.00,0,NULL,'a12343566',NULL,NULL,NULL,NULL,6,NULL,NULL,NULL),(58,'32937','25.000',NULL,0,'51B3AFD2-74DC-48B6-AB39-CB2B2A4B750A',3.00,'1',NULL,'2024-05-23 13:18:27','confirm',12,'paid',NULL,'2024-05-23 13:15:17','2024-10-31 18:25:47',NULL,1,NULL,NULL,NULL,0.000,0.00,0,NULL,'a12343566',NULL,NULL,NULL,NULL,6,NULL,NULL,NULL),(59,'38126','25.000',NULL,0,'fcea207888f28270',3.00,'1',NULL,'2024-05-27 11:32:33','cancel',14,'paid',NULL,'2024-05-27 11:31:32','2024-10-31 18:26:29',NULL,NULL,NULL,NULL,NULL,0.000,0.00,0,NULL,'a12343566',NULL,NULL,NULL,NULL,6,NULL,NULL,NULL),(60,'10452','25.000',NULL,0,'32d4d2defc2b5b84',3.00,'1',NULL,'2024-05-27 16:44:35','pending',12,'paid',NULL,'2024-05-27 16:44:00','2024-05-27 16:44:35',NULL,1,NULL,NULL,NULL,0.000,0.00,0,NULL,'a12343566',NULL,NULL,NULL,NULL,6,NULL,NULL,NULL),(61,'98846','14.000',NULL,0,'32d4d2defc2b5b84',3.00,'1',NULL,'2024-05-27 18:03:14','pending',12,'paid',NULL,'2024-05-27 16:49:57','2024-05-27 18:03:14',NULL,1,NULL,NULL,NULL,0.000,0.00,0,NULL,'a12343566',NULL,NULL,NULL,NULL,6,NULL,NULL,NULL),(62,'12526','14.000',NULL,0,'c275f202c37e1876',3.00,'1',NULL,'2024-05-28 21:38:17','pending',12,'paid',NULL,'2024-05-28 21:19:11','2024-05-28 21:38:17',NULL,1,NULL,NULL,NULL,0.000,0.00,0,NULL,'a12343566',NULL,NULL,NULL,NULL,6,NULL,NULL,NULL),(63,'81523',NULL,NULL,1,'c275f202c37e1876',NULL,'',NULL,NULL,'pending',NULL,'paid',NULL,'2024-05-28 21:19:11','2024-05-28 21:19:11',NULL,NULL,NULL,NULL,NULL,0.000,0.00,0,NULL,'a12343566',NULL,NULL,NULL,NULL,6,NULL,NULL,NULL),(64,'32334',NULL,NULL,1,'32d4d2defc2b5b84',NULL,'',NULL,NULL,'pending',NULL,'paid',NULL,'2024-05-29 10:24:11','2024-05-29 10:54:29',NULL,NULL,NULL,NULL,NULL,0.000,0.00,0,NULL,'a12343566',NULL,NULL,NULL,NULL,6,NULL,NULL,NULL),(65,'72695','14.000',NULL,0,'ce95a0d144580363',3.00,'1',NULL,'2024-05-29 16:56:15','pending',14,'paid',NULL,'2024-05-29 16:53:50','2024-05-29 16:56:15',NULL,NULL,NULL,NULL,NULL,0.000,0.00,0,NULL,'a12343566',NULL,NULL,NULL,NULL,6,NULL,NULL,NULL),(66,'71386',NULL,NULL,1,'724207404e5c41bd',NULL,'',NULL,NULL,'pending',NULL,'paid',NULL,'2024-05-30 11:16:40','2024-05-30 11:16:51',NULL,NULL,NULL,NULL,NULL,0.000,0.00,0,NULL,'a12343566',NULL,NULL,NULL,NULL,6,NULL,NULL,NULL),(67,'51953',NULL,NULL,1,'7d0c6412029f42d5',NULL,'',NULL,NULL,'pending',NULL,'paid',NULL,'2024-05-30 11:20:40','2024-05-30 11:21:01',NULL,NULL,NULL,NULL,NULL,0.000,0.00,0,NULL,'a12343566',NULL,NULL,NULL,NULL,6,NULL,NULL,NULL),(68,'20253',NULL,NULL,1,'7943d5dc3bd0cf08',NULL,'',NULL,NULL,'pending',NULL,'paid',NULL,'2024-05-30 11:47:47','2024-05-30 11:48:06',NULL,NULL,NULL,NULL,NULL,0.000,0.00,0,NULL,'a12343566',NULL,NULL,NULL,NULL,6,NULL,NULL,NULL),(69,'65383',NULL,NULL,1,'BB9BAB5C-0F06-4CD8-A60A-FD0723EE3917',NULL,'',NULL,NULL,'pending',NULL,'paid',NULL,'2024-05-30 13:50:46','2024-05-30 13:53:40',NULL,NULL,NULL,NULL,NULL,0.000,0.00,0,NULL,'a12343566',NULL,NULL,NULL,NULL,6,NULL,NULL,NULL),(70,'38134','58.000',NULL,0,'3a3750ae2aab2861',3.00,'1',NULL,'2024-05-30 14:54:58','pending',14,'paid',NULL,'2024-05-30 14:51:05','2024-05-30 14:54:58',NULL,NULL,NULL,NULL,NULL,0.000,0.00,0,NULL,'a12343566',NULL,NULL,NULL,NULL,6,NULL,NULL,NULL),(71,'26627',NULL,NULL,1,'3a3750ae2aab2861',NULL,'',NULL,NULL,'pending',NULL,'paid',NULL,'2024-05-30 14:56:08','2024-05-30 14:57:13',NULL,NULL,NULL,NULL,NULL,0.000,0.00,0,NULL,'a12343566',NULL,NULL,NULL,NULL,6,NULL,NULL,NULL),(72,'97091',NULL,NULL,1,'A0BBF97E-8409-45FC-8A0C-A947DF7D2DCF',NULL,'',NULL,NULL,'pending',NULL,'paid',NULL,'2024-05-30 15:23:10','2024-05-30 15:24:38',NULL,NULL,NULL,NULL,NULL,0.000,0.00,0,NULL,'a12343566',NULL,NULL,NULL,NULL,6,NULL,NULL,NULL),(73,'75717',NULL,NULL,1,'29ff5afbeb376e18',NULL,'',NULL,NULL,'pending',NULL,'paid','2024-05-30 15:28:27','2024-05-30 15:25:58','2024-05-30 15:28:27',NULL,NULL,NULL,NULL,NULL,0.000,0.00,0,NULL,'a12343566',NULL,NULL,NULL,NULL,6,NULL,NULL,NULL),(74,'41831','33.000',NULL,0,'29ff5afbeb376e18',3.00,'1',NULL,'2024-05-30 15:31:22','pending',14,'paid',NULL,'2024-05-30 15:28:54','2024-05-30 15:31:22',NULL,NULL,NULL,NULL,NULL,0.000,0.00,0,NULL,'a12343566',NULL,NULL,NULL,NULL,6,NULL,NULL,NULL),(75,'18553',NULL,NULL,1,'29ff5afbeb376e18',NULL,'',NULL,NULL,'pending',NULL,'paid','2024-05-30 15:51:16','2024-05-30 15:33:26','2024-05-30 15:51:16',NULL,NULL,NULL,NULL,NULL,0.000,0.00,0,NULL,'a12343566',NULL,NULL,NULL,NULL,6,NULL,NULL,NULL),(76,'20801',NULL,NULL,1,'29ff5afbeb376e18',NULL,'',NULL,NULL,'pending',NULL,'paid','2024-05-30 15:52:09','2024-05-30 15:51:29','2024-05-30 15:52:09',NULL,NULL,NULL,NULL,NULL,0.000,0.00,0,NULL,'a12343566',NULL,NULL,NULL,NULL,6,NULL,NULL,NULL),(77,'24298','21.000',NULL,0,'29ff5afbeb376e18',3.00,'1',NULL,'2024-05-30 16:00:55','pending',14,'paid',NULL,'2024-05-30 16:00:04','2024-05-30 16:00:55',NULL,NULL,NULL,NULL,NULL,0.000,0.00,0,NULL,'a12343566',NULL,NULL,NULL,NULL,6,NULL,NULL,NULL),(78,'46132','82.000',NULL,0,'325f6ea95b8ad9e8',3.00,'1',NULL,'2024-05-30 18:00:53','confirm',14,'paid',NULL,'2024-05-30 16:50:54','2024-11-19 13:37:34',NULL,NULL,NULL,NULL,NULL,0.000,0.00,0,NULL,'a12343566',NULL,NULL,NULL,NULL,6,NULL,NULL,NULL),(79,'19654',NULL,NULL,1,'7ecc871cde7f0d40',NULL,'',NULL,NULL,'pending',NULL,'paid',NULL,'2024-05-30 16:58:42','2024-05-30 16:58:42',NULL,NULL,NULL,NULL,NULL,0.000,0.00,0,NULL,'a12343566',NULL,NULL,NULL,NULL,6,NULL,NULL,NULL),(80,'33950',NULL,NULL,1,'2122cedfdfca391f',NULL,'',NULL,NULL,'pending',NULL,'paid',NULL,'2024-06-02 07:57:28','2024-06-02 07:57:28',NULL,NULL,NULL,NULL,NULL,0.000,0.00,0,NULL,'a12343566',NULL,NULL,NULL,NULL,6,NULL,NULL,NULL),(81,'4511',NULL,NULL,1,'40CBC0F5-0DEE-4690-8F5F-3A9A7BCFEC44',NULL,'',NULL,NULL,'pending',NULL,'paid','2024-06-24 16:06:56','2024-06-24 16:06:31','2024-06-24 16:06:56',NULL,NULL,NULL,NULL,NULL,0.000,0.00,0,NULL,'a12343566',NULL,NULL,NULL,NULL,6,NULL,NULL,NULL),(82,'57216',NULL,NULL,1,'46d412ffb69a13e5',NULL,'',NULL,NULL,'pending',NULL,'paid',NULL,'2024-06-24 21:47:08','2024-06-24 21:47:08',NULL,NULL,NULL,NULL,NULL,0.000,0.00,0,NULL,'a12343566',NULL,NULL,NULL,NULL,6,NULL,NULL,NULL),(83,'38456',NULL,NULL,1,'6511e85b293870ee',NULL,'',NULL,NULL,'pending',NULL,'paid',NULL,'2024-06-27 15:15:15','2024-06-27 15:15:15',NULL,NULL,NULL,NULL,NULL,0.000,0.00,0,NULL,'a12343566',NULL,NULL,NULL,NULL,6,NULL,NULL,NULL),(84,'34932',NULL,NULL,1,'D22BF1B3-A05D-4693-B1CE-5C95967939F9',NULL,'',NULL,NULL,'pending',NULL,'paid',NULL,'2024-06-30 22:13:51','2024-06-30 22:13:51',NULL,NULL,NULL,NULL,NULL,0.000,0.00,0,NULL,'a12343566',NULL,NULL,NULL,NULL,6,NULL,NULL,NULL),(85,'67657',NULL,NULL,1,'99329A61-8503-4F46-9C41-B4CFF9BC85C4',NULL,'',NULL,NULL,'pending',NULL,'paid',NULL,'2024-07-01 20:32:22','2024-07-01 20:33:20',NULL,NULL,NULL,NULL,NULL,0.000,0.00,0,NULL,'a12343566',NULL,NULL,NULL,NULL,6,NULL,NULL,NULL),(86,'21648','33.000',NULL,0,'5A1EC25E-7A07-4D9E-82A2-08D4E861874A',3.00,'1',NULL,'2024-07-02 23:20:26','pending',14,'paid',NULL,'2024-07-02 21:19:15','2024-07-02 21:20:26',NULL,NULL,NULL,NULL,NULL,0.000,0.00,0,NULL,'a12343566',NULL,NULL,NULL,NULL,6,NULL,NULL,NULL),(87,'56576',NULL,NULL,1,'a13175b852a98822',NULL,'',NULL,NULL,'pending',NULL,'paid','2024-07-04 09:51:09','2024-07-04 09:49:49','2024-07-04 09:51:09',NULL,NULL,NULL,NULL,NULL,0.000,0.00,0,NULL,'a12343566',NULL,NULL,NULL,NULL,6,NULL,NULL,NULL),(88,'89009',NULL,NULL,1,'B03ECCCC-5E5B-46C2-9289-47B068EE58EF',NULL,'',NULL,NULL,'pending',NULL,'paid',NULL,'2024-07-07 04:29:58','2024-07-07 04:31:10',NULL,NULL,NULL,NULL,NULL,0.000,0.00,0,NULL,'a12343566',NULL,NULL,NULL,NULL,6,NULL,NULL,NULL),(89,'95790',NULL,NULL,1,'F1F7822D-B9C8-4888-AB85-22413541EE17',NULL,'',NULL,NULL,'pending',NULL,'paid',NULL,'2024-07-21 19:38:57','2024-07-21 19:38:57',NULL,NULL,NULL,NULL,NULL,0.000,0.00,0,NULL,'a12343566',NULL,NULL,NULL,NULL,6,NULL,NULL,NULL),(90,'11360','55.000',NULL,0,'3DB315EA-08D8-44F6-9A18-7BE551BF1DBA',3.00,'1',NULL,'2024-07-22 18:25:00','pending',14,'paid',NULL,'2024-07-22 16:11:01','2024-07-22 16:25:00',NULL,NULL,NULL,NULL,NULL,0.000,0.00,0,NULL,'a12343566',NULL,NULL,NULL,NULL,6,NULL,NULL,NULL),(91,'92920','43.000',NULL,0,'6FB9AD8E-EB7F-4E47-B26A-992368CB32E0',3.00,'1',NULL,'2024-07-28 18:48:08','confirm',14,'paid',NULL,'2024-07-28 17:56:14','2024-08-03 18:21:44',NULL,NULL,NULL,NULL,NULL,0.000,0.00,0,NULL,'a12343566',NULL,NULL,NULL,NULL,6,NULL,NULL,NULL),(92,'13973','49.000',NULL,0,'6FB9AD8E-EB7F-4E47-B26A-992368CB32E0',3.00,'1',NULL,'2024-08-03 18:03:58','pending',14,'paid',NULL,'2024-08-03 18:02:23','2024-08-03 18:03:58',NULL,NULL,NULL,NULL,NULL,0.000,0.00,0,NULL,'a12343566',NULL,NULL,NULL,NULL,6,NULL,NULL,NULL),(93,'73998',NULL,NULL,1,'3BDA773C-E8E1-4C9B-BBB7-D1B1EFD5FD44',NULL,'',NULL,NULL,'pending',NULL,'paid',NULL,'2024-08-16 12:03:28','2024-08-16 12:03:28',NULL,NULL,NULL,NULL,NULL,0.000,0.00,0,NULL,'a12343566',NULL,NULL,NULL,NULL,6,NULL,NULL,NULL),(94,'6507',NULL,NULL,1,'85F7CD19-C30A-4D2C-81D4-DB7574B61C00',NULL,'',NULL,NULL,'pending',NULL,'paid',NULL,'2024-08-25 15:54:05','2024-08-25 15:54:05',NULL,NULL,NULL,NULL,NULL,0.000,0.00,0,NULL,'a12343566',NULL,NULL,NULL,NULL,6,NULL,NULL,NULL),(95,'62258',NULL,NULL,1,'C9E17A15-9047-4260-92C5-1DB7D08FB5A2',NULL,'',NULL,NULL,'pending',NULL,'paid',NULL,'2024-09-01 20:02:48','2024-09-01 20:02:48',NULL,NULL,NULL,NULL,NULL,0.000,0.00,0,NULL,'a12343566',NULL,NULL,NULL,NULL,6,NULL,NULL,NULL),(96,'69797',NULL,NULL,1,'6BA683CE-E2AB-41D5-A735-7D56CE5B60F9',NULL,'',NULL,NULL,'pending',NULL,'paid',NULL,'2024-10-06 17:10:41','2024-10-06 17:10:41',NULL,NULL,NULL,NULL,NULL,0.000,0.00,0,NULL,'a12343566',NULL,NULL,NULL,NULL,6,NULL,NULL,NULL),(97,'26389',NULL,NULL,1,'9EE708F1-5B6E-4863-840D-D08774ACC2FD',NULL,'',NULL,NULL,'pending',NULL,'paid',NULL,'2024-10-07 15:59:31','2024-10-07 15:59:31',NULL,NULL,NULL,NULL,NULL,0.000,0.00,0,NULL,'a12343566',NULL,NULL,NULL,NULL,6,NULL,NULL,NULL),(98,'34653',NULL,NULL,1,'AC083C0A-84DD-4FB0-9A2A-844ECA2A4AA1',NULL,'',NULL,NULL,'pending',NULL,'paid','2024-10-17 20:46:09','2024-10-12 15:06:45','2024-10-17 20:46:09',NULL,NULL,NULL,NULL,NULL,0.000,0.00,0,NULL,'a12343566',NULL,NULL,NULL,NULL,6,NULL,NULL,NULL),(99,'2721',NULL,NULL,1,'626EF966-67BB-4EC3-AEDD-6A0AFCCD881A',NULL,'',NULL,NULL,'pending',NULL,'paid','2024-10-12 17:01:20','2024-10-12 16:57:22','2024-10-12 17:01:20',NULL,NULL,NULL,NULL,NULL,0.000,0.00,0,NULL,'a12343566',NULL,NULL,NULL,NULL,6,NULL,NULL,NULL),(100,'63246',NULL,NULL,1,'0FF8128B-9CAB-4B9E-826A-9F66BF5E7C43',NULL,'',NULL,NULL,'pending',NULL,'paid','2024-10-16 12:47:22','2024-10-16 12:45:27','2024-10-16 12:47:22',NULL,NULL,NULL,NULL,NULL,0.000,0.00,0,NULL,'a12343566',NULL,NULL,NULL,NULL,6,NULL,NULL,NULL),(101,'76480',NULL,NULL,1,'45948ABA-C575-4B1F-92A6-5C3F669C8187',NULL,'',NULL,NULL,'pending',NULL,'paid','2024-10-21 20:59:13','2024-10-21 20:58:34','2024-10-21 20:59:13',NULL,NULL,NULL,NULL,NULL,0.000,0.00,0,NULL,'a12343566',NULL,NULL,NULL,NULL,6,NULL,NULL,NULL),(102,'80466',NULL,NULL,1,'19765E4C-0F11-4CC5-A9D2-E1C21E14461A',NULL,'',NULL,NULL,'pending',NULL,'paid','2024-10-24 17:16:53','2024-10-24 17:16:29','2024-10-24 17:16:53',NULL,NULL,NULL,NULL,NULL,0.000,0.00,0,NULL,'a12343566',NULL,NULL,NULL,NULL,6,NULL,NULL,NULL),(103,'4288',NULL,NULL,1,'F73045AE-78A5-4757-9533-5126FD9B79B0',NULL,'',NULL,NULL,'pending',NULL,'paid',NULL,'2024-10-29 22:51:50','2024-10-29 22:51:50',NULL,NULL,NULL,NULL,NULL,0.000,0.00,0,NULL,'a12343566',NULL,NULL,NULL,NULL,6,NULL,NULL,NULL),(104,'98359','27.000',NULL,0,'3987700385aaf9bf',3.00,'1',NULL,'2024-10-31 18:13:30','pending',14,'paid',NULL,'2024-10-31 18:01:54','2024-10-31 18:13:30',NULL,NULL,NULL,NULL,NULL,0.000,0.00,0,NULL,'a12343566',NULL,NULL,NULL,NULL,6,NULL,NULL,NULL),(105,'92128',NULL,NULL,1,'CD1E4135-764D-4714-9A7A-02FA56E945D7',NULL,'',NULL,NULL,'pending',NULL,'paid',NULL,'2024-11-01 14:24:40','2024-11-01 14:31:27',NULL,NULL,NULL,NULL,NULL,0.000,0.00,0,NULL,'a12343566',NULL,NULL,NULL,NULL,6,NULL,NULL,NULL),(106,'79540','27.000',NULL,0,'3987700385aaf9bf',3.00,'1',NULL,'2024-11-12 21:44:30','pending',14,'paid',NULL,'2024-11-12 21:41:34','2024-11-12 21:44:30',NULL,NULL,NULL,NULL,NULL,0.000,0.00,0,NULL,'a12343566',NULL,NULL,NULL,NULL,6,NULL,NULL,NULL),(107,'70836',NULL,NULL,1,'D38246DC-CEAA-4805-9A61-55AAC97A1F97',NULL,'',NULL,NULL,'pending',NULL,'paid',NULL,'2024-11-13 15:32:18','2024-11-13 15:32:18',NULL,NULL,NULL,NULL,NULL,0.000,0.00,0,NULL,'a12343566',NULL,NULL,NULL,NULL,6,NULL,NULL,NULL),(108,'12911',NULL,NULL,1,'E36C5B52-4A65-4568-A9BB-E282C1F1EC14',NULL,'',NULL,NULL,'pending',NULL,'paid',NULL,'2024-11-19 11:52:24','2024-11-19 11:52:24',NULL,NULL,NULL,NULL,NULL,0.000,0.00,0,NULL,'a12343566',NULL,NULL,NULL,NULL,6,NULL,NULL,NULL),(109,'59821','79.000',NULL,0,'65976EAE-E578-453D-B59E-7489CE60085E',3.00,'1',NULL,'2024-11-19 13:04:18','pending',14,'paid',NULL,'2024-11-19 12:55:35','2024-11-19 13:04:18',NULL,NULL,NULL,NULL,NULL,0.000,0.00,0,NULL,'null',NULL,NULL,NULL,NULL,6,NULL,NULL,NULL),(110,'90381','102.000',NULL,0,'65976EAE-E578-453D-B59E-7489CE60085E',3.00,'1',NULL,'2024-11-19 13:34:16','pending',14,'paid',NULL,'2024-11-19 13:05:10','2024-11-19 13:34:16',NULL,NULL,NULL,NULL,NULL,0.000,0.00,0,NULL,'null',NULL,NULL,NULL,NULL,6,NULL,NULL,NULL),(111,'17103','23.000',NULL,0,'F16BFB30-F2C2-49D2-B974-3957D9D50D58',3.00,'1',NULL,'2024-11-19 15:11:15','pending',14,'paid',NULL,'2024-11-19 15:05:57','2024-11-19 15:11:15',NULL,NULL,NULL,NULL,NULL,0.000,0.00,0,NULL,'null',NULL,NULL,NULL,NULL,6,NULL,NULL,NULL),(112,'14354',NULL,NULL,1,'C66D768A-4E1B-4C78-BCF9-4E2DD9BE3803',NULL,'',NULL,NULL,'pending',NULL,'paid','2024-11-21 15:16:14','2024-11-19 22:45:24','2024-11-21 15:16:14',NULL,NULL,NULL,NULL,NULL,0.000,0.00,0,NULL,'a12343566',NULL,NULL,NULL,NULL,6,NULL,NULL,NULL),(113,'72326',NULL,NULL,1,'92CCD73F-A114-482C-98F6-FC273E54664C',NULL,'',NULL,NULL,'pending',NULL,'paid','2024-11-20 08:49:42','2024-11-20 08:49:09','2024-11-20 08:49:42',NULL,NULL,NULL,NULL,NULL,0.000,0.00,0,NULL,'a12343566',NULL,NULL,NULL,NULL,6,NULL,NULL,NULL),(114,'14053','33.000',NULL,0,'65976EAE-E578-453D-B59E-7489CE60085E',3.00,'1',NULL,'2024-11-20 15:50:49','pending',14,'paid',NULL,'2024-11-20 15:49:32','2024-11-20 15:50:49',NULL,NULL,NULL,NULL,NULL,0.000,0.00,0,NULL,'null',NULL,NULL,NULL,NULL,6,NULL,NULL,NULL),(115,'22320','23.000',NULL,0,'652FE04B-F026-4AFA-B58E-CA40A3D2E428',3.00,'1',NULL,'2024-11-21 10:28:30','pending',14,'paid',NULL,'2024-11-21 10:27:40','2024-11-21 10:28:30',NULL,NULL,NULL,NULL,NULL,0.000,0.00,0,NULL,'null',NULL,NULL,NULL,NULL,6,NULL,NULL,NULL),(116,'56815','23.000',NULL,0,'65976EAE-E578-453D-B59E-7489CE60085E',3.00,'1',NULL,'2024-11-21 10:46:47','pending',14,'paid',NULL,'2024-11-21 10:46:03','2024-11-21 10:46:47',NULL,NULL,NULL,NULL,NULL,0.000,0.00,0,NULL,'null',NULL,NULL,NULL,NULL,6,NULL,NULL,NULL),(117,'7863','23.000',NULL,0,'652FE04B-F026-4AFA-B58E-CA40A3D2E428',3.00,'1',NULL,'2024-11-21 14:18:16','pending',14,'paid',NULL,'2024-11-21 14:17:52','2024-11-21 14:18:16',NULL,NULL,NULL,NULL,NULL,0.000,0.00,0,NULL,'null',NULL,NULL,NULL,NULL,6,NULL,NULL,NULL),(118,'95643',NULL,NULL,1,'976D89F4-89D3-41CB-8CB2-309824E0CC78',NULL,'',NULL,NULL,'pending',NULL,'paid','2024-11-21 19:40:06','2024-11-21 19:39:29','2024-11-21 19:40:06',NULL,NULL,NULL,NULL,NULL,0.000,0.00,0,NULL,'a12343566',NULL,NULL,NULL,NULL,6,NULL,NULL,NULL),(119,'61091',NULL,NULL,1,'B818B810-F2AD-4145-9A21-6C7BE1543C33',NULL,'',NULL,NULL,'pending',NULL,'paid',NULL,'2024-11-28 15:18:40','2024-11-28 15:18:40',NULL,NULL,NULL,NULL,NULL,0.000,0.00,0,NULL,'ezcx9807zUC6n4HU95FUyp:APA91bHqPGXDGdxAk923NNkA0B4SJWAN1WGiIFCPVWD1JICqJa7glX1xGwv5J_OlMk8oHHGQmdf6RKm6HvuztY1PF2xomifKSIm0tyUbCXqcssZSv-LDG4A',NULL,NULL,NULL,NULL,6,NULL,NULL,NULL),(120,'18925',NULL,NULL,1,'1A8A1478-8BE3-49D7-BFC9-B4CABC1A106E',NULL,'',NULL,NULL,'pending',NULL,'paid',NULL,'2024-12-01 01:01:03','2024-12-01 01:01:03',NULL,NULL,NULL,NULL,NULL,0.000,0.00,0,NULL,'cFOp_olJIEZJkOFDLP6eb9:APA91bGYDN8CPySH_Enr_CzlmzGg2sVh6bJhQViYqIzIh4nCiPivQ5PeN1-LqCPacQDnJ2KRQQ1wJuYht7EQfJpsput7IuZacVQgUHCbpvEj1fOltQ5yh6k',NULL,NULL,NULL,NULL,6,NULL,NULL,NULL),(121,'14516',NULL,NULL,1,'CEA9102C-FC9C-4E01-9B3F-B5FB77844194',NULL,'',NULL,NULL,'pending',NULL,'paid',NULL,'2024-12-03 19:39:44','2024-12-03 19:39:44',NULL,NULL,NULL,NULL,NULL,0.000,0.00,0,NULL,'fxEk81dRrE5ts3aK60RZqf:APA91bGBZSAcCIWHuagv-Iwlhr77m8MI2ECrtszLMjxrozxv0Wtuu-6ZBXX87wqe3puMp2mfEqMcnpKXkH1OjtNkQjud1a8DmVtIaSLHML1xvpmoTJ229vQ',NULL,NULL,NULL,NULL,6,NULL,NULL,NULL),(122,'99483',NULL,NULL,1,'6DA15776-F1C4-426F-9BD8-8693330867BC',NULL,'',NULL,NULL,'pending',NULL,'paid',NULL,'2024-12-04 00:19:16','2024-12-04 00:19:16',NULL,NULL,NULL,NULL,NULL,0.000,0.00,0,NULL,'null',NULL,NULL,NULL,NULL,6,NULL,NULL,NULL);

--
-- Table structure for table `page_translations`
--

CREATE TABLE `page_translations` (
  `id` int unsigned NOT NULL AUTO_INCREMENT,
  `page_id` int unsigned NOT NULL,
  `title` varchar(255) CHARACTER SET utf8mb4 COLLATE utf8mb4_unicode_ci NOT NULL,
  `locale` varchar(255) CHARACTER SET utf8mb4 COLLATE utf8mb4_unicode_ci NOT NULL,
  `content` text CHARACTER SET utf8mb4 COLLATE utf8mb4_unicode_ci,
  `created_at` timestamp NULL DEFAULT NULL,
  `updated_at` timestamp NULL DEFAULT NULL,
  PRIMARY KEY (`id`),
  UNIQUE KEY `page_translations_page_id_locale_unique` (`page_id`,`locale`),
  KEY `page_translations_locale_index` (`locale`),
  CONSTRAINT `page_translations_page_id_foreign` FOREIGN KEY (`page_id`) REFERENCES `pages` (`id`) ON DELETE CASCADE
) ENGINE=InnoDB AUTO_INCREMENT=13 DEFAULT CHARSET=utf8mb4 COLLATE=utf8mb4_unicode_ci;

--
-- Dumping data for table `page_translations`
--

INSERT INTO `page_translations` (`id`, `page_id`, `title`, `locale`, `content`, `created_at`, `updated_at`) VALUES (1,1,'من نحن','ar','<p>أكبر منصة اجتماعية للتسوق الإلكتروني في الشرق الأوسط للرجال والنساء مختصة بمنتجات التجميل والعناية بالبشرة والأزياء والعطور</p>\r\n\r\n<p dir=\"rtl\">تطبيق مشروعي هو&nbsp;<strong>أكبر منصة اجتماعية للتسوق الإلكتروني&nbsp;</strong>في الشرق الأوسط، للرجال والنساء يصلكم بأفخم الماركات في عالم الأزياء والجمال ويمثل المنصة الوحيدة التي تتبنى المفهوم الفريد للربط بين أكثر المشاهير تأثيرا في الشرق الأوسط وقاعدة معجبيهم.</p>\r\n\r\n<p>&nbsp;</p>\r\n\r\n<p dir=\"rtl\">بدأ تطبيق مشروعي كمتجر إلكتروني موزع لمنتجات التجميل والبضائع الأخرى في الكويت، أما اليوم، فقد تضخم حجمها ليتخطى مجرد كونها الأولى في الشرق الأوسط لمختارات منتجات المكياج والتجميل الأكثر شهرة على مستوى العالم وتحتل الآن الصدارة كالوجهة الأشهر لعالم الجمال&nbsp;</p>',NULL,NULL),(2,1,'Abous Us','en','<p>أكبر منصة اجتماعية للتسوق الإلكتروني في الشرق الأوسط للرجال والنساء مختصة بمنتجات التجميل والعناية بالبشرة والأزياء والعطور</p>\r\n\r\n<p dir=\"rtl\">تطبيق مشروعي هو&nbsp;<strong>أكبر منصة اجتماعية للتسوق الإلكتروني&nbsp;</strong>في الشرق الأوسط، للرجال والنساء يصلكم بأفخم الماركات في عالم الأزياء والجمال ويمثل المنصة الوحيدة التي تتبنى المفهوم الفريد للربط بين أكثر المشاهير تأثيرا في الشرق الأوسط وقاعدة معجبيهم.</p>\r\n\r\n<p>&nbsp;</p>\r\n\r\n<p dir=\"rtl\">بدأ تطبيق مشروعي كمتجر إلكتروني موزع لمنتجات التجميل والبضائع الأخرى في الكويت، أما اليوم، فقد تضخم حجمها ليتخطى مجرد كونها الأولى في الشرق الأوسط لمختارات منتجات المكياج والتجميل الأكثر شهرة على مستوى العالم وتحتل الآن الصدارة كالوجهة الأشهر لعالم الجمال&nbsp;</p>',NULL,NULL),(5,3,'الشروط والاحكام','ar','<p>جميع مواقعنا مبنية على قواعد بيانات مهنية للأرشفة من محركات البحث، حيث تكون مبنية وفق تسلل منطقي منظم، تجعل وصول المعلومات وطريقة عرضها أمر سهل وبسيط، كما تسهل عملية الأرشفة من محركات البحث مثل جوجل مما يجعل موقعك يظهر بشكل أفضل على محرك البحث جوجل</p>\r\n\r\n<p>جميع مواقعنا مبنية على قواعد بيانات مهنية للأرشفة من محركات البحث، حيث تكون مبنية وفق تسلل منطقي منظم، تجعل وصول المعلومات وطريقة عرضها أمر سهل وبسيط، كما تسهل عملية الأرشفة من محركات البحث مثل جوجل مما يجعل موقعك يظهر بشكل أفضل على محرك البحث جوجل</p>\r\n\r\n<p>جميع مواقعنا مبنية على قواعد بيانات مهنية للأرشفة من محركات البحث، حيث تكون مبنية وفق تسلل منطقي منظم، تجعل وصول المعلومات وطريقة عرضها أمر سهل وبسيط، كما تسهل عملية الأرشفة من محركات البحث مثل جوجل مما يجعل موقعك يظهر بشكل أفضل على محرك البحث جوجل</p>\r\n\r\n<p>جميع مواقعنا مبنية على قواعد بيانات مهنية للأرشفة من محركات البحث، حيث تكون مبنية وفق تسلل منطقي منظم، تجعل وصول المعلومات وطريقة عرضها أمر سهل وبسيط، كما تسهل عملية الأرشفة من محركات البحث مثل جوجل مما يجعل موقعك يظهر بشكل أفضل على محرك البحث جوجل</p>',NULL,NULL),(6,3,'Terms & Conditions','en','<p>جميع مواقعنا مبنية على قواعد بيانات مهنية للأرشفة من محركات البحث، حيث تكون مبنية وفق تسلل منطقي منظم، تجعل وصول المعلومات وطريقة عرضها أمر سهل وبسيط، كما تسهل عملية الأرشفة من محركات البحث مثل جوجل مما يجعل موقعك يظهر بشكل أفضل على محرك البحث جوجل</p>\r\n\r\n<p>جميع مواقعنا مبنية على قواعد بيانات مهنية للأرشفة من محركات البحث، حيث تكون مبنية وفق تسلل منطقي منظم، تجعل وصول المعلومات وطريقة عرضها أمر سهل وبسيط، كما تسهل عملية الأرشفة من محركات البحث مثل جوجل مما يجعل موقعك يظهر بشكل أفضل على محرك البحث جوجل</p>\r\n\r\n<p>جميع مواقعنا مبنية على قواعد بيانات مهنية للأرشفة من محركات البحث، حيث تكون مبنية وفق تسلل منطقي منظم، تجعل وصول المعلومات وطريقة عرضها أمر سهل وبسيط، كما تسهل عملية الأرشفة من محركات البحث مثل جوجل مما يجعل موقعك يظهر بشكل أفضل على محرك البحث جوجل</p>\r\n\r\n<p>جميع مواقعنا مبنية على قواعد بيانات مهنية للأرشفة من محركات البحث، حيث تكون مبنية وفق تسلل منطقي منظم، تجعل وصول المعلومات وطريقة عرضها أمر سهل وبسيط، كما تسهل عملية الأرشفة من محركات البحث مثل جوجل مما يجعل موقعك يظهر بشكل أفضل على محرك البحث جوجل</p>',NULL,NULL);

--
-- Table structure for table `pages`
--

CREATE TABLE `pages` (
  `id` int unsigned NOT NULL AUTO_INCREMENT,
  `created_at` timestamp NULL DEFAULT NULL,
  `updated_at` timestamp NULL DEFAULT NULL,
  `image` varchar(191) CHARACTER SET utf8mb4 COLLATE utf8mb4_unicode_ci DEFAULT NULL,
  `type` int NOT NULL DEFAULT '0',
  PRIMARY KEY (`id`)
) ENGINE=InnoDB AUTO_INCREMENT=7 DEFAULT CHARSET=utf8mb4 COLLATE=utf8mb4_unicode_ci;

--
-- Dumping data for table `pages`
--

INSERT INTO `pages` (`id`, `created_at`, `updated_at`, `image`, `type`) VALUES (1,'2022-06-28 09:49:28','2024-05-30 13:51:57','2024-05-30-aboutsadfdsq.png',0),(3,'2022-11-03 11:43:26','2022-11-03 11:43:26',NULL,0);

--
-- Table structure for table `password_resets`
--

CREATE TABLE `password_resets` (
  `email` varchar(255) CHARACTER SET utf8mb4 COLLATE utf8mb4_unicode_ci NOT NULL,
  `token` varchar(255) CHARACTER SET utf8mb4 COLLATE utf8mb4_unicode_ci NOT NULL,
  `created_at` timestamp NULL DEFAULT NULL,
  KEY `password_resets_email_index` (`email`)
) ENGINE=InnoDB DEFAULT CHARSET=utf8mb4 COLLATE=utf8mb4_unicode_ci;

--
-- Dumping data for table `password_resets`
--


--
-- Table structure for table `payment_method_translations`
--

CREATE TABLE `payment_method_translations` (
  `id` int unsigned NOT NULL AUTO_INCREMENT,
  `payment_method_id` int unsigned NOT NULL,
  `title` varchar(255) CHARACTER SET utf8mb4 COLLATE utf8mb4_unicode_ci DEFAULT NULL,
  `locale` varchar(255) CHARACTER SET utf8mb4 COLLATE utf8mb4_unicode_ci NOT NULL,
  `created_at` timestamp NULL DEFAULT NULL,
  `updated_at` timestamp NULL DEFAULT NULL,
  PRIMARY KEY (`id`),
  UNIQUE KEY `payment_method_translations_payment_method_id_locale_unique` (`payment_method_id`,`locale`),
  CONSTRAINT `payment_method_translations_payment_method_id_foreign` FOREIGN KEY (`payment_method_id`) REFERENCES `payment_methods` (`id`) ON DELETE CASCADE
) ENGINE=InnoDB AUTO_INCREMENT=29 DEFAULT CHARSET=utf8mb4 COLLATE=utf8mb4_unicode_ci;

--
-- Dumping data for table `payment_method_translations`
--

INSERT INTO `payment_method_translations` (`id`, `payment_method_id`, `title`, `locale`, `created_at`, `updated_at`) VALUES (23,12,'كي نت','ar',NULL,NULL),(24,12,'كي نت','en',NULL,NULL),(27,14,'الدفع عن الاستلام','ar',NULL,NULL),(28,14,'الدفع عن الاستلام','en',NULL,NULL);

--
-- Table structure for table `payment_methods`
--

CREATE TABLE `payment_methods` (
  `id` int unsigned NOT NULL AUTO_INCREMENT,
  `image` varchar(255) CHARACTER SET utf8mb4 COLLATE utf8mb4_unicode_ci DEFAULT NULL,
  `type` int NOT NULL DEFAULT '0',
  `status` int NOT NULL DEFAULT '0',
  `created_at` timestamp NULL DEFAULT NULL,
  `updated_at` timestamp NULL DEFAULT NULL,
  `countries` varchar(191) CHARACTER SET utf8mb4 COLLATE utf8mb4_unicode_ci NOT NULL,
  `user_id` int DEFAULT NULL,
  PRIMARY KEY (`id`)
) ENGINE=InnoDB AUTO_INCREMENT=15 DEFAULT CHARSET=utf8mb4 COLLATE=utf8mb4_unicode_ci;

--
-- Dumping data for table `payment_methods`
--

INSERT INTO `payment_methods` (`id`, `image`, `type`, `status`, `created_at`, `updated_at`, `countries`, `user_id`) VALUES (12,'2024-04-27-2022-07-02-drd_QbKb_400x400.jpg',1,0,'2024-04-27 14:39:06','2024-05-29 16:54:05','',345),(14,'2024-05-29-images.png',0,1,'2024-05-11 18:10:25','2024-05-29 16:55:13','',1);

--
-- Table structure for table `permission_role`
--

CREATE TABLE `permission_role` (
  `permission_id` bigint unsigned NOT NULL,
  `role_id` bigint unsigned NOT NULL,
  PRIMARY KEY (`permission_id`,`role_id`),
  KEY `permission_role_role_id_foreign` (`role_id`),
  CONSTRAINT `permission_role_permission_id_foreign` FOREIGN KEY (`permission_id`) REFERENCES `permissions` (`id`) ON DELETE CASCADE ON UPDATE CASCADE,
  CONSTRAINT `permission_role_role_id_foreign` FOREIGN KEY (`role_id`) REFERENCES `roles` (`id`) ON DELETE CASCADE ON UPDATE CASCADE
) ENGINE=InnoDB DEFAULT CHARSET=utf8mb4 COLLATE=utf8mb4_unicode_ci;

--
-- Dumping data for table `permission_role`
--

INSERT INTO `permission_role` (`permission_id`, `role_id`) VALUES (1,1),(2,1),(3,1),(4,1),(5,1),(6,1),(7,1),(8,1),(9,1),(10,1),(11,1),(12,1),(13,1),(14,1),(15,1),(16,1),(17,1),(18,1),(19,1),(20,1),(21,1),(22,1),(23,1),(24,1),(25,1),(26,1),(27,1),(28,1),(29,1),(30,1),(31,1),(32,1),(33,1),(34,1),(35,1),(36,1),(37,1),(38,1),(39,1),(40,1),(41,1),(42,1),(43,1),(44,1),(45,1),(46,1),(47,1),(48,1),(49,1),(50,1),(51,1),(52,1),(53,1),(54,1),(55,1),(56,1),(57,1),(58,1),(59,1),(60,1),(61,1),(62,1),(63,1),(64,1),(1,8),(1,9),(3,9),(4,9),(25,9),(26,9),(27,9),(29,9),(30,9),(31,9),(32,9),(38,9),(41,9),(42,9),(43,9),(44,9),(53,9),(54,9),(55,9),(56,9),(57,9),(58,9),(59,9),(60,9),(20,10),(3,13),(11,14),(2,15);

--
-- Table structure for table `permission_user`
--

CREATE TABLE `permission_user` (
  `permission_id` bigint unsigned NOT NULL,
  `user_id` bigint unsigned NOT NULL,
  `user_type` varchar(255) CHARACTER SET utf8mb4 COLLATE utf8mb4_unicode_ci NOT NULL,
  PRIMARY KEY (`user_id`,`permission_id`,`user_type`),
  KEY `permission_user_permission_id_foreign` (`permission_id`),
  CONSTRAINT `permission_user_permission_id_foreign` FOREIGN KEY (`permission_id`) REFERENCES `permissions` (`id`) ON DELETE CASCADE ON UPDATE CASCADE
) ENGINE=InnoDB DEFAULT CHARSET=utf8mb4 COLLATE=utf8mb4_unicode_ci;

--
-- Dumping data for table `permission_user`
--


--
-- Table structure for table `permissions`
--

CREATE TABLE `permissions` (
  `id` bigint unsigned NOT NULL AUTO_INCREMENT,
  `name` varchar(255) CHARACTER SET utf8mb4 COLLATE utf8mb4_unicode_ci NOT NULL,
  `display_name` varchar(255) CHARACTER SET utf8mb4 COLLATE utf8mb4_unicode_ci DEFAULT NULL,
  `description` varchar(255) CHARACTER SET utf8mb4 COLLATE utf8mb4_unicode_ci DEFAULT NULL,
  `created_at` timestamp NULL DEFAULT NULL,
  `updated_at` timestamp NULL DEFAULT NULL,
  PRIMARY KEY (`id`),
  UNIQUE KEY `permissions_name_unique` (`name`)
) ENGINE=InnoDB AUTO_INCREMENT=65 DEFAULT CHARSET=utf8mb4 COLLATE=utf8mb4_unicode_ci;

--
-- Dumping data for table `permissions`
--

INSERT INTO `permissions` (`id`, `name`, `display_name`, `description`, `created_at`, `updated_at`) VALUES (1,'create_users','Create Users','Create Users','2022-06-21 09:32:18','2022-06-21 09:32:18'),(2,'read_users','Read Users','Read Users','2022-06-21 09:32:18','2022-06-21 09:32:18'),(3,'update_users','Update Users','Update Users','2022-06-21 09:32:18','2022-06-21 09:32:18'),(4,'delete_users','Delete Users','Delete Users','2022-06-21 09:32:18','2022-06-21 09:32:18'),(5,'create_roles','Create Roles','Create Roles','2022-06-21 09:32:18','2022-06-21 09:32:18'),(6,'read_roles','Read Roles','Read Roles','2022-06-21 09:32:18','2022-06-21 09:32:18'),(7,'update_roles','Update Roles','Update Roles','2022-06-21 09:32:18','2022-06-21 09:32:18'),(8,'delete_roles','Delete Roles','Delete Roles','2022-06-21 09:32:18','2022-06-21 09:32:18'),(9,'create_notifications','Create Notifications','Create Notifications','2022-06-21 09:32:18','2022-06-21 09:32:18'),(10,'read_notifications','Read Notifications','Read Notifications','2022-06-21 09:32:18','2022-06-21 09:32:18'),(11,'update_notifications','Update Notifications','Update Notifications','2022-06-21 09:32:18','2022-06-21 09:32:18'),(12,'delete_notifications','Delete Notifications','Delete Notifications','2022-06-21 09:32:18','2022-06-21 09:32:18'),(13,'create_sliders','Create Sliders','Create Sliders','2022-06-21 09:32:18','2022-06-21 09:32:18'),(14,'read_sliders','Read Sliders','Read Sliders','2022-06-21 09:32:18','2022-06-21 09:32:18'),(15,'update_sliders','Update Sliders','Update Sliders','2022-06-21 09:32:18','2022-06-21 09:32:18'),(16,'delete_sliders','Delete Sliders','Delete Sliders','2022-06-21 09:32:18','2022-06-21 09:32:18'),(17,'create_settings','Create Settings','Create Settings','2022-06-21 09:32:18','2022-06-21 09:32:18'),(18,'read_settings','Read Settings','Read Settings','2022-06-21 09:32:18','2022-06-21 09:32:18'),(19,'update_settings','Update Settings','Update Settings','2022-06-21 09:32:18','2022-06-21 09:32:18'),(20,'delete_settings','Delete Settings','Delete Settings','2022-06-21 09:32:18','2022-06-21 09:32:18'),(21,'create_categories','Create Categories','Create Categories','2022-06-21 09:32:18','2022-06-21 09:32:18'),(22,'read_categories','Read Categories','Read Categories','2022-06-21 09:32:18','2022-06-21 09:32:18'),(23,'update_categories','Update Categories','Update Categories','2022-06-21 09:32:18','2022-06-21 09:32:18'),(24,'delete_categories','Delete Categories','Delete Categories','2022-06-21 09:32:18','2022-06-21 09:32:18'),(25,'create_products','Create Products','Create Products','2022-06-21 09:32:18','2022-06-21 09:32:18'),(26,'read_products','Read Products','Read Products','2022-06-21 09:32:18','2022-06-21 09:32:18'),(27,'update_products','Update Products','Update Products','2022-06-21 09:32:18','2022-06-21 09:32:18'),(28,'delete_products','Delete Products','Delete Products','2022-06-21 09:32:18','2022-06-21 09:32:18'),(29,'create_paymentMethods','Create PaymentMethods','Create PaymentMethods','2022-06-21 09:32:18','2022-06-21 09:32:18'),(30,'read_paymentMethods','Read PaymentMethods','Read PaymentMethods','2022-06-21 09:32:18','2022-06-21 09:32:18'),(31,'update_paymentMethods','Update PaymentMethods','Update PaymentMethods','2022-06-21 09:32:18','2022-06-21 09:32:18'),(32,'delete_paymentMethods','Delete PaymentMethods','Delete PaymentMethods','2022-06-21 09:32:18','2022-06-21 09:32:18'),(33,'create_shippingType','Create ShippingType','Create ShippingType','2022-06-21 09:32:18','2022-06-21 09:32:18'),(34,'read_shippingType','Read ShippingType','Read ShippingType','2022-06-21 09:32:18','2022-06-21 09:32:18'),(35,'update_shippingType','Update ShippingType','Update ShippingType','2022-06-21 09:32:18','2022-06-21 09:32:18'),(36,'delete_shippingType','Delete ShippingType','Delete ShippingType','2022-06-21 09:32:18','2022-06-21 09:32:18'),(37,'create_orders','Create Orders','Create Orders','2022-06-21 09:32:18','2022-06-21 09:32:18'),(38,'read_orders','Read Orders','Read Orders','2022-06-21 09:32:18','2022-06-21 09:32:18'),(39,'update_orders','Update Orders','Update Orders','2022-06-21 09:32:18','2022-06-21 09:32:18'),(40,'delete_orders','Delete Orders','Delete Orders','2022-06-21 09:32:18','2022-06-21 09:32:18'),(41,'create_reports','Create Reports','Create Reports','2022-06-21 09:32:18','2022-06-21 09:32:18'),(42,'read_reports','Read Reports','Read Reports','2022-06-21 09:32:18','2022-06-21 09:32:18'),(43,'update_reports','Update Reports','Update Reports','2022-06-21 09:32:18','2022-06-21 09:32:18'),(44,'delete_reports','Delete Reports','Delete Reports','2022-06-21 09:32:18','2022-06-21 09:32:18'),(45,'create_governments','Create Governments','Create Governments','2022-06-21 09:32:18','2022-06-21 09:32:18'),(46,'read_governments','Read Governments','Read Governments','2022-06-21 09:32:18','2022-06-21 09:32:18'),(47,'update_governments','Update Governments','Update Governments','2022-06-21 09:32:18','2022-06-21 09:32:18'),(48,'delete_governments','Delete Governments','Delete Governments','2022-06-21 09:32:18','2022-06-21 09:32:18'),(49,'create_regions','Create Regions','Create Regions','2022-06-21 09:32:18','2022-06-21 09:32:18'),(50,'read_regions','Read Regions','Read Regions','2022-06-21 09:32:18','2022-06-21 09:32:18'),(51,'update_regions','Update Regions','Update Regions','2022-06-21 09:32:18','2022-06-21 09:32:18'),(52,'delete_regions','Delete Regions','Delete Regions','2022-06-21 09:32:18','2022-06-21 09:32:18'),(53,'create_discount','Create Discount','Create Discount','2022-06-21 09:32:18','2022-06-21 09:32:18'),(54,'read_discount','Read Discount','Read Discount','2022-06-21 09:32:18','2022-06-21 09:32:18'),(55,'update_discount','Update Discount','Update Discount','2022-06-21 09:32:18','2022-06-21 09:32:18'),(56,'delete_discount','Delete Discount','Delete Discount','2022-06-21 09:32:18','2022-06-21 09:32:18'),(57,'create_times','Create Times','Create Times','2022-06-21 09:32:18','2022-06-21 09:32:18'),(58,'read_times','Read Times','Read Times','2022-06-21 09:32:18','2022-06-21 09:32:18'),(59,'update_times','Update Times','Update Times','2022-06-21 09:32:18','2022-06-21 09:32:18'),(60,'delete_times','Delete Times','Delete Times','2022-06-21 09:32:18','2022-06-21 09:32:18'),(61,'create_tagers','Create Tagers','Create Tagers','2022-06-21 09:32:18','2022-06-21 09:32:18'),(62,'read_tagers','Read Tagers','Read Tagers','2022-06-21 09:32:18','2022-06-21 09:32:18'),(63,'update_tagers','Update Tagers','Update Tagers','2022-06-21 09:32:18','2022-06-21 09:32:18'),(64,'delete_tagers','Delete Tagers','Delete Tagers','2022-06-21 09:32:18','2022-06-21 09:32:18');

--
-- Table structure for table `personal_access_tokens`
--

CREATE TABLE `personal_access_tokens` (
  `id` bigint unsigned NOT NULL AUTO_INCREMENT,
  `tokenable_type` varchar(255) CHARACTER SET utf8mb4 COLLATE utf8mb4_unicode_ci NOT NULL,
  `tokenable_id` bigint unsigned NOT NULL,
  `name` varchar(255) CHARACTER SET utf8mb4 COLLATE utf8mb4_unicode_ci NOT NULL,
  `token` varchar(64) CHARACTER SET utf8mb4 COLLATE utf8mb4_unicode_ci NOT NULL,
  `abilities` text CHARACTER SET utf8mb4 COLLATE utf8mb4_unicode_ci,
  `last_used_at` timestamp NULL DEFAULT NULL,
  `created_at` timestamp NULL DEFAULT NULL,
  `updated_at` timestamp NULL DEFAULT NULL,
  PRIMARY KEY (`id`),
  UNIQUE KEY `personal_access_tokens_token_unique` (`token`),
  KEY `personal_access_tokens_tokenable_type_tokenable_id_index` (`tokenable_type`,`tokenable_id`)
) ENGINE=InnoDB DEFAULT CHARSET=utf8mb4 COLLATE=utf8mb4_unicode_ci;

--
-- Dumping data for table `personal_access_tokens`
--


--
-- Table structure for table `product_branches`
--

CREATE TABLE `product_branches` (
  `id` int unsigned NOT NULL AUTO_INCREMENT,
  `product_id` int unsigned NOT NULL,
  `branche_id` int unsigned NOT NULL,
  `status` int NOT NULL DEFAULT '1',
  `created_at` timestamp NULL DEFAULT NULL,
  `updated_at` timestamp NULL DEFAULT NULL,
  PRIMARY KEY (`id`),
  KEY `product_branches_product_id_foreign` (`product_id`),
  KEY `product_branches_branch_id_foreign` (`branche_id`),
  CONSTRAINT `product_branches_branch_id_foreign` FOREIGN KEY (`branche_id`) REFERENCES `branches` (`id`) ON DELETE CASCADE,
  CONSTRAINT `product_branches_product_id_foreign` FOREIGN KEY (`product_id`) REFERENCES `products` (`id`) ON DELETE CASCADE
) ENGINE=InnoDB AUTO_INCREMENT=15 DEFAULT CHARSET=utf8mb4 COLLATE=utf8mb4_unicode_ci;

--
-- Dumping data for table `product_branches`
--


--
-- Table structure for table `product_categories`
--

CREATE TABLE `product_categories` (
  `id` int unsigned NOT NULL AUTO_INCREMENT,
  `product_id` int unsigned DEFAULT NULL,
  `category_id` int unsigned DEFAULT NULL,
  `created_at` timestamp NULL DEFAULT NULL,
  `updated_at` timestamp NULL DEFAULT NULL,
  PRIMARY KEY (`id`),
  KEY `product_categories_product_id_foreign` (`product_id`),
  KEY `product_categories_category_id_foreign` (`category_id`),
  CONSTRAINT `product_categories_category_id_foreign` FOREIGN KEY (`category_id`) REFERENCES `categories` (`id`) ON DELETE CASCADE,
  CONSTRAINT `product_categories_product_id_foreign` FOREIGN KEY (`product_id`) REFERENCES `products` (`id`) ON DELETE CASCADE
) ENGINE=InnoDB AUTO_INCREMENT=28 DEFAULT CHARSET=utf8mb4 COLLATE=utf8mb4_unicode_ci;

--
-- Dumping data for table `product_categories`
--

INSERT INTO `product_categories` (`id`, `product_id`, `category_id`, `created_at`, `updated_at`) VALUES (14,13,12,NULL,NULL),(15,14,12,NULL,NULL),(16,15,12,NULL,NULL),(17,16,12,NULL,NULL),(18,18,14,NULL,NULL),(19,17,14,NULL,NULL),(20,19,14,NULL,NULL),(21,20,15,NULL,NULL),(22,21,15,NULL,NULL),(23,22,15,NULL,NULL),(24,23,14,NULL,NULL),(25,11,12,NULL,NULL),(26,24,15,NULL,NULL),(27,25,14,NULL,NULL);

--
-- Table structure for table `product_orders`
--

CREATE TABLE `product_orders` (
  `id` int unsigned NOT NULL AUTO_INCREMENT,
  `order_id` int unsigned NOT NULL,
  `product_id` int unsigned NOT NULL,
  `user_id` int DEFAULT NULL,
  `branch_id` int DEFAULT NULL,
  `quantity` int NOT NULL DEFAULT '1',
  `option` text CHARACTER SET utf8mb4 COLLATE utf8mb4_unicode_ci NOT NULL,
  `price` decimal(8,2) NOT NULL,
  `shipping_cost` decimal(8,2) DEFAULT NULL,
  `created_at` timestamp NULL DEFAULT NULL,
  `updated_at` timestamp NULL DEFAULT NULL,
  `category_id` int DEFAULT NULL,
  `nameOfCart` varchar(191) CHARACTER SET utf8mb4 COLLATE utf8mb4_unicode_ci DEFAULT NULL,
  `product_price` decimal(8,2) DEFAULT NULL,
  `sender_name` varchar(151) CHARACTER SET utf8mb4 COLLATE utf8mb4_unicode_ci DEFAULT NULL,
  `recived_name` varchar(191) CHARACTER SET utf8mb4 COLLATE utf8mb4_unicode_ci DEFAULT NULL,
  `text` varchar(191) CHARACTER SET utf8mb4 COLLATE utf8mb4_unicode_ci DEFAULT NULL,
  PRIMARY KEY (`id`),
  KEY `product_orders_order_id_foreign` (`order_id`),
  KEY `product_orders_product_id_foreign` (`product_id`),
  CONSTRAINT `product_orders_order_id_foreign` FOREIGN KEY (`order_id`) REFERENCES `orders` (`id`) ON DELETE CASCADE,
  CONSTRAINT `product_orders_product_id_foreign` FOREIGN KEY (`product_id`) REFERENCES `products` (`id`) ON DELETE CASCADE
) ENGINE=InnoDB AUTO_INCREMENT=182 DEFAULT CHARSET=utf8mb4 COLLATE=utf8mb4_unicode_ci;

--
-- Dumping data for table `product_orders`
--

INSERT INTO `product_orders` (`id`, `order_id`, `product_id`, `user_id`, `branch_id`, `quantity`, `option`, `price`, `shipping_cost`, `created_at`, `updated_at`, `category_id`, `nameOfCart`, `product_price`, `sender_name`, `recived_name`, `text`) VALUES (81,56,11,377,6,2,' ',11.00,NULL,'2024-05-22 16:26:21','2024-05-22 16:31:17',NULL,NULL,11.00,NULL,NULL,NULL),(82,57,11,377,6,2,' ',11.00,NULL,'2024-05-22 17:24:46','2024-05-22 17:24:51',NULL,NULL,11.00,NULL,NULL,NULL),(83,58,11,377,6,2,' ',11.00,NULL,'2024-05-23 13:15:17','2024-05-23 13:15:17',NULL,NULL,11.00,NULL,NULL,NULL),(84,59,11,377,6,2,' ',11.00,NULL,'2024-05-27 11:31:32','2024-05-27 11:31:37',NULL,NULL,11.00,NULL,NULL,NULL),(85,60,11,377,6,2,' ',11.00,NULL,'2024-05-27 16:44:00','2024-05-27 16:44:00',NULL,NULL,11.00,NULL,NULL,NULL),(86,61,11,377,6,1,' ',11.00,NULL,'2024-05-27 16:49:57','2024-05-27 16:49:57',NULL,NULL,11.00,NULL,NULL,NULL),(87,63,20,404,6,1,' ',24.00,NULL,'2024-05-28 21:19:11','2024-05-28 21:19:11',NULL,NULL,24.00,NULL,NULL,NULL),(89,62,11,377,6,1,' ',11.00,NULL,'2024-05-28 21:37:40','2024-05-28 21:37:40',NULL,NULL,11.00,NULL,NULL,NULL),(90,64,11,377,6,3,' ',11.00,NULL,'2024-05-29 10:24:11','2024-05-29 10:54:29',NULL,NULL,11.00,NULL,NULL,NULL),(91,65,11,377,6,1,' ',11.00,NULL,'2024-05-29 16:53:50','2024-05-29 16:53:50',NULL,NULL,11.00,NULL,NULL,NULL),(92,66,13,377,6,1,' ',18.00,NULL,'2024-05-30 11:16:40','2024-05-30 11:16:40',NULL,NULL,18.00,NULL,NULL,NULL),(93,66,14,377,6,1,' ',25.00,NULL,'2024-05-30 11:16:45','2024-05-30 11:16:45',NULL,NULL,25.00,NULL,NULL,NULL),(94,66,16,377,6,1,' ',17.00,NULL,'2024-05-30 11:16:51','2024-05-30 11:16:51',NULL,NULL,17.00,NULL,NULL,NULL),(95,67,11,377,6,1,' ',11.00,NULL,'2024-05-30 11:20:40','2024-05-30 11:20:40',NULL,NULL,11.00,NULL,NULL,NULL),(96,67,14,377,6,1,' ',25.00,NULL,'2024-05-30 11:20:47','2024-05-30 11:20:47',NULL,NULL,25.00,NULL,NULL,NULL),(97,67,16,377,6,1,' ',17.00,NULL,'2024-05-30 11:21:01','2024-05-30 11:21:01',NULL,NULL,17.00,NULL,NULL,NULL),(98,68,11,377,6,1,' ',11.00,NULL,'2024-05-30 11:47:47','2024-05-30 11:47:47',NULL,NULL,11.00,NULL,NULL,NULL),(99,68,14,377,6,1,' ',25.00,NULL,'2024-05-30 11:47:53','2024-05-30 11:47:53',NULL,NULL,25.00,NULL,NULL,NULL),(100,68,15,377,6,1,' ',30.00,NULL,'2024-05-30 11:47:59','2024-05-30 11:47:59',NULL,NULL,30.00,NULL,NULL,NULL),(101,68,16,377,6,1,' ',17.00,NULL,'2024-05-30 11:48:06','2024-05-30 11:48:06',NULL,NULL,17.00,NULL,NULL,NULL),(103,69,20,404,6,2,' ',24.00,NULL,'2024-05-30 13:53:40','2024-05-30 13:58:51',NULL,NULL,24.00,NULL,NULL,NULL),(104,70,11,377,6,5,' ',11.00,NULL,'2024-05-30 14:51:05','2024-05-30 14:51:39',NULL,NULL,11.00,NULL,NULL,NULL),(105,71,15,377,6,4,' ',30.00,NULL,'2024-05-30 14:56:08','2024-05-30 14:57:13',NULL,NULL,30.00,NULL,NULL,NULL),(106,71,11,377,6,3,' ',11.00,NULL,'2024-05-30 14:56:59','2024-05-30 14:57:03',NULL,NULL,11.00,NULL,NULL,NULL),(107,72,17,403,6,4,' ',40.00,NULL,'2024-05-30 15:23:10','2024-05-30 15:26:15',NULL,NULL,40.00,NULL,NULL,NULL),(108,73,13,377,6,7,' ',18.00,NULL,'2024-05-30 15:25:58','2024-05-30 15:26:35',NULL,NULL,18.00,NULL,NULL,NULL),(109,74,21,404,6,1,' ',30.00,NULL,'2024-05-30 15:28:54','2024-05-30 15:28:54',NULL,NULL,30.00,NULL,NULL,NULL),(116,75,14,377,6,1,' ',25.00,NULL,'2024-05-30 15:50:47','2024-05-30 15:50:47',NULL,NULL,25.00,NULL,NULL,NULL),(118,76,14,377,6,1,' ',25.00,NULL,'2024-05-30 15:51:55','2024-05-30 15:51:55',NULL,NULL,25.00,NULL,NULL,NULL),(119,77,13,377,6,1,' ',18.00,NULL,'2024-05-30 16:00:04','2024-05-30 16:00:04',NULL,NULL,18.00,NULL,NULL,NULL),(120,78,11,377,6,1,' ',11.00,NULL,'2024-05-30 16:50:54','2024-05-30 16:50:54',NULL,NULL,11.00,NULL,NULL,NULL),(121,79,11,377,6,1,' ',11.00,NULL,'2024-05-30 16:58:42','2024-05-30 16:58:42',NULL,NULL,11.00,NULL,NULL,NULL),(122,78,13,377,6,1,' ',18.00,NULL,'2024-05-30 17:37:12','2024-05-30 17:37:12',NULL,NULL,18.00,NULL,NULL,NULL),(123,78,14,377,6,2,' ',25.00,NULL,'2024-05-30 17:59:57','2024-05-30 17:59:57',NULL,NULL,25.00,NULL,NULL,NULL),(124,80,14,377,6,1,' ',25.00,NULL,'2024-06-02 07:57:28','2024-06-02 07:57:28',NULL,NULL,25.00,NULL,NULL,NULL),(125,81,11,377,6,1,' ',11.00,NULL,'2024-06-24 16:06:31','2024-06-24 16:06:31',NULL,NULL,11.00,NULL,NULL,NULL),(126,82,17,403,6,1,' ',40.00,NULL,'2024-06-24 21:47:08','2024-06-24 21:47:08',NULL,NULL,40.00,NULL,NULL,NULL),(127,83,11,377,6,1,' ',11.00,NULL,'2024-06-27 15:15:15','2024-06-27 15:15:15',NULL,NULL,11.00,NULL,NULL,NULL),(128,84,11,377,6,2,' ',11.00,NULL,'2024-06-30 22:13:51','2024-06-30 22:13:56',NULL,NULL,11.00,NULL,NULL,NULL),(130,85,11,377,6,1,' ',11.00,NULL,'2024-07-01 20:33:20','2024-07-01 20:33:20',NULL,NULL,11.00,NULL,NULL,NULL),(131,86,15,377,6,1,' ',30.00,NULL,'2024-07-02 21:19:15','2024-07-02 21:19:15',NULL,NULL,30.00,NULL,NULL,NULL),(132,87,17,403,6,1,' ',40.00,NULL,'2024-07-04 09:49:49','2024-07-04 09:49:49',NULL,NULL,40.00,NULL,NULL,NULL),(133,88,17,403,6,3,' ',40.00,NULL,'2024-07-07 04:29:58','2024-07-07 04:31:10',NULL,NULL,40.00,NULL,NULL,NULL),(134,88,19,403,6,1,' ',20.00,NULL,'2024-07-07 04:31:06','2024-07-07 04:31:06',NULL,NULL,20.00,NULL,NULL,NULL),(135,89,19,403,6,1,' ',20.00,NULL,'2024-07-21 19:38:57','2024-07-21 19:38:57',NULL,NULL,20.00,NULL,NULL,NULL),(137,90,11,377,6,2,' ',11.00,NULL,'2024-07-22 16:19:52','2024-07-22 16:20:23',NULL,NULL,11.00,NULL,NULL,NULL),(138,90,15,377,6,1,' ',30.00,NULL,'2024-07-22 16:20:31','2024-07-22 16:20:31',NULL,NULL,30.00,NULL,NULL,NULL),(139,91,17,403,6,1,' ',40.00,NULL,'2024-07-28 17:56:14','2024-07-28 17:56:14',NULL,NULL,40.00,NULL,NULL,NULL),(140,92,18,403,6,2,' ',23.00,NULL,'2024-08-03 18:02:23','2024-08-03 18:02:30',NULL,NULL,23.00,NULL,NULL,NULL),(141,93,15,377,6,1,' ',30.00,NULL,'2024-08-16 12:03:28','2024-08-16 12:03:28',NULL,NULL,30.00,NULL,NULL,NULL),(142,94,21,404,6,1,' ',30.00,NULL,'2024-08-25 15:54:05','2024-08-25 15:54:05',NULL,NULL,30.00,NULL,NULL,NULL),(143,95,21,404,6,1,' ',30.00,NULL,'2024-09-01 20:02:48','2024-09-01 20:02:48',NULL,NULL,30.00,NULL,NULL,NULL),(144,96,11,377,6,1,' ',11.00,NULL,'2024-10-06 17:10:41','2024-10-06 17:10:41',NULL,NULL,11.00,NULL,NULL,NULL),(145,97,18,403,6,1,' ',23.00,NULL,'2024-10-07 15:59:31','2024-10-07 15:59:31',NULL,NULL,23.00,NULL,NULL,NULL),(146,98,14,377,6,1,' ',25.00,NULL,'2024-10-12 15:06:45','2024-10-12 15:06:45',NULL,NULL,25.00,NULL,NULL,NULL),(147,99,19,403,6,2,' ',20.00,NULL,'2024-10-12 16:57:22','2024-10-12 17:01:09',NULL,NULL,20.00,NULL,NULL,NULL),(148,100,21,404,6,2,' ',30.00,NULL,'2024-10-16 12:45:27','2024-10-16 12:47:16',NULL,NULL,30.00,NULL,NULL,NULL),(149,101,11,377,6,1,' ',11.00,NULL,'2024-10-21 20:58:34','2024-10-21 20:58:34',NULL,NULL,11.00,NULL,NULL,NULL),(150,102,19,403,6,2,' ',20.00,NULL,'2024-10-24 17:16:29','2024-10-24 17:16:35',NULL,NULL,20.00,NULL,NULL,NULL),(151,103,19,403,6,1,' ',20.00,NULL,'2024-10-29 22:51:50','2024-10-29 22:51:50',NULL,NULL,20.00,NULL,NULL,NULL),(152,104,20,404,6,1,' ',24.00,NULL,'2024-10-31 18:01:54','2024-10-31 18:01:54',NULL,NULL,24.00,NULL,NULL,NULL),(155,105,21,404,6,1,' ',30.00,NULL,'2024-11-01 14:25:13','2024-11-01 14:25:13',NULL,NULL,30.00,NULL,NULL,NULL),(156,105,22,404,6,1,' ',33.00,NULL,'2024-11-01 14:31:27','2024-11-01 14:31:27',NULL,NULL,33.00,NULL,NULL,NULL),(161,106,20,404,6,1,' ',24.00,NULL,'2024-11-12 21:42:28','2024-11-12 21:42:28',NULL,NULL,24.00,NULL,NULL,NULL),(162,107,19,403,6,1,' ',20.00,NULL,'2024-11-13 15:32:18','2024-11-13 15:32:18',NULL,NULL,20.00,NULL,NULL,NULL),(163,108,17,403,6,1,' ',40.00,NULL,'2024-11-19 11:52:24','2024-11-19 11:52:24',NULL,NULL,40.00,NULL,NULL,NULL),(164,109,37,377,6,1,' ',76.00,NULL,'2024-11-19 12:55:35','2024-11-19 12:55:35',NULL,NULL,76.00,NULL,NULL,NULL),(165,110,28,377,6,1,' ',23.00,NULL,'2024-11-19 13:05:10','2024-11-19 13:05:10',NULL,NULL,23.00,NULL,NULL,NULL),(166,110,37,377,6,1,' ',76.00,NULL,'2024-11-19 13:24:57','2024-11-19 13:24:57',NULL,NULL,76.00,NULL,NULL,NULL),(168,111,19,403,6,1,' ',20.00,NULL,'2024-11-19 15:07:09','2024-11-19 15:07:09',NULL,NULL,20.00,NULL,NULL,NULL),(169,112,20,404,6,1,' ',24.00,NULL,'2024-11-19 22:45:24','2024-11-19 22:45:24',NULL,NULL,24.00,NULL,NULL,NULL),(170,113,19,403,6,1,' ',20.00,NULL,'2024-11-20 08:49:09','2024-11-20 08:49:09',NULL,NULL,20.00,NULL,NULL,NULL),(173,114,21,404,6,1,' ',30.00,NULL,'2024-11-20 15:49:46','2024-11-20 15:49:46',NULL,NULL,30.00,NULL,NULL,NULL),(174,115,19,403,6,1,' ',20.00,NULL,'2024-11-21 10:27:40','2024-11-21 10:27:40',NULL,NULL,20.00,NULL,NULL,NULL),(175,116,19,403,6,1,' ',20.00,NULL,'2024-11-21 10:46:04','2024-11-21 10:46:04',NULL,NULL,20.00,NULL,NULL,NULL),(176,117,19,403,6,1,' ',20.00,NULL,'2024-11-21 14:17:52','2024-11-21 14:17:52',NULL,NULL,20.00,NULL,NULL,NULL),(177,118,14,377,6,1,' ',25.00,NULL,'2024-11-21 19:39:29','2024-11-21 19:39:29',NULL,NULL,25.00,NULL,NULL,NULL),(178,119,21,404,6,1,' ',30.00,NULL,'2024-11-28 15:18:40','2024-11-28 15:18:40',NULL,NULL,30.00,NULL,NULL,NULL),(179,120,14,377,6,1,' ',25.00,NULL,'2024-12-01 01:01:03','2024-12-01 01:01:03',NULL,NULL,25.00,NULL,NULL,NULL),(180,121,19,403,6,1,' ',20.00,NULL,'2024-12-03 19:39:44','2024-12-03 19:39:44',NULL,NULL,20.00,NULL,NULL,NULL),(181,122,28,377,6,1,' ',23.00,NULL,'2024-12-04 00:19:16','2024-12-04 00:19:16',NULL,NULL,23.00,NULL,NULL,NULL);

--
-- Table structure for table `product_otherdatas`
--

CREATE TABLE `product_otherdatas` (
  `id` bigint unsigned NOT NULL AUTO_INCREMENT,
  `product_id` int unsigned DEFAULT NULL,
  `input_key_ar` varchar(191) CHARACTER SET utf8mb4 COLLATE utf8mb4_unicode_ci NOT NULL,
  `input_value_ar` varchar(191) CHARACTER SET utf8mb4 COLLATE utf8mb4_unicode_ci NOT NULL,
  `input_key_en` varchar(191) CHARACTER SET utf8mb4 COLLATE utf8mb4_unicode_ci DEFAULT NULL,
  `input_value_en` varchar(191) CHARACTER SET utf8mb4 COLLATE utf8mb4_unicode_ci DEFAULT NULL,
  `created_at` timestamp NULL DEFAULT NULL,
  `updated_at` timestamp NULL DEFAULT NULL,
  `user_id` int DEFAULT NULL,
  PRIMARY KEY (`id`),
  KEY `product_otherdatas_product_id_foreign` (`product_id`)
) ENGINE=InnoDB AUTO_INCREMENT=20 DEFAULT CHARSET=utf8mb4 COLLATE=utf8mb4_unicode_ci;

--
-- Dumping data for table `product_otherdatas`
--

INSERT INTO `product_otherdatas` (`id`, `product_id`, `input_key_ar`, `input_value_ar`, `input_key_en`, `input_value_en`, `created_at`, `updated_at`, `user_id`) VALUES (3,NULL,'asdas','','asdasdda',NULL,'2024-03-30 13:52:10','2024-03-30 13:52:10',348),(18,NULL,'الفرع الاول','','asdsad٢',NULL,'2024-03-30 13:58:18','2024-03-30 13:58:18',344),(19,NULL,'الفرع الثاني','','ccxz',NULL,'2024-03-30 13:58:18','2024-03-30 13:58:18',344);

--
-- Table structure for table `product_pwrs`
--

CREATE TABLE `product_pwrs` (
  `id` int unsigned NOT NULL AUTO_INCREMENT,
  `product_id` int unsigned DEFAULT NULL,
  `pwr_id` int unsigned DEFAULT NULL,
  `in_stock` int NOT NULL DEFAULT '1',
  `status` int NOT NULL DEFAULT '1',
  `created_at` timestamp NULL DEFAULT NULL,
  `updated_at` timestamp NULL DEFAULT NULL,
  PRIMARY KEY (`id`),
  KEY `product_pwrs_product_id_foreign` (`product_id`),
  KEY `product_pwrs_pwr_id_foreign` (`pwr_id`),
  CONSTRAINT `product_pwrs_product_id_foreign` FOREIGN KEY (`product_id`) REFERENCES `products` (`id`) ON DELETE CASCADE,
  CONSTRAINT `product_pwrs_pwr_id_foreign` FOREIGN KEY (`pwr_id`) REFERENCES `pwrs` (`id`) ON DELETE CASCADE
) ENGINE=InnoDB DEFAULT CHARSET=utf8mb4 COLLATE=utf8mb4_unicode_ci;

--
-- Dumping data for table `product_pwrs`
--


--
-- Table structure for table `product_translations`
--

CREATE TABLE `product_translations` (
  `id` int unsigned NOT NULL AUTO_INCREMENT,
  `product_id` int unsigned NOT NULL,
  `name` varchar(255) CHARACTER SET utf8mb4 COLLATE utf8mb4_unicode_ci NOT NULL,
  `content` text CHARACTER SET utf8mb4 COLLATE utf8mb4_unicode_ci NOT NULL,
  `Size_guide` varchar(191) CHARACTER SET utf8mb4 COLLATE utf8mb4_unicode_ci DEFAULT NULL,
  `meta_keywords` text CHARACTER SET utf8mb4 COLLATE utf8mb4_unicode_ci,
  `locale` varchar(255) CHARACTER SET utf8mb4 COLLATE utf8mb4_unicode_ci NOT NULL,
  `created_at` timestamp NULL DEFAULT NULL,
  `updated_at` timestamp NULL DEFAULT NULL,
  `monthly` varchar(191) CHARACTER SET utf8mb4 COLLATE utf8mb4_unicode_ci DEFAULT NULL,
  PRIMARY KEY (`id`),
  UNIQUE KEY `product_translations_product_id_locale_unique` (`product_id`,`locale`),
  KEY `product_translations_locale_index` (`locale`),
  CONSTRAINT `product_translations_product_id_foreign` FOREIGN KEY (`product_id`) REFERENCES `products` (`id`) ON DELETE CASCADE
) ENGINE=InnoDB AUTO_INCREMENT=75 DEFAULT CHARSET=utf8mb4 COLLATE=utf8mb4_unicode_ci;

--
-- Dumping data for table `product_translations`
--

INSERT INTO `product_translations` (`id`, `product_id`, `name`, `content`, `Size_guide`, `meta_keywords`, `locale`, `created_at`, `updated_at`, `monthly`) VALUES (13,11,'عباية ممتازة','<p>هذا النص هو مثال لنص يمكن أن يستبدل في نفس المساحة، لقد تم توليد هذا النص من مولد النص العربى، حيث يمكنك أن تولد مثل هذا النص أو العديد من النصوص الأخرى إضافة إلى زيادة عدد الحروف التى يولدها التطبيق.<br />\r\nإذا كنت تحتاج إلى عدد أكبر من الفقرات يتيح لك مولد النص العربى زيادة عدد الفقرات كما تريد، النص لن يبدو مقسما ولا يحوي أخطاء لغوية، مولد النص العربى مفيد لمصممي المواقع على وجه الخصوص، حيث يحتاج العميل فى كثير من الأحيان أن يطلع على صورة حقيقية لتصميم الموقع.</p>','adf',NULL,'ar',NULL,NULL,NULL),(14,11,'عباية ممتازة','<p>هذا النص هو مثال لنص يمكن أن يستبدل في نفس المساحة، لقد تم توليد هذا النص من مولد النص العربى، حيث يمكنك أن تولد مثل هذا النص أو العديد من النصوص الأخرى إضافة إلى زيادة عدد الحروف التى يولدها التطبيق.<br />\r\nإذا كنت تحتاج إلى عدد أكبر من الفقرات يتيح لك مولد النص العربى زيادة عدد الفقرات كما تريد، النص لن يبدو مقسما ولا يحوي أخطاء لغوية، مولد النص العربى مفيد لمصممي المواقع على وجه الخصوص، حيث يحتاج العميل فى كثير من الأحيان أن يطلع على صورة حقيقية لتصميم الموقع.</p>','sdf',NULL,'en',NULL,NULL,NULL),(17,13,'eid abayas brown','<p>عباية أنيقة بتصميم كلاسيكي مصنوعة من مزيج من قماش الحرير القطن مع قماش اسود عبايه (خاص بتوق) مناسب للاستخدام اليومي والمناسبات . تتميز هذه العباية بلونها المميز الجذاب وقصتها العصرية والبسيطة، وهي مناسبه لجميع المناسبات وتعكس رونقاً راقياً</p>',NULL,NULL,'ar',NULL,NULL,NULL),(18,13,'eid abayas brown','<p>عباية أنيقة بتصميم كلاسيكي مصنوعة من مزيج من قماش الحرير القطن مع قماش اسود عبايه (خاص بتوق) مناسب للاستخدام اليومي والمناسبات . تتميز هذه العباية بلونها المميز الجذاب وقصتها العصرية والبسيطة، وهي مناسبه لجميع المناسبات وتعكس رونقاً راقياً</p>',NULL,NULL,'en',NULL,NULL,NULL),(19,14,'عباية جاكيت تطريز اكمام','<p>عباية أنيقة بتصميم كلاسيكي مصنوعة من قماش الكريب الناعم والمريح. تتميز هذه العباية بلونها السادة الجذاب وقصتها العصرية والبسيطة، وهي مناسبة لجميع المناسبات وتعكس رونقاً راقياً</p>',NULL,NULL,'ar',NULL,NULL,NULL),(20,14,'عباية جاكيت تطريز اكمام','<p>عباية أنيقة بتصميم كلاسيكي مصنوعة من قماش الكريب الناعم والمريح. تتميز هذه العباية بلونها السادة الجذاب وقصتها العصرية والبسيطة، وهي مناسبة لجميع المناسبات وتعكس رونقاً راقياً</p>',NULL,NULL,'en',NULL,NULL,NULL),(21,15,'عبايه دبل فيس لونين','<p>عباية أنيقة بتصميم كلاسيكي مصنوعة من قماش الحرير القطن مناسب للاستخدام اليومي والمناسبات . تتميز هذه العباية بلونها المميز الجذاب وقصتها العصرية والبسيطة، وهي مناسبه لجميع المناسبات وتعكس رونقاً راقياً</p>',NULL,NULL,'ar',NULL,NULL,NULL),(22,15,'عبايه دبل فيس لونين','<p>عباية أنيقة بتصميم كلاسيكي مصنوعة من قماش الحرير القطن مناسب للاستخدام اليومي والمناسبات . تتميز هذه العباية بلونها المميز الجذاب وقصتها العصرية والبسيطة، وهي مناسبه لجميع المناسبات وتعكس رونقاً راقياً</p>',NULL,NULL,'en',NULL,NULL,NULL),(23,16,'عباية كلوش بقيطان ناعمة','<p>Elegant Abaya made from a crepe fabric&nbsp;perfect for day events. Style it up with nice shoes. without&nbsp;Sheila included</p>',NULL,NULL,'ar',NULL,NULL,NULL),(24,16,'عباية كلوش بقيطان ناعمة','<p>Elegant Abaya made from a crepe fabric&nbsp;perfect for day events. Style it up with nice shoes. without&nbsp;Sheila included</p>',NULL,NULL,'en',NULL,NULL,NULL),(25,18,'نظارة شمسية كلون اكس','<h1>&nbsp;</h1>\r\n\r\n<p>نظارة شمسية كلون اكس</p>',NULL,NULL,'ar',NULL,NULL,NULL),(26,18,'نظارة شمسية كلون اكس','<h1>&nbsp;</h1>\r\n\r\n<p>نظارة شمسية كلون اكس</p>',NULL,NULL,'en',NULL,NULL,NULL),(27,17,'نظارة شمسية بإطار بتصميم حرف D','<h1>&nbsp;</h1>\r\n\r\n<p>نظارة شمسية بإطار بتصميم حرف D</p>',NULL,NULL,'ar',NULL,NULL,NULL),(28,17,'نظارة شمسية بإطار بتصميم حرف D','<h1>&nbsp;</h1>\r\n\r\n<p>نظارة شمسية بإطار بتصميم حرف D</p>',NULL,NULL,'en',NULL,NULL,NULL),(29,19,'نظارة شمسية أفياتور','<h1>&nbsp;</h1>\r\n\r\n<p>نظارة شمسية أفياتور</p>',NULL,NULL,'ar',NULL,NULL,NULL),(30,19,'نظارة شمسية أفياتور','<h1>&nbsp;</h1>\r\n\r\n<p>نظارة شمسية أفياتور</p>',NULL,NULL,'en',NULL,NULL,NULL),(31,20,'One Man Show 24K Edition EDP','<h4>&nbsp;</h4>\r\n\r\n<p>One Man Show 24K Edition EDP by Jacques Bogart</p>',NULL,NULL,'ar',NULL,NULL,NULL),(32,20,'One Man Show 24K Edition EDP','<h4>&nbsp;</h4>\r\n\r\n<p>One Man Show 24K Edition EDP by Jacques Bogart</p>',NULL,NULL,'en',NULL,NULL,NULL),(33,21,'Midnight Gold EDP','<h4>&nbsp;</h4>\r\n\r\n<p>Midnight Gold EDP by Mancera</p>',NULL,NULL,'ar',NULL,NULL,NULL),(34,21,'Midnight Gold EDP','<h4>&nbsp;</h4>\r\n\r\n<p>Midnight Gold EDP by Mancera</p>',NULL,NULL,'en',NULL,NULL,NULL),(35,22,'Jasmine Musc EDP Intense','<h4>&nbsp;</h4>\r\n\r\n<p>Jasmine Musc EDP Intense by Narciso Rodriguez</p>',NULL,NULL,'ar',NULL,NULL,NULL),(36,22,'Jasmine Musc EDP Intense','<h4>&nbsp;</h4>\r\n\r\n<p>Jasmine Musc EDP Intense by Narciso Rodriguez</p>',NULL,NULL,'en',NULL,NULL,NULL),(37,23,'as','asd',NULL,NULL,'ar',NULL,NULL,NULL),(38,23,'asdasd','asd',NULL,NULL,'en',NULL,NULL,NULL),(39,24,'منتج مكياج جديد','<p>منتج مكياج جديد</p>',NULL,NULL,'ar',NULL,NULL,NULL),(40,24,'منتج مكياج جديد','<p>منتج مكياج جديد</p>',NULL,NULL,'en',NULL,NULL,NULL),(41,25,'as','asd',NULL,NULL,'ar',NULL,NULL,NULL),(42,25,'asdasd','asd',NULL,NULL,'en',NULL,NULL,NULL),(43,26,'answer EN','does AR',NULL,NULL,'ar',NULL,NULL,NULL),(44,26,'answer EN','dose EN',NULL,NULL,'en',NULL,NULL,NULL),(45,27,'as','asd',NULL,NULL,'ar',NULL,NULL,NULL),(46,27,'asdasd','asd',NULL,NULL,'en',NULL,NULL,NULL),(47,28,'answer sheata','asd',NULL,NULL,'ar',NULL,NULL,NULL),(48,28,'asdasd','asd',NULL,NULL,'en',NULL,NULL,NULL),(49,29,'from app','addd',NULL,NULL,'ar',NULL,NULL,NULL),(50,29,'fromapp','addd',NULL,NULL,'en',NULL,NULL,NULL),(51,30,'435432','3425243',NULL,NULL,'ar',NULL,NULL,NULL),(52,30,'342523','345243523',NULL,NULL,'en',NULL,NULL,NULL),(53,31,'anwer shehata','tyrytrytrtyryt',NULL,NULL,'ar',NULL,NULL,NULL),(54,31,'anwer','ytrytrytr',NULL,NULL,'en',NULL,NULL,NULL),(55,32,'22','765765',NULL,NULL,'ar',NULL,NULL,NULL),(56,32,'65675','675765765',NULL,NULL,'en',NULL,NULL,NULL),(57,33,'66','666',NULL,NULL,'ar',NULL,NULL,NULL),(58,33,'6666','456',NULL,NULL,'en',NULL,NULL,NULL),(59,34,'87676','8768',NULL,NULL,'ar',NULL,NULL,NULL),(60,34,'876','6876',NULL,NULL,'en',NULL,NULL,NULL),(61,35,'werewq','weqr',NULL,NULL,'ar',NULL,NULL,NULL),(62,35,'wer','eqrq',NULL,NULL,'en',NULL,NULL,NULL),(63,36,'333','5656654',NULL,NULL,'ar',NULL,NULL,NULL),(64,36,'35634','675675',NULL,NULL,'en',NULL,NULL,NULL),(65,37,'87987','987',NULL,NULL,'ar',NULL,NULL,NULL),(66,37,'897897','987',NULL,NULL,'en',NULL,NULL,NULL),(67,38,'32rw','234',NULL,NULL,'ar',NULL,NULL,NULL),(68,38,'324','3214',NULL,NULL,'en',NULL,NULL,NULL),(69,39,'278','678876',NULL,NULL,'ar',NULL,NULL,NULL),(70,39,'786','null',NULL,NULL,'en',NULL,NULL,NULL),(71,40,'رويل موري','رويل موري ثلاث تولات',NULL,NULL,'ar',NULL,NULL,NULL),(72,40,'royal mory','null',NULL,NULL,'en',NULL,NULL,NULL),(73,41,'فستان اصفر','فستان انيق باللون اصفر مع كم قصير و مرصع بالزركون الابيض الامع',NULL,NULL,'ar',NULL,NULL,NULL),(74,41,'yallow dress','null',NULL,NULL,'en',NULL,NULL,NULL);

--
-- Table structure for table `products`
--

CREATE TABLE `products` (
  `id` int unsigned NOT NULL AUTO_INCREMENT,
  `image` varchar(255) CHARACTER SET utf8mb4 COLLATE utf8mb4_unicode_ci DEFAULT NULL,
  `user_id` int unsigned DEFAULT NULL,
  `mainprice` decimal(8,2) NOT NULL DEFAULT '0.00',
  `discount` decimal(8,2) NOT NULL DEFAULT '0.00',
  `stoke` int NOT NULL DEFAULT '0',
  `option` enum('true','false') CHARACTER SET utf8mb4 COLLATE utf8mb4_unicode_ci DEFAULT NULL,
  `code` varchar(255) CHARACTER SET utf8mb4 COLLATE utf8mb4_unicode_ci DEFAULT NULL,
  `status` enum('pending','reject','active') CHARACTER SET utf8mb4 COLLATE utf8mb4_unicode_ci NOT NULL DEFAULT 'pending',
  `reason` longtext CHARACTER SET utf8mb4 COLLATE utf8mb4_unicode_ci,
  `deleted_at` timestamp NULL DEFAULT NULL,
  `created_at` timestamp NULL DEFAULT NULL,
  `updated_at` timestamp NULL DEFAULT NULL,
  `checked` int NOT NULL DEFAULT '1',
  `knetPay` int NOT NULL DEFAULT '0',
  `arrivalTime` varchar(191) CHARACTER SET utf8mb4 COLLATE utf8mb4_unicode_ci DEFAULT NULL,
  `news` int DEFAULT NULL,
  `const` int NOT NULL DEFAULT '0',
  `brand_id` int DEFAULT NULL,
  `category_id` int DEFAULT NULL,
  `pwr_price` decimal(8,3) DEFAULT NULL,
  `originall` varchar(111) CHARACTER SET utf8mb4 COLLATE utf8mb4_unicode_ci NOT NULL DEFAULT '0',
  `hasPwr` varchar(111) CHARACTER SET utf8mb4 COLLATE utf8mb4_unicode_ci NOT NULL DEFAULT '0',
  `monthly` tinyint NOT NULL DEFAULT '0',
  `bestSeller` int NOT NULL DEFAULT '0',
  `latest` int DEFAULT '0',
  `discount_product` int NOT NULL DEFAULT '0',
  `size_image` varchar(191) CHARACTER SET utf8mb4 COLLATE utf8mb4_unicode_ci DEFAULT NULL,
  PRIMARY KEY (`id`),
  KEY `products_user_id_foreign` (`user_id`),
  CONSTRAINT `products_user_id_foreign` FOREIGN KEY (`user_id`) REFERENCES `users` (`id`) ON DELETE CASCADE
) ENGINE=InnoDB AUTO_INCREMENT=42 DEFAULT CHARSET=utf8mb4 COLLATE=utf8mb4_unicode_ci;

--
-- Dumping data for table `products`
--

INSERT INTO `products` (`id`, `image`, `user_id`, `mainprice`, `discount`, `stoke`, `option`, `code`, `status`, `reason`, `deleted_at`, `created_at`, `updated_at`, `checked`, `knetPay`, `arrivalTime`, `news`, `const`, `brand_id`, `category_id`, `pwr_price`, `originall`, `hasPwr`, `monthly`, `bestSeller`, `latest`, `discount_product`, `size_image`) VALUES (4,NULL,NULL,0.00,0.00,0,NULL,NULL,'pending',NULL,'2024-03-21 12:53:18','2024-02-25 14:52:14','2024-03-21 12:53:18',1,0,NULL,NULL,0,NULL,NULL,NULL,'0','0',0,0,0,1,NULL),(6,NULL,NULL,0.00,0.00,0,NULL,NULL,'pending',NULL,'2024-03-21 12:53:14','2024-03-21 12:44:54','2024-03-21 12:53:14',1,0,NULL,NULL,0,NULL,NULL,NULL,'0','0',0,0,0,0,NULL),(8,NULL,NULL,0.00,0.00,0,NULL,NULL,'pending',NULL,'2024-04-29 11:35:46','2024-04-21 12:42:39','2024-04-29 11:35:46',1,0,NULL,NULL,0,NULL,NULL,NULL,'0','0',0,0,0,0,NULL),(11,'2024-05-22-IMG_6607-683x1024.jpg',377,21.00,11.00,2,NULL,NULL,'active',NULL,'2024-11-04 00:33:23','2024-05-12 14:24:53','2024-11-04 00:33:23',1,0,NULL,NULL,0,NULL,0,NULL,'0','0',0,0,0,1,NULL),(13,'2024-05-28-3W5A5456.webp',377,23.00,18.00,10,NULL,NULL,'active',NULL,'2024-11-04 00:24:40','2024-05-28 20:38:38','2024-11-04 00:24:40',1,0,NULL,NULL,0,NULL,0,NULL,'0','0',0,0,0,0,NULL),(14,'2024-05-28-BK7A5298-2-683x1024.jpg',377,25.00,25.00,14,NULL,NULL,'active',NULL,NULL,'2024-05-28 20:41:19','2024-11-04 00:35:31',1,0,NULL,NULL,0,NULL,0,NULL,'0','0',0,0,0,1,NULL),(15,'2024-05-28-3W5A5413-1.webp',377,30.00,30.00,24,NULL,NULL,'active',NULL,'2024-11-04 00:34:02','2024-05-28 20:42:48','2024-11-04 00:34:02',1,0,NULL,NULL,0,NULL,0,NULL,'0','0',0,0,0,1,NULL),(16,'2024-05-28-2S9A9215-rotated.jpg',377,20.00,17.00,13,NULL,NULL,'active',NULL,'2024-11-04 00:26:58','2024-05-28 20:44:36','2024-11-04 00:26:58',1,0,NULL,NULL,0,NULL,0,NULL,'0','0',0,0,0,1,NULL),(17,'2024-05-28-0ea4223u__500187__p21__noshad__fr.jpg',403,40.00,40.00,30,NULL,NULL,'active',NULL,NULL,'2024-05-28 20:54:59','2024-05-28 21:02:06',1,0,NULL,NULL,0,NULL,0,NULL,'0','0',0,0,0,1,NULL),(18,'2024-05-28-0rb3736__002_71__p21__noshad__fr.jpg',403,23.00,23.00,23,NULL,NULL,'active',NULL,NULL,'2024-05-28 20:59:47','2024-05-28 21:01:17',1,0,NULL,NULL,0,NULL,0,NULL,'0','0',0,0,0,1,NULL),(19,'2024-05-28-0rb3825__002_b1__p21__shad__cfr.jpg',403,30.00,20.00,30,NULL,NULL,'active',NULL,NULL,'2024-05-28 21:02:10','2024-05-28 21:02:51',1,0,NULL,NULL,0,NULL,0,NULL,'0','0',0,0,0,0,NULL),(20,'2024-05-28-imagetext2.jpg',404,24.00,24.00,29,NULL,NULL,'active',NULL,NULL,'2024-05-28 21:12:56','2024-05-28 21:14:27',1,0,NULL,NULL,0,NULL,0,NULL,'0','0',0,0,0,0,NULL),(21,'2024-05-28-imagetext1.jpg',404,34.00,30.00,10,NULL,NULL,'active',NULL,NULL,'2024-05-28 21:14:37','2024-05-28 21:15:56',1,0,NULL,NULL,0,NULL,0,NULL,'0','0',0,0,0,1,NULL),(22,'2024-05-28-imagetext3.jpg',404,33.00,33.00,33,NULL,NULL,'active',NULL,NULL,'2024-05-28 21:16:00','2024-11-10 20:59:58',1,0,NULL,NULL,0,NULL,0,NULL,'0','0',0,0,0,1,NULL),(23,NULL,377,32.00,23.00,32,NULL,NULL,'pending',NULL,'2024-06-12 22:57:37','2024-06-12 22:55:03','2024-06-12 22:57:37',0,0,NULL,NULL,0,NULL,NULL,NULL,'0','0',0,0,0,0,NULL),(24,'2024-07-09-121600.jpg',377,10.00,8.00,10,NULL,NULL,'active',NULL,'2024-11-04 00:26:49','2024-07-09 16:10:56','2024-11-04 00:26:49',1,0,NULL,NULL,0,NULL,0,NULL,'0','0',0,0,0,1,NULL),(25,NULL,377,32.00,23.00,32,NULL,NULL,'active',NULL,'2024-11-12 23:58:41','2024-11-10 21:07:42','2024-11-12 23:58:41',0,0,NULL,NULL,0,NULL,NULL,NULL,'0','0',0,0,0,0,NULL),(26,'2024-11-18-image_picker_1F6E8507-86D1-474F-93D8-5B82B4CE753C-48254-000015A6EC7F10AB.jpg',377,32.00,23.00,34,NULL,NULL,'active',NULL,'2024-11-21 10:44:23','2024-11-10 21:15:23','2024-11-21 10:44:23',0,0,NULL,NULL,0,NULL,NULL,NULL,'0','0',0,0,0,0,NULL),(27,'2024-11-10-download-1.jpg',377,32.00,23.00,32,NULL,NULL,'pending',NULL,NULL,'2024-11-10 21:17:00','2024-11-10 21:18:44',0,0,NULL,NULL,0,NULL,NULL,NULL,'0','0',0,0,0,0,NULL),(28,'2024-11-12-download-1.jpg',377,32.00,23.00,55,NULL,NULL,'active',NULL,NULL,'2024-11-12 23:31:32','2024-11-18 16:01:58',0,0,NULL,NULL,0,NULL,NULL,NULL,'0','0',0,0,0,0,NULL),(29,'2024-11-12-images (5).jpg',377,22.00,11.00,4,NULL,NULL,'pending',NULL,'2024-11-13 00:27:39','2024-11-12 23:52:49','2024-11-13 00:27:39',0,0,NULL,NULL,0,NULL,NULL,NULL,'0','0',0,0,0,0,NULL),(30,'2024-11-12-images (6).jpg',377,33.00,11.00,4,NULL,NULL,'pending',NULL,'2024-11-13 00:27:06','2024-11-12 23:55:34','2024-11-13 00:27:06',0,0,NULL,NULL,0,NULL,NULL,NULL,'0','0',0,0,0,0,NULL),(31,'2024-11-13-images.jpg',377,44.00,33.00,5,NULL,NULL,'pending',NULL,'2024-11-13 00:27:33','2024-11-13 00:01:46','2024-11-13 00:27:33',0,0,NULL,NULL,0,NULL,NULL,NULL,'0','0',0,0,0,0,NULL),(32,'2024-11-13-images (5).jpg',377,33.00,333.00,9,NULL,NULL,'pending',NULL,'2024-11-13 00:27:45','2024-11-13 00:11:11','2024-11-13 00:27:45',0,0,NULL,NULL,0,NULL,NULL,NULL,'0','0',0,0,0,0,NULL),(33,'2024-11-13-images.jpg',377,22.00,11.00,7,NULL,NULL,'pending',NULL,'2024-11-13 00:27:26','2024-11-13 00:12:01','2024-11-13 00:27:26',0,0,NULL,NULL,0,NULL,NULL,NULL,'0','0',0,0,0,0,NULL),(34,'2024-11-13-images (4).jpg',377,22.00,22.00,2,NULL,NULL,'pending',NULL,'2024-11-13 00:27:57','2024-11-13 00:12:54','2024-11-13 00:27:57',0,0,NULL,NULL,0,NULL,NULL,NULL,'0','0',0,0,0,0,NULL),(35,'2024-11-13-images (5).jpg',377,2314.00,999999.99,2314,NULL,NULL,'pending',NULL,'2024-11-13 00:27:51','2024-11-13 00:13:33','2024-11-13 00:27:51',0,0,NULL,NULL,0,NULL,NULL,NULL,'0','0',0,0,0,0,NULL),(36,'2024-11-13-images (6).jpg',377,3.00,3.00,3,NULL,NULL,'pending',NULL,'2024-11-13 00:27:14','2024-11-13 00:14:29','2024-11-13 00:27:14',0,0,NULL,NULL,0,NULL,NULL,NULL,'0','0',0,0,0,0,NULL),(37,'2024-11-13-images (7).jpg',377,33.00,76.00,87,NULL,NULL,'active',NULL,NULL,'2024-11-13 00:16:01','2024-11-18 15:52:26',0,0,NULL,NULL,0,NULL,NULL,NULL,'0','0',0,0,0,0,NULL),(38,'2024-11-13-images (5).jpg',377,2.00,2.00,2,NULL,NULL,'pending',NULL,NULL,'2024-11-13 00:16:48','2024-11-13 00:16:48',0,0,NULL,NULL,0,NULL,NULL,NULL,'0','0',0,0,0,0,NULL),(39,'2024-11-13-images (6).jpg',377,22.00,22.00,2,NULL,NULL,'pending',NULL,'2024-11-13 00:27:20','2024-11-13 00:17:35','2024-11-13 00:27:20',0,0,NULL,NULL,0,NULL,NULL,NULL,'0','0',0,0,0,0,NULL),(40,'2024-11-26-image_picker_18160380-80A6-441D-9790-EC1E502E8AFF-2705-000001B469DF0354.jpg',438,20.00,15.00,3,NULL,NULL,'active',NULL,'2024-11-26 20:20:38','2024-11-26 18:59:28','2024-11-26 20:20:38',0,0,NULL,NULL,0,NULL,NULL,NULL,'0','0',0,0,0,0,NULL),(41,'2024-12-05-image_picker_0BD7B359-BBBC-4A23-A07C-1D2F6581F04A-2020-000000BC9A967F7B.png',440,70.00,65.00,10,NULL,NULL,'pending',NULL,NULL,'2024-12-05 05:49:25','2024-12-05 05:52:54',0,0,NULL,NULL,0,NULL,NULL,NULL,'0','0',0,0,0,0,NULL);

--
-- Table structure for table `public_notifcations`
--

CREATE TABLE `public_notifcations` (
  `id` int unsigned NOT NULL AUTO_INCREMENT,
  `user_id` int unsigned DEFAULT NULL,
  `title` varchar(255) CHARACTER SET utf8mb4 COLLATE utf8mb4_unicode_ci NOT NULL,
  `message` text CHARACTER SET utf8mb4 COLLATE utf8mb4_unicode_ci NOT NULL,
  `data` text CHARACTER SET utf8mb4 COLLATE utf8mb4_unicode_ci NOT NULL,
  `created_at` timestamp NULL DEFAULT NULL,
  `updated_at` timestamp NULL DEFAULT NULL,
  PRIMARY KEY (`id`),
  KEY `public_notifcations_user_id_foreign` (`user_id`),
  CONSTRAINT `public_notifcations_user_id_foreign` FOREIGN KEY (`user_id`) REFERENCES `users` (`id`) ON DELETE CASCADE
) ENGINE=InnoDB AUTO_INCREMENT=12 DEFAULT CHARSET=utf8mb4 COLLATE=utf8mb4_unicode_ci;

--
-- Dumping data for table `public_notifcations`
--


--
-- Table structure for table `pwrs`
--

CREATE TABLE `pwrs` (
  `id` int unsigned NOT NULL AUTO_INCREMENT,
  `name` varchar(255) CHARACTER SET utf8mb4 COLLATE utf8mb4_unicode_ci NOT NULL,
  `stoke` int NOT NULL DEFAULT '1',
  `stoke_staus` int NOT NULL DEFAULT '1',
  `created_at` timestamp NULL DEFAULT NULL,
  `updated_at` timestamp NULL DEFAULT NULL,
  PRIMARY KEY (`id`)
) ENGINE=InnoDB DEFAULT CHARSET=utf8mb4 COLLATE=utf8mb4_unicode_ci;

--
-- Dumping data for table `pwrs`
--


--
-- Table structure for table `rates`
--

CREATE TABLE `rates` (
  `id` int unsigned NOT NULL AUTO_INCREMENT,
  `product_id` int unsigned DEFAULT NULL,
  `user_id` int unsigned DEFAULT NULL,
  `rate` int NOT NULL,
  `text` varchar(191) CHARACTER SET utf8mb4 COLLATE utf8mb4_unicode_ci DEFAULT NULL,
  `created_at` timestamp NULL DEFAULT NULL,
  `updated_at` timestamp NULL DEFAULT NULL,
  `order_id` int DEFAULT NULL,
  `driver_id` int DEFAULT NULL,
  `rate_id` int DEFAULT NULL,
  PRIMARY KEY (`id`),
  KEY `rates_product_id_foreign` (`product_id`),
  KEY `rates_user_id_foreign` (`user_id`),
  CONSTRAINT `rates_product_id_foreign` FOREIGN KEY (`product_id`) REFERENCES `products` (`id`) ON DELETE CASCADE,
  CONSTRAINT `rates_user_id_foreign` FOREIGN KEY (`user_id`) REFERENCES `users` (`id`) ON DELETE CASCADE
) ENGINE=InnoDB AUTO_INCREMENT=19 DEFAULT CHARSET=utf8mb4 COLLATE=utf8mb4_unicode_ci;

--
-- Dumping data for table `rates`
--

INSERT INTO `rates` (`id`, `product_id`, `user_id`, `rate`, `text`, `created_at`, `updated_at`, `order_id`, `driver_id`, `rate_id`) VALUES (17,NULL,412,5,'بيي','2024-08-03 18:06:49','2024-08-03 18:06:49',92,NULL,NULL),(18,NULL,412,5,'erwterwtwre','2024-11-19 13:34:36','2024-11-19 13:34:36',110,NULL,NULL);

--
-- Table structure for table `refund_products`
--

CREATE TABLE `refund_products` (
  `id` int unsigned NOT NULL AUTO_INCREMENT,
  `user_id` int unsigned DEFAULT NULL,
  `product_order_id` int unsigned DEFAULT NULL,
  `product_id` int unsigned DEFAULT NULL,
  `type` varchar(255) CHARACTER SET utf8mb4 COLLATE utf8mb4_unicode_ci DEFAULT NULL,
  `notes` text CHARACTER SET utf8mb4 COLLATE utf8mb4_unicode_ci,
  `created_at` timestamp NULL DEFAULT NULL,
  `updated_at` timestamp NULL DEFAULT NULL,
  `restore` int DEFAULT '0',
  PRIMARY KEY (`id`),
  KEY `refund_products_user_id_foreign` (`user_id`),
  KEY `refund_products_product_id_foreign` (`product_id`),
  KEY `refund_products_product_order_id_foreign` (`product_order_id`),
  CONSTRAINT `refund_products_product_id_foreign` FOREIGN KEY (`product_id`) REFERENCES `products` (`id`) ON DELETE CASCADE,
  CONSTRAINT `refund_products_product_order_id_foreign` FOREIGN KEY (`product_order_id`) REFERENCES `product_orders` (`id`) ON DELETE CASCADE,
  CONSTRAINT `refund_products_user_id_foreign` FOREIGN KEY (`user_id`) REFERENCES `users` (`id`) ON DELETE CASCADE
) ENGINE=InnoDB DEFAULT CHARSET=utf8mb4 COLLATE=utf8mb4_unicode_ci;

--
-- Dumping data for table `refund_products`
--


--
-- Table structure for table `region_translations`
--

CREATE TABLE `region_translations` (
  `id` int unsigned NOT NULL AUTO_INCREMENT,
  `region_id` int unsigned NOT NULL,
  `name` varchar(255) CHARACTER SET utf8mb4 COLLATE utf8mb4_unicode_ci NOT NULL,
  `locale` varchar(255) CHARACTER SET utf8mb4 COLLATE utf8mb4_unicode_ci NOT NULL,
  `created_at` timestamp NULL DEFAULT NULL,
  `updated_at` timestamp NULL DEFAULT NULL,
  `arrival` varchar(191) CHARACTER SET utf8mb4 COLLATE utf8mb4_unicode_ci DEFAULT NULL,
  PRIMARY KEY (`id`),
  UNIQUE KEY `region_translations_region_id_locale_unique` (`region_id`,`locale`),
  KEY `region_translations_locale_index` (`locale`)
) ENGINE=InnoDB AUTO_INCREMENT=1693 DEFAULT CHARSET=utf8mb4 COLLATE=utf8mb4_unicode_ci;

--
-- Dumping data for table `region_translations`
--

INSERT INTO `region_translations` (`id`, `region_id`, `name`, `locale`, `created_at`, `updated_at`, `arrival`) VALUES (37,19,'مدينة الكويت','ar',NULL,NULL,'بعد ٢٤ ساعة'),(38,19,'Kuwait City','en',NULL,NULL,'After 24 Hours'),(39,20,'دسمان','ar',NULL,NULL,'بعد ٢٤ ساعة'),(40,20,'Dasman','en',NULL,NULL,'After 24 Hours'),(41,21,'شرق','ar',NULL,NULL,'بعد ٢٤ ساعة'),(42,21,'Sharq','en',NULL,NULL,'After 24 Hours'),(43,22,'الصوابر','ar',NULL,NULL,'بعد ٢٤ ساعة'),(44,22,'Sawber','en',NULL,NULL,'After 24 Hours'),(45,23,'المرقاب','ar',NULL,NULL,'بعد ٢٤ ساعة'),(46,23,'Mirqab','en',NULL,NULL,'After 24 Hours'),(47,24,'القبلة','ar',NULL,NULL,'بعد ٢٤ ساعة'),(48,24,'Qibla','en',NULL,NULL,'After 24 Hours'),(49,25,'الصالحية','ar',NULL,NULL,'بعد ٢٤ ساعة'),(50,25,'Salhiya','en',NULL,NULL,'After 24 Hours'),(51,26,'الوطية','ar',NULL,NULL,'بعد ٢٤ ساعة'),(52,26,'Watiya','en',NULL,NULL,'After 24 Hours'),(53,27,'بنيد القار','ar',NULL,NULL,'بعد ٢٤ ساعة'),(54,27,'Bneid Al Gar','en',NULL,NULL,'After 24 Hours'),(55,28,'كيفان','ar',NULL,NULL,'بعد ٢٤ ساعة'),(56,28,'Kefan','en',NULL,NULL,'After 24 Hours'),(57,29,'الدوحة','ar',NULL,NULL,'بعد ٢٤ ساعة'),(58,29,'Doha','en',NULL,NULL,'After 24 Hours'),(59,30,'الدسمة','ar',NULL,NULL,'بعد ٢٤ ساعة'),(60,30,'Dasma','en',NULL,NULL,'After 24 Hours'),(61,31,'الدعية','ar',NULL,NULL,'بعد ٢٤ ساعة'),(62,31,'Daiya','en',NULL,NULL,'After 24 Hours'),(63,32,'المنصورية','ar',NULL,NULL,'بعد ٢٤ ساعة'),(64,32,'Mansoriya','en',NULL,NULL,'After 24 Hours'),(65,33,'ضاحية عبد الله السالم','ar',NULL,NULL,'بعد ٢٤ ساعة'),(66,33,'Abdulallah Al-Salem','en',NULL,NULL,'After 24 Hours'),(67,34,'النزهة','ar',NULL,NULL,'بعد ٢٤ ساعة'),(68,34,'Nuzha','en',NULL,NULL,'After 24 Hours'),(69,35,'الفيحاء','ar',NULL,NULL,'بعد ٢٤ ساعة'),(70,35,'Faiha','en',NULL,NULL,'After 24 Hours'),(71,36,'الشامية','ar',NULL,NULL,'بعد ٢٤ ساعة'),(72,36,'Shamiya','en',NULL,NULL,'After 24 Hours'),(73,37,'الروضة','ar',NULL,NULL,'بعد ٢٤ ساعة'),(74,37,'Rawda','en',NULL,NULL,'After 24 Hours'),(75,38,'العديلية','ar',NULL,NULL,'بعد ٢٤ ساعة'),(76,38,'Adileya','en',NULL,NULL,'After 24 Hours'),(77,39,'الخالدية','ar',NULL,NULL,'بعد ٢٤ ساعة'),(78,39,'Khaldiya','en',NULL,NULL,'After 24 Hours'),(79,40,'القادسية','ar',NULL,NULL,'بعد ٢٤ ساعة'),(80,40,'Qadsiya','en',NULL,NULL,'After 24 Hours'),(81,41,'قرطبة','ar',NULL,NULL,'بعد ٢٤ ساعة'),(82,41,'Qurtoba','en',NULL,NULL,'After 24 Hours'),(83,42,'السرة','ar',NULL,NULL,'بعد ٢٤ ساعة'),(84,42,'Surra','en',NULL,NULL,'After 24 Hours'),(85,43,'اليرموك','ar',NULL,NULL,'بعد ٢٤ ساعة'),(86,43,'Yarmouk','en',NULL,NULL,'After 24 Hours'),(87,44,'الشويخ','ar',NULL,NULL,'بعد ٢٤ ساعة'),(88,44,'Shuwaikh','en',NULL,NULL,'After 24 Hours'),(89,45,'الري','ar',NULL,NULL,'بعد ٢٤ ساعة'),(90,45,'Alrai','en',NULL,NULL,'After 24 Hours'),(91,46,'غرناطة','ar',NULL,NULL,'بعد ٢٤ ساعة'),(92,46,'Granatha','en',NULL,NULL,'After 24 Hours'),(93,47,'الصليبيخات','ar',NULL,NULL,'بعد ٢٤ ساعة'),(94,47,'Sulaibikhat','en',NULL,NULL,'After 24 Hours'),(95,48,'النهضة','ar',NULL,NULL,'بعد ٢٤ ساعة'),(96,48,'Nahda','en',NULL,NULL,'After 24 Hours'),(97,49,'مدينة جابر الأحمد','ar',NULL,NULL,'بعد ٢٤ ساعة'),(98,49,'Jaber Al Ahmed','en',NULL,NULL,'After 24 Hours'),(99,50,'القيروان','ar',NULL,NULL,'بعد ٢٤ ساعة'),(100,50,'Qairawan','en',NULL,NULL,'After 24 Hours'),(101,51,'شمال غرب الصليبيخات','ar',NULL,NULL,'بعد ٢٤ ساعة'),(102,51,'East Sulibkhat','en',NULL,NULL,'After 24 Hours'),(103,52,'الفنطاس','ar',NULL,NULL,'بعد ٢٤ ساعة'),(104,52,'Fintas','en',NULL,NULL,'After 24 Hours'),(105,53,'العقيلة','ar',NULL,NULL,'بعد ٢٤ ساعة'),(106,53,'Eqaila','en',NULL,NULL,'After 24 Hours'),(107,54,'الظهر','ar',NULL,NULL,'بعد ٢٤ ساعة'),(108,54,'Zuhor','en',NULL,NULL,'After 24 Hours'),(109,55,'المقوع','ar',NULL,NULL,'بعد ٢٤ ساعة'),(110,55,'Moqwa','en',NULL,NULL,'After 24 Hours'),(111,56,'المهبولة','ar',NULL,NULL,'بعد ٢٤ ساعة'),(112,56,'Mahboula','en',NULL,NULL,'After 24 Hours'),(113,57,'الرقة','ar',NULL,NULL,'بعد ٢٤ ساعة'),(114,57,'Riqqa','en',NULL,NULL,'After 24 Hours'),(115,58,'هدية','ar',NULL,NULL,'بعد ٢٤ ساعة'),(116,58,'Hadiya','en',NULL,NULL,'After 24 Hours'),(117,59,'أبو حليفة','ar',NULL,NULL,'بعد ٢٤ ساعة'),(118,59,'Abu Halifa','en',NULL,NULL,'After 24 Hours'),(119,60,'الصباحية','ar',NULL,NULL,'بعد ٢٤ ساعة'),(120,60,'Sabahiya','en',NULL,NULL,'After 24 Hours'),(121,61,'المنقف','ar',NULL,NULL,'بعد ٢٤ ساعة'),(122,61,'Manqaf','en',NULL,NULL,'After 24 Hours'),(123,62,'الفحيحيل','ar',NULL,NULL,'بعد ٢٤ ساعة'),(124,62,'Fahaheel','en',NULL,NULL,'After 24 Hours'),(125,63,'الأحمدي','ar',NULL,NULL,'بعد ٢٤ ساعة'),(126,63,'Ahmadi','en',NULL,NULL,'After 24 Hours'),(127,64,'الوفرة','ar',NULL,NULL,'بعد ٢٤ ساعة'),(128,64,'Wafra','en',NULL,NULL,'After 24 Hours'),(129,65,'الزور','ar',NULL,NULL,'بعد ٢٤ ساعة'),(130,65,'Zoor','en',NULL,NULL,'After 24 Hours'),(131,66,'الخيران','ar',NULL,NULL,'بعد ٢٤ ساعة'),(132,66,'Al Khiran','en',NULL,NULL,'After 24 Hours'),(133,67,'ميناء عبد الله','ar',NULL,NULL,'بعد ٢٤ ساعة'),(134,67,'Menaa Abdulallah','en',NULL,NULL,'After 24 Hours'),(135,68,'الوفرة الزراعية','ar',NULL,NULL,'بعد ٢٤ ساعة'),(136,68,'Al Wafra Ziraeya','en',NULL,NULL,'After 24 Hours'),(137,69,'بنيدر','ar',NULL,NULL,'بعد ٢٤ ساعة'),(138,69,'Binder','en',NULL,NULL,'After 24 Hours'),(139,70,'الجليعة','ar',NULL,NULL,'بعد ٢٤ ساعة'),(140,70,'Gelaya','en',NULL,NULL,'After 24 Hours'),(141,71,'الضباعية','ar',NULL,NULL,'بعد ٢٤ ساعة'),(142,71,'Dabiya','en',NULL,NULL,'After 24 Hours'),(143,72,'ضاحية جابر العلي','ar',NULL,NULL,'بعد ٢٤ ساعة'),(144,72,'Jaber Al Ali','en',NULL,NULL,'بعد ٢٤ ساعة'),(145,73,'ضاحية فهد الأحمد','ar',NULL,NULL,'بعد ٢٤ ساعة'),(146,73,'Fahad Al Ahmad','en',NULL,NULL,'After 24 Hours'),(147,74,'الشعيبة','ar',NULL,NULL,'بعد ٢٤ ساعة'),(148,74,'Sheeyba','en',NULL,NULL,'After 24 Hours'),(149,75,'واره','ar',NULL,NULL,'بعد ٢٤ ساعة'),(150,75,'Waaraa','en',NULL,NULL,'After 24 Hours'),(151,76,'مدينة صباح الأحمد','ar',NULL,NULL,'بعد ٢٤ ساعة'),(152,76,'Sabah Al Ahmad','en',NULL,NULL,'After 24 Hours'),(153,77,'النويصيب','ar',NULL,NULL,'بعد ٢٤ ساعة'),(154,77,'Nouyseb','en',NULL,NULL,'After 24 Hours'),(155,78,'مدينة الخيران','ar',NULL,NULL,'بعد ٢٤ ساعة'),(156,78,'Al Khairan City','en',NULL,NULL,'After 24 Hours'),(157,79,'ضاحية علي صباح السالم أم الهيمان سابقاً','ar',NULL,NULL,'بعد ٢٤ ساعة'),(158,79,'Ali Sabah Al Salem','en',NULL,NULL,'After 24 Hours'),(159,80,'مدينة صباح الأحمد البحرية','ar',NULL,NULL,'بعد ٢٤ ساعة'),(160,80,'Sabah Al Ahmad Bahria','en',NULL,NULL,'After 24 Hours'),(161,81,'أبرق خيطان','ar',NULL,NULL,'بعد ٢٤ ساعة'),(162,81,'Abraq Khaitan','en',NULL,NULL,'After 24 Hours'),(163,82,'الأندلس','ar',NULL,NULL,'بعد ٢٤ ساعة'),(164,82,'Andalous','en',NULL,NULL,'After 24 Hours'),(165,83,'اشبيلية','ar',NULL,NULL,'بعد ٢٤ ساعة'),(166,83,'Ishbiliya','en',NULL,NULL,'After 24 Hours'),(167,84,'جليب الشيوخ','ar',NULL,NULL,'بعد ٢٤ ساعة'),(168,84,'Jeleeb Al Shuyoukh','en',NULL,NULL,'After 24 Hours'),(169,85,'خيطان','ar',NULL,NULL,'بعد ٢٤ ساعة'),(170,85,'Khaitan','en',NULL,NULL,'After 24 Hours'),(171,86,'خيطان الجديدة','ar',NULL,NULL,'بعد ٢٤ ساعة'),(172,86,'New Khaitan','en',NULL,NULL,'After 24 Hours'),(173,87,'العمرية','ar',NULL,NULL,'بعد ٢٤ ساعة'),(174,87,'Omariya','en',NULL,NULL,'After 24 Hours'),(175,88,'العارضية','ar',NULL,NULL,'بعد ٢٤ ساعة'),(176,88,'Ardiya','en',NULL,NULL,'After 24 Hours'),(177,89,'العارضية الصناعية','ar',NULL,NULL,'بعد ٢٤ ساعة'),(178,89,'Ardiya Industrial','en',NULL,NULL,'After 24 Hours'),(179,90,'العباسية','ar',NULL,NULL,'بعد ٢٤ ساعة'),(180,90,'Abasiya','en',NULL,NULL,'After 24 Hours'),(181,91,'الفردوس','ar',NULL,NULL,'بعد ٢٤ ساعة'),(182,91,'Firdous','en',NULL,NULL,'After 24 Hours'),(183,92,'الفروانية','ar',NULL,NULL,'بعد ٢٤ ساعة'),(184,92,'Farwaniya','en',NULL,NULL,'After 24 Hours'),(185,93,'الحساوي','ar',NULL,NULL,'بعد ٢٤ ساعة'),(186,93,'Hasawi','en',NULL,NULL,'After 24 Hours'),(187,94,'الشدادية','ar',NULL,NULL,'بعد ٢٤ ساعة'),(188,94,'Shadadya','en',NULL,NULL,'After 24 Hours'),(189,95,'الرابية','ar',NULL,NULL,'بعد ٢٤ ساعة'),(190,95,'Rabiya','en',NULL,NULL,'After 24 Hours'),(191,96,'الرحاب','ar',NULL,NULL,'بعد ٢٤ ساعة'),(192,96,'Rehab','en',NULL,NULL,'After 24 Hours'),(193,97,'الرقعي','ar',NULL,NULL,'بعد ٢٤ ساعة'),(194,97,'Al Riggae','en',NULL,NULL,'After 24 Hours'),(195,98,'الري الصناعية','ar',NULL,NULL,'بعد ٢٤ ساعة'),(196,98,'Al Rai Industrial','en',NULL,NULL,'After 24 Hours'),(197,99,'ضاحية صباح الناصر','ar',NULL,NULL,'بعد ٢٤ ساعة'),(198,99,'Sabah Al Nasser','en',NULL,NULL,'After 24 Hours'),(199,100,'ضاحية عبد الله المبارك','ar',NULL,NULL,'بعد ٢٤ ساعة'),(200,100,'Abdullah Mubarak','en',NULL,NULL,'After 24 Hours'),(201,101,'الضجيج','ar',NULL,NULL,'بعد ٢٤ ساعة'),(202,101,'Al Dajeej','en',NULL,NULL,'After 24 Hours'),(203,102,'الصليبية','ar',NULL,NULL,'بعد ٢٤ ساعة'),(204,102,'Al Sulaibiya','en',NULL,NULL,'After 24 Hours'),(205,103,'أمغرة','ar',NULL,NULL,'بعد ٢٤ ساعة'),(206,103,'Amgra','en',NULL,NULL,'After 24 Hours'),(207,104,'النعيم','ar',NULL,NULL,'بعد ٢٤ ساعة'),(208,104,'Naeem','en',NULL,NULL,'After 24 Hours'),(209,105,'القصر','ar',NULL,NULL,'بعد ٢٤ ساعة'),(210,105,'Qasr','en',NULL,NULL,'After 24 Hours'),(211,106,'الواحة','ar',NULL,NULL,'بعد ٢٤ ساعة'),(212,106,'Waha','en',NULL,NULL,'After 24 Hours'),(213,107,'تيماء','ar',NULL,NULL,'بعد ٢٤ ساعة'),(214,107,'Taima','en',NULL,NULL,'After 24 Hours'),(215,108,'النسيم','ar',NULL,NULL,'بعد ٢٤ ساعة'),(216,108,'Nassem','en',NULL,NULL,'After 24 Hours'),(217,109,'العيون','ar',NULL,NULL,'بعد ٢٤ ساعة'),(218,109,'Oyoun','en',NULL,NULL,'After 24 Hours'),(219,110,'القيصرية','ar',NULL,NULL,'بعد ٢٤ ساعة'),(220,110,'Qaysariyya','en',NULL,NULL,'After 24 Hours'),(221,111,'العبدلي','ar',NULL,NULL,'بعد ٢٤ ساعة'),(222,111,'Abdali','en',NULL,NULL,'After 24 Hours'),(223,112,'الجهراء القديمة','ar',NULL,NULL,'بعد ٢٤ ساعة'),(224,112,'Old Jahra','en',NULL,NULL,'After 24 Hours'),(225,113,'الجهراء الجديدة','ar',NULL,NULL,'بعد ٢٤ ساعة'),(226,113,'New jahra','en',NULL,NULL,'After 24 Hours'),(227,114,'كاظمة','ar',NULL,NULL,'بعد ٢٤ ساعة'),(228,114,'Kazma','en',NULL,NULL,'After 24 Hours'),(229,115,'مدينة سعد العبد الله','ar',NULL,NULL,'بعد ٢٤ ساعة'),(230,115,'Saad - Al-abdullah','en',NULL,NULL,'After 24 Hours'),(231,116,'السالمي','ar',NULL,NULL,'بعد ٢٤ ساعة'),(232,116,'Alsalmi','en',NULL,NULL,'After 24 Hours'),(233,117,'المطلاع','ar',NULL,NULL,'بعد ٢٤ ساعة'),(234,117,'Al Muţlā','en',NULL,NULL,'After 24 Hours'),(235,118,'مدينة الحرير','ar',NULL,NULL,'بعد ٢٤ ساعة'),(236,118,'Harir city','en',NULL,NULL,'After 24 Hours'),(237,119,'كبد','ar',NULL,NULL,'بعد ٢٤ ساعة'),(238,119,'Kabad','en',NULL,NULL,'After 24 Hours'),(239,120,'الروضتين','ar',NULL,NULL,'بعد ٢٤ ساعة'),(240,120,'Al Rawdatain','en',NULL,NULL,'After 24 Hours'),(241,121,'الصبية','ar',NULL,NULL,'بعد ٢٤ ساعة'),(242,121,'Subiya','en',NULL,NULL,'After 24 Hours'),(243,122,'حولي','ar',NULL,NULL,'بعد ٢٤ ساعة'),(244,122,'Hawalli','en',NULL,NULL,'After 24 Hours'),(245,123,'الشعب','ar',NULL,NULL,'بعد ٢٤ ساعة'),(246,123,'Shaab','en',NULL,NULL,'After 24 Hours'),(247,124,'السالمية','ar',NULL,NULL,'بعد ٢٤ ساعة'),(248,124,'Salmiya','en',NULL,NULL,'After 24 Hours'),(249,125,'الرميثية','ar',NULL,NULL,'بعد ٢٤ ساعة'),(250,125,'Rumaithiya','en',NULL,NULL,'After 24 Hours'),(251,126,'الجابرية','ar',NULL,NULL,'بعد ٢٤ ساعة'),(252,126,'Jabriya','en',NULL,NULL,'After 24 Hours'),(253,127,'مشرف','ar',NULL,NULL,'بعد ٢٤ ساعة'),(254,127,'Meshrif','en',NULL,NULL,'After 24 Hours'),(255,128,'بيان','ar',NULL,NULL,'بعد ٢٤ ساعة'),(256,128,'Bayan','en',NULL,NULL,'After 24 Hours'),(257,129,'آلبدع','ar',NULL,NULL,'بعد ٢٤ ساعة'),(258,129,'Al Bidaa','en',NULL,NULL,'After 24 Hours'),(259,130,'النقرة','ar',NULL,NULL,'بعد ٢٤ ساعة'),(260,130,'Noqra','en',NULL,NULL,'After 24 Hours'),(261,131,'ميدان حولي','ar',NULL,NULL,'بعد ٢٤ ساعة'),(262,131,'Maidan Hawally','en',NULL,NULL,'After 24 Hours'),(263,132,'ضاحية مبارك العبد الله الجابر','ar',NULL,NULL,'بعد ٢٤ ساعة'),(264,132,'Mubarak Al Abdullah','en',NULL,NULL,'After 24 Hours'),(265,133,'سلوى','ar',NULL,NULL,'بعد ٢٤ ساعة'),(266,133,'Salwa','en',NULL,NULL,'After 24 Hours'),(267,134,'جنوب السرة','ar',NULL,NULL,'بعد ٢٤ ساعة'),(268,134,'Jnoub Surra','en',NULL,NULL,'After 24 Hours'),(269,135,'الزهراء','ar',NULL,NULL,'بعد ٢٤ ساعة'),(270,135,'Al Zahra','en',NULL,NULL,'After 24 Hours'),(271,136,'الصديق','ar',NULL,NULL,'بعد ٢٤ ساعة'),(272,136,'Al Siddeeq','en',NULL,NULL,'After 24 Hours'),(273,137,'حطين','ar',NULL,NULL,'بعد ٢٤ ساعة'),(274,137,'Hateen','en',NULL,NULL,'After 24 Hours'),(275,138,'السلام','ar',NULL,NULL,'بعد ٢٤ ساعة'),(276,138,'Al Salam','en',NULL,NULL,'After 24 Hours'),(277,139,'الشهداء','ar',NULL,NULL,'بعد ٢٤ ساعة'),(278,139,'Shuhada','en',NULL,NULL,'After 24 Hours'),(279,140,'العدان','ar',NULL,NULL,'بعد ٢٤ ساعة'),(280,140,'Adan','en',NULL,NULL,'After 24 Hours'),(281,141,'القصور','ar',NULL,NULL,'بعد ٢٤ ساعة'),(282,141,'Qusor','en',NULL,NULL,'After 24 Hours'),(283,142,'القرين','ar',NULL,NULL,'بعد ٢٤ ساعة'),(284,142,'Al Qurain','en',NULL,NULL,'After 24 Hours'),(285,143,'ضاحية صباح السالم','ar',NULL,NULL,'بعد ٢٤ ساعة'),(286,143,'Sabah Al Salem','en',NULL,NULL,'After 24 Hours'),(287,144,'المسيلة','ar',NULL,NULL,'بعد ٢٤ ساعة'),(288,144,'Messila','en',NULL,NULL,'After 24 Hours'),(289,145,'المسايل','ar',NULL,NULL,'بعد ٢٤ ساعة'),(290,145,'Masayel','en',NULL,NULL,'After 24 Hours'),(291,146,'أبو فطيرة','ar',NULL,NULL,'بعد ٢٤ ساعة'),(292,146,'Abu Fteira','en',NULL,NULL,'After 24 Hours'),(293,147,'أبو الحصانية','ar',NULL,NULL,'بعد ٢٤ ساعة'),(294,147,'Abu Al Hasaniya','en',NULL,NULL,'After 24 Hours'),(295,148,'صبحان','ar',NULL,NULL,'بعد ٢٤ ساعة'),(296,148,'Sabhan','en',NULL,NULL,'After 24 Hours'),(297,149,'الفنيطيس','ar',NULL,NULL,'بعد ٢٤ ساعة'),(298,149,'Fintas','en',NULL,NULL,'After 24 Hours'),(301,151,'ضاحيه مبارك الكبير','ar',NULL,NULL,'ضاحيه مبارك الكبير'),(302,151,'Mubarak Al Kabeer','en',NULL,NULL,'ضاحيه مبارك الكبير'),(303,152,'ابو ظبي','ar',NULL,NULL,NULL),(304,152,'Abu Dhabi','en',NULL,NULL,NULL),(305,153,'العارضية','ar',NULL,NULL,NULL),(306,153,'Al Ardiyah','en',NULL,NULL,NULL),(307,154,'الذربانية','ar',NULL,NULL,NULL),(308,154,'Al Dharbaniyah','en',NULL,NULL,NULL),(309,155,'الذيد','ar',NULL,NULL,NULL),(310,155,'Al Dhaid','en',NULL,NULL,NULL),(311,156,'الدوس','ar',NULL,NULL,NULL),(312,156,'Al Duss','en',NULL,NULL,NULL),(313,157,'الختم','ar',NULL,NULL,NULL),(314,157,'Al Khatem','en',NULL,NULL,NULL),(315,158,'المفرق','ar',NULL,NULL,NULL),(316,158,'Al Mafraq','en',NULL,NULL,NULL),(317,159,'المقطع','ar',NULL,NULL,NULL),(318,159,'Al Maqta','en',NULL,NULL,NULL),(319,160,'المرفأ','ar',NULL,NULL,NULL),(320,160,'Al Marfa','en',NULL,NULL,NULL),(321,161,'البطين','ar',NULL,NULL,NULL),(322,161,'Buteen','en',NULL,NULL,NULL),(323,162,'حبشان','ar',NULL,NULL,NULL),(324,162,'Habshan','en',NULL,NULL,NULL),(325,163,'خنور','ar',NULL,NULL,NULL),(326,163,'Khannur','en',NULL,NULL,NULL),(327,164,'المفرق','ar',NULL,NULL,NULL),(328,164,'Mafraq','en',NULL,NULL,NULL),(329,165,'مصفح','ar',NULL,NULL,NULL),(330,165,'Mussafah','en',NULL,NULL,NULL),(331,166,'عجمان','ar',NULL,NULL,NULL),(332,166,'Ajman City','en',NULL,NULL,NULL),(333,167,'الزهرا','ar',NULL,NULL,NULL),(334,167,'Al Zahra','en',NULL,NULL,NULL),(335,168,'بستان','ar',NULL,NULL,NULL),(336,168,'Al Bustan','en',NULL,NULL,NULL),(337,169,'جرف','ar',NULL,NULL,NULL),(338,169,'Al Jurf','en',NULL,NULL,NULL),(339,170,'مسفط','ar',NULL,NULL,NULL),(340,170,'Masfut','en',NULL,NULL,NULL),(341,171,'رشيدية','ar',NULL,NULL,NULL),(342,171,'Rashidiya','en',NULL,NULL,NULL),(343,172,'العين','ar',NULL,NULL,NULL),(344,172,'Al Ain City','en',NULL,NULL,NULL),(345,173,'الحير','ar',NULL,NULL,NULL),(346,173,'Al Hayr','en',NULL,NULL,NULL),(347,174,'ريما','ar',NULL,NULL,NULL),(348,174,'Rima','en',NULL,NULL,NULL),(349,175,'ابو هيل','ar',NULL,NULL,NULL),(350,175,'Abu Hail','en',NULL,NULL,NULL),(351,176,'الروية','ar',NULL,NULL,NULL),(352,176,'Al Ruwayyah','en',NULL,NULL,NULL),(353,177,'بردبي','ar',NULL,NULL,NULL),(354,177,'Bur Dubai','en',NULL,NULL,NULL),(355,178,'مدينة دبي للإنترنت','ar',NULL,NULL,NULL),(356,178,'Dubai Internet City','en',NULL,NULL,NULL),(357,179,'غنتوت','ar',NULL,NULL,NULL),(358,179,'Ghantoot','en',NULL,NULL,NULL),(359,180,'السلع','ar',NULL,NULL,NULL),(360,180,'Sila','en',NULL,NULL,NULL),(361,181,'Sweihan','ar',NULL,NULL,NULL),(362,181,'Sweihan','en',NULL,NULL,NULL),(363,182,'Umm Al Nar','ar',NULL,NULL,NULL),(364,182,'Umm Al Nar','en',NULL,NULL,NULL),(365,183,'حتا','ar',NULL,NULL,NULL),(366,183,'Hatta','en',NULL,NULL,NULL),(367,184,'هور العنز','ar',NULL,NULL,NULL),(368,184,'Horl Al Anz','en',NULL,NULL,NULL),(369,185,'الجميرة','ar',NULL,NULL,NULL),(370,185,'Jumeirah','en',NULL,NULL,NULL),(371,186,'الكرامة','ar',NULL,NULL,NULL),(372,186,'Karama','en',NULL,NULL,NULL),(373,187,'ميناء سفوح','ar',NULL,NULL,NULL),(374,187,'Mina Sufooh','en',NULL,NULL,NULL),(375,188,'مردف','ar',NULL,NULL,NULL),(376,188,'Mirdif','en',NULL,NULL,NULL),(377,189,'القصيص','ar',NULL,NULL,NULL),(378,189,'Al Qusais','en',NULL,NULL,NULL),(379,190,'ريم','ar',NULL,NULL,NULL),(380,190,'Reem Community','en',NULL,NULL,NULL),(381,191,'السطوة','ar',NULL,NULL,NULL),(382,191,'Satwa','en',NULL,NULL,NULL),(383,192,'Al Shindagha','ar',NULL,NULL,NULL),(384,192,'Al Shindagha','en',NULL,NULL,NULL),(385,193,'مشرف','ar',NULL,NULL,NULL),(386,193,'Mushrif','en',NULL,NULL,NULL),(387,194,'Rashidiyah','ar',NULL,NULL,NULL),(388,194,'Rashidiyah','en',NULL,NULL,NULL),(389,195,'ورسان','ar',NULL,NULL,NULL),(390,195,'Warsan','en',NULL,NULL,NULL),(391,196,'عبادلة','ar',NULL,NULL,NULL),(392,196,'Abadilah','en',NULL,NULL,NULL),(393,197,'العكامية','ar',NULL,NULL,NULL),(394,197,'Akamiyah','en',NULL,NULL,NULL),(395,198,'الحيل','ar',NULL,NULL,NULL),(396,198,'Al Hayl','en',NULL,NULL,NULL),(397,199,'دبا','ar',NULL,NULL,NULL),(398,199,'Diba','en',NULL,NULL,NULL),(399,200,'دبا البيعة','ar',NULL,NULL,NULL),(400,200,'Dibba Al Baya','en',NULL,NULL,NULL),(401,201,'دبا الحصن','ar',NULL,NULL,NULL),(402,201,'Dibba Al-Hisn','en',NULL,NULL,NULL),(403,202,'الفجيرة','ar',NULL,NULL,NULL),(404,202,'Fujairah','en',NULL,NULL,NULL),(405,203,'الفورفار','ar',NULL,NULL,NULL),(406,203,'Al Ghurfah','en',NULL,NULL,NULL),(407,204,'الغورفة','ar',NULL,NULL,NULL),(408,204,'Farfar','en',NULL,NULL,NULL),(409,205,'دبا حسان','ar',NULL,NULL,NULL),(410,205,'Hassan Dibba','en',NULL,NULL,NULL),(411,206,'كلباء','ar',NULL,NULL,NULL),(412,206,'Kalba','en',NULL,NULL,NULL),(413,207,'خور فكان','ar',NULL,NULL,NULL),(414,207,'Khawr Fakkan','en',NULL,NULL,NULL),(415,208,'خور كلباء','ar',NULL,NULL,NULL),(416,208,'Khawr Kalba','en',NULL,NULL,NULL),(417,209,'قدفع','ar',NULL,NULL,NULL),(418,209,'Kidfa','en',NULL,NULL,NULL),(419,210,'مسافي','ar',NULL,NULL,NULL),(420,210,'Masafi','en',NULL,NULL,NULL),(421,211,'Qidfa','ar',NULL,NULL,NULL),(422,211,'Qidfa','en',NULL,NULL,NULL),(423,212,'Rughaylat','ar',NULL,NULL,NULL),(424,212,'Rughaylat','en',NULL,NULL,NULL),(425,213,'سكمكم','ar',NULL,NULL,NULL),(426,213,'Saqamqam','en',NULL,NULL,NULL),(427,214,'سيجي','ar',NULL,NULL,NULL),(428,214,'Siji','en',NULL,NULL,NULL),(429,215,'ديرة','ar',NULL,NULL,NULL),(430,215,'Deira','en',NULL,NULL,NULL),(431,216,'طريف كلباء','ar',NULL,NULL,NULL),(432,216,'Tarif Kalba','en',NULL,NULL,NULL),(433,217,'دبي','ar',NULL,NULL,NULL),(434,217,'Dubai','en',NULL,NULL,NULL),(435,218,'Al Fulayyah','ar',NULL,NULL,NULL),(436,218,'Al Fulayyah','en',NULL,NULL,NULL),(437,219,'الحمرانية','ar',NULL,NULL,NULL),(438,219,'Al Hamraniyah','en',NULL,NULL,NULL),(439,220,'الجزيرة','ar',NULL,NULL,NULL),(440,220,'Al Jazirah','en',NULL,NULL,NULL),(441,221,'الجزيرة الحمراء','ar',NULL,NULL,NULL),(442,221,'Al Jazirah Al Hamra','en',NULL,NULL,NULL),(443,222,'المنامة','ar',NULL,NULL,NULL),(444,222,'Manama','en',NULL,NULL,NULL),(445,223,'الرمس','ar',NULL,NULL,NULL),(446,223,'Al Rams','en',NULL,NULL,NULL),(447,224,'الشعم','ar',NULL,NULL,NULL),(448,224,'Al Sham','en',NULL,NULL,NULL),(449,225,'عوانات','ar',NULL,NULL,NULL),(450,225,'Awanat','en',NULL,NULL,NULL),(451,226,'الخران','ar',NULL,NULL,NULL),(452,226,'Al Kharran','en',NULL,NULL,NULL),(453,227,'خت','ar',NULL,NULL,NULL),(454,227,'Khatt','en',NULL,NULL,NULL),(455,228,'خور خوير','ar',NULL,NULL,NULL),(456,228,'Khuwayr','en',NULL,NULL,NULL),(457,229,'النخيل','ar',NULL,NULL,NULL),(458,229,'Nakheel','en',NULL,NULL,NULL),(459,230,'راس الخيمة','ar',NULL,NULL,NULL),(460,230,'Ras Al Khaimah','en',NULL,NULL,NULL),(461,231,'شعم','ar',NULL,NULL,NULL),(462,231,'Sham','en',NULL,NULL,NULL),(463,232,'أبو شغارة','ar',NULL,NULL,NULL),(464,232,'Abu Shagara','en',NULL,NULL,NULL),(465,233,'العزرة','ar',NULL,NULL,NULL),(466,233,'Al Azra','en',NULL,NULL,NULL),(467,234,'Al Fahiya','ar',NULL,NULL,NULL),(468,234,'Al Fahiya','en',NULL,NULL,NULL),(469,235,'الفلج','ar',NULL,NULL,NULL),(470,235,'Al Falaj','en',NULL,NULL,NULL),(471,236,'الحمريه','ar',NULL,NULL,NULL),(472,236,'Al Hamriyah','en',NULL,NULL,NULL),(473,237,'الخان','ar',NULL,NULL,NULL),(474,237,'Al Khan','en',NULL,NULL,NULL),(475,238,'الكشافة','ar',NULL,NULL,NULL),(476,238,'Al Khasfah','en',NULL,NULL,NULL),(477,239,'المناخ','ar',NULL,NULL,NULL),(478,239,'Al Manakh','en',NULL,NULL,NULL),(479,240,'القاسمية','ar',NULL,NULL,NULL),(480,240,'Al Qasimia','en',NULL,NULL,NULL),(481,241,'التعاون','ar',NULL,NULL,NULL),(482,241,'Al Taawun','en',NULL,NULL,NULL),(483,242,'الواسط','ar',NULL,NULL,NULL),(484,242,'Al Wasit','en',NULL,NULL,NULL),(485,243,'البدية','ar',NULL,NULL,NULL),(486,243,'Badiyah','en',NULL,NULL,NULL),(487,244,'بوطينة','ar',NULL,NULL,NULL),(488,244,'Buteena','en',NULL,NULL,NULL),(489,245,'الذيد','ar',NULL,NULL,NULL),(490,245,'Dhaid','en',NULL,NULL,NULL),(491,246,'الغافية','ar',NULL,NULL,NULL),(492,246,'Al Ghafia','en',NULL,NULL,NULL),(493,247,'الغبيبة','ar',NULL,NULL,NULL),(494,247,'Ghubaiba','en',NULL,NULL,NULL),(495,248,'الجزات','ar',NULL,NULL,NULL),(496,248,'Jazzat','en',NULL,NULL,NULL),(497,249,'Kharayan','ar',NULL,NULL,NULL),(498,249,'Kharayan','en',NULL,NULL,NULL),(499,250,'ضاحية اللية','ar',NULL,NULL,NULL),(500,250,'Layyah','en',NULL,NULL,NULL),(501,251,'ميسلون','ar',NULL,NULL,NULL),(502,251,'Maisaloon','en',NULL,NULL,NULL),(503,252,'المجرة','ar',NULL,NULL,NULL),(504,252,'Al Majarah','en',NULL,NULL,NULL),(505,253,'المنصورة','ar',NULL,NULL,NULL),(506,253,'Mansoora','en',NULL,NULL,NULL),(507,254,'موافجة','ar',NULL,NULL,NULL),(508,254,'Muwafjah','en',NULL,NULL,NULL),(509,255,'النبأ','ar',NULL,NULL,NULL),(510,255,'Al Nabbah','en',NULL,NULL,NULL),(511,256,'النخيلات','ar',NULL,NULL,NULL),(512,256,'Al Nakheelat','en',NULL,NULL,NULL),(513,257,'الناصرية','ar',NULL,NULL,NULL),(514,257,'Nasariya','en',NULL,NULL,NULL),(515,258,'الرماقية','ar',NULL,NULL,NULL),(516,258,'Al Ramaqiya','en',NULL,NULL,NULL),(517,259,'الرملة','ar',NULL,NULL,NULL),(518,259,'Ramlah','en',NULL,NULL,NULL),(519,260,'الرمثاء','ar',NULL,NULL,NULL),(520,260,'Al Ramtha','en',NULL,NULL,NULL),(521,261,'Rolla','ar',NULL,NULL,NULL),(522,261,'Rolla','en',NULL,NULL,NULL),(523,262,'Saabah','ar',NULL,NULL,NULL),(524,262,'Saabah','en',NULL,NULL,NULL),(525,263,'Saif','ar',NULL,NULL,NULL),(526,263,'Saif','en',NULL,NULL,NULL),(527,264,'سمنان','ar',NULL,NULL,NULL),(528,264,'Samnan','en',NULL,NULL,NULL),(529,265,'الشهباء','ar',NULL,NULL,NULL),(530,265,'Shahba','en',NULL,NULL,NULL),(531,266,'الشارقة','ar',NULL,NULL,NULL),(532,266,'Sharjah','en',NULL,NULL,NULL),(533,267,'Umm Kanoor','ar',NULL,NULL,NULL),(534,267,'Umm Kanoor','en',NULL,NULL,NULL),(535,268,'واسط','ar',NULL,NULL,NULL),(536,268,'Wasit','en',NULL,NULL,NULL),(537,269,'اليرموك','ar',NULL,NULL,NULL),(538,269,'Al Yarmook','en',NULL,NULL,NULL),(539,270,'فلج المعلا','ar',NULL,NULL,NULL),(540,270,'Falaj Al Mulla','en',NULL,NULL,NULL),(541,271,'ام القيوين','ar',NULL,NULL,NULL),(542,271,'Umm Al Quwain','en',NULL,NULL,NULL),(543,272,'اللذيذ','ar',NULL,NULL,NULL),(544,272,'Dhaid','en',NULL,NULL,NULL),(545,273,'شرقان','ar',NULL,NULL,NULL),(546,273,'Sherqan','en',NULL,NULL,NULL),(547,274,'الفيحاء','ar',NULL,NULL,NULL),(548,274,'Al Fahiya','en',NULL,NULL,NULL),(549,275,'دسمان','ar',NULL,NULL,NULL),(550,275,'Dasman','en',NULL,NULL,NULL),(551,276,'المندق','ar',NULL,NULL,NULL),(552,276,'Al Mandaq','en',NULL,NULL,NULL),(553,277,'بلجرشي','ar',NULL,NULL,NULL),(554,277,'Baljurashi','en',NULL,NULL,NULL),(555,278,'قلوة','ar',NULL,NULL,NULL),(556,278,'Qalwa','en',NULL,NULL,NULL),(557,279,'القرى','ar',NULL,NULL,NULL),(558,279,'Qura','en',NULL,NULL,NULL),(559,280,'دومة الجندل','ar',NULL,NULL,NULL),(560,280,'Dumat Al Jandal','en',NULL,NULL,NULL),(561,281,'الجوف','ar',NULL,NULL,NULL),(562,281,'Jouf','en',NULL,NULL,NULL),(563,282,'القريات','ar',NULL,NULL,NULL),(564,282,'Quurayyat','en',NULL,NULL,NULL),(565,283,'سكاكا','ar',NULL,NULL,NULL),(566,283,'Sakakah','en',NULL,NULL,NULL),(567,284,'الحناكية','ar',NULL,NULL,NULL),(568,284,'Al Hinakiyah','en',NULL,NULL,NULL),(569,285,'بدر','ar',NULL,NULL,NULL),(570,285,'Badr','en',NULL,NULL,NULL),(571,286,'خيبر','ar',NULL,NULL,NULL),(572,286,'Khaybar','en',NULL,NULL,NULL),(573,287,'المدينة المنورة','ar',NULL,NULL,NULL),(574,287,'Madinah','en',NULL,NULL,NULL),(575,288,'المهد','ar',NULL,NULL,NULL),(576,288,'Mahd Al Thahab','en',NULL,NULL,NULL),(577,289,'العلا','ar',NULL,NULL,NULL),(578,289,'Oula','en',NULL,NULL,NULL),(579,290,'ينبع البحر','ar',NULL,NULL,NULL),(580,290,'Yanbu Al Bahr','en',NULL,NULL,NULL),(581,291,'ابها','ar',NULL,NULL,NULL),(582,291,'Abha','en',NULL,NULL,NULL),(583,292,'احد رفيده','ar',NULL,NULL,NULL),(584,292,'Ahad Rafidah','en',NULL,NULL,NULL),(585,293,'بللسمر','ar',NULL,NULL,NULL),(586,293,'Billasmar','en',NULL,NULL,NULL),(587,294,'بللا حمر','ar',NULL,NULL,NULL),(588,294,'Billahmar','en',NULL,NULL,NULL),(589,295,'بيشة','ar',NULL,NULL,NULL),(590,295,'Bisha','en',NULL,NULL,NULL),(591,296,'خميس مشيط','ar',NULL,NULL,NULL),(592,296,'Khamis Mushayt','en',NULL,NULL,NULL),(593,297,'المجارده','ar',NULL,NULL,NULL),(594,297,'Al Majardah','en',NULL,NULL,NULL),(595,298,'محائل','ar',NULL,NULL,NULL),(596,298,'Muhayil','en',NULL,NULL,NULL),(597,299,'رجال المع','ar',NULL,NULL,NULL),(598,299,'Rijal Alma','en',NULL,NULL,NULL),(599,300,'سراة عبيدة','ar',NULL,NULL,NULL),(600,300,'Sarat Abidah','en',NULL,NULL,NULL),(601,301,'Sarat Abidah','ar',NULL,NULL,NULL),(602,301,'Sarat Abidah','en',NULL,NULL,NULL),(603,302,'تثليث','ar',NULL,NULL,NULL),(604,302,'Tathlith','en',NULL,NULL,NULL),(605,303,'عين الدار','ar',NULL,NULL,NULL),(606,303,'Ain Dar','en',NULL,NULL,NULL),(607,304,'الاحساء','ar',NULL,NULL,NULL),(608,304,'Al Hasa','en',NULL,NULL,NULL),(609,305,'الجش','ar',NULL,NULL,NULL),(610,305,'Al Jsh','en',NULL,NULL,NULL),(611,306,'عنك','ar',NULL,NULL,NULL),(612,306,'Anak','en',NULL,NULL,NULL),(613,307,'العوامية','ar',NULL,NULL,NULL),(614,307,'Awamiah','en',NULL,NULL,NULL),(615,308,'بقيق','ar',NULL,NULL,NULL),(616,308,'Baqiq','en',NULL,NULL,NULL),(617,309,'البطحة','ar',NULL,NULL,NULL),(618,309,'Batha','en',NULL,NULL,NULL),(619,310,'الظهران','ar',NULL,NULL,NULL),(620,310,'Dhahran','en',NULL,NULL,NULL),(621,311,'حرض','ar',NULL,NULL,NULL),(622,311,'Harad','en',NULL,NULL,NULL),(623,312,'الحوية','ar',NULL,NULL,NULL),(624,312,'Hawiyah','en',NULL,NULL,NULL),(625,313,'الهفوف','ar',NULL,NULL,NULL),(626,313,'Hofuf','en',NULL,NULL,NULL),(627,314,'Al Jafar','ar',NULL,NULL,NULL),(628,314,'Al Jafarr','en',NULL,NULL,NULL),(629,315,'الجبيل','ar',NULL,NULL,NULL),(630,315,'Jubail','en',NULL,NULL,NULL),(631,316,'الخوضرية','ar',NULL,NULL,NULL),(632,316,'Al Khodaria','en',NULL,NULL,NULL),(633,317,'المبرز','ar',NULL,NULL,NULL),(634,317,'Mubaraz','en',NULL,NULL,NULL),(635,318,'مليجة','ar',NULL,NULL,NULL),(636,318,'Mulaija','en',NULL,NULL,NULL),(637,319,'النابية','ar',NULL,NULL,NULL),(638,319,'An Nabiyah','en',NULL,NULL,NULL),(639,320,'نويريه','ar',NULL,NULL,NULL),(640,320,'Noweirieh','en',NULL,NULL,NULL),(641,321,'Ojam','ar',NULL,NULL,NULL),(642,321,'Ojam','en',NULL,NULL,NULL),(643,322,'العثمانية','ar',NULL,NULL,NULL),(644,322,'Uthmaniyah','en',NULL,NULL,NULL),(645,323,'القارة','ar',NULL,NULL,NULL),(646,323,'Qarah','en',NULL,NULL,NULL),(647,324,'قارة العليا','ar',NULL,NULL,NULL),(648,324,'Qaryat Al Ulya','en',NULL,NULL,NULL),(649,325,'الرحيمة','ar',NULL,NULL,NULL),(650,325,'Rahima','en',NULL,NULL,NULL),(651,326,'راس الخير','ar',NULL,NULL,NULL),(652,326,'Ras Al Khair','en',NULL,NULL,NULL),(653,327,'الصفنية','ar',NULL,NULL,NULL),(654,327,'Safaniya','en',NULL,NULL,NULL),(655,328,'صفوى','ar',NULL,NULL,NULL),(656,328,'Safwa','en',NULL,NULL,NULL),(657,329,'سلوى','ar',NULL,NULL,NULL),(658,329,'Salwa','en',NULL,NULL,NULL),(659,330,'سرار','ar',NULL,NULL,NULL),(660,330,'Al Sarar','en',NULL,NULL,NULL),(661,331,'الساتروب','ar',NULL,NULL,NULL),(662,331,'Satorp','en',NULL,NULL,NULL),(663,332,'سيهات','ar',NULL,NULL,NULL),(664,332,'Saihat','en',NULL,NULL,NULL),(665,333,'تناجيب','ar',NULL,NULL,NULL),(666,333,'Tanajib','en',NULL,NULL,NULL),(667,334,'Tarut','ar',NULL,NULL,NULL),(668,334,'Tarut','en',NULL,NULL,NULL),(669,335,'الثقبة','ar',NULL,NULL,NULL),(670,335,'Thuqbah','en',NULL,NULL,NULL),(671,336,'العضيلية','ar',NULL,NULL,NULL),(672,336,'Udhailiyah','en',NULL,NULL,NULL),(673,337,'العيون','ar',NULL,NULL,NULL),(674,337,'Uyun','en',NULL,NULL,NULL),(675,338,'الأحساء','ar',NULL,NULL,NULL),(676,338,'Al Ahsa','en',NULL,NULL,NULL),(677,339,'الدمام','ar',NULL,NULL,NULL),(678,339,'Dammam','en',NULL,NULL,NULL),(679,340,'حفر الباطن','ar',NULL,NULL,NULL),(680,340,'Hafar Al Batin','en',NULL,NULL,NULL),(681,341,'الخفجي','ar',NULL,NULL,NULL),(682,341,'Khafji','en',NULL,NULL,NULL),(683,342,'الخبر','ar',NULL,NULL,NULL),(684,342,'Khobar','en',NULL,NULL,NULL),(685,343,'النعيرية','ar',NULL,NULL,NULL),(686,343,'Nariyah','en',NULL,NULL,NULL),(687,344,'قرية العيا','ar',NULL,NULL,NULL),(688,344,'Qaryat Al Ulya','en',NULL,NULL,NULL),(689,345,'القطيف','ar',NULL,NULL,NULL),(690,345,'Qatif','en',NULL,NULL,NULL),(691,346,'راس تنورة','ar',NULL,NULL,NULL),(692,346,'Ras Tanura','en',NULL,NULL,NULL),(693,347,'السليمى','ar',NULL,NULL,NULL),(694,347,'Al Sulaimi','en',NULL,NULL,NULL),(695,348,'الشملي','ar',NULL,NULL,NULL),(696,348,'Ash Shamli','en',NULL,NULL,NULL),(697,349,'الشنان','ar',NULL,NULL,NULL),(698,349,'Ash Shinan','en',NULL,NULL,NULL),(699,350,'بقعاء','ar',NULL,NULL,NULL),(700,350,'Baqaa','en',NULL,NULL,NULL),(701,351,'موقق','ar',NULL,NULL,NULL),(702,351,'Mawqaq','en',NULL,NULL,NULL),(703,352,'سومريه','ar',NULL,NULL,NULL),(704,352,'Sumairaa','en',NULL,NULL,NULL),(705,353,'المنهل','ar',NULL,NULL,NULL),(706,353,'Abha Manhal','en',NULL,NULL,NULL),(707,354,'ابو عريش','ar',NULL,NULL,NULL),(708,354,'Abu Areish','en',NULL,NULL,NULL),(709,355,'الدائر','ar',NULL,NULL,NULL),(710,355,'Addayer','en',NULL,NULL,NULL),(711,356,'أضم','ar',NULL,NULL,NULL),(712,356,'Adham','en',NULL,NULL,NULL),(713,357,'أحد المسارحة','ar',NULL,NULL,NULL),(714,357,'Ahad Masarha','en',NULL,NULL,NULL),(715,358,'العيص','ar',NULL,NULL,NULL),(716,358,'Al Ais','en',NULL,NULL,NULL),(717,359,'البدع','ar',NULL,NULL,NULL),(718,359,'Al Bada','en',NULL,NULL,NULL),(719,360,'البشائر','ar',NULL,NULL,NULL),(720,360,'Al Bashayer','en',NULL,NULL,NULL),(721,361,'العيدابي','ar',NULL,NULL,NULL),(722,361,'Al Edabi','en',NULL,NULL,NULL),(723,362,'المدى','ar',NULL,NULL,NULL),(724,362,'Al Mada','en',NULL,NULL,NULL),(725,363,'المويه','ar',NULL,NULL,NULL),(726,363,'Al Moya','en',NULL,NULL,NULL),(727,364,'الهدا','ar',NULL,NULL,NULL),(728,364,'Al Hada','en',NULL,NULL,NULL),(729,365,'عمق','ar',NULL,NULL,NULL),(730,365,'Amaq','en',NULL,NULL,NULL),(731,366,'العقيق','ar',NULL,NULL,NULL),(732,366,'Aqiq','en',NULL,NULL,NULL),(733,367,'العرضة','ar',NULL,NULL,NULL),(734,367,'Ardah','en',NULL,NULL,NULL),(735,368,'عسفان','ar',NULL,NULL,NULL),(736,368,'Asfan','en',NULL,NULL,NULL),(737,369,'الشقيق','ar',NULL,NULL,NULL),(738,369,'Ash Shuqaiq','en',NULL,NULL,NULL),(739,370,'بدر','ar',NULL,NULL,NULL),(740,370,'Bader','en',NULL,NULL,NULL),(741,371,'بدرالجنوب','ar',NULL,NULL,NULL),(742,371,'Badr Al Janoub','en',NULL,NULL,NULL),(743,372,'الباحه','ar',NULL,NULL,NULL),(744,372,'Baha','en',NULL,NULL,NULL),(745,373,'بحره','ar',NULL,NULL,NULL),(746,373,'Bahara','en',NULL,NULL,NULL),(747,374,'Bahrat Al Moujoud','ar',NULL,NULL,NULL),(748,374,'Bahrat Al Moujoud','en',NULL,NULL,NULL),(749,375,'بلحمر','ar',NULL,NULL,NULL),(750,375,'Balahmar','en',NULL,NULL,NULL),(751,376,'بللسمر','ar',NULL,NULL,NULL),(752,376,'Balasmar','en',NULL,NULL,NULL),(753,377,'بلقرن','ar',NULL,NULL,NULL),(754,377,'Balqarn','en',NULL,NULL,NULL),(755,378,'بارق','ar',NULL,NULL,NULL),(756,378,'Bareq','en',NULL,NULL,NULL),(757,379,'بلجرشي','ar',NULL,NULL,NULL),(758,379,'Biljurashi','en',NULL,NULL,NULL),(759,380,'البرك','ar',NULL,NULL,NULL),(760,380,'Birk','en',NULL,NULL,NULL),(761,381,'بيش','ar',NULL,NULL,NULL),(762,381,'Bish','en',NULL,NULL,NULL),(763,382,'ضمد','ar',NULL,NULL,NULL),(764,382,'Damad','en',NULL,NULL,NULL),(765,383,'الدرب','ar',NULL,NULL,NULL),(766,383,'Darb','en',NULL,NULL,NULL),(767,384,'ذهبان','ar',NULL,NULL,NULL),(768,384,'Dhahban','en',NULL,NULL,NULL),(769,385,'ظهران الجنوب','ar',NULL,NULL,NULL),(770,385,'Dhahran Al Janoob','en',NULL,NULL,NULL),(771,386,'ضباء','ar',NULL,NULL,NULL),(772,386,'Duba','en',NULL,NULL,NULL),(773,387,'فرسان','ar',NULL,NULL,NULL),(774,387,'Farasan','en',NULL,NULL,NULL),(775,388,'Gilwa','ar',NULL,NULL,NULL),(776,388,'Gilwa','en',NULL,NULL,NULL),(777,389,'جازان','ar',NULL,NULL,NULL),(778,389,'Gizan','en',NULL,NULL,NULL),(779,390,'الحجرة','ar',NULL,NULL,NULL),(780,390,'Hajrah','en',NULL,NULL,NULL),(781,391,'حالة عمار','ar',NULL,NULL,NULL),(782,391,'Halat Ammar','en',NULL,NULL,NULL),(783,392,'حلي','ar',NULL,NULL,NULL),(784,392,'Hali','en',NULL,NULL,NULL),(785,393,'حائل','ar',NULL,NULL,NULL),(786,393,'Haqil','en',NULL,NULL,NULL),(787,394,'حرجة','ar',NULL,NULL,NULL),(788,394,'Harajah','en',NULL,NULL,NULL),(789,395,'Hawaya / Taif','ar',NULL,NULL,NULL),(790,395,'Hawea / Taif','en',NULL,NULL,NULL),(791,396,'الحناكية','ar',NULL,NULL,NULL),(792,396,'Al Hinakiyah','en',NULL,NULL,NULL),(793,397,'حبونا','ar',NULL,NULL,NULL),(794,397,'Hubuna','en',NULL,NULL,NULL),(795,398,'Ja Araneh','ar',NULL,NULL,NULL),(796,398,'Ja Araneh','en',NULL,NULL,NULL),(797,399,'جدة','ar',NULL,NULL,NULL),(798,399,'Jeddah','en',NULL,NULL,NULL),(799,400,'الجموم','ar',NULL,NULL,NULL),(800,400,'Jumum','en',NULL,NULL,NULL),(801,401,'كرز','ar',NULL,NULL,NULL),(802,401,'Karaa','en',NULL,NULL,NULL),(803,402,'الكربوس','ar',NULL,NULL,NULL),(804,402,'Karboos','en',NULL,NULL,NULL),(805,403,'خيبر','ar',NULL,NULL,NULL),(806,403,'Khaibar','en',NULL,NULL,NULL),(807,404,'خميس مشيط','ar',NULL,NULL,NULL),(808,404,'Khamis Mushait','en',NULL,NULL,NULL),(809,405,'الخرمة','ar',NULL,NULL,NULL),(810,405,'Khurma','en',NULL,NULL,NULL),(811,406,'ليث','ar',NULL,NULL,NULL),(812,406,'Laith','en',NULL,NULL,NULL),(813,407,'مهد الذهب','ar',NULL,NULL,NULL),(814,407,'Mahd Al Dahab','en',NULL,NULL,NULL),(815,408,'المهد','ar',NULL,NULL,NULL),(816,408,'Mahd','en',NULL,NULL,NULL),(817,409,'مكة','ar',NULL,NULL,NULL),(818,409,'Makkah','en',NULL,NULL,NULL),(819,410,'المندق','ar',NULL,NULL,NULL),(820,410,'Mandak','en',NULL,NULL,NULL),(821,411,'مستورة','ar',NULL,NULL,NULL),(822,411,'Masturah','en',NULL,NULL,NULL),(823,412,'المخواة','ar',NULL,NULL,NULL),(824,412,'Al Mikhwah','en',NULL,NULL,NULL),(825,413,'محايل عسير','ar',NULL,NULL,NULL),(826,413,'Muhayil, Aseer','en',NULL,NULL,NULL),(827,414,'Muthaleif','ar',NULL,NULL,NULL),(828,414,'Muthaleif','en',NULL,NULL,NULL),(829,415,'نجران','ar',NULL,NULL,NULL),(830,415,'Najran','en',NULL,NULL,NULL),(831,416,'النماص','ar',NULL,NULL,NULL),(832,416,'Namas','en',NULL,NULL,NULL),(833,417,'نيمره','ar',NULL,NULL,NULL),(834,417,'Nimra','en',NULL,NULL,NULL),(835,418,'Nwariah','ar',NULL,NULL,NULL),(836,418,'Nwariah','en',NULL,NULL,NULL),(837,419,'العلا','ar',NULL,NULL,NULL),(838,419,'Oula','en',NULL,NULL,NULL),(839,420,'القحمة','ar',NULL,NULL,NULL),(840,420,'Qahmah','en',NULL,NULL,NULL),(841,421,'القوز','ar',NULL,NULL,NULL),(842,421,'Qouz','en',NULL,NULL,NULL),(843,422,'القنفذة','ar',NULL,NULL,NULL),(844,422,'Qunfudah','en',NULL,NULL,NULL),(845,423,'رابغ','ar',NULL,NULL,NULL),(846,423,'Rabigh','en',NULL,NULL,NULL),(847,424,'رنية','ar',NULL,NULL,NULL),(848,424,'Rania','en',NULL,NULL,NULL),(849,425,'Ras Baridi','ar',NULL,NULL,NULL),(850,425,'Ras Baridi','en',NULL,NULL,NULL),(851,426,'رجال ألمع','ar',NULL,NULL,NULL),(852,426,'Rijal Almaa','en',NULL,NULL,NULL),(853,427,'سبت العلاية','ar',NULL,NULL,NULL),(854,427,'Sabt Al Alaya','en',NULL,NULL,NULL),(855,428,'صبياء','ar',NULL,NULL,NULL),(856,428,'Sabya','en',NULL,NULL,NULL),(857,429,'Sadal Malik','ar',NULL,NULL,NULL),(858,429,'Sadal Malik','en',NULL,NULL,NULL),(859,430,'صمخ','ar',NULL,NULL,NULL),(860,430,'Samakh','en',NULL,NULL,NULL),(861,431,'صامطه','ar',NULL,NULL,NULL),(862,431,'Samtah','en',NULL,NULL,NULL),(863,432,'سراة عبيدة','ar',NULL,NULL,NULL),(864,432,'Sarat Obeida','en',NULL,NULL,NULL),(865,433,'شرورة','ar',NULL,NULL,NULL),(866,433,'Sharurah','en',NULL,NULL,NULL),(867,434,'الشعيبة','ar',NULL,NULL,NULL),(868,434,'Shoaiba','en',NULL,NULL,NULL),(869,435,'Shraie\'e','ar',NULL,NULL,NULL),(870,435,'Shraie\'e','en',NULL,NULL,NULL),(871,436,'الشميسي','ar',NULL,NULL,NULL),(872,436,'Shumaisi','en',NULL,NULL,NULL),(873,437,'Subheka','ar',NULL,NULL,NULL),(874,437,'Subheka','en',NULL,NULL,NULL),(875,438,'Tablah','ar',NULL,NULL,NULL),(876,438,'Tablah','en',NULL,NULL,NULL),(877,439,'تبوك','ar',NULL,NULL,NULL),(878,439,'Tabuk','en',NULL,NULL,NULL),(879,440,'طيبة','ar',NULL,NULL,NULL),(880,440,'Taiba','en',NULL,NULL,NULL),(881,441,'الطائف','ar',NULL,NULL,NULL),(882,441,'Taif','en',NULL,NULL,NULL),(883,442,'Taif','ar',NULL,NULL,NULL),(884,442,'Taif','en',NULL,NULL,NULL),(885,443,'تنده','ar',NULL,NULL,NULL),(886,443,'Tanda','en',NULL,NULL,NULL),(887,444,'التنومه','ar',NULL,NULL,NULL),(888,444,'Tanuma','en',NULL,NULL,NULL),(889,445,'Tatleeth','ar',NULL,NULL,NULL),(890,445,'Tatleeth','en',NULL,NULL,NULL),(891,446,'تيماء','ar',NULL,NULL,NULL),(892,446,'Tayma','en',NULL,NULL,NULL),(893,447,'Thabya','ar',NULL,NULL,NULL),(894,447,'Thabya','en',NULL,NULL,NULL),(895,448,'ثول','ar',NULL,NULL,NULL),(896,448,'Thuwal','en',NULL,NULL,NULL),(897,449,'Turaif','ar',NULL,NULL,NULL),(898,449,'Turaib','en',NULL,NULL,NULL),(899,450,'تربة','ar',NULL,NULL,NULL),(900,450,'Turba','en',NULL,NULL,NULL),(901,451,'Umluj','ar',NULL,NULL,NULL),(902,451,'Umluj','en',NULL,NULL,NULL),(903,452,'Wadeien','ar',NULL,NULL,NULL),(904,452,'Wadeien','en',NULL,NULL,NULL),(905,453,'الغزالة','ar',NULL,NULL,NULL),(906,453,'Ghazalah','en',NULL,NULL,NULL),(907,454,'موقق','ar',NULL,NULL,NULL),(908,454,'Mawqaq','en',NULL,NULL,NULL),(909,455,'حائل','ar',NULL,NULL,NULL),(910,455,'Hail','en',NULL,NULL,NULL),(911,456,'وادي ابن هشبل','ar',NULL,NULL,NULL),(912,456,'Wadi Bin Hasbal','en',NULL,NULL,NULL),(913,457,'وادي الفراعة','ar',NULL,NULL,NULL),(914,457,'Wadi Al Farah','en',NULL,NULL,NULL),(915,458,'وادي فاطمة','ar',NULL,NULL,NULL),(916,458,'Wadi Fatimah','en',NULL,NULL,NULL),(917,459,'الوجه','ar',NULL,NULL,NULL),(918,459,'Wajeh','en',NULL,NULL,NULL),(919,460,'ينبع','ar',NULL,NULL,NULL),(920,460,'Yanbu','en',NULL,NULL,NULL),(921,461,'ينبع البحر','ar',NULL,NULL,NULL),(922,461,'Yanbu Al Baher','en',NULL,NULL,NULL),(923,462,'النخيل','ar',NULL,NULL,NULL),(924,462,'Yanbu Nakheel','en',NULL,NULL,NULL),(925,463,'Yuthma','ar',NULL,NULL,NULL),(926,463,'Yuthma','en',NULL,NULL,NULL),(927,464,'khasawyah','ar',NULL,NULL,NULL),(928,464,'khasawyah','en',NULL,NULL,NULL),(929,465,'خليص','ar',NULL,NULL,NULL),(930,465,'khulais','en',NULL,NULL,NULL),(931,466,'احد رفيده','ar',NULL,NULL,NULL),(932,466,'Ahad Rufaidah','en',NULL,NULL,NULL),(933,467,'ابو عريش','ar',NULL,NULL,NULL),(934,467,'Abu Arish','en',NULL,NULL,NULL),(935,468,'احد المسارحه','ar',NULL,NULL,NULL),(936,468,'Ahad Al Masarihah','en',NULL,NULL,NULL),(937,469,'العارضه','ar',NULL,NULL,NULL),(938,469,'Al\'Aridah','en',NULL,NULL,NULL),(939,470,'العيدابي','ar',NULL,NULL,NULL),(940,470,'Al Edabi','en',NULL,NULL,NULL),(941,471,'الداير','ar',NULL,NULL,NULL),(942,471,'Al Dair','en',NULL,NULL,NULL),(943,472,'الحرث','ar',NULL,NULL,NULL),(944,472,'Al Harth','en',NULL,NULL,NULL),(945,473,'الريث','ar',NULL,NULL,NULL),(946,473,'Al Raith','en',NULL,NULL,NULL),(947,474,'بيش','ar',NULL,NULL,NULL),(948,474,'Baish','en',NULL,NULL,NULL),(949,475,'جازان','ar',NULL,NULL,NULL),(950,475,'Jizan','en',NULL,NULL,NULL),(951,476,'الكامل','ar',NULL,NULL,NULL),(952,476,'Al Kamil','en',NULL,NULL,NULL),(953,477,'الليث','ar',NULL,NULL,NULL),(954,477,'Al Lith','en',NULL,NULL,NULL),(955,478,'القنفذة','ar',NULL,NULL,NULL),(956,478,'Al Qunfudhah','en',NULL,NULL,NULL),(957,479,'خليص','ar',NULL,NULL,NULL),(958,479,'Khulays','en',NULL,NULL,NULL),(959,480,'مكة المكرمة','ar',NULL,NULL,NULL),(960,480,'Mecca','en',NULL,NULL,NULL),(961,481,'رنية','ar',NULL,NULL,NULL),(962,481,'Ranyah','en',NULL,NULL,NULL),(963,482,'الطائف','ar',NULL,NULL,NULL),(964,482,'Taif','en',NULL,NULL,NULL),(965,483,'تربة','ar',NULL,NULL,NULL),(966,483,'Turubah','en',NULL,NULL,NULL),(967,484,'الخرخير','ar',NULL,NULL,NULL),(968,484,'Al Khirkhir','en',NULL,NULL,NULL),(969,485,'بدر الجنوب','ar',NULL,NULL,NULL),(970,485,'Badr Al Janub','en',NULL,NULL,NULL),(971,486,'شرورة','ar',NULL,NULL,NULL),(972,486,'Sharurah','en',NULL,NULL,NULL),(973,487,'ثار','ar',NULL,NULL,NULL),(974,487,'Thar','en',NULL,NULL,NULL),(975,488,'يدمه','ar',NULL,NULL,NULL),(976,488,'Yadamah','en',NULL,NULL,NULL),(977,489,'عرعر','ar',NULL,NULL,NULL),(978,489,'Arar','en',NULL,NULL,NULL),(979,490,'رفحاء','ar',NULL,NULL,NULL),(980,490,'Rafha','en',NULL,NULL,NULL),(981,491,'طريف','ar',NULL,NULL,NULL),(982,491,'Turayf','en',NULL,NULL,NULL),(983,492,'البكيرية','ar',NULL,NULL,NULL),(984,492,'Al Bukayriyah','en',NULL,NULL,NULL),(985,493,'المذنب','ar',NULL,NULL,NULL),(986,493,'Al Mithnab','en',NULL,NULL,NULL),(987,494,'الأسياح','ar',NULL,NULL,NULL),(988,494,'Al Asyah','en',NULL,NULL,NULL),(989,495,'النبهانية','ar',NULL,NULL,NULL),(990,495,'An Nabhaniyah','en',NULL,NULL,NULL),(991,496,'الشماسية','ar',NULL,NULL,NULL),(992,496,'Al Shmasia','en',NULL,NULL,NULL),(993,497,'الرس','ar',NULL,NULL,NULL),(994,497,'Ar Rass','en',NULL,NULL,NULL),(995,498,'البدائع','ar',NULL,NULL,NULL),(996,498,'Badaya','en',NULL,NULL,NULL),(997,499,'بريدة','ar',NULL,NULL,NULL),(998,499,'Buraydah','en',NULL,NULL,NULL),(999,500,'رياض الخبراء','ar',NULL,NULL,NULL),(1000,500,'Riyadh Al Khabra','en',NULL,NULL,NULL),(1001,501,'عنيزة','ar',NULL,NULL,NULL),(1002,501,'Unaizah','en',NULL,NULL,NULL),(1003,502,'عين الجواء','ar',NULL,NULL,NULL),(1004,502,'Uyun Al Jawa','en',NULL,NULL,NULL),(1005,503,'ابا الورود','ar',NULL,NULL,NULL),(1006,503,'Aba Al Worood','en',NULL,NULL,NULL),(1007,504,'ابو عجرم','ar',NULL,NULL,NULL),(1008,504,'Abu Ajram','en',NULL,NULL,NULL),(1009,505,'الداهنة','ar',NULL,NULL,NULL),(1010,505,'Ad Dahinah','en',NULL,NULL,NULL),(1011,506,'الضبيعة','ar',NULL,NULL,NULL),(1012,506,'Ad Dubaiyah','en',NULL,NULL,NULL),(1013,507,'عفيف','ar',NULL,NULL,NULL),(1014,507,'Afif','en',NULL,NULL,NULL),(1015,508,'الأجفر','ar',NULL,NULL,NULL),(1016,508,'Al Ajfar','en',NULL,NULL,NULL),(1017,509,'العمارة','ar',NULL,NULL,NULL),(1018,509,'Al Ammarah','en',NULL,NULL,NULL),(1019,510,'الأسياح','ar',NULL,NULL,NULL),(1020,510,'Al Asyah','en',NULL,NULL,NULL),(1021,511,'البتراء','ar',NULL,NULL,NULL),(1022,511,'Al Batra','en',NULL,NULL,NULL),(1023,512,'البجادية','ar',NULL,NULL,NULL),(1024,512,'Al Bijadyah','en',NULL,NULL,NULL),(1025,513,'Al Dalemya','ar',NULL,NULL,NULL),(1026,513,'Al Dalemya','en',NULL,NULL,NULL),(1027,514,'الحائط','ar',NULL,NULL,NULL),(1028,514,'Al Hait','en',NULL,NULL,NULL),(1029,515,'الهياثم','ar',NULL,NULL,NULL),(1030,515,'Al Hayathem','en',NULL,NULL,NULL),(1031,516,'الحفيرة','ar',NULL,NULL,NULL),(1032,516,'Al Hufayyirah','en',NULL,NULL,NULL),(1033,517,'الحليفة السفلى','ar',NULL,NULL,NULL),(1034,517,'Al Hulayfah As Sufla','en',NULL,NULL,NULL),(1035,518,'الخشيبي','ar',NULL,NULL,NULL),(1036,518,'Al Khushaybi','en',NULL,NULL,NULL),(1037,519,'الخطة','ar',NULL,NULL,NULL),(1038,519,'Al Khitah','en',NULL,NULL,NULL),(1039,520,'Al Laqayit','ar',NULL,NULL,NULL),(1040,520,'Al Laqayit','en',NULL,NULL,NULL),(1041,521,'القرين','ar',NULL,NULL,NULL),(1042,521,'Al Qarin','en',NULL,NULL,NULL),(1043,522,'العويقيلة','ar',NULL,NULL,NULL),(1044,522,'Al Uwayqilah','en',NULL,NULL,NULL),(1045,523,'الوسيطاء','ar',NULL,NULL,NULL),(1046,523,'Al Wasayta','en',NULL,NULL,NULL),(1047,524,'الغاط','ar',NULL,NULL,NULL),(1048,524,'Al Ghat','en',NULL,NULL,NULL),(1049,525,'النبهانية','ar',NULL,NULL,NULL),(1050,525,'Al Nabhaniyah','en',NULL,NULL,NULL),(1051,526,'الرس','ar',NULL,NULL,NULL),(1052,526,'Al Rass','en',NULL,NULL,NULL),(1053,527,'النبك أبو قصر','ar',NULL,NULL,NULL),(1054,527,'An Nabk Abu Qasr','en',NULL,NULL,NULL),(1055,528,'النقرة','ar',NULL,NULL,NULL),(1056,528,'An Nuqrah','en',NULL,NULL,NULL),(1057,529,'الرديفة','ar',NULL,NULL,NULL),(1058,529,'Ar Radifah','en',NULL,NULL,NULL),(1059,530,'الرفيعة','ar',NULL,NULL,NULL),(1060,530,'Ar Rafia','en',NULL,NULL,NULL),(1061,531,'الرشاوية','ar',NULL,NULL,NULL),(1062,531,'Ar Rishawiyah','en',NULL,NULL,NULL),(1063,532,'عرعر','ar',NULL,NULL,NULL),(1064,532,'Arar','en',NULL,NULL,NULL),(1065,533,'عرجاء','ar',NULL,NULL,NULL),(1066,533,'Arja','en',NULL,NULL,NULL),(1067,534,'الأرطاوية','ar',NULL,NULL,NULL),(1068,534,'Al Artawiyah','en',NULL,NULL,NULL),(1069,535,'السلمانية','ar',NULL,NULL,NULL),(1070,535,'As Sulaimaniyah','en',NULL,NULL,NULL),(1071,536,'الصلبية','ar',NULL,NULL,NULL),(1072,536,'As Sulubiayh','en',NULL,NULL,NULL),(1073,537,'الشرائع','ar',NULL,NULL,NULL),(1074,537,'Ash Sheraa','en',NULL,NULL,NULL),(1075,538,'الشملي','ar',NULL,NULL,NULL),(1076,538,'Ash Shamli','en',NULL,NULL,NULL),(1077,539,'الشماسية','ar',NULL,NULL,NULL),(1078,539,'Ash Shimasiyah','en',NULL,NULL,NULL),(1079,540,'الطوير','ar',NULL,NULL,NULL),(1080,540,'At Tuwayr','en',NULL,NULL,NULL),(1081,541,'الذيبية','ar',NULL,NULL,NULL),(1082,541,'At Thybiyah','en',NULL,NULL,NULL),(1083,542,'عين ابن فهيد','ar',NULL,NULL,NULL),(1084,542,'Ayn Fuhayd','en',NULL,NULL,NULL),(1085,543,'بقعاء الشرقية','ar',NULL,NULL,NULL),(1086,543,'Baqa Ash Sharqiyah','en',NULL,NULL,NULL),(1087,544,'بقعاء','ar',NULL,NULL,NULL),(1088,544,'Baqa','en',NULL,NULL,NULL),(1089,545,'البكيرية','ar',NULL,NULL,NULL),(1090,545,'Bukeiriah','en',NULL,NULL,NULL),(1091,546,'بريده','ar',NULL,NULL,NULL),(1092,546,'Buraidah','en',NULL,NULL,NULL),(1093,547,'Diriyah','ar',NULL,NULL,NULL),(1094,547,'Dariyah','en',NULL,NULL,NULL),(1095,548,'الدوادمي','ar',NULL,NULL,NULL),(1096,548,'Dawadmi','en',NULL,NULL,NULL),(1097,549,'ديراب','ar',NULL,NULL,NULL),(1098,549,'Deraab','en',NULL,NULL,NULL),(1099,550,'الدرعية','ar',NULL,NULL,NULL),(1100,550,'Derelyeh','en',NULL,NULL,NULL),(1101,551,'ضرماء','ar',NULL,NULL,NULL),(1102,551,'Dhruma','en',NULL,NULL,NULL),(1103,552,'دومة الجندل','ar',NULL,NULL,NULL),(1104,552,'Dumat Al Jandal','en',NULL,NULL,NULL),(1105,553,'دخنة','ar',NULL,NULL,NULL),(1106,553,'Duhknah','en',NULL,NULL,NULL),(1107,554,'ضليع رشيد','ar',NULL,NULL,NULL),(1108,554,'Dulay Rashid','en',NULL,NULL,NULL),(1109,555,'الغزالة','ar',NULL,NULL,NULL),(1110,555,'Ghazalah','en',NULL,NULL,NULL),(1111,556,'غطي','ar',NULL,NULL,NULL),(1112,556,'Ghtai','en',NULL,NULL,NULL),(1113,557,'الحديثة','ar',NULL,NULL,NULL),(1114,557,'Hadeethah','en',NULL,NULL,NULL),(1115,558,'حفر الباطن','ar',NULL,NULL,NULL),(1116,558,'Hafer Al Batin','en',NULL,NULL,NULL),(1117,559,'حائل','ar',NULL,NULL,NULL),(1118,559,'Hail','en',NULL,NULL,NULL),(1119,560,'الحريق','ar',NULL,NULL,NULL),(1120,560,'Hareeq','en',NULL,NULL,NULL),(1121,561,'حوطة بني تميم','ar',NULL,NULL,NULL),(1122,561,'Hawtat Bani Tamim','en',NULL,NULL,NULL),(1123,562,'حزم الجلاميد','ar',NULL,NULL,NULL),(1124,562,'Hazem Aljalamid','en',NULL,NULL,NULL),(1125,563,'هديب','ar',NULL,NULL,NULL),(1126,563,'Hedeb','en',NULL,NULL,NULL),(1127,564,'حريملاء','ar',NULL,NULL,NULL),(1128,564,'Horaimal','en',NULL,NULL,NULL),(1129,565,'حوطة تميم','ar',NULL,NULL,NULL),(1130,565,'Hotat Bani Tamim','en',NULL,NULL,NULL),(1131,566,'حوطة سدير','ar',NULL,NULL,NULL),(1132,566,'Hotat Sudair','en',NULL,NULL,NULL),(1133,567,'Huraymila','ar',NULL,NULL,NULL),(1134,567,'Huraymala','en',NULL,NULL,NULL),(1135,568,'جلاجل','ar',NULL,NULL,NULL),(1136,568,'Jalajel','en',NULL,NULL,NULL),(1137,569,'الجوف','ar',NULL,NULL,NULL),(1138,569,'Jouf','en',NULL,NULL,NULL),(1139,570,'كحلة','ar',NULL,NULL,NULL),(1140,570,'Kahla','en',NULL,NULL,NULL),(1141,571,'Kara','ar',NULL,NULL,NULL),(1142,571,'Kara','en',NULL,NULL,NULL),(1143,572,'الخماسين','ar',NULL,NULL,NULL),(1144,572,'Khamaseen','en',NULL,NULL,NULL),(1145,573,'الخرج','ar',NULL,NULL,NULL),(1146,573,'Kharj','en',NULL,NULL,NULL),(1147,574,'مدينة الملك خالد العسكرية','ar',NULL,NULL,NULL),(1148,574,'King Khalid Military City','en',NULL,NULL,NULL),(1149,575,'ليلى','ar',NULL,NULL,NULL),(1150,575,'Layla','en',NULL,NULL,NULL),(1151,576,'المجمعة','ar',NULL,NULL,NULL),(1152,576,'Majma','en',NULL,NULL,NULL),(1153,577,'موقق','ar',NULL,NULL,NULL),(1154,577,'Mawqaq','en',NULL,NULL,NULL),(1155,578,'Midinhab','ar',NULL,NULL,NULL),(1156,578,'Midinhab','en',NULL,NULL,NULL),(1157,579,'موقق','ar',NULL,NULL,NULL),(1158,579,'Moqaq','en',NULL,NULL,NULL),(1159,580,'مرات','ar',NULL,NULL,NULL),(1160,580,'Mrat','en',NULL,NULL,NULL),(1161,581,'مبايض','ar',NULL,NULL,NULL),(1162,581,'Mubayid','en',NULL,NULL,NULL),(1163,582,'مليح','ar',NULL,NULL,NULL),(1164,582,'Mulayh','en',NULL,NULL,NULL),(1165,583,'منيفة القاعد','ar',NULL,NULL,NULL),(1166,583,'Munifat al Qa\'id','en',NULL,NULL,NULL),(1167,584,'المزاحمية','ar',NULL,NULL,NULL),(1168,584,'Al-Muzahmiya','en',NULL,NULL,NULL),(1169,585,'Muzneb','ar',NULL,NULL,NULL),(1170,585,'Muzneb','en',NULL,NULL,NULL),(1171,586,'نيساب','ar',NULL,NULL,NULL),(1172,586,'Nisab','en',NULL,NULL,NULL),(1173,587,'عنيزة','ar',NULL,NULL,NULL),(1174,587,'Onaiza','en',NULL,NULL,NULL),(1175,588,'العيينة','ar',NULL,NULL,NULL),(1176,588,'Al Uyaynah','en',NULL,NULL,NULL),(1177,589,'عيون الجوا','ar',NULL,NULL,NULL),(1178,589,'Uyun Al Jawa','en',NULL,NULL,NULL),(1179,590,'القصب','ar',NULL,NULL,NULL),(1180,590,'Qasab','en',NULL,NULL,NULL),(1181,591,'القصيم','ar',NULL,NULL,NULL),(1182,591,'Qassim','en',NULL,NULL,NULL),(1183,592,'القيصومة','ar',NULL,NULL,NULL),(1184,592,'Qaisumah','en',NULL,NULL,NULL),(1185,593,'قبه','ar',NULL,NULL,NULL),(1186,593,'Qbah','en',NULL,NULL,NULL),(1187,594,'قفار','ar',NULL,NULL,NULL),(1188,594,'Qufar','en',NULL,NULL,NULL),(1189,595,'القريات','ar',NULL,NULL,NULL),(1190,595,'Qurayyat','en',NULL,NULL,NULL),(1191,596,'قصيباء','ar',NULL,NULL,NULL),(1192,596,'Qusaiba','en',NULL,NULL,NULL),(1193,597,'القويعية','ar',NULL,NULL,NULL),(1194,597,'Quwei\'leh','en',NULL,NULL,NULL),(1195,598,'روضة هباس','ar',NULL,NULL,NULL),(1196,598,'Rawdat Habbas','en',NULL,NULL,NULL),(1197,599,'رماح','ar',NULL,NULL,NULL),(1198,599,'Remah','en',NULL,NULL,NULL),(1199,600,'رماح','ar',NULL,NULL,NULL),(1200,600,'Rimah','en',NULL,NULL,NULL),(1201,601,'الرياض','ar',NULL,NULL,NULL),(1202,601,'Riyadh','en',NULL,NULL,NULL),(1203,602,'رياض الخبراء','ar',NULL,NULL,NULL),(1204,602,'Riyadh Al Khabra','en',NULL,NULL,NULL),(1205,603,'روضة سدير','ar',NULL,NULL,NULL),(1206,603,'Raudat Sudair','en',NULL,NULL,NULL),(1207,604,'رفايع الجمش','ar',NULL,NULL,NULL),(1208,604,'Rvaya Aljamsh','en',NULL,NULL,NULL),(1209,605,'Ar Ruwaydah','ar',NULL,NULL,NULL),(1210,605,'Ar Ruwaydah','en',NULL,NULL,NULL),(1211,606,'سدير','ar',NULL,NULL,NULL),(1212,606,'Sadeer','en',NULL,NULL,NULL),(1213,607,'الصحنة','ar',NULL,NULL,NULL),(1214,607,'Sahna','en',NULL,NULL,NULL),(1215,608,'ساجر','ar',NULL,NULL,NULL),(1216,608,'Sajir','en',NULL,NULL,NULL),(1217,609,'صلبوخ','ar',NULL,NULL,NULL),(1218,609,'Salbukh','en',NULL,NULL,NULL),(1219,610,'شقراء','ar',NULL,NULL,NULL),(1220,610,'Shagra','en',NULL,NULL,NULL),(1221,611,'شقراء','ar',NULL,NULL,NULL),(1222,611,'Shaqra','en',NULL,NULL,NULL),(1223,612,'شقراء','ar',NULL,NULL,NULL),(1224,612,'Shaqra\'a','en',NULL,NULL,NULL),(1225,613,'شري','ar',NULL,NULL,NULL),(1226,613,'Shari','en',NULL,NULL,NULL),(1227,614,'الشفا','ar',NULL,NULL,NULL),(1228,614,'Shefa\'a','en',NULL,NULL,NULL),(1229,615,'الشنانة','ar',NULL,NULL,NULL),(1230,615,'Shinanh','en',NULL,NULL,NULL),(1231,616,'سميراء','ar',NULL,NULL,NULL),(1232,616,'Simira','en',NULL,NULL,NULL),(1233,617,'السليل','ar',NULL,NULL,NULL),(1234,617,'As Sulayyil','en',NULL,NULL,NULL),(1235,618,'صوير','ar',NULL,NULL,NULL),(1236,618,'Suwayr','en',NULL,NULL,NULL),(1237,619,'طبرجل','ar',NULL,NULL,NULL),(1238,619,'Tabarjal','en',NULL,NULL,NULL),(1239,620,'التنومه','ar',NULL,NULL,NULL),(1240,620,'Tanumah','en',NULL,NULL,NULL),(1241,621,'ثادق','ar',NULL,NULL,NULL),(1242,621,'Thadek','en',NULL,NULL,NULL),(1243,622,'ثادق','ar',NULL,NULL,NULL),(1244,622,'Thadig','en',NULL,NULL,NULL),(1245,623,'ثرمداء','ar',NULL,NULL,NULL),(1246,623,'Tharmada\'a','en',NULL,NULL,NULL),(1247,624,'الذيبية','ar',NULL,NULL,NULL),(1248,624,'Thebea','en',NULL,NULL,NULL),(1249,625,'تمير','ar',NULL,NULL,NULL),(1250,625,'Thumair','en',NULL,NULL,NULL),(1251,626,'طريف','ar',NULL,NULL,NULL),(1252,626,'Turaif','en',NULL,NULL,NULL),(1253,627,'ام الجماجم','ar',NULL,NULL,NULL),(1254,627,'Umm Al Jamajim','en',NULL,NULL,NULL),(1255,628,'عقلة الصقور','ar',NULL,NULL,NULL),(1256,628,'Uqlat Al Suqur','en',NULL,NULL,NULL),(1257,629,'أشيقر','ar',NULL,NULL,NULL),(1258,629,'Ushaiqer','en',NULL,NULL,NULL),(1259,630,'وادي الدواسر','ar',NULL,NULL,NULL),(1260,630,'Wadi Al Dawasir','en',NULL,NULL,NULL),(1261,631,'الزلفي','ar',NULL,NULL,NULL),(1262,631,'Zulfi','en',NULL,NULL,NULL),(1263,632,'الزلفي','ar',NULL,NULL,NULL),(1264,632,'Zulf City','en',NULL,NULL,NULL),(1265,633,'الوجه','ar',NULL,NULL,NULL),(1266,633,'Al Wajh','en',NULL,NULL,NULL),(1267,634,'حقل','ar',NULL,NULL,NULL),(1268,634,'Haql','en',NULL,NULL,NULL),(1269,635,'أملج','ar',NULL,NULL,NULL),(1270,635,'Umm Lajj','en',NULL,NULL,NULL),(1271,636,'الحريق','ar',NULL,NULL,NULL),(1272,636,'Al hareeq','en',NULL,NULL,NULL),(1273,637,'المزاحمية','ar',NULL,NULL,NULL),(1274,637,'Al muzahmiyyah','en',NULL,NULL,NULL),(1275,638,'ضرما','ar',NULL,NULL,NULL),(1276,638,'Dhurma','en',NULL,NULL,NULL),(1277,639,'العدلية','ar',NULL,NULL,NULL),(1278,639,'Adliya','en',NULL,NULL,NULL),(1279,640,'الغريفة','ar',NULL,NULL,NULL),(1280,640,'Ghurafya','en',NULL,NULL,NULL),(1281,641,'جد حفص','ar',NULL,NULL,NULL),(1282,641,'Jidhafs','en',NULL,NULL,NULL),(1283,642,'الجفير','ar',NULL,NULL,NULL),(1284,642,'Juffair','en',NULL,NULL,NULL),(1285,643,'كرباباد','ar',NULL,NULL,NULL),(1286,643,'Karbabad','en',NULL,NULL,NULL),(1287,644,'المنامة','ar',NULL,NULL,NULL),(1288,644,'Manama','en',NULL,NULL,NULL),(1289,645,'ميناء سلمان','ar',NULL,NULL,NULL),(1290,645,'Mina Salman','en',NULL,NULL,NULL),(1291,646,'المصلى','ar',NULL,NULL,NULL),(1292,646,'Musalla','en',NULL,NULL,NULL),(1293,647,'كفول','ar',NULL,NULL,NULL),(1294,647,'Qofool','en',NULL,NULL,NULL),(1295,648,'القضيبية','ar',NULL,NULL,NULL),(1296,648,'Qudaibiya','en',NULL,NULL,NULL),(1297,649,'راس رمان','ar',NULL,NULL,NULL),(1298,649,'Ras Ruman','en',NULL,NULL,NULL),(1299,650,'السلمانية','ar',NULL,NULL,NULL),(1300,650,'Salmaniya','en',NULL,NULL,NULL),(1301,651,'السيف','ar',NULL,NULL,NULL),(1302,651,'Seef','en',NULL,NULL,NULL),(1303,652,'ام الحصم','ar',NULL,NULL,NULL),(1304,652,'Um Al Hassam','en',NULL,NULL,NULL),(1305,653,'امواج','ar',NULL,NULL,NULL),(1306,653,'Amwaj','en',NULL,NULL,NULL),(1307,654,'امواج','ar',NULL,NULL,NULL),(1308,654,'Amwaj','en',NULL,NULL,NULL),(1309,655,'عراد','ar',NULL,NULL,NULL),(1310,655,'Arad','en',NULL,NULL,NULL),(1311,656,'البسيتين','ar',NULL,NULL,NULL),(1312,656,'Busaiteen','en',NULL,NULL,NULL),(1313,657,'الدير','ar',NULL,NULL,NULL),(1314,657,'Dair','en',NULL,NULL,NULL),(1315,658,'الحد','ar',NULL,NULL,NULL),(1316,658,'Hidd','en',NULL,NULL,NULL),(1317,659,'المحرق','ar',NULL,NULL,NULL),(1318,659,'Muharraq','en',NULL,NULL,NULL),(1319,660,'قلالي','ar',NULL,NULL,NULL),(1320,660,'Qalali','en',NULL,NULL,NULL),(1321,661,'سماهيج','ar',NULL,NULL,NULL),(1322,661,'Samaheej','en',NULL,NULL,NULL),(1323,662,'جريرة تالا','ar',NULL,NULL,NULL),(1324,662,'Tala Island','en',NULL,NULL,NULL),(1325,663,'ابو بهام','ar',NULL,NULL,NULL),(1326,663,'Abu Baham','en',NULL,NULL,NULL),(1327,664,'ابو صيبع','ar',NULL,NULL,NULL),(1328,664,'Abu Saiba','en',NULL,NULL,NULL),(1329,665,'بني جمرة','ar',NULL,NULL,NULL),(1330,665,'Bani Jamra','en',NULL,NULL,NULL),(1331,666,'معبد باربار','ar',NULL,NULL,NULL),(1332,666,'Barbar','en',NULL,NULL,NULL),(1333,667,'بو قوة','ar',NULL,NULL,NULL),(1334,667,'Bu Quwah','en',NULL,NULL,NULL),(1335,668,'بوري','ar',NULL,NULL,NULL),(1336,668,'Buri','en',NULL,NULL,NULL),(1337,669,'دار كليب','ar',NULL,NULL,NULL),(1338,669,'Dar Kulaib','en',NULL,NULL,NULL),(1339,670,'معبد الدراز','ar',NULL,NULL,NULL),(1340,670,'Diraz','en',NULL,NULL,NULL),(1341,671,'دمستان','ar',NULL,NULL,NULL),(1342,671,'Damistan','en',NULL,NULL,NULL),(1343,672,'الحجر','ar',NULL,NULL,NULL),(1344,672,'Hajar','en',NULL,NULL,NULL),(1345,673,'مدينة حمد','ar',NULL,NULL,NULL),(1346,673,'Hamad Town','en',NULL,NULL,NULL),(1347,674,'الهملة','ar',NULL,NULL,NULL),(1348,674,'Hamala','en',NULL,NULL,NULL),(1349,675,'حلة عبد الصالح','ar',NULL,NULL,NULL),(1350,675,'Hillat Abdul Saleh','en',NULL,NULL,NULL),(1351,676,'جونسان','ar',NULL,NULL,NULL),(1352,676,'Jannusan','en',NULL,NULL,NULL),(1353,677,'بيت الجسرة','ar',NULL,NULL,NULL),(1354,677,'Jasra','en',NULL,NULL,NULL),(1355,678,'جبلة حبشي','ar',NULL,NULL,NULL),(1356,678,'Jablat Habshi','en',NULL,NULL,NULL),(1357,679,'جد الحاج','ar',NULL,NULL,NULL),(1358,679,'Jid Al Haj','en',NULL,NULL,NULL),(1359,680,'جد الحاج','ar',NULL,NULL,NULL),(1360,680,'Jid Al Haj','en',NULL,NULL,NULL),(1361,681,'كرانة','ar',NULL,NULL,NULL),(1362,681,'Karranah','en',NULL,NULL,NULL),(1363,682,'كرزكان','ar',NULL,NULL,NULL),(1364,682,'Karzakan','en',NULL,NULL,NULL),(1365,683,'مسجد الخميس','ar',NULL,NULL,NULL),(1366,683,'Khamis','en',NULL,NULL,NULL),(1367,684,'المالكية','ar',NULL,NULL,NULL),(1368,684,'Malikiya','en',NULL,NULL,NULL),(1369,685,'المرخ','ar',NULL,NULL,NULL),(1370,685,'Markh','en',NULL,NULL,NULL),(1371,686,'المقشع','ar',NULL,NULL,NULL),(1372,686,'Meqsha','en',NULL,NULL,NULL),(1373,687,'مقابة','ar',NULL,NULL,NULL),(1374,687,'Muqaba','en',NULL,NULL,NULL),(1375,688,'شمال سهلة','ar',NULL,NULL,NULL),(1376,688,'North Sehla','en',NULL,NULL,NULL),(1377,689,'القدم','ar',NULL,NULL,NULL),(1378,689,'Qadam','en',NULL,NULL,NULL),(1379,690,'قلا','ar',NULL,NULL,NULL),(1380,690,'Qella','en',NULL,NULL,NULL),(1381,691,'القرية','ar',NULL,NULL,NULL),(1382,691,'Qurayya','en',NULL,NULL,NULL),(1383,692,'مستوطنة سار','ar',NULL,NULL,NULL),(1384,692,'Saar','en',NULL,NULL,NULL),(1385,693,'سداد','ar',NULL,NULL,NULL),(1386,693,'Sadad','en',NULL,NULL,NULL),(1387,694,'الصخير','ar',NULL,NULL,NULL),(1388,694,'Shahrakan','en',NULL,NULL,NULL),(1389,695,'الشاخورة','ar',NULL,NULL,NULL),(1390,695,'Shakhurah','en',NULL,NULL,NULL),(1391,696,'جنوب سهلة','ar',NULL,NULL,NULL),(1392,696,'South Sehla','en',NULL,NULL,NULL),(1393,697,'طشان','ar',NULL,NULL,NULL),(1394,697,'Tashan','en',NULL,NULL,NULL),(1395,698,'ام الصبان','ar',NULL,NULL,NULL),(1396,698,'Umm Al Sabban','en',NULL,NULL,NULL),(1397,699,'الزلاق','ar',NULL,NULL,NULL),(1398,699,'Zallaq','en',NULL,NULL,NULL),(1399,700,'عالي','ar',NULL,NULL,NULL),(1400,700,'A\'ali','en',NULL,NULL,NULL),(1401,701,'الرفاع الشرقي','ar',NULL,NULL,NULL),(1402,701,'East Riffa','en',NULL,NULL,NULL),(1403,702,'مدينة عيسى','ar',NULL,NULL,NULL),(1404,702,'Isa Town','en',NULL,NULL,NULL),(1405,703,'Jordab','ar',NULL,NULL,NULL),(1406,703,'Jordab','en',NULL,NULL,NULL),(1407,704,'نسفة','ar',NULL,NULL,NULL),(1408,704,'Nasfah','en',NULL,NULL,NULL),(1409,705,'سلماباد','ar',NULL,NULL,NULL),(1410,705,'Salmabad','en',NULL,NULL,NULL),(1411,706,'سند','ar',NULL,NULL,NULL),(1412,706,'Sanad','en',NULL,NULL,NULL),(1413,707,'سترة','ar',NULL,NULL,NULL),(1414,707,'Sitra','en',NULL,NULL,NULL),(1415,708,'توبلي','ar',NULL,NULL,NULL),(1416,708,'Tubli','en',NULL,NULL,NULL),(1417,709,'الرفاع الغربي','ar',NULL,NULL,NULL),(1418,709,'West Riffa','en',NULL,NULL,NULL),(1419,710,'مدينة زايد','ar',NULL,NULL,NULL),(1420,710,'Zayed Town','en',NULL,NULL,NULL),(1421,711,'العذبة','ar',NULL,NULL,NULL),(1422,711,'Al Adhbah','en',NULL,NULL,NULL),(1423,712,'منطقة الظعاين','ar',NULL,NULL,NULL),(1424,712,'Al Daayen','en',NULL,NULL,NULL),(1425,713,'الهتمي','ar',NULL,NULL,NULL),(1426,713,'Al Hitmi','en',NULL,NULL,NULL),(1427,714,'الجسرة','ar',NULL,NULL,NULL),(1428,714,'Al Jasrah','en',NULL,NULL,NULL),(1429,715,'الجميلية','ar',NULL,NULL,NULL),(1430,715,'Al Jumaliyah','en',NULL,NULL,NULL),(1431,716,'مدينة الكعبان','ar',NULL,NULL,NULL),(1432,716,'Al Qa`Abiyah','en',NULL,NULL,NULL),(1433,717,'خليفات','ar',NULL,NULL,NULL),(1434,717,'Al Khalifat','en',NULL,NULL,NULL),(1435,718,'الخور','ar',NULL,NULL,NULL),(1436,718,'Al Khawr','en',NULL,NULL,NULL),(1437,719,'منطقة الخور','ar',NULL,NULL,NULL),(1438,719,'Al Khor','en',NULL,NULL,NULL),(1439,720,'الخوير','ar',NULL,NULL,NULL),(1440,720,'Al Khuwair','en',NULL,NULL,NULL),(1441,721,'المفجر','ar',NULL,NULL,NULL),(1442,721,'Al Mafjar','en',NULL,NULL,NULL),(1443,722,'الكعبية','ar',NULL,NULL,NULL),(1444,722,'Al Qaabiya','en',NULL,NULL,NULL),(1445,723,'الريان','ar',NULL,NULL,NULL),(1446,723,'Al Rayyan','en',NULL,NULL,NULL),(1447,724,'السيلية','ar',NULL,NULL,NULL),(1448,724,'Al Sailiya','en',NULL,NULL,NULL),(1449,725,'الشمال','ar',NULL,NULL,NULL),(1450,725,'Al Shamal','en',NULL,NULL,NULL),(1451,726,'منطقة الوكرة','ar',NULL,NULL,NULL),(1452,726,'Al Wakrah','en',NULL,NULL,NULL),(1453,727,'منطقة الدوحة','ar',NULL,NULL,NULL),(1454,727,'Doha','en',NULL,NULL,NULL),(1455,728,'منطقة الدخنان','ar',NULL,NULL,NULL),(1456,728,'Dukhan','en',NULL,NULL,NULL),(1457,729,'الغرافة','ar',NULL,NULL,NULL),(1458,729,'Gharafa','en',NULL,NULL,NULL),(1459,730,'راس لفان','ar',NULL,NULL,NULL),(1460,730,'Ras Laffan','en',NULL,NULL,NULL),(1461,731,'منطقة الشيحانية','ar',NULL,NULL,NULL),(1462,731,'Ash Shahaniyah','en',NULL,NULL,NULL),(1463,732,'ام باب','ar',NULL,NULL,NULL),(1464,732,'Umm Bab','en',NULL,NULL,NULL),(1465,733,'منطقة ام سعيد','ar',NULL,NULL,NULL),(1466,733,'Umm Said','en',NULL,NULL,NULL),(1467,734,'ام صلال علي','ar',NULL,NULL,NULL),(1468,734,'Umm Salal Ali','en',NULL,NULL,NULL),(1469,735,'منطقة ام صلال','ar',NULL,NULL,NULL),(1470,735,'Umm Salal Muhammed','en',NULL,NULL,NULL),(1471,736,'عبري','ar',NULL,NULL,NULL),(1472,736,'Ibri','en',NULL,NULL,NULL),(1473,737,'بركاء','ar',NULL,NULL,NULL),(1474,737,'Barka','en',NULL,NULL,NULL),(1475,738,'الخابورة','ar',NULL,NULL,NULL),(1476,738,'Al Khaburah','en',NULL,NULL,NULL),(1477,739,'لوى','ar',NULL,NULL,NULL),(1478,739,'Liwa','en',NULL,NULL,NULL),(1479,740,'نخل','ar',NULL,NULL,NULL),(1480,740,'Nakhl','en',NULL,NULL,NULL),(1481,741,'الرستاق','ar',NULL,NULL,NULL),(1482,741,'Rustaq','en',NULL,NULL,NULL),(1483,742,'صحم','ar',NULL,NULL,NULL),(1484,742,'Saham','en',NULL,NULL,NULL),(1485,743,'Shinas','ar',NULL,NULL,NULL),(1486,743,'Shinas','en',NULL,NULL,NULL),(1487,744,'صحار','ar',NULL,NULL,NULL),(1488,744,'Sohar','en',NULL,NULL,NULL),(1489,745,'السويق','ar',NULL,NULL,NULL),(1490,745,'Suwayq','en',NULL,NULL,NULL),(1491,746,'وادي المعاول','ar',NULL,NULL,NULL),(1492,746,'Wadi Al Maawil','en',NULL,NULL,NULL),(1493,747,'البريمي','ar',NULL,NULL,NULL),(1494,747,'Buraimi','en',NULL,NULL,NULL),(1495,748,'محضة','ar',NULL,NULL,NULL),(1496,748,'Mahdah','en',NULL,NULL,NULL),(1497,749,'الدقم','ar',NULL,NULL,NULL),(1498,749,'Duqm','en',NULL,NULL,NULL),(1499,750,'هيما','ar',NULL,NULL,NULL),(1500,750,'Haima','en',NULL,NULL,NULL),(1501,751,'محوت','ar',NULL,NULL,NULL),(1502,751,'Mahout','en',NULL,NULL,NULL),(1503,752,'جعلان بني بو علي','ar',NULL,NULL,NULL),(1504,752,'Jaalan Bani Bu Ali','en',NULL,NULL,NULL),(1505,753,'جعلان بني بو حسن','ar',NULL,NULL,NULL),(1506,753,'Jaalan Bani Buhassan','en',NULL,NULL,NULL),(1507,754,'مصيرة','ar',NULL,NULL,NULL),(1508,754,'Masirah','en',NULL,NULL,NULL),(1509,755,'وادي بن خالد','ar',NULL,NULL,NULL),(1510,755,'Wadi Bani Khalid','en',NULL,NULL,NULL),(1511,756,'ضلكوت','ar',NULL,NULL,NULL),(1512,756,'Dhalkut','en',NULL,NULL,NULL),(1513,757,'مرباط','ar',NULL,NULL,NULL),(1514,757,'Mirbat','en',NULL,NULL,NULL),(1515,758,'سدح','ar',NULL,NULL,NULL),(1516,758,'Sadah','en',NULL,NULL,NULL),(1517,759,'صلالة','ar',NULL,NULL,NULL),(1518,759,'Salalah','en',NULL,NULL,NULL),(1519,760,'طاقة','ar',NULL,NULL,NULL),(1520,760,'Taqah','en',NULL,NULL,NULL),(1521,761,'بخا','ar',NULL,NULL,NULL),(1522,761,'Bukha','en',NULL,NULL,NULL),(1523,762,'خصب','ar',NULL,NULL,NULL),(1524,762,'Khasab','en',NULL,NULL,NULL),(1525,763,'مدحا','ar',NULL,NULL,NULL),(1526,763,'Madha','en',NULL,NULL,NULL),(1527,764,'ادم','ar',NULL,NULL,NULL),(1528,764,'Adam','en',NULL,NULL,NULL),(1529,765,'العقير','ar',NULL,NULL,NULL),(1530,765,'Al Aqir','en',NULL,NULL,NULL),(1531,766,'الأشخرة','ar',NULL,NULL,NULL),(1532,766,'Ash Ashkarah','en',NULL,NULL,NULL),(1533,767,'العوابي - بركة','ar',NULL,NULL,NULL),(1534,767,'Al Awabi','en',NULL,NULL,NULL),(1535,768,'العوابي - مسقط','ar',NULL,NULL,NULL),(1536,768,'Al Awabi Muscat','en',NULL,NULL,NULL),(1537,769,'بديه','ar',NULL,NULL,NULL),(1538,769,'Al Bidayah','en',NULL,NULL,NULL),(1539,770,'الغزير','ar',NULL,NULL,NULL),(1540,770,'Al Ghazir','en',NULL,NULL,NULL),(1541,771,'الحمرا','ar',NULL,NULL,NULL),(1542,771,'Al Hamra','en',NULL,NULL,NULL),(1543,772,'الجديدة','ar',NULL,NULL,NULL),(1544,772,'Al Jadidah','en',NULL,NULL,NULL),(1545,773,'الخوض','ar',NULL,NULL,NULL),(1546,773,'Al Khoudh','en',NULL,NULL,NULL),(1547,774,'الخوير','ar',NULL,NULL,NULL),(1548,774,'Al Khuwair','en',NULL,NULL,NULL),(1549,775,'المزيونه','ar',NULL,NULL,NULL),(1550,775,'Al Mazyunah','en',NULL,NULL,NULL),(1551,776,'السعادة','ar',NULL,NULL,NULL),(1552,776,'Al Saada','en',NULL,NULL,NULL),(1553,777,'الأنصب','ar',NULL,NULL,NULL),(1554,777,'Al Ansab','en',NULL,NULL,NULL),(1555,778,'الحيل','ar',NULL,NULL,NULL),(1556,778,'Al Hail','en',NULL,NULL,NULL),(1557,779,'الجفنين','ar',NULL,NULL,NULL),(1558,779,'Al Jafnayn','en',NULL,NULL,NULL),(1559,780,'المعبيلة','ar',NULL,NULL,NULL),(1560,780,'Al Maabilah','en',NULL,NULL,NULL),(1561,781,'الوجاجة','ar',NULL,NULL,NULL),(1562,781,'Al Wajajah','en',NULL,NULL,NULL),(1563,782,'العامرات','ar',NULL,NULL,NULL),(1564,782,'Al Amarat','en',NULL,NULL,NULL),(1565,783,'السليف','ar',NULL,NULL,NULL),(1566,783,'As Sulaif','en',NULL,NULL,NULL),(1567,784,'عوقد','ar',NULL,NULL,NULL),(1568,784,'Awqad','en',NULL,NULL,NULL),(1569,785,'العذبية','ar',NULL,NULL,NULL),(1570,785,'Azaiba','en',NULL,NULL,NULL),(1571,786,'بهلاء','ar',NULL,NULL,NULL),(1572,786,'Bahla','en',NULL,NULL,NULL),(1573,787,'بديد','ar',NULL,NULL,NULL),(1574,787,'Bidbid','en',NULL,NULL,NULL),(1575,788,'Bidiyah','ar',NULL,NULL,NULL),(1576,788,'Bidiyah','en',NULL,NULL,NULL),(1577,789,'بوشر','ar',NULL,NULL,NULL),(1578,789,'Bowsher','en',NULL,NULL,NULL),(1579,790,'الدهاريز','ar',NULL,NULL,NULL),(1580,790,'Dahariz','en',NULL,NULL,NULL),(1581,791,'دراسيت','ar',NULL,NULL,NULL),(1582,791,'Darsait','en',NULL,NULL,NULL),(1583,792,'ضنك','ar',NULL,NULL,NULL),(1584,792,'Dhank','en',NULL,NULL,NULL),(1585,793,'دبا','ar',NULL,NULL,NULL),(1586,793,'Diba','en',NULL,NULL,NULL),(1587,794,'دما والطائيين','ar',NULL,NULL,NULL),(1588,794,'Dima Wattayeen','en',NULL,NULL,NULL),(1589,795,'فهود','ar',NULL,NULL,NULL),(1590,795,'Fahud','en',NULL,NULL,NULL),(1591,796,'فلج القبائل','ar',NULL,NULL,NULL),(1592,796,'Falaj Al Qaba\'il','en',NULL,NULL,NULL),(1593,797,'فنجا','ar',NULL,NULL,NULL),(1594,797,'Fanja','en',NULL,NULL,NULL),(1595,798,'Firq','ar',NULL,NULL,NULL),(1596,798,'Firq','en',NULL,NULL,NULL),(1597,799,'غلا','ar',NULL,NULL,NULL),(1598,799,'Ghala','en',NULL,NULL,NULL),(1599,800,'الغبرة','ar',NULL,NULL,NULL),(1600,800,'Ghubrah','en',NULL,NULL,NULL),(1601,801,'حلبان','ar',NULL,NULL,NULL),(1602,801,'Halban','en',NULL,NULL,NULL),(1603,802,'الحمرية','ar',NULL,NULL,NULL),(1604,802,'Hamriyah','en',NULL,NULL,NULL),(1605,803,'ازكي','ar',NULL,NULL,NULL),(1606,803,'Izki','en',NULL,NULL,NULL),(1607,804,'الجبل الأخضر','ar',NULL,NULL,NULL),(1608,804,'Jabal Akhdar','en',NULL,NULL,NULL),(1609,805,'جيبرو','ar',NULL,NULL,NULL),(1610,805,'Jibroo','en',NULL,NULL,NULL),(1611,806,'خضرا','ar',NULL,NULL,NULL),(1612,806,'Khadra','en',NULL,NULL,NULL),(1613,807,'خطمة ملاحة','ar',NULL,NULL,NULL),(1614,807,'Khatmat Malahah','en',NULL,NULL,NULL),(1615,808,'لزغ','ar',NULL,NULL,NULL),(1616,808,'Lizugh','en',NULL,NULL,NULL),(1617,809,'مدينة السلطان قابوس','ar',NULL,NULL,NULL),(1618,809,'Madinat As Sultan Qaboos','en',NULL,NULL,NULL),(1619,810,'مجيس','ar',NULL,NULL,NULL),(1620,810,'Majis','en',NULL,NULL,NULL),(1621,811,'منح','ar',NULL,NULL,NULL),(1622,811,'Manah','en',NULL,NULL,NULL),(1623,812,'مرمول','ar',NULL,NULL,NULL),(1624,812,'Marmul','en',NULL,NULL,NULL),(1625,813,'الموالح','ar',NULL,NULL,NULL),(1626,813,'Mawaleh','en',NULL,NULL,NULL),(1627,814,'مسفاه','ar',NULL,NULL,NULL),(1628,814,'Misfah','en',NULL,NULL,NULL),(1629,815,'الملدة','ar',NULL,NULL,NULL),(1630,815,'Muladdah','en',NULL,NULL,NULL),(1631,816,'مسقط','ar',NULL,NULL,NULL),(1632,816,'Muscat','en',NULL,NULL,NULL),(1633,817,'مطرح','ar',NULL,NULL,NULL),(1634,817,'Muttrah','en',NULL,NULL,NULL),(1635,818,'نزوى','ar',NULL,NULL,NULL),(1636,818,'Nizwa','en',NULL,NULL,NULL),(1637,819,'قنتب','ar',NULL,NULL,NULL),(1638,819,'Qantab','en',NULL,NULL,NULL),(1639,820,'Qantana','ar',NULL,NULL,NULL),(1640,820,'Qantana','en',NULL,NULL,NULL),(1641,821,'قريات','ar',NULL,NULL,NULL),(1642,821,'Qurayat','en',NULL,NULL,NULL),(1643,822,'القرم','ar',NULL,NULL,NULL),(1644,822,'Qurum','en',NULL,NULL,NULL),(1645,823,'البديع','ar',NULL,NULL,NULL),(1646,823,'Budaiya','en',NULL,NULL,NULL),(1647,824,'راس الحد','ar',NULL,NULL,NULL),(1648,824,'Ras Al Hadd','en',NULL,NULL,NULL),(1649,825,'ريسوت','ar',NULL,NULL,NULL),(1650,825,'Rasyut','en',NULL,NULL,NULL),(1651,826,'الرميس','ar',NULL,NULL,NULL),(1652,826,'Rumais','en',NULL,NULL,NULL),(1653,827,'الرسيل','ar',NULL,NULL,NULL),(1654,827,'Rusayl','en',NULL,NULL,NULL),(1655,828,'الرسيل','ar',NULL,NULL,NULL),(1656,828,'Rusayl','en',NULL,NULL,NULL),(1657,829,'روي','ar',NULL,NULL,NULL),(1658,829,'Ruwi','en',NULL,NULL,NULL),(1659,830,'صحلنوت','ar',NULL,NULL,NULL),(1660,830,'Sahalnoot','en',NULL,NULL,NULL),(1661,831,'سمد الشان','ar',NULL,NULL,NULL),(1662,831,'Samad Al Shan','en',NULL,NULL,NULL),(1663,832,'سمائل','ar',NULL,NULL,NULL),(1664,832,'Samayil','en',NULL,NULL,NULL),(1665,833,'السيب','ar',NULL,NULL,NULL),(1666,833,'Seeb','en',NULL,NULL,NULL),(1667,834,'سداب','ar',NULL,NULL,NULL),(1668,834,'Sidab','en',NULL,NULL,NULL),(1669,835,'سناو','ar',NULL,NULL,NULL),(1670,835,'Sinaw','en',NULL,NULL,NULL),(1671,836,'السنينة','ar',NULL,NULL,NULL),(1672,836,'As Sunainah','en',NULL,NULL,NULL),(1673,837,'ثمريت','ar',NULL,NULL,NULL),(1674,837,'Thumrait','en',NULL,NULL,NULL),(1675,838,'الثرمد','ar',NULL,NULL,NULL),(1676,838,'Tharmad','en',NULL,NULL,NULL),(1677,839,'طيوي','ar',NULL,NULL,NULL),(1678,839,'Tiwi','en',NULL,NULL,NULL),(1679,840,'وادي عداي','ar',NULL,NULL,NULL),(1680,840,'Wadi Aday','en',NULL,NULL,NULL),(1681,841,'وادي الجيزي','ar',NULL,NULL,NULL),(1682,841,'Wadi Al Jizi','en',NULL,NULL,NULL),(1683,842,'وادي حبي','ar',NULL,NULL,NULL),(1684,842,'Wadi Hibi','en',NULL,NULL,NULL),(1685,843,'وادي كبير','ar',NULL,NULL,NULL),(1686,843,'Wadi Kabir','en',NULL,NULL,NULL),(1687,844,'الوطيه','ar',NULL,NULL,NULL),(1688,844,'Wattayah','en',NULL,NULL,NULL),(1689,845,'ودام الساحل','ar',NULL,NULL,NULL),(1690,845,'Wudam Al Sahil','en',NULL,NULL,NULL),(1691,846,'يتي','ar',NULL,NULL,NULL),(1692,846,'Yiti','en',NULL,NULL,NULL);

--
-- Table structure for table `regions`
--

CREATE TABLE `regions` (
  `id` int unsigned NOT NULL AUTO_INCREMENT,
  `status` tinyint(1) NOT NULL DEFAULT '1',
  `address_address` varchar(255) CHARACTER SET utf8mb4 COLLATE utf8mb4_unicode_ci NOT NULL,
  `address_latitude` double NOT NULL,
  `address_longitude` double NOT NULL,
  `governments_id` int unsigned NOT NULL,
  `created_at` timestamp NULL DEFAULT NULL,
  `updated_at` timestamp NULL DEFAULT NULL,
  PRIMARY KEY (`id`),
  KEY `regions_governments_id_foreign` (`governments_id`)
) ENGINE=InnoDB AUTO_INCREMENT=847 DEFAULT CHARSET=utf8mb4 COLLATE=utf8mb4_unicode_ci;

--
-- Dumping data for table `regions`
--

INSERT INTO `regions` (`id`, `status`, `address_address`, `address_latitude`, `address_longitude`, `governments_id`, `created_at`, `updated_at`) VALUES (19,1,'مدينة الكويت',0,0,8,'2022-08-25 10:34:31','2024-05-11 17:10:40'),(20,1,'دسمان',0,0,8,'2022-08-25 10:36:00','2022-08-25 10:36:00'),(21,1,'شرق',0,0,8,'2022-08-25 10:36:31','2022-08-25 10:36:31'),(22,1,'الصوابر',0,0,8,'2022-08-25 10:41:53','2022-08-25 10:41:53'),(23,1,'المرقاب',0,0,8,'2022-08-25 10:42:29','2022-08-25 10:42:29'),(24,1,'القبلة',0,0,8,'2022-08-25 10:42:56','2022-08-25 10:42:56'),(25,1,'الصالحية',0,0,8,'2022-08-25 10:43:27','2022-08-25 10:43:27'),(26,1,'الوطية',0,0,8,'2022-08-25 10:43:58','2022-08-25 10:43:58'),(27,1,'بنيد القار',0,0,8,'2022-08-25 10:44:54','2022-08-25 10:44:54'),(28,1,'كيفان',0,0,8,'2022-08-25 10:45:21','2022-08-25 10:45:21'),(29,1,'الدوحة',0,0,8,'2022-08-25 10:46:27','2022-08-25 10:46:27'),(30,1,'الدسمة',0,0,8,'2022-08-25 10:46:52','2022-08-25 10:46:52'),(31,1,'الدعية',0,0,8,'2022-08-25 10:48:10','2022-08-25 10:48:10'),(32,1,'المنصورية',0,0,8,'2022-08-25 10:48:40','2022-08-25 10:48:40'),(33,1,'ضاحية عبد الله السالم',0,0,8,'2022-08-25 10:49:23','2022-08-25 10:49:23'),(34,1,'النزهة',0,0,8,'2022-08-25 10:49:56','2022-08-25 10:49:56'),(35,1,'الفيحاء',0,0,8,'2022-08-25 10:50:29','2022-08-25 10:50:29'),(36,1,'الشامية',0,0,8,'2022-08-25 10:51:07','2022-08-25 10:51:07'),(37,1,'الروضة',0,0,8,'2022-08-25 10:51:48','2022-08-25 10:51:48'),(38,1,'العديلية',0,0,8,'2022-08-25 10:52:21','2022-08-25 10:52:21'),(39,1,'الخالدية',0,0,8,'2022-08-25 10:53:18','2022-08-25 10:53:18'),(40,1,'القادسية',0,0,8,'2022-08-25 10:53:43','2022-08-25 10:53:43'),(41,1,'قرطبة',0,0,8,'2022-08-25 10:54:11','2022-08-25 10:54:11'),(42,1,'السرة',0,0,8,'2022-08-25 10:54:40','2022-08-25 10:54:40'),(43,1,'اليرموك',0,0,8,'2022-08-25 10:55:09','2022-08-25 10:55:09'),(44,1,'الشويخ',0,0,8,'2022-08-25 10:55:54','2022-08-25 10:55:54'),(45,1,'الري',0,0,8,'2022-08-25 10:56:14','2022-08-25 10:56:14'),(46,1,'غرناطة، Kuwait',29.312521,47.8785532,8,'2022-08-25 10:57:53','2022-08-25 10:57:53'),(47,1,'الصليبيخات',29.312521,47.8785532,8,'2022-08-25 10:59:18','2022-08-25 10:59:18'),(48,1,'النهضة',29.312521,47.8785532,8,'2022-08-25 10:59:50','2022-08-25 10:59:50'),(49,1,'مدينة جابر الأحمد',29.312521,47.8785532,8,'2022-08-25 11:00:29','2022-08-25 11:00:29'),(50,1,'القيروان',29.312521,47.8785532,8,'2022-08-25 11:01:01','2022-08-25 11:01:01'),(51,1,'شمال غرب الصليبيخات',29.312521,47.8785532,8,'2022-08-25 11:02:03','2022-08-25 11:02:03'),(52,1,'الفنطاس',29.312521,47.8785532,9,'2022-08-25 11:02:23','2022-08-25 11:02:23'),(53,1,'العقيلة',29.312521,47.8785532,9,'2022-08-25 11:02:49','2022-08-25 11:02:49'),(54,1,'الظهر',29.312521,47.8785532,9,'2022-08-25 11:03:15','2022-08-25 11:03:15'),(55,1,'المقوع',29.312521,47.8785532,9,'2022-08-25 11:03:52','2022-08-25 11:03:52'),(56,1,'المهبولة',29.312521,47.8785532,9,'2022-08-25 11:08:24','2022-08-25 11:08:24'),(57,1,'الرقة',29.312521,47.8785532,9,'2022-08-25 11:08:46','2022-08-25 11:08:46'),(58,1,'هدية',29.312521,47.8785532,9,'2022-08-25 11:09:06','2022-08-25 11:09:06'),(59,1,'أبو حليفة',29.312521,47.8785532,9,'2022-08-25 11:09:46','2022-08-25 11:09:46'),(60,1,'الصباحية',29.312521,47.8785532,9,'2022-08-25 11:10:14','2022-08-25 11:10:14'),(61,1,'المنقف',29.312521,47.8785532,9,'2022-08-25 11:10:44','2022-08-25 11:10:44'),(62,1,'الفحيحيل',29.312521,47.8785532,9,'2022-08-25 11:11:17','2022-08-25 11:11:17'),(63,1,'الأحمدي',29.312521,47.8785532,9,'2022-08-25 11:11:52','2022-08-25 11:11:52'),(64,1,'الوفرة',29.312521,47.8785532,9,'2022-08-25 11:12:12','2022-08-25 11:12:12'),(65,1,'الزور',29.312521,47.8785532,9,'2022-08-25 11:12:36','2022-08-25 11:12:36'),(66,1,'الخيران',29.312521,47.8785532,9,'2022-08-25 11:13:08','2022-08-25 11:13:08'),(67,1,'ميناء عبد الله',29.312521,47.8785532,9,'2022-08-25 11:13:55','2022-08-25 11:13:55'),(68,1,'الوفرة الزراعية',29.312521,47.8785532,9,'2022-08-25 11:14:28','2022-08-25 11:14:28'),(69,1,'بنيدر',29.312521,47.8785532,9,'2022-08-25 11:14:58','2022-08-25 11:14:58'),(70,1,'الجليعة',29.312521,47.8785532,9,'2022-08-25 11:15:37','2022-08-25 11:15:37'),(71,1,'الضباعية',29.312521,47.8785532,9,'2022-08-25 11:16:05','2022-08-25 11:16:05'),(72,1,'ضاحية جابر العلي',29.312521,47.8785532,9,'2022-08-25 11:16:38','2022-08-25 11:16:38'),(73,1,'ضاحية فهد الأحمد',29.312521,47.8785532,9,'2022-08-25 11:17:13','2022-08-25 11:17:13'),(74,1,'الشعيبة',29.312521,47.8785532,9,'2022-08-25 11:17:41','2022-08-25 11:17:41'),(75,1,'واره',29.312521,47.8785532,9,'2022-08-25 11:18:02','2022-08-25 11:18:02'),(76,1,'مدينة صباح الأحمد',29.312521,47.8785532,9,'2022-08-25 11:18:43','2022-08-25 11:18:43'),(77,1,'النويصيب',29.312521,47.8785532,9,'2022-08-25 11:19:20','2022-08-25 11:19:20'),(78,1,'مدينة الخيران',29.312521,47.8785532,9,'2022-08-25 11:19:53','2022-08-25 11:19:53'),(79,1,'ضاحية علي صباح السالم أم الهيمان سابقاً',29.312521,47.8785532,9,'2022-08-25 11:20:38','2022-08-25 11:20:38'),(80,1,'مدينة صباح الأحمد البحرية',29.312521,47.8785532,9,'2022-08-25 11:21:22','2022-08-25 11:21:22'),(81,1,'Abraq Khaitan Secondary School for Girls, Naser Abdullah Aljabri Street, Kuwait',29.3005413,47.9720904,10,'2022-08-25 11:22:08','2023-04-18 10:13:45'),(82,1,'الأندلس',29.312521,47.8785532,10,'2022-08-25 11:22:29','2022-08-25 11:22:29'),(83,1,'اشبيلية',29.312521,47.8785532,10,'2022-08-25 11:23:08','2022-08-25 11:23:08'),(84,1,'جليب الشيوخ',29.312521,47.8785532,10,'2022-08-25 11:23:43','2022-08-25 11:23:43'),(85,1,'خيطان',29.312521,47.8785532,10,'2022-08-25 11:24:06','2022-08-25 11:24:06'),(86,1,'خيطان الجديدة',29.312521,47.8785532,10,'2022-08-25 11:24:30','2022-08-25 11:24:30'),(87,1,'العمرية',29.312521,47.8785532,10,'2022-08-25 11:24:58','2022-08-25 11:24:58'),(88,1,'العارضية',29.312521,47.8785532,10,'2022-08-25 11:25:22','2022-08-25 11:25:22'),(89,1,'العارضية الصناعية',29.312521,47.8785532,10,'2022-08-25 11:26:01','2022-08-25 11:26:01'),(90,1,'العباسية',29.312521,47.8785532,10,'2022-08-25 11:26:30','2022-08-25 11:26:30'),(91,1,'الفردوس',29.312521,47.8785532,10,'2022-08-25 11:27:01','2022-08-25 11:27:01'),(92,1,'الفروانية',29.312521,47.8785532,10,'2022-08-25 11:27:27','2022-08-25 11:27:27'),(93,1,'الحساوي',29.312521,47.8785532,10,'2022-08-25 11:27:52','2022-08-25 11:27:52'),(94,1,'الشدادية',0,0,10,'2022-08-25 11:31:28','2022-08-25 11:31:28'),(95,1,'الرابية',0,0,10,'2022-08-25 11:31:56','2022-08-25 11:31:56'),(96,1,'الرحاب',0,0,10,'2022-08-25 11:32:37','2022-08-25 11:32:37'),(97,1,'الرقعي',0,0,10,'2022-08-25 11:34:15','2022-08-25 11:34:15'),(98,1,'Al rai, Shuwaikh Industrial, Kuwait',29.3083977,47.9404184,10,'2022-08-25 11:34:49','2023-04-18 10:39:49'),(99,1,'ضاحية صباح الناصر',0,0,10,'2022-08-25 11:35:48','2022-08-25 11:35:48'),(100,1,'ضاحية عبد الله المبارك',0,0,10,'2022-08-25 11:36:25','2022-08-25 11:36:25'),(101,1,'Al-Dajeej, Kuwait',29.2620388,47.9630143,10,'2022-08-25 11:37:32','2023-04-18 10:45:51'),(102,1,'الصليبية',0,0,11,'2022-08-25 11:38:04','2022-08-25 11:38:04'),(103,1,'أمغرة',0,0,11,'2022-08-25 11:38:29','2022-08-25 11:38:29'),(104,1,'Naeem',0,0,11,'2022-08-25 11:39:03','2022-08-25 11:39:03'),(105,1,'القصر',0,0,11,'2022-08-25 11:42:07','2022-08-25 11:42:07'),(106,1,'الواحة',0,0,11,'2022-08-25 11:42:30','2022-08-25 11:42:30'),(107,1,'تيماء',0,0,11,'2022-08-25 11:42:50','2022-08-25 11:42:50'),(108,1,'النسيم',0,0,11,'2022-08-25 11:43:13','2022-08-25 11:43:13'),(109,1,'العيون',0,0,11,'2022-08-25 11:43:44','2022-08-25 11:43:44'),(110,1,'القيصرية',0,0,11,'2022-08-25 11:44:37','2022-08-25 11:44:37'),(111,1,'العبدلي',0,0,11,'2022-08-25 11:45:06','2022-08-25 11:45:06'),(112,1,'الجهراء القديمة',0,0,11,'2022-08-25 11:46:42','2022-08-25 11:46:42'),(113,1,'New jahra',0,0,11,'2022-08-25 11:47:31','2022-08-25 11:47:31'),(114,1,'كاظمة',0,0,11,'2022-08-25 11:47:48','2022-08-25 11:47:48'),(115,1,'مدينة سعد العبد الله',0,0,11,'2022-08-25 11:48:22','2022-08-25 11:48:22'),(116,1,'السالمي',0,0,11,'2022-08-25 11:48:52','2022-08-25 11:48:52'),(117,1,'المطلاع',0,0,11,'2022-08-25 11:49:24','2022-08-25 11:49:24'),(118,1,'مدينة الحرير',0,0,11,'2022-08-25 11:50:13','2022-08-25 11:50:13'),(119,1,'كبد',0,0,11,'2022-08-25 11:50:44','2022-08-25 11:50:44'),(120,1,'الروضتين',0,0,11,'2022-08-25 11:51:21','2022-08-25 11:51:21'),(121,1,'الصبية',0,0,11,'2022-08-25 11:51:47','2022-08-25 11:51:47'),(122,1,'حولي',0,0,12,'2022-08-25 11:52:26','2022-08-25 11:52:26'),(123,1,'الشعب',0,0,12,'2022-08-25 11:52:47','2022-08-25 11:52:47'),(124,1,'السالمية',0,0,12,'2022-08-25 11:53:07','2022-08-25 11:53:07'),(125,1,'الرميثية',0,0,12,'2022-08-25 11:53:52','2022-08-25 11:53:52'),(126,1,'الجابرية',0,0,12,'2022-08-25 11:54:15','2022-08-25 11:54:15'),(127,1,'مشرف',0,0,12,'2022-08-25 11:54:39','2022-08-25 11:54:39'),(128,1,'بيان',0,0,12,'2022-08-25 11:54:57','2022-08-25 11:54:57'),(129,1,'آلبدع',0,0,12,'2022-08-25 11:55:23','2022-08-25 11:55:23'),(130,1,'النقرة',0,0,12,'2022-08-25 11:55:53','2022-08-25 11:55:53'),(131,1,'ميدان حولي',0,0,12,'2022-08-25 11:56:15','2022-08-25 11:56:15'),(132,1,'ضاحية مبارك العبد الله الجابر',0,0,12,'2022-08-25 11:57:05','2022-08-25 11:57:05'),(133,1,'سلوى',0,0,12,'2022-08-25 11:57:23','2022-08-25 11:57:23'),(134,1,'جنوب السرة',0,0,12,'2022-08-25 11:57:54','2022-08-25 11:57:54'),(135,1,'الزهراء',0,0,12,'2022-08-25 11:58:27','2022-08-25 11:58:27'),(136,1,'الصديق',0,0,12,'2022-08-25 11:59:17','2022-08-25 11:59:17'),(137,1,'حطين',0,0,12,'2022-08-25 11:59:57','2022-08-25 11:59:57'),(138,1,'السلام',0,0,12,'2022-08-25 12:01:35','2022-08-25 12:01:35'),(139,1,'الشهداء',0,0,12,'2022-08-25 12:02:07','2022-08-25 12:02:07'),(140,1,'العدان',0,0,13,'2022-08-25 12:02:29','2022-08-25 12:02:29'),(141,1,'القصور',0,0,13,'2022-08-25 12:02:59','2022-08-25 12:02:59'),(142,1,'القرين',0,0,13,'2022-08-25 12:03:31','2022-08-25 12:03:31'),(143,1,'ضاحية صباح السالم',0,0,13,'2022-08-25 12:04:02','2022-08-25 12:04:02'),(144,1,'المسيلة',0,0,13,'2022-08-25 12:04:27','2022-08-25 12:04:27'),(145,1,'المسايل',0,0,13,'2022-08-25 12:04:54','2022-08-25 12:04:54'),(146,1,'أبو فطيرة',0,0,13,'2022-08-25 12:05:20','2022-08-25 12:05:20'),(147,1,'أبو الحصانية',0,0,13,'2022-08-25 12:05:57','2022-08-25 12:05:57'),(148,1,'صبحان',0,0,13,'2022-08-25 12:06:25','2022-08-25 12:06:25'),(149,1,'الفنيطيس',0,0,13,'2022-08-25 12:06:55','2022-08-25 12:06:55'),(151,1,'مبارك الكبير، الكويت‎',29.1886698,48.0806909,13,'2022-08-28 01:58:47','2022-08-28 01:58:47');

--
-- Table structure for table `role_user`
--

CREATE TABLE `role_user` (
  `role_id` bigint unsigned NOT NULL,
  `user_id` bigint unsigned NOT NULL,
  `user_type` varchar(255) CHARACTER SET utf8mb4 COLLATE utf8mb4_unicode_ci NOT NULL,
  PRIMARY KEY (`user_id`,`role_id`,`user_type`),
  KEY `role_user_role_id_foreign` (`role_id`),
  CONSTRAINT `role_user_role_id_foreign` FOREIGN KEY (`role_id`) REFERENCES `roles` (`id`) ON DELETE CASCADE ON UPDATE CASCADE
) ENGINE=InnoDB DEFAULT CHARSET=utf8mb4 COLLATE=utf8mb4_unicode_ci;

--
-- Dumping data for table `role_user`
--

INSERT INTO `role_user` (`role_id`, `user_id`, `user_type`) VALUES (1,1,'App\\Models\\User'),(3,55,'App\\Models\\User'),(3,58,'App\\Models\\User'),(3,380,'App\\Models\\User'),(8,143,'App\\Models\\User'),(8,148,'App\\Models\\User'),(8,153,'App\\Models\\User'),(8,154,'App\\Models\\User'),(8,155,'App\\Models\\User'),(8,156,'App\\Models\\User'),(8,157,'App\\Models\\User'),(8,158,'App\\Models\\User'),(8,159,'App\\Models\\User'),(8,160,'App\\Models\\User'),(8,161,'App\\Models\\User'),(8,162,'App\\Models\\User'),(8,163,'App\\Models\\User'),(8,164,'App\\Models\\User'),(8,165,'App\\Models\\User'),(8,166,'App\\Models\\User'),(8,167,'App\\Models\\User'),(8,169,'App\\Models\\User'),(8,170,'App\\Models\\User'),(8,171,'App\\Models\\User'),(8,172,'App\\Models\\User'),(8,173,'App\\Models\\User'),(8,174,'App\\Models\\User'),(8,176,'App\\Models\\User'),(8,177,'App\\Models\\User'),(8,178,'App\\Models\\User'),(8,179,'App\\Models\\User'),(8,180,'App\\Models\\User'),(8,182,'App\\Models\\User'),(8,183,'App\\Models\\User'),(8,184,'App\\Models\\User'),(8,185,'App\\Models\\User'),(8,187,'App\\Models\\User'),(8,189,'App\\Models\\User'),(8,190,'App\\Models\\User'),(8,191,'App\\Models\\User'),(8,192,'App\\Models\\User'),(8,193,'App\\Models\\User'),(8,196,'App\\Models\\User'),(8,197,'App\\Models\\User'),(8,198,'App\\Models\\User'),(8,199,'App\\Models\\User'),(8,200,'App\\Models\\User'),(8,201,'App\\Models\\User'),(8,202,'App\\Models\\User'),(8,203,'App\\Models\\User'),(8,204,'App\\Models\\User'),(8,205,'App\\Models\\User'),(8,206,'App\\Models\\User'),(8,208,'App\\Models\\User'),(8,209,'App\\Models\\User'),(8,210,'App\\Models\\User'),(8,211,'App\\Models\\User'),(8,212,'App\\Models\\User'),(8,213,'App\\Models\\User'),(8,214,'App\\Models\\User'),(8,215,'App\\Models\\User'),(8,216,'App\\Models\\User'),(8,217,'App\\Models\\User'),(8,219,'App\\Models\\User'),(8,220,'App\\Models\\User'),(8,221,'App\\Models\\User'),(8,222,'App\\Models\\User'),(8,223,'App\\Models\\User'),(8,224,'App\\Models\\User'),(8,225,'App\\Models\\User'),(8,226,'App\\Models\\User'),(8,227,'App\\Models\\User'),(8,228,'App\\Models\\User'),(8,229,'App\\Models\\User'),(8,230,'App\\Models\\User'),(8,231,'App\\Models\\User'),(8,232,'App\\Models\\User'),(8,233,'App\\Models\\User'),(8,234,'App\\Models\\User'),(8,235,'App\\Models\\User'),(8,236,'App\\Models\\User'),(8,237,'App\\Models\\User'),(8,238,'App\\Models\\User'),(8,239,'App\\Models\\User'),(8,240,'App\\Models\\User'),(8,241,'App\\Models\\User'),(8,242,'App\\Models\\User'),(8,243,'App\\Models\\User'),(8,244,'App\\Models\\User'),(8,245,'App\\Models\\User'),(8,246,'App\\Models\\User'),(8,247,'App\\Models\\User'),(8,248,'App\\Models\\User'),(8,249,'App\\Models\\User'),(8,250,'App\\Models\\User'),(8,251,'App\\Models\\User'),(8,252,'App\\Models\\User'),(8,253,'App\\Models\\User'),(8,254,'App\\Models\\User'),(8,255,'App\\Models\\User'),(8,256,'App\\Models\\User'),(8,257,'App\\Models\\User'),(8,258,'App\\Models\\User'),(8,259,'App\\Models\\User'),(8,260,'App\\Models\\User'),(8,261,'App\\Models\\User'),(8,262,'App\\Models\\User'),(8,263,'App\\Models\\User'),(8,264,'App\\Models\\User'),(8,265,'App\\Models\\User'),(8,266,'App\\Models\\User'),(8,267,'App\\Models\\User'),(8,268,'App\\Models\\User'),(8,269,'App\\Models\\User'),(8,270,'App\\Models\\User'),(8,271,'App\\Models\\User'),(8,272,'App\\Models\\User'),(8,273,'App\\Models\\User'),(8,274,'App\\Models\\User'),(8,275,'App\\Models\\User'),(8,276,'App\\Models\\User'),(8,277,'App\\Models\\User'),(8,278,'App\\Models\\User'),(8,279,'App\\Models\\User'),(8,280,'App\\Models\\User'),(8,281,'App\\Models\\User'),(8,282,'App\\Models\\User'),(8,283,'App\\Models\\User'),(8,284,'App\\Models\\User'),(8,285,'App\\Models\\User'),(8,286,'App\\Models\\User'),(8,287,'App\\Models\\User'),(8,288,'App\\Models\\User'),(8,289,'App\\Models\\User'),(8,290,'App\\Models\\User'),(8,291,'App\\Models\\User'),(8,292,'App\\Models\\User'),(8,293,'App\\Models\\User'),(8,294,'App\\Models\\User'),(8,295,'App\\Models\\User'),(8,296,'App\\Models\\User'),(8,297,'App\\Models\\User'),(8,298,'App\\Models\\User'),(8,299,'App\\Models\\User'),(8,300,'App\\Models\\User'),(8,301,'App\\Models\\User'),(8,302,'App\\Models\\User'),(8,303,'App\\Models\\User'),(8,304,'App\\Models\\User'),(8,305,'App\\Models\\User'),(8,306,'App\\Models\\User'),(8,307,'App\\Models\\User'),(8,308,'App\\Models\\User'),(8,309,'App\\Models\\User'),(8,310,'App\\Models\\User'),(8,311,'App\\Models\\User'),(8,312,'App\\Models\\User'),(8,313,'App\\Models\\User'),(8,314,'App\\Models\\User'),(8,315,'App\\Models\\User'),(8,316,'App\\Models\\User'),(8,317,'App\\Models\\User'),(8,318,'App\\Models\\User'),(8,319,'App\\Models\\User'),(8,320,'App\\Models\\User'),(8,321,'App\\Models\\User'),(8,322,'App\\Models\\User'),(8,323,'App\\Models\\User'),(8,324,'App\\Models\\User'),(8,325,'App\\Models\\User'),(8,326,'App\\Models\\User'),(8,327,'App\\Models\\User'),(8,328,'App\\Models\\User'),(8,329,'App\\Models\\User'),(8,330,'App\\Models\\User'),(8,331,'App\\Models\\User'),(8,332,'App\\Models\\User'),(8,338,'App\\Models\\User'),(8,352,'App\\Models\\User'),(8,353,'App\\Models\\User'),(8,354,'App\\Models\\User'),(8,356,'App\\Models\\User'),(8,358,'App\\Models\\User'),(8,399,'App\\Models\\User'),(8,401,'App\\Models\\User'),(8,402,'App\\Models\\User'),(8,405,'App\\Models\\User'),(8,412,'App\\Models\\User'),(8,414,'App\\Models\\User'),(8,417,'App\\Models\\User'),(8,418,'App\\Models\\User'),(8,434,'App\\Models\\User'),(8,435,'App\\Models\\User'),(8,439,'App\\Models\\User'),(9,336,'App\\Models\\User'),(9,340,'App\\Models\\User'),(9,377,'App\\Models\\User'),(9,381,'App\\Models\\User'),(9,383,'App\\Models\\User'),(9,384,'App\\Models\\User'),(9,385,'App\\Models\\User'),(9,397,'App\\Models\\User'),(9,403,'App\\Models\\User'),(9,404,'App\\Models\\User'),(9,406,'App\\Models\\User'),(9,408,'App\\Models\\User'),(9,409,'App\\Models\\User'),(9,413,'App\\Models\\User'),(9,433,'App\\Models\\User'),(9,436,'App\\Models\\User'),(9,437,'App\\Models\\User'),(9,438,'App\\Models\\User'),(9,440,'App\\Models\\User'),(10,341,'App\\Models\\User'),(10,342,'App\\Models\\User'),(10,349,'App\\Models\\User'),(10,350,'App\\Models\\User'),(10,368,'App\\Models\\User'),(13,387,'App\\Models\\User'),(13,390,'App\\Models\\User'),(13,391,'App\\Models\\User'),(13,392,'App\\Models\\User'),(13,393,'App\\Models\\User'),(13,394,'App\\Models\\User'),(13,395,'App\\Models\\User'),(13,396,'App\\Models\\User'),(13,416,'App\\Models\\User'),(14,411,'App\\Models\\User'),(15,420,'App\\Models\\User'),(15,424,'App\\Models\\User'),(15,425,'App\\Models\\User'),(15,426,'App\\Models\\User'),(15,428,'App\\Models\\User'),(15,432,'App\\Models\\User');

--
-- Table structure for table `roles`
--

CREATE TABLE `roles` (
  `id` bigint unsigned NOT NULL AUTO_INCREMENT,
  `name` varchar(255) CHARACTER SET utf8mb4 COLLATE utf8mb4_unicode_ci NOT NULL,
  `display_name` varchar(255) CHARACTER SET utf8mb4 COLLATE utf8mb4_unicode_ci DEFAULT NULL,
  `description` varchar(255) CHARACTER SET utf8mb4 COLLATE utf8mb4_unicode_ci DEFAULT NULL,
  `created_at` timestamp NULL DEFAULT NULL,
  `updated_at` timestamp NULL DEFAULT NULL,
  PRIMARY KEY (`id`),
  UNIQUE KEY `roles_name_unique` (`name`)
) ENGINE=InnoDB AUTO_INCREMENT=16 DEFAULT CHARSET=utf8mb4 COLLATE=utf8mb4_unicode_ci;

--
-- Dumping data for table `roles`
--

INSERT INTO `roles` (`id`, `name`, `display_name`, `description`, `created_at`, `updated_at`) VALUES (1,'super_admin','Super Admin','Super Admin','2022-06-21 09:32:18','2022-06-21 09:32:18'),(3,'admin','Admin','Admin','2022-06-21 09:32:18','2022-06-21 09:32:18'),(8,'clients',NULL,NULL,'2023-02-27 18:02:46','2023-02-27 18:02:46'),(9,'Tager',NULL,NULL,'2024-02-18 13:00:42','2024-02-19 00:01:41'),(10,'cars',NULL,NULL,'2024-02-22 00:38:39','2024-03-03 14:36:20'),(13,'famous',NULL,NULL,'2024-05-12 13:02:28','2024-05-12 13:02:28'),(14,'Markting',NULL,NULL,'2024-06-25 19:24:57','2024-06-25 19:24:57'),(15,'Models',NULL,NULL,'2024-10-03 23:52:13','2024-10-03 23:52:13');

--
-- Table structure for table `shipping_type_translations`
--

CREATE TABLE `shipping_type_translations` (
  `id` int unsigned NOT NULL AUTO_INCREMENT,
  `shipping_type_id` int unsigned NOT NULL,
  `title` varchar(255) CHARACTER SET utf8mb4 COLLATE utf8mb4_unicode_ci DEFAULT NULL,
  `locale` varchar(255) CHARACTER SET utf8mb4 COLLATE utf8mb4_unicode_ci NOT NULL,
  `created_at` timestamp NULL DEFAULT NULL,
  `updated_at` timestamp NULL DEFAULT NULL,
  PRIMARY KEY (`id`),
  UNIQUE KEY `shipping_type_translations_shipping_type_id_locale_unique` (`shipping_type_id`,`locale`),
  CONSTRAINT `shipping_type_translations_shipping_type_id_foreign` FOREIGN KEY (`shipping_type_id`) REFERENCES `shipping_types` (`id`) ON DELETE CASCADE
) ENGINE=InnoDB DEFAULT CHARSET=utf8mb4 COLLATE=utf8mb4_unicode_ci;

--
-- Dumping data for table `shipping_type_translations`
--


--
-- Table structure for table `shipping_types`
--

CREATE TABLE `shipping_types` (
  `id` int unsigned NOT NULL AUTO_INCREMENT,
  `image` varchar(255) CHARACTER SET utf8mb4 COLLATE utf8mb4_unicode_ci DEFAULT NULL,
  `type` int NOT NULL DEFAULT '0',
  `status` int NOT NULL DEFAULT '0',
  `created_at` timestamp NULL DEFAULT NULL,
  `updated_at` timestamp NULL DEFAULT NULL,
  PRIMARY KEY (`id`)
) ENGINE=InnoDB DEFAULT CHARSET=utf8mb4 COLLATE=utf8mb4_unicode_ci;

--
-- Dumping data for table `shipping_types`
--


--
-- Table structure for table `short_terms`
--

CREATE TABLE `short_terms` (
  `id` int unsigned NOT NULL AUTO_INCREMENT,
  `Ticket` varchar(255) CHARACTER SET utf8mb4 COLLATE utf8mb4_unicode_ci NOT NULL,
  `AccountNo` varchar(255) CHARACTER SET utf8mb4 COLLATE utf8mb4_unicode_ci NOT NULL,
  `Action` varchar(255) CHARACTER SET utf8mb4 COLLATE utf8mb4_unicode_ci NOT NULL,
  `FirstSymbol` varchar(255) CHARACTER SET utf8mb4 COLLATE utf8mb4_unicode_ci NOT NULL,
  `PriceCurrent` varchar(255) CHARACTER SET utf8mb4 COLLATE utf8mb4_unicode_ci NOT NULL,
  `PriceOpen` varchar(255) CHARACTER SET utf8mb4 COLLATE utf8mb4_unicode_ci NOT NULL,
  `PriceSL` varchar(255) CHARACTER SET utf8mb4 COLLATE utf8mb4_unicode_ci NOT NULL,
  `PriceTP` varchar(255) CHARACTER SET utf8mb4 COLLATE utf8mb4_unicode_ci NOT NULL,
  `Profit` varchar(255) CHARACTER SET utf8mb4 COLLATE utf8mb4_unicode_ci NOT NULL,
  `SecondSymbol` varchar(255) CHARACTER SET utf8mb4 COLLATE utf8mb4_unicode_ci NOT NULL,
  `Symbol` varchar(255) CHARACTER SET utf8mb4 COLLATE utf8mb4_unicode_ci DEFAULT NULL,
  `Time` varchar(255) CHARACTER SET utf8mb4 COLLATE utf8mb4_unicode_ci NOT NULL,
  `Volume` varchar(255) CHARACTER SET utf8mb4 COLLATE utf8mb4_unicode_ci NOT NULL,
  `created_at` timestamp NULL DEFAULT NULL,
  `updated_at` timestamp NULL DEFAULT NULL,
  PRIMARY KEY (`id`)
) ENGINE=InnoDB DEFAULT CHARSET=utf8mb4 COLLATE=utf8mb4_unicode_ci;

--
-- Dumping data for table `short_terms`
--


--
-- Table structure for table `slider_translations`
--

CREATE TABLE `slider_translations` (
  `id` int unsigned NOT NULL AUTO_INCREMENT,
  `slider_id` int unsigned NOT NULL,
  `name` varchar(255) CHARACTER SET utf8mb4 COLLATE utf8mb4_unicode_ci DEFAULT NULL,
  `content` varchar(255) CHARACTER SET utf8mb4 COLLATE utf8mb4_unicode_ci DEFAULT NULL,
  `locale` varchar(255) CHARACTER SET utf8mb4 COLLATE utf8mb4_unicode_ci NOT NULL,
  `created_at` timestamp NULL DEFAULT NULL,
  `updated_at` timestamp NULL DEFAULT NULL,
  PRIMARY KEY (`id`),
  UNIQUE KEY `slider_translations_slider_id_locale_unique` (`slider_id`,`locale`),
  KEY `slider_translations_locale_index` (`locale`),
  CONSTRAINT `slider_translations_slider_id_foreign` FOREIGN KEY (`slider_id`) REFERENCES `sliders` (`id`) ON DELETE CASCADE
) ENGINE=InnoDB DEFAULT CHARSET=utf8mb4 COLLATE=utf8mb4_unicode_ci;

--
-- Dumping data for table `slider_translations`
--


--
-- Table structure for table `sliders`
--

CREATE TABLE `sliders` (
  `id` int unsigned NOT NULL AUTO_INCREMENT,
  `image` varchar(255) CHARACTER SET utf8mb4 COLLATE utf8mb4_unicode_ci NOT NULL,
  `type` enum('none','category','product','items','brand','collection') CHARACTER SET utf8mb4 COLLATE utf8mb4_unicode_ci NOT NULL DEFAULT 'none',
  `id_number` int DEFAULT NULL,
  `status` varchar(255) CHARACTER SET utf8mb4 COLLATE utf8mb4_unicode_ci NOT NULL DEFAULT '1',
  `created_at` timestamp NULL DEFAULT NULL,
  `updated_at` timestamp NULL DEFAULT NULL,
  `banner` int DEFAULT '0',
  PRIMARY KEY (`id`)
) ENGINE=InnoDB AUTO_INCREMENT=73 DEFAULT CHARSET=utf8mb4 COLLATE=utf8mb4_unicode_ci;

--
-- Dumping data for table `sliders`
--

INSERT INTO `sliders` (`id`, `image`, `type`, `id_number`, `status`, `created_at`, `updated_at`, `banner`) VALUES (61,'347773-Main_Banner_f4a6cd55_0193_44d4_9596_57f9f48b348c.webp','none',NULL,'1','2024-05-18 13:32:50','2024-05-28 21:41:33',1),(62,'579539-Main_Banner_ae862372_2671_415e_b8a9_b7625cb3b9a5.webp','none',NULL,'1','2024-05-18 13:33:06','2024-05-18 13:33:06',0),(63,'227605-Main_Banner_543ef2bb_205f_4fd5_b5fd_dc9c311739b3.webp','none',NULL,'1','2024-05-18 13:33:35','2024-05-28 21:41:06',0),(64,'50336-Main_Banner_da3ee9bf_973c_4546_94d4_a3729922c1d9.webp','none',NULL,'1','2024-05-18 13:33:57','2024-05-28 21:40:47',0),(65,'852612-New___Banner_2_eaa083ab_f90e_41c3_929c_91dd1a365907.webp','none',NULL,'1','2024-05-18 13:35:58','2024-05-28 21:41:20',1),(66,'839682-New___Big_Ad_3_13ea745f_9cca_4308_a76d_781f47e2593b.webp','none',NULL,'1','2024-05-18 13:36:13','2024-05-18 13:36:13',0),(67,'759879-New___Big_Ad_6_fdcfaf47_e491_4807_b140_355d8222969f.webp','none',NULL,'1','2024-05-18 13:36:34','2024-05-18 13:36:34',1),(68,'195336-New___Big_Ad_5_60ec642d_40c2_49a4_8865_1f4e6affa1fc.webp','none',NULL,'1','2024-05-18 13:36:51','2024-05-28 21:46:17',2),(70,'942559-New___Big_Ad_5_60ec642d_40c2_49a4_8865_1f4e6affa1fc.webp','none',NULL,'1','2024-05-18 13:37:41','2024-05-18 13:37:41',0),(71,'146314-DERMA_Big_Ad_e42746ef_2e80_4dad_ab9d_746ac3f70635.webp','none',NULL,'1','2024-05-18 13:37:51','2024-05-28 21:44:53',3),(72,'748532-Main_Banner_ed3e7762_28e1_4282_89ae_be7ab1aec229.webp','category',14,'1','2024-06-29 21:49:41','2024-06-29 21:49:41',0);

--
-- Table structure for table `special_orders`
--

CREATE TABLE `special_orders` (
  `id` int unsigned NOT NULL AUTO_INCREMENT,
  `order_number` varchar(111) COLLATE utf8mb4_unicode_ci DEFAULT NULL,
  `user_id` int unsigned NOT NULL,
  `tager_id` int DEFAULT NULL,
  `product_id` int unsigned DEFAULT NULL,
  `address_id` int unsigned DEFAULT NULL,
  `note` text COLLATE utf8mb4_unicode_ci,
  `created_at` timestamp NULL DEFAULT NULL,
  `updated_at` timestamp NULL DEFAULT NULL,
  `tager_replay` varchar(191) COLLATE utf8mb4_unicode_ci DEFAULT NULL,
  `time` varchar(191) COLLATE utf8mb4_unicode_ci DEFAULT NULL,
  `price` varchar(191) COLLATE utf8mb4_unicode_ci DEFAULT NULL,
  `add_note_tager` text COLLATE utf8mb4_unicode_ci,
  `status` varchar(191) CHARACTER SET utf8mb4 COLLATE utf8mb4_unicode_ci DEFAULT 'pending',
  `payment_method` varchar(11) COLLATE utf8mb4_unicode_ci DEFAULT NULL,
  `payment_status` varchar(191) COLLATE utf8mb4_unicode_ci DEFAULT NULL,
  PRIMARY KEY (`id`),
  KEY `special_orders_user_id_foreign` (`user_id`),
  KEY `special_orders_order_id_foreign` (`product_id`)
) ENGINE=InnoDB AUTO_INCREMENT=39 DEFAULT CHARSET=utf8mb4 COLLATE=utf8mb4_unicode_ci;

--
-- Dumping data for table `special_orders`
--

INSERT INTO `special_orders` (`id`, `order_number`, `user_id`, `tager_id`, `product_id`, `address_id`, `note`, `created_at`, `updated_at`, `tager_replay`, `time`, `price`, `add_note_tager`, `status`, `payment_method`, `payment_status`) VALUES (5,'72482',377,377,11,NULL,'wada','2024-06-21 20:03:29','2024-06-22 22:32:40','٨٨٨٨٨٨٨','10 ايام','10','٨٨٨٨٨٨٨','complete','kent','paid'),(7,'72003',377,377,11,NULL,'wada','2024-06-22 22:27:33','2024-10-31 18:30:04','rrrrr','10','20','rrrrr','confirm',NULL,NULL),(8,'56765',377,377,11,NULL,'تعديل المقاس','2024-06-22 22:28:08','2024-06-22 22:28:08',NULL,NULL,NULL,NULL,'pending',NULL,NULL),(9,'55271',377,377,11,NULL,'تعديل المقاس','2024-06-22 22:28:16','2024-06-22 22:28:16',NULL,NULL,NULL,NULL,'pending',NULL,NULL),(10,'56373',377,377,11,NULL,'wada','2024-06-24 13:42:43','2024-06-24 13:42:43',NULL,NULL,NULL,NULL,'pending',NULL,NULL),(11,'85609',410,377,11,NULL,'erwterwtwretrwe','2024-06-24 13:52:00','2024-06-24 13:52:00',NULL,NULL,NULL,NULL,'pending',NULL,NULL),(13,'24560',410,377,11,NULL,'qwerewreqwrq','2024-06-24 13:53:55','2024-06-24 13:53:55',NULL,NULL,NULL,NULL,'pending',NULL,NULL),(19,'15014',410,377,11,NULL,'4564564532','2024-06-24 13:55:24','2024-06-24 13:55:24',NULL,NULL,NULL,NULL,'pending',NULL,NULL),(20,'99816',410,377,11,NULL,'4564564532','2024-06-24 13:56:05','2024-06-24 13:56:05',NULL,NULL,NULL,NULL,'pending',NULL,NULL),(21,'67449',410,377,11,NULL,'4564564532','2024-06-24 13:56:23','2024-06-24 13:56:23',NULL,NULL,NULL,NULL,'pending',NULL,NULL),(25,'54207',377,403,19,NULL,'wada','2024-06-24 13:58:56','2024-08-03 18:26:28','جازي تجهيز العدسة في المعمل','مدة التنفيذ ٣٠ يوم','22.500','جازي تجهيز العدسة في المعمل','cancel',NULL,NULL),(28,'41457',377,404,21,NULL,'wada','2024-06-24 23:16:29','2024-06-24 23:16:29',NULL,NULL,NULL,NULL,'pending',NULL,NULL),(29,'19399',410,403,19,NULL,'asd add','2024-06-26 09:57:24','2024-08-03 18:27:40','ttttttt','10','40','ttttttt','confirm',NULL,NULL),(30,'58878',410,403,18,NULL,'محتاج تعدل مقاس','2024-06-26 10:13:18','2024-08-03 18:29:32',NULL,NULL,NULL,NULL,'cancel',NULL,NULL),(31,'80630',412,403,17,NULL,'محتاج عمل فريم خاص','2024-06-26 10:40:52','2024-06-29 11:48:20',NULL,'435','2342',NULL,'complete','kent','paid'),(32,'39007',412,403,19,NULL,'تغيير عدسات','2024-06-26 10:46:33','2024-06-29 11:46:02',NULL,'435','2342',NULL,'confirm','kent','paid'),(33,'69735',412,403,18,NULL,'محتاج لون بني','2024-06-26 10:47:08','2024-10-21 18:01:57',NULL,'10','15',NULL,'confirm','kent','paid'),(34,'93506',412,403,19,NULL,'طلب لصديق احمد','2024-06-26 11:40:09','2024-06-29 11:45:30','23452','3454235','2352','23452','cancel','kent','paid'),(35,'95893',414,377,11,NULL,'طلب خالص جديد','2024-07-01 20:35:29','2024-07-01 20:35:29',NULL,NULL,NULL,NULL,'pending',NULL,NULL),(36,'79592',412,377,15,NULL,'مقاس xxx','2024-08-03 18:09:50','2024-08-03 18:09:50',NULL,NULL,NULL,NULL,'pending',NULL,NULL),(37,'66517',412,377,37,NULL,'يبسلسيبلسبيل','2024-11-19 12:55:46','2024-11-19 12:55:46',NULL,NULL,NULL,NULL,'pending',NULL,NULL),(38,'15285',412,403,19,NULL,'قفثقفثض','2024-12-04 13:40:24','2024-12-04 13:40:24',NULL,NULL,NULL,NULL,'pending',NULL,NULL);

--
-- Table structure for table `subcribe_celebrates`
--

CREATE TABLE `subcribe_celebrates` (
  `id` int unsigned NOT NULL AUTO_INCREMENT,
  `user_id` int unsigned DEFAULT NULL,
  `price` varchar(255) CHARACTER SET utf8mb4 COLLATE utf8mb4_unicode_ci DEFAULT NULL,
  `date` date DEFAULT NULL,
  `celebrate_type` varchar(255) CHARACTER SET utf8mb4 COLLATE utf8mb4_unicode_ci DEFAULT NULL,
  `created_at` timestamp NULL DEFAULT NULL,
  `updated_at` timestamp NULL DEFAULT NULL,
  `time` time DEFAULT NULL,
  `owner_id` int DEFAULT NULL,
  `status` varchar(191) CHARACTER SET utf8mb4 COLLATE utf8mb4_unicode_ci DEFAULT NULL,
  PRIMARY KEY (`id`),
  KEY `user_id` (`user_id`),
  CONSTRAINT `subcribe_celebrates_ibfk_1` FOREIGN KEY (`user_id`) REFERENCES `users` (`id`) ON DELETE CASCADE ON UPDATE CASCADE
) ENGINE=InnoDB AUTO_INCREMENT=15 DEFAULT CHARSET=utf8mb4 COLLATE=utf8mb4_unicode_ci;

--
-- Dumping data for table `subcribe_celebrates`
--


--
-- Table structure for table `subscribe_habanas`
--

CREATE TABLE `subscribe_habanas` (
  `id` int unsigned NOT NULL AUTO_INCREMENT,
  `user_id` int unsigned DEFAULT NULL,
  `nurserie_subscribe_id` int unsigned DEFAULT NULL,
  `name` varchar(255) CHARACTER SET utf8mb4 COLLATE utf8mb4_unicode_ci DEFAULT NULL,
  `image` varchar(255) CHARACTER SET utf8mb4 COLLATE utf8mb4_unicode_ci DEFAULT NULL,
  `payment_type` varchar(255) CHARACTER SET utf8mb4 COLLATE utf8mb4_unicode_ci DEFAULT NULL,
  `start_from` date NOT NULL,
  `end_to` date NOT NULL,
  `age` varchar(255) CHARACTER SET utf8mb4 COLLATE utf8mb4_unicode_ci NOT NULL,
  `created_at` timestamp NULL DEFAULT NULL,
  `updated_at` timestamp NULL DEFAULT NULL,
  `status` varchar(191) CHARACTER SET utf8mb4 COLLATE utf8mb4_unicode_ci DEFAULT NULL,
  `from` varchar(191) CHARACTER SET utf8mb4 COLLATE utf8mb4_unicode_ci DEFAULT NULL,
  `to` varchar(191) CHARACTER SET utf8mb4 COLLATE utf8mb4_unicode_ci DEFAULT NULL,
  PRIMARY KEY (`id`),
  KEY `subscribe_habanas_user_id_foreign` (`user_id`),
  KEY `subscribe_habanas_nurserie_subscribe_id_foreign` (`nurserie_subscribe_id`),
  CONSTRAINT `subscribe_habanas_nurserie_subscribe_id_foreign` FOREIGN KEY (`nurserie_subscribe_id`) REFERENCES `nurserie_subscribes` (`id`) ON DELETE CASCADE,
  CONSTRAINT `subscribe_habanas_user_id_foreign` FOREIGN KEY (`user_id`) REFERENCES `users` (`id`) ON DELETE CASCADE
) ENGINE=InnoDB AUTO_INCREMENT=8 DEFAULT CHARSET=utf8mb4 COLLATE=utf8mb4_unicode_ci;

--
-- Dumping data for table `subscribe_habanas`
--


--
-- Table structure for table `tagers`
--

CREATE TABLE `tagers` (
  `id` int unsigned NOT NULL AUTO_INCREMENT,
  `user_id` int unsigned NOT NULL,
  `instagram_link` varchar(255) CHARACTER SET utf8mb4 COLLATE utf8mb4_unicode_ci DEFAULT NULL,
  `banners` text CHARACTER SET utf8mb4 COLLATE utf8mb4_unicode_ci,
  `created_at` timestamp NULL DEFAULT NULL,
  `updated_at` timestamp NULL DEFAULT NULL,
  PRIMARY KEY (`id`),
  KEY `tagers_user_id_foreign` (`user_id`)
) ENGINE=InnoDB AUTO_INCREMENT=29 DEFAULT CHARSET=utf8mb4 COLLATE=utf8mb4_unicode_ci;

--
-- Dumping data for table `tagers`
--

INSERT INTO `tagers` (`id`, `user_id`, `instagram_link`, `banners`, `created_at`, `updated_at`) VALUES (2,47,'https://forsa.topapp-kw.com/ar/admin/panel/tagers/create','[\"2022-06-26-e5e46aed80d0ea36e1ce0e66694b02f81648659101471.png\"]','2022-06-25 08:39:01','2022-06-26 08:48:14'),(3,51,'https://forsa.topapp-kw.com/ar/admin/panel/tagers/create','[\"2022-06-26-unnamed.png\"]','2022-06-25 08:43:38','2022-06-26 08:52:05'),(4,52,'https://forsa.topapp-kw.com/ar/admin/panel/tagers/create','[\"2022-06-25-unnamed-1.png\"]','2022-06-25 08:49:26','2022-06-25 08:49:26'),(5,53,'https://forsa.topapp-kw.com/ar/admin/panel/tagers/create','[\"2022-06-25-b350d943a372f3f36a876b10b3f40038_icon.png\"]','2022-06-25 08:53:19','2022-06-25 08:53:19'),(6,340,'https://bobo.topapp-kw.com/ar/cpanel/admin/tagers/create','[\"2024-03-03-Screen Shot 2024-03-02 at 10.24.54 PM.png\"]','2024-02-19 00:02:36','2024-03-03 14:07:08'),(10,377,NULL,'[\"2024-05-22-347773-Main_Banner_f4a6cd55_0193_44d4_9596_57f9f48b348c.webp\"]','2024-05-12 11:58:12','2024-05-22 12:48:40'),(11,384,NULL,'','2024-05-12 15:38:31','2024-05-12 15:38:31'),(12,385,NULL,NULL,'2024-05-12 17:15:47','2024-05-12 17:15:47'),(14,397,NULL,'[\"2024-05-22-clothing-shop-logo.png\"]','2024-05-22 13:07:16','2024-05-22 13:07:16'),(17,403,NULL,'[\"2024-05-28-download.jpg\"]','2024-05-28 20:57:18','2024-05-28 20:57:18'),(18,404,NULL,'[\"2024-05-28-WomenCategory.jpg\"]','2024-05-28 21:08:48','2024-05-28 21:08:48'),(19,406,NULL,'[\"2024-11-21-jSoWYvU75qu5MiNWf2IJkgcdzcAXWeGNWl2eO52y.webp\"]','2024-05-30 17:56:03','2024-11-21 10:40:58'),(21,408,NULL,NULL,'2024-06-12 21:42:32','2024-06-12 21:42:32'),(22,409,NULL,'[\"2024-11-21-sadfgds.jpg\"]','2024-06-19 17:15:03','2024-11-21 10:42:26'),(23,413,NULL,'[\"2024-11-21-sdf.webp\"]','2024-06-29 20:52:52','2024-11-21 10:42:47'),(24,433,NULL,NULL,'2024-10-27 17:54:02','2024-10-27 17:54:02'),(25,436,NULL,'[\"2024-11-21-217605274_nocolor_in.webp\"]','2024-11-06 07:33:04','2024-11-21 10:41:12'),(26,437,NULL,'[\"2024-11-21-sdf.webp\"]','2024-11-20 13:55:53','2024-11-21 10:41:30'),(27,438,NULL,NULL,'2024-11-26 18:34:50','2024-11-26 18:34:50'),(28,440,NULL,NULL,'2024-12-05 05:44:33','2024-12-05 05:44:33');

--
-- Table structure for table `topic_subscripts`
--

CREATE TABLE `topic_subscripts` (
  `id` int unsigned NOT NULL AUTO_INCREMENT,
  `topics_id` int unsigned DEFAULT NULL,
  `status` varchar(255) CHARACTER SET utf8mb4 COLLATE utf8mb4_unicode_ci NOT NULL,
  `symobleName` varchar(255) CHARACTER SET utf8mb4 COLLATE utf8mb4_unicode_ci NOT NULL,
  `created_at` timestamp NULL DEFAULT NULL,
  `updated_at` timestamp NULL DEFAULT NULL,
  PRIMARY KEY (`id`),
  KEY `topic_subscripts_topics_id_foreign` (`topics_id`),
  CONSTRAINT `topic_subscripts_topics_id_foreign` FOREIGN KEY (`topics_id`) REFERENCES `topics` (`id`) ON DELETE CASCADE
) ENGINE=InnoDB DEFAULT CHARSET=utf8mb4 COLLATE=utf8mb4_unicode_ci;

--
-- Dumping data for table `topic_subscripts`
--


--
-- Table structure for table `topics`
--

CREATE TABLE `topics` (
  `id` int unsigned NOT NULL AUTO_INCREMENT,
  `token` text CHARACTER SET utf8mb4 COLLATE utf8mb4_unicode_ci,
  `created_at` timestamp NULL DEFAULT NULL,
  `updated_at` timestamp NULL DEFAULT NULL,
  PRIMARY KEY (`id`)
) ENGINE=InnoDB DEFAULT CHARSET=utf8mb4 COLLATE=utf8mb4_unicode_ci;

--
-- Dumping data for table `topics`
--


--
-- Table structure for table `user_addresses`
--

CREATE TABLE `user_addresses` (
  `id` int unsigned NOT NULL AUTO_INCREMENT,
  `user_id` int unsigned DEFAULT NULL,
  `governments_id` int unsigned DEFAULT NULL,
  `region_id` int unsigned DEFAULT NULL,
  `block` varchar(255) CHARACTER SET utf8mb4 COLLATE utf8mb4_unicode_ci NOT NULL,
  `Street_number` varchar(255) CHARACTER SET utf8mb4 COLLATE utf8mb4_unicode_ci NOT NULL,
  `gada` varchar(191) CHARACTER SET utf8mb4 COLLATE utf8mb4_unicode_ci DEFAULT NULL,
  `Apartment_number` varchar(255) CHARACTER SET utf8mb4 COLLATE utf8mb4_unicode_ci NOT NULL,
  `floor_number` varchar(255) CHARACTER SET utf8mb4 COLLATE utf8mb4_unicode_ci NOT NULL,
  `house_number` varchar(255) CHARACTER SET utf8mb4 COLLATE utf8mb4_unicode_ci NOT NULL,
  `type` varchar(255) CHARACTER SET utf8mb4 COLLATE utf8mb4_unicode_ci NOT NULL,
  `user_name` varchar(255) CHARACTER SET utf8mb4 COLLATE utf8mb4_unicode_ci DEFAULT NULL,
  `phone` varchar(255) CHARACTER SET utf8mb4 COLLATE utf8mb4_unicode_ci DEFAULT NULL,
  `email` varchar(255) CHARACTER SET utf8mb4 COLLATE utf8mb4_unicode_ci DEFAULT NULL,
  `created_at` timestamp NULL DEFAULT NULL,
  `updated_at` timestamp NULL DEFAULT NULL,
  `checked` varchar(11) CHARACTER SET utf8mb4 COLLATE utf8mb4_unicode_ci DEFAULT NULL,
  `lat` varchar(191) CHARACTER SET utf8mb4 COLLATE utf8mb4_unicode_ci DEFAULT NULL,
  `long` varchar(191) CHARACTER SET utf8mb4 COLLATE utf8mb4_unicode_ci DEFAULT NULL,
  `country_id` int DEFAULT NULL,
  `secondphone` varchar(191) CHARACTER SET utf8mb4 COLLATE utf8mb4_unicode_ci DEFAULT NULL,
  `governments` varchar(191) CHARACTER SET utf8mb4 COLLATE utf8mb4_unicode_ci DEFAULT NULL,
  `regions` varchar(191) CHARACTER SET utf8mb4 COLLATE utf8mb4_unicode_ci DEFAULT NULL,
  `note` text CHARACTER SET utf8mb4 COLLATE utf8mb4_unicode_ci,
  `civil_id` varchar(191) CHARACTER SET utf8mb4 COLLATE utf8mb4_unicode_ci DEFAULT NULL,
  `mac_address` varchar(191) CHARACTER SET utf8mb4 COLLATE utf8mb4_unicode_ci DEFAULT NULL,
  `key` varchar(191) CHARACTER SET utf8mb4 COLLATE utf8mb4_unicode_ci DEFAULT NULL,
  `user_name_recived` varchar(191) CHARACTER SET utf8mb4 COLLATE utf8mb4_unicode_ci DEFAULT NULL,
  `phone_recived` varchar(191) CHARACTER SET utf8mb4 COLLATE utf8mb4_unicode_ci DEFAULT NULL,
  `place_name` varchar(11) CHARACTER SET utf8mb4 COLLATE utf8mb4_unicode_ci DEFAULT NULL,
  `wing_number` varchar(191) CHARACTER SET utf8mb4 COLLATE utf8mb4_unicode_ci DEFAULT NULL,
  PRIMARY KEY (`id`),
  KEY `user_addresses_user_id_foreign` (`user_id`),
  KEY `user_addresses_governments_id_foreign` (`governments_id`),
  KEY `user_addresses_region_id_foreign` (`region_id`)
) ENGINE=InnoDB AUTO_INCREMENT=62 DEFAULT CHARSET=utf8mb4 COLLATE=utf8mb4_unicode_ci;

--
-- Dumping data for table `user_addresses`
--

INSERT INTO `user_addresses` (`id`, `user_id`, `governments_id`, `region_id`, `block`, `Street_number`, `gada`, `Apartment_number`, `floor_number`, `house_number`, `type`, `user_name`, `phone`, `email`, `created_at`, `updated_at`, `checked`, `lat`, `long`, `country_id`, `secondphone`, `governments`, `regions`, `note`, `civil_id`, `mac_address`, `key`, `user_name_recived`, `phone_recived`, `place_name`, `wing_number`) VALUES (2,NULL,1,1,'2','5','1','1','4','4','1','samer','55022830',NULL,'2024-02-18 23:16:24','2024-04-24 12:06:59','true',NULL,NULL,1,NULL,NULL,NULL,'asdasdas',NULL,'987625325d',NULL,NULL,NULL,NULL,NULL),(19,NULL,NULL,0,'333','33','33','3','3','','1','انور شحاتة','2345432',NULL,'2024-04-25 17:13:01','2024-04-25 17:13:01',NULL,NULL,NULL,NULL,NULL,NULL,NULL,'3',NULL,'123',NULL,'annnnnn','5346534',NULL,NULL),(20,NULL,NULL,0,'45','54','666','5','45','','1','rtwy','4536534',NULL,'2024-04-25 17:21:35','2024-04-25 17:21:35',NULL,NULL,NULL,NULL,NULL,NULL,NULL,'45',NULL,'123',NULL,'erghfd','3456534',NULL,NULL),(22,NULL,8,19,'2','2','4','4','4','4','1','anwer','67782374',NULL,'2024-04-28 13:23:40','2024-05-22 16:48:48','false',NULL,NULL,NULL,NULL,NULL,NULL,'4',NULL,'123456',NULL,'ali','67782377',NULL,NULL),(23,NULL,1,1,'2','5','1','1','4','4','1','samer','55022830',NULL,'2024-05-05 14:19:28','2024-05-05 14:19:28','true',NULL,NULL,1,NULL,NULL,NULL,'asdasdas',NULL,'987625325d',NULL,NULL,NULL,NULL,NULL),(26,NULL,8,19,'2','5','1','1','4','4','1','samer','55022830',NULL,'2024-05-12 16:19:01','2024-05-12 16:19:01',NULL,NULL,NULL,NULL,NULL,NULL,NULL,'asdasdas',NULL,'98762asds5325d',NULL,'asd','1231231','hospital','3'),(27,NULL,8,22,'hgggvgh','gggjjbbb','hvvb','ggh','bbb','bvv','1','تجريب','clients',NULL,'2024-05-22 16:48:41','2024-05-22 16:48:48','true',NULL,NULL,NULL,NULL,NULL,NULL,'bvv',NULL,'123456',NULL,NULL,NULL,NULL,NULL),(28,NULL,8,22,'7','cvg','hbb','bb','bb','bb','1','addcc','clients',NULL,'2024-05-22 17:25:26','2024-05-22 17:25:32','true',NULL,NULL,NULL,NULL,NULL,NULL,'bb',NULL,'FAFF7ACA-B60A-460F-BBBD-60CB10A4C445',NULL,NULL,NULL,NULL,NULL),(29,NULL,8,22,'dfc','jvv','gv','vv','vv','bv','1','انور','clients',NULL,'2024-05-23 13:18:14','2024-05-23 13:18:19','true',NULL,NULL,NULL,NULL,NULL,NULL,'bvv',NULL,'51B3AFD2-74DC-48B6-AB39-CB2B2A4B750A',NULL,NULL,NULL,NULL,NULL),(30,NULL,8,22,'3','3','3','3','3','3','1','anwer','clients',NULL,'2024-05-27 11:32:13','2024-05-27 11:32:24','true',NULL,NULL,NULL,NULL,NULL,NULL,NULL,NULL,'fcea207888f28270',NULL,NULL,NULL,NULL,NULL),(31,NULL,8,22,'4','44','88','66','55','65','1','anwer','clients',NULL,'2024-05-27 16:43:07','2024-05-29 10:54:52','true',NULL,NULL,NULL,NULL,NULL,NULL,'755',NULL,'32d4d2defc2b5b84',NULL,NULL,NULL,NULL,NULL),(32,NULL,8,22,'345','1234','234','434','342','324','1','dfsgfsdg','clients',NULL,'2024-05-28 21:38:05','2024-05-28 21:38:11','true',NULL,NULL,NULL,NULL,NULL,NULL,'y363564',NULL,'c275f202c37e1876',NULL,NULL,NULL,NULL,NULL),(33,NULL,8,22,'333','3','4','7','5','7','1','fffgg','clients',NULL,'2024-05-29 16:56:03','2024-05-29 16:56:09','true',NULL,NULL,NULL,NULL,NULL,NULL,'8',NULL,'ce95a0d144580363',NULL,NULL,NULL,NULL,NULL),(34,NULL,8,22,'fjjxjcjjxjxjd','fndncnnx','dbdbdbnd','xnxbxb','fndncnnxnx','xnxncnnx','1','chcjchchcjcxjcncj','clients',NULL,'2024-05-30 14:52:32','2024-05-30 14:54:32','false',NULL,NULL,NULL,NULL,NULL,NULL,'xnxncncncncn',NULL,'3a3750ae2aab2861',NULL,NULL,NULL,NULL,NULL),(35,NULL,8,22,'fjjxjcjjxjxjd','fndncnnx','dbdbdbnd','xnxbxb','fndncnnxnx','xnxncnnx','1','chcjchchcjcxjcncj','clients',NULL,'2024-05-30 14:52:32','2024-05-30 14:54:32','true',NULL,NULL,NULL,NULL,NULL,NULL,'xnxncncncncn',NULL,'3a3750ae2aab2861',NULL,NULL,NULL,NULL,NULL),(36,NULL,8,22,'fjjxjcjjxjxjd','fndncnnx','dbdbdbnd','xnxbxb','fndncnnxnx','xnxncnnx','1','chcjchchcjcxjcncj','clients',NULL,'2024-05-30 14:52:32','2024-05-30 14:54:32','false',NULL,NULL,NULL,NULL,NULL,NULL,'xnxncncncncn',NULL,'3a3750ae2aab2861',NULL,NULL,NULL,NULL,NULL),(37,NULL,8,22,'fjjxjcjjxjxjd','fndncnnx','dbdbdbnd','xnxbxb','fndncnnxnx','xnxncnnx','1','chcjchchcjcxjcncj','clients',NULL,'2024-05-30 14:52:33','2024-05-30 14:54:32','false',NULL,NULL,NULL,NULL,NULL,NULL,'xnxncncncncn',NULL,'3a3750ae2aab2861',NULL,NULL,NULL,NULL,NULL),(38,NULL,8,22,'fjjxjcjjxjxjd','fndncnnx','dbdbdbnd','xnxbxb','fndncnnxnx','xnxncnnx','1','chcjchchcjcxjcncj','clients',NULL,'2024-05-30 14:52:34','2024-05-30 14:54:32','false',NULL,NULL,NULL,NULL,NULL,NULL,'xnxncncncncn',NULL,'3a3750ae2aab2861',NULL,NULL,NULL,NULL,NULL),(39,NULL,8,22,'fjjxjcjjxjxjd','fndncnnx','dbdbdbnd','xnxbxb','fndncnnxnx','xnxncnnx','1','chcjchchcjcxjcncj','clients',NULL,'2024-05-30 14:52:35','2024-05-30 14:54:32','false',NULL,NULL,NULL,NULL,NULL,NULL,'xnxncncncncn',NULL,'3a3750ae2aab2861',NULL,NULL,NULL,NULL,NULL),(40,NULL,8,22,'fjjxjcjjxjxjd','fndncnnx','dbdbdbnd','xnxbxb','fndncnnxnx','xnxncnnx','1','chcjchchcjcxjcncj','clients',NULL,'2024-05-30 14:52:35','2024-05-30 14:54:32','false',NULL,NULL,NULL,NULL,NULL,NULL,'xnxncncncncn',NULL,'3a3750ae2aab2861',NULL,NULL,NULL,NULL,NULL),(41,NULL,8,22,'fjjxjcjjxjxjd','fndncnnx','dbdbdbnd','xnxbxb','fndncnnxnx','xnxncnnx','1','chcjchchcjcxjcncj','clients',NULL,'2024-05-30 14:52:36','2024-05-30 14:54:32','false',NULL,NULL,NULL,NULL,NULL,NULL,'xnxncncncncn',NULL,'3a3750ae2aab2861',NULL,NULL,NULL,NULL,NULL),(42,NULL,8,22,'fjjxjcjjxjxjd','fndncnnx','dbdbdbnd','xnxbxb','fndncnnxnx','xnxncnnx','1','chcjchchcjcxjcncj','clients',NULL,'2024-05-30 14:52:38','2024-05-30 14:54:32','false',NULL,NULL,NULL,NULL,NULL,NULL,'xnxncncncncn',NULL,'3a3750ae2aab2861',NULL,NULL,NULL,NULL,NULL),(43,NULL,8,22,'fjjxjcjjxjxjd','fndncnnx','dbdbdbnd','xnxbxb','fndncnnxnx','xnxncnnx','1','chcjchchcjcxjcncj','clients',NULL,'2024-05-30 14:52:40','2024-05-30 14:54:32','false',NULL,NULL,NULL,NULL,NULL,NULL,'xnxncncncncn',NULL,'3a3750ae2aab2861',NULL,NULL,NULL,NULL,NULL),(44,NULL,8,22,'test','test','test','test','test','tes','1','test','clients',NULL,'2024-05-30 15:29:51','2024-05-30 16:00:39','true',NULL,NULL,NULL,NULL,NULL,NULL,'tsst',NULL,'29ff5afbeb376e18',NULL,NULL,NULL,NULL,NULL),(45,NULL,8,22,'test','test','test','test','test','tes','1','test','clients',NULL,'2024-05-30 15:29:51','2024-05-30 16:00:39','false',NULL,NULL,NULL,NULL,NULL,NULL,'tsst',NULL,'29ff5afbeb376e18',NULL,NULL,NULL,NULL,NULL),(46,NULL,8,22,'test','test','test','test','test','tes','1','test','clients',NULL,'2024-05-30 15:30:35','2024-05-30 16:00:39','false',NULL,NULL,NULL,NULL,NULL,NULL,'tsst',NULL,'29ff5afbeb376e18',NULL,NULL,NULL,NULL,NULL),(47,NULL,8,22,'3','6','7','8','6','78','1','asdfc','clients',NULL,'2024-05-30 18:00:25','2024-05-30 18:00:36','true',NULL,NULL,NULL,NULL,NULL,NULL,NULL,NULL,'325f6ea95b8ad9e8',NULL,NULL,NULL,NULL,NULL),(48,NULL,8,19,'2','5','1','1','4','4','1','samer','55022830',NULL,'2024-06-21 19:32:35','2024-06-21 19:32:35',NULL,NULL,NULL,NULL,NULL,NULL,NULL,'asdasdas',NULL,'98762asds5325d',NULL,'asd','1231231','hospital','3'),(49,NULL,9,61,'2','2','2','2','2','2','1','abbbb','clients',NULL,'2024-07-02 21:20:09','2024-07-02 21:20:18','true',NULL,NULL,NULL,NULL,NULL,NULL,'2',NULL,'5A1EC25E-7A07-4D9E-82A2-08D4E861874A',NULL,NULL,NULL,NULL,NULL),(50,NULL,9,60,'2','3','4','6','5','54','1','anwer','clients',NULL,'2024-07-22 16:21:18','2024-07-22 16:22:44','true',NULL,NULL,NULL,NULL,NULL,NULL,'3',NULL,'3DB315EA-08D8-44F6-9A18-7BE551BF1DBA',NULL,NULL,NULL,NULL,NULL),(51,NULL,10,90,'2','3','3','3','3','3','1','answer','clients',NULL,'2024-07-28 18:47:54','2024-08-03 18:03:09','true',NULL,NULL,NULL,NULL,NULL,NULL,'3',NULL,'6FB9AD8E-EB7F-4E47-B26A-992368CB32E0',NULL,NULL,NULL,NULL,NULL),(52,NULL,9,60,'2','2','2','2','2','2','1','anwer','clients',NULL,'2024-10-31 18:12:55','2024-11-12 21:43:49','true',NULL,NULL,NULL,NULL,NULL,NULL,'2',NULL,'3987700385aaf9bf',NULL,NULL,NULL,NULL,NULL),(53,NULL,9,59,'2','2','2','2','2','2','1','anwer','clients',NULL,'2024-11-12 21:43:23','2024-11-12 21:43:49','false',NULL,NULL,NULL,NULL,NULL,NULL,'2',NULL,'3987700385aaf9bf',NULL,NULL,NULL,NULL,NULL),(54,NULL,9,61,'3','3','3','3','435','3','1','anwer','clients',NULL,'2024-11-19 13:03:58','2024-11-21 10:46:41','false',NULL,NULL,NULL,NULL,NULL,NULL,'3',NULL,'65976EAE-E578-453D-B59E-7489CE60085E',NULL,NULL,NULL,NULL,NULL),(56,NULL,9,60,'3','3','3','3','3','3','1','anrettyr','clients',NULL,'2024-11-19 13:34:00','2024-11-21 10:46:42','true',NULL,NULL,NULL,NULL,NULL,NULL,'3',NULL,'65976EAE-E578-453D-B59E-7489CE60085E',NULL,NULL,NULL,NULL,NULL),(57,NULL,10,90,'ggg','jnn','nb','jj','nj','jh','1','hbbhhjhd','clients',NULL,'2024-11-19 15:11:00','2024-11-19 15:11:07','true',NULL,NULL,NULL,NULL,NULL,NULL,'kn',NULL,'F16BFB30-F2C2-49D2-B974-3957D9D50D58',NULL,NULL,NULL,NULL,NULL),(58,NULL,9,60,'33','3','3','3','3','3','1','بيغيب','clients',NULL,'2024-11-21 10:28:20','2024-11-21 14:18:10','true',NULL,NULL,NULL,NULL,NULL,NULL,'3',NULL,'652FE04B-F026-4AFA-B58E-CA40A3D2E428',NULL,NULL,NULL,NULL,NULL),(59,NULL,9,61,'2','2','2','2','2','2','1','abnmbm','clients',NULL,'2024-12-04 00:19:38','2024-12-04 00:19:38',NULL,NULL,NULL,NULL,NULL,NULL,NULL,'2',NULL,'6DA15776-F1C4-426F-9BD8-8693330867BC',NULL,NULL,NULL,NULL,NULL),(60,NULL,8,19,'2','5','1','1','4','4','1','samer','55022830',NULL,'2024-12-04 00:20:54','2024-12-04 00:20:54',NULL,NULL,NULL,NULL,NULL,NULL,NULL,'asdasdas',NULL,'98762asds5325d99',NULL,'asd','1231231','hospital','3'),(61,NULL,8,19,'2','5','1','1','4','4','1','samer','55022830',NULL,'2024-12-04 00:20:58','2024-12-04 00:20:58',NULL,NULL,NULL,NULL,NULL,NULL,NULL,'asdasdas',NULL,'98762asds5325d99',NULL,'asd','1231231','hospital','3');

--
-- Table structure for table `user_categories`
--

CREATE TABLE `user_categories` (
  `id` int unsigned NOT NULL AUTO_INCREMENT,
  `user_id` int unsigned NOT NULL,
  `category_id` int unsigned NOT NULL,
  `created_at` timestamp NULL DEFAULT NULL,
  `updated_at` timestamp NULL DEFAULT NULL,
  PRIMARY KEY (`id`),
  KEY `user_categories_user_id_foreign` (`user_id`),
  KEY `user_categories_category_id_foreign` (`category_id`)
) ENGINE=InnoDB AUTO_INCREMENT=41 DEFAULT CHARSET=utf8mb4 COLLATE=utf8mb4_unicode_ci;

--
-- Dumping data for table `user_categories`
--

INSERT INTO `user_categories` (`id`, `user_id`, `category_id`, `created_at`, `updated_at`) VALUES (2,47,3,NULL,NULL),(3,51,4,NULL,NULL),(4,52,3,NULL,NULL),(5,53,3,NULL,NULL),(9,47,10,NULL,NULL),(10,340,1,NULL,NULL),(11,340,7,NULL,NULL),(12,344,1,NULL,NULL),(13,345,1,NULL,NULL),(15,348,1,NULL,NULL),(16,348,6,NULL,NULL),(17,345,6,NULL,NULL),(22,381,9,NULL,NULL),(23,383,9,NULL,NULL),(24,384,9,NULL,NULL),(25,384,12,NULL,NULL),(27,386,7,NULL,NULL),(28,377,12,NULL,NULL),(29,397,12,NULL,NULL),(30,403,14,NULL,NULL),(31,404,15,NULL,NULL),(32,406,12,NULL,NULL),(33,407,14,NULL,NULL),(34,408,14,NULL,NULL),(35,413,14,NULL,NULL),(36,433,14,NULL,NULL),(37,436,27,NULL,NULL),(38,437,18,NULL,NULL),(39,438,26,NULL,NULL),(40,440,25,NULL,NULL);

--
-- Table structure for table `user_famous`
--

CREATE TABLE `user_famous` (
  `id` int unsigned NOT NULL AUTO_INCREMENT,
  `user_id` int unsigned NOT NULL,
  `famous_id` int unsigned DEFAULT NULL,
  `created_at` timestamp NULL DEFAULT NULL,
  `updated_at` timestamp NULL DEFAULT NULL,
  PRIMARY KEY (`id`),
  KEY `user_id` (`user_id`),
  KEY `famous_id` (`famous_id`),
  CONSTRAINT `user_famous_ibfk_1` FOREIGN KEY (`user_id`) REFERENCES `users` (`id`) ON DELETE CASCADE ON UPDATE CASCADE,
  CONSTRAINT `user_famous_ibfk_2` FOREIGN KEY (`famous_id`) REFERENCES `users` (`id`) ON DELETE CASCADE ON UPDATE CASCADE
) ENGINE=InnoDB AUTO_INCREMENT=45 DEFAULT CHARSET=utf8mb4 COLLATE=utf8mb4_unicode_ci;

--
-- Dumping data for table `user_famous`
--

INSERT INTO `user_famous` (`id`, `user_id`, `famous_id`, `created_at`, `updated_at`) VALUES (22,377,387,NULL,NULL),(23,404,387,NULL,NULL),(24,404,391,NULL,NULL),(25,404,393,NULL,NULL),(26,403,390,NULL,NULL),(27,403,392,NULL,NULL),(28,403,393,NULL,NULL),(29,377,390,NULL,NULL),(30,377,391,NULL,NULL),(31,377,392,NULL,NULL),(32,377,393,NULL,NULL),(33,377,394,NULL,NULL),(34,377,395,NULL,NULL),(35,377,396,NULL,NULL),(36,403,387,NULL,NULL),(37,403,391,NULL,NULL),(38,403,394,NULL,NULL),(39,403,395,NULL,NULL),(40,403,396,NULL,NULL),(41,406,387,NULL,NULL),(42,406,390,NULL,NULL),(43,406,391,NULL,NULL),(44,433,387,NULL,NULL);

--
-- Table structure for table `user_orders`
--

CREATE TABLE `user_orders` (
  `id` int unsigned NOT NULL AUTO_INCREMENT,
  `user_id` int unsigned DEFAULT NULL,
  `order_id` int unsigned DEFAULT NULL,
  `status` enum('wait','refused','accepted','shipped','complete') CHARACTER SET utf8mb4 COLLATE utf8mb4_unicode_ci NOT NULL,
  `created_at` timestamp NULL DEFAULT NULL,
  `updated_at` timestamp NULL DEFAULT NULL,
  PRIMARY KEY (`id`),
  KEY `user_orders_user_id_foreign` (`user_id`),
  KEY `user_orders_order_id_foreign` (`order_id`)
) ENGINE=InnoDB DEFAULT CHARSET=utf8mb4 COLLATE=utf8mb4_unicode_ci;

--
-- Dumping data for table `user_orders`
--


--
-- Table structure for table `user_otherdatas`
--

CREATE TABLE `user_otherdatas` (
  `id` int unsigned NOT NULL AUTO_INCREMENT,
  `input_key_ar` varchar(255) COLLATE utf8mb4_unicode_ci DEFAULT NULL,
  `input_key_en` varchar(255) COLLATE utf8mb4_unicode_ci DEFAULT NULL,
  `user_id` int NOT NULL,
  `price` varchar(111) COLLATE utf8mb4_unicode_ci DEFAULT NULL,
  `created_at` timestamp NULL DEFAULT NULL,
  `updated_at` timestamp NULL DEFAULT NULL,
  PRIMARY KEY (`id`)
) ENGINE=InnoDB AUTO_INCREMENT=52 DEFAULT CHARSET=utf8mb4 COLLATE=utf8mb4_unicode_ci;

--
-- Dumping data for table `user_otherdatas`
--

INSERT INTO `user_otherdatas` (`id`, `input_key_ar`, `input_key_en`, `user_id`, `price`, `created_at`, `updated_at`) VALUES (8,'asdasd','asdasd',1,'22','2024-10-04 21:07:37','2024-10-04 21:07:37'),(9,'asdsad','asdasd',1,'12','2024-10-04 21:07:37','2024-10-04 21:07:37'),(41,'1221','1212e',425,'1','2024-10-17 14:14:15','2024-10-17 14:14:15'),(42,NULL,'',425,'','2024-10-17 14:14:15','2024-10-17 14:14:15'),(43,'2 ساعة','2 ساعة',420,'10','2024-10-29 14:39:22','2024-10-29 14:39:22'),(44,'3 ساعة','3 ساعة',420,'20','2024-10-29 14:39:22','2024-10-29 14:39:22'),(45,'4 ساعة','4 ساعة',420,'30','2024-10-29 14:39:22','2024-10-29 14:39:22'),(46,'5 ساعة','5 ساعة',420,'40','2024-10-29 14:39:22','2024-10-29 14:39:22'),(47,'6 ساعة','6 ساعة',420,'50','2024-10-29 14:39:22','2024-10-29 14:39:22'),(48,'7 ساعة','7 ساعة',420,'60','2024-10-29 14:39:22','2024-10-29 14:39:22'),(49,'asdasd','asdasd',424,'22','2024-11-11 22:40:15','2024-11-11 22:40:15'),(50,'asdsad','asdasd',424,'12','2024-11-11 22:40:15','2024-11-11 22:40:15'),(51,'asdasd','asdasd',424,'21','2024-11-11 22:40:15','2024-11-11 22:40:15');

--
-- Table structure for table `user_products`
--

CREATE TABLE `user_products` (
  `id` int unsigned NOT NULL AUTO_INCREMENT,
  `user_id` int unsigned NOT NULL,
  `product_id` int unsigned NOT NULL,
  `created_at` timestamp NULL DEFAULT NULL,
  `updated_at` timestamp NULL DEFAULT NULL,
  PRIMARY KEY (`id`),
  KEY `user_products_user_id_foreign` (`user_id`),
  KEY `user_products_product_id_foreign` (`product_id`)
) ENGINE=InnoDB AUTO_INCREMENT=65 DEFAULT CHARSET=utf8mb4 COLLATE=utf8mb4_unicode_ci;

--
-- Dumping data for table `user_products`
--

INSERT INTO `user_products` (`id`, `user_id`, `product_id`, `created_at`, `updated_at`) VALUES (16,1,3,NULL,NULL),(19,434,11,NULL,NULL),(42,420,28,NULL,NULL),(57,420,21,NULL,NULL),(58,420,19,NULL,NULL),(59,420,26,NULL,NULL),(60,420,37,NULL,NULL);

--
-- Table structure for table `users`
--

CREATE TABLE `users` (
  `id` int unsigned NOT NULL AUTO_INCREMENT,
  `name` varchar(255) CHARACTER SET utf8mb4 COLLATE utf8mb4_unicode_ci NOT NULL,
  `email` varchar(255) CHARACTER SET utf8mb4 COLLATE utf8mb4_unicode_ci DEFAULT NULL,
  `email_verified_at` timestamp NULL DEFAULT NULL,
  `password` varchar(255) CHARACTER SET utf8mb4 COLLATE utf8mb4_unicode_ci DEFAULT NULL,
  `status` int NOT NULL DEFAULT '0',
  `phone` varchar(255) CHARACTER SET utf8mb4 COLLATE utf8mb4_unicode_ci DEFAULT NULL,
  `unique_id` varchar(255) CHARACTER SET utf8mb4 COLLATE utf8mb4_unicode_ci DEFAULT NULL,
  `civil_id` varchar(255) CHARACTER SET utf8mb4 COLLATE utf8mb4_unicode_ci DEFAULT NULL,
  `activation_code` varchar(255) CHARACTER SET utf8mb4 COLLATE utf8mb4_unicode_ci DEFAULT NULL,
  `remember_token` varchar(100) CHARACTER SET utf8mb4 COLLATE utf8mb4_unicode_ci DEFAULT NULL,
  `created_at` timestamp NULL DEFAULT NULL,
  `updated_at` timestamp NULL DEFAULT NULL,
  `address` varchar(255) CHARACTER SET utf8mb4 COLLATE utf8mb4_unicode_ci DEFAULT NULL,
  `lat` varchar(255) CHARACTER SET utf8mb4 COLLATE utf8mb4_unicode_ci DEFAULT NULL,
  `long` varchar(255) CHARACTER SET utf8mb4 COLLATE utf8mb4_unicode_ci DEFAULT NULL,
  `image` varchar(255) CHARACTER SET utf8mb4 COLLATE utf8mb4_unicode_ci DEFAULT NULL,
  `device_token` text CHARACTER SET utf8mb4 COLLATE utf8mb4_unicode_ci,
  `company_id` int DEFAULT NULL,
  `statusVendor` int DEFAULT NULL,
  `time_ar` varchar(191) CHARACTER SET utf8mb4 COLLATE utf8mb4_unicode_ci DEFAULT NULL,
  `time_en` varchar(191) CHARACTER SET utf8mb4 COLLATE utf8mb4_unicode_ci DEFAULT NULL,
  `rate` int DEFAULT NULL,
  `company_precentage` varchar(191) CHARACTER SET utf8mb4 COLLATE utf8mb4_unicode_ci DEFAULT NULL,
  `car_number` varchar(191) CHARACTER SET utf8mb4 COLLATE utf8mb4_unicode_ci DEFAULT NULL,
  `car_marka` varchar(191) CHARACTER SET utf8mb4 COLLATE utf8mb4_unicode_ci DEFAULT NULL,
  `real_password` varchar(191) CHARACTER SET utf8mb4 COLLATE utf8mb4_unicode_ci DEFAULT NULL,
  `statusCar` int DEFAULT NULL,
  `project_name` varchar(191) CHARACTER SET utf8mb4 COLLATE utf8mb4_unicode_ci DEFAULT NULL,
  `type` varchar(11) CHARACTER SET utf8mb4 COLLATE utf8mb4_unicode_ci DEFAULT NULL,
  `marketing_id` int DEFAULT NULL,
  `content_ar` text COLLATE utf8mb4_unicode_ci,
  `content_en` text COLLATE utf8mb4_unicode_ci,
  `snapchat` varchar(191) COLLATE utf8mb4_unicode_ci DEFAULT NULL,
  `instgrame` varchar(191) COLLATE utf8mb4_unicode_ci DEFAULT NULL,
  `twitter` varchar(191) COLLATE utf8mb4_unicode_ci DEFAULT NULL,
  `tiktok` varchar(191) COLLATE utf8mb4_unicode_ci DEFAULT NULL,
  `facebook` varchar(191) COLLATE utf8mb4_unicode_ci DEFAULT NULL,
  PRIMARY KEY (`id`),
  UNIQUE KEY `users_phone_unique` (`phone`)
) ENGINE=InnoDB AUTO_INCREMENT=441 DEFAULT CHARSET=utf8mb4 COLLATE=utf8mb4_unicode_ci;

--
-- Dumping data for table `users`
--

INSERT INTO `users` (`id`, `name`, `email`, `email_verified_at`, `password`, `status`, `phone`, `unique_id`, `civil_id`, `activation_code`, `remember_token`, `created_at`, `updated_at`, `address`, `lat`, `long`, `image`, `device_token`, `company_id`, `statusVendor`, `time_ar`, `time_en`, `rate`, `company_precentage`, `car_number`, `car_marka`, `real_password`, `statusCar`, `project_name`, `type`, `marketing_id`, `content_ar`, `content_en`, `snapchat`, `instgrame`, `twitter`, `tiktok`, `facebook`) VALUES (1,'admin','admin@admin.com',NULL,'$2y$10$g9ceBZqU5q04D9oL5lUXOuF7Nxvnnf6WQF4E6nouYEL4rGuQS6MOy',1,NULL,NULL,'3222',NULL,NULL,'2022-06-21 09:32:18','2022-10-30 11:31:09',NULL,NULL,NULL,NULL,NULL,NULL,NULL,NULL,NULL,NULL,NULL,NULL,NULL,NULL,NULL,NULL,NULL,NULL,NULL,NULL,NULL,NULL,NULL,NULL,NULL),(352,'samer',NULL,NULL,'$2y$10$8ec5jUVewfzQjD.0GXlr9u3S3.mV86epV1Yhuayr65dIH.W.B/b66',1,'51007138',NULL,NULL,'62242',NULL,'2024-04-27 12:53:25','2024-05-19 00:29:02',NULL,NULL,NULL,NULL,NULL,NULL,NULL,NULL,NULL,NULL,NULL,NULL,NULL,NULL,NULL,NULL,NULL,NULL,NULL,NULL,NULL,NULL,NULL,NULL,NULL),(353,'same abooda','anwer@gmail.com',NULL,'$2y$10$4tk.lUq2P8nv9j/nPrKFceqqCE/YlY.dd05LwMaGHCh27oa0wuagq',1,'67782374',NULL,NULL,'59685',NULL,'2024-04-27 12:56:02','2024-12-11 13:04:35',NULL,NULL,NULL,NULL,NULL,NULL,NULL,NULL,NULL,NULL,NULL,NULL,NULL,NULL,NULL,NULL,NULL,NULL,NULL,NULL,NULL,NULL,NULL,NULL,NULL),(354,'anwer','anwer3@gmail.com',NULL,'$2y$10$1OmMUnEQrbwsF54NpcwDPORgpWrQpq6SpThJZWQ.ncPv83dn6uvPu',0,'67782375',NULL,NULL,'56164',NULL,'2024-04-27 12:56:27','2024-04-27 12:56:27',NULL,NULL,NULL,NULL,NULL,NULL,NULL,NULL,NULL,NULL,NULL,NULL,NULL,NULL,NULL,NULL,NULL,NULL,NULL,NULL,NULL,NULL,NULL,NULL,NULL),(356,'samerasas','asda3a4sdc@gmail.com',NULL,'$2y$10$LvDXoUXDPp/FHDRSlNkzceZGkJTaf1lkp6HoFUYQXfq/yfiXXBQwK',0,'510071384',NULL,NULL,'31329',NULL,'2024-04-27 13:05:13','2024-04-27 13:05:13',NULL,NULL,NULL,NULL,NULL,NULL,NULL,NULL,NULL,NULL,NULL,NULL,NULL,NULL,NULL,NULL,NULL,NULL,NULL,NULL,NULL,NULL,NULL,NULL,NULL),(358,'anwer3','anwerq@gmail.com',NULL,'$2y$10$4z6O56qwKeaqYoVxanqiPOCvVD.wUd5xJOKupfBHq96czl7f9Yazu',1,'67782377',NULL,NULL,'11502',NULL,'2024-04-27 13:31:39','2024-04-27 13:39:24',NULL,NULL,NULL,NULL,NULL,NULL,NULL,NULL,NULL,NULL,NULL,NULL,NULL,NULL,NULL,NULL,NULL,NULL,NULL,NULL,NULL,NULL,NULL,NULL,NULL),(368,'adfasdasdas',NULL,NULL,'$2y$10$/C8J/3Xdta3Hr7C5GuubB.YUZzWIQ01hl6Mvx1zhrKKiT5VMCgy8.',1,'51212312',NULL,NULL,NULL,NULL,'2024-04-27 14:30:06','2024-04-27 14:30:06',NULL,NULL,NULL,NULL,NULL,345,NULL,NULL,NULL,NULL,NULL,'asd1211','123123','123123',NULL,NULL,NULL,NULL,NULL,NULL,NULL,NULL,NULL,NULL,NULL),(372,'baracn1','baracn1@gmail.com',NULL,'$2y$10$yvgbvHl0AQ.z5Qy4iGMhuuS2g0.JCa.kkkHCuBR0AsDGjmoIS/xUi',1,'51231231',NULL,NULL,NULL,NULL,'2024-05-11 15:00:27','2024-05-11 15:00:27',NULL,NULL,NULL,NULL,NULL,345,NULL,NULL,NULL,NULL,NULL,NULL,NULL,'123123',NULL,NULL,NULL,NULL,NULL,NULL,NULL,NULL,NULL,NULL,NULL),(373,'شسيشسي','sad@gmail.com',NULL,'$2y$10$QGPu8N826HnCszhUfWs4mOBw9lNx2iNxy0x3vnaHKNa86SC3qXM1W',1,'12312312',NULL,NULL,NULL,NULL,'2024-05-11 15:06:43','2024-05-11 15:06:43',NULL,NULL,NULL,NULL,NULL,345,NULL,NULL,NULL,NULL,NULL,NULL,NULL,'123123',NULL,NULL,NULL,NULL,NULL,NULL,NULL,NULL,NULL,NULL,NULL),(374,'samerasas','asasdc@gmail.com',NULL,'$2y$10$UPNcWd.oijkoh0HeLtIpXOGgkTLkqaATv6Zp.9g5ZV8nEwmw6goxK',0,'510071385',NULL,NULL,'74822',NULL,'2024-05-12 11:47:58','2024-05-12 11:47:58',NULL,NULL,NULL,NULL,NULL,NULL,NULL,NULL,NULL,NULL,NULL,NULL,NULL,NULL,NULL,NULL,NULL,NULL,NULL,NULL,NULL,NULL,NULL,NULL,NULL),(377,'مصمم ازياء / سارة حمد عزت','wq1@gmail.comq',NULL,'$2y$10$HUX385eG31aEHauXRWPpnuZ5OJsQBTC4YftuQNckZy8TWESkioVzK',1,'+9656774534543',NULL,NULL,'60696',NULL,'2024-05-12 11:58:12','2024-10-29 16:05:40',NULL,NULL,NULL,'2024-05-22-logo.jpg',NULL,NULL,NULL,NULL,NULL,NULL,NULL,NULL,NULL,NULL,NULL,'عبايات سارة','product',NULL,NULL,NULL,NULL,NULL,NULL,NULL,NULL),(387,'ابراهيم حسن الحبابي','admin@admin.com',NULL,'$2y$10$VV5wb.qR4/9VChbW697UVeBbHbMW3cILtPfq6LqOVXEEZ2qaV5m9a',1,'12345',NULL,NULL,NULL,NULL,'2024-05-18 13:45:09','2024-05-18 13:45:09',NULL,NULL,NULL,'2024-05-18-celeb-icons_10__1.jpg',NULL,NULL,NULL,NULL,NULL,NULL,NULL,NULL,NULL,'11111111',NULL,NULL,NULL,NULL,NULL,NULL,NULL,NULL,NULL,NULL,NULL),(390,'ابراهيم دشتي بوتيك','admin2@admin.com',NULL,'$2y$10$w4kU44ExtgLEc85ThscpSuFpiQQWeKkiCf9EMsruKVy5mhuRLkGUm',1,'3434554',NULL,NULL,NULL,NULL,'2024-05-18 13:46:01','2024-05-18 13:46:01',NULL,NULL,NULL,'2024-05-18-celeb-icons01_3.jpg',NULL,NULL,NULL,NULL,NULL,NULL,NULL,NULL,NULL,'211111111',NULL,NULL,NULL,NULL,NULL,NULL,NULL,NULL,NULL,NULL,NULL),(391,'ابو معيجل','admin3@admin.com',NULL,'$2y$10$xXg2pZakn8Tn6qpmHLYZEeNjEHBEpY8uKSAjbLB6gzrJ4.1OIlAzm',1,'32453425',NULL,NULL,NULL,NULL,'2024-05-18 13:46:37','2024-05-18 13:46:37',NULL,NULL,NULL,'2024-05-18-celeb-icons_3__31.jpg',NULL,NULL,NULL,NULL,NULL,NULL,NULL,NULL,NULL,'11111111',NULL,NULL,NULL,NULL,NULL,NULL,NULL,NULL,NULL,NULL,NULL),(392,'أسماء السياري','admin4@admin.com',NULL,'$2y$10$pUR819xOFc8JFn/oHfvQreh.s9yceXu1QcZ88Utj9zL5OgzO8/JMq',1,'1345435',NULL,NULL,NULL,NULL,'2024-05-18 13:47:15','2024-05-18 13:47:15',NULL,NULL,NULL,'2024-05-18-celeb-icons_1116.jpg',NULL,NULL,NULL,NULL,NULL,NULL,NULL,NULL,NULL,'11111111',NULL,NULL,NULL,NULL,NULL,NULL,NULL,NULL,NULL,NULL,NULL),(393,'أناف بوتيك','admin6@admin.com',NULL,'$2y$10$CwNn4GGIfjDCxr2kG4di6OugHyWDVhz6Hod4ZpsBdoqH/4epTSJDa',1,'2534255',NULL,NULL,NULL,NULL,'2024-05-18 13:47:45','2024-05-18 13:47:45',NULL,NULL,NULL,'2024-05-18-celeb-icons_17__4.jpg',NULL,NULL,NULL,NULL,NULL,NULL,NULL,NULL,NULL,'11111111',NULL,NULL,NULL,NULL,NULL,NULL,NULL,NULL,NULL,NULL,NULL),(394,'إيمان المعمري','admin5@admin.com',NULL,'$2y$10$XqdSI6qb1IPMWoHXFN7Ndepx5RUg7RpnRmEWOy46t3eQeaUqN8qxW',1,'4536534',NULL,NULL,NULL,NULL,'2024-05-18 13:48:20','2024-05-18 13:48:20',NULL,NULL,NULL,'2024-05-18-celeb-icons_867.jpg',NULL,NULL,NULL,NULL,NULL,NULL,NULL,NULL,NULL,'11111111',NULL,NULL,NULL,NULL,NULL,NULL,NULL,NULL,NULL,NULL,NULL),(395,'ابرار بيوتي بوتيك','admin7@admin.com',NULL,'$2y$10$cTMgmoidK2crqeC7bc9BIOSD4HvbJDPf9NCqVmZM23zoo/woDTNu.',1,'432654363',NULL,NULL,NULL,NULL,'2024-05-18 13:48:56','2024-05-18 13:48:56',NULL,NULL,NULL,'2024-05-18-abrarsbeauty-celeb-icons.jpg',NULL,NULL,NULL,NULL,NULL,NULL,NULL,NULL,NULL,'11111111',NULL,NULL,NULL,NULL,NULL,NULL,NULL,NULL,NULL,NULL,NULL),(396,'احمد احمد بوتيك','admin44@admin.com',NULL,'$2y$10$QUAVjowGWBdboJSG2SYFzuU2Q0zBpUJx4J2537zpTmHkikDnEveEW',1,'45365436534',NULL,NULL,NULL,NULL,'2024-05-18 13:49:27','2024-05-18 13:49:27',NULL,NULL,NULL,'2024-05-18-celeb-icons_191.jpg',NULL,NULL,NULL,NULL,NULL,NULL,NULL,NULL,NULL,'11111111',NULL,NULL,NULL,NULL,NULL,NULL,NULL,NULL,NULL,NULL,NULL),(397,'مصممة ازياء / نوف الصالح','anweriui@gmail.com',NULL,'$2y$10$YRzpv1zqWexDEEv3XR1CpuV8IB8IMEA09.wlMgtEaN3zodVFfhwYq',1,'767656544',NULL,NULL,'765657',NULL,'2024-05-22 13:07:16','2024-05-22 13:07:16',NULL,NULL,NULL,'2024-05-22-clothing-shop-logo.png',NULL,NULL,NULL,NULL,NULL,NULL,NULL,NULL,NULL,NULL,NULL,'عبايات نوف',NULL,NULL,NULL,NULL,NULL,NULL,NULL,NULL,NULL),(399,'anwer','anwerss@gmail.com',NULL,'$2y$10$6wPMK.mdbHzMasdU/ZIlB.jpy3Kcn/ktH0/YIq6U2MdAnfnHnS1b2',0,'67782344',NULL,NULL,'84945',NULL,'2024-05-27 16:26:13','2024-05-27 16:26:13',NULL,NULL,NULL,NULL,NULL,NULL,NULL,NULL,NULL,NULL,NULL,NULL,NULL,NULL,NULL,NULL,NULL,NULL,NULL,NULL,NULL,NULL,NULL,NULL,NULL),(401,'anwersdds','anwerhhhh@gmail.com',NULL,'$2y$10$jkME9z0tpzSnI0.OvE9Y4u50XU.QsLcFr8z0.q6A3bByhtrqyCLZ2',0,'89798798',NULL,NULL,'62683',NULL,'2024-05-27 16:30:30','2024-05-27 16:30:30',NULL,NULL,NULL,NULL,NULL,NULL,NULL,NULL,NULL,NULL,NULL,NULL,NULL,NULL,NULL,NULL,NULL,NULL,NULL,NULL,NULL,NULL,NULL,NULL,NULL),(402,'anwerooo','anwerooo@gmail.com',NULL,'$2y$10$k1AmRP5eLY4aWOEvU/A/A.2Np5HOh3KA8ScMlGfAd0SHJG0JIRuCu',1,'87878787',NULL,NULL,'89418',NULL,'2024-05-27 16:35:23','2024-05-27 16:35:41',NULL,NULL,NULL,NULL,NULL,NULL,NULL,NULL,NULL,NULL,NULL,NULL,NULL,NULL,NULL,NULL,NULL,NULL,NULL,NULL,NULL,NULL,NULL,NULL,NULL),(403,'الجاسر علي','anwergfgfg@gmail.com',NULL,'$2y$10$MWiMXbx94BpEZvrTh9UA0.BTbRPxxpW/XIHhitf.50k5vieJB9q7u',1,'+96500000',NULL,NULL,'251180',NULL,'2024-05-28 20:57:18','2024-10-27 20:51:33',NULL,NULL,NULL,'2024-05-28-download.jpg',NULL,NULL,NULL,NULL,NULL,NULL,NULL,NULL,NULL,NULL,NULL,'نظارات كيفان','product',NULL,NULL,NULL,NULL,NULL,NULL,NULL,NULL),(404,'حمدي جاسر العنزي','anwerjhjhjh@gmail.com',NULL,'$2y$10$/A8Kc4BM0tF2rQ4RAfaqAuNUSIx1uv/9ZFbDoMU1SoArooU5AVyxK',1,'34254235234',NULL,NULL,'303310',NULL,'2024-05-28 21:08:48','2024-05-30 11:25:48',NULL,NULL,NULL,'2024-05-28-WomenCategory.jpg',NULL,NULL,NULL,NULL,NULL,NULL,NULL,NULL,NULL,NULL,NULL,'العربيد للعطور','product',NULL,NULL,NULL,NULL,NULL,NULL,NULL,NULL),(405,'anwer','asdasd@gmail.com',NULL,'$2y$10$D1ZsKnSlZLXmPSOki/IZUeL7/acJcd0lh7fpEZ4a68VwDidMpl/ly',1,'88888888',NULL,NULL,'38459',NULL,'2024-05-29 10:22:51','2024-05-29 10:23:00',NULL,NULL,NULL,NULL,NULL,NULL,NULL,NULL,NULL,NULL,NULL,NULL,NULL,NULL,NULL,NULL,NULL,NULL,NULL,NULL,NULL,NULL,NULL,NULL,NULL),(406,'مشروع جديد مشاري','gmail.com@anccccv',NULL,'$2y$10$5Ce3CB8tYnJQMQxkEMKX/OFAHlIfleTeZ33XMQkmRwgpW/h9f3WUW',1,'66666666',NULL,NULL,'11154',NULL,'2024-05-30 17:56:03','2024-11-21 10:40:58',NULL,NULL,NULL,'2024-11-21-jSoWYvU75qu5MiNWf2IJkgcdzcAXWeGNWl2eO52y.webp',NULL,NULL,NULL,NULL,NULL,NULL,NULL,NULL,NULL,NULL,NULL,'مشروع مشاري','product',NULL,NULL,NULL,NULL,NULL,NULL,NULL,NULL),(408,'samerasas','wwwewssq1@gmail.comq',NULL,'$2y$10$ilK4tYk4n25QhYKnD.4b4.lO53w3RDg.BVZs3Jx950w6ycSpJWsUi',0,'5100713811111',NULL,NULL,'81118',NULL,'2024-06-12 21:42:32','2024-06-12 21:42:32',NULL,NULL,NULL,'2024-06-12-gabriela-fechet-fI4gfcuHoxU-unsplash-1-280x360.jpg',NULL,NULL,NULL,NULL,NULL,NULL,NULL,NULL,NULL,NULL,NULL,'samershop','product',NULL,NULL,NULL,NULL,NULL,NULL,NULL,NULL),(409,'bomb_sweet','gallaxy3-heaven@hotmail.com',NULL,'$2y$10$yFFXHod.lPjY7CwNBhwFNuJTyX4rHjA3jODs0xp3MIXpPTC9NDf4K',1,'99889529',NULL,NULL,'29723',NULL,'2024-06-19 17:15:02','2024-11-21 10:42:26',NULL,NULL,NULL,'2024-11-21-sadfgds.jpg',NULL,NULL,NULL,NULL,NULL,NULL,NULL,NULL,NULL,NULL,NULL,'bomb_sweeet','product',NULL,NULL,NULL,NULL,NULL,NULL,NULL,NULL),(411,'samer abooda','samer@gmail.com',NULL,'$2y$10$4zB6bP.PHavj3DuGkHbHn.RpJPqafNatwNoUTAbcattGnme/2sjVW',1,'5100713821',NULL,NULL,NULL,NULL,'2024-06-25 19:27:02','2024-06-25 19:27:02',NULL,NULL,NULL,NULL,NULL,NULL,NULL,NULL,NULL,NULL,NULL,NULL,NULL,'123123',NULL,NULL,NULL,NULL,NULL,NULL,NULL,NULL,NULL,NULL,NULL),(412,'anwersss','anwersss@gmail.com',NULL,'$2y$10$hgaJmaIOL9kbTK5PkD8e5e7gfrDxyePAi2FWe43qmHhWXmWDcy1MG',1,'00000000',NULL,NULL,'97290',NULL,'2024-06-26 10:39:19','2024-06-26 10:39:35',NULL,NULL,NULL,NULL,NULL,NULL,NULL,NULL,NULL,NULL,NULL,NULL,NULL,NULL,NULL,NULL,NULL,NULL,NULL,NULL,NULL,NULL,NULL,NULL,NULL),(413,'awe5retyr','adasda@gmail.com',NULL,'$2y$10$a.kJ0l3.mUbXLtxTrx8d3e/SVi23rCAkcDKnuToCq5uHIYiMUHYA.',1,'44444444',NULL,NULL,'39152',NULL,'2024-06-29 20:52:52','2024-11-21 10:42:47',NULL,NULL,NULL,'2024-11-21-sdf.webp',NULL,NULL,NULL,NULL,NULL,NULL,NULL,NULL,NULL,NULL,NULL,'new new new','product',NULL,NULL,NULL,NULL,NULL,NULL,NULL,NULL),(414,'anwer','anwershehata@gmai.com',NULL,'$2y$10$nHtmUtZig8nwbz9JDlVkqOU6S5L1UeSnrmZqwdc798x0l/qLU9e4y',1,'55555555',NULL,NULL,'73812',NULL,'2024-07-01 20:34:57','2024-07-01 20:35:04',NULL,NULL,NULL,NULL,NULL,NULL,NULL,NULL,NULL,NULL,NULL,NULL,NULL,NULL,NULL,NULL,NULL,NULL,NULL,NULL,NULL,NULL,NULL,NULL,NULL),(416,'حليمة بولند','anmmm@gmail.com',NULL,'$2y$10$9O4ENBhvbJqIdlTHfX2Bg.vhpumPKX./NAKJByErBkaZxB.fb2pX6',1,'87987987',NULL,NULL,NULL,NULL,'2024-07-09 16:09:29','2024-07-09 16:09:29',NULL,NULL,NULL,'2024-07-09-emarat-news_2020-07-27_06-55-04_316853.jpg',NULL,NULL,NULL,NULL,NULL,NULL,NULL,NULL,NULL,'0000000000',NULL,NULL,NULL,NULL,NULL,NULL,NULL,NULL,NULL,NULL,NULL),(417,'ms','m.alb@hotmai.com',NULL,'$2y$10$Zk/3mPeQN.Has0NHhk8Si.LBHt/deCRgBgEhRfi4jXe5S1Jh4oo/S',0,'65533334',NULL,NULL,'95470',NULL,'2024-08-16 12:04:46','2024-08-16 12:04:46',NULL,NULL,NULL,NULL,NULL,NULL,NULL,NULL,NULL,NULL,NULL,NULL,NULL,NULL,NULL,NULL,NULL,NULL,NULL,NULL,NULL,NULL,NULL,NULL,NULL),(418,'amani','soooolafq7@gmail.com',NULL,'$2y$10$wiLAZ3Brk1YSu/i57Gwnr.7l1WpjN2LTgqVcylKu5CwjhcuYVbNdW',1,'99884274',NULL,NULL,'56418',NULL,'2024-09-30 14:36:40','2024-09-30 14:37:17',NULL,NULL,NULL,NULL,NULL,NULL,NULL,NULL,NULL,NULL,NULL,NULL,NULL,NULL,NULL,NULL,NULL,NULL,NULL,NULL,NULL,NULL,NULL,NULL,NULL),(420,'Ana S','asdsad@gmail.com',NULL,'$2y$10$9Xzknza/6xcd3jHx28Z1EuIFerL5Kj1uwyHteCYhej4uMBtL8K5OK',1,'1231231',NULL,NULL,NULL,NULL,'2024-10-04 20:29:29','2024-11-13 15:06:16',NULL,NULL,NULL,'2024-10-17-IMG_3998-1536x2048.jpg',NULL,NULL,NULL,NULL,NULL,NULL,NULL,NULL,NULL,'12345678',NULL,NULL,NULL,NULL,'هذا النص هو مثال لنص يمكن أن يستبدل في نفس المساحة، لقد تم توليد هذا النص من مولد النص العربى، حيث يمكنك أن تولد مثل هذا النص أو العديد من النصوص الأخرى إضافة إلى زيادة عدد الحروف التى يولدها التطبيق.هذا النص هو مثال لنص يمكن أن يستبدل في نفس المساحة، لقد تم توليد هذا النص من مولد النص العربى، حيث يمكنك أن تولد مثل هذا النص أو العديد من النصوص الأخرى إضافة إلى زيادة عدد الحروف التى يولدها التطبيق.','هذا النص هو مثال لنص يمكن أن يستبدل في نفس المساحة، لقد تم توليد هذا النص من مولد النص العربى، حيث يمكنك أن تولد مثل هذا النص أو العديد من النصوص الأخرى إضافة إلى زيادة عدد الحروف التى يولدها التطبيق.هذا النص هو مثال لنص يمكن أن يستبدل في نفس المساحة، لقد تم توليد هذا النص من مولد النص العربى، حيث يمكنك أن تولد مثل هذا النص أو العديد من النصوص الأخرى إضافة إلى زيادة عدد الحروف التى يولدها التطبيق.','https://www.youtube.com/','https://www.youtube.com/','https://www.youtube.com/','https://www.youtube.com/','https://www.youtube.com/'),(421,'asdasdsa','asdasd@gmail.com',NULL,'$2y$10$RX2y3GuEmG21u7F50awvU.lhkUINZZrUrXWYtqw6/y5olZDHmLfPq',1,'123123123',NULL,NULL,NULL,NULL,'2024-10-04 20:31:14','2024-10-04 20:31:14',NULL,NULL,NULL,NULL,NULL,NULL,NULL,NULL,NULL,NULL,NULL,NULL,NULL,'123123123',NULL,NULL,NULL,NULL,NULL,NULL,NULL,NULL,NULL,NULL,NULL),(422,'asdasdsa','awwsdasd@gmail.com',NULL,'$2y$10$Eyebw/5EGXaWTNONvvrr/.q388Bo1g5E4RMLSUi1cQ7dzGTALdb8C',1,'1231231231',NULL,NULL,NULL,NULL,'2024-10-04 20:31:52','2024-10-04 20:31:52',NULL,NULL,NULL,NULL,NULL,NULL,NULL,NULL,NULL,NULL,NULL,NULL,NULL,'123123123',NULL,NULL,NULL,NULL,NULL,NULL,NULL,NULL,NULL,NULL,NULL),(424,'Kris','saramodel@gmail.com',NULL,'$2y$10$cU0zl77MPrpVsiFppL/vgeI/rWSU.CEk.ltr71PKIgVF1f8m2xzI.',1,'12345678',NULL,NULL,NULL,NULL,'2024-10-04 20:32:20','2024-11-11 22:52:01',NULL,NULL,NULL,'2024-10-17-kriss-nova2.jpg',NULL,NULL,NULL,NULL,NULL,NULL,NULL,NULL,NULL,'123123',NULL,NULL,NULL,NULL,'descrption_ar','descrption_en','snapchat','instgrame','twitter','tiktok','facebook'),(425,'Greta','asdasdasasa@gmail.com',NULL,NULL,1,'77777777777',NULL,NULL,NULL,NULL,'2024-10-04 20:54:08','2024-10-17 14:14:15',NULL,NULL,NULL,'2024-10-17-DCC09527-1536x2048.webp',NULL,NULL,NULL,NULL,NULL,NULL,NULL,NULL,NULL,'77777777777',NULL,NULL,NULL,NULL,NULL,NULL,NULL,NULL,NULL,NULL,NULL),(426,'Dayanna','Dayanna@gmail.com',NULL,'$2y$10$/RdvJdNknKfMw5x0Hbh7I.7MS9mCFVwylvW3nVMZ8dhgQGRZ330YS',1,'67876545',NULL,NULL,NULL,NULL,'2024-10-17 14:17:37','2024-10-17 14:17:37',NULL,NULL,NULL,'2024-10-17-diana-modelsnova6.jpg',NULL,NULL,NULL,NULL,NULL,NULL,NULL,NULL,NULL,'Dayanna',NULL,NULL,NULL,NULL,NULL,NULL,NULL,NULL,NULL,NULL,NULL),(428,'Shnik','Shnik@gmail.com',NULL,'$2y$10$TrDJ1NJsCLC1Fbpbihk/cuxVkO4PaZBqB4e/xE.fjr0/5FIqBCysa',1,'678765454',NULL,NULL,NULL,NULL,'2024-10-17 14:20:08','2024-10-17 14:20:08',NULL,NULL,NULL,'2024-10-17-modelsnova-shanik1-scaled.webp',NULL,NULL,NULL,NULL,NULL,NULL,NULL,NULL,NULL,'Shnik',NULL,NULL,NULL,NULL,NULL,NULL,NULL,NULL,NULL,NULL,NULL),(432,'Amal','Amal@gmail.com',NULL,'$2y$10$JE38gZgJHd1r5BIN92LIKOl2eBF0bOBtngf8sAD7ySDUm0bbpqZPe',1,'123454444',NULL,NULL,NULL,NULL,'2024-10-17 14:22:29','2024-10-17 14:22:29',NULL,NULL,NULL,'2024-10-17-DCC09635-scaled.jpg',NULL,NULL,NULL,NULL,NULL,NULL,NULL,NULL,NULL,'AmalAmal',NULL,NULL,NULL,NULL,NULL,NULL,NULL,NULL,NULL,NULL,NULL),(433,'samerasas','wwwews22sq1@gmail.comq',NULL,'$2y$10$lWPiDga1Ptd3FmWydCn6fugruvqxEcyGg21a9320l0C980o6TeQHS',1,'+96551007138111',NULL,NULL,'60559',NULL,'2024-10-27 17:54:02','2024-10-27 20:48:46',NULL,NULL,NULL,'2024-10-27-gabriela-fechet-fI4gfcuHoxU-unsplash-1-280x360.jpg',NULL,NULL,NULL,NULL,NULL,NULL,NULL,NULL,NULL,NULL,NULL,'samershop','product',NULL,NULL,NULL,NULL,NULL,NULL,NULL,NULL),(434,'samerasas','wwwews22swwq1@gmail.comqw',NULL,'$2y$10$55y4oIi0kB55oPhfT5nVx.YJGDdtw3m8X93ViwhYpEWY2IOP95GUK',1,'11111111',NULL,NULL,'12554',NULL,'2024-10-27 17:55:51','2024-10-27 17:56:19',NULL,NULL,NULL,NULL,NULL,NULL,NULL,NULL,NULL,NULL,NULL,NULL,NULL,NULL,NULL,NULL,NULL,NULL,NULL,NULL,NULL,NULL,NULL,NULL,NULL),(435,'zainab','Zainabsafar95@gmail.com',NULL,'$2y$10$NkRTLM3NXAjEO/sfTU6cqOwmxt3xUTjispy0bldOmvtj1FXgBbSly',1,'69627660',NULL,NULL,'21340',NULL,'2024-11-06 04:54:54','2024-11-06 04:55:02',NULL,NULL,NULL,NULL,NULL,NULL,NULL,NULL,NULL,NULL,NULL,NULL,NULL,NULL,NULL,NULL,NULL,NULL,NULL,NULL,NULL,NULL,NULL,NULL,NULL),(436,'Wadha','thelord005782@gmail.com',NULL,'$2y$10$4zVgyrTgWYEW7RJae7QDhuodpai/qhPqIljI5zrIOVrcBPeMbM1T2',1,'51051500',NULL,NULL,'56548',NULL,'2024-11-06 07:33:04','2024-11-21 10:41:12',NULL,NULL,NULL,'2024-11-21-217605274_nocolor_in.webp',NULL,NULL,NULL,NULL,NULL,NULL,NULL,NULL,NULL,NULL,NULL,'WhiteAngel Boutique','product',NULL,NULL,NULL,NULL,NULL,NULL,NULL,NULL),(437,'shahad','shbloshy964@gmail.com',NULL,'$2y$10$X0gtabfieynTB.yBVbX.8esx.xdhFNh.fJW/E4y63I/AY69O7P1s2',1,'50999708',NULL,NULL,'11997',NULL,'2024-11-20 13:55:53','2024-11-21 10:41:30',NULL,NULL,NULL,'2024-11-21-sdf.webp',NULL,NULL,NULL,NULL,NULL,NULL,NULL,NULL,NULL,NULL,NULL,'m___monroe964','product',NULL,NULL,NULL,NULL,NULL,NULL,NULL,NULL),(438,'bashayer','bashyeralq86@gmail.com',NULL,'$2y$10$.mSY8ugvVBKfeQ7pgQ5PoemVuQxrkP8mOT5telqtauK90WIMc9MJi',1,'64442639',NULL,NULL,'36882',NULL,'2024-11-26 18:34:50','2024-11-26 18:35:01',NULL,NULL,NULL,NULL,'cGLkzGUAL0iGsRjgUyJo_Q:APA91bEbaKBvWGjzGBvrkApsivCYKbsVtYf2NM3tiT7qQ-9b3pm35FQCYPyXSfcpketfMAA5lltYcWttsM_-EGnGjx8eGyW9zn91mpogFmIz8Ibk83kOqYU',NULL,NULL,NULL,NULL,NULL,NULL,NULL,NULL,NULL,NULL,'Albashyerbukhor','product',NULL,NULL,NULL,NULL,NULL,NULL,NULL,NULL),(439,'maram','maramalmutairi@hotmail.com',NULL,'$2y$10$gJGAOwdS4wcI/qpZ9PN16esGLTEHdbvVMDOl/6tTA2SJOQU/ogoTm',0,'92200093',NULL,NULL,'25821',NULL,'2024-11-28 15:19:38','2024-11-28 15:19:38',NULL,NULL,NULL,NULL,'ezcx9807zUC6n4HU95FUyp:APA91bHqPGXDGdxAk923NNkA0B4SJWAN1WGiIFCPVWD1JICqJa7glX1xGwv5J_OlMk8oHHGQmdf6RKm6HvuztY1PF2xomifKSIm0tyUbCXqcssZSv-LDG4A',NULL,NULL,NULL,NULL,NULL,NULL,NULL,NULL,NULL,NULL,NULL,NULL,NULL,NULL,NULL,NULL,NULL,NULL,NULL,NULL),(440,'Muneera afraid','Muneera.1000rj@gmail.com',NULL,'$2y$10$z9wPwp7Q172Lp0iqLMResO4T1R7J0rJgW4CiiAyMJde7pXkT8Z5S6',1,'96060931',NULL,NULL,'93343',NULL,'2024-12-05 05:44:33','2024-12-05 05:44:56',NULL,NULL,NULL,NULL,'eyZB0dw-Uk3riOhmHaektc:APA91bHeqpYImhoGIxSXMR5vN7OBmlV2Zdu22XO1wps0ytpH_x0hq2iVDiXNivUaF-C1oiDTuvi5Pr9UtyaqZfQRywwJJ1o6GjFMEqiP9iQhtcak86_bw4A',NULL,NULL,NULL,NULL,NULL,NULL,NULL,NULL,NULL,NULL,'Elegant Nani line','product',NULL,NULL,NULL,NULL,NULL,NULL,NULL,NULL);

--
-- Table structure for table `visitors`
--

CREATE TABLE `visitors` (
  `id` int unsigned NOT NULL AUTO_INCREMENT,
  `device_token` varchar(255) CHARACTER SET utf8mb4 COLLATE utf8mb4_unicode_ci DEFAULT NULL,
  `created_at` timestamp NULL DEFAULT NULL,
  `updated_at` timestamp NULL DEFAULT NULL,
  PRIMARY KEY (`id`)
) ENGINE=InnoDB AUTO_INCREMENT=2 DEFAULT CHARSET=utf8mb4 COLLATE=utf8mb4_unicode_ci;

--
-- Dumping data for table `visitors`
--

INSERT INTO `visitors` (`id`, `device_token`, `created_at`, `updated_at`) VALUES (1,'asdasdasdadsa','2024-02-20 00:57:49','2024-02-20 00:57:49');

--
-- Dumping events for database 'topappkw_mshroee'
--

--
-- Dumping routines for database 'topappkw_mshroee'
--


