--
-- Host: localhost    Database: topappkw_mshroee
-- ------------------------------------------------------


--
-- Current Database: `topappkw_mshroee`
--


--
-- Table structure for table `arrival_prices`
--

CREATE TABLE `arrival_prices` (
  `id` int unsigned NOT NULL AUTO_INCREMENT,
  `region_id` int DEFAULT NULL,
  `price` double DEFAULT NULL,
  `created_at` timestamp NULL DEFAULT NULL,
  `updated_at` timestamp NULL DEFAULT NULL,
  `user_id` int DEFAULT NULL,
  PRIMARY KEY (`id`)
) ENGINE=InnoDB AUTO_INCREMENT=265 DEFAULT CHARSET=utf8mb4 COLLATE=utf8mb4_unicode_ci;

--
-- Dumping data for table `arrival_prices`
--

INSERT INTO `arrival_prices` (`id`, `region_id`, `price`, `created_at`, `updated_at`, `user_id`) VALUES (1,19,3,'2024-03-30 16:25:25','2024-03-30 16:25:26',345),(2,20,3,'2024-03-30 16:25:25','2024-03-30 16:25:26',345),(3,21,3,'2024-03-30 16:25:25','2024-03-30 16:25:26',345),(4,22,3,'2024-03-30 16:25:25','2024-03-30 16:25:26',345),(5,23,3,'2024-03-30 16:25:25','2024-03-30 16:25:26',345),(6,24,3,'2024-03-30 16:25:25','2024-03-30 16:25:26',345),(7,25,3,'2024-03-30 16:25:25','2024-03-30 16:25:26',345),(8,26,3,'2024-03-30 16:25:25','2024-03-30 16:25:26',345),(9,27,3,'2024-03-30 16:25:25','2024-03-30 16:25:26',345),(10,28,3,'2024-03-30 16:25:25','2024-03-30 16:25:26',345),(11,29,3,'2024-03-30 16:25:25','2024-03-30 16:25:26',345),(12,30,3,'2024-03-30 16:25:25','2024-03-30 16:25:26',345),(13,31,3,'2024-03-30 16:25:25','2024-03-30 16:25:26',345),(14,32,3,'2024-03-30 16:25:25','2024-03-30 16:25:26',345),(15,33,3,'2024-03-30 16:25:25','2024-03-30 16:25:26',345),(16,34,3,'2024-03-30 16:25:25','2024-03-30 16:25:26',345),(17,35,3,'2024-03-30 16:25:25','2024-03-30 16:25:26',345),(18,36,3,'2024-03-30 16:25:25','2024-03-30 16:25:26',345),(19,37,3,'2024-03-30 16:25:25','2024-03-30 16:25:26',345),(20,38,3,'2024-03-30 16:25:25','2024-03-30 16:25:26',345),(21,39,3,'2024-03-30 16:25:25','2024-03-30 16:25:26',345),(22,40,3,'2024-03-30 16:25:25','2024-03-30 16:25:26',345),(23,41,3,'2024-03-30 16:25:25','2024-03-30 16:25:26',345),(24,42,3,'2024-03-30 16:25:25','2024-03-30 16:25:26',345),(25,43,3,'2024-03-30 16:25:25','2024-03-30 16:25:26',345),(26,44,3,'2024-03-30 16:25:25','2024-03-30 16:25:26',345),(27,45,3,'2024-03-30 16:25:25','2024-03-30 16:25:26',345),(28,46,3,'2024-03-30 16:25:25','2024-03-30 16:25:26',345),(29,47,3,'2024-03-30 16:25:25','2024-03-30 16:25:26',345),(30,48,3,'2024-03-30 16:25:25','2024-03-30 16:25:26',345),(31,49,3,'2024-03-30 16:25:25','2024-03-30 16:25:26',345),(32,50,3,'2024-03-30 16:25:25','2024-03-30 16:25:26',345),(33,51,3,'2024-03-30 16:25:25','2024-03-30 16:25:26',345),(34,52,3,'2024-03-30 16:25:25','2024-03-30 16:25:26',345),(35,53,3,'2024-03-30 16:25:25','2024-03-30 16:25:26',345),(36,54,3,'2024-03-30 16:25:25','2024-03-30 16:25:26',345),(37,55,3,'2024-03-30 16:25:25','2024-03-30 16:25:26',345),(38,56,3,'2024-03-30 16:25:25','2024-03-30 16:25:26',345),(39,57,3,'2024-03-30 16:25:25','2024-03-30 16:25:26',345),(40,58,3,'2024-03-30 16:25:25','2024-03-30 16:25:26',345),(41,59,3,'2024-03-30 16:25:25','2024-03-30 16:25:26',345),(42,60,3,'2024-03-30 16:25:25','2024-03-30 16:25:26',345),(43,61,3,'2024-03-30 16:25:25','2024-03-30 16:25:26',345),(44,62,3,'2024-03-30 16:25:25','2024-03-30 16:25:26',345),(45,63,3,'2024-03-30 16:25:25','2024-03-30 16:25:26',345),(46,64,3,'2024-03-30 16:25:25','2024-03-30 16:25:26',345),(47,65,3,'2024-03-30 16:25:25','2024-03-30 16:25:26',345),(48,66,3,'2024-03-30 16:25:25','2024-03-30 16:25:26',345),(49,67,3,'2024-03-30 16:25:25','2024-03-30 16:25:26',345),(50,68,3,'2024-03-30 16:25:25','2024-03-30 16:25:26',345),(51,69,3,'2024-03-30 16:25:25','2024-03-30 16:25:26',345),(52,70,3,'2024-03-30 16:25:25','2024-03-30 16:25:26',345),(53,71,3,'2024-03-30 16:25:25','2024-03-30 16:25:26',345),(54,72,3,'2024-03-30 16:25:25','2024-03-30 16:25:27',345),(55,73,3,'2024-03-30 16:25:25','2024-03-30 16:25:27',345),(56,74,3,'2024-03-30 16:25:25','2024-03-30 16:25:27',345),(57,75,3,'2024-03-30 16:25:25','2024-03-30 16:25:27',345),(58,76,3,'2024-03-30 16:25:25','2024-03-30 16:25:27',345),(59,77,3,'2024-03-30 16:25:25','2024-03-30 16:25:27',345),(60,78,3,'2024-03-30 16:25:25','2024-03-30 16:25:27',345),(61,79,3,'2024-03-30 16:25:25','2024-03-30 16:25:27',345),(62,80,3,'2024-03-30 16:25:25','2024-03-30 16:25:27',345),(63,81,3,'2024-03-30 16:25:25','2024-03-30 16:25:27',345),(64,82,3,'2024-03-30 16:25:25','2024-03-30 16:25:27',345),(65,83,3,'2024-03-30 16:25:25','2024-03-30 16:25:27',345),(66,84,3,'2024-03-30 16:25:25','2024-03-30 16:25:27',345),(67,85,3,'2024-03-30 16:25:25','2024-03-30 16:25:27',345),(68,86,3,'2024-03-30 16:25:25','2024-03-30 16:25:27',345),(69,87,3,'2024-03-30 16:25:25','2024-03-30 16:25:27',345),(70,88,3,'2024-03-30 16:25:25','2024-03-30 16:25:27',345),(71,89,3,'2024-03-30 16:25:25','2024-03-30 16:25:27',345),(72,90,3,'2024-03-30 16:25:25','2024-03-30 16:25:27',345),(73,91,3,'2024-03-30 16:25:25','2024-03-30 16:25:27',345),(74,92,3,'2024-03-30 16:25:25','2024-03-30 16:25:27',345),(75,93,3,'2024-03-30 16:25:25','2024-03-30 16:25:27',345),(76,94,3,'2024-03-30 16:25:25','2024-03-30 16:25:27',345),(77,95,3,'2024-03-30 16:25:25','2024-03-30 16:25:27',345),(78,96,3,'2024-03-30 16:25:25','2024-03-30 16:25:27',345),(79,97,3,'2024-03-30 16:25:25','2024-03-30 16:25:27',345),(80,98,3,'2024-03-30 16:25:25','2024-03-30 16:25:27',345),(81,99,3,'2024-03-30 16:25:25','2024-03-30 16:25:27',345),(82,100,3,'2024-03-30 16:25:25','2024-03-30 16:25:27',345),(83,101,3,'2024-03-30 16:25:25','2024-03-30 16:25:27',345),(84,102,3,'2024-03-30 16:25:25','2024-03-30 16:25:27',345),(85,103,3,'2024-03-30 16:25:25','2024-03-30 16:25:27',345),(86,104,3,'2024-03-30 16:25:25','2024-03-30 16:25:27',345),(87,105,3,'2024-03-30 16:25:25','2024-03-30 16:25:27',345),(88,106,3,'2024-03-30 16:25:25','2024-03-30 16:25:27',345),(89,107,3,'2024-03-30 16:25:25','2024-03-30 16:25:27',345),(90,108,3,'2024-03-30 16:25:25','2024-03-30 16:25:27',345),(91,109,3,'2024-03-30 16:25:25','2024-03-30 16:25:27',345),(92,110,3,'2024-03-30 16:25:25','2024-03-30 16:25:27',345),(93,111,3,'2024-03-30 16:25:25','2024-03-30 16:25:27',345),(94,112,3,'2024-03-30 16:25:25','2024-03-30 16:25:27',345),(95,113,3,'2024-03-30 16:25:25','2024-03-30 16:25:27',345),(96,114,3,'2024-03-30 16:25:25','2024-03-30 16:25:27',345),(97,115,3,'2024-03-30 16:25:25','2024-03-30 16:25:27',345),(98,116,3,'2024-03-30 16:25:25','2024-03-30 16:25:27',345),(99,117,3,'2024-03-30 16:25:25','2024-03-30 16:25:27',345),(100,118,3,'2024-03-30 16:25:25','2024-03-30 16:25:27',345),(101,119,3,'2024-03-30 16:25:25','2024-03-30 16:25:27',345),(102,120,3,'2024-03-30 16:25:25','2024-03-30 16:25:27',345),(103,121,3,'2024-03-30 16:25:25','2024-03-30 16:25:27',345),(104,122,3,'2024-03-30 16:25:25','2024-03-30 16:25:27',345),(105,123,3,'2024-03-30 16:25:25','2024-03-30 16:25:27',345),(106,124,3,'2024-03-30 16:25:25','2024-03-30 16:25:27',345),(107,125,3,'2024-03-30 16:25:25','2024-03-30 16:25:27',345),(108,126,3,'2024-03-30 16:25:25','2024-03-30 16:25:27',345),(109,127,3,'2024-03-30 16:25:25','2024-03-30 16:25:27',345),(110,128,3,'2024-03-30 16:25:25','2024-03-30 16:25:27',345),(111,129,3,'2024-03-30 16:25:25','2024-03-30 16:25:27',345),(112,130,3,'2024-03-30 16:25:25','2024-03-30 16:25:27',345),(113,131,3,'2024-03-30 16:25:25','2024-03-30 16:25:27',345),(114,132,3,'2024-03-30 16:25:25','2024-03-30 16:25:27',345),(115,133,3,'2024-03-30 16:25:25','2024-03-30 16:25:27',345),(116,134,3,'2024-03-30 16:25:25','2024-03-30 16:25:27',345),(117,135,3,'2024-03-30 16:25:25','2024-03-30 16:25:27',345),(118,136,3,'2024-03-30 16:25:25','2024-03-30 16:25:27',345),(119,137,3,'2024-03-30 16:25:25','2024-03-30 16:25:27',345),(120,138,3,'2024-03-30 16:25:25','2024-03-30 16:25:27',345),(121,139,3,'2024-03-30 16:25:25','2024-03-30 16:25:27',345),(122,140,3,'2024-03-30 16:25:26','2024-03-30 16:25:27',345),(123,141,3,'2024-03-30 16:25:26','2024-03-30 16:25:27',345),(124,142,3,'2024-03-30 16:25:26','2024-03-30 16:25:27',345),(125,143,3,'2024-03-30 16:25:26','2024-03-30 16:25:27',345),(126,144,3,'2024-03-30 16:25:26','2024-03-30 16:25:27',345),(127,145,3,'2024-03-30 16:25:26','2024-03-30 16:25:27',345),(128,146,3,'2024-03-30 16:25:26','2024-03-30 16:25:27',345),(129,147,3,'2024-03-30 16:25:26','2024-03-30 16:25:27',345),(130,148,3,'2024-03-30 16:25:26','2024-03-30 16:25:27',345),(131,149,3,'2024-03-30 16:25:26','2024-03-30 16:25:27',345),(132,151,3,'2024-03-30 16:25:26','2024-03-30 16:25:27',345),(133,19,2,'2024-03-30 16:26:18','2024-03-30 16:26:18',1),(134,20,2,'2024-03-30 16:26:18','2024-03-30 16:26:18',1),(135,21,2,'2024-03-30 16:26:18','2024-03-30 16:26:18',1),(136,22,2,'2024-03-30 16:26:18','2024-03-30 16:26:18',1),(137,23,2,'2024-03-30 16:26:18','2024-03-30 16:26:18',1),(138,24,2,'2024-03-30 16:26:18','2024-03-30 16:26:18',1),(139,25,2,'2024-03-30 16:26:18','2024-03-30 16:26:18',1),(140,26,2,'2024-03-30 16:26:18','2024-03-30 16:26:18',1),(141,27,2,'2024-03-30 16:26:18','2024-03-30 16:26:18',1),(142,28,2,'2024-03-30 16:26:18','2024-03-30 16:26:18',1),(143,29,2,'2024-03-30 16:26:18','2024-03-30 16:26:18',1),(144,30,2,'2024-03-30 16:26:18','2024-03-30 16:26:18',1),(145,31,2,'2024-03-30 16:26:18','2024-03-30 16:26:18',1),(146,32,2,'2024-03-30 16:26:18','2024-03-30 16:26:18',1),(147,33,2,'2024-03-30 16:26:18','2024-03-30 16:26:18',1),(148,34,2,'2024-03-30 16:26:18','2024-03-30 16:26:18',1),(149,35,2,'2024-03-30 16:26:18','2024-03-30 16:26:18',1),(150,36,2,'2024-03-30 16:26:18','2024-03-30 16:26:18',1),(151,37,2,'2024-03-30 16:26:18','2024-03-30 16:26:18',1),(152,38,2,'2024-03-30 16:26:18','2024-03-30 16:26:18',1),(153,39,2,'2024-03-30 16:26:18','2024-03-30 16:26:18',1),(154,40,2,'2024-03-30 16:26:18','2024-03-30 16:26:18',1),(155,41,2,'2024-03-30 16:26:18','2024-03-30 16:26:18',1),(156,42,2,'2024-03-30 16:26:18','2024-03-30 16:26:18',1),(157,43,2,'2024-03-30 16:26:18','2024-03-30 16:26:18',1),(158,44,2,'2024-03-30 16:26:18','2024-03-30 16:26:18',1),(159,45,2,'2024-03-30 16:26:18','2024-03-30 16:26:18',1),(160,46,2,'2024-03-30 16:26:18','2024-03-30 16:26:18',1),(161,47,2,'2024-03-30 16:26:19','2024-03-30 16:26:19',1),(162,48,2,'2024-03-30 16:26:19','2024-03-30 16:26:19',1),(163,49,2,'2024-03-30 16:26:19','2024-03-30 16:26:19',1),(164,50,2,'2024-03-30 16:26:19','2024-03-30 16:26:19',1),(165,51,2,'2024-03-30 16:26:19','2024-03-30 16:26:19',1),(166,52,2,'2024-03-30 16:26:19','2024-03-30 16:26:19',1),(167,53,2,'2024-03-30 16:26:19','2024-03-30 16:26:19',1),(168,54,2,'2024-03-30 16:26:19','2024-03-30 16:26:19',1),(169,55,2,'2024-03-30 16:26:19','2024-03-30 16:26:19',1),(170,56,2,'2024-03-30 16:26:19','2024-03-30 16:26:19',1),(171,57,2,'2024-03-30 16:26:19','2024-03-30 16:26:19',1),(172,58,2,'2024-03-30 16:26:19','2024-03-30 16:26:19',1),(173,59,2,'2024-03-30 16:26:19','2024-03-30 16:26:19',1),(174,60,2,'2024-03-30 16:26:19','2024-03-30 16:26:19',1),(175,61,2,'2024-03-30 16:26:19','2024-03-30 16:26:19',1),(176,62,2,'2024-03-30 16:26:19','2024-03-30 16:26:19',1),(177,63,2,'2024-03-30 16:26:19','2024-03-30 16:26:19',1),(178,64,2,'2024-03-30 16:26:19','2024-03-30 16:26:19',1),(179,65,2,'2024-03-30 16:26:19','2024-03-30 16:26:19',1),(180,66,2,'2024-03-30 16:26:19','2024-03-30 16:26:19',1),(181,67,2,'2024-03-30 16:26:19','2024-03-30 16:26:19',1),(182,68,2,'2024-03-30 16:26:19','2024-03-30 16:26:19',1),(183,69,2,'2024-03-30 16:26:19','2024-03-30 16:26:19',1),(184,70,2,'2024-03-30 16:26:19','2024-03-30 16:26:19',1),(185,71,2,'2024-03-30 16:26:19','2024-03-30 16:26:19',1),(186,72,2,'2024-03-30 16:26:19','2024-03-30 16:26:19',1),(187,73,2,'2024-03-30 16:26:19','2024-03-30 16:26:19',1),(188,74,2,'2024-03-30 16:26:19','2024-03-30 16:26:19',1),(189,75,2,'2024-03-30 16:26:19','2024-03-30 16:26:19',1),(190,76,2,'2024-03-30 16:26:19','2024-03-30 16:26:19',1),(191,77,2,'2024-03-30 16:26:19','2024-03-30 16:26:19',1),(192,78,2,'2024-03-30 16:26:19','2024-03-30 16:26:19',1),(193,79,2,'2024-03-30 16:26:19','2024-03-30 16:26:19',1),(194,80,2,'2024-03-30 16:26:19','2024-03-30 16:26:19',1),(195,81,2,'2024-03-30 16:26:19','2024-03-30 16:26:19',1),(196,82,2,'2024-03-30 16:26:19','2024-03-30 16:26:19',1),(197,83,2,'2024-03-30 16:26:19','2024-03-30 16:26:19',1),(198,84,2,'2024-03-30 16:26:19','2024-03-30 16:26:19',1),(199,85,2,'2024-03-30 16:26:19','2024-03-30 16:26:19',1),(200,86,2,'2024-03-30 16:26:19','2024-03-30 16:26:19',1),(201,87,2,'2024-03-30 16:26:19','2024-03-30 16:26:19',1),(202,88,2,'2024-03-30 16:26:19','2024-03-30 16:26:19',1),(203,89,2,'2024-03-30 16:26:19','2024-03-30 16:26:19',1),(204,90,2,'2024-03-30 16:26:19','2024-03-30 16:26:19',1),(205,91,2,'2024-03-30 16:26:19','2024-03-30 16:26:19',1),(206,92,2,'2024-03-30 16:26:19','2024-03-30 16:26:19',1),(207,93,2,'2024-03-30 16:26:19','2024-03-30 16:26:19',1),(208,94,2,'2024-03-30 16:26:19','2024-03-30 16:26:19',1),(209,95,2,'2024-03-30 16:26:19','2024-03-30 16:26:19',1),(210,96,2,'2024-03-30 16:26:19','2024-03-30 16:26:19',1),(211,97,2,'2024-03-30 16:26:19','2024-03-30 16:26:19',1),(212,98,2,'2024-03-30 16:26:19','2024-03-30 16:26:19',1),(213,99,2,'2024-03-30 16:26:19','2024-03-30 16:26:19',1),(214,100,2,'2024-03-30 16:26:19','2024-03-30 16:26:19',1),(215,101,2,'2024-03-30 16:26:19','2024-03-30 16:26:19',1),(216,102,2,'2024-03-30 16:26:19','2024-03-30 16:26:19',1),(217,103,2,'2024-03-30 16:26:19','2024-03-30 16:26:19',1),(218,104,2,'2024-03-30 16:26:19','2024-03-30 16:26:19',1),(219,105,2,'2024-03-30 16:26:19','2024-03-30 16:26:19',1),(220,106,2,'2024-03-30 16:26:19','2024-03-30 16:26:19',1),(221,107,2,'2024-03-30 16:26:19','2024-03-30 16:26:19',1),(222,108,2,'2024-03-30 16:26:19','2024-03-30 16:26:19',1),(223,109,2,'2024-03-30 16:26:19','2024-03-30 16:26:19',1),(224,110,2,'2024-03-30 16:26:19','2024-03-30 16:26:19',1),(225,111,2,'2024-03-30 16:26:19','2024-03-30 16:26:19',1),(226,112,2,'2024-03-30 16:26:19','2024-03-30 16:26:19',1),(227,113,2,'2024-03-30 16:26:19','2024-03-30 16:26:19',1),(228,114,2,'2024-03-30 16:26:19','2024-03-30 16:26:19',1),(229,115,2,'2024-03-30 16:26:19','2024-03-30 16:26:19',1),(230,116,2,'2024-03-30 16:26:19','2024-03-30 16:26:19',1),(231,117,2,'2024-03-30 16:26:19','2024-03-30 16:26:19',1),(232,118,2,'2024-03-30 16:26:19','2024-03-30 16:26:19',1),(233,119,2,'2024-03-30 16:26:19','2024-03-30 16:26:19',1),(234,120,2,'2024-03-30 16:26:19','2024-03-30 16:26:19',1),(235,121,2,'2024-03-30 16:26:19','2024-03-30 16:26:19',1),(236,122,2,'2024-03-30 16:26:19','2024-03-30 16:26:19',1),(237,123,2,'2024-03-30 16:26:19','2024-03-30 16:26:19',1),(238,124,2,'2024-03-30 16:26:19','2024-03-30 16:26:19',1),(239,125,2,'2024-03-30 16:26:19','2024-03-30 16:26:19',1),(240,126,2,'2024-03-30 16:26:19','2024-03-30 16:26:19',1),(241,127,2,'2024-03-30 16:26:19','2024-03-30 16:26:19',1),(242,128,2,'2024-03-30 16:26:19','2024-03-30 16:26:19',1),(243,129,2,'2024-03-30 16:26:19','2024-03-30 16:26:19',1),(244,130,2,'2024-03-30 16:26:19','2024-03-30 16:26:19',1),(245,131,2,'2024-03-30 16:26:19','2024-03-30 16:26:19',1),(246,132,2,'2024-03-30 16:26:19','2024-03-30 16:26:19',1),(247,133,2,'2024-03-30 16:26:19','2024-03-30 16:26:19',1),(248,134,2,'2024-03-30 16:26:19','2024-03-30 16:26:19',1),(249,135,2,'2024-03-30 16:26:19','2024-03-30 16:26:19',1),(250,136,2,'2024-03-30 16:26:19','2024-03-30 16:26:19',1),(251,137,2,'2024-03-30 16:26:19','2024-03-30 16:26:19',1),(252,138,2,'2024-03-30 16:26:19','2024-03-30 16:26:19',1),(253,139,2,'2024-03-30 16:26:19','2024-03-30 16:26:19',1),(254,140,2,'2024-03-30 16:26:19','2024-03-30 16:26:19',1),(255,141,2,'2024-03-30 16:26:19','2024-03-30 16:26:19',1),(256,142,2,'2024-03-30 16:26:19','2024-03-30 16:26:19',1),(257,143,2,'2024-03-30 16:26:19','2024-03-30 16:26:19',1),(258,144,2,'2024-03-30 16:26:19','2024-03-30 16:26:19',1),(259,145,2,'2024-03-30 16:26:19','2024-03-30 16:26:19',1),(260,146,2,'2024-03-30 16:26:19','2024-03-30 16:26:19',1),(261,147,2,'2024-03-30 16:26:19','2024-03-30 16:26:19',1),(262,148,2,'2024-03-30 16:26:19','2024-03-30 16:26:19',1),(263,149,2,'2024-03-30 16:26:19','2024-03-30 16:26:19',1),(264,151,2,'2024-03-30 16:26:19','2024-03-30 16:26:19',1);

--
-- Table structure for table `arrival_times`
--

CREATE TABLE `arrival_times` (
  `id` int unsigned NOT NULL AUTO_INCREMENT,
  `arrival_id` int unsigned NOT NULL,
  `from` varchar(255) CHARACTER SET utf8mb4 COLLATE utf8mb4_unicode_ci NOT NULL,
  `to` varchar(255) CHARACTER SET utf8mb4 COLLATE utf8mb4_unicode_ci NOT NULL,
  `created_at` timestamp NULL DEFAULT NULL,
  `updated_at` timestamp NULL DEFAULT NULL,
  PRIMARY KEY (`id`),
  KEY `arrival_times_arrival_id_foreign` (`arrival_id`),
  CONSTRAINT `arrival_times_arrival_id_foreign` FOREIGN KEY (`arrival_id`) REFERENCES `arrivals` (`id`) ON DELETE CASCADE
) ENGINE=InnoDB AUTO_INCREMENT=28 DEFAULT CHARSET=utf8mb4 COLLATE=utf8mb4_unicode_ci;

--
-- Dumping data for table `arrival_times`
--

INSERT INTO `arrival_times` (`id`, `arrival_id`, `from`, `to`, `created_at`, `updated_at`) VALUES (11,2,'15:00','19:00','2022-12-20 21:36:18','2022-12-20 21:36:18'),(12,3,'15:00','19:00','2022-12-20 21:36:42','2022-12-20 21:36:42'),(13,4,'15:00','19:00','2022-12-20 21:37:05','2022-12-20 21:37:05'),(14,5,'15:00','19:00','2022-12-20 21:37:27','2022-12-20 21:37:27'),(15,6,'15:00','19:00','2022-12-20 21:37:47','2022-12-20 21:37:47'),(18,7,'18:07','17:07','2024-03-30 16:07:21','2024-03-30 16:07:21'),(23,1,'15:00','19:00','2024-04-28 12:43:03','2024-04-28 12:43:03'),(24,1,'12:44','12:45','2024-04-28 12:43:03','2024-04-28 12:43:03'),(25,1,'12:44','12:42','2024-04-28 12:43:03','2024-04-28 12:43:03'),(26,8,'20:11','20:11','2024-05-11 18:11:19','2024-05-11 18:11:19'),(27,9,'01:12','02:12','2024-05-17 00:12:49','2024-05-17 00:12:49');

--
-- Table structure for table `arrivals`
--

CREATE TABLE `arrivals` (
  `id` int unsigned NOT NULL AUTO_INCREMENT,
  `day` varchar(255) CHARACTER SET utf8mb4 COLLATE utf8mb4_unicode_ci NOT NULL,
  `avalibale` int NOT NULL DEFAULT '1',
  `created_at` timestamp NULL DEFAULT NULL,
  `updated_at` timestamp NULL DEFAULT NULL,
  `user_id` int DEFAULT NULL,
  PRIMARY KEY (`id`)
) ENGINE=InnoDB AUTO_INCREMENT=11 DEFAULT CHARSET=utf8mb4 COLLATE=utf8mb4_unicode_ci;

--
-- Dumping data for table `arrivals`
--

INSERT INTO `arrivals` (`id`, `day`, `avalibale`, `created_at`, `updated_at`, `user_id`) VALUES (1,'Saturday',1,'2022-06-23 07:18:36','2024-04-28 12:42:50',1),(2,'Sunday',1,'2022-12-20 21:36:18','2022-12-20 21:36:18',NULL),(3,'Monday',1,'2022-12-20 21:36:42','2022-12-20 21:36:42',NULL),(4,'Tuesday',1,'2022-12-20 21:37:05','2022-12-20 21:37:05',NULL),(5,'Wednesday',1,'2022-12-20 21:37:27','2022-12-20 21:37:27',NULL),(6,'Thursday',1,'2022-12-20 21:37:47','2022-12-20 21:37:47',NULL),(7,'Saturday',1,'2024-03-30 16:07:21','2024-03-30 16:07:27',345),(8,'Saturday',1,'2024-05-11 18:11:19','2024-05-11 18:14:10',344),(9,'Friday',1,'2024-05-17 00:12:49','2024-05-17 00:12:49',386),(10,'Saturday',1,'2024-05-17 00:12:50','2024-05-17 00:12:50',386);

--
-- Table structure for table `branche_translations`
--

CREATE TABLE `branche_translations` (
  `id` int unsigned NOT NULL AUTO_INCREMENT,
  `branche_id` int unsigned NOT NULL,
  `name` varchar(255) CHARACTER SET utf8mb4 COLLATE utf8mb4_unicode_ci NOT NULL,
  `address` varchar(255) CHARACTER SET utf8mb4 COLLATE utf8mb4_unicode_ci NOT NULL,
  `locale` varchar(255) CHARACTER SET utf8mb4 COLLATE utf8mb4_unicode_ci NOT NULL,
  `created_at` timestamp NULL DEFAULT NULL,
  `updated_at` timestamp NULL DEFAULT NULL,
  PRIMARY KEY (`id`),
  UNIQUE KEY `branches_translations_branches_id_locale_unique` (`branche_id`,`locale`),
  KEY `branches_translations_locale_index` (`locale`),
  CONSTRAINT `branches_translations_branches_id_foreign` FOREIGN KEY (`branche_id`) REFERENCES `branches` (`id`) ON DELETE CASCADE
) ENGINE=InnoDB AUTO_INCREMENT=9 DEFAULT CHARSET=utf8mb4 COLLATE=utf8mb4_unicode_ci;

--
-- Dumping data for table `branche_translations`
--

INSERT INTO `branche_translations` (`id`, `branche_id`, `name`, `address`, `locale`, `created_at`, `updated_at`) VALUES (3,5,'الفرع الاول','العنوان الاول للفرع الاول','ar',NULL,NULL),(4,5,'first branch','first first branch','en',NULL,NULL),(5,6,'الفرع الاول','الفرع الاول','ar',NULL,NULL),(6,6,'الفرع الاول','الفرع الاول','en',NULL,NULL),(7,7,'الفرع الثاني','الفرع الثاني','ar',NULL,NULL),(8,7,'الفرع الثاني','الفرع الثاني','en',NULL,NULL);

--
-- Table structure for table `branches`
--

CREATE TABLE `branches` (
  `id` int unsigned NOT NULL AUTO_INCREMENT,
  `status` int NOT NULL DEFAULT '1',
  `checkStatus` int NOT NULL DEFAULT '1',
  `image` varchar(255) CHARACTER SET utf8mb4 COLLATE utf8mb4_unicode_ci DEFAULT NULL,
  `from` time DEFAULT NULL,
  `to` time DEFAULT NULL,
  `location` varchar(255) CHARACTER SET utf8mb4 COLLATE utf8mb4_unicode_ci DEFAULT NULL,
  `created_at` timestamp NULL DEFAULT NULL,
  `updated_at` timestamp NULL DEFAULT NULL,
  `user_id` int DEFAULT NULL,
  `region_id` int DEFAULT NULL,
  `branch_manager` int DEFAULT NULL,
  PRIMARY KEY (`id`)
) ENGINE=InnoDB AUTO_INCREMENT=8 DEFAULT CHARSET=utf8mb4 COLLATE=utf8mb4_unicode_ci;

--
-- Dumping data for table `branches`
--

INSERT INTO `branches` (`id`, `status`, `checkStatus`, `image`, `from`, `to`, `location`, `created_at`, `updated_at`, `user_id`, `region_id`, `branch_manager`) VALUES (5,1,1,NULL,'01:55:00','13:55:00','https://sa.investing.com/currencies/usd-egpp','2024-03-31 22:55:20','2024-04-21 12:24:21',344,19,NULL),(6,1,1,NULL,'14:35:00','14:35:00','https://lachet.topapp-kw.com/ar/cpanel/admin/branches/create?id=345','2024-03-31 23:35:38','2024-05-11 19:18:05',345,19,372),(7,1,1,NULL,'02:48:00','17:48:00','location link','2024-04-01 01:48:53','2024-05-04 13:59:31',345,20,NULL);

--
-- Table structure for table `brand_translations`
--

CREATE TABLE `brand_translations` (
  `id` int unsigned NOT NULL AUTO_INCREMENT,
  `brand_id` int unsigned NOT NULL,
  `title` varchar(255) CHARACTER SET utf8mb4 COLLATE utf8mb4_unicode_ci NOT NULL,
  `locale` varchar(255) CHARACTER SET utf8mb4 COLLATE utf8mb4_unicode_ci NOT NULL,
  `created_at` timestamp NULL DEFAULT NULL,
  `updated_at` timestamp NULL DEFAULT NULL,
  PRIMARY KEY (`id`),
  UNIQUE KEY `brand_translations_brand_id_locale_unique` (`brand_id`,`locale`),
  KEY `brand_translations_locale_index` (`locale`),
  CONSTRAINT `brand_translations_brand_id_foreign` FOREIGN KEY (`brand_id`) REFERENCES `brands` (`id`) ON DELETE CASCADE
) ENGINE=InnoDB AUTO_INCREMENT=3 DEFAULT CHARSET=utf8mb4 COLLATE=utf8mb4_unicode_ci;

--
-- Dumping data for table `brand_translations`
--


--
-- Table structure for table `brands`
--

CREATE TABLE `brands` (
  `id` int unsigned NOT NULL AUTO_INCREMENT,
  `image` varchar(255) CHARACTER SET utf8mb4 COLLATE utf8mb4_unicode_ci DEFAULT NULL,
  `status` int NOT NULL DEFAULT '1',
  `created_at` timestamp NULL DEFAULT NULL,
  `updated_at` timestamp NULL DEFAULT NULL,
  PRIMARY KEY (`id`)
) ENGINE=InnoDB AUTO_INCREMENT=8 DEFAULT CHARSET=utf8mb4 COLLATE=utf8mb4_unicode_ci;

--
-- Dumping data for table `brands`
--


--
-- Table structure for table `categories`
--

CREATE TABLE `categories` (
  `id` int unsigned NOT NULL AUTO_INCREMENT,
  `image` varchar(255) CHARACTER SET utf8mb4 COLLATE utf8mb4_unicode_ci DEFAULT NULL,
  `status` tinyint(1) NOT NULL DEFAULT '0',
  `parent_id` int NOT NULL,
  `color_name` varchar(255) CHARACTER SET utf8mb4 COLLATE utf8mb4_unicode_ci NOT NULL,
  `created_at` timestamp NULL DEFAULT NULL,
  `updated_at` timestamp NULL DEFAULT NULL,
  `deleted_at` timestamp NULL DEFAULT NULL,
  `main` int DEFAULT '0',
  `show` int NOT NULL DEFAULT '0',
  `offer_id` int DEFAULT NULL,
  `order` int DEFAULT NULL,
  `banner` varchar(191) COLLATE utf8mb4_unicode_ci DEFAULT NULL,
  `done` int DEFAULT '0',
  PRIMARY KEY (`id`)
) ENGINE=InnoDB AUTO_INCREMENT=31 DEFAULT CHARSET=utf8mb4 COLLATE=utf8mb4_unicode_ci;

--
-- Dumping data for table `categories`
--

INSERT INTO `categories` (`id`, `image`, `status`, `parent_id`, `color_name`, `created_at`, `updated_at`, `deleted_at`, `main`, `show`, `offer_id`, `order`, `banner`, `done`) VALUES (1,'2024-05-07-400343070424024124788430_item.jpg',1,0,'','2024-02-18 12:48:49','2024-05-12 13:25:18','2024-05-12 13:25:18',1,0,NULL,4,NULL,1),(7,'2024-05-18-Sports Shoes (15241)_2022_10_30_10_56_27_926.jpg',1,0,'','2024-03-03 18:43:44','2024-05-28 21:28:26','2024-05-28 21:28:26',0,1,NULL,3,NULL,1),(9,'2024-05-18-Oriental Perfumes_2022_09_13_13_15_11_451.jpg',1,0,'','2024-04-21 12:32:25','2024-05-18 13:42:06','2024-05-18 13:42:06',0,1,NULL,1,NULL,1),(12,'2024-10-07-a1.png',1,0,'','2024-05-07 17:16:55','2024-10-07 22:34:00',NULL,0,0,NULL,2,NULL,1),(14,'2024-10-07-Screenshot 2024-10-07 at 12.27.05 AM.png',1,0,'','2024-05-18 13:41:10','2024-10-07 00:27:58',NULL,0,0,NULL,NULL,'2024-06-25-2024-06-12-ورق-عنببب.png',1),(15,'2024-10-07-a4.png',1,0,'','2024-05-18 13:41:45','2024-10-07 22:35:41',NULL,0,0,NULL,NULL,NULL,1),(16,'2024-05-18-Trackpants (2325)_2022_09_13_13_01_14_611.jpg',1,0,'','2024-05-18 13:42:28','2024-05-28 21:28:16','2024-05-28 21:28:16',0,1,NULL,NULL,NULL,1),(17,'2024-10-07-تطبيق-لامارشيه12.png',1,0,'','2024-05-28 21:22:00','2024-10-07 00:30:08',NULL,0,0,NULL,NULL,NULL,1),(18,'2024-10-07-a8.png',1,0,'','2024-05-28 21:23:00','2024-10-07 22:40:01',NULL,0,0,NULL,NULL,NULL,1),(19,'2024-05-28-صور-مكياج-يلا-صور.jpg',1,0,'','2024-05-28 21:29:56','2024-05-30 16:46:46',NULL,0,1,NULL,NULL,NULL,1),(20,'2024-10-07-a3.png',1,0,'','2024-05-28 21:31:13','2024-10-07 22:46:33',NULL,0,0,NULL,NULL,NULL,1),(21,'2024-05-28-1673875951-swim-coach-writing-on-clipboard-2021-08-28-16-44-36-utc-1024x615.jpg',1,0,'','2024-05-28 21:33:16','2024-05-30 16:46:56',NULL,0,1,NULL,NULL,NULL,1),(22,'2024-05-28-تعليم-ركوب-الخيل-للأطفال-كل-ما-قد-يهمك.jpg',1,0,'','2024-05-28 21:35:25','2024-05-30 16:46:52',NULL,0,1,NULL,NULL,NULL,1),(23,'2024-06-25-2024-06-12-ورق-عنببب.png',0,0,'','2024-06-25 19:20:39','2024-06-25 19:20:52','2024-06-25 19:20:52',0,0,NULL,NULL,'2024-06-25-2024-06-12-ورق-عنببب.png',1),(24,NULL,0,0,'','2024-06-27 22:52:22','2024-06-27 22:52:22',NULL,0,0,NULL,NULL,NULL,0),(25,'2024-10-07-a6.png',1,0,'','2024-06-27 23:02:10','2024-10-07 22:42:29',NULL,0,0,NULL,NULL,NULL,1),(26,'2024-10-07-a7.png',1,0,'','2024-06-29 21:58:41','2024-10-07 22:40:53',NULL,0,0,NULL,NULL,NULL,1),(27,'2024-10-07-a5.png',1,0,'','2024-06-29 22:02:34','2024-10-07 22:45:26',NULL,0,0,NULL,NULL,NULL,1),(28,'2024-10-07-تطبيق-لامارشيه13.png',1,0,'','2024-06-29 22:05:17','2024-10-07 00:32:16',NULL,0,0,NULL,NULL,NULL,1),(29,'2024-07-09-2804001-370694028.jpg',1,0,'','2024-07-09 16:05:37','2024-10-07 22:48:40','2024-10-07 22:48:40',0,0,NULL,NULL,NULL,1),(30,'2024-11-21-2024-10-07-a7.png',1,0,'','2024-10-21 18:21:08','2024-11-21 10:39:17',NULL,0,0,NULL,NULL,NULL,1);

--
-- Table structure for table `category_translations`
--

CREATE TABLE `category_translations` (
  `id` int unsigned NOT NULL AUTO_INCREMENT,
  `category_id` int unsigned NOT NULL,
  `name` varchar(255) CHARACTER SET utf8mb4 COLLATE utf8mb4_unicode_ci NOT NULL,
  `locale` varchar(255) CHARACTER SET utf8mb4 COLLATE utf8mb4_unicode_ci NOT NULL,
  `created_at` timestamp NULL DEFAULT NULL,
  `updated_at` timestamp NULL DEFAULT NULL,
  PRIMARY KEY (`id`),
  UNIQUE KEY `category_translations_category_id_locale_unique` (`category_id`,`locale`),
  KEY `category_translations_locale_index` (`locale`),
  CONSTRAINT `category_translations_category_id_foreign` FOREIGN KEY (`category_id`) REFERENCES `categories` (`id`) ON DELETE CASCADE
) ENGINE=InnoDB AUTO_INCREMENT=57 DEFAULT CHARSET=utf8mb4 COLLATE=utf8mb4_unicode_ci;

--
-- Dumping data for table `category_translations`
--

INSERT INTO `category_translations` (`id`, `category_id`, `name`, `locale`, `created_at`, `updated_at`) VALUES (1,1,'حلويات','ar',NULL,NULL),(2,1,'حلويات','en',NULL,NULL),(11,7,'احذية','ar',NULL,NULL),(12,7,'احذية','en',NULL,NULL),(15,9,'عطور','ar',NULL,NULL),(16,9,'عطور','en',NULL,NULL),(21,12,'عبايات','ar',NULL,NULL),(22,12,'عبايات','en',NULL,NULL),(25,14,'نظارات','ar',NULL,NULL),(26,14,'Men\'s glasses','en',NULL,NULL),(27,15,'عناية بالبشرة','ar',NULL,NULL),(28,15,'Skin care','en',NULL,NULL),(29,16,'بنطلونات جري','ar',NULL,NULL),(30,16,'بنطلونات جري','en',NULL,NULL),(31,17,'مستلزمات حيوانات','ar',NULL,NULL),(32,17,'ملابس رجالي','en',NULL,NULL),(33,18,'تجميل','ar',NULL,NULL),(34,18,'makeup','en',NULL,NULL),(35,19,'ميكب ارتست','ar',NULL,NULL),(36,19,'ميكب ارتست','en',NULL,NULL),(37,20,'المطاعم','ar',NULL,NULL),(38,20,'Restaurants','en',NULL,NULL),(39,21,'مدرب سباحة','ar',NULL,NULL),(40,21,'مدرب سباحة','en',NULL,NULL),(41,22,'ركوب خيل','ar',NULL,NULL),(42,22,'ركوب خيل','en',NULL,NULL),(43,23,'asdsa','ar',NULL,NULL),(44,23,'asdasd','en',NULL,NULL),(45,25,'سوارية','ar',NULL,NULL),(46,25,'سوارية','en',NULL,NULL),(47,26,'عطور','ar',NULL,NULL),(48,26,'Perfumes','en',NULL,NULL),(49,27,'عرايس','ar',NULL,NULL),(50,27,'Brides','en',NULL,NULL),(51,28,'العناية بالجسم','ar',NULL,NULL),(52,28,'العناية بالجسم','en',NULL,NULL),(53,29,'مكياج','ar',NULL,NULL),(54,29,'مكياج','en',NULL,NULL),(55,30,'كاجول','ar',NULL,NULL),(56,30,'كاجول','en',NULL,NULL);

--
-- Table structure for table `contacts`
--

CREATE TABLE `contacts` (
  `id` int unsigned NOT NULL AUTO_INCREMENT,
  `name` varchar(255) CHARACTER SET utf8mb4 COLLATE utf8mb4_unicode_ci NOT NULL,
  `email` varchar(255) CHARACTER SET utf8mb4 COLLATE utf8mb4_unicode_ci NOT NULL,
  `comment` text CHARACTER SET utf8mb4 COLLATE utf8mb4_unicode_ci NOT NULL,
  `phone` varchar(255) CHARACTER SET utf8mb4 COLLATE utf8mb4_unicode_ci NOT NULL,
  `created_at` timestamp NULL DEFAULT NULL,
  `updated_at` timestamp NULL DEFAULT NULL,
  `status` int DEFAULT '0',
  PRIMARY KEY (`id`)
) ENGINE=InnoDB AUTO_INCREMENT=4 DEFAULT CHARSET=utf8mb4 COLLATE=utf8mb4_unicode_ci;

--
-- Dumping data for table `contacts`
--

INSERT INTO `contacts` (`id`, `name`, `email`, `comment`, `phone`, `created_at`, `updated_at`, `status`) VALUES (1,'anwer','','wertwertrw','67782374','2024-05-06 18:34:24','2024-05-26 16:10:14',1),(2,'anwer','','wertwer','67782374','2024-05-06 18:35:56','2024-05-26 16:10:18',1),(3,'Wadha','','سلام عليكم يعطيكم العافيه انا جديده على البرنامج وصاحبه مشروع ملابس نسائيه سويت حساب بس مافي قسم يخص الملابس النسائيه او اللانجري بالاقسام ؟! اتمنى تشوفون حل لهلمشكله وشكرا','51051500','2024-11-06 07:35:49','2024-11-06 07:35:49',0);

--
-- Table structure for table `countries`
--

CREATE TABLE `countries` (
  `id` int unsigned NOT NULL AUTO_INCREMENT,
  `status` tinyint(1) NOT NULL DEFAULT '1',
  `image` varchar(191) CHARACTER SET utf8mb4 COLLATE utf8mb4_unicode_ci DEFAULT NULL,
  `code` varchar(191) CHARACTER SET utf8mb4 COLLATE utf8mb4_unicode_ci DEFAULT NULL,
  `currency` varchar(191) CHARACTER SET utf8mb4 COLLATE utf8mb4_unicode_ci DEFAULT NULL,
  `address_address` varchar(191) CHARACTER SET utf8mb4 COLLATE utf8mb4_unicode_ci NOT NULL,
  `address_latitude` double NOT NULL,
  `address_longitude` double NOT NULL,
  `created_at` timestamp NULL DEFAULT NULL,
  `updated_at` timestamp NULL DEFAULT NULL,
  `prices` float NOT NULL,
  `key` varchar(191) CHARACTER SET utf8mb4 COLLATE utf8mb4_unicode_ci DEFAULT NULL,
  `shipper` varchar(11) CHARACTER SET utf8mb4 COLLATE utf8mb4_unicode_ci DEFAULT NULL,
  `vat` varchar(191) CHARACTER SET utf8mb4 COLLATE utf8mb4_unicode_ci DEFAULT NULL,
  `cod_services` varchar(191) CHARACTER SET utf8mb4 COLLATE utf8mb4_unicode_ci DEFAULT NULL,
  PRIMARY KEY (`id`)
) ENGINE=InnoDB AUTO_INCREMENT=13 DEFAULT CHARSET=utf8mb4 COLLATE=utf8mb4_unicode_ci;

--
-- Dumping data for table `countries`
--

INSERT INTO `countries` (`id`, `status`, `image`, `code`, `currency`, `address_address`, `address_latitude`, `address_longitude`, `created_at`, `updated_at`, `prices`, `key`, `shipper`, `vat`, `cod_services`) VALUES (1,1,'CfSag0qbGSOcGRqGDxpOTI9XV15HB2Negd8eYv5v.jpg','KWD','KWD','مدينة الكويت، Kuwait',29.375859,47.9774052,'2020-07-29 23:06:29','2023-04-12 06:26:17',1,'+965','0','0','0'),(4,1,'fOxYPIAf1yBMBi4JDmn8x6AQJNq0jh8gGpDxObZ6.png','AED','AED','الإمارات العربية المتحدة',23.424076,53.847818,'2022-12-05 08:55:34','2023-04-04 05:41:09',11.98,'‎+971','60','5','24'),(9,1,'GduDmAiptKk5BZP65DKQKi7O9Wtv2ewjjlsRjvOX.jpg','SAR','SAR','Saudi Arabia',23.885942,45.079162,'2023-03-29 08:35:42','2023-03-30 15:24:57',12.5,'‎+966','60','17.5','25'),(10,1,'BRBuR3hzIrdTycmPc0edo368jgAHM8CbbVG9f4Fz.jpg','BHD','BHD','Bahrain',26.0667,50.5577,'2023-04-02 05:16:11','2023-04-04 05:42:11',1.25,'+973','5','5','2.5'),(11,1,'cMngsWhjrHeGU6dje1dmH4hXvj6ovfCwygIDpN66.jpg','QAR','QAR','Qatar',25.354826,51.183884,'2023-04-02 06:07:33','2023-04-04 05:41:47',12,'+974','60','0','24'),(12,1,'hPGhikhM2P5lvYqezJ7RoJMcR5GauU5N1rY7kBAi.jpg','OMR','OMR','Oman',21.4735329,55.975413,'2023-04-02 06:24:35','2023-04-04 05:42:33',1.3,'+968','5','5','2.5');

--
-- Table structure for table `country_translations`
--

CREATE TABLE `country_translations` (
  `id` int unsigned NOT NULL AUTO_INCREMENT,
  `country_id` int unsigned NOT NULL,
  `name` varchar(191) CHARACTER SET utf8mb4 COLLATE utf8mb4_unicode_ci NOT NULL,
  `locale` varchar(191) CHARACTER SET utf8mb4 COLLATE utf8mb4_unicode_ci NOT NULL,
  `created_at` timestamp NULL DEFAULT NULL,
  `updated_at` timestamp NULL DEFAULT NULL,
  PRIMARY KEY (`id`),
  UNIQUE KEY `country_translations_country_id_locale_unique` (`country_id`,`locale`),
  KEY `country_translations_locale_index` (`locale`)
) ENGINE=InnoDB AUTO_INCREMENT=26 DEFAULT CHARSET=utf8mb4 COLLATE=utf8mb4_unicode_ci;

--
-- Dumping data for table `country_translations`
--

INSERT INTO `country_translations` (`id`, `country_id`, `name`, `locale`, `created_at`, `updated_at`) VALUES (1,1,'الكويت','ar',NULL,NULL),(2,1,'Kuwait','en',NULL,NULL),(3,2,'السعودية','ar',NULL,NULL),(4,2,'Saudi Arabia','en',NULL,NULL),(5,3,'قطر','ar',NULL,NULL),(6,3,'Qater','en',NULL,NULL),(7,4,'الإمارات','ar',NULL,NULL),(8,4,'United Arab Emirates','en',NULL,NULL),(11,6,'البحرين','ar',NULL,NULL),(12,6,'Bahrain','en',NULL,NULL),(13,7,'عُمان','ar',NULL,NULL),(14,7,'Oman','en',NULL,NULL),(16,8,'sdfs','ar',NULL,NULL),(17,8,'fsdsdf','en',NULL,NULL),(18,9,'Saudi Arabia','ar',NULL,NULL),(19,9,'Saudi Arabia','en',NULL,NULL),(20,10,'Bahrain','ar',NULL,NULL),(21,10,'Bahrain','en',NULL,NULL),(22,11,'Qatar','ar',NULL,NULL),(23,11,'Qatar','en',NULL,NULL),(24,12,'Oman','ar',NULL,NULL),(25,12,'Oman','en',NULL,NULL);

--
-- Table structure for table `coupone_relateds`
--

CREATE TABLE `coupone_relateds` (
  `id` int unsigned NOT NULL AUTO_INCREMENT,
  `coupons_id` int unsigned NOT NULL,
  `related_id` int NOT NULL,
  `created_at` timestamp NULL DEFAULT NULL,
  `updated_at` timestamp NULL DEFAULT NULL,
  PRIMARY KEY (`id`),
  KEY `coupone_relateds_coupons_id_foreign` (`coupons_id`),
  CONSTRAINT `coupone_relateds_coupons_id_foreign` FOREIGN KEY (`coupons_id`) REFERENCES `coupons` (`id`) ON DELETE CASCADE
) ENGINE=InnoDB AUTO_INCREMENT=3 DEFAULT CHARSET=utf8mb4 COLLATE=utf8mb4_unicode_ci;

--
-- Dumping data for table `coupone_relateds`
--

INSERT INTO `coupone_relateds` (`id`, `coupons_id`, `related_id`, `created_at`, `updated_at`) VALUES (1,2,3,NULL,NULL),(2,2,10,NULL,NULL);

--
-- Table structure for table `coupons`
--

CREATE TABLE `coupons` (
  `id` int unsigned NOT NULL AUTO_INCREMENT,
  `user_id` int unsigned DEFAULT NULL,
  `name` varchar(255) CHARACTER SET utf8mb4 COLLATE utf8mb4_unicode_ci NOT NULL,
  `code` varchar(255) CHARACTER SET utf8mb4 COLLATE utf8mb4_unicode_ci NOT NULL,
  `type` varchar(255) CHARACTER SET utf8mb4 COLLATE utf8mb4_unicode_ci NOT NULL,
  `value` varchar(255) CHARACTER SET utf8mb4 COLLATE utf8mb4_unicode_ci NOT NULL,
  `count` int NOT NULL DEFAULT '0',
  `status` int NOT NULL DEFAULT '1',
  `created_at` timestamp NULL DEFAULT NULL,
  `updated_at` timestamp NULL DEFAULT NULL,
  PRIMARY KEY (`id`),
  KEY `coupons_user_id_foreign` (`user_id`),
  CONSTRAINT `coupons_user_id_foreign` FOREIGN KEY (`user_id`) REFERENCES `users` (`id`) ON DELETE CASCADE
) ENGINE=InnoDB AUTO_INCREMENT=3 DEFAULT CHARSET=utf8mb4 COLLATE=utf8mb4_unicode_ci;

--
-- Dumping data for table `coupons`
--

INSERT INTO `coupons` (`id`, `user_id`, `name`, `code`, `type`, `value`, `count`, `status`, `created_at`, `updated_at`) VALUES (2,1,'asdasd','sas','product','21',11,1,'2024-05-11 15:14:47','2024-05-11 15:14:47');

--
-- Table structure for table `failed_jobs`
--

CREATE TABLE `failed_jobs` (
  `id` bigint unsigned NOT NULL AUTO_INCREMENT,
  `uuid` varchar(255) CHARACTER SET utf8mb4 COLLATE utf8mb4_unicode_ci NOT NULL,
  `connection` text CHARACTER SET utf8mb4 COLLATE utf8mb4_unicode_ci NOT NULL,
  `queue` text CHARACTER SET utf8mb4 COLLATE utf8mb4_unicode_ci NOT NULL,
  `payload` longtext CHARACTER SET utf8mb4 COLLATE utf8mb4_unicode_ci NOT NULL,
  `exception` longtext CHARACTER SET utf8mb4 COLLATE utf8mb4_unicode_ci NOT NULL,
  `failed_at` timestamp NOT NULL DEFAULT CURRENT_TIMESTAMP,
  PRIMARY KEY (`id`),
  UNIQUE KEY `failed_jobs_uuid_unique` (`uuid`)
) ENGINE=InnoDB DEFAULT CHARSET=utf8mb4 COLLATE=utf8mb4_unicode_ci;

--
-- Dumping data for table `failed_jobs`
--


--
-- Table structure for table `feature_option_translations`
--

CREATE TABLE `feature_option_translations` (
  `id` int unsigned NOT NULL AUTO_INCREMENT,
  `feature_option_id` int unsigned NOT NULL,
  `title` varchar(255) CHARACTER SET utf8mb4 COLLATE utf8mb4_unicode_ci DEFAULT NULL,
  `locale` varchar(255) CHARACTER SET utf8mb4 COLLATE utf8mb4_unicode_ci NOT NULL,
  `created_at` timestamp NULL DEFAULT NULL,
  `updated_at` timestamp NULL DEFAULT NULL,
  PRIMARY KEY (`id`),
  UNIQUE KEY `feature_option_translations_feature_option_id_locale_unique` (`feature_option_id`,`locale`),
  CONSTRAINT `feature_option_translations_feature_option_id_foreign` FOREIGN KEY (`feature_option_id`) REFERENCES `feature_options` (`id`) ON DELETE CASCADE
) ENGINE=InnoDB AUTO_INCREMENT=53 DEFAULT CHARSET=utf8mb4 COLLATE=utf8mb4_unicode_ci;

--
-- Dumping data for table `feature_option_translations`
--

INSERT INTO `feature_option_translations` (`id`, `feature_option_id`, `title`, `locale`, `created_at`, `updated_at`) VALUES (47,35,'X','ar',NULL,NULL),(48,35,'X','en',NULL,NULL),(49,36,'XL','ar',NULL,NULL),(50,36,'XL','en',NULL,NULL),(51,37,'XXL','ar',NULL,NULL),(52,37,'XXL','en',NULL,NULL);

--
-- Table structure for table `feature_options`
--

CREATE TABLE `feature_options` (
  `id` int unsigned NOT NULL AUTO_INCREMENT,
  `price` decimal(8,2) DEFAULT '0.00',
  `count` int DEFAULT '0',
  `feature_id` int unsigned DEFAULT NULL,
  `created_at` timestamp NULL DEFAULT NULL,
  `updated_at` timestamp NULL DEFAULT NULL,
  `color` varchar(191) CHARACTER SET utf8mb4 COLLATE utf8mb4_unicode_ci DEFAULT NULL,
  `mainprice` decimal(8,3) DEFAULT NULL,
  `image` varchar(191) CHARACTER SET utf8mb4 COLLATE utf8mb4_unicode_ci DEFAULT NULL,
  PRIMARY KEY (`id`),
  KEY `feature_options_feature_id_foreign` (`feature_id`),
  CONSTRAINT `feature_options_feature_id_foreign` FOREIGN KEY (`feature_id`) REFERENCES `features` (`id`) ON DELETE CASCADE
) ENGINE=InnoDB AUTO_INCREMENT=38 DEFAULT CHARSET=utf8mb4 COLLATE=utf8mb4_unicode_ci;

--
-- Dumping data for table `feature_options`
--

INSERT INTO `feature_options` (`id`, `price`, `count`, `feature_id`, `created_at`, `updated_at`, `color`, `mainprice`, `image`) VALUES (35,2.00,0,12,'2024-06-27 12:43:36','2024-06-27 12:43:36','undefined',0.000,NULL),(36,3.00,0,12,'2024-06-27 12:43:46','2024-06-27 12:43:46','undefined',0.000,NULL),(37,3.00,0,12,'2024-06-27 12:43:58','2024-06-27 12:43:58','undefined',0.000,NULL);

--
-- Table structure for table `feature_translations`
--

CREATE TABLE `feature_translations` (
  `id` int unsigned NOT NULL AUTO_INCREMENT,
  `feature_id` int unsigned NOT NULL,
  `title` varchar(255) CHARACTER SET utf8mb4 COLLATE utf8mb4_unicode_ci NOT NULL,
  `locale` varchar(255) CHARACTER SET utf8mb4 COLLATE utf8mb4_unicode_ci NOT NULL,
  `created_at` timestamp NULL DEFAULT NULL,
  `updated_at` timestamp NULL DEFAULT NULL,
  PRIMARY KEY (`id`),
  UNIQUE KEY `feature_translations_feature_id_locale_unique` (`feature_id`,`locale`),
  KEY `feature_translations_locale_index` (`locale`),
  CONSTRAINT `feature_translations_feature_id_foreign` FOREIGN KEY (`feature_id`) REFERENCES `features` (`id`) ON DELETE CASCADE
) ENGINE=InnoDB AUTO_INCREMENT=23 DEFAULT CHARSET=utf8mb4 COLLATE=utf8mb4_unicode_ci;

--
-- Dumping data for table `feature_translations`
--

INSERT INTO `feature_translations` (`id`, `feature_id`, `title`, `locale`, `created_at`, `updated_at`) VALUES (21,12,'المقاسات','ar',NULL,NULL),(22,12,'Size','en',NULL,NULL);

--
-- Table structure for table `features`
--

CREATE TABLE `features` (
  `id` int unsigned NOT NULL AUTO_INCREMENT,
  `product_id` int unsigned DEFAULT NULL,
  `created_at` timestamp NULL DEFAULT NULL,
  `updated_at` timestamp NULL DEFAULT NULL,
  `type` varchar(191) CHARACTER SET utf8mb4 COLLATE utf8mb4_unicode_ci DEFAULT NULL,
  `countchecks` int DEFAULT NULL,
  PRIMARY KEY (`id`),
  KEY `features_product_id_foreign` (`product_id`),
  CONSTRAINT `features_product_id_foreign` FOREIGN KEY (`product_id`) REFERENCES `products` (`id`) ON DELETE CASCADE
) ENGINE=InnoDB AUTO_INCREMENT=13 DEFAULT CHARSET=utf8mb4 COLLATE=utf8mb4_unicode_ci;

--
-- Dumping data for table `features`
--

INSERT INTO `features` (`id`, `product_id`, `created_at`, `updated_at`, `type`, `countchecks`) VALUES (3,8,'2024-04-21 12:49:13','2024-04-21 12:49:13','normal',NULL),(12,11,'2024-06-27 12:43:26','2024-06-27 12:43:26',NULL,NULL);

--
-- Table structure for table `files`
--

CREATE TABLE `files` (
  `id` int unsigned NOT NULL AUTO_INCREMENT,
  `image` varchar(255) CHARACTER SET utf8mb4 COLLATE utf8mb4_unicode_ci DEFAULT NULL,
  `main` tinyint NOT NULL DEFAULT '0',
  `tag` varchar(255) CHARACTER SET utf8mb4 COLLATE utf8mb4_unicode_ci DEFAULT NULL,
  `fileable_id` bigint unsigned DEFAULT NULL,
  `fileable_type` varchar(255) CHARACTER SET utf8mb4 COLLATE utf8mb4_unicode_ci DEFAULT NULL,
  `created_at` timestamp NULL DEFAULT NULL,
  `updated_at` timestamp NULL DEFAULT NULL,
  PRIMARY KEY (`id`)
) ENGINE=InnoDB AUTO_INCREMENT=244 DEFAULT CHARSET=utf8mb4 COLLATE=utf8mb4_unicode_ci;

--
-- Dumping data for table `files`
--

INSERT INTO `files` (`id`, `image`, `main`, `tag`, `fileable_id`, `fileable_type`, `created_at`, `updated_at`) VALUES (3,'/uploads/Nurserie/1/1708864121Screen Shot 2024-02-24 at 5.57.42 PM.png',0,'1708864121Screen Shot 2024-02-24 at 5.57.42 PM.png',1,'App\\Models\\Nurserie','2024-02-25 15:28:41','2024-02-25 15:28:41'),(4,'/uploads/Nurserie/2/1708865589Screen Shot 2024-02-18 at 11.46.25 AM.png',0,'1708865589Screen Shot 2024-02-18 at 11.46.25 AM.png',2,'App\\Models\\Nurserie','2024-02-25 15:53:09','2024-02-25 15:53:09'),(5,'/uploads/Nurserie/4/1708866513Screen Shot 2024-02-18 at 11.46.25 AM.png',0,'1708866513Screen Shot 2024-02-18 at 11.46.25 AM.png',4,'App\\Models\\Nurserie','2024-02-25 16:08:33','2024-02-25 16:08:33'),(6,'/uploads/Nurserie/4/1708866517Screen Shot 2024-02-18 at 11.46.25 AM.png',0,'1708866517Screen Shot 2024-02-18 at 11.46.25 AM.png',4,'App\\Models\\Nurserie','2024-02-25 16:08:37','2024-02-25 16:08:37'),(7,'/uploads/Nurserie/6/1708867288Screen Shot 2024-02-18 at 11.46.25 AM.png',0,'1708867288Screen Shot 2024-02-18 at 11.46.25 AM.png',6,'App\\Models\\Nurserie','2024-02-25 16:21:28','2024-02-25 16:21:28'),(8,'/uploads/product/2/1709481312australia.png',0,'1709481312australia.png',2,'App\\Models\\Product','2024-03-03 18:55:12','2024-03-03 18:55:12'),(9,'/uploads/product/2/1709481313coronavirus.png',0,'1709481313coronavirus.png',2,'App\\Models\\Product','2024-03-03 18:55:13','2024-03-03 18:55:13'),(10,'/uploads/product/2/1709481315kuwait.png',0,'1709481315kuwait.png',2,'App\\Models\\Product','2024-03-03 18:55:15','2024-03-03 18:55:15'),(22,'/uploads/product/3/1715094135شوكلتس-اند-مور.webp',0,'1715094135شوكلتس-اند-مور.webp',3,'App\\Models\\Product','2024-05-07 18:02:15','2024-05-07 18:02:15'),(23,'/uploads/product/3/1715094200402705060524094421677503_item.jpg',0,'1715094200402705060524094421677503_item.jpg',3,'App\\Models\\Product','2024-05-07 18:03:20','2024-05-07 18:03:20'),(24,'/uploads/product/3/1715094204402705060524094421677503_item.jpg',0,'1715094204402705060524094421677503_item.jpg',3,'App\\Models\\Product','2024-05-07 18:03:24','2024-05-07 18:03:24'),(25,'/uploads/product/3/1715094205402705060524094421677503_item.jpg',0,'1715094205402705060524094421677503_item.jpg',3,'App\\Models\\Product','2024-05-07 18:03:25','2024-05-07 18:03:25'),(26,'/uploads/product/7/1715094370402601040524200432685225_item-1.jpg',0,'1715094370402601040524200432685225_item-1.jpg',7,'App\\Models\\Product','2024-05-07 18:06:10','2024-05-07 18:06:10'),(27,'/uploads/product/7/1715094371402601040524200432685225_item-1.jpg',0,'1715094371402601040524200432685225_item-1.jpg',7,'App\\Models\\Product','2024-05-07 18:06:11','2024-05-07 18:06:11'),(28,'/uploads/product/7/1715094373402601040524200432685225_item-1.jpg',0,'1715094373402601040524200432685225_item-1.jpg',7,'App\\Models\\Product','2024-05-07 18:06:13','2024-05-07 18:06:13'),(29,'/uploads/product/9/1715094452401448220424153412997798_item.jpg',0,'1715094452401448220424153412997798_item.jpg',9,'App\\Models\\Product','2024-05-07 18:07:32','2024-05-07 18:07:32'),(30,'/uploads/product/10/1715094693202416270224123447434343_item.jpg',0,'1715094693202416270224123447434343_item.jpg',10,'App\\Models\\Product','2024-05-07 18:11:33','2024-05-07 18:11:33'),(31,'/uploads/tagers/386/1715717299Screenshot 2024-05-01 at 5.17.22 PM.png',0,'1715717299Screenshot 2024-05-01 at 5.17.22 PM.png',386,'App\\Models\\User','2024-05-14 23:08:19','2024-05-14 23:08:19'),(33,'/uploads/product/11/1716373026IMG_6607-683x1024.jpg',0,'1716373026IMG_6607-683x1024.jpg',11,'App\\Models\\Product','2024-05-22 13:17:06','2024-05-22 13:17:06'),(34,'/uploads/product/11/1716373027BK7A1412-683x1024.jpg',0,'1716373027BK7A1412-683x1024.jpg',11,'App\\Models\\Product','2024-05-22 13:17:07','2024-05-22 13:17:07'),(35,'/uploads/product/11/1716373027BK7A9616-683x1024.jpg',0,'1716373027BK7A9616-683x1024.jpg',11,'App\\Models\\Product','2024-05-22 13:17:07','2024-05-22 13:17:07'),(36,'/uploads/product/11/1716373028BK7A5298-2-683x1024.jpg',0,'1716373028BK7A5298-2-683x1024.jpg',11,'App\\Models\\Product','2024-05-22 13:17:08','2024-05-22 13:17:08'),(37,'/uploads/product/13/17169179873W5A5456.webp',0,'17169179873W5A5456.webp',13,'App\\Models\\Product','2024-05-28 20:39:47','2024-05-28 20:39:47'),(38,'/uploads/product/13/17169179883W5A5456.webp',0,'17169179883W5A5456.webp',13,'App\\Models\\Product','2024-05-28 20:39:48','2024-05-28 20:39:48'),(39,'/uploads/product/13/17169179903W5A5456.webp',0,'17169179903W5A5456.webp',13,'App\\Models\\Product','2024-05-28 20:39:50','2024-05-28 20:39:50'),(40,'/uploads/product/14/1716918156BK7A5298-2-683x1024.jpg',0,'1716918156BK7A5298-2-683x1024.jpg',14,'App\\Models\\Product','2024-05-28 20:42:36','2024-05-28 20:42:36'),(41,'/uploads/product/14/1716918158BK7A5298-2-683x1024.jpg',0,'1716918158BK7A5298-2-683x1024.jpg',14,'App\\Models\\Product','2024-05-28 20:42:38','2024-05-28 20:42:38'),(42,'/uploads/product/14/1716918159BK7A5298-2-683x1024.jpg',0,'1716918159BK7A5298-2-683x1024.jpg',14,'App\\Models\\Product','2024-05-28 20:42:39','2024-05-28 20:42:39'),(43,'/uploads/product/15/17169182253W5A5413-1.webp',0,'17169182253W5A5413-1.webp',15,'App\\Models\\Product','2024-05-28 20:43:45','2024-05-28 20:43:45'),(44,'/uploads/product/15/17169182273W5A5413-1.webp',0,'17169182273W5A5413-1.webp',15,'App\\Models\\Product','2024-05-28 20:43:47','2024-05-28 20:43:47'),(45,'/uploads/product/15/17169182283W5A5413-1.webp',0,'17169182283W5A5413-1.webp',15,'App\\Models\\Product','2024-05-28 20:43:48','2024-05-28 20:43:48'),(46,'/uploads/product/16/17169183182S9A9215-rotated.jpg',0,'17169183182S9A9215-rotated.jpg',16,'App\\Models\\Product','2024-05-28 20:45:18','2024-05-28 20:45:18'),(47,'/uploads/product/16/17169183182S9A9215-rotated.jpg',0,'17169183182S9A9215-rotated.jpg',16,'App\\Models\\Product','2024-05-28 20:45:18','2024-05-28 20:45:18'),(48,'/uploads/product/16/17169183192S9A9215-rotated.jpg',0,'17169183192S9A9215-rotated.jpg',16,'App\\Models\\Product','2024-05-28 20:45:19','2024-05-28 20:45:19'),(49,'/uploads/product/18/17169192690rb3736__002_71__p21__noshad__fr.jpg',0,'17169192690rb3736__002_71__p21__noshad__fr.jpg',18,'App\\Models\\Product','2024-05-28 21:01:09','2024-05-28 21:01:09'),(50,'/uploads/product/18/17169192700rb3736__002_71__p21__noshad__fr.jpg',0,'17169192700rb3736__002_71__p21__noshad__fr.jpg',18,'App\\Models\\Product','2024-05-28 21:01:10','2024-05-28 21:01:10'),(51,'/uploads/product/18/17169192710rb3736__002_71__p21__noshad__fr.jpg',0,'17169192710rb3736__002_71__p21__noshad__fr.jpg',18,'App\\Models\\Product','2024-05-28 21:01:11','2024-05-28 21:01:11'),(52,'/uploads/product/17/17169193180ea4223u__500187__p21__noshad__fr.jpg',0,'17169193180ea4223u__500187__p21__noshad__fr.jpg',17,'App\\Models\\Product','2024-05-28 21:01:58','2024-05-28 21:01:58'),(53,'/uploads/product/17/17169193190ea4223u__500187__p21__noshad__fr.jpg',0,'17169193190ea4223u__500187__p21__noshad__fr.jpg',17,'App\\Models\\Product','2024-05-28 21:01:59','2024-05-28 21:01:59'),(54,'/uploads/product/17/17169193200ea4223u__500187__p21__noshad__fr.jpg',0,'17169193200ea4223u__500187__p21__noshad__fr.jpg',17,'App\\Models\\Product','2024-05-28 21:02:00','2024-05-28 21:02:00'),(55,'/uploads/product/19/17169193630rb3825__002_b1__p21__shad__cfr.jpg',0,'17169193630rb3825__002_b1__p21__shad__cfr.jpg',19,'App\\Models\\Product','2024-05-28 21:02:43','2024-05-28 21:02:43'),(56,'/uploads/product/19/17169193640rb3825__002_b1__p21__shad__cfr.jpg',0,'17169193640rb3825__002_b1__p21__shad__cfr.jpg',19,'App\\Models\\Product','2024-05-28 21:02:44','2024-05-28 21:02:44'),(57,'/uploads/product/19/17169193660rb3825__002_b1__p21__shad__cfr.jpg',0,'17169193660rb3825__002_b1__p21__shad__cfr.jpg',19,'App\\Models\\Product','2024-05-28 21:02:46','2024-05-28 21:02:46'),(58,'/uploads/product/20/1716920055imagetext2.jpg',0,'1716920055imagetext2.jpg',20,'App\\Models\\Product','2024-05-28 21:14:15','2024-05-28 21:14:15'),(59,'/uploads/product/20/1716920056imagetext2.jpg',0,'1716920056imagetext2.jpg',20,'App\\Models\\Product','2024-05-28 21:14:16','2024-05-28 21:14:16'),(60,'/uploads/product/20/1716920059imagetext2.jpg',0,'1716920059imagetext2.jpg',20,'App\\Models\\Product','2024-05-28 21:14:19','2024-05-28 21:14:19'),(61,'/uploads/product/21/1716920149imagetext1.jpg',0,'1716920149imagetext1.jpg',21,'App\\Models\\Product','2024-05-28 21:15:49','2024-05-28 21:15:49'),(62,'/uploads/product/21/1716920149imagetext1.jpg',0,'1716920149imagetext1.jpg',21,'App\\Models\\Product','2024-05-28 21:15:49','2024-05-28 21:15:49'),(63,'/uploads/product/21/1716920150imagetext1.jpg',0,'1716920150imagetext1.jpg',21,'App\\Models\\Product','2024-05-28 21:15:50','2024-05-28 21:15:50'),(64,'/uploads/product/22/1716920201imagetext3.jpg',0,'1716920201imagetext3.jpg',22,'App\\Models\\Product','2024-05-28 21:16:41','2024-05-28 21:16:41'),(65,'/uploads/product/22/1716920202imagetext3.jpg',0,'1716920202imagetext3.jpg',22,'App\\Models\\Product','2024-05-28 21:16:42','2024-05-28 21:16:42'),(66,'/uploads/product/22/1716920202imagetext3.jpg',0,'1716920202imagetext3.jpg',22,'App\\Models\\Product','2024-05-28 21:16:42','2024-05-28 21:16:42'),(72,'/uploads/categories/25/1719694258Main_Banner_ed3e7762_28e1_4282_89ae_be7ab1aec229.webp',0,'1719694258Main_Banner_ed3e7762_28e1_4282_89ae_be7ab1aec229.webp',25,'App\\Models\\Category','2024-06-29 21:50:58','2024-06-29 21:50:58'),(76,'/uploads/categories/15/1719694381Main_Banner_972f944a_0522_4668_8b05_40d6e1355673.webp',0,'1719694381Main_Banner_972f944a_0522_4668_8b05_40d6e1355673.webp',15,'App\\Models\\Category','2024-06-29 21:53:01','2024-06-29 21:53:01'),(77,'/uploads/categories/15/1719694400Main_Banner_b362d829_f358_4eba_90d1_55bd67553945.webp',0,'1719694400Main_Banner_b362d829_f358_4eba_90d1_55bd67553945.webp',15,'App\\Models\\Category','2024-06-29 21:53:20','2024-06-29 21:53:20'),(78,'/uploads/categories/14/1719694492banner2-931x433.jpg',0,'1719694492banner2-931x433.jpg',14,'App\\Models\\Category','2024-06-29 21:54:52','2024-06-29 21:54:52'),(79,'/uploads/categories/14/1719694532Banner-3.jpg',0,'1719694532Banner-3.jpg',14,'App\\Models\\Category','2024-06-29 21:55:32','2024-06-29 21:55:32'),(80,'/uploads/categories/15/1719694572New___Big_Ad_2_dc5a66a5_4e5c_4fd4_941c_03b48f3de065.webp',0,'1719694572New___Big_Ad_2_dc5a66a5_4e5c_4fd4_941c_03b48f3de065.webp',15,'App\\Models\\Category','2024-06-29 21:56:13','2024-06-29 21:56:13'),(81,'/uploads/categories/17/1719694597New___Banner_2_1f23dfb1_1b65_4610_b812_47b57763eead.webp',0,'1719694597New___Banner_2_1f23dfb1_1b65_4610_b812_47b57763eead.webp',17,'App\\Models\\Category','2024-06-29 21:56:37','2024-06-29 21:56:37'),(82,'/uploads/categories/17/171969461545615_6412e286db61c_1678959238.webp',0,'171969461545615_6412e286db61c_1678959238.webp',17,'App\\Models\\Category','2024-06-29 21:56:55','2024-06-29 21:56:55'),(84,'/uploads/categories/27/1719694979sport-shoes-banner-for-website-with-button-ui-design-illustration-vector.jpg',0,'1719694979sport-shoes-banner-for-website-with-button-ui-design-illustration-vector.jpg',27,'App\\Models\\Category','2024-06-29 22:02:59','2024-06-29 22:02:59'),(85,'/uploads/categories/28/1719695128301605536_606914357689386_8821400867223217162_n.png',0,'1719695128301605536_606914357689386_8821400867223217162_n.png',28,'App\\Models\\Category','2024-06-29 22:05:28','2024-06-29 22:05:28'),(86,'/uploads/categories/29/1720537616hq720.jpg',0,'1720537616hq720.jpg',29,'App\\Models\\Category','2024-07-09 16:06:56','2024-07-09 16:06:56'),(87,'/uploads/product/24/1720537915121600.jpg',0,'1720537915121600.jpg',24,'App\\Models\\Product','2024-07-09 16:11:55','2024-07-09 16:11:55'),(150,'/uploads/categories/12/1728329640a1.png',0,'1728329640a1.png',12,'App\\Models\\Category','2024-10-07 22:34:00','2024-10-07 22:34:00'),(151,'/uploads/categories/18/1728329957a8.png',0,'1728329957a8.png',18,'App\\Models\\Category','2024-10-07 22:39:17','2024-10-07 22:39:17'),(152,'/uploads/categories/26/1728330051a7.png',0,'1728330051a7.png',26,'App\\Models\\Category','2024-10-07 22:40:51','2024-10-07 22:40:51'),(153,'/uploads/categories/25/1728330111a6.png',0,'1728330111a6.png',25,'App\\Models\\Category','2024-10-07 22:41:51','2024-10-07 22:41:51'),(154,'/uploads/categories/27/1728330302a5.png',0,'1728330302a5.png',27,'App\\Models\\Category','2024-10-07 22:45:02','2024-10-07 22:45:02'),(155,'/uploads/categories/20/1728330392a3.png',0,'1728330392a3.png',20,'App\\Models\\Category','2024-10-07 22:46:32','2024-10-07 22:46:32'),(156,'/uploads/users/420/1729163347IMG_3998-1536x2048.jpg',0,'1729163347IMG_3998-1536x2048.jpg',420,'App\\Models\\User','2024-10-17 14:09:07','2024-10-17 14:09:07'),(157,'/uploads/users/420/1729163349IMG_4002-1536x2048.jpg',0,'1729163349IMG_4002-1536x2048.jpg',420,'App\\Models\\User','2024-10-17 14:09:09','2024-10-17 14:09:09'),(158,'/uploads/users/420/17291633496a03eec1-9183-4796-9891-be1bc4b8abbf-1535x2048.jpg',0,'17291633496a03eec1-9183-4796-9891-be1bc4b8abbf-1535x2048.jpg',420,'App\\Models\\User','2024-10-17 14:09:09','2024-10-17 14:09:09'),(159,'/uploads/users/420/1729163350DCC06727-1535x2048.webp',0,'1729163350DCC06727-1535x2048.webp',420,'App\\Models\\User','2024-10-17 14:09:10','2024-10-17 14:09:10'),(160,'/uploads/users/420/1729163350107bb8d3-43e4-46e0-9eb3-4890a017c83c-1535x2048.jpg',0,'1729163350107bb8d3-43e4-46e0-9eb3-4890a017c83c-1535x2048.jpg',420,'App\\Models\\User','2024-10-17 14:09:10','2024-10-17 14:09:10'),(161,'/uploads/users/420/1729163351DCC06759-1535x2048.webp',0,'1729163351DCC06759-1535x2048.webp',420,'App\\Models\\User','2024-10-17 14:09:11','2024-10-17 14:09:11'),(162,'/uploads/users/420/1729163351IMG_3997-1536x2048.jpg',0,'1729163351IMG_3997-1536x2048.jpg',420,'App\\Models\\User','2024-10-17 14:09:11','2024-10-17 14:09:11'),(163,'/uploads/users/420/1729163352IMG_4003-1536x2048.jpg',0,'1729163352IMG_4003-1536x2048.jpg',420,'App\\Models\\User','2024-10-17 14:09:12','2024-10-17 14:09:12'),(164,'/uploads/users/420/1729163352DCC09755-1536x2048.webp',0,'1729163352DCC09755-1536x2048.webp',420,'App\\Models\\User','2024-10-17 14:09:12','2024-10-17 14:09:12'),(165,'/uploads/users/420/1729163353DCC09823-1536x2048.webp',0,'1729163353DCC09823-1536x2048.webp',420,'App\\Models\\User','2024-10-17 14:09:13','2024-10-17 14:09:13'),(166,'/uploads/users/424/1729163610DCC09049-1365x2048.webp',0,'1729163610DCC09049-1365x2048.webp',424,'App\\Models\\User','2024-10-17 14:13:30','2024-10-17 14:13:30'),(167,'/uploads/users/424/1729163611Screenshot-2024-02-02-at-12.39.47 PM.jpg',0,'1729163611Screenshot-2024-02-02-at-12.39.47 PM.jpg',424,'App\\Models\\User','2024-10-17 14:13:31','2024-10-17 14:13:31'),(168,'/uploads/users/424/1729163612DCC09119-1365x2048.webp',0,'1729163612DCC09119-1365x2048.webp',424,'App\\Models\\User','2024-10-17 14:13:32','2024-10-17 14:13:32'),(169,'/uploads/users/424/1729163613DCC09305-1365x2048.webp',0,'1729163613DCC09305-1365x2048.webp',424,'App\\Models\\User','2024-10-17 14:13:33','2024-10-17 14:13:33'),(170,'/uploads/users/424/1729163613kriss-nova4.jpg',0,'1729163613kriss-nova4.jpg',424,'App\\Models\\User','2024-10-17 14:13:33','2024-10-17 14:13:33'),(171,'/uploads/users/424/1729163613DCC09340.webp',0,'1729163613DCC09340.webp',424,'App\\Models\\User','2024-10-17 14:13:33','2024-10-17 14:13:33'),(172,'/uploads/users/424/17291636141675285483611.jpg',0,'17291636141675285483611.jpg',424,'App\\Models\\User','2024-10-17 14:13:34','2024-10-17 14:13:34'),(173,'/uploads/users/424/1729163615kriss-nova3.jpg',0,'1729163615kriss-nova3.jpg',424,'App\\Models\\User','2024-10-17 14:13:35','2024-10-17 14:13:35'),(174,'/uploads/users/424/1729163615Screenshot-2024-02-02-at-12.40.01 PM.jpg',0,'1729163615Screenshot-2024-02-02-at-12.40.01 PM.jpg',424,'App\\Models\\User','2024-10-17 14:13:35','2024-10-17 14:13:35'),(175,'/uploads/users/424/1729163616kriss-nova2.jpg',0,'1729163616kriss-nova2.jpg',424,'App\\Models\\User','2024-10-17 14:13:36','2024-10-17 14:13:36'),(176,'/uploads/users/425/1729163689DCC09554-1536x2048.webp',0,'1729163689DCC09554-1536x2048.webp',425,'App\\Models\\User','2024-10-17 14:14:49','2024-10-17 14:14:49'),(177,'/uploads/users/425/1729163690DCC09244-1536x2048.webp',0,'1729163690DCC09244-1536x2048.webp',425,'App\\Models\\User','2024-10-17 14:14:50','2024-10-17 14:14:50'),(178,'/uploads/users/425/1729163691DCC09527-1536x2048.webp',0,'1729163691DCC09527-1536x2048.webp',425,'App\\Models\\User','2024-10-17 14:14:51','2024-10-17 14:14:51'),(179,'/uploads/users/425/1729163692DCC09356-scaled.webp',0,'1729163692DCC09356-scaled.webp',425,'App\\Models\\User','2024-10-17 14:14:52','2024-10-17 14:14:52'),(180,'/uploads/users/425/1729163692DCC09474-1536x2048.webp',0,'1729163692DCC09474-1536x2048.webp',425,'App\\Models\\User','2024-10-17 14:14:52','2024-10-17 14:14:52'),(181,'/uploads/users/425/1729163693DCC09323-1536x2048.webp',0,'1729163693DCC09323-1536x2048.webp',425,'App\\Models\\User','2024-10-17 14:14:53','2024-10-17 14:14:53'),(182,'/uploads/users/425/1729163693DCC09478-1536x2048.webp',0,'1729163693DCC09478-1536x2048.webp',425,'App\\Models\\User','2024-10-17 14:14:53','2024-10-17 14:14:53'),(183,'/uploads/users/425/1729163694DCC09561-1536x2048.webp',0,'1729163694DCC09561-1536x2048.webp',425,'App\\Models\\User','2024-10-17 14:14:54','2024-10-17 14:14:54'),(184,'/uploads/users/425/1729163694DCC09360-1536x2048.webp',0,'1729163694DCC09360-1536x2048.webp',425,'App\\Models\\User','2024-10-17 14:14:54','2024-10-17 14:14:54'),(185,'/uploads/users/425/1729163695DCC09369-1536x2048.webp',0,'1729163695DCC09369-1536x2048.webp',425,'App\\Models\\User','2024-10-17 14:14:55','2024-10-17 14:14:55'),(186,'/uploads/users/426/1729163868diana-modelsnova8.jpg',0,'1729163868diana-modelsnova8.jpg',426,'App\\Models\\User','2024-10-17 14:17:48','2024-10-17 14:17:48'),(187,'/uploads/users/426/1729163870diana-modelsnova6.jpg',0,'1729163870diana-modelsnova6.jpg',426,'App\\Models\\User','2024-10-17 14:17:50','2024-10-17 14:17:50'),(188,'/uploads/users/426/1729163871diana-modelsnova2.jpg',0,'1729163871diana-modelsnova2.jpg',426,'App\\Models\\User','2024-10-17 14:17:51','2024-10-17 14:17:51'),(189,'/uploads/users/426/1729163872diana-modelsnova4-scaled.jpg',0,'1729163872diana-modelsnova4-scaled.jpg',426,'App\\Models\\User','2024-10-17 14:17:52','2024-10-17 14:17:52'),(190,'/uploads/users/426/1729163872diana-modelsnova10.jpg',0,'1729163872diana-modelsnova10.jpg',426,'App\\Models\\User','2024-10-17 14:17:52','2024-10-17 14:17:52'),(191,'/uploads/users/426/1729163873diana-modelsnova15.jpg',0,'1729163873diana-modelsnova15.jpg',426,'App\\Models\\User','2024-10-17 14:17:53','2024-10-17 14:17:53'),(192,'/uploads/users/426/1729163874diana-modelsnova5.jpg',0,'1729163874diana-modelsnova5.jpg',426,'App\\Models\\User','2024-10-17 14:17:54','2024-10-17 14:17:54'),(193,'/uploads/users/426/1729163874diana-modelsnova13.jpg',0,'1729163874diana-modelsnova13.jpg',426,'App\\Models\\User','2024-10-17 14:17:54','2024-10-17 14:17:54'),(194,'/uploads/users/426/1729163875diana-modelsnova12.jpg',0,'1729163875diana-modelsnova12.jpg',426,'App\\Models\\User','2024-10-17 14:17:55','2024-10-17 14:17:55'),(195,'/uploads/users/426/1729163875diana-modelsnova1-scaled.jpg',0,'1729163875diana-modelsnova1-scaled.jpg',426,'App\\Models\\User','2024-10-17 14:17:55','2024-10-17 14:17:55'),(196,'/uploads/users/428/1729164019modelsnova-shanik2-scaled.webp',0,'1729164019modelsnova-shanik2-scaled.webp',428,'App\\Models\\User','2024-10-17 14:20:19','2024-10-17 14:20:19'),(197,'/uploads/users/428/1729164020modelsnova-shanik3-scaled.webp',0,'1729164020modelsnova-shanik3-scaled.webp',428,'App\\Models\\User','2024-10-17 14:20:20','2024-10-17 14:20:20'),(198,'/uploads/users/428/1729164021modelsnova-shanik17-scaled.webp',0,'1729164021modelsnova-shanik17-scaled.webp',428,'App\\Models\\User','2024-10-17 14:20:21','2024-10-17 14:20:21'),(199,'/uploads/users/428/1729164021modelsnova-shanik7-scaled.webp',0,'1729164021modelsnova-shanik7-scaled.webp',428,'App\\Models\\User','2024-10-17 14:20:21','2024-10-17 14:20:21'),(200,'/uploads/users/428/1729164022modelsnova-shanik14-scaled.webp',0,'1729164022modelsnova-shanik14-scaled.webp',428,'App\\Models\\User','2024-10-17 14:20:22','2024-10-17 14:20:22'),(201,'/uploads/users/428/1729164023modelsnova-shanik8-scaled.webp',0,'1729164023modelsnova-shanik8-scaled.webp',428,'App\\Models\\User','2024-10-17 14:20:23','2024-10-17 14:20:23'),(202,'/uploads/users/428/1729164023modelsnova-shanik15-scaled.webp',0,'1729164023modelsnova-shanik15-scaled.webp',428,'App\\Models\\User','2024-10-17 14:20:23','2024-10-17 14:20:23'),(203,'/uploads/users/428/1729164023modelsnova-shanik1-scaled.webp',0,'1729164023modelsnova-shanik1-scaled.webp',428,'App\\Models\\User','2024-10-17 14:20:23','2024-10-17 14:20:23'),(204,'/uploads/users/428/1729164024modelsnova-shanik5-scaled.webp',0,'1729164024modelsnova-shanik5-scaled.webp',428,'App\\Models\\User','2024-10-17 14:20:24','2024-10-17 14:20:24'),(205,'/uploads/users/428/1729164025modelsnova-shanik11-scaled.webp',0,'1729164025modelsnova-shanik11-scaled.webp',428,'App\\Models\\User','2024-10-17 14:20:25','2024-10-17 14:20:25'),(206,'/uploads/users/432/1729164159DCC09752-scaled.jpg',0,'1729164159DCC09752-scaled.jpg',432,'App\\Models\\User','2024-10-17 14:22:39','2024-10-17 14:22:39'),(207,'/uploads/users/432/1729164161DCC09619-scaled.jpg',0,'1729164161DCC09619-scaled.jpg',432,'App\\Models\\User','2024-10-17 14:22:41','2024-10-17 14:22:41'),(208,'/uploads/users/432/1729164161DCC09761-scaled.jpg',0,'1729164161DCC09761-scaled.jpg',432,'App\\Models\\User','2024-10-17 14:22:41','2024-10-17 14:22:41'),(209,'/uploads/users/432/1729164162DCC09635-scaled.jpg',0,'1729164162DCC09635-scaled.jpg',432,'App\\Models\\User','2024-10-17 14:22:42','2024-10-17 14:22:42'),(210,'/uploads/users/432/1729164162DCC09759-scaled.jpg',0,'1729164162DCC09759-scaled.jpg',432,'App\\Models\\User','2024-10-17 14:22:42','2024-10-17 14:22:42'),(211,'/uploads/product/26/1731262523download-4.jpg',0,'1731262523download-4.jpg',26,'App\\Models\\Product','2024-11-10 21:15:23','2024-11-10 21:15:23'),(212,'/uploads/product/27/1731262620download-4.jpg',0,'1731262620download-4.jpg',27,'App\\Models\\Product','2024-11-10 21:17:00','2024-11-10 21:17:00'),(213,'/uploads/product/28/1731443492download-1.jpg',0,'1731443492download-1.jpg',28,'App\\Models\\Product','2024-11-12 23:31:32','2024-11-12 23:31:32'),(214,'/uploads/product/28/1731443492download-2.jpg',0,'1731443492download-2.jpg',28,'App\\Models\\Product','2024-11-12 23:31:32','2024-11-12 23:31:32'),(215,'/uploads/product/28/1731443492download-3.jpg',0,'1731443492download-3.jpg',28,'App\\Models\\Product','2024-11-12 23:31:32','2024-11-12 23:31:32'),(216,'/uploads/product/28/1731443492download-4.jpg',0,'1731443492download-4.jpg',28,'App\\Models\\Product','2024-11-12 23:31:32','2024-11-12 23:31:32'),(217,'/uploads/product/28/1731443492download.jpg',0,'1731443492download.jpg',28,'App\\Models\\Product','2024-11-12 23:31:32','2024-11-12 23:31:32'),(218,'/uploads/product/29/1731444769images (2).jpg',0,'1731444769images (2).jpg',29,'App\\Models\\Product','2024-11-12 23:52:49','2024-11-12 23:52:49'),(219,'/uploads/product/29/1731444769images.jpg',0,'1731444769images.jpg',29,'App\\Models\\Product','2024-11-12 23:52:49','2024-11-12 23:52:49'),(220,'/uploads/product/29/1731444769images (3).jpg',0,'1731444769images (3).jpg',29,'App\\Models\\Product','2024-11-12 23:52:49','2024-11-12 23:52:49'),(221,'/uploads/product/30/1731444935images (7).jpg',0,'1731444935images (7).jpg',30,'App\\Models\\Product','2024-11-12 23:55:35','2024-11-12 23:55:35'),(222,'/uploads/product/30/1731444935images (5).jpg',0,'1731444935images (5).jpg',30,'App\\Models\\Product','2024-11-12 23:55:35','2024-11-12 23:55:35'),(223,'/uploads/product/31/1731445306images (3).jpg',0,'1731445306images (3).jpg',31,'App\\Models\\Product','2024-11-13 00:01:46','2024-11-13 00:01:46'),(224,'/uploads/product/31/1731445306images (4).jpg',0,'1731445306images (4).jpg',31,'App\\Models\\Product','2024-11-13 00:01:46','2024-11-13 00:01:46'),(225,'/uploads/product/31/1731445306images (5).jpg',0,'1731445306images (5).jpg',31,'App\\Models\\Product','2024-11-13 00:01:46','2024-11-13 00:01:46'),(226,'/uploads/product/32/1731445871images (3).jpg',0,'1731445871images (3).jpg',32,'App\\Models\\Product','2024-11-13 00:11:11','2024-11-13 00:11:11'),(227,'/uploads/product/33/1731445921images (4).jpg',0,'1731445921images (4).jpg',33,'App\\Models\\Product','2024-11-13 00:12:01','2024-11-13 00:12:01'),(228,'/uploads/product/34/1731445974images (4).jpg',0,'1731445974images (4).jpg',34,'App\\Models\\Product','2024-11-13 00:12:54','2024-11-13 00:12:54'),(229,'/uploads/product/37/1731446161images (3).jpg',0,'1731446161images (3).jpg',37,'App\\Models\\Product','2024-11-13 00:16:01','2024-11-13 00:16:01'),(230,'/uploads/product/38/1731446208images (3).jpg',0,'1731446208images (3).jpg',38,'App\\Models\\Product','2024-11-13 00:16:48','2024-11-13 00:16:48'),(231,'/uploads/product/39/1731446255images (4).jpg',0,'1731446255images (4).jpg',39,'App\\Models\\Product','2024-11-13 00:17:35','2024-11-13 00:17:35'),(232,'/uploads/product/26/1731935031image_picker_684EFF27-7BFB-4F4B-9652-41AA3CD58BF9-48254-000015A8215D9FC7.jpg',0,'1731935031image_picker_684EFF27-7BFB-4F4B-9652-41AA3CD58BF9-48254-000015A8215D9FC7.jpg',26,'App\\Models\\Product','2024-11-18 16:03:51','2024-11-18 16:03:51'),(233,'/uploads/product/26/1731935031image_picker_11D5D3A6-0CE1-401B-B9B8-07957A7BB97B-48254-000015A8229353D5.jpg',0,'1731935031image_picker_11D5D3A6-0CE1-401B-B9B8-07957A7BB97B-48254-000015A8229353D5.jpg',26,'App\\Models\\Product','2024-11-18 16:03:51','2024-11-18 16:03:51'),(234,'/uploads/product/26/1731935031image_picker_504A1051-21B3-4C19-A236-E96866A686D7-48254-000015A8221EF466.jpg',0,'1731935031image_picker_504A1051-21B3-4C19-A236-E96866A686D7-48254-000015A8221EF466.jpg',26,'App\\Models\\Product','2024-11-18 16:03:51','2024-11-18 16:03:51'),(235,'/uploads/categories/30/17321747562024-10-07-a7.png',0,'17321747562024-10-07-a7.png',30,'App\\Models\\Category','2024-11-21 10:39:16','2024-11-21 10:39:16'),(236,'/uploads/product/40/1732636768image_picker_12AA5FBD-ECFE-4B6E-8D76-CAD0B7DF9FD5-2705-000001B45D940185.jpg',0,'1732636768image_picker_12AA5FBD-ECFE-4B6E-8D76-CAD0B7DF9FD5-2705-000001B45D940185.jpg',40,'App\\Models\\Product','2024-11-26 18:59:28','2024-11-26 18:59:28'),(237,'/uploads/product/40/1732636768image_picker_CA46F881-E74E-4E08-89D4-7B21D00203D2-2705-000001B45DD32FA0.jpg',0,'1732636768image_picker_CA46F881-E74E-4E08-89D4-7B21D00203D2-2705-000001B45DD32FA0.jpg',40,'App\\Models\\Product','2024-11-26 18:59:28','2024-11-26 18:59:28'),(238,'/uploads/product/41/1733366965image_picker_EF3EEC91-B3E2-4682-AB22-0AEEBAA430D0-2020-000000BCCD9B6C2F.jpg',0,'1733366965image_picker_EF3EEC91-B3E2-4682-AB22-0AEEBAA430D0-2020-000000BCCD9B6C2F.jpg',41,'App\\Models\\Product','2024-12-05 05:49:25','2024-12-05 05:49:25'),(239,'/uploads/product/41/1733366965image_picker_71AAAB6B-B16D-4A77-A434-4AD402C39798-2020-000000BCCD5CB51C.jpg',0,'1733366965image_picker_71AAAB6B-B16D-4A77-A434-4AD402C39798-2020-000000BCCD5CB51C.jpg',41,'App\\Models\\Product','2024-12-05 05:49:25','2024-12-05 05:49:25'),(240,'/uploads/product/41/1733366965image_picker_14233825-0657-4592-9C56-090ADB762FF6-2020-000000BCCE2DA725.jpg',0,'1733366965image_picker_14233825-0657-4592-9C56-090ADB762FF6-2020-000000BCCE2DA725.jpg',41,'App\\Models\\Product','2024-12-05 05:49:25','2024-12-05 05:49:25'),(241,'/uploads/product/41/1733366965image_picker_0035CD8A-DFA9-4714-8A28-2EBDCA610A87-2020-000000BCCD1A9135.jpg',0,'1733366965image_picker_0035CD8A-DFA9-4714-8A28-2EBDCA610A87-2020-000000BCCD1A9135.jpg',41,'App\\Models\\Product','2024-12-05 05:49:25','2024-12-05 05:49:25'),(242,'/uploads/product/41/1733366965image_picker_DCC53930-B9E4-4C43-A159-EF8B640AB99D-2020-000000BCCDEC6FFF.jpg',0,'1733366965image_picker_DCC53930-B9E4-4C43-A159-EF8B640AB99D-2020-000000BCCDEC6FFF.jpg',41,'App\\Models\\Product','2024-12-05 05:49:25','2024-12-05 05:49:25'),(243,'/uploads/product/41/1733366965image_picker_9D1C0485-92BC-4207-8D80-0C6DD1DF7D33-2020-000000BCCCDD5271.jpg',0,'1733366965image_picker_9D1C0485-92BC-4207-8D80-0C6DD1DF7D33-2020-000000BCCCDD5271.jpg',41,'App\\Models\\Product','2024-12-05 05:49:25','2024-12-05 05:49:25');

--
-- Table structure for table `government_translations`
--

CREATE TABLE `government_translations` (
  `id` int unsigned NOT NULL AUTO_INCREMENT,
  `government_id` int unsigned NOT NULL,
  `name` varchar(255) CHARACTER SET utf8mb4 COLLATE utf8mb4_unicode_ci NOT NULL,
  `locale` varchar(255) CHARACTER SET utf8mb4 COLLATE utf8mb4_unicode_ci NOT NULL,
  `created_at` timestamp NULL DEFAULT NULL,
  `updated_at` timestamp NULL DEFAULT NULL,
  PRIMARY KEY (`id`),
  UNIQUE KEY `government_translations_government_id_locale_unique` (`government_id`,`locale`),
  KEY `government_translations_locale_index` (`locale`),
  CONSTRAINT `government_translations_government_id_foreign` FOREIGN KEY (`government_id`) REFERENCES `governments` (`id`) ON DELETE CASCADE
) ENGINE=InnoDB AUTO_INCREMENT=101 DEFAULT CHARSET=utf8mb4 COLLATE=utf8mb4_unicode_ci;

--
-- Dumping data for table `government_translations`
--

INSERT INTO `government_translations` (`id`, `government_id`, `name`, `locale`, `created_at`, `updated_at`) VALUES (15,8,'العاصمة','ar',NULL,NULL),(16,8,'Capital Governorate','en',NULL,NULL),(17,9,'الأحمدي','ar',NULL,NULL),(18,9,'Ahmadi Governorate','en',NULL,NULL),(19,10,'الفروانية','ar',NULL,NULL),(20,10,'Farwaniya Governorate','en',NULL,NULL),(21,11,'الجهراء','ar',NULL,NULL),(22,11,'Jahra Governorate','en',NULL,NULL),(23,12,'حولي','ar',NULL,NULL),(24,12,'Hawalli Governorate','en',NULL,NULL),(25,13,'مبارك الكبير','ar',NULL,NULL),(26,13,'Mubarak Al-Kabeer Governorate','en',NULL,NULL);

--
-- Table structure for table `governments`
--

CREATE TABLE `governments` (
  `id` int unsigned NOT NULL AUTO_INCREMENT,
  `status` int NOT NULL DEFAULT '1',
  `address_address` varchar(255) CHARACTER SET utf8mb4 COLLATE utf8mb4_unicode_ci NOT NULL,
  `address_latitude` double NOT NULL,
  `address_longitude` double NOT NULL,
  `created_at` timestamp NULL DEFAULT NULL,
  `updated_at` timestamp NULL DEFAULT NULL,
  `country_id` int DEFAULT NULL,
  PRIMARY KEY (`id`)
) ENGINE=InnoDB AUTO_INCREMENT=51 DEFAULT CHARSET=utf8mb4 COLLATE=utf8mb4_unicode_ci;

--
-- Dumping data for table `governments`
--

INSERT INTO `governments` (`id`, `status`, `address_address`, `address_latitude`, `address_longitude`, `created_at`, `updated_at`, `country_id`) VALUES (8,1,'العاصمة، Kuwait',29.3342457,47.9812152,'2022-08-24 14:00:00','2022-12-10 06:48:49',1),(9,1,'الأحمدي',0,0,'2022-08-24 14:01:23','2022-08-24 14:01:23',1),(10,1,'الفروانية',0,0,'2022-08-24 14:01:45','2022-08-24 14:01:45',1),(11,1,'الجهراء',0,0,'2022-08-24 14:02:14','2022-08-24 14:02:14',1),(12,1,'حولي',0,0,'2022-08-24 14:02:34','2022-08-24 14:02:34',1),(13,1,'مبارك الكبير',0,0,'2022-08-24 14:02:50','2022-08-24 14:02:50',1);

--
-- Table structure for table `make_reservation_models`
--

CREATE TABLE `make_reservation_models` (
  `id` int unsigned NOT NULL AUTO_INCREMENT,
  `user_id` int NOT NULL,
  `modal_id` int NOT NULL,
  `date` varchar(255) COLLATE utf8mb4_unicode_ci DEFAULT NULL,
  `houers` varchar(255) COLLATE utf8mb4_unicode_ci DEFAULT NULL,
  `price` varchar(255) COLLATE utf8mb4_unicode_ci DEFAULT NULL,
  `created_at` timestamp NULL DEFAULT NULL,
  `updated_at` timestamp NULL DEFAULT NULL,
  `status` varchar(111) CHARACTER SET utf8mb4 COLLATE utf8mb4_unicode_ci DEFAULT 'pending',
  PRIMARY KEY (`id`)
) ENGINE=InnoDB AUTO_INCREMENT=19 DEFAULT CHARSET=utf8mb4 COLLATE=utf8mb4_unicode_ci;

--
-- Dumping data for table `make_reservation_models`
--

INSERT INTO `make_reservation_models` (`id`, `user_id`, `modal_id`, `date`, `houers`, `price`, `created_at`, `updated_at`, `status`) VALUES (4,425,425,'2023-10-12','2 houers','10','2024-10-04 22:37:59','2024-10-04 22:37:59','pending'),(5,377,425,'2023-10-12','2 houers','10','2024-10-04 22:39:04','2024-10-04 22:39:04','pending'),(6,412,425,'2024-10-08','1221','1','2024-10-08 14:06:15','2024-10-08 14:06:15','pending'),(7,412,425,'2024-10-16','1221','1','2024-10-08 14:06:51','2024-10-08 14:06:51','pending'),(8,412,425,'2024-10-16','1221','1','2024-10-08 14:08:02','2024-10-08 14:08:02','pending'),(9,412,424,'2024-10-08','asdasd','22','2024-10-08 14:08:21','2024-10-08 14:08:21','pending'),(10,412,424,'2024-10-08','asdasd','21','2024-10-08 14:08:36','2024-10-08 14:08:36','pending'),(11,412,424,'2024-10-08','asdasd','22','2024-10-08 14:09:10','2024-10-08 14:09:10','pending'),(12,377,425,'2023-10-12','2 houers','10','2024-10-08 14:10:13','2024-10-08 14:10:13','pending'),(13,412,425,'2024-10-28','1221','1','2024-10-08 14:11:46','2024-10-08 14:11:46','pending'),(14,412,425,'2024-10-08','1221','1','2024-10-08 14:12:16','2024-10-08 14:12:16','pending'),(15,412,425,'2024-10-16','1221','1','2024-10-08 14:13:07','2024-10-08 14:13:07','pending'),(16,412,425,'2024-10-22','1221','1','2024-10-08 14:13:34','2024-10-08 14:13:34','pending'),(17,412,425,'2024-10-21','1221','1','2024-10-08 14:14:19','2024-10-08 14:14:19','pending'),(18,412,424,'2024-10-21','asdasd','22','2024-10-08 15:17:11','2024-10-08 15:17:11','pending');

--
-- Table structure for table `migrations`
--

CREATE TABLE `migrations` (
  `id` int unsigned NOT NULL AUTO_INCREMENT,
  `migration` varchar(255) CHARACTER SET utf8mb4 COLLATE utf8mb4_unicode_ci NOT NULL,
  `batch` int NOT NULL,
  PRIMARY KEY (`id`)
) ENGINE=InnoDB AUTO_INCREMENT=84 DEFAULT CHARSET=utf8mb4 COLLATE=utf8mb4_unicode_ci;

--
-- Dumping data for table `migrations`
--

INSERT INTO `migrations` (`id`, `migration`, `batch`) VALUES (1,'2014_10_12_000000_create_users_table',1),(2,'2014_10_12_100000_create_password_resets_table',1),(3,'2016_06_01_000001_create_oauth_auth_codes_table',1),(4,'2016_06_01_000002_create_oauth_access_tokens_table',1),(5,'2016_06_01_000003_create_oauth_refresh_tokens_table',1),(6,'2016_06_01_000004_create_oauth_clients_table',1),(7,'2016_06_01_000005_create_oauth_personal_access_clients_table',1),(8,'2019_08_19_000000_create_failed_jobs_table',1),(9,'2019_12_14_000001_create_personal_access_tokens_table',1),(10,'2022_02_06_071010_laratrust_setup_tables',1),(11,'2022_02_07_073030_create_public_notifcations_table',1),(12,'2022_02_07_131228_create_topics_table',1),(13,'2022_02_07_131335_create_topic_subscripts_table',1),(14,'2022_02_10_131840_create_short_terms_table',1),(15,'2022_03_24_101035_create_sliders_table',1),(16,'2022_03_24_114417_create_slider_translations_table',1),(17,'2022_05_29_115314_create_categories_table',1),(18,'2022_05_29_115351_create_category_translations_table',1),(19,'2022_05_31_082944_create_products_tables',1),(20,'2022_05_31_083136_create_product_translations_table',1),(21,'2022_05_31_084033_create_features_table',1),(22,'2022_05_31_084050_create_feature_translations_table',1),(23,'2022_05_31_084308_create_feature_options_table',1),(24,'2022_05_31_084333_create_feature_option_translations_table',1),(25,'2022_05_31_085551_create_files_table',1),(26,'2022_05_31_112821_create_product_categories_table',1),(27,'2022_06_02_080435_create_payment_methods_table',1),(28,'2022_06_02_080436_create_shipping_types_table',1),(29,'2022_06_02_080440_create_orders_table',1),(30,'2022_06_02_081214_create_product_orders_table',1),(31,'2022_06_02_081356_create_order_product_features_table',1),(32,'2022_06_02_082600_create_payment_method_translations_table',1),(33,'2022_06_02_082610_create_shipping_type_translations_table',1),(34,'2022_06_02_122112_create_governments_table',1),(35,'2022_06_02_122142_create_government_translations_table',1),(36,'2022_06_02_122214_create_regions_table',1),(37,'2022_06_02_122222_create_region_translations_table',1),(38,'2022_06_02_133202_create_arrival_prices_table',1),(39,'2022_06_04_091835_added_checked_to_products_table',1),(40,'2022_06_05_073619_create_coupons_table',1),(41,'2022_06_05_074500_create_coupone_relateds_table',1),(42,'2022_06_05_081404_create_user_products_table',1),(43,'2022_06_05_113923_create_user_addresses_table',1),(44,'2022_06_08_101900_create_arrivals_table',1),(45,'2022_06_08_102003_create_arrival_times_table',1),(46,'2022_06_09_132916_create_order_coupons_table',1),(47,'2022_06_09_134805_add_category_id_to_product_orders_table',1),(48,'2022_06_11_093816_added_checked_to_user_addresses_table',1),(49,'2022_06_11_102956_added_delivery_date_time_to_orders_table',1),(50,'2022_06_11_103215_create_order_shippings_table',1),(51,'2022_06_18_093322_create_order_comments_table',1),(52,'2022_06_19_082401_create_tagers_table',1),(53,'2022_06_20_102847_added_latـlang_table',1),(54,'2022_06_20_135514_create_user_categories_table',1),(55,'2022_06_21_073606_added_image_to_user_table',1),(56,'2022_06_25_095040_create_refund_products_table',2),(57,'2022_06_26_105000_create_user_orders_table',3),(58,'2022_06_26_125130_create_contacts_table',4),(59,'2022_06_28_111636_create_pages_table',5),(60,'2022_06_28_111731_create_page_translations_table',5),(61,'2022_07_17_122026_create_order_options_table',6),(62,'2023_01_22_085447_create_pwrs_table',7),(63,'2023_01_22_085741_create_product_pwrs_table',8),(64,'2023_01_22_112213_create_offers_table',9),(65,'2023_01_22_113541_create_offer_translations_table',9),(67,'2023_01_27_121549_create_offer_orders_table',10),(68,'2023_02_22_092633_create_visitors_table',11),(69,'2024_02_19_233649_create_brands_table',12),(70,'2024_02_19_233725_create_brand_transaltions_table',12),(71,'2024_02_22_011812_create_subcribe_celebrates_table',13),(72,'2024_02_25_140331_create_nurseries_table',14),(73,'2024_02_25_150956_create_nurserie_translations_table',14),(74,'2024_02_25_164654_create_nurserie_subscribes_table',15),(75,'2024_02_25_190631_create_subscribe_habanas_table',16),(76,'2024_03_30_145846_create_rates_table',17),(77,'2024_03_31_222559_create_branches_table',18),(78,'2024_03_31_222636_create_branch_translations_table',18),(79,'2024_04_01_014027_create_product_branches_table',19),(80,'2024_05_12_135151_create_user_famouses_table',20),(81,'2024_06_21_213940_create_special_orders_table',21),(82,'2024_10_04_195638_create_user_otherdatas_table',22),(83,'2024_10_04_222420_create_make_reservation_models_table',23);

--
-- Table structure for table `nurserie_subscribe_translations`
--

CREATE TABLE `nurserie_subscribe_translations` (
  `id` int unsigned NOT NULL AUTO_INCREMENT,
  `nurserie_subscribe_id` int unsigned DEFAULT NULL,
  `title` varchar(255) CHARACTER SET utf8mb4 COLLATE utf8mb4_unicode_ci DEFAULT NULL,
  `content` varchar(255) CHARACTER SET utf8mb4 COLLATE utf8mb4_unicode_ci DEFAULT NULL,
  `locale` varchar(255) CHARACTER SET utf8mb4 COLLATE utf8mb4_unicode_ci NOT NULL,
  `created_at` timestamp NULL DEFAULT NULL,
  `updated_at` timestamp NULL DEFAULT NULL,
  PRIMARY KEY (`id`)
) ENGINE=InnoDB AUTO_INCREMENT=11 DEFAULT CHARSET=utf8mb4 COLLATE=utf8mb4_unicode_ci;

--
-- Dumping data for table `nurserie_subscribe_translations`
--

INSERT INTO `nurserie_subscribe_translations` (`id`, `nurserie_subscribe_id`, `title`, `content`, `locale`, `created_at`, `updated_at`) VALUES (9,7,'تفصيل ملابس','<p>تفصيل ملابس</p>','ar',NULL,NULL),(10,7,'تفصيل ملابس','<p>تفصيل ملابس</p>','en',NULL,NULL);

--
-- Table structure for table `nurserie_subscribes`
--

CREATE TABLE `nurserie_subscribes` (
  `id` int unsigned NOT NULL AUTO_INCREMENT,
  `user_id` int DEFAULT NULL,
  `price` decimal(8,3) DEFAULT NULL,
  `subscribe_date` varchar(255) CHARACTER SET utf8mb4 COLLATE utf8mb4_unicode_ci DEFAULT NULL,
  `created_at` timestamp NULL DEFAULT NULL,
  `updated_at` timestamp NULL DEFAULT NULL,
  `status` int DEFAULT '1',
  `Upfront_price` int DEFAULT NULL,
  PRIMARY KEY (`id`)
) ENGINE=InnoDB AUTO_INCREMENT=8 DEFAULT CHARSET=utf8mb4 COLLATE=utf8mb4_unicode_ci;

--
-- Dumping data for table `nurserie_subscribes`
--

INSERT INTO `nurserie_subscribes` (`id`, `user_id`, `price`, `subscribe_date`, `created_at`, `updated_at`, `status`, `Upfront_price`) VALUES (7,386,100.000,NULL,'2024-05-14 23:29:17','2024-05-19 00:59:49',1,32);

--
-- Table structure for table `nurserie_translations`
--

CREATE TABLE `nurserie_translations` (
  `id` int unsigned NOT NULL AUTO_INCREMENT,
  `nurserie_id` int unsigned NOT NULL,
  `title` varchar(255) CHARACTER SET utf8mb4 COLLATE utf8mb4_unicode_ci DEFAULT NULL,
  `content` varchar(255) CHARACTER SET utf8mb4 COLLATE utf8mb4_unicode_ci DEFAULT NULL,
  `address` varchar(255) CHARACTER SET utf8mb4 COLLATE utf8mb4_unicode_ci DEFAULT NULL,
  `locale` varchar(255) CHARACTER SET utf8mb4 COLLATE utf8mb4_unicode_ci NOT NULL,
  `created_at` timestamp NULL DEFAULT NULL,
  `updated_at` timestamp NULL DEFAULT NULL,
  PRIMARY KEY (`id`),
  UNIQUE KEY `nurserie_translations_nurseries_id_locale_unique` (`nurserie_id`,`locale`),
  KEY `nurserie_translations_locale_index` (`locale`),
  CONSTRAINT `nurserie_translations_nurseries_id_foreign` FOREIGN KEY (`nurserie_id`) REFERENCES `nurseries` (`id`) ON DELETE CASCADE
) ENGINE=InnoDB AUTO_INCREMENT=7 DEFAULT CHARSET=utf8mb4 COLLATE=utf8mb4_unicode_ci;

--
-- Dumping data for table `nurserie_translations`
--

INSERT INTO `nurserie_translations` (`id`, `nurserie_id`, `title`, `content`, `address`, `locale`, `created_at`, `updated_at`) VALUES (3,4,'الحضانه ٢',NULL,'الكويت','ar',NULL,NULL),(4,4,'الحضانه ٢',NULL,'الكويت','en',NULL,NULL);

--
-- Table structure for table `nurseries`
--

CREATE TABLE `nurseries` (
  `id` int unsigned NOT NULL AUTO_INCREMENT,
  `image` varchar(255) CHARACTER SET utf8mb4 COLLATE utf8mb4_unicode_ci DEFAULT NULL,
  `banners` varchar(255) CHARACTER SET utf8mb4 COLLATE utf8mb4_unicode_ci DEFAULT NULL,
  `created_at` timestamp NULL DEFAULT NULL,
  `updated_at` timestamp NULL DEFAULT NULL,
  `phone` varchar(191) CHARACTER SET utf8mb4 COLLATE utf8mb4_unicode_ci DEFAULT NULL,
  `status` int NOT NULL DEFAULT '1',
  `inactive` int NOT NULL DEFAULT '0',
  PRIMARY KEY (`id`)
) ENGINE=InnoDB AUTO_INCREMENT=8 DEFAULT CHARSET=utf8mb4 COLLATE=utf8mb4_unicode_ci;

--
-- Dumping data for table `nurseries`
--

INSERT INTO `nurseries` (`id`, `image`, `banners`, `created_at`, `updated_at`, `phone`, `status`, `inactive`) VALUES (4,'2024-02-25-Screen Shot 2024-02-18 at 11.46.25 AM.png','2024-02-25-Screen Shot 2024-02-18 at 11.46.25 AM.png','2024-02-25 16:08:12','2024-02-25 16:34:13','51007138',1,1),(5,NULL,NULL,'2024-02-25 16:20:23','2024-02-25 16:20:23',NULL,1,0),(7,NULL,NULL,'2024-05-14 22:45:04','2024-05-14 22:45:04',NULL,1,0);

--
-- Table structure for table `oauth_access_tokens`
--

CREATE TABLE `oauth_access_tokens` (
  `id` varchar(100) CHARACTER SET utf8mb4 COLLATE utf8mb4_unicode_ci NOT NULL,
  `user_id` bigint unsigned DEFAULT NULL,
  `client_id` bigint unsigned NOT NULL,
  `name` varchar(255) CHARACTER SET utf8mb4 COLLATE utf8mb4_unicode_ci DEFAULT NULL,
  `scopes` text CHARACTER SET utf8mb4 COLLATE utf8mb4_unicode_ci,
  `revoked` tinyint(1) NOT NULL,
  `created_at` timestamp NULL DEFAULT NULL,
  `updated_at` timestamp NULL DEFAULT NULL,
  `expires_at` datetime DEFAULT NULL,
  PRIMARY KEY (`id`),
  KEY `oauth_access_tokens_user_id_index` (`user_id`)
) ENGINE=InnoDB DEFAULT CHARSET=utf8mb4 COLLATE=utf8mb4_unicode_ci;

--
-- Dumping data for table `oauth_access_tokens`
--

INSERT INTO `oauth_access_tokens` (`id`, `user_id`, `client_id`, `name`, `scopes`, `revoked`, `created_at`, `updated_at`, `expires_at`) VALUES ('003e5964f7c098faeff68cdce59e7717fe9c776e2e45dc9531a017b885cee72af827317b2915224c',204,1,'focus','[]',0,'2023-05-01 05:39:56','2023-05-01 05:39:56','2024-05-01 08:39:56'),('00c834e576f2e276022f68cd87b35a77e51b3fcabeea39f992fc953bf2a783412377bddd8385cba5',307,1,'focus','[]',0,'2023-10-15 21:45:57','2023-10-15 21:45:57','2024-10-15 21:45:57'),('0113048176eacbee3f5df9e8fe502bd4e5a9dfc67f5c7671117ca6fde4faa3c1a582665ddd95e79d',98,1,'focus','[]',0,'2023-02-25 21:09:16','2023-02-25 21:09:16','2024-02-25 23:09:16'),('013781698070f02b9eb732d61515a864beadb12d83b1caf01de37efe2dabd64a819b887fb0fa0b85',216,1,'focus','[]',0,'2023-05-19 23:23:57','2023-05-19 23:23:57','2024-05-20 02:23:57'),('0137ad1c9bd40822b439e8cd0f2af935f8f0dafc71132bfe2b1ded01d6984da4e5425754644bd002',188,1,'focus','[]',0,'2023-04-21 02:58:44','2023-04-21 02:58:44','2024-04-21 04:58:44'),('018382a8a39760b16f307b3555827a89ced0c9807faf8cd14087b966b969af851c546cc1ccedcb5f',153,1,'focus','[]',0,'2023-04-12 05:36:24','2023-04-12 05:36:24','2024-04-12 07:36:24'),('01ebf4241c85fb4916496c40bb92e7e90c5bb7db6241a5b159092752dc7bbb9464123c778bb67246',183,1,'focus','[]',0,'2023-04-20 14:38:49','2023-04-20 14:38:49','2024-04-20 16:38:49'),('029c492ad49e8d9a34862671d09fa3c5b8d6ac8353395e9919fe843501ae121b4fb983681ef55bc4',98,1,'focus','[]',0,'2023-02-21 09:51:48','2023-02-21 09:51:48','2024-02-21 11:51:48'),('02ad3404dc99a53696b64b467ad8cb74749673122a13bbf31491bfb0e0e352d2513d7d088beb5b7c',438,1,'mshroee','[]',0,'2024-11-26 18:34:50','2024-11-26 18:34:50','2025-11-26 18:34:50'),('036ae13a53398f9d909012abe90c39e90ad979419c5e9f52ade80e3f326d8c8e682b0ea67016b653',176,1,'focus','[]',0,'2023-04-18 17:09:28','2023-04-18 17:09:28','2024-04-18 19:09:28'),('039f382c940aa5658e52acfe1d96ae895305ddc0e3d1de0f30196747384bc338b163829ef1765745',97,1,'focus','[]',0,'2023-02-20 05:52:05','2023-02-20 05:52:05','2024-02-20 07:52:05'),('042d505cbd72bdb95e5088a6651c051a61de2cf523eec1f17a5996aaa3e17cadae0ed2ea60386b54',324,1,'focus','[]',0,'2023-11-19 01:07:54','2023-11-19 01:07:54','2024-11-19 01:07:54'),('04373389675ed571ef8c7e7e8ebf4369010c2ed5f106611deba8d90bc85be97574ba757b7ae45476',401,1,'mshroee','[]',0,'2024-05-27 16:30:30','2024-05-27 16:30:30','2025-05-27 16:30:30'),('043ed18cbdb93561e62012db6accf87b2b14acc191f87c03a1001bb4532c547383a1415f5bbf9a88',163,1,'focus','[]',0,'2023-04-15 10:56:50','2023-04-15 10:56:50','2024-04-15 12:56:50'),('04520a38c9e4a7c5a62e3fbf35e9e0ef61d5055d8252f0e1704cccfff2fecde3d3aafff8182f0df5',125,1,'focus','[]',0,'2023-04-09 09:41:10','2023-04-09 09:41:10','2024-04-09 11:41:10'),('04c5783973d49237e263303d40d3d2e9f17a41ddfb98b934cdf0e859072814b1e3398baf45293433',73,1,'mazraa','[]',0,'2022-09-28 09:10:32','2022-09-28 09:10:32','2023-09-28 11:10:32'),('0544eef74a4d07a86a2a2c0276b1fb93b7ae060c39813144caa34bb7b7ffa6b68792fa0cf32700a5',356,1,'focus','[]',0,'2024-04-27 13:05:13','2024-04-27 13:05:13','2025-04-27 13:05:13'),('054ddae020a5b31c9342ae65023a05c62c70579edfd78800367bc7dfee1fb1fe2f774bd4749f0270',124,1,'focus','[]',0,'2023-04-09 09:36:55','2023-04-09 09:36:55','2024-04-09 11:36:55'),('0577ee463192a318248e126cd59735f15bc1a7fb79ba3499bcc10cf925831ecb84efd4955a96ec02',292,1,'focus','[]',0,'2023-09-15 13:02:24','2023-09-15 13:02:24','2024-09-15 13:02:24'),('05a99f59b7bfa0052af91993af6aa88ead87af82631dfddccec978129153ae361e9b7d6b3bab0f03',201,1,'focus','[]',0,'2023-04-30 11:51:57','2023-04-30 11:51:57','2024-04-30 14:51:57'),('05ecbcae8ac934839cad8f4d2365cbdb1955ca191f185ed4f2333e57d46c728da012d068e5b73dd6',97,1,'focus','[]',0,'2023-02-20 11:05:58','2023-02-20 11:05:58','2024-02-20 13:05:58'),('064cb93790403c2c131eea5cc325ef78d04dd68a10e954ae01606a5d5981513afd15a4828b72671c',412,1,'focus','[]',0,'2024-11-12 21:30:46','2024-11-12 21:30:46','2025-11-12 21:30:46'),('06d6a47b866c6ecc39e78b9b665b031f3b2642520c31cc8e4b04ee85a59877e4e68b08aa1c10411e',71,1,'mazraa','[]',0,'2022-07-06 11:16:28','2022-07-06 11:16:28','2023-07-06 13:16:28'),('06da447d74de85c8b73410de9d75a0ec9a6125cfed910acb0b79e0c7a11b361e95a4d02bd65ee305',1,1,'gold','[]',0,'2022-12-10 08:23:25','2022-12-10 08:23:25','2023-12-10 10:23:25'),('0770119bbc9a6dc7d9fb4fa5026d9fe581552532d6b788f330c193433dd20801c00285fa8e5e2a6f',62,1,'mazraa','[]',0,'2022-07-01 12:26:25','2022-07-01 12:26:25','2023-07-01 14:26:25'),('078cd2ab99b2423566839bacd19ef5de614be5fdf9ecf000f20df96f3fbf5bad142698c8133784da',183,1,'focus','[]',0,'2023-04-20 14:38:41','2023-04-20 14:38:41','2024-04-20 16:38:41'),('079741093f1b5b031223fb9051027dcf902b43ccdde9f57097ec815348073caacdaee04c5029a9cb',377,1,'focus','[]',0,'2024-06-24 16:37:26','2024-06-24 16:37:26','2025-06-24 18:37:26'),('07ebfc248b8ee322c1da960b5f15d8f5dde910e6432ac672b41d0637e111643e99be361ebb566813',313,1,'focus','[]',0,'2023-10-24 15:28:09','2023-10-24 15:28:09','2024-10-24 15:28:09'),('07f0d44373ca253463e394592a5d48e8e274097143488d3899ae92dd5bf3ed1b8de88883dae7b108',148,1,'focus','[]',0,'2023-04-15 09:51:14','2023-04-15 09:51:14','2024-04-15 11:51:14'),('07fcee89137af8b454de2396a88a506976a390cdde944d2d001b1df3248d131d18afad07bdbd555f',191,1,'focus','[]',0,'2023-04-21 23:14:34','2023-04-21 23:14:34','2024-04-22 01:14:34'),('0831536865ebdfc74e4e5a9d01eb3f72b76a22cf04be3c6fb26fe9772d0aaf804c2858c24efcf9df',153,1,'focus','[]',0,'2023-10-03 11:59:35','2023-10-03 11:59:35','2024-10-03 11:59:35'),('0844dbac76a3ebc59523c15f6b084ff7db2ea304a7ea4ccba7ceaf483054357d15a3896c5a376e26',101,1,'focus','[]',0,'2023-02-27 06:24:40','2023-02-27 06:24:40','2024-02-27 08:24:40'),('08589339d97ec145b666a00eb78c53093b276b9bf0d78fdadebf42cef76466f6a3fbcd9d96270aac',115,1,'focus','[]',0,'2023-03-08 05:58:03','2023-03-08 05:58:03','2024-03-08 07:58:03'),('0879131f2b4191a17f13c665094af58465538d7e788b35f05ac6037a505ea13bdf0e9d7fd6a500f2',306,1,'focus','[]',0,'2023-10-15 19:58:58','2023-10-15 19:58:58','2024-10-15 19:58:58'),('087b21b9a67a2f5eb1dd5300caa483317d22406207a18b8750744e01c5f1c458793a44ba96835220',127,1,'focus','[]',0,'2023-04-09 09:58:45','2023-04-09 09:58:45','2024-04-09 11:58:45'),('08e3bce0b57314a8406874f1afd1da30bde608a417cfd8658b7d099995b0e1ea651406dd97ba0ab0',126,1,'focus','[]',0,'2023-04-09 09:47:55','2023-04-09 09:47:55','2024-04-09 11:47:55'),('090e2a8efab00eee3badc129a95cf6583fea932011a13035324cc5c81400a22d34bc7adafa65be6b',98,1,'focus','[]',0,'2023-02-21 19:31:00','2023-02-21 19:31:00','2024-02-21 21:31:00'),('0929f6affbac8e2a58ca60586a6c17a26e983fced0083ac433d7de56ace0e2dee2d63cca141b012a',292,1,'focus','[]',0,'2023-09-15 13:03:07','2023-09-15 13:03:07','2024-09-15 13:03:07'),('094f5f3fd50f7cca02992d3e1f98ec6e5937431dadd8e32ee65817bc5099dc7aa16b445c0f1a0939',78,1,'gold','[]',0,'2022-10-29 06:57:43','2022-10-29 06:57:43','2023-10-29 08:57:43'),('097819e9b7d5769f0f9b075da44afb0d8b483a69f01ccbd2a452b6a46741e3ea89448565290bf209',1,1,'gold','[]',0,'2022-11-15 09:34:30','2022-11-15 09:34:30','2023-11-15 11:34:30'),('0a225ed84926c4fb96279f3371584d1abf142f29e9e71e98ca24ae64c9b4770989d78831cfaf8dd0',96,1,'focus','[]',0,'2023-02-18 20:33:53','2023-02-18 20:33:53','2024-02-18 22:33:53'),('0a3656bbd9df790a2e25da0e1a759a7629297b503a501f900c0c38bc1273adb008ca03b3fb1ccae8',377,1,'focus','[]',0,'2024-05-12 16:30:10','2024-05-12 16:30:10','2025-05-12 16:30:10'),('0a4098025280c056d5dea464839e88ad61ce2114225d3850e41eae2de2541a83946f8fa3a154487c',440,1,'focus','[]',0,'2024-12-05 05:44:56','2024-12-05 05:44:56','2025-12-05 05:44:56'),('0a4925f11dff417f089fae4b7f7214af795a21af6ab129096619298c5afe3c692a0636068a8c84b5',87,1,'focus','[]',0,'2023-02-17 09:03:33','2023-02-17 09:03:33','2024-02-17 11:03:33'),('0a6258537cc17db5104fe9912ce49eed5a184f1b929da9b2a9e5740d63a0e70c05988d6b86d8e380',292,1,'focus','[]',0,'2023-09-15 13:03:06','2023-09-15 13:03:06','2024-09-15 13:03:06'),('0aa8532e6caa56de9d7c12abf86c234e079115f9592873b39cfaa82894ce4a17537f3bb1865098a9',358,1,'focus','[]',0,'2024-04-27 13:38:25','2024-04-27 13:38:25','2025-04-27 13:38:25'),('0ac68b82367b892a8a290b3997bd06558ef15f537c73e132a657bdee9f0265f734bf7c5b5147a630',343,1,'focus','[]',0,'2024-03-21 12:24:33','2024-03-21 12:24:33','2025-03-21 12:24:33'),('0b4f770760a31a0a2b9766e19a64078c0ee913e2bc47fede78878eac62f29ef8ac895fe2fe08d0ab',412,1,'focus','[]',0,'2024-06-26 11:42:44','2024-06-26 11:42:44','2025-06-26 13:42:44'),('0b9043c7d585bf34670cb79daa62045a2c033c6329f2aa7c379990ba8ea779bb821ca1c2adc14ba7',285,1,'focus','[]',0,'2023-08-28 04:11:47','2023-08-28 04:11:47','2024-08-28 07:11:47'),('0bcdb9d6ae3bfa795cc88a1b6a38c122ee572a5dfcf5317e13444de82bdb4cdfc8d903ade1396ca6',421,1,'focus','[]',0,'2024-10-04 22:07:42','2024-10-04 22:07:42','2025-10-04 22:07:42'),('0bf126d7633fae011ddb030611a11fc43214551e9d32fdd8fb9deabed29f9c2812bb3c53f2e101e8',1,1,'gold','[]',0,'2022-12-06 05:38:39','2022-12-06 05:38:39','2023-12-06 07:38:39'),('0c275cd38c2543fdcc8ee912f948f7205031e917e2f108d2dad365e2aba6e3e383e251d4823e60c5',88,1,'focus','[]',0,'2023-02-17 20:35:15','2023-02-17 20:35:15','2024-02-17 22:35:15'),('0c4be3baec2bb77d7b065d4f8f1eb9de25fd92cf587f7aa2cdf5a01f0491687928cd8685bc51fbcb',77,1,'mazraa','[]',0,'2022-09-29 06:35:57','2022-09-29 06:35:57','2023-09-29 08:35:57'),('0c900e2c764e7f29ed0022c8d237c409a9e59f296c58070c22c124fd3b4d0b215ea98435147c4366',149,1,'focus','[]',0,'2023-04-11 05:31:29','2023-04-11 05:31:29','2024-04-11 07:31:29'),('0cbb193d69c6c8f7156be8f4e66cf0deaaa75cb8421ebfac2a5265c0ca21fbd17454e6b06ab762d1',407,1,'mshroee','[]',0,'2024-06-12 21:38:33','2024-06-12 21:38:33','2025-06-12 23:38:33'),('0cd75a862ae593ae0af6f77883296f37aface7d5b593468cdb80451c2f75463b9a4fd49ce0ddd3e8',97,1,'focus','[]',0,'2023-02-19 08:47:04','2023-02-19 08:47:04','2024-02-19 10:47:04'),('0d1c89fda49a17e6d6f0662e79487e73e9fc6c7ce470f5a4824d7b3dec67e690cf047cd5902abc2b',262,1,'focus','[]',0,'2023-07-24 16:23:59','2023-07-24 16:23:59','2024-07-24 19:23:59'),('0d2ea6bfab46521e8b73e4a620725091220ec79599afdaf8f8fbe1b8e9c6dd3cf5708e673ae88f52',345,1,'focus','[]',0,'2024-05-01 15:51:37','2024-05-01 15:51:37','2025-05-01 15:51:37'),('0d5245413f8f5c8a705ec3d0aaff5a67cddaec667a1ee2ab771508adcb9db094f801792f36eaedcc',258,1,'focus','[]',0,'2023-07-15 07:37:54','2023-07-15 07:37:54','2024-07-15 10:37:54'),('0d8f44d719a6e4ab00a1b0c92e40ce4d253e4e13086ca00e51d7464fc8a8cedaeaf662117ce81852',353,1,'focus','[]',0,'2024-05-04 18:48:08','2024-05-04 18:48:08','2025-05-04 18:48:08'),('0dcee8affd05276839bd2d2643dff6a1679eec95e436ebb2838fd24ac52b98f2133ea79ed5209ea4',241,1,'focus','[]',0,'2023-06-26 11:21:03','2023-06-26 11:21:03','2024-06-26 14:21:03'),('0dfc2961bcddc0e895420c5e519bc5298bbafa6ba0ad72c24a6754da013b449614d23683e0ea98b3',116,1,'focus','[]',0,'2023-03-07 22:17:21','2023-03-07 22:17:21','2024-03-08 00:17:21'),('0e1515dc645e8f3552536bb43d74751334d4865520836f752bbd6e449270a4f2feaa0c8c12a2bcf8',229,1,'focus','[]',0,'2023-06-02 13:48:47','2023-06-02 13:48:47','2024-06-02 16:48:47'),('0e183443ccbc078ed020a6329a45fc74229ce36c80cdcfc37d0ad98bf38d1786258768c6614129b4',171,1,'focus','[]',0,'2023-04-17 17:35:22','2023-04-17 17:35:22','2024-04-17 19:35:22'),('0e4dbec816dd744787e0f9b2d32835fc637fda95daedf93a5aabcfe80e02acf1325dca29adb22bb7',97,1,'focus','[]',0,'2023-02-20 12:31:30','2023-02-20 12:31:30','2024-02-20 14:31:30'),('0eba9fc97e6891e361acb63409d271fd3fc170b52ced8de1dd266a25eb5bcac9813f45c7be5acf58',269,1,'focus','[]',0,'2023-08-03 17:49:28','2023-08-03 17:49:28','2024-08-03 20:49:28'),('0f2756793a7aee37a3325c852792d60aa946387f14b0e3bd524933cfe50a4a0b2f0575b275883645',9,1,'mazraa','[]',0,'2022-09-28 08:49:49','2022-09-28 08:49:49','2023-09-28 10:49:49'),('0f2ae568fd47af063b556f3301531b10c7c31373ac123911ff567b1a4471962de2b2bcc89f8b447e',97,1,'focus','[]',0,'2023-02-19 09:36:27','2023-02-19 09:36:27','2024-02-19 11:36:27'),('0f4ba37f9ca35241ebb31c9657e066acb01c71225244a9d201c893a4088078a6126a4f29fa274350',77,1,'mazraa','[]',0,'2022-09-29 06:34:50','2022-09-29 06:34:50','2023-09-29 08:34:50'),('0fce3f7f3eb49da311a2974cacf243a05d0a53faf2077c0a3c58e3efd1ab8524a9d4972032ca7760',412,1,'focus','[]',0,'2024-12-04 13:40:08','2024-12-04 13:40:08','2025-12-04 13:40:08'),('0fe2ce712b05c6d4840bc53b66a7f3590efc04cf8d90a6212712e6e560e531e72b6ac3726f41ff13',73,1,'mazraa','[]',0,'2022-10-01 16:16:08','2022-10-01 16:16:08','2023-10-01 18:16:08'),('0fead491935e3c631158882299eee49457240cf249ca5c48631ed2a36e21a449b1ae0ad991028e23',269,1,'focus','[]',0,'2023-09-02 17:12:00','2023-09-02 17:12:00','2024-09-02 17:12:00'),('0ffd0189053d55d02f4f6d1c542719e4641bf318e905b0da87bff1f03a5fed36b78fac3db091a92e',148,1,'focus','[]',0,'2023-04-12 10:45:40','2023-04-12 10:45:40','2024-04-12 12:45:40'),('10381fc7a9e15f72220f571c2b18fdd4cebf2e1743b1b474bb49a07bffc698a3c66a1d5b59a77677',287,1,'focus','[]',0,'2023-09-03 07:53:51','2023-09-03 07:53:51','2024-09-03 07:53:51'),('107fa3bdd7e59304c7706340edc903b3f5651d3c8e06328e532ddf26666723ef490b6142d0f0b885',114,1,'focus','[]',0,'2023-03-02 12:06:58','2023-03-02 12:06:58','2024-03-02 14:06:58'),('10eeebcecdbcb3ee61643a96abcb2b8b0585ac82edef6e41332f164b18c07a540d158e78a7620203',293,1,'focus','[]',0,'2023-09-21 09:30:55','2023-09-21 09:30:55','2024-09-21 09:30:55'),('11391803d7830da21944ceb431cdb966baec3c596757a490a03bc3690fc231dee1d1d884f0b2d7a5',338,1,'focus','[]',0,'2024-02-22 00:14:49','2024-02-22 00:14:49','2025-02-22 00:14:49'),('11504c5d3d5ad4e9260440d7fecbeb99cc9be708d2ca2716fc82aa98a16ffb37b46e1031820dd7a3',149,1,'focus','[]',0,'2023-04-11 19:01:58','2023-04-11 19:01:58','2024-04-11 21:01:58'),('11e0578473668b9e4166a3bd713c3654cd8caab27ae449a2a1012c03caf9147db39a2645c138e322',134,1,'focus','[]',0,'2023-04-09 10:24:35','2023-04-09 10:24:35','2024-04-09 12:24:35'),('11e4e3c3d5546eeb00367f099262c4fe488a1aba1a644938f6a8c5ba2785dd52081789fd6ff91aa0',11,1,'mazraa','[]',0,'2022-06-23 08:02:47','2022-06-23 08:02:47','2023-06-23 10:02:47'),('121f3960f28da2ab5e18e54051c96cb5ef994cddacbb6aaa6855f38daa042bfbe689ee2d441b4ba5',73,1,'mazraa','[]',0,'2022-10-02 05:21:48','2022-10-02 05:21:48','2023-10-02 07:21:48'),('1259d02662224f755874342c887d216c117c4fd0d3767e61b8fe23ccf9d6ce706ac08aab272b2dba',425,1,'focus','[]',0,'2024-10-04 22:10:40','2024-10-04 22:10:40','2025-10-04 22:10:40'),('12afcfd56fc1367c6b00154c5304ad16a2d6ff07a07ffb750a91d7b7345765e5430d7f257d22230c',255,1,'focus','[]',0,'2023-07-07 18:07:06','2023-07-07 18:07:06','2024-07-07 21:07:06'),('12ebd141d29b06674b7af8f36abdaf26934dbf828e7f134c3d3ed5e34a946913be025e3dd7c4ef90',73,1,'mazraa','[]',0,'2022-11-17 08:05:03','2022-11-17 08:05:03','2023-11-17 10:05:03'),('135d1c9e6ab9ac3e682562f753f7f6e521f6ecfac88a951d3f4ec43f680bd2584e4aa9344c938806',82,1,'gold','[]',0,'2022-11-28 10:50:29','2022-11-28 10:50:29','2023-11-28 12:50:29'),('13bbda1b34dab4240a0d8f4c47ddc81f22a302c33c1e8f06b21e006dc85ab9139350a64b8b3ea3a2',345,1,'focus','[]',0,'2024-05-05 16:53:40','2024-05-05 16:53:40','2025-05-05 16:53:40'),('13bcc19997978844b9058dc02fd60b1743a77505248b643eb42189a86be28b557c0bdb6115d1b25e',225,1,'focus','[]',0,'2023-05-26 21:10:25','2023-05-26 21:10:25','2024-05-27 00:10:25'),('13f0b495253f992f94e188249f8a42c0314e97aa31d5fe92dc7880190123fc24243c3407b370f790',98,1,'focus','[]',0,'2023-02-21 20:17:06','2023-02-21 20:17:06','2024-02-21 22:17:06'),('13f5b6c3480159a48e90792e059c0c6a574ffb362b96c528f5f7d1268f9b01c62dc45eee6935840d',152,1,'focus','[]',0,'2023-04-12 05:32:16','2023-04-12 05:32:16','2024-04-12 07:32:16'),('1414130f5243061375ca35372d0621f16e7e70698bb06a80ef1a9ad3da99dc7941e74713646be64c',345,1,'focus','[]',0,'2024-05-05 16:40:51','2024-05-05 16:40:51','2025-05-05 16:40:51'),('1455211b53b1e4e6becd2dde88ed8ff502edb18f37883d4d6f0e5c2823972863426a489987ab6ce9',76,1,'mazraa','[]',0,'2022-09-29 06:18:30','2022-09-29 06:18:30','2023-09-29 08:18:30'),('145c30fb2e14ed3ea642e38b0148e7cfd37376c576b2661997fc7b5d33c05237917c3f42ddaa040f',116,1,'focus','[]',0,'2023-04-04 13:03:29','2023-04-04 13:03:29','2024-04-04 15:03:29'),('14a041d77c30cd38ffc3710f1a39954f278bd3dd7b165307fef0f5b9fd9b05ebd834935290cf5887',278,1,'focus','[]',0,'2023-08-18 20:02:28','2023-08-18 20:02:28','2024-08-18 23:02:28'),('14e261188550b59034961d1df195db81583a659b263f04f686c3f351c679b74738fd77677d3e8d26',110,1,'focus','[]',0,'2023-03-02 11:43:29','2023-03-02 11:43:29','2024-03-02 13:43:29'),('151bf1cddb7e35491df1cc2147b8b4c64ad80936bee691bef1b9980841b1ee2b35ce94d7d04713d5',386,1,'focus','[]',0,'2024-05-17 00:03:48','2024-05-17 00:03:48','2025-05-17 00:03:48'),('1585a8a4a003a926bff9dacfbfde5646bd45deeab2b431916451b68bf77f6aae1539d9ee6ed0d3ac',210,1,'focus','[]',0,'2023-05-07 15:49:30','2023-05-07 15:49:30','2024-05-07 18:49:30'),('1592d676b21477c087a59f551f2b635a5001ec4cec42a7f291bf7131087373efc1857c67934ba14a',345,1,'focus','[]',0,'2024-04-30 15:16:05','2024-04-30 15:16:05','2025-04-30 15:16:05'),('159dc9dab89448de474f55b8f9c20f0584cf01c7f0def8c6562017bef9649d8770b69942f05cd86c',377,1,'focus','[]',0,'2024-11-12 23:01:30','2024-11-12 23:01:30','2025-11-12 23:01:30'),('15a65942ead48cf920c419b317f5bda965ddd12f529d50880c2da3bd6304c40922cd13bc4297f187',43,1,'mazraa','[]',0,'2022-06-23 09:31:29','2022-06-23 09:31:29','2023-06-23 11:31:29'),('15cc204d2665bfd89d9f8d9dfbb4b7140a42d2c69d3039b2779dc6be1a770b26308b8b63f9a66b39',230,1,'focus','[]',0,'2023-06-02 14:25:31','2023-06-02 14:25:31','2024-06-02 17:25:31'),('1647c214d743ee0e6c0edf3eaf8f0abfa4c88f7d5e1b98cce66b958d67495310f543aa8fc2c8256a',412,1,'focus','[]',0,'2024-08-15 01:47:55','2024-08-15 01:47:55','2025-08-15 01:47:55'),('168731102b12b589e3a8c29102abe817654a9fb385fc78bc209ff13cf9078d5be0df0667b0a25316',257,1,'focus','[]',0,'2023-07-15 03:05:33','2023-07-15 03:05:33','2024-07-15 06:05:33'),('169128135ffbf069c55f8e7fff450f6c589eac7905efdffce3e1ac61b449b9a537c8c57a2e0beedc',76,1,'mazraa','[]',0,'2022-09-29 06:30:03','2022-09-29 06:30:03','2023-09-29 08:30:03'),('16ab442674f11633f651293b08aedb67d098e64a17d6a5c922cfb7418d9ef8f4c74ea519bc9ce7d3',57,1,'mazraa','[]',0,'2022-06-26 05:30:30','2022-06-26 05:30:30','2023-06-26 07:30:30'),('16b1926eba179ef9e66489ff818a5ac2175a72cf73483905af388a471516fcd12e4208fff6f01301',386,1,'focus','[]',0,'2024-05-17 00:21:15','2024-05-17 00:21:15','2025-05-17 00:21:15'),('16c58257a012cdca0682407d0fd215d0d26df646762f7fcd77b9574a5f16b61ecbb5d157654720ce',45,1,'mazraa','[]',0,'2022-06-23 09:54:18','2022-06-23 09:54:18','2023-06-23 11:54:18'),('1712ed748ac06ae831653f2cc51ff742e1ada8ef0258762c95820ff82338f11e62bb30042737eb4c',240,1,'focus','[]',0,'2023-06-21 22:51:10','2023-06-21 22:51:10','2024-06-22 01:51:10'),('174b92ae488cb40f2b00492d85706c0ad35d50b9b63f07ee675540c84c19fda804c861642258807e',148,1,'focus','[]',0,'2023-04-13 01:44:02','2023-04-13 01:44:02','2024-04-13 03:44:02'),('1751beb55fc83f286ae792110729c6ba7b6240fcb666a873ffa8bf43be670a9f7889011dd993f66c',121,1,'focus','[]',0,'2023-04-09 08:58:46','2023-04-09 08:58:46','2024-04-09 10:58:46'),('17f9944984ac2dcd82a55d65d3167410fc5373c8200b8a99927a2c68facd238e4e369570bc79b8a1',93,1,'focus','[]',0,'2023-02-18 19:12:42','2023-02-18 19:12:42','2024-02-18 21:12:42'),('18a84fd2becb930a67174b004df41c6109a0668d2cbb5c8d8cb286e9f837fdfa6078aaa87c6b7baf',232,1,'focus','[]',0,'2023-06-05 14:55:16','2023-06-05 14:55:16','2024-06-05 17:55:16'),('18d02b832878a01734083f1cf2d3a33d471a029f4d7f4c027b06f18dc1ab5897c3dedd68c4dad34f',95,1,'focus','[]',0,'2023-02-18 19:43:15','2023-02-18 19:43:15','2024-02-18 21:43:15'),('18dc362376d42e2be5651064d6a3d557f672ea0e9e6769b63d130bff8334e7a6d68e40f70137077d',208,1,'focus','[]',0,'2023-05-05 12:34:40','2023-05-05 12:34:40','2024-05-05 15:34:40'),('194f8bce0f06c6a6d73ea4d076c4637e478a260a85e6763d67ec58291a391ca659e4e7588b7195bf',11,1,'mazraa','[]',0,'2022-06-23 08:03:59','2022-06-23 08:03:59','2023-06-23 10:03:59'),('196c57f64eba2cf1ba19374d2d9adfd3678286b51499383832bc230b6a6b65acc26cf5291c2f1dac',376,1,'mshroee','[]',0,'2024-05-12 11:48:45','2024-05-12 11:48:45','2025-05-12 11:48:45'),('196dd05d88f9db0c8957a1bb903b9379a78c262afbc7e4e9629725de1b491d61ecfb0c7c274049af',113,1,'focus','[]',0,'2023-03-02 12:04:34','2023-03-02 12:04:34','2024-03-02 14:04:34'),('19f18648c99510d180db5601424fadf995d47654e8a6a708d78433c4e566463180f36495cbee944f',412,1,'focus','[]',0,'2024-07-28 18:45:40','2024-07-28 18:45:40','2025-07-28 18:45:40'),('1a9c43a3593cca2448c9921cc354f90ff8404ad2e17bbd199b499b7f35f9ba09aa690adca78edb0b',71,1,'mazraa','[]',0,'2022-07-06 11:19:42','2022-07-06 11:19:42','2023-07-06 13:19:42'),('1b1596fa0d5cebf24c26586a036030962be8592dc31a4b33b2dff14f9c6f135439520d78f2142a7b',65,1,'mazraa','[]',0,'2022-07-03 04:39:55','2022-07-03 04:39:55','2023-07-03 06:39:55'),('1b5c2f353de7aafecacfd98b40312b5b28660d6b15089560b6595e4dfaa67b4f524c4b6495ac4ace',18,1,'mazraa','[]',0,'2022-06-23 08:25:17','2022-06-23 08:25:17','2023-06-23 10:25:17'),('1ba2360b77d3e29b2fccf95cd62fdaeb39a757cc1e0309fc0971a530219557ba273ad556af3f5b0f',43,1,'mazraa','[]',0,'2022-06-23 09:31:14','2022-06-23 09:31:14','2023-06-23 11:31:14'),('1bc91fc86da99d67a6c78dd7db5802675b59f7acc11b1d3a178dc395a9765319b4da3c9b11612047',345,1,'focus','[]',0,'2024-04-03 13:14:01','2024-04-03 13:14:01','2025-04-03 13:14:01'),('1c1f33e7f0274e2ca2e311a67d3803b1827c08aa3358415e39761b240f06e5c65b4f42b047806870',403,1,'focus','[]',0,'2024-08-03 16:52:37','2024-08-03 16:52:37','2025-08-03 16:52:37'),('1c3a78bdcb29a1c70689870a82a3e4ae6f352a2862fc4379fd33a547dd87eb026526dd4c53ddd212',252,1,'focus','[]',0,'2023-07-05 16:29:51','2023-07-05 16:29:51','2024-07-05 19:29:51'),('1d08af407b4194d6ffc0b636c8e0aafc67e2d01881d876c963f5331876c7f382dc1371e1c9c97767',345,1,'focus','[]',0,'2024-04-03 11:19:32','2024-04-03 11:19:32','2025-04-03 11:19:32'),('1d1cbffe82b45aa078ac505ff99b99e437fbed09308473d67dbb0b498fed641ecf076f20d5b2802c',97,1,'focus','[]',0,'2023-02-19 18:41:22','2023-02-19 18:41:22','2024-02-19 20:41:22'),('1d4dc186fedb3f0430ffdf8e99caeabff6fb515e2069cb01fdc15bbea6384d53226ffcd2addb6940',420,1,'focus','[]',0,'2024-11-21 09:59:48','2024-11-21 09:59:48','2025-11-21 09:59:48'),('1d7abb8a1f3275b0dd1f750c9deec1eb488cfd524c40cccf444ebd79fa67fdfd0a56b3dfb7d6170e',305,1,'focus','[]',0,'2023-10-14 03:52:54','2023-10-14 03:52:54','2024-10-14 03:52:54'),('1d89f0ddcaf16a7cde6c5ea856b1974870cb296b0659960a359589c364f9483017fa957e27187c56',151,1,'focus','[]',0,'2023-04-11 12:32:34','2023-04-11 12:32:34','2024-04-11 14:32:34'),('1db6e3078bd42fc4618df3f5c55de7e1b8fbfa9c8bc396bf367e94355be3309c0c4c28e2fce661db',437,1,'mshroee','[]',0,'2024-11-20 13:55:53','2024-11-20 13:55:53','2025-11-20 13:55:53'),('1de71cc38e9a301dbc9e8f2512aca0877e5cc4e146b27cc16740319e41663e8442856120ae927172',172,1,'focus','[]',0,'2023-04-17 22:27:55','2023-04-17 22:27:55','2024-04-18 00:27:55'),('1e0729b92bc3a05d14660b8a02fc0ff51a0681da159f71175dd3170460c7ed6c34fa0a49834682f2',409,1,'focus','[]',0,'2024-06-19 17:15:45','2024-06-19 17:15:45','2025-06-19 19:15:45'),('1e2ca9bdde5190548af6c0065fced877c7fc0fc41af4da1edabda6bbe1428ee1fc106a8956daf082',112,1,'focus','[]',0,'2023-03-02 12:01:46','2023-03-02 12:01:46','2024-03-02 14:01:46'),('1e2e07dce27e9e0e54e994a0dc61efd5d7e76e5caf1fdf3b4c5f428763cbbacf2dd07ed92989c66f',377,1,'mshroee','[]',0,'2024-05-12 11:58:12','2024-05-12 11:58:12','2025-05-12 11:58:12'),('1e3a0091a8a615293fc0da9942e1c5cded915b3ab85d7cfad0bcf8238367d8073d64c004ec160501',166,1,'focus','[]',0,'2023-04-16 01:34:53','2023-04-16 01:34:53','2024-04-16 03:34:53'),('1e49c47a0b5f7ce9e8bd8f4b358a7c5d90bfebf707649ad8c721e7a9633f2c02602ae4f1a992151c',11,1,'mazraa','[]',0,'2022-06-23 08:06:13','2022-06-23 08:06:13','2023-06-23 10:06:13'),('1eb836b75f449a5a5ee7cfb52a5f096e461b9f7c02c6d036d23b83fa8a47ca271148fe627ccd7115',289,1,'focus','[]',0,'2023-09-08 17:17:21','2023-09-08 17:17:21','2024-09-08 17:17:21'),('1ec0fabcee6ba1485def34b013fd3d5878355b4f1ea6315f1f4479f80240925bbfd81c238ed5ce74',73,1,'mazraa','[]',0,'2022-10-01 08:44:15','2022-10-01 08:44:15','2023-10-01 10:44:15'),('1ef27e228f9c58d9b95fb75a79812a204afe6630e888833951cfe98cdbed791056f70d8ef0a0ffea',149,1,'focus','[]',0,'2023-04-11 12:45:53','2023-04-11 12:45:53','2024-04-11 14:45:53'),('1f830c5160e34713aa846e5972ccd349da7bc01e568dc403fcb48a3857caa4d4900f80f9791777b4',421,1,'focus','[]',0,'2024-10-04 22:10:36','2024-10-04 22:10:36','2025-10-04 22:10:36'),('20436e1d60182252067778e280a8d42e017fbcb1235b72cca4f4d838549723686d6421729978ff85',116,1,'focus','[]',0,'2023-04-05 09:10:17','2023-04-05 09:10:17','2024-04-05 11:10:17'),('2046b580b5e5faedbac777ffac7782392b4a959469e2186f16d97e762fb447f9ad5677c3938ed3bc',385,1,'mshroee','[]',0,'2024-05-12 17:15:47','2024-05-12 17:15:47','2025-05-12 17:15:47'),('20496e3aff8cc5d5f4ca8af5a30ff702077fc95f2c58920a37814317990405753b24c1898fac2792',424,1,'focus','[]',0,'2024-11-11 22:56:29','2024-11-11 22:56:29','2025-11-11 22:56:29'),('206dc63a192cfbe8706f0a0bf2db17cf89d9b404612491d76638f5b936431de787c23683650e5d22',178,1,'focus','[]',0,'2023-04-19 10:29:32','2023-04-19 10:29:32','2024-04-19 12:29:32'),('2090a21b23d6c2c544205318f745ba3d3e2e0ffbc043f11dd3e933dd53358a6572c2b072895b7a7d',281,1,'focus','[]',0,'2023-08-23 21:37:37','2023-08-23 21:37:37','2024-08-24 00:37:37'),('20b1e71c596ced90da6eb1e902f02901cf5152256b2f21b767222333a6a6609da19ad5380c2fd419',236,1,'focus','[]',0,'2023-06-14 04:01:24','2023-06-14 04:01:24','2024-06-14 07:01:24'),('20b3dda2783262ae7e7a56b101a30b58bf89c209bff9ec18a715c68818ad529a72144dfa32f733c0',11,1,'mazraa','[]',0,'2022-06-23 08:06:26','2022-06-23 08:06:26','2023-06-23 10:06:26'),('2123135a8f646791e87bfc9abe8b3bf9a4bdcb99ceca5ff71acb4526dbafd663cf9c10d6a127cfc7',116,1,'focus','[]',0,'2023-04-09 09:51:38','2023-04-09 09:51:38','2024-04-09 11:51:38'),('21331e5e263490964d4b050860b8eacd0dd7520b8614ec92ee6f12bd5b5cc25dce56562aa2bae63c',97,1,'focus','[]',0,'2023-02-20 05:38:12','2023-02-20 05:38:12','2024-02-20 07:38:12'),('21609e89ea57c036fbe46d6088a92d9b4aaec6070dd29f84db9e2a91fdbed5c66e043dc8d8855e1c',81,1,'mazraa','[]',0,'2022-10-30 08:06:35','2022-10-30 08:06:35','2023-10-30 10:06:35'),('216b7f4038ff4ff0a73506c21d31f9d6d2df68283bfe87ad2db7d2a5e3f3d690a7d418730ed4e1b6',73,1,'mazraa','[]',0,'2022-10-01 15:57:35','2022-10-01 15:57:35','2023-10-01 17:57:35'),('220a4c3a1abc9864ebde81dc5c8c4898b7dee59f879dfca68eb9bf78cf3a981d8fa9c8f33dbc17b8',319,1,'focus','[]',0,'2023-11-05 20:18:40','2023-11-05 20:18:40','2024-11-05 20:18:40'),('2250098629aba1eded343dc7542761474d2e878f1f00e69a7caa655dd5ed2c420d50c99a0818cfd8',115,1,'focus','[]',0,'2023-04-09 05:42:27','2023-04-09 05:42:27','2024-04-09 07:42:27'),('22d58ba5f3c403187842086fb1272d36ee804da715e54159aab88babab667d1d6036ca34077068aa',96,1,'focus','[]',0,'2023-02-18 19:52:46','2023-02-18 19:52:46','2024-02-18 21:52:46'),('23433612bf7759f4fbcc334ed6a16c81c686fe3b6920cc06bd9d6a3d806063462fa87a06882c22d9',162,1,'focus','[]',0,'2023-04-15 08:46:55','2023-04-15 08:46:55','2024-04-15 10:46:55'),('239f286554f7aff8e802d41e3a55e524fd6f84ba5039ec8ce8e8c76b70db99feeb97bdc0a412f06a',156,1,'focus','[]',0,'2023-04-12 15:29:44','2023-04-12 15:29:44','2024-04-12 17:29:44'),('23ccb4349167527e821885fa415559b24db4d05bc29b00c19075c8db27f0863d34f96b54d3e1f5e7',116,1,'focus','[]',0,'2023-04-05 09:21:58','2023-04-05 09:21:58','2024-04-05 11:21:58'),('245b94384569e4d962eb019868618be6592852be710221361ee239aada169751f2d41ca9377cd6fd',299,1,'focus','[]',0,'2023-10-03 11:48:22','2023-10-03 11:48:22','2024-10-03 11:48:22'),('24961d62b510f3aa4306c3cfa7a9f3cbaad30289b1931ba32021c489b8710dbf32a5758589d3f351',94,1,'focus','[]',0,'2023-02-18 19:15:15','2023-02-18 19:15:15','2024-02-18 21:15:15'),('250f811ebdcb2b68ba09059110dfbe12b5b99dce67b708ceb4a477373ee330372fd98f73fdfd10a7',343,1,'focus','[]',0,'2024-03-21 12:25:32','2024-03-21 12:25:32','2025-03-21 12:25:32'),('25f30fa6c756e789b7a0438a268b0c91c6732e5baacd95304c5382b77a669f34f1e0bd44a81a8355',116,1,'focus','[]',0,'2023-03-22 16:54:46','2023-03-22 16:54:46','2024-03-22 18:54:46'),('26325f96840ff4c0dce4046290baddf194ad6099fb07bd3fb382ab001f014c1231ff97d4f8f12f60',328,1,'focus','[]',0,'2023-11-25 17:06:17','2023-11-25 17:06:17','2024-11-25 17:06:17'),('266e405a772fc1107e271b8a5813824b589878b0be58d60df8169200b379ceb10f5da678a034643c',206,1,'focus','[]',0,'2023-05-03 13:55:58','2023-05-03 13:55:58','2024-05-03 16:55:58'),('26754ce374909ec79b4e608a0678125e49fd475846d100b8356c83c2afbf07c4b0277ee1c81c00a5',97,1,'focus','[]',0,'2023-02-19 09:23:37','2023-02-19 09:23:37','2024-02-19 11:23:37'),('26a279b19322161216c323a9a0798133bda672c398957a84735776b8912759d3718d3ba653cd3436',72,1,'mazraa','[]',0,'2022-09-24 08:52:42','2022-09-24 08:52:42','2023-09-24 10:52:42'),('27c43b8ed2e3d4f25397cdc0c681ece5e4e502777a9010c6f66f1a7c83c7c9745fc2aa8945186a7b',115,1,'focus','[]',0,'2023-03-31 15:37:19','2023-03-31 15:37:19','2024-03-31 17:37:19'),('27cfbb2f9f8975b4495ed6d99f3893851febcbc7a035384f8dafd0d2791a087c699b2e7c5ba0b150',73,1,'mazraa','[]',0,'2022-10-01 06:05:19','2022-10-01 06:05:19','2023-10-01 08:05:19'),('280c4018542e59fd085a62e1f283b68a6b45d2a5a8741c023f01b36cd228b7a2a14e08f84f479ef0',129,1,'focus','[]',0,'2023-04-09 10:00:12','2023-04-09 10:00:12','2024-04-09 12:00:12'),('283539dd5876d3070a7186710a326cf6a646b9fb9dea450541e626c84795b15fcf04c7a6bd6eba80',424,1,'focus','[]',0,'2024-11-11 22:58:18','2024-11-11 22:58:18','2025-11-11 22:58:18'),('286e419c03b05f6c52fc4a8e481bc4508b7dbde6b6b4f5f6e274014d02cbf9116e96772c63f60a5f',212,1,'focus','[]',0,'2023-05-10 05:49:30','2023-05-10 05:49:30','2024-05-10 08:49:30'),('299c66937fcb2e125ed6cf126710b1162511d0e81e28d23c85e0f1c683bf2a9331f36dff581bf503',73,1,'mazraa','[]',0,'2022-11-17 06:26:32','2022-11-17 06:26:32','2023-11-17 08:26:32'),('29bf5769b820be9d59ab3f64b10627d6f2328b45cd49e15b8d9ae05510d83248dc54c3b66aa0d6f5',101,1,'focus','[]',0,'2023-02-27 05:59:46','2023-02-27 05:59:46','2024-02-27 07:59:46'),('2ad858e6659bade64ae08b28060359366aca777d90410314cb627ef227628522b1d1f8793417af35',97,1,'focus','[]',0,'2023-02-20 06:45:36','2023-02-20 06:45:36','2024-02-20 08:45:36'),('2b5a8c8c966a68b7335c7ed025c0ac6eef51fc7fde423c9f10c7c8760e339a5ab230056ef0292206',222,1,'focus','[]',0,'2023-05-26 13:21:02','2023-05-26 13:21:02','2024-05-26 16:21:02'),('2b8eb6b54c14b63d6b00597a2a91f889e848f91448c0d58b5ef55b58908c92f00d4a20a8ff0f6d32',1,1,'focus','[]',0,'2024-05-05 16:32:40','2024-05-05 16:32:40','2025-05-05 16:32:40'),('2ba2fc0dc516a93af944352e99636ccf511660c510c76218747f54713c1eed00282f6056b5f2e095',131,1,'focus','[]',0,'2023-04-09 10:07:33','2023-04-09 10:07:33','2024-04-09 12:07:33'),('2bc7b57706c5774434a020a6b192e999e4f14aafb788fdf01376199fdac2dfe893cd13a70c0dca13',254,1,'focus','[]',0,'2023-07-06 16:56:06','2023-07-06 16:56:06','2024-07-06 19:56:06'),('2bdc3627c04ef53db6f3fa45a8744a0c0f216ef4a683e66e7b0087c1395477238b164f7e660f5f7a',410,1,'focus','[]',0,'2024-06-24 13:50:11','2024-06-24 13:50:11','2025-06-24 15:50:11'),('2c18c4143922d9d02c164d9c55dd4ed21212aba1e96035f3c3b7b575ad5eb7a7838381183b08aef5',353,1,'focus','[]',0,'2024-04-30 13:10:00','2024-04-30 13:10:00','2025-04-30 13:10:00'),('2c2692598dcab6e836c84cfe122596aa7105ded69a4400bf9d0b2f40f72cb75d446d2d5a52c9107d',115,1,'focus','[]',0,'2023-03-07 16:19:31','2023-03-07 16:19:31','2024-03-07 18:19:31'),('2c3496395a1376da56fac2d5f86f7bf67563c3e5f168e7b24f7977d35411382f6d955356ecdb0581',435,1,'focus','[]',0,'2024-11-06 04:55:03','2024-11-06 04:55:03','2025-11-06 04:55:03'),('2ca1a382141eddae08856b70eb8af853c75a904fe68f39cfbf1210edbff8c9fb1248b2aaad9fb055',116,1,'focus','[]',0,'2023-03-22 16:45:28','2023-03-22 16:45:28','2024-03-22 18:45:28'),('2d1c200b4e82783c63931d6427fb9df1f54ec76c0492c013986f71f22a52b18370c93346d0b78b6a',377,1,'focus','[]',0,'2024-10-31 14:09:22','2024-10-31 14:09:22','2025-10-31 14:09:22'),('2da5e289aa4d330fa441a4ab0321fbda54cc43a81f500ff2513bfcf9c51b23f9fb02493eaa5d8ed1',9,1,'mazraa','[]',0,'2022-07-04 07:33:06','2022-07-04 07:33:06','2023-07-04 09:33:06'),('2e0f041d758ee179710c65d7387d63df56892c9ab2f768d448a74cd3d1041a40d6b4671e668df305',150,1,'focus','[]',0,'2023-04-11 06:02:45','2023-04-11 06:02:45','2024-04-11 08:02:45'),('2e13db8382f47388e3405d018d7e49c35f979c23b4f0fbfeed80e26984320dca4b1da0c35c083c99',403,1,'focus','[]',0,'2024-10-08 17:01:18','2024-10-08 17:01:18','2025-10-08 17:01:18'),('2e1a100634b31f227ab3696c94f033c4276450c3b1cfa74f19f86d4853c08a21c385b71c90e2055b',180,1,'focus','[]',0,'2023-04-19 19:45:05','2023-04-19 19:45:05','2024-04-19 21:45:05'),('2e3481d95f5a5ccabab1bbd9a6e73e3e35c46c0b18cc617ea70a625abb0bb2656a557e3586219034',71,1,'mazraa','[]',0,'2022-07-06 09:07:56','2022-07-06 09:07:56','2023-07-06 11:07:56'),('2e52d58cdb2b2eab956df44b8ef0720504c33f5ef7775220c8a72271083954c14a3c4177cae95978',98,1,'focus','[]',0,'2023-02-21 09:16:19','2023-02-21 09:16:19','2024-02-21 11:16:19'),('2e77ba360d26b8c00fe479aadf0152a8c95678b86eaf58c061fd789a3ac7d20d9344d751de24a875',275,1,'focus','[]',0,'2023-08-14 02:10:26','2023-08-14 02:10:26','2024-08-14 05:10:26'),('2e7c8994bc9d6439917157b7138ed7f5678dc0ddcf6882dc70c49fd2c58e64e3fc38aba41b27c231',159,1,'focus','[]',0,'2023-04-13 10:09:44','2023-04-13 10:09:44','2024-04-13 12:09:44'),('2e9632e2910081cee1bbbd587f4a9585b485adc000b78a1febf03472506936a6400b33b6f4d903a6',438,1,'focus','[]',0,'2024-11-26 23:48:51','2024-11-26 23:48:51','2025-11-26 23:48:51'),('2eab9fc2d267ca7e2226b2e64c0b061e74d9c9811b1b0778490993e9abc3a1f39124d523b3f5a5ea',148,1,'focus','[]',0,'2023-04-11 09:35:49','2023-04-11 09:35:49','2024-04-11 11:35:49'),('2ed9dcda1272bd3693b3cb32140efeeaf1266b2e1c21b8538ebac5d8a94f74f22ec81808deb757b3',80,1,'gold','[]',0,'2022-10-29 08:20:31','2022-10-29 08:20:31','2023-10-29 10:20:31'),('2ef86b83e29e882fc1cc4b9e776e5994fc8595cde0533ecbe376b65c1f799d538cb00b1566adac27',412,1,'focus','[]',0,'2024-11-21 10:46:19','2024-11-21 10:46:19','2025-11-21 10:46:19'),('2f36ea9a5d9bb71f0faaf9a3d1fe89ee07168d87f546205891f0f2252ed827a2d013a47ebe116389',250,1,'focus','[]',0,'2023-07-03 11:42:58','2023-07-03 11:42:58','2024-07-03 14:42:58'),('2f4063ead6070131efc71a50a7f152c2e33cecbd6593a687eeab1fd6fedb5987464bf54c6c9b273e',165,1,'focus','[]',0,'2023-04-15 20:59:51','2023-04-15 20:59:51','2024-04-15 22:59:51'),('2f431ca0bacf3d62f6d2568fb66bad0d154f850a66903d44619989dfa3773fdc3be843a27deb16fd',182,1,'focus','[]',0,'2023-04-20 13:53:53','2023-04-20 13:53:53','2024-04-20 15:53:53'),('2f9fb55cc0324448545489d78503f651cdcbf1bcdfcfbee47275b0606268a9e66852765eeaf48ea6',278,1,'focus','[]',0,'2023-08-18 20:02:18','2023-08-18 20:02:18','2024-08-18 23:02:18'),('3006bdba9e9e1956bf6358afa0df5c7609c69551ba2239ec47c2ebcccee814b11ccaff077df6fc24',402,1,'mshroee','[]',0,'2024-05-27 16:35:23','2024-05-27 16:35:23','2025-05-27 16:35:23'),('300c0dfbe16069aebf3c4b7affafe852a2b8de1cf1bb903a59334a6ea2ca4bbcced4c07001788dcf',115,1,'focus','[]',0,'2023-03-07 05:57:05','2023-03-07 05:57:05','2024-03-07 07:57:05'),('30715e3477e3e13544f3924317fda7ca9def1722608c550332ad30f66fe4c2669ca7ef7b527fd123',420,1,'focus','[]',0,'2024-10-29 14:40:43','2024-10-29 14:40:43','2025-10-29 14:40:43'),('30caa5bcc647bbe4e3c80b8d6eadebe86c5535274a0b32f0adc96ed32dd99556359a8a69d542e34b',439,1,'mshroee','[]',0,'2024-11-28 15:19:38','2024-11-28 15:19:38','2025-11-28 15:19:38'),('30fd708e786375a8094553a4d038d93ed93ddcef9947c5123b4f9d4b20122aa60135db2dca2bae12',351,1,'focus','[]',0,'2024-04-27 12:47:10','2024-04-27 12:47:10','2025-04-27 12:47:10'),('3105a118c0b05b5725d5fc2fb61e18422fe87a320912a97409121e4500e32758088b0ce908c22552',77,1,'mazraa','[]',0,'2022-09-29 06:34:17','2022-09-29 06:34:17','2023-09-29 08:34:17'),('31091210ec74d971baef548322d0fa82354718bd2f8309e46fa85a2537dfac4b6ed72512b0d534a5',301,1,'focus','[]',0,'2023-10-08 04:19:25','2023-10-08 04:19:25','2024-10-08 04:19:25'),('311cb5a95f49884aa2011509065857cf18a1485b4f0f675eca7e2a9103fba32b8c2b5c6f1a58fe9f',73,1,'mazraa','[]',0,'2022-09-28 09:01:11','2022-09-28 09:01:11','2023-09-28 11:01:11'),('3133cfe757d1dcc560d46d6f3a2c522ddc73e719635b512407e768829de9da9380a2da1948fadb98',9,1,'mazraa','[]',0,'2022-10-01 15:52:34','2022-10-01 15:52:34','2023-10-01 17:52:34'),('3179c9f444251409c730e9dbe598696a22da4aabc96aec182f231890e41c3a84785f1bfb34eabd38',166,1,'focus','[]',0,'2023-04-16 01:34:35','2023-04-16 01:34:35','2024-04-16 03:34:35'),('318f26c7f5bac1e31b71367c846c9ffcf27c088bbfaaf1a5e2272a1be76f13a28ed52643a9d93960',377,1,'focus','[]',0,'2024-11-18 15:37:02','2024-11-18 15:37:02','2025-11-18 15:37:02'),('31fe9a513f8c98811bd15c700b350c06ee349775623007f335e02c9cab34a8e80e37bd911627c5d6',298,1,'focus','[]',0,'2023-10-01 09:38:09','2023-10-01 09:38:09','2024-10-01 09:38:09'),('3229fe9346e5e90e67e7e0eb9ffd94f7c89b5e86505d242402e3aa6bb8a093bed18a03a1690e65a6',98,1,'focus','[]',0,'2023-02-25 19:13:17','2023-02-25 19:13:17','2024-02-25 21:13:17'),('3255b3285f0b1698b6906597ed039fa533692f980a8402ebf828b70405ecaf6ed16fb1a7199baa56',412,1,'focus','[]',0,'2024-07-02 20:21:20','2024-07-02 20:21:20','2025-07-02 22:21:20'),('32a5ddc1e5d541d49c1304ad36ac0bab5ca3233c2aadf161858fb345914c69da73112af82c5b81a0',116,1,'focus','[]',0,'2023-04-04 16:48:52','2023-04-04 16:48:52','2024-04-04 18:48:52'),('32ccd9abb07ff65f35967443165cbfc4e7755ffcd35006f167e05ee9a1676a7e7dd492d55ef47a7a',115,1,'focus','[]',0,'2023-03-31 10:31:40','2023-03-31 10:31:40','2024-03-31 12:31:40'),('32e9f99e03d43134fbccfc8eb520784143fdc3592efd777a49fe458256f8977dae5b608d49b748e8',305,1,'focus','[]',0,'2023-10-14 03:53:04','2023-10-14 03:53:04','2024-10-14 03:53:04'),('33110ca5666d1e2278027891c19e38b44ee77d429b02cd876177392af2dc165da1c623ed21ac10a0',221,1,'focus','[]',0,'2023-05-25 14:12:48','2023-05-25 14:12:48','2024-05-25 17:12:48'),('3313c36c4f41dacb2d103a6dac5715acd4e8cc745adfc32fbfc2a8969ff582a5a7062db2e54e34ea',9,1,'mazraa','[]',0,'2022-07-04 06:30:41','2022-07-04 06:30:41','2023-07-04 08:30:41'),('3386542aeae27e787cec35f04f30ddbd7af118df2ccc1a10d4e05359f8eb1e5671d7ab81380ed92c',276,1,'focus','[]',0,'2023-08-16 08:02:26','2023-08-16 08:02:26','2024-08-16 11:02:26'),('344d9086c3d7bc12ca3f87033cf94744573d741ab0b23256b53ab0ccc71122a986d059cd4e4333ae',151,1,'focus','[]',0,'2023-04-11 20:37:00','2023-04-11 20:37:00','2024-04-11 22:37:00'),('344ece9f8612b98e8e18fe42db5d182bfe35a98ed15edef75683de40468fb8cb388820d5796f83d8',73,1,'mazraa','[]',0,'2022-09-29 08:38:35','2022-09-29 08:38:35','2023-09-29 10:38:35'),('346cd3109a0c6e4f089fb300c6316683a99455c1ab53ad5c8075cc1a9d668bf3bb0e02280cbab803',115,1,'focus','[]',0,'2023-03-11 17:10:50','2023-03-11 17:10:50','2024-03-11 19:10:50'),('34b0cdf0e71a4792bf3dad8bbefd59a594e68b956aed1759662a0bd93e48af3b7ec92ccaab71ca2a',282,1,'focus','[]',0,'2023-08-27 11:28:44','2023-08-27 11:28:44','2024-08-27 14:28:44'),('34cfc986ef84596e0b73517abe6ca59ed2baa08a6d5925a26fec3cea685eca9f66ef5b172d005f1a',246,1,'focus','[]',0,'2023-06-29 10:02:07','2023-06-29 10:02:07','2024-06-29 13:02:07'),('34f12873c26e726b6c5af96f45423473a7d6ce7465e25d18de8f677045502a6a086bb121c234f6bf',71,1,'mazraa','[]',0,'2022-07-06 09:09:14','2022-07-06 09:09:14','2023-07-06 11:09:14'),('352063b29008984ab9b057c3325874620599b9ee2d37ecbf52aa5c128d47f8d9786b3229bb80400e',87,1,'focus','[]',0,'2023-02-17 09:12:04','2023-02-17 09:12:04','2024-02-17 11:12:04'),('356f82f2590d72f415b5c7c50782a0df79d6de791afa1fb3a232921b182823fa31f4488f26f45139',214,1,'focus','[]',0,'2023-05-13 11:46:50','2023-05-13 11:46:50','2024-05-13 14:46:50'),('35c51907c474a69f3ede324809d21d4adc76c7d1bc947055b6201ee8141806e3a1e510e25ff4cb76',358,1,'focus','[]',0,'2024-04-27 13:47:29','2024-04-27 13:47:29','2025-04-27 13:47:29'),('364840fe64f2b7215d4cd35a84cc73be420b0444ed0d7533071a1a48226fb3ae4b53587c12678e81',403,1,'focus','[]',0,'2024-07-28 18:48:37','2024-07-28 18:48:37','2025-07-28 18:48:37'),('368c8769bc7a877234cb484e4207485e35b2d92f180af064f9c8f27af1196feace1b0586fe2e1906',214,1,'focus','[]',0,'2023-05-13 11:47:23','2023-05-13 11:47:23','2024-05-13 14:47:23'),('3697ab115f971e614da64ea4ac467ae5cafe34c89063d6461b8d567bdbcf5299567a191e028ffcfd',148,1,'focus','[]',0,'2023-04-12 21:33:29','2023-04-12 21:33:29','2024-04-12 23:33:29'),('370d1908d1e264ec10cf064536d7defa7968e9f4b86b9fe46f2bbae9997d9250e0009c6bce50f7fd',345,1,'focus','[]',0,'2024-05-05 16:51:21','2024-05-05 16:51:21','2025-05-05 16:51:21'),('372d60c79c07a65af9e02155a782d668ec996db0d7ecc62ddc74eeee04cf88d230e9a5760a1ff83f',96,1,'focus','[]',0,'2023-02-18 20:36:50','2023-02-18 20:36:50','2024-02-18 22:36:50'),('374e873b365f69e57aef8dfda9ed0e27892f2ba98aa8b76a38415c33a9781798f565770eee365d18',206,1,'focus','[]',0,'2023-05-03 13:59:45','2023-05-03 13:59:45','2024-05-03 16:59:45'),('3760e5b950e5742db959e61a781e106bb81dda98170e25c75910a7e6508bc68ad3c93fa883da3b0a',97,1,'focus','[]',0,'2023-02-20 12:32:29','2023-02-20 12:32:29','2024-02-20 14:32:29'),('3773536c0d25cec8c2f7603f246ad39ce6ce7d37c3711dd8db91dfe93c7d0ca53955eb57bb1de33b',345,1,'focus','[]',0,'2024-05-04 18:48:58','2024-05-04 18:48:58','2025-05-04 18:48:58'),('37afb47870ea21db26c1d3f3ded4ecfac19549d4c3aed2baa7a7a06f2acc0f45028c0b87a5fe70bf',148,1,'focus','[]',0,'2023-08-27 20:38:19','2023-08-27 20:38:19','2024-08-27 23:38:19'),('37bf7723df0e5776af0a28158bf715de069671e8069658aaf41557609d7d730914f474699425ecf5',345,1,'focus','[]',0,'2024-05-06 15:00:10','2024-05-06 15:00:10','2025-05-06 15:00:10'),('37e6c6bf69fe823824aef2fc417562ab89bfb031a31695be83557cf7a5398aef7dc1ddf35362146c',73,1,'mazraa','[]',0,'2022-10-02 07:43:26','2022-10-02 07:43:26','2023-10-02 09:43:26'),('37fa43adf473c0623c32fd7b11bfa534e401e9c3b592517f3363de3f2ff6f40c41b85790ff4549f5',147,1,'focus','[]',0,'2023-04-10 08:41:45','2023-04-10 08:41:45','2024-04-10 10:41:45'),('38d6b87d39ac0f1b62fec338678fd9d8943dbcea2087a85b20e4b3265137435f756d61139f0ae870',116,1,'focus','[]',0,'2023-03-08 09:26:44','2023-03-08 09:26:44','2024-03-08 11:26:44'),('38e486f7ae431625909f9c6528b95f6a2ecfdd81143e494422b4e53c9aa8d3aaf6739a540bdef4e9',111,1,'focus','[]',0,'2023-03-02 11:53:51','2023-03-02 11:53:51','2024-03-02 13:53:51'),('3903d74d2bf0a95d9d4e7b358f25f4449d79fafe5d9e286a38999701b05be026b8ef3d9183c55966',424,1,'focus','[]',0,'2024-11-11 22:58:20','2024-11-11 22:58:20','2025-11-11 22:58:20'),('390889468613b9178c24f297010fb112a97eae24f49fe18101af9a7e44307cae36a6ef9050acf9a1',170,1,'focus','[]',0,'2023-04-17 10:41:17','2023-04-17 10:41:17','2024-04-17 12:41:17'),('39366a083a68e5527b7083e7705060a66be525f339a2a083e171bc7728e8b438fd7c709c6342d73f',72,1,'mazraa','[]',0,'2022-09-25 09:21:35','2022-09-25 09:21:35','2023-09-25 11:21:35'),('39da2e671ae89ba12bffc33671c7a76950e283e87be5e21f41857c4cc29757770ec2efa906babfa0',153,1,'focus','[]',0,'2023-04-13 21:37:20','2023-04-13 21:37:20','2024-04-13 23:37:20'),('39e81b9def36cfc47a64be3f1f10cf6af84a3c7ac26bb6fdc5c08e29e4efb4fc713311841bfa4eeb',98,1,'focus','[]',0,'2023-02-23 05:21:41','2023-02-23 05:21:41','2024-02-23 07:21:41'),('3a21fe51066d39609a5acfd9c382924855caa085f791bba9e6e3a23786465d496c67229f32b72ad3',317,1,'focus','[]',0,'2023-11-01 11:15:23','2023-11-01 11:15:23','2024-11-01 11:15:23'),('3a3fe863a39bd6d8d7e833892fcb09ff885bbc17a66af0a9718b7b2260606123b74bd0404ee36a58',93,1,'focus','[]',0,'2023-02-18 19:13:32','2023-02-18 19:13:32','2024-02-18 21:13:32'),('3a88e0dcb94998f37fd0390fc6fbed3b98615b0ccad38b7f0802b564d22d9ae9c6c7720957187072',40,1,'mazraa','[]',0,'2022-06-23 09:30:17','2022-06-23 09:30:17','2023-06-23 11:30:17'),('3b238aea98cef1ceb639bf106a321db6a46432706a589cba2d90d8c3480bf3cfc59ddd44940d3497',403,1,'focus','[]',0,'2024-06-29 11:37:34','2024-06-29 11:37:34','2025-06-29 13:37:34'),('3b524620abf6eeaedffdf1be35a797919abf50090855757e06be8aabb15a29b1c822ef84d7e499ec',402,1,'focus','[]',0,'2024-05-27 16:35:41','2024-05-27 16:35:41','2025-05-27 16:35:41'),('3b59509fbb67a03ab27ba438fc86f7df553b2ca2d73890e89a42ebe70779b1c1e3cfef1751a357b7',222,1,'focus','[]',0,'2023-05-26 13:21:37','2023-05-26 13:21:37','2024-05-26 16:21:37'),('3b97aba56c81f39c4db946a237b11496559fdcda8381423811fa7d0e610d9feaa23f7bd1a4d9577e',323,1,'focus','[]',0,'2023-11-17 10:44:11','2023-11-17 10:44:11','2024-11-17 10:44:11'),('3bd31c3f17bd19ea176e43b1d51b5859e60d21218221f373e010bcf9af3479da9fe40dae75938df7',115,1,'focus','[]',0,'2023-04-06 06:50:38','2023-04-06 06:50:38','2024-04-06 08:50:38'),('3c2347c4ef0938f8ff47825d839fa557ed5bac205ad9134cca493b325863aca9e7d0fb425914ddf1',309,1,'focus','[]',0,'2023-10-17 07:13:38','2023-10-17 07:13:38','2024-10-17 07:13:38'),('3c45e9ab281d4037ee721224a5e40ca615e10aad7402cd62c0a916e69d1a9c9faa22e39668a58187',187,1,'focus','[]',0,'2023-04-21 00:23:28','2023-04-21 00:23:28','2024-04-21 02:23:28'),('3d1f5f2d9cf91754f839dd8c512302aa51470cd2f54c3b46ac12fdb8ba1ca7c9735ba094d7d3c3ec',358,1,'focus','[]',0,'2024-04-27 13:31:39','2024-04-27 13:31:39','2025-04-27 13:31:39'),('3d2e702406f90e315f72162f2de7e36dd15ae6ba8d8336e5649f714c484c01942a9847a8db8a78b0',73,1,'mazraa','[]',0,'2022-11-08 07:34:06','2022-11-08 07:34:06','2023-11-08 09:34:06'),('3d4ab21d17f10180862a1e99fc3f9f2400388ef0d748fc4395e9a8e23c9562d39ede75c042a422f9',412,1,'focus','[]',0,'2024-10-08 14:06:08','2024-10-08 14:06:08','2025-10-08 14:06:08'),('3d68b896e27a05e84eb90f263c5a2f6c8f450219dee3704771f7888d9f062e80b14cb3cd9a586530',11,1,'mazraa','[]',0,'2022-06-23 08:05:33','2022-06-23 08:05:33','2023-06-23 10:05:33'),('3e20d1dad0d63cab2ea5d73437ce7e11dba4691d5dc2c354917282b650fe54201a5bbb7f188ed9c0',308,1,'focus','[]',0,'2023-10-16 14:17:22','2023-10-16 14:17:22','2024-10-16 14:17:22'),('3e50e2bb4aee2733b8bcce72b6d2d865467891bb20be437a920ce364b19cc36a34f7e238049b510a',220,1,'focus','[]',0,'2023-05-25 09:38:21','2023-05-25 09:38:21','2024-05-25 12:38:21'),('3efddcbb13096ca0735241d6073805a2a660f944b35b8fa9180f5dca610478be160abdf22883f9a5',9,1,'mazraa','[]',0,'2022-06-27 11:49:22','2022-06-27 11:49:22','2023-06-27 13:49:22'),('3f1c0fe59bf836f4ec9dc67d3c683944417c808672add25407239e404f67b5d70c317a34d294c02f',345,1,'focus','[]',0,'2024-05-11 19:17:17','2024-05-11 19:17:17','2025-05-11 19:17:17'),('3f8780aa59ab076bcdc0d44c5ac72ef360982912aa90f6e7bbe9e387151c50bcee8ad872e4bde89f',377,1,'focus','[]',0,'2024-06-24 16:37:49','2024-06-24 16:37:49','2025-06-24 18:37:49'),('3fd10c756633570769bffdf636753fec25691d159e901bcc73ac2a49986176f02eccca05f6ed5256',358,1,'focus','[]',0,'2024-04-27 13:32:16','2024-04-27 13:32:16','2025-04-27 13:32:16'),('3ffc02c6c67bb14c8cdc6bfe8564230c58763c8df0dcd944353d157faf0eed03b587035536260c6e',345,1,'focus','[]',0,'2024-05-07 22:46:19','2024-05-07 22:46:19','2025-05-07 22:46:19'),('4020e0fa20473a471a88ccd40ded9f4653451c38536bd7365a1a248bc214795016ea6097b47b4911',118,1,'focus','[]',0,'2023-04-06 05:47:08','2023-04-06 05:47:08','2024-04-06 07:47:08'),('4033bc6987b3ade097b5fd8f5cdd0e87bb035267963801e14080ff41255462a914eca42b076c7964',330,1,'focus','[]',0,'2023-11-30 07:08:31','2023-11-30 07:08:31','2024-11-30 07:08:31'),('4068377064e2821b6f2f974204a1470000614b03e55d4f7c4b5a83414f929b2f2ec354a566a9ab80',345,1,'focus','[]',0,'2024-05-05 16:52:11','2024-05-05 16:52:11','2025-05-05 16:52:11'),('40e46dadd5b2c57a962f59d8827e002855e8bc9e00fefe80fdcba761c98c7bee0817a17a94b313c7',73,1,'mazraa','[]',0,'2022-10-02 07:46:40','2022-10-02 07:46:40','2023-10-02 09:46:40'),('40e9cc6566278b84ba38cf26baa14b875531c969cb6b9a3df51af196d7719d28eabdc5611d9ad98a',173,1,'focus','[]',0,'2023-04-17 22:51:48','2023-04-17 22:51:48','2024-04-18 00:51:48'),('410d7c2cf4cbeebd5843451f66ac749062e3370d3f136c1b1b5b315ed465eb7e72b4a900da573704',345,1,'focus','[]',0,'2024-04-03 11:24:10','2024-04-03 11:24:10','2025-04-03 11:24:10'),('4146ef524c1a131e3963419dc49cd15639a49dfbd56b9c10183d72b8c531ef33346dbc1b17f50398',425,1,'focus','[]',0,'2024-10-04 22:19:52','2024-10-04 22:19:52','2025-10-04 22:19:52'),('415b4e4e42d9a05a4734c733a59485aa174145382e064392bdbbd5f61412df4eedc0429c748c0996',174,1,'focus','[]',0,'2023-04-18 12:03:20','2023-04-18 12:03:20','2024-04-18 14:03:20'),('4186446a2436e647fee401d7c8b683c85b9f80cfdaaf403d6dab6068e90e56df72d482015b01b6a0',267,1,'focus','[]',0,'2023-07-30 13:17:47','2023-07-30 13:17:47','2024-07-30 16:17:47'),('4192935a4c447c9889c488165f1485d33accb5587965a677e8190726721739511f00fba5dd640622',326,1,'focus','[]',0,'2023-11-19 01:11:29','2023-11-19 01:11:29','2024-11-19 01:11:29'),('419806b888bafe7d2d14864f1949f5d3c8f6954d60bdb9bf79b41aa7c0ff530ecfcac897dc6039ea',81,1,'gold','[]',0,'2022-11-02 18:50:02','2022-11-02 18:50:02','2023-11-02 20:50:02'),('41ce822c1b015230b3bfa8284cde36a9fdb1d7713d261e253ac3f41b8e0d575311003f2c6295b028',64,1,'mazraa','[]',0,'2022-07-02 09:28:58','2022-07-02 09:28:58','2023-07-02 11:28:58'),('4203d8ebf8809b88da0f2305798020c4557636b93b771b2b5d2e394e1df874d4dcaeb3d197dc45ef',338,1,'focus','[]',0,'2024-02-18 23:10:35','2024-02-18 23:10:35','2025-02-18 23:10:35'),('42608b979552d6a87b5ce3c799387625f4de3f5b6d62dc19762ed62005576a208b9664855226a596',155,1,'focus','[]',0,'2023-04-12 15:14:41','2023-04-12 15:14:41','2024-04-12 17:14:41'),('426ad39427140a3f4aba6ba8a21056dadea5d7e00b44b1782fe8f3a8c1578e41d501626aad2877b6',345,1,'focus','[]',0,'2024-05-06 12:59:58','2024-05-06 12:59:58','2025-05-06 12:59:58'),('427e54a8b1405e70074f881e936faaf7bd4f4658163a3887a4abd6d3aec4970285bfdb2556136cf1',229,1,'focus','[]',0,'2023-06-02 13:49:03','2023-06-02 13:49:03','2024-06-02 16:49:03'),('437f98650cfc04c0fa1cde7285f3fe133c420c16ec0621b6b1e9d013d841ce4d414d27ae0476c410',148,1,'focus','[]',0,'2023-04-11 20:43:29','2023-04-11 20:43:29','2024-04-11 22:43:29'),('438a2ec37521c2fe3d4d90f34e26ff87f4ab6aa151bf304fdc0a366e7617a71fbe0ea44b34e66dce',323,1,'focus','[]',0,'2023-11-17 10:44:21','2023-11-17 10:44:21','2024-11-17 10:44:21'),('4410e0c4658234105703a887ec9bacaeffd740dcd2b1215bbc4473838f02977ec239e14d48d7ac4f',276,1,'focus','[]',0,'2023-08-16 08:02:25','2023-08-16 08:02:25','2024-08-16 11:02:25'),('44b65737ba67b5a729e7b73227df23d9bfff18b1b5601e74b8cbafed9f09eb13bc377527ca747e2f',81,1,'gold','[]',0,'2022-10-31 06:11:27','2022-10-31 06:11:27','2023-10-31 08:11:27'),('450cd12a2b5009e701d341f30dced2472b09de67111a1c02d7c2d45895eeaa5c70314a14fa15e957',73,1,'mazraa','[]',0,'2022-10-01 17:32:28','2022-10-01 17:32:28','2023-10-01 19:32:28'),('454d861c447f7446538c1ac46f038d93932104c7057cebe2f39c46159331f1b6a9a0f47ac753d4ca',358,1,'focus','[]',0,'2024-04-27 13:43:19','2024-04-27 13:43:19','2025-04-27 13:43:19'),('4561a48cb45c753901b531ac47d597f45f05b8f109158c0a54822d2975b4877cfa7cab30d171dcc2',153,1,'focus','[]',0,'2023-04-12 05:36:23','2023-04-12 05:36:23','2024-04-12 07:36:23'),('456c565644cfbdb70cb7168b34d6bc18539b4a2e5ee6fd8635967b6d943301ef2b706e3f1f0d472e',436,1,'focus','[]',0,'2024-11-06 07:33:39','2024-11-06 07:33:39','2025-11-06 07:33:39'),('45df308d6da1decb1617df30dc4bb5b621eb44a18020418b74503a3e7d3e1deb6dd5bdc5ebea67fc',87,1,'focus','[]',0,'2023-02-17 09:12:07','2023-02-17 09:12:07','2024-02-17 11:12:07'),('45dfc301338c97ea78924e1808759a8f9224cd5cbda16327e50c9b8a9a8bd2a741510e00d8b34215',11,1,'mazraa','[]',0,'2022-06-23 08:04:21','2022-06-23 08:04:21','2023-06-23 10:04:21'),('45f652bb4806d1db0d62265bf14d807a7b29077d2732748d7ddbec7e00dc46ad26518f2843f8cd6a',204,1,'focus','[]',0,'2023-05-01 05:31:54','2023-05-01 05:31:54','2024-05-01 08:31:54'),('460ef86f84c51d8617ebde1f2a46fb3140dd9341df61d84fb428e50d79262adacd54d0b6a57abdca',338,1,'focus','[]',0,'2024-03-21 12:15:41','2024-03-21 12:15:41','2025-03-21 12:15:41'),('468369144d0951d5ca808c2a2242a4ac2b1d58baf0ad6d33f721939e89f64317b01adfd7238af2bc',76,1,'mazraa','[]',0,'2022-09-29 06:22:50','2022-09-29 06:22:50','2023-09-29 08:22:50'),('4690c3b149308df5787b12a9398233028681f34af6672b94755159e31577b90ba18cf2081b32cdec',155,1,'focus','[]',0,'2023-04-12 15:57:42','2023-04-12 15:57:42','2024-04-12 17:57:42'),('46f53c46d9aefc9b09c397ca14e4342847bfebd3fb32b6c30d8dd17a69ba0a901603aed955ece4df',288,1,'focus','[]',0,'2023-09-04 00:05:36','2023-09-04 00:05:36','2024-09-04 00:05:36'),('471bc516cbb6df2665ae8bbfb649601608528c18ceeae522e1c055184cafa1a4bc0c4ad45301e5f0',97,1,'focus','[]',0,'2023-02-20 12:35:28','2023-02-20 12:35:28','2024-02-20 14:35:28'),('472457ef9df1732d6ae6c96e305ff503535c349b67eaf053ed82d2f42f4480590f332acf181ed28b',377,1,'focus','[]',0,'2024-11-18 15:43:21','2024-11-18 15:43:21','2025-11-18 15:43:21'),('4799365296a88fa738bfebe64b96f79b7815326d4efa5158aa9a2fb53d6d99ff2a490f97d83d2d3b',11,1,'mazraa','[]',0,'2022-06-23 08:04:29','2022-06-23 08:04:29','2023-06-23 10:04:29'),('47a56ea5ed2646e1d2b6d344771f953a2ba8a7d580cc7a57810c1b64c723754a14e8d715b97f5187',405,1,'focus','[]',0,'2024-05-30 23:02:24','2024-05-30 23:02:24','2025-05-30 23:02:24'),('47af32da47e6ecba1b21d8c4160b59e71c7f1ec46b73aee18b52c42f132ace718734f7752606bc5d',96,1,'focus','[]',0,'2023-02-19 07:57:02','2023-02-19 07:57:02','2024-02-19 09:57:02'),('487e641315c024c9dc7e57ba90a0793ca97acc9bd7749f6033c2b6e23cc078d5f41956b611b45e6a',345,1,'focus','[]',0,'2024-04-03 11:25:27','2024-04-03 11:25:27','2025-04-03 11:25:27'),('4896e3069ec42527ae65b84adc00b275a593efcaeb8cf528d6dfe5c2c9700b7c84ddba29c2d86edb',176,1,'focus','[]',0,'2023-04-18 17:09:27','2023-04-18 17:09:27','2024-04-18 19:09:27'),('4899085f01d4d32fded521145aeac1f9d19e81f71678aeb795c55bf0b910ad6ccfee1af773947793',153,1,'focus','[]',0,'2023-04-13 21:24:34','2023-04-13 21:24:34','2024-04-13 23:24:34'),('48d96b75159692f6257810b05b40c95a1742fcf278cc2815964f89429c82d4376f749fbcdfc3f1cb',325,1,'focus','[]',0,'2023-11-19 01:09:43','2023-11-19 01:09:43','2024-11-19 01:09:43'),('48e75215254f41a3233fd86fd3c517fde975de8aa750947d25ef8a0ca38526e13e575d6206eef177',405,1,'focus','[]',0,'2024-05-30 14:49:17','2024-05-30 14:49:17','2025-05-30 14:49:17'),('4958584584d281882b2b63a14f73af39d421857dc7d9fadc6d4b221d4da93e884b6419d7d5b53546',24,1,'mazraa','[]',0,'2022-06-23 08:27:07','2022-06-23 08:27:07','2023-06-23 10:27:07'),('49876e065c0e1b6a88ea3bbcf89fd80191bf2e51cc411c24f57145f3e07c4f63c4bd397539825e46',240,1,'focus','[]',0,'2023-06-21 22:51:01','2023-06-21 22:51:01','2024-06-22 01:51:01'),('49938f76b16d984df7d5b06ac3b8a0bbd4ce6b3d2d099a46d71cf0c79fc619436ab34cb5398625e4',3,1,'mazraa','[]',0,'2022-06-23 06:47:52','2022-06-23 06:47:52','2023-06-23 08:47:52'),('49aa38d468a0e0b0c9f1e281a60da1081b3a10df1507128aa6af57d743a9c6176417c01371ff93e4',438,1,'focus','[]',0,'2024-11-27 20:48:02','2024-11-27 20:48:02','2025-11-27 20:48:02'),('49b4854980abdc2b7cd8e7f991cc5a9790c2ce17b3e147f9f8f36a7288f55e0998e7edbf56eabe91',97,1,'focus','[]',0,'2023-02-21 06:16:40','2023-02-21 06:16:40','2024-02-21 08:16:40'),('4a845c855325b6254a26832ab1d0c7fb221c1c0d036a4ae30bd908aee71b5c915599ee5259652d83',74,1,'mazraa','[]',0,'2022-09-29 05:46:05','2022-09-29 05:46:05','2023-09-29 07:46:05'),('4a9d3d330e0ad3c7f80ecf9fe5db7105e407831fd26b80853afd0b0e0f39e756723baf683dc68637',116,1,'focus','[]',0,'2023-04-08 22:09:15','2023-04-08 22:09:15','2024-04-09 00:09:15'),('4aa4ed91475f5bff6dd22f3684f8cb765fe8873dc873820b8cddb69c74c95d38fbbb49ad950476ce',81,1,'gold','[]',0,'2022-10-30 08:06:52','2022-10-30 08:06:52','2023-10-30 10:06:52'),('4af2d8a9b0e7b9ad18c302ce12029deb43408447bfa8d41d678938ed39c628e9a5983ff3272d5749',358,1,'focus','[]',0,'2024-04-27 13:35:24','2024-04-27 13:35:24','2025-04-27 13:35:24'),('4b2dba8fb1cb4fb2aaacd4d9661c92faf345811396f6d9d17b0e94c472b878f8ffda49ee95e77cba',198,1,'focus','[]',0,'2023-04-29 10:14:12','2023-04-29 10:14:12','2024-04-29 13:14:12'),('4b57c13af55054cb94f9b1e83721f115da0f7c59d03f1b2bf1ea8ed29c6c226b45f0057aaf312ac5',97,1,'focus','[]',0,'2023-02-19 08:41:40','2023-02-19 08:41:40','2024-02-19 10:41:40'),('4b81c3f7a8c0da76b5f0d660a82f8b7c82342d611a1327851bbce28c43a5638b4cfc6d5e0ec0257f',146,1,'focus','[]',0,'2023-04-10 05:58:01','2023-04-10 05:58:01','2024-04-10 07:58:01'),('4bb1609c92675390d962e7dd9af8d9c3ee0d8d6583bbcfcfaab4bfb1d77dbf82cf51b1ea7c767850',205,1,'focus','[]',0,'2023-05-03 03:11:17','2023-05-03 03:11:17','2024-05-03 06:11:17'),('4bb59d25ad0c1421257282dd6303308aecf821c2ca515193c34abbe61ab6ed1b0a0634801e80c5dc',95,1,'focus','[]',0,'2023-02-18 19:26:12','2023-02-18 19:26:12','2024-02-18 21:26:12'),('4c170f6a809825af50e16228ab43ace99e2588267141b3cb985804b2a00aaa271131ebb1731aac48',424,1,'focus','[]',0,'2024-10-08 16:42:23','2024-10-08 16:42:23','2025-10-08 16:42:23'),('4ca07a420dc07e397f325102626e9adc2de4acf3ce521f2729e25fc51e67ae572e394a1882f48750',143,1,'focus','[]',0,'2023-04-09 20:03:20','2023-04-09 20:03:20','2024-04-09 22:03:20'),('4cd4ef918975529d7f16702a029892cf7d90222ceea8a692bfe7145710079c2d12e67d65e7151acb',115,1,'focus','[]',0,'2023-03-16 18:46:28','2023-03-16 18:46:28','2024-03-16 20:46:28'),('4d09eee4276b4bef5a0888edf00b25c61a0a8e5994557f23169719250d262e0b77f5bc61230487cb',260,1,'focus','[]',0,'2023-07-20 22:01:02','2023-07-20 22:01:02','2024-07-21 01:01:02'),('4d100cb1a8bc990c302cbbb458900b95da2fc82c157a7ff74149acd45292cd6b622f15117342cd7b',115,1,'focus','[]',0,'2023-03-07 07:56:01','2023-03-07 07:56:01','2024-03-07 09:56:01'),('4d3a76a4449718be2e6c49013d416f295c4286470461735dd0f91060b8f2185ecfff257ff637b6a8',115,1,'focus','[]',0,'2023-03-14 05:55:36','2023-03-14 05:55:36','2024-03-14 07:55:36'),('4e9550e7cfb3187c1a7fd3132de9721603d8d28bd17c5616be65c78af37d085995eeceb735c897b9',243,1,'focus','[]',0,'2023-06-26 17:19:41','2023-06-26 17:19:41','2024-06-26 20:19:41'),('4ecabacce1f4d29c7b4c70eec410aaffd5db9cd7bdb7b812eb3c5ed0f3f46591761a182d5b189d62',143,1,'focus','[]',0,'2024-02-18 23:10:07','2024-02-18 23:10:07','2025-02-18 23:10:07'),('4ecc096c26ee930868c10ff62150cea8b30914563a90d888d7bd0901d06b30a3aaedcb4bd87ceb82',107,1,'focus','[]',0,'2023-02-28 06:00:41','2023-02-28 06:00:41','2024-02-28 08:00:41'),('4ee319bb479b17ff73ffa72bbec1b9c8b5db4fbad17f9b80a870f562e079474f3bbdabc4e24e080c',353,1,'focus','[]',0,'2024-05-07 22:37:19','2024-05-07 22:37:19','2025-05-07 22:37:19'),('4f20db90cc603009279caef16bb881c5a291be9d34a75ad181dbf725d5d244ebe03d6e0d597db337',277,1,'focus','[]',0,'2023-08-16 12:29:13','2023-08-16 12:29:13','2024-08-16 15:29:13'),('4f6ba7224c6262a34f9273c8e10f5f4e607d9e738c6ff404af0c186de71f8bd35220ec8dca6f9355',345,1,'focus','[]',0,'2024-05-05 16:58:27','2024-05-05 16:58:27','2025-05-05 16:58:27'),('4ffdea54d42efc9c2c1483bd810a09c2a764a6784efb17fe81edea444dcfe2b0f9411313e945fa3d',414,1,'mshroee','[]',0,'2024-07-01 20:34:57','2024-07-01 20:34:57','2025-07-01 22:34:57'),('5021dd07a66901f01322f3ef96cc8fd9b1efb2552366f1950458ad062c0ca16b46035d4d668e65f3',76,1,'mazraa','[]',0,'2022-09-29 06:18:17','2022-09-29 06:18:17','2023-09-29 08:18:17'),('503f09115d1b8a432b03e952d1784aae6a35fcca9f153c060ab2c1a4ccb743fff97e0c02a85e037e',377,1,'focus','[]',0,'2024-10-31 18:22:58','2024-10-31 18:22:58','2025-10-31 18:22:58'),('50477c38731d22559d599b8d6d26469e06bebafbb14163b71d15c4e24739c223133f1c93e1e22a6b',108,1,'focus','[]',0,'2023-03-02 11:26:39','2023-03-02 11:26:39','2024-03-02 13:26:39'),('505cd82912c14ba2e8288a493cd309f06ec1112b42a7fd5b85b78a8cd8f04568efef8c25a35f55e6',405,1,'focus','[]',0,'2024-05-29 10:23:00','2024-05-29 10:23:00','2025-05-29 10:23:00'),('507cc7a5098103fc8722052155179212530f7df263c009a7ebd7835615ba75b8f089031081061a2e',233,1,'focus','[]',0,'2023-06-07 09:56:30','2023-06-07 09:56:30','2024-06-07 12:56:30'),('50a4d69333957524ca29e1e8f8f2ceda08e165bf944592079faae176618e5a328828a96f58ec3e02',294,1,'focus','[]',0,'2023-09-24 23:58:32','2023-09-24 23:58:32','2024-09-24 23:58:32'),('50dc643c15526b613a72c9a5386b4888f413e9be1f78a06a8a7add390c0d0b4f4f0f7a8dd2733063',43,1,'mazraa','[]',0,'2022-06-23 09:30:46','2022-06-23 09:30:46','2023-06-23 11:30:46'),('513b12c075439fdf6be0f39215cf7323d2a5c4dbf8911da9478517660f0d24b78c7982d8e0345e23',3,1,'mazraa','[]',0,'2022-06-23 08:34:33','2022-06-23 08:34:33','2023-06-23 10:34:33'),('514b18890427503b5fda8aca34be8b472cb448d4ac375fb2d3d29fcf33d9e422daef9c82b22a68e7',274,1,'focus','[]',0,'2023-08-13 05:46:53','2023-08-13 05:46:53','2024-08-13 08:46:53'),('514dae30067fc52c8883190ff1a6edb07bb834ecccc8910a3b2425ecb0841cf0e8ff75cf328ee4fd',149,1,'focus','[]',0,'2023-04-11 05:51:49','2023-04-11 05:51:49','2024-04-11 07:51:49'),('515f30855556f452f1e1f9daf950b7bcea1d4c6c32b37b1faed7b57ad88aa3255bf2bb612c3b4998',377,1,'focus','[]',0,'2024-06-24 14:21:47','2024-06-24 14:21:47','2025-06-24 16:21:47'),('516a289b2469cf12e9044dfff7c575a828ca802978b691dfb07540de18a55322a6b68031423eb95e',115,1,'focus','[]',0,'2023-03-13 09:45:08','2023-03-13 09:45:08','2024-03-13 11:45:08'),('5198ead39b9a39c83edae9352e09256e3ef9a4b5982a2e670721b87bf069714797f99c487baedbbb',352,1,'focus','[]',0,'2024-04-27 12:53:25','2024-04-27 12:53:25','2025-04-27 12:53:25'),('51a5535b24246fbce889e11a944ec42df949b1347b6a2ae6952e1b633f7dfc7ac24f6fe2bf3e011b',345,1,'focus','[]',0,'2024-05-06 13:04:45','2024-05-06 13:04:45','2025-05-06 13:04:45'),('51b747391cf151cba999dc9d8eb4640a43a0c8a7b5a6a51e2ae95a9a86a735ec9662944f76e9d5de',319,1,'focus','[]',0,'2023-11-05 20:18:38','2023-11-05 20:18:38','2024-11-05 20:18:38'),('523d04ee270e42332fe248668d5b2ce22991dc721c89769a5224b12ce2c6c611a137c4c70c3636f3',377,1,'focus','[]',0,'2024-11-19 17:40:01','2024-11-19 17:40:01','2025-11-19 17:40:01'),('528fcd8e5292ae91b231677e80188a38e43cbcd372ccca3bc6bf288454c57b6abe9ba737ee3bd6eb',312,1,'focus','[]',0,'2023-10-21 01:02:31','2023-10-21 01:02:31','2024-10-21 01:02:31'),('529241086dea44c47ec41af1d3899c1fed97a76a030b48b15de1d61ef203d02e67fd0609275dd007',412,1,'focus','[]',0,'2024-11-19 15:22:45','2024-11-19 15:22:45','2025-11-19 15:22:45'),('52f294de093b15dac3336a7c48ced871257d038ff026e4ab98155727e41024cf7794f34a5b049556',206,1,'focus','[]',0,'2023-05-03 08:56:23','2023-05-03 08:56:23','2024-05-03 11:56:23'),('52f971bd13462499f459a18cd4d2601da12032ee67c36a52d8f12fd7c68a9ec413f5f28932911b7f',89,1,'focus','[]',0,'2023-02-18 07:18:57','2023-02-18 07:18:57','2024-02-18 09:18:57'),('53227d7c47f3c174d613b72ed1f8209e0b49f26e073063af194ba581ee909071108770763cc3e232',162,1,'focus','[]',0,'2023-04-15 08:47:29','2023-04-15 08:47:29','2024-04-15 10:47:29'),('5333e24386fff17fbcc28d8fcfa7e7fe94af5756517cf54db4bfafc9772d92c59241541fe6fb67cf',412,1,'focus','[]',0,'2024-07-02 20:27:52','2024-07-02 20:27:52','2025-07-02 22:27:52'),('53b4ffabcac534f1b5de09456b2472f856977de912d5ae6ae451bd03bdad5ed8acd9f9c461414047',274,1,'focus','[]',0,'2023-08-13 05:46:42','2023-08-13 05:46:42','2024-08-13 08:46:42'),('53df101fd82c6fbfc9261a3efd1781fe1c6fff25603d3437b9840f9dba927978f34b42a34b7aa56d',143,1,'focus','[]',0,'2023-04-09 20:04:17','2023-04-09 20:04:17','2024-04-09 22:04:17'),('53ea65b4b52add50ea71030e0f112808d913d50451883f7715e1b0b869845f9486ad2e86b51072dc',97,1,'focus','[]',0,'2023-02-19 08:44:41','2023-02-19 08:44:41','2024-02-19 10:44:41'),('540b61199263284bd83a68d5a40385eed018179f465d433fcc960490d0a9bdf27c7212bb8f65c654',353,1,'focus','[]',0,'2024-05-07 22:36:59','2024-05-07 22:36:59','2025-05-07 22:36:59'),('5478646ccdb1bb61868cad2d1ea31c5792f88d6d56620eaa8612952674c10b5b47ed6622a5e214e2',98,1,'focus','[]',0,'2023-02-24 06:34:22','2023-02-24 06:34:22','2024-02-24 08:34:22'),('54adc381ffe5013dbeffb0c309c875f34abf032475e1e12c1dce69b62dd0a1951d0125bcdf36ecf0',12,1,'mazraa','[]',0,'2022-06-23 08:11:05','2022-06-23 08:11:05','2023-06-23 10:11:05'),('54d9e53bc6bef626e60cea1a12ebe39b77a0bae1f4e90d089d99ad75daf5a9ce0151b4fe999a25d0',226,1,'focus','[]',0,'2023-05-26 21:31:41','2023-05-26 21:31:41','2024-05-27 00:31:41'),('554985155e5aeb4f650111cd79087923e49229bd2ff850f0b50fe1a35d99de859a966ae70634dd1c',197,1,'focus','[]',0,'2023-04-27 18:27:33','2023-04-27 18:27:33','2024-04-27 20:27:33'),('558f900a146b71a61e241e72bab75be6078ebc187bd7d9644430cbc77fcd555a75df38086476420c',189,1,'focus','[]',0,'2023-04-21 12:14:36','2023-04-21 12:14:36','2024-04-21 14:14:36'),('55d650a76047bdc82c8b0fb9a96b0e30b6290fc84d9d24eb9caa37010a794a16547e63ba5dde4ee1',412,1,'focus','[]',0,'2024-11-19 16:12:37','2024-11-19 16:12:37','2025-11-19 16:12:37'),('563ec421af974845c08f70ccffc1191c449dc0c47e6b9328d659a7390dc8cc71de638244d29bdfde',151,1,'focus','[]',0,'2023-04-11 21:34:46','2023-04-11 21:34:46','2024-04-11 23:34:46'),('56400c9299363c7305e675239aa642b57ea8a19551023ccda7a769f0dbf27ee1dae46be132eb8db1',424,1,'focus','[]',0,'2024-10-08 16:58:53','2024-10-08 16:58:53','2025-10-08 16:58:53'),('569892d3ea07736d9126f5a6fca47078f669564f55925263636df9383d5103eec456d0c089de46f8',73,1,'mazraa','[]',0,'2022-11-03 05:59:46','2022-11-03 05:59:46','2023-11-03 07:59:46'),('56f3d324c94cc1467dfb9e7519d148fa58790491bad317e6477461460dea2a63b361834486104479',195,1,'focus','[]',0,'2023-04-24 00:41:04','2023-04-24 00:41:04','2024-04-24 02:41:04'),('574f0f5bc7e5290777623a693ad47492b1dc2c77f15e3e7fcda109b1627b4df95fe5d8a387ad5ee8',161,1,'focus','[]',0,'2023-04-14 19:55:35','2023-04-14 19:55:35','2024-04-14 21:55:35'),('577a2e21d09f6ba87c204d1303a39807ada08171efc62bdf4066ae1e8fadb197b5cba7df1b05b8bb',148,1,'focus','[]',0,'2023-04-10 09:21:25','2023-04-10 09:21:25','2024-04-10 11:21:25'),('57fb29db2853d07b132b54a5e03d53d729fcca637073433e900b50c8619038139eac784df8536e7c',157,1,'focus','[]',0,'2023-04-13 09:04:33','2023-04-13 09:04:33','2024-04-13 11:04:33'),('5876c86d2aab410be46055e7eb4ea89a5e031d74c682ad558c355da4606ab55c02c99165b82eba6d',291,1,'focus','[]',0,'2023-09-10 23:25:53','2023-09-10 23:25:53','2024-09-10 23:25:53'),('588ae856b104f19a5ae100a76a9b735f63dfb19166816056e0f67fffb764c44ed9a0440809ca9cb9',73,1,'mazraa','[]',0,'2022-11-01 07:44:29','2022-11-01 07:44:29','2023-11-01 09:44:29'),('589117962cbe9fb44c94a1ede08079ee5c02b240d8d126c68861a11c711a669e0d0d94c44b27d517',115,1,'focus','[]',0,'2023-04-05 07:35:05','2023-04-05 07:35:05','2024-04-05 09:35:05'),('58ac60dfd1c5eb3bd10ccbc92cbf64954e186b72bd3f3d8bdc3c99ca49562b4c5f504b0e8b2b099c',226,1,'focus','[]',0,'2023-05-26 21:31:55','2023-05-26 21:31:55','2024-05-27 00:31:55'),('593c1197ce8035dd3651d4e32f21a18f5c96191f94d394d256ac4800448e70950978ef268b2e11e9',109,1,'focus','[]',0,'2023-03-02 11:30:24','2023-03-02 11:30:24','2024-03-02 13:30:24'),('595dc2b8fe6343e1524839355f1e9fd9160d5457d706dfbcbbe2c83bda4c4f7a1672868d36848ed2',261,1,'focus','[]',0,'2023-07-23 11:44:12','2023-07-23 11:44:12','2024-07-23 14:44:12'),('59c9a66f3dac8e0495b920a58ca36ff516c9e7e3cad303b911af4a23661fd2242be6d382e1cacd55',95,1,'focus','[]',0,'2023-02-18 19:47:32','2023-02-18 19:47:32','2024-02-18 21:47:32'),('59cc4675922dd6476e3143e8fc7f56b53c3fc90cb5f6ed4bc9374408223bdc732bcbf00717e6ab50',184,1,'focus','[]',0,'2023-04-20 15:18:19','2023-04-20 15:18:19','2024-04-20 17:18:19'),('59e74542ae7077bf773502ca80789dcf6c0a0d6c9a412e32fd47d849c0af9b9d3cc408a07d86f009',73,1,'mazraa','[]',0,'2022-11-18 08:10:49','2022-11-18 08:10:49','2023-11-18 10:10:49'),('59fefd716bcc868ed213012ef259bfd089b2a7ccdc819408d73d8e68b9b1ec337c1211b8b886c47e',138,1,'focus','[]',0,'2023-04-09 10:42:32','2023-04-09 10:42:32','2024-04-09 12:42:32'),('5a14f01c9ca1d889e2592f11d049e2edbc88d3e72fe138623847601ba9f7cc022ccc58241d162a79',345,1,'focus','[]',0,'2024-05-06 12:14:18','2024-05-06 12:14:18','2025-05-06 12:14:18'),('5a186fee0a74aaa4d3356b7c5938abee1cd10ca59e871fc343e884ab2a6e4d44dc83a6b54049be0a',109,1,'focus','[]',0,'2023-03-02 11:30:31','2023-03-02 11:30:31','2024-03-02 13:30:31'),('5a3e321fd8b455b6a08ef2f3d54a2639076bcb4dd7ed63d8fac4a226c522649600e38035d803c5bc',403,1,'focus','[]',0,'2024-06-26 13:37:53','2024-06-26 13:37:53','2025-06-26 15:37:53'),('5a754051f1e92c1910aae79f9434da882be73b642c49eee9d2219878c39bcc4f157d3dbb8d30d5d5',43,1,'mazraa','[]',0,'2022-06-23 09:31:26','2022-06-23 09:31:26','2023-06-23 11:31:26'),('5a9684b202a06886d923e40c038ab9ec1ae0d98be479f5a3f888a867f99a3e6356b2bdfd82ce6a2f',140,1,'focus','[]',0,'2023-04-09 16:24:17','2023-04-09 16:24:17','2024-04-09 18:24:17'),('5a976c1b59de3c19acebae09421e119071c6b433e115fcef98d62f802e9fda49852793e52c2e19c5',153,1,'focus','[]',0,'2023-04-12 07:41:36','2023-04-12 07:41:36','2024-04-12 09:41:36'),('5ac68e3ac3e2fb9cf366f441ca48886b2c1cc1ea481308d4c12752487006c573a68c287f75560134',61,1,'mazraa','[]',0,'2022-06-28 09:59:48','2022-06-28 09:59:48','2023-06-28 11:59:48'),('5b4de4d5705cdc941ed10131e20dabfd07fa5f008f64bf4b9c332b3c031c011519c74dfcf4fc1f72',116,1,'focus','[]',0,'2023-04-05 11:33:38','2023-04-05 11:33:38','2024-04-05 13:33:38'),('5bfc687f9be4ee8ffa30dbd483b66a8ffff8024f321784a453a8c6eae6c0b10ee3bacdc77a3f0e1f',103,1,'focus','[]',0,'2023-03-02 10:49:03','2023-03-02 10:49:03','2024-03-02 12:49:03'),('5c56cdc6ca6390ff05306564ec8289d918b74a52be7e7dac747bdfa1bec5682a4617552bf673ba93',377,1,'focus','[]',0,'2024-06-26 09:52:34','2024-06-26 09:52:34','2025-06-26 11:52:34'),('5c7355dd11c8aac12cd180feba02529208d40cba953fe033d669e0d85aef409458d3d066afaeffd0',60,1,'mazraa','[]',0,'2022-06-27 08:37:33','2022-06-27 08:37:33','2023-06-27 10:37:33'),('5cf2c8d028ddcee7aef71a5b30957e936cef73610f5a53af4401310fd5a3f82520e1ad328359b092',353,1,'focus','[]',0,'2024-04-27 13:00:08','2024-04-27 13:00:08','2025-04-27 13:00:08'),('5cf9fc922e1a2a433af3b746bb30fc34f0ae44c3a2e1dd2001487b2a1a75ab8b03db403376a07713',288,1,'focus','[]',0,'2023-09-04 00:05:45','2023-09-04 00:05:45','2024-09-04 00:05:45'),('5d316dbb53268651b92c94d237020b9ac620763127c93832a181f6aed89d58905d736c13dc20551a',338,1,'focus','[]',0,'2024-02-18 23:08:29','2024-02-18 23:08:29','2025-02-18 23:08:29'),('5d5857d33f09e53f6c620c6e8509af9254fab6848cc8d3a66ce3e1a2d0d5916f5ede7ba611aa43f9',116,1,'focus','[]',0,'2023-03-10 11:56:27','2023-03-10 11:56:27','2024-03-10 13:56:27'),('5dd72272268fb207836d81232a5c0430475abd6a295c1926fd3340a91cf0a7b1aed8127e44a0bf98',280,1,'focus','[]',0,'2023-08-23 18:34:13','2023-08-23 18:34:13','2024-08-23 21:34:13'),('5dd8f774812049188a25259e5a2a593087f8482ac43fc63c48d0faf8b724a2f624e3c4b33adb6d3d',143,1,'focus','[]',0,'2023-05-25 13:10:51','2023-05-25 13:10:51','2024-05-25 16:10:51'),('5e26ba146c7b5470e5559d99d865423cf881b5febdf1c3de0c55e66fc374f5eca8c6522086ad0b8f',424,1,'focus','[]',0,'2024-11-11 22:56:43','2024-11-11 22:56:43','2025-11-11 22:56:43'),('5e7a0e4449e196b01734362bc4a286154b928043ce052f10425887bbd2eae515c1c936465a4d5092',97,1,'focus','[]',0,'2023-02-19 14:19:54','2023-02-19 14:19:54','2024-02-19 16:19:54'),('5e9902ae23bc32cc64f3a75998a627beb83e2ddbe8e290bba5c5b433dc61e42105254502e963da3e',73,1,'mazraa','[]',0,'2022-10-01 18:58:05','2022-10-01 18:58:05','2023-10-01 20:58:05'),('5f0a96d047f3e9175f7eed6aebf33f0236ae852b493252b5fac8549ca4ae58df47f481f38daf2e5a',425,1,'focus','[]',0,'2024-10-04 22:46:06','2024-10-04 22:46:06','2025-10-04 22:46:06'),('5f13e9390b60d483148ebdab532e14befe1f20c58d6713604a6141dd69cdd30fdb35d7a3fc45638b',116,1,'focus','[]',0,'2023-03-07 10:12:19','2023-03-07 10:12:19','2024-03-07 12:12:19'),('5f309f7b3ff31d44967cf6647721987fc8422fc1463ddbf1e69ded234f80e881363c9f43a4b933a9',327,1,'focus','[]',0,'2023-11-23 14:12:55','2023-11-23 14:12:55','2024-11-23 14:12:55'),('5f8004e520cc6a3bc2257b0e776e5fe9529d3eabb748fb6780a8d7e77d69bea4398e546088acee0f',412,1,'focus','[]',0,'2024-10-31 18:05:38','2024-10-31 18:05:38','2025-10-31 18:05:38'),('5f9c34b3fdc5b447e059d8444f056337877bd6d1e48d9a0d31111c151ade1cd4608a8cf934614e39',421,1,'focus','[]',0,'2024-10-04 22:08:46','2024-10-04 22:08:46','2025-10-04 22:08:46'),('5fb31738886c5e95283d4dac1c6d96e79f611ea378d9a4d3e77243f939b1caa15d89618b1ffa2e14',275,1,'focus','[]',0,'2023-08-14 02:10:16','2023-08-14 02:10:16','2024-08-14 05:10:16'),('5ffcc9dfc4fb8a10e3dad1aaff490c109a6664c67d5521ac9bba4cb16ba5f6e38f8552408f5d5028',146,1,'focus','[]',0,'2023-04-10 05:58:11','2023-04-10 05:58:11','2024-04-10 07:58:11'),('608619da07958d3675f6b6db6d9cb3f3417d8dd2a10d21a9e9127a107c6e41de4bf8011e5b48d122',314,1,'focus','[]',0,'2023-10-27 18:06:50','2023-10-27 18:06:50','2024-10-27 18:06:50'),('60d9287fa4ea4c2e1e5c535e1882745b7b67b623c151f3b094584ef92115bb7a8a02d8272245bf46',156,1,'focus','[]',0,'2023-04-12 15:29:55','2023-04-12 15:29:55','2024-04-12 17:29:55'),('60d93b59d05bc9fd1e9ca3938d607905c5f59559c1078aadc09850025e5db3a4e7f30d0f6411034c',185,1,'focus','[]',0,'2023-04-20 18:05:39','2023-04-20 18:05:39','2024-04-20 20:05:39'),('61187c1ba991bf066254eb8efc146a68b5d04613d84ccbb213263836e7b944705e06202d779a3ac5',297,1,'focus','[]',0,'2023-09-27 22:10:06','2023-09-27 22:10:06','2024-09-27 22:10:06'),('61730597520a7c8cbf62faa4953c5fd72a5a3d938824083d75549c9dfe4f7d3fbd31d24717c39489',3,1,'mazraa','[]',0,'2022-06-23 07:39:54','2022-06-23 07:39:54','2023-06-23 09:39:54'),('61ba01f81b02c260fc45ccd1e84d01fc9eda1929515642f823fd557a234f096c14396848749fbc31',377,1,'focus','[]',0,'2024-06-12 22:51:43','2024-06-12 22:51:43','2025-06-13 00:51:43'),('62004ffcc7afeb9c7797e936ac9f614ecdec5793e69bcde83318e901805a91be63041feeb4a6154a',98,1,'focus','[]',0,'2023-02-21 07:40:53','2023-02-21 07:40:53','2024-02-21 09:40:53'),('620b1882e187621ce2aa80e128b49daa36de7e97b98c0f6eab0524fd13bf2d3734ce0698e2b5a7be',46,1,'mazraa','[]',0,'2022-06-23 09:57:14','2022-06-23 09:57:14','2023-06-23 11:57:14'),('621642b3cc012d21e15ddff01fc3ae5c39ba9751611af8ec71e2c21416f5b3cfdd47736cf748ca7b',254,1,'focus','[]',0,'2023-07-06 16:56:07','2023-07-06 16:56:07','2024-07-06 19:56:07'),('6229c3bc858c941ff6040291190168e12717681ea599c1537da70e20e7733fa8688cbf7b2f67023a',6,1,'mazraa','[]',0,'2022-06-22 10:14:57','2022-06-22 10:14:57','2023-06-22 12:14:57'),('626cec7d8e5f4ce998443033f74dc1f353f2fe109ff86185c55666a16caa9afbae2f366f3b264ad8',177,1,'focus','[]',0,'2023-04-19 06:30:22','2023-04-19 06:30:22','2024-04-19 08:30:22'),('62fad415f9d41597e55b751522a83e2ee8271d41f31b98b52d4d3e40d3f4449ea56dfd9208111ec4',11,1,'mazraa','[]',0,'2022-06-23 07:59:13','2022-06-23 07:59:13','2023-06-23 09:59:13'),('6303f033221d9e101fe04407c7737c8db2d3e176b6ebd8196f5acbb5f6c82e899949957273221f44',215,1,'focus','[]',0,'2023-05-19 20:00:43','2023-05-19 20:00:43','2024-05-19 23:00:43'),('630fd68361edad391ade3679ca0955213e39d269a8b9b4be87b9077b08f248c10abb135e7e68d70d',151,1,'focus','[]',0,'2023-04-11 11:48:45','2023-04-11 11:48:45','2024-04-11 13:48:45'),('634257169214a9ee3e618c7108217cd5f1b3227fcc4b04e6e7ba9ab8c6b080c2ddcc570b2dcc432c',11,1,'mazraa','[]',0,'2022-06-23 08:03:43','2022-06-23 08:03:43','2023-06-23 10:03:43'),('634fda007f57eda1e127dc9f12d71b0d53bd4ba80ae308d1f25ea9149df6339cf3e4d1f454b8368d',154,1,'focus','[]',0,'2023-07-04 08:50:21','2023-07-04 08:50:21','2024-07-04 11:50:21'),('636eb14c6ee27756ac8aad10924484001a7c67e13ff5cb1ce027742c0b66d4a1626f4b6a9b300290',169,1,'focus','[]',0,'2023-04-16 20:40:35','2023-04-16 20:40:35','2024-04-16 22:40:35'),('63bf70975797a9dc3017ac03d847a42b491d4a2db171db366412ba7fb32e6d6deb9109c7df53617f',148,1,'focus','[]',0,'2023-04-11 20:22:30','2023-04-11 20:22:30','2024-04-11 22:22:30'),('63e7e2a360a13712467efe2f5636eadf287822e530d1639f39c6ec1190c890010d019852f9cf28c3',116,1,'focus','[]',0,'2023-04-05 09:34:14','2023-04-05 09:34:14','2024-04-05 11:34:14'),('63f45eb69358a65ef19ebe479dbe336959f8ed69180a3b9f21c3288d7b09e4df60e1d258cb60bdf8',410,1,'focus','[]',0,'2024-06-24 13:53:16','2024-06-24 13:53:16','2025-06-24 15:53:16'),('63fcc46de8c249bd33d8179690555785eb0e0c7c6154b1e23984c74d9900d75f95da3fe9cc27d5c0',139,1,'focus','[]',0,'2023-04-09 10:44:29','2023-04-09 10:44:29','2024-04-09 12:44:29'),('6430bd1bce32be86a87cb055a21b5a32dfe46f2bdac0b336d6a6cf919310f34b4c40b460fb2c6fa1',41,1,'mazraa','[]',0,'2022-06-23 09:17:00','2022-06-23 09:17:00','2023-06-23 11:17:00'),('645308937e1ecd865e196d48d6ff82d96295fa259b96dd067a79c7ff0d51f357152238896a71f61d',311,1,'focus','[]',0,'2023-10-18 12:11:50','2023-10-18 12:11:50','2024-10-18 12:11:50'),('6456ab8bfab5d0d9e45580ed1e9ead04e06a3fe7e15119a9d244559c0fc61c97c812aadb63afa765',96,1,'focus','[]',0,'2023-02-18 20:36:26','2023-02-18 20:36:26','2024-02-18 22:36:26'),('6480b402a29bb2f861c2b4427dc86086b3ffbe3de7167b2f4e347fc566f9b19fbf4097ed21343386',97,1,'focus','[]',0,'2023-02-20 11:46:02','2023-02-20 11:46:02','2024-02-20 13:46:02'),('64e40f6d9728d394502965d849f5e5ecede07af4d4323b522fd7994095e5c054c48e89177d9fef70',116,1,'focus','[]',0,'2023-03-21 19:39:58','2023-03-21 19:39:58','2024-03-21 21:39:58'),('64f8adb95a71905681a4ee0bc4e910edbc5d231e51974f4f0e7e67ff88d5de40e2b752943422bb36',97,1,'focus','[]',0,'2023-02-19 19:28:59','2023-02-19 19:28:59','2024-02-19 21:28:59'),('65781259835ee4adc4bae240a5b5898aafae603922ff49a609302bd002c8167ec5d0c38e9923306b',270,1,'focus','[]',0,'2023-08-07 05:51:54','2023-08-07 05:51:54','2024-08-07 08:51:54'),('65c266014c4aab09694bf055ce7c8d9bb4ebbc08036abfa77e165baf8225edb19622147b4397d412',328,1,'focus','[]',0,'2023-11-25 17:12:59','2023-11-25 17:12:59','2024-11-25 17:12:59'),('65d9143931c1314970e4804f51f6aab11abf99aaccab5b69d90a61b8b3d682d926d3026555295278',160,1,'focus','[]',0,'2023-04-14 02:44:45','2023-04-14 02:44:45','2024-04-14 04:44:45'),('65e36ca8fbd4e4a41b6699f5c3d16992ea9ad36d98a1868ee0d59263590be6e4eda270c82df018b3',8,1,'mazraa','[]',0,'2022-06-22 10:16:50','2022-06-22 10:16:50','2023-06-22 12:16:50'),('65e66a0a28ccf9f3d82ec75d46f9d3be45609819495558ec71665d41c2afb98cbe40784e6c1bec4d',304,1,'focus','[]',0,'2023-10-11 00:11:54','2023-10-11 00:11:54','2024-10-11 00:11:54'),('663dc5c36f941846187d41e295ef8c17aec60fd8acf948712a086684cb5baea1ad74b5aac49504d9',77,1,'mazraa','[]',0,'2022-09-29 06:34:43','2022-09-29 06:34:43','2023-09-29 08:34:43'),('6667834b44a4745d20cd35f32b4c848b30624133098f0fc6640759242e7fbf4a17327f8e31666b2f',420,1,'focus','[]',0,'2024-11-13 01:28:09','2024-11-13 01:28:09','2025-11-13 01:28:09'),('66f0a04ca753a6b4fcbd2424a4c515d16d9ac1aab1a43134b7521b5b47873161b0fa539d47041574',256,1,'focus','[]',0,'2023-07-12 16:00:43','2023-07-12 16:00:43','2024-07-12 19:00:43'),('671e53caf9c14fd4f8927dfc92e88a5b7f4f4744268aae7e033606a3f285fc2e0c6ed6349db630e1',143,1,'focus','[]',0,'2024-02-18 23:07:59','2024-02-18 23:07:59','2025-02-18 23:07:59'),('672d430f6c2d2186a354716daa46495e47ec37d693209a1555129e5ce8ea77bfef0e75b83d194f94',297,1,'focus','[]',0,'2023-09-27 22:05:47','2023-09-27 22:05:47','2024-09-27 22:05:47'),('67ac442fe69065c5a3b317d57443c38f7b70d8753a469608068c159d051ff18b79df17b1326367f3',358,1,'focus','[]',0,'2024-04-27 13:37:35','2024-04-27 13:37:35','2025-04-27 13:37:35'),('67bbc35f2ae92a5f9436020369fb6ea6a62e4c8191de6c6c59bb52dc05c16038ee026be5e244cabc',399,1,'mshroee','[]',0,'2024-05-27 16:26:13','2024-05-27 16:26:13','2025-05-27 16:26:13'),('67c134fe3eb21966061598e02a8ed18c592e99bf82dd52a375f2c417ba8882ddb2cd79d270a75491',73,1,'mazraa','[]',0,'2022-11-08 06:55:19','2022-11-08 06:55:19','2023-11-08 08:55:19'),('67f92f44e20eceec34b5bcbf0417c701c2250337c2092d462839905793b79dafc6db958009cdb706',293,1,'focus','[]',0,'2023-09-21 09:30:48','2023-09-21 09:30:48','2024-09-21 09:30:48'),('67faf3b935f19729c3069b3daa73cc2d7c0e74e58b5d6c6d039db6c5670aaa30ae9f8a1ae96cdded',1,1,'focus','[]',0,'2024-02-18 11:27:17','2024-02-18 11:27:17','2025-02-18 11:27:17'),('68ac7b7a7f2067a68fedd88e6b9441cb556edd9921f5f9e965f36dbd2b49cbd7ca27c9f94d64ea1e',440,1,'focus','[]',0,'2024-12-05 05:51:51','2024-12-05 05:51:51','2025-12-05 05:51:51'),('68b174d7ad53b4911c43e4d338faf56e9a07ea9f5204816db2a9f61d720cfd62ddc8c512f1b8de5e',420,1,'focus','[]',0,'2024-11-13 13:55:43','2024-11-13 13:55:43','2025-11-13 13:55:43'),('68da0ef2f4e2f073657d910feb127314e3936730a3bd9a85c43e2c32ed113f4a79cef6e7838c51fe',115,1,'focus','[]',0,'2023-03-07 05:36:56','2023-03-07 05:36:56','2024-03-07 07:36:56'),('691a1b6c1e231ddf2725906bb317837712a9f0d1ca2141af315a185419a9779d3bb4c014a56c33ec',209,1,'focus','[]',0,'2023-05-07 06:00:37','2023-05-07 06:00:37','2024-05-07 09:00:37'),('692534cb1eb1db84874a5966eaa4db5be58b15e2501cd25d85b67656850ee5963988e22ddc56b4f2',345,1,'focus','[]',0,'2024-04-03 12:43:01','2024-04-03 12:43:01','2025-04-03 12:43:01'),('694a2fabdefb8db1e93c51626dc2cfee7e4cf3aed64d32b8ba7f0330861f3daaf88cc053af17ba80',398,1,'mshroee','[]',0,'2024-05-27 16:23:33','2024-05-27 16:23:33','2025-05-27 16:23:33'),('697156982a655f97c022a04b22e816d817bded0f478bbffc266516eaebfa4ba0bc75c01b7b10caaf',410,1,'mshroee','[]',0,'2024-06-24 12:40:40','2024-06-24 12:40:40','2025-06-24 14:40:40'),('6981b883e2c80c53faf22351907cb9635577dba3a8910595df6dc72fae5b5550ca49594210eb2134',81,1,'gold','[]',0,'2022-10-29 08:32:25','2022-10-29 08:32:25','2023-10-29 10:32:25'),('69ade6e956e13ebfd45f381b0c2277cac080981ec58c5bb0b00548819c51c7da219bf98d7f445990',73,1,'mazraa','[]',0,'2022-09-29 06:22:05','2022-09-29 06:22:05','2023-09-29 08:22:05'),('69d10798d3ef5ea9dbb4e71f3d93855116f48e7cb51f329c4ca6c582b0845479014476c48e6e8885',152,1,'focus','[]',0,'2023-04-12 07:38:50','2023-04-12 07:38:50','2024-04-12 09:38:50'),('6a504b10280b61cedba456bd91eaf8502f80f88dea9d01c9ca6fa880676e7324e353b4a91bb863f7',87,1,'focus','[]',0,'2023-02-17 09:09:24','2023-02-17 09:09:24','2024-02-17 11:09:24'),('6b172c98b143bd96a374e7f7875622e23e6d3fd5ce95dae25f25edbab21b5d24713e8559f83fecd5',151,1,'focus','[]',0,'2023-04-11 12:02:39','2023-04-11 12:02:39','2024-04-11 14:02:39'),('6b97345138105177a4ad946c0a9b663606ce048e4eb79c54333f7a3fff2caedc93ddead7c69ce7e3',252,1,'focus','[]',0,'2023-07-05 16:29:40','2023-07-05 16:29:40','2024-07-05 19:29:40'),('6b9e68090deb41640f40dc29c14b14a5adf699b38bb17abce7dd3b11c89c72d3a5c9d4e69fa8a6b6',185,1,'focus','[]',0,'2023-04-20 18:05:29','2023-04-20 18:05:29','2024-04-20 20:05:29'),('6be62cd15467e0bfa28b76de815d54c09538af1e76125775200879c8062d69205cbc989922432063',142,1,'focus','[]',0,'2023-04-09 18:11:11','2023-04-09 18:11:11','2024-04-09 20:11:11'),('6c1fd3a4e8e7d0f1101e9a75069612b8c53ec80480cf157a3a8a2f810f9308e84ebf0d429c72923d',73,1,'mazraa','[]',0,'2022-11-03 05:56:29','2022-11-03 05:56:29','2023-11-03 07:56:29'),('6c24a85b1a8cf730502f38031cbd9caecc27902d483a4c4f334d914e3f5c7452ae7983e1e36827cb',345,1,'focus','[]',0,'2024-05-07 22:48:25','2024-05-07 22:48:25','2025-05-07 22:48:25'),('6c3aac4e21d7f4c91cbfb898ce2d006bc9d651e0a62098849937fcee934713fb6748060545e2edca',112,1,'focus','[]',0,'2023-03-02 11:57:39','2023-03-02 11:57:39','2024-03-02 13:57:39'),('6c83eac32739fc99627c59527300de2e42745f94de74581435b7091a5fdd04b2a2eccc469d1486db',238,1,'focus','[]',0,'2023-06-21 17:00:00','2023-06-21 17:00:00','2024-06-21 20:00:00'),('6ce088a577be4dd35c05ad5b71dd155a46c4001dbfe7cc45437ea39d6b2051f92687c32a2c9eb111',234,1,'focus','[]',0,'2023-06-12 08:22:30','2023-06-12 08:22:30','2024-06-12 11:22:30'),('6cf34ac833dd549466f3df96206d63c5d479d8138ee99621310d39eccdea80fd27ee5183c41b26f1',190,1,'focus','[]',0,'2023-04-21 22:51:09','2023-04-21 22:51:09','2024-04-22 00:51:09'),('6d88a468c297db632ef9185132bfa752f7def67d9aa28c53f16cb4e56592851b5e9320a0127ea952',420,1,'focus','[]',0,'2024-11-19 13:36:03','2024-11-19 13:36:03','2025-11-19 13:36:03'),('6dc0023eea304930b00907f15cbb504239a33e0637cb4d83505bda91dc9c6980841425486b02d5e4',185,1,'focus','[]',0,'2023-04-20 18:05:38','2023-04-20 18:05:38','2024-04-20 20:05:38'),('6e0f2e79b97ec5c940bf508af17fd66255da759ab13cc6cef0a9109d01c2a66fc3847f605786430d',1,1,'focus','[]',0,'2024-05-05 13:06:15','2024-05-05 13:06:15','2025-05-05 13:06:15'),('6e3d09222af3f05b71a9297adc79f77fdfb18a28bcec3fd103bb00f477bb29d13a1063be39b0d221',377,1,'focus','[]',0,'2024-10-29 16:06:08','2024-10-29 16:06:08','2025-10-29 16:06:08'),('6e5efeb1122e035d0d82129c31d65a7c601f921b193a39f9eecd7fbdac1337cf5c14c5d566c97864',45,1,'mazraa','[]',0,'2022-06-23 09:55:42','2022-06-23 09:55:42','2023-06-23 11:55:42'),('6e85b96471942e02333a31b793bd29a376d917a8170f0c2f7f3d6125716ab2d598559985df11f3bb',299,1,'focus','[]',0,'2023-10-03 11:48:49','2023-10-03 11:48:49','2024-10-03 11:48:49'),('6e8c8dd168ceac346ebf77af8d3c40d363bba6bd394e99ed5056a54ad4bf9dda0cadaf69d594bb40',221,1,'focus','[]',0,'2023-05-25 14:12:22','2023-05-25 14:12:22','2024-05-25 17:12:22'),('6e9f5d4e1edac8302ca63ee9fa99d27a6e361ad20a0909bd117ca8ea937dd98df67fe740e7304315',115,1,'focus','[]',0,'2023-03-19 07:04:05','2023-03-19 07:04:05','2024-03-19 09:04:05'),('6ec5997d624a8a41102759565a739105c359bf129228e98b3c4c058a4fd3f1238795fabfa5b103ef',107,1,'focus','[]',0,'2023-02-28 06:00:21','2023-02-28 06:00:21','2024-02-28 08:00:21'),('6f0096f4a5f82ad896b6dd611861f20f00cf455d8462ee5fa83d438716b51d0cd10c0407d1a7c38f',224,1,'focus','[]',0,'2023-05-26 15:15:44','2023-05-26 15:15:44','2024-05-26 18:15:44'),('6f14c23511a54509c94792ab73024b8b3f569f8d81e7761d5c4bc24ec228995503580b38afbd9480',97,1,'focus','[]',0,'2023-02-19 19:24:07','2023-02-19 19:24:07','2024-02-19 21:24:07'),('6f49a58c26223a65a8e1f9c6e70362d58dd555283399f0bcec70114ee275ddac419e2972a86e52db',410,1,'focus','[]',0,'2024-06-26 09:53:36','2024-06-26 09:53:36','2025-06-26 11:53:36'),('6fb483981184a15b20ac5027e8bbd2c8e2a588381b0886494fe89f23f06290e211302a2609cc9790',196,1,'focus','[]',0,'2023-04-26 01:30:50','2023-04-26 01:30:50','2024-04-26 03:30:50'),('70203e9b74b3b6f57381e20da9b6918d5bf5a7908d88da413db5b07793199b77c1f5861dd8508cbb',425,1,'focus','[]',0,'2024-10-04 22:19:45','2024-10-04 22:19:45','2025-10-04 22:19:45'),('704a9f6a2e69d81b89265af6b3200236a1d753351b29b8f6c6898b0a2a460b6c985ca34ec0256b86',159,1,'focus','[]',0,'2023-04-13 10:10:06','2023-04-13 10:10:06','2024-04-13 12:10:06'),('706cd18f866f7a93464bae738cd186106499c5269e0d3b16fbc5d410209a90aee07e08d1047bf96e',97,1,'focus','[]',0,'2023-02-19 09:37:47','2023-02-19 09:37:47','2024-02-19 11:37:47'),('71be551daa485908fb86a5b9b87e4827e64664319a1efa76311e7285195555c14bcbd1e162033164',167,1,'focus','[]',0,'2023-04-16 18:47:35','2023-04-16 18:47:35','2024-04-16 20:47:35'),('71f0e0a1ce44a15f213716f13278835690ce7c05f6f2fec373681222aa45350fe6fecc8b13984023',69,1,'mazraa','[]',0,'2022-07-05 12:13:21','2022-07-05 12:13:21','2023-07-05 14:13:21'),('72119bc14b1544dc2ddacedc407ada2b7483b9ad4b5fdfee02fa583a33d8fdec0876916ab5c161a1',345,1,'focus','[]',0,'2024-05-05 16:49:07','2024-05-05 16:49:07','2025-05-05 16:49:07'),('72373d8ffb99087824fa06e0954f11c47fdd98cf1285a2f670fe246621d9b6e522d512ff1b5fa454',353,1,'focus','[]',0,'2024-05-05 16:58:05','2024-05-05 16:58:05','2025-05-05 16:58:05'),('7269ff9f5dfde3e73344d23604ca70711e7e263ac03eec9ebf5b01ffcbcdfcdbb1b5ccca07e17d27',151,1,'focus','[]',0,'2023-04-11 11:48:55','2023-04-11 11:48:55','2024-04-11 13:48:55'),('729419eb28a83848e803426c2986e11567c8b4d97bee99604b1e09063c2bf72a751eea0e2d3fe52f',281,1,'focus','[]',0,'2023-08-23 21:37:25','2023-08-23 21:37:25','2024-08-24 00:37:25'),('72dc474c964ebd6a8b8a8b56fcfb8b0c886fab4b8c1e5054ef29a07d97cfab661bf62f7ddd01bdd7',40,1,'mazraa','[]',0,'2022-06-23 09:14:24','2022-06-23 09:14:24','2023-06-23 11:14:24'),('72efd3605fbb65b3cd95a83f290bd24cef4b4f98de92659c7e8f4e7608135db595ed63cda760f357',198,1,'focus','[]',0,'2023-04-29 10:14:21','2023-04-29 10:14:21','2024-04-29 13:14:21'),('7393a3be7ca3749e18874522ba5fa374faa06221fcd99944f370e80c37f138c38304595532d5b735',115,1,'focus','[]',0,'2023-04-05 11:55:36','2023-04-05 11:55:36','2024-04-05 13:55:36'),('73f45aea1d9fc96d1a3fe2f880692e40233a0cfcbc2ce9512f9e632cd9159a63a8318c5f3ad05dc5',108,1,'focus','[]',0,'2023-03-02 11:26:57','2023-03-02 11:26:57','2024-03-02 13:26:57'),('742710179dc700ce742329f1651f3c04c3628b60df6d3161fa62add4d9640e4e36e194c4be6161eb',414,1,'focus','[]',0,'2024-07-01 20:35:04','2024-07-01 20:35:04','2025-07-01 22:35:04'),('7479a88de2ea79b21f0ff707a1ad137b884a4a5ab97bde2b8470bdade041f79416d33a018fed8137',143,1,'focus','[]',0,'2024-02-18 23:04:58','2024-02-18 23:04:58','2025-02-18 23:04:58'),('74820b06c6d5c0106129023b7371f049a549f86a64ef45d890df30afbf5a7bceccd7265fec37e1ad',119,1,'focus','[]',0,'2023-04-09 08:43:21','2023-04-09 08:43:21','2024-04-09 10:43:21'),('74a8a1af5cf00c216d57c479080f33abd84292f6ae493c205cc045939993c114370435bf84406775',11,1,'mazraa','[]',0,'2022-06-23 08:03:06','2022-06-23 08:03:06','2023-06-23 10:03:06'),('74beba4982b57b86b890ce1a934cb4f8dc67812d0e16036a295de15630f3aaa3d188cefbb1e6e622',351,1,'focus','[]',0,'2024-04-27 12:52:53','2024-04-27 12:52:53','2025-04-27 12:52:53'),('74f87b871fd11555c0792e02740cffb22523813a11a23e317a5266005a4e2a7fbac8c87147d5c751',81,1,'gold','[]',0,'2022-10-31 10:05:12','2022-10-31 10:05:12','2023-10-31 12:05:12'),('7579e8a9d289093a5e8d2e23a73abbf722ba1df5f064a4cd2e96f0f5a53061b187c124005470f8ec',412,1,'focus','[]',0,'2024-07-02 21:19:36','2024-07-02 21:19:36','2025-07-02 23:19:36'),('75ae38d1a1da07a9cf4abc5f38f502a9b3eed760efad3826572dd4b93d843b887434fcd11bdf233b',123,1,'focus','[]',0,'2023-04-09 09:34:58','2023-04-09 09:34:58','2024-04-09 11:34:58'),('75b687abe73588e1c61ae5c096e6c438fe3c61f439032bcb5852b341548c45ef56a3258811a39582',148,1,'focus','[]',0,'2023-04-13 01:53:29','2023-04-13 01:53:29','2024-04-13 03:53:29'),('75e88b8ec95df0dd050e79305ca75b356cdc1f273d607e45690ed4692980f9eab9d28908f84dcfb3',200,1,'focus','[]',0,'2023-04-30 03:30:31','2023-04-30 03:30:31','2024-04-30 06:30:31'),('75f393de7da16003334b8e2b3c6ea74a9afc45b2c089df47046fc062330b03deadfbad66dc349025',63,1,'mazraa','[]',0,'2022-07-02 09:09:22','2022-07-02 09:09:22','2023-07-02 11:09:22'),('76424f32895c455211d1751b2b857ff3a37c7e02951d7ee8734a834e29bfd0d673c41a4c5ecec856',172,1,'focus','[]',0,'2023-04-17 22:28:07','2023-04-17 22:28:07','2024-04-18 00:28:07'),('7647fab9472415846e36e77f827c9d7442d1bd34aa8948b05dab962659a8fe15edd6f972c9109ea2',98,1,'focus','[]',0,'2023-02-21 09:56:36','2023-02-21 09:56:36','2024-02-21 11:56:36'),('766696083d78f5e47f7b44a5f287bc8f26d01d22690cbbd1f084e4f731c443002e666cd3b4c19c26',73,1,'mazraa','[]',0,'2022-11-19 14:05:21','2022-11-19 14:05:21','2023-11-19 16:05:21'),('7676f2278a9501d11708fc3e7f702ff2f341a30044ae6f43f428bfd871691ad3a6c4636c441f46cf',377,1,'focus','[]',0,'2024-06-22 22:30:12','2024-06-22 22:30:12','2025-06-23 00:30:12'),('767aaab47e737cd0fe09eea4fce97dbc9f9f38256abc02bc4de10fa9166fbb687430588134463e8f',351,1,'focus','[]',0,'2024-04-27 12:16:07','2024-04-27 12:16:07','2025-04-27 12:16:07'),('767de6540e205edcb229df6a36290d9cd285383d31b8dff38df494bf6f37e5b6b138d468d9f2e9e1',403,1,'focus','[]',0,'2024-06-26 10:31:19','2024-06-26 10:31:19','2025-06-26 12:31:19'),('76b1528a17a6be05f8924083572926ee0fe425fb0ca4f8f6652637c9dae94ad3eed0fada5093fe96',353,1,'focus','[]',0,'2024-05-07 13:08:31','2024-05-07 13:08:31','2025-05-07 13:08:31'),('76b6411d874ddd251c4a4e0b2669f966b2f9939e3573b8d3950341362fae17baa59c7e573bd8f2c4',97,1,'focus','[]',0,'2023-02-19 09:42:30','2023-02-19 09:42:30','2024-02-19 11:42:30'),('76b64288f8f5999f80c4e02daa406f4011888003f75e60beed0575b5b9feaf46a0651a8cfbb73212',386,1,'focus','[]',0,'2024-05-26 17:14:04','2024-05-26 17:14:04','2025-05-26 17:14:04'),('76c0baaa287d08bc7d56d1fbf6769b6542120628c6a4b549234af73aa86a9298fc2de3e72f2f37a5',116,1,'focus','[]',0,'2023-03-07 10:12:42','2023-03-07 10:12:42','2024-03-07 12:12:42'),('774d3dc4c954eb8db3c9df35007210693fd2d9ac4167878f3b1e7c282622d982cb108744e84da9cb',253,1,'focus','[]',0,'2023-07-05 17:07:56','2023-07-05 17:07:56','2024-07-05 20:07:56'),('778e9079db1ede7079fea70eea87ddd64eb24d158604ce13703007458b1f8b5c3e4209326fde7d92',420,1,'focus','[]',0,'2024-11-19 16:14:34','2024-11-19 16:14:34','2025-11-19 16:14:34'),('77e4d12850185832ef7fcaab300adea1178f72a0c80eba332a19779cd0ab3fa51399dd919d8b6b69',345,1,'focus','[]',0,'2024-04-03 11:23:56','2024-04-03 11:23:56','2025-04-03 11:23:56'),('77e57792a274df20cf518d3e05cf60166a39ea5be402928d3f568841e49ab15d5ddf64d984f8eac9',115,1,'focus','[]',0,'2023-03-30 16:04:48','2023-03-30 16:04:48','2024-03-30 18:04:48'),('77ef0e22d9a12381af091629e463249ed4fe8737bd721a5b7a29db3df287b47a4a5e44bbaa194db1',116,1,'focus','[]',0,'2023-04-06 13:03:06','2023-04-06 13:03:06','2024-04-06 15:03:06'),('7814c5a712a55d00591c9c8e4dceb7f01293a1f76817c2a9891156567746dc7044aa9376276c78c0',98,1,'focus','[]',0,'2023-02-25 17:59:57','2023-02-25 17:59:57','2024-02-25 19:59:57'),('7953ca7b0c68634b68714acf9af4e54efdfd50719bff95586566259977ba8affb681fa0ffc3d8d69',421,1,'focus','[]',0,'2024-10-04 22:09:26','2024-10-04 22:09:26','2025-10-04 22:09:26'),('7959cb7fda61e86c6dba7085b6162803f7bd58aae9009eb059a2c5d3085701349d16e02734e5b5eb',73,1,'mazraa','[]',0,'2022-11-03 04:45:35','2022-11-03 04:45:35','2023-11-03 06:45:35'),('79d9e5d3e2fc8612d9c034437f8b7bc29fea86442cc1afcb7542a90025f7c7726c4a0694f1552eec',338,1,'focus','[]',0,'2024-02-22 00:20:12','2024-02-22 00:20:12','2025-02-22 00:20:12'),('79e631be82ab74512e6eff5e3cead48fffe6d6f8862fb4c4b401758f0054c702b24470d4b331e76f',153,1,'focus','[]',0,'2023-04-13 11:06:32','2023-04-13 11:06:32','2024-04-13 13:06:32'),('7a0ea66d1d3b55397daa622012089abdf1d12fa1ed2852bd69c2317d8dc00cef79d808e767773e94',73,1,'mazraa','[]',0,'2022-11-09 08:57:22','2022-11-09 08:57:22','2023-11-09 10:57:22'),('7a4c5040c7f32efe4fe3d4ef4f8f58bebc9e68f6f383a5646c519bda6d4af3e73891298737d1e652',11,1,'mazraa','[]',0,'2022-06-23 08:04:16','2022-06-23 08:04:16','2023-06-23 10:04:16'),('7a55c9849dfc03134ab40c41632370ca02df563630adc4e95d31477ea6d23627a7edb8a8d4047eb7',73,1,'mazraa','[]',0,'2022-11-17 07:00:45','2022-11-17 07:00:45','2023-11-17 09:00:45'),('7a56a8dfb288cd39e15bb7cfe9f5deac18bc4008f839cfb861a22c7240ba9e18af4b5b233bd1e6ac',155,1,'focus','[]',0,'2023-04-13 16:58:00','2023-04-13 16:58:00','2024-04-13 18:58:00'),('7adffca4b3db8fe87850f5c7a6abd74f4cff57d403fef4bb0f44b185962fb15f6d4e998b17cc123d',403,1,'focus','[]',0,'2024-06-29 20:57:12','2024-06-29 20:57:12','2025-06-29 22:57:12'),('7b3f740692d848a073a10fb29fd8e5570e9362511f002a2dcee2142e8b6cc3dd0538a00120f8c19a',141,1,'focus','[]',0,'2023-04-09 16:40:03','2023-04-09 16:40:03','2024-04-09 18:40:03'),('7b7662b4e17711ac5cb85f9a7ceef05885fb6a6993dbb76ec286b3b7ed815eb1902bd90325bce6e7',412,1,'focus','[]',0,'2024-11-19 17:31:16','2024-11-19 17:31:16','2025-11-19 17:31:16'),('7b7e45cfbe40165d8189c660d5b392505f4957aeca748b1be74bd38c69bbcdd06ae97a4df005e613',319,1,'focus','[]',0,'2023-11-05 20:18:18','2023-11-05 20:18:18','2024-11-05 20:18:18'),('7be7be950e48efc9204f787bd1a7c52f6813e410d3c0ec9649f80ed9c497efb2d716c98ce1338252',130,1,'focus','[]',0,'2023-04-09 10:02:07','2023-04-09 10:02:07','2024-04-09 12:02:07'),('7c20aaea510d27f95363d6a2b7436cda8d2a4c5b59750e4932470b758d461eede3b35a09a5eef12b',315,1,'focus','[]',0,'2023-10-28 01:32:21','2023-10-28 01:32:21','2024-10-28 01:32:21'),('7c6fc498767643804a4bb9b1e23594739709d6f043466145a284a0531655a4ad11bc058bd8474f2b',73,1,'mazraa','[]',0,'2022-11-19 15:45:09','2022-11-19 15:45:09','2023-11-19 17:45:09'),('7ca1680a3f84e571933ffc3053766231bbb20e64f9391f84c0e28b2f7dd2d78c24e682af3a0e0a11',353,1,'focus','[]',0,'2024-05-01 15:46:43','2024-05-01 15:46:43','2025-05-01 15:46:43'),('7cc23655a47dea76dd80f6ea3fe08ef24e0f67ef48292c45a07bca3ce1332cf43a6b799025ec3b0a',271,1,'focus','[]',0,'2023-08-07 17:21:09','2023-08-07 17:21:09','2024-08-07 20:21:09'),('7cc89a73d46ec66796315fec0231d40c5087d87186ecbbd8181dd33c2160400653c326feae829e10',115,1,'focus','[]',0,'2023-03-17 07:31:11','2023-03-17 07:31:11','2024-03-17 09:31:11'),('7ce0030a88a9cc88e4be9908a8da82b12e0427467f7172c186215e2e8786e5a8518df4a630bdd6bd',45,1,'mazraa','[]',0,'2022-06-23 10:21:08','2022-06-23 10:21:08','2023-06-23 12:21:08'),('7d0be8f80ad9af1d23c2bd19c5f50b790bb48e5070943a6483e42e5bfb4c745ac501a35abce379d5',9,1,'mazraa','[]',0,'2022-06-27 10:01:18','2022-06-27 10:01:18','2023-06-27 12:01:18'),('7da649791e5a534ddb6ea6f0cd3b2a987c9e08a834bfab5b05c3ac74a51d1cd5cfa0022d416e7ad8',207,1,'focus','[]',0,'2023-05-04 11:01:10','2023-05-04 11:01:10','2024-05-04 14:01:10'),('7de4b75062e3e35047704eaea4a39e72a05d5124274f97bbf98f15c9018da83e93ce7689a890f34e',71,1,'mazraa','[]',0,'2022-07-06 11:21:10','2022-07-06 11:21:10','2023-07-06 13:21:10'),('7e1227419e77a15293018634dff66508761828c7774036127c701116dfe1fb50c8003a2a9bc1bede',345,1,'focus','[]',0,'2024-04-30 15:12:11','2024-04-30 15:12:11','2025-04-30 15:12:11'),('7e3e13e7504b28e1a67a3abfbaa4667fc84d9d3b0b377b706c53642a496f5e94b4d54d56f0777bb5',97,1,'focus','[]',0,'2023-02-19 13:12:57','2023-02-19 13:12:57','2024-02-19 15:12:57'),('7e91e0821e3e249c04f1cfd9a9133d557f6fe012571bd2b1cda73fedf2d1fc9e7039456345818d3b',94,1,'focus','[]',0,'2023-02-18 19:16:02','2023-02-18 19:16:02','2024-02-18 21:16:02'),('7ebcbb08879681242f2467d30cacf327441b2eea6e489b1f2001632863149f1ce0806cf6f6185c2e',182,1,'focus','[]',0,'2023-04-20 13:53:53','2023-04-20 13:53:53','2024-04-20 15:53:53'),('7ee5e381d31a22198d431c15eaeef6ac5d761a20a315551f0745d623d8637f0f965bd6e27f1444bb',11,1,'mazraa','[]',0,'2022-06-23 08:04:39','2022-06-23 08:04:39','2023-06-23 10:04:39'),('7f2aa5a6c3a014c72905161bf2c3d09dfde1cc01a5cc5a8605ae02559a1cf2b3abe9f5da0f0b6baf',314,1,'focus','[]',0,'2023-10-27 18:06:11','2023-10-27 18:06:11','2024-10-27 18:06:11'),('7f4724d99678394d63e4d2014e9012ac31df9a143317563e90621cf6e6b87c91af9c59d40c6a04d9',374,1,'mshroee','[]',0,'2024-05-12 11:47:58','2024-05-12 11:47:58','2025-05-12 11:47:58'),('7f4d3c67e6b52da4fbec6d751425df20e48a154c10d21007cb3ea468425b865f22f894ff87ec90b3',10,1,'mazraa','[]',0,'2022-06-23 06:50:53','2022-06-23 06:50:53','2023-06-23 08:50:53'),('7f8e3bf68719eeab9798c2590f3578693da7b21d13aa36c98b4206def67dfa1d178a6de14f77ece7',39,1,'mazraa','[]',0,'2022-06-23 09:03:16','2022-06-23 09:03:16','2023-06-23 11:03:16'),('7fdaa14102b9477d207c86839aef7c1a00ce3f38ac93a278aa6ed3afc135eefb3bee41bef000a6bd',71,1,'mazraa','[]',0,'2022-07-06 11:18:34','2022-07-06 11:18:34','2023-07-06 13:18:34'),('804420db0a5ee3bee90a35234cc270e5d05c8c9b4da93a4ebe8d858e598f962a3f9084e7ea843859',73,1,'mazraa','[]',0,'2022-11-02 18:18:35','2022-11-02 18:18:35','2023-11-02 20:18:35'),('80d83a9be0cf8a1f788f47152b51debb92db0d11696d131374acc6caaa7054d3c169d65cfdc1a7e6',377,1,'focus','[]',0,'2024-11-18 15:09:33','2024-11-18 15:09:33','2025-11-18 15:09:33'),('811eb6c52d1544d9396f6084e97ffc3c5e0f4f8180fa0059c7bafc324861084339168a8782c5c5e4',210,1,'focus','[]',0,'2023-05-07 15:49:08','2023-05-07 15:49:08','2024-05-07 18:49:08'),('814f0ed92b557a09b4e03aaa08ead996231cea1f9956d0df15d06ac1c6f04d7ca26f577ee07912ba',71,1,'mazraa','[]',0,'2022-07-06 09:08:58','2022-07-06 09:08:58','2023-07-06 11:08:58'),('8162027dc1f9036d88041ce8f7229a61e62e1f1f92ba0a997a68b2826cfa421c0fd136ffc5e963a1',418,1,'focus','[]',0,'2024-09-30 14:37:17','2024-09-30 14:37:17','2025-09-30 14:37:17'),('816f4cd12a0c9da8df231ad94df9aff35eb005d523ea58c692ec88f9f3e7781e13578c907dcf79fb',73,1,'mazraa','[]',0,'2022-09-28 08:51:27','2022-09-28 08:51:27','2023-09-28 10:51:27'),('817b6951a433eb24405a8fce3378cf09ef53cffd5da50b0d4b904d0e6b8ed90c6c007e0a447dc4d9',101,1,'focus','[]',0,'2023-02-27 06:01:36','2023-02-27 06:01:36','2024-02-27 08:01:36'),('81a9c93e58b6883695287f3fd47bd0fcf1f80afb9964f01e9e5d7a5cdc7676e6bd0b512b55e00aec',377,1,'focus','[]',0,'2024-06-21 19:32:42','2024-06-21 19:32:42','2025-06-21 21:32:42'),('81d05569784abec16ef430221f9f0cd2504a4e1c14707d0040ee967cba26e96821b67254ad766db9',300,1,'focus','[]',0,'2023-10-06 03:52:43','2023-10-06 03:52:43','2024-10-06 03:52:43'),('823121d2aa9d15c2f943c9264065e3eae1bcdf48ef877a66e6c9aed2dc30ad2403bdf2834decd2f5',223,1,'focus','[]',0,'2023-05-26 15:11:02','2023-05-26 15:11:02','2024-05-26 18:11:02'),('83432d11067140bf86e7ead3c0e4c75438702ec99c58ca83ae67b3221a6be084039137cca266e58d',219,1,'focus','[]',0,'2023-05-23 10:38:05','2023-05-23 10:38:05','2024-05-23 13:38:05'),('8383f4061423bfd6bf0c3eafc396c2a4299a451a5c9d42e86c6522d969033574d3d86ee78b7d1de3',71,1,'mazraa','[]',0,'2022-07-06 11:08:23','2022-07-06 11:08:23','2023-07-06 13:08:23'),('83c043c8392ec90feac3d3e4a91e519f72e53c5fc78b873fe60864333865a972251dfe1ce9257fd0',11,1,'mazraa','[]',0,'2022-06-23 08:09:29','2022-06-23 08:09:29','2023-06-23 10:09:29'),('83c1356758b884b0edde7427d9160dbc8388b9b053d4b2efc352f2975bdff94618b56b157ab42d7c',412,1,'mshroee','[]',0,'2024-06-26 10:39:19','2024-06-26 10:39:19','2025-06-26 12:39:19'),('8481030775470fea0d55ba59cec076e4851837c449e357f042f6143be79799b73a5d3a77859baa99',114,1,'focus','[]',0,'2023-03-04 20:33:47','2023-03-04 20:33:47','2024-03-04 22:33:47'),('84bd6ad3e4d0565fffaa6a8f741b4a793cd297bb4b247e367cbdc3e7420fe1af97712d9975e6b4d2',284,1,'focus','[]',0,'2023-08-28 04:10:14','2023-08-28 04:10:14','2024-08-28 07:10:14'),('851bd7cb06bf97d4775598d02d53c7c6c7f8507283203c88ae7a2b0e073ed90112f6bd9380492e65',277,1,'focus','[]',0,'2023-08-16 12:29:00','2023-08-16 12:29:00','2024-08-16 15:29:00'),('8560700c260e7c46ca3b2121d4db72a669abdb41ab22db5ced18fb859f3d247ea01c83a4b88a5e78',259,1,'focus','[]',0,'2023-07-19 11:46:04','2023-07-19 11:46:04','2024-07-19 14:46:04'),('85696d16d2c45e028c7250849b9188df96f60d024aebc09e363cd86685603dc874b2e19c4d73652d',237,1,'focus','[]',0,'2023-06-17 22:36:01','2023-06-17 22:36:01','2024-06-18 01:36:01'),('85cd5cfa8c22053a987654ef0bef00d1a834ac4798c17d904c6228c0cc40f3f2563643e99aeead93',353,1,'focus','[]',0,'2024-05-06 13:12:00','2024-05-06 13:12:00','2025-05-06 13:12:00'),('8644c101435cabf45b8b3de46a12cefcc3e7a14ec85910c11714a6c5ed39aef9fba3b3fc9235dc57',11,1,'mazraa','[]',0,'2022-06-23 08:04:54','2022-06-23 08:04:54','2023-06-23 10:04:54'),('86ec874ee215055d1bbfbafde2731e77de1c09133d8a25506dfe22b3a3ed21606eccdc2faed363cc',203,1,'focus','[]',0,'2023-04-30 16:46:21','2023-04-30 16:46:21','2024-04-30 19:46:21'),('870f24c8677362daddb5a3d30c520749120f2defa2980b477a08d4a1f3ffae9d53304ebd3108301c',307,1,'focus','[]',0,'2023-10-15 21:46:10','2023-10-15 21:46:10','2024-10-15 21:46:10'),('8750edddd3edee2cbb98324c429847d207ef7cda83113dc5a276a13152155614313631c1628de981',345,1,'focus','[]',0,'2024-05-05 16:49:49','2024-05-05 16:49:49','2025-05-05 16:49:49'),('87d33731642c19dada5685c665aed0a909334dbb82305432e0d4dc07745ac6e286e37de9dffa0ca3',184,1,'focus','[]',0,'2023-04-20 15:18:03','2023-04-20 15:18:03','2024-04-20 17:18:03'),('885069e46f7da6556f31ca4e451e17b62ef63fe3ea05e34532f81e8f9f58f9c7364eca0646a4c000',122,1,'focus','[]',0,'2023-04-09 09:33:10','2023-04-09 09:33:10','2024-04-09 11:33:10'),('896a72c11f43beac182556e84dfe1596cb203782396e2766021e0123e99a390ab9e66b2f1c9ff63a',97,1,'focus','[]',0,'2023-02-19 19:08:51','2023-02-19 19:08:51','2024-02-19 21:08:51'),('89bc91976cbc68eef1d2977178fdda99fb02cc306096f64115ea3a381d49d79c01c0cc8c81a517f3',332,1,'focus','[]',0,'2023-12-01 17:36:30','2023-12-01 17:36:30','2024-12-01 17:36:30'),('89e9764372433318aa3c6b30f1bf50fadfd852496bc17f56766975faadc35810e2f866808cff105a',197,1,'focus','[]',0,'2023-04-27 18:27:24','2023-04-27 18:27:24','2024-04-27 20:27:24'),('89ffcf36e0e1079d951f1c30db012aba029f561946c18a1608c71489cf35cbb395db4068f99dbf4f',42,1,'mazraa','[]',0,'2022-06-23 09:19:09','2022-06-23 09:19:09','2023-06-23 11:19:09'),('8a4a4ecbdbf16ca3c1a5d73854311ff90d3655430c26bd409caf83b75405be66ef1bdee9190e3131',412,1,'focus','[]',0,'2024-11-21 10:27:56','2024-11-21 10:27:56','2025-11-21 10:27:56'),('8a8247bd6ec20b5769c5ca5174cff92151577cd910e0fa614b55f63e1748cad908a684e1ab4b3c81',317,1,'focus','[]',0,'2023-11-01 11:15:34','2023-11-01 11:15:34','2024-11-01 11:15:34'),('8a96907ff5c54cc4e06237d6131425912a786480a05f81d4a5fbfed6168a13edd9ce315ff5a0c14e',317,1,'focus','[]',0,'2023-11-01 11:15:33','2023-11-01 11:15:33','2024-11-01 11:15:33'),('8a9e27fc783f7c1dda05ecafa8a7f4a82d2a67487d3c347d372cfc6aa9354b921fc499da853e3af3',43,1,'mazraa','[]',0,'2022-06-23 09:45:38','2022-06-23 09:45:38','2023-06-23 11:45:38'),('8abd7608dadc149fb2e5d2a1e7dae85bcc1f18a59591149b41aca3cfaa2dba8b8d4ea91182792a46',412,1,'focus','[]',0,'2024-06-29 11:51:00','2024-06-29 11:51:00','2025-06-29 13:51:00'),('8ac2fe5c85ade22161db3eb07cb0e4cc682a1c5a812f46bd02e2b80ea364d957247e7fbbc08f9c79',71,1,'mazraa','[]',0,'2022-07-06 11:17:07','2022-07-06 11:17:07','2023-07-06 13:17:07'),('8ae3f71bf4b28449dc54769473f0f219fab6868b4b15fc2e2a37b0ac0648b8af2abd3e5395fe2f70',403,1,'focus','[]',0,'2024-06-26 13:38:39','2024-06-26 13:38:39','2025-06-26 15:38:39'),('8af0cfb7ddd208206e1235b4afa65b66b465a0370df19b3a2acd9fd2a821d7a05ff11678edd169bc',377,1,'focus','[]',0,'2024-11-02 22:40:29','2024-11-02 22:40:29','2025-11-02 22:40:29'),('8b149c556f12cae8cbad706c813cddf0ed3f53b4dfd12555d53afb3eb67ae94ffcaa78ca15258b6e',128,1,'focus','[]',0,'2023-04-09 09:56:20','2023-04-09 09:56:20','2024-04-09 11:56:20'),('8b54d44fda71841e328649767b2d720d3c30edb629cfa03e00ade1cecb47ea05d8abbf0b28747cda',116,1,'focus','[]',0,'2023-04-09 09:39:23','2023-04-09 09:39:23','2024-04-09 11:39:23'),('8b91a3866b0ff4f297be5db31e6b4a42b6897be759f782e7a4010cefa56d179644276d9d3925b855',153,1,'focus','[]',0,'2023-08-08 07:49:40','2023-08-08 07:49:40','2024-08-08 10:49:40'),('8b9609eafad9926dd3e125664e7fa9e313792211dbb05e18cb0cadd475dc71c5e825b26db80d0194',146,1,'focus','[]',0,'2023-04-10 06:22:25','2023-04-10 06:22:25','2024-04-10 08:22:25'),('8bbce553a3cc59a21e228cf8e2546bedfba52b9a18f02788d68b6da84df9d09b5ea07c5e1dd130a7',386,1,'focus','[]',0,'2024-05-27 00:27:44','2024-05-27 00:27:44','2025-05-27 00:27:44'),('8c8720cf9900d1574020453d82936c6ba2ed9cda9f87b1c7c039b0c4ab4ef831adf91a6ac90c9b7a',73,1,'mazraa','[]',0,'2022-10-01 16:54:17','2022-10-01 16:54:17','2023-10-01 18:54:17'),('8ca33bf5c726de3d34356ef14bf32c7f5512cf851ee41296b8045b3748d65328377fb72c81502a6a',308,1,'focus','[]',0,'2023-10-16 14:18:08','2023-10-16 14:18:08','2024-10-16 14:18:08'),('8d43ff51996621f4413ea35b46ae1cc1957bf055052b7eceaa531f9b71012c3b838e4866a5ac9bec',118,1,'focus','[]',0,'2023-04-06 05:56:52','2023-04-06 05:56:52','2024-04-06 07:56:52'),('8d9654d927ea1faf9dd08d3063cd8b8e371b91ffc77d8c835bd8042635bef22c2f2256b7c1dde808',217,1,'focus','[]',0,'2023-05-21 17:14:57','2023-05-21 17:14:57','2024-05-21 20:14:57'),('8e6c192472cd12eedc2731493f1bd0741579827e5787a5049845b5b2073ae966ccde845f880e3434',81,1,'gold','[]',0,'2022-11-01 20:28:29','2022-11-01 20:28:29','2023-11-01 22:28:29'),('8e78551e73f865ea1c271c76071807ff13c3b6d7ff57db4e697b87ce774f2601deb97baf77d6ee1f',9,1,'mazraa','[]',0,'2022-10-01 08:05:53','2022-10-01 08:05:53','2023-10-01 10:05:53'),('8e7e7d3558d0fe0fe30e7a9911c4ba8a305b872ad6ac7f105cef85dae091fe8c34d6b77e143f6aa8',164,1,'focus','[]',0,'2023-04-15 13:16:20','2023-04-15 13:16:20','2024-04-15 15:16:20'),('8f05ec975dbd7e4b49c150ad8493562c46572fe5ee65d9b8ffcfedea399d99f8e96f789d7900cd74',161,1,'focus','[]',0,'2023-04-14 19:55:12','2023-04-14 19:55:12','2024-04-14 21:55:12'),('8f8ced3d7f28a210ac4b76bc7b51c29e62bfd83a5bc1332d4e1335fba726be0450d669df606e9471',310,1,'focus','[]',0,'2023-10-17 19:13:57','2023-10-17 19:13:57','2024-10-17 19:13:57'),('8fe619d1a4eaa766bb0370bf610c50f817bb0a4d686a51b678f43377bf62ec876c41a8229e93864c',97,1,'focus','[]',0,'2023-02-19 14:18:55','2023-02-19 14:18:55','2024-02-19 16:18:55'),('9055f6b0889575b337050cf6225c9962b58103e49e3fa8318dd21ecc035096e349635f3244530936',11,1,'mazraa','[]',0,'2022-06-23 08:02:30','2022-06-23 08:02:30','2023-06-23 10:02:30'),('90afe4a0e4156d1075009ea9024f02f47232580a8b775498a12c7ba854818574819379a17b3a5fcc',115,1,'focus','[]',0,'2023-03-07 14:04:51','2023-03-07 14:04:51','2024-03-07 16:04:51'),('90e7656b7dc5c107354534d6b13e846eb235f240450707720d1ae774dc122d976a8527ce1f32ffef',116,1,'focus','[]',0,'2023-04-05 11:28:00','2023-04-05 11:28:00','2024-04-05 13:28:00'),('9100400db43955e7a8d54942c360a6ec5614b534e5b80ff90ef060f52d69cd66696b3f2cd67b3bd1',251,1,'focus','[]',0,'2023-07-04 19:44:48','2023-07-04 19:44:48','2024-07-04 22:44:48'),('9102501d557340ab2b4b4d1c480d66441ece88c5ca1b5c1ffa74d8ea5d246dec2e41e2c0296bf118',148,1,'focus','[]',0,'2023-04-13 02:29:28','2023-04-13 02:29:28','2024-04-13 04:29:28'),('911a3c3d980d375f105076fc4ae3b27ccb5a22ad2f70bc575bead94f45b28ab369343d364a7205b5',97,1,'focus','[]',0,'2023-02-21 06:01:22','2023-02-21 06:01:22','2024-02-21 08:01:22'),('922726f7309c6b2ba50df0eb48372d9ef365b5f3a109861c845a036ced8b6310ec33132b988edcf1',116,1,'focus','[]',0,'2023-03-26 15:13:35','2023-03-26 15:13:35','2024-03-26 17:13:35'),('925e38b9d03cfe5972a7b3a561ad2efb8f4bbc06b45bbaa9edc463b15d3a346595ed5dc78a7a72c2',11,1,'mazraa','[]',0,'2022-06-23 08:08:51','2022-06-23 08:08:51','2023-06-23 10:08:51'),('927f61f2ec9f86dec7dd87920c3c722bf9f4cf801520b0eebc0fbecd689cb8e1c444f1ae18644657',158,1,'focus','[]',0,'2023-04-13 09:58:59','2023-04-13 09:58:59','2024-04-13 11:58:59'),('929487a7219fdd2ed398d9b9e0d1af205ef6211f28d005bf035dbb2b5f61e7f11324ec9bbe54e83a',148,1,'focus','[]',0,'2023-04-10 09:15:25','2023-04-10 09:15:25','2024-04-10 11:15:25'),('92cff3ed9bec106d6fad1058439b316abb3831940ccc1eee2c65e3e0871538ac57e7e5e87174993e',96,1,'focus','[]',0,'2023-02-18 20:08:59','2023-02-18 20:08:59','2024-02-18 22:08:59'),('9350f6d8fba0dd9216af0c0c3302f28f3b4f7b334daf57f782d5113471f14f82b8c00f49032b0105',403,1,'focus','[]',0,'2024-06-29 11:42:22','2024-06-29 11:42:22','2025-06-29 13:42:22'),('93b8472b0caee54e59f8d598cfe14eec41ee9638660743a04d5a346254a8c2a0b20b21a7114632ad',73,1,'mazraa','[]',0,'2022-09-28 08:51:05','2022-09-28 08:51:05','2023-09-28 10:51:05'),('93c4cce2355edd318970a32b67628d194331518bf30dd7c80acdcf8622381d848b06b3cb5f023c3a',425,1,'focus','[]',0,'2024-10-04 22:23:24','2024-10-04 22:23:24','2025-10-04 22:23:24'),('93e567dd0a05e4cc2beeb23ae850484417870bb3bc63e7a57fc1a4dd7d5d125efef4bf1d708139d3',73,1,'mazraa','[]',0,'2022-11-17 08:06:18','2022-11-17 08:06:18','2023-11-17 10:06:18'),('93f4d63aeb7ccb98e9aa433142ce5feb20939cadaa681be9a2b98000e810516b85fa55d02703947a',434,1,'focus','[]',0,'2024-10-27 17:56:22','2024-10-27 17:56:22','2025-10-27 17:56:22'),('94368f5badceec268f7f6e28c2443df35d2547082c1c5b6874016bab0330d9b42979eaba55ea4a1f',97,1,'focus','[]',0,'2023-02-20 11:39:44','2023-02-20 11:39:44','2024-02-20 13:39:44'),('943de390603180c8661cf7848ea31ccdcff1232fe30b952d10fbd47abb155d7838f9ee00637a26a6',313,1,'focus','[]',0,'2023-10-24 15:27:59','2023-10-24 15:27:59','2024-10-24 15:27:59'),('94a5a133c393a582a64f3fb9d9133217985e408429581cfb8892e95eafd27575715f65e7a4ba4b76',227,1,'focus','[]',0,'2023-05-29 22:41:17','2023-05-29 22:41:17','2024-05-30 01:41:17'),('94c0424544a24c1ce0107a58ca66effd995c7f88d840fa202b6de86b8d03baab20ffd881f8a3b50c',405,1,'mshroee','[]',0,'2024-05-29 10:22:51','2024-05-29 10:22:51','2025-05-29 10:22:51'),('94c7e6c34dbdc3cdbde7b925a2aa316f62036669e502c7291e2f006c4901b9ba57f307769dab3d7f',73,1,'mazraa','[]',0,'2022-11-02 18:31:27','2022-11-02 18:31:27','2023-11-02 20:31:27'),('94e8df369b8843cbcd423d6d7d03d17abc40713b919deeddcb9544eb4723a74e9af21fd91b098ea1',149,1,'focus','[]',0,'2023-04-11 05:31:56','2023-04-11 05:31:56','2024-04-11 07:31:56'),('951747c901e3fbd2683b5ccaf62e9ee8fe410b6158038329f6909afbc5217202b2f9b8cb51fe5146',151,1,'focus','[]',0,'2023-04-11 14:37:08','2023-04-11 14:37:08','2024-04-11 16:37:08'),('95aecdea35edb6fb179d5059a2b991d21c9c972babe0735c6da9f1b0a7e64e58a890f3133d1d3565',412,1,'focus','[]',0,'2024-10-08 17:00:15','2024-10-08 17:00:15','2025-10-08 17:00:15'),('95c73836c9c44c8fb71e1f5398d4cea8af6d4a2ef6bda7b369213ab53860e283d98cdd0d62100b9d',273,1,'focus','[]',0,'2023-08-12 19:27:50','2023-08-12 19:27:50','2024-08-12 22:27:50'),('968736d104eca985c17c7034d6c78175caad1a4c223151746de05d54a243614f6a19009813f67867',289,1,'focus','[]',0,'2023-09-08 17:17:20','2023-09-08 17:17:20','2024-09-08 17:17:20'),('968cc3a24ef0234649294463a545e7fde4c7dab7b8fb62ef9b203c794102310d8315bc1f21f9ed1f',98,1,'focus','[]',0,'2023-02-21 07:44:40','2023-02-21 07:44:40','2024-02-21 09:44:40'),('96cc41b97f7dc7a74a9b2be07a6a0b33a6322def37eb3aee473c1d51c24815ca07dd919e507c7782',295,1,'focus','[]',0,'2023-09-26 19:25:50','2023-09-26 19:25:50','2024-09-26 19:25:50'),('96dbfac78961081390380ba9737053450aad37d73929806e6e6985af1a8b23404376982711c66dc7',108,1,'focus','[]',0,'2023-03-02 11:26:01','2023-03-02 11:26:01','2024-03-02 13:26:01'),('96e182045ef13789336b2b7bcc3ac428c50db6f3c87a63cda7b9b9e041fceed2c7ebbe4313e6c4f0',343,1,'focus','[]',0,'2024-03-21 12:26:46','2024-03-21 12:26:46','2025-03-21 12:26:46'),('971b10eed9b1b881889ac8d8de6ecb02cb198a4c2f393b6c681445718293280cdc2a33903bdc165f',96,1,'focus','[]',0,'2023-02-18 20:18:23','2023-02-18 20:18:23','2024-02-18 22:18:23'),('974ce72ee9fb5502036edc97b3085e19435d098555bfca74ff24fd067cb1f40626ff1febfb5e07bb',193,1,'focus','[]',0,'2023-04-23 04:55:34','2023-04-23 04:55:34','2024-04-23 06:55:34'),('9752ef16cc376d284f808cb8100803cf3343d5a458864bd877bec319da4de625f736f989c37babc1',192,1,'focus','[]',0,'2023-04-21 23:53:55','2023-04-21 23:53:55','2024-04-22 01:53:55'),('97b8b6ccdae13ea3933c0a49c095a16061cdc730bc78405379a60c234e272195f068c50bf4a0da7c',95,1,'focus','[]',0,'2023-02-18 19:24:32','2023-02-18 19:24:32','2024-02-18 21:24:32'),('97ccf370ea3149ec41c04e5be06028656214856278eada16c99d9eecd982a2c00ed27704be718400',148,1,'focus','[]',0,'2023-06-22 09:20:23','2023-06-22 09:20:23','2024-06-22 12:20:23'),('97e6884e7b258e4a757a86f07f149726bf79bcde02752e6d254cd2fc4b93dfead5d18fa2e5d2e746',291,1,'focus','[]',0,'2023-09-10 23:26:03','2023-09-10 23:26:03','2024-09-10 23:26:03'),('98179366fb23a97be0cd41bf3535ca8d013352e43a7d22a497a6980e311bc7040ff2ed23e22dbc53',437,1,'focus','[]',0,'2024-11-20 13:56:13','2024-11-20 13:56:13','2025-11-20 13:56:13'),('98a3df532ae44a4cc9cf78033ce8b8d3819b4bd05136d0d11474771287f4411187fc39eb4c1ad8bb',424,1,'focus','[]',0,'2024-11-11 22:57:34','2024-11-11 22:57:34','2025-11-11 22:57:34'),('98e2f5edc518c2965de2416afd211da167bc483d012bb20e2d6e9aacd7541558b0b20f6a9ef1cae8',170,1,'focus','[]',0,'2023-04-17 10:41:09','2023-04-17 10:41:09','2024-04-17 12:41:09'),('9958bc8af5a3023b4add96927bac0011ee2f4c8a28ca8e34d2053863a6e8a00edd476b78fc320dad',152,1,'focus','[]',0,'2023-04-12 12:15:21','2023-04-12 12:15:21','2024-04-12 14:15:21'),('996b0c253c0a851ab17f44c9d63043674a9d54efce82702ae90e1e233a399e05902ccfefcbaf858d',338,1,'focus','[]',0,'2024-02-24 13:33:36','2024-02-24 13:33:36','2025-02-24 13:33:36'),('9978536edfcf98468dd6b40f66e92e077a3926ad7b245f299c591b7babb341a30dbdd041ccc0afd6',343,1,'focus','[]',0,'2024-03-21 12:24:17','2024-03-21 12:24:17','2025-03-21 12:24:17'),('998e75263735514f4059610e920e70cde29ecb7d6a2582abded01e73effbd69edc594bbbe28e9b20',11,1,'mazraa','[]',0,'2022-06-23 08:07:08','2022-06-23 08:07:08','2023-06-23 10:07:08'),('9a1772f9edb07a95ffca3e16956773da1c2a873ca19c50dfb3d06c0134f85a9b77cd08a1ae7d4aa3',89,1,'focus','[]',0,'2023-02-18 07:20:15','2023-02-18 07:20:15','2024-02-18 09:20:15'),('9a25643979e68203becac1945d5a14a8f9463c9db616e5c7c361f7110d7a31e9a054ec10ccf8732b',157,1,'focus','[]',0,'2023-04-13 09:04:22','2023-04-13 09:04:22','2024-04-13 11:04:22'),('9a51a03cfbc3fd97d7da8f78e00a6e060085e5d12b2a7b111d113c7f2312041feaa1f63efa4279bd',96,1,'focus','[]',0,'2023-02-19 07:54:18','2023-02-19 07:54:18','2024-02-19 09:54:18'),('9ab004dcafe0aeee413d120ea0213f86c1392a350f2607d4aaf61553a93fdc0d0149125cde319014',170,1,'focus','[]',0,'2023-04-17 10:41:16','2023-04-17 10:41:16','2024-04-17 12:41:16'),('9ad209624a2cb471234b0850be0b9c2623f89c179b30388242edb9de2881d610cf1062bef2c33723',84,1,'mazraa','[]',0,'2022-11-20 15:10:45','2022-11-20 15:10:45','2023-11-20 17:10:45'),('9ae78ab616af43bb95921c7f3e451354a6eab008b079ad33ea1243afe4ce3a6d80c8f425b9e1a4bc',118,1,'focus','[]',0,'2023-04-09 05:56:50','2023-04-09 05:56:50','2024-04-09 07:56:50'),('9b04c277f4141e651adcd32a65889851075078f99d809737785a390a1316087e7d3c12026df79948',403,1,'focus','[]',0,'2024-06-29 11:35:00','2024-06-29 11:35:00','2025-06-29 13:35:00'),('9c48ebd95325f82d56cca0da23dbf6a73d86d9f7f5e3892121277e2a5d010e5d763fd0f37308bece',410,1,'focus','[]',0,'2024-06-26 09:52:53','2024-06-26 09:52:53','2025-06-26 11:52:53'),('9c6cb5c5992ddf68d99d717aabebb9cfd7f1239a90bf5ac0861997541605f90454c6521b7aac6c17',343,1,'focus','[]',0,'2024-03-21 12:23:29','2024-03-21 12:23:29','2025-03-21 12:23:29'),('9cc6f73945efad88e708d9523aa8a82790e36df64a1286e0c54ed12520baafade5ffcf2195cdf674',115,1,'focus','[]',0,'2023-03-11 17:34:24','2023-03-11 17:34:24','2024-03-11 19:34:24'),('9ce05f0391368df0e90893539c22b597ed4179ea791fb9b1d82eeabececf6c588a1319ef94c2482b',406,1,'focus','[]',0,'2024-05-30 17:56:18','2024-05-30 17:56:18','2025-05-30 17:56:18'),('9cfd80f23f4bb84499a228abe1bb514164a21ebe910aaa3e7427838cb24ab85044587b21f6108c86',143,1,'focus','[]',0,'2023-04-09 20:05:08','2023-04-09 20:05:08','2024-04-09 22:05:08'),('9d2d8259d623d3d1c3d8647210aaf15675f11860ba9f778c33601d12c39d0b9c7c73a29fbb273245',412,1,'focus','[]',0,'2024-08-03 16:53:55','2024-08-03 16:53:55','2025-08-03 16:53:55'),('9d9b1237a8ba6dd500eee2b7141bcb144d83ea77aa22cd973996a70a61c1d0b0edd2138d843f2fd2',320,1,'focus','[]',0,'2023-11-05 22:16:26','2023-11-05 22:16:26','2024-11-05 22:16:26'),('9df879bae7e05bae563e7acf9d07bd829b639127acd6843630f7213a4edf7b332b5264cc9096a7db',154,1,'focus','[]',0,'2023-04-12 09:42:07','2023-04-12 09:42:07','2024-04-12 11:42:07'),('9e047313d46ce408c4f67f4073c549703074d70ad53758f5d6c525eab30da4bd846d6d4b7932a044',194,1,'focus','[]',0,'2023-04-24 00:40:05','2023-04-24 00:40:05','2024-04-24 02:40:05'),('9e074de2ba203654508dcf4ff346a14a377ea9f21be201699dfbda7d524d0f2f8fea18da5f4b4fdb',115,1,'focus','[]',0,'2023-03-07 05:52:55','2023-03-07 05:52:55','2024-03-07 07:52:55'),('9e5fb2432a3690aebc49469e6a524b0aae26a22e27cf0c57824011e08530ecb07cc6238c4027e0ee',216,1,'focus','[]',0,'2023-05-19 23:24:06','2023-05-19 23:24:06','2024-05-20 02:24:06'),('9eaf9f86636d7c1ba0ec78c83f5e3561bf884d7f62c4750a1910c31c3edefeb0c82768f8db6ce659',179,1,'focus','[]',0,'2023-04-19 14:31:27','2023-04-19 14:31:27','2024-04-19 16:31:27'),('9eccc5fe9750e704e806579dd097d20a10a1e560ab8731ab66f935a3f20b29db49bdb076c6b26ddb',153,1,'focus','[]',0,'2023-04-12 21:07:50','2023-04-12 21:07:50','2024-04-12 23:07:50'),('9f2bb83befbc623824cf3ee4515abb1220bc971f680a6ecc93633456c873760a265534d084ee6c1d',211,1,'focus','[]',0,'2023-05-08 20:54:08','2023-05-08 20:54:08','2024-05-08 23:54:08'),('9f5a014e9ec0d3d76b3928e9828c1b7027f01c843be922a40a2a7b9de48a9a82d827b6c25f53b5a3',143,1,'focus','[]',0,'2024-02-18 23:06:18','2024-02-18 23:06:18','2025-02-18 23:06:18'),('9fc2aed10bb350cafc409223b45d46abe26f108de5de13cf9b5f2bd9ae8d69a9e9dd31beb8a564e2',424,1,'focus','[]',0,'2024-11-11 22:55:20','2024-11-11 22:55:20','2025-11-11 22:55:20'),('a035e6f3a423bcf1e9fa7709c53caf02675ef6f2fd2e58a4460c03030e4fa865f4b49b99af783ff1',98,1,'focus','[]',0,'2023-02-22 13:21:09','2023-02-22 13:21:09','2024-02-22 15:21:09'),('a03f1b07da1c41db3bac01306e871c776abb0da13f251dc23d3941ebad843a4477b7036c7475d01a',245,1,'focus','[]',0,'2023-06-29 09:59:42','2023-06-29 09:59:42','2024-06-29 12:59:42'),('a06d5c61f9303be809af04fdbdffe6684577c9acdf10f80d1d2e1240195e4d366d2ba219e605dbde',141,1,'focus','[]',0,'2023-04-09 16:41:33','2023-04-09 16:41:33','2024-04-09 18:41:33'),('a08e4f14739845b33133492d8b77eb18ec4917bc3c50b8538868204ac7009e86ecf244cfa162f95b',144,1,'focus','[]',0,'2023-04-10 05:41:04','2023-04-10 05:41:04','2024-04-10 07:41:04'),('a098aee3a9b3833d10fb1c7b07091f14e77bcd0db24f0ef7a392e9bb0824bf35a70ec8c9859b07a9',115,1,'focus','[]',0,'2023-04-03 12:59:27','2023-04-03 12:59:27','2024-04-03 14:59:27'),('a0a3abb4532a86b9da0c231de69f709f55a79cbf4b0edc338cb031a3250368001c2544fa0cae56a4',287,1,'focus','[]',0,'2023-09-03 07:54:03','2023-09-03 07:54:03','2024-09-03 07:54:03'),('a0ba151ed8d2328954813cc0afe894273c445fdf5f1b0bd387369e011f4c5ae1d7b722e5b785f964',405,1,'focus','[]',0,'2024-07-04 09:50:00','2024-07-04 09:50:00','2025-07-04 11:50:00'),('a0d0cf3535a263ddab982cb9118f80f3a837d282aa4f4939ba2f3261695594a990037d683172111d',70,1,'mazraa','[]',0,'2022-07-06 06:25:06','2022-07-06 06:25:06','2023-07-06 08:25:06'),('a1612dff3680e53553d6076e7d9cd6816ab2e8c4d2c98f6d9a9fd675a70cc1ea6f2687535f6070cc',403,1,'focus','[]',0,'2024-10-08 15:43:05','2024-10-08 15:43:05','2025-10-08 15:43:05'),('a16567be5c140983b9744854010f43aed8a23907f98b6429df0ae622437d749a7ef2491f0094cf4f',353,1,'focus','[]',0,'2024-05-07 22:33:48','2024-05-07 22:33:48','2025-05-07 22:33:48'),('a1be3501cf0e5064e06a063787be22e808c4d53a2944b6499f8ccaf7d88e1c7acf4b173f0f74d5cc',163,1,'focus','[]',0,'2023-04-15 10:56:51','2023-04-15 10:56:51','2024-04-15 12:56:51'),('a1e503e99f87232da95fbbcd5e29239ccbf7bdecdb03959c653b8fb7e9a5daee5251e0b4fc3a09fe',73,1,'mazraa','[]',0,'2022-11-17 06:03:30','2022-11-17 06:03:30','2023-11-17 08:03:30'),('a1eaeb7c2959c5045cfddb94dd7278f9252f44970d33611605fb0fd15811c2f910a539791762d50a',75,1,'mazraa','[]',0,'2022-09-29 06:09:54','2022-09-29 06:09:54','2023-09-29 08:09:54'),('a1f4cff23f69aff085319d80703a3d7eeab1db9b2284229749b653bfe7abbe353b796748f2fec8c9',95,1,'focus','[]',0,'2023-02-18 19:32:06','2023-02-18 19:32:06','2024-02-18 21:32:06'),('a209f135a8d65fbfa0a7e1932a0bb43ee3d6e192499a7c80d55404eade1e55fe3d0599885eece540',280,1,'focus','[]',0,'2023-08-23 18:33:57','2023-08-23 18:33:57','2024-08-23 21:33:57'),('a27f51a53b0eb4ef88f6c135d2e62729bdad510d93495760b39412bf90bd2df81bda0e4eb38421fa',97,1,'focus','[]',0,'2023-02-19 09:47:43','2023-02-19 09:47:43','2024-02-19 11:47:43'),('a2857c4665cc36bc46c6303205e5aff8ca75e931ffa3bc570848661036a7ecbb2cbc9f9917770e44',97,1,'focus','[]',0,'2023-02-20 05:48:15','2023-02-20 05:48:15','2024-02-20 07:48:15'),('a2b89520dc35d4acfbb14970875dce1ab573d931eeba632e781e344a86e60bffc944c3444db15614',290,1,'focus','[]',0,'2023-09-10 16:30:27','2023-09-10 16:30:27','2024-09-10 16:30:27'),('a2e2e0a7042aad7af77889ce9b1dfe789eb7dd201bd89a10ff5271aabaa90dd9e593d4e04f08a482',351,1,'focus','[]',0,'2024-04-03 23:11:33','2024-04-03 23:11:33','2025-04-03 23:11:33'),('a30630d0860f627234db49d3f0bd958f00887be75f40c84d0cacc9d2df32d172c8e1740cd19acec1',240,1,'focus','[]',0,'2023-06-21 22:51:10','2023-06-21 22:51:10','2024-06-22 01:51:10'),('a351fbe636ba0c4f4bdea509db230e44f0cc3d691c2f0e83f62ba62a7e5a31b905b6f2b83665c57f',169,1,'focus','[]',0,'2023-04-16 20:40:47','2023-04-16 20:40:47','2024-04-16 22:40:47'),('a408ac73eb5496aacf064019b541139b523f5c17eb7f7d641e9425e81271713e521a9978729e7d8e',329,1,'focus','[]',0,'2023-11-29 21:13:48','2023-11-29 21:13:48','2024-11-29 21:13:48'),('a41a7451e4206ff81d8316f4c4b0e33a942c96752bc9063e566e6d19e2e0ca2c46d60b75c7c1b15d',116,1,'focus','[]',0,'2023-03-07 21:33:40','2023-03-07 21:33:40','2024-03-07 23:33:40'),('a48630c2fb61b97f61477903023a06d47695df8011540cd284d13f48ef228181ab42d9575b25affa',408,1,'mshroee','[]',0,'2024-06-12 21:42:32','2024-06-12 21:42:32','2025-06-12 23:42:32'),('a4939ad7d285c98b5a15bfafd2dc18968a2d1bdde7955df432f4776bff167497a6eb56037688bd56',357,1,'focus','[]',0,'2024-04-27 13:30:15','2024-04-27 13:30:15','2025-04-27 13:30:15'),('a4a1d476b14712084c064fb7dc6b5cf0c608946d979bffb2358e2da0f886af8e2d637bcabf57dac7',260,1,'focus','[]',0,'2023-08-09 11:55:29','2023-08-09 11:55:29','2024-08-09 14:55:29'),('a4b059fb75bdea55c541995426b280ecc9be13c5f5067174e46ecccd6b1a8c49c62c697c5e6b8fdf',178,1,'focus','[]',0,'2023-04-19 10:29:46','2023-04-19 10:29:46','2024-04-19 12:29:46'),('a4cb306ad634b75250675fd285a0245668d0890c9a2794a88aa2e874677a1cfb01526a5a481dcc58',3,1,'mazraa','[]',0,'2022-06-23 07:55:37','2022-06-23 07:55:37','2023-06-23 09:55:37'),('a4eb7a34b80feca71fc913ad7db3965dcc4b99c88f9d00cee49a5d7117965e2956ce0c63095ba70f',287,1,'focus','[]',0,'2023-09-03 07:54:06','2023-09-03 07:54:06','2024-09-03 07:54:06'),('a4edbd59fab369be0cb4a5d68f9185e8ffe12497e2d12c165df82d3c60981959602e2c0369e196ac',73,1,'mazraa','[]',0,'2022-09-28 08:50:48','2022-09-28 08:50:48','2023-09-28 10:50:48'),('a4fe1ca32602c0343f54e0f589b0c683ad2dc8bc6d1b6c6d5b487c4ba807dd0a10f7946f88f395fe',115,1,'focus','[]',0,'2023-03-30 08:44:59','2023-03-30 08:44:59','2024-03-30 10:44:59'),('a5147bc49a4ae199294ef37d36ca57ecb98aaf7a3f9ff79c1aa7103667174f34f9c461c26cd72bbf',118,1,'focus','[]',0,'2023-04-06 05:58:28','2023-04-06 05:58:28','2024-04-06 07:58:28'),('a542696c7c689aa462ae0db9b6c083c2c70e52c94b350d415126ec24dcc787a8663bee0538f41984',153,1,'focus','[]',0,'2023-04-13 08:38:09','2023-04-13 08:38:09','2024-04-13 10:38:09'),('a593ba87dd16bb74800f3a9b88ebc15620c3e1e7911ab82e6e3ce44bacbf963f90f42fdfa7fc8680',405,1,'focus','[]',0,'2024-05-29 16:10:38','2024-05-29 16:10:38','2025-05-29 16:10:38'),('a5f246fc6639d1058609c0269becdeebc0172b32ad7a1dc24bf115c47c77d2b4322f4a6cd76d5384',268,1,'focus','[]',0,'2023-08-02 05:30:23','2023-08-02 05:30:23','2024-08-02 08:30:23'),('a650a032af8729b9c5ee17577673d42666b50d917b97b3ac1de31b9b05ed788bf69891c861ac3d79',11,1,'mazraa','[]',0,'2022-06-23 07:56:19','2022-06-23 07:56:19','2023-06-23 09:56:19'),('a66ccc708471b9ac82986dacd701d54197010986d1bc6dccc3e336307cdf19fafaa5672fb83b5da5',251,1,'focus','[]',0,'2023-07-04 19:43:35','2023-07-04 19:43:35','2024-07-04 22:43:35'),('a692913737f6385e9da298eca6278fb6d6b158698ec7100c8b24283c35d0ef1792965057102e0b2a',377,1,'focus','[]',0,'2024-11-18 15:32:13','2024-11-18 15:32:13','2025-11-18 15:32:13'),('a6a03e99c04f9fa53ab1df43212051aa743de381855fd8ddf476f74a552feda439e9e237cc7fdc7f',345,1,'focus','[]',0,'2024-04-30 14:57:28','2024-04-30 14:57:28','2025-04-30 14:57:28'),('a6e43939f6300260a1a8e7ba3b51d8cfa0b4901aff31d8bb2f9389299baa411347932a288d4b4a03',113,1,'focus','[]',0,'2023-03-02 12:04:28','2023-03-02 12:04:28','2024-03-02 14:04:28'),('a70ca0b1d3f5de3fe7cd5914b080f51b6cf634832e7cbc065fd677a99bd15460fa44e734fe53c258',73,1,'mazraa','[]',0,'2022-09-28 09:00:24','2022-09-28 09:00:24','2023-09-28 11:00:24'),('a75b6763883b74118292daa6a08601c4539b64fe5ee35c6d3448cb9fe769fbe3758c504ff64b852b',420,1,'focus','[]',0,'2024-11-18 15:11:29','2024-11-18 15:11:29','2025-11-18 15:11:29'),('a772a6506db5dec65bb752b2ab9877dd2142f66384dca3bede3485869e97d83f91c92dc468bbfb5f',434,1,'mshroee','[]',0,'2024-10-27 17:55:51','2024-10-27 17:55:51','2025-10-27 17:55:51'),('a8013257797c2be318ed9399fececd2d183d2035af1560bac57d4d44e1016a795633779fae1b75eb',108,1,'focus','[]',0,'2023-03-02 11:25:40','2023-03-02 11:25:40','2024-03-02 13:25:40'),('a8643d88c8107bc2d157babdbcfa80d405f5d3a489c44a7a7d2dcf4286e618ce1db38e4fe3989aca',7,1,'mazraa','[]',0,'2022-06-22 10:16:25','2022-06-22 10:16:25','2023-06-22 12:16:25'),('a8987b830944879db36eb7ae81e6634ef769a410115715524209b5e77ba57ce2ad66fa72275e6657',229,1,'focus','[]',0,'2023-06-02 13:49:08','2023-06-02 13:49:08','2024-06-02 16:49:08'),('a89c4a8011c5003c076151013709151900251f79bd12239c12b6b00f8e96e873daf0ec7986079bfe',115,1,'focus','[]',0,'2023-03-11 17:04:36','2023-03-11 17:04:36','2024-03-11 19:04:36'),('a9086a42d242d733ce501a81cde50499d8137a6a3c8b6ba1927f8f3a97cd0d719674e4ea54a93cab',97,1,'focus','[]',0,'2023-02-21 06:50:38','2023-02-21 06:50:38','2024-02-21 08:50:38'),('a91a9cfec01ef8643cf48184dbc6a3589a8d85bafc60156eac772999ede7f79566b448c8069295b2',148,1,'focus','[]',0,'2023-08-28 09:03:26','2023-08-28 09:03:26','2024-08-28 12:03:26'),('a9740766e23985a964a8e43a017891c0754a87f26eda464b1282a511c0385589ea2b2dd16a5c8ac0',192,1,'focus','[]',0,'2023-04-21 23:54:08','2023-04-21 23:54:08','2024-04-22 01:54:08'),('aa2c91a0af8105eb3444b887f488d25a6fbb1a8eed13e7106d229c502851d32fa332f01cbfb40bd7',112,1,'focus','[]',0,'2023-03-02 11:56:50','2023-03-02 11:56:50','2024-03-02 13:56:50'),('aa2fa332f58cac49e3dd6ceca8003c9023f5e60689197e6d6b0b2bf9d6c20d7eb7aae42c9e0f1fb1',353,1,'focus','[]',0,'2024-04-30 15:18:41','2024-04-30 15:18:41','2025-04-30 15:18:41'),('aa3813e78585961696de9a0026ac29fae342197e0fbf6759d62b7a558e60e9d288d28c4d0c872db8',11,1,'mazraa','[]',0,'2022-06-23 08:06:35','2022-06-23 08:06:35','2023-06-23 10:06:35'),('aaa11197a5eedf45810355cf1f782b8d2448fcd5348962611a54a4f07748e64fce9ba8328fec4df6',358,1,'focus','[]',0,'2024-04-27 13:39:49','2024-04-27 13:39:49','2025-04-27 13:39:49'),('aaad138381310074c480770c5f4eb353a5f895357ea7fb50ebc87243fde20bcbc318ee080f4c4591',433,1,'mshroee','[]',0,'2024-10-27 17:54:02','2024-10-27 17:54:02','2025-10-27 17:54:02'),('ab13519133d9eab1a49eeccdf4a0ef8b7808e23fbc877f3a7ba11f2141373a41d51045757dfebaf9',96,1,'focus','[]',0,'2023-02-18 19:50:47','2023-02-18 19:50:47','2024-02-18 21:50:47'),('ab2e7e1b47e1281e18e9582fafdb0758a3c37d97e2410c5af58f06b0229f0caceba6030e4edaae67',116,1,'focus','[]',0,'2023-03-10 11:59:13','2023-03-10 11:59:13','2024-03-10 13:59:13'),('ab31a3d3a5a3f03e890b5ff769499a7f1247a1bfb863f000e8c2bab5d51548c2e27bf5b601d18ebc',212,1,'focus','[]',0,'2023-05-10 05:49:57','2023-05-10 05:49:57','2024-05-10 08:49:57'),('ab408f2d186819f37ede9b6a95bc3ac83e0d01b9ca81e86aa5c304e6c8a092676d4e3717db695aec',115,1,'focus','[]',0,'2023-03-07 16:28:26','2023-03-07 16:28:26','2024-03-07 18:28:26'),('ab7e44b3ac16047af7592d8d2c10212190e4a0e01d6200ad085a65f6ea1ab085d14449444f2de3b2',117,1,'focus','[]',0,'2023-04-06 05:42:47','2023-04-06 05:42:47','2024-04-06 07:42:47'),('ab94419973969f3e986c784ff61a6ae13d912c03ffae54200c181479959171440c65506fb92b7a6d',73,1,'mazraa','[]',0,'2022-11-01 09:26:37','2022-11-01 09:26:37','2023-11-01 11:26:37'),('ab94ab44313feae373626d1e95be3fe2ec65cb998c2d1f71ef85315ca87343673cee635fc13b1adc',127,1,'focus','[]',0,'2023-04-09 09:54:15','2023-04-09 09:54:15','2024-04-09 11:54:15'),('abe55a130b594fa1ef9d04dcf6808e5b51a5f085ffce25581239e1ca91324871a5ff43fee5c23cf8',153,1,'focus','[]',0,'2023-04-13 12:35:43','2023-04-13 12:35:43','2024-04-13 14:35:43'),('ac63b8e84ef3f091f4f8f4fa197469b7a9f3abd8a1b089d12b2c0b09adcba7a80065f36b087d809b',11,1,'mazraa','[]',0,'2022-06-23 08:01:42','2022-06-23 08:01:42','2023-06-23 10:01:42'),('ad76be0895f93a8b8565989c688c5b1cb7442f98ea5784dfbc772091fcf669575e70df9b97294822',98,1,'focus','[]',0,'2023-02-21 07:41:12','2023-02-21 07:41:12','2024-02-21 09:41:12'),('ad8083c18c8c5fb5951369bd22cae576e46c3bc2076cef29ddce3a3195e40178907d5dbf94c68a91',412,1,'focus','[]',0,'2024-07-22 16:08:37','2024-07-22 16:08:37','2025-07-22 18:08:37'),('add2c8a54be33b02d96ae75a047f1a0a950ae6f4e0feda95ccb826a8f6727660e9f04f92cefeccda',238,1,'focus','[]',0,'2023-06-21 16:59:44','2023-06-21 16:59:44','2024-06-21 19:59:44'),('adf0afbc8cde40a9bb5ed2fc686f5aa1e6c0d9fd5a2879e96c9fccfdf3b553b404c414b6c424cc0c',418,1,'mshroee','[]',0,'2024-09-30 14:36:40','2024-09-30 14:36:40','2025-09-30 14:36:40'),('ae2ba51e641e817c6cdee5c9e487500e18fabbbd900c2729af7683c09a23e609f7564179aa7ddbdf',71,1,'mazraa','[]',0,'2022-07-06 11:18:27','2022-07-06 11:18:27','2023-07-06 13:18:27'),('ae2d97b874fb9127a133ecd23b328ec2fb5bb22f49a993af97cc85d8784286ac8cce366de7c27b24',97,1,'focus','[]',0,'2023-02-20 10:41:10','2023-02-20 10:41:10','2024-02-20 12:41:10'),('aeae78b1b54075f747f8429305eccf6f9916f1aafeefa9f57793ca7aa8a7c563e455d2bcd57017bb',228,1,'focus','[]',0,'2023-05-30 01:57:28','2023-05-30 01:57:28','2024-05-30 04:57:28'),('af17e574f0fa0cd35bf9c33af6007a2a316a1d7a1dc710d3641c1c67ecafbee3f95e24e38a396254',239,1,'focus','[]',0,'2023-06-21 17:10:52','2023-06-21 17:10:52','2024-06-21 20:10:52'),('af4062d25f56d77176fe742e1db752be427bc43c5c74e39e4b3b9444b665a32fe143c2a469b5508b',9,1,'mazraa','[]',0,'2022-07-06 08:51:33','2022-07-06 08:51:33','2023-07-06 10:51:33'),('af581316e442f48ca6bc23d67dedaef4d3f8fd4efe2614959d2c38399f70a0d51ec9c6dabe49acfd',353,1,'focus','[]',0,'2024-05-05 16:41:54','2024-05-05 16:41:54','2025-05-05 16:41:54'),('af73e058eec6d3c4a0a60754b66aef4b6dc32797afea0a11da22bde83be7b0fb9348f0f66216b329',115,1,'focus','[]',0,'2023-03-13 20:35:18','2023-03-13 20:35:18','2024-03-13 22:35:18'),('afeb7e116c4046d762111f807c7f96ebfc4f4cfd04d70e916db0b02ffa3501012f508c5cfd058779',289,1,'focus','[]',0,'2023-09-08 17:17:08','2023-09-08 17:17:08','2024-09-08 17:17:08'),('b066eaadde1521d31cc682c79e408f104187cefd123fc5e2b17a602692ab1230018d54393b62258e',73,1,'mazraa','[]',0,'2022-11-02 09:51:21','2022-11-02 09:51:21','2023-11-02 11:51:21'),('b0ab5751d27294f08d6c0665820b402695bf283ac0a8831f338206eaebd2f6a7387e4766ee1c1646',345,1,'focus','[]',0,'2024-05-05 16:52:48','2024-05-05 16:52:48','2025-05-05 16:52:48'),('b0f9da9a6286c68fb48f0a3878bfce835199b90592d4d70d9535d06f2465bb604629b2d758b90063',116,1,'focus','[]',0,'2023-04-08 06:58:29','2023-04-08 06:58:29','2024-04-08 08:58:29'),('b11c0e6d4ee457cbe68378629bf63f43da899ae6af7b7943ba44f70c95d3f8d912c4d64aa1e0d9d7',148,1,'focus','[]',0,'2023-04-12 20:15:39','2023-04-12 20:15:39','2024-04-12 22:15:39'),('b13aa59ec2e2a5e11bdce3327b5809b403d3aa1959606d362d5c37f0904cdc79e84f1239eaac4166',229,1,'focus','[]',0,'2023-06-02 13:49:04','2023-06-02 13:49:04','2024-06-02 16:49:04'),('b14ad02331fdedcee3282c92d6f8487096272774042c0979a90d3c03116b3efd1c40c870cbd01c45',73,1,'mazraa','[]',0,'2022-09-28 08:58:45','2022-09-28 08:58:45','2023-09-28 10:58:45'),('b1c84bcf8361368a54537e4f007e4c0811f88f135bf1ff29fe98e31710aa5be26e195d1b5fb2627b',318,1,'focus','[]',0,'2023-11-04 21:14:40','2023-11-04 21:14:40','2024-11-04 21:14:40'),('b1d7cdeb1cac41ac8978467486f234548ac0cb84b60fc53da85b6d37dbe07d64b43f26c96e9bd460',164,1,'focus','[]',0,'2023-04-15 13:15:46','2023-04-15 13:15:46','2024-04-15 15:15:46'),('b1e9f3eba1662b40f712bd7c3d10fea9d22b2237680408281562c1eb44cd8d69df28720febffbef9',73,1,'mazraa','[]',0,'2022-11-17 08:26:16','2022-11-17 08:26:16','2023-11-17 10:26:16'),('b1fd1874258d9715e6a6edf0f19c9a78c0a4e454fc10f2ad207f3897e13138632f986aa775a13bda',97,1,'focus','[]',0,'2023-02-21 06:46:55','2023-02-21 06:46:55','2024-02-21 08:46:55'),('b2057e30d4fe48c249c13973057d6494d6ef00ee8356ca7ce2b10a84eb9be9ef4863cb092abd4607',115,1,'focus','[]',0,'2023-03-15 08:47:46','2023-03-15 08:47:46','2024-03-15 10:47:46'),('b2376a148b2195e2fc0dbdc0597afab7b071d76ef0bf13d8366b5d9582a268240f808e64393340af',153,1,'focus','[]',0,'2023-10-03 11:52:23','2023-10-03 11:52:23','2024-10-03 11:52:23'),('b248b659639e91061bfa335192ebe479da9d57b34e61daa6f17dae20d89ed02d9728d81ea0b45003',81,1,'gold','[]',0,'2022-10-29 08:32:41','2022-10-29 08:32:41','2023-10-29 10:32:41'),('b294dcb62de1f2e8e4ddcd16c68e3cc2c2e5433447a8c750dc4f6046d47097ffb8c374624cbbb2cf',151,1,'focus','[]',0,'2023-04-11 20:31:02','2023-04-11 20:31:02','2024-04-11 22:31:02'),('b36c4a62968a4bbb5a2f642a8ec8ba865a8ff34c1af359a82cef38faea56f711d1fa2d63d504435a',116,1,'focus','[]',0,'2023-04-09 09:29:04','2023-04-09 09:29:04','2024-04-09 11:29:04'),('b39e67fbc337bba679f8ff5acbd3e2110eeaa581aad04cd7fc38dc8534fd892cb9bfdb119f31c708',151,1,'focus','[]',0,'2023-04-11 20:23:19','2023-04-11 20:23:19','2024-04-11 22:23:19'),('b3b60365ef3306e7837d7f6de7b32f01ddc9c8cb772b9c033d0df77e833b623d74eaaed1c64edc1d',97,1,'focus','[]',0,'2023-02-20 08:27:55','2023-02-20 08:27:55','2024-02-20 10:27:55'),('b3f967cf4887d235421f6b82c1ce35d3a8202277f8ef2dcffe43ca95022f655422980d66e757f5b8',290,1,'focus','[]',0,'2023-09-10 16:30:43','2023-09-10 16:30:43','2024-09-10 16:30:43'),('b41650343a08c0335c86711ec126e5f875f2c5eb60c1f28266715411fe20bd148a477d72804ae7cd',139,1,'focus','[]',0,'2023-04-09 10:44:18','2023-04-09 10:44:18','2024-04-09 12:44:18'),('b42ac141c673e817bf0df39203b78f7196b86a92e4f6156aec776bf35847dc0f890f7185bc5e128d',358,1,'focus','[]',0,'2024-04-28 14:35:17','2024-04-28 14:35:17','2025-04-28 14:35:17'),('b489dd8e6f6ad32c7fa185d1a59004402887a8e893d9f6817dd13953fc829a6f3dfb808ae9aaca14',424,1,'focus','[]',0,'2024-11-11 22:40:23','2024-11-11 22:40:23','2025-11-11 22:40:23'),('b4fa6740e4272c7c820ea9ab905baab41cab4c3c789da70bbaaef1c124905046bd520f038677477b',87,1,'focus','[]',0,'2023-02-17 09:12:16','2023-02-17 09:12:16','2024-02-17 11:12:16'),('b56516523a4a14fc4fe47bdf8d1a41b151c9df3dc492fcf115d49c5c3630d337792fa79d3e9d8b6e',316,1,'focus','[]',0,'2023-10-31 09:29:52','2023-10-31 09:29:52','2024-10-31 09:29:52'),('b565561a147a24fd818088f5987d7f7be54bebda1895ef1bf3f5e7bdb918f2349af0d0aab94d85df',355,1,'focus','[]',0,'2024-04-27 12:57:01','2024-04-27 12:57:01','2025-04-27 12:57:01'),('b573d65f6c4d83563b87a176f5bb74d3743b27b6f14bce449b53012a802dd950325d06ce4e245910',79,1,'gold','[]',0,'2022-10-29 07:27:11','2022-10-29 07:27:11','2023-10-29 09:27:11'),('b5864ea877c956f96e77399d2a61921282ba646385eefde6cf8c0d649f7e706a529e7d0cba6d44e0',87,1,'focus','[]',0,'2023-02-17 09:12:23','2023-02-17 09:12:23','2024-02-17 11:12:23'),('b5868cedbe7709adc957499cdfea8931cfd51535249469397f209e1580f798822a47d6a6dd7ccca7',148,1,'focus','[]',0,'2023-08-27 20:42:05','2023-08-27 20:42:05','2024-08-27 23:42:05'),('b5aea658ec51c5d305f6b29cfaf558e5fd2d629cb65d95b42750e0e1ed5b9c0627d7c9e5d389894b',377,1,'focus','[]',0,'2024-10-31 17:59:20','2024-10-31 17:59:20','2025-10-31 17:59:20'),('b5bee41df91ef10dec9f76d1949233dfa08fad3b4c18dc43f9bb16c74386349e4747ebf41510a1a3',231,1,'focus','[]',0,'2023-06-05 07:52:59','2023-06-05 07:52:59','2024-06-05 10:52:59'),('b6409ab62b91371b23806aaedc7847ffad82f1567658d0d641a7f849907da5e51d94d3c8cf537bf1',217,1,'focus','[]',0,'2023-05-21 17:15:10','2023-05-21 17:15:10','2024-05-21 20:15:10'),('b65012ab78117f099861c87999ead30118c00ea781182ed629c2ee232799b6fff7c31dcfae9b83e7',71,1,'mazraa','[]',0,'2022-07-06 11:21:12','2022-07-06 11:21:12','2023-07-06 13:21:12'),('b65c5998e11a59fa57e35d7ac8dda81c812eef90dd1a67fe0d5a4975324d00e65ceaa1befd049527',410,1,'focus','[]',0,'2024-06-24 16:36:46','2024-06-24 16:36:46','2025-06-24 18:36:46'),('b669ba65a8554d30c12c6b17da1ff4bfa0c0835cfec56c8e27ee7b46a3b4b3d5a7dd1a781385112d',358,1,'focus','[]',0,'2024-04-27 13:39:24','2024-04-27 13:39:24','2025-04-27 13:39:24'),('b6dea26bddc56c7cb47d7a169e25acd478a79962f2a8b6272ac4cc39c49196749da993ee8bf0168d',90,1,'focus','[]',0,'2023-02-18 18:58:46','2023-02-18 18:58:46','2024-02-18 20:58:46'),('b6e6ab7f3074ae8b4ba3795427852f3d43bd25cdd6681f581bc6316b03235f1d1572be06e2da97c3',377,1,'focus','[]',0,'2024-05-12 12:06:07','2024-05-12 12:06:07','2025-05-12 12:06:07'),('b728fae487195052fdd054156d3424385bd7a8254b11e9b94c23406b3b86753bc286c4aba0a12d30',127,1,'focus','[]',0,'2023-04-09 09:51:53','2023-04-09 09:51:53','2024-04-09 11:51:53'),('b80465f69142d17b14ef1413193627dc273bb890359306451030e98c0052c760ffcfaa0036be1ac5',353,1,'focus','[]',0,'2024-05-07 22:37:03','2024-05-07 22:37:03','2025-05-07 22:37:03'),('b8a019afc03dd3ba155a18f9de4ddf281f5444acece46f6f9ac2debe476008999bda12c3b201441c',266,1,'focus','[]',0,'2023-07-29 06:51:25','2023-07-29 06:51:25','2024-07-29 09:51:25'),('b8a4f6f710f87f3ccf62ab74f70dc87f55e7419ed1d3ce251e52328b0d75dd8cbc1ccfb20bd281aa',343,1,'focus','[]',0,'2024-03-31 14:15:56','2024-03-31 14:15:56','2025-03-31 14:15:56'),('b8c54415f3d23211a15f376a4fb2f93fc018f60083f3b784b91b756bc0daecd49e0fffd99ff54dd0',96,1,'focus','[]',0,'2023-02-18 19:49:38','2023-02-18 19:49:38','2024-02-18 21:49:38'),('b8d001d268fa768713adb4f0cf3c85fdc9f3aac27b1a70960e72f4a4d5fcf5a49d2755ebf95bf1d6',213,1,'focus','[]',0,'2023-05-12 20:52:59','2023-05-12 20:52:59','2024-05-12 23:52:59'),('b90aa5f9976175cf954f33471bd2d6574e386fe96ab762b3758365e1deeb742ab66ff3b5448af5b5',83,1,'mazraa','[]',0,'2022-11-20 14:23:47','2022-11-20 14:23:47','2023-11-20 16:23:47'),('b91b429ba645127736365bb571d7750d5559722951fd5a047a5445ee274634df09e4bdf26a4e8211',286,1,'focus','[]',0,'2023-08-31 02:47:08','2023-08-31 02:47:08','2024-08-31 05:47:08'),('b945c4cba3463071411d710dfeae51ae22552b26065e7e3f78d3ee616a21bbdfd31dbdf48f1e51da',89,1,'focus','[]',0,'2023-02-18 07:17:33','2023-02-18 07:17:33','2024-02-18 09:17:33'),('b9a7d73b0223e051da60647154e22be9d39c3ec6835e447c368668be21e4f351dd49ae38af71455a',358,1,'focus','[]',0,'2024-04-27 13:36:06','2024-04-27 13:36:06','2025-04-27 13:36:06'),('b9f05ce3d3694e2d8b114d0c0eede59bfba37afd57938e1f15e27f71b5cbf50d55a830d09d96b2da',202,1,'focus','[]',0,'2023-04-30 16:44:24','2023-04-30 16:44:24','2024-04-30 19:44:24'),('ba17c8278d00414d3c23f923ab1281f9c84e507403ed7ef8f1f0a381072e5f170c3c6ff753be92fb',116,1,'focus','[]',0,'2023-03-07 21:36:55','2023-03-07 21:36:55','2024-03-07 23:36:55'),('ba8df60db56be9f5568ac0ebb08e44712c3d894004ef88e066a904a5d72d7241fbc52f7dab8e6dd8',338,1,'focus','[]',0,'2024-02-18 23:06:52','2024-02-18 23:06:52','2025-02-18 23:06:52'),('bac476380657dbb46523454aa70b573ee350b02951e5161ce6a57775056f115f29ced520c7579235',11,1,'mazraa','[]',0,'2022-06-23 08:07:23','2022-06-23 08:07:23','2023-06-23 10:07:23'),('bb119c9c4a4768a629b2df4b6e45c7d6554d111eb6254c880af4ad2bf01bbbd517013efdc3ea6dc6',229,1,'focus','[]',0,'2023-06-02 13:49:04','2023-06-02 13:49:04','2024-06-02 16:49:04'),('bb2adc73096ae0f0ac1845626efef6db529e74f01c2619e1ce414f4e4252b7f45bae4647b1177255',286,1,'focus','[]',0,'2023-08-31 02:46:50','2023-08-31 02:46:50','2024-08-31 05:46:50'),('bb64e3b4edd6fdacbf1b68ea5d54d554fa5fd54b2d2e61898118e569945250de60f12c124d527b03',412,1,'focus','[]',0,'2024-06-26 10:39:35','2024-06-26 10:39:35','2025-06-26 12:39:35'),('bb8dd97f4e48c89aa7673dad18fc9964f8e1b3c7f93af9ec85062d9eacaf38ccb7aa008047c10d76',116,1,'focus','[]',0,'2023-04-09 09:41:12','2023-04-09 09:41:12','2024-04-09 11:41:12'),('bb99ba908dd2ef3682e9de5d0ea0c8b9a5a8c03bb45cea645862d284bfbbfee1469d3cf423788ae4',67,1,'mazraa','[]',0,'2022-07-04 17:23:29','2022-07-04 17:23:29','2023-07-04 19:23:29'),('bbb117d3d1ee83ba9c4e36dbdc563b8a028d6ddd21bb1bba02e6f8fe4235600795400122dc2cfffe',230,1,'focus','[]',0,'2023-06-02 14:25:37','2023-06-02 14:25:37','2024-06-02 17:25:37'),('bbc49d964b04a8e7031ad5f629e0b7bef9b6dff77370f892910b54417225d960bf9c0dec1c030ccd',211,1,'focus','[]',0,'2023-05-08 20:54:21','2023-05-08 20:54:21','2024-05-08 23:54:21'),('bc6840b2bce699bb60de3cf220b61a8028f9dd7dcebb81f2f80d0d436e667911e687983dadd16bed',327,1,'focus','[]',0,'2023-11-23 14:13:13','2023-11-23 14:13:13','2024-11-23 14:13:13'),('bca58c2e823b0dfcc8eab20c3d8db8215026e85699f8fa48926f826cfdefa18345172f05d26d8d99',142,1,'focus','[]',0,'2023-04-09 18:10:53','2023-04-09 18:10:53','2024-04-09 20:10:53'),('bd16073660556a829116c9b333d23d9f233b794f14048fdf68471de1a9d60d1f977da5093b478ab7',89,1,'focus','[]',0,'2023-02-18 07:23:41','2023-02-18 07:23:41','2024-02-18 09:23:41'),('bd5607cf62c4bc405b7aa81ef075da796229de7a77b369e06feab9f9d0a2ce943ba670837a5bd20e',282,1,'focus','[]',0,'2023-08-27 11:28:34','2023-08-27 11:28:34','2024-08-27 14:28:34'),('bd61e4b967ee7a5db6c210c1ab67df531000e8037784293949ea6a2452a8c44c7f719e31e5660874',209,1,'focus','[]',0,'2023-05-07 06:01:11','2023-05-07 06:01:11','2024-05-07 09:01:11'),('bd9383acd51fa32704fdc3b0ba0077f2fa8ccd4bd965d787b764f3d89fc4a191c1aa77d6d5c30eea',143,1,'focus','[]',0,'2023-04-09 20:04:17','2023-04-09 20:04:17','2024-04-09 22:04:17'),('bdcf7acfda31f4d828fe351fd5e2d437e87631c51a23f4dca12130f59301e344caf4b476b48e2489',148,1,'focus','[]',0,'2023-04-16 00:19:41','2023-04-16 00:19:41','2024-04-16 02:19:41'),('be64a5a04e29d74f51fe01b8b6660c6be0362ba621e357d7ff56e2083c3235358cf51bced6fe40b7',115,1,'focus','[]',0,'2023-03-11 11:36:11','2023-03-11 11:36:11','2024-03-11 13:36:11'),('bed0d0c50a61042c5d2adc322bcf2e98eb40b67cf19e2479d6f7df7b857fa51fada843295de02ecd',189,1,'focus','[]',0,'2023-04-21 12:14:46','2023-04-21 12:14:46','2024-04-21 14:14:46'),('beea8b3b4b7d50fe7a0f7940965cf91381a83b3f56af3d558e15513d644c7a65c7b9db990b0d5699',403,1,'focus','[]',0,'2024-10-08 16:59:27','2024-10-08 16:59:27','2025-10-08 16:59:27'),('befdae86e75089a1ada43aad9e36107e8e7d4ed5085cda492663147d9d15293a8b2dd786477e773e',199,1,'focus','[]',0,'2023-04-29 23:17:26','2023-04-29 23:17:26','2024-04-30 02:17:26'),('bf2a03286096605c13c234da4e76c6cd3f9615a6b67902680ea79b6fbe2110216e1c9c4861f59e30',184,1,'focus','[]',0,'2023-04-20 15:18:18','2023-04-20 15:18:18','2024-04-20 17:18:18'),('bf2ffd7d786c1aa7646751b9c6834c64442c656e054112cf4a8faf5a43f89de0bb773bfbe36df044',280,1,'focus','[]',0,'2023-08-23 18:34:12','2023-08-23 18:34:12','2024-08-23 21:34:12'),('bf53684a17c9052c0c972fdaa252b91dfd7422e78542dd903efe3f13a97a72376505ec9b5239a681',338,1,'focus','[]',0,'2024-02-25 19:42:29','2024-02-25 19:42:29','2025-02-25 19:42:29'),('bf57cd1e1ce41113b484006407c8955737b4087ca65b19ff892887ada4ecf641086e862ba9b3c8d4',116,1,'focus','[]',0,'2023-04-08 07:29:40','2023-04-08 07:29:40','2024-04-08 09:29:40'),('bf65a8bf9fb445e06553cb3cdabb29f88b7e57b3e611886b608eb929149653fc3e1f06620748689a',147,1,'focus','[]',0,'2023-04-10 08:41:24','2023-04-10 08:41:24','2024-04-10 10:41:24'),('bff62facfa5c22204ac410a78ba5e811a160008e6ae03c385f10e3eac6faaf9f152a41e225c3cd21',185,1,'focus','[]',0,'2023-04-20 18:05:38','2023-04-20 18:05:38','2024-04-20 20:05:38'),('c00ee3797f41afc1eba9bf111dc99ae138c1c3bd6be5255e17b1cf4c606a2ed6bc16a4213f9e6f89',434,1,'focus','[]',0,'2024-10-27 17:56:19','2024-10-27 17:56:19','2025-10-27 17:56:19'),('c05ed4013e5c1e62915a4fe13a4ac536134807fdfe9712c5409e608d35eb6d9b91dd4126ee7ecac4',438,1,'focus','[]',0,'2024-11-26 18:35:01','2024-11-26 18:35:01','2025-11-26 18:35:01'),('c09da843308a376e04156607bd4e6c8f75c932f76136b6f1c56420fa3fe6987b968f0e7d9894f866',249,1,'focus','[]',0,'2023-07-02 19:03:33','2023-07-02 19:03:33','2024-07-02 22:03:33'),('c0b25b6562f87bb6bd9e5d8dad4e4a485a6a9e7a649e4c10113fa005ae3c46083293d532e8f10d60',248,1,'focus','[]',0,'2023-07-02 15:33:30','2023-07-02 15:33:30','2024-07-02 18:33:30'),('c11f830e91eafe4744fa834d2ca926bb32fc565fb673cf5f58684675a6182532ad7c98e8ac300c24',279,1,'focus','[]',0,'2023-08-23 14:05:11','2023-08-23 14:05:11','2024-08-23 17:05:11'),('c172c226a3508e8da823c50c0c774b0ee5f96583c9deaa87a764dd1a5f7dc16b28df874e203360f5',435,1,'mshroee','[]',0,'2024-11-06 04:54:54','2024-11-06 04:54:54','2025-11-06 04:54:54'),('c193b0972c181a68318f3266f7affface36b9badaaf91bc1e56e77831ffe1904db0d8dd39645984f',153,1,'focus','[]',0,'2023-04-16 11:18:56','2023-04-16 11:18:56','2024-04-16 13:18:56'),('c19abad494f8d0637987e0abcb750810967d4ec719a69093a4a983c1fb32596b94f2631d4e6fb69d',141,1,'focus','[]',0,'2023-04-09 16:40:13','2023-04-09 16:40:13','2024-04-09 18:40:13'),('c1af6ffc9cf5899344ffede1da64d2a02bc8634c4662e821b69bb8dab4d65e5217dd7a16579ebfe4',45,1,'mazraa','[]',0,'2022-06-23 09:54:03','2022-06-23 09:54:03','2023-06-23 11:54:03'),('c1d0fc8b4dae690d5d41591b9e0f160b4ed2019decaa13a2ab5f2d9dda0a9c8604720806a316e829',82,1,'gold','[]',0,'2022-12-03 07:38:27','2022-12-03 07:38:27','2023-12-03 09:38:27'),('c1d19e097046642c65871c409cfe3fddf3b20cdd58f4aadc449e59495a0f256a8ab51f4a8f8efaf3',142,1,'focus','[]',0,'2023-04-09 18:13:46','2023-04-09 18:13:46','2024-04-09 20:13:46'),('c217bd3fdfdb9b81166a934905b0ecbd568ca3241f8c4edbecd8fd4f3592060a39b23ffca69b05aa',158,1,'focus','[]',0,'2023-04-13 09:58:00','2023-04-13 09:58:00','2024-04-13 11:58:00'),('c23af9e31753083f31e41861c087c9860d45949bed2de4e6c2fe81137cdf00492927872884f8562f',220,1,'focus','[]',0,'2023-05-25 09:36:57','2023-05-25 09:36:57','2024-05-25 12:36:57'),('c29a2fdf3669b565d06ee21c98fc33dbfb928ff2707d86ab7b3eea7763503636319bf1c4f745fd85',73,1,'mazraa','[]',0,'2022-09-28 09:16:33','2022-09-28 09:16:33','2023-09-28 11:16:33'),('c2bd97dabbbeb68a317597c6fd7b8443994e82108d1367f35661db4309891a813906f5d466ff3dcf',403,1,'focus','[]',0,'2024-06-29 10:46:11','2024-06-29 10:46:11','2025-06-29 12:46:11'),('c306b3ab9820786f4a45d721b60c793e1761decc466968e29163fd51fd9c33e7d5d5c06e0cb845fc',11,1,'mazraa','[]',0,'2022-06-23 08:08:28','2022-06-23 08:08:28','2023-06-23 10:08:28'),('c39dcd129536be45cf366e4462b403a8b9ce32976c1c2826c3c2f09971e18583c2db0799c853bc64',73,1,'mazraa','[]',0,'2022-09-28 09:11:06','2022-09-28 09:11:06','2023-09-28 11:11:06'),('c3d9c6d1fa738da11a7a131f868212652e3ed634e66df153457386a83059a52df8d029bf1b032a90',92,1,'focus','[]',0,'2023-02-18 19:07:53','2023-02-18 19:07:53','2024-02-18 21:07:53'),('c41c0cba6c6f3db0939134d2fab84ffefe763c127d88d1fbcc9aeefa4fb1f60675cd9125cc2ae9b6',86,1,'focus','[]',0,'2023-02-17 08:57:26','2023-02-17 08:57:26','2024-02-17 10:57:26'),('c41dc7fba4a39d078160a70b5edb9cf0a210bb9012eaa4a064f703b40a0cfbcf7e9151982607cb33',145,1,'focus','[]',0,'2023-04-10 05:43:13','2023-04-10 05:43:13','2024-04-10 07:43:13'),('c43cdc22ff0345beefd44e3de66c82996617cb68073a69e43ef54f3a18a05c1aa9a3ce277ebb46a2',386,1,'focus','[]',0,'2024-05-27 00:32:28','2024-05-27 00:32:28','2025-05-27 00:32:28'),('c45345434033191329580dfbfecf1e536b5d9fbe7d6d6a7c581f2ac19ddd906d452ba8c504a43bb8',81,1,'gold','[]',0,'2022-10-29 08:32:12','2022-10-29 08:32:12','2023-10-29 10:32:12'),('c453a0a2c2a645bc8cbbc36112023f8d99af264d944e22175f768fc367e1c667197f159367428afb',152,1,'focus','[]',0,'2023-04-12 05:31:34','2023-04-12 05:31:34','2024-04-12 07:31:34'),('c47a71b8163aa6efeb49be5f13f6ff0df4cfea8c1f92b3e41254824fd36733ebe781921462f6b39a',135,1,'focus','[]',0,'2023-04-09 10:28:31','2023-04-09 10:28:31','2024-04-09 12:28:31'),('c4a270d8a8b3cc60b3c4d6144f0d5d9cdc64c235a82abf1ea28f76e94a5fdbc0d3a78bf6ee78fc23',353,1,'focus','[]',0,'2024-04-30 14:57:00','2024-04-30 14:57:00','2025-04-30 14:57:00'),('c4ac4ca588d0afa33ef29d57819a33115f3779e4edcb19d93d67328b1024f8bf8f810a1b0a5aa15c',424,1,'focus','[]',0,'2024-10-08 15:40:53','2024-10-08 15:40:53','2025-10-08 15:40:53'),('c4ad389550b82ab337e79d668a43715fbaba2040c1b2e5f0df8a2e807098bff46fc8dd9908aad77f',148,1,'focus','[]',0,'2023-04-13 10:53:01','2023-04-13 10:53:01','2024-04-13 12:53:01'),('c503071135b3d53f8e576cc15a137fa1303a3ddfb5104d4bf5a2497a5726f8aac3dc224ba706ee46',315,1,'focus','[]',0,'2023-10-28 01:32:09','2023-10-28 01:32:09','2024-10-28 01:32:09'),('c515be08eb0c0749398064b7c0cd9386235eb59e0c30efe9cefe83a61b8ce1e4f13556aaada3ffc5',87,1,'focus','[]',0,'2023-02-17 09:04:40','2023-02-17 09:04:40','2024-02-17 11:04:40'),('c54644e7315bf9b9ba28a2db3c2ea9a59c3c3df7ab5d54d8e714122874a72ca25ff0b3971a6aebc7',98,1,'focus','[]',0,'2023-02-21 10:19:34','2023-02-21 10:19:34','2024-02-21 12:19:34'),('c5a9e304b9e46055cbad9b6c29796c025e42d772a8e46d6700302a6df3153f47170e9a089428364c',155,1,'focus','[]',0,'2023-04-12 15:15:08','2023-04-12 15:15:08','2024-04-12 17:15:08'),('c5effad1a59edb2e1db886bc638c45901ca08db9b9565a10632ff15d1e7143372ce5f4697fa146af',353,1,'focus','[]',0,'2024-05-05 13:05:25','2024-05-05 13:05:25','2025-05-05 13:05:25'),('c6203778f676e7fe8f869b36e44abc7742b8a4c902174318f91d8229b1444b21a64f5c294b8ede45',43,1,'mazraa','[]',0,'2022-06-23 09:32:02','2022-06-23 09:32:02','2023-06-23 11:32:02'),('c635a212d0106496136d03887b86815f196f43457710223fe2c70c1fa1223844358ef4e106242fae',148,1,'focus','[]',0,'2023-04-12 20:54:51','2023-04-12 20:54:51','2024-04-12 22:54:51'),('c65891b515cdf1fa7f463216a1f5470e8dd5eda35949ec01782384d6e395f4fb152b73ae9393d60b',165,1,'focus','[]',0,'2023-04-15 20:59:42','2023-04-15 20:59:42','2024-04-15 22:59:42'),('c66e67557ca25a260a2583bda82926097b926b4c75d3c0e258a7f927f47eb7476d017e9858c4b44d',345,1,'focus','[]',0,'2024-04-30 15:10:48','2024-04-30 15:10:48','2025-04-30 15:10:48'),('c694a1b39f72526b76e82850e6d3efe1437cc412864393bd4bf1cc2e7c516ef06dba8997f340fba8',403,1,'focus','[]',0,'2024-06-29 11:47:39','2024-06-29 11:47:39','2025-06-29 13:47:39'),('c745ea2b478a8e6e1a3f4f98704588e62fc2c474bd85b657bf0fd0d0396a339c6bdd302fb43d9ffe',45,1,'mazraa','[]',0,'2022-06-23 09:53:38','2022-06-23 09:53:38','2023-06-23 11:53:38'),('c75d29ed3b0eba10a06d78863649ee94f563f6a0bf2f88c234e31de66aa2f6df149b66091348e035',80,1,'gold','[]',0,'2022-10-29 08:21:10','2022-10-29 08:21:10','2023-10-29 10:21:10'),('c78fdf4bbf80cd7111572d879a075e0fdd213a00251d83051170068e2747d0c8b8670928f5edc58b',144,1,'focus','[]',0,'2023-04-10 05:41:18','2023-04-10 05:41:18','2024-04-10 07:41:18'),('c7bf91c63fdd3f06fda599ddba3ba0e517121d1cf88571fac5d419ae76bbca471bf8b1db598ebebb',412,1,'focus','[]',0,'2024-11-24 16:56:48','2024-11-24 16:56:48','2025-11-24 16:56:48'),('c7cecb861f6963a625f0f16cac97f207dd3e7895386a142016ff716f8ec39e24b3a82bfc866506fd',276,1,'focus','[]',0,'2023-08-16 08:02:03','2023-08-16 08:02:03','2024-08-16 11:02:03'),('c864b06debe184181dca878781117bb627824bc4aa4f665ba881c39d4e2c7a04f1eb7eab6e9a89c2',82,1,'gold','[]',0,'2022-11-20 04:42:41','2022-11-20 04:42:41','2023-11-20 06:42:41'),('c86e1340a3d92038fab0ee4032e8c9aa7d2dec79fb26c809848c06ffe8d026a7f7b2778c3b16de0e',405,1,'focus','[]',0,'2024-06-02 07:56:15','2024-06-02 07:56:15','2025-06-02 07:56:15'),('c8d1abce21cb05c9052aa727d67c880b094e206c269757d9fbdcf61c9234112afed1d6357cb1a91d',97,1,'focus','[]',0,'2023-02-20 14:00:43','2023-02-20 14:00:43','2024-02-20 16:00:43'),('c8e41a0d334daad98f6e4ba846852dda1832531fd0c1f7adf14ab645f77413e15c2789f69750f527',160,1,'focus','[]',0,'2023-04-14 02:44:35','2023-04-14 02:44:35','2024-04-14 04:44:35'),('c8feee1b67c6334a2dba8113f02547b0a501cdecead7b765dc186a5309adf8612545c6f0c99e8712',227,1,'focus','[]',0,'2023-05-29 22:41:07','2023-05-29 22:41:07','2024-05-30 01:41:07'),('c9023475992c55597a3f31c3076c287afced6d82e96dcc0e5b89004807eff12017940d9313bf2c83',322,1,'focus','[]',0,'2023-11-10 17:24:11','2023-11-10 17:24:11','2024-11-10 17:24:11'),('c93836f5d243f1be4ca3eb7ebdbe2c86be223d79f9668a903a723ebed9c87a604bfbc1068a6b7d51',254,1,'focus','[]',0,'2023-07-06 16:55:56','2023-07-06 16:55:56','2024-07-06 19:55:56'),('c94e0cda760f56009d930a67a211c2e6c541309bcac17c669cd9962df57b5935dc96679ceaab49a1',45,1,'mazraa','[]',0,'2022-06-23 10:19:13','2022-06-23 10:19:13','2023-06-23 12:19:13'),('c97bfca31783bc7a632ca721b12368fd22be25cc60d1b3bc195c86d96472946db47b552ba8a2caba',345,1,'focus','[]',0,'2024-05-05 16:53:30','2024-05-05 16:53:30','2025-05-05 16:53:30'),('c9b84b73b57c06e3ddde37884294919d5198bc889a5d479af297185d027151e2b3055433737705e0',85,1,'mazraa','[]',0,'2022-12-14 11:56:53','2022-12-14 11:56:53','2023-12-14 13:56:53'),('c9b8739b8b5f3c69cc8fa9e95a94d585cbb349d22ffb7335711424bbe9156266c9010ebf84c50820',68,1,'mazraa','[]',0,'2022-07-05 10:29:38','2022-07-05 10:29:38','2023-07-05 12:29:38'),('c9d22c1eae837deb5ae4188e77569fc5307b8f728db53938da2ea2496d79a19c35cbacfc3fd3e30d',412,1,'focus','[]',0,'2024-06-29 11:36:21','2024-06-29 11:36:21','2025-06-29 13:36:21'),('ca644b749b76b22b73d646c51d14e77de0d3a8af3ce1abafdf9c2a463765adb1c962c255ffb102ce',353,1,'focus','[]',0,'2024-05-01 00:35:06','2024-05-01 00:35:06','2025-05-01 00:35:06'),('ca982f9527edbe003bcede65ee87568f2fb4338e43593de7b7baa4419ff5d98f8473b164cfcc795d',253,1,'focus','[]',0,'2023-07-05 17:07:40','2023-07-05 17:07:40','2024-07-05 20:07:40'),('cac777ed0aa76503060b927a3f16bab0f04f2cdcf239ae4bd58a34df535c173006a90f21899b77b4',140,1,'focus','[]',0,'2023-04-09 16:24:50','2023-04-09 16:24:50','2024-04-09 18:24:50'),('cb0fcd2c4a3af7b53ce9c29ee7c14e39540a82b07ab03c936049575bcbcacb06e778819f5e69a56a',114,1,'focus','[]',0,'2023-03-02 12:06:32','2023-03-02 12:06:32','2024-03-02 14:06:32'),('cbb03d3cc4850378e136940b45bbad2d9f8963d21d047231db5f52ac7e9f32cab8c3ebbbd08ae1f4',235,1,'focus','[]',0,'2023-06-13 02:04:01','2023-06-13 02:04:01','2024-06-13 05:04:01'),('cbed99b6cc7115e30d54813e8877798917208467c414aa7ddf8f4d3335f723bc7598ad84b725d38f',96,1,'focus','[]',0,'2023-02-19 07:54:41','2023-02-19 07:54:41','2024-02-19 09:54:41'),('cc0b391117c4f050c6e7a059212065d2d3c30d4b42fca0447a703600e06a0401f21a4016fc33e23b',312,1,'focus','[]',0,'2023-10-21 01:02:56','2023-10-21 01:02:56','2024-10-21 01:02:56'),('cc4d7bc3757960cc5f6a3b960fb92a8b9d70c4fc3dd1f9da4f7d58f99c82ed686c1b839c18016d76',377,1,'focus','[]',0,'2024-11-21 10:07:24','2024-11-21 10:07:24','2025-11-21 10:07:24'),('cca2df5c80739af0f6da30f475a9720177f60465e0186d70eef5dd87233d84188e5c23f3fac3e0af',353,1,'focus','[]',0,'2024-05-06 18:33:25','2024-05-06 18:33:25','2025-05-06 18:33:25'),('ccd78aff20b0890aea752e2111e90a69954b8c795003c11fcc1841551aa2f3ab1661c5c75c1b63f5',116,1,'focus','[]',0,'2023-04-05 09:52:24','2023-04-05 09:52:24','2024-04-05 11:52:24'),('cd4db7b84e1c9a26e3e8fd4b113d407d14c2a2281aac586184cd93b6570ce97e575c53c4f97dfae6',239,1,'focus','[]',0,'2023-06-21 17:11:35','2023-06-21 17:11:35','2024-06-21 20:11:35'),('cd5ea40586de486f55c109f63e8faaa2b1c99565bca7ece37c25c604868847cda87ffce43ccab562',187,1,'focus','[]',0,'2023-04-21 00:23:15','2023-04-21 00:23:15','2024-04-21 02:23:15'),('cd64e651c08ff0c5a95506fd60375e345b0701d528b62d7a27154ffbbd6590481eb86933853f249b',45,1,'mazraa','[]',0,'2022-06-23 09:53:57','2022-06-23 09:53:57','2023-06-23 11:53:57'),('cda7360712d692a1ae0fa91438d5e500be9c0850619403c39816102d0c7216bae12bb3a01c395c44',316,1,'focus','[]',0,'2023-10-31 09:29:39','2023-10-31 09:29:39','2024-10-31 09:29:39'),('ce4845c5b90b145a9ac371c1ec8a04f80663c4ff5ff1d831c0ec38eaaee6684875a2720a839a8332',167,1,'focus','[]',0,'2023-04-16 18:47:45','2023-04-16 18:47:45','2024-04-16 20:47:45'),('ce9da06bece0ffdb7c3f8c1be877c45bf20a3008caf066d1885d638524a595d04aaf09f092e02b4a',176,1,'focus','[]',0,'2023-04-18 17:09:18','2023-04-18 17:09:18','2024-04-18 19:09:18'),('ceb2e736f8eaee338b4106902986a05a4807ee76392424b0e25271a6b28c6b3a3fa8d630aea345f6',148,1,'focus','[]',0,'2023-04-13 10:55:56','2023-04-13 10:55:56','2024-04-13 12:55:56'),('cedd8a5480bf5d4237b3552a95cab1d53dece73d6c88006c868de12fdd15ad10f8c60adf30f0228f',145,1,'focus','[]',0,'2023-04-10 05:42:54','2023-04-10 05:42:54','2024-04-10 07:42:54'),('cee2ab726143cfa14033ca31d9ee09f285fdaf2b5291f5984f6897785574c196a2527fda6b5fe84d',171,1,'focus','[]',0,'2023-04-17 17:35:09','2023-04-17 17:35:09','2024-04-17 19:35:09'),('cf32687bf609f48ed473835f7ab467191ff1171f6b521d2ce8fd551ff6328ea9cc1688e4171f978e',331,1,'focus','[]',0,'2023-11-30 07:12:21','2023-11-30 07:12:21','2024-11-30 07:12:21'),('cf40f4c1fe15f5a93c33cbeb3e8dff05c7efe3e27b13d032634a34a2a6191b9fb940de767060896a',208,1,'focus','[]',0,'2023-05-05 12:34:30','2023-05-05 12:34:30','2024-05-05 15:34:30'),('d0f9ca125e505651a6f18ae11c3327923b7900203de005341bc26f5d592093f138fb26e3f743e8ea',377,1,'focus','[]',0,'2024-11-19 13:36:49','2024-11-19 13:36:49','2025-11-19 13:36:49'),('d14e938ddcf06147ea7dd2fcc6fe14f0704bb61a0dc5910999980395c9199ac9d487de0a4b1464ad',412,1,'focus','[]',0,'2024-11-20 15:50:22','2024-11-20 15:50:22','2025-11-20 15:50:22'),('d158316406babe669207f487947e87a642974b397df60e7b9bd46130412175cad02dca92d13af9cd',201,1,'focus','[]',0,'2023-04-30 11:52:08','2023-04-30 11:52:08','2024-04-30 14:52:08'),('d186c3cbddfcf8fbdc8d1715f819d3744f65658d14fff20c5075831f35f47f0654f4175eb044e3eb',409,1,'mshroee','[]',0,'2024-06-19 17:15:03','2024-06-19 17:15:03','2025-06-19 19:15:03'),('d1f7892e804b0a8a1073a2a4deb8eb2a94b031b1ff1ff7c8bf550b80ebd62857b4a919674f6cf712',191,1,'focus','[]',0,'2023-04-21 23:14:21','2023-04-21 23:14:21','2024-04-22 01:14:21'),('d220071bd1f801f7c4c9bce784ac8d08474610218e97f44dd008a677367cd41ef0487550329e7f9f',153,1,'focus','[]',0,'2023-04-12 12:29:41','2023-04-12 12:29:41','2024-04-12 14:29:41'),('d255d76da103258e9f9da0c3206594746a5d954f9856248ecf7e098af7087cc7230a36e68138f336',153,1,'focus','[]',0,'2023-04-12 15:37:56','2023-04-12 15:37:56','2024-04-12 17:37:56'),('d2a22c8f86d029a1a08959b1f742968c058ab5eadf284798ad7b3a4013b8a4efea9a42d96850ef15',412,1,'focus','[]',0,'2024-11-21 10:26:42','2024-11-21 10:26:42','2025-11-21 10:26:42'),('d2af36fae71c3e16c0c5e4a845ff5192731bc6a3e221c28714a701c1a50f147501ed4a4aba0ff9d3',279,1,'focus','[]',0,'2023-08-23 14:05:04','2023-08-23 14:05:04','2024-08-23 17:05:04'),('d2bd5227c94ed63e620631e1ed770e52e614bb2eb918fb311e7df366f15968b533e804ae2ccdf044',354,1,'focus','[]',0,'2024-04-27 12:56:27','2024-04-27 12:56:27','2025-04-27 12:56:27'),('d2e676bcdd54161c97fa8c5309742865ed2b658fb40b92e40296899ec68fb60f9aa69d1552684228',412,1,'focus','[]',0,'2024-11-19 15:06:44','2024-11-19 15:06:44','2025-11-19 15:06:44'),('d2fe76ab1d2c8580ac6262cc6ba834b889b5702ba44bb3e84557da6359a11abb05f7f2dcde1c8d04',413,1,'mshroee','[]',0,'2024-06-29 20:52:52','2024-06-29 20:52:52','2025-06-29 22:52:52'),('d32160926f55dfc1195cdae2d90551c36b22f628e8f47fd2f8af58f1524046c2e0f696004e754e25',91,1,'focus','[]',0,'2023-02-18 19:06:32','2023-02-18 19:06:32','2024-02-18 21:06:32'),('d378c0ede17f03b285d03a83ac18fa3eda1f44a97450a198e2a9ab17515bfaa5ba00eb9d247cb3ba',87,1,'focus','[]',0,'2023-02-17 09:08:19','2023-02-17 09:08:19','2024-02-17 11:08:19'),('d396a7b8a3c43fee303f2b74dabbc735a606bfd4af45dbae24bed92e679249b441b285566acac7b8',69,1,'mazraa','[]',0,'2022-07-05 12:54:28','2022-07-05 12:54:28','2023-07-05 14:54:28'),('d4074e11989d71f4d4e21aa948530fb79fb8a0016c3679d91187b71ba5c0984c8a5d1fee518b0bbc',303,1,'focus','[]',0,'2023-10-09 10:03:57','2023-10-09 10:03:57','2024-10-09 10:03:57'),('d411cd356bc316d01e6f8454e964a26a5551044908879b9ad891eeee14751782b9d5ed5586189385',440,1,'mshroee','[]',0,'2024-12-05 05:44:33','2024-12-05 05:44:33','2025-12-05 05:44:33'),('d43326e7e089377cd25a76363082ab511ea0fe15083fe6ee11a1e78a645266d7cc212292309b2dd5',345,1,'focus','[]',0,'2024-05-06 13:03:10','2024-05-06 13:03:10','2025-05-06 13:03:10'),('d433559dbdda15aa4c128e2acccbc2ece60cd0bead7d72d8c31ceaf101af149014cf3e319582926e',296,1,'focus','[]',0,'2023-09-27 16:57:17','2023-09-27 16:57:17','2024-09-27 16:57:17'),('d44b11dc418bd896909b96e78f293b06abe4bc3cd7a593f07cd2b482e20568e3449b2ae4f72aa0fd',115,1,'focus','[]',0,'2023-03-07 07:52:32','2023-03-07 07:52:32','2024-03-07 09:52:32'),('d44efdc21678013c90a1b83a949a76b129d431a75fa1194523feaa9b01d1fa9d2cec8bd3133602c1',186,1,'focus','[]',0,'2023-04-20 23:05:16','2023-04-20 23:05:16','2024-04-21 01:05:16'),('d456c8b683a756f6fac1311df445f8baa4b18657f4c4270c21213cc8e186d4c762f9a134a4e6683c',351,1,'focus','[]',0,'2024-04-27 13:20:25','2024-04-27 13:20:25','2025-04-27 13:20:25'),('d473bb1d797b9191f49a4d5b07ad45788fcc1bd05e64bdb5735d0f814d7389b4a502bb873fdcbf85',375,1,'mshroee','[]',0,'2024-05-12 11:48:36','2024-05-12 11:48:36','2025-05-12 11:48:36'),('d488a51c70a8b930ab58581e75285c277e0fd64bcd13f73ecc0095e67c319d84dad43c34df213caa',148,1,'focus','[]',0,'2023-04-12 21:38:58','2023-04-12 21:38:58','2024-04-12 23:38:58'),('d4d76218b21ce411430759fb34ce4da25ff71f307fafc1ec4bdee918f6ca28d4b8d5919e0d15ca15',72,1,'mazraa','[]',0,'2022-09-24 08:51:59','2022-09-24 08:51:59','2023-09-24 10:51:59'),('d5999a75a6f3cbf170aee77d7a7e65d23113a6c5d3343f04e6a220ad893939405544149d2263f651',295,1,'focus','[]',0,'2023-09-26 19:26:51','2023-09-26 19:26:51','2024-09-26 19:26:51'),('d5dd49ae370106426c6e51aede4cdaaa376c442ddba0b4e6211a809d9ef08ff8805660af17452fff',73,1,'mazraa','[]',0,'2022-11-18 09:21:40','2022-11-18 09:21:40','2023-11-18 11:21:40'),('d6176123c92526c07e1c0ca21302e694a6568fdbf84ddcd2e476171be70ce555d8a026ac797e2037',132,1,'focus','[]',0,'2023-04-09 10:09:52','2023-04-09 10:09:52','2024-04-09 12:09:52'),('d69768da77fc82b3ffebe1c9a43d254971c4c8678499351fe1caad00564703a5cb5185f60ddbf731',329,1,'focus','[]',0,'2023-11-29 21:13:11','2023-11-29 21:13:11','2024-11-29 21:13:11'),('d6982bb33eb889932e33c8d806e4f7fa6195183992a13a417c09e4f4ba8581cdb3541c26d57680f6',345,1,'focus','[]',0,'2024-05-06 14:34:59','2024-05-06 14:34:59','2025-05-06 14:34:59'),('d69c0a8f8fc308df50e9940507a2b4cbe2f41c6bfb4cf5da2152ddecf60dfe47ea72d4f8f902e668',96,1,'focus','[]',0,'2023-02-18 20:24:56','2023-02-18 20:24:56','2024-02-18 22:24:56'),('d6db12cff26cb436b34c4aed8a8247252e7ac59c67a485163d7fd9f3777609ff6f821b49cab9b762',118,1,'focus','[]',0,'2023-04-06 06:20:46','2023-04-06 06:20:46','2024-04-06 08:20:46'),('d7489b4ceb7922cbc1dbdfefee1e9c9fdabb07845fe94d31c53f7a2e72dba9eb5e4cbba39fcebc9e',403,1,'focus','[]',0,'2024-10-21 17:58:40','2024-10-21 17:58:40','2025-10-21 17:58:40'),('d812332341ad6dc81303fead0a64f08310e604afceca6ac57773a1c2035015b18eaf1b96ebf81848',71,1,'mazraa','[]',0,'2022-07-06 11:15:59','2022-07-06 11:15:59','2023-07-06 13:15:59'),('d840d69f54ca578fe1d22eb0ca331d3078716352eaef3f514c54af24a14a9c8eceba77d5df1dc56b',116,1,'focus','[]',0,'2023-03-15 05:20:53','2023-03-15 05:20:53','2024-03-15 07:20:53'),('d84ca2e8792513043d00ea6fc4836bdb37841053d5ebf1e2dd3ba7c3b7f4529b13f01a8232b762f3',283,1,'focus','[]',0,'2023-08-28 04:04:32','2023-08-28 04:04:32','2024-08-28 07:04:32'),('d84fd58c51646af86a19a6f3513706b06d24c085317d2ee485cc826ee930cc2ef699d0078516a8f6',99,1,'focus','[]',0,'2023-02-27 05:53:21','2023-02-27 05:53:21','2024-02-27 07:53:21'),('d8631d1ceb8ff76b7e52fd61124241203cc6a4ee10a29468eb3d274697d33433bb19c31732fdaba5',420,1,'focus','[]',0,'2024-11-13 14:41:11','2024-11-13 14:41:11','2025-11-13 14:41:11'),('d87e0f8f49035599139050c08b1e3c89433c24f0b8680f868e93ed35c96c652791d3b0a32ded2f18',215,1,'focus','[]',0,'2023-05-19 20:00:34','2023-05-19 20:00:34','2024-05-19 23:00:34'),('d88a20b5dfca55bb12624dfca6f56f61a4f6397e689c7d0c7a7eea7855ef99cde0791ab7c017c082',377,1,'focus','[]',0,'2024-11-18 15:29:59','2024-11-18 15:29:59','2025-11-18 15:29:59'),('d8b996d78fbe59902fcb6f252d0c6802dd37015a66e4501d535a8e1da4bbe8ece61b85a48c4e07e2',218,1,'focus','[]',0,'2023-05-22 07:34:00','2023-05-22 07:34:00','2024-05-22 10:34:00'),('d914959e32fa21accc8cf3d191cab69c106fb1a6a57b2c53ad6f291775c6b4f12073f1ad8a9b35d0',116,1,'focus','[]',0,'2023-04-09 09:31:36','2023-04-09 09:31:36','2024-04-09 11:31:36'),('d985946d1e66e5e66c7c08dce5bbc96458bd386e06288133b88327e7926f763d64ee0558ca98d340',193,1,'focus','[]',0,'2023-04-23 04:55:21','2023-04-23 04:55:21','2024-04-23 06:55:21'),('d9be1be1d8f7d0dbf70d79c2286f640a6ddfb4d11f72ea6cf7c28a083352b33e1038e3e818aeac5e',300,1,'focus','[]',0,'2023-10-06 03:52:35','2023-10-06 03:52:35','2024-10-06 03:52:35'),('d9ce270f5bf143663d61a6518cd9539046c26f6620a3aa4668129a023cdc4583cdcea94f582c8405',11,1,'mazraa','[]',0,'2022-06-23 08:09:16','2022-06-23 08:09:16','2023-06-23 10:09:16'),('d9daeefdd92b0a61d8f63f487cde78df3ac66b4616cb6a3cd32d1af03c214115724274f877a98362',73,1,'mazraa','[]',0,'2022-09-28 09:24:56','2022-09-28 09:24:56','2023-09-28 11:24:56'),('da264f39433cc66425c7ad03d16883481a141e67f633f747b1c8f5a4e3c12836344296222a05f707',219,1,'focus','[]',0,'2023-05-23 10:37:50','2023-05-23 10:37:50','2024-05-23 13:37:50'),('da8a01373d12e0af7137b46f619e7a0e535c305ca06c364953a7d878df7b8643c2f116f7b057394a',179,1,'focus','[]',0,'2023-04-19 14:31:15','2023-04-19 14:31:15','2024-04-19 16:31:15'),('daa2a90143407df4302998180325cf6939db6c66190f7fa46c05d4d84c2589a9676c274d3aa91cc6',148,1,'focus','[]',0,'2023-04-12 21:59:55','2023-04-12 21:59:55','2024-04-12 23:59:55'),('dac8d3a623c570a14272c6f3011301f5fd847cff3ba133162dc592e795cc2d30bc47184259e498b2',231,1,'focus','[]',0,'2023-06-05 07:53:06','2023-06-05 07:53:06','2024-06-05 10:53:06'),('db86c6be9d17f0c166ed70efe1ebf6418035f77c196c352ea17658c96502656e9fd69fe604b55f90',175,1,'focus','[]',0,'2023-04-18 15:14:36','2023-04-18 15:14:36','2024-04-18 17:14:36'),('db94366df89d97c38469e7b78a34795376b5add9bda129da11127156d3911c289400e6f4f7a6426a',173,1,'focus','[]',0,'2023-04-17 22:52:04','2023-04-17 22:52:04','2024-04-18 00:52:04'),('dbb71703fdd7a1b043e121b4c13f60645e5fb5c2fc4f24cf540a4c2396faf23008fb3f5099ca0ec1',97,1,'focus','[]',0,'2023-02-20 10:48:19','2023-02-20 10:48:19','2024-02-20 12:48:19'),('dbea7f1d7639c0d10702d3d8f6d65490a110919ea8866443d8e02abb1d3cda993285160254c5a3bd',377,1,'focus','[]',0,'2024-06-24 16:32:57','2024-06-24 16:32:57','2025-06-24 18:32:57'),('dc00431e677e58c0818a55b3f277386acb6aa116c255fd59df3a7690155c43d76e2f226f5c2419e7',148,1,'focus','[]',0,'2023-04-12 21:30:55','2023-04-12 21:30:55','2024-04-12 23:30:55'),('dc34256fe5a0a439db8d728d9c57d48f114509ac982141fdaa4567083cb56d3fc860ca6d599f09c5',73,1,'mazraa','[]',0,'2022-09-29 11:04:36','2022-09-29 11:04:36','2023-09-29 13:04:36'),('dc68786a350cd94418d9b522639fe284cbcc26faad4467c5cc4b24979f1f2d57e49aae9344bda032',97,1,'focus','[]',0,'2023-02-19 13:41:27','2023-02-19 13:41:27','2024-02-19 15:41:27'),('dc8768117c5ab1447884bf8ce98e01ea0813573fb55e76dae05eaff9d25f10caefb02bd6da3879cd',73,1,'mazraa','[]',0,'2022-10-01 07:41:20','2022-10-01 07:41:20','2023-10-01 09:41:20'),('dcc26ef7b6dd08734a2e1eb58b3f96241d0a5915e65d532efdf31df8668d3ad830c21f8f8e65ef57',79,1,'gold','[]',0,'2022-10-29 07:50:49','2022-10-29 07:50:49','2023-10-29 09:50:49'),('dd7c306a88bf1dca5ed1c733dd418ebdfd67a9dd54105e4bc539323790f466c3a6291b2a4d9e695d',110,1,'focus','[]',0,'2023-03-02 11:43:21','2023-03-02 11:43:21','2024-03-02 13:43:21'),('ddaeff725be12f8f3252babd6b8fc0a5986b84bdb5110a9e22e13f316ba81d3789e26c8596c0673b',98,1,'focus','[]',0,'2023-02-24 19:10:46','2023-02-24 19:10:46','2024-02-24 21:10:46'),('de7894793610aeb7c783042228c758a969ecebe74c0578caa0e85dc9dc5b4870d6f16aa1ea635fd2',412,1,'focus','[]',0,'2024-11-19 12:44:48','2024-11-19 12:44:48','2025-11-19 12:44:48'),('de875d700d52882f818371fd552eeb1d6638c6f1d75ca64affc51e642985f02c38c77ebd6aa4acc2',114,1,'focus','[]',0,'2023-03-02 12:05:43','2023-03-02 12:05:43','2024-03-02 14:05:43'),('defdc44f38d1564201352c5a163aa174760a172bd80a7e898c22462fc1849ad531c967cba4ad1377',351,1,'focus','[]',0,'2024-04-27 12:48:18','2024-04-27 12:48:18','2025-04-27 12:48:18'),('df5873507cf5272fba3840ca093f644e34121b10e024980f1d86858ae619ea7e22e4a98e07854dcb',386,1,'mshroee','[]',0,'2024-05-12 17:17:10','2024-05-12 17:17:10','2025-05-12 17:17:10'),('df5d5df84d6dd8eb9762b76ba3045c571a7cadc4d047f5757c06207705151f4e4271780952e8cd6f',82,1,'gold','[]',0,'2022-11-20 04:43:30','2022-11-20 04:43:30','2023-11-20 06:43:30'),('df7fdd7baffaa31fcd1dd1431f1a99c947fa45aa3014ec33f4bb0e8ccce23a5e8ce80a9850f23dd9',114,1,'focus','[]',0,'2023-03-02 12:05:50','2023-03-02 12:05:50','2024-03-02 14:05:50'),('dfab831cf2008a41887c60c6e64d43be16fb9a0bc73ddfd8f2546ba9c6f3ee3979079aae1daa5b3a',174,1,'focus','[]',0,'2023-04-18 12:02:54','2023-04-18 12:02:54','2024-04-18 14:02:54'),('dfac1c3e11ee5211373af4e0c35b80992ec23d94937b48668b9ec38d5a6604e5a238eb244495ecf4',115,1,'focus','[]',0,'2023-03-07 16:24:18','2023-03-07 16:24:18','2024-03-07 18:24:18'),('dfb242d38fd3831116c7a8d0a55294d564f3ada060b08a89fc0a1d563abfc93f004497a41eb87bc7',73,1,'mazraa','[]',0,'2022-11-17 08:37:30','2022-11-17 08:37:30','2023-11-17 10:37:30'),('dfdcc3cc37663a233a4aa89493caa8288dbf20a7b569507d87d53a959929f63e2703bc85608f3fc2',264,1,'focus','[]',0,'2023-07-26 08:56:26','2023-07-26 08:56:26','2024-07-26 11:56:26'),('e02ef85ff715f1d29f00523bbe4cc4a70afffff8824d35487797ecef8fb325734a4739d3dd7c67ee',345,1,'focus','[]',0,'2024-05-05 16:54:00','2024-05-05 16:54:00','2025-05-05 16:54:00'),('e092ac87231fbbecd27707a27d3fc5c8032fdfd60cdf1d4a3f741e137ab80ca477189c86236f3745',415,1,'focus','[]',0,'2024-07-02 20:39:07','2024-07-02 20:39:07','2025-07-02 22:39:07'),('e0bb8aaf84f607f50ffdd53522a1d1dda004f449d8e9b468c229b5ca29d9e09e17e305d789901145',433,1,'focus','[]',0,'2024-10-27 17:54:27','2024-10-27 17:54:27','2025-10-27 17:54:27'),('e0c1759b3709af2fefa6865b1a7e7f26e9f1b8de3cce26a1c266c067199ec587c4a3d0d47d0917e5',412,1,'focus','[]',0,'2024-06-29 11:46:50','2024-06-29 11:46:50','2025-06-29 13:46:50'),('e0e88baaa162d63b10b35dac03ff046d84bfc3c077110ae01facc192d01ed4f6781e109ea669b7e3',115,1,'focus','[]',0,'2023-03-12 05:56:21','2023-03-12 05:56:21','2024-03-12 07:56:21'),('e109b8b53dc334d4eb292542b672240ba2a3ae6c29dd13d5399bccd659e4dd5bd8f7bcdfb3f2366e',272,1,'focus','[]',0,'2023-08-09 05:31:13','2023-08-09 05:31:13','2024-08-09 08:31:13'),('e14a03f12c951ca495ecaf02d07a6f052eb7a26a769cedc034ca943dc94c269f784bb6be511bca18',403,1,'focus','[]',0,'2024-08-03 18:16:18','2024-08-03 18:16:18','2025-08-03 18:16:18'),('e159fb2096376d511549cb824bf3da654dbc18972eb7c52ad59beb88eab265d8c3e56d7fcd008ccc',353,1,'focus','[]',0,'2024-04-30 15:17:20','2024-04-30 15:17:20','2025-04-30 15:17:20'),('e183f7a9e6e2e920891e71727a7736d726bc8ab60d4d76734d3976a12e1567635149fed0c93ae1c4',377,1,'focus','[]',0,'2024-10-04 22:38:40','2024-10-04 22:38:40','2025-10-04 22:38:40'),('e1c69633ccc5b393d34bf613be8b82bafd923f98864f350ecca69d9ce9f3f5ca4369f68b5298932e',11,1,'mazraa','[]',0,'2022-06-23 08:03:49','2022-06-23 08:03:49','2023-06-23 10:03:49'),('e1d71251c9283aa22fb4b00bd34771bf6f36a8617461ba82eb6a75fea3c1d4fcefb5728442bdfc95',108,1,'focus','[]',0,'2023-03-02 11:17:01','2023-03-02 11:17:01','2024-03-02 13:17:01'),('e1dd09308d56b44010bd29909e3876f0e8b72b9b4e4107dadce95ac928b5a9d0cdf7f4cf4f254c0d',96,1,'focus','[]',0,'2023-02-18 20:13:50','2023-02-18 20:13:50','2024-02-18 22:13:50'),('e1e7d7d45873b3ef2ffdb57cd18ea0080e49e39d951909d543d09d873cfb82fe94352e54f8ff27a8',116,1,'focus','[]',0,'2023-04-04 16:46:49','2023-04-04 16:46:49','2024-04-04 18:46:49'),('e221b1879b00112dbdff8fd5e5b3569f977b403aca5cb5381e712fb40077c8db9a2d264fcae1f1cb',345,1,'focus','[]',0,'2024-05-06 12:43:03','2024-05-06 12:43:03','2025-05-06 12:43:03'),('e296aa8088924eed2fd7199d0f9ef336322b542a594c940811692e1db655fd48fc0e53b7dacf2d3b',73,1,'mazraa','[]',0,'2022-11-01 07:24:23','2022-11-01 07:24:23','2023-11-01 09:24:23'),('e29f0e199bd596d75cac9367126a722fe84ef24445e6724e53f13fb92c9a9c6ba81d7c6ae734ec3e',400,1,'mshroee','[]',0,'2024-05-27 16:27:10','2024-05-27 16:27:10','2025-05-27 16:27:10'),('e2eee60cf2bda675c81a95abe973c388be0f51c5978c3a752c7aa99c468023f27c097d7b432cae6a',377,1,'focus','[]',0,'2024-11-18 15:12:09','2024-11-18 15:12:09','2025-11-18 15:12:09'),('e323ea6ce0c789996e91d0b39f61a3591f8040fd9510768e68a83e86040984348442a42df047c3e9',11,1,'mazraa','[]',0,'2022-06-23 08:06:59','2022-06-23 08:06:59','2023-06-23 10:06:59'),('e3454169bcacb5c11db49047af6835949fa54b0bda1c4faec109aa6b4033e48676896ca01d3fa437',229,1,'focus','[]',0,'2023-06-02 13:49:04','2023-06-02 13:49:04','2024-06-02 16:49:04'),('e3af99039c84cb7bfc391eb42e30368a099668310f822e1a31e33f61331bb34d037f6d455df3ba3d',106,1,'focus','[]',0,'2023-02-27 18:03:05','2023-02-27 18:03:05','2024-02-27 20:03:05'),('e3b7f5243ad9c71a6d7f8ce3867a360e849761e882bc775bd5e9a811701ec750e7d7e9bcab87a3f6',108,1,'focus','[]',0,'2023-03-02 11:22:18','2023-03-02 11:22:18','2024-03-02 13:22:18'),('e3bbf744c516c78b4418326d29aa3ed6e3294954d0fbd7bf7e8a653463c57219b4919e34b04428ee',154,1,'focus','[]',0,'2023-04-12 09:42:16','2023-04-12 09:42:16','2024-04-12 11:42:16'),('e434a3a5daada178f2a821fa5959b855457cae36dddcdd71a02955d0e968a24ffdfb5b55bddaf1c5',96,1,'focus','[]',0,'2023-02-18 19:50:04','2023-02-18 19:50:04','2024-02-18 21:50:04'),('e46d7989bccd9f96ab410f92536d38738f995688e274ade2cff5193a0da265212771c443886d7eda',81,1,'gold','[]',0,'2022-10-29 08:50:07','2022-10-29 08:50:07','2023-10-29 10:50:07'),('e4b6820dadd332def4afb6dab79dfe284adfb47f6e1843090e696a52a28ac33588d3e133782bc780',73,1,'mazraa','[]',0,'2022-11-01 18:45:22','2022-11-01 18:45:22','2023-11-01 20:45:22'),('e529d6207dc548be2d9826efc94c8fef42fc6d93b1d5479543d0f54a04ac5cb7baa3ef58974d7fc2',43,1,'mazraa','[]',0,'2022-06-23 09:31:32','2022-06-23 09:31:32','2023-06-23 11:31:32'),('e52ee2a6f8a1c2974ba9d989cdaf721d7879c4e0454a154086bae0952587199dd4b54a916d195fc1',260,1,'focus','[]',0,'2023-10-05 16:59:01','2023-10-05 16:59:01','2024-10-05 16:59:01'),('e54ddfff1688ce8bce303c9b75b9527e800e798f1b28a442bf74bd1f2faf32dca8775db6e7bc8c26',11,1,'mazraa','[]',0,'2022-06-23 08:02:49','2022-06-23 08:02:49','2023-06-23 10:02:49'),('e59fc9da75f30b08b461dfcf49f36150e66466180666bad9be253fc3bcb4fdb1fe3bb98f0306ef44',138,1,'focus','[]',0,'2023-04-09 10:43:14','2023-04-09 10:43:14','2024-04-09 12:43:14'),('e5e51d1584ddb1495fe60ecc183de7d7d059b71f9f358abc097a5b173af5ea3d0177db75cef312c8',196,1,'focus','[]',0,'2023-04-26 01:30:37','2023-04-26 01:30:37','2024-04-26 03:30:37'),('e5ff0c49fae385b0275e0f87e0933118d88c59dcee36a05d90ec68eaa2003f1ebf0a78ebe936c3b0',247,1,'focus','[]',0,'2023-07-01 23:01:22','2023-07-01 23:01:22','2024-07-02 02:01:22'),('e61776ef985475d352a4b5f4e72cf28db29819848e2e28f37404924e935e77f1b84608c5982a6425',101,1,'focus','[]',0,'2023-02-27 06:17:03','2023-02-27 06:17:03','2024-02-27 08:17:03'),('e6561661f9c426dbeda0913ad0d346ace15daeac01d2aef3b3293d572f10d6868dc9f0bfea349b10',321,1,'focus','[]',0,'2023-11-10 15:51:19','2023-11-10 15:51:19','2024-11-10 15:51:19'),('e681093ff41aba08c04c36994f73e4381c074da2440cfdddcae28bd13a5cc805a018408d087c10af',9,1,'mazraa','[]',0,'2022-06-22 10:17:54','2022-06-22 10:17:54','2023-06-22 12:17:54'),('e68dd2b362b3035b0ca03b7c495d3e0e2a80397c0f7aadc734942dd8a8479eab7fcee16ce4fdea0e',150,1,'focus','[]',0,'2023-04-11 06:03:07','2023-04-11 06:03:07','2024-04-11 08:03:07'),('e6b542df75adacdb514c2a5729026b0f35633419406237607322b6dbc391dccd165150f177251f21',358,1,'focus','[]',0,'2024-04-27 13:44:40','2024-04-27 13:44:40','2025-04-27 13:44:40'),('e6be750fa3896fdbb264773e389ed60eb8af1b5d31683d4d7ea18f93f20ceb55ff1ed4c089ec9b55',43,1,'mazraa','[]',0,'2022-06-23 09:50:56','2022-06-23 09:50:56','2023-06-23 11:50:56'),('e6e340153f99f8adae5899a64ead2720412302528e52126b907ba0e083c7a444cbca0bd23f4734ea',168,1,'focus','[]',0,'2023-04-16 20:04:57','2023-04-16 20:04:57','2024-04-16 22:04:57'),('e6f80fdf4251ad2ae4f3342625f889d6e780cf4a30e8fcb93a4c650e4d80dba269e12dd18162ea09',116,1,'focus','[]',0,'2023-04-09 09:18:08','2023-04-09 09:18:08','2024-04-09 11:18:08'),('e717716de356348ea244f5eba8a621cfc4500f60271f2b15c3a846fb261364e33cd3d4c88c40b668',233,1,'focus','[]',0,'2023-06-07 09:56:20','2023-06-07 09:56:20','2024-06-07 12:56:20'),('e77c87da03e86d226af2df9da04d997c922fdfeaf6399f0aa81596f472753f9f8e3e976aec934041',98,1,'focus','[]',0,'2023-02-21 09:02:37','2023-02-21 09:02:37','2024-02-21 11:02:37'),('e79865665713d901025681155f79f345f4fc11dfb3c971e3d8d9f076bca650cd0cc5de2a6ef6fe82',97,1,'focus','[]',0,'2023-02-19 09:39:46','2023-02-19 09:39:46','2024-02-19 11:39:46'),('e7d5e4a6b2dec9e8ba4b596f5d653bd58f52ff3ba4ba803ddd8701b42a304eb1db64b671e6495b2d',345,1,'focus','[]',0,'2024-04-03 11:23:36','2024-04-03 11:23:36','2025-04-03 11:23:36'),('e886fc503c555caa58d35bfe0f5927092f82104a7ffd9da9c8bb366402bcb056847f826ea8017a0a',44,1,'mazraa','[]',0,'2022-06-23 09:39:52','2022-06-23 09:39:52','2023-06-23 11:39:52'),('e8880facb340db676c2c8eac50bb2745678a02ea3b8980e70211175e18f67a9a49d71b92c4f250d0',345,1,'focus','[]',0,'2024-05-05 16:54:19','2024-05-05 16:54:19','2025-05-05 16:54:19'),('e888c65f1e1e8222ae6d69ac9f467a10cdc95018974f3f5cb8442d7726236a345fe3ef1ee9d02124',353,1,'focus','[]',0,'2024-05-06 14:58:56','2024-05-06 14:58:56','2025-05-06 14:58:56'),('e8a3a3c0841c0485c64026574d85ebc958b15471d55a2c94b8becc0ed994aa778e86523966ba7369',436,1,'mshroee','[]',0,'2024-11-06 07:33:04','2024-11-06 07:33:04','2025-11-06 07:33:04'),('e8aa74b186e3edca984fbb53c76dc91388e3ee9326c1228aa15f890baef42482d735fadd23d462dc',137,1,'focus','[]',0,'2023-04-09 10:37:27','2023-04-09 10:37:27','2024-04-09 12:37:27'),('e8c2952a3cad1e9da1fff4e05fd07ed4ae42d2d8cdac24050e25cc9578b0f4b3d3f04f2df0dfd983',228,1,'focus','[]',0,'2023-05-30 01:57:29','2023-05-30 01:57:29','2024-05-30 04:57:29'),('e92a0455770abf33d337a92b5de73383a07fa85a7afba868d1065dd774b5757d56550e0a957c4076',405,1,'focus','[]',0,'2024-06-03 14:02:35','2024-06-03 14:02:35','2025-06-03 14:02:35'),('e92bd48abd53d753053bd44615dc3b52a9da0687c22d7052b37692bc1629b254f03de12898d8bd46',345,1,'focus','[]',0,'2024-05-05 13:07:03','2024-05-05 13:07:03','2025-05-05 13:07:03'),('e9632a530cfa31ae3801b1db44ee9d11642d9dcdaae0b35cdaf3be15ecc11a261528eac1daff1343',111,1,'focus','[]',0,'2023-03-02 11:53:41','2023-03-02 11:53:41','2024-03-02 13:53:41'),('e99eb507872fbdd33017d3ce84898174fccf914c25ee1590b30e4aa004f0c57b73bb23f21db83c4b',89,1,'focus','[]',0,'2023-02-18 07:14:51','2023-02-18 07:14:51','2024-02-18 09:14:51'),('e9a0ad4ff61e8ef2e69d324865724ea8273f6a1416091d8ab4229422dd2aacb70cfee7962dc75e03',15,1,'mazraa','[]',0,'2022-06-23 08:14:41','2022-06-23 08:14:41','2023-06-23 10:14:41'),('e9a7ce8e8a01b7c8e389833be41b2822da813ad4921c4c047764b907f08746eb33692c4819800ae9',133,1,'focus','[]',0,'2023-04-09 10:16:49','2023-04-09 10:16:49','2024-04-09 12:16:49'),('e9c8d32d28dd8a67a2b87d988d34e23e04fe714f165fc963f5c1748677fa42bb5081bb6dc6f3f91f',89,1,'focus','[]',0,'2023-02-18 07:24:14','2023-02-18 07:24:14','2024-02-18 09:24:14'),('ea869672feda7e9e4b8dcce9bdf5ae8bc7a937ae08cb514b288190b06625a6d6c5d4120d5cfb6041',196,1,'focus','[]',0,'2023-04-26 01:30:49','2023-04-26 01:30:49','2024-04-26 03:30:49'),('ea9a23a702a221cfc5257728c9ee9e9979498ae8ce8ac3b0e1ddb2af456af356124eac69eb2029da',148,1,'focus','[]',0,'2023-04-12 20:52:52','2023-04-12 20:52:52','2024-04-12 22:52:52'),('eb9b51402c35738b51892d30a6d8f3b086553bc26f3023fe1d452ae8882985c1d33c267a4d2b30c0',59,1,'mazraa','[]',0,'2022-06-27 07:58:28','2022-06-27 07:58:28','2023-06-27 09:58:28'),('eba79678bf6013d904fc46cc18c50522d553733079abf52711ffb716fee7b463e8e1b99f3cdd237a',11,1,'mazraa','[]',0,'2022-06-23 08:07:45','2022-06-23 08:07:45','2023-06-23 10:07:45'),('ebd5c0654ffa61e9fb2057944e9bb4700e817e9ba6d25d8c9d60a0c9b5e1570f4f7290c2e85a5ac9',265,1,'focus','[]',0,'2023-07-26 15:20:06','2023-07-26 15:20:06','2024-07-26 18:20:06'),('ec7b2d8e3fc7cea65ed5c403d89e11fe1e9778866a10237625f7478eb1a713354fbb75528c941e14',73,1,'mazraa','[]',0,'2022-10-01 15:53:14','2022-10-01 15:53:14','2023-10-01 17:53:14'),('ecb83b3601eb723c61d13ee3ee2693b4a12337a08128b1eb0f17507c96cff6b5a36782ebe8cb8f7d',116,1,'focus','[]',0,'2023-03-13 18:31:29','2023-03-13 18:31:29','2024-03-13 20:31:29'),('ecd811d49ee8e6e1c50d156953e8a7374a4f673a0ad237ca3c5c63e58b2b4e88a6593e2f3ebc80f7',213,1,'focus','[]',0,'2023-05-12 20:52:17','2023-05-12 20:52:17','2024-05-12 23:52:17'),('ecec89e57fa58a8ae83086211b739e001415cc458394e461450444a8bad50766339f0f3807f20d1a',302,1,'focus','[]',0,'2023-10-08 09:27:05','2023-10-08 09:27:05','2024-10-08 09:27:05'),('ed120cfa51a7253200e3cbbcb6d7dc58c14fcc2b9f59f5306378a00e43e1f1c193066b0225ecfbe9',406,1,'mshroee','[]',0,'2024-05-30 17:56:03','2024-05-30 17:56:03','2025-05-30 17:56:03'),('ed7d53db3d52fe98ba55a1eb439fad19142e5fe9ef466f7fbcd5be721e2d9b31c47b441431675ac4',163,1,'focus','[]',0,'2023-04-15 10:56:27','2023-04-15 10:56:27','2024-04-15 12:56:27'),('ee70e945b1403672bc42eedf39fbbc71ef1cb30c11acc8613385299a8c127b350d751b79a4692683',353,1,'focus','[]',0,'2024-04-30 15:14:20','2024-04-30 15:14:20','2025-04-30 15:14:20'),('eeaa07ff9c9865481965defdfbf1827c1d757f62eeba406b7af46f4194f56e8ef9c3c84777459ae0',345,1,'focus','[]',0,'2024-05-06 13:11:19','2024-05-06 13:11:19','2025-05-06 13:11:19'),('ef04f0536fee5a5a8bf3d3dd1efcc669b77b48ae3083d9e71683a12b931d393a9c48f883b002b225',116,1,'focus','[]',0,'2023-04-09 09:53:31','2023-04-09 09:53:31','2024-04-09 11:53:31'),('ef66dd45ae39382e399bdcfaeec9629be2e2178fc957e540e813039be2d264c6b9d5e29031a111e1',417,1,'mshroee','[]',0,'2024-08-16 12:04:46','2024-08-16 12:04:46','2025-08-16 12:04:46'),('ef6c0f12c5a10a24c5e48e6ba61273ec55b9d2b7863ce0e8a934d7a0fe131ecb9323dd5a4ff51576',322,1,'focus','[]',0,'2023-11-10 17:24:00','2023-11-10 17:24:00','2024-11-10 17:24:00'),('ef91337522b413fe5dcdcc233ce7614ea3e6e2e2fb8aa3d7b2b3de1b15b21c1399933ca3009a92ce',97,1,'focus','[]',0,'2023-02-19 08:41:56','2023-02-19 08:41:56','2024-02-19 10:41:56'),('efa78c98be8f5e7061c7e6e5295763113151f5708c6dd00d59e8d2d375c717c6b4eab65ecda25963',118,1,'focus','[]',0,'2023-04-06 08:41:10','2023-04-06 08:41:10','2024-04-06 10:41:10'),('efbf059ef7f152ce98304b138d2e65afffeb71eec8c7f0e21110f584c15a88eaa50158af0ae25e64',415,1,'mshroee','[]',0,'2024-07-02 20:38:53','2024-07-02 20:38:53','2025-07-02 22:38:53'),('efd8db703f6d51410dee305035ef7fcc3f9f8e828083b71b73c3b74a812b36a78b1d946f6335f210',109,1,'focus','[]',0,'2023-03-02 11:39:41','2023-03-02 11:39:41','2024-03-02 13:39:41'),('f010535d19fe75e4d86efa08d5701446db1fdb6b31aff57ca5eb15e38544421d4a13ca8d5101de71',155,1,'focus','[]',0,'2023-04-12 15:15:08','2023-04-12 15:15:08','2024-04-12 17:15:08'),('f01efa440c20468d07c30a2b54fdba1509d50e497640bda526b19790c002f03caef5972cae434edb',353,1,'focus','[]',0,'2024-04-27 12:56:02','2024-04-27 12:56:02','2025-04-27 12:56:02'),('f0f33ed03ac8b99e195c5dc8b014af222e6b03ea81dda424872808374c13fd139f87af3642877d10',9,1,'mazraa','[]',0,'2022-06-22 10:17:35','2022-06-22 10:17:35','2023-06-22 12:17:35'),('f0fa696d520fda258a29dfcfcc5bcfe2550edaa635636549f0709b2f718ee1bfd397be3f472dfbba',97,1,'focus','[]',0,'2023-02-20 06:44:30','2023-02-20 06:44:30','2024-02-20 08:44:30'),('f102ae0368362c2a1289c81a73f0805664c0bfe8f72ac64c52d363ecf383b814e6c7af6c660d710c',98,1,'focus','[]',0,'2023-02-21 08:55:38','2023-02-21 08:55:38','2024-02-21 10:55:38'),('f13159781d519375c450b6ceb8f5d897bf3e904611fe6898618efa91863695737ebd51f83e4290bd',73,1,'mazraa','[]',0,'2022-09-29 05:44:59','2022-09-29 05:44:59','2023-09-29 07:44:59'),('f1600e3c323aefe8a7a3a22b3240285bb5986c39be3d34702a13f2ec221ad68f3160b25c5bfb4a68',412,1,'focus','[]',0,'2024-11-13 16:47:13','2024-11-13 16:47:13','2025-11-13 16:47:13'),('f1609eaa7aa93a02fc58d503a391f09ecbd2a2f8af64997fbb9e1aeb9b8cbe27a9fbda38e00bcb8d',73,1,'mazraa','[]',0,'2022-11-17 08:05:07','2022-11-17 08:05:07','2023-11-17 10:05:07'),('f1da9d756abc0c2bc8555aad8668fb1664dd41ea369b7c023dc22569ab5477ed66ab515414d3935b',412,1,'focus','[]',0,'2024-11-13 16:44:39','2024-11-13 16:44:39','2025-11-13 16:44:39'),('f2164bedb6107a5d8dd8e41f5848d6ad6d96a0024073a953bfddc2aa35f1322af733d60680225dde',181,1,'focus','[]',0,'2023-04-19 22:17:43','2023-04-19 22:17:43','2024-04-20 00:17:43'),('f22e8ea2e7bdb5dd0128f0fdea4cfb84b921de60ffe09e3514693e225d559dccb90b0f153c5b788d',190,1,'focus','[]',0,'2023-04-21 22:51:19','2023-04-21 22:51:19','2024-04-22 00:51:19'),('f23884be8aa22475ade170b6f827ce05b645e91ff01ae5816ec59e42ad6f84cae172dcccd2df3658',73,1,'mazraa','[]',0,'2022-11-17 08:10:29','2022-11-17 08:10:29','2023-11-17 10:10:29'),('f2e525c1c1dd1efff2438fbc1e43d873b2b8f8fd50f3dedf4214f31447c2b656033a4bfb268332c8',115,1,'focus','[]',0,'2023-03-11 11:47:05','2023-03-11 11:47:05','2024-03-11 13:47:05'),('f386b7c2f5001918bea0a2b6395b0bbfd42fea1b8a2083a5f5b057533dceff60fd33ee69aefea8ee',242,1,'focus','[]',0,'2023-06-26 16:44:39','2023-06-26 16:44:39','2024-06-26 19:44:39'),('f3e3c08b43a2952db7d64bd94b5f08e64a31f5dcffdaf31a35c907503fb5b82e9c6397b2d6c77d28',345,1,'focus','[]',0,'2024-04-03 11:23:22','2024-04-03 11:23:22','2025-04-03 11:23:22'),('f3ea2e66d3577f391b865595213ecebc365da5d4e76b9ebae049fd95972368eb09a4ef9fe5b45b72',272,1,'focus','[]',0,'2023-08-09 05:31:41','2023-08-09 05:31:41','2024-08-09 08:31:41'),('f4079c16809ac556ec0b57fc184395a7f51c2afd8b742b905cce335b2c45486ff152b3d679766969',244,1,'focus','[]',0,'2023-06-26 22:12:09','2023-06-26 22:12:09','2024-06-27 01:12:09'),('f40a8f8412f13645df936c232a341a5547f9ee071a7a7fe9ec9d7dde1041c941f5387f4af32f4392',412,1,'focus','[]',0,'2024-06-29 11:40:18','2024-06-29 11:40:18','2025-06-29 13:40:18'),('f4163cf8e60fd943692305fe0f391bc08750960661e2938cf764d5721f6aa8cd6f2a779997e35935',120,1,'focus','[]',0,'2023-04-09 08:46:14','2023-04-09 08:46:14','2024-04-09 10:46:14'),('f43f01904a2b37d392a18a12b7b5397afbc891890ae3ce7af1cebc54c6d862c45f1af97570341327',410,1,'focus','[]',0,'2024-06-24 12:40:48','2024-06-24 12:40:48','2025-06-24 14:40:48'),('f49db721236ff43079ba13e5ca25e68b2e208151064930a5bc24902a1c895fb9c6e591401365fdea',301,1,'focus','[]',0,'2023-10-08 04:19:40','2023-10-08 04:19:40','2024-10-08 04:19:40'),('f49fc8614dae837ae1b6b12d4723113a3a185812fbe8be5852ac1f2671906e5987fade8e7f40061c',177,1,'focus','[]',0,'2023-04-19 06:29:48','2023-04-19 06:29:48','2024-04-19 08:29:48'),('f4e0a3060d9150316f2da97327c2f6308c22c929023d353aa873119bd81ce2eee6c8200689b43638',309,1,'focus','[]',0,'2023-10-17 07:13:58','2023-10-17 07:13:58','2024-10-17 07:13:58'),('f5326c77fcb5162926d684cd8bc74d868ed68f3dcf671b5c0af67e6873266055d145c4b728fbafa4',420,1,'focus','[]',0,'2024-11-19 17:40:32','2024-11-19 17:40:32','2025-11-19 17:40:32'),('f55a28811062e8738cd459845deaac26cb0df1cb1b1f88dcff8d0a0c62f267521efe64d508421d1a',98,1,'focus','[]',0,'2023-02-21 10:22:59','2023-02-21 10:22:59','2024-02-21 12:22:59'),('f56c4a9989ddec271d4861c70bb0be28485e26b69bea611cafd207f29219a02f2e863b3b286be9aa',263,1,'focus','[]',0,'2023-07-25 12:14:19','2023-07-25 12:14:19','2024-07-25 15:14:19'),('f5898a83bdadc108fca0329f0f35a9f8533a1850b5be9179a3d897a5a9b30f4b562a2f559af2232f',96,1,'focus','[]',0,'2023-02-19 08:06:15','2023-02-19 08:06:15','2024-02-19 10:06:15'),('f61c3f4b2425707e03e623992647b69a8dbc2a1aa23c29e15f7c2eb72c50592979f558a8c5ef6933',81,1,'gold','[]',0,'2022-10-30 08:04:54','2022-10-30 08:04:54','2023-10-30 10:04:54'),('f62f620d936869f1b1963038b9aa8ef16aafe5f3c668a5946cec2c19a6be455b247bdf74312b3ed3',97,1,'focus','[]',0,'2023-02-20 06:14:16','2023-02-20 06:14:16','2024-02-20 08:14:16'),('f6428351e9b7ecfb7653245e36f3205631a64d2b8a59768865c2d885cfe427e447d91a809a7e2a53',71,1,'mazraa','[]',0,'2022-07-06 11:15:24','2022-07-06 11:15:24','2023-07-06 13:15:24'),('f644b28a44557bdfb4053e8bfdd04fefe1c1a4495648f801f600933dd46fa1e063e0c6b780091dd3',87,1,'focus','[]',0,'2023-02-17 09:10:32','2023-02-17 09:10:32','2024-02-17 11:10:32'),('f6836a6ba1026909923019dd6cf36e2c214f0e61a19f0644d6023d3dc6b585d4193b157ee4f7cfcd',9,1,'mazraa','[]',0,'2022-10-01 08:15:48','2022-10-01 08:15:48','2023-10-01 10:15:48'),('f686837d3a167edc44332c634084d3af38fbef5a09ce767136dff03629dfa5c6d8097004aa3eb3a0',182,1,'focus','[]',0,'2023-04-20 13:52:32','2023-04-20 13:52:32','2024-04-20 15:52:32'),('f6e8ba652a5c11c1bcea9967e00271830a446f6cf5b5609635dadfbfd06c8a77a3d66d8fe61cd0ca',96,1,'focus','[]',0,'2023-02-18 20:30:36','2023-02-18 20:30:36','2024-02-18 22:30:36'),('f70e955e486599c8e9847ac64f3946e10dce5c1c50d293ee735202c455d15dcd854fdedd2e8439d8',377,1,'focus','[]',0,'2024-11-12 23:50:22','2024-11-12 23:50:22','2025-11-12 23:50:22'),('f74ddef1f650aaa0f3568a6471543dbce06ece6d66443c0613a0dfae463a60a3b7c483b61b5b62a1',199,1,'focus','[]',0,'2023-04-29 23:02:48','2023-04-29 23:02:48','2024-04-30 02:02:48'),('f78a37d8dbe9d97b86926d468a4e6c9a41a163b8f78406372e6445092a7c589fce30981086712728',66,1,'mazraa','[]',0,'2022-07-03 10:43:49','2022-07-03 10:43:49','2023-07-03 12:43:49'),('f7c37698d6805dc9176de721061fd2f2a3e6414cbe76e68fed915c76ca3c8d376ac766998ea0d105',148,1,'focus','[]',0,'2023-04-20 16:11:34','2023-04-20 16:11:34','2024-04-20 18:11:34'),('f7dc06e88ee8cfc39e01c3f54fba920c5ab6bcd53dac3074d3587f8746c91554db8da19d799d1be3',345,1,'focus','[]',0,'2024-05-06 12:14:52','2024-05-06 12:14:52','2025-05-06 12:14:52'),('f835fb87e1378b456752baab60b8d742a807dfd6c79a0f5475a5aaadb4e50e17197966f90c05af0b',425,1,'focus','[]',0,'2024-10-04 22:39:25','2024-10-04 22:39:25','2025-10-04 22:39:25'),('f8cf2196c2c5540e30c5527136b0b84a8b6985874eb5e2156839de3c3e1647716356e62231e52a2f',208,1,'focus','[]',0,'2023-10-31 12:29:55','2023-10-31 12:29:55','2024-10-31 12:29:55'),('f8ec4c9b8bbfd78ede685e057605340d9153970263d7b7f00c9ee5144e787c4acf8a007e94be9fa1',19,1,'mazraa','[]',0,'2022-06-23 08:25:52','2022-06-23 08:25:52','2023-06-23 10:25:52'),('f95c700db23cfe23235d27b9ef66e92ba89e4913b8c785e055ea85a8cb6e2f42e4c2dc8c3ee0c122',377,1,'focus','[]',0,'2024-11-21 10:44:12','2024-11-21 10:44:12','2025-11-21 10:44:12'),('f993df5728b6a1fc6c0a69dec28c5422fcc45f5808bc4164a4acb8614dcbdc399874a74300ea03cb',180,1,'focus','[]',0,'2023-04-19 19:44:50','2023-04-19 19:44:50','2024-04-19 21:44:50'),('f99ca1c83a6d8c0600e49a8d93f6b2b86ce5ce4743e1c4a4725678d86309bb455045de563c232212',73,1,'mazraa','[]',0,'2022-09-28 11:38:53','2022-09-28 11:38:53','2023-09-28 13:38:53'),('f9dfa3a1f530cfa39e9c4de557819c456a830b937a1b8315c8e2ae1f9c76d032189b7238818e17ad',405,1,'focus','[]',0,'2024-05-30 13:05:08','2024-05-30 13:05:08','2025-05-30 13:05:08'),('fa17147bc0a52b5c21d5dec4e37f024cd6cce30ec807a6fab5240e52e999ca86182b1bb0eb42bac8',206,1,'focus','[]',0,'2023-05-03 08:56:13','2023-05-03 08:56:13','2024-05-03 11:56:13'),('fa59f55de52de240d7de87b9d170330e34fcb2bb1a10a535900ea9900b1cfd5eface30e18cd88369',377,1,'focus','[]',0,'2024-11-19 16:52:51','2024-11-19 16:52:51','2025-11-19 16:52:51'),('fab95815b5c94205bd142451d1f7b589bc68f596d9624514e3a68decc9c31425e99d0a89ad0e0153',345,1,'focus','[]',0,'2024-05-05 16:33:28','2024-05-05 16:33:28','2025-05-05 16:33:28'),('fad9e08a9475e17c505dcc0f9996d3dece4280502d569b83e6266f972a96dc7896448d94ac5a3efb',229,1,'focus','[]',0,'2023-06-02 13:49:04','2023-06-02 13:49:04','2024-06-02 16:49:04'),('fb03fd1a51763f392d9ab1e18eb6ea315b62415bcd1d8b28b32ef95c13845fe64d1b610b353a4494',345,1,'focus','[]',0,'2024-05-11 19:21:46','2024-05-11 19:21:46','2025-05-11 19:21:46'),('fb28a5b3f3506b244006abf7f0ef8fdef2dd48c3fad3dd9ab9e47c3c6895b934f7df659698da404a',413,1,'focus','[]',0,'2024-06-29 20:53:06','2024-06-29 20:53:06','2025-06-29 22:53:06'),('fb53742ba39ba63981aef17b60d48c4db13deeefc85736218891a09c352f84db008358f5673511dd',136,1,'focus','[]',0,'2023-04-09 10:34:16','2023-04-09 10:34:16','2024-04-09 12:34:16'),('fb5a6d2d3d5cbd3f08e94965af7a8d13bc81327f3f9a73827d5a7ae1cd2c65885faad1ab92ef0704',115,1,'focus','[]',0,'2023-03-07 06:17:41','2023-03-07 06:17:41','2024-03-07 08:17:41'),('fb6256a00432c9180b6b20ba11e2c11c6ce1904a768a87e8346fce893f92faa7d9b10a7e93bb6b41',386,1,'focus','[]',0,'2024-05-27 00:33:27','2024-05-27 00:33:27','2025-05-27 00:33:27'),('fb889d4d56c66a943907730ce0384a26e8576d02ca18e5e4590bbecc924b8e306b3a47ca4ff38489',412,1,'focus','[]',0,'2024-06-29 19:42:07','2024-06-29 19:42:07','2025-06-29 21:42:07'),('fba417b32506aed05dac8233d31e848986a16575538e5a8d38e0ac5ed4105400b4aa8b674b555f34',228,1,'focus','[]',0,'2023-05-30 01:57:15','2023-05-30 01:57:15','2024-05-30 04:57:15'),('fbbc7ae065a51b5824ebaa0f8ef174a7f3d4cb488d738dadd76a057e9e23cfb751ca9630b704e2c1',115,1,'focus','[]',0,'2023-03-07 05:45:03','2023-03-07 05:45:03','2024-03-07 07:45:03'),('fbcd8e2b7d113efefb3d3356e1b6830087e9e7f0a462e20b09373f8910a125021d038d72fbe59ffc',296,1,'focus','[]',0,'2023-09-27 16:57:27','2023-09-27 16:57:27','2024-09-27 16:57:27'),('fbee8137a3da21ddc3d1615dd4b34b31bb5981d94de3686d1a54d4152652380745c47e15e53e4918',115,1,'focus','[]',0,'2023-03-27 09:00:22','2023-03-27 09:00:22','2024-03-27 11:00:22'),('fbfb3b219cb472a775c711b0a845809c84c118fe7896db058c34582fda377441a4b15a9b90fec674',73,1,'mazraa','[]',0,'2022-10-25 19:02:54','2022-10-25 19:02:54','2023-10-25 21:02:54'),('fc9b0b40d4e3eda18e15612e2343e3400c5ff185418751a04162b7f1d2cd59bf921398d3c26a413f',101,1,'focus','[]',0,'2023-02-27 07:59:21','2023-02-27 07:59:21','2024-02-27 09:59:21'),('fcb2a51eeb54991cd82e76b57dd200b1ee37ec5c22d9c883da8137df34a51a01544b3b7bd08c7d36',27,1,'mazraa','[]',0,'2022-06-23 08:41:40','2022-06-23 08:41:40','2023-06-23 10:41:40'),('fce0746f00cae5cf3fb9701840f853e34bc8d58f38e3ad297105561f1a89cdbf4d33ca79f0e14b87',156,1,'focus','[]',0,'2023-04-16 16:44:01','2023-04-16 16:44:01','2024-04-16 18:44:01'),('fd04fd32be771be67993ed40403f4dac76ea1eef652b4507b86b7a94cf0a903c329010a2cfe29a76',343,1,'focus','[]',0,'2024-03-30 15:21:15','2024-03-30 15:21:15','2025-03-30 15:21:15'),('fd23014bcb8ffad5061bb1c5c95a285e2c1eeca3672091997a20f7e9905da620037110d5c6ba1efe',95,1,'focus','[]',0,'2023-02-18 19:24:16','2023-02-18 19:24:16','2024-02-18 21:24:16'),('fd4721fa469d273dd1530200d2f4ee47bfaa8091a2ea077a9f1c81489a9382522edae13690dc39e0',353,1,'focus','[]',0,'2024-05-05 16:24:37','2024-05-05 16:24:37','2025-05-05 16:24:37'),('fdfedf7223b8ec6d6b4f97bfe639ac43d95c04a1948c29a92891ba643b058ec28a50db7e2a20a77a',153,1,'focus','[]',0,'2023-04-12 05:36:04','2023-04-12 05:36:04','2024-04-12 07:36:04'),('fe685a67e8d0082ce4ce11856b842754edd700cfec0794c851f63f6ee84cbe928edbfce95c3efb56',298,1,'focus','[]',0,'2023-10-01 09:37:58','2023-10-01 09:37:58','2024-10-01 09:37:58'),('fea34a3159c0f41627fd44ff821e13d74c7147f3f26dfe8df90649c5f69d9ffa75d9728d60458a19',156,1,'focus','[]',0,'2023-04-13 17:11:55','2023-04-13 17:11:55','2024-04-13 19:11:55'),('fedfbde99c2025b0c85bc2c2f69972ce04aafa11fcb9c292729bf385daa501971110ae78bb7f88e9',97,1,'focus','[]',0,'2023-02-19 09:30:17','2023-02-19 09:30:17','2024-02-19 11:30:17'),('ff3a2dac6d7d57efc124c4300bfbb0abcb93a429e822535531b0aef4e3ea4cab0d9941f220db4b60',71,1,'mazraa','[]',0,'2022-07-06 11:18:53','2022-07-06 11:18:53','2023-07-06 13:18:53'),('ffa5f0dbf78482f33dc25bb15644e891e6f7c68bb0a309ca8444b1e4456b85e886b324d21c19f318',151,1,'focus','[]',0,'2023-04-11 20:53:10','2023-04-11 20:53:10','2024-04-11 22:53:10'),('fff47bc64a4c08865be4963f84bb7c6d4e835056f7b98e5d6673fb511f4b2526e0822a26723c5edc',73,1,'mazraa','[]',0,'2022-10-01 17:10:06','2022-10-01 17:10:06','2023-10-01 19:10:06'),('fff63219a7a89d7b19c4994bac208aaf0070590f51e1e8972c98b5894118ce751cf8ad3ae008972d',345,1,'focus','[]',0,'2024-05-04 17:10:19','2024-05-04 17:10:19','2025-05-04 17:10:19'),('fffb6b42277eaf44df6a1735cc3ff05dd59b3ceab4886aec3f6a32aebf5a7ea9c60963367bdaeec7',377,1,'focus','[]',0,'2024-11-20 15:06:02','2024-11-20 15:06:02','2025-11-20 15:06:02');

--
