-- Table structure for table `order_product_features`
--

CREATE TABLE `order_product_features` (
  `id` bigint unsigned NOT NULL AUTO_INCREMENT,
  `order_product_id` int unsigned NOT NULL,
  `feature_id` int unsigned NOT NULL,
  `option_id` int unsigned NOT NULL,
  `product_id` int unsigned DEFAULT NULL,
  `title` varchar(255) CHARACTER SET utf8mb4 COLLATE utf8mb4_unicode_ci NOT NULL,
  `price` double(8,2) DEFAULT NULL,
  `count` int DEFAULT NULL,
  `created_at` timestamp NULL DEFAULT NULL,
  `updated_at` timestamp NULL DEFAULT NULL,
  PRIMARY KEY (`id`),
  KEY `order_product_features_order_product_id_foreign` (`order_product_id`),
  KEY `order_product_features_feature_id_foreign` (`feature_id`),
  KEY `order_product_features_option_id_foreign` (`option_id`),
  KEY `order_product_features_product_id_foreign` (`product_id`),
  CONSTRAINT `order_product_features_feature_id_foreign` FOREIGN KEY (`feature_id`) REFERENCES `features` (`id`) ON DELETE CASCADE,
  CONSTRAINT `order_product_features_option_id_foreign` FOREIGN KEY (`option_id`) REFERENCES `feature_options` (`id`) ON DELETE CASCADE,
  CONSTRAINT `order_product_features_order_product_id_foreign` FOREIGN KEY (`order_product_id`) REFERENCES `product_orders` (`id`) ON DELETE CASCADE,
  CONSTRAINT `order_product_features_product_id_foreign` FOREIGN KEY (`product_id`) REFERENCES `products` (`id`) ON DELETE CASCADE
) ENGINE=InnoDB DEFAULT CHARSET=utf8mb4 COLLATE=utf8mb4_unicode_ci;

--
-- Dumping data for table `order_product_features`
--


--
-- Table structure for table `order_shippings`
--

CREATE TABLE `order_shippings` (
  `id` int unsigned NOT NULL AUTO_INCREMENT,
  `order_id` int unsigned NOT NULL,
  `country_id` int DEFAULT NULL,
  `government_id` int unsigned DEFAULT NULL,
  `region_id` int unsigned DEFAULT NULL,
  `block` varchar(255) CHARACTER SET utf8mb4 COLLATE utf8mb4_unicode_ci DEFAULT NULL,
  `gada` varchar(255) CHARACTER SET utf8mb4 COLLATE utf8mb4_unicode_ci DEFAULT NULL,
  `jada` varchar(255) CHARACTER SET utf8mb4 COLLATE utf8mb4_unicode_ci DEFAULT NULL,
  `building` varchar(255) CHARACTER SET utf8mb4 COLLATE utf8mb4_unicode_ci DEFAULT NULL,
  `floor` varchar(255) CHARACTER SET utf8mb4 COLLATE utf8mb4_unicode_ci DEFAULT NULL,
  `room_number` varchar(255) CHARACTER SET utf8mb4 COLLATE utf8mb4_unicode_ci DEFAULT NULL,
  `created_at` timestamp NULL DEFAULT NULL,
  `updated_at` timestamp NULL DEFAULT NULL,
  `lat` varchar(191) CHARACTER SET utf8mb4 COLLATE utf8mb4_unicode_ci DEFAULT NULL,
  `long` varchar(191) CHARACTER SET utf8mb4 COLLATE utf8mb4_unicode_ci DEFAULT NULL,
  PRIMARY KEY (`id`),
  KEY `order_shippings_order_id_foreign` (`order_id`),
  KEY `order_shippings_government_id_foreign` (`government_id`),
  KEY `order_shippings_region_id_foreign` (`region_id`),
  CONSTRAINT `order_shippings_order_id_foreign` FOREIGN KEY (`order_id`) REFERENCES `orders` (`id`) ON DELETE CASCADE
) ENGINE=InnoDB AUTO_INCREMENT=158 DEFAULT CHARSET=utf8mb4 COLLATE=utf8mb4_unicode_ci;

--
-- Dumping data for table `order_shippings`
--

INSERT INTO `order_shippings` (`id`, `order_id`, `country_id`, `government_id`, `region_id`, `block`, `gada`, `jada`, `building`, `floor`, `room_number`, `created_at`, `updated_at`, `lat`, `long`) VALUES (1,1,NULL,8,22,'ew','we',NULL,'','we',NULL,NULL,NULL,NULL,NULL),(2,7,1,8,22,'ew','we',NULL,'','we',NULL,NULL,NULL,NULL,NULL),(3,11,NULL,8,22,'ew','we',NULL,'','we',NULL,NULL,NULL,NULL,NULL),(4,12,NULL,8,22,'ew','we',NULL,'','we',NULL,NULL,NULL,NULL,NULL),(5,13,NULL,8,22,'ew','we',NULL,'','we',NULL,NULL,NULL,NULL,NULL),(6,14,NULL,8,22,'ew','we',NULL,'','we',NULL,NULL,NULL,NULL,NULL),(7,17,NULL,8,22,'ew','we',NULL,'','we',NULL,NULL,NULL,NULL,NULL),(8,21,NULL,8,22,'ew','we',NULL,'','we',NULL,NULL,NULL,NULL,NULL),(9,27,NULL,8,22,'ew','we',NULL,'','we',NULL,NULL,NULL,NULL,NULL),(10,28,NULL,8,22,'ew','we',NULL,'','we',NULL,NULL,NULL,NULL,NULL),(11,30,NULL,8,22,'ew','we',NULL,'','we',NULL,NULL,NULL,NULL,NULL),(12,31,1,8,20,'we','qwe',NULL,'','qewqwe',NULL,NULL,NULL,NULL,NULL),(13,31,1,8,20,'we','qwe',NULL,'','qewqwe',NULL,NULL,NULL,NULL,NULL),(14,31,1,8,20,'we','qwe',NULL,'','qewqwe',NULL,NULL,NULL,NULL,NULL),(15,31,1,8,20,'we','qwe',NULL,'','qewqwe',NULL,NULL,NULL,NULL,NULL),(16,31,1,8,20,'we','qwe',NULL,'','qewqwe',NULL,NULL,NULL,NULL,NULL),(17,31,1,8,20,'we','qwe',NULL,'','qewqwe',NULL,NULL,NULL,NULL,NULL),(18,31,1,8,20,'we','qwe',NULL,'','qewqwe',NULL,NULL,NULL,NULL,NULL),(19,31,1,8,20,'we','qwe',NULL,'','qewqwe',NULL,NULL,NULL,NULL,NULL),(20,31,1,8,20,'we','qwe',NULL,'','qewqwe',NULL,NULL,NULL,NULL,NULL),(21,31,1,8,20,'we','qwe',NULL,'','qewqwe',NULL,NULL,NULL,NULL,NULL),(22,31,1,8,20,'we','qwe',NULL,'','qewqwe',NULL,NULL,NULL,NULL,NULL),(23,31,1,8,20,'we','qwe',NULL,'','qewqwe',NULL,NULL,NULL,NULL,NULL),(24,31,1,8,20,'we','qwe',NULL,'','qewqwe',NULL,NULL,NULL,NULL,NULL),(25,31,1,8,20,'we','qwe',NULL,'','qewqwe',NULL,NULL,NULL,NULL,NULL),(26,31,1,8,20,'we','qwe',NULL,'','qewqwe',NULL,NULL,NULL,NULL,NULL),(27,31,1,8,20,'we','qwe',NULL,'','qewqwe',NULL,NULL,NULL,NULL,NULL),(28,31,1,8,20,'we','qwe',NULL,'','qewqwe',NULL,NULL,NULL,NULL,NULL),(29,31,1,8,20,'we','qwe',NULL,'','qewqwe',NULL,NULL,NULL,NULL,NULL),(30,31,1,8,20,'we','qwe',NULL,'','qewqwe',NULL,NULL,NULL,NULL,NULL),(31,31,1,8,20,'we','qwe',NULL,'','qewqwe',NULL,NULL,NULL,NULL,NULL),(32,31,1,8,20,'we','qwe',NULL,'','qewqwe',NULL,NULL,NULL,NULL,NULL),(33,31,1,8,20,'we','qwe',NULL,'','qewqwe',NULL,NULL,NULL,NULL,NULL),(34,31,1,8,20,'we','qwe',NULL,'','qewqwe',NULL,NULL,NULL,NULL,NULL),(35,31,1,8,20,'we','qwe',NULL,'','qewqwe',NULL,NULL,NULL,NULL,NULL),(36,31,1,8,20,'we','qwe',NULL,'','qewqwe',NULL,NULL,NULL,NULL,NULL),(37,31,1,8,20,'we','qwe',NULL,'','qewqwe',NULL,NULL,NULL,NULL,NULL),(38,31,1,8,20,'we','qwe',NULL,'','qewqwe',NULL,NULL,NULL,NULL,NULL),(39,31,1,8,20,'we','qwe',NULL,'','qewqwe',NULL,NULL,NULL,NULL,NULL),(40,31,1,8,20,'we','qwe',NULL,'','qewqwe',NULL,NULL,NULL,NULL,NULL),(41,31,1,8,20,'we','qwe',NULL,'','qewqwe',NULL,NULL,NULL,NULL,NULL),(42,31,1,8,20,'we','qwe',NULL,'','qewqwe',NULL,NULL,NULL,NULL,NULL),(43,31,1,8,20,'we','qwe',NULL,'','qewqwe',NULL,NULL,NULL,NULL,NULL),(44,31,1,8,20,'we','qwe',NULL,'','qewqwe',NULL,NULL,NULL,NULL,NULL),(45,31,1,8,20,'we','qwe',NULL,'','qewqwe',NULL,NULL,NULL,NULL,NULL),(46,31,1,8,20,'we','qwe',NULL,'','qewqwe',NULL,NULL,NULL,NULL,NULL),(47,31,1,8,20,'we','qwe',NULL,'','qewqwe',NULL,NULL,NULL,NULL,NULL),(48,31,1,8,20,'we','qwe',NULL,'','qewqwe',NULL,NULL,NULL,NULL,NULL),(49,31,1,8,20,'we','qwe',NULL,'','qewqwe',NULL,NULL,NULL,NULL,NULL),(50,31,1,8,20,'we','qwe',NULL,'','qewqwe',NULL,NULL,NULL,NULL,NULL),(51,31,1,8,20,'we','qwe',NULL,'','qewqwe',NULL,NULL,NULL,NULL,NULL),(52,31,1,8,20,'we','qwe',NULL,'','qewqwe',NULL,NULL,NULL,NULL,NULL),(53,31,1,8,20,'we','qwe',NULL,'','qewqwe',NULL,NULL,NULL,NULL,NULL),(54,31,1,8,20,'we','qwe',NULL,'','qewqwe',NULL,NULL,NULL,NULL,NULL),(55,31,1,8,20,'we','qwe',NULL,'','qewqwe',NULL,NULL,NULL,NULL,NULL),(56,31,1,8,20,'we','qwe',NULL,'','qewqwe',NULL,NULL,NULL,NULL,NULL),(57,31,1,8,20,'we','qwe',NULL,'','qewqwe',NULL,NULL,NULL,NULL,NULL),(58,31,1,8,20,'we','qwe',NULL,'','qewqwe',NULL,NULL,NULL,NULL,NULL),(59,31,1,8,20,'we','qwe',NULL,'','qewqwe',NULL,NULL,NULL,NULL,NULL),(60,31,1,8,20,'we','qwe',NULL,'','qewqwe',NULL,NULL,NULL,NULL,NULL),(61,31,1,8,20,'we','qwe',NULL,'','qewqwe',NULL,NULL,NULL,NULL,NULL),(62,31,1,8,20,'we','qwe',NULL,'','qewqwe',NULL,NULL,NULL,NULL,NULL),(63,31,1,8,20,'we','qwe',NULL,'','qewqwe',NULL,NULL,NULL,NULL,NULL),(64,31,1,8,20,'we','qwe',NULL,'','qewqwe',NULL,NULL,NULL,NULL,NULL),(65,31,1,8,20,'we','qwe',NULL,'','qewqwe',NULL,NULL,NULL,NULL,NULL),(66,31,1,8,20,'we','qwe',NULL,'','qewqwe',NULL,NULL,NULL,NULL,NULL),(67,31,1,8,20,'we','qwe',NULL,'','qewqwe',NULL,NULL,NULL,NULL,NULL),(68,32,1,8,20,'we','qwe',NULL,'','qewqwe',NULL,NULL,NULL,NULL,NULL),(69,32,1,8,20,'we','qwe',NULL,'','qewqwe',NULL,NULL,NULL,NULL,NULL),(70,32,1,8,20,'we','qwe',NULL,'','qewqwe',NULL,NULL,NULL,NULL,NULL),(71,32,1,8,20,'we','qwe',NULL,'','qewqwe',NULL,NULL,NULL,NULL,NULL),(72,19,1,8,22,'ew','we',NULL,'','we',NULL,NULL,NULL,NULL,NULL),(73,34,NULL,8,22,'ew','we',NULL,'','we',NULL,NULL,NULL,NULL,NULL),(74,43,1,8,20,'sdfs','sdf',NULL,'','sfd',NULL,NULL,NULL,NULL,NULL),(75,43,1,8,20,'sdfs','sdf',NULL,'','sfd',NULL,NULL,NULL,NULL,NULL),(76,43,1,8,20,'sdfs','sdf',NULL,'','sfd',NULL,NULL,NULL,NULL,NULL),(77,43,1,8,20,'sdfs','sdf',NULL,'','sfd',NULL,NULL,NULL,NULL,NULL),(78,43,1,8,20,'sdfs','sdf',NULL,'','sfd',NULL,NULL,NULL,NULL,NULL),(79,49,1,8,20,'sdf','sdf',NULL,'','sdf',NULL,NULL,NULL,NULL,NULL),(80,38,1,8,22,'ew','we',NULL,'','we',NULL,NULL,NULL,NULL,NULL),(81,38,1,8,22,'ew','we',NULL,'','we',NULL,NULL,NULL,NULL,NULL),(82,38,1,8,22,'ew','we',NULL,'','we',NULL,NULL,NULL,NULL,NULL),(83,38,1,8,22,'ew','we',NULL,'','we',NULL,NULL,NULL,NULL,NULL),(84,38,1,8,22,'ew','we',NULL,'','we',NULL,NULL,NULL,NULL,NULL),(85,38,1,8,22,'ew','we',NULL,'','we',NULL,NULL,NULL,NULL,NULL),(86,38,1,8,22,'ew','we',NULL,'','we',NULL,NULL,NULL,NULL,NULL),(87,38,1,8,22,'ew','we',NULL,'','we',NULL,NULL,NULL,NULL,NULL),(88,38,1,8,22,'ew','we',NULL,'','we',NULL,NULL,NULL,NULL,NULL),(89,38,1,8,22,'ew','we',NULL,'','we',NULL,NULL,NULL,NULL,NULL),(90,38,1,8,22,'ew','we',NULL,'','we',NULL,NULL,NULL,NULL,NULL),(91,38,1,8,22,'ew','we',NULL,'','we',NULL,NULL,NULL,NULL,NULL),(92,38,1,8,22,'ew','we',NULL,'','we',NULL,NULL,NULL,NULL,NULL),(93,38,1,8,22,'ew','we',NULL,'','we',NULL,NULL,NULL,NULL,NULL),(94,38,1,8,22,'ew','we',NULL,'','we',NULL,NULL,NULL,NULL,NULL),(95,38,1,8,22,'ew','we',NULL,'','we',NULL,NULL,NULL,NULL,NULL),(96,38,1,8,22,'ew','we',NULL,'','we',NULL,NULL,NULL,NULL,NULL),(97,38,1,8,22,'ew','we',NULL,'','we',NULL,NULL,NULL,NULL,NULL),(98,51,1,8,22,'ew','we',NULL,'','we',NULL,NULL,NULL,NULL,NULL),(99,51,1,8,22,'ew','we',NULL,'','we',NULL,NULL,NULL,NULL,NULL),(100,51,1,8,22,'ew','we',NULL,'','we',NULL,NULL,NULL,NULL,NULL),(101,51,1,8,22,'ew','we',NULL,'','we',NULL,NULL,NULL,NULL,NULL),(102,51,1,8,22,'ew','we',NULL,'','we',NULL,NULL,NULL,NULL,NULL),(103,51,1,8,22,'ew','we',NULL,'','we',NULL,NULL,NULL,NULL,NULL),(104,51,1,8,22,'ew','we',NULL,'','we',NULL,NULL,NULL,NULL,NULL),(105,51,1,8,22,'ew','we',NULL,'','we',NULL,NULL,NULL,NULL,NULL),(106,51,1,9,53,'ew','we',NULL,'','we',NULL,NULL,NULL,NULL,NULL),(107,51,1,9,53,'ew','we',NULL,'','we',NULL,NULL,NULL,NULL,NULL),(108,51,1,9,53,'ew','we',NULL,'','we',NULL,NULL,NULL,NULL,NULL),(109,51,1,9,53,'ew','we',NULL,'','we',NULL,NULL,NULL,NULL,NULL),(110,51,1,9,53,'ew','we',NULL,'','we',NULL,NULL,NULL,NULL,NULL),(111,51,1,9,53,'ew','we',NULL,'','we',NULL,NULL,NULL,NULL,NULL),(112,51,1,9,53,'ew','we',NULL,'','we',NULL,NULL,NULL,NULL,NULL),(113,51,1,9,53,'ew','we',NULL,'','we',NULL,NULL,NULL,NULL,NULL),(114,51,1,9,53,'ew','we',NULL,'','we',NULL,NULL,NULL,NULL,NULL),(115,51,1,9,53,'ew','we',NULL,'','we',NULL,NULL,NULL,NULL,NULL),(116,51,1,9,53,'ew','we',NULL,'','we',NULL,NULL,NULL,NULL,NULL),(117,51,1,9,53,'ew','we',NULL,'','we',NULL,NULL,NULL,NULL,NULL),(118,51,1,9,53,'ew','we',NULL,'','we',NULL,NULL,NULL,NULL,NULL),(119,51,1,9,53,'ew','we',NULL,'','we',NULL,NULL,NULL,NULL,NULL),(120,51,1,9,53,'ew','we',NULL,'','we',NULL,NULL,NULL,NULL,NULL),(121,51,1,9,53,'ew','we',NULL,'','we',NULL,NULL,NULL,NULL,NULL),(122,51,1,9,53,'ew','we',NULL,'','we',NULL,NULL,NULL,NULL,NULL),(123,51,1,9,53,'ew','we',NULL,'','we',NULL,NULL,NULL,NULL,NULL),(124,51,1,9,53,'ew','we',NULL,'','we',NULL,NULL,NULL,NULL,NULL),(125,51,1,9,53,'ew','we',NULL,'','we',NULL,NULL,NULL,NULL,NULL),(126,51,1,9,53,'ew','we',NULL,'','we',NULL,NULL,NULL,NULL,NULL),(127,51,1,9,53,'ew','we',NULL,'','we',NULL,NULL,NULL,NULL,NULL),(128,51,1,9,53,'ew','we',NULL,'','we',NULL,NULL,NULL,NULL,NULL),(129,51,1,9,53,'ew','we',NULL,'','we',NULL,NULL,NULL,NULL,NULL),(130,51,1,9,53,'ew','we',NULL,'','we',NULL,NULL,NULL,NULL,NULL),(131,51,1,9,53,'ew','we',NULL,'','we',NULL,NULL,NULL,NULL,NULL),(132,51,1,9,53,'ew','we',NULL,'','we',NULL,NULL,NULL,NULL,NULL),(133,51,1,9,53,'ew','we',NULL,'','we',NULL,NULL,NULL,NULL,NULL),(134,51,1,9,53,'ew','we',NULL,'','we',NULL,NULL,NULL,NULL,NULL),(135,51,1,9,53,'ew','we',NULL,'','we',NULL,NULL,NULL,NULL,NULL),(136,51,1,9,53,'ew','we',NULL,'','we',NULL,NULL,NULL,NULL,NULL),(137,51,1,9,53,'ew','we',NULL,'','we',NULL,NULL,NULL,NULL,NULL),(138,51,1,9,53,'ew','we',NULL,'','we',NULL,NULL,NULL,NULL,NULL),(139,51,1,9,53,'ew','we',NULL,'','we',NULL,NULL,NULL,NULL,NULL),(140,51,NULL,9,53,'ew','we',NULL,'','we',NULL,NULL,NULL,NULL,NULL),(141,59,NULL,9,53,'ew','we',NULL,'','we',NULL,NULL,NULL,NULL,NULL),(142,60,NULL,9,53,'ew','we',NULL,'','we',NULL,NULL,NULL,NULL,NULL),(143,57,NULL,9,53,'ew','we',NULL,'','we',NULL,NULL,NULL,NULL,NULL),(144,64,NULL,9,53,'ew','we',NULL,'','we',NULL,NULL,NULL,NULL,NULL),(145,65,NULL,9,53,'ew','we',NULL,'','we',NULL,NULL,NULL,NULL,NULL),(146,48,NULL,9,53,'ew','we',NULL,'','we',NULL,NULL,NULL,NULL,NULL),(147,66,NULL,9,53,'ew','we',NULL,'','we',NULL,NULL,NULL,NULL,NULL),(148,67,NULL,9,53,'ew','we',NULL,'','we',NULL,NULL,NULL,NULL,NULL),(149,68,NULL,9,53,'ew','we',NULL,'','we',NULL,NULL,NULL,NULL,NULL),(150,69,NULL,9,53,'ew','we',NULL,'','we',NULL,NULL,NULL,NULL,NULL),(151,76,NULL,9,53,'ew','we',NULL,'','we',NULL,NULL,NULL,NULL,NULL),(152,77,NULL,9,53,'ew','we',NULL,'','we',NULL,NULL,NULL,NULL,NULL),(153,78,NULL,9,53,'ew','we',NULL,'','we',NULL,NULL,NULL,NULL,NULL),(154,80,NULL,9,53,'ew','we',NULL,'','we',NULL,NULL,NULL,NULL,NULL),(155,83,NULL,9,53,'ew','we',NULL,'','we',NULL,NULL,NULL,NULL,NULL),(156,84,NULL,9,53,'ew','we',NULL,'','we',NULL,NULL,NULL,NULL,NULL),(157,85,NULL,9,53,'ew','we',NULL,'','we',NULL,NULL,NULL,NULL,NULL);

--
-- Table structure for table `orders`
--

CREATE TABLE `orders` (
  `id` int unsigned NOT NULL AUTO_INCREMENT,
  `order_number` varchar(255) CHARACTER SET utf8mb4 COLLATE utf8mb4_unicode_ci NOT NULL,
  `total_price` varchar(191) CHARACTER SET utf8mb4 COLLATE utf8mb4_unicode_ci DEFAULT NULL,
  `user_id` int unsigned DEFAULT NULL,
  `incart` tinyint(1) NOT NULL DEFAULT '1',
  `mac_address` varchar(255) CHARACTER SET utf8mb4 COLLATE utf8mb4_unicode_ci DEFAULT NULL,
  `price_ship` double(8,2) DEFAULT NULL,
  `shipping_Type` varchar(255) CHARACTER SET utf8mb4 COLLATE utf8mb4_unicode_ci DEFAULT NULL,
  `delivery_time` varchar(255) CHARACTER SET utf8mb4 COLLATE utf8mb4_unicode_ci DEFAULT NULL,
  `order_done_date` varchar(255) CHARACTER SET utf8mb4 COLLATE utf8mb4_unicode_ci DEFAULT NULL,
  `status` enum('wait','refused','accepted','shipped','complete') CHARACTER SET utf8mb4 COLLATE utf8mb4_unicode_ci NOT NULL,
  `payment_method` int unsigned DEFAULT NULL,
  `payment_status` enum('paid','unPaid') CHARACTER SET utf8mb4 COLLATE utf8mb4_unicode_ci NOT NULL,
  `deleted_at` timestamp NULL DEFAULT NULL,
  `created_at` timestamp NULL DEFAULT NULL,
  `updated_at` timestamp NULL DEFAULT NULL,
  `delivery_date_time` varchar(255) CHARACTER SET utf8mb4 COLLATE utf8mb4_unicode_ci DEFAULT NULL,
  `payment_id` int DEFAULT NULL,
  `nameOfCart` varchar(191) CHARACTER SET utf8mb4 COLLATE utf8mb4_unicode_ci DEFAULT NULL,
  `country_code` varchar(191) CHARACTER SET utf8mb4 COLLATE utf8mb4_unicode_ci DEFAULT NULL,
  `country_id` int DEFAULT NULL,
  PRIMARY KEY (`id`),
  KEY `orders_user_id_foreign` (`user_id`),
  KEY `orders_payment_method_foreign` (`payment_method`),
  CONSTRAINT `orders_payment_method_foreign` FOREIGN KEY (`payment_method`) REFERENCES `payment_methods` (`id`) ON DELETE CASCADE,
  CONSTRAINT `orders_user_id_foreign` FOREIGN KEY (`user_id`) REFERENCES `users` (`id`) ON DELETE CASCADE
) ENGINE=InnoDB AUTO_INCREMENT=86 DEFAULT CHARSET=utf8mb4 COLLATE=utf8mb4_unicode_ci;

--
-- Dumping data for table `orders`
--

INSERT INTO `orders` (`id`, `order_number`, `total_price`, `user_id`, `incart`, `mac_address`, `price_ship`, `shipping_Type`, `delivery_time`, `order_done_date`, `status`, `payment_method`, `payment_status`, `deleted_at`, `created_at`, `updated_at`, `delivery_date_time`, `payment_id`, `nameOfCart`, `country_code`, `country_id`) VALUES (1,'34930','650.000',1,0,'vdVdEU9yPjDlFDfLdvTzQcr0DePWPMxBAulkCrx4',1.00,'',NULL,'2022-12-10 10:32:26','wait',1,'',NULL,'2022-12-10 08:31:48','2022-12-10 08:32:26',NULL,NULL,NULL,NULL,NULL),(2,'77672',NULL,NULL,1,'kwYpBT5yFzQKNxtk9T9Mj5ca63rM3is1IZ3awFBa',NULL,'',NULL,NULL,'wait',NULL,'paid',NULL,'2022-12-11 21:09:39','2022-12-11 21:09:39',NULL,NULL,NULL,NULL,NULL),(3,'66029',NULL,NULL,1,'a7TiKkm5CCUESJJswYs5TOI2SVnhiJXBlPiR8pWE',NULL,'',NULL,NULL,'wait',NULL,'paid',NULL,'2022-12-12 21:23:56','2022-12-12 21:23:56',NULL,NULL,NULL,NULL,NULL),(4,'52119',NULL,1,1,'fUMVfDjcCReCwNKdp6JamHnkDCyrtAykH7yaqpvh',NULL,NULL,NULL,NULL,'wait',NULL,'paid','2022-12-13 05:50:17','2022-12-13 05:37:36','2022-12-13 05:50:17',NULL,NULL,NULL,NULL,NULL),(5,'97662',NULL,NULL,1,'Vy3UmZZpRZOtuzKky0n01VPJ5OcREdOKKi0tKMmN',NULL,'',NULL,NULL,'wait',NULL,'paid',NULL,'2022-12-13 06:18:19','2022-12-13 06:18:19',NULL,NULL,NULL,NULL,NULL),(6,'11945',NULL,NULL,1,'f9d21248cb9f9aa4',NULL,'',NULL,NULL,'wait',NULL,'paid',NULL,'2022-12-13 20:48:48','2022-12-13 20:48:48',NULL,NULL,NULL,NULL,NULL),(7,'20585','510.400',1,1,'po3lYhMdWkDydBeBhuAF6WEQGmZBFSrWZUTgbJeD',1.00,'',NULL,'2022-12-14 09:09:27','wait',2,'unPaid','2022-12-14 07:22:04','2022-12-14 07:02:54','2022-12-14 07:22:04',NULL,NULL,NULL,NULL,NULL),(8,'65675',NULL,1,1,'po3lYhMdWkDydBeBhuAF6WEQGmZBFSrWZUTgbJeD',NULL,NULL,NULL,NULL,'wait',NULL,'paid','2022-12-14 08:11:41','2022-12-14 07:23:58','2022-12-14 08:11:41',NULL,NULL,NULL,NULL,NULL),(9,'80146',NULL,NULL,1,'435DE71C-2EDF-4098-8B12-FE5EC5C6E577',NULL,'',NULL,NULL,'wait',NULL,'paid','2022-12-14 12:09:49','2022-12-14 10:51:03','2022-12-14 12:09:49',NULL,NULL,NULL,NULL,NULL),(10,'17006',NULL,NULL,1,'435DE71C-2EDF-4098-8B12-FE5EC5C6E577',NULL,'',NULL,NULL,'wait',NULL,'paid','2022-12-14 12:14:03','2022-12-14 12:13:27','2022-12-14 12:14:03',NULL,NULL,NULL,NULL,NULL),(11,'48645','820.000',NULL,0,'435DE71C-2EDF-4098-8B12-FE5EC5C6E577',0.00,'','null','2022-12-14 14:16:33','wait',1,'unPaid',NULL,'2022-12-14 12:14:34','2022-12-14 12:16:33','null : null',NULL,NULL,NULL,NULL),(12,'88169','820.000',NULL,0,'435DE71C-2EDF-4098-8B12-FE5EC5C6E577',0.00,'','null','2022-12-14 14:28:46','wait',1,'unPaid',NULL,'2022-12-14 12:27:21','2022-12-14 12:28:46','null : null',NULL,NULL,NULL,NULL),(13,'85002','820.000',NULL,0,'435DE71C-2EDF-4098-8B12-FE5EC5C6E577',0.00,'','null','2022-12-14 14:30:54','wait',1,'unPaid',NULL,'2022-12-14 12:30:15','2022-12-14 12:30:54','null : null',NULL,NULL,NULL,NULL),(14,'33226','820.000',NULL,0,'435DE71C-2EDF-4098-8B12-FE5EC5C6E577',0.00,'','null','2022-12-14 15:04:33','wait',1,'unPaid',NULL,'2022-12-14 13:03:37','2022-12-14 13:04:33','null : null',NULL,NULL,NULL,NULL),(15,'22214',NULL,NULL,1,'435DE71C-2EDF-4098-8B12-FE5EC5C6E577',NULL,'',NULL,NULL,'wait',NULL,'paid',NULL,'2022-12-14 13:06:46','2022-12-14 13:06:46',NULL,NULL,NULL,NULL,NULL),(16,'27427',NULL,NULL,1,'73C16070-18A4-411D-A90D-1FB7F3FE50E2',NULL,'',NULL,NULL,'wait',NULL,'paid','2023-01-15 13:44:44','2022-12-14 18:49:54','2023-01-15 13:44:44',NULL,NULL,NULL,'AED',4),(17,'7263','820.000',NULL,0,'6A94837E-8112-48D4-9636-685C2C4C7FBA',0.00,'','null','2022-12-15 07:33:34','wait',1,'unPaid',NULL,'2022-12-15 05:32:39','2022-12-15 05:33:34','null : null',NULL,NULL,NULL,NULL),(18,'6374',NULL,NULL,1,'1b78e48e9ea18d06',NULL,'',NULL,NULL,'wait',NULL,'paid',NULL,'2022-12-15 07:08:24','2022-12-15 07:08:24',NULL,NULL,NULL,NULL,NULL),(19,'40040','213.000',1,1,'q5JdiaLmrMwNMk4DenyBK6siyVCtFSQoBsjHh4SY',1.00,'',NULL,'2022-12-21 15:08:26','wait',8,'unPaid','2023-01-02 20:32:01','2022-12-15 08:14:03','2023-01-02 20:32:01',NULL,NULL,NULL,NULL,NULL),(20,'65201',NULL,NULL,1,'d0c88bfb2f105fcd',NULL,'',NULL,NULL,'wait',NULL,'paid','2022-12-15 08:44:31','2022-12-15 08:44:11','2022-12-15 08:44:31',NULL,NULL,NULL,NULL,NULL),(21,'48416','22.000',NULL,0,'d0c88bfb2f105fcd',0.00,'','null','2022-12-15 10:48:28','wait',1,'unPaid',NULL,'2022-12-15 08:46:42','2022-12-15 08:48:28','null : null',NULL,NULL,NULL,NULL),(22,'36308',NULL,NULL,1,'d0c88bfb2f105fcd',NULL,'',NULL,NULL,'wait',NULL,'paid','2022-12-17 06:33:51','2022-12-15 08:51:41','2022-12-17 06:33:51',NULL,NULL,NULL,NULL,NULL),(23,'51498',NULL,NULL,1,'C0237854-74E6-4AB1-88EF-B2E5E0FE904C',NULL,'',NULL,NULL,'wait',NULL,'paid','2022-12-16 09:44:30','2022-12-16 09:43:32','2022-12-16 09:44:30',NULL,NULL,NULL,NULL,NULL),(24,'54470',NULL,NULL,1,'C0237854-74E6-4AB1-88EF-B2E5E0FE904C',NULL,'',NULL,NULL,'wait',NULL,'paid',NULL,'2022-12-16 09:45:04','2022-12-16 09:45:04',NULL,NULL,NULL,NULL,NULL),(25,'57232',NULL,NULL,1,'94C04A43-0959-4CC1-A9FD-4C77E9857C95',NULL,'',NULL,NULL,'wait',NULL,'paid',NULL,'2022-12-16 21:07:18','2022-12-16 21:07:18',NULL,NULL,NULL,NULL,NULL),(26,'55214',NULL,NULL,1,'E78B1A5D-476D-452B-8A8A-2EC33CDD798B',NULL,'',NULL,NULL,'wait',NULL,'paid',NULL,'2022-12-17 05:41:53','2022-12-17 05:41:53',NULL,NULL,NULL,NULL,NULL),(27,'35118','70.000',NULL,0,'d0c88bfb2f105fcd',0.00,'','null','2022-12-17 08:34:59','wait',1,'unPaid',NULL,'2022-12-17 06:34:16','2022-12-17 06:34:59','null : null',NULL,NULL,NULL,NULL),(28,'46041','140.000',NULL,0,'d0c88bfb2f105fcd',0.00,'','null','2022-12-17 08:45:17','wait',1,'unPaid',NULL,'2022-12-17 06:36:53','2022-12-17 06:45:17','null : null',NULL,NULL,NULL,NULL),(29,'87301',NULL,NULL,1,'d0c88bfb2f105fcd',NULL,'',NULL,NULL,'wait',NULL,'paid',NULL,'2022-12-18 07:23:57','2022-12-18 07:23:57',NULL,NULL,NULL,NULL,NULL),(30,'83931','30.000',NULL,0,'987d6949a88f2925',0.00,'','2022-12-24','2022-12-21 09:19:36','wait',1,'unPaid',NULL,'2022-12-21 07:16:20','2022-12-21 07:19:36','null : null',NULL,NULL,NULL,NULL),(31,'41481','1320',NULL,0,'BOdAE9nmijpPHEhoanOarjvM5IZfLW04jlODfnjk',1.00,'',NULL,'2022-12-21 10:06:42','wait',2,'paid',NULL,'2022-12-21 07:20:23','2022-12-21 08:06:42',NULL,2147483647,NULL,NULL,NULL),(32,'53869','700',NULL,1,'BOdAE9nmijpPHEhoanOarjvM5IZfLW04jlODfnjk',1.00,'',NULL,'2022-12-21 10:08:44','wait',3,'unPaid',NULL,'2022-12-21 08:07:37','2022-12-21 08:08:44',NULL,NULL,NULL,NULL,NULL),(33,'32654',NULL,NULL,1,'VuDyNpJEjA64U0iPSzH2FRVBTS4NBA1zeLaVHrbR',NULL,'',NULL,NULL,'wait',NULL,'paid',NULL,'2022-12-21 11:21:40','2022-12-21 11:21:40',NULL,NULL,NULL,NULL,NULL),(34,'38049','70.000',NULL,0,'987d6949a88f2925',0.00,'','null','2022-12-22 09:55:41','wait',1,'unPaid',NULL,'2022-12-22 07:55:02','2022-12-22 07:55:41','null : null',NULL,NULL,NULL,NULL),(35,'86289',NULL,NULL,1,'102f97521558d8da',NULL,'',NULL,NULL,'wait',NULL,'paid',NULL,'2022-12-28 12:50:24','2022-12-28 12:50:24',NULL,NULL,NULL,NULL,NULL),(36,'65956',NULL,NULL,1,'987d6949a88f2925',NULL,'',NULL,NULL,'wait',NULL,'paid',NULL,'2022-12-28 12:51:08','2022-12-28 12:51:08',NULL,NULL,NULL,NULL,NULL),(37,'38118',NULL,NULL,1,'2AAF25D1-EC11-4219-BE2F-8C6F9DE9B8A2',NULL,'',NULL,NULL,'wait',NULL,'paid',NULL,'2023-01-02 19:30:11','2023-01-02 19:30:11',NULL,NULL,NULL,NULL,NULL),(38,'36351','165.000',1,1,'ihpbwGLNUBiKihpnJsCXykdD5AHKuHUpvkEd01FC',1.00,'',NULL,'2023-01-12 14:03:08','wait',6,'unPaid','2023-01-12 12:13:27','2023-01-02 20:32:09','2023-01-12 12:13:27',NULL,NULL,NULL,NULL,NULL),(39,'23332',NULL,NULL,1,'16f765078124aa84',NULL,'',NULL,NULL,'wait',NULL,'paid','2023-01-04 06:26:03','2023-01-03 05:44:41','2023-01-04 06:26:03',NULL,NULL,NULL,NULL,NULL),(40,'94547',NULL,NULL,1,'q5JdiaLmrMwNMk4DenyBK6siyVCtFSQoBsjHh4SY',NULL,'',NULL,NULL,'wait',NULL,'paid',NULL,'2023-01-03 06:22:04','2023-01-03 06:22:04',NULL,NULL,NULL,NULL,NULL),(41,'78446',NULL,NULL,1,'C3D607D1-8358-4324-A539-8F45DB193209',NULL,'',NULL,NULL,'wait',NULL,'paid',NULL,'2023-01-05 09:11:27','2023-01-05 09:11:27',NULL,NULL,NULL,NULL,NULL),(42,'52197',NULL,NULL,1,'21riopqrcP7Z1HomvYpHGVEqa802k3h4SgjnlQRw',NULL,'',NULL,NULL,'wait',NULL,'paid','2023-01-07 08:11:09','2023-01-07 08:08:06','2023-01-07 08:11:09',NULL,NULL,NULL,NULL,NULL),(43,'4594','3959.06',NULL,1,'21riopqrcP7Z1HomvYpHGVEqa802k3h4SgjnlQRw',1.00,'',NULL,'2023-01-07 10:54:35','wait',8,'unPaid',NULL,'2023-01-07 08:12:07','2023-01-07 08:57:30',NULL,NULL,NULL,'KWD',NULL),(44,'28230',NULL,NULL,1,'00000',0.00,'',NULL,NULL,'wait',NULL,'paid',NULL,'2023-01-08 11:39:33','2023-01-24 11:29:49',NULL,NULL,NULL,'KWD',1),(45,'10283',NULL,NULL,1,'8C9CCA23-F6B7-4873-BAF6-5FDDF7AE035F',NULL,'',NULL,NULL,'wait',NULL,'paid',NULL,'2023-01-11 10:22:48','2023-01-12 07:04:37',NULL,NULL,NULL,'KWD',1),(46,'13814',NULL,NULL,1,'212543f2ef12b789',NULL,'',NULL,NULL,'wait',NULL,'paid',NULL,'2023-01-11 11:39:06','2023-01-11 11:39:09',NULL,NULL,NULL,'KWD',1),(47,'40979',NULL,NULL,1,'1FE20211-D1AE-4908-96B4-B76C58FFEDE7',NULL,'',NULL,NULL,'wait',NULL,'paid',NULL,'2023-01-11 18:46:26','2023-01-11 18:53:48',NULL,NULL,NULL,'KWD',1),(48,'75453','143.000',NULL,0,'462c3d87ce86ca40',1.00,'','null','2023-01-19 07:56:31','wait',1,'unPaid',NULL,'2023-01-12 05:21:09','2023-01-19 05:56:31','null : null',NULL,NULL,'KWD',1),(49,'37112','35',NULL,1,'pwdwDcv1BSLRYW9506NrK7JQYLvMG5ew5GCaXuGE',1.00,'',NULL,'2023-01-12 08:10:44','wait',6,'unPaid',NULL,'2023-01-12 06:10:06','2023-01-12 12:13:38',NULL,NULL,NULL,'SAR',NULL),(50,'10673',NULL,NULL,1,'0470fd42b2c6b389',NULL,'',NULL,NULL,'wait',NULL,'paid','2023-01-12 07:14:55','2023-01-12 07:14:09','2023-01-12 07:14:55',NULL,NULL,NULL,'SAR',2),(51,'10150','1,783.440',1,0,'ihpbwGLNUBiKihpnJsCXykdD5AHKuHUpvkEd01FC',0.00,'',NULL,'2023-01-12 18:47:13','wait',1,'',NULL,'2023-01-12 16:02:43','2023-01-12 16:47:13',NULL,NULL,NULL,'QAR',NULL),(52,'62308',NULL,NULL,1,'71376C19-BDD0-4899-B80E-57EDD48AF652',0.00,'',NULL,NULL,'wait',NULL,'paid',NULL,'2023-01-14 08:36:05','2023-01-14 08:52:39',NULL,NULL,NULL,'BHD',6),(53,'85610',NULL,NULL,1,'B3C90E00-4A5C-4E93-B5A3-E6D4D5291355',NULL,'',NULL,NULL,'wait',NULL,'paid',NULL,'2023-01-15 10:43:16','2023-01-15 10:43:20',NULL,NULL,NULL,'SAR',2),(54,'22750',NULL,NULL,1,'98481E88-F8C9-4D3F-BE3D-1E7089163739',NULL,'',NULL,NULL,'wait',NULL,'paid',NULL,'2023-01-15 12:40:02','2023-01-15 12:40:06',NULL,NULL,NULL,'SAR',2),(55,'72508',NULL,NULL,1,'73C16070-18A4-411D-A90D-1FB7F3FE50E2',NULL,'',NULL,NULL,'wait',NULL,'paid',NULL,'2023-01-15 13:44:51','2023-01-15 13:44:55',NULL,NULL,NULL,'AED',4),(56,'39317',NULL,NULL,1,'6a89c5c863e59f3b',NULL,'',NULL,NULL,'wait',NULL,'paid',NULL,'2023-01-16 05:59:07','2023-01-16 05:59:11',NULL,NULL,NULL,'KWD',1),(57,'5864','71.000',NULL,0,'F9040213-0378-4538-B161-F5B473E35081',1.00,'','null','2023-01-17 07:17:40','wait',1,'unPaid',NULL,'2023-01-16 06:01:57','2023-01-17 05:17:40','null : null',NULL,NULL,'KWD',1),(58,'70006',NULL,NULL,1,'L1MNlDdMiVPyFiuVP6NYhWDGV6JULbjCld6Adupf',NULL,'',NULL,NULL,'wait',NULL,'paid','2023-01-16 06:14:45','2023-01-16 06:14:09','2023-01-16 06:14:45',NULL,NULL,NULL,'KWD',NULL),(59,'61979','26.000',NULL,0,'2A118613-3507-4969-8BD8-87CE298C6DAE',1.00,'','null','2023-01-16 13:37:27','wait',1,'unPaid',NULL,'2023-01-16 10:39:44','2023-01-16 11:37:27','null : null',NULL,NULL,'KWD',1),(60,'90345','96.000',NULL,0,'F21A02DF-27B8-4059-8E37-78B4ED130AB2',1.00,'','null','2023-01-16 19:51:22','wait',1,'unPaid',NULL,'2023-01-16 17:49:53','2023-01-16 17:51:22','null : null',NULL,NULL,'KWD',1),(61,'63922',NULL,NULL,1,'58bc2735ca6420fe',NULL,'',NULL,NULL,'wait',NULL,'paid','2023-01-17 07:02:33','2023-01-17 07:01:32','2023-01-17 07:02:33',NULL,NULL,NULL,'KWD',1),(62,'88602',NULL,NULL,1,'9aaa513296aa49ea',NULL,'',NULL,NULL,'wait',NULL,'paid','2023-01-17 07:06:20','2023-01-17 07:05:55','2023-01-17 07:06:20',NULL,NULL,NULL,'KWD',1),(63,'92361',NULL,NULL,1,'L1MNlDdMiVPyFiuVP6NYhWDGV6JULbjCld6Adupf',NULL,'',NULL,NULL,'wait',NULL,'paid',NULL,'2023-01-17 07:06:51','2023-01-17 07:06:51',NULL,NULL,NULL,NULL,NULL),(64,'81170','151.000',NULL,0,'F9040213-0378-4538-B161-F5B473E35081',1.00,'','null','2023-01-17 11:42:06','wait',1,'unPaid',NULL,'2023-01-17 09:41:46','2023-01-17 09:42:06','null : null',NULL,NULL,'KWD',1),(65,'76521','111.000',NULL,0,'0AD4181A-F11F-4113-BB3E-00D1978CF0DF',1.00,'','null','2023-01-17 14:19:16','wait',1,'unPaid',NULL,'2023-01-17 12:01:35','2023-01-17 12:19:16','null : null',NULL,NULL,'KWD',1),(66,'59327','36.000',NULL,0,'462c3d87ce86ca40',1.00,'','null','2023-01-19 08:00:30','wait',1,'unPaid',NULL,'2023-01-19 05:59:40','2023-01-19 06:00:30','null : null',NULL,NULL,'KWD',1),(67,'25582','146.000',NULL,0,'462c3d87ce86ca40',1.00,'','null','2023-01-19 08:11:03','wait',1,'unPaid',NULL,'2023-01-19 06:10:42','2023-01-19 06:11:03','null : null',NULL,NULL,'KWD',1),(68,'31331','236.000',NULL,0,'462c3d87ce86ca40',1.00,'','null','2023-01-19 08:18:26','wait',2,'unPaid',NULL,'2023-01-19 06:17:44','2023-01-19 06:18:26','null : null',1,NULL,'KWD',1),(69,'9892','1,391.000',NULL,0,'44bf9d6de6c762e3',1.00,'','null','2023-01-19 09:08:12','wait',1,'unPaid',NULL,'2023-01-19 06:58:53','2023-01-19 07:08:12','null : null',NULL,NULL,'KWD',1),(70,'24644',NULL,NULL,1,'F7FE2432-B368-4900-A730-B9B377271C47',NULL,'',NULL,NULL,'wait',NULL,'paid','2023-01-21 05:51:04','2023-01-21 05:39:46','2023-01-21 05:51:04',NULL,NULL,NULL,'KWD',1),(71,'8998',NULL,NULL,1,'F7FE2432-B368-4900-A730-B9B377271C47',NULL,'',NULL,NULL,'wait',NULL,'paid','2023-01-21 06:08:28','2023-01-21 05:54:53','2023-01-21 06:08:28',NULL,NULL,NULL,'KWD',1),(72,'66',NULL,NULL,1,'F7FE2432-B368-4900-A730-B9B377271C47',NULL,'',NULL,NULL,'wait',NULL,'paid','2023-01-21 06:20:38','2023-01-21 06:17:51','2023-01-21 06:20:38',NULL,NULL,NULL,'KWD',1),(73,'89747',NULL,NULL,1,'F7FE2432-B368-4900-A730-B9B377271C47',NULL,'',NULL,NULL,'wait',NULL,'paid','2023-01-21 06:23:20','2023-01-21 06:22:47','2023-01-21 06:23:20',NULL,NULL,NULL,'KWD',1),(74,'51864',NULL,NULL,1,'F7FE2432-B368-4900-A730-B9B377271C47',NULL,'',NULL,NULL,'wait',NULL,'paid','2023-01-21 06:36:54','2023-01-21 06:34:11','2023-01-21 06:36:54',NULL,NULL,NULL,'KWD',1),(75,'98596',NULL,NULL,1,'F7FE2432-B368-4900-A730-B9B377271C47',NULL,'',NULL,NULL,'wait',NULL,'paid',NULL,'2023-01-21 06:37:25','2023-01-21 06:37:29',NULL,NULL,NULL,'KWD',1),(76,'48479','621.000',NULL,0,'F2A8748F-93C2-49B5-BEEE-86D8C05D0208',1.00,'','null','2023-01-21 12:45:54','wait',2,'unPaid',NULL,'2023-01-21 10:02:19','2023-01-21 10:45:54','null : null',1,NULL,'KWD',1),(77,'72786','146.000',NULL,0,'F2A8748F-93C2-49B5-BEEE-86D8C05D0208',1.00,'','null','2023-01-21 12:49:18','wait',2,'unPaid',NULL,'2023-01-21 10:46:06','2023-01-21 10:49:18','null : null',1,NULL,'KWD',1),(78,'78261','36.000',NULL,0,'7A9BCE40-DA59-459E-B5C0-C62D8FB3E8AD',1.00,'','2023-01-28','2023-01-24 07:11:44','accepted',2,'paid',NULL,'2023-01-24 05:02:44','2023-01-28 10:29:35','03:00 PM : 07:00 PM',1,NULL,'KWD',1),(79,'34862',NULL,NULL,1,'9aaa513296aa49ea',NULL,'',NULL,NULL,'wait',NULL,'paid','2023-01-29 21:42:48','2023-01-28 10:25:05','2023-01-29 21:42:48',NULL,NULL,NULL,'KWD',1),(80,'10894','31.000',NULL,0,'9aaa513296aa49ea',1.00,'','2023-01-31','2023-01-29 23:45:46','wait',1,'unPaid',NULL,'2023-01-29 21:44:20','2023-01-29 21:47:25','03:00 PM : 07:00 PM',NULL,NULL,'KWD',1),(81,'42813',NULL,NULL,1,'SL10XuKNdKJ5oeBri510qTG6PY379b5g7y5u3sk3',NULL,'',NULL,NULL,'wait',NULL,'paid',NULL,'2023-01-30 11:29:39','2023-01-30 11:29:39',NULL,NULL,NULL,NULL,NULL),(82,'38194',NULL,NULL,1,'1GOBqvvqOXHAtr9d6dJ2pX3zI2MJoioeNy4HhdjC',NULL,'',NULL,NULL,'wait',NULL,'paid',NULL,'2023-02-02 22:21:42','2023-02-02 22:21:42',NULL,NULL,NULL,NULL,NULL),(83,'61341','31.000',NULL,0,'58bc2735ca6420fe',1.00,'','2023-02-09','2023-02-05 13:54:58','wait',1,'unPaid',NULL,'2023-02-05 11:52:03','2023-02-05 11:54:58','03:00 PM : 07:00 PM',NULL,NULL,'KWD',1),(84,'48012','26.000',NULL,0,'58bc2735ca6420fe',1.00,'','null','2023-02-05 20:14:32','wait',1,'unPaid',NULL,'2023-02-05 18:14:01','2023-02-05 18:14:32','null : null',NULL,NULL,'KWD',1),(85,'73541','31.000',NULL,0,'58bc2735ca6420fe',1.00,'','null','2023-02-06 07:56:58','refused',1,'unPaid',NULL,'2023-02-06 05:56:42','2023-02-06 05:58:27','null : null',NULL,NULL,'KWD',1);

--
-- Table structure for table `page_translations`
--

CREATE TABLE `page_translations` (
  `id` int unsigned NOT NULL AUTO_INCREMENT,
  `page_id` int unsigned NOT NULL,
  `title` varchar(255) CHARACTER SET utf8mb4 COLLATE utf8mb4_unicode_ci NOT NULL,
  `locale` varchar(255) CHARACTER SET utf8mb4 COLLATE utf8mb4_unicode_ci NOT NULL,
  `content` text CHARACTER SET utf8mb4 COLLATE utf8mb4_unicode_ci,
  `created_at` timestamp NULL DEFAULT NULL,
  `updated_at` timestamp NULL DEFAULT NULL,
  PRIMARY KEY (`id`),
  UNIQUE KEY `page_translations_page_id_locale_unique` (`page_id`,`locale`),
  KEY `page_translations_locale_index` (`locale`),
  CONSTRAINT `page_translations_page_id_foreign` FOREIGN KEY (`page_id`) REFERENCES `pages` (`id`) ON DELETE CASCADE
) ENGINE=InnoDB AUTO_INCREMENT=13 DEFAULT CHARSET=utf8mb4 COLLATE=utf8mb4_unicode_ci;

--
-- Dumping data for table `page_translations`
--

INSERT INTO `page_translations` (`id`, `page_id`, `title`, `locale`, `content`, `created_at`, `updated_at`) VALUES (1,1,'من نحن','ar','<p dir=\"rtl\">أجمل المسابيح في تطبيق واحد، هواة الخليج علامة تجارية مسجلة، ب خبرة واسعة في صناعة المشغولات اليدوية الحصرية بأفخم تشكيلات المسابيح الطبيعية و الصناعية و أحدثها بمختلف التصاميم العصرية و الكلاسيكية ؛ نقدمها لكم كتحف فنية ساحرة مع باقة من الخدمات المتكاملة تبدأ من سهولة التصفح و اختيار مسباحك المفضل و من ثم تعزيزه كهدية مثالية بأعلى المعايير في التعبئة و التغليف بأناقة متناهية مع خدمة متابعة الطلب و ما بعد البيع و ضمان الجودة ل نمنح تجربة للعملاء لا مثيل لها و أن نكون معكم عبر التطبيق الأمثل للهدايا و التذكارات التي تحتفي بكافة المناسبات.<br />\r\n&nbsp;<br />\r\nفمنكم نستلهم أفكارنا و إليكم نقدم أجمل منتجاتنا</p>',NULL,NULL),(2,1,'who are we','en','<p dir=\"rtl\">أجمل المسابيح في تطبيق واحد، هواة الخليج علامة تجارية مسجلة، ب خبرة واسعة في صناعة المشغولات اليدوية الحصرية بأفخم تشكيلات المسابيح الطبيعية و الصناعية و أحدثها بمختلف التصاميم العصرية و الكلاسيكية ؛ نقدمها لكم كتحف فنية ساحرة مع باقة من الخدمات المتكاملة تبدأ من سهولة التصفح و اختيار مسباحك المفضل و من ثم تعزيزه كهدية مثالية بأعلى المعايير في التعبئة و التغليف بأناقة متناهية مع خدمة متابعة الطلب و ما بعد البيع و ضمان الجودة ل نمنح تجربة للعملاء لا مثيل لها و أن نكون معكم عبر التطبيق الأمثل للهدايا و التذكارات التي تحتفي بكافة المناسبات.<br />\r\n&nbsp;<br />\r\nفمنكم نستلهم أفكارنا و إليكم نقدم أجمل منتجاتنا</p>',NULL,NULL),(3,2,'سياسة الاستبدال والاسترجاع','ar','<p dir=\"rtl\"><strong>سياسة الاستبدال والاسترجاع</strong> ( لعمليات الشراء اونلاين - من داخل الكويت )</p>\r\n\r\n<ul dir=\"rtl\">\r\n	<li><strong>مسابيح الكهرمان , المسابيح و الأحجار الطبيعية</strong><br />\r\n	مدة الاستبدال أو الاسترجاع المسموحة خلال 24 ساعة .</li>\r\n	<li><strong>المسابيح والخامات المُصنّعة</strong><br />\r\n	مدة الاستبدال أو الاسترجاع المسموحة خلال 3 أيام .</li>\r\n	<li><strong>رسوم التوصيل , عُمولة الدفع اونلاين</strong><br />\r\n	نتحمّل نحن رسوم التوصيل من وإلى العميل وعمولة الدفع اونلاين في حالة كان<br />\r\n	هناك أي اختلاف أو خــــطأ وارد في الطلب من قبلنا أمـــا غـــير ذلك فيتحمـــل<br />\r\n	العــــميل جميع رسوم التوصيل والدفع الالكتروني المُضافة .<br />\r\n	&nbsp;</li>\r\n	<li><strong>ملاحظات هامة</strong><br />\r\n	يُشترط عدم استخدام المنتج واعادته بتغليفه وحالته الأصلية .<br />\r\n	يُشترط ارفاق فاتورة الدفع و الشراء مع المنتج .<br />\r\n	المنتجات التي يتم التعديل عليها وتفصيلها حسب طلب العميل لا تسترد ولا تستبدل .<br />\r\n	تستغرق عملية اعادة الأموال أونلاين من 3 الى 7 أيام عمل<br />\r\n	&nbsp;</li>\r\n</ul>\r\n\r\n<hr />\r\n<p dir=\"rtl\"><br />\r\n<strong>سياسة الاستبدال والاسترجاع</strong> ( لعمليات الشراء اونلاين - من خارج الكويت )</p>\r\n\r\n<ul dir=\"rtl\">\r\n	<li><strong>مسابيح الكهرمان , المسابيح و الأحجار الطبيعية</strong><br />\r\n	مدة الاستبدال أو الاسترجاع المسموحة خلال 24 ساعة من تاريخ استلام الشحنة .</li>\r\n	<li><strong>المسابيح والخامات المُصنّعة</strong><br />\r\n	مدة الاستبدال أو الاسترجاع المسموحة خلال 3 أيام من تاريخ استلام الشحنة ..</li>\r\n	<li><strong>رسوم الشحن , الجمارك , عُمولة الدفع اونلاين</strong><br />\r\n	نتحمّل نحن رسوم الشحن من وإلى العميل وعمولةالدفع اونلاين في حالة كان<br />\r\n	هناك أي اختلاف أو خطأ وارد في الطلب من قبلنا, أمـا غير ذلك فيتحمل العـــــميل<br />\r\n	جميع رسوم الشحن والجمارك&nbsp; والدفع الالكتروني المُضافة .<br />\r\n	&nbsp;</li>\r\n	<li><strong>ملاحظات هامة</strong><br />\r\n	يُشترط عدم استخدام المنتج واعادته بتغليفه وحالته الأصلية .<br />\r\n	يُشترط ارفاق فاتورة الدفع و الشراء مع المنتج .<br />\r\n	المنتجات التي يتم التعديل عليها وتفصيلها حسب طلب العميل لا تسترد ولا تستبدل .<br />\r\n	تستغرق عملية اعادة الأموال أونلاين من 3 الى 7 أيام عمل</li>\r\n</ul>',NULL,NULL),(4,2,'sale policy','en','<p>sale policy</p>',NULL,NULL),(5,3,'الشروط والاحكام','ar','<p>جميع مواقعنا مبنية على قواعد بيانات مهنية للأرشفة من محركات البحث، حيث تكون مبنية وفق تسلل منطقي منظم، تجعل وصول المعلومات وطريقة عرضها أمر سهل وبسيط، كما تسهل عملية الأرشفة من محركات البحث مثل جوجل مما يجعل موقعك يظهر بشكل أفضل على محرك البحث جوجل</p>\r\n\r\n<p>جميع مواقعنا مبنية على قواعد بيانات مهنية للأرشفة من محركات البحث، حيث تكون مبنية وفق تسلل منطقي منظم، تجعل وصول المعلومات وطريقة عرضها أمر سهل وبسيط، كما تسهل عملية الأرشفة من محركات البحث مثل جوجل مما يجعل موقعك يظهر بشكل أفضل على محرك البحث جوجل</p>\r\n\r\n<p>جميع مواقعنا مبنية على قواعد بيانات مهنية للأرشفة من محركات البحث، حيث تكون مبنية وفق تسلل منطقي منظم، تجعل وصول المعلومات وطريقة عرضها أمر سهل وبسيط، كما تسهل عملية الأرشفة من محركات البحث مثل جوجل مما يجعل موقعك يظهر بشكل أفضل على محرك البحث جوجل</p>\r\n\r\n<p>جميع مواقعنا مبنية على قواعد بيانات مهنية للأرشفة من محركات البحث، حيث تكون مبنية وفق تسلل منطقي منظم، تجعل وصول المعلومات وطريقة عرضها أمر سهل وبسيط، كما تسهل عملية الأرشفة من محركات البحث مثل جوجل مما يجعل موقعك يظهر بشكل أفضل على محرك البحث جوجل</p>',NULL,NULL),(6,3,'Terms and Conditions','en','<p>جميع مواقعنا مبنية على قواعد بيانات مهنية للأرشفة من محركات البحث، حيث تكون مبنية وفق تسلل منطقي منظم، تجعل وصول المعلومات وطريقة عرضها أمر سهل وبسيط، كما تسهل عملية الأرشفة من محركات البحث مثل جوجل مما يجعل موقعك يظهر بشكل أفضل على محرك البحث جوجل</p>\r\n\r\n<p>جميع مواقعنا مبنية على قواعد بيانات مهنية للأرشفة من محركات البحث، حيث تكون مبنية وفق تسلل منطقي منظم، تجعل وصول المعلومات وطريقة عرضها أمر سهل وبسيط، كما تسهل عملية الأرشفة من محركات البحث مثل جوجل مما يجعل موقعك يظهر بشكل أفضل على محرك البحث جوجل</p>\r\n\r\n<p>جميع مواقعنا مبنية على قواعد بيانات مهنية للأرشفة من محركات البحث، حيث تكون مبنية وفق تسلل منطقي منظم، تجعل وصول المعلومات وطريقة عرضها أمر سهل وبسيط، كما تسهل عملية الأرشفة من محركات البحث مثل جوجل مما يجعل موقعك يظهر بشكل أفضل على محرك البحث جوجل</p>\r\n\r\n<p>جميع مواقعنا مبنية على قواعد بيانات مهنية للأرشفة من محركات البحث، حيث تكون مبنية وفق تسلل منطقي منظم، تجعل وصول المعلومات وطريقة عرضها أمر سهل وبسيط، كما تسهل عملية الأرشفة من محركات البحث مثل جوجل مما يجعل موقعك يظهر بشكل أفضل على محرك البحث جوجل</p>',NULL,NULL),(7,4,'عبد الله','ar','<p style=\"text-align:center\">شغل رائع وتعامل أروع منتجات مميزة<br />\r\nوجودة عالية صراحة مشكوورين</p>',NULL,NULL),(8,4,'عبد الله','en','<p style=\"text-align:center\">شغل رائع وتعامل أروع منتجات مميزة<br />\r\nوجودة عالية صراحة مشكوورين</p>',NULL,NULL),(9,5,'Bo Hmood','ar','<p style=\"text-align:center\">جربت الطلب من عندكم<br />\r\nأنصح بهذا الموقع خدمة ممتازة</p>',NULL,NULL),(10,5,'Bo Hmood','en','<p style=\"text-align:center\">جربت الطلب من عندكم<br />\r\nأنصح بهذا الموقع خدمة ممتازة</p>',NULL,NULL),(11,6,'نواف الظفيري','ar','<p style=\"text-align:center\">خووش موقع وفقم الله ورزقكم<br />\r\nومو آخر مرة ان شاء الله اطلب منكم</p>',NULL,NULL),(12,6,'نواف الظفيري','en','<p style=\"text-align:center\">خووش موقع وفقم الله ورزقكم<br />\r\nومو آخر مرة ان شاء الله اطلب منكم</p>',NULL,NULL);

--
-- Table structure for table `pages`
--

CREATE TABLE `pages` (
  `id` int unsigned NOT NULL AUTO_INCREMENT,
  `created_at` timestamp NULL DEFAULT NULL,
  `updated_at` timestamp NULL DEFAULT NULL,
  `image` varchar(191) CHARACTER SET utf8mb4 COLLATE utf8mb4_unicode_ci DEFAULT NULL,
  `type` int NOT NULL DEFAULT '0',
  PRIMARY KEY (`id`)
) ENGINE=InnoDB AUTO_INCREMENT=7 DEFAULT CHARSET=utf8mb4 COLLATE=utf8mb4_unicode_ci;

--
-- Dumping data for table `pages`
--

INSERT INTO `pages` (`id`, `created_at`, `updated_at`, `image`, `type`) VALUES (1,'2022-06-28 09:49:28','2022-06-29 05:53:36','2022-06-29-farm.docx',0),(2,'2022-11-03 11:42:33','2022-11-03 11:42:33',NULL,0),(3,'2022-11-03 11:43:26','2022-11-03 11:43:26',NULL,0),(4,'2022-12-13 07:05:37','2022-12-13 07:05:37',NULL,1),(5,'2022-12-13 08:38:46','2022-12-13 08:38:46','2022-12-13-RYHL1-1.jpg',1),(6,'2022-12-13 09:19:54','2022-12-13 09:19:54',NULL,1);

--
-- Table structure for table `password_resets`
--

CREATE TABLE `password_resets` (
  `email` varchar(255) CHARACTER SET utf8mb4 COLLATE utf8mb4_unicode_ci NOT NULL,
  `token` varchar(255) CHARACTER SET utf8mb4 COLLATE utf8mb4_unicode_ci NOT NULL,
  `created_at` timestamp NULL DEFAULT NULL,
  KEY `password_resets_email_index` (`email`)
) ENGINE=InnoDB DEFAULT CHARSET=utf8mb4 COLLATE=utf8mb4_unicode_ci;

--
-- Dumping data for table `password_resets`
--


--
-- Table structure for table `payment_method_translations`
--

CREATE TABLE `payment_method_translations` (
  `id` int unsigned NOT NULL AUTO_INCREMENT,
  `payment_method_id` int unsigned NOT NULL,
  `title` varchar(255) CHARACTER SET utf8mb4 COLLATE utf8mb4_unicode_ci DEFAULT NULL,
  `locale` varchar(255) CHARACTER SET utf8mb4 COLLATE utf8mb4_unicode_ci NOT NULL,
  `created_at` timestamp NULL DEFAULT NULL,
  `updated_at` timestamp NULL DEFAULT NULL,
  PRIMARY KEY (`id`),
  UNIQUE KEY `payment_method_translations_payment_method_id_locale_unique` (`payment_method_id`,`locale`),
  CONSTRAINT `payment_method_translations_payment_method_id_foreign` FOREIGN KEY (`payment_method_id`) REFERENCES `payment_methods` (`id`) ON DELETE CASCADE
) ENGINE=InnoDB AUTO_INCREMENT=19 DEFAULT CHARSET=utf8mb4 COLLATE=utf8mb4_unicode_ci;

--
-- Dumping data for table `payment_method_translations`
--

INSERT INTO `payment_method_translations` (`id`, `payment_method_id`, `title`, `locale`, `created_at`, `updated_at`) VALUES (1,1,'الدفع عند الاستلام','ar',NULL,NULL),(2,1,'الدفع عند الاستلام','en',NULL,NULL),(3,2,'كي نت','ar',NULL,NULL),(4,2,'كي نت','en',NULL,NULL),(5,3,'فيزا / ماستركارد','ar',NULL,NULL),(6,3,'Visa/Mater','en',NULL,NULL),(11,6,'مدى','ar',NULL,NULL),(12,6,'MADA','en',NULL,NULL),(13,7,'كروت الدفع المدينة (الامارات)','ar',NULL,NULL),(14,7,'UAE Debit Cards','en',NULL,NULL),(15,8,'كروت الدفع المدينة (قطر)','ar',NULL,NULL),(16,8,'Qatar Debit Cards','en',NULL,NULL),(17,9,'ابل باي','ar',NULL,NULL),(18,9,'Apple Pay','en',NULL,NULL);

--
-- Table structure for table `payment_methods`
--

CREATE TABLE `payment_methods` (
  `id` int unsigned NOT NULL AUTO_INCREMENT,
  `image` varchar(255) CHARACTER SET utf8mb4 COLLATE utf8mb4_unicode_ci DEFAULT NULL,
  `type` int NOT NULL DEFAULT '0',
  `status` int NOT NULL DEFAULT '0',
  `created_at` timestamp NULL DEFAULT NULL,
  `updated_at` timestamp NULL DEFAULT NULL,
  PRIMARY KEY (`id`)
) ENGINE=InnoDB AUTO_INCREMENT=10 DEFAULT CHARSET=utf8mb4 COLLATE=utf8mb4_unicode_ci;

--
-- Dumping data for table `payment_methods`
--

INSERT INTO `payment_methods` (`id`, `image`, `type`, `status`, `created_at`, `updated_at`) VALUES (1,'2022-07-02-payment.png',0,1,'2022-06-22 10:19:52','2022-12-06 13:23:32'),(2,'2022-07-02-drd_QbKb_400x400.jpg',1,1,'2022-06-22 10:20:09','2022-12-06 13:24:52'),(3,'2022-11-19-depositphotos_43036713-stock-photo-visa-and-mastercard.jpeg',2,1,'2022-11-19 19:56:03','2022-12-06 13:24:52'),(6,'2022-11-19-unnamed (1).png',4,1,'2022-11-19 20:47:13','2023-01-12 12:01:29'),(7,'2022-11-19-Emarati_Prioroty_Debit_Card_550x375.jpeg',8,1,'2022-11-19 20:48:14','2023-01-12 12:01:36'),(8,'2022-11-19-credit-card-with-qatar-flag-background-for-bank-presentations-and-F93514.jpeg',9,1,'2022-11-19 20:49:50','2023-01-12 12:01:43'),(9,'2022-11-19-5968279.png',24,0,'2022-11-19 20:50:35','2023-01-12 12:01:48');

--
-- Table structure for table `permission_role`
--

CREATE TABLE `permission_role` (
  `permission_id` bigint unsigned NOT NULL,
  `role_id` bigint unsigned NOT NULL,
  PRIMARY KEY (`permission_id`,`role_id`),
  KEY `permission_role_role_id_foreign` (`role_id`),
  CONSTRAINT `permission_role_permission_id_foreign` FOREIGN KEY (`permission_id`) REFERENCES `permissions` (`id`) ON DELETE CASCADE ON UPDATE CASCADE,
  CONSTRAINT `permission_role_role_id_foreign` FOREIGN KEY (`role_id`) REFERENCES `roles` (`id`) ON DELETE CASCADE ON UPDATE CASCADE
) ENGINE=InnoDB DEFAULT CHARSET=utf8mb4 COLLATE=utf8mb4_unicode_ci;

--
-- Dumping data for table `permission_role`
--

INSERT INTO `permission_role` (`permission_id`, `role_id`) VALUES (1,1),(2,1),(3,1),(4,1),(5,1),(6,1),(7,1),(8,1),(9,1),(10,1),(11,1),(12,1),(13,1),(14,1),(15,1),(16,1),(17,1),(18,1),(19,1),(20,1),(21,1),(22,1),(23,1),(24,1),(25,1),(26,1),(27,1),(28,1),(29,1),(30,1),(31,1),(32,1),(33,1),(34,1),(35,1),(36,1),(37,1),(38,1),(39,1),(40,1),(41,1),(42,1),(43,1),(44,1),(45,1),(46,1),(47,1),(48,1),(49,1),(50,1),(51,1),(52,1),(53,1),(54,1),(55,1),(56,1),(57,1),(58,1),(59,1),(60,1),(61,1),(62,1),(63,1),(64,1),(21,6),(22,6);

--
-- Table structure for table `permission_user`
--

CREATE TABLE `permission_user` (
  `permission_id` bigint unsigned NOT NULL,
  `user_id` bigint unsigned NOT NULL,
  `user_type` varchar(255) CHARACTER SET utf8mb4 COLLATE utf8mb4_unicode_ci NOT NULL,
  PRIMARY KEY (`user_id`,`permission_id`,`user_type`),
  KEY `permission_user_permission_id_foreign` (`permission_id`),
  CONSTRAINT `permission_user_permission_id_foreign` FOREIGN KEY (`permission_id`) REFERENCES `permissions` (`id`) ON DELETE CASCADE ON UPDATE CASCADE
) ENGINE=InnoDB DEFAULT CHARSET=utf8mb4 COLLATE=utf8mb4_unicode_ci;

--
-- Dumping data for table `permission_user`
--


--
-- Table structure for table `permissions`
--

CREATE TABLE `permissions` (
  `id` bigint unsigned NOT NULL AUTO_INCREMENT,
  `name` varchar(255) CHARACTER SET utf8mb4 COLLATE utf8mb4_unicode_ci NOT NULL,
  `display_name` varchar(255) CHARACTER SET utf8mb4 COLLATE utf8mb4_unicode_ci DEFAULT NULL,
  `description` varchar(255) CHARACTER SET utf8mb4 COLLATE utf8mb4_unicode_ci DEFAULT NULL,
  `created_at` timestamp NULL DEFAULT NULL,
  `updated_at` timestamp NULL DEFAULT NULL,
  PRIMARY KEY (`id`),
  UNIQUE KEY `permissions_name_unique` (`name`)
) ENGINE=InnoDB AUTO_INCREMENT=65 DEFAULT CHARSET=utf8mb4 COLLATE=utf8mb4_unicode_ci;

--
-- Dumping data for table `permissions`
--

INSERT INTO `permissions` (`id`, `name`, `display_name`, `description`, `created_at`, `updated_at`) VALUES (1,'create_users','Create Users','Create Users','2022-06-21 09:32:18','2022-06-21 09:32:18'),(2,'read_users','Read Users','Read Users','2022-06-21 09:32:18','2022-06-21 09:32:18'),(3,'update_users','Update Users','Update Users','2022-06-21 09:32:18','2022-06-21 09:32:18'),(4,'delete_users','Delete Users','Delete Users','2022-06-21 09:32:18','2022-06-21 09:32:18'),(5,'create_roles','Create Roles','Create Roles','2022-06-21 09:32:18','2022-06-21 09:32:18'),(6,'read_roles','Read Roles','Read Roles','2022-06-21 09:32:18','2022-06-21 09:32:18'),(7,'update_roles','Update Roles','Update Roles','2022-06-21 09:32:18','2022-06-21 09:32:18'),(8,'delete_roles','Delete Roles','Delete Roles','2022-06-21 09:32:18','2022-06-21 09:32:18'),(9,'create_notifications','Create Notifications','Create Notifications','2022-06-21 09:32:18','2022-06-21 09:32:18'),(10,'read_notifications','Read Notifications','Read Notifications','2022-06-21 09:32:18','2022-06-21 09:32:18'),(11,'update_notifications','Update Notifications','Update Notifications','2022-06-21 09:32:18','2022-06-21 09:32:18'),(12,'delete_notifications','Delete Notifications','Delete Notifications','2022-06-21 09:32:18','2022-06-21 09:32:18'),(13,'create_sliders','Create Sliders','Create Sliders','2022-06-21 09:32:18','2022-06-21 09:32:18'),(14,'read_sliders','Read Sliders','Read Sliders','2022-06-21 09:32:18','2022-06-21 09:32:18'),(15,'update_sliders','Update Sliders','Update Sliders','2022-06-21 09:32:18','2022-06-21 09:32:18'),(16,'delete_sliders','Delete Sliders','Delete Sliders','2022-06-21 09:32:18','2022-06-21 09:32:18'),(17,'create_settings','Create Settings','Create Settings','2022-06-21 09:32:18','2022-06-21 09:32:18'),(18,'read_settings','Read Settings','Read Settings','2022-06-21 09:32:18','2022-06-21 09:32:18'),(19,'update_settings','Update Settings','Update Settings','2022-06-21 09:32:18','2022-06-21 09:32:18'),(20,'delete_settings','Delete Settings','Delete Settings','2022-06-21 09:32:18','2022-06-21 09:32:18'),(21,'create_categories','Create Categories','Create Categories','2022-06-21 09:32:18','2022-06-21 09:32:18'),(22,'read_categories','Read Categories','Read Categories','2022-06-21 09:32:18','2022-06-21 09:32:18'),(23,'update_categories','Update Categories','Update Categories','2022-06-21 09:32:18','2022-06-21 09:32:18'),(24,'delete_categories','Delete Categories','Delete Categories','2022-06-21 09:32:18','2022-06-21 09:32:18'),(25,'create_products','Create Products','Create Products','2022-06-21 09:32:18','2022-06-21 09:32:18'),(26,'read_products','Read Products','Read Products','2022-06-21 09:32:18','2022-06-21 09:32:18'),(27,'update_products','Update Products','Update Products','2022-06-21 09:32:18','2022-06-21 09:32:18'),(28,'delete_products','Delete Products','Delete Products','2022-06-21 09:32:18','2022-06-21 09:32:18'),(29,'create_paymentMethods','Create PaymentMethods','Create PaymentMethods','2022-06-21 09:32:18','2022-06-21 09:32:18'),(30,'read_paymentMethods','Read PaymentMethods','Read PaymentMethods','2022-06-21 09:32:18','2022-06-21 09:32:18'),(31,'update_paymentMethods','Update PaymentMethods','Update PaymentMethods','2022-06-21 09:32:18','2022-06-21 09:32:18'),(32,'delete_paymentMethods','Delete PaymentMethods','Delete PaymentMethods','2022-06-21 09:32:18','2022-06-21 09:32:18'),(33,'create_shippingType','Create ShippingType','Create ShippingType','2022-06-21 09:32:18','2022-06-21 09:32:18'),(34,'read_shippingType','Read ShippingType','Read ShippingType','2022-06-21 09:32:18','2022-06-21 09:32:18'),(35,'update_shippingType','Update ShippingType','Update ShippingType','2022-06-21 09:32:18','2022-06-21 09:32:18'),(36,'delete_shippingType','Delete ShippingType','Delete ShippingType','2022-06-21 09:32:18','2022-06-21 09:32:18'),(37,'create_orders','Create Orders','Create Orders','2022-06-21 09:32:18','2022-06-21 09:32:18'),(38,'read_orders','Read Orders','Read Orders','2022-06-21 09:32:18','2022-06-21 09:32:18'),(39,'update_orders','Update Orders','Update Orders','2022-06-21 09:32:18','2022-06-21 09:32:18'),(40,'delete_orders','Delete Orders','Delete Orders','2022-06-21 09:32:18','2022-06-21 09:32:18'),(41,'create_reports','Create Reports','Create Reports','2022-06-21 09:32:18','2022-06-21 09:32:18'),(42,'read_reports','Read Reports','Read Reports','2022-06-21 09:32:18','2022-06-21 09:32:18'),(43,'update_reports','Update Reports','Update Reports','2022-06-21 09:32:18','2022-06-21 09:32:18'),(44,'delete_reports','Delete Reports','Delete Reports','2022-06-21 09:32:18','2022-06-21 09:32:18'),(45,'create_governments','Create Governments','Create Governments','2022-06-21 09:32:18','2022-06-21 09:32:18'),(46,'read_governments','Read Governments','Read Governments','2022-06-21 09:32:18','2022-06-21 09:32:18'),(47,'update_governments','Update Governments','Update Governments','2022-06-21 09:32:18','2022-06-21 09:32:18'),(48,'delete_governments','Delete Governments','Delete Governments','2022-06-21 09:32:18','2022-06-21 09:32:18'),(49,'create_regions','Create Regions','Create Regions','2022-06-21 09:32:18','2022-06-21 09:32:18'),(50,'read_regions','Read Regions','Read Regions','2022-06-21 09:32:18','2022-06-21 09:32:18'),(51,'update_regions','Update Regions','Update Regions','2022-06-21 09:32:18','2022-06-21 09:32:18'),(52,'delete_regions','Delete Regions','Delete Regions','2022-06-21 09:32:18','2022-06-21 09:32:18'),(53,'create_discount','Create Discount','Create Discount','2022-06-21 09:32:18','2022-06-21 09:32:18'),(54,'read_discount','Read Discount','Read Discount','2022-06-21 09:32:18','2022-06-21 09:32:18'),(55,'update_discount','Update Discount','Update Discount','2022-06-21 09:32:18','2022-06-21 09:32:18'),(56,'delete_discount','Delete Discount','Delete Discount','2022-06-21 09:32:18','2022-06-21 09:32:18'),(57,'create_times','Create Times','Create Times','2022-06-21 09:32:18','2022-06-21 09:32:18'),(58,'read_times','Read Times','Read Times','2022-06-21 09:32:18','2022-06-21 09:32:18'),(59,'update_times','Update Times','Update Times','2022-06-21 09:32:18','2022-06-21 09:32:18'),(60,'delete_times','Delete Times','Delete Times','2022-06-21 09:32:18','2022-06-21 09:32:18'),(61,'create_tagers','Create Tagers','Create Tagers','2022-06-21 09:32:18','2022-06-21 09:32:18'),(62,'read_tagers','Read Tagers','Read Tagers','2022-06-21 09:32:18','2022-06-21 09:32:18'),(63,'update_tagers','Update Tagers','Update Tagers','2022-06-21 09:32:18','2022-06-21 09:32:18'),(64,'delete_tagers','Delete Tagers','Delete Tagers','2022-06-21 09:32:18','2022-06-21 09:32:18');

--
-- Table structure for table `personal_access_tokens`
--

CREATE TABLE `personal_access_tokens` (
  `id` bigint unsigned NOT NULL AUTO_INCREMENT,
  `tokenable_type` varchar(255) CHARACTER SET utf8mb4 COLLATE utf8mb4_unicode_ci NOT NULL,
  `tokenable_id` bigint unsigned NOT NULL,
  `name` varchar(255) CHARACTER SET utf8mb4 COLLATE utf8mb4_unicode_ci NOT NULL,
  `token` varchar(64) CHARACTER SET utf8mb4 COLLATE utf8mb4_unicode_ci NOT NULL,
  `abilities` text CHARACTER SET utf8mb4 COLLATE utf8mb4_unicode_ci,
  `last_used_at` timestamp NULL DEFAULT NULL,
  `created_at` timestamp NULL DEFAULT NULL,
  `updated_at` timestamp NULL DEFAULT NULL,
  PRIMARY KEY (`id`),
  UNIQUE KEY `personal_access_tokens_token_unique` (`token`),
  KEY `personal_access_tokens_tokenable_type_tokenable_id_index` (`tokenable_type`,`tokenable_id`)
) ENGINE=InnoDB DEFAULT CHARSET=utf8mb4 COLLATE=utf8mb4_unicode_ci;

--
-- Dumping data for table `personal_access_tokens`
--


--
-- Table structure for table `product_categories`
--

CREATE TABLE `product_categories` (
  `id` int unsigned NOT NULL AUTO_INCREMENT,
  `product_id` int unsigned DEFAULT NULL,
  `category_id` int unsigned DEFAULT NULL,
  `created_at` timestamp NULL DEFAULT NULL,
  `updated_at` timestamp NULL DEFAULT NULL,
  PRIMARY KEY (`id`),
  KEY `product_categories_product_id_foreign` (`product_id`),
  KEY `product_categories_category_id_foreign` (`category_id`),
  CONSTRAINT `product_categories_category_id_foreign` FOREIGN KEY (`category_id`) REFERENCES `categories` (`id`) ON DELETE CASCADE,
  CONSTRAINT `product_categories_product_id_foreign` FOREIGN KEY (`product_id`) REFERENCES `products` (`id`) ON DELETE CASCADE
) ENGINE=InnoDB AUTO_INCREMENT=167 DEFAULT CHARSET=utf8mb4 COLLATE=utf8mb4_unicode_ci;

--
-- Dumping data for table `product_categories`
--

INSERT INTO `product_categories` (`id`, `product_id`, `category_id`, `created_at`, `updated_at`) VALUES (1,1,1,NULL,NULL),(2,2,2,NULL,NULL),(3,3,2,NULL,NULL),(4,4,5,NULL,NULL),(5,5,4,NULL,NULL),(6,6,8,NULL,NULL),(7,6,4,NULL,NULL),(8,8,10,NULL,NULL),(9,9,5,NULL,NULL),(10,10,5,NULL,NULL),(11,11,5,NULL,NULL),(12,13,15,NULL,NULL),(13,14,11,NULL,NULL),(14,15,15,NULL,NULL),(15,16,15,NULL,NULL),(16,17,15,NULL,NULL),(17,18,15,NULL,NULL),(18,19,15,NULL,NULL),(19,20,15,NULL,NULL),(21,22,15,NULL,NULL),(22,23,15,NULL,NULL),(23,24,15,NULL,NULL),(24,25,15,NULL,NULL),(25,26,15,NULL,NULL),(26,21,15,NULL,NULL),(27,27,15,NULL,NULL),(28,28,15,NULL,NULL),(29,29,15,NULL,NULL),(31,31,15,NULL,NULL),(32,32,15,NULL,NULL),(38,33,11,NULL,NULL),(39,39,30,NULL,NULL),(40,31,14,NULL,NULL),(41,30,14,NULL,NULL),(42,30,16,NULL,NULL),(43,42,30,NULL,NULL),(44,43,30,NULL,NULL),(45,45,11,NULL,NULL),(46,47,32,NULL,NULL),(47,48,32,NULL,NULL),(48,49,32,NULL,NULL),(49,50,32,NULL,NULL),(50,51,32,NULL,NULL),(51,52,32,NULL,NULL),(52,53,30,NULL,NULL),(53,54,30,NULL,NULL),(54,56,19,NULL,NULL),(55,58,30,NULL,NULL),(56,59,30,NULL,NULL),(57,60,30,NULL,NULL),(58,61,30,NULL,NULL),(59,62,30,NULL,NULL),(60,63,30,NULL,NULL),(61,64,30,NULL,NULL),(62,65,30,NULL,NULL),(63,66,30,NULL,NULL),(64,68,44,NULL,NULL),(65,69,29,NULL,NULL),(66,70,29,NULL,NULL),(67,71,29,NULL,NULL),(68,72,29,NULL,NULL),(69,73,29,NULL,NULL),(70,74,29,NULL,NULL),(71,75,29,NULL,NULL),(72,76,29,NULL,NULL),(73,77,29,NULL,NULL),(74,78,29,NULL,NULL),(75,79,15,NULL,NULL),(76,80,15,NULL,NULL),(77,81,15,NULL,NULL),(78,82,15,NULL,NULL),(79,83,15,NULL,NULL),(80,85,15,NULL,NULL),(81,86,15,NULL,NULL),(82,87,15,NULL,NULL),(83,88,15,NULL,NULL),(84,89,15,NULL,NULL),(85,91,20,NULL,NULL),(86,92,20,NULL,NULL),(87,95,20,NULL,NULL),(88,96,20,NULL,NULL),(89,97,20,NULL,NULL),(90,98,20,NULL,NULL),(91,99,20,NULL,NULL),(92,101,20,NULL,NULL),(93,102,20,NULL,NULL),(94,103,20,NULL,NULL),(95,104,24,NULL,NULL),(96,105,24,NULL,NULL),(97,106,24,NULL,NULL),(98,107,24,NULL,NULL),(99,108,24,NULL,NULL),(100,109,24,NULL,NULL),(101,110,24,NULL,NULL),(102,111,24,NULL,NULL),(103,112,24,NULL,NULL),(104,113,58,NULL,NULL),(105,114,18,NULL,NULL),(106,115,18,NULL,NULL),(107,116,18,NULL,NULL),(108,117,18,NULL,NULL),(109,118,18,NULL,NULL),(110,119,18,NULL,NULL),(111,120,18,NULL,NULL),(112,121,18,NULL,NULL),(113,122,18,NULL,NULL),(114,123,18,NULL,NULL),(115,124,19,NULL,NULL),(116,125,19,NULL,NULL),(117,126,19,NULL,NULL),(118,127,19,NULL,NULL),(119,128,19,NULL,NULL),(120,129,19,NULL,NULL),(121,130,19,NULL,NULL),(122,131,19,NULL,NULL),(123,132,19,NULL,NULL),(124,133,19,NULL,NULL),(125,135,16,NULL,NULL),(126,136,16,NULL,NULL),(127,137,16,NULL,NULL),(128,138,16,NULL,NULL),(129,139,16,NULL,NULL),(130,140,16,NULL,NULL),(131,142,16,NULL,NULL),(132,143,16,NULL,NULL),(133,144,16,NULL,NULL),(134,145,16,NULL,NULL),(135,146,17,NULL,NULL),(136,147,17,NULL,NULL),(137,149,17,NULL,NULL),(138,150,17,NULL,NULL),(139,151,49,NULL,NULL),(140,152,49,NULL,NULL),(141,153,49,NULL,NULL),(142,154,49,NULL,NULL),(143,155,49,NULL,NULL),(144,156,49,NULL,NULL),(145,157,49,NULL,NULL),(146,158,49,NULL,NULL),(147,159,49,NULL,NULL),(148,160,22,NULL,NULL),(149,162,22,NULL,NULL),(150,163,22,NULL,NULL),(151,164,22,NULL,NULL),(152,165,22,NULL,NULL),(153,166,22,NULL,NULL),(154,167,22,NULL,NULL),(155,168,22,NULL,NULL),(156,169,22,NULL,NULL),(157,170,21,NULL,NULL),(158,171,21,NULL,NULL),(159,172,21,NULL,NULL),(160,173,21,NULL,NULL),(161,174,21,NULL,NULL),(162,175,21,NULL,NULL),(163,176,21,NULL,NULL),(164,177,21,NULL,NULL),(165,179,21,NULL,NULL),(166,180,21,NULL,NULL);

--
-- Table structure for table `product_orders`
--

CREATE TABLE `product_orders` (
  `id` int unsigned NOT NULL AUTO_INCREMENT,
  `order_id` int unsigned NOT NULL,
  `product_id` int unsigned NOT NULL,
  `user_id` int DEFAULT NULL,
  `quantity` int NOT NULL DEFAULT '1',
  `option` text CHARACTER SET utf8mb4 COLLATE utf8mb4_unicode_ci NOT NULL,
  `price` decimal(8,2) NOT NULL,
  `shipping_cost` decimal(8,2) DEFAULT NULL,
  `created_at` timestamp NULL DEFAULT NULL,
  `updated_at` timestamp NULL DEFAULT NULL,
  `category_id` int NOT NULL,
  `nameOfCart` varchar(191) CHARACTER SET utf8mb4 COLLATE utf8mb4_unicode_ci DEFAULT NULL,
  `real_price` varchar(191) CHARACTER SET utf8mb4 COLLATE utf8mb4_unicode_ci DEFAULT NULL,
  PRIMARY KEY (`id`),
  KEY `product_orders_order_id_foreign` (`order_id`),
  KEY `product_orders_product_id_foreign` (`product_id`),
  CONSTRAINT `product_orders_order_id_foreign` FOREIGN KEY (`order_id`) REFERENCES `orders` (`id`) ON DELETE CASCADE,
  CONSTRAINT `product_orders_product_id_foreign` FOREIGN KEY (`product_id`) REFERENCES `products` (`id`) ON DELETE CASCADE
) ENGINE=InnoDB AUTO_INCREMENT=143 DEFAULT CHARSET=utf8mb4 COLLATE=utf8mb4_unicode_ci;

--
-- Dumping data for table `product_orders`
--

INSERT INTO `product_orders` (`id`, `order_id`, `product_id`, `user_id`, `quantity`, `option`, `price`, `shipping_cost`, `created_at`, `updated_at`, `category_id`, `nameOfCart`, `real_price`) VALUES (1,1,18,NULL,1,' ',650.00,NULL,'2022-12-10 08:31:48','2022-12-10 08:31:48',15,NULL,NULL),(2,2,18,NULL,1,' ',650.00,NULL,'2022-12-11 21:09:39','2022-12-11 21:09:39',15,NULL,NULL),(3,3,33,NULL,2,' ',650.00,NULL,'2022-12-12 21:23:56','2022-12-12 21:25:12',11,NULL,NULL),(6,5,32,NULL,1,' ',850.00,NULL,'2022-12-13 06:18:19','2022-12-13 06:18:19',15,NULL,NULL),(7,6,50,NULL,1,' ',30.00,NULL,'2022-12-13 20:48:48','2022-12-13 20:48:48',32,'محمد',NULL),(18,9,27,NULL,1,'',450.00,NULL,'2022-12-14 11:43:52','2022-12-14 11:43:52',15,'بدون كرت اهداء',NULL),(20,10,18,NULL,1,' ',650.00,NULL,'2022-12-14 12:13:46','2022-12-14 12:13:46',15,'ryturtuytryre',NULL),(21,11,17,NULL,1,' ',170.00,NULL,'2022-12-14 12:14:34','2022-12-14 12:14:34',15,'بدون كرت اهداء',NULL),(22,11,18,NULL,1,' ',650.00,NULL,'2022-12-14 12:15:02','2022-12-14 12:15:02',15,'بسم الله الرحمن الرحيم',NULL),(23,12,17,NULL,1,' ',170.00,NULL,'2022-12-14 12:27:21','2022-12-14 12:27:21',15,'بدون كرت اهداء',NULL),(24,12,18,NULL,1,' ',650.00,NULL,'2022-12-14 12:27:42','2022-12-14 12:27:42',15,'بسم الله',NULL),(25,13,17,NULL,1,' ',170.00,NULL,'2022-12-14 12:30:15','2022-12-14 12:30:15',15,'بدون كرت اهداء',NULL),(26,13,18,NULL,1,' ',650.00,NULL,'2022-12-14 12:30:32','2022-12-14 12:30:32',15,'السميع',NULL),(27,14,17,NULL,1,' ',170.00,NULL,'2022-12-14 13:03:37','2022-12-14 13:03:37',15,'بدون كرت اهداء',NULL),(28,14,18,NULL,1,' ',650.00,NULL,'2022-12-14 13:04:13','2022-12-14 13:04:13',15,'بدون كرت اهداء',NULL),(29,15,28,NULL,2,' ',600.00,NULL,'2022-12-14 13:06:46','2022-12-14 13:07:01',15,'بدون كرت اهداء',NULL),(31,17,17,NULL,1,' ',170.00,NULL,'2022-12-15 05:32:39','2022-12-15 05:32:39',15,'بسم الله',NULL),(32,17,18,NULL,1,' ',650.00,NULL,'2022-12-15 05:32:48','2022-12-15 05:32:48',15,'بدون كرت اهداء',NULL),(33,18,33,NULL,1,' ',650.00,NULL,'2022-12-15 07:08:24','2022-12-15 07:08:24',11,'انور',NULL),(34,18,33,NULL,1,'',650.00,NULL,'2022-12-15 07:09:02','2022-12-15 07:09:02',11,'احمر',NULL),(37,20,60,NULL,1,'',25.00,NULL,'2022-12-15 08:44:18','2022-12-15 08:44:18',30,'خالد',NULL),(38,21,65,NULL,1,' ',22.00,NULL,'2022-12-15 08:46:42','2022-12-15 08:46:42',30,'خالد',NULL),(47,23,18,NULL,1,' ',650.00,NULL,'2022-12-16 09:43:32','2022-12-16 09:43:32',15,'بدون كرت اهداء',NULL),(49,24,17,NULL,1,' ',170.00,NULL,'2022-12-16 09:45:04','2022-12-16 09:45:04',15,'بدون كرت اهداء',NULL),(50,24,18,NULL,1,' ',650.00,NULL,'2022-12-16 09:45:15','2022-12-16 09:45:15',15,'بدون كرت اهداء',NULL),(51,25,59,NULL,4,' ',18.00,NULL,'2022-12-16 21:07:18','2022-12-16 21:08:08',30,NULL,NULL),(52,26,32,NULL,1,' ',850.00,NULL,'2022-12-17 05:41:53','2022-12-17 05:41:53',15,'بدون كرت اهداء',NULL),(53,26,66,NULL,1,' ',35.00,NULL,'2022-12-17 05:42:14','2022-12-17 05:42:14',30,NULL,NULL),(56,22,63,NULL,1,'',35.00,NULL,'2022-12-17 06:30:27','2022-12-17 06:30:27',30,'بدون كرت اهداء',NULL),(57,27,63,NULL,1,' ',35.00,NULL,'2022-12-17 06:34:16','2022-12-17 06:34:16',30,'ناصر',NULL),(58,27,63,NULL,1,'',35.00,NULL,'2022-12-17 06:34:35','2022-12-17 06:34:35',30,'ناصر',NULL),(59,28,66,NULL,1,' ',35.00,NULL,'2022-12-17 06:36:53','2022-12-17 06:36:53',30,'حامد',NULL),(60,28,66,NULL,1,'',35.00,NULL,'2022-12-17 06:43:17','2022-12-17 06:43:17',30,'بدون كرت اهداء',NULL),(61,28,63,NULL,2,' ',35.00,NULL,'2022-12-17 06:44:21','2022-12-17 06:44:40',30,'بدون كرت اهداء',NULL),(62,29,53,NULL,1,' ',25.00,NULL,'2022-12-18 07:23:57','2022-12-18 07:23:57',30,'بدون كرت اهداء',NULL),(63,29,18,NULL,1,' ',650.00,NULL,'2022-12-20 22:17:22','2022-12-20 22:17:22',15,'بدون كرت اهداء',NULL),(64,30,74,NULL,1,' ',30.00,NULL,'2022-12-21 07:16:20','2022-12-21 07:16:20',29,'بدون كرت اهداء',NULL),(65,31,21,NULL,1,' ',1150.00,NULL,'2022-12-21 07:20:23','2022-12-21 07:20:23',15,NULL,NULL),(66,31,17,NULL,1,' ',170.00,NULL,'2022-12-21 07:30:30','2022-12-21 07:30:30',15,NULL,NULL),(67,32,19,NULL,1,' ',700.00,NULL,'2022-12-21 08:07:37','2022-12-21 08:07:37',15,NULL,NULL),(68,29,59,NULL,1,' ',18.00,NULL,'2022-12-21 08:34:09','2022-12-21 08:34:09',30,'بدون كرت اهداء',NULL),(69,33,47,NULL,1,' ',30.00,NULL,'2022-12-21 11:21:40','2022-12-21 11:21:40',32,NULL,NULL),(70,33,47,NULL,1,'',30.00,NULL,'2022-12-21 11:21:41','2022-12-21 11:21:41',32,NULL,NULL),(72,29,19,NULL,1,' ',700.00,NULL,'2022-12-22 07:48:10','2022-12-22 07:48:10',15,'بدون كرت اهداء',NULL),(73,34,63,NULL,1,' ',35.00,NULL,'2022-12-22 07:55:02','2022-12-22 07:55:02',30,NULL,NULL),(74,34,63,NULL,1,'',35.00,NULL,'2022-12-22 07:55:14','2022-12-22 07:55:14',30,NULL,NULL),(76,35,49,NULL,1,' ',30.00,NULL,'2022-12-28 12:50:24','2022-12-28 12:50:24',32,'محمد',NULL),(77,36,97,NULL,1,' ',150.00,NULL,'2022-12-28 12:51:08','2022-12-28 12:51:08',20,'هعبنللهبعممس٤عسسفهسمغغيغيميمييغميم',NULL),(78,37,49,NULL,1,' ',30.00,NULL,'2023-01-02 19:30:11','2023-01-02 19:30:11',32,'بدون كرت اهداء',NULL),(81,39,72,NULL,1,' ',30.00,NULL,'2023-01-03 05:44:41','2023-01-03 05:44:41',29,'علي',NULL),(82,40,69,NULL,1,' ',25.00,NULL,'2023-01-03 06:22:04','2023-01-03 06:22:04',29,NULL,NULL),(83,41,150,NULL,1,' ',220.00,NULL,'2023-01-05 09:11:27','2023-01-05 09:11:27',17,'بدون كرت اهداء',NULL),(85,43,79,NULL,1,' ',165.00,NULL,'2023-01-07 08:12:07','2023-01-07 08:57:39',15,NULL,NULL),(86,44,107,NULL,3,' ',55.00,NULL,'2023-01-08 11:39:33','2023-01-24 11:29:49',24,NULL,'55.00'),(87,45,49,NULL,1,' ',30.00,NULL,'2023-01-11 10:22:48','2023-01-12 07:50:02',32,'بدون كرت اهداء',NULL),(89,46,132,NULL,1,' ',270.00,NULL,'2023-01-11 11:40:14','2023-01-11 11:40:20',19,'بدون كرت اهداء',NULL),(90,47,49,NULL,1,' ',30.00,NULL,'2023-01-11 18:46:26','2023-01-11 18:54:02',32,'بدون كرت اهداء',NULL),(91,48,58,NULL,1,' ',22.00,NULL,'2023-01-12 05:21:09','2023-01-19 05:56:18',30,'بدون كرت اهداء','22.00'),(92,49,63,NULL,1,' ',429.26,NULL,'2023-01-12 06:10:06','2023-01-12 12:13:38',30,NULL,NULL),(93,50,58,NULL,1,' ',269.82,NULL,'2023-01-12 07:14:09','2023-01-12 07:14:51',30,'بدون كرت اهداء',NULL),(94,51,110,NULL,1,' ',1783.44,NULL,'2023-01-12 16:02:43','2023-01-12 16:47:13',24,NULL,'150.00'),(95,52,49,NULL,2,' ',36.98,NULL,'2023-01-14 08:36:05','2023-01-14 08:52:39',32,'بدون كرت اهداء','30.00'),(96,53,109,NULL,1,' ',800.98,NULL,'2023-01-15 10:43:16','2023-01-15 12:04:53',24,'بدون كرت اهداء','65.00'),(97,53,87,NULL,1,' ',3203.93,NULL,'2023-01-15 10:43:46','2023-01-15 12:04:53',15,'بدون كرت اهداء','260.00'),(98,54,158,NULL,1,' ',431.30,NULL,'2023-01-15 12:40:02','2023-01-15 17:11:27',49,'بدون كرت اهداء','35.00'),(99,16,159,NULL,1,' ',421.78,NULL,'2023-01-15 13:44:26','2023-01-15 13:44:42',49,'بدون كرت اهداء','35.00'),(100,55,159,NULL,1,' ',420.34,NULL,'2023-01-15 13:44:51','2023-01-31 18:34:38',49,'بدون كرت اهداء','35.00'),(101,56,58,NULL,1,' ',22.00,NULL,'2023-01-16 05:59:07','2023-01-16 05:59:11',30,'بدون كرت اهداء','22.00'),(102,57,63,NULL,1,' ',35.00,NULL,'2023-01-16 06:01:57','2023-01-17 05:17:32',30,'بدون كرت اهداء','35.00'),(104,57,165,NULL,1,' ',35.00,NULL,'2023-01-16 06:27:01','2023-01-17 05:17:32',22,'بدون كرت اهداء','35.00'),(105,59,162,NULL,1,' ',25.00,NULL,'2023-01-16 10:39:44','2023-01-16 11:03:38',22,'بدون كرت اهداء','25.00'),(106,60,116,NULL,1,' ',95.00,NULL,'2023-01-16 17:49:53','2023-01-16 17:50:51',18,'بدون كرت اهداء','95.00'),(107,61,171,NULL,1,' ',25.00,NULL,'2023-01-17 07:01:32','2023-01-17 07:02:09',21,'بدون كرت اهداء','25.00'),(108,62,135,NULL,1,' ',185.00,NULL,'2023-01-17 07:05:55','2023-01-17 07:05:59',16,'بدون كرت اهداء','185.00'),(109,63,96,NULL,1,' ',150.00,NULL,'2023-01-17 07:06:51','2023-01-17 07:06:51',20,NULL,NULL),(110,64,110,NULL,1,' ',150.00,NULL,'2023-01-17 09:41:46','2023-01-17 09:41:59',24,'بدون كرت اهداء','150.00'),(111,65,75,NULL,1,' ',30.00,NULL,'2023-01-17 12:01:35','2023-01-17 12:19:07',29,'بدون كرت اهداء','30.00'),(112,65,95,NULL,1,' ',80.00,NULL,'2023-01-17 12:18:31','2023-01-17 12:19:07',20,'بدون كرت اهداء','80.00'),(113,48,139,NULL,1,' ',120.00,NULL,'2023-01-19 05:53:24','2023-01-19 05:56:18',16,NULL,'120.00'),(114,66,63,NULL,1,' ',35.00,NULL,'2023-01-19 05:59:40','2023-01-19 05:59:56',30,NULL,'35.00'),(115,67,118,NULL,1,' ',145.00,NULL,'2023-01-19 06:10:42','2023-01-19 06:10:54',18,NULL,'145.00'),(116,68,114,NULL,1,' ',235.00,NULL,'2023-01-19 06:17:44','2023-01-19 06:18:13',18,NULL,'235.00'),(117,69,137,NULL,3,' ',250.00,NULL,'2023-01-19 06:58:53','2023-01-19 07:07:05',16,NULL,'250.00'),(118,69,95,NULL,1,' ',80.00,NULL,'2023-01-19 07:02:37','2023-01-19 07:07:05',20,NULL,'80.00'),(119,69,104,NULL,4,' ',140.00,NULL,'2023-01-19 07:04:46','2023-01-19 07:07:05',24,NULL,'140.00'),(121,70,108,NULL,1,' ',65.00,NULL,'2023-01-21 05:46:09','2023-01-21 05:51:01',24,NULL,'65.00'),(122,71,180,NULL,1,' ',25.00,NULL,'2023-01-21 05:54:53','2023-01-21 06:08:09',21,NULL,'25.00'),(124,72,118,NULL,1,' ',145.00,NULL,'2023-01-21 06:18:02','2023-01-21 06:20:35',18,NULL,'145.00'),(125,73,158,NULL,1,' ',35.00,NULL,'2023-01-21 06:22:47','2023-01-21 06:23:18',49,NULL,'35.00'),(127,74,82,NULL,1,' ',210.00,NULL,'2023-01-21 06:34:29','2023-01-21 06:36:52',15,NULL,'210.00'),(128,75,96,NULL,1,' ',150.00,NULL,'2023-01-21 06:37:25','2023-01-23 09:46:28',20,NULL,'150.00'),(129,75,125,NULL,1,' ',240.00,NULL,'2023-01-21 06:37:34','2023-01-23 09:46:28',19,NULL,'240.00'),(130,76,129,NULL,1,' ',280.00,NULL,'2023-01-21 10:02:19','2023-01-21 10:39:36',19,NULL,'280.00'),(131,76,118,NULL,1,' ',145.00,NULL,'2023-01-21 10:28:01','2023-01-21 10:39:36',18,NULL,'145.00'),(132,76,130,NULL,3,' ',65.00,NULL,'2023-01-21 10:28:15','2023-01-21 10:39:36',19,NULL,'65.00'),(133,77,118,NULL,1,' ',145.00,NULL,'2023-01-21 10:46:06','2023-01-21 10:48:37',18,NULL,'145.00'),(134,78,165,NULL,1,' ',35.00,NULL,'2023-01-24 05:02:44','2023-01-24 05:09:37',22,'إنت الكفو الي تعادل قبائل','35.00'),(136,79,173,NULL,1,' ',18.00,NULL,'2023-01-29 21:42:40','2023-01-29 21:42:47',21,'بدون كرت اهداء','18.00'),(137,80,170,NULL,1,' ',30.00,NULL,'2023-01-29 21:44:20','2023-01-29 21:45:18',21,'اهداء للغالي محمد','30.00'),(138,81,63,NULL,1,' ',35.00,NULL,'2023-01-30 11:29:39','2023-01-30 11:29:39',30,NULL,NULL),(139,82,50,NULL,1,' ',30.00,NULL,'2023-02-02 22:21:42','2023-02-02 22:21:42',32,NULL,NULL),(140,83,170,NULL,1,' ',30.00,NULL,'2023-02-05 11:52:03','2023-02-05 11:53:42',21,'بدون كرت اهداء','30.00'),(141,84,180,NULL,1,' ',25.00,NULL,'2023-02-05 18:14:01','2023-02-05 18:14:14',21,'بدون كرت اهداء','25.00'),(142,85,74,NULL,1,' ',30.00,NULL,'2023-02-06 05:56:42','2023-02-06 05:56:53',29,'تستستسنسنسسزسمبلظلمبميميمست هلنىهركرؤففهنؤامؤمؤمرمركركركركركىتكرركركركركركرعحر','30.00');

--
-- Table structure for table `product_otherdatas`
--

CREATE TABLE `product_otherdatas` (
  `id` bigint unsigned NOT NULL AUTO_INCREMENT,
  `product_id` int unsigned DEFAULT NULL,
  `input_key_ar` varchar(191) CHARACTER SET utf8mb4 COLLATE utf8mb4_unicode_ci NOT NULL,
  `input_value_ar` varchar(191) CHARACTER SET utf8mb4 COLLATE utf8mb4_unicode_ci NOT NULL,
  `input_key_en` varchar(191) CHARACTER SET utf8mb4 COLLATE utf8mb4_unicode_ci DEFAULT NULL,
  `input_value_en` varchar(191) CHARACTER SET utf8mb4 COLLATE utf8mb4_unicode_ci DEFAULT NULL,
  `created_at` timestamp NULL DEFAULT NULL,
  `updated_at` timestamp NULL DEFAULT NULL,
  PRIMARY KEY (`id`),
  KEY `product_otherdatas_product_id_foreign` (`product_id`)
) ENGINE=InnoDB AUTO_INCREMENT=2100 DEFAULT CHARSET=utf8mb4 COLLATE=utf8mb4_unicode_ci;

--
-- Dumping data for table `product_otherdatas`
--

INSERT INTO `product_otherdatas` (`id`, `product_id`, `input_key_ar`, `input_value_ar`, `input_key_en`, `input_value_en`, `created_at`, `updated_at`) VALUES (2,33,'الوزن','3','weight','32','2022-12-13 05:14:21','2022-12-13 05:14:21'),(3,33,'الالوان','الاحمر','color','ث','2022-12-13 05:14:21','2022-12-13 05:14:21'),(88,45,'الوزن','30g','','','2022-12-13 13:03:41','2022-12-13 13:03:41'),(89,45,'الطول','30cm','','','2022-12-13 13:03:41','2022-12-13 13:03:41'),(90,45,'عدد الخرز','33','','','2022-12-13 13:03:41','2022-12-13 13:03:41'),(91,45,'عرض الخرز','10ml','','','2022-12-13 13:03:41','2022-12-13 13:03:41'),(92,45,'طول الخرز','10ml','','','2022-12-13 13:03:41','2022-12-13 13:03:41'),(93,45,'طول الشاهد','4cm','','','2022-12-13 13:03:41','2022-12-13 13:03:41'),(815,88,'الوزن','53g','','','2022-12-20 21:17:35','2022-12-20 21:17:35'),(816,88,'الطول','36cm','','','2022-12-20 21:17:35','2022-12-20 21:17:35'),(817,88,'عدد الخرز','45','','','2022-12-20 21:17:35','2022-12-20 21:17:35'),(818,88,'عرض الخرز','10ml','','','2022-12-20 21:17:35','2022-12-20 21:17:35'),(819,88,'طول الخرز','14ml','','','2022-12-20 21:17:35','2022-12-20 21:17:35'),(820,88,'طول الشاهد','4cm','','','2022-12-20 21:17:35','2022-12-20 21:17:35'),(821,87,'الوزن','54g','','','2022-12-20 21:17:49','2022-12-20 21:17:49'),(822,87,'الطول','34cm','','','2022-12-20 21:17:49','2022-12-20 21:17:49'),(823,87,'عدد الخرز','57','','','2022-12-20 21:17:49','2022-12-20 21:17:49'),(824,87,'عرض الخرز','10ml','','','2022-12-20 21:17:49','2022-12-20 21:17:49'),(825,87,'طول الخرز','11ml','','','2022-12-20 21:17:49','2022-12-20 21:17:49'),(826,87,'طول الشاهد','5cm','','','2022-12-20 21:17:49','2022-12-20 21:17:49'),(827,86,'الوزن','63g','','','2022-12-20 21:18:03','2022-12-20 21:18:03'),(828,86,'الطول','32cm','','','2022-12-20 21:18:03','2022-12-20 21:18:03'),(829,86,'عدد الخرز','55','','','2022-12-20 21:18:03','2022-12-20 21:18:03'),(830,86,'عرض الخرز','10ml','','','2022-12-20 21:18:03','2022-12-20 21:18:03'),(831,86,'طول الخرز','12.5ml','','','2022-12-20 21:18:03','2022-12-20 21:18:03'),(832,86,'طول الشاهد','4cm','','','2022-12-20 21:18:03','2022-12-20 21:18:03'),(833,86,'وزن الخاتم','17g','','','2022-12-20 21:18:03','2022-12-20 21:18:03'),(858,17,'الوزن','42g','','','2022-12-20 21:54:23','2022-12-20 21:54:23'),(859,17,'الطول','44cm','','','2022-12-20 21:54:23','2022-12-20 21:54:23'),(860,17,'عدد الخرز','107','','','2022-12-20 21:54:23','2022-12-20 21:54:23'),(861,17,'عرض الخرز','8.5ml','','','2022-12-20 21:54:23','2022-12-20 21:54:23'),(862,17,'طول الخرز','7.5ml','','','2022-12-20 21:54:23','2022-12-20 21:54:23'),(863,17,'طول الشاهد','4cm','','','2022-12-20 21:54:23','2022-12-20 21:54:23'),(878,89,'الوزن','65g','','','2022-12-21 07:05:20','2022-12-21 07:05:20'),(879,89,'الطول','34cm','','','2022-12-21 07:05:20','2022-12-21 07:05:20'),(880,89,'عدد الخرز','65','','','2022-12-21 07:05:20','2022-12-21 07:05:20'),(881,89,'عرض الخرز','9ml','','','2022-12-21 07:05:20','2022-12-21 07:05:20'),(882,89,'طول الخرز','11ml','','','2022-12-21 07:05:20','2022-12-21 07:05:20'),(883,89,'طول الشاهد','2cm','','','2022-12-21 07:05:20','2022-12-21 07:05:20'),(884,89,'وزن الخاتم','17g','','','2022-12-21 07:05:20','2022-12-21 07:05:20'),(917,91,'الوزن','60g','','','2022-12-22 22:34:03','2022-12-22 22:34:03'),(918,91,'الطول','29cm','','','2022-12-22 22:34:03','2022-12-22 22:34:03'),(919,91,'عدد الخرز','35','','','2022-12-22 22:34:03','2022-12-22 22:34:03'),(920,91,'عرض الخرز','9.5ml','','','2022-12-22 22:34:03','2022-12-22 22:34:03'),(921,91,'طول الخرز','13.5ml','','','2022-12-22 22:34:03','2022-12-22 22:34:03'),(922,91,'طول الشاهد','5cm','','','2022-12-22 22:34:03','2022-12-22 22:34:03'),(923,92,'الطول','30cm','','','2022-12-22 22:35:47','2022-12-22 22:35:47'),(924,92,'عدد الخرز','33','','','2022-12-22 22:35:47','2022-12-22 22:35:47'),(925,92,'عرض الخرز','11ml','','','2022-12-22 22:35:47','2022-12-22 22:35:47'),(926,92,'طول الخرز','13.5ml','','','2022-12-22 22:35:47','2022-12-22 22:35:47'),(927,92,'طول الشاهد','6cm','','','2022-12-22 22:35:47','2022-12-22 22:35:47'),(928,95,'الوزن','41g','','','2022-12-22 22:40:55','2022-12-22 22:40:55'),(929,95,'الطول','20cm','','','2022-12-22 22:40:55','2022-12-22 22:40:55'),(930,95,'عدد الخرز','33','','','2022-12-22 22:40:55','2022-12-22 22:40:55'),(931,95,'عرض الخرز','10.5ml','','','2022-12-22 22:40:55','2022-12-22 22:40:55'),(932,95,'طول الخرز','9ml','','','2022-12-22 22:40:55','2022-12-22 22:40:55'),(933,95,'طول الشاهد','5cm','','','2022-12-22 22:40:55','2022-12-22 22:40:55'),(940,97,'الوزن','67g','','','2022-12-22 22:54:01','2022-12-22 22:54:01'),(941,97,'الطول','27cm','','','2022-12-22 22:54:01','2022-12-22 22:54:01'),(942,97,'عدد الخرز','33','','','2022-12-22 22:54:01','2022-12-22 22:54:01'),(943,97,'عرض الخرز','12ml','','','2022-12-22 22:54:01','2022-12-22 22:54:01'),(944,97,'طول الخرز','13ml','','','2022-12-22 22:54:01','2022-12-22 22:54:01'),(945,97,'طول الشاهد','5cm','','','2022-12-22 22:54:01','2022-12-22 22:54:01'),(1024,96,'الوزن','76g','','','2022-12-22 23:07:45','2022-12-22 23:07:45'),(1025,96,'الطول','30cm','','','2022-12-22 23:07:45','2022-12-22 23:07:45'),(1026,96,'عدد الخرز','33','','','2022-12-22 23:07:45','2022-12-22 23:07:45'),(1027,96,'عرض الخرز','11.5ml','','','2022-12-22 23:07:45','2022-12-22 23:07:45'),(1028,96,'طول الخرز','14.5ml','','','2022-12-22 23:07:45','2022-12-22 23:07:45'),(1029,96,'طول الشاهد','6cm','','','2022-12-22 23:07:45','2022-12-22 23:07:45'),(1078,99,'الوزن','45g','','','2022-12-23 20:44:29','2022-12-23 20:44:29'),(1079,99,'الطول','29cm','','','2022-12-23 20:44:29','2022-12-23 20:44:29'),(1080,99,'عدد الخرز','33','','','2022-12-23 20:44:29','2022-12-23 20:44:29'),(1081,99,'عرض الخرز','9ml','','','2022-12-23 20:44:29','2022-12-23 20:44:29'),(1082,99,'طول الخرز','14ml','','','2022-12-23 20:44:29','2022-12-23 20:44:29'),(1083,99,'طول الشاهد','5cm','','','2022-12-23 20:44:29','2022-12-23 20:44:29'),(1084,98,'الوزن','58g','','','2022-12-23 21:03:22','2022-12-23 21:03:22'),(1085,98,'الطول','29cm','','','2022-12-23 21:03:22','2022-12-23 21:03:22'),(1086,98,'عدد الخرز','33','','','2022-12-23 21:03:22','2022-12-23 21:03:22'),(1087,98,'عرض الخرز','10.5ml','','','2022-12-23 21:03:22','2022-12-23 21:03:22'),(1088,98,'طول الخرز','14ml','','','2022-12-23 21:03:22','2022-12-23 21:03:22'),(1089,98,'طول الشاهد','5cm','','','2022-12-23 21:03:22','2022-12-23 21:03:22'),(1090,101,'الوزن','80g','','','2022-12-24 18:46:54','2022-12-24 18:46:54'),(1091,101,'الطول','29cm','','','2022-12-24 18:46:54','2022-12-24 18:46:54'),(1092,101,'عدد الخرز','33','','','2022-12-24 18:46:54','2022-12-24 18:46:54'),(1093,101,'عرض الخرز','13ml','','','2022-12-24 18:46:54','2022-12-24 18:46:54'),(1094,101,'طول الخرز','13.5ml','','','2022-12-24 18:46:54','2022-12-24 18:46:54'),(1095,101,'طول الشاهد','5cm','','','2022-12-24 18:46:54','2022-12-24 18:46:54'),(1096,102,'الوزن','52g','','','2022-12-24 18:51:41','2022-12-24 18:51:41'),(1097,102,'الطول','25cm','','','2022-12-24 18:51:41','2022-12-24 18:51:41'),(1098,102,'عدد الخرز','33','','','2022-12-24 18:51:41','2022-12-24 18:51:41'),(1099,102,'عرض الخرز','7ml','','','2022-12-24 18:51:41','2022-12-24 18:51:41'),(1100,102,'طول الخرز','12.5ml','','','2022-12-24 18:51:41','2022-12-24 18:51:41'),(1101,102,'طول الشاهد','4cm','','','2022-12-24 18:51:41','2022-12-24 18:51:41'),(1108,103,'الوزن','53g','','','2022-12-24 18:56:29','2022-12-24 18:56:29'),(1109,103,'الطول','30cm','','','2022-12-24 18:56:29','2022-12-24 18:56:29'),(1110,103,'عدد الخرز','33','','','2022-12-24 18:56:29','2022-12-24 18:56:29'),(1111,103,'عرض الخرز','10ml','','','2022-12-24 18:56:29','2022-12-24 18:56:29'),(1112,103,'طول الخرز','14.5ml','','','2022-12-24 18:56:29','2022-12-24 18:56:29'),(1113,103,'طول الشاهد','6cm','','','2022-12-24 18:56:29','2022-12-24 18:56:29'),(1192,114,'الوزن','54g','','','2022-12-25 21:07:13','2022-12-25 21:07:13'),(1193,114,'الطول','30cm','','','2022-12-25 21:07:13','2022-12-25 21:07:13'),(1194,114,'عدد الخرز','35','','','2022-12-25 21:07:13','2022-12-25 21:07:13'),(1195,114,'عرض الخرز','11ml','','','2022-12-25 21:07:13','2022-12-25 21:07:13'),(1196,114,'طول الخرز','15ml','','','2022-12-25 21:07:13','2022-12-25 21:07:13'),(1197,114,'طول الشاهد','4cm','','','2022-12-25 21:07:13','2022-12-25 21:07:13'),(1198,115,'الوزن','51g','','','2022-12-25 21:11:33','2022-12-25 21:11:33'),(1199,115,'الطول','30cm','','','2022-12-25 21:11:33','2022-12-25 21:11:33'),(1200,115,'عدد الخرز','33','','','2022-12-25 21:11:33','2022-12-25 21:11:33'),(1201,115,'عرض الخرز','11ml','','','2022-12-25 21:11:33','2022-12-25 21:11:33'),(1202,115,'طول الخرز','15ml','','','2022-12-25 21:11:33','2022-12-25 21:11:33'),(1203,115,'طول الشاهد','4cm','','','2022-12-25 21:11:33','2022-12-25 21:11:33'),(1216,118,'الوزن','42g','','','2022-12-25 21:26:30','2022-12-25 21:26:30'),(1217,118,'الطول','30cm','','','2022-12-25 21:26:30','2022-12-25 21:26:30'),(1218,118,'عدد الخرز','35','','','2022-12-25 21:26:30','2022-12-25 21:26:30'),(1219,118,'عرض الخرز','10ml','','','2022-12-25 21:26:30','2022-12-25 21:26:30'),(1220,118,'طول الخرز','15ml','','','2022-12-25 21:26:30','2022-12-25 21:26:30'),(1221,118,'طول الشاهد','4cm','','','2022-12-25 21:26:30','2022-12-25 21:26:30'),(1240,109,'الوزن','37g','','','2022-12-25 21:32:28','2022-12-25 21:32:28'),(1241,109,'الطول','28cm','','','2022-12-25 21:32:28','2022-12-25 21:32:28'),(1242,109,'عدد الخرز','33','','','2022-12-25 21:32:28','2022-12-25 21:32:28'),(1243,109,'عرض الخرز','8.5ml','','','2022-12-25 21:32:28','2022-12-25 21:32:28'),(1244,109,'طول الخرز','13.5ml','','','2022-12-25 21:32:28','2022-12-25 21:32:28'),(1245,109,'طول الشاهد','5cm','','','2022-12-25 21:32:28','2022-12-25 21:32:28'),(1252,119,'الوزن','72g','','','2022-12-25 21:34:41','2022-12-25 21:34:41'),(1253,119,'الطول','30cm','','','2022-12-25 21:34:41','2022-12-25 21:34:41'),(1254,119,'عدد الخرز','33','','','2022-12-25 21:34:41','2022-12-25 21:34:41'),(1255,119,'عرض الخرز','15ml','','','2022-12-25 21:34:41','2022-12-25 21:34:41'),(1256,119,'طول الخرز','15ml','','','2022-12-25 21:34:41','2022-12-25 21:34:41'),(1257,119,'طول الشاهد','4cm','','','2022-12-25 21:34:41','2022-12-25 21:34:41'),(1300,127,'الوزن','63g','','','2022-12-27 21:43:10','2022-12-27 21:43:10'),(1301,127,'الطول','33cm','','','2022-12-27 21:43:10','2022-12-27 21:43:10'),(1302,127,'عدد الخرز','45','','','2022-12-27 21:43:10','2022-12-27 21:43:10'),(1303,127,'عرض الخرز','13.5ml','','','2022-12-27 21:43:10','2022-12-27 21:43:10'),(1304,127,'طول الخرز','13.5ml','','','2022-12-27 21:43:10','2022-12-27 21:43:10'),(1305,127,'طول الشاهد','3cm','','','2022-12-27 21:43:10','2022-12-27 21:43:10'),(1312,129,'الوزن','57g','','','2022-12-27 21:53:34','2022-12-27 21:53:34'),(1313,129,'الطول','37cm','','','2022-12-27 21:53:34','2022-12-27 21:53:34'),(1314,129,'عدد الخرز','53','','','2022-12-27 21:53:34','2022-12-27 21:53:34'),(1315,129,'عرض الخرز','12.5ml','','','2022-12-27 21:53:34','2022-12-27 21:53:34'),(1316,129,'طول الخرز','12.5ml','','','2022-12-27 21:53:34','2022-12-27 21:53:34'),(1317,129,'طول الشاهد','4cm','','','2022-12-27 21:53:34','2022-12-27 21:53:34'),(1318,128,'الوزن','57g','','','2022-12-27 21:56:11','2022-12-27 21:56:11'),(1319,128,'الطول','33cm','','','2022-12-27 21:56:11','2022-12-27 21:56:11'),(1320,128,'عدد الخرز','47','','','2022-12-27 21:56:11','2022-12-27 21:56:11'),(1321,128,'عرض الخرز','13ml','','','2022-12-27 21:56:11','2022-12-27 21:56:11'),(1322,128,'طول الخرز','13ml','','','2022-12-27 21:56:11','2022-12-27 21:56:11'),(1323,128,'طول الشاهد','3cm','','','2022-12-27 21:56:11','2022-12-27 21:56:11'),(1336,132,'الوزن','52g','','','2022-12-28 22:26:14','2022-12-28 22:26:14'),(1337,132,'الطول','34cm','','','2022-12-28 22:26:14','2022-12-28 22:26:14'),(1338,132,'عدد الخرز','51','','','2022-12-28 22:26:14','2022-12-28 22:26:14'),(1339,132,'عرض الخرز','12ml','','','2022-12-28 22:26:14','2022-12-28 22:26:14'),(1340,132,'طول الخرز','12ml','','','2022-12-28 22:26:14','2022-12-28 22:26:14'),(1341,132,'طول الشاهد','3.5cm','','','2022-12-28 22:26:14','2022-12-28 22:26:14'),(1378,135,'الوزن','55g','','','2022-12-30 20:06:39','2022-12-30 20:06:39'),(1379,135,'الطول','34cm','','','2022-12-30 20:06:39','2022-12-30 20:06:39'),(1380,135,'عدد الخرز','33','','','2022-12-30 20:06:39','2022-12-30 20:06:39'),(1381,135,'عرض الخرز','11.5ml','','','2022-12-30 20:06:39','2022-12-30 20:06:39'),(1382,135,'طول الخرز','18ml','','','2022-12-30 20:06:39','2022-12-30 20:06:39'),(1383,135,'طول الشاهد','4cm','','','2022-12-30 20:06:39','2022-12-30 20:06:39'),(1390,137,'الوزن','57g','','','2022-12-30 20:21:45','2022-12-30 20:21:45'),(1391,137,'الطول','37cm','','','2022-12-30 20:21:45','2022-12-30 20:21:45'),(1392,137,'عدد الخرز','55','','','2022-12-30 20:21:45','2022-12-30 20:21:45'),(1393,137,'عرض الخرز','11.5ml','','','2022-12-30 20:21:45','2022-12-30 20:21:45'),(1394,137,'طول الخرز','11.5ml','','','2022-12-30 20:21:45','2022-12-30 20:21:45'),(1395,137,'طول الشاهد','3cm','','','2022-12-30 20:21:45','2022-12-30 20:21:45'),(1402,138,'الوزن','31g','','','2022-12-30 20:28:22','2022-12-30 20:28:22'),(1403,138,'الطول','27cm','','','2022-12-30 20:28:22','2022-12-30 20:28:22'),(1404,138,'عدد الخرز','45','','','2022-12-30 20:28:22','2022-12-30 20:28:22'),(1405,138,'عرض الخرز','10ml','','','2022-12-30 20:28:22','2022-12-30 20:28:22'),(1406,138,'طول الخرز','10.5ml','','','2022-12-30 20:28:22','2022-12-30 20:28:22'),(1407,138,'طول الشاهد','2.5cm','','','2022-12-30 20:28:22','2022-12-30 20:28:22'),(1408,139,'الوزن','35g','','','2022-12-30 20:33:56','2022-12-30 20:33:56'),(1409,139,'الطول','27cm','','','2022-12-30 20:33:56','2022-12-30 20:33:56'),(1410,139,'عدد الخرز','45','','','2022-12-30 20:33:56','2022-12-30 20:33:56'),(1411,139,'عرض الخرز','10.5ml','','','2022-12-30 20:33:56','2022-12-30 20:33:56'),(1412,139,'طول الخرز','10ml','','','2022-12-30 20:33:56','2022-12-30 20:33:56'),(1413,139,'طول الشاهد','3cm','','','2022-12-30 20:33:56','2022-12-30 20:33:56'),(1414,139,'وزن الخاتم','11g','','','2022-12-30 20:33:56','2022-12-30 20:33:56'),(1415,140,'الوزن','21g','','','2022-12-30 20:44:46','2022-12-30 20:44:46'),(1416,140,'الطول','37cm','','','2022-12-30 20:44:46','2022-12-30 20:44:46'),(1417,140,'عدد الخرز','99','','','2022-12-30 20:44:46','2022-12-30 20:44:46'),(1418,140,'عرض الخرز','7ml','','','2022-12-30 20:44:46','2022-12-30 20:44:46'),(1419,140,'طول الخرز','7ml','','','2022-12-30 20:44:46','2022-12-30 20:44:46'),(1420,140,'طول الشاهد','3cm','','','2022-12-30 20:44:46','2022-12-30 20:44:46'),(1433,144,'الوزن','25g','','','2022-12-30 21:02:54','2022-12-30 21:02:54'),(1434,144,'الطول','27cm','','','2022-12-30 21:02:54','2022-12-30 21:02:54'),(1435,144,'عدد الخرز','51','','','2022-12-30 21:02:54','2022-12-30 21:02:54'),(1436,144,'عرض الخرز','9ml','','','2022-12-30 21:02:54','2022-12-30 21:02:54'),(1437,144,'طول الخرز','9ml','','','2022-12-30 21:02:54','2022-12-30 21:02:54'),(1438,144,'طول الشاهد','3cm','','','2022-12-30 21:02:54','2022-12-30 21:02:54'),(1457,146,'الوزن','53g','','','2023-01-01 19:00:28','2023-01-01 19:00:28'),(1458,146,'الطول','33cm','','','2023-01-01 19:00:28','2023-01-01 19:00:28'),(1459,146,'عدد الخرز','99','','','2023-01-01 19:00:28','2023-01-01 19:00:28'),(1460,146,'عرض الخرز','11.5ml','','','2023-01-01 19:00:28','2023-01-01 19:00:28'),(1461,146,'طول الخرز','6.5ml','','','2023-01-01 19:00:28','2023-01-01 19:00:28'),(1462,146,'طول الشاهد','2cm','','','2023-01-01 19:00:28','2023-01-01 19:00:28'),(1463,146,'وزن الخاتم','11g','','','2023-01-01 19:00:28','2023-01-01 19:00:28'),(1476,149,'الوزن','34g','','','2023-01-01 19:25:26','2023-01-01 19:25:26'),(1477,149,'الطول','33cm','','','2023-01-01 19:25:26','2023-01-01 19:25:26'),(1478,149,'عدد الخرز','39','','','2023-01-01 19:25:26','2023-01-01 19:25:26'),(1479,149,'عرض الخرز','8ml','','','2023-01-01 19:25:26','2023-01-01 19:25:26'),(1480,149,'طول الخرز','15ml','','','2023-01-01 19:25:26','2023-01-01 19:25:26'),(1481,149,'طول الشاهد','3cm','','','2023-01-01 19:25:26','2023-01-01 19:25:26'),(1482,149,'وزن الخاتم','7g','','','2023-01-01 19:25:26','2023-01-01 19:25:26'),(1483,150,'الوزن','31g','','','2023-01-01 19:30:22','2023-01-01 19:30:22'),(1484,150,'الطول','31cm','','','2023-01-01 19:30:22','2023-01-01 19:30:22'),(1485,150,'عدد الخرز','35','','','2023-01-01 19:30:22','2023-01-01 19:30:22'),(1486,150,'عرض الخرز','8ml','','','2023-01-01 19:30:22','2023-01-01 19:30:22'),(1487,150,'طول الخرز','15ml','','','2023-01-01 19:30:22','2023-01-01 19:30:22'),(1488,150,'طول الشاهد','3cm','','','2023-01-01 19:30:22','2023-01-01 19:30:22'),(1489,150,'وزن الخاتم','21g','','','2023-01-01 19:30:22','2023-01-01 19:30:22'),(1502,47,'الوزن','34g','','','2023-01-03 10:46:03','2023-01-03 10:46:03'),(1503,47,'الطول','26cm','','','2023-01-03 10:46:03','2023-01-03 10:46:03'),(1504,47,'عدد الخرز','45','','','2023-01-03 10:46:03','2023-01-03 10:46:03'),(1505,47,'عرض الخرز','9ml','','','2023-01-03 10:46:03','2023-01-03 10:46:03'),(1506,47,'طول الخرز','10ml','','','2023-01-03 10:46:03','2023-01-03 10:46:03'),(1507,47,'طول الشاهد','4cm','','','2023-01-03 10:46:03','2023-01-03 10:46:03'),(1514,49,'الوزن','36g','','','2023-01-03 10:54:02','2023-01-03 10:54:02'),(1515,49,'الطول','26cm','','','2023-01-03 10:54:02','2023-01-03 10:54:02'),(1516,49,'عدد الخرز','45','','','2023-01-03 10:54:02','2023-01-03 10:54:02'),(1517,49,'عرض الخرز','10ml','','','2023-01-03 10:54:02','2023-01-03 10:54:02'),(1518,49,'طول الخرز','10ml','','','2023-01-03 10:54:02','2023-01-03 10:54:02'),(1519,49,'طول الشاهد','4cm','','','2023-01-03 10:54:02','2023-01-03 10:54:02'),(1529,51,'الوزن','55g','','','2023-01-03 10:56:51','2023-01-03 10:56:51'),(1530,51,'الطول','33cm','','','2023-01-03 10:56:51','2023-01-03 10:56:51'),(1531,51,'عدد الخرز','39','','','2023-01-03 10:56:51','2023-01-03 10:56:51'),(1532,51,'عرض الخرز','10ml','','','2023-01-03 10:56:51','2023-01-03 10:56:51'),(1533,51,'طول الخرز','14ml','','','2023-01-03 10:56:51','2023-01-03 10:56:51'),(1534,51,'طول الشاهد','3.5cm','','','2023-01-03 10:56:51','2023-01-03 10:56:51'),(1535,52,'الوزن','35g','','','2023-01-03 10:57:46','2023-01-03 10:57:46'),(1536,52,'الطول','26cm','','','2023-01-03 10:57:46','2023-01-03 10:57:46'),(1537,52,'عدد الخرز','45','','','2023-01-03 10:57:46','2023-01-03 10:57:46'),(1538,52,'عرض الخرز','10ml','','','2023-01-03 10:57:46','2023-01-03 10:57:46'),(1539,52,'طول الخرز','10ml','','','2023-01-03 10:57:46','2023-01-03 10:57:46'),(1540,52,'طول الشاهد','3.5cm','','','2023-01-03 10:57:46','2023-01-03 10:57:46'),(1541,53,'الوزن','30g','','','2023-01-03 10:59:05','2023-01-03 10:59:05'),(1542,53,'الطول','28cm','','','2023-01-03 10:59:05','2023-01-03 10:59:05'),(1543,53,'عدد الخرز','33','','','2023-01-03 10:59:05','2023-01-03 10:59:05'),(1544,53,'عرض الخرز','','','','2023-01-03 10:59:06','2023-01-03 10:59:06'),(1545,53,'عرض الخرز','8ml','','','2023-01-03 10:59:06','2023-01-03 10:59:06'),(1546,53,'طول الخرز','14ml','','','2023-01-03 10:59:06','2023-01-03 10:59:06'),(1547,53,'طول الشاهد','4cm','','','2023-01-03 10:59:06','2023-01-03 10:59:06'),(1554,54,'الوزن','35g','الوزن','35g','2023-01-03 11:00:42','2023-01-03 11:00:42'),(1555,54,'الطول','30cm','الطول','30cm','2023-01-03 11:00:42','2023-01-03 11:00:42'),(1556,54,'عدد الخرز','33','عدد الخرز','33','2023-01-03 11:00:42','2023-01-03 11:00:42'),(1557,54,'عرض الخرز','9ml','عرض الخرز','9ml','2023-01-03 11:00:42','2023-01-03 11:00:42'),(1558,54,'طول الخرز','15.5ml','طول الخرز','15.5ml','2023-01-03 11:00:42','2023-01-03 11:00:42'),(1559,54,'طول الشاهد','4cm','طول الشاهد','4cm','2023-01-03 11:00:42','2023-01-03 11:00:42'),(1560,58,'الوزن','30g','','','2023-01-03 11:09:55','2023-01-03 11:09:55'),(1561,58,'الطول','27cm','','','2023-01-03 11:09:55','2023-01-03 11:09:55'),(1562,58,'عدد الخرز','33','','','2023-01-03 11:09:55','2023-01-03 11:09:55'),(1563,58,'عرض الخرز','8ml','','','2023-01-03 11:09:55','2023-01-03 11:09:55'),(1564,58,'طول الخرز','14ml','','','2023-01-03 11:09:55','2023-01-03 11:09:55'),(1565,58,'طول الشاهد','4cm','','','2023-01-03 11:09:55','2023-01-03 11:09:55'),(1572,60,'الوزن','36g','','','2023-01-03 11:40:27','2023-01-03 11:40:27'),(1573,60,'الطول','28cm','','','2023-01-03 11:40:27','2023-01-03 11:40:27'),(1574,60,'عدد الخرز','51','','','2023-01-03 11:40:27','2023-01-03 11:40:27'),(1575,60,'عرض الخرز','9.5ml','','','2023-01-03 11:40:27','2023-01-03 11:40:27'),(1576,60,'طول الخرز','9.5ml','','','2023-01-03 11:40:27','2023-01-03 11:40:27'),(1577,60,'طول الشاهد','4cm','','','2023-01-03 11:40:27','2023-01-03 11:40:27'),(1584,62,'الوزن','60g','','','2023-01-03 11:57:03','2023-01-03 11:57:03'),(1585,62,'الطول','32cm','','','2023-01-03 11:57:03','2023-01-03 11:57:03'),(1586,62,'عدد الخرز','39','','','2023-01-03 11:57:03','2023-01-03 11:57:03'),(1587,62,'عرض الخرز','12ml','','','2023-01-03 11:57:03','2023-01-03 11:57:03'),(1588,62,'طول الخرز','13.5ml','','','2023-01-03 11:57:03','2023-01-03 11:57:03'),(1589,62,'طول الشاهد','4cm','','','2023-01-03 11:57:03','2023-01-03 11:57:03'),(1590,63,'الوزن','47g','','','2023-01-03 11:57:37','2023-01-03 11:57:37'),(1591,63,'الطول','35cm','','','2023-01-03 11:57:37','2023-01-03 11:57:37'),(1592,63,'عدد الخرز','66','','','2023-01-03 11:57:37','2023-01-03 11:57:37'),(1593,63,'عرض الخرز','10ml','','','2023-01-03 11:57:37','2023-01-03 11:57:37'),(1594,63,'طول الخرز','10ml','','','2023-01-03 11:57:37','2023-01-03 11:57:37'),(1595,63,'طول الشاهد','4cm','','','2023-01-03 11:57:37','2023-01-03 11:57:37'),(1596,64,'الوزن','42cm','','','2023-01-03 11:58:21','2023-01-03 11:58:21'),(1597,64,'الطول','35cm','','','2023-01-03 11:58:21','2023-01-03 11:58:21'),(1598,64,'عدد الخرز','66','','','2023-01-03 11:58:21','2023-01-03 11:58:21'),(1599,64,'عرض الخرز','9.5ml','','','2023-01-03 11:58:21','2023-01-03 11:58:21'),(1600,64,'طول الخرز','9','','','2023-01-03 11:58:21','2023-01-03 11:58:21'),(1601,64,'طول الشاهد','4cm','','','2023-01-03 11:58:21','2023-01-03 11:58:21'),(1602,65,'الوزن','33cm','','','2023-01-03 11:59:25','2023-01-03 11:59:25'),(1603,65,'الطول','29cm','','','2023-01-03 11:59:25','2023-01-03 11:59:25'),(1604,65,'عدد الخرز','33','','','2023-01-03 11:59:25','2023-01-03 11:59:25'),(1605,65,'عرض الخرز','8.5ml','','','2023-01-03 11:59:25','2023-01-03 11:59:25'),(1606,65,'طول الخرز','15.5ml','','','2023-01-03 11:59:25','2023-01-03 11:59:25'),(1607,65,'طول الشاهد','4.5cm','','','2023-01-03 11:59:25','2023-01-03 11:59:25'),(1608,66,'الوزن','51g','','','2023-01-03 11:59:57','2023-01-03 11:59:57'),(1609,66,'الطول','30cm','','','2023-01-03 11:59:57','2023-01-03 11:59:57'),(1610,66,'عدد الخرز','45','','','2023-01-03 11:59:57','2023-01-03 11:59:57'),(1611,66,'عرض الخرز','11.5ml','','','2023-01-03 11:59:57','2023-01-03 11:59:57'),(1612,66,'طول الخرز','11.5ml','','','2023-01-03 11:59:57','2023-01-03 11:59:57'),(1613,66,'طول الشاهد','4cm','','','2023-01-03 11:59:57','2023-01-03 11:59:57'),(1620,69,'الوزن','28g','','','2023-01-03 12:01:38','2023-01-03 12:01:38'),(1621,69,'الطول','29cm','','','2023-01-03 12:01:38','2023-01-03 12:01:38'),(1622,69,'عدد الخرز','45','','','2023-01-03 12:01:38','2023-01-03 12:01:38'),(1623,69,'عرض الخرز','8ml','','','2023-01-03 12:01:38','2023-01-03 12:01:38'),(1624,69,'طول الخرز','10.5ml','','','2023-01-03 12:01:38','2023-01-03 12:01:38'),(1625,69,'طول الشاهد','4cm','','','2023-01-03 12:01:38','2023-01-03 12:01:38'),(1626,70,'الوزن','34g','','','2023-01-03 12:02:35','2023-01-03 12:02:35'),(1627,70,'الطول','26cm','','','2023-01-03 12:02:35','2023-01-03 12:02:35'),(1628,70,'عدد الخرز','51','','','2023-01-03 12:02:35','2023-01-03 12:02:35'),(1629,70,'عرض الخرز','8ml','','','2023-01-03 12:02:35','2023-01-03 12:02:35'),(1630,70,'طول الخرز','10.5ml','','','2023-01-03 12:02:35','2023-01-03 12:02:35'),(1631,70,'طول الشاهد','3cm','','','2023-01-03 12:02:35','2023-01-03 12:02:35'),(1632,71,'الوزن','26g','','','2023-01-03 12:03:08','2023-01-03 12:03:08'),(1633,71,'الطول','27cm','','','2023-01-03 12:03:08','2023-01-03 12:03:08'),(1634,71,'عدد الخرز','33','','','2023-01-03 12:03:08','2023-01-03 12:03:08'),(1635,71,'عرض الخرز','7.5ml','','','2023-01-03 12:03:08','2023-01-03 12:03:08'),(1636,71,'طول الخرز','13ml','','','2023-01-03 12:03:08','2023-01-03 12:03:08'),(1637,71,'طول الشاهد','3.5cm','','','2023-01-03 12:03:08','2023-01-03 12:03:08'),(1638,72,'الوزن','28g','','','2023-01-03 12:03:45','2023-01-03 12:03:45'),(1639,72,'الطول','38cm','','','2023-01-03 12:03:45','2023-01-03 12:03:45'),(1640,72,'عدد الخرز','99','','','2023-01-03 12:03:45','2023-01-03 12:03:45'),(1641,72,'عرض الخرز','9ml','','','2023-01-03 12:03:45','2023-01-03 12:03:45'),(1642,72,'طول الخرز','7ml','','','2023-01-03 12:03:45','2023-01-03 12:03:45'),(1643,72,'طول الشاهد','4cm','','','2023-01-03 12:03:45','2023-01-03 12:03:45'),(1644,73,'الوزن','48g','','','2023-01-03 12:04:50','2023-01-03 12:04:50'),(1645,73,'الطول','28cm','','','2023-01-03 12:04:50','2023-01-03 12:04:50'),(1646,73,'عدد الخرز','39','','','2023-01-03 12:04:50','2023-01-03 12:04:50'),(1647,73,'عرض الخرز','12ml','','','2023-01-03 12:04:50','2023-01-03 12:04:50'),(1648,73,'طول الخرز','12ml','','','2023-01-03 12:04:50','2023-01-03 12:04:50'),(1649,73,'طول الشاهد','4cm','','','2023-01-03 12:04:50','2023-01-03 12:04:50'),(1650,74,'الوزن','48g','','','2023-01-03 12:05:32','2023-01-03 12:05:32'),(1651,74,'الطول','28cm','','','2023-01-03 12:05:32','2023-01-03 12:05:32'),(1652,74,'عدد الخرز','39','','','2023-01-03 12:05:32','2023-01-03 12:05:32'),(1653,74,'عرض الخرز','12ml','','','2023-01-03 12:05:32','2023-01-03 12:05:32'),(1654,74,'طول الخرز','12ml','','','2023-01-03 12:05:32','2023-01-03 12:05:32'),(1655,74,'طول الشاهد','4cm','','','2023-01-03 12:05:32','2023-01-03 12:05:32'),(1656,75,'الوزن','49g','','','2023-01-03 12:06:10','2023-01-03 12:06:10'),(1657,75,'الطول','28cm','','','2023-01-03 12:06:10','2023-01-03 12:06:10'),(1658,75,'عدد الخرز','39','','','2023-01-03 12:06:10','2023-01-03 12:06:10'),(1659,75,'عرض الخرز','12ml','','','2023-01-03 12:06:10','2023-01-03 12:06:10'),(1660,75,'طول الخرز','12ml','','','2023-01-03 12:06:10','2023-01-03 12:06:10'),(1661,75,'طول الشاهد','4cm','','','2023-01-03 12:06:10','2023-01-03 12:06:10'),(1662,76,'الوزن','30g','','','2023-01-03 12:06:47','2023-01-03 12:06:47'),(1663,76,'الطول','28cm','','','2023-01-03 12:06:47','2023-01-03 12:06:47'),(1664,76,'عدد الخرز','33','','','2023-01-03 12:06:47','2023-01-03 12:06:47'),(1665,76,'عرض الخرز','8.5ml','','','2023-01-03 12:06:47','2023-01-03 12:06:47'),(1666,76,'طول الخرز','14ml','','','2023-01-03 12:06:47','2023-01-03 12:06:47'),(1667,76,'طول الشاهد','4cm','','','2023-01-03 12:06:47','2023-01-03 12:06:47'),(1668,77,'الوزن','27g','','','2023-01-03 12:07:12','2023-01-03 12:07:12'),(1669,77,'الطول','28cm','','','2023-01-03 12:07:12','2023-01-03 12:07:12'),(1670,77,'عدد الخرز','39','','','2023-01-03 12:07:12','2023-01-03 12:07:12'),(1671,77,'عرض الخرز','8ml','','','2023-01-03 12:07:12','2023-01-03 12:07:12'),(1672,77,'طول الخرز','12ml','','','2023-01-03 12:07:12','2023-01-03 12:07:12'),(1673,77,'طول الشاهد','4cm','','','2023-01-03 12:07:12','2023-01-03 12:07:12'),(1674,78,'الوزن','45g','','','2023-01-03 12:07:42','2023-01-03 12:07:42'),(1675,78,'الطول','33cm','','','2023-01-03 12:07:42','2023-01-03 12:07:42'),(1676,78,'عدد الخرز','66','','','2023-01-03 12:07:42','2023-01-03 12:07:42'),(1677,78,'عرض الخرز','11ml','','','2023-01-03 12:07:42','2023-01-03 12:07:42'),(1678,78,'طول الخرز','9ml','','','2023-01-03 12:07:42','2023-01-03 12:07:42'),(1679,78,'طول الشاهد','3.5cm','','','2023-01-03 12:07:42','2023-01-03 12:07:42'),(1680,79,'الوزن','43g','','','2023-01-03 12:08:03','2023-01-03 12:08:03'),(1681,79,'الطول','30cm','','','2023-01-03 12:08:03','2023-01-03 12:08:03'),(1682,79,'عدد الخرز','33','','','2023-01-03 12:08:03','2023-01-03 12:08:03'),(1683,79,'عرض الخرز','12ml','','','2023-01-03 12:08:03','2023-01-03 12:08:03'),(1684,79,'طول الخرز','15ml','','','2023-01-03 12:08:03','2023-01-03 12:08:03'),(1685,79,'طول الشاهد','4cm','','','2023-01-03 12:08:03','2023-01-03 12:08:03'),(1686,80,'الوزن','46g','','','2023-01-03 12:08:32','2023-01-03 12:08:32'),(1687,80,'الطول','38cm','','','2023-01-03 12:08:32','2023-01-03 12:08:32'),(1688,80,'عدد الخرز','67','','','2023-01-03 12:08:32','2023-01-03 12:08:32'),(1689,80,'عرض الخرز','10ml','','','2023-01-03 12:08:32','2023-01-03 12:08:32'),(1690,80,'طول الخرز','10ml','','','2023-01-03 12:08:32','2023-01-03 12:08:32'),(1691,80,'طول الشاهد','3cm','','','2023-01-03 12:08:32','2023-01-03 12:08:32'),(1692,81,'الوزن','28g','','','2023-01-03 12:09:05','2023-01-03 12:09:05'),(1693,81,'الطول','29cm','','','2023-01-03 12:09:05','2023-01-03 12:09:05'),(1694,81,'عدد الخرز','65','','','2023-01-03 12:09:05','2023-01-03 12:09:05'),(1695,81,'عرض الخرز','8ml','','','2023-01-03 12:09:05','2023-01-03 12:09:05'),(1696,81,'طول الخرز','8ml','','','2023-01-03 12:09:05','2023-01-03 12:09:05'),(1697,81,'طول الشاهد','3cm','','','2023-01-03 12:09:05','2023-01-03 12:09:05'),(1698,82,'الوزن','37g','','','2023-01-03 12:09:28','2023-01-03 12:09:28'),(1699,82,'الطول','30cm','','','2023-01-03 12:09:28','2023-01-03 12:09:28'),(1700,82,'عدد الخرز','51','','','2023-01-03 12:09:28','2023-01-03 12:09:28'),(1701,82,'عرض الخرز','10.5ml','','','2023-01-03 12:09:28','2023-01-03 12:09:28'),(1702,82,'طول الخرز','10.5ml','','','2023-01-03 12:09:28','2023-01-03 12:09:28'),(1703,82,'طول الشاهد','3cm','','','2023-01-03 12:09:28','2023-01-03 12:09:28'),(1704,83,'الوزن','24g','','','2023-01-03 12:09:54','2023-01-03 12:09:54'),(1705,83,'الطول','29cm','','','2023-01-03 12:09:54','2023-01-03 12:09:54'),(1706,83,'عدد الخرز','39','','','2023-01-03 12:09:54','2023-01-03 12:09:54'),(1707,83,'عرض الخرز','7.5ml','','','2023-01-03 12:09:54','2023-01-03 12:09:54'),(1708,83,'طول الخرز','13ml','','','2023-01-03 12:09:54','2023-01-03 12:09:54'),(1709,83,'طول الشاهد','3cm','','','2023-01-03 12:09:54','2023-01-03 12:09:54'),(1710,85,'الوزن','54g','','','2023-01-03 12:10:21','2023-01-03 12:10:21'),(1711,85,'الطول','30cm','','','2023-01-03 12:10:21','2023-01-03 12:10:21'),(1712,85,'عدد الخرز','55','','','2023-01-03 12:10:21','2023-01-03 12:10:21'),(1713,85,'عرض الخرز','11.5ml','','','2023-01-03 12:10:21','2023-01-03 12:10:21'),(1714,85,'طول الخرز','9ml','','','2023-01-03 12:10:21','2023-01-03 12:10:21'),(1715,85,'طول الشاهد','3cm','','','2023-01-03 12:10:21','2023-01-03 12:10:21'),(1716,104,'الوزن','122g','','','2023-01-03 12:15:34','2023-01-03 12:15:34'),(1717,104,'الطول','36cm','','','2023-01-03 12:15:34','2023-01-03 12:15:34'),(1718,104,'عدد الخرز','33','','','2023-01-03 12:15:34','2023-01-03 12:15:34'),(1719,104,'عرض الخرز','14.5ml','','','2023-01-03 12:15:34','2023-01-03 12:15:34'),(1720,104,'طول الخرز','17.5ml','','','2023-01-03 12:15:34','2023-01-03 12:15:34'),(1721,104,'طول الشاهد','6cm','','','2023-01-03 12:15:34','2023-01-03 12:15:34'),(1722,105,'الوزن','143g','','','2023-01-03 12:16:25','2023-01-03 12:16:25'),(1723,105,'الطول','38cm','','','2023-01-03 12:16:25','2023-01-03 12:16:25'),(1724,105,'عدد الخرز','33','','','2023-01-03 12:16:25','2023-01-03 12:16:25'),(1725,105,'عرض الخرز','15.5ml','','','2023-01-03 12:16:25','2023-01-03 12:16:25'),(1726,105,'طول الخرز','18ml','','','2023-01-03 12:16:25','2023-01-03 12:16:25'),(1727,105,'طول الشاهد','7cm','','','2023-01-03 12:16:25','2023-01-03 12:16:25'),(1728,106,'الوزن','40g','','','2023-01-03 12:16:54','2023-01-03 12:16:54'),(1729,106,'الطول','28cm','','','2023-01-03 12:16:54','2023-01-03 12:16:54'),(1730,106,'عدد الخرز','33','','','2023-01-03 12:16:54','2023-01-03 12:16:54'),(1731,106,'عرض الخرز','9ml','','','2023-01-03 12:16:54','2023-01-03 12:16:54'),(1732,106,'طول الخرز','13.5ml','','','2023-01-03 12:16:54','2023-01-03 12:16:54'),(1733,106,'طول الشاهد','5cm','','','2023-01-03 12:16:54','2023-01-03 12:16:54'),(1734,107,'الوزن','36g','','','2023-01-03 12:17:36','2023-01-03 12:17:36'),(1735,107,'الطول','27cm','','','2023-01-03 12:17:36','2023-01-03 12:17:36'),(1736,107,'عدد الخرز','33cm','','','2023-01-03 12:17:36','2023-01-03 12:17:36'),(1737,107,'عرض الخرز','8.5ml','','','2023-01-03 12:17:36','2023-01-03 12:17:36'),(1738,107,'طول الخرز','13.5ml','','','2023-01-03 12:17:36','2023-01-03 12:17:36'),(1739,107,'طول الشاهد','5cm','','','2023-01-03 12:17:36','2023-01-03 12:17:36'),(1740,108,'الوزن','35g','','','2023-01-03 12:17:59','2023-01-03 12:17:59'),(1741,108,'الطول','28cm','','','2023-01-03 12:17:59','2023-01-03 12:17:59'),(1742,108,'عدد الخرز','33','','','2023-01-03 12:17:59','2023-01-03 12:17:59'),(1743,108,'عرض الخرز','9ml','','','2023-01-03 12:17:59','2023-01-03 12:17:59'),(1744,108,'طول الخرز','13ml','','','2023-01-03 12:17:59','2023-01-03 12:17:59'),(1745,108,'طول الشاهد','5cm','','','2023-01-03 12:17:59','2023-01-03 12:17:59'),(1746,110,'الوزن','136g','','','2023-01-03 12:18:40','2023-01-03 12:18:40'),(1747,110,'الطول','36cm','','','2023-01-03 12:18:40','2023-01-03 12:18:40'),(1748,110,'عدد الخرز','33','','','2023-01-03 12:18:40','2023-01-03 12:18:40'),(1749,110,'عرض الخرز','15ml','','','2023-01-03 12:18:40','2023-01-03 12:18:40'),(1750,110,'طول الخرز','17.5ml','','','2023-01-03 12:18:40','2023-01-03 12:18:40'),(1751,110,'طول الشاهد','6cm','','','2023-01-03 12:18:40','2023-01-03 12:18:40'),(1752,111,'الوزن','35g','','','2023-01-03 12:22:23','2023-01-03 12:22:23'),(1753,111,'الطول','30cm','','','2023-01-03 12:22:23','2023-01-03 12:22:23'),(1754,111,'عدد الخرز','33','','','2023-01-03 12:22:23','2023-01-03 12:22:23'),(1755,111,'عرض الخرز','8.5ml','','','2023-01-03 12:22:23','2023-01-03 12:22:23'),(1756,111,'طول الخرز','13.5ml','','','2023-01-03 12:22:23','2023-01-03 12:22:23'),(1757,111,'طول الشاهد','5cm','','','2023-01-03 12:22:23','2023-01-03 12:22:23'),(1758,112,'الوزن','35g','','','2023-01-03 12:29:04','2023-01-03 12:29:04'),(1759,112,'الطول','25cm','','','2023-01-03 12:29:04','2023-01-03 12:29:04'),(1760,112,'عدد الخرز','33','','','2023-01-03 12:29:04','2023-01-03 12:29:04'),(1761,112,'عرض الخرز','8ml','','','2023-01-03 12:29:04','2023-01-03 12:29:04'),(1762,112,'طول الخرز','12.5ml','','','2023-01-03 12:29:04','2023-01-03 12:29:04'),(1763,112,'طول الشاهد','5cm','','','2023-01-03 12:29:04','2023-01-03 12:29:04'),(1764,116,'الوزن','31g','','','2023-01-03 13:01:29','2023-01-03 13:01:29'),(1765,116,'الطول','27cm','','','2023-01-03 13:01:29','2023-01-03 13:01:29'),(1766,116,'عدد الخرز','35','','','2023-01-03 13:01:29','2023-01-03 13:01:29'),(1767,116,'عرض الخرز','9ml','','','2023-01-03 13:01:29','2023-01-03 13:01:29'),(1768,116,'طول الخرز','12.5ml','','','2023-01-03 13:01:29','2023-01-03 13:01:29'),(1769,116,'طول الشاهد','4cm','','','2023-01-03 13:01:29','2023-01-03 13:01:29'),(1770,117,'الوزن','50g','','','2023-01-03 13:01:52','2023-01-03 13:01:52'),(1771,117,'الطول','28cm','','','2023-01-03 13:01:52','2023-01-03 13:01:52'),(1772,117,'عدد الخرز','35','','','2023-01-03 13:01:52','2023-01-03 13:01:52'),(1773,117,'عرض الخرز','13ml','','','2023-01-03 13:01:52','2023-01-03 13:01:52'),(1774,117,'طول الخرز','13ml','','','2023-01-03 13:01:52','2023-01-03 13:01:52'),(1775,117,'طول الشاهد','5cm','','','2023-01-03 13:01:52','2023-01-03 13:01:52'),(1776,120,'الوزن','40g','','','2023-01-03 13:02:47','2023-01-03 13:02:47'),(1777,120,'الطول','30cm','','','2023-01-03 13:02:47','2023-01-03 13:02:47'),(1778,120,'عدد الخرز','45','','','2023-01-03 13:02:47','2023-01-03 13:02:47'),(1779,120,'عرض الخرز','11.5ml','','','2023-01-03 13:02:47','2023-01-03 13:02:47'),(1780,120,'طول الخرز','11.5ml','','','2023-01-03 13:02:47','2023-01-03 13:02:47'),(1781,120,'طول الشاهد','3.5cm','','','2023-01-03 13:02:47','2023-01-03 13:02:47'),(1782,121,'الوزن','31g','','','2023-01-03 13:03:08','2023-01-03 13:03:08'),(1783,121,'الطول','23cm','','','2023-01-03 13:03:08','2023-01-03 13:03:08'),(1784,121,'عدد الخرز','33','','','2023-01-03 13:03:08','2023-01-03 13:03:08'),(1785,121,'عرض الخرز','11ml','','','2023-01-03 13:03:08','2023-01-03 13:03:08'),(1786,121,'طول الخرز','11ml','','','2023-01-03 13:03:08','2023-01-03 13:03:08'),(1787,121,'طول الشاهد','3cm','','','2023-01-03 13:03:08','2023-01-03 13:03:08'),(1788,122,'الوزن','24g','','','2023-01-03 13:03:30','2023-01-03 13:03:30'),(1789,122,'الطول','31cm','','','2023-01-03 13:03:30','2023-01-03 13:03:30'),(1790,122,'عدد الخرز','66','','','2023-01-03 13:03:30','2023-01-03 13:03:30'),(1791,122,'عرض الخرز','8.5ml','','','2023-01-03 13:03:30','2023-01-03 13:03:30'),(1792,122,'طول الخرز','8.5ml','','','2023-01-03 13:03:30','2023-01-03 13:03:30'),(1793,122,'طول الشاهد','3cm','','','2023-01-03 13:03:30','2023-01-03 13:03:30'),(1794,123,'الوزن','21cm','','','2023-01-03 13:04:58','2023-01-03 13:04:58'),(1795,123,'الطول','30cm','','','2023-01-03 13:04:58','2023-01-03 13:04:58'),(1796,123,'عدد الخرز','66','','','2023-01-03 13:04:58','2023-01-03 13:04:58'),(1797,123,'عرض الخرز','8ml','','','2023-01-03 13:04:58','2023-01-03 13:04:58'),(1798,123,'طول الخرز','8ml','','','2023-01-03 13:04:58','2023-01-03 13:04:58'),(1799,123,'طول الشاهد','3cm','','','2023-01-03 13:04:58','2023-01-03 13:04:58'),(1800,124,'الوزن','45g','','','2023-01-03 13:05:46','2023-01-03 13:05:46'),(1801,124,'الطول','32cm','','','2023-01-03 13:05:46','2023-01-03 13:05:46'),(1802,124,'عدد الخرز','51','','','2023-01-03 13:05:46','2023-01-03 13:05:46'),(1803,124,'عرض الخرز','11.5ml','','','2023-01-03 13:05:46','2023-01-03 13:05:46'),(1804,124,'طول الخرز','11ml','','','2023-01-03 13:05:46','2023-01-03 13:05:46'),(1805,124,'طول الشاهد','3.5cm','','','2023-01-03 13:05:46','2023-01-03 13:05:46'),(1806,125,'الوزن','51g','','','2023-01-03 13:06:07','2023-01-03 13:06:07'),(1807,125,'الطول','35cm','','','2023-01-03 13:06:07','2023-01-03 13:06:07'),(1808,125,'عدد الخرز','53','','','2023-01-03 13:06:07','2023-01-03 13:06:07'),(1809,125,'عرض الخرز','12ml','','','2023-01-03 13:06:07','2023-01-03 13:06:07'),(1810,125,'طول الخرز','12ml','','','2023-01-03 13:06:07','2023-01-03 13:06:07'),(1811,125,'طول الشاهد','3cm','','','2023-01-03 13:06:07','2023-01-03 13:06:07'),(1812,126,'الوزن','38g','','','2023-01-03 13:06:28','2023-01-03 13:06:28'),(1813,126,'الطول','31cm','','','2023-01-03 13:06:28','2023-01-03 13:06:28'),(1814,126,'عدد الخرز','51','','','2023-01-03 13:06:28','2023-01-03 13:06:28'),(1815,126,'عرض الخرز','10.5ml','','','2023-01-03 13:06:28','2023-01-03 13:06:28'),(1816,126,'طول الخرز','11ml','','','2023-01-03 13:06:29','2023-01-03 13:06:29'),(1817,126,'طول الشاهد','3cm','','','2023-01-03 13:06:29','2023-01-03 13:06:29'),(1818,130,'الوزن','18g','','','2023-01-03 13:08:08','2023-01-03 13:08:08'),(1819,130,'الطول','28cm','','','2023-01-03 13:08:08','2023-01-03 13:08:08'),(1820,130,'عدد الخرز','66','','','2023-01-03 13:08:08','2023-01-03 13:08:08'),(1821,130,'عرض الخرز','7.5ml','','','2023-01-03 13:08:08','2023-01-03 13:08:08'),(1822,130,'طول الخرز','7.5ml','','','2023-01-03 13:08:08','2023-01-03 13:08:08'),(1823,130,'طول الشاهد','3cm','','','2023-01-03 13:08:08','2023-01-03 13:08:08'),(1824,131,'الوزن','18g','','','2023-01-03 13:08:35','2023-01-03 13:08:35'),(1825,131,'الطول','28cm','','','2023-01-03 13:08:35','2023-01-03 13:08:35'),(1826,131,'عدد الخرز','66','','','2023-01-03 13:08:35','2023-01-03 13:08:35'),(1827,131,'عرض الخرز','7.5ml','','','2023-01-03 13:08:35','2023-01-03 13:08:35'),(1828,131,'طول الخرز','7.5ml','','','2023-01-03 13:08:35','2023-01-03 13:08:35'),(1829,131,'طول الشاهد','3cm','','','2023-01-03 13:08:35','2023-01-03 13:08:35'),(1830,133,'الوزن','29g','','','2023-01-03 13:10:05','2023-01-03 13:10:05'),(1831,133,'الطول','31cm','','','2023-01-03 13:10:05','2023-01-03 13:10:05'),(1832,133,'عدد الخرز','57','','','2023-01-03 13:10:05','2023-01-03 13:10:05'),(1833,133,'عرض الخرز','9.5ml','','','2023-01-03 13:10:05','2023-01-03 13:10:05'),(1834,133,'طول الخرز','9.5ml','','','2023-01-03 13:10:05','2023-01-03 13:10:05'),(1835,133,'طول الشاهد','2.5cm','','','2023-01-03 13:10:05','2023-01-03 13:10:05'),(1836,136,'الوزن','13g','','','2023-01-03 13:10:51','2023-01-03 13:10:51'),(1837,136,'الطول','31cm','','','2023-01-03 13:10:51','2023-01-03 13:10:51'),(1838,136,'عدد الخرز','99','','','2023-01-03 13:10:51','2023-01-03 13:10:51'),(1839,136,'عرض الخرز','6ml','','','2023-01-03 13:10:51','2023-01-03 13:10:51'),(1840,136,'طول الخرز','6ml','','','2023-01-03 13:10:51','2023-01-03 13:10:51'),(1841,136,'طول الشاهد','2cm','','','2023-01-03 13:10:51','2023-01-03 13:10:51'),(1842,142,'الوزن','26g','','','2023-01-03 13:12:38','2023-01-03 13:12:38'),(1843,142,'الطول','24g','','','2023-01-03 13:12:38','2023-01-03 13:12:38'),(1844,142,'عدد الخرز','39','','','2023-01-03 13:12:38','2023-01-03 13:12:38'),(1845,142,'عرض الخرز','10ml','','','2023-01-03 13:12:38','2023-01-03 13:12:38'),(1846,142,'طول الخرز','10ml','','','2023-01-03 13:12:38','2023-01-03 13:12:38'),(1847,142,'طول الشاهد','4cm','','','2023-01-03 13:12:38','2023-01-03 13:12:38'),(1848,143,'الوزن','24g','','','2023-01-03 13:12:56','2023-01-03 13:12:56'),(1849,143,'الطول','27cm','','','2023-01-03 13:12:56','2023-01-03 13:12:56'),(1850,143,'عدد الخرز','51','','','2023-01-03 13:12:56','2023-01-03 13:12:56'),(1851,143,'عرض الخرز','9.5ml','','','2023-01-03 13:12:56','2023-01-03 13:12:56'),(1852,143,'طول الخرز','9ml','','','2023-01-03 13:12:56','2023-01-03 13:12:56'),(1853,143,'طول الشاهد','4cm','','','2023-01-03 13:12:56','2023-01-03 13:12:56'),(1854,145,'الوزن','35g','','','2023-01-03 13:13:36','2023-01-03 13:13:36'),(1855,145,'الطول','31cm','','','2023-01-03 13:13:36','2023-01-03 13:13:36'),(1856,145,'عدد الخرز','51','','','2023-01-03 13:13:36','2023-01-03 13:13:36'),(1857,145,'عرض الخرز','10ml','','','2023-01-03 13:13:36','2023-01-03 13:13:36'),(1858,145,'طول الخرز','10ml','','','2023-01-03 13:13:36','2023-01-03 13:13:36'),(1859,145,'طول الشاهد','4cm','','','2023-01-03 13:13:36','2023-01-03 13:13:36'),(1860,147,'الوزن','23g','','','2023-01-03 13:16:43','2023-01-03 13:16:43'),(1861,147,'الطول','28cm','','','2023-01-03 13:16:43','2023-01-03 13:16:43'),(1862,147,'عدد الخرز','45','','','2023-01-03 13:16:43','2023-01-03 13:16:43'),(1863,147,'عرض الخرز','8.5ml','','','2023-01-03 13:16:43','2023-01-03 13:16:43'),(1864,147,'طول الخرز','11.5ml','','','2023-01-03 13:16:43','2023-01-03 13:16:43'),(1865,147,'طول الشاهد','3cm','','','2023-01-03 13:16:43','2023-01-03 13:16:43'),(1872,151,'الوزن','15g','','','2023-01-06 18:29:22','2023-01-06 18:29:22'),(1873,151,'الطول','30cm','','','2023-01-06 18:29:22','2023-01-06 18:29:22'),(1874,151,'عدد الخرز','33','','','2023-01-06 18:29:22','2023-01-06 18:29:22'),(1875,151,'عرض الخرز','6ml','','','2023-01-06 18:29:22','2023-01-06 18:29:22'),(1876,151,'طول الخرز','16ml','','','2023-01-06 18:29:22','2023-01-06 18:29:22'),(1877,151,'طول الشاهد','4cm','','','2023-01-06 18:29:22','2023-01-06 18:29:22'),(1878,152,'الوزن','20g','','','2023-01-06 18:34:59','2023-01-06 18:34:59'),(1879,152,'الطول','30cm','','','2023-01-06 18:34:59','2023-01-06 18:34:59'),(1880,152,'عدد الخرز','33cm','','','2023-01-06 18:34:59','2023-01-06 18:34:59'),(1881,152,'عرض الخرز','6.5ml','','','2023-01-06 18:34:59','2023-01-06 18:34:59'),(1882,152,'طول الخرز','16ml','','','2023-01-06 18:34:59','2023-01-06 18:34:59'),(1883,152,'طول الشاهد','4cm','','','2023-01-06 18:34:59','2023-01-06 18:34:59'),(1884,153,'الوزن','14g','','','2023-01-06 18:40:43','2023-01-06 18:40:43'),(1885,153,'الطول','30cm','','','2023-01-06 18:40:43','2023-01-06 18:40:43'),(1886,153,'عدد الخرز','33','','','2023-01-06 18:40:43','2023-01-06 18:40:43'),(1887,153,'عرض الخرز','5.5ml','','','2023-01-06 18:40:43','2023-01-06 18:40:43'),(1888,153,'طول الخرز','15ml','','','2023-01-06 18:40:43','2023-01-06 18:40:43'),(1889,153,'طول الشاهد','4.5cm','','','2023-01-06 18:40:43','2023-01-06 18:40:43'),(1914,155,'الوزن','26g','','','2023-01-08 20:48:12','2023-01-08 20:48:12'),(1915,155,'الطول','29cm','','','2023-01-08 20:48:12','2023-01-08 20:48:12'),(1916,155,'عدد الخرز','45','','','2023-01-08 20:48:12','2023-01-08 20:48:12'),(1917,155,'عرض الخرز','11ml','','','2023-01-08 20:48:12','2023-01-08 20:48:12'),(1918,155,'طول الخرز','11ml','','','2023-01-08 20:48:12','2023-01-08 20:48:12'),(1919,155,'طول الشاهد','3.5cm','','','2023-01-08 20:48:12','2023-01-08 20:48:12'),(1920,154,'الوزن','28g','','','2023-01-08 20:48:27','2023-01-08 20:48:27'),(1921,154,'الطول','26cm','','','2023-01-08 20:48:27','2023-01-08 20:48:27'),(1922,154,'عدد الخرز','45','','','2023-01-08 20:48:27','2023-01-08 20:48:27'),(1923,154,'عرض الخرز','10ml','','','2023-01-08 20:48:27','2023-01-08 20:48:27'),(1924,154,'طول الخرز','10ml','','','2023-01-08 20:48:27','2023-01-08 20:48:27'),(1925,154,'طول الشاهد','3.5cm','','','2023-01-08 20:48:27','2023-01-08 20:48:27'),(1932,156,'الوزن','33g','','','2023-01-08 20:53:10','2023-01-08 20:53:10'),(1933,156,'الطول','45cm','','','2023-01-08 20:53:10','2023-01-08 20:53:10'),(1934,156,'عدد الخرز','99','','','2023-01-08 20:53:10','2023-01-08 20:53:10'),(1935,156,'عرض الخرز','8ml','','','2023-01-08 20:53:10','2023-01-08 20:53:10'),(1936,156,'طول الخرز','8ml','','','2023-01-08 20:53:10','2023-01-08 20:53:10'),(1937,156,'طول الشاهد','4cm','','','2023-01-08 20:53:10','2023-01-08 20:53:10'),(1938,157,'الوزن','38g','','','2023-01-08 20:58:04','2023-01-08 20:58:04'),(1939,157,'الطول','29cm','','','2023-01-08 20:58:04','2023-01-08 20:58:04'),(1940,157,'عدد الخرز','45','','','2023-01-08 20:58:04','2023-01-08 20:58:04'),(1941,157,'عرض الخرز','11ml','','','2023-01-08 20:58:04','2023-01-08 20:58:04'),(1942,157,'طول الخرز','11ml','','','2023-01-08 20:58:04','2023-01-08 20:58:04'),(1943,157,'طول الشاهد','4cm','','','2023-01-08 20:58:04','2023-01-08 20:58:04'),(1944,158,'الوزن','38g','','','2023-01-08 21:02:47','2023-01-08 21:02:47'),(1945,158,'الطول','29cm','','','2023-01-08 21:02:47','2023-01-08 21:02:47'),(1946,158,'عدد الخرز','45','','','2023-01-08 21:02:47','2023-01-08 21:02:47'),(1947,158,'عرض الخرز','11ml','','','2023-01-08 21:02:47','2023-01-08 21:02:47'),(1948,158,'طول الخرز','11ml','','','2023-01-08 21:02:47','2023-01-08 21:02:47'),(1949,158,'طول الشاهد','4cm','','','2023-01-08 21:02:47','2023-01-08 21:02:47'),(1950,159,'الوزن','40g','','','2023-01-08 21:11:36','2023-01-08 21:11:36'),(1951,159,'الطول','38cm','','','2023-01-08 21:11:36','2023-01-08 21:11:36'),(1952,159,'عدد الخرز','45','','','2023-01-08 21:11:36','2023-01-08 21:11:36'),(1953,159,'عرض الخرز','11ml','','','2023-01-08 21:11:36','2023-01-08 21:11:36'),(1954,159,'طول الخرز','11ml','','','2023-01-08 21:11:36','2023-01-08 21:11:36'),(1955,159,'طول الشاهد','4cm','','','2023-01-08 21:11:36','2023-01-08 21:11:36'),(1956,162,'الوزن','28g','','','2023-01-14 19:47:12','2023-01-14 19:47:12'),(1957,162,'الطول','31cm','','','2023-01-14 19:47:12','2023-01-14 19:47:12'),(1958,162,'عدد الخرز','33','','','2023-01-14 19:47:12','2023-01-14 19:47:12'),(1959,162,'عرض الخرز','7ml','','','2023-01-14 19:47:12','2023-01-14 19:47:12'),(1960,162,'طول الخرز','15.5ml','','','2023-01-14 19:47:12','2023-01-14 19:47:12'),(1961,162,'طول الشاهد','4cm','','','2023-01-14 19:47:12','2023-01-14 19:47:12'),(1962,163,'الوزن','63g','','','2023-01-14 19:54:24','2023-01-14 19:54:24'),(1963,163,'الطول','33cm','','','2023-01-14 19:54:24','2023-01-14 19:54:24'),(1964,163,'عدد الخرز','39','','','2023-01-14 19:54:24','2023-01-14 19:54:24'),(1965,163,'عرض الخرز','11ml','','','2023-01-14 19:54:24','2023-01-14 19:54:24'),(1966,163,'طول الخرز','15ml','','','2023-01-14 19:54:24','2023-01-14 19:54:24'),(1967,163,'طول الشاهد','4cm','','','2023-01-14 19:54:24','2023-01-14 19:54:24'),(1968,164,'الوزن','45g','','','2023-01-14 20:00:02','2023-01-14 20:00:02'),(1969,164,'الطول','31cm','','','2023-01-14 20:00:02','2023-01-14 20:00:02'),(1970,164,'عدد الخرز','59','','','2023-01-14 20:00:02','2023-01-14 20:00:02'),(1971,164,'عرض الخرز','10ml','','','2023-01-14 20:00:02','2023-01-14 20:00:02'),(1972,164,'طول الخرز','9ml','','','2023-01-14 20:00:02','2023-01-14 20:00:02'),(1973,164,'طول الشاهد','4cm','','','2023-01-14 20:00:02','2023-01-14 20:00:02'),(1974,165,'الوزن','63g','','','2023-01-14 20:05:01','2023-01-14 20:05:01'),(1975,165,'الطول','32cm','','','2023-01-14 20:05:01','2023-01-14 20:05:01'),(1976,165,'عدد الخرز','45','','','2023-01-14 20:05:01','2023-01-14 20:05:01'),(1977,165,'عرض الخرز','11.5ml','','','2023-01-14 20:05:01','2023-01-14 20:05:01'),(1978,165,'طول الخرز','11.5ml','','','2023-01-14 20:05:01','2023-01-14 20:05:01'),(1979,165,'طول الشاهد','4cm','','','2023-01-14 20:05:01','2023-01-14 20:05:01'),(1980,166,'الوزن','59g','','','2023-01-14 20:09:58','2023-01-14 20:09:58'),(1981,166,'الطول','31cm','','','2023-01-14 20:09:58','2023-01-14 20:09:58'),(1982,166,'عدد الخرز','45','','','2023-01-14 20:09:58','2023-01-14 20:09:58'),(1983,166,'عرض الخرز','11ml','','','2023-01-14 20:09:58','2023-01-14 20:09:58'),(1984,166,'طول الخرز','12ml','','','2023-01-14 20:09:58','2023-01-14 20:09:58'),(1985,166,'طول الشاهد','4cm','','','2023-01-14 20:09:58','2023-01-14 20:09:58'),(1986,48,'الوزن','57g','','','2023-01-14 20:16:23','2023-01-14 20:16:23'),(1987,48,'الطول','32cm','','','2023-01-14 20:16:23','2023-01-14 20:16:23'),(1988,48,'عدد الخرز','39','','','2023-01-14 20:16:23','2023-01-14 20:16:23'),(1989,48,'عرض الخرز','10ml','','','2023-01-14 20:16:23','2023-01-14 20:16:23'),(1990,48,'طول الخرز','14ml','','','2023-01-14 20:16:23','2023-01-14 20:16:23'),(1991,48,'طول الشاهد','4cm','','','2023-01-14 20:16:23','2023-01-14 20:16:23'),(1992,59,'الوزن','32g','','','2023-01-14 20:17:14','2023-01-14 20:17:14'),(1993,59,'الطول','26cm','','','2023-01-14 20:17:14','2023-01-14 20:17:14'),(1994,59,'عدد الخرز','45','','','2023-01-14 20:17:14','2023-01-14 20:17:14'),(1995,59,'عرض الخرز','10ml','','','2023-01-14 20:17:14','2023-01-14 20:17:14'),(1996,59,'طول الخرز','10ml','','','2023-01-14 20:17:14','2023-01-14 20:17:14'),(1997,59,'طول الشاهد','4cm','','','2023-01-14 20:17:14','2023-01-14 20:17:14'),(1998,61,'الوزن','60g','','','2023-01-14 20:18:00','2023-01-14 20:18:00'),(1999,61,'الطول','31cm','','','2023-01-14 20:18:00','2023-01-14 20:18:00'),(2000,61,'عدد الخرز','39','','','2023-01-14 20:18:00','2023-01-14 20:18:00'),(2001,61,'عرض الخرز','12ml','','','2023-01-14 20:18:00','2023-01-14 20:18:00'),(2002,61,'طول الخرز','14ml','','','2023-01-14 20:18:00','2023-01-14 20:18:00'),(2003,61,'طول الشاهد','3.5cm','','','2023-01-14 20:18:00','2023-01-14 20:18:00'),(2010,168,'الوزن','44g','','','2023-01-15 20:54:03','2023-01-15 20:54:03'),(2011,168,'الطول','30cm','','','2023-01-15 20:54:03','2023-01-15 20:54:03'),(2012,168,'عدد الخرز','45','','','2023-01-15 20:54:03','2023-01-15 20:54:03'),(2013,168,'عرض الخرز','10ml','','','2023-01-15 20:54:03','2023-01-15 20:54:03'),(2014,168,'طول الخرز','11ml','','','2023-01-15 20:54:03','2023-01-15 20:54:03'),(2015,168,'طول الشاهد','4cm','','','2023-01-15 20:54:03','2023-01-15 20:54:03'),(2016,169,'الوزن','52g','','','2023-01-15 20:58:02','2023-01-15 20:58:02'),(2017,169,'الطول','30cm','','','2023-01-15 20:58:02','2023-01-15 20:58:02'),(2018,169,'عدد الخرز','39','','','2023-01-15 20:58:02','2023-01-15 20:58:02'),(2019,169,'عرض الخرز','10.5ml','','','2023-01-15 20:58:02','2023-01-15 20:58:02'),(2020,169,'طول الخرز','13.5ml','','','2023-01-15 20:58:02','2023-01-15 20:58:02'),(2021,169,'طول الشاهد','4cm','','','2023-01-15 20:58:02','2023-01-15 20:58:02'),(2022,167,'الوزن','52g','','','2023-01-15 20:58:21','2023-01-15 20:58:21'),(2023,167,'الطول','32cm','','','2023-01-15 20:58:21','2023-01-15 20:58:21'),(2024,167,'عدد الخرز','45','','','2023-01-15 20:58:21','2023-01-15 20:58:21'),(2025,167,'عرض الخرز','11ml','','','2023-01-15 20:58:21','2023-01-15 20:58:21'),(2026,167,'طول الخرز','12ml','','','2023-01-15 20:58:21','2023-01-15 20:58:21'),(2027,167,'طول الشاهد','4cm','','','2023-01-15 20:58:21','2023-01-15 20:58:21'),(2034,170,'الوزن','40g','','','2023-01-15 21:07:07','2023-01-15 21:07:07'),(2035,170,'الطول','32cm','','','2023-01-15 21:07:07','2023-01-15 21:07:07'),(2036,170,'عدد الخرز','67','','','2023-01-15 21:07:07','2023-01-15 21:07:07'),(2037,170,'عرض الخرز','9ml','','','2023-01-15 21:07:07','2023-01-15 21:07:07'),(2038,170,'طول الخرز','9ml','','','2023-01-15 21:07:07','2023-01-15 21:07:07'),(2039,170,'طول الشاهد','3.5cm','','','2023-01-15 21:07:07','2023-01-15 21:07:07'),(2040,171,'الوزن','44g','','','2023-01-15 21:14:16','2023-01-15 21:14:16'),(2041,171,'الطول','30cm','','','2023-01-15 21:14:16','2023-01-15 21:14:16'),(2042,171,'عدد الخرز','45','','','2023-01-15 21:14:16','2023-01-15 21:14:16'),(2043,171,'عرض الخرز','11ml','','','2023-01-15 21:14:16','2023-01-15 21:14:16'),(2044,171,'طول الخرز','11ml','','','2023-01-15 21:14:16','2023-01-15 21:14:16'),(2045,171,'طول الشاهد','4cm','','','2023-01-15 21:14:16','2023-01-15 21:14:16'),(2046,172,'الوزن','40g','','','2023-01-17 19:40:02','2023-01-17 19:40:02'),(2047,172,'الطول','32cm','','','2023-01-17 19:40:02','2023-01-17 19:40:02'),(2048,172,'عدد الخرز','51','','','2023-01-17 19:40:02','2023-01-17 19:40:02'),(2049,172,'عرض الخرز','9.5ml','','','2023-01-17 19:40:02','2023-01-17 19:40:02'),(2050,172,'طول الخرز','11ml','','','2023-01-17 19:40:02','2023-01-17 19:40:02'),(2051,172,'طول الشاهد','4cm','','','2023-01-17 19:40:02','2023-01-17 19:40:02'),(2052,173,'الوزن','30g','','','2023-01-17 19:44:17','2023-01-17 19:44:17'),(2053,173,'الطول','29cm','','','2023-01-17 19:44:17','2023-01-17 19:44:17'),(2054,173,'عدد الخرز','70','','','2023-01-17 19:44:17','2023-01-17 19:44:17'),(2055,173,'عرض الخرز','9ml','','','2023-01-17 19:44:17','2023-01-17 19:44:17'),(2056,173,'طول الخرز','7.5ml','','','2023-01-17 19:44:17','2023-01-17 19:44:17'),(2057,173,'طول الشاهد','3.5cm','','','2023-01-17 19:44:17','2023-01-17 19:44:17'),(2058,174,'الوزن','69g','','','2023-01-17 19:50:29','2023-01-17 19:50:29'),(2059,174,'الطول','33cm','','','2023-01-17 19:50:29','2023-01-17 19:50:29'),(2060,174,'عدد الخرز','39','','','2023-01-17 19:50:29','2023-01-17 19:50:29'),(2061,174,'عرض الخرز','13.5ml','','','2023-01-17 19:50:29','2023-01-17 19:50:29'),(2062,174,'طول الخرز','14ml','','','2023-01-17 19:50:29','2023-01-17 19:50:29'),(2063,174,'طول الشاهد','4cm','','','2023-01-17 19:50:29','2023-01-17 19:50:29'),(2064,175,'الوزن','42g','','','2023-01-17 19:53:56','2023-01-17 19:53:56'),(2065,175,'الطول','30cm','','','2023-01-17 19:53:56','2023-01-17 19:53:56'),(2066,175,'عدد الخرز','66','','','2023-01-17 19:53:56','2023-01-17 19:53:56'),(2067,175,'عرض الخرز','10.5ml','','','2023-01-17 19:53:56','2023-01-17 19:53:56'),(2068,175,'طول الخرز','8.5ml','','','2023-01-17 19:53:56','2023-01-17 19:53:56'),(2069,175,'طول الشاهد','3.5cm','','','2023-01-17 19:53:56','2023-01-17 19:53:56'),(2070,176,'الوزن','59g','','','2023-01-17 19:57:26','2023-01-17 19:57:26'),(2071,176,'الطول','31cm','','','2023-01-17 19:57:26','2023-01-17 19:57:26'),(2072,176,'عدد الخرز','39','','','2023-01-17 19:57:26','2023-01-17 19:57:26'),(2073,176,'عرض الخرز','13ml','','','2023-01-17 19:57:26','2023-01-17 19:57:26'),(2074,176,'طول الخرز','13.5ml','','','2023-01-17 19:57:26','2023-01-17 19:57:26'),(2075,176,'طول الشاهد','4.5cm','','','2023-01-17 19:57:26','2023-01-17 19:57:26'),(2076,177,'الوزن','42g','','','2023-01-17 20:08:12','2023-01-17 20:08:12'),(2077,177,'الطول','32cm','','','2023-01-17 20:08:12','2023-01-17 20:08:12'),(2078,177,'عدد الخرز','53','','','2023-01-17 20:08:12','2023-01-17 20:08:12'),(2079,177,'عرض الخرز','10.5ml','','','2023-01-17 20:08:12','2023-01-17 20:08:12'),(2080,177,'طول الخرز','10.5ml','','','2023-01-17 20:08:12','2023-01-17 20:08:12'),(2081,177,'طول الشاهد','3cm','','','2023-01-17 20:08:12','2023-01-17 20:08:12'),(2082,179,'الوزن','35g','','','2023-01-17 20:11:30','2023-01-17 20:11:30'),(2083,179,'الطول','33cm','','','2023-01-17 20:11:30','2023-01-17 20:11:30'),(2084,179,'عدد الخرز','33','','','2023-01-17 20:11:30','2023-01-17 20:11:30'),(2085,179,'عرض الخرز','9ml','','','2023-01-17 20:11:30','2023-01-17 20:11:30'),(2086,179,'طول الخرز','16.5ml','','','2023-01-17 20:11:30','2023-01-17 20:11:30'),(2087,179,'طول الشاهد','3.5cm','','','2023-01-17 20:11:30','2023-01-17 20:11:30'),(2088,180,'الوزن','43g','','','2023-01-17 20:15:03','2023-01-17 20:15:03'),(2089,180,'الطول','32cm','','','2023-01-17 20:15:03','2023-01-17 20:15:03'),(2090,180,'عدد الخرز','51','','','2023-01-17 20:15:03','2023-01-17 20:15:03'),(2091,180,'عرض الخرز','10.5ml','','','2023-01-17 20:15:03','2023-01-17 20:15:03'),(2092,180,'طول الخرز','11ml','','','2023-01-17 20:15:03','2023-01-17 20:15:03'),(2093,180,'طول الشاهد','3cm','','','2023-01-17 20:15:03','2023-01-17 20:15:03'),(2094,50,'الوزن','28g','','','2023-01-18 10:51:51','2023-01-18 10:51:51'),(2095,50,'الطول','27cm','','','2023-01-18 10:51:51','2023-01-18 10:51:51'),(2096,50,'عدد الخرز','39','','','2023-01-18 10:51:51','2023-01-18 10:51:51'),(2097,50,'عرض الخرز','8.5ml','','','2023-01-18 10:51:51','2023-01-18 10:51:51'),(2098,50,'طول الخرز','12.5ml','','','2023-01-18 10:51:51','2023-01-18 10:51:51'),(2099,50,'طول الشاهد','3.5cm','','','2023-01-18 10:51:51','2023-01-18 10:51:51');

--
-- Table structure for table `product_translations`
--

CREATE TABLE `product_translations` (
  `id` int unsigned NOT NULL AUTO_INCREMENT,
  `product_id` int unsigned NOT NULL,
  `name` varchar(255) CHARACTER SET utf8mb4 COLLATE utf8mb4_unicode_ci NOT NULL,
  `content` text CHARACTER SET utf8mb4 COLLATE utf8mb4_unicode_ci NOT NULL,
  `meta_keywords` text CHARACTER SET utf8mb4 COLLATE utf8mb4_unicode_ci,
  `locale` varchar(255) CHARACTER SET utf8mb4 COLLATE utf8mb4_unicode_ci NOT NULL,
  `created_at` timestamp NULL DEFAULT NULL,
  `updated_at` timestamp NULL DEFAULT NULL,
  PRIMARY KEY (`id`),
  UNIQUE KEY `product_translations_product_id_locale_unique` (`product_id`,`locale`),
  KEY `product_translations_locale_index` (`locale`),
  CONSTRAINT `product_translations_product_id_foreign` FOREIGN KEY (`product_id`) REFERENCES `products` (`id`) ON DELETE CASCADE
) ENGINE=InnoDB AUTO_INCREMENT=310 DEFAULT CHARSET=utf8mb4 COLLATE=utf8mb4_unicode_ci;

--
-- Dumping data for table `product_translations`
--

INSERT INTO `product_translations` (`id`, `product_id`, `name`, `content`, `meta_keywords`, `locale`, `created_at`, `updated_at`) VALUES (1,1,'سبح','<p>سبح</p>',NULL,'ar',NULL,NULL),(2,1,'سبح','<p>سبح</p>',NULL,'en',NULL,NULL),(3,2,'منتج جديد للتجربة','<p>القمح هو المحصول الاستراتيجى الأول فى مصر الذى تسعى الدولة جاهدة إلى تحقيق الاكتفاء الذاتى منه نظرًا لكونه المدخل الرئيسى لرغيف&nbsp;الخبز، لذلك يتم تكثيف الحملات القومية للنهوض بالمحاصيل الاستراتيج</p>',NULL,'ar',NULL,NULL),(4,2,'منتج جديد للتجربة','<p>Wheat is the first strategic crop in Egypt, from which the state strives to achieve self-sufficiency, as it is the main entrance to the loaf of bread. Therefore, national campaigns are intensified to promote strategic crops, especially the national cam',NULL,'en',NULL,NULL),(5,3,'منتج','<p>منتج</p>',NULL,'ar',NULL,NULL),(6,3,'منتج','<p>منتج</p>',NULL,'en',NULL,NULL),(7,4,'dwrtrew','<p>erwtrew</p>',NULL,'ar',NULL,NULL),(8,4,'erwt','<p>erwt</p>',NULL,'en',NULL,NULL),(9,5,'wretywret','<p>wertwertwe</p>',NULL,'ar',NULL,NULL),(10,5,'wertwer','<p>wertewrtew</p>',NULL,'en',NULL,NULL),(11,6,'مسباح مستكة تركي','<p><br />\r\n&curren;.. هدايا فاخرة 🎉 مسباح مميز من《 المستكة شبيه الكهرمان 🔸 》لون أصفر عسلي معجن ، بعدد 45 خرزة راهية 🌟 يتوجه كركوش قطني فاخر 《 محبوك يدوياً 👌🏻 بالزري الذهبي 》مع شِعار تفصال إسم 💛 يقدم بِعلبة هدايا أنيقة 🎁 مجهزة ب كرت 💌 إهداء فخم ..&curren;<',NULL,'ar',NULL,NULL),(12,6,'mistika','<p>mistika</p>',NULL,'en',NULL,NULL),(13,8,'مسباح بكلايت تركي','<p><br />\r\n♤.. لك أو لأحبابك 🌀 طقم هدايا فاخر (( مسباح + خاتم فضة 💍 )) ..♤<br />\r\n..<br />\r\n♤.. مسباح من《 البكلايت التركي 🌀》لون أزرق فيروزي معرق ؛ بعدد 51 خرزة ذروية متوسطة▪️يتوجه كَركوش فاخر مقاوم للصدأ مع شعار دولة الكويت 🇰🇼 يتناسق مع خاتم ( فضة إيطالي ',NULL,'ar',NULL,NULL),(14,8,'Bacalat turki','<p>♤.. For you or your loved ones 🌀 Luxurious Gift Set ((Mesbah + Silver Ring 💍))..♤<br />\r\n..<br />\r\n♤.. A swimming pool from 《Turkish Bakelite 🌀》 turquoise blue veined color; With 51 medium peaked beads ▪️ A luxurious, stainless Karkoush is crowned with',NULL,'en',NULL,NULL),(15,9,'مسباح مستكة','<p>مسباح مستكة</p>',NULL,'ar',NULL,NULL),(16,9,'مسباح مستكة','<p>مسباح مستكة</p>',NULL,'en',NULL,NULL),(17,10,'مسباح ٢','<p>هذا النص هو مثال لنص يمكن أن يستبدل في نفس المساحة، لقد تم توليد هذا النص من مولد النص العربى، حيث يمكنك أن تولد مثل هذا النص أو العديد من النصوص الأخرى إضافة إلى زيادة عدد الحروف التى يولدها التطبيق. إذا كنت تحتاج إلى عدد أكبر من الفقرات يتيح ل</p>',NULL,'ar',NULL,NULL),(18,10,'مسباح ٢','<p>هذا النص هو مثال لنص يمكن أن يستبدل في نفس المساحة، لقد تم توليد هذا النص من مولد النص العربى، حيث يمكنك أن تولد مثل هذا النص أو العديد من النصوص الأخرى إضافة إلى زيادة عدد الحروف التى يولدها التطبيق. إذا كنت تحتاج إلى عدد أكبر من الفقرات يتيح ل</p>',NULL,'en',NULL,NULL),(19,11,'مسابيح مـستكه تركي','<p><br />\r\n❀.. أحد أروع أصناف المِستكة 🌟 مميز برائحة دائمة و تفصال أنيق ..❀<br />\r\n..<br />\r\n❀.. مسباح من《 المستكة شبيه الكهرمان ☀️》 اللون كريمي مصفر ؛ بعدد 51 خرزة دائرية متوسطة 🔸 فواحة برائحة المستكة ؛ يتألق ب كَركوش قطني فاخر ( بالزري الذهبي اليدوي 👌🏻)',NULL,'ar',NULL,NULL),(20,11,'mistika Turky','<p>❀..one of the finest mastic varieties 🌟 Distinctive with a lasting scent and elegant separation..❀<br />\r\n..<br />\r\n❀.. a rosary of 《mastic-like amber ☀️》 yellowish cream color; With 51 medium round beads 🔸 Mastic scented diffuser; It shines with luxur',NULL,'en',NULL,NULL),(21,13,'مسباح كهرمان بولندي','<p>❀.. تحفة طبيعية 🔸 تتفرد ب جَمال الكهرمان المعرق بتِفصال يدوي فخم ..❀<br />\r\n..<br />\r\n❀.. مِسبَاح من《 الكَهرمان الأوكراني 🔶》اللون كركمي معرق ، بعدد 66 خرزة صندوقية صغيرة [ فواحة بالعنبر ] يزينه كَركوش فاخر من ⊰ طربزون الفضة التركية 🔶 المشغولة يدوياً ⊱ ',NULL,'ar',NULL,NULL),(22,14,'مسابيح مـستكه تركي','<p>❁.. يلقب بِ《 حجر أوكرانيا الكريم 🔸》 إذ تعد من أكبر المصدرين له ..❁ .. ❁.. مِسبَاح من《 الكَهرمان الأوكراني 🟡》أصفر زعفراني معرق ؛ بعدد 33 خرزة صنوبرية صغيرة [ فوّاحة بالعنبر 🔸] يتألق ب كَركوش قطني فاخر ⊰ بالزري الذهبي اليدوي👌🏻 ⊱ مزين ب شعار</p>',NULL,'ar',NULL,NULL),(23,14,'Turkish Masabih','<p>❁.. It is called 《The precious stone of Ukraine 🔸》 as it is one of the largest exporters of it..❁ .. ❁.. a rosary of 《Ukrainian amber 🟡》 saffron yellow veined; With 33 small pine beads [a fragrant amber 🔸] sparkling with luxurious cotton</p>',NULL,'en',NULL,NULL),(24,15,'مسباح كهرمان بولندي','<p>❁.. ( لِلتسبيح والتهليل ) هدايا من نوادر الطبيعة 🔶 كلما ازداد عمره زاد حسنه وجماله في اليد 👌🏻 ..❁ .. ❁.. مِسبَاح فاخر منحوت من حجر《 الكَهرمان الكالينيغراندي الطبيعي 🔶》ذهبي معرق شفاف، بعدد 107 خرزة، خِراطة ذروية صغيرة [ مخصص للتسبيح- فوّاح بالعنبر ] يتألق ب كَركوش فاخر من ⊰ خيوط الحرير المحبوكة يدوياً 👌🏻 بالزري الذهبي ⊱ مزين بِشعار دولة الكويت 🇰🇼 ..❁ ❁.. نقدم المِسباح 🔶 في [ علبة خشبية فاخرة مخصصة للحفظ وللإهداء ] ..❁ #مسابيح_كهرمان&nbsp;#مسباح_كهرمان&nbsp;#مسباح_كهرب&nbsp;#سبحة#مسابيح&nbsp;#كهرب_روسي&nbsp;#كهرمان_روسي&nbsp;#هدايا&nbsp;#هدايا_كشخة&nbsp;#مسباح_كهرم&nbsp;#هدايا_ثمينة&nbsp;#هدايا_ذوق&nbsp;#مسباح&nbsp;#كهرب&nbsp;#كهرم&nbsp;#هديه&nbsp;#هدية&nbsp;#كهرمان&nbsp;#هدية_مناسبات&nbsp;#مسابيح_هواة_الخليج</p>',NULL,'ar',NULL,NULL),(25,15,'Polish Amber Roasry','<p>❁.. (to glorify and praise) gifts from nature&rsquo;s rarities 🔶 The older he gets, the more beautiful and handsome he is in the hand 👌🏻 ..❁ .. ❁..a luxurious rosary rosary carved from 《natural calenegrande amber stone 🔶》golden veined transparent, with 107 beads, small peaked turnings [dedicated for praise - fragrant with amber] sparkling with a luxurious karkush made of ⊰ handwoven silk threads 👌🏻 with golden zari ⊱ decorated with a state emblem Kuwait 🇰🇼 ..❁ ❁.. We present the rosary 🔶 in a [luxurious wooden box intended for preservation and gifting]..❁ #amber_masbih #kahraman_beads #electric_beads #beads #beads #russian_electrification #russian_amber #gifts #kashkha_gifts #kahraman_beads #precious_gifts #tasty_masbih #electrification #kahram #gift #gift #amber #occasions_gift #gulf_amateur_masbeehs</p>',NULL,'en',NULL,NULL),(26,16,'مسباح كهرمان بولندي','<p>❁.. للتسبيح هدايا طبيعية 👌🏻 من《 ذهب البلطيق 🔸》يختزل ب لونه وملمسه روعة وجَمال الطبيعة عبر ملايين السنين ..❁<br />\r\n❁.. مِسبَاح فاخر منحوت من حجر《 الكَهرمان البولندي الطبيعي 🔸》أصفر معرق ملطخ بالكريمي، بعدد 107 خرزة، خِراطة ذروية صغيرة [ فوّاحة بالعنبر ] يتألق ب كَركوش فاخر من ⊰ خيوط الحرير المحبوكة يدوياً 👌🏻 بالزري الذهبي ⊱ مزين بِشعار 🇰🇼 دولة الكويت ..❁<br />\r\n❁.. نقدم المِسباح 🔸 في [ علبة خشبية فاخرة مخصصة للحفظ وللإهداء ] ..❁<br />\r\n<br />\r\n<a href=\"https://www.instagram.com/explore/tags/%D9%85%D8%B3%D8%A7%D8%A8%D9%8A%D8%AD_%D9%83%D9%87%D8%B1%D9%85%D8%A7%D9%86/\" tabindex=\"0\">#مسابيح_كهرمان</a>&nbsp;<a href=\"https://www.instagram.com/explore/tags/%D9%85%D8%B3%D8%A8%D8%A7%D8%AD_%D9%83%D9%87%D8%B1%D9%85%D8%A7%D9%86/\" tabindex=\"0\">#مسباح_كهرمان</a>&nbsp;<a href=\"https://www.instagram.com/explore/tags/%D9%85%D8%B3%D8%A8%D8%A7%D8%AD_%D9%83%D9%87%D8%B1%D8%A8/\" tabindex=\"0\">#مسباح_كهرب</a>&nbsp;<a href=\"https://www.instagram.com/explore/tags/%D8%B3%D8%A8%D8%AD%D8%A9/\" tabindex=\"0\">#سبحة</a><a href=\"https://www.instagram.com/explore/tags/%D9%85%D8%B3%D8%A7%D8%A8%D9%8A%D8%AD/\" tabindex=\"0\">#مسابيح</a>&nbsp;<a href=\"https://www.instagram.com/explore/tags/%D9%83%D9%87%D8%B1%D8%A8_%D8%B1%D9%88%D8%B3%D9%8A/\" tabindex=\"0\">#كهرب_روسي</a>&nbsp;<a href=\"https://www.instagram.com/explore/tags/%D9%83%D9%87%D8%B1%D9%85%D8%A7%D9%86_%D8%B1%D9%88%D8%B3%D9%8A/\" tabindex=\"0\">#كهرمان_روسي</a>&nbsp;<a href=\"https://www.instagram.com/explore/tags/%D9%87%D8%AF%D8%A7%D9%8A%D8%A7/\" tabindex=\"0\">#هدايا</a>&nbsp;<a href=\"https://www.instagram.com/explore/tags/%D9%87%D8%AF%D8%A7%D9%8A%D8%A7_%D9%83%D8%B4%D8%AE%D8%A9/\" tabindex=\"0\">#هدايا_كشخة</a>&nbsp;<a href=\"https://www.instagram.com/explore/tags/%D9%85%D8%B3%D8%A8%D8%A7%D8%AD_%D9%83%D9%87%D8%B1%D9%85/\" tabindex=\"0\">#مسباح_كهرم</a>&nbsp;<a href=\"https://www.instagram.com/explore/tags/%D9%87%D8%AF%D8%A7%D9%8A%D8%A7_%D8%AB%D9%85%D9%8A%D9%86%D8%A9/\" tabindex=\"0\">#هدايا_ثمينة</a>&nbsp;<a href=\"https://www.instagram.com/explore/tags/%D9%87%D8%AF%D8%A7%D9%8A%D8%A7_%D8%B0%D9%88%D9%82/\" tabindex=\"0\">#هدايا_ذوق</a>&nbsp;<a href=\"https://www.instagram.com/explore/tags/%D9%85%D8%B3%D8%A8%D8%A7%D8%AD/\" tabindex=\"0\">#مسباح</a>&nbsp;<a href=\"https://www.instagram.com/explore/tags/%D9%83%D9%87%D8%B1%D8%A8/\" tabindex=\"0\">#كهرب</a>&nbsp;<a href=\"https://www.instagram.com/explore/tags/%D9%83%D9%87%D8%B1%D9%85/\" tabindex=\"0\">#كهرم</a>&nbsp;<a href=\"https://www.instagram.com/explore/tags/%D9%87%D8%AF%D9%8A%D9%87/\" tabindex=\"0\">#هديه</a>&nbsp;<a href=\"https://www.instagram.com/explore/tags/%D9%87%D8%AF%D9%8A%D8%A9/\" tabindex=\"0\">#هدية</a>&nbsp;<a href=\"https://www.instagram.com/explore/tags/%D9%83%D9%87%D8%B1%D9%85%D8%A7%D9%86/\" tabindex=\"0\">#كهرمان</a>&nbsp;<a href=\"https://www.instagram.com/explore/tags/%D9%87%D8%AF%D9%8A%D8%A9_%D9%85%D9%86%D8%A7%D8%B3%D8%A8%D8%A7%D8%AA/\" tabindex=\"0\">#هدية_مناسبات</a>&nbsp;<a href=\"https://www.instagram.com/explore/tags/%D9%85%D8%B3%D8%A7%D8%A8%D9%8A%D8%AD_%D9%87%D9%88%D8%A7%D8%A9_%D8%A7%D9%84%D8%AE%D9%84%D9%8A%D8%AC/\" tabindex=\"0\">#مسابيح_هواة_الخليج</a></p>',NULL,'ar',NULL,NULL),(27,16,'Polish Amber Roasry','<p>❁.. For praise there are natural gifts 👌🏻 from 《Baltic Gold 🔸》 that reduces the splendor and beauty of nature through millions of years in its color and texture..❁<br />\r\n❁.. Luxurious rosary carved from 《Natural Polish amber stone 🔸》Yellow veined cream-stained, with 107 beads, small peaked turnings [amber scent] sparkling with luxurious karkush of ⊰ hand-woven silk threads 👌🏻 with golden buttons ⊱ decorated with the logo of a country 🇰🇼 Kuwait..❁<br />\r\n❁.. We present the rosary 🔸 in a [luxurious wooden box intended for preservation and gifting]..❁</p>\r\n\r\n<p>#amber_masbih #kahraman_beads #electric_beads #beads #beads #russian_electrification #russian_amber #gifts #kashkha_gifts #kahraman_beads #precious_gifts #tasty_masbih #electrification #kahram #gift #gift #amber #occasions_gift #gulf_amateur_masbeehs</p>',NULL,'en',NULL,NULL),(28,17,'مسباح كهرمان بولندي','<p dir=\"rtl\">مِسبَاح فاخر منحوت من حجر الكَهرمان البولندي ذهبي مغيم متناصف &quot;خد وخد&quot;&nbsp; بعدد 107 خرزة ذروية صغيرة فوّاحة بالعنبر<br />\r\nيتألق ب كَركوش فاخر من خيوط الحرير المحبوكة يدوياً بالزري الذهبي مزين ب شعار رمز&nbsp; دولة قطر<br />\r\nنقدم المِسباح في علبة خشبية خاصة للحفظ و الإهداء<br />\r\n&nbsp;</p>\r\n\r\n<hr />\r\n<p dir=\"rtl\"><br />\r\n<br />\r\n&nbsp;</p>','#مسابيح_كهرمان #مسباح_كهرمان #مسباح_كهرب #سبحة#مسابيح #كهرب_روسي #كهرمان_روسي #هدايا #هدايا_كشخة #مسباح_كهرم #هدايا_ثمينة #هدايا_ذوق #مسباح #كهرب #كهرم #هديه #هدية #كهرمان #هدية_مناسبات #مسابيح_هواة_الخليج','ar',NULL,NULL),(29,17,'Polish Amber Roasry','<p>❁..《Men&#39;s Gold 🔸 Natural Amber》 It took millions of years 👍🏻 to form and take on its rare (cloudy) color..❁<br />\r\n❁..a luxurious rosary carved from 《Polish amber 👑》 golden cloudy equidistant &ldquo;cheek and cheek&rdquo;, with 107 beads, small peaks [amber scented] sparkling with luxurious karkush of silk threads ⊰ hand-knitted 👌🏻 with golden zari 👑 ⊱ decorated with a logo The symbol 🇶🇦 of the State of Qatar..❁<br />\r\n❁.. We present the rosary 👑 in a [wooden box 👌🏻 especially for preservation and gifting]..❁</p>\r\n\r\n<p>&nbsp;</p>',NULL,'en',NULL,NULL),(30,18,'مسباح كهرمان بولندي','<p>❁.. لا يستمد الكَهرمان الطبيعي 👑 قيمته من جَمال لونه فقط ، بل من ندرة وجوده 👍🏻 و أسراره و فوائده العلاجية العديدة ..❁<br />\r\n..<br />\r\n❁.. مِسبَاح فاخر منحوت من حجر《 الكَهرمان البولندي الطبيعي 👑》ذهبي معتق و معرق ، بعدد 51 خرزة، دائرية كبيرة [ فوّاحة بالعنبر ] يتألق ب كَركوش فاخر ، مصنوع من ⊰ الستانلس ستيل المطلي و المقاوم للصدأ 🔸⊱ مزين بِ خرز الكهرمان ، قمة في الأناقة ..❁<br />\r\n..<br />\r\n❁.. نقدم المِسباح 👑 في [ علبة خشبية👌🏻 خاصة للحفظ و الإهداء ] ..❁<br />\r\n<br />\r\n<a href=\"https://www.instagram.com/explore/tags/%D9%85%D8%B3%D8%A7%D8%A8%D9%8A%D8%AD_%D9%83%D9%87%D8%B1%D9%85%D8%A7%D9%86/\" tabindex=\"0\">#مسابيح_كهرمان</a>&nbsp;<a href=\"https://www.instagram.com/explore/tags/%D9%85%D8%B3%D8%A8%D8%A7%D8%AD_%D9%83%D9%87%D8%B1%D9%85%D8%A7%D9%86/\" tabindex=\"0\">#مسباح_كهرمان</a>&nbsp;<a href=\"https://www.instagram.com/explore/tags/%D9%85%D8%B3%D8%A8%D8%A7%D8%AD_%D9%83%D9%87%D8%B1%D8%A8/\" tabindex=\"0\">#مسباح_كهرب</a>&nbsp;<a href=\"https://www.instagram.com/explore/tags/%D8%B3%D8%A8%D8%AD%D8%A9/\" tabindex=\"0\">#سبحة</a><a href=\"https://www.instagram.com/explore/tags/%D9%85%D8%B3%D8%A7%D8%A8%D9%8A%D8%AD/\" tabindex=\"0\">#مسابيح</a>&nbsp;<a href=\"https://www.instagram.com/explore/tags/%D9%83%D9%87%D8%B1%D8%A8_%D8%B1%D9%88%D8%B3%D9%8A/\" tabindex=\"0\">#كهرب_روسي</a>&nbsp;<a href=\"https://www.instagram.com/explore/tags/%D9%83%D9%87%D8%B1%D9%85%D8%A7%D9%86_%D8%B1%D9%88%D8%B3%D9%8A/\" tabindex=\"0\">#كهرمان_روسي</a>&nbsp;<a href=\"https://www.instagram.com/explore/tags/%D9%87%D8%AF%D8%A7%D9%8A%D8%A7/\" tabindex=\"0\">#هدايا</a>&nbsp;<a href=\"https://www.instagram.com/explore/tags/%D9%87%D8%AF%D8%A7%D9%8A%D8%A7_%D9%83%D8%B4%D8%AE%D8%A9/\" tabindex=\"0\">#هدايا_كشخة</a><a href=\"https://www.instagram.com/explore/tags/%D9%85%D8%B3%D8%A8%D8%A7%D8%AD_%D9%83%D9%87%D8%B1%D9%85/\" tabindex=\"0\">#مسباح_كهرم</a>&nbsp;<a href=\"https://www.instagram.com/explore/tags/%D9%87%D8%AF%D8%A7%D9%8A%D8%A7_%D8%AB%D9%85%D9%8A%D9%86%D8%A9/\" tabindex=\"0\">#هدايا_ثمينة</a>&nbsp;<a href=\"https://www.instagram.com/explore/tags/%D9%87%D8%AF%D8%A7%D9%8A%D8%A7_%D8%B0%D9%88%D9%82/\" tabindex=\"0\">#هدايا_ذوق</a>&nbsp;<a href=\"https://www.instagram.com/explore/tags/%D9%85%D8%B3%D8%A8%D8%A7%D8%AD/\" tabindex=\"0\">#مسباح</a>&nbsp;<a href=\"https://www.instagram.com/explore/tags/%D9%83%D9%87%D8%B1%D8%A8/\" tabindex=\"0\">#كهرب</a>&nbsp;<a href=\"https://www.instagram.com/explore/tags/%D9%83%D9%87%D8%B1%D9%85/\" tabindex=\"0\">#كهرم</a><a href=\"https://www.instagram.com/explore/tags/%D9%87%D8%AF%D9%8A%D9%87/\" tabindex=\"0\">#هديه</a>&nbsp;<a href=\"https://www.instagram.com/explore/tags/%D9%87%D8%AF%D9%8A%D8%A9/\" tabindex=\"0\">#هدية</a>&nbsp;<a href=\"https://www.instagram.com/explore/tags/%D9%83%D9%87%D8%B1%D9%85%D8%A7%D9%86/\" tabindex=\"0\">#كهرمان</a>&nbsp;<a href=\"https://www.instagram.com/explore/tags/%D9%87%D8%AF%D9%8A%D8%A9_%D9%85%D9%86%D8%A7%D8%B3%D8%A8%D8%A7%D8%AA/\" tabindex=\"0\">#هدية_مناسبات</a>&nbsp;<a href=\"https://www.instagram.com/explore/tags/%D9%85%D8%B3%D8%A7%D8%A8%D9%8A%D8%AD_%D9%87%D9%88%D8%A7%D8%A9_%D8%A7%D9%84%D8%AE%D9%84%D9%8A%D8%AC/\" tabindex=\"0\">#مسابيح_هواة_الخليج</a></p>',NULL,'ar',NULL,NULL),(31,18,'Polish Amber Roasry','<p>❁..Natural amber 👑 does not derive its value from the beauty of its color only, but rather from its scarcity 👍🏻 and its many secrets and therapeutic benefits..❁<br />\r\n..<br />\r\n❁.. A luxurious rosary carved from 《Natural Polish amber stone 👑》, golden, aged and veined, with 51 beads, large circular [amber scented] sparkling with luxurious karkush, made of ⊰ stainless steel plated and stainless 🔸⊱ decorated with amber beads, The pinnacle of elegance..❁<br />\r\n..<br />\r\n❁.. We present the rosary 👑 in a [wooden box 👌🏻, especially for preservation and gifting]..❁</p>\r\n\r\n<p>#Kahraman_Masbah #Kahram_Misbah #Electrical_Mesbah # Rosary #Masih #Russian_electrification #Russian_Kamer #Gifts #Kashkha_Gifts #Kahram_Misbah #Precious_gifts #Taste_Gifts #Mesbah #Electrification #Kahram #Gift #Gift #Kahram #Occasions_Gift #Gulf_Amateur_Masbihs</p>',NULL,'en',NULL,NULL),(32,19,'مسباح كهرمان بولندي','<p>❁.. تحفة طبيعية نادرة من 《 ذهب البلطيق 🔸》 عرفه الفينيقيين و الفراعنة و اليونانيين 👍🏻 من خواصه تحسين الحالة المزاجية و إزالة القلق ..❁ .. ❁.. مِسبَاح فاخر منحوت من حجر《 الكَهرمان البولندي الطبيعي 👑》ذهبي معرق متناصف ، بعدد 51 خرزة، دائرية كبيرة [ فوّاحة بالعنبر ] يتألق ب كَركوش حريري فاخر ، ثنائي التفرع ⊰ محبوك يدوياً 👌🏻 بالزري الذهبي 🔸⊱ قمة في الأناقة ..❁ .. ❁.. نقدم المِسباح 👑 في [ علبة خشبية👌🏻 خاصة للحفظ و الإهداء ] ..❁ #مسابيح_كهرمان&nbsp;#مسباح_كهرمان&nbsp;#مسباح_كهرب&nbsp;#سبحة#مسابيح&nbsp;#كهرب_روسي&nbsp;#كهرمان_روسي&nbsp;#هدايا&nbsp;#هدايا_كشخة#مسباح_كهرم&nbsp;#هدايا_ثمينة&nbsp;#هدايا_ذوق&nbsp;#مسباح&nbsp;#كهرب&nbsp;#كهرم#هديه&nbsp;#هدية&nbsp;#كهرمان&nbsp;#هدية_مناسبات&nbsp;#مسابيح_هواة_الخليج</p>',NULL,'ar',NULL,NULL),(33,19,'Polish Amber Roasry','<p>❁..a rare natural masterpiece from 《Baltic Gold 🔸》 known by the Phoenicians, the Pharaohs and the Greeks 👍🏻 One of its properties is improving mood and eliminating anxiety..❁ .. ❁.. A luxurious rosary carved from 《Natural Polish amber stone 👑》 golden, symmetrically veined, with 51 beads, large circular [amber scented] sparkling with luxurious silk karkush, double-branched ⊰ hand-knitted 👌🏻 with golden zari 🔸⊱ top of elegance.. ❁ .. ❁.. We present the rosary 👑 in a [wooden box 👌🏻, especially for preservation and gifting]..❁ #Kahraman_Masbah #Kahram_Misbah #Electrical_Mesbah # Rosary #Masih #Russian_electrification #Russian_Kamer #Gifts #Kashkha_Gifts #Kahram_Misbah #Precious_gifts #Taste_Gifts #Mesbah #Electrification #Kahram #Gift #Gift #Kahram #Occasions_Gift #Gulf_Amateur_Masbihs</p>',NULL,'en',NULL,NULL),(34,20,'مسباح كهرمان بولندي','<p>❁.. الكهرمان فى حد ذاته سر من أسرار الطبيعة 👑 تنبعث منه الزيوت العطرية الطبيعية 👍🏻 التي توفر خصائص علاجية هائلة ...❁<br />\r\n..<br />\r\n❁.. مِسبَاح فاخر منحوت من حجر《 الكَهرمان البولندي الطبيعي 👑》ذهبي معرق ، بعدد 45 خرزة، دائرية كبيرة [ فوّاحة بالعنبر ] يتألق ب كَركوش حريري فاخر ، ثنائي التفرع ⊰ محبوك يدوياً 👌🏻 بالزري الذهبي 👑 ⊱ قمة في الأناقة ..❁<br />\r\n..<br />\r\n❁.. نقدم المِسباح 👑 في [ علبة خشبية👌🏻 خاصة للحفظ و الإهداء ] ..❁<br />\r\n<br />\r\n<a href=\"https://www.instagram.com/explore/tags/%D9%85%D8%B3%D8%A7%D8%A8%D9%8A%D8%AD_%D9%83%D9%87%D8%B1%D9%85%D8%A7%D9%86/\" tabindex=\"0\">#مسابيح_كهرمان</a>&nbsp;<a href=\"https://www.instagram.com/explore/tags/%D9%85%D8%B3%D8%A8%D8%A7%D8%AD_%D9%83%D9%87%D8%B1%D9%85%D8%A7%D9%86/\" tabindex=\"0\">#مسباح_كهرمان</a>&nbsp;<a href=\"https://www.instagram.com/explore/tags/%D9%85%D8%B3%D8%A8%D8%A7%D8%AD_%D9%83%D9%87%D8%B1%D8%A8/\" tabindex=\"0\">#مسباح_كهرب</a>&nbsp;<a href=\"https://www.instagram.com/explore/tags/%D8%B3%D8%A8%D8%AD%D8%A9/\" tabindex=\"0\">#سبحة</a><a href=\"https://www.instagram.com/explore/tags/%D9%85%D8%B3%D8%A7%D8%A8%D9%8A%D8%AD/\" tabindex=\"0\">#مسابيح</a>&nbsp;<a href=\"https://www.instagram.com/explore/tags/%D9%83%D9%87%D8%B1%D8%A8_%D8%B1%D9%88%D8%B3%D9%8A/\" tabindex=\"0\">#كهرب_روسي</a>&nbsp;<a href=\"https://www.instagram.com/explore/tags/%D9%83%D9%87%D8%B1%D9%85%D8%A7%D9%86_%D8%B1%D9%88%D8%B3%D9%8A/\" tabindex=\"0\">#كهرمان_روسي</a>&nbsp;<a href=\"https://www.instagram.com/explore/tags/%D9%87%D8%AF%D8%A7%D9%8A%D8%A7/\" tabindex=\"0\">#هدايا</a>&nbsp;<a href=\"https://www.instagram.com/explore/tags/%D9%87%D8%AF%D8%A7%D9%8A%D8%A7_%D9%83%D8%B4%D8%AE%D8%A9/\" tabindex=\"0\">#هدايا_كشخة</a><a href=\"https://www.instagram.com/explore/tags/%D9%85%D8%B3%D8%A8%D8%A7%D8%AD_%D9%83%D9%87%D8%B1%D9%85/\" tabindex=\"0\">#مسباح_كهرم</a>&nbsp;<a href=\"https://www.instagram.com/explore/tags/%D9%87%D8%AF%D8%A7%D9%8A%D8%A7_%D8%AB%D9%85%D9%8A%D9%86%D8%A9/\" tabindex=\"0\">#هدايا_ثمينة</a>&nbsp;<a href=\"https://www.instagram.com/explore/tags/%D9%87%D8%AF%D8%A7%D9%8A%D8%A7_%D8%B0%D9%88%D9%82/\" tabindex=\"0\">#هدايا_ذوق</a>&nbsp;<a href=\"https://www.instagram.com/explore/tags/%D9%85%D8%B3%D8%A8%D8%A7%D8%AD/\" tabindex=\"0\">#مسباح</a>&nbsp;<a href=\"https://www.instagram.com/explore/tags/%D9%83%D9%87%D8%B1%D8%A8/\" tabindex=\"0\">#كهرب</a>&nbsp;<a href=\"https://www.instagram.com/explore/tags/%D9%83%D9%87%D8%B1%D9%85/\" tabindex=\"0\">#كهرم</a><a href=\"https://www.instagram.com/explore/tags/%D9%87%D8%AF%D9%8A%D9%87/\" tabindex=\"0\">#هديه</a>&nbsp;<a href=\"https://www.instagram.com/explore/tags/%D9%87%D8%AF%D9%8A%D8%A9/\" tabindex=\"0\">#هدية</a>&nbsp;<a href=\"https://www.instagram.com/explore/tags/%D9%83%D9%87%D8%B1%D9%85%D8%A7%D9%86/\" tabindex=\"0\">#كهرمان</a>&nbsp;<a href=\"https://www.instagram.com/explore/tags/%D9%87%D8%AF%D9%8A%D8%A9_%D9%85%D9%86%D8%A7%D8%B3%D8%A8%D8%A7%D8%AA/\" tabindex=\"0\">#هدية_مناسبات</a>&nbsp;<a href=\"https://www.instagram.com/explore/tags/%D9%85%D8%B3%D8%A7%D8%A8%D9%8A%D8%AD_%D9%87%D9%88%D8%A7%D8%A9_%D8%A7%D9%84%D8%AE%D9%84%D9%8A%D8%AC/\" tabindex=\"0\">#مسابيح_هواة_الخليج</a></p>',NULL,'ar',NULL,NULL),(35,20,'Polish Amber Roasry','<p>❁.. Amber in itself is a secret of nature 👑 It emits natural essential oils 👍🏻 that provide tremendous therapeutic properties... ❁<br />\r\n..<br />\r\n❁.. A luxurious rosary carved from 《Natural Polish amber stone 👑》 golden veined, with 45 beads, large circular [fragrant with amber] sparkling with luxurious silk karkush, double-branched ⊰ hand-knitted 👌🏻 with golden buttons 👑 ⊱ the epitome of elegance..❁<br />\r\n..<br />\r\n❁.. We present the rosary 👑 in a [wooden box 👌🏻, especially for preservation and gifting]..❁</p>\r\n\r\n<p>#Kahraman_Masbah #Kahram_Misbah #Electrical_Mesbah # Rosary #Masih #Russian_electrification #Russian_Kamer #Gifts #Kashkha_Gifts #Kahram_Misbah #Precious_gifts #Taste_Gifts #Mesbah #Electrification #Kahram #Gift #Gift #Kahram #Occasions_Gift #Gulf_Amateur_Masbihs</p>',NULL,'en',NULL,NULL),(36,21,'مسباح كهرمان بولندي','<p>❁..《 ذهَب البلطيق 🔸 》 يعتبر أجود أصناف الكهرمان الطبيعي 👌🏻 خصائصه نادرة ، لذا قيمته تعادل الذهب ..❁<br />\r\n..<br />\r\n❁.. مِسبَاح فاخر منحوت من حجر《 الكَهرمان البولندي الطبيعي 🔸》ذهبي معرق ملطخ ، بعدد 47 خرزة كبيرة ، خِراطة صندوقية مبوزة [ فوّاحة بالعنبر 🔸] يتألق ب كَركوش حريري فاخر ، ثنائي التفرع ⊰ محبوك يدوياً 👌🏻 بالزري الذهبي ⊱ 🔸 ..❁<br />\r\n..<br />\r\n❁.. نقدم المِسباح 🔸 في [ علبة خشبية فاخرة مخصصة للحفظ وللإهداء ] ..❁<br />\r\n<br />\r\n<a href=\"https://www.instagram.com/explore/tags/%D9%85%D8%B3%D8%A7%D8%A8%D9%8A%D8%AD_%D9%83%D9%87%D8%B1%D9%85%D8%A7%D9%86/\" tabindex=\"0\">#مسابيح_كهرمان</a>&nbsp;<a href=\"https://www.instagram.com/explore/tags/%D9%85%D8%B3%D8%A8%D8%A7%D8%AD_%D9%83%D9%87%D8%B1%D9%85%D8%A7%D9%86/\" tabindex=\"0\">#مسباح_كهرمان</a>&nbsp;<a href=\"https://www.instagram.com/explore/tags/%D9%85%D8%B3%D8%A8%D8%A7%D8%AD_%D9%83%D9%87%D8%B1%D8%A8/\" tabindex=\"0\">#مسباح_كهرب</a>&nbsp;<a href=\"https://www.instagram.com/explore/tags/%D8%B3%D8%A8%D8%AD%D8%A9/\" tabindex=\"0\">#سبحة</a><a href=\"https://www.instagram.com/explore/tags/%D9%85%D8%B3%D8%A7%D8%A8%D9%8A%D8%AD/\" tabindex=\"0\">#مسابيح</a>&nbsp;<a href=\"https://www.instagram.com/explore/tags/%D9%83%D9%87%D8%B1%D8%A8_%D8%B1%D9%88%D8%B3%D9%8A/\" tabindex=\"0\">#كهرب_روسي</a>&nbsp;<a href=\"https://www.instagram.com/explore/tags/%D9%83%D9%87%D8%B1%D9%85%D8%A7%D9%86_%D8%B1%D9%88%D8%B3%D9%8A/\" tabindex=\"0\">#كهرمان_روسي</a>&nbsp;<a href=\"https://www.instagram.com/explore/tags/%D9%87%D8%AF%D8%A7%D9%8A%D8%A7/\" tabindex=\"0\">#هدايا</a>&nbsp;<a href=\"https://www.instagram.com/explore/tags/%D9%87%D8%AF%D8%A7%D9%8A%D8%A7_%D9%83%D8%B4%D8%AE%D8%A9/\" tabindex=\"0\">#هدايا_كشخة</a><a href=\"https://www.instagram.com/explore/tags/%D9%85%D8%B3%D8%A8%D8%A7%D8%AD_%D9%83%D9%87%D8%B1%D9%85/\" tabindex=\"0\">#مسباح_كهرم</a>&nbsp;<a href=\"https://www.instagram.com/explore/tags/%D9%87%D8%AF%D8%A7%D9%8A%D8%A7_%D8%AB%D9%85%D9%8A%D9%86%D8%A9/\" tabindex=\"0\">#هدايا_ثمينة</a>&nbsp;<a href=\"https://www.instagram.com/explore/tags/%D9%87%D8%AF%D8%A7%D9%8A%D8%A7_%D8%B0%D9%88%D9%82/\" tabindex=\"0\">#هدايا_ذوق</a>&nbsp;<a href=\"https://www.instagram.com/explore/tags/%D9%85%D8%B3%D8%A8%D8%A7%D8%AD/\" tabindex=\"0\">#مسباح</a>&nbsp;<a href=\"https://www.instagram.com/explore/tags/%D9%83%D9%87%D8%B1%D8%A8/\" tabindex=\"0\">#كهرب</a>&nbsp;<a href=\"https://www.instagram.com/explore/tags/%D9%83%D9%87%D8%B1%D9%85/\" tabindex=\"0\">#كهرم</a><a href=\"https://www.instagram.com/explore/tags/%D9%87%D8%AF%D9%8A%D9%87/\" tabindex=\"0\">#هديه</a>&nbsp;<a href=\"https://www.instagram.com/explore/tags/%D9%87%D8%AF%D9%8A%D8%A9/\" tabindex=\"0\">#هدية</a>&nbsp;<a href=\"https://www.instagram.com/explore/tags/%D9%83%D9%87%D8%B1%D9%85%D8%A7%D9%86/\" tabindex=\"0\">#كهرمان</a>&nbsp;<a href=\"https://www.instagram.com/explore/tags/%D9%87%D8%AF%D9%8A%D8%A9_%D9%85%D9%86%D8%A7%D8%B3%D8%A8%D8%A7%D8%AA/\" tabindex=\"0\">#هدية_مناسبات</a>&nbsp;<a href=\"https://www.instagram.com/explore/tags/%D9%85%D8%B3%D8%A7%D8%A8%D9%8A%D8%AD_%D9%87%D9%88%D8%A7%D8%A9_%D8%A7%D9%84%D8%AE%D9%84%D9%8A%D8%AC/\" tabindex=\"0\">#مسابيح_هواة_الخليج</a></p>\r\n\r\n<p>&nbsp;</p>',NULL,'ar',NULL,NULL),(37,21,'Polish Amber Roasry','<p>❁.. 《Baltic Gold 🔸 》 It is considered the finest natural amber 👌🏻 Its properties are rare, so its value is equivalent to gold..❁<br />\r\n..<br />\r\n❁.. Luxurious rosary carved from 《Natural Polish amber stone 🔸》 golden veined stained, with 47 large beads, box lathing [amber scent 🔸] sparkling with luxurious silk karkush, double-branched ⊰ hand-knitted 👌🏻 with golden zari ⊱ 🔸.. ❁<br />\r\n..<br />\r\n❁.. We present the rosary 🔸 in a [luxurious wooden box intended for preservation and gifting]..❁</p>\r\n\r\n<p>#Kahraman_Masbah #Kahram_Misbah #Electrical_Mesbah # Rosary #Masih #Russian_electrification #Russian_Kamer #Gifts #Kashkha_Gifts #Kahram_Misbah #Precious_gifts #Taste_Gifts #Mesbah #Electrification #Kahram #Gift #Gift #Kahram #Occasions_Gift #Gulf_Amateur_Masbihs</p>',NULL,'en',NULL,NULL),(38,22,'مسباح كهرمان بولندي','<p>❁.. لِ ( الكهرمان الطبيعي ☀️) الكثير من الأسرار ، يعتبر في كثير من الحضارات القديمة 💫 رمزاً لِلحماية يرتديه الفرسان عند المعارك ...❁<br />\r\n..<br />\r\n❁.. مِسبَاح فاخر منحوت من حجر《 الكَهرمان البولندي الطبيعي ☀️》ذهبي معرق موشح ، بعدد 55 خرزة، دائرية كبيرة [ فوّاحة بالعنبر ] يتألق ب كَركوش حريري فاخر ، ثنائي التفرع ⊰ محبوك يدوياً 👌🏻 بالزري الذهبي ☀️ ⊱ قمة في الأناقة ..❁<br />\r\n..<br />\r\n❁.. نقدم المِسباح ☀️ في [ علبة خشبية👌🏻 خاصة للحفظ و الإهداء ] ..❁<br />\r\n<br />\r\n<a href=\"https://www.instagram.com/explore/tags/%D9%85%D8%B3%D8%A7%D8%A8%D9%8A%D8%AD_%D9%83%D9%87%D8%B1%D9%85%D8%A7%D9%86/\" tabindex=\"0\">#مسابيح_كهرمان</a>&nbsp;<a href=\"https://www.instagram.com/explore/tags/%D9%85%D8%B3%D8%A8%D8%A7%D8%AD_%D9%83%D9%87%D8%B1%D9%85%D8%A7%D9%86/\" tabindex=\"0\">#مسباح_كهرمان</a>&nbsp;<a href=\"https://www.instagram.com/explore/tags/%D9%85%D8%B3%D8%A8%D8%A7%D8%AD_%D9%83%D9%87%D8%B1%D8%A8/\" tabindex=\"0\">#مسباح_كهرب</a>&nbsp;<a href=\"https://www.instagram.com/explore/tags/%D8%B3%D8%A8%D8%AD%D8%A9/\" tabindex=\"0\">#سبحة</a><a href=\"https://www.instagram.com/explore/tags/%D9%85%D8%B3%D8%A7%D8%A8%D9%8A%D8%AD/\" tabindex=\"0\">#مسابيح</a>&nbsp;<a href=\"https://www.instagram.com/explore/tags/%D9%83%D9%87%D8%B1%D8%A8_%D8%B1%D9%88%D8%B3%D9%8A/\" tabindex=\"0\">#كهرب_روسي</a>&nbsp;<a href=\"https://www.instagram.com/explore/tags/%D9%83%D9%87%D8%B1%D9%85%D8%A7%D9%86_%D8%B1%D9%88%D8%B3%D9%8A/\" tabindex=\"0\">#كهرمان_روسي</a>&nbsp;<a href=\"https://www.instagram.com/explore/tags/%D9%87%D8%AF%D8%A7%D9%8A%D8%A7/\" tabindex=\"0\">#هدايا</a>&nbsp;<a href=\"https://www.instagram.com/explore/tags/%D9%87%D8%AF%D8%A7%D9%8A%D8%A7_%D9%83%D8%B4%D8%AE%D8%A9/\" tabindex=\"0\">#هدايا_كشخة</a><a href=\"https://www.instagram.com/explore/tags/%D9%85%D8%B3%D8%A8%D8%A7%D8%AD_%D9%83%D9%87%D8%B1%D9%85/\" tabindex=\"0\">#مسباح_كهرم</a>&nbsp;<a href=\"https://www.instagram.com/explore/tags/%D9%87%D8%AF%D8%A7%D9%8A%D8%A7_%D8%AB%D9%85%D9%8A%D9%86%D8%A9/\" tabindex=\"0\">#هدايا_ثمينة</a>&nbsp;<a href=\"https://www.instagram.com/explore/tags/%D9%87%D8%AF%D8%A7%D9%8A%D8%A7_%D8%B0%D9%88%D9%82/\" tabindex=\"0\">#هدايا_ذوق</a>&nbsp;<a href=\"https://www.instagram.com/explore/tags/%D9%85%D8%B3%D8%A8%D8%A7%D8%AD/\" tabindex=\"0\">#مسباح</a>&nbsp;<a href=\"https://www.instagram.com/explore/tags/%D9%83%D9%87%D8%B1%D8%A8/\" tabindex=\"0\">#كهرب</a>&nbsp;<a href=\"https://www.instagram.com/explore/tags/%D9%83%D9%87%D8%B1%D9%85/\" tabindex=\"0\">#كهرم</a><a href=\"https://www.instagram.com/explore/tags/%D9%87%D8%AF%D9%8A%D9%87/\" tabindex=\"0\">#هديه</a>&nbsp;<a href=\"https://www.instagram.com/explore/tags/%D9%87%D8%AF%D9%8A%D8%A9/\" tabindex=\"0\">#هدية</a>&nbsp;<a href=\"https://www.instagram.com/explore/tags/%D9%83%D9%87%D8%B1%D9%85%D8%A7%D9%86/\" tabindex=\"0\">#كهرمان</a>&nbsp;<a href=\"https://www.instagram.com/explore/tags/%D9%87%D8%AF%D9%8A%D8%A9_%D9%85%D9%86%D8%A7%D8%B3%D8%A8%D8%A7%D8%AA/\" tabindex=\"0\">#هدية_مناسبات</a>&nbsp;<a href=\"https://www.instagram.com/explore/tags/%D9%85%D8%B3%D8%A7%D8%A8%D9%8A%D8%AD_%D9%87%D9%88%D8%A7%D8%A9_%D8%A7%D9%84%D8%AE%D9%84%D9%8A%D8%AC/\" tabindex=\"0\">#مسابيح_هواة_الخليج</a></p>',NULL,'ar',NULL,NULL),(39,22,'Polish Amber Roasry','<p>❁.. (Natural amber ☀️) has many secrets, it is considered in many ancient civilizations 💫 as a symbol of protection worn by knights during battles...❁<br />\r\n..<br />\r\n❁.. A luxurious rosary carved from 《Natural Polish amber stone ☀️》 golden veined and embroidered, with 55 beads, large circular [amber scented] sparkling with luxurious silk karkush, double-branched ⊰ hand-knitted 👌🏻 with golden zari ☀️ ⊱ the epitome of elegance.. ❁<br />\r\n..<br />\r\n❁.. We present the rosary ☀️ in a [wooden box 👌🏻, especially for preservation and gifting]..❁</p>\r\n\r\n<p>#Kahraman_Masbah #Kahram_Misbah #Electrical_Mesbah # Rosary #Masih #Russian_electrification #Russian_Kamer #Gifts #Kashkha_Gifts #Kahram_Misbah #Precious_gifts #Taste_Gifts #Mesbah #Electrification #Kahram #Gift #Gift #Kahram #Occasions_Gift #Gulf_Amateur_Masbihs</p>',NULL,'en',NULL,NULL),(40,23,'مسباح كهرمان بولندي','<p>❁.. يمتلك ( الكهرمان الطبيعي ☀️) ميزة طبيعية تمتص الطاقة السلبية وتحولها إلى طاقات إيجابية 👍🏻 مما يعزز السعادة و يخفف القلق النفسي ...❁<br />\r\n..<br />\r\n❁.. مِسبَاح فاخر منحوت من حجر《 الكَهرمان البولندي الطبيعي ☀️》ذهبي معرق ، بعدد 51 خرزة، دائرية كبيرة [ فوّاحة بالعنبر ] يتألق ب كَركوش حريري فاخر ، ثنائي التفرع ⊰ محبوك يدوياً 👌🏻 بالزري الذهبي ☀️ ⊱ قمة في الأناقة ..❁<br />\r\n..<br />\r\n❁.. نقدم المِسباح ☀️ في [ علبة خشبية👌🏻 خاصة للحفظ و الإهداء ] ..❁<br />\r\n<br />\r\n<a href=\"https://www.instagram.com/explore/tags/%D9%85%D8%B3%D8%A7%D8%A8%D9%8A%D8%AD_%D9%83%D9%87%D8%B1%D9%85%D8%A7%D9%86/\" tabindex=\"0\">#مسابيح_كهرمان</a>&nbsp;<a href=\"https://www.instagram.com/explore/tags/%D9%85%D8%B3%D8%A8%D8%A7%D8%AD_%D9%83%D9%87%D8%B1%D9%85%D8%A7%D9%86/\" tabindex=\"0\">#مسباح_كهرمان</a>&nbsp;<a href=\"https://www.instagram.com/explore/tags/%D9%85%D8%B3%D8%A8%D8%A7%D8%AD_%D9%83%D9%87%D8%B1%D8%A8/\" tabindex=\"0\">#مسباح_كهرب</a>&nbsp;<a href=\"https://www.instagram.com/explore/tags/%D8%B3%D8%A8%D8%AD%D8%A9/\" tabindex=\"0\">#سبحة</a><a href=\"https://www.instagram.com/explore/tags/%D9%85%D8%B3%D8%A7%D8%A8%D9%8A%D8%AD/\" tabindex=\"0\">#مسابيح</a>&nbsp;<a href=\"https://www.instagram.com/explore/tags/%D9%83%D9%87%D8%B1%D8%A8_%D8%B1%D9%88%D8%B3%D9%8A/\" tabindex=\"0\">#كهرب_روسي</a>&nbsp;<a href=\"https://www.instagram.com/explore/tags/%D9%83%D9%87%D8%B1%D9%85%D8%A7%D9%86_%D8%B1%D9%88%D8%B3%D9%8A/\" tabindex=\"0\">#كهرمان_روسي</a>&nbsp;<a href=\"https://www.instagram.com/explore/tags/%D9%87%D8%AF%D8%A7%D9%8A%D8%A7/\" tabindex=\"0\">#هدايا</a>&nbsp;<a href=\"https://www.instagram.com/explore/tags/%D9%87%D8%AF%D8%A7%D9%8A%D8%A7_%D9%83%D8%B4%D8%AE%D8%A9/\" tabindex=\"0\">#هدايا_كشخة</a><a href=\"https://www.instagram.com/explore/tags/%D9%85%D8%B3%D8%A8%D8%A7%D8%AD_%D9%83%D9%87%D8%B1%D9%85/\" tabindex=\"0\">#مسباح_كهرم</a>&nbsp;<a href=\"https://www.instagram.com/explore/tags/%D9%87%D8%AF%D8%A7%D9%8A%D8%A7_%D8%AB%D9%85%D9%8A%D9%86%D8%A9/\" tabindex=\"0\">#هدايا_ثمينة</a>&nbsp;<a href=\"https://www.instagram.com/explore/tags/%D9%87%D8%AF%D8%A7%D9%8A%D8%A7_%D8%B0%D9%88%D9%82/\" tabindex=\"0\">#هدايا_ذوق</a>&nbsp;<a href=\"https://www.instagram.com/explore/tags/%D9%85%D8%B3%D8%A8%D8%A7%D8%AD/\" tabindex=\"0\">#مسباح</a>&nbsp;<a href=\"https://www.instagram.com/explore/tags/%D9%83%D9%87%D8%B1%D8%A8/\" tabindex=\"0\">#كهرب</a>&nbsp;<a href=\"https://www.instagram.com/explore/tags/%D9%83%D9%87%D8%B1%D9%85/\" tabindex=\"0\">#كهرم</a><a href=\"https://www.instagram.com/explore/tags/%D9%87%D8%AF%D9%8A%D9%87/\" tabindex=\"0\">#هديه</a>&nbsp;<a href=\"https://www.instagram.com/explore/tags/%D9%87%D8%AF%D9%8A%D8%A9/\" tabindex=\"0\">#هدية</a>&nbsp;<a href=\"https://www.instagram.com/explore/tags/%D9%83%D9%87%D8%B1%D9%85%D8%A7%D9%86/\" tabindex=\"0\">#كهرمان</a>&nbsp;<a href=\"https://www.instagram.com/explore/tags/%D9%87%D8%AF%D9%8A%D8%A9_%D9%85%D9%86%D8%A7%D8%B3%D8%A8%D8%A7%D8%AA/\" tabindex=\"0\">#هدية_مناسبات</a>&nbsp;<a href=\"https://www.instagram.com/explore/tags/%D9%85%D8%B3%D8%A7%D8%A8%D9%8A%D8%AD_%D9%87%D9%88%D8%A7%D8%A9_%D8%A7%D9%84%D8%AE%D9%84%D9%8A%D8%AC/\" tabindex=\"0\">#مسابيح_هواة_الخليج</a></p>',NULL,'ar',NULL,NULL),(41,23,'Polish Amber Roasry','<p>❁..(Natural amber ☀️) has a natural feature that absorbs negative energy and transforms it into positive energies 👍🏻, which enhances happiness and relieves psychological anxiety...❁<br />\r\n..<br />\r\n❁.. A luxurious rosary carved from 《Natural Polish amber stone ☀️》 golden veined, with 51 beads, large circular [fragrant with amber] sparkling with luxurious silk karkush, double-branched ⊰ hand-knitted 👌🏻 with golden buttons ☀️ ⊱ the epitome of elegance..❁<br />\r\n..<br />\r\n❁.. We present the rosary ☀️ in a [wooden box 👌🏻, especially for preservation and gifting]..❁<br />\r\n..<br />\r\n:::● Price: 600 Kuwaiti Dinars ● 🇰🇼:::<br />\r\n:::● Price: 7380 SAR ● 🇸🇦:::<br />\r\n:::● Price: 1967 USD ● 🇺🇸:::<br />\r\n..<br />\r\n#amber_masbeeh #amber_beads #electric_beads #beads #rosaries #Russian_electricity #russian_amber #gifts #kashkha_gifts #amber_beads #precious_gifts #taste_gifts #beads #electricity #amber #gift #gift #amber #occasionsgift #gulf_amateur_masbeehs</p>',NULL,'en',NULL,NULL),(42,24,'مسباح كهرمان بولندي','<p>❁.. الجَمال خَام طبيعي 🔶 ( كَالعسل المصفى في اليد 👌🏻) أروع أصناف الكهرمان الطبيعي ؛ يسمى ب ( عسل الأرض 🔸) ..❁ .. ❁.. مِسبَاح فاخر منحوت من حجر《 الكَهرمان البولندي الطبيعي 🔸》ذهبي عسلي شفاف ( خاص لِلتسبيح 👌🏻) بعدد 99 خرزة مكحلة، خِراطة دائرية متوسطة [ فوّاحة بالعنبر 🔸 ] يتألق ب كَركوش فاخر مكحل ▪️ من ⊰ طربزون الفضة التركية 👌🏻🔸 المشغولة يدوياً ⊱ ..❁ .. ❁.. نقدم المِسباح 👑 في [ علبة خشبية فاخرة👌🏻 و كرت إهداء فخم 💌] ..❁ #مسابيح_كهرمان&nbsp;#مسباح_كهرمان&nbsp;#مسباح_كهرب&nbsp;#سبحة #مسابيح&nbsp;#كهرب_روسي&nbsp;#كهرمان_روسي&nbsp;#هدايا&nbsp;#هدايا_كشخة #مسباح_كهرم&nbsp;#هدايا_ثمينة&nbsp;#هدايا_ذوق&nbsp;#مسباح&nbsp;#كهرب&nbsp;#كهرم #هديه&nbsp;#هدية&nbsp;#كهرمان&nbsp;#هدية_مناسبات&nbsp;#مسابيح_هواة_الخليج</p>',NULL,'ar',NULL,NULL),(43,24,'Polish Amber Roasry','<p>❁.. Beauty is natural raw 🔶 (like filtered honey in the hand 👌🏻) The finest natural amber varieties; It is called (earth honey 🔸)..❁ .. ❁..a luxurious rosary rosary carved from 《Natural Polish amber stone 🔸》 golden honey transparent (special for praising 👌🏻) with 99 kohl beads, medium circular turning [amber fragrant 🔸] sparkling with luxurious karkush kohl ▪️ from ⊰ Trabzon Turkish silver 👌🏻🔸 Handcrafted ⊱ ..❁ .. ❁.. We present the rosary 👑 in [a luxurious wooden box 👌🏻 and a luxurious gift card 💌] ..❁ # Kahraman_beads # Kahraman_beads # Electric_beads # Rosary #Masbihs #Russian_electrification #Russian_amber #Gifts #Kashkha_gifts #Kahram_Mesbah #Precious_Gifts #Taste_Gifts #Mesbah #Electricity #Kahram #gift #gift #amber #gift_occasion</p>',NULL,'en',NULL,NULL),(44,25,'مسباح كهرمان بولندي','<p>❁.. مقتنيات التسبيح 👌🏻 أروع أصناف الكهرمان الطبيعي ؛ يسمى ب ( عسل الأرض 🔸) ..❁ .. ❁.. مِسبَاح من حجر《 الكَهرمان البولندي الطبيعي 🔸》 كريمي معرق عسلي ( خاص لِلتسبيح 👌🏻) بعدد 99 خرزة ، دائرية متوسطة [ فوّاحة بالعنبر 🔸 ] يتألق ب كَركوش فاخر م</p>',NULL,'ar',NULL,NULL),(45,25,'Polish Amber Roasry','<p>❁.. Praise holdings 👌🏻 The most amazing natural amber; It is called (earth honey 🔸)..❁ .. ❁.. Rosary made of 《Natural Polish amber 🔸》 Creamy, veined, honey (special for praise 👌🏻) with 99 beads, medium round [Fragrant with amber 🔸] sparkl</p>',NULL,'en',NULL,NULL),(46,26,'مسباح كهرمان بولندي','<p>&curren;.. من عمق التاريخ 👑 اكتسب أسراره الطبيعية بِفوائد علاجية النادرة ..&curren;&deg;<br />\r\n..<br />\r\n&deg;&curren;.. مسباح من《 الكهرمان البولندي الطبيعي 🔸》 لونه أصفر كريمي معجن ؛ بِعدد 61 خرزة صندوقية متوسطة ، يتألق ب كركوش قطني فاخر 🔸 محبوك بمهارة يدوية فائقة 👌🏻 ..&curren;&deg;<br />\r\n..<br />\r\n&deg;&curren;.. التقديم: في علبة خشبية فاخرة 🔸 خاصة للحفظ و الإهداء ..&curren;&deg;<br />\r\n<br />\r\n<a href=\"https://www.instagram.com/explore/tags/%D9%85%D9%88%D8%B6%D8%A9/\" tabindex=\"0\">#موضة</a>&nbsp;<a href=\"https://www.instagram.com/explore/tags/%D9%85%D9%88%D8%B6%D9%87/\" tabindex=\"0\">#موضه</a>&nbsp;<a href=\"https://www.instagram.com/explore/tags/%D8%AC%D8%AF%D9%8A%D8%AF/\" tabindex=\"0\">#جديد</a>&nbsp;<a href=\"https://www.instagram.com/explore/tags/%D8%B9%D8%B5%D8%B1%D9%8A/\" tabindex=\"0\">#عصري</a>&nbsp;<a href=\"https://www.instagram.com/explore/tags/%D9%83%D9%87%D8%B1%D8%A8_%D9%82%D8%AF%D9%8A%D9%85/\" tabindex=\"0\">#كهرب_قديم</a>&nbsp;<a href=\"https://www.instagram.com/explore/tags/%D8%A7%D9%84%D9%85%D9%88%D8%B6%D8%A9/\" tabindex=\"0\">#الموضة</a>&nbsp;<a href=\"https://www.instagram.com/explore/tags/%D8%A7%D9%84%D9%85%D9%88%D8%B6%D9%87/\" tabindex=\"0\">#الموضه</a>&nbsp;<a href=\"https://www.instagram.com/explore/tags/%D8%B1%D8%A7%D8%A6%D8%B9/\" tabindex=\"0\">#رائع</a>&nbsp;<a href=\"https://www.instagram.com/explore/tags/%D8%AC%D9%85%D9%8A%D9%84/\" tabindex=\"0\">#جميل</a>&nbsp;<a href=\"https://www.instagram.com/explore/tags/%D9%83%D9%87%D8%B1%D8%A8_%D8%AD%D8%B1/\" tabindex=\"0\">#كهرب_حر</a>&nbsp;<a href=\"https://www.instagram.com/explore/tags/%D8%AC%D8%B0%D8%A7%D8%A8/\" tabindex=\"0\">#جذاب</a></p>',NULL,'ar',NULL,NULL),(47,26,'Polish Amber Roasry','<p>&curren;.. From the depth of history 👑 he gained his natural secrets with rare therapeutic benefits.. &curren;&deg;<br />\r\n..<br />\r\n&deg;&curren;.. A rosary of 《Natural Polish amber 🔸》 is creamy yellow and pasty; With 61 medium box beads, it shines with luxurious cotton karakoush 🔸 Knitted with great hand skill 👌🏻 ..&curren;&deg;<br />\r\n..<br />\r\n&deg;&curren;.. Presentation: In a luxurious wooden box 🔸 Special for preservation and gifting..&curren;&deg;</p>\r\n\r\n<p>#fashion #fashion #new #modern #old_electrification #fashion #fashion #cool #beautiful #free_electrification #attractive</p>',NULL,'en',NULL,NULL),(48,27,'مسباح كهرمان بولندي','<p>&deg;&curren;.. يعد ملك الأحجار الطبيعية 👑 لذا يطلق عليه فخراً : ( ذهب البلطيق ) ..&curren;&deg; .. &deg;&curren;.. مسباح من《 الكهرمان البولندي الطبيعي 🔸》 لونه أصفر معرق كريمي ؛ بِعدد 53 خرزة دائرية كبيرة ، يتألق ب كركوش قطني فاخر 🔸 محبوك بمهارة يدوية فائقة 👌🏻 ..&curren;&deg; .. &deg;&curren;.. التقديم: في علبة خشبية فاخرة 🔸 خاصة للحفظ و الإهداء ..&curren;&deg; #مسابيح_كهرمان&nbsp;#مسباح_كهرمان&nbsp;#مسباح_كهرب&nbsp;#سبحة#مسابيح&nbsp;#كهرب_روسي&nbsp;#كهرمان_روسي&nbsp;#هدايا&nbsp;#هدايا_كشخة#مسباح_كهرب</p>',NULL,'ar',NULL,NULL),(49,27,'Polish Amber Roasry','<p>&deg;&curren;.. It is considered the king of natural stones 👑 so it is proudly called: (Baltic Gold)..&curren;&deg; .. &deg;&curren;.. A rosary of 《Natural Polish amber 🔸》 It is creamy, veiny yellow; With 53 large circular beads, it sparkles with luxurious cotton karakoush 🔸 Knitted with superior hand skill 👌🏻 ..&curren;&deg; .. &deg;&curren;.. Presentation: In a luxurious wooden box 🔸 Special for preservation and gifting..&curren;&deg; # Kahraman_Masbih # Kahraman_Mesbah # Electric_Messiah # Rosary # Rosary # Russian_electrification # Russian_ Amber # Gifts # Kashkha_ Gifts # Kahraman_ Misbah</p>',NULL,'en',NULL,NULL),(50,28,'مسباح كهرمان بولندي','<p>❀.. لا يوجد حجر مثل الكهرمان الطبيعي 👑 يساعد الجسم و يدعم الصحة و قابلية الشفاء ..❀<br />\r\n..<br />\r\n❀.. مِسبَاح من《 الكَهرمان البولندي الطبيعي 👑》أصفر كريمي ؛ بعدد 73 خرزة ذروية كبيرة [ فوّاحة بالعنبر 🔶 ] يتألق ب كَركوش فاخر من ⊰ طربزون الفضة التركية 👑 المشغولة يدوياً ⊱ ..❀<br />\r\n..<br />\r\n❀.. نقدم المِسباح في [ علبة خشبية فاخرة 🛍️ خاصة للحفظ وللإهداء ] ..❀<br />\r\n<br />\r\n<a href=\"https://www.instagram.com/explore/tags/%D9%85%D8%B3%D8%A8%D8%AD%D8%A9_%D8%B1%D8%AC%D8%A7%D9%84%D9%8A/\" tabindex=\"0\">#مسبحة_رجالي</a>&nbsp;<a href=\"https://www.instagram.com/explore/tags/%D9%85%D8%B3%D8%A8%D8%A7%D8%AD_%D9%84%D9%84%D8%A8%D9%8A%D8%B9/\" tabindex=\"0\">#مسباح_للبيع</a>&nbsp;<a href=\"https://www.instagram.com/explore/tags/%D9%83%D9%87%D8%B1%D9%85/\" tabindex=\"0\">#كهرم</a>&nbsp;<a href=\"https://www.instagram.com/explore/tags/%D9%83%D9%87%D8%B1%D9%85%D8%A7%D9%86_%D9%86%D8%A7%D8%AF%D8%B1/\" tabindex=\"0\">#كهرمان_نادر</a>&nbsp;<a href=\"https://www.instagram.com/explore/tags/%D9%83%D9%87%D8%B1%D9%85%D8%A7%D9%86_%D8%A8%D9%84%D8%B7%D9%8A%D9%82%D9%8A/\" tabindex=\"0\">#كهرمان_بلطيقي</a>&nbsp;<a href=\"https://www.instagram.com/explore/tags/%D9%83%D9%87%D8%B1%D8%A8_%D8%AD%D8%B1/\" tabindex=\"0\">#كهرب_حر</a>&nbsp;<a href=\"https://www.instagram.com/explore/tags/%D9%83%D9%87%D8%B1%D9%85%D8%A7%D9%86_%D9%85%D8%AD%D8%B4%D8%B1/\" tabindex=\"0\">#كهرمان_محشر</a>&nbsp;<a href=\"https://www.instagram.com/explore/tags/%D9%83%D9%87%D8%B1%D8%A8_%D8%B0%D8%B1%D9%88%D9%8A/\" tabindex=\"0\">#كهرب_ذروي</a>&nbsp;<a href=\"https://www.instagram.com/explore/tags/%D9%87%D8%AF%D8%A7%D9%8A%D8%A7_%D8%B9%D9%8A%D8%AF_%D9%85%D9%8A%D9%84%D8%A7%D8%AF/\" tabindex=\"0\">#هدايا_عيد_ميلاد</a></p>',NULL,'ar',NULL,NULL),(51,28,'Polish Amber Roasry','<p>❀.. There is no stone like natural amber 👑 that helps the body and supports health and healing ability..❀<br />\r\n..<br />\r\n❀.. Rosary from 《Natural Polish amber 👑》 creamy yellow; With 73 large amethyst beads [amber fragrant 🔶] sparkling with luxurious Karkoush from ⊰ Turkish silver Trabzon 👑 handcrafted ⊱ ..❀<br />\r\n..<br />\r\n❀.. We present the misbah in a [luxurious wooden box 🛍️, especially for safekeeping and gifting]..❀</p>\r\n\r\n<p>#Men&rsquo;s Rosary #Misbah_for_sale #Kahram #Rare_amber #Baltic_amber #Free_electricity #Kamer_masher #Peak_electrification #Birthday_gifts</p>',NULL,'en',NULL,NULL),(52,29,'مسباح كهرمان بولندي','<p>❀.. كنز في اليد 👌🏻 كل قطعة منه تحتاج ل ملايين السنين ل تتشكل طبيعياً ..❀<br />\r\n..<br />\r\n❀.. مِسبَاح من《 الكَهرمان البولندي الطبيعي 👑》أصفر كريمي معجن 🔘 بعدد 61 خرزة دائرية متوسطة [ فوّاحة بالعنبر 🔶 ] يتألق ب كَركوش فاخر من ⊰ طربزون الفضة التركية 👑 المشغولة يدوياً ⊱ ..❀<br />\r\n..<br />\r\n❀.. نقدم المِسباح في [ علبة خشبية فاخرة 🛍️ خاصة للحفظ وللإهداء ] ..❀<br />\r\n<br />\r\n<a href=\"https://www.instagram.com/explore/tags/%D9%85%D8%B3%D8%A8%D8%A7%D8%AD_%D9%84%D9%84%D8%A8%D9%8A%D8%B9/\" tabindex=\"0\">#مسباح_للبيع</a>&nbsp;<a href=\"https://www.instagram.com/explore/tags/%D9%85%D8%B3%D8%A8%D8%A7%D9%82%D8%A7%D8%AA/\" tabindex=\"0\">#مسباقات</a>&nbsp;<a href=\"https://www.instagram.com/explore/tags/%D8%B7%D8%B1%D8%A8%D8%B2%D9%88%D9%86/\" tabindex=\"0\">#طربزون</a>&nbsp;<a href=\"https://www.instagram.com/explore/tags/%D9%81%D8%B6%D9%87_%D8%AA%D8%B1%D9%83%D9%8A/\" tabindex=\"0\">#فضه_تركي</a>&nbsp;<a href=\"https://www.instagram.com/explore/tags/%D8%A7%D9%84%D8%A7%D9%81%D9%8A%D9%86%D9%8A%D9%88%D8%B2/\" tabindex=\"0\">#الافينيوز</a>&nbsp;<a href=\"https://www.instagram.com/explore/tags/%D9%87%D8%AF%D8%A7%D9%8A%D9%87/\" tabindex=\"0\">#هدايه</a>&nbsp;<a href=\"https://www.instagram.com/explore/tags/%D8%AD%D8%AC%D8%B1/\" tabindex=\"0\">#حجر</a>&nbsp;<a href=\"https://www.instagram.com/explore/tags/%D8%AD%D8%AC%D8%B1_%D8%B7%D8%A8%D9%8A%D8%B9%D9%8A/\" tabindex=\"0\">#حجر_طبيعي</a>&nbsp;<a href=\"https://www.instagram.com/explore/tags/%D9%83%D9%87%D8%B1%D9%85%D8%A7%D9%86%D8%A9/\" tabindex=\"0\">#كهرمانة</a></p>',NULL,'ar',NULL,NULL),(53,29,'Polish Amber Roasry','<p>❀..a treasure in the hand 👌🏻 Each piece of it takes millions of years to form naturally..❀<br />\r\n..<br />\r\n❀.. Rosary from 《Natural Polish Amber 👑》Yellow Creamy Kneaded 🔘 with 61 medium round beads [Fragrant with amber 🔶] It shines with luxurious Karkoush from ⊰ Trabzon Turkish silver 👑 Handcrafted ⊱ ..❀<br />\r\n..<br />\r\n❀.. We present the misbah in a [luxurious wooden box 🛍️, especially for safekeeping and gifting]..❀</p>\r\n\r\n<p>#Pool_for_sale #Sports_Trabzon #Turkish_Silver #Avenues #Hedaya #Stone #Natural_Stone #Kamerana</p>',NULL,'en',NULL,NULL),(54,30,'مسباح كهرمان بولندي','<p>❀.. أجود أصناف الكهرمان الطبيعي 🔘 يحتاج إلى 20 مليون سنة حتى يتكون في باطن الأرض ..❀ .. ❀.. مِسبَاح من《 الكَهرمان البولندي الطبيعي 👑》أصفر كريمي معجن 🔘 بعدد 43 خرزة صندوقية متوسطة [ فوّاحة بالعنبر 🔶 ] يتألق ب كَركوش فاخر من ⊰ طربزون الفضة التركية 👑 المشغولة يدوياً ⊱ ..❀ .. ❀.. نقدم المِسباح في [ علبة خشبية فاخرة 🛍️ خاصة للحفظ وللإهداء ] ..❀ #فضة&nbsp;#فضيات_رجالية&nbsp;#طرابزون&nbsp;#مسباح_كهرم&nbsp;#مجوهرات&nbsp;#مجوهراتي&nbsp;#بولندي&nbsp;#حجرطبيعي&nbsp;#هدايا_ثمينة&nbsp;#الكويت🇰🇼</p>',NULL,'ar',NULL,NULL),(55,30,'Polish Amber Roasry','<p>❀..the finest natural amber 🔘 needs 20 million years to form in the ground..❀ .. ❀.. Rosary from 《Natural Polish Amber 👑》Yellow Creamy Kneaded 🔘 with 43 medium box beads [Fragrant with amber 🔶] It shines with luxurious Karkoush from ⊰ Turkish silver Trabzon 👑 Handcrafted ⊱ ..❀ .. ❀.. We present the misbah in a [luxurious wooden box 🛍️, especially for safekeeping and gifting]..❀</p>',NULL,'en',NULL,NULL),(56,31,'مسباح كهرمان بولندي','<p>❁.. من فوائد الكهرمان الطبيعي 💛 تحسين المزاج عبر سحب الطاقة السلبية من الجسم ..❁ .. ❁.. مِسبَاح من《 الكَهرمان البولندي 💛》 لونه معجن خد و خد عسلي و كريمي ؛ بعدد 67 خرزة دائرية كبيرة [ فوّاحة بالعنبر 💛 ] يتدلل ب كَركوش حريري فاخر ⊰ محبوك يدوياً ⊱ ..❁ .. ❁.. نقدم المِسباح 💛 في [ علبة خشبية فاخرة👌🏻 خاصة للحفظ و الإهداء ] ..❁ #كهرب_اوكراني&nbsp;#مسباح_كهرمان&nbsp;#مسباح_كهرب&nbsp;#الكهرمان&nbsp;#الكهرب&nbsp;#مسباح_كهرم&nbsp;#كهرمان_أوكراني&nbsp;#هدايا_كشخة&nbsp;#هدايا_ثمينة&nbsp;#مسابيح</p>',NULL,'ar',NULL,NULL),(57,31,'Polish Amber Roasry','<p>❁.. One of the benefits of natural amber 💛 is improving mood by withdrawing negative energy from the body.. ❁ .. ❁.. a rosary made of 《Polish amber 💛》 its color is pasty, cheeky, honey and creamy; With 67 large circular beads [Amber Fragrant 💛] dangled with luxurious silk Karkoush ⊰ hand-knitted ⊱ ..❁ .. ❁.. We present the rosary 💛 in a [luxurious wooden box 👌🏻, especially for preservation and gifting]..❁</p>',NULL,'en',NULL,NULL),(58,32,'مسباح كهرمان بولندي','<p>❁.. تحفة بلطيقية 🟠 ب لون زعفراني من نوادر الكهرمان الطبيعي ..❁ .. ❁.. مسباح من 《 الكَهرمان البولندي الطبيعي 🟠》من لون زعفراني معرق ؛ بِعدد 51 خرزة دائرية كبيرة [ فواحة بالعنبر ] يتألق ب كَركوش حريري فاخر 🟠 ⊰ محبوك يدوياً بأناقة ..❁ .. ❁.. نقدمه 🟠 في علبة خشبية فاخرة [ خاصة للحفظ و الإهداء ] ..❁ #كهرب_قديم&nbsp;#بولندي&nbsp;#كهرب_بولندي&nbsp;#مسابيح&nbsp;#سبحة&nbsp;#هدايا&nbsp;#مسباح_كهرب&nbsp;#الكهرمان&nbsp;#الكهرب&nbsp;#مسباح_كهرم</p>',NULL,'ar',NULL,NULL),(59,32,'Polish Amber Roasry','<p>❁.. a Baltic masterpiece 🟠 with a saffron color, one of the rare natural amber .. ❁ .. ❁.. a rosary of 《natural Polish amber 🟠》 of a veiny saffron color; With 51 large round beads [amber fragrant] sparkling with luxurious silk Karkoush 🟠 ⊰ Hand-knitted with elegance..❁ .. ❁.. We present it 🟠 in a luxurious wooden box [especially for safekeeping and gifting]..❁</p>',NULL,'en',NULL,NULL),(60,33,'مسباح كهرمان بولندي','<p>❁.. أجمل حجر طبيعي 👌🏻 يضعه خبراء الأحجار الكريمة، ضمن ( الأكثر اقتناءً وقرباً لِلنفس🔸) قيمته كالذهب، متزايدة عبر السنين ..❁ .. ❁.. مسباح فاخر مَنحوت من حجر《 الكَهرمان البولندي الطبيعي 🍁》لونه ( زعفراني انتيك قديم معتق ومعرق وملطخ بالأصفر )، بِعدد 33 خرزة برميلية كبيرة مشطوفة [ فوّاحة بالعنبر ]، يتألق ب كركوش فاخر 🍁 مصنوع من ( خيوط القطن المحبوكة يدوياً 👌🏻) رائع التفاصيل ..❁ .. ❁.. نقدم المسباح 🍁 في علبة خشبية فاخرة [ مخصصة للحفظ وللإهداء ] ..❁ #كهرب_قديم&nbsp;#بولندي&nbsp;#كهرب_بولندي&nbsp;#مسابيح&nbsp;#سبحة&nbsp;#هدايا&nbsp;#مسباح_كهرب&nbsp;#الكهرمان&nbsp;#الكهرب&nbsp;#مسباح_كهرم&nbsp; &nbsp;&nbsp;</p>\r\n\r\n<p>&nbsp;</p>','#كهرب_قديم,#بولندي #كهرب_بولندي,انبلبيل,يبيبسل,\\سيبل,يبل,بيل,سيبل','ar',NULL,NULL),(61,33,'Polish Amber Roasry','<p>❁..the most beautiful natural stone 👌🏻 that experts in precious stones place it among (the most acquired and close to the soul 🔸) its value is like gold, increasing over the years .. ❁ .. ❁.. A luxurious rosary carved from 《Natural Polish amber stone 🍁》, its color (saffron antique, antique, aged, veined and stained with yellow), with 33 large beveled barrel beads [amber scented], sparkling with luxurious karkush 🍁 made of (hand-knitted cotton threads 👌🏻 ) Wonderful details ..❁ .. ❁.. We present the misbah 🍁 in a luxurious wooden box [dedicated for safekeeping and gifting]..❁</p>','asd','en',NULL,NULL),(62,39,'تيست','<p>تيستتيستتيست سيبسي يسب سيب سيب يسب سيبسيبصث &nbsp; &nbsp;</p>',NULL,'ar',NULL,NULL),(63,39,'تيستتيستتيست','<p>okk9</p>',NULL,'en',NULL,NULL),(64,42,'مسباح الدارسين','<p style=\"text-align:right\">&nbsp;مسباح من لحاء الدارسين الطبيعي لونه بني محروق ملطخ&nbsp; بعدد 33 خرزة صندوقية متوسطة&nbsp; فواحة برائحة القرفة يتوّجه كركوش حريري فاخر بالزري الذهبي اليدوي<br />\r\n&nbsp;مع شعار تفصال إسم حفر على الوجهين يقدم في علبة أنيقة مع كرت إهداء فخم</p>',NULL,'ar',NULL,NULL),(65,42,'Cinnamon Rosary','<p>A rosary made of natural scholar&rsquo;s bark, burnt brown in color, stained with 33 medium-sized box beads, fragrant with the scent of cinnamon. It is crowned with luxurious silk karakush with hand-stitched golden zari.<br />\r\nWith a logo detailing the name engraved on both sides Presented in an elegant box with a luxurious gift card</p>',NULL,'en',NULL,NULL),(66,43,'مسباح الدارسين','<p style=\"text-align:right\">&nbsp;مسباح من لحاء الدارسين الطبيعي لونه بني محروق ملطخ بعدد 33 خرزة صندوقية متوسطة&nbsp; فواحة برائحة القرفة يتوّجه كركوش حريري فاخر بالزري الذهبي اليدوي&nbsp; مع شعار تفصال إسم حفر على الوجهين<br />\r\n&nbsp;يقدم في علبة أنيقة مع كرت إهداء فخم</p>',NULL,'ar',NULL,NULL),(67,43,'ttyty','<p>uyuyuyu</p>',NULL,'en',NULL,NULL),(68,45,'مسباح الهيل','<p dir=\"rtl\">من الطبيعة تتميز خامته باللون و الملمس الخشبي الفـواح مسباح من حبات الهيل الطبيعي<br />\r\nلونه أخضر خشبي معجن بِعدد 45 خرزة دائرية متوسطة فواحة برائحة الهيل يتوّجه كركوش<br />\r\nقطني فاخر محبوك يدوياً مزين ب شِعار تِفصــال إسم يقدم في علبة أنيقة مجهزة ب كرت إهداء فخم</p>\r\n\r\n<hr />\r\n<p>&nbsp;</p>','مسباح هيل,هيل','ar',NULL,NULL),(69,45,'TESTTTESTTTESTT','<p>TESTTTESTTTESTTTESTT</p>',NULL,'en',NULL,NULL),(70,47,'مسباح الهيل','<p style=\"text-align:right\">الرائحة تفرح القلب والخَامة طبيعية من حبات الهيل والتِفصال يدوي متكامل، يتميز ب ألوانه الطبيعية الهادئة<br />\r\nمسباح طبيعي منحوت من حبات لهيل الطبيعي لونه خشبي بني وأخضر معتق، بِعدد 45 خرزة دائرية متوسطة<br />\r\nفواحة برائحة الهيل يتوّجه طقم تمليكة فاخر متكامل الأركان، بتفصال يدوي يمنحه كل الفخامة في اليد يقدم في<br />\r\nعلبة أنيقة مجهزة ب كرت إهداء فخم</p>\r\n\r\n<p style=\"text-align:right\">&nbsp;</p>\r\n\r\n<hr />\r\n<p>&nbsp;</p>','مسباح #هدايا_مميزه #هيل #الهيل #نوادر #انتيكات #أنتيكات #فنيات #انتيكا #آنتيك #أنتيك #هدايا_رجال #فناتك #مسابيح #هدايا #خشبيات #مسابيح_هواة_الخليج #اعشاب #أعشاب #فناتك_كويتية #مسباح_هيل #مسباح_بالاسم','ar',NULL,NULL),(71,47,'Cardamom Rosary','<div class=\"lRu31\">The scent rejoices the heart, the material is natural from cardamom grains, and the detailing is complete by hand, distinguished by its natural, calm colors Natural rosary, carved from natural cardamom, brown and green, aged wood, with 45 medium round beads. A scented cardamom scent that crowns a luxurious full-fledged ownership set, with a manual cut-out that gives it all the luxury in the hand. Presented in An elegant box equipped with a luxurious gift card<br />\r\n&nbsp;\r\n<hr />\r\n<p>&nbsp;</p>\r\n</div>',NULL,'en',NULL,NULL),(72,48,'مسباح الهيل','<p style=\"text-align:right\">مسباح طبيعي منحوت من حبات الهيل الطبيعي لونه خشبي بني وأخضر معتق، بِعدد 39 خرزة صندوقية متوسطة<br />\r\nفواحة برائحة الهيل يتوّجه طقم تمليكة فاخر متكامل الأركان، بتفصال يدوي يمنحه كل الفخامة في اليديقدم في علبة<br />\r\nأنيقة مجهزة ب كرت إهداء فخم</p>\r\n\r\n<p style=\"text-align:right\">&nbsp;</p>\r\n\r\n<hr />\r\n<p>&nbsp;</p>','مسباح #هدايا_مميزه #هيل #الهيل #نوادر #انتيكات #أنتيكات #فنيات #انتيكا #آنتيك #أنتيك #هدايا_رجال #فناتك #مسابيح #هدايا #خشبيات #مسابيح_هواة_الخليج #اعشاب #أعشاب #فناتك_كويتية #مسباح_هيل #مسباح_بالاسم','ar',NULL,NULL),(73,48,'Cardamom Rosary','<p>Natural Rosary rosary carved from natural cardamom grains, brown and green, antiqued wood color, with 39 medium beads in a box<br />\r\nA diffuser with the scent of cardamom crowns a luxurious full-fledged ownership set, with a manual cut-out that gives it all the luxury in the hand. Presented in a box<br />\r\nElegant equipped with a luxurious gift card</p>\r\n\r\n<p>&nbsp;</p>\r\n\r\n<hr />\r\n<p>&nbsp;</p>',NULL,'en',NULL,NULL),(74,49,'مسباح الهيل','<p style=\"text-align:right\">من هدايا الطبيعة مسباح طبيعي منحوت يدوياً من حبات الهيل الطبيعي ذو رائحة فواحة باليد ب لون بني وخشبي<br />\r\nأخضر معتق، بعدد 45 خَرزة دائرية متوسطة يتزيّن بِكركوش قطني فاخر محبوك يدوياً مع شعار اسم حفر على الوجهين<br />\r\nيقدم بِعلبة هدايا أنيقة مجهزة ب كرت إهداء فخم<br />\r\n&nbsp;</p>\r\n\r\n<hr />\r\n<p>&nbsp;</p>','مسباح #هدايا_مميزه #هيل #الهيل #نوادر #انتيكات #أنتيكات #فنيات #انتيكا #آنتيك #أنتيك #هدايا_رجال #فناتك #مسابيح #هدايا #خشبيات #مسابيح_هواة_الخليج #اعشاب #أعشاب #فناتك_كويتية #مسباح_هيل #مسباح_بالاسم','ar',NULL,NULL),(75,49,'Cardamom Rosary','<p>One of the gifts of nature is a natural rosary, hand-carved from natural cardamom grains, with a fragrant scent, with a brown and wooden color Antique green, 45 medium round beads,<br />\r\nadorned with hand-knitted premium cotton rokkosh with double-sided engraved name logo Presented in an elegant gift box equipped with a luxurious gift card</p>\r\n\r\n<p>&nbsp;</p>\r\n\r\n<hr />\r\n<p>&nbsp;</p>',NULL,'en',NULL,NULL),(76,50,'مسباح الهيل','<div class=\"_a9zr\">\r\n<div class=\"_a9zs\" style=\"text-align:right\">هدايا الطبيعة مسباح طبيعي منحوت يدوياً من حبات الهيل الطبيعي ب لون خشبي أخضر معجن، بعدد 39 خَرزة صندوقية<br />\r\nمتوسطة، يتزيّن بِكركوش فاخر محبوك يدوياً من أجود خيوط القطن بالزري الذهبي، و شعار اسم مذهب</div>\r\n\r\n<div class=\"_a9zs\" style=\"text-align:right\">يقدم بِعلبة هدايا أنيقة وكرت إهداء فخم<br />\r\n&nbsp;\r\n<hr />\r\n<p>&nbsp;</p>\r\n</div>\r\n\r\n<p>&nbsp;</p>\r\n</div>\r\n\r\n<p>&nbsp;</p>','مسباح,هيل,اعشاب','ar',NULL,NULL),(77,50,'Cardamom Rosary','<p>Nature Gifts Natural Rosary hand-carved from natural cardamom beads in green wooden paste color, with 39 beads in a box Medium,<br />\r\nadorned with a luxurious hand-woven ruffle made of the finest cotton yarn with golden zari, and a golden name logo. Presented in an elegant gift box and an elegant gift card<br />\r\n<br />\r\n&nbsp;</p>\r\n\r\n<hr />\r\n<p>&nbsp;</p>',NULL,'en',NULL,NULL),(78,51,'مسباح الهيل','<p style=\"text-align:right\">من هدايا الطبيعة مسباح طبيعي منحوت يدوياً من حبات الهيل الطبيعي ب لون بني وخشبي أخضر معتق، بعدد 39 خَرزة<br />\r\nصندوقية متوسطة، يتزيّن بِكركوش قطني فاخر محبوك يدوياً بالزري الذهبي مع شعار اسم حفر على الوجهين<br />\r\nيقدم بِعلبة هدايا أنيقة مجهزة ب كرت إهداء فخم<br />\r\n&nbsp;</p>\r\n\r\n<hr />\r\n<p>&nbsp;</p>','#مسباح_هيل #مسباح #هدايا_مميزه #هيل #الهيل #هدايا_رجال #انتيكات #أنتيكات #فنيات #انتيكا #آنتيك #أنتيك #فناتك #نوادر #مسابيح #هدايا #خشبيات #اعشاب #أعشاب #','ar',NULL,NULL),(79,51,'Cardamom Rosary','<p>From the gifts of nature, a natural rosary, hand-carved from natural cardamom beads, in brown and woody, aged green, with 39 beads.<br />\r\nMedium boxy, adorned with luxurious hand-knitted cotton brocade with golden zari, with a double-sided engraved name logo.<br />\r\nPresented in an elegant gift box equipped with a luxurious gift card<br />\r\n&nbsp;</p>\r\n\r\n<hr />\r\n<p>&nbsp;</p>',NULL,'en',NULL,NULL),(80,52,'مسباح الهيل','<p dir=\"rtl\">&nbsp;من الطبيعة تتميز خامته باللون و الملمس الخشبي الفواح مسباح من حبات الهيل الطبيعي لونه أخضر خشبي معجن<br />\r\nبِعدد 45 خرزة دائرية متوسطة فواحة برائحة الهيل يتوّجه كركوش قطني فاخر محبوك يدوياً مزين ب شِعار<br />\r\nتِفصال إسم يقدم في علبة أنيقة مجهزة ب كرت إهداء فخم<br />\r\n&nbsp;</p>\r\n\r\n<hr />\r\n<p>&nbsp;</p>','#هيل #هيل_وليل #مسباح_هيل #خامات_طبيعية #خامات #نوادر #انتيكات #مقتنيات_مميزة','ar',NULL,NULL),(81,52,'Cardamom Rosary','<p>From nature, its material is distinguished by its fragrant woody color and texture. A rosary made of natural cardamom grains, green, woody, kneaded<br />\r\nWith 45 medium round beads, fragrant with the scent of cardamom, crowned with a luxurious hand-knitted cotton karakush decorated with a logo<br />\r\nTifsal is a name presented in an elegant box equipped with a luxurious gift card</p>',NULL,'en',NULL,NULL),(82,53,'مسباح الدارسين','<p dir=\"rtl\">هدية الشتاء من الطبيعة بِ لون و ملمس خشبي برائحة القرفة الفواحة مسباح من لحاء الدارسين الطبيعي لونه بني محروق<br />\r\nملطخ بعدد 33 خرزة صندوقية متوسطة فواحة برائحة القرفة يتوّجه كركوش حريري فاخر بالزري الذهبي اليدوي ؛<br />\r\nمع شعار تفصال إسم حفر على الوجهينيقدم في علبة أنيقة مع كرت إهداء فخم<br />\r\n&nbsp;</p>\r\n\r\n<hr />\r\n<p>&nbsp;</p>','#هدية_لزوجي #هدية_زواج #دارسين #اخشاب #قرفه#دارسين #انتيكات #فنيات #انتيك','ar',NULL,NULL),(83,53,'Cinnamon Rosary','<p>A winter gift from nature, with a woody color and texture, with the fragrant smell of cinnamon. A rosary made of natural scholars bark, burnt brown in color<br />\r\nStained with 33 medium fragrant box beads with the scent of cinnamon. Luxurious silk karakush is crowned with handcrafted golden zari;<br />\r\nWith a logo detailing a name engraved on both sides, it is presented in an elegant box with a luxurious gift card<br />\r\n&nbsp;</p>\r\n\r\n<hr />\r\n<p>&nbsp;</p>',NULL,'en',NULL,NULL),(84,54,'مسباح الدارسين','<p dir=\"rtl\">أناقة الشتوية بأجمل الخامات الطبيعية برائحة القرفة الفواحة مسباح من لحاء الدارسين الطبيعي لونه بني محروق معجن<br />\r\nبِعدد 33 خرزة طوالية متوسطة فواحة برائحة القرفة يتوّجه كركوش قطني فاخر بالزري الذهبي اليدوي ؛<br />\r\nمع شعار تفصال دولة الكويت يقدم في علبة أنيقة مع كرت إهداء فخم<br />\r\n&nbsp;</p>\r\n\r\n<hr />\r\n<p dir=\"rtl\"><br />\r\n&nbsp;</p>','#هدية_لزوجي #هدية_زواج #دارسين #اخشاب #قرفه #دارسين #انتيكات #فنيات #انتيكا','ar',NULL,NULL),(85,54,'Cinnamon Rosary','<p>Winter elegance with the most beautiful natural materials, with the scent of fragrant cinnamon<br />\r\nWith 33 long, medium-sized beads, fragrant with the scent of cinnamon, a luxurious cotton karkoush is crowned with a golden handmade button.<br />\r\nWith the logo of separating the State of Kuwait, it is presented in an elegant box with a luxurious gift card<br />\r\n&nbsp;</p>\r\n\r\n<hr />\r\n<p>&nbsp;</p>',NULL,'en',NULL,NULL),(86,56,'تيست','<p>تيستتيستتيستتيستتيستتيستتيستتيستتيستتيستتيستتيست</p>',NULL,'ar',NULL,NULL),(87,56,'تيست','<p>تيست</p>',NULL,'en',NULL,NULL),(88,58,'مسباح الدارسين','<p dir=\"rtl\">من قلب الطبيعة تتميز خامته بالملمس الخشبي الفخم و رائحة الدارسين الفواحة مسباح من لحاء الدارسين الطبيعي لونه<br />\r\nبني محروق خشبي معجن بِعدد 33 خرزة طوالية متوسطة فواحة برائحة القرفة يتوّجه كركوش قطني فاخر<br />\r\nمحبوك يدوياً محلى بالزري الذهبي يقدم في علبة أنيقة مجهزة ب كرت إهداء فخم<br />\r\n&nbsp;</p>\r\n\r\n<hr />\r\n<p>&nbsp;</p>','#دارسين #دارسيني #قرفه #قرفة #مسباح #مسباح_طبيعي #خامات #خامات_راقيه','ar',NULL,NULL),(89,58,'Cinnamon Rosary','<p>From the heart of nature, its material is distinguished by the luxurious woody texture and the fragrant scent of scholars<br />\r\nWooden burnt brown kneaded with 33 long, medium fragrant beads, with the smell of cinnamon, topped with luxurious cotton karkoush<br />\r\nHand-knitted, decorated with golden zari, presented in an elegant box equipped with a luxurious gift card<br />\r\n&nbsp;</p>\r\n\r\n<hr />\r\n<p>&nbsp;</p>',NULL,'en',NULL,NULL),(90,59,'مسباح الدارسين','<p dir=\"rtl\">هدايا من خامات الطبيعة التفصال يدوي فواحة ب رائحة الدارسين مسباح من لحاء الدارسين الطبيعي لونه بني محروق<br />\r\nمعجن عدد 45 خرزة دائرية متوسطة&nbsp; فواحة برائحة القرفة يتوّجه كركوش قطني فاخر بالزري الذهبي اليدوي<br />\r\nمع شعار تفصال رمزهواة الخليج يقدم في علبة أنيقة مع كرت إهداء فخم<br />\r\n&nbsp;</p>\r\n\r\n<hr />\r\n<p>&nbsp;</p>','#هدية_لزوجي #هدية_زواج #دارسين #اخشاب #قرفه','ar',NULL,NULL),(91,59,'Cinnamon Rosary','<p>Gifts from nature&rsquo;s raw materials, manual separation, fragrant scent with the scent of scholars, a misbah made of natural scholars&rsquo; bark, its color is burnt brown<br />\r\nKneading dough, 45 medium round beads, fragrant, with the smell of cinnamon. Luxurious cotton karakush is crowned with handmade golden buttons.<br />\r\nWith the logo of Fassal, a symbol of Gulf amateurs, presented in an elegant box with a trap gift card<br />\r\n&nbsp;</p>\r\n\r\n<hr />\r\n<p>&nbsp;</p>',NULL,'en',NULL,NULL),(92,60,'مسباح الدارسين','<p dir=\"rtl\">من الهدايا و المقتنيات الطبيعية تحفة فواحة في اليد مسباح من الدارسين الطبيعي لون بني خشبي معجن<br />\r\nبعدد 51 خرزة خِراطة دائرية متوسطة فواحة برائحة القرفة يتوّج المسباح كركوش قطني فاخربألوان السدو<br />\r\nمحبوك يدوياً مزين ب رمز هواة الخليجنقدم المسباح في علبة أنيقة مجهزة ب كرت إهداء فاخر<br />\r\n&nbsp;</p>\r\n\r\n<hr />\r\n<p>&nbsp;</p>','#قرفة#قهوه #سبحه #سبحه_بالاسم #مسباحي #مسباح_زايد #اعشاب_طبيعية #هدايا #هدايا_حب #هدايا_تخرج','ar',NULL,NULL),(93,60,'Cinnamon Rosary','<p>Among the gifts and natural collectibles is a fragrant masterpiece in the hand, a natural masbahah of scholars, brown, wooden, kneaded color<br />\r\nWith 51 medium round beads, fragrant with the scent of cinnamon, the rosary is crowned with a luxurious cotton karkoush in the colors of Sadu.<br />\r\nHand-knitted and decorated with the symbol of the Gulf enthusiasts. We present the misbah in an elegant box equipped with a luxurious gift card<br />\r\n&nbsp;</p>\r\n\r\n<hr />\r\n<p>&nbsp;</p>',NULL,'en',NULL,NULL),(94,61,'مسباح الدارسين','<p dir=\"rtl\">من خَامة طبيعية باللون والملمس الطبيعي الفواح أنيق في كل الأوقات مِسباح طبيعي فاخر مَنحوت من الدارسين الطبيعي<br />\r\nاللون بني خشبي معتق ملطخ ، بعدد 39 خرزة بيضاوية كبيرة برائحة القرفة الفواحة يتوّجه طقم تمليكة فاخِر،<br />\r\nمتكامل الأركان تِفصال يدوي قمة في الفخامة نقدم المسباح في علبة أنيقة مع كرت إهداء فخم<br />\r\n&nbsp;</p>\r\n\r\n<hr />\r\n<p>&nbsp;</p>','#مسباح #هدايا_مميزه #دارسين #اخشاب #قرفه #قرفة #انتيكات #أنتيكات #فنيات #انتيكا #آنتيك #أنتيك #هدايا_رجالي #هدايا_رجال #مسابيح #مسباح_قرفة #دارسين_قرفة #هدا','ar',NULL,NULL),(95,61,'Cinnamon Rosary','<p>Made of natural material with natural color and texture, fragrant elegant at all times, a luxurious natural swimming pool carved from natural scholars<br />\r\nThe color is a stained antique wooden brown, with 39 large oval beads, with a fragrant smell of cinnamon.<br />\r\nIntegrated corners, manual detailing, the epitome of luxury. We present the misbah in an elegant box with a luxurious gift card<br />\r\n&nbsp;</p>\r\n\r\n<hr />\r\n<p>&nbsp;</p>',NULL,'en',NULL,NULL),(96,62,'مسباح الدارسين','<p dir=\"rtl\">مسباح منحوت من الدارسين الطبيعي لون بني خشبي داكن معجن بعدد 39 خرزة بيضاوية كبيرة فواحة برائحة القرفة<br />\r\nفواصله مصاغة من الستانلس المذهَب، يتوّج المسباح كركوش حريري فاخر محبوك يدوياً بالزري الذهبي مزين ب شِعار<br />\r\nدولة الكويت نقدم المسباح في علبة أنيقة مجهزة ب كرت إهداء فاخر</p>\r\n\r\n<p dir=\"rtl\">&nbsp;</p>\r\n\r\n<hr />\r\n<p>&nbsp;</p>','#مسباح #هدايا_مميزه #دارسين #اخشاب #قرفه #قرفة #انتيكات #أنتيكات #فنيات #انتيكا #آنتيك #أنتيك #هدايا_رجالي #هدايا_رجال #مسابيح #مسباح_قرفة','ar',NULL,NULL),(97,62,'Cinnamon Rosary','<p>Rosary carved from natural scholars, dark wooden brown color, kneaded, with 39 large oval beads, fragrant with cinnamon scent<br />\r\nIts dividers are made of gilded stainless steel. The rosary is crowned with a luxurious hand-knitted silk carp with golden buttons decorated with a logo.<br />\r\nThe State of Kuwait, we offer the misbah in an elegant box equipped with a luxurious gift card</p>\r\n\r\n<p>&nbsp;</p>\r\n\r\n<hr />\r\n<p>&nbsp;</p>',NULL,'en',NULL,NULL),(98,63,'مسباح الدارسين','<p dir=\"rtl\">مسباح منحوت من الدارسين الطبيعي معجّن بألوان القرفة الفاتحة والداكنة، بعدد 66 خرزة دائرية متوسطة برائحة القرفة الفوّاحة<br />\r\nيتوجه كَركوش نجفي فاخر، محبوك ومشغول يدوياً من خيوط القطن مزين ب شِعار هواة الخليج علبة أنيقة مجهزة ب كرت إهداء فاخر لِتقديم المسباح<br />\r\n&nbsp;</p>\r\n\r\n<hr />\r\n<p>&nbsp;</p>','#مسباح #هدايا_مميزه #دارسين #اخشاب #قرفه #قرفة #انتيكات #أنتيكات #فنيات #انتيكا #آنتيك #أنتيك #هدايا_رجالي #هدايا_رجال #مسابيح #مسباح_قرفة #دارسين_قرفة','ar',NULL,NULL),(99,63,'Cinnamon Rosary','<p>Rosary carved from natural scholars, kneaded in light and dark cinnamon colors, with 66 medium round beads, with the fragrant smell of cinnamon<br />\r\nA luxurious Najafi karkoush, woven and hand-woven from cotton threads, decorated with the Gulf Lovers logo, an elegant box equipped with a luxurious gift card, to present the masbah<br />\r\n&nbsp;</p>\r\n\r\n<hr />\r\n<p>&nbsp;</p>',NULL,'en',NULL,NULL),(100,64,'مسباح الدارسين','<p dir=\"rtl\">فخامة الإهداء من الطبيعة يتميز باللون الفخم والرائحة الفواحة المشهورة مسباح طبيعي منحوت من حبات الدارسين الطبيعي<br />\r\nلونه خشبي معجن ومعتق، بِعدد 66 خرزة دائرية متوسطة فواحة برائحة القرفة يتوّجه كركوش قطني فاخر، نجفي الشكل<br />\r\nمحبوك يدوياً بأفخم تصميم يقدم في علبة أنيقة مجهزة ب كرت إهداء فخم<br />\r\n&nbsp;</p>\r\n\r\n<hr />\r\n<p>&nbsp;</p>','#مسباح #هدايا_مميزه #دارسين #اخشاب #قرفه #قرفة #انتيكات','ar',NULL,NULL),(101,64,'Cinnamon Rosary','<p>The luxury of gifting from nature, characterized by the luxurious color and the famous fragrant scent, a natural rosary carved from natural beads of scholars<br />\r\nIts color is kneaded and aged, with 66 medium round beads, fragrant with the scent of cinnamon. It is crowned with a luxurious cotton karkoush, najafi in shape.<br />\r\nHandwoven with the most luxurious design, presented in an elegant box equipped with a luxurious gift card<br />\r\n&nbsp;</p>\r\n\r\n<hr />\r\n<p>&nbsp;</p>',NULL,'en',NULL,NULL),(102,65,'مسباح الدارسين','<p dir=\"rtl\">من أعواد الدارسين الفواحة يتجلى ب لونه الخشبي كأجمل هدية من الطبيعة تحمله اليد مِسباح منحوت من الدارسين الطبيعي<br />\r\nمعجّن بألوان القرفة الفاتحة والداكنة بعدد 33 خرزة برميلية راهية برائحة القرفة الفوّاحة يتوجه كَركوش قطني فاخر محبوك<br />\r\nومشغول يدوياً مزين ب شِعار هواة الخليج علبة أنيقة مجهزة ب كرت إهداء فاخر لِتقديم المسباح</p>\r\n\r\n<p dir=\"rtl\">&nbsp;</p>\r\n\r\n<hr />\r\n<p>&nbsp;</p>','#مسباح #هدايا_مميزه #دارسين #اخشاب #قرفه #قرفة #انتيكات #أنتيكات #فنيات #انتيكا #آنتيك #أنتيك #هدايا_رجالي #هدايا_رجال #مسابيح #مسباح_قرفة #دارسين_قرفة','ar',NULL,NULL),(103,65,'Cinnamon Rosary','<p>One of the fragrant sticks of scholars, manifested by its wooden color as the most beautiful gift from nature. The hand holds a rosary carved by the students.<br />\r\nDough in light and dark colors of cinnamon with 33 bright barrel beads, with the fragrant smell of cinnamon, topped with luxurious woven cotton karkoush<br />\r\nHandmade and decorated with the Gulf Amateurs logo. An elegant box equipped with a luxurious gift card to present the masbah.</p>\r\n\r\n<p>&nbsp;</p>\r\n\r\n<hr />\r\n<p>&nbsp;</p>',NULL,'en',NULL,NULL),(104,66,'مسباح الدارسين','<p dir=\"rtl\">من لحاء شجر الدارسين الطبيعي تم انتقاؤها و معالجتها و نحتها كأجمل تحفة فواحة في اليد مسباح منحوت من الدارسين الطبيعي<br />\r\nلون بني خشبي داكن معجن بعدد 45 خرزة خِراطة صندوقية كبيرة فواحة برائحة القرفة يتوّج المسباح كركوش قطني فاخر بألوان<br />\r\nالسدو محبوك يدوياً بالزري الذهبي مزين بعملة تراثية 5 فلس كويتي نقدم المسباح في علبة أنيقة مجهزة كرت إهداء فاخر<br />\r\n&nbsp;</p>\r\n\r\n<hr />\r\n<p>&nbsp;</p>','#مسباح #هدايا_مميزه #دارسين #اخشاب #قرفه #قرفة #انتيكات #أنتيكات #فنيات #انتيكا #آنتيك #أنتيك #هدايا_رجالي #هدايا_رجال #مسابيح #مسباح_قرفة #دارسين_قرفة','ar',NULL,NULL),(105,66,'Cinnamon Rosary','<p>From the bark of the natural Darsen tree, it was selected, processed and carved as the most beautiful fragrant masterpiece in the hand, a rosary carved from the natural Darsen tree<br />\r\nDark wooden brown color, kneaded with 45 beads, large box turning, fragrant with the smell of cinnamon.<br />\r\nAl-Sadu is hand-woven with golden zari, decorated with a traditional coin of 5 Kuwaiti fils. We present the misbah in an elegant box equipped with a luxurious gift card<br />\r\n&nbsp;</p>\r\n\r\n<hr />\r\n<p>&nbsp;</p>',NULL,'en',NULL,NULL),(106,68,'tttest','<p>tttesttttesttttesttttesttttesttttesttttesttttest</p>',NULL,'ar',NULL,NULL),(107,68,'tttest','<p>tttesttttesttttesttttesttttest</p>',NULL,'en',NULL,NULL),(108,69,'مسباح القهوة','<p dir=\"rtl\">من أشهر هدايا خَامات الطبيعة فواح برائحة القهوة مِسبَاح من حبات القهوة الطبيعية لونه بني خشبي معرق محروق<br />\r\nبعدد 45 خرزة صندوقية صغيرة فواحة برائحة البن متوَج بِ كَركوش قطني فاخر محبوك يدوياً مزين بِ شعار تفصال إسم<br />\r\nنقدم المِسباح في علبة أنيقة مجهزة ب كرت إهداء فخم<br />\r\n&nbsp;</p>\r\n\r\n<hr />\r\n<p>&nbsp;</p>','#قهوة_عربية #قهوه #قهوة_الصباح #قهوة_المساء #قهوه_بارده #كويتيات #كويت #كومنتات #اكسبلور','ar',NULL,NULL),(109,69,'Coffe Rosary','<p>One of the most famous gifts of nature&rsquo;s raw materials, aromas with the smell of coffee, a rosary made of natural coffee beans, brown, woody, veined, burnt<br />\r\nWith 45 small box beads, fragrant with the smell of coffee, crowned with luxurious hand-knitted cotton karakush, decorated with a name detailing logo.<br />\r\nWe present the misbah in an elegant box equipped with a luxurious gift card<br />\r\n&nbsp;</p>\r\n\r\n<hr />\r\n<p>&nbsp;</p>',NULL,'en',NULL,NULL),(110,70,'مسباح القهوة','<p dir=\"rtl\">تحفة يدوية فواحة من أشهر خَامات الطبيعة مِسبَاح من حبوب القهوة الطبيعية لونه بني خشبي معرق محروق<br />\r\nبعدد 51 خرزة دائرية صغيرة&nbsp; فواحة برائحة القهوة متوَج بِ كَركوش قطني فاخر محبوك يدوياً&nbsp; مزين بِ شعار<br />\r\nتفصال إسم نقدم المِسباح في علبة أنيقة مجهزة ب كرت إهداء فخم<br />\r\n&nbsp;</p>\r\n\r\n<hr />\r\n<p>&nbsp;</p>','#قهوة_عربية #قهوه #قهوة_الصباح #قهوة_المساء #قهوه_بارده #كويتيات #كويت #كومنتات #اكسبلور','ar',NULL,NULL),(111,70,'Coffe Rosary','<p>A fragrant handmade masterpiece from nature&#39;s most famous materials. A rosary made of natural coffee beans, woody brown, veined, and burnt.<br />\r\nWith 51 small circular beads, fragrant with the scent of coffee, crowned with luxurious hand-knitted cotton karakush decorated with a logo<br />\r\nName details We present the misbah in an elegant box equipped with a luxurious gift card<br />\r\n&nbsp;</p>\r\n\r\n<hr />\r\n<p>&nbsp;</p>',NULL,'en',NULL,NULL),(112,71,'مسباح القهوة','<p dir=\"rtl\">هدايا و مقتنيات مسباح من القهوة الطبيعي لون بني محروق معجن ، الخرز متوسط يتدلل ب كركوش قطني بالزري الذهبي<br />\r\nاليدوي مع شعار دولة الكويت نقدم المسباح في علبة أنيقة و كرت إهداء فخم<br />\r\n&nbsp;</p>\r\n\r\n<hr />\r\n<p>&nbsp;</p>','#قهوة_عربية #قهوه #قهوة_الصباح #قهوة_المساء #قهوه_بارده #كويتيات #كويت #كومنتات #اكسبلور','ar',NULL,NULL),(113,71,'Coffe Rosary','<p>Gifts and Collectibles Misbah of natural coffee, burnt brown color, kneaded, medium beads dangle with cotton karkush with golden buttons<br />\r\nHandmade with the logo of the State of Kuwait. We present the misbah in an elegant box and a luxurious gift card<br />\r\n&nbsp;</p>\r\n\r\n<hr />\r\n<p>&nbsp;</p>',NULL,'en',NULL,NULL),(114,72,'مسباح القهوة','<p dir=\"rtl\">مِسبَاح طبيعي منحوت من حبوب القهوة الطبيعية لونه بني خشبي معرق محروق خاص لِلتسبيح بعدد 99 خرزة<br />\r\nذروية صغيرة فواحة برائحة القهوة متوَج بِ كَركوش حريري فاخر من محبوك يدوياً بالزري الذهبي مزين<br />\r\nبِ شعار عملة تراثية 50 فلس كويتي نقدم المِسباح في علبة أنيقة مجهزة ب كرت إهداء فخم<br />\r\n&nbsp;</p>\r\n\r\n<hr />\r\n<p>&nbsp;</p>','#قهوة_عربية #قهوه #قهوة_الصباح #قهوة_المساء #قهوه_بارده #كويتيات #كويت #كومنتات #اكسبلور','ar',NULL,NULL),(115,72,'Coffe Rosary','<p>Natural Rosary beads carved from natural coffee beans, woody brown, veined, burnt, for tasbeeh, with 99 beads<br />\r\nA small climactic fragrant aroma of coffee crowned with a luxurious silk cartouche of ⊰ hand-knitted with golden zari<br />\r\nDecorated with the logo of a traditional currency of 50 Kuwaiti fils, we present the misbah in an elegant box equipped with a luxurious gift card<br />\r\n&nbsp;</p>\r\n\r\n<hr />\r\n<p>&nbsp;</p>',NULL,'en',NULL,NULL),(116,73,'مسباح القهوة','<p dir=\"rtl\">مسباح منحوت من القهوة الطبيعي لون بني خشبي داكن ملطخ، بعدد 39 خرزة دائرية كبيرة فواحة برائحة القهوة<br />\r\nيتوّج المسباح طقم تمليكة فاخر متكامل الأركان بتفصال يدوي قمة في الأناقة<br />\r\nنقدم المسباح في علبة أنيقة مجهزة ب كرت إهداء فاخر<br />\r\n&nbsp;</p>\r\n\r\n<hr />\r\n<p>&nbsp;</p>','#قهوة_عربية #قهوه #قهوة_الصباح #قهوة_المساء #قهوه_بارده #كويتيات #كويت #كومنتات #اكسبلور','ar',NULL,NULL),(117,73,'Coffe Rosary','<p>Rosary carved from natural coffee, stained dark wooden brown, with 39 large round beads, fragrant with the scent of coffee<br />\r\nThe misbah culminates in a luxurious, full-stack armoire with hand-cutting, the ultimate in elegance<br />\r\nWe present the misbah in an elegant box equipped with a luxurious gift card<br />\r\n&nbsp;</p>\r\n\r\n<hr />\r\n<p>&nbsp;</p>',NULL,'en',NULL,NULL),(118,74,'مسباح القهوة','<p dir=\"rtl\">هدية طبيعية مسباح من حبوب القهوة الطبيعية بني خشبي داكن ملطخ، بِعدد 39 خرزة دائرية كبيرة برائحة القهوة الفواحة<br />\r\nيتوجه كركوش حريري فاخر محبوك يدوياً مزين ب شعار مذهب 10فلس كويتي<br />\r\nيقدم بعلبة أنيقة مجهزة ب كرت إهداء فخم<br />\r\n&nbsp;</p>\r\n\r\n<hr />\r\n<p>&nbsp;</p>',NULL,'ar',NULL,NULL),(119,74,'Coffe Rosary','<p>Natural Gift Misbah Natural Coffee Beans Dark Woody Brown Stained 39 Large Round Beads Fragrant Coffee Scent<br />\r\nIt is crowned with a luxurious hand-knitted silk kirkush decorated with a gilded logo of 10 Kuwaiti fils<br />\r\nPresented in an elegant box equipped with a luxurious gift card<br />\r\n&nbsp;</p>\r\n\r\n<hr />\r\n<p>&nbsp;</p>',NULL,'en',NULL,NULL),(120,75,'مسباح القهوة','<p dir=\"rtl\">مسباح منحوت من القهوة الطبيعي لون بني خشبي داكن معجن، بعدد 39 خرزة دائرية كبيرة فواحة برائحة القهوة<br />\r\nيتوّجه طقم فواصل مع كركوش فاخر من الستانلس ستيل ؛ المقاوم للصدأ مع شعار تِفصال إسم<br />\r\nنقدم المسباح في علبة أنيقة مجهزة ب كرت إهداء فخم<br />\r\n&nbsp;</p>\r\n\r\n<hr />\r\n<p>&nbsp;</p>','#قهوة_عربية #قهوه #قهوة_الصباح #قهوة_المساء #قهوه_بارده #كويتيات #كويت #كومنتات #اكسبلور','ar',NULL,NULL),(121,75,'Coffe Rosary','<p>Rosary carved from natural coffee, dark wooden brown color, kneaded, with 39 large round beads, fragrant with the smell of coffee<br />\r\nA set of separators is crowned with a luxurious stainless steel Karkoush; Stainless steel with name detailing logo<br />\r\nWe present the misbah in an elegant box equipped with a luxurious gift card<br />\r\n&nbsp;</p>\r\n\r\n<hr />\r\n<p>&nbsp;</p>',NULL,'en',NULL,NULL),(122,76,'مسباح القهوة','<p dir=\"rtl\">من الخشبيات الطبيعية الفواحة في اليد مميز في اللون والتِفصال مسباح من حبات القهوة الطبيعية اللون بني محروق معجن<br />\r\nالخرز صندوقي متوسط يتوجه كَركوش قطني فاخر بالزري الذهبي اليدوي مع شعار دولة الكويت<br />\r\nيقدم علبة أنيقة بِ كرت إهداء فخم<br />\r\n&nbsp;</p>\r\n\r\n<hr />\r\n<p>&nbsp;</p>','#قهوة_عربية #قهوه #قهوة_الصباح #قهوة_المساء #قهوه_بارده #كويتيات #كويت #كومنتات #اكسبلور','ar',NULL,NULL),(123,76,'Coffe Rosary','<p>Made of fragrant natural wood in the hand, distinguished in color and detailing, a rosary made of natural coffee beans, the color is burnt brown and kneaded<br />\r\nMedium box beads crowned with luxurious cotton karakush with handmade golden buttons with the emblem of the State of Kuwait<br />\r\nPresented in an elegant box with a luxurious gift card<br />\r\n&nbsp;</p>\r\n\r\n<hr />\r\n<p>&nbsp;</p>',NULL,'en',NULL,NULL),(124,77,'مسباح القهوة','<p dir=\"rtl\">هدية طبيعية مسباح من حبوب القهوة بني خشبي داكن ملطخ، بِعدد 39 خرزة طوالية متوسطة برائحة القهوة الفواحة<br />\r\nيتوجه كركوش قطني فاخر محبوك يدوياً مزين ب شعار مذهب - إسم حفر على الوجهين<br />\r\nيقدم بعلبة أنيقة مجهزة ب كرت إهداء فخم<br />\r\n&nbsp;</p>\r\n\r\n<hr />\r\n<p>&nbsp;</p>','#قهوة_عربية #قهوه #قهوة_الصباح #قهوة_المساء #قهوه_بارده #كويتيات #كويت #كومنتات #اكسبلور','ar',NULL,NULL),(125,77,'Coffe Rosary','<p>Natural Gift Misbah Coffee Beans Dark Wooden Brown Stained, 39 Medium Long Beads, Fragrant Coffee Scent<br />\r\nA luxurious hand-knitted cotton kirkush is crowned with a gilded logo - a name engraved on both sides<br />\r\nPresented in an elegant box equipped with a luxurious gift card<br />\r\n&nbsp;</p>\r\n\r\n<hr />\r\n<p>&nbsp;</p>',NULL,'en',NULL,NULL),(126,78,'مسباح القهوة','<p dir=\"rtl\">مسباح طبيعي منحوت من حبات القهوة الطبيعية لونه خشبي معجن ومعتق، بِعدد 66 خرزة ذروية متوسطة فواحة<br />\r\nبرائحة القهوة يتوّجه كركوش قطني نجفي فاخر، محبوك يدوياً مزين ب شِعار تفصال رمز هواة الخليج<br />\r\nيقدم في علبة أنيقة مجهزة ب كرت إهداء فخم<br />\r\n&nbsp;</p>\r\n\r\n<hr />\r\n<p>&nbsp;</p>','#قهوة_عربية #قهوه #قهوة_الصباح #قهوة_المساء #قهوه_بارده','ar',NULL,NULL),(127,78,'Coffe Rosary','<p>A natural rosary carved from natural coffee beans, of a kneaded and aged wooden color, with 66 fragrant medium peak beads.<br />\r\nWith the aroma of coffee, a luxurious Najafi cotton kirkush, hand-knitted, decorated with the Tessal logo, a symbol of Gulf amateurs<br />\r\nPresented in an elegant box equipped with a luxurious gift card<br />\r\n&nbsp;</p>\r\n\r\n<hr />\r\n<p>&nbsp;</p>',NULL,'en',NULL,NULL),(128,79,'كهرمان بولندي','<p dir=\"rtl\">تحفة طبيعية في اليد مسباح من الكَهرمان البولندي ب لون أصفر ذهبي مغيم ، بِعدد 33 خرزة بيضاوية كبيرة<br />\r\nفواحة بالعنبر يتألق ب فواصل من الفضة التركية مع كَركوش حريري فاخر بالزري الذهبي اليدوي<br />\r\nنقدمه في علبة خشبية فاخرة خاصة للحفظ و الإهداء<br />\r\n&nbsp;</p>\r\n\r\n<hr />\r\n<p>&nbsp;</p>','#كهرب #بولندي #كهرمان #كهرمان_بولندي #عنبر #مسباح_كهرب #مسباح_نادر #هديا_مميزه','ar',NULL,NULL),(129,79,'Polish Amber','<p>A natural masterpiece in hand, a Polish amber rosary in a cloudy golden yellow color, with 33 large oval beads.<br />\r\nAn amber scent that sparkles with Turkish silver commas, with luxurious silk cartouches in golden handmade buttons<br />\r\nWe present it in a special luxurious wooden box for safekeeping and gifting<br />\r\n&nbsp;</p>\r\n\r\n<hr />\r\n<p>&nbsp;</p>',NULL,'en',NULL,NULL),(130,80,'كهرمان بولندي','<p dir=\"rtl\">نادر و بقيمة الذهَب بِ جَمال طبيعي يلقب ب ذهَب الرجال مِسبَاح من الكَهرمان البولندي لونه أصفر ملطخ كريمي<br />\r\nبعدد 67 خرزة دائرية متوسطة فوّاحة بالعنبر يتألق ب فواصل مع كركوش فاخر من طربزون الفضة التركية<br />\r\nالمشغولة يدوياً نقدم المِسباح في علبة خشبية فاخرة للحفظ و الإهداء<br />\r\n&nbsp;</p>\r\n\r\n<hr />\r\n<p>&nbsp;</p>','#كهرب #بولندي #كهرمان #كهرمان_بولندي #عنبر #مسباح_كهرب #مسباح_نادر #هديا_مميزه','ar',NULL,NULL),(131,80,'Polish Amber','<p>Rare and valuable gold, with natural beauty, it is called the gold of men, a rosary of Polish amber, its color is yellow, stained with cream<br />\r\nWith 67 medium round beads, fragrant with amber, sparkling with commas, with luxurious Karkoush from Turkish silver trabzon<br />\r\nHandcrafted, we present the misbah in a luxurious wooden box for safekeeping and gifting<br />\r\n&nbsp;</p>\r\n\r\n<hr />\r\n<p>&nbsp;</p>',NULL,'en',NULL,NULL),(132,81,'كهرمان بولندي','<p dir=\"rtl\">نادر كالألماس و متفرد بالجَمال الطبيعي يلقب ب ذهَب البلطيق مِسبَاح من الكَهرمان البولندي لونه أصفر معرق<br />\r\nبعدد 65 خرزة صندوقية متوسطة فوّاحة بالعنبر يتألق ب كركوش فاخر من طربزون الفضة التركية<br />\r\nالمشغولة يدوياً نقدم المِسباح علبة خشبية فاخرة مع كرت إهداء فخم<br />\r\n&nbsp;</p>\r\n\r\n<hr />\r\n<p>&nbsp;</p>','#كهرب #بولندي #كهرمان #كهرمان_بولندي #عنبر #مسباح_كهرب #مسباح_نادر #هديا_مميزه','ar',NULL,NULL),(133,81,'Polish Amber','<p>Rare as diamonds and unique in natural beauty, it is called Baltic gold. Polish amber rosary, veined yellow in color<br />\r\nWith 65 medium-sized, fragrant amber beads, sparkling with luxurious Karkoush from Turkish silver trabzon<br />\r\nHandcrafted, we present the misbah in a luxurious wooden box with a luxurious gift card<br />\r\n&nbsp;</p>\r\n\r\n<hr />\r\n<p>&nbsp;</p>',NULL,'en',NULL,NULL),(134,82,'كهرمان بولندي','<p dir=\"rtl\">من ذهب الرجال معرق و مغيم طبيعي مِسبَاح من الكَهرمان البولندي لونه أصفر مغيم معرق بعدد 51 خرزة<br />\r\nدائرية متوسطة فوّاحة بالعنبر يتألق ب فواصل محبوكة من الفضة مع كركوش حريري فاخر<br />\r\nبالزري الذهبي اليدوي نقدم المِسباح في علبة خشبية فاخرة للحفظ و الإهداء<br />\r\n&nbsp;</p>\r\n\r\n<hr />\r\n<p>&nbsp;</p>','#كهرب #بولندي #كهرمان #كهرمان_بولندي #عنبر #مسباح_كهرب #مسباح_نادر #هديا_مميزه','ar',NULL,NULL),(135,82,'Polish Amber','<p>Men&#39;s gold, naturally streaked and cloudy, a rosary of Polish amber, yellow, cloudy, veined, with 51 beads<br />\r\nMedium round, fragrant with amber, sparkling with woven silver dividers, with luxurious silk Karkosh<br />\r\nWith the golden handmade buttons, we present the misbah in a luxurious wooden box for safekeeping and gifting<br />\r\n&nbsp;</p>\r\n\r\n<hr />\r\n<p>&nbsp;</p>',NULL,'en',NULL,NULL),(136,83,'كهرمان بولندي','<p dir=\"rtl\">ذهَب البلطيق كان ولا يزال يعد كنزاً لندرته و قيمته العالية مِسبَاح من الكَهرمان البولندي لونه أصفر ملطخ كريمي<br />\r\nبعدد 39 خرزة صندوقية صغيرة فوّاحة بالعنبر يتألق ب فواصل مع كركوش فاخر من طربزون الفضة التركية<br />\r\nالمشغولة يدوياً نقدم المِسباح في علبة خشبية فاخرة و كرت إهداء فخم<br />\r\n&nbsp;</p>\r\n\r\n<hr />\r\n<p>&nbsp;</p>','#كهرب #بولندي #كهرمان #كهرمان_بولندي #عنبر #مسباح_كهرب #مسباح_نادر #هديا_مميزه','ar',NULL,NULL),(137,83,'Polish Amber','<p>Baltic gold was, and still is, a treasure for its rarity and high value. Polish amber beads, yellow with cream stains.<br />\r\nWith 39 small box beads, fragrant with amber, sparkling with commas, with luxurious Karkoush from Turkish silver trabzon<br />\r\nHandcrafted, we present the misbah in a luxurious wooden box and a luxurious gift card<br />\r\n&nbsp;</p>\r\n\r\n<hr />\r\n<p>&nbsp;</p>',NULL,'en',NULL,NULL),(138,85,'كهرمان بولندي','<p dir=\"rtl\">يعتبر الكهرمان الطبيعي علاج طبيعي يدعم و ينشط طاقة الجسد مسباح من الكَهرمان البولندي ب لون أصفر شمعي معرق<br />\r\nبِعدد 55 خرزة صندوقية متوسطة فواحة بالعنبر يتألق ب طقم فواصل مذهبة و كركوش فاخر من طربزون الفضة التركية<br />\r\nالمشغولة يدوياً نقدمه في علبة خشبية فاخرة خاصة للحفظ و الإهداء<br />\r\n&nbsp;</p>\r\n\r\n<hr />\r\n<p>&nbsp;</p>','#عنبر #كهرمان_بلطيقي #كهرب_حرب #مجوهرات #أحجار_كريمة #أحجار #حجر_طبيعي #مسباح','ar',NULL,NULL),(139,85,'Polish Amber','<p>Natural amber is considered a natural remedy that supports and activates the energy of the body<br />\r\nWith 55 medium box beads, fragrant with amber, it shines with a set of golden separators and luxurious Karkoush from Turkish silver trabzon<br />\r\nHandcrafted, we offer it in a special luxurious wooden box for safekeeping and gifting<br />\r\n&nbsp;</p>\r\n\r\n<hr />\r\n<p>&nbsp;</p>',NULL,'en',NULL,NULL),(140,86,'كهرمان بولندي','<p dir=\"rtl\">طقم رجالي قطع مسباح + خاتم المسباح من الكهرمان البولندي لون ذهبي شمعي معرق بعدد 53 خرزة ذروية متوسطة<br />\r\nمتوج ب كركوش فاخر من طربزون الفضة التركية الخاتم فضة إيطالي عيار 925 صياغة تركية مقاس 9 us<br />\r\nبوزن 17 غرام ؛ مزين بحجر الكهرمانيقدم ب علبة خشبية فاخرة خاصة للحفظ و الإهداء<br />\r\n&nbsp;</p>\r\n\r\n<hr />\r\n<p>&nbsp;</p>','#مسباح #مسابيح #كهرب #كهرمان #طقم #انتيك #انتيكا #خاتم #خواتم #مقتنيات #مجوهرات','ar',NULL,NULL),(141,86,'Polish Amber','<p>Men&#39;s set of rosary pieces + rosary ring of polished amber, golden, veined, with 53 medium peaked beads<br />\r\nCrowned with luxurious Karkosh from Trabzon Turkish silver, the ring is Italian silver caliber 925, Turkish formulation, size 9 us<br />\r\nwith a weight of 17 g; Decorated with amber stone. Presented in a luxurious wooden box for safekeeping and gifting<br />\r\n&nbsp;</p>\r\n\r\n<hr />\r\n<p>&nbsp;</p>',NULL,'en',NULL,NULL),(142,87,'كهرمان بولندي','<p dir=\"rtl\">من أقدم و أثمن خَامة عضوية متحجرة بِعمر ملايين السنين مِسبَاح من الكَهرمان البولندي لونه أصفر معرق<br />\r\nبعدد 57 خرزة ذروية متوسطة فوّاحة بالعنبر يتألق ب فواصل مع كركوش فاخر من طربزون الفضة<br />\r\nالتركية المشغولة يدوياًنقدم المِسباح في علبة خشبية فاخرة للحفظ و الإهداء<br />\r\n&nbsp;</p>\r\n\r\n<hr />\r\n<p>&nbsp;</p>','#عنبر #كهرمان_بلطيقي #كهرب_حرب #مجوهرات #أحجار_كريمة #أحجار #حجر_طبيعي #بكسات_تخرج #بكسات_خاصة','ar',NULL,NULL),(143,87,'Polish Amber','<p>One of the oldest and most valuable fossilized organic ores, millions of years old, is a Polish amber rosary of yellow veined color.<br />\r\nWith 57 climactic beads, medium fragrant with amber, sparkling with commas, with luxurious karkoush from silver trabzon<br />\r\nHandmade Turkish We offer the misbah in a luxurious wooden box for safekeeping and gifting<br />\r\n&nbsp;</p>\r\n\r\n<hr />\r\n<p>&nbsp;</p>',NULL,'en',NULL,NULL),(144,88,'كهرمان بولندي','<p dir=\"rtl\">الفخر و الوجاهة و الجَمال الطبيعي يتجسد في ذهَب البلطيقمِسبَاح من الكَهرمان البولندي لونه أصفر شمعي معرق<br />\r\nبعدد 45 خرزة برميلية متوسطة فوّاحة بالعنبر يتألق ب كركوش فاخر من طربزون الفضة التركية المشغولة يدوياً<br />\r\nنقدم المِسباح في علبة خشبية فاخرة للحفظ و الإهداء<br />\r\n&nbsp;</p>\r\n\r\n<hr />\r\n<p>&nbsp;</p>','#كهرب #كهرمان #عنبر #حجر_كهرب #حجر_كريم #احجار_كريمة #amperstore #amper #','ar',NULL,NULL),(145,88,'Polish Amber','<p>Pride, prestige, and natural beauty embodied in Baltic gold. A yellow, waxy, veined Polish amber rosary<br />\r\nWith 45 medium-sized amber-barrel beads, it shines with a luxurious Karkoush made of handcrafted Turkish silver trabzon.<br />\r\nWe present the misbah in a luxurious wooden box for safekeeping and gifting<br />\r\n&nbsp;</p>\r\n\r\n<hr />\r\n<p>&nbsp;</p>',NULL,'en',NULL,NULL),(146,89,'كهرمان بولندي','<p dir=\"rtl\">طقم رجالي قطع مسباح + خاتم المسباح من الكهرمان البولندي لون ذهبي مغيم معرق بعدد 65 خرزة ذروية متوسطة<br />\r\nمتوج ب كركوش فاخر من الفضة الإيطالية عيار 925 الخاتم فضة إيطالي عيار 925 صياغة تركية مقاس 11 us<br />\r\nبوزن 17 غرام مزين بحجر الكهرمان يقدم ب علبة خشبية فاخرة خاصة للحفظ و الإهداء<br />\r\n&nbsp;</p>\r\n\r\n<hr />\r\n<p>&nbsp;</p>','#مسباح #مسابيح #كهرب #كهرمان #طقم #انتيك #انتيكا #خاتم #خواتم #مقتنيات #مجوهرات','ar',NULL,NULL),(147,89,'Polish Amber','<p>Men&#39;s set of rosary pieces + rosary ring of Polish amber, cloudy gold, veined, with 65 medium peaked beads<br />\r\nCrowned with luxurious karkosh of Italian silver caliber 925, the ring is Italian silver caliber 925, Turkish formulation, size 11 us<br />\r\nWeighing 17 grams, decorated with amber stone, presented in a luxurious wooden box for safekeeping and gifting<br />\r\n&nbsp;</p>\r\n\r\n<hr />\r\n<p>&nbsp;</p>',NULL,'en',NULL,NULL),(148,91,'مسباح عاج الفيل','<p dir=\"rtl\">تحفة لِلأشخاص العاشقين ل التفرد في الحضور و الأناقة في التفاصيل مِسباح مِن عاج الفيل لونه أبيض عاجي صاك<br />\r\nبِعدد 35 خرزة صندوقية متوسطة مجهَز بِ فواصل مع طقم تمليكة فاخر ، خِراطة و تِفصال يدوي قمة في الأناقة<br />\r\nالتقديم في : علبة خشبية فاخرة خاصة للحفظ و الإهداء<br />\r\n&nbsp;</p>\r\n\r\n<hr />\r\n<p>&nbsp;</p>','#عاج_الفيل #عاج_فیل #عاج_طبيعي #عاجيات #مجوهرات #احجار_كريمة #مسباح_عاج #عاج_ناب','ar',NULL,NULL),(149,91,'Elephant ivory','<p>A masterpiece for people who love exclusivity in presence and elegance in the details. Elephant ivory prayer beads, ivory white in color.<br />\r\nWith 35 medium box beads, it is equipped with separators, with a luxurious tidying kit, lathing and hand-cutting, the ultimate in elegance.<br />\r\nPresentation in: a special luxury wooden box for safekeeping and gifting<br />\r\n&nbsp;</p>\r\n\r\n<hr />\r\n<p>&nbsp;</p>',NULL,'en',NULL,NULL),(150,92,'مسباح عاج الفيل','<p dir=\"rtl\">يمتلك عاج الفيل صفات نادرة تجعله الأمثل في النَحت مِسباح مِن عاج الفيل أبيض عاجي صاك ، بِعدد 33 خرزة متوسطة<br />\r\nخِراطة صندوقية مخوصرة مجهَز بِ طقم تمليكة فاخر متكامل ب خِراطة و تِفصال تجسد روعة الفن اليدوي<br />\r\nيقدم المسباح في: علبة خشبية فاخرة للحفظ و الإهداء<br />\r\n&nbsp;</p>\r\n\r\n<hr />\r\n<p>&nbsp;</p>','#عاج_الفيل #عاج_فیل #عاج_ناب_الفيل #عاج #عاج_طبيعي #عاج_ابيض_طبيعي','ar',NULL,NULL),(151,92,'Elephant ivory','<p>Elephant ivory has rare qualities that make it ideal for carving. Elephant ivory rosary is white, ivory, with 33 medium beads.<br />\r\nWaisted box lathing equipped with a luxurious complete set of lathing and detailing that embodies the splendor of manual art<br />\r\nThe misbah is presented in: a luxurious wooden box for preservation and gifting<br />\r\n&nbsp;</p>\r\n\r\n<hr />\r\n<p>&nbsp;</p>',NULL,'en',NULL,NULL),(152,95,'مسباح عاج الفيل','<p dir=\"rtl\">ل عاج الفيل ملمس طبيعي خاص فاخر لا يعرفه إلا حامله مِسباح مِن عاج الفيل لونه أبيض عاجي صاك<br />\r\nبِعدد 33 خرزة ذروية متوسطة تشبه بيض الحمام مجهَز بِ فواصل مع طقم تمليكة فاخر ، خِراطة و تِفصال يدوي قمة في الأناقة<br />\r\nالتقديم في علبة خشبية فاخرة و كرت إهداء فخم<br />\r\n&nbsp;</p>\r\n\r\n<hr />\r\n<p>&nbsp;</p>','#عاج_الفيل #عاج_فیل #عاج_طبيعي #عاجيات #مجوهرات #ذهب #احجار #احجار_كريمة','ar',NULL,NULL),(153,95,'Elephant ivory','<p>Elephant ivory has a natural, special, luxurious feel that only the bearer of a rosary made of elephant ivory, its color is white, ivory, smooth.<br />\r\nWith 33 medium peaked beads resembling pigeon eggs, it is equipped with separators, with a luxurious ownership set, turning and manual separation, the ultimate in elegance.<br />\r\nPresented in a luxurious wooden box and a luxurious gift card<br />\r\n&nbsp;</p>\r\n\r\n<hr />\r\n<p>&nbsp;</p>',NULL,'en',NULL,NULL),(154,96,'مسباح عاج الفيل','<p dir=\"rtl\">مقتنيات و هدايا العاج الطبيعي تجسد روعة النقش اليدوي مِسباح مِن عاج الفيل لونه أبيض عاجي صاك<br />\r\nبِعدد 33 خرزة بيضاوية متوسطة تشبه بيض الحمام مجهَز بِ فواصل مع طقم تمليكة فاخر<br />\r\nخِراطة و تِفصال يدوي قمة في الأناقة التقديم في علبة خشبية فاخرة للحفظ و الإهداء<br />\r\n&nbsp;</p>\r\n\r\n<hr />\r\n<p>&nbsp;</p>','#عاجيات #مجوهرات #ذهب #احجار #احجار_كريمة #أحجار_كريمه #عاج_ناب #عاج_الفيل #عاج_فیل #عاج_طبيعي','ar',NULL,NULL),(155,96,'Elephant ivory','<p>Collectibles and gifts of natural ivory embody the splendor of hand engraving. Elephant ivory rosary, white, ivory, cast<br />\r\nWith 33 medium oval beads, similar to pigeon eggs, equipped with separators, with a luxurious set of possessions<br />\r\nTurning and manual cutting, top of elegance. Presented in a luxurious wooden box for safekeeping and gifting</p>\r\n\r\n<hr />\r\n<p><br />\r\n&nbsp;</p>',NULL,'en',NULL,NULL),(156,97,'مسباح عاج الفيل','<p dir=\"rtl\">أنتيك يدوي يتناغم فيها التطعيم بالفضة و الفيروز و المرجان مسباح من عاج الفيل بِعدد 33 خرزة دائرية كبيرة منقوشة<br />\r\nومطعمة بالفضة والفيروز والمرجان يتوّجه طقم تمليكة متكامل مزخرف و منقوش بِتفصال يدوي فخم<br />\r\nالتقديم في علبة خشبية فاخرة و كرت إهداء فخم<br />\r\n&nbsp;</p>\r\n\r\n<hr />\r\n<p>&nbsp;</p>','#عاج #عاجيات #عاج_طبيعي #مرجان #فضه #فضيات #مرجان #لازورد #تمليكه','ar',NULL,NULL),(157,97,'Elephant ivory','<p>Handmade antique in which silver, turquoise and coral inlays harmonize. Elephant ivory rosary with 33 large engraved circular beads<br />\r\nAnd inlaid with silver, turquoise, and coral, it crowns an integrated ownership set decorated and engraved with luxurious hand-cutting.<br />\r\nPresented in a luxurious wooden box and a luxurious gift card<br />\r\n&nbsp;</p>\r\n\r\n<hr />\r\n<p>&nbsp;</p>',NULL,'en',NULL,NULL),(158,98,'مسباح عاج الفيل','<p dir=\"rtl\">تحفة فنية يدوية يتناغم فيها التطعيم بالفضة و الفيروز والمرجان مسباح من عاج ناب الفيل بِعدد 33 خرزة بيضاوية<br />\r\nمتوسطة منقوشة و مطعمة بالفضة و الفيروز و المرجان يتوّجه طقم تمليكة متكامل مزخرف و منقوش بِتفصال يدوي فخم<br />\r\nالتقديم في علبة خشبية فاخرة و كرت إهداء فخم<br />\r\n&nbsp;</p>\r\n\r\n<hr />\r\n<p>&nbsp;</p>','#عاج #عاجيات #عاج_طبيعي #مرجان #فضه #فضيات #مرجان #لازورد #تمليكه','ar',NULL,NULL),(159,98,'Elephant ivory','<p>A handcrafted masterpiece in which silver, turquoise and coral inlays harmonize. A rosary made of ivory from an elephant tusk with 33 oval beads.<br />\r\nMedium engraved and inlaid with silver, turquoise, and coral, crowning an integrated titling set decorated and engraved with luxurious hand cut-outs.<br />\r\nPresented in a luxurious wooden box and a luxurious gift card<br />\r\n&nbsp;</p>\r\n\r\n<hr />\r\n<p>&nbsp;</p>',NULL,'en',NULL,NULL),(160,99,'مسباح عاج الفيل','<p dir=\"rtl\">هدايا أيقونية من التحف اليدوية&nbsp; المطعمة بالفضة و الفيروز مسباح من عاج ناب الفيل بِعدد 33 خرزة بيضاوية<br />\r\nمتوسطة منقوشة و مطعمة بالفضة و الفيروز يتوّجه طقم تمليكة متكامل مزخرف و منقوش بِتفصال يدوي فخم<br />\r\nالتقديم: في علبة خشبية فاخرة و كرت إهداء فخم<br />\r\n&nbsp;</p>\r\n\r\n<hr />\r\n<p>&nbsp;</p>','#فيروز #فيروزيات #فيروز_ناشابوري #فيروزتي #عاج #عاجيات #فضه #فضيات #تملكيه #مسباح #مسباح_عاج','ar',NULL,NULL),(161,99,'Elephant ivory','<p>Iconic gifts of handicrafts inlaid with silver and turquoise, a rosary of ivory, an elephant tusk, with 33 oval beads<br />\r\nMedium, engraved and inlaid with silver and turquoise, crowning an integrated titling set decorated and engraved with luxurious hand-cutting.<br />\r\nPresentation: In a luxurious wooden box and a luxurious gift card<br />\r\n&nbsp;</p>\r\n\r\n<hr />\r\n<p>&nbsp;</p>',NULL,'en',NULL,NULL),(162,101,'مسباح عاج الفيل','<p dir=\"rtl\">هدايا أيقونية تحف يدوية طبيعية مطعمة بالفضة والفيروز مسباح من عاج ناب الفيل بِعدد 33 خرزة دائرية كبيرة منقوشة<br />\r\nو مطعمة بالفضة و الفيروز يتوّجه طقم تمليكة متكامل مزخرف و منقوش بِتفصال يدوي فخم<br />\r\nالتقديم في علبة خشبية فاخرة للحفظ و الإهداء<br />\r\n&nbsp;</p>\r\n\r\n<hr />\r\n<p>&nbsp;</p>','#فيروز #فيروزيات #فيروز_ناشابوري #فيروزتي #عاج #عاجيات #فضه #فضيات #تملكيه #هاشتاق #اكسبلور','ar',NULL,NULL),(163,101,'Elephant ivory','<p>Iconic gifts, natural handicrafts, inlaid with silver and turquoise, a rosary of ivory, an elephant tusk, with 33 large circular beads, engraved<br />\r\nAnd inlaid with silver and turquoise, it crowns an integrated ownership set decorated and engraved with luxurious hand-cutting.<br />\r\nPresentation in a luxurious wooden box for safekeeping and gifting<br />\r\n&nbsp;</p>\r\n\r\n<hr />\r\n<p>&nbsp;</p>',NULL,'en',NULL,NULL),(164,102,'مسباح عاج الفيل','<p dir=\"rtl\">نوادر العاجيات منقوش يدوياً كالأنتيك بالفضة و الكهرمان مسباح من عاج الفيل بِعدد 33 خرزة طوالية صغيرة منقوشة<br />\r\nو مطعمة بالفضة و الكهرمان يتوّجه طقم تمليكة متكامل مزخرف و منقوش تِفصال يدوي فخم<br />\r\nالتقديم في علبة خشبية فاخرة و كرت إهداء فخم<br />\r\n&nbsp;</p>\r\n\r\n<hr />\r\n<p>&nbsp;</p>','#عاجيات #عاج_ناب_الفيل #مسباح #مسابيح #هدايا #نوادر #مسباح_عاج #انتيكات #مقتنيات #كهرمان','ar',NULL,NULL),(165,102,'Elephant ivory','<p>Rare ivories hand-engraved like antiques with silver and amber, a rosary of elephant ivory with 33 small longitudinal beads engraved<br />\r\nAnd inlaid with silver and amber, it crowns an integrated royalty set decorated and engraved with luxurious hand detailing.<br />\r\nPresented in a luxurious wooden box and a luxurious gift card<br />\r\n&nbsp;</p>\r\n\r\n<hr />\r\n<p>&nbsp;</p>',NULL,'en',NULL,NULL),(166,103,'مسباح عاج الفيل','<p dir=\"rtl\">نوادر العاجيات منقوش يدوياً كالأنتيك ب الجواهر الكريمةمسباح من عاج الفيل بِعدد 33 خرزة بيضاوية متوسطة<br />\r\nمنقوشة و مطعمة بالفضة و اللازورد يتوّجه طقم تمليكة متكامل مزخرف و منقوش تِفصال يدوي فخم<br />\r\nالتقديم في علبة خشبية فاخرة&nbsp; و كرت إهداء فخم<br />\r\n&nbsp;</p>\r\n\r\n<hr />\r\n<p>&nbsp;</p>','#عاج #مرجان #فضه #عروضات #لازورد #هدايا_تخرج #احجار_كريمة #قطر #براند #عاج_فیل','ar',NULL,NULL),(167,103,'Elephant ivory','<p>Rare ivories, hand-engraved like antiques with precious gems, a rosary of elephant ivory, with 33 medium oval beads.<br />\r\nEngraved and inlaid with silver and lapis lazuli crowning an integrated, ornate and engraved titling set, luxurious hand detailing<br />\r\nPresented in a luxurious wooden box and a luxurious gift card<br />\r\n&nbsp;</p>\r\n\r\n<hr />\r\n<p>&nbsp;</p>',NULL,'en',NULL,NULL),(168,104,'مسباح اليسر','<p dir=\"rtl\">من كنوز البحر الأحمر أفخم الهدايا و المقتنيات الطبيعية مسباح من اليُسر المرجان الأسود لون أسود مرجاني<br />\r\nبعدد 33 خرزة دائرية كبيرة مطعَمة بالفضة يتوجه طقم تمليكة فاخر متكامل و بِتفصال يدوي أنيق في اليد<br />\r\nعلبة خشبية فاخرة خاصة ل حفظ و إهداء المسباح<br />\r\n&nbsp;</p>\r\n\r\n<hr />\r\n<p>&nbsp;</p>','#مسباح #مرجان #يسر_نجفي #هدايا #هدايا_تخرج #يسر #هدايا_زواج #هدايا_ذوق','ar',NULL,NULL),(169,104,'Yosur Rosary','<p>One of the treasures of the Red Sea, the most luxurious gifts and natural collectibles. A rosary made of Yusr, black coral, coral black<br />\r\nWith 33 large circular beads inlaid with silver, it crowns a luxurious, complete and elegant hand-separation kit.<br />\r\nLuxurious wooden box, especially for preserving and gifting the misbah<br />\r\n&nbsp;</p>\r\n\r\n<hr />\r\n<p>&nbsp;</p>',NULL,'en',NULL,NULL),(170,105,'مسباح اليسر','<p dir=\"rtl\">حجر كريم طبيعي يستخرج من الشِعب المرجانية العميقة في البحر الأحمر مسباح من اليسر المرجان الأسود لونه أسود<br />\r\nخشبي بِعدد 33 خرزة دائرية كبيرة مطعمة ومنقوشة يدوياً بالفضة يتوّجه طقم تمليكة فاخر متكامل منقوش بتفصال يدوي<br />\r\nيقدم في علبة خشبية فاخرة خاصة للحفظ و الإهداء<br />\r\n&nbsp;</p>\r\n\r\n<hr />\r\n<p>&nbsp;</p>','#مسباح #مرجان #يسر_نجفي #هدايا #هدايا_تخرج #يسر #هدايا_زواج #هدايا_ذوق','ar',NULL,NULL),(171,105,'Yosur Rosary','<p>A natural gemstone extracted from the deep coral reefs of the Red Sea, a rosary of black coral is black in color<br />\r\nWooden with 33 large circular beads, inlaid and hand-engraved with silver.<br />\r\nPresented in a luxurious wooden box for safekeeping and gifting<br />\r\n&nbsp;</p>\r\n\r\n<hr />\r\n<p>&nbsp;</p>',NULL,'en',NULL,NULL),(172,106,'مسباح اليسر','<p dir=\"rtl\">تحفة ابداعية تجسد النقش اليدوي و التطعيم بمهارة لا مثيل لها مسباح من اليسر المرجان الأسود بِعدد 33 خرزة بيضاوية<br />\r\nمتوسطة منقوشة و مطعمة بالفضة و الفيروز يتوّجه طقم تمليكة متكامل مزخرف ومنقوش بِتفصال يدوي فخم<br />\r\nالتقديم في علبة خشبية فاخرة و كرت إهداء فخم<br />\r\n&nbsp;</p>\r\n\r\n<hr />\r\n<p>&nbsp;</p>','#يسر #يسر_نجفي #يسر_مطعم #مرجان #فضه #فيروز #مسباح #مسباح#يسر','ar',NULL,NULL),(173,106,'Yosur Rosary','<p>A creative masterpiece that embodies hand engraving and inlaying with unparalleled skill, a black coral rosary rosary with 33 oval beads.<br />\r\nMedium, engraved and inlaid with silver and turquoise, crowning an integrated tiling set decorated and engraved with luxurious hand-separation<br />\r\nPresented in a luxurious wooden box and a luxurious gift card<br />\r\n&nbsp;</p>\r\n\r\n<hr />\r\n<p>&nbsp;</p>',NULL,'en',NULL,NULL),(174,107,'مسباح اليسر','<p dir=\"rtl\">يستخرج من أعمق الشِعب المرجانية من روائع الأحجار الكريمة مسباح من اليسر المرجان الأسود لون مرجاني أسود<br />\r\nبِعدد 33 بيضاوية متوسطة مطعمة و منقوشة بالفضة يتوّجه طقم تمليكة فاخر متكامل الأركان بتفصال يدوي يمنحه كل الفخامة في اليد<br />\r\nيقدم في علبة خشبية فاخرة و كرت إهداء فخم<br />\r\n&nbsp;</p>\r\n\r\n<hr />\r\n<p>&nbsp;</p>','#مرجان #مرجان_اسود #توصيل #فناتك_بوتيك #فضي #الاسود_يليق_بك','ar',NULL,NULL),(175,107,'Yosur Rosary','<p>It is extracted from the deepest coral reefs, one of the masterpieces of precious stones, a black coral rosary, black coral color<br />\r\nWith 33 medium ovals inlaid and engraved with silver, it crowns a luxurious full-stack tiling set with manual detailing that gives it all the luxury in the hand.<br />\r\nPresented in a luxurious wooden box and a luxurious gift card<br />\r\n&nbsp;</p>\r\n\r\n<hr />\r\n<p>&nbsp;</p>',NULL,'en',NULL,NULL),(176,108,'مسباح اليسر','<p dir=\"rtl\">تحفة فنية آسرة يتناغم فيها التطعيم بالفضة و الفيروز و المرجان مسباح من اليسر المرجان الأسود بِعدد 33 خرزة بيضاوية<br />\r\nمتوسطة منقوشة و مطعمة بالفضة و الفيروز والمرجان يتوّجه طقم تمليكة متكامل مزخرف و منقوش بِتفصال يدوي فخم<br />\r\nالتقديم في علبة خشبية فاخرة و كرت إهداء فخم<br />\r\n&nbsp;</p>\r\n\r\n<hr />\r\n<p>&nbsp;</p>','#يسر #مرجان #فضه #فيروز #فيروزيات #مسباح #مسابيح #هدايا #هديه','ar',NULL,NULL),(177,108,'Yosur Rosary','<p>A captivating masterpiece in which silver, turquoise, and coral inlays harmonize. A rosary of yusr, black coral, with 33 oval beads.<br />\r\nMedium engraved and inlaid with silver, turquoise, and coral, crowning an integrated titling set decorated and engraved with luxurious hand cut-outs<br />\r\nPresented in a luxurious wooden box and a luxurious gift card<br />\r\n&nbsp;</p>\r\n\r\n<hr />\r\n<p>&nbsp;</p>',NULL,'en',NULL,NULL),(178,109,'مسباح اليسر','<p dir=\"rtl\">تحفة فنية يبرز فيها التطعيم بالفضة والفيروز مسباح من اليسر المرجان الأسود بِعدد 33 خرزة بيضاوية متوسطة منقوشة<br />\r\nومطعمة بالفضة والفيروز يتوّجه طقم تمليكة متكامل مزخرف و منقوش بِتفصال يدوي فخم<br />\r\nالتقديم في علبة خشبية فاخرة وكرت إهداء فخم<br />\r\n&nbsp;</p>\r\n\r\n<hr />\r\n<p>&nbsp;</p>','#يسر #يسر_نجفي #يسر_مطعم #مرجان #فضه #فيروز #مسباح #مسباح#يسر','ar',NULL,NULL),(179,109,'Yosur Rosary','<p>A masterpiece in which the silver and turquoise inlay highlights a rosary of black coral yusr with 33 medium oval beads engraved<br />\r\nAnd inlaid with silver and turquoise, it crowns an integrated ownership set decorated and engraved with luxurious hand-cutting.<br />\r\nPresented in a luxurious wooden box and a luxurious gift card<br />\r\n&nbsp;</p>\r\n\r\n<hr />\r\n<p>&nbsp;</p>',NULL,'en',NULL,NULL),(180,110,'مسباح اليسر','<p dir=\"rtl\">قطعة ابداعية تجسد النقش اليدوي والتطعيم بمهارة و جاذبية مسباح من اليسر المرجان الأسود بِعدد 33 خرزة بيضاوية<br />\r\nكبيرة منقوشة و مطعمة بالفضة يتوّجه طقم تمليكة متكامل مزخرف و منقوش بِتفصال يدوي فخم<br />\r\nالتقديم في علبة خشبية فاخرة خاصة للحفظ و الإهداء<br />\r\n&nbsp;</p>\r\n\r\n<hr />\r\n<p>&nbsp;</p>','#مسباح #مرجان #يسر_نجفي #هدايا #هدايا_تخرج #يسر #هدايا_زواج #هدايا_ذوق','ar',NULL,NULL),(181,110,'Yosur Rosary','<p>A creative piece that embodies hand engraving and inlaying with skill and attractiveness, a black coral rosary rosary with 33 oval beads.<br />\r\nLarge, engraved and inlaid with silver crowns an integrated tiling set decorated and engraved with luxurious hand-cutting<br />\r\nPresentation in a luxurious wooden box, especially for preservation and gifting<br />\r\n&nbsp;</p>\r\n\r\n<hr />\r\n<p>&nbsp;</p>',NULL,'en',NULL,NULL),(182,111,'مسباح اليسر','<p dir=\"rtl\">تحفة طبيعية كريمة يبرز فيها التطعيم بالفضة و المرجان مسباح من اليسر المرجان الأسود بِعدد 33 خرزة بيضاوية متوسطة<br />\r\nمنقوشة و مطعمة بالفضة و المرجان يتوّجه طقم تمليكة متكامل مزخرف و منقوش بِتفصال يدوي فخم<br />\r\nالتقديم في علبة خشبية فاخرة وكرت إهداء فخم<br />\r\n&nbsp;</p>\r\n\r\n<hr />\r\n<p>&nbsp;</p>','#يسر #يسر_نجفي #مرجان #احجار_كريمة #مجوهرات #مقتنيات #هدايا #هديه','ar',NULL,NULL),(183,111,'Yosur Rosary','<p>A generous natural masterpiece in which the silver and coral inlay highlights a rosary of black coral yusr with 33 medium oval beads.<br />\r\nEngraved and inlaid with silver and coral crowns an integrated tiling set decorated and engraved with luxurious hand-cutting.<br />\r\nPresented in a luxurious wooden box and a luxurious gift card<br />\r\n&nbsp;</p>\r\n\r\n<hr />\r\n<p>&nbsp;</p>',NULL,'en',NULL,NULL),(184,112,'مسباح اليسر','<p dir=\"rtl\">حجر كريم طبيعي&nbsp; يستخرج من الشِعب المرجانية في البحر الأحمر مسباح من اليسر المرجان الأسود لونه أسود خشبي<br />\r\nبِعدد 33 خرزة صندوقية صغيرة مطعمة ومنقوشة يدوياً بالفضة و العاج يتوّجه طقم تمليكة فاخر متكامل منقوش بتفصال يدوي<br />\r\nيقدم في علبة خشبية فاخرة مع كرت إهداء فخم<br />\r\n&nbsp;</p>\r\n\r\n<hr />\r\n<p>&nbsp;</p>','#يسر #يسر_نجفي #يسر_مطعم #مرجان_اسود #مرجان #انتيك #انتيكا #تمليكه','ar',NULL,NULL),(185,112,'Yosur Rosary','<p>A natural gemstone extracted from the coral reefs of the Red Sea, a rosary of black coral yusr, its color is woody black<br />\r\nWith 33 small box beads, inlaid and hand-engraved with silver and ivory, it crowns a luxurious, integrated tiling set engraved with manual detailing.<br />\r\nPresented in a luxurious wooden box with a luxurious gift card<br />\r\n&nbsp;</p>\r\n\r\n<hr />\r\n<p>&nbsp;</p>',NULL,'en',NULL,NULL),(186,113,'1','<p>5454</p>',NULL,'ar',NULL,NULL),(187,113,'1','<p>545</p>',NULL,'en',NULL,NULL),(188,114,'كهرمان كاريبي','<p dir=\"rtl\">يمتلك الكهرمان الأزرق مكانة عالية فهو الأندر و الأجمل طبيعياً مسباح طبيعي من الكَهرمان الكاريبي لون أزرق حبري<br />\r\nبِعدد 35 خرزة مكحلة صندوقية متوسطة فوّاحة بالعنبر يتألق ب فواصل مع كركوش فاخر من طربزون الفضة التركية المشغولة يدوياً<br />\r\nبأناقة نقدم المسباح في علبة خشبية فاخرة خاصة للحفظ والإهداء<br />\r\n&nbsp;</p>\r\n\r\n<hr />\r\n<p>&nbsp;</p>','#كهرب #كهرم #كهرمان #مسباح_كهرم #مسباح_كهرب #مسباح #هدايا','ar',NULL,NULL),(189,114,'Caribbean amber','<p>Blue amber has a high status, as it is the rarest and most beautiful naturally. A natural rosary of Caribbean amber, inky blue color.<br />\r\nWith 35 medium-sized box kohl beads, fragrant with amber, sparkling with commas, with luxurious karkoush from handcrafted Turkish silver trabzon<br />\r\nWe elegantly present the misbah in a luxurious wooden box for safekeeping and gifting<br />\r\n&nbsp;</p>\r\n\r\n<hr />\r\n<p>&nbsp;</p>',NULL,'en',NULL,NULL),(190,115,'كهرمان كاريبي','<p dir=\"rtl\">أخذ لونه طبيعياً من الغابات المنقرضة عبر ملايين السنين مِسبَاح من الكَهرمان الكاريبي لونه أخضر زمردي شفاف<br />\r\nبعدد 33 خرزة مكحلة صندوقية متوسطة فوّاحة بالعنبر يتألق ب فواصل وكَركوش فاخر من طربزون الفضة التركية<br />\r\nالمشغولة يدوياً نقدم المِسباح في علبة خشبية فاخرة للحفظ والإهداء<br />\r\n&nbsp;</p>\r\n\r\n<hr />\r\n<p dir=\"rtl\"><br />\r\n<br />\r\n&nbsp;</p>','#كهرب #كهرب_حر #كهرمان #بلطيقي #كاريبي','ar',NULL,NULL),(191,115,'Caribbean amber','<p>It took its color naturally from extinct forests over millions of years, a rosary of Caribbean amber, transparent emerald green.<br />\r\nWith 33 medium-sized box kohl beads, fragrant with amber, sparkling with commas and luxurious karkosh from Turkish silver trabzon<br />\r\nHandcrafted, we present the misbah in a luxurious wooden box for safekeeping and gifting<br />\r\n&nbsp;</p>\r\n\r\n<hr />\r\n<p>&nbsp;</p>',NULL,'en',NULL,NULL),(192,116,'كهرمان كاريبي','<p dir=\"rtl\">أجمل أنواع الكَهرمان الطبيعي يستخدم في ترصيع تيجان الملوك مسباح من حجر الكهرمان الكاريبي لونه أخضر شفاف<br />\r\nبِعدد 35 خرزة مكحلة صندوقية متوسطة يتوجه فواصل وكركوش مكَحل فاخر من طربزون الفضة التركية المشغولة يدوياً<br />\r\nمزين ب خرز الكهرمان علبة هدايا خشبية فاخرة لِتقديم وحفظ المِسباح<br />\r\n&nbsp;</p>\r\n\r\n<hr />\r\n<p>&nbsp;</p>','#كهرب #كهرب_حر #كهرمان #بلطيقي #كاريبي','ar',NULL,NULL),(193,116,'Caribbean amber','<p>The most beautiful natural amber used in inlaying the crowns of kings is a Caribbean amber stone rosary of transparent green color<br />\r\nWith 35 medium box kohl beads, Fasils and Karkoush kohl are crowned by handcrafted Turkish silver trabzon.<br />\r\nDecorated with amber beads, a luxurious wooden gift box for presenting and preserving the rosary<br />\r\n&nbsp;</p>\r\n\r\n<hr />\r\n<p>&nbsp;</p>',NULL,'en',NULL,NULL),(194,117,'كهرمان كاريبي','<p dir=\"rtl\">الأجمل بين الكهرمان الطبيعي اكتشف منذ 500 سنة بمنطقة المحيط الكاريبي مسباح طبيعي من الكَهرمان الكاريبي<br />\r\nلون أزرق حبري بِعدد 35 خرزة مكحلة دائرية كبيرة فوّاحة بالعنبر يتألق ب فواصل مع كركوش فاخر من طربزون الفضة التركية<br />\r\nالمشغولة يدوياً نقدم المسباح في علبة خشبية فاخرة خاصة للحفظ و الإهداء<br />\r\n&nbsp;</p>\r\n\r\n<hr />\r\n<p>&nbsp;</p>','#كهرب #كهرمان #كهرب_حر #نوادر #احجار #أحجار #احجار_كريمة #مجوهرات','ar',NULL,NULL),(195,117,'Caribbean amber','<p>The most beautiful among natural amber was discovered 500 years ago in the Caribbean, a natural pool of Caribbean amber<br />\r\nInky blue color, in the number of 35 large circular kohl beads, fragrant with amber, sparkling with commas, with luxurious Karkoush from Turkish silver trabzon<br />\r\nHandcrafted, we present the misbah in a special luxurious wooden box for safekeeping and gifting<br />\r\n&nbsp;</p>\r\n\r\n<hr />\r\n<p>&nbsp;</p>',NULL,'en',NULL,NULL),(196,118,'كهرمان كاريبي','<p dir=\"rtl\">تحفة كهرمانية نادرة يستمد لونه من الغابات الصنوبرية المنقرضة مسباح من حجر الكهرمان الكاريبي الطبيعي<br />\r\nلونه أخضر شفاف بِعدد 35 خرزة مكحلة صندوقية متوسطة يتوجه فواصل و كركوش مكَحل فاخر مصنوع من<br />\r\nطربزون الفضة التركية المشغولة يدوياً علبة هدايا خشبية فاخرة لِتقديم وحفظ المِسباح<br />\r\n&nbsp;</p>\r\n\r\n<hr />\r\n<p>&nbsp;</p>','#كهرب #كهرب_حر #كهرمان #بلطيقي #كاريبي','ar',NULL,NULL),(197,118,'Caribbean amber','<p>A rare amber masterpiece that derives its color from extinct coniferous forests, a natural Caribbean amber stone<br />\r\nIt is transparent green in color, with 35 medium box kohl beads, headed by commas and a luxurious karkush kohl made of<br />\r\nHandcrafted Turkish Silver Trabzon A luxurious wooden gift box for presenting and preserving the rosary<br />\r\n&nbsp;</p>\r\n\r\n<hr />\r\n<p>&nbsp;</p>',NULL,'en',NULL,NULL),(198,119,'كهرمان كاريبي','<p dir=\"rtl\">تحفة كهرمانية نادرة يستمد لونه من أعماق المحيط الكاريبي مسباح من حجر الكهرمان الكاريبي لونه ازرق حبري<br />\r\nغامق بِعدد 33 خرزة دائرية كبيرة يتوجه فواصل و كركوش مكَحل فاخر مصنوع من طربزون الفضة التركية المشغولة<br />\r\nيدوياً علبة هدايا خشبية فاخرة لِتقديم وحفظ المِسباح<br />\r\n&nbsp;</p>\r\n\r\n<hr />\r\n<p>&nbsp;</p>','#عنبر #مسباح #كهرب #كهرمان_ازرق #كاريبي #مسباح_نادر','ar',NULL,NULL),(199,119,'Caribbean amber','<p>A rare amber masterpiece that derives its color from the depths of the Caribbean ocean. A Caribbean amber stone rosary, inky blue in color.<br />\r\nDark with 33 large circular beads, crowned with breaks and karkoush, a luxurious kohl made of Turkish worked silver tarbzon<br />\r\nHandcrafted luxury wooden gift box for the presentation and preservation of the rosary<br />\r\n&nbsp;</p>\r\n\r\n<hr />\r\n<p>&nbsp;</p>',NULL,'en',NULL,NULL),(200,120,'كهرمان كاريبي','<p dir=\"rtl\">قطعة فنية من الطبيعة نادر تشكل عبر ملايين السنين مِسباح من الكَهرمان الكاريبي الطبيعي لونه كرزي شفاف<br />\r\nبعدد 45 خرزة مكحلة دائرية متوسطة فوّاحة بالعنبر يتوّجه كركوش ملكي من الفضة الإيطالية عيار 925 صياغة تركية<br />\r\nمزين بعملات من عصر القسطنطينية نقدم المِسباح في علبة خشبية خاصة للحفظ وللإهداء<br />\r\n&nbsp;</p>\r\n\r\n<hr />\r\n<p dir=\"rtl\"><br />\r\n<br />\r\n&nbsp;</p>',NULL,'ar',NULL,NULL),(201,120,'Caribbean amber','<p>A rare piece of art from nature, formed over millions of years, a natural Caribbean amber rosary of a transparent cherry color<br />\r\nWith 45 medium round kohl beads, fragrant with amber, a royal karkosh of 925 Italian silver, Turkish formulation, is crowned.<br />\r\nDecorated with coins from the Constantinople era, we present the rosary in a special wooden box for safekeeping and gifting<br />\r\n&nbsp;</p>\r\n\r\n<hr />\r\n<p>&nbsp;</p>',NULL,'en',NULL,NULL),(202,121,'كهرمان كاريبي','<p dir=\"rtl\">يعد الكهرمان الأزرق أعجوبة طبيعية لونه ساحر ونادرعالمياً مسباح فاخر من الكَهرمان الكاريبي لون أزرق حبري<br />\r\nبِعدد 33 خرزة مكحلة دائرية متوسطة فوّاحة بالعنبر يتألق ب فواصل مع كركوش فاخر من طربزون الفضة التركية<br />\r\nالمشغولة يدوياً نقدم المسباح في علبة خشبية فاخرة خاصة للحفظ و الإهداء<br />\r\n&nbsp;</p>\r\n\r\n<hr />\r\n<p>&nbsp;</p>','#كهرب #كهرب_ازرق #الأزرق #الازرق #طربزون #كهرمان #كهرم','ar',NULL,NULL),(203,121,'Caribbean amber','<p>Blue amber is a natural wonder, its color is charming and rare globally. Luxurious rosary of Caribbean amber, ink blue color.<br />\r\nWith 33 medium round kohl beads, fragrant with amber, sparkling with commas, with luxurious Karkoush from Turkish silver trabzon<br />\r\nHandcrafted, we present the misbah in a special luxurious wooden box for safekeeping and gifting<br />\r\n&nbsp;</p>\r\n\r\n<hr />\r\n<p>&nbsp;</p>',NULL,'en',NULL,NULL),(204,122,'كهرمان كاريبي','<p dir=\"rtl\">مسباح فاخر من الكَهرمان الكاريبي الطبيعي لون أزرق حبري بِعدد 66 خرزة مكحلة دائرية متوسطة فوّاحة بالعنبر<br />\r\nيتألق ب فواصل مع كركوش فاخر من طربزون الفضة التركية المشغولة يدوياً<br />\r\nنقدم المسباح في علبة خشبية فاخرة مع كرت إهداء فخم<br />\r\n&nbsp;</p>\r\n\r\n<hr />\r\n<p>&nbsp;</p>','#كهرب #كهرمان #كاريبي #كهرب_كاريبي #كهرب_حر #كهرب','ar',NULL,NULL),(205,122,'Caribbean amber','<p>Luxurious natural Caribbean amber rosary, inky blue color, with 66 medium round kohl beads, fragrant with amber<br />\r\nIt sparkles with commas with a luxurious karakoush made of handcrafted Turkish silver trabzon<br />\r\nWe present the misbah in a luxurious wooden box with a luxurious gift card<br />\r\n&nbsp;</p>\r\n\r\n<hr />\r\n<p>&nbsp;</p>',NULL,'en',NULL,NULL),(206,123,'كهرمان كاريبي','<p dir=\"rtl\">مسباح طبيعي من الكَهرمان الكاريبي لون أزرق حبري بِعدد 66 خرزة مكحلة دائرية متوسطة فوّاحة بالعنبر<br />\r\nيتألق ب فواصل مع كركوش فاخر من طربزون الفضة التركية المشغولة<br />\r\nيدوياًنقدم المسباح في علبة خشبية فاخرة وكرت إهداء فخم<br />\r\n&nbsp;</p>\r\n\r\n<hr />\r\n<p dir=\"rtl\"><br />\r\n<br />\r\n&nbsp;</p>','#كهرمان #كاريبي #كاريب #روسيا #كهرب #مسباح_كهرب #مسباح_كهرمان','ar',NULL,NULL),(207,123,'Caribbean amber','<p>Natural Caribbean Amber Rosary Beads Inky Blue Color 66 Medium Round Beads Fragrant Amber<br />\r\nIt sparkles with commas with luxurious Karkoush made of Turkish silver trabzon<br />\r\nHandmade, we present the misbah in a luxurious wooden box and a luxurious gift card<br />\r\n&nbsp;</p>\r\n\r\n<hr />\r\n<p>&nbsp;</p>',NULL,'en',NULL,NULL),(208,124,'كهرمان كالينغرادي','<p dir=\"rtl\">تعتبر سواحل بحر البلطيق المصدر الرئيسي للكهرمان الطبيعي مسباح من الكهرمان الكالينيغراندي لونه أصفر معرق<br />\r\nبِعدد 51 خرزة دائرية متوسطة متوّج ب كركوش فاخر من طربزون الفضة التركية المشغولة يدوية وطول فاخر في اليد<br />\r\nيقدم في علبة خشبية فاخرة للحفظ و الإهداء<br />\r\n&nbsp;</p>\r\n\r\n<hr />\r\n<p>&nbsp;</p>','#مسباح #كهرب #كهرمان #عنبر #حجر_كهرب #amber #amber_ston #','ar',NULL,NULL),(209,124,'Kaliningrad amber','<p>The coasts of the Baltic Sea are the main source of natural amber<br />\r\nWith 51 medium circular beads, it is crowned with luxurious Karkosh from hand-made Turkish silver Trabzon, and a luxurious length in the hand.<br />\r\nPresented in a luxurious wooden box for safekeeping and gifting<br />\r\n&nbsp;</p>\r\n\r\n<hr />\r\n<p>&nbsp;</p>',NULL,'en',NULL,NULL),(210,125,'كهرمان كالينغرادي','<p dir=\"rtl\">من كنوز الكهرمان بِ جَمال فريد من نوعه بألوان معجنة طبيعياً مِسبَاح من الكَهرمان الكالينيغراندي لونه عسلي<br />\r\nرخامي معجن ملطخ بعدد 53 خرزة دائرية كبيرة فوّاحة بالعنبر يتألق ب كَركوش فاخر من طربزون الفضة التركية<br />\r\nالمشغولة يدوياً تقديم المِسباح علبة خشبية فاخرة للحفظ والإهداء<br />\r\n&nbsp;</p>\r\n\r\n<hr />\r\n<p>&nbsp;</p>','#كهرب_بلطيقي #مسباح_كهرمان #مسباح_كهرب #الكهرمان #الكهرب #مسباح_كهرم','ar',NULL,NULL),(211,125,'Kaliningrad amber','<p>One of the amber treasures, with unique beauty in naturally kneaded colors, a calenegrande amber rosary of honey color<br />\r\nKneaded marble stained with 53 large round beads, fragrant with amber, sparkling with luxurious karkosh from Turkish silver trabzon<br />\r\nThe handcrafted misbah is presented in a luxurious wooden box for safekeeping and gifting<br />\r\n&nbsp;</p>\r\n\r\n<hr />\r\n<p>&nbsp;</p>',NULL,'en',NULL,NULL),(212,126,'كهرمان كالينغرادي','<p dir=\"rtl\">نادر اللون و المواصفات من حجر واحد ب جَمال ساحر في اليد مِسبَاح من الكَهرمان الكالينيغراندي لونه عسلي رخامي<br />\r\nمعجن ملطخ بعدد 51 خرزة دائرية متوسطة فوّاحة بالعنبر يتألق ب كَركوش فاخر من طربزون الفضة التركية المشغولة يدوياً<br />\r\nتقديم المِسباح علبة خشبية فاخرة للحفظ و الإهداء<br />\r\n&nbsp;</p>\r\n\r\n<hr />\r\n<p>&nbsp;</p>','#حجر_طبيعي #حجر_كهرم #حجر_كريم #مسباح #مسباح_كهرب #مسباح_كهرمان','ar',NULL,NULL),(213,126,'Kaliningrad amber','<p>Rare color and specifications from one stone with charming beauty In the hand, a calenigrande amber rosary, marble honey color<br />\r\nThis paste is stained with 51 medium round beads, fragrant with amber, sparkling with luxurious karkoush from hand-crafted Turkish silver trabzon.<br />\r\nPresenting the misbah in a luxurious wooden box for safekeeping and gifting<br />\r\n&nbsp;</p>\r\n\r\n<hr />\r\n<p>&nbsp;</p>',NULL,'en',NULL,NULL),(214,127,'كهرمان كالينغرادي','<p dir=\"rtl\">بألوان رخامية طبيعية كل قطعة منه تعطي جَمال فريد من نوعه مِسبَاح من الكَهرمان الكالينيغراندي أصفر رخامي<br />\r\nمعجن ملطخ بعدد 45 خرزة دائرية كبيرة فوّاحة بالعنبر يتألق ب كَركوش فاخر من طربزون الفضة التركية المشغولة يدوياً<br />\r\nتقديم المِسباح علبة خشبية فاخرة للحفظ و الإهداء<br />\r\n&nbsp;</p>\r\n\r\n<hr />\r\n<p>&nbsp;</p>',NULL,'ar',NULL,NULL),(215,127,'Kaliningrad amber','<p>With natural marble colors, each piece of it gives a unique beauty. Calenegrande amber rosary, marble yellow.<br />\r\nThis paste is stained with 45 large round beads, fragrant with amber, sparkling with luxurious karkoush from hand-crafted Turkish silver trabzon.<br />\r\nPresenting the misbah in a luxurious wooden box for safekeeping and gifting<br />\r\n&nbsp;</p>\r\n\r\n<hr />\r\n<p>&nbsp;</p>',NULL,'en',NULL,NULL),(216,128,'كهرمان كالينغرادي','<p dir=\"rtl\">تحفة كهرمانية بِ جَمال فريد من نوعه بألوان معجنة طبيعياً مِسبَاح من الكَهرمان الكالينيغراندي لونه عسلي رخامي<br />\r\nمعجن ملطخ بعدد 47 خرزة دائرية كبيرة فوّاحة بالعنبر يتألق ب كَركوش فاخر من طربزون الفضة التركية المشغولة يدوياً<br />\r\nتقديم المِسباح علبة خشبية فاخرة للحفظ و الإهداء<br />\r\n&nbsp;</p>\r\n\r\n<hr />\r\n<p>&nbsp;</p>','#حجر_طبيعي #حجر_كهرم #حجر_كريم #مسباح #مسباح_كهرب #مسباح_كهرمان','ar',NULL,NULL),(217,128,'Kaliningrad amber','<p>An amber masterpiece of unique beauty, with naturally kneaded colors. Calenegrande amber rosary, marble honey color<br />\r\nThis paste is stained with 47 large round beads, fragrant with amber, sparkling with luxurious karkoush from hand-crafted Turkish silver silver.<br />\r\nPresenting the misbah in a luxurious wooden box for safekeeping and gifting<br />\r\n&nbsp;</p>\r\n\r\n<hr />\r\n<p>&nbsp;</p>',NULL,'en',NULL,NULL),(218,129,'كهرمان كالينغرادي','<p dir=\"rtl\">من حجر واحد بِتفصال يدوي من نوادر الكهرمان الطبيعي مِسبَاح من الكَهرمان الكالينيغراندي أصفر كريمي معجن<br />\r\nملطخ بعدد 53 خرزة دائرية كبيرة فوّاحة بالعنبر يتألق ب كَركوش فاخر من طربزون الفضة التركية المشغولة يدوياً<br />\r\nتقديم المِسباح علبة خشبية فاخرة خاصة للحفظ و الإهداء<br />\r\n&nbsp;</p>\r\n\r\n<hr />\r\n<p>&nbsp;</p>','#حجرطبيعي #حجر_كهرب #حجر_واحد #كهرب #كهرمان #مسباح #مسباح_كهرب','ar',NULL,NULL),(219,129,'Kaliningrad amber','<p>From one stone, hand cut from rare natural amber, kneaded creamy yellow calenegrande amber rosary<br />\r\nStained with 53 large, fragrant round beads with amber, sparkling with a luxurious karkosh from handcrafted Turkish silver trabzon<br />\r\nPresenting the misbah with a special luxurious wooden box for safekeeping and gifting<br />\r\n&nbsp;</p>\r\n\r\n<hr />\r\n<p>&nbsp;</p>',NULL,'en',NULL,NULL),(220,130,'كهرمان كالينغرادي','<p dir=\"rtl\">من كنوز الشمال الأوروبي تحفة كهرمانية بِ لون عسلي شمعي نادر مِسبَاح من الكَهرمان الكالينيغراندي الطبيعي<br />\r\nلونه عسلي مغيم معرق خد و خد بعدد 66 خرزة دائرية صغيرة فوّاحة بالعنبر يتألق ب كَركوش فاخر مشغول يدوياً<br />\r\nمن طربزون الفضة التركية نقدم المِسباح في علبة خشبية فاخرة مع كرت إهداء فخم<br />\r\n&nbsp;</p>\r\n\r\n<hr />\r\n<p>&nbsp;</p>','#عنبر #كهرب #كهرمان #مسابيح #مسباح_كهرب','ar',NULL,NULL),(221,130,'Kaliningrad amber','<p>One of the treasures of Northern Europe, an amber masterpiece with a rare honey-coloured waxy natural calenegrande amber rosary<br />\r\nIts color is hazel, cloudy, veined cheek and cheek, with 66 small circular beads, fragrant with amber, sparkling with luxurious handcrafted Karkoush<br />\r\nFrom the Turkish silver Trabzon, we present the misbah in a luxurious wooden box with a luxurious gift card<br />\r\n&nbsp;</p>\r\n\r\n<hr />\r\n<p>&nbsp;</p>',NULL,'en',NULL,NULL),(222,131,'كهرمان كالينغرادي','<p dir=\"rtl\">من نوادر الكهرمان معرق ب خِراطة متقنة تبرز روح الحجر الواحد مسباح من الكهرمان الكالينيغراندي لونه كركمي<br />\r\nمعرق بِعدد 66 خرزة دائرية صغيرة متوّج ب كركوش فاخر من طربزون الفضة التركية المشغولة يدوية وطول فاخر<br />\r\nفي اليد يقدم في علبة خشبية فاخرة و كرت إهداء فخم<br />\r\n&nbsp;</p>\r\n\r\n<hr />\r\n<p>&nbsp;</p>','#كنوز_البلطيق #ذهب #مجوهرات #انتيكات #تحف #مقتنيات','ar',NULL,NULL),(223,131,'Kaliningrad amber','<p>One of the rare amber veins with elaborate turnings that highlight the spirit of the single stone. A rosary of calenegrande amber, turmeric in color.<br />\r\nVeined with 66 small circular beads, crowned with luxurious Karkosh from Turkish silver Trabzon, handcrafted and luxurious in length.<br />\r\nIn the hand, it is presented in a luxurious wooden box and a luxurious gift card<br />\r\n&nbsp;</p>\r\n\r\n<hr />\r\n<p>&nbsp;</p>',NULL,'en',NULL,NULL),(224,132,'كهرمان كالينغرادي','<p dir=\"rtl\">من عرق و حجر واحد ب جَمال خلاب من نوادر الطبيعة مِسبَاح من الكَهرمان الكالينيغراندي لونه عسلي رخامي<br />\r\nمعجن ملطخ بعدد 51 خرزة دائرية كبيرة فوّاحة بالعنبر يتألق ب كَركوش فاخر من طربزون الفضة التركية المشغولة<br />\r\nيدوياً تقديم المِسباح علبة خشبية فاخرة للحفظ و الإهداء<br />\r\n&nbsp;</p>\r\n\r\n<hr />\r\n<p>&nbsp;</p>','#كهرب_بلطيقي #مسباح_كهرمان #مسباح_كهرب #الكهرمان #الكهرب','ar',NULL,NULL),(225,132,'Kaliningrad amber','<p>From one vein and one stone, with a breathtaking beauty, one of the rarities of nature, a rosary of amber calenegrande, marble honey in color<br />\r\nPaste stained with 51 large round beads, fragrant with amber, sparkling with luxurious karkosh from Turkish silver tarbzon.<br />\r\nHandcrafted presentation of the misbah in a luxurious wooden box for safekeeping and gifting<br />\r\n&nbsp;</p>\r\n\r\n<hr />\r\n<p>&nbsp;</p>',NULL,'en',NULL,NULL),(226,133,'كهرمان كالينغرادي','<p dir=\"rtl\">كهرمان ذو طابع لوني فريد بِ حجر واحد و جَمال ساحر في اليد مِسبَاح من الكَهرمان الكالينيغراندي لونه عسلي رخامي<br />\r\nمعجن ملطخ بعدد 57 خرزة دائرية متوسطة فوّاحة بالعنبر يتألق ب كَركوش فاخر من طربزون الفضة التركية المشغولة يدوياً<br />\r\nتقديم المِسباح علبة خشبية فاخرة للحفظ والإهداء<br />\r\n&nbsp;</p>\r\n\r\n<hr />\r\n<p>&nbsp;</p>','#كهرم #كهرب #كهرمان #مسباح_كهرمان #مسباح #مسابيح #هدايا #هديه_رجاليه','ar',NULL,NULL),(227,133,'Kaliningrad amber','<p>Amber with a unique color character with one stone and enchanting beauty in the hand. A calenegrande amber rosary of marble honey color<br />\r\nThis paste is stained with 57 medium round beads, fragrant with amber, sparkling with luxurious karkoush from hand-crafted Turkish silver trabzon.<br />\r\nPresenting the misbah in a luxurious wooden box for safekeeping and gifting<br />\r\n&nbsp;</p>\r\n\r\n<hr />\r\n<p>&nbsp;</p>',NULL,'en',NULL,NULL),(228,135,'كهرمان روسي','<p dir=\"rtl\">مِسبَاح فاخر منحوت من حجر الكَهرمان الروسي - شوائب عسلي شفاف مشوب بالبني بعدد 33 خرزة بيضاوية كبيرة<br />\r\nفوّاحة بالعنبر يتألق ب فواصل مذهبة و كَركوش فاخر من طربزون الفضة التركية المشغولة يدوياً<br />\r\nنقدم المِسباح في علبة خشبية فاخرة للحفظ والإهداء<br />\r\n&nbsp;</p>\r\n\r\n<hr />\r\n<p>&nbsp;</p>','#مسابيح_كهرمان #مسباح_كهرمان #مسباح_كهرب #سبحة#مسابيح #كهرب_روسي','ar',NULL,NULL),(229,135,'Russian amber','<p>Luxurious Rosary rosary carved from Russian amber stone - translucent honey-brown inclusions, 33 large oval beads<br />\r\nA fragrant amber sparkle with gilded commas and a luxurious cartouche of handcrafted Turkish silver trabzon<br />\r\nWe present the misbah in a luxurious wooden box for safekeeping and gifting<br />\r\n&nbsp;</p>\r\n\r\n<hr />\r\n<p>&nbsp;</p>',NULL,'en',NULL,NULL),(230,136,'كهرمان روسي','<p dir=\"rtl\">تحف التسبيح من ذهب الرجال هدايا طبيعية ل الآباء و الأجدادمسباح من الكهرمان الروسي الطبيعي لونه متدرج ألوان<br />\r\nخاص للتسبيح بِعدد 99 خرزة دائرية صغيرة متوّج ب كركوش قطني فاخر بالزري الذهبي اليدوي مع عملة تراثية فلس<br />\r\nكويتي يقدم في علبة خشبية فاخرة و كرت إهداء فخم<br />\r\n&nbsp;</p>\r\n\r\n<hr />\r\n<p>&nbsp;</p>','#كهرب #كهرب_روسي #كهرب_حر #كهرمان #كهرمان_روسي #مسباح_كهرب','ar',NULL,NULL),(231,136,'Russian amber','<p>Antiques of men&#39;s gold Natural gifts for parents and grandparents Rosary from natural Russian amber, gradient color<br />\r\nSpecial for praising, with 99 small circular beads, crowned with a luxurious cotton carcass, with golden handmade buttons, with a traditional fils coin.<br />\r\nKuwaiti served in a luxurious wooden box and a luxurious gift card<br />\r\n&nbsp;</p>\r\n\r\n<hr />\r\n<p>&nbsp;</p>',NULL,'en',NULL,NULL),(232,137,'كهرمان روسي','<p dir=\"rtl\">مِسبَاح من الكَهرمان الروسي عسلي غامق شفاف مشوب بعدد 55 خرزة مكحلة دائرية متوسطة فوّاحة بالعنبر<br />\r\nيتألق بطقم فواصل وكَركوش فاخر من الفضة الإيطالية عيار 925 بصياغة تركية مزين بعملات من عصر القسطنطينية<br />\r\nنقدم المِسباح في علبة خشبية خاصة لِلحفظ والإهداء<br />\r\n&nbsp;</p>\r\n\r\n<hr />\r\n<p>&nbsp;</p>','#كهرب_روسي #كهرمان_روسي #كهرب #كهرم #كهرمان #احجار_كريمة','ar',NULL,NULL),(233,137,'Russian amber','<p>Beads of Russian amber, dark honey, transparent, tinged with 55 medium round kohl beads, fragrant with amber<br />\r\nIt shines with a luxurious 925 Italian silver gargoyle set made of Turkish gold and decorated with coins from the Constantinople era<br />\r\nWe present the misbah in a special wooden box for safekeeping and gifting<br />\r\n&nbsp;</p>\r\n\r\n<hr />\r\n<p>&nbsp;</p>',NULL,'en',NULL,NULL),(234,138,'كهرمان روسي','<p dir=\"rtl\">مِسبَاح من الكَهرمان الروسي الطبيعي لونه عسلي غامق شفاف بعدد 45 خرزة مكحلة كريستالية دائرية متوسطة<br />\r\nفوّاحة بالعنبر يتدلل بكَركوش فاخر من طربزون الفضة التركية المشغولة بمهارة يدوية<br />\r\nنقدم المِسباح في علبة خشبية فاخرة وكرت إهداء فخم<br />\r\n&nbsp;</p>\r\n\r\n<hr />\r\n<p>&nbsp;</p>','#كهرب_شفاف #كهرمان_روسي #كهرب_روسي #مسباح #مسباح_نادر','ar',NULL,NULL),(235,138,'Russian amber','<p>Natural Russian amber rosary, dark honey color, transparent, with 45 medium round crystal kohl beads<br />\r\nA fragrant scent of amber, pampered with a luxurious karkoush made of Turkish silver trabzon, woven with hand skill<br />\r\nWe present the misbah in a luxurious wooden box and a luxurious gift card<br />\r\n&nbsp;</p>\r\n\r\n<hr />\r\n<p>&nbsp;</p>',NULL,'en',NULL,NULL),(236,139,'كهرمان روسي','<p dir=\"rtl\">طقم رجالي قطعتين المسباح من الكهرمان الروسي الطبيعي لون عسلي شفاف معرق بعدد 45 خرزة مكحلة دائرية متوسطة<br />\r\nمتوج بكركوش فاخر من طربزون الفضة التركية الخاتم فضة إيطالي عيار 925 صياغة تركية مقاس 9 us بوزن 11غرام<br />\r\nمزين بحجر الكهرمان يقدم ب علبة خشبية فاخرة وكرت إهداء فخم<br />\r\n&nbsp;</p>\r\n\r\n<hr />\r\n<p>&nbsp;</p>','#كهرمان_نادر #كهرم #كهرمان_حر #حجر_واحد #حجرطبيعي','ar',NULL,NULL),(237,139,'Russian amber','<p>Men&#39;s two-piece set of natural Russian amber, honey-colored, veined, with 45 medium-sized round kohl beads<br />\r\nCrowned with luxurious Karkosh from Turkish silver Trabzon The ring is Italian silver 925 caliber, Turkish formulation, size 9 us, weight 11 grams<br />\r\nDecorated with amber stone, presented in a luxurious wooden box and a luxurious gift card<br />\r\n&nbsp;</p>\r\n\r\n<hr />\r\n<p>&nbsp;</p>',NULL,'en',NULL,NULL),(238,140,'كهرمان روسي','<p dir=\"rtl\">مِسبَاح من الكَهرمان الروسي الطبيعي لونين عسلي وعنابي متدرج بعدد 99 خرزة دائرية صغيرة فوّاحة بالعنبر يتدلل<br />\r\nبكَركوش قطني فاخر بالزري الذهبي اليدوي و شعار عملة تراثية فلس كويتي<br />\r\nنقدم المِسباح في علبة خشبية فاخرة وكرت إهداء فخم<br />\r\n&nbsp;</p>\r\n\r\n<hr />\r\n<p>&nbsp;</p>','#عنبر #كهرب #كهرب_روسي #كهرمان #احجار #احجار_كريمة','ar',NULL,NULL),(239,140,'Russian amber','<p>Rosary beads made of natural Russian amber, two colors, gradient honey and burgundy, with 99 small round beads, fragrant with amber.<br />\r\nLuxurious cotton Karkoush with handmade golden buttons and the emblem of a traditional Kuwaiti fils coin<br />\r\nWe present the misbah in a luxurious wooden box and a luxurious gift card<br />\r\n&nbsp;</p>\r\n\r\n<hr />\r\n<p>&nbsp;</p>',NULL,'en',NULL,NULL),(240,142,'كهرمان روسي','<p dir=\"rtl\">مِسبَاح من الكَهرمان الروسي الطبيعي لونه عسلي متدرج ألوان بعدد 39 خرزة دائرية متوسطة فوّاحة بالعنبر<br />\r\nيتدلل ب كَركوش فاخر من طربزون الفضة التركية المشغولة بمهارة يدوية فائقة<br />\r\nنقدم المِسباح في علبة خشبية فاخرة وكرت إهداء فخم<br />\r\n&nbsp;</p>\r\n\r\n<hr />\r\n<p>&nbsp;</p>','#عنبر #كهرب #كهرب_روسي #كهرمان #احجار #احجار_كريمة','ar',NULL,NULL),(241,142,'Russian amber','<p>Natural Russian amber rosary, gradient honey color, with 39 medium round beads, fragrant with amber<br />\r\nIt is pampered with a luxurious karkoush of Turkish silver trabzon, which is wrought with superior hand skill<br />\r\nWe present the misbah in a luxurious wooden box and a luxurious gift card<br />\r\n&nbsp;</p>\r\n\r\n<hr />\r\n<p><br />\r\n&nbsp;</p>',NULL,'en',NULL,NULL),(242,143,'كهرمان روسي','<p dir=\"rtl\">مِسبَاح من الكَهرمان الروسي الطبيعي لونه عسلي متدرج ألوان بعدد 51 خرزة دائرية متوسطة فوّاحة بالعنبر<br />\r\nيتدلل بكَركوش فاخر من طربزون الفضة التركية المشغولة بمهارة يدوية فائقة<br />\r\nنقدم المِسباح في علبة خشبية فاخرة وكرت إهداء فخم<br />\r\n&nbsp;</p>\r\n\r\n<hr />\r\n<p>&nbsp;</p>','#عنبر #كهرب #كهرب_روسي #كهرمان #احجار #احجار_كريمة','ar',NULL,NULL),(243,143,'Russian amber','<p>Natural Russian amber rosary, gradient honey color, with 51 medium round beads, fragrant with amber<br />\r\nIt is adorned with a luxurious karkoush made of Turkish silver tarbzon, which is woven with superior hand skill<br />\r\nWe present the misbah in a luxurious wooden box and a luxurious gift card<br />\r\n&nbsp;</p>\r\n\r\n<hr />\r\n<p>&nbsp;</p>',NULL,'en',NULL,NULL),(244,144,'كهرمان روسي','<p dir=\"rtl\">مِسبَاح من الكَهرمان الروسي الطبيعي لونه شفاف ذهبي بعدد 51 خرزة مكحلة دائرية متوسطة فوّاحة بالعنبر<br />\r\nيتدلل ب فواصل مع كَركوش فاخر من طربزون الفضة التركية المشغولة بمهارة يدوية<br />\r\nنقدم المِسباح في علبة خشبية فاخرة وكرت إهداء فخم<br />\r\n&nbsp;</p>\r\n\r\n<hr />\r\n<p>&nbsp;</p>','#روسيا #كهرب #عروضات #بوكسات_هدايا #هدايا_تخرج #كهرب_روسي #كهرمان_روسي','ar',NULL,NULL),(245,144,'Russian amber','<p>Natural Russian amber rosary, golden transparent, with 51 medium round kohl beads, fragrant with amber<br />\r\nIt is pampered with commas with a luxurious karkoush made of Turkish silver trabzon, which is skillfully woven by hand<br />\r\nWe present the misbah in a luxurious wooden box and a luxurious gift card<br />\r\n&nbsp;</p>\r\n\r\n<hr />\r\n<p>&nbsp;</p>',NULL,'en',NULL,NULL),(246,145,'كهرمان روسي','<p dir=\"rtl\">مِسبَاح من الكَهرمان الروسي الطبيعي لونه شفاف ذهبي بعدد 51 خرزة دائرية متوسطة فوّاحة بالعنبر<br />\r\nتدلل بكَركوش فاخر من طربزون الفضة التركية المشغولة بمهارة يدوية<br />\r\nنقدم المِسباح في علبة خشبية فاخرة للحفظ و الإهداء<br />\r\n&nbsp;</p>\r\n\r\n<hr />\r\n<p>&nbsp;</p>','#روسيا #كهرب #عروضات #بوكسات_هدايا #هدايا_تخرج #كهرب_روسي','ar',NULL,NULL),(247,145,'Russian amber','<p>Natural Russian amber rosary, transparent golden, with 51 medium round beads, fragrant with amber<br />\r\nPamper yourself with a luxurious Karkoush made of Turkish silver Trabzon, which is woven with hand skill<br />\r\nWe present the misbah in a luxurious wooden box for safekeeping and gifting<br />\r\n&nbsp;</p>\r\n\r\n<hr />\r\n<p>&nbsp;</p>',NULL,'en',NULL,NULL),(248,146,'كهرمان اوكراني','<p dir=\"rtl\">طقم رجالي قطع مسباح + خاتم المسباح من الكهرمان الأوكراني لون كركمي معرق خاص للتسبيح بعدد 99 خرزة<br />\r\nذروية متوسطة متوج بكركوش فاخر من طربزون الفضة التركية الخاتم فضة إيطالي عيار 925 صياغة تركية<br />\r\nمقاس 9 us بوزن 11غرام مزين بحجر الكهرمان يقدم بعلبة خشبية فاخرة خاصة للحفظ و الإهداء<br />\r\n&nbsp;</p>\r\n\r\n<hr />\r\n<p>&nbsp;</p>','#مسباح #مسابيح #كهرب #كهرمان #طقم #انتيك #مقتنيات #مجوهرات','ar',NULL,NULL),(249,146,'Ukrainian amber','<p>Men&#39;s set Misbah pieces + Misbah ring of Ukrainian amber, turmeric color, special veined for tasbih, with 99 beads<br />\r\nA medium peak crowned with a luxurious kirkush from Trabzon Turkish silver The ring is 925 Italian silver, Turkish formulation<br />\r\nSize 9 us, weighing 11 grams, decorated with amber stone, presented in a luxurious wooden box for safekeeping and gifting<br />\r\n&nbsp;</p>\r\n\r\n<hr />\r\n<p>&nbsp;</p>',NULL,'en',NULL,NULL),(250,147,'كهرمان اوكراني','<p dir=\"rtl\">مِسبَاح من الكَهرمان الأوكراني أصفر كركمي معرق بعدد 45 خرزة برميليه متوسطة فوّاحة بالعنبر<br />\r\nيتألق ب كركوش قطني فاخر بالزري الذهبي اليدوي مزين ب شعار دولة الكويت<br />\r\nنقدم المِسباح في علبة خشبية فاخرة وكرت إهداء فخم<br />\r\n&nbsp;</p>\r\n\r\n<hr />\r\n<p>&nbsp;</p>','#اوكرانيا #كهرب #كهرمان #مسباح #مسباح_كهرب #مسباح_كهرمان #كهرب_اوكراني','ar',NULL,NULL),(251,147,'Ukrainian amber','<p>Beads of Ukrainian amber, yellow, turmeric, veined, with 45 beads, medium-sized, fragrant with amber<br />\r\nIt shines with a luxurious cotton karakoush with a golden handmade button decorated with the emblem of the State of Kuwait<br />\r\nWe present the misbah in a luxurious wooden box and a luxurious gift card<br />\r\n&nbsp;</p>\r\n\r\n<hr />\r\n<p>&nbsp;</p>',NULL,'en',NULL,NULL),(252,149,'كهرمان اوكراني','<p dir=\"rtl\">طقم رجالي قطع مسباح + خاتم المسباح من الكهرمان الأوكراني لون أصفر معرق كريمي بعدد 39 خرزة صندوقية متوسطة<br />\r\nمتوج ب كركوش فاخر من طربزون الفضة التركية ؛ المشغول يدوياً الخاتم فضة إيطالي عيار 925 صياغة تركية<br />\r\nمقاس 11us بوزن 18غرام مزين بحجر الكهرمان يقدم بعلبة خشبية فاخرة خاصة للحفظ و الإهداء<br />\r\n&nbsp;</p>\r\n\r\n<hr />\r\n<p>&nbsp;</p>','#عنبر #كهرمان #كهرب #مسباح #مسابيح #خاتم #فضه #فضيات','ar',NULL,NULL),(253,149,'Ukrainian amber','<p>Men&#39;s set of rosary pieces + rosary ring of Ukrainian amber, yellow-veined cream color, with 39 medium-sized box beads<br />\r\nIt is crowned with a fancy Karkosh from Turkish silver Trabzon; The handcrafted ring is Italian silver 925, Turkish made<br />\r\nSize 11us, weighing 18 grams, decorated with amber stone, presented in a luxurious wooden box for safekeeping and gifting<br />\r\n&nbsp;</p>\r\n\r\n<hr />\r\n<p>&nbsp;</p>',NULL,'en',NULL,NULL),(254,150,'كهرمان اوكراني','<p dir=\"rtl\">طقم رجالي قطع مسباح + خاتم المسباح من الكهرمان الأوكراني لون ليموني كريمي بعدد 35 خرزة طوالية متوسطة<br />\r\nمتوج ب كركوش فاخر من طربزون الفضة التركية الخاتم فضة إيطالي عيار 925 صياغة تركية مقاس 9 us<br />\r\nبوزن 21 غرام مزين بحجر الكهرمان يقدم بعلبة خشبية فاخرة خاصة للحفظ والإهداء<br />\r\n&nbsp;</p>\r\n\r\n<hr />\r\n<p>&nbsp;</p>',NULL,'ar',NULL,NULL),(255,150,'Ukrainian amber','<p>Men&#39;s set of rosary pieces + rosary ring of Ukrainian amber, creamy lemon color, with 35 medium length beads<br />\r\nCrowned with luxurious Karkosh from Trabzon Turkish silver, the ring is Italian silver caliber 925, Turkish formulation, size 9 us<br />\r\nWeighing 21 grams, decorated with amber stone, it is presented in a luxurious wooden box for safekeeping and gifting<br />\r\n&nbsp;</p>\r\n\r\n<hr />\r\n<p>&nbsp;</p>','#كهرب #كهرمان #كهرمان_طبيعي #كهرم #طربزون #خاتم #خاتم_ملكي','en',NULL,NULL),(256,151,'مسباح العود','<p dir=\"rtl\">&nbsp;مِسباح منحوت من خشب العود الإندونيسي بِعدد 33 خرزة طوالية ، لون خشبي فاتح معرّق يتوجه كركوش فاخر<br />\r\nمحبوك يدوياً من خيوط الحرير نقدم المسباح بعلبة أنيقة مجهزة ب كرت إهداء<br />\r\n&nbsp;</p>\r\n\r\n<hr />\r\n<p>&nbsp;</p>','#عود_كمبودي #عود #هدايا_الكويت #مسباح_عود #مسبحه #عود_هندي #عود_طبيعي','ar',NULL,NULL),(257,151,'oud rosary','<p>Misbah carved from Indonesian agarwood, with 33 longitudinal beads, light wood color with veining crowned with a luxurious Karkoush<br />\r\nHandwoven from silk threads. We present the misbah in an elegant box equipped with a gift card<br />\r\n&nbsp;</p>\r\n\r\n<hr />\r\n<p>&nbsp;</p>',NULL,'en',NULL,NULL),(258,152,'مسباح العود','<p dir=\"rtl\">مِسبَاح من العود الطبيعي لونه بني خشبي معرق بعدد 33 خرزة كبسولية صغيرة قابلة لامتصاص دهن العود<br />\r\nمتوَج ب كَركوش قطني فاخر محبوك يدوياً&nbsp; بألوان السدو المميزة نقدم المِسباح في علبة أنيقة مع كرت إهداء فخم<br />\r\n&nbsp;</p>\r\n\r\n<hr />\r\n<p dir=\"rtl\"><br />\r\n&nbsp;</p>','#مسباح_اسم #عود_أندونيسي #عود_فاخر #خشب_العود','ar',NULL,NULL),(259,152,'oud rosary','<p>Rosary made of natural agarwood, brown in color, with veining, with 33 small capsule beads, capable of absorbing agarwood oil<br />\r\nCrowned with luxurious hand-woven cotton Karkosh in distinctive Sadu colors, we present the misbah in an elegant box with a luxurious gift card<br />\r\n&nbsp;</p>\r\n\r\n<hr />\r\n<p>&nbsp;</p>',NULL,'en',NULL,NULL),(260,153,'مسباح العود','<p dir=\"rtl\">مِسبَاح من خشب العود الطبيعي لونه بني خشبي معتق بعدد 33 خرزة كبسولية صغيرة قابلة لامتصاص دهن العود<br />\r\nمتوَج ب كركوش قطني فاخر بالزري الذهبي اليدوي بألوان السدو المميزةنقدم المِسباح في علبة أنيقة مع كرت إهداء فخم<br />\r\n&nbsp;</p>\r\n\r\n<hr />\r\n<p>&nbsp;</p>','#عود_فاخر #كوك_تركي #ثمره #مسباح_كوك #خشبيات #خشب','ar',NULL,NULL),(261,153,'oud rosary','<p>Misbaha made of natural agarwood, brown, aged, with 33 small capsule beads that absorb agarwood oil<br />\r\nCrowned with luxurious cotton karakush with handmade golden zari in distinctive Sadu colors, we present the misbah in an elegant box with a luxurious gift card<br />\r\n&nbsp;</p>\r\n\r\n<hr />\r\n<p>&nbsp;</p>',NULL,'en',NULL,NULL),(262,154,'مسباح العود','<p dir=\"rtl\">هدايا و مقتنيات مسباح طبيعي من العود الإندونيسي لون بني خشبي مكحل بعدد 45 خرزة متوسطة فواحة برائحة العود<br />\r\nيتدلل ب كركوش قطني يدوي مع شعار تفصال إسم حفر على الوجهين نقدم المسباح في علبة أنيقة مجهزة ب كرت إهداء فخم<br />\r\n&nbsp;</p>\r\n\r\n<hr />\r\n<p>&nbsp;</p>','#عود_أندونيسي #عود_كمبودي #عود_فاخر #عود_طبيعي #عود_هندي #عود_معطر','ar',NULL,NULL),(263,154,'oud rosary','<p>Gifts and collectibles Natural misbah from the Indonesian oud, wooden brown color, kohl, with 45 medium beads, fragrant, with the scent of oud<br />\r\nIt dangles with a handmade cotton crocodile with a logo detailing a name engraved on both sides. We present the misbah in an elegant box equipped with a luxurious gift card<br />\r\n&nbsp;</p>\r\n\r\n<hr />\r\n<p>&nbsp;</p>',NULL,'en',NULL,NULL),(264,155,'مسباح العود','<p dir=\"rtl\">هدايا و مقتنيات مسباح طبيعي من العود الإندونيسي لون بني خشبي مكحل بعدد 45 خرزة متوسطة فواحة برائحة العود<br />\r\nيتدلل ب كركوش قطني يدوي مع شعار تفصال إسم حفر على الوجهين نقدم المسباح في علبة أنيقة مجهزة ب كرت إهداء فخم<br />\r\n&nbsp;</p>\r\n\r\n<hr />\r\n<p>&nbsp;</p>',NULL,'ar',NULL,NULL),(265,155,'oud rosary','<p>Gifts and collectibles Natural misbah from the Indonesian oud, wooden brown color, kohl, with 45 medium beads, fragrant, with the scent of oud<br />\r\nIt dangles with a handmade cotton crocodile with a logo detailing a name engraved on both sides. We present the misbah in an elegant box equipped with a luxurious gift card<br />\r\n&nbsp;</p>\r\n\r\n<hr />\r\n<p>&nbsp;</p>',NULL,'en',NULL,NULL),(266,156,'مسباح العود','<p dir=\"rtl\">مِسبَاح طبيعي منحوت من العود الإندونيسي لونه بني خشبي موشح خاص لِلتسبيح بعدد 99 خرزة دائرية صغيرة<br />\r\nقابلة لامتصاص دهن العود متوَج ب كَركوش حريري فاخر محبوك يدوياً مزين بِشعار عملة تراثية فلس كويتي<br />\r\nنقدم المِسباح في علبة أنيقة مجهزة ب كرت إهداء فخم<br />\r\n&nbsp;</p>\r\n\r\n<hr />\r\n<p>&nbsp;</p>','#سبح #عود_كمبودي #عود #مسابيح #هدايا_الكويت #هدايا_مناسبات #سبحة #مسباح_عود','ar',NULL,NULL),(267,156,'oud rosary','<p>A natural rosary carved from the Indonesian oud, brown in color, wooden, special for praising, with 99 small circular beads<br />\r\nAble to absorb oud oil, crowned with a luxurious hand-woven silk karkosh decorated with the emblem of a traditional Kuwaiti fils coin.<br />\r\nWe present the misbah in an elegant box equipped with a luxurious gift card<br />\r\n&nbsp;</p>\r\n\r\n<hr />\r\n<p>&nbsp;</p>',NULL,'en',NULL,NULL),(268,157,'مسباح العود','<p dir=\"rtl\">مسباح من خَامة العود الإندونيسي لونه بني خشبي معرق قابل لامتصاص روائح دهن العود، بعدد 45 خرزة دائرية كبيرة<br />\r\nيتوجه كركوش نجفي من خيوط القطن محبوك يدوياً مزين بشعار اسم حفر يقدم بعلبة أنيقة مجهزة ب كرت إهداء فخم<br />\r\n&nbsp;</p>\r\n\r\n<hr />\r\n<p>&nbsp;</p>','#مسباح_اسم #عود_أندونيسي #عود_فاخر #خشب_العود #فناتك_كويتية #عود_طبيعي','ar',NULL,NULL),(269,157,'oud rosary','<p>Misbah made of Indonesian agarwood, brown, woody, and veined, capable of absorbing the scents of agarwood oil, with 45 large round beads.<br />\r\nKarkoush Najafi is made of hand-knitted cotton yarn decorated with the Hafar name logo. It is presented in an elegant box equipped with a luxurious gift card.<br />\r\n&nbsp;</p>\r\n\r\n<hr />\r\n<p>&nbsp;</p>',NULL,'en',NULL,NULL),(270,158,'مسباح العود','<p dir=\"rtl\">لونه بني خشبي معرق، قابل لامتصاص روائح دهن العود بعدد 45 خرزة دائرية كبيرة يتوجه كركوش نجفي<br />\r\nمن خيوط القطن محبوك يدوياً مزين بشعار اسم حفر يقدم بعلبة أنيقة مجهزة بكرت إهداء فخم<br />\r\n&nbsp;</p>\r\n\r\n<hr />\r\n<p>&nbsp;</p>','#مسباح_اسم #عود_أندونيسي #عود_فاخر #خشب_العود #فناتك_كويتية #عود_طبيعي','ar',NULL,NULL),(271,158,'oud rosary','<p>Its color is woody brown with veining, capable of absorbing the scents of Dahn Al Oud, with 45 large circular beads headed by Karkoush Najafi.<br />\r\nMade of hand-woven cotton yarn decorated with Hafar name logo. It is presented in an elegant box equipped with a luxurious gift card<br />\r\n&nbsp;</p>\r\n\r\n<hr />\r\n<p>&nbsp;</p>',NULL,'en',NULL,NULL),(272,159,'مسابيح العود','<p dir=\"rtl\">مسباح طبيعي منحوت يدوياً من خشب العود بلون بني خشبي معتق معرق بعدد 45 خَرزة دائرية متوسطة يتزيّن<br />\r\nبِكركوش قطني فاخر محبوك يدوياً بألوان السدو مع شعار تفصال رمز هواة الخليج<br />\r\nيقدم بِعلبة هدايا أنيقة مجهزة ب كرت إهداء فخم<br />\r\n&nbsp;</p>\r\n\r\n<hr />\r\n<p>&nbsp;</p>',NULL,'ar',NULL,NULL),(273,159,'oud rosary','<p>A natural rosary, hand-carved from agarwood, in a brown, antiqued wood color, with 45 medium round beads.<br />\r\nLuxurious, hand-knitted cotton bokrakush in Sadu colors with the Tessal logo, a symbol of Gulf amateurs<br />\r\nPresented in an elegant gift box equipped with a luxurious gift card<br />\r\n&nbsp;</p>\r\n\r\n<hr />\r\n<p>&nbsp;</p>',NULL,'en',NULL,NULL),(274,162,'بكلايت تركي','<p dir=\"rtl\">مسباح من البكلايت التركي لون ازرق شفاف نقي بِعدد 33 خرزة مكحلة طوالية صغيرة يتوجه طقم فواصل مع كركوش<br />\r\nفاخر مقاوم للصدأ مع شعار تفصال رمز دولة الكويت علبة هدايا أنيقة وكرت إهداء لِتقديم المسباح<br />\r\n&nbsp;</p>\r\n\r\n<hr />\r\n<p>&nbsp;</p>','#مسباح #ميداليه #ميدالية #الكويت #بكلايت #شعارات #ستانلس','ar',NULL,NULL),(275,162,'baklite turki','<p>Rosary made of Turkish Bakelite, a pure transparent blue color, with 33 small longitudinal kohl beads, headed by a set of separators with Karkoush<br />\r\nLuxurious stainless steel with a separate logo, the symbol of the State of Kuwait. An elegant gift box and a gift card to present the misbah<br />\r\n&nbsp;</p>\r\n\r\n<hr />\r\n<p>&nbsp;</p>',NULL,'en',NULL,NULL),(276,163,'بكلايت تركي - حبة البركة','<p dir=\"rtl\">مِسبَاح من البكلايت التركي باللون العسلي الشفاف الممتزج بحبات البركة الطبيعية بعدد 39 خرزة صندوقية متوسطة<br />\r\nفواحة برائحة حبة البركة متوَج ب كَركوش فخم مقاوم للصدأ مع شعار تِفصال إسم<br />\r\nنقدم المِسباح في علبة أنيقة و كرت إهداء فخم<br />\r\n&nbsp;</p>\r\n\r\n<hr />\r\n<p>&nbsp;</p>','#مسباح #بكلايت_تركي #مسبحه #مسابيح #سبحة #هدايا_رجاليه #هدايا #هديه','ar',NULL,NULL),(277,163,'baklite turki','<p>Turkish Bakelite Rosary in transparent honey color mixed with natural pond beads, with 39 medium box beads<br />\r\nA scented plant with the scent of black seed, crowned with a luxurious, stainless karkoush with a name detailing logo<br />\r\nWe present the misbah in an elegant box and a luxurious gift card<br />\r\n&nbsp;</p>\r\n\r\n<hr />\r\n<p>&nbsp;</p>',NULL,'en',NULL,NULL),(278,164,'بكلايت تركي','<p dir=\"rtl\">المسباح من البكلايت التركي لون رصاصي شفاف بعدد 59 خرزة صندوقية متوسطة مكحلة يتوجه فواصل و كَركوش فاخر<br />\r\nمقاوم للصدأ مع شعار تِفصال رمز دولة الكويت علبة جلدية مع كرت إهداء فاخر لِتقديم المِسباح<br />\r\n&nbsp;</p>\r\n\r\n<hr />\r\n<p>&nbsp;</p>','#بكلايت_تركي #مسباح_بكلايت #بكلايت #هدايا_شبابيه','ar',NULL,NULL),(279,164,'baklite turki','<p>The rosary is made of Turkish Bakelite, a transparent gray color, with 59 medium kohl-shaped box beads, with commas and luxurious Karkoush.<br />\r\nStainless steel with a logo detailing the symbol of the State of Kuwait. Leather box with a luxurious gift card to present the rosary<br />\r\n&nbsp;</p>\r\n\r\n<hr />\r\n<p>&nbsp;</p>',NULL,'en',NULL,NULL),(280,165,'بكلايت تركي','<p dir=\"rtl\">المسباح من البكلايت التركي لون عسلي متدرج شفاف بعدد 45 خرزة صندوقية متوسطة مكحلة يتوجه فواصل وكَركوش<br />\r\nفاخر مقاوم للصدأ مع شعار تِفصال عملة تراثية 5 فلس كويتي علبة جلدية مع كرت إهداء فاخر لِتقديم المِسباح<br />\r\n&nbsp;</p>\r\n\r\n<hr />\r\n<p>&nbsp;</p>','#مسباح #بكلايت #قطر #مسابيح #الامارات #هدايا_رجاليه #هدايا #هديه','ar',NULL,NULL),(281,165,'baklite turki','<p>The rosary is made of Turkish Bakelite, a transparent gradient honey color, with 45 medium kohl-shaped box beads, headed by commas and karkoush.<br />\r\nLuxurious stainless steel with detailed logo Traditional coin 5 Kuwaiti fils Leather box with a luxurious gift card for presenting the rosary<br />\r\n&nbsp;</p>\r\n\r\n<hr />\r\n<p>&nbsp;</p>',NULL,'en',NULL,NULL),(282,166,'بكلايت تركي','<p dir=\"rtl\">مِسباح من البكلايت التركي لونه أسود صاك صقيل خَرزاته صندوقية متوسطة بعدد 45 خرزة تزينه فَواصِل مع كركوش<br />\r\nفاخر من الستانلس المقاوم لِلصدأ مع شِعار تفصال إسم نقدمه في علبة أنيقة مع كرت إهداء فخم<br />\r\n&nbsp;</p>\r\n\r\n<hr />\r\n<p>&nbsp;</p>','#بكلايت #بكلايت_تركي #الاسود_يليق_بك #مسباح #هدايا','ar',NULL,NULL),(283,166,'baklite turki','<p>A rosary made of Turkish bakelite, black in color, made of satin, with medium box beads, with 45 beads, decorated with spacers and karkoush.<br />\r\nLuxurious stainless steel with a separate name logo. We present it in an elegant box with a luxurious gift card.<br />\r\n&nbsp;</p>\r\n\r\n<hr />\r\n<p>&nbsp;</p>',NULL,'en',NULL,NULL),(284,167,'بكلايت تركي','<p dir=\"rtl\">مسباح من البكلايت التركي لون حبري شفاف بعدد 45 خرزة صندوقية متوسطة يتوجه فواصل و كَركوش فاخر مقاوم للصدأ<br />\r\nمع شعار تفصال رمز دولة الكويت يقدم بعلبة هدايا أنيقة و كرت إهداء فخم<br />\r\n&nbsp;</p>\r\n\r\n<hr />\r\n<p>&nbsp;</p>','#بكلايت #مسباح #مسباح_بكلايت #مسباح_فاخر #مسابيح #شعار #هدايا #هديه','ar',NULL,NULL),(285,167,'baklite turki','<p>Rosary made of Turkish Bakelite, transparent inky color, with 45 medium-sized box beads, spacers and luxurious, stainless Karkoush<br />\r\nWith the logo of the symbol of the State of Kuwait, it is presented in an elegant gift box and a luxurious gift card<br />\r\n&nbsp;</p>\r\n\r\n<hr />\r\n<p>&nbsp;</p>',NULL,'en',NULL,NULL),(286,168,'بكلايت تركي','<p dir=\"rtl\">مسباح من البكلايت التركي لون حبري شفاف ملمسه رائع في اليد بعدد 45 خرزة صندوقية متوسطة مكحلة يتوجه فواصل<br />\r\nوكركوش فضي فاخر مقاوم للصدأ مع شعار تفصال محفور على الوجهين ب رمز دولة الكويت<br />\r\nعلبة أنيقة مع كرت إهداء فاخر لتقديم المسباح<br />\r\n&nbsp;</p>\r\n\r\n<hr />\r\n<p>&nbsp;</p>',NULL,'ar',NULL,NULL),(287,168,'baklite turki','<p>Rosary made of Turkish Bakelite, transparent inky color, with a wonderful feel in the hand, with 45 medium kohl-shaped box beads, headed by commas<br />\r\nAnd a luxurious silver stainless steel Karkoush with a separate logo engraved on both sides with the symbol of the State of Kuwait<br />\r\nAn elegant box with a luxurious gift card to present the misbah<br />\r\n&nbsp;</p>\r\n\r\n<hr />\r\n<p>&nbsp;</p>','#بكلايت #مسباح #مسباح_بكلايت #مسباح_فاخر #مسابيح #شعار #هدايا','en',NULL,NULL),(288,169,'بكلايت تركي','<p dir=\"rtl\">مسباح مَنحوت من البكلايت التركي لون ازرق شفاف نقي بِعدد 39 خرزة مكحلة صندوقية متوسطة يتوجه طقم فواصل<br />\r\nمع كركوش فاخر مقاوم للصدأ مع شعار تفصال رمز شرطة الكويت علبة هدايا أنيقة وكرت إهداء لِتقديم المسباح<br />\r\n&nbsp;</p>\r\n\r\n<hr />\r\n<p>&nbsp;</p>','#بكلايت_تركي #مسباح #مسابيح #مسباح_فاخر #مسباح_بكلايت #هدايا','ar',NULL,NULL),(289,169,'baklite turki','<p>Rosary carved from Turkish Bakelite, a pure transparent blue color, with 39 medium-sized square kohl beads, headed by a set of separators<br />\r\nWith a luxurious stainless Karkoush with a separate logo, the symbol of the Kuwait Police, an elegant gift box and a gift card to present the misbah<br />\r\n&nbsp;</p>\r\n\r\n<hr />\r\n<p>&nbsp;</p>',NULL,'en',NULL,NULL),(290,170,'مستكة شبيه الكهرمان','<p dir=\"rtl\">مسباح من المستكة شبيه الكهرمان اللون منوصف قيمر بالعسل بعدد 67 خرزة صندوقية متوسطة يتألق ب كَركوش<br />\r\nقطني فاخر بالزري الذهبي اليدوي وشعار تفصال إسم يقدم بعلبة هدايا أنيقة وكرت إهداء فخم<br />\r\n&nbsp;</p>\r\n\r\n<hr />\r\n<p>&nbsp;</p>','#مستكه #مسباح_مستكه #مسكه #مستكة #مسابيح #هدايا #مسباح_فخم','ar',NULL,NULL),(291,170,'Mistika','<p>A mastic rosary, similar to amber, the color is fair, thick, with honey, with 67 medium box beads, sparkling with Karkoush<br />\r\nLuxurious cotton with golden handmade buttons and a separate name logo. Presented in an elegant gift box and a luxurious gift card<br />\r\n&nbsp;</p>\r\n\r\n<hr />\r\n<p>&nbsp;</p>',NULL,'en',NULL,NULL),(292,171,'مستكة شبيه الكهرمان','<p dir=\"rtl\">مسباح من المستكة شبيه الكهرمان اللون كريمي معجن بالعسلي بعدد 45 خرزة دائرية متوسطة فواحة برائحة المستكة<br />\r\nيتألق بكَركوش قطني فاخر بالزري الذهبي اليدوي وشعار دولة الكويت يقدم بعلبة هدايا أنيقة وكرت إهداء فخم<br />\r\n&nbsp;</p>\r\n\r\n<hr />\r\n<p>&nbsp;</p>','#مسباح #مسباح_مستكه #مسابيح_الكويت #صياغه #شعارات #الكويت','ar',NULL,NULL),(293,171,'Mistika','<p>A rosary made of mastic, similar to amber, with a creamy, honey kneaded color, with 45 medium round beads, fragrant with the scent of mastic.<br />\r\nIt shines with luxurious cotton karakush with golden handmade buttons and the emblem of the State of Kuwait. It is presented in an elegant gift box and a luxurious gift card.<br />\r\n&nbsp;</p>\r\n\r\n<hr />\r\n<p>&nbsp;</p>',NULL,'en',NULL,NULL),(294,172,'مستكة شبيه الكهرمان','<p dir=\"rtl\">مِسبَاح من المستكة شبيه الكهرمان اللون معجن قيمر بالعسل بعدد 51 خرزة صندوقية متوسطة متوج بكَركوش قطني فاخر<br />\r\nبالزري الذهبي اليدوي مع شِعار حفر تِفصال إسم نقدم المِسباح في علبة أنيقة مع كرت إهداء فخم<br />\r\n&nbsp;</p>\r\n\r\n<hr />\r\n<p>&nbsp;</p>',NULL,'ar',NULL,NULL),(295,172,'Mistika','<p>Misbaha made of mastic, similar to amber in color, qaimar paste with honey, with 51 medium box beads, crowned with luxurious cotton karkush<br />\r\nWith a golden handmade button with a logo engraved detailing a name, we present the misbah in an elegant box with a luxurious gift card<br />\r\n&nbsp;</p>\r\n\r\n<hr />\r\n<p>&nbsp;</p>',NULL,'en',NULL,NULL),(296,173,'مستكة شبيه الكهرمان','<p dir=\"rtl\">مسباح من المستكة شبيه الكهرمان اللون أصفر ليموني كريمي بعدد 70 خرزة ذروية متوسطة فواحة برائحة المستكة<br />\r\nيتألق ب كَركوش قطني فاخر بالزري الذهبي اليدوي يقدم ب علبة هدايا أنيقة و كرت إهداء فخم<br />\r\n&nbsp;</p>\r\n\r\n<hr />\r\n<p>&nbsp;</p>','#مستكه #مستكة #مسباح #روائح #عطر #خامات #خامه','ar',NULL,NULL),(297,173,'Mistika','<p>Amber-like mastic rosary, lemon yellow, creamy, with 70 medium peak beads, fragrant with the scent of mastic<br />\r\nIt shines with luxurious cotton karakoush with handmade golden buttons. Presented in an elegant gift box and a luxurious gift card<br />\r\n&nbsp;</p>\r\n\r\n<hr />\r\n<p>&nbsp;</p>',NULL,'en',NULL,NULL),(298,174,'مستكة شبيه الكهرمان','<p dir=\"rtl\">مسباح من المستكة شبيه الكهرمان اللون أصفر كريمي بعدد 39 خرزة دائرية كبيرة فواحة برائحة المستكة<br />\r\nيتألق بكَركوش قطني فاخر محبوك يدوياً&nbsp; يقدم ب علبة هدايا أنيقة وكرت إهداء فخم<br />\r\n&nbsp;</p>\r\n\r\n<hr />\r\n<p>&nbsp;</p>','#مسباح_مستكه #مستكه #مسابيح #مسباح #سبحة #مسبحة #مسابح #سبحه','ar',NULL,NULL),(299,174,'Mistika','<p>A rosary made of mastic, similar to amber, the color is creamy yellow, with 39 large circular beads, fragrant with the scent of mastic<br />\r\nIt sparkles with luxurious hand-knitted cotton ruffles, presented in an elegant gift box and a luxurious gift card<br />\r\n&nbsp;</p>\r\n\r\n<hr />\r\n<p>&nbsp;</p>',NULL,'en',NULL,NULL),(300,175,'مستكة شبيه الكهرمان','<p dir=\"rtl\">مسباح من المستكة شبيه الكهرمان اللون أصفر معرق كريمي بعدد 66 خرزة ذروية متوسطة فواحة برائحة المستكة<br />\r\nيتألق ب كَركوش قطني فاخر محبوك يدوياً يقدم بعلبة هدايا أنيقة وكرت إهداء فخم<br />\r\n&nbsp;</p>\r\n\r\n<hr />\r\n<p>&nbsp;</p>','#مستكه #مسباح #هدايا #هديه #مسباح_مستكه #مستكه_فواح #شبيه_الكهرب','ar',NULL,NULL),(301,175,'Mistika','<p>A mastic rosary, similar to amber, yellow-veined, creamy color, with 66 medium peak beads, fragrant with the scent of mastic<br />\r\nIt sparkles with luxurious hand-knitted cotton karakush, presented in an elegant gift box and a luxurious gift card<br />\r\n&nbsp;</p>\r\n\r\n<hr />\r\n<p>&nbsp;</p>',NULL,'en',NULL,NULL),(302,176,'مستكة شبيه الكهرمان','<p dir=\"rtl\">مسباح من المستكة شبيه الكهرمان اللون أصفر كريمي معرق بعدد 39 خرزة دائرية كبيرة فواحة برائحة المستكة<br />\r\nيتألق بكَركوش قطني فاخر بالزري الذهبي اليدوي يقدم ب علبة هدايا أنيقة وكرت إهداء فخم<br />\r\n&nbsp;</p>\r\n\r\n<hr />\r\n<p>&nbsp;</p>','#مستكه #هدايا_تخرج #مسباح #مسابيح #هدايا #هديه #مستكه_فواح','ar',NULL,NULL),(303,176,'Mistika','<p>A mastic rosary, similar to amber, creamy yellow, veined, with 39 large round beads, fragrant with the scent of mastic<br />\r\nIt sparkles with luxurious cotton karakoush with handmade golden zari. It is presented in an elegant gift box and a luxurious gift card<br />\r\n&nbsp;</p>\r\n\r\n<hr />\r\n<p>&nbsp;</p>',NULL,'en',NULL,NULL),(304,177,'مستكة شبيه الكهرمان','<p dir=\"rtl\">مسباح من المستكة شبيه الكهرمان اللون أصفر ليموني معجن بعدد 53 خرزة دائرية متوسطة فواحة برائحة المستكة<br />\r\nيتألق ب كَركوش قطني فاخر محبوك يدوياً يقدم ب علبة هدايا أنيقة وكرت إهداء فخم<br />\r\n&nbsp;</p>\r\n\r\n<hr />\r\n<p>&nbsp;</p>','#مستكه #مستكة #مسباح_مستكه #مسابيح #مسباح #هدايا #هدايا_قيمه','ar',NULL,NULL),(305,177,'Mistika','<p>A mastic rosary, similar to amber, lemon yellow color, kneaded with 53 medium round beads, fragrant with the smell of mastic<br />\r\nIt sparkles with luxurious hand-knitted cotton karakush, presented in an elegant gift box and a luxurious gift card<br />\r\n&nbsp;</p>\r\n\r\n<hr />\r\n<p>&nbsp;</p>',NULL,'en',NULL,NULL),(306,179,'مستكة شبيه الكهرمان','<p dir=\"rtl\">هدايا لكل الأحباب مسباح فواح من المستكة شبيه الكهرمان اللون أصفر كريمي بعدد 33 خرزة متوسطة<br />\r\nيتوجه كركوش قطني فاخر محبوك يدوياً نقدمه بِعلبة أنيقة مع كرت إهداء فخم<br />\r\n&nbsp;</p>\r\n\r\n<hr />\r\n<p>&nbsp;</p>','#مستكه #مستكه_فواح #مستكة #مسكه #مسباح #مسباح_مستكه #هداي','ar',NULL,NULL),(307,179,'Mistika','<p>Gifts for all loved ones, a fragrant mastic rosary, similar to amber, creamy yellow, with 33 medium beads<br />\r\nWe present it in an elegant box with a luxurious gift card<br />\r\n&nbsp;</p>\r\n\r\n<hr />\r\n<p>&nbsp;</p>',NULL,'en',NULL,NULL),(308,180,'مستكة شبيه الكهرمان','<p dir=\"rtl\">مسباح من المستكة شبيه الكهرمان اللون كريمي معرق بالعسلي بعدد 51 خرزة دائرية متوسطة يتألق ب كَركوش حريري<br />\r\nفاخر بالزري الذهبي اليدوي وشعار رمز دولة الكويت يقدم بعلبة هدايا أنيقة وكرت إهداء فخم<br />\r\n&nbsp;</p>\r\n\r\n<hr />\r\n<p>&nbsp;</p>','#مستكه #مسكه #مسباح #مسابيح #شعار #الكويت #مسباح_مستكه','ar',NULL,NULL),(309,180,'Mistika','<p>A rosary made of mastic, similar to amber, with a creamy, honey-veined color, with 51 medium round beads, sparkling with silky karkosh.<br />\r\nLuxurious with the golden handmade button and the emblem of the symbol of the State of Kuwait, presented in an elegant gift box and a luxurious gift card<br />\r\n&nbsp;</p>\r\n\r\n<hr />\r\n<p>&nbsp;</p>',NULL,'en',NULL,NULL);

--
-- Table structure for table `products`
--

CREATE TABLE `products` (
  `id` int unsigned NOT NULL AUTO_INCREMENT,
  `image` varchar(255) CHARACTER SET utf8mb4 COLLATE utf8mb4_unicode_ci DEFAULT NULL,
  `user_id` int unsigned DEFAULT NULL,
  `mainprice` decimal(8,2) NOT NULL DEFAULT '0.00',
  `discount` decimal(8,2) NOT NULL DEFAULT '0.00',
  `stoke` int NOT NULL DEFAULT '0',
  `option` enum('true','false') CHARACTER SET utf8mb4 COLLATE utf8mb4_unicode_ci DEFAULT NULL,
  `code` varchar(255) CHARACTER SET utf8mb4 COLLATE utf8mb4_unicode_ci DEFAULT NULL,
  `status` enum('pending','reject','active') CHARACTER SET utf8mb4 COLLATE utf8mb4_unicode_ci NOT NULL DEFAULT 'pending',
  `reason` longtext CHARACTER SET utf8mb4 COLLATE utf8mb4_unicode_ci,
  `deleted_at` timestamp NULL DEFAULT NULL,
  `created_at` timestamp NULL DEFAULT NULL,
  `updated_at` timestamp NULL DEFAULT NULL,
  `checked` int NOT NULL DEFAULT '1',
  `knetPay` int NOT NULL DEFAULT '0',
  `arrivalTime` varchar(191) CHARACTER SET utf8mb4 COLLATE utf8mb4_unicode_ci DEFAULT NULL,
  `Thread_options` int DEFAULT '0',
  `defualt_Thread_count` int DEFAULT '33',
  `news` int DEFAULT NULL,
  `checkWhatsapp` varchar(191) CHARACTER SET utf8mb4 COLLATE utf8mb4_unicode_ci DEFAULT NULL,
  `nameOfCart` varchar(191) CHARACTER SET utf8mb4 COLLATE utf8mb4_unicode_ci DEFAULT NULL,
  `defualt_Thread_count_showed` varchar(191) CHARACTER SET utf8mb4 COLLATE utf8mb4_unicode_ci DEFAULT NULL,
  `const` int NOT NULL DEFAULT '0',
  PRIMARY KEY (`id`),
  KEY `products_user_id_foreign` (`user_id`),
  CONSTRAINT `products_user_id_foreign` FOREIGN KEY (`user_id`) REFERENCES `users` (`id`) ON DELETE CASCADE
) ENGINE=InnoDB AUTO_INCREMENT=181 DEFAULT CHARSET=utf8mb4 COLLATE=utf8mb4_unicode_ci;

--
-- Dumping data for table `products`
--

INSERT INTO `products` (`id`, `image`, `user_id`, `mainprice`, `discount`, `stoke`, `option`, `code`, `status`, `reason`, `deleted_at`, `created_at`, `updated_at`, `checked`, `knetPay`, `arrivalTime`, `Thread_options`, `defualt_Thread_count`, `news`, `checkWhatsapp`, `nameOfCart`, `defualt_Thread_count_showed`, `const`) VALUES (1,'2022-11-06-download.jpeg',1,21.00,20.00,21,NULL,NULL,'active',NULL,'2022-11-08 05:38:12','2022-11-06 19:21:28','2022-11-08 05:38:12',1,0,NULL,1,33,1,'true','true',NULL,0),(2,'2022-11-17-product_additional_image_58278_1.jpg',1,45.40,18.50,5,NULL,NULL,'active',NULL,'2022-12-01 11:07:29','2022-11-08 06:28:25','2022-12-01 11:07:29',1,0,NULL,2,23,3,'true','true',NULL,0),(3,'2022-11-17-product_additional_image_57743_1.jpg',1,23.00,12.00,5,NULL,NULL,'active',NULL,'2022-12-01 11:07:32','2022-11-08 09:33:27','2022-12-01 11:07:32',1,0,NULL,0,33,2,'false','true',NULL,0),(4,'2022-11-17-product_additional_image_43913.jpg',1,34.00,12.00,23,NULL,NULL,'active',NULL,'2022-12-01 11:07:36','2022-11-08 09:35:48','2022-12-01 11:07:36',1,0,NULL,0,33,1,'false','false',NULL,0),(5,'2022-11-19-aa.jpg',1,45.00,23.00,4,NULL,NULL,'active',NULL,'2022-12-03 09:25:53','2022-11-08 09:37:22','2022-12-03 09:25:53',1,0,NULL,0,33,0,'false','false',NULL,0),(6,'2022-11-20-WhatsApp Image 2022-11-20 at 6.24.20 PM.jpeg',1,10.00,10.00,10,NULL,NULL,'active',NULL,'2022-11-20 14:12:42','2022-11-20 13:49:39','2022-11-20 14:12:42',1,0,NULL,1,33,1,'true','true',NULL,0),(7,NULL,NULL,0.00,0.00,0,NULL,NULL,'pending',NULL,'2022-11-20 14:26:43','2022-11-20 14:10:13','2022-11-20 14:26:43',1,0,NULL,0,33,NULL,NULL,NULL,NULL,0),(8,'2022-11-20-RYBT564-1.png',1,45.00,45.00,1,NULL,NULL,'active',NULL,'2022-12-01 11:07:20','2022-11-20 14:12:49','2022-12-01 11:07:20',1,0,NULL,1,33,1,'true','true',NULL,0),(9,'2022-11-20-Screen Shot 2022-11-20 at 7.06.03 PM.png',1,25.00,20.00,20,NULL,NULL,'active',NULL,'2022-12-01 11:07:16','2022-11-20 14:26:55','2022-12-01 11:07:16',1,0,NULL,0,45,0,NULL,'true',NULL,0),(10,'2022-11-20-product_additional_image_58789.jpeg',1,40.00,0.00,5,NULL,NULL,'active',NULL,'2022-12-03 09:25:50','2022-11-20 14:33:30','2022-12-03 09:25:50',1,0,NULL,NULL,66,0,'true','true',NULL,0),(11,'2022-11-20-RYMT417-1.png',1,25.00,25.00,10,NULL,NULL,'active',NULL,'2022-12-03 09:25:47','2022-11-20 14:41:04','2022-12-03 09:25:47',1,0,NULL,1,51,1,'true','true',NULL,0),(12,NULL,NULL,0.00,0.00,0,NULL,NULL,'pending',NULL,'2022-12-01 11:07:39','2022-11-21 09:47:10','2022-12-01 11:07:39',1,0,NULL,0,33,NULL,NULL,NULL,NULL,0),(13,'2022-12-01-RYKHP217-1.jpg',1,120.00,0.00,2,NULL,NULL,'active',NULL,'2022-12-01 13:31:04','2022-12-01 11:13:32','2022-12-01 13:31:04',1,0,NULL,0,33,0,NULL,NULL,NULL,0),(14,'2022-12-01-RYKHP152-3.jpg',1,90.00,90.00,3,NULL,NULL,'active',NULL,'2022-12-03 09:25:43','2022-12-01 13:22:25','2022-12-03 09:25:43',1,0,NULL,1,33,1,'true','true',NULL,0),(15,'2022-12-03-RYKHP104-1.jpg',1,175.00,175.00,3,NULL,NULL,'active',NULL,'2022-12-08 00:23:14','2022-12-03 09:41:05','2022-12-08 00:23:14',1,0,NULL,1,107,1,'true','true',NULL,0),(16,'2022-12-03-RYKHP106-1.jpg',1,175.00,175.00,1,NULL,NULL,'active',NULL,'2022-12-08 00:23:17','2022-12-03 10:03:45','2022-12-08 00:23:17',1,0,NULL,1,107,1,'true','true',NULL,0),(17,'2022-12-03-RYKHP138-1.jpg',1,170.00,170.00,1,NULL,'RYKHP138','pending',NULL,NULL,'2022-12-03 10:14:25','2022-12-22 22:54:43',1,0,NULL,1,107,NULL,'true','true',NULL,0),(18,'2022-12-03-RYKHP144-1.jpg',1,650.00,650.00,1,NULL,NULL,'pending',NULL,NULL,'2022-12-03 10:29:46','2022-12-22 22:55:36',1,0,NULL,0,33,1,'true','true',NULL,0),(19,'2022-12-03-RYKHP145-1.jpg',1,700.00,700.00,1,NULL,NULL,'pending',NULL,NULL,'2022-12-03 10:33:51','2022-12-22 22:54:44',1,0,NULL,0,51,1,'false','false',NULL,0),(20,'2022-12-03-RYKHP151-1.jpg',1,580.00,580.00,1,NULL,NULL,'pending',NULL,NULL,'2022-12-03 12:01:15','2022-12-22 22:54:48',1,0,NULL,0,45,1,'true','true',NULL,0),(21,'2022-12-03-RYKHP152-1.jpg',1,1150.00,1150.00,1,NULL,NULL,'pending',NULL,NULL,'2022-12-03 12:06:45','2022-12-22 22:54:47',1,0,NULL,0,33,1,'true','true',NULL,0),(22,'2022-12-03-RYKHP153-1.jpg',1,680.00,680.00,1,NULL,NULL,'pending',NULL,NULL,'2022-12-03 12:11:36','2022-12-22 22:54:47',1,0,NULL,0,55,1,'true','true',NULL,0),(23,'2022-12-03-RYKHP154-1.jpg',1,600.00,600.00,1,NULL,NULL,'pending',NULL,NULL,'2022-12-03 12:22:03','2022-12-22 22:54:46',1,0,NULL,0,51,1,'true','true',NULL,0),(24,'2022-12-03-RYKHP173-1.jpg',1,125.00,125.00,1,NULL,NULL,'pending',NULL,NULL,'2022-12-03 12:33:16','2022-12-22 22:54:50',1,0,NULL,0,33,3,'true','true',NULL,0),(25,'2022-12-03-RYKHP186-1.jpg',1,380.00,380.00,1,NULL,NULL,'pending',NULL,NULL,'2022-12-03 12:40:22','2022-12-22 22:54:51',1,0,NULL,0,99,2,'true','true',NULL,0),(26,'2022-12-03-RYKHP185-1.jpg',1,300.00,300.00,1,NULL,'sd','pending',NULL,NULL,'2022-12-03 12:44:26','2022-12-22 22:54:52',1,0,NULL,0,60,1,'true','true',NULL,0),(27,'2022-12-05-RYKHP187-1.jpg',1,450.00,450.00,1,NULL,NULL,'pending',NULL,NULL,'2022-12-05 09:25:23','2022-12-22 22:54:53',1,0,NULL,0,53,1,'true','true',NULL,0),(28,'2022-12-05-RYKHP191-1.jpg',1,600.00,600.00,1,NULL,NULL,'pending',NULL,NULL,'2022-12-05 09:51:31','2022-12-22 22:54:56',1,0,NULL,0,73,1,'true','true',NULL,0),(29,'2022-12-05-RYKHP189-1.jpg',1,470.00,470.00,1,NULL,NULL,'pending',NULL,NULL,'2022-12-05 09:55:30','2022-12-22 22:54:56',1,0,NULL,0,61,1,'true','true',NULL,0),(30,'2022-12-05-RYKHP193-1.jpg',1,540.00,540.00,1,NULL,NULL,'pending',NULL,NULL,'2022-12-05 09:58:29','2022-12-22 22:54:57',1,0,NULL,0,43,1,'true','true',NULL,0),(31,'2022-12-05-RYKHP197-1.jpg',1,750.00,750.00,1,NULL,NULL,'pending',NULL,NULL,'2022-12-05 10:01:51','2022-12-22 22:54:58',1,0,NULL,0,67,1,'true','true',NULL,0),(32,'2022-12-05-RYKHP202-1.jpg',1,850.00,850.00,1,NULL,NULL,'pending',NULL,NULL,'2022-12-05 10:04:51','2022-12-22 22:55:01',1,0,NULL,0,51,1,'true','true',NULL,0),(33,'2022-12-05-RYKHP192-1.jpg',1,650.00,650.00,1,NULL,'qw','pending',NULL,NULL,'2022-12-05 10:08:31','2022-12-22 22:55:03',1,0,NULL,2,30,2,'false','true',NULL,0),(34,NULL,NULL,0.00,0.00,0,NULL,NULL,'pending',NULL,'2022-12-06 14:29:43','2022-12-06 14:24:37','2022-12-06 14:29:43',1,0,NULL,0,33,NULL,NULL,NULL,NULL,0),(35,NULL,NULL,0.00,0.00,0,NULL,NULL,'pending',NULL,'2022-12-08 00:08:28','2022-12-08 00:01:28','2022-12-08 00:08:28',1,0,NULL,0,33,NULL,NULL,NULL,NULL,0),(36,NULL,NULL,0.00,0.00,0,NULL,NULL,'pending',NULL,'2022-12-08 00:12:55','2022-12-08 00:12:10','2022-12-08 00:12:55',1,0,NULL,0,33,NULL,NULL,NULL,NULL,0),(37,NULL,NULL,0.00,0.00,0,NULL,NULL,'active',NULL,'2022-12-08 00:31:48','2022-12-08 00:13:02','2022-12-08 00:31:48',1,0,NULL,0,33,NULL,NULL,NULL,NULL,0),(38,NULL,NULL,0.00,0.00,0,NULL,NULL,'pending',NULL,'2022-12-08 06:30:35','2022-12-08 00:33:01','2022-12-08 06:30:35',1,0,NULL,0,33,NULL,NULL,NULL,NULL,0),(39,'2022-12-08-RYKHP145-1.jpg',1,50.00,50.00,1,NULL,'qdq','active',NULL,'2022-12-13 18:17:08','2022-12-08 06:30:43','2022-12-13 18:17:08',1,0,NULL,0,33,0,'false','true',NULL,0),(40,NULL,NULL,0.00,0.00,0,NULL,NULL,'pending',NULL,'2022-12-13 18:12:03','2022-12-10 07:50:48','2022-12-13 18:12:03',1,0,NULL,0,33,NULL,NULL,NULL,NULL,0),(41,NULL,NULL,0.00,0.00,0,NULL,NULL,'pending',NULL,'2022-12-13 18:12:06','2022-12-12 12:13:37','2022-12-13 18:12:06',1,0,NULL,0,33,NULL,NULL,NULL,NULL,0),(42,'2022-12-12-rydn37-1.jpg',1,25.00,0.00,5,NULL,'rydn37','active',NULL,'2022-12-12 15:29:02','2022-12-12 15:16:58','2022-12-12 15:29:02',1,0,NULL,0,33,0,NULL,'true',NULL,0),(43,'2022-12-12-rydn37-1.jpg',1,25.00,25.00,5,NULL,'rydn37','active',NULL,'2022-12-12 15:33:28','2022-12-12 15:29:04','2022-12-12 15:33:28',1,0,NULL,0,33,1,'false','true',NULL,0),(44,NULL,NULL,0.00,0.00,0,NULL,NULL,'pending',NULL,'2022-12-13 18:12:08','2022-12-13 06:51:31','2022-12-13 18:12:08',1,0,NULL,0,33,NULL,NULL,NULL,NULL,0),(45,'2022-12-13-RYHL1-1.jpg',1,50.00,50.00,5,NULL,'RYMT55','active',NULL,'2022-12-13 18:11:59','2022-12-13 07:36:51','2022-12-13 18:11:59',1,0,NULL,0,33,1,'true','true',NULL,0),(46,NULL,NULL,0.00,0.00,0,NULL,NULL,'pending',NULL,'2022-12-13 18:32:13','2022-12-13 18:24:22','2022-12-13 18:32:13',1,0,NULL,0,33,NULL,NULL,NULL,NULL,0),(47,'2022-12-13-RYHL1-1.jpg',1,30.00,30.00,5,NULL,'RYHL1','active',NULL,NULL,'2022-12-13 18:32:15','2023-01-03 10:46:03',1,0,NULL,0,45,2,'true','true',NULL,0),(48,'2022-12-13-RYHL2-1.jpg',1,35.00,35.00,3,NULL,'RYHL2','active',NULL,NULL,'2022-12-13 18:49:10','2023-01-14 20:16:23',1,0,NULL,0,39,NULL,'true','true',NULL,0),(49,'2022-12-13-RYHL4-1.jpg',1,30.00,30.00,2,NULL,'RYHL4','active',NULL,NULL,'2022-12-13 19:09:05','2023-01-03 10:54:02',1,0,NULL,1,45,1,'true','true',NULL,0),(50,'2022-12-13-RYHL3-1.jpg',1,30.00,30.00,0,NULL,'RYHL3','active',NULL,NULL,'2022-12-13 19:42:57','2022-12-17 06:38:22',1,0,NULL,1,39,0,'true','true',NULL,0),(51,'2022-12-13-RYHL5-1.jpg',1,30.00,30.00,0,NULL,'RYHL5','active',NULL,NULL,'2022-12-13 20:15:04','2023-01-03 10:56:07',1,0,NULL,1,39,2,'true','true',NULL,0),(52,'2022-12-13-RYHL6-1.jpg',1,30.00,30.00,9,NULL,'RYHL6','active',NULL,NULL,'2022-12-13 20:36:46','2023-01-03 10:57:46',1,0,NULL,1,45,0,'true','true',NULL,0),(53,'2022-12-13-rydn37-1.jpg',1,25.00,25.00,6,NULL,'RYDN37','active',NULL,NULL,'2022-12-13 20:51:47','2023-01-03 10:59:06',1,0,NULL,1,33,2,'true','true',NULL,0),(54,'2022-12-13-rydn36-1.jpg',1,30.00,30.00,3,NULL,'RYDN36','active',NULL,NULL,'2022-12-13 21:07:16','2023-01-03 10:59:51',1,0,NULL,1,33,2,'true','true',NULL,0),(55,NULL,NULL,0.00,0.00,0,NULL,NULL,'pending',NULL,'2022-12-14 06:45:35','2022-12-14 05:35:06','2022-12-14 06:45:35',1,0,NULL,0,33,NULL,NULL,NULL,NULL,0),(56,'2022-12-14-tttt.png',1,20.00,20.00,0,NULL,'mmmm','active',NULL,'2022-12-14 08:14:42','2022-12-14 07:16:50','2022-12-14 08:14:42',1,0,NULL,0,33,0,NULL,NULL,NULL,0),(57,NULL,NULL,0.00,0.00,0,NULL,NULL,'pending',NULL,'2022-12-14 09:02:07','2022-12-14 09:00:24','2022-12-14 09:02:07',1,0,NULL,0,33,NULL,NULL,NULL,NULL,0),(58,'2022-12-14-rydn35-1.jpg',1,22.00,22.00,2,NULL,'RYDN35','active',NULL,NULL,'2022-12-14 19:05:16','2023-01-03 11:09:55',1,0,NULL,0,33,1,'true','true',NULL,0),(59,'2022-12-14-rydn34-1.jpg',1,18.00,18.00,9,NULL,'RYDN34','active',NULL,NULL,'2022-12-14 19:15:07','2023-01-14 20:17:14',1,0,NULL,1,45,NULL,'true','true',NULL,0),(60,'2022-12-14-rydn33-1.jpg',1,25.00,25.00,9,NULL,'RYDN33','active',NULL,NULL,'2022-12-14 19:24:49','2023-01-03 11:40:27',1,0,NULL,1,51,0,'true','true',NULL,0),(61,'2022-12-14-rydn32-1.jpg',1,27.00,27.00,8,NULL,'RYDN32','active',NULL,NULL,'2022-12-14 20:34:50','2023-01-14 20:18:00',1,0,NULL,0,39,NULL,'true','true',NULL,0),(62,'2022-12-14-rydn31-1.jpg',1,30.00,30.00,15,NULL,'RYDN31','active',NULL,NULL,'2022-12-14 21:15:19','2023-01-03 11:57:03',1,0,NULL,1,39,0,'true','true',NULL,0),(63,'2022-12-14-rydn27-1.jpg',1,35.00,35.00,9,NULL,'RYDN27','active',NULL,NULL,'2022-12-14 21:27:34','2023-01-03 11:57:37',1,0,NULL,1,66,1,'true','true',NULL,0),(64,'2022-12-14-rydn25-1.jpg',1,30.00,30.00,8,NULL,'RYDN25','active',NULL,NULL,'2022-12-14 21:37:20','2023-01-03 11:58:21',1,0,NULL,0,66,0,'true','true',NULL,0),(65,'2022-12-14-rydn24-1.jpg',1,22.00,22.00,0,NULL,'RYDN24','active',NULL,NULL,'2022-12-14 21:52:15','2023-01-03 11:59:25',1,0,NULL,1,33,2,'true','true',NULL,0),(66,'2022-12-15-rydn23-1.jpg',1,35.00,35.00,7,NULL,'RYDN23','active',NULL,NULL,'2022-12-14 22:01:47','2023-01-03 11:59:57',1,0,NULL,1,45,0,'true','true',NULL,0),(67,NULL,NULL,0.00,0.00,0,NULL,NULL,'pending',NULL,'2022-12-17 20:38:33','2022-12-17 08:06:46','2022-12-17 20:38:33',1,0,NULL,0,33,NULL,NULL,NULL,NULL,0),(68,'2022-12-17-RYKHK25-1.png',1,20.00,0.00,1,NULL,'222','active',NULL,'2022-12-17 20:38:30','2022-12-17 08:35:51','2022-12-17 20:38:30',1,0,NULL,0,33,NULL,'false','false','true',0),(69,'2022-12-17-ryco19-1.jpg',1,25.00,25.00,2,NULL,'RYCO19','active',NULL,NULL,'2022-12-17 20:38:35','2023-01-03 12:01:22',1,0,NULL,1,45,1,'true','true',NULL,0),(70,'2022-12-17-ryco18-1.jpg',1,25.00,25.00,1,NULL,'RYCO18','active',NULL,NULL,'2022-12-17 20:52:12','2023-01-03 12:02:35',1,0,NULL,1,51,0,'true','true',NULL,0),(71,'2022-12-17-ryco17-1.jpg',1,25.00,25.00,0,NULL,'RYCO17','active',NULL,NULL,'2022-12-17 21:04:03','2023-01-03 12:03:08',1,0,NULL,1,33,0,'true','true',NULL,0),(72,'2022-12-17-ryco16-1.jpg',1,30.00,30.00,15,NULL,'RYCO16','active',NULL,NULL,'2022-12-17 21:13:42','2023-01-03 12:03:45',1,0,NULL,1,99,0,'true','true',NULL,0),(73,'2022-12-17-ryco14-1.jpg',1,25.00,25.00,3,NULL,'RYCO14','active',NULL,NULL,'2022-12-17 21:24:01','2023-01-03 12:04:50',1,0,NULL,0,39,0,'true','true',NULL,0),(74,'2022-12-17-ryco13-1.jpg',1,30.00,30.00,7,NULL,'RYCO13','active',NULL,NULL,'2022-12-17 21:30:27','2023-01-03 12:05:32',1,0,NULL,1,39,0,'true','true',NULL,0),(75,'2022-12-17-ryco12-1.jpg',1,30.00,30.00,5,NULL,'RYCO12','active',NULL,NULL,'2022-12-17 21:40:19','2023-01-03 12:06:10',1,0,NULL,1,39,0,'true','true',NULL,0),(76,'2022-12-17-ryco11-1.jpg',1,22.00,22.00,15,NULL,'RYCO11','active',NULL,NULL,'2022-12-17 21:49:40','2023-01-03 12:06:47',1,0,NULL,1,33,0,'true','true',NULL,0),(77,'2022-12-18-ryco10-1.jpg',1,25.00,25.00,0,NULL,'RYCO10','active',NULL,NULL,'2022-12-17 22:11:14','2023-01-03 12:07:12',1,0,NULL,1,33,0,'true','true',NULL,0),(78,'2022-12-18-ryco8-1.jpg',1,30.00,30.00,0,NULL,'RYCO8','active',NULL,NULL,'2022-12-17 22:16:16','2023-01-03 12:07:42',1,0,NULL,1,66,0,'true','true',NULL,0),(79,'2022-12-18-RYKHP228-1.jpg',1,165.00,165.00,1,NULL,'RYKHP228','active',NULL,NULL,'2022-12-18 21:24:09','2022-12-24 20:59:13',1,0,NULL,0,33,1,'true','true',NULL,0),(80,'2022-12-18-RYKHP227-1.jpg',1,440.00,440.00,1,NULL,'RYKHP227','active',NULL,NULL,'2022-12-18 21:31:46','2023-01-03 12:08:32',1,0,NULL,0,67,0,'true','true',NULL,1),(81,'2022-12-18-RYKHP224-1.jpg',1,120.00,120.00,1,NULL,'RYKHP224','active',NULL,NULL,'2022-12-18 21:38:16','2022-12-18 21:54:03',1,0,NULL,0,65,0,'true','true',NULL,0),(82,'2022-12-19-RYKHP223-1.jpg',1,210.00,210.00,1,NULL,'RYKHP223','active',NULL,NULL,'2022-12-18 22:00:36','2023-01-03 12:09:28',1,0,NULL,0,51,0,'true','true',NULL,0),(83,'2022-12-19-RYKHP222-1.jpg',1,120.00,120.00,1,NULL,'RYKHP222','active',NULL,NULL,'2022-12-18 22:06:32','2022-12-22 23:10:53',1,0,NULL,0,39,1,'true','true',NULL,0),(84,NULL,NULL,0.00,0.00,0,NULL,NULL,'pending',NULL,'2022-12-20 06:12:04','2022-12-20 06:09:09','2022-12-20 06:12:04',1,0,NULL,0,33,NULL,NULL,NULL,NULL,0),(85,'2022-12-20-RYKHP221-1.jpg',1,230.00,230.00,1,NULL,'RYKHP221','active',NULL,NULL,'2022-12-20 20:46:18','2023-01-03 12:10:21',1,0,NULL,0,55,0,'true','true',NULL,0),(86,'2022-12-20-RYKHP219-1.jpg',1,350.00,350.00,1,NULL,'RYKHP219','active',NULL,NULL,'2022-12-20 20:53:10','2022-12-20 21:18:03',1,0,NULL,0,53,0,'true','true',NULL,0),(87,'2022-12-20-RYKHP218-1.jpg',1,260.00,260.00,1,NULL,'ٌRYKHP218','active',NULL,NULL,'2022-12-20 21:01:11','2022-12-20 21:17:49',1,0,NULL,0,57,0,'true','true',NULL,0),(88,'2022-12-20-RYKHP217-1.jpg',1,420.00,420.00,1,NULL,'RYKHP217','active',NULL,NULL,'2022-12-20 21:04:53','2022-12-20 21:17:35',1,0,NULL,0,45,0,'true','true',NULL,0),(89,'2022-12-20-RYKHP216-1.jpg',1,330.00,330.00,1,NULL,'RYKHP216','active',NULL,NULL,'2022-12-20 21:12:13','2022-12-21 06:24:38',1,0,NULL,0,65,0,'true','true',NULL,0),(90,NULL,NULL,0.00,0.00,0,NULL,NULL,'pending',NULL,'2022-12-21 06:24:21','2022-12-21 06:09:21','2022-12-21 06:24:21',1,0,NULL,0,33,NULL,NULL,NULL,NULL,0),(91,'2022-12-23-RYAG269-1.jpg',1,120.00,120.00,1,NULL,'RYAG269','active',NULL,NULL,'2022-12-22 22:20:22','2022-12-25 06:42:56',1,0,NULL,0,35,2,'true','true',NULL,0),(92,'2022-12-23-RYAG268-1.jpg',1,160.00,160.00,1,NULL,'RYAG268','active',NULL,NULL,'2022-12-22 22:28:33','2022-12-22 22:35:47',1,0,NULL,0,33,0,'true','true',NULL,0),(93,NULL,NULL,0.00,0.00,0,NULL,NULL,'pending',NULL,'2022-12-22 22:36:36','2022-12-22 22:34:27','2022-12-22 22:36:36',1,0,NULL,0,33,NULL,NULL,NULL,NULL,0),(94,NULL,NULL,0.00,0.00,0,NULL,NULL,'pending',NULL,'2022-12-22 22:36:43','2022-12-22 22:36:29','2022-12-22 22:36:43',1,0,NULL,0,33,NULL,NULL,NULL,NULL,0),(95,'2022-12-23-RYAG267-1.jpg',1,80.00,80.00,1,NULL,'RYAG267','active',NULL,NULL,'2022-12-22 22:36:45','2022-12-22 22:40:55',1,0,NULL,0,33,NULL,'true','true',NULL,0),(96,'2022-12-23-RYAG265-1.jpg',1,150.00,150.00,1,NULL,'RYAG265','active',NULL,NULL,'2022-12-22 22:44:06','2022-12-22 23:07:45',1,0,NULL,0,33,1,'true','true',NULL,0),(97,'2022-12-23-RYAG263-1.jpg',1,150.00,150.00,1,NULL,'RYAG263','active',NULL,NULL,'2022-12-22 22:49:43','2022-12-24 20:58:04',1,0,NULL,0,33,NULL,'true','true',NULL,0),(98,'2022-12-23-RYAG262-1.jpg',1,130.00,130.00,1,NULL,'RYAG262','active',NULL,NULL,'2022-12-23 20:11:03','2022-12-23 21:03:22',1,0,NULL,0,33,0,'true','true',NULL,0),(99,'2022-12-23-RYAG261-1.jpg',1,120.00,120.00,1,NULL,'RYAG261','active',NULL,NULL,'2022-12-23 20:15:40','2022-12-23 20:44:29',1,0,NULL,0,33,NULL,'true','true',NULL,0),(100,NULL,NULL,0.00,0.00,0,NULL,NULL,'pending',NULL,'2022-12-24 18:42:42','2022-12-24 18:36:14','2022-12-24 18:42:42',1,0,NULL,0,33,NULL,NULL,NULL,NULL,0),(101,'2022-12-24-RYAG260-1.jpg',1,180.00,180.00,1,NULL,'RYAG260','active',NULL,NULL,'2022-12-24 18:42:46','2022-12-24 18:46:54',1,0,NULL,0,33,NULL,'true','true',NULL,0),(102,'2022-12-24-RYAG258-1.jpg',1,80.00,80.00,1,NULL,'RYAG258','active',NULL,NULL,'2022-12-24 18:47:00','2022-12-24 18:51:41',1,0,NULL,0,33,NULL,'true','true',NULL,0),(103,'2022-12-24-RYAG257-1.jpg',1,130.00,130.00,1,NULL,'RYAG257','active',NULL,NULL,'2022-12-24 18:52:14','2022-12-24 18:56:29',1,0,NULL,0,33,NULL,'true','true',NULL,0),(104,'2022-12-24-RYYN78-1.jpg',1,140.00,140.00,2,NULL,'RYYN78','active',NULL,NULL,'2022-12-24 19:02:04','2023-01-03 12:15:34',1,0,NULL,0,33,0,'true','true',NULL,0),(105,'2022-12-24-RYYN73-1.jpg',1,145.00,145.00,4,NULL,'RYYN73','active',NULL,NULL,'2022-12-24 19:10:41','2023-01-03 12:16:25',1,0,NULL,0,33,0,'true','true',NULL,0),(106,'2022-12-24-RYYN77-1.jpg',1,65.00,65.00,0,NULL,'RYYN77','active',NULL,NULL,'2022-12-24 19:22:14','2023-01-03 12:16:54',1,0,NULL,0,33,1,'true','true',NULL,0),(107,'2022-12-24-RYYN75-1.jpg',1,55.00,55.00,5,NULL,'RYYN75','active',NULL,NULL,'2022-12-24 19:32:59','2023-01-03 12:17:36',1,0,NULL,0,33,0,'true','true',NULL,0),(108,'2022-12-24-RYYN74-1.jpg',1,65.00,65.00,2,NULL,'RYYN74','active',NULL,NULL,'2022-12-24 19:46:25','2023-01-03 12:17:59',1,0,NULL,0,33,0,'true','true',NULL,0),(109,'2022-12-24-RYYN71-1.jpg',1,65.00,65.00,1,NULL,'RYYN71','active',NULL,NULL,'2022-12-24 19:55:16','2022-12-25 21:32:28',1,0,NULL,0,33,NULL,'true','true',NULL,0),(110,'2022-12-24-RYYN72-1.jpg',1,150.00,150.00,2,NULL,'RYYN72','active',NULL,NULL,'2022-12-24 20:00:42','2023-01-03 12:18:40',1,0,NULL,0,33,1,'true','true',NULL,0),(111,'2022-12-24-RYYN69-1.jpg',1,65.00,65.00,2,NULL,'RYYN69','pending',NULL,NULL,'2022-12-24 20:06:36','2023-01-03 12:22:23',1,0,NULL,0,33,0,NULL,NULL,NULL,0),(112,'2022-12-24-RYYN68-1.jpg',1,65.00,65.00,6,NULL,'RYYN68','active',NULL,NULL,'2022-12-24 20:17:42','2023-01-03 12:29:04',1,0,NULL,0,33,0,'true','true',NULL,0),(113,'2022-12-25-RYKHK27-1.png',1,20.00,20.00,1,NULL,'ryry','active',NULL,'2022-12-25 06:42:52','2022-12-25 06:30:37','2022-12-25 06:42:52',1,0,NULL,0,33,NULL,NULL,NULL,NULL,0),(114,'2022-12-25-RYKHC132-1.jpg',1,235.00,235.00,1,NULL,'RYKHC132','active',NULL,NULL,'2022-12-25 21:02:28','2022-12-25 21:07:13',1,0,NULL,0,35,NULL,'true','true',NULL,0),(115,'2022-12-25-RYKHC130-1.jpg',1,180.00,180.00,1,NULL,'RYKHC130','active',NULL,NULL,'2022-12-25 21:07:20','2022-12-25 21:11:33',1,0,NULL,0,33,NULL,'true','true',NULL,0),(116,'2022-12-25-RYKHC129-1.jpg',1,95.00,95.00,3,NULL,'ٌRYKHC129','active',NULL,NULL,'2022-12-25 21:13:12','2023-01-03 13:01:29',1,0,NULL,0,35,1,'true','true',NULL,0),(117,'2022-12-25-RYKHC128-1.jpg',1,220.00,220.00,0,NULL,'RYKHC128','active',NULL,NULL,'2022-12-25 21:17:21','2023-01-03 13:01:52',1,0,NULL,0,33,0,'true','true',NULL,1),(118,'2022-12-25-RYKHC127-1.jpg',1,145.00,145.00,1,NULL,'RYKHC127','active',NULL,NULL,'2022-12-25 21:23:25','2022-12-25 21:26:30',1,0,NULL,0,35,NULL,'true','true',NULL,0),(119,'2022-12-25-RYKHC126-1.jpg',1,330.00,330.00,1,NULL,'RYKHC126','active',NULL,NULL,'2022-12-25 21:26:44','2022-12-25 21:34:41',1,0,NULL,0,33,1,'true','true',NULL,0),(120,'2022-12-25-RYKHC125-1.jpg',1,180.00,180.00,0,NULL,'RYKHC125','active',NULL,NULL,'2022-12-25 21:35:19','2023-01-03 13:02:47',1,0,NULL,0,45,1,'true','true',NULL,0),(121,'2022-12-25-RYKHC124-1.jpg',1,135.00,135.00,0,NULL,'RYKHC124','active',NULL,NULL,'2022-12-25 21:43:28','2023-01-03 13:03:08',1,0,NULL,0,33,0,'true','true',NULL,0),(122,'2022-12-25-RYKHC123-1.jpg',1,110.00,110.00,0,NULL,'RYKHC123','active',NULL,NULL,'2022-12-25 21:48:41','2023-01-03 13:03:30',1,0,NULL,0,66,0,'true','true',NULL,0),(123,'2022-12-25-RYKHC122-1.jpg',1,95.00,95.00,2,NULL,'RYKHC122','active',NULL,NULL,'2022-12-25 21:52:40','2023-01-03 13:04:58',1,0,NULL,0,66,0,'true','true',NULL,0),(124,'2022-12-27-RYKHK156-1.jpg',1,230.00,230.00,0,NULL,'RYKHK156','active',NULL,NULL,'2022-12-27 21:23:03','2023-01-03 13:05:46',1,0,NULL,0,51,0,'true','true',NULL,0),(125,'2022-12-27-RYKHK155-1.jpg',1,240.00,240.00,0,NULL,'RYKHK155','active',NULL,NULL,'2022-12-27 21:27:35','2023-01-03 13:06:07',1,0,NULL,0,53,0,'true','true',NULL,0),(126,'2022-12-27-RYKHK154-1.jpg',1,175.00,175.00,0,NULL,'RYKHK154','active',NULL,NULL,'2022-12-27 21:32:32','2023-01-03 13:06:29',1,0,NULL,0,33,0,'true','true',NULL,0),(127,'2022-12-27-RYKHK153-1.jpg',1,290.00,290.00,0,NULL,'RYKHK153','active',NULL,NULL,'2022-12-27 21:37:21','2022-12-27 21:43:10',1,0,NULL,0,45,NULL,'true','true',NULL,0),(128,'2022-12-27-RYKHK152-1.jpg',1,280.00,280.00,1,NULL,'RYKHK152','active',NULL,NULL,'2022-12-27 21:43:17','2022-12-27 21:56:11',1,0,NULL,0,47,0,'true','true',NULL,0),(129,'2022-12-27-RYKHK151-1.jpg',1,280.00,280.00,1,NULL,'RYKHK151','active',NULL,NULL,'2022-12-27 21:49:44','2022-12-27 21:53:34',1,0,NULL,0,53,NULL,'true','true',NULL,0),(130,'2022-12-28-RYKHK150-1.jpg',1,65.00,65.00,0,NULL,'RYKHK150','active',NULL,NULL,'2022-12-27 21:58:45','2023-01-03 13:08:08',1,0,NULL,0,33,0,'true','true',NULL,0),(131,'2022-12-29-RYKHK149-1.jpg',1,80.00,80.00,0,NULL,'RYKHK149','active',NULL,NULL,'2022-12-28 22:18:17','2023-01-03 13:08:35',1,0,NULL,0,66,0,'true','true',NULL,0),(132,'2022-12-29-RYKHK148-1.jpg',1,270.00,270.00,1,NULL,'RYKHK148','active',NULL,NULL,'2022-12-28 22:21:51','2022-12-28 22:26:14',1,0,NULL,0,33,1,'true','true',NULL,0),(133,'2022-12-29-RYKHK147-1.jpg',1,140.00,140.00,0,NULL,'RYKHK147','active',NULL,NULL,'2022-12-28 22:27:43','2023-01-03 13:10:05',1,0,NULL,0,57,0,'true','true',NULL,0),(134,NULL,NULL,0.00,0.00,0,NULL,NULL,'pending',NULL,'2022-12-29 20:34:10','2022-12-29 20:31:21','2022-12-29 20:34:10',1,0,NULL,0,33,NULL,NULL,NULL,NULL,0),(135,'2022-12-30-RYKHR139-1.jpg',1,185.00,185.00,1,NULL,'RYKHR139','active',NULL,NULL,'2022-12-30 20:01:30','2022-12-30 20:06:39',1,0,NULL,0,33,NULL,'true','true',NULL,0),(136,'2022-12-30-RYKHR137-1.jpg',1,60.00,60.00,5,NULL,'RYKHR137','active',NULL,NULL,'2022-12-30 20:06:42','2023-01-03 13:10:51',1,0,NULL,1,33,0,'true','true',NULL,0),(137,'2022-12-30-RYKHR136-1.jpg',1,250.00,250.00,1,NULL,'RYKHR136','active',NULL,NULL,'2022-12-30 20:17:11','2022-12-30 20:21:45',1,0,NULL,0,55,NULL,'true','true',NULL,0),(138,'2022-12-30-RYKHR135-1.jpg',1,120.00,120.00,1,NULL,'RYKHR135','active',NULL,NULL,'2022-12-30 20:23:33','2022-12-30 20:28:22',1,0,NULL,0,45,NULL,'true','true',NULL,0),(139,'2022-12-30-RYKHR134-1.jpg',1,120.00,120.00,1,NULL,'RYKHR134','active',NULL,NULL,'2022-12-30 20:28:33','2022-12-30 20:33:56',1,0,NULL,0,45,NULL,'true','true',NULL,0),(140,'2022-12-30-RYKHR132-1.jpg',1,90.00,90.00,1,NULL,'RYKHR132','active',NULL,NULL,'2022-12-30 20:34:10','2022-12-30 20:44:46',1,0,NULL,1,99,NULL,'true','true',NULL,0),(141,NULL,NULL,0.00,0.00,0,NULL,NULL,'pending',NULL,'2022-12-30 20:55:22','2022-12-30 20:44:54','2022-12-30 20:55:22',1,0,NULL,0,33,NULL,NULL,NULL,NULL,0),(142,'2022-12-30-RYKHR128-1.jpg',1,130.00,130.00,0,NULL,'RYKHR128','active',NULL,NULL,'2022-12-30 20:49:42','2023-01-03 13:12:38',1,0,NULL,0,39,0,'true','true',NULL,0),(143,'2022-12-30-RYKHR127-1.jpg',1,120.00,120.00,0,NULL,'RYKHR127','active',NULL,NULL,'2022-12-30 20:55:26','2023-01-03 13:12:56',1,0,NULL,0,51,0,'true','true',NULL,0),(144,'2022-12-30-RYKHR126-1.jpg',1,110.00,110.00,1,NULL,'RYKHR126','active',NULL,NULL,'2022-12-30 20:59:06','2022-12-30 21:02:54',1,0,NULL,0,51,NULL,'true','true',NULL,0),(145,'2022-12-30-RYKHR125-1.jpg',1,160.00,160.00,0,NULL,'RYKHR125','active',NULL,NULL,'2022-12-30 21:04:03','2023-01-03 13:13:36',1,0,NULL,0,51,0,'true','true',NULL,0),(146,'2023-01-01-RYKHU73-1.jpg',1,250.00,250.00,1,NULL,'RYKHU73','active',NULL,NULL,'2023-01-01 18:53:12','2023-01-01 19:00:28',1,0,NULL,0,99,0,'true','true',NULL,0),(147,'2023-01-01-RYKHU72-1.jpg',1,90.00,90.00,0,NULL,'RYKHU72','active',NULL,NULL,'2023-01-01 19:00:38','2023-01-03 13:16:43',1,0,NULL,1,33,0,'true','true',NULL,0),(148,NULL,NULL,0.00,0.00,0,NULL,NULL,'pending',NULL,'2023-01-01 19:18:37','2023-01-01 19:07:46','2023-01-01 19:18:37',1,0,NULL,0,33,NULL,NULL,NULL,NULL,0),(149,'2023-01-01-RYKHU67-1.jpg',1,230.00,230.00,1,NULL,'RYKHU67','active',NULL,NULL,'2023-01-01 19:18:39','2023-01-01 19:25:26',1,0,NULL,0,39,0,'true','true',NULL,0),(150,'2023-01-01-RYKHU66-1.jpg',1,220.00,220.00,1,NULL,'RYKHU66','active',NULL,NULL,'2023-01-01 19:26:06','2023-01-01 19:30:22',1,0,NULL,0,35,NULL,'true','true',NULL,0),(151,'2023-01-06-ryod28-1.jpg',1,18.00,18.00,1,NULL,'RYOD28','active',NULL,NULL,'2023-01-06 18:14:34','2023-01-06 18:29:22',1,0,NULL,0,33,NULL,'true','true',NULL,0),(152,'2023-01-06-ryod27-1.jpg',1,18.00,18.00,1,NULL,'RYOD27','active',NULL,NULL,'2023-01-06 18:31:28','2023-01-06 18:34:59',1,0,NULL,0,33,NULL,'true','true',NULL,0),(153,'2023-01-06-ryod26-1.jpg',1,18.00,18.00,1,NULL,'RYOD26','active',NULL,NULL,'2023-01-06 18:35:03','2023-01-06 18:40:43',1,0,NULL,0,33,NULL,'true','true',NULL,0),(154,'2023-01-06-ryod24-1.jpg',1,30.00,30.00,1,NULL,'RYOD24','active',NULL,NULL,'2023-01-06 18:43:51','2023-01-06 18:59:35',1,0,NULL,1,33,0,'true','true',NULL,0),(155,'2023-01-06-ryod23-1.jpg',1,30.00,30.00,1,NULL,'RYOD23','active',NULL,NULL,'2023-01-06 18:50:22','2023-01-06 19:00:05',1,0,NULL,1,33,0,'true','true',NULL,0),(156,'2023-01-08-ryod22-1.jpg',1,35.00,35.00,1,NULL,'RYOD22','active',NULL,NULL,'2023-01-08 20:48:29','2023-01-08 20:53:10',1,0,NULL,1,99,0,'true','true',NULL,0),(157,'2023-01-08-ryod20-1.jpg',1,35.00,35.00,1,NULL,'RYOD20','active',NULL,NULL,'2023-01-08 20:54:16','2023-01-08 20:58:04',1,0,NULL,1,33,NULL,'true','true',NULL,0),(158,'2023-01-08-ryod19-1.jpg',1,35.00,35.00,1,NULL,'RYOD19','active',NULL,NULL,'2023-01-08 20:58:10','2023-01-08 21:02:47',1,0,NULL,1,33,NULL,'true','true',NULL,0),(159,'2023-01-08-ryod18-1.jpg',1,35.00,35.00,1,NULL,'RYOD18','active',NULL,NULL,'2023-01-08 21:03:00','2023-01-08 21:11:36',1,0,NULL,0,45,NULL,'true','true',NULL,0),(160,NULL,NULL,0.00,0.00,0,NULL,NULL,'pending',NULL,'2023-01-14 19:44:03','2023-01-14 19:37:35','2023-01-14 19:44:03',1,0,NULL,0,33,NULL,NULL,NULL,NULL,0),(161,NULL,NULL,0.00,0.00,0,NULL,NULL,'pending',NULL,'2023-01-14 19:44:05','2023-01-14 19:43:57','2023-01-14 19:44:05',1,0,NULL,0,33,NULL,NULL,NULL,NULL,0),(162,'2023-01-14-RYBT589-1.jpg',1,25.00,25.00,1,NULL,'RYBT589','active',NULL,NULL,'2023-01-14 19:44:06','2023-01-14 19:47:12',1,0,NULL,1,33,NULL,'true','true',NULL,0),(163,'2023-01-14-RYBT588-1.jpg',1,35.00,35.00,1,NULL,'RYBT588','active',NULL,NULL,'2023-01-14 19:47:54','2023-01-14 19:54:24',1,0,NULL,1,39,NULL,'true','true',NULL,0),(164,'2023-01-14-RYBT585-1.jpg',1,25.00,25.00,1,NULL,'RBT585','active',NULL,NULL,'2023-01-14 19:54:48','2023-01-14 20:00:02',1,0,NULL,1,59,NULL,'true','true',NULL,0),(165,'2023-01-14-RYBT584-1.jpg',1,35.00,35.00,1,NULL,'RYBT584','active',NULL,NULL,'2023-01-14 20:00:05','2023-01-14 20:05:01',1,0,NULL,1,33,NULL,'true','true',NULL,0),(166,'2023-01-14-RYBT583-1.jpg',1,35.00,35.00,1,NULL,'RYBT583','active',NULL,NULL,'2023-01-14 20:05:19','2023-01-14 20:09:58',1,0,NULL,1,45,NULL,'true','true',NULL,0),(167,'2023-01-15-RYBT581-1.jpg',1,30.00,30.00,1,NULL,'RYBT581','active',NULL,NULL,'2023-01-15 20:43:02','2023-01-15 20:58:21',1,0,NULL,1,33,0,'true','true',NULL,0),(168,'2023-01-15-RYBT580-1.jpg',1,30.00,30.00,1,NULL,'RYBT580','active',NULL,NULL,'2023-01-15 20:48:44','2023-01-15 20:54:03',1,0,NULL,1,45,NULL,'true','true',NULL,0),(169,'2023-01-15-RYBT579-1.jpg',1,30.00,30.00,1,NULL,'RYBT579','active',NULL,NULL,'2023-01-15 20:54:24','2023-01-15 20:58:02',1,0,NULL,1,39,NULL,'true','true',NULL,0),(170,'2023-01-15-RYMT441-1w.jpg',1,30.00,30.00,1,NULL,'RYMT441','active',NULL,NULL,'2023-01-15 21:02:25','2023-01-15 21:07:07',1,0,NULL,1,67,0,'true','true',NULL,0),(171,'2023-01-15-RYMT440-1w.jpg',1,25.00,25.00,1,NULL,'RYMT440','active',NULL,NULL,'2023-01-15 21:08:36','2023-01-15 21:14:16',1,0,NULL,1,33,NULL,'true','true',NULL,0),(172,'2023-01-17-RYMT439-1w.jpg',1,30.00,30.00,1,NULL,'RYMT439','active',NULL,NULL,'2023-01-17 19:35:45','2023-01-17 19:40:02',1,0,NULL,1,33,NULL,'true','true',NULL,0),(173,'2023-01-17-RYMT438-1.jpg',1,18.00,18.00,1,NULL,'RYMT438','active',NULL,NULL,'2023-01-17 19:40:12','2023-01-17 19:44:17',1,0,NULL,0,70,NULL,'true','true',NULL,0),(174,'2023-01-17-RYMT435-1.jpg',1,25.00,25.00,1,NULL,'RYMT435','active',NULL,NULL,'2023-01-17 19:45:00','2023-01-17 19:50:29',1,0,NULL,0,39,NULL,'true','true',NULL,0),(175,'2023-01-17-RYMT437-1.jpg',1,18.00,18.00,1,NULL,'RYMT437','active',NULL,NULL,'2023-01-17 19:51:14','2023-01-17 19:53:56',1,0,NULL,0,66,NULL,'true','true',NULL,0),(176,'2023-01-17-RYMT434-1.jpg',1,25.00,25.00,1,NULL,'RYMT434','active',NULL,NULL,'2023-01-17 19:54:02','2023-01-17 19:57:26',1,0,NULL,0,39,NULL,'true','true',NULL,0),(177,'2023-01-17-RYMT433-1.jpg',1,20.00,20.00,1,NULL,'RYMT433','active',NULL,NULL,'2023-01-17 20:05:27','2023-01-17 20:08:12',1,0,NULL,0,53,NULL,'true','true',NULL,0),(178,NULL,NULL,0.00,0.00,0,NULL,NULL,'pending',NULL,'2023-01-17 20:08:37','2023-01-17 20:08:18','2023-01-17 20:08:37',1,0,NULL,0,33,NULL,NULL,NULL,NULL,0),(179,'2023-01-17-RYMT427-1.jpg',1,20.00,20.00,1,NULL,'RYMT427','active',NULL,NULL,'2023-01-17 20:08:41','2023-01-17 20:11:30',1,0,NULL,0,33,NULL,'true','true',NULL,0),(180,'2023-01-17-RYMT422-1w.jpg',1,25.00,25.00,1,NULL,'RYMT422','active',NULL,NULL,'2023-01-17 20:11:34','2023-01-17 20:15:03',1,0,NULL,1,33,NULL,'true','true',NULL,0);

--
-- Table structure for table `public_notifcations`
--

CREATE TABLE `public_notifcations` (
  `id` int unsigned NOT NULL AUTO_INCREMENT,
  `user_id` int unsigned DEFAULT NULL,
  `title` varchar(255) CHARACTER SET utf8mb4 COLLATE utf8mb4_unicode_ci NOT NULL,
  `message` text CHARACTER SET utf8mb4 COLLATE utf8mb4_unicode_ci NOT NULL,
  `data` text CHARACTER SET utf8mb4 COLLATE utf8mb4_unicode_ci NOT NULL,
  `created_at` timestamp NULL DEFAULT NULL,
  `updated_at` timestamp NULL DEFAULT NULL,
  PRIMARY KEY (`id`),
  KEY `public_notifcations_user_id_foreign` (`user_id`),
  CONSTRAINT `public_notifcations_user_id_foreign` FOREIGN KEY (`user_id`) REFERENCES `users` (`id`) ON DELETE CASCADE
) ENGINE=InnoDB AUTO_INCREMENT=52 DEFAULT CHARSET=utf8mb4 COLLATE=utf8mb4_unicode_ci;

--
-- Dumping data for table `public_notifcations`
--

INSERT INTO `public_notifcations` (`id`, `user_id`, `title`, `message`, `data`, `created_at`, `updated_at`) VALUES (26,1,'sfsdfsdf','dsfsf','{\"image\":\"https:\\/\\/mazraeati.com\\/storage\\/images\\/notifications\\/bBn2q7IF0vxSAzG6XtwhI9H5EZw1S4ZLxgSxBTLK.png\"}','2022-07-02 08:34:48','2022-07-02 08:34:48'),(27,1,'asdasd','asd','{\"image\":\"https:\\/\\/mazraeati.com\\/storage\\/images\\/notifications\\/uj3bvx488aDZkqu54WJil7vMLsNZLNFspPaR9zCM.png\"}','2022-07-13 09:10:39','2022-07-13 09:10:39'),(28,1,'asd','asd','{\"image\":null}','2022-12-06 10:29:46','2022-12-06 10:29:46'),(29,1,'asd','asd','{\"image\":null}','2022-12-06 10:30:03','2022-12-06 10:30:03'),(30,1,'asd','asd','{\"image\":null}','2022-12-06 10:30:13','2022-12-06 10:30:13'),(31,1,'hkljlkj','iojlkj','{\"image\":null}','2022-12-14 07:39:28','2022-12-14 07:39:28'),(32,1,'erwtrewtew','trwetrewt','{\"image\":null}','2022-12-14 07:41:33','2022-12-14 07:41:33'),(33,1,'asd','asdasda','{\"image\":null}','2022-12-14 07:42:18','2022-12-14 07:42:18'),(34,1,'rtey','retyte','{\"image\":null}','2022-12-14 12:19:00','2022-12-14 12:19:00'),(35,1,'ertrew','rweqrqw','{\"image\":null}','2022-12-14 12:19:30','2022-12-14 12:19:30'),(36,1,'ert','ewrterwt','{\"image\":null}','2022-12-14 12:19:43','2022-12-14 12:19:43'),(37,1,'yrtwyt','yertyer','{\"image\":null}','2022-12-15 05:31:13','2022-12-15 05:31:13'),(38,1,'yrtwyt','yertyer','{\"image\":null}','2022-12-15 05:31:14','2022-12-15 05:31:14'),(39,1,'ertrewt','rewtewtew','{\"image\":null}','2022-12-15 05:31:21','2022-12-15 05:31:21'),(40,1,'wertewr','werterwterwt','{\"image\":null}','2022-12-15 05:31:27','2022-12-15 05:31:27'),(41,1,'qerwterq','trewtqet','{\"image\":null}','2022-12-15 05:31:36','2022-12-15 05:31:36'),(42,1,'rtrewt','ewrterw','{\"image\":null}','2022-12-15 05:31:41','2022-12-15 05:31:41'),(43,1,'ewrt','erwterw','{\"image\":null}','2022-12-15 06:55:15','2022-12-15 06:55:15'),(44,1,'hgffjhgjh','ukyg','{\"image\":null}','2022-12-15 06:55:57','2022-12-15 06:55:57'),(45,1,'jklhlhj','kjg','{\"image\":null}','2022-12-15 06:59:34','2022-12-15 06:59:34'),(46,1,'wretr','trwetew','{\"image\":null}','2022-12-15 07:01:01','2022-12-15 07:01:01'),(47,1,'reter','erwtrewt','{\"image\":null}','2022-12-15 07:02:15','2022-12-15 07:02:15'),(48,1,'werterwt','ewrterw','{\"image\":null}','2022-12-15 07:02:25','2022-12-15 07:02:25'),(49,1,'ewqrtewqr','wqerewqrwq','{\"image\":null}','2022-12-15 07:06:00','2022-12-15 07:06:00'),(50,1,'qwerwq','q43rwe','{\"image\":null}','2022-12-15 07:06:09','2022-12-15 07:06:09'),(51,1,'weqrwq','weqr','{\"image\":null}','2022-12-15 07:37:57','2022-12-15 07:37:57');

--
-- Table structure for table `refund_products`
--

CREATE TABLE `refund_products` (
  `id` int unsigned NOT NULL AUTO_INCREMENT,
  `user_id` int unsigned DEFAULT NULL,
  `product_order_id` int unsigned DEFAULT NULL,
  `product_id` int unsigned DEFAULT NULL,
  `type` varchar(255) CHARACTER SET utf8mb4 COLLATE utf8mb4_unicode_ci DEFAULT NULL,
  `notes` text CHARACTER SET utf8mb4 COLLATE utf8mb4_unicode_ci,
  `created_at` timestamp NULL DEFAULT NULL,
  `updated_at` timestamp NULL DEFAULT NULL,
  `restore` int DEFAULT '0',
  PRIMARY KEY (`id`),
  KEY `refund_products_user_id_foreign` (`user_id`),
  KEY `refund_products_product_id_foreign` (`product_id`),
  KEY `refund_products_product_order_id_foreign` (`product_order_id`),
  CONSTRAINT `refund_products_product_id_foreign` FOREIGN KEY (`product_id`) REFERENCES `products` (`id`) ON DELETE CASCADE,
  CONSTRAINT `refund_products_product_order_id_foreign` FOREIGN KEY (`product_order_id`) REFERENCES `product_orders` (`id`) ON DELETE CASCADE,
  CONSTRAINT `refund_products_user_id_foreign` FOREIGN KEY (`user_id`) REFERENCES `users` (`id`) ON DELETE CASCADE
) ENGINE=InnoDB DEFAULT CHARSET=utf8mb4 COLLATE=utf8mb4_unicode_ci;

--
-- Dumping data for table `refund_products`
--


--
-- Table structure for table `region_translations`
--

CREATE TABLE `region_translations` (
  `id` int unsigned NOT NULL AUTO_INCREMENT,
  `region_id` int unsigned NOT NULL,
  `name` varchar(255) CHARACTER SET utf8mb4 COLLATE utf8mb4_unicode_ci NOT NULL,
  `locale` varchar(255) CHARACTER SET utf8mb4 COLLATE utf8mb4_unicode_ci NOT NULL,
  `created_at` timestamp NULL DEFAULT NULL,
  `updated_at` timestamp NULL DEFAULT NULL,
  `arrival` varchar(191) CHARACTER SET utf8mb4 COLLATE utf8mb4_unicode_ci DEFAULT NULL,
  PRIMARY KEY (`id`),
  UNIQUE KEY `region_translations_region_id_locale_unique` (`region_id`,`locale`),
  KEY `region_translations_locale_index` (`locale`)
) ENGINE=InnoDB AUTO_INCREMENT=303 DEFAULT CHARSET=utf8mb4 COLLATE=utf8mb4_unicode_ci;

--
-- Dumping data for table `region_translations`
--

INSERT INTO `region_translations` (`id`, `region_id`, `name`, `locale`, `created_at`, `updated_at`, `arrival`) VALUES (37,19,'مدينة الكويت','ar',NULL,NULL,'بعد ٢٤ ساعة'),(38,19,'kuwait City','en',NULL,NULL,'After 24 Hours'),(39,20,'دسمان','ar',NULL,NULL,'بعد ٢٤ ساعة'),(40,20,'Dasman','en',NULL,NULL,'After 24 Hours'),(41,21,'شرق','ar',NULL,NULL,'بعد ٢٤ ساعة'),(42,21,'Sharq','en',NULL,NULL,'After 24 Hours'),(43,22,'الصوابر','ar',NULL,NULL,'بعد ٢٤ ساعة'),(44,22,'Sawber','en',NULL,NULL,'After 24 Hours'),(45,23,'المرقاب','ar',NULL,NULL,'بعد ٢٤ ساعة'),(46,23,'Mirqab','en',NULL,NULL,'After 24 Hours'),(47,24,'القبلة','ar',NULL,NULL,'بعد ٢٤ ساعة'),(48,24,'Qibla','en',NULL,NULL,'After 24 Hours'),(49,25,'الصالحية','ar',NULL,NULL,'بعد ٢٤ ساعة'),(50,25,'Salhiya','en',NULL,NULL,'After 24 Hours'),(51,26,'الوطية','ar',NULL,NULL,'بعد ٢٤ ساعة'),(52,26,'Watiya','en',NULL,NULL,'After 24 Hours'),(53,27,'بنيد القار','ar',NULL,NULL,'بعد ٢٤ ساعة'),(54,27,'Binid elgar','en',NULL,NULL,'After 24 Hours'),(55,28,'كيفان','ar',NULL,NULL,'بعد ٢٤ ساعة'),(56,28,'Kefan','en',NULL,NULL,'After 24 Hours'),(57,29,'الدوحة','ar',NULL,NULL,'بعد ٢٤ ساعة'),(58,29,'Douha','en',NULL,NULL,'After 24 Hours'),(59,30,'الدسمة','ar',NULL,NULL,'بعد ٢٤ ساعة'),(60,30,'Dasma','en',NULL,NULL,'After 24 Hours'),(61,31,'الدعية','ar',NULL,NULL,'بعد ٢٤ ساعة'),(62,31,'Daiya','en',NULL,NULL,'After 24 Hours'),(63,32,'المنصورية','ar',NULL,NULL,'بعد ٢٤ ساعة'),(64,32,'Mansoriya','en',NULL,NULL,'After 24 Hours'),(65,33,'ضاحية عبد الله السالم','ar',NULL,NULL,'بعد ٢٤ ساعة'),(66,33,'Abdulallah al-salem','en',NULL,NULL,'After 24 Hours'),(67,34,'النزهة','ar',NULL,NULL,'بعد ٢٤ ساعة'),(68,34,'Nuzha','en',NULL,NULL,'After 24 Hours'),(69,35,'الفيحاء','ar',NULL,NULL,'بعد ٢٤ ساعة'),(70,35,'Fayha','en',NULL,NULL,'After 24 Hours'),(71,36,'الشامية','ar',NULL,NULL,'بعد ٢٤ ساعة'),(72,36,'Shamiya','en',NULL,NULL,'After 24 Hours'),(73,37,'الروضة','ar',NULL,NULL,'بعد ٢٤ ساعة'),(74,37,'Rowda','en',NULL,NULL,'After 24 Hours'),(75,38,'العديلية','ar',NULL,NULL,'بعد ٢٤ ساعة'),(76,38,'Adileya','en',NULL,NULL,'After 24 Hours'),(77,39,'الخالدية','ar',NULL,NULL,'بعد ٢٤ ساعة'),(78,39,'khaldiya','en',NULL,NULL,'After 24 Hours'),(79,40,'القادسية','ar',NULL,NULL,'بعد ٢٤ ساعة'),(80,40,'Qadisya','en',NULL,NULL,'After 24 Hours'),(81,41,'قرطبة','ar',NULL,NULL,'بعد ٢٤ ساعة'),(82,41,'Qurtoba','en',NULL,NULL,'After 24 Hours'),(83,42,'السرة','ar',NULL,NULL,'بعد ٢٤ ساعة'),(84,42,'Sorra','en',NULL,NULL,'After 24 Hours'),(85,43,'اليرموك','ar',NULL,NULL,'بعد ٢٤ ساعة'),(86,43,'Yarmouk','en',NULL,NULL,'After 24 Hours'),(87,44,'الشويخ','ar',NULL,NULL,'بعد ٢٤ ساعة'),(88,44,'Shiwayakh','en',NULL,NULL,'After 24 Hours'),(89,45,'الري','ar',NULL,NULL,'بعد ٢٤ ساعة'),(90,45,'Alrai','en',NULL,NULL,'After 24 Hours'),(91,46,'غرناطة','ar',NULL,NULL,'بعد ٢٤ ساعة'),(92,46,'Granada','en',NULL,NULL,'After 24 Hours'),(93,47,'الصليبيخات','ar',NULL,NULL,'بعد ٢٤ ساعة'),(94,47,'Sulibkhat','en',NULL,NULL,'After 24 Hours'),(95,48,'النهضة','ar',NULL,NULL,'بعد ٢٤ ساعة'),(96,48,'Nahda','en',NULL,NULL,'After 24 Hours'),(97,49,'مدينة جابر الأحمد','ar',NULL,NULL,'بعد ٢٤ ساعة'),(98,49,'Jaber Al-ahmed city','en',NULL,NULL,'After 24 Hours'),(99,50,'القيروان','ar',NULL,NULL,'بعد ٢٤ ساعة'),(100,50,'Qairawan','en',NULL,NULL,'After 24 Hours'),(101,51,'شمال غرب الصليبيخات','ar',NULL,NULL,'بعد ٢٤ ساعة'),(102,51,'East Sulibkhat','en',NULL,NULL,'After 24 Hours'),(103,52,'الفنطاس','ar',NULL,NULL,'بعد ٢٤ ساعة'),(104,52,'Fintas','en',NULL,NULL,'After 24 Hours'),(105,53,'العقيلة','ar',NULL,NULL,'بعد ٢٤ ساعة'),(106,53,'Eqaila','en',NULL,NULL,'After 24 Hours'),(107,54,'الظهر','ar',NULL,NULL,'بعد ٢٤ ساعة'),(108,54,'Zuhor','en',NULL,NULL,'After 24 Hours'),(109,55,'المقوع','ar',NULL,NULL,'بعد ٢٤ ساعة'),(110,55,'Moqwa','en',NULL,NULL,'After 24 Hours'),(111,56,'المهبولة','ar',NULL,NULL,'بعد ٢٤ ساعة'),(112,56,'Mahbola','en',NULL,NULL,'After 24 Hours'),(113,57,'الرقة','ar',NULL,NULL,'بعد ٢٤ ساعة'),(114,57,'Riqa','en',NULL,NULL,'After 24 Hours'),(115,58,'هدية','ar',NULL,NULL,'بعد ٢٤ ساعة'),(116,58,'Hadiya','en',NULL,NULL,'After 24 Hours'),(117,59,'أبو حليفة','ar',NULL,NULL,'بعد ٢٤ ساعة'),(118,59,'Abu helifa','en',NULL,NULL,'After 24 Hours'),(119,60,'الصباحية','ar',NULL,NULL,'بعد ٢٤ ساعة'),(120,60,'Sabhiya','en',NULL,NULL,'After 24 Hours'),(121,61,'المنقف','ar',NULL,NULL,'بعد ٢٤ ساعة'),(122,61,'Manqaf','en',NULL,NULL,'After 24 Hours'),(123,62,'الفحيحيل','ar',NULL,NULL,'بعد ٢٤ ساعة'),(124,62,'Fahahel','en',NULL,NULL,'After 24 Hours'),(125,63,'الأحمدي','ar',NULL,NULL,'بعد ٢٤ ساعة'),(126,63,'Ahmadi','en',NULL,NULL,'After 24 Hours'),(127,64,'الوفرة','ar',NULL,NULL,'بعد ٢٤ ساعة'),(128,64,'Wafra','en',NULL,NULL,'After 24 Hours'),(129,65,'الزور','ar',NULL,NULL,'بعد ٢٤ ساعة'),(130,65,'Zoor','en',NULL,NULL,'After 24 Hours'),(131,66,'الخيران','ar',NULL,NULL,'بعد ٢٤ ساعة'),(132,66,'Khiyran','en',NULL,NULL,'After 24 Hours'),(133,67,'ميناء عبد الله','ar',NULL,NULL,'بعد ٢٤ ساعة'),(134,67,'Menaa Abdulallah','en',NULL,NULL,'After 24 Hours'),(135,68,'الوفرة الزراعية','ar',NULL,NULL,'بعد ٢٤ ساعة'),(136,68,'Wafra ziraeya','en',NULL,NULL,'After 24 Hours'),(137,69,'بنيدر','ar',NULL,NULL,'بعد ٢٤ ساعة'),(138,69,'Binder','en',NULL,NULL,'After 24 Hours'),(139,70,'الجليعة','ar',NULL,NULL,'بعد ٢٤ ساعة'),(140,70,'Gelaya','en',NULL,NULL,'After 24 Hours'),(141,71,'الضباعية','ar',NULL,NULL,'بعد ٢٤ ساعة'),(142,71,'Dabiya','en',NULL,NULL,'After 24 Hours'),(143,72,'ضاحية جابر العلي','ar',NULL,NULL,'بعد ٢٤ ساعة'),(144,72,'Jaber Al-ali','en',NULL,NULL,'بعد ٢٤ ساعة'),(145,73,'ضاحية فهد الأحمد','ar',NULL,NULL,'بعد ٢٤ ساعة'),(146,73,'Fahd Al-ahmed','en',NULL,NULL,'After 24 Hours'),(147,74,'الشعيبة','ar',NULL,NULL,'بعد ٢٤ ساعة'),(148,74,'Sheeyba','en',NULL,NULL,'After 24 Hours'),(149,75,'واره','ar',NULL,NULL,'بعد ٢٤ ساعة'),(150,75,'Waaraa','en',NULL,NULL,'After 24 Hours'),(151,76,'مدينة صباح الأحمد','ar',NULL,NULL,'بعد ٢٤ ساعة'),(152,76,'Sobah Al-ahmed','en',NULL,NULL,'After 24 Hours'),(153,77,'النويصيب','ar',NULL,NULL,'بعد ٢٤ ساعة'),(154,77,'Nouyseb','en',NULL,NULL,'After 24 Hours'),(155,78,'مدينة الخيران','ar',NULL,NULL,'بعد ٢٤ ساعة'),(156,78,'Khiran City','en',NULL,NULL,'After 24 Hours'),(157,79,'ضاحية علي صباح السالم أم الهيمان سابقاً','ar',NULL,NULL,'بعد ٢٤ ساعة'),(158,79,'Ali Subah Al-salem','en',NULL,NULL,'After 24 Hours'),(159,80,'مدينة صباح الأحمد البحرية','ar',NULL,NULL,'بعد ٢٤ ساعة'),(160,80,'Subah Al-ahmed bahrya','en',NULL,NULL,'After 24 Hours'),(161,81,'أبرق خيطان','ar',NULL,NULL,'بعد ٢٤ ساعة'),(162,81,'Abrq Khitan','en',NULL,NULL,'After 24 Hours'),(163,82,'الأندلس','ar',NULL,NULL,'بعد ٢٤ ساعة'),(164,82,'Andalus','en',NULL,NULL,'After 24 Hours'),(165,83,'اشبيلية','ar',NULL,NULL,'بعد ٢٤ ساعة'),(166,83,'Ashbilya','en',NULL,NULL,'After 24 Hours'),(167,84,'جليب الشيوخ','ar',NULL,NULL,'بعد ٢٤ ساعة'),(168,84,'Jeleeb Al-shwikh','en',NULL,NULL,'After 24 Hours'),(169,85,'خيطان','ar',NULL,NULL,'بعد ٢٤ ساعة'),(170,85,'Khitan','en',NULL,NULL,'After 24 Hours'),(171,86,'خيطان الجديدة','ar',NULL,NULL,'بعد ٢٤ ساعة'),(172,86,'New Khitan','en',NULL,NULL,'After 24 Hours'),(173,87,'العمرية','ar',NULL,NULL,'بعد ٢٤ ساعة'),(174,87,'Omarya','en',NULL,NULL,'After 24 Hours'),(175,88,'العارضية','ar',NULL,NULL,'بعد ٢٤ ساعة'),(176,88,'Ardiya','en',NULL,NULL,'After 24 Hours'),(177,89,'العارضية الصناعية','ar',NULL,NULL,'بعد ٢٤ ساعة'),(178,89,'Ardiya Senaya','en',NULL,NULL,'After 24 Hours'),(179,90,'العباسية','ar',NULL,NULL,'بعد ٢٤ ساعة'),(180,90,'Abasiya','en',NULL,NULL,'After 24 Hours'),(181,91,'الفردوس','ar',NULL,NULL,'بعد ٢٤ ساعة'),(182,91,'Fardaus','en',NULL,NULL,'After 24 Hours'),(183,92,'الفروانية','ar',NULL,NULL,'بعد ٢٤ ساعة'),(184,92,'Farwaniya','en',NULL,NULL,'After 24 Hours'),(185,93,'الحساوي','ar',NULL,NULL,'بعد ٢٤ ساعة'),(186,93,'Hasawi','en',NULL,NULL,'After 24 Hours'),(187,94,'الشدادية','ar',NULL,NULL,'بعد ٢٤ ساعة'),(188,94,'Shadadya','en',NULL,NULL,'After 24 Hours'),(189,95,'الرابية','ar',NULL,NULL,'بعد ٢٤ ساعة'),(190,95,'Rabya','en',NULL,NULL,'After 24 Hours'),(191,96,'الرحاب','ar',NULL,NULL,'بعد ٢٤ ساعة'),(192,96,'Rehab','en',NULL,NULL,'After 24 Hours'),(193,97,'الرقعي','ar',NULL,NULL,'بعد ٢٤ ساعة'),(194,97,'Reqai','en',NULL,NULL,'After 24 Hours'),(195,98,'الري الصناعية','ar',NULL,NULL,'بعد ٢٤ ساعة'),(196,98,'Al-rai senya','en',NULL,NULL,'After 24 Hours'),(197,99,'ضاحية صباح الناصر','ar',NULL,NULL,'بعد ٢٤ ساعة'),(198,99,'Sobah - Al-nasser','en',NULL,NULL,'After 24 Hours'),(199,100,'ضاحية عبد الله المبارك','ar',NULL,NULL,'بعد ٢٤ ساعة'),(200,100,'Abdulallh Mubarak','en',NULL,NULL,'After 24 Hours'),(201,101,'الضجيج','ar',NULL,NULL,'بعد ٢٤ ساعة'),(202,101,'Dagej','en',NULL,NULL,'After 24 Hours'),(203,102,'الصليبية','ar',NULL,NULL,'بعد ٢٤ ساعة'),(204,102,'Salibiya','en',NULL,NULL,'After 24 Hours'),(205,103,'أمغرة','ar',NULL,NULL,'بعد ٢٤ ساعة'),(206,103,'Amgra','en',NULL,NULL,'After 24 Hours'),(207,104,'النعيم','ar',NULL,NULL,'بعد ٢٤ ساعة'),(208,104,'Naeem','en',NULL,NULL,'After 24 Hours'),(209,105,'القصر','ar',NULL,NULL,'بعد ٢٤ ساعة'),(210,105,'Qasr','en',NULL,NULL,'After 24 Hours'),(211,106,'الواحة','ar',NULL,NULL,'بعد ٢٤ ساعة'),(212,106,'Waha','en',NULL,NULL,'After 24 Hours'),(213,107,'تيماء','ar',NULL,NULL,'بعد ٢٤ ساعة'),(214,107,'Tayma','en',NULL,NULL,'After 24 Hours'),(215,108,'النسيم','ar',NULL,NULL,'بعد ٢٤ ساعة'),(216,108,'Nassem','en',NULL,NULL,'After 24 Hours'),(217,109,'العيون','ar',NULL,NULL,'بعد ٢٤ ساعة'),(218,109,'Eyoun','en',NULL,NULL,'After 24 Hours'),(219,110,'القيصرية','ar',NULL,NULL,'بعد ٢٤ ساعة'),(220,110,'Qaysarya','en',NULL,NULL,'After 24 Hours'),(221,111,'العبدلي','ar',NULL,NULL,'بعد ٢٤ ساعة'),(222,111,'Abali','en',NULL,NULL,'After 24 Hours'),(223,112,'الجهراء القديمة','ar',NULL,NULL,'بعد ٢٤ ساعة'),(224,112,'Old Jahra','en',NULL,NULL,'After 24 Hours'),(225,113,'الجهراء الجديدة','ar',NULL,NULL,'بعد ٢٤ ساعة'),(226,113,'New jahra','en',NULL,NULL,'After 24 Hours'),(227,114,'كاظمة','ar',NULL,NULL,'بعد ٢٤ ساعة'),(228,114,'Kazma','en',NULL,NULL,'After 24 Hours'),(229,115,'مدينة سعد العبد الله','ar',NULL,NULL,'بعد ٢٤ ساعة'),(230,115,'Saad - Al-abdullah','en',NULL,NULL,'After 24 Hours'),(231,116,'السالمي','ar',NULL,NULL,'بعد ٢٤ ساعة'),(232,116,'Alsalmi','en',NULL,NULL,'After 24 Hours'),(233,117,'المطلاع','ar',NULL,NULL,'بعد ٢٤ ساعة'),(234,117,'Metlah','en',NULL,NULL,'After 24 Hours'),(235,118,'مدينة الحرير','ar',NULL,NULL,'بعد ٢٤ ساعة'),(236,118,'Harir city','en',NULL,NULL,'After 24 Hours'),(237,119,'كبد','ar',NULL,NULL,'بعد ٢٤ ساعة'),(238,119,'Kabad','en',NULL,NULL,'After 24 Hours'),(239,120,'الروضتين','ar',NULL,NULL,'بعد ٢٤ ساعة'),(240,120,'Rawdaten','en',NULL,NULL,'After 24 Hours'),(241,121,'الصبية','ar',NULL,NULL,'بعد ٢٤ ساعة'),(242,121,'Subya','en',NULL,NULL,'After 24 Hours'),(243,122,'حولي','ar',NULL,NULL,'بعد ٢٤ ساعة'),(244,122,'Hawalli','en',NULL,NULL,'After 24 Hours'),(245,123,'الشعب','ar',NULL,NULL,'بعد ٢٤ ساعة'),(246,123,'Shaab','en',NULL,NULL,'After 24 Hours'),(247,124,'السالمية','ar',NULL,NULL,'بعد ٢٤ ساعة'),(248,124,'Salmya','en',NULL,NULL,'After 24 Hours'),(249,125,'الرميثية','ar',NULL,NULL,'بعد ٢٤ ساعة'),(250,125,'Romythiya','en',NULL,NULL,'After 24 Hours'),(251,126,'الجابرية','ar',NULL,NULL,'بعد ٢٤ ساعة'),(252,126,'Jabrya','en',NULL,NULL,'After 24 Hours'),(253,127,'مشرف','ar',NULL,NULL,'بعد ٢٤ ساعة'),(254,127,'Meshrif','en',NULL,NULL,'After 24 Hours'),(255,128,'بيان','ar',NULL,NULL,'بعد ٢٤ ساعة'),(256,128,'Bayan','en',NULL,NULL,'After 24 Hours'),(257,129,'آلبدع','ar',NULL,NULL,'بعد ٢٤ ساعة'),(258,129,'Albedaa','en',NULL,NULL,'After 24 Hours'),(259,130,'النقرة','ar',NULL,NULL,'بعد ٢٤ ساعة'),(260,130,'Noqra','en',NULL,NULL,'After 24 Hours'),(261,131,'ميدان حولي','ar',NULL,NULL,'بعد ٢٤ ساعة'),(262,131,'Medaan Hawalli','en',NULL,NULL,'After 24 Hours'),(263,132,'ضاحية مبارك العبد الله الجابر','ar',NULL,NULL,'بعد ٢٤ ساعة'),(264,132,'Mubarak Al-adbullah Algaber','en',NULL,NULL,'After 24 Hours'),(265,133,'سلوى','ar',NULL,NULL,'بعد ٢٤ ساعة'),(266,133,'Salwa','en',NULL,NULL,'After 24 Hours'),(267,134,'جنوب السرة','ar',NULL,NULL,'بعد ٢٤ ساعة'),(268,134,'Ganub Al-Surra','en',NULL,NULL,'After 24 Hours'),(269,135,'الزهراء','ar',NULL,NULL,'بعد ٢٤ ساعة'),(270,135,'Al-zahra','en',NULL,NULL,'After 24 Hours'),(271,136,'الصديق','ar',NULL,NULL,'بعد ٢٤ ساعة'),(272,136,'Sedeq','en',NULL,NULL,'After 24 Hours'),(273,137,'حطين','ar',NULL,NULL,'بعد ٢٤ ساعة'),(274,137,'Hiten','en',NULL,NULL,'After 24 Hours'),(275,138,'السلام','ar',NULL,NULL,'بعد ٢٤ ساعة'),(276,138,'Alsalam','en',NULL,NULL,'After 24 Hours'),(277,139,'الشهداء','ar',NULL,NULL,'بعد ٢٤ ساعة'),(278,139,'Showhada','en',NULL,NULL,'After 24 Hours'),(279,140,'العدان','ar',NULL,NULL,'بعد ٢٤ ساعة'),(280,140,'Adan','en',NULL,NULL,'After 24 Hours'),(281,141,'القصور','ar',NULL,NULL,'بعد ٢٤ ساعة'),(282,141,'Qusor','en',NULL,NULL,'After 24 Hours'),(283,142,'القرين','ar',NULL,NULL,'بعد ٢٤ ساعة'),(284,142,'Quren','en',NULL,NULL,'After 24 Hours'),(285,143,'ضاحية صباح السالم','ar',NULL,NULL,'بعد ٢٤ ساعة'),(286,143,'Subah Al-salem','en',NULL,NULL,'After 24 Hours'),(287,144,'المسيلة','ar',NULL,NULL,'بعد ٢٤ ساعة'),(288,144,'Mesilya','en',NULL,NULL,'After 24 Hours'),(289,145,'المسايل','ar',NULL,NULL,'بعد ٢٤ ساعة'),(290,145,'Masayel','en',NULL,NULL,'After 24 Hours'),(291,146,'أبو فطيرة','ar',NULL,NULL,'بعد ٢٤ ساعة'),(292,146,'Abu fetra','en',NULL,NULL,'After 24 Hours'),(293,147,'أبو الحصانية','ar',NULL,NULL,'بعد ٢٤ ساعة'),(294,147,'Abu Alhusanya','en',NULL,NULL,'After 24 Hours'),(295,148,'صبحان','ar',NULL,NULL,'بعد ٢٤ ساعة'),(296,148,'Sabhan','en',NULL,NULL,'After 24 Hours'),(297,149,'الفنيطيس','ar',NULL,NULL,'بعد ٢٤ ساعة'),(298,149,'Fintes','en',NULL,NULL,'After 24 Hours'),(301,151,'ضاحيه مبارك الكبير','ar',NULL,NULL,'ضاحيه مبارك الكبير'),(302,151,'ضاحيه مبارك الكبير','en',NULL,NULL,'ضاحيه مبارك الكبير');

--
-- Table structure for table `regions`
--

CREATE TABLE `regions` (
  `id` int unsigned NOT NULL AUTO_INCREMENT,
  `status` tinyint(1) NOT NULL DEFAULT '1',
  `address_address` varchar(255) CHARACTER SET utf8mb4 COLLATE utf8mb4_unicode_ci NOT NULL,
  `address_latitude` double NOT NULL,
  `address_longitude` double NOT NULL,
  `governments_id` int unsigned NOT NULL,
  `created_at` timestamp NULL DEFAULT NULL,
  `updated_at` timestamp NULL DEFAULT NULL,
  PRIMARY KEY (`id`),
  KEY `regions_governments_id_foreign` (`governments_id`)
) ENGINE=InnoDB AUTO_INCREMENT=152 DEFAULT CHARSET=utf8mb4 COLLATE=utf8mb4_unicode_ci;

--
-- Dumping data for table `regions`
--

INSERT INTO `regions` (`id`, `status`, `address_address`, `address_latitude`, `address_longitude`, `governments_id`, `created_at`, `updated_at`) VALUES (19,1,'مدينة الكويت',0,0,8,'2022-08-25 10:34:31','2022-08-25 10:34:31'),(20,1,'دسمان',0,0,8,'2022-08-25 10:36:00','2022-08-25 10:36:00'),(21,1,'شرق',0,0,8,'2022-08-25 10:36:31','2022-08-25 10:36:31'),(22,1,'الصوابر',0,0,8,'2022-08-25 10:41:53','2022-08-25 10:41:53'),(23,1,'المرقاب',0,0,8,'2022-08-25 10:42:29','2022-08-25 10:42:29'),(24,1,'القبلة',0,0,8,'2022-08-25 10:42:56','2022-08-25 10:42:56'),(25,1,'الصالحية',0,0,8,'2022-08-25 10:43:27','2022-08-25 10:43:27'),(26,1,'الوطية',0,0,8,'2022-08-25 10:43:58','2022-08-25 10:43:58'),(27,1,'بنيد القار',0,0,8,'2022-08-25 10:44:54','2022-08-25 10:44:54'),(28,1,'كيفان',0,0,8,'2022-08-25 10:45:21','2022-08-25 10:45:21'),(29,1,'الدوحة',0,0,8,'2022-08-25 10:46:27','2022-08-25 10:46:27'),(30,1,'الدسمة',0,0,8,'2022-08-25 10:46:52','2022-08-25 10:46:52'),(31,1,'الدعية',0,0,8,'2022-08-25 10:48:10','2022-08-25 10:48:10'),(32,1,'المنصورية',0,0,8,'2022-08-25 10:48:40','2022-08-25 10:48:40'),(33,1,'ضاحية عبد الله السالم',0,0,8,'2022-08-25 10:49:23','2022-08-25 10:49:23'),(34,1,'النزهة',0,0,8,'2022-08-25 10:49:56','2022-08-25 10:49:56'),(35,1,'الفيحاء',0,0,8,'2022-08-25 10:50:29','2022-08-25 10:50:29'),(36,1,'الشامية',0,0,8,'2022-08-25 10:51:07','2022-08-25 10:51:07'),(37,1,'الروضة',0,0,8,'2022-08-25 10:51:48','2022-08-25 10:51:48'),(38,1,'العديلية',0,0,8,'2022-08-25 10:52:21','2022-08-25 10:52:21'),(39,1,'الخالدية',0,0,8,'2022-08-25 10:53:18','2022-08-25 10:53:18'),(40,1,'القادسية',0,0,8,'2022-08-25 10:53:43','2022-08-25 10:53:43'),(41,1,'قرطبة',0,0,8,'2022-08-25 10:54:11','2022-08-25 10:54:11'),(42,1,'السرة',0,0,8,'2022-08-25 10:54:40','2022-08-25 10:54:40'),(43,1,'اليرموك',0,0,8,'2022-08-25 10:55:09','2022-08-25 10:55:09'),(44,1,'الشويخ',0,0,8,'2022-08-25 10:55:54','2022-08-25 10:55:54'),(45,1,'الري',0,0,8,'2022-08-25 10:56:14','2022-08-25 10:56:14'),(46,1,'غرناطة، Kuwait',29.312521,47.8785532,8,'2022-08-25 10:57:53','2022-08-25 10:57:53'),(47,1,'الصليبيخات',29.312521,47.8785532,8,'2022-08-25 10:59:18','2022-08-25 10:59:18'),(48,1,'النهضة',29.312521,47.8785532,8,'2022-08-25 10:59:50','2022-08-25 10:59:50'),(49,1,'مدينة جابر الأحمد',29.312521,47.8785532,8,'2022-08-25 11:00:29','2022-08-25 11:00:29'),(50,1,'القيروان',29.312521,47.8785532,8,'2022-08-25 11:01:01','2022-08-25 11:01:01'),(51,1,'شمال غرب الصليبيخات',29.312521,47.8785532,8,'2022-08-25 11:02:03','2022-08-25 11:02:03'),(52,1,'الفنطاس',29.312521,47.8785532,9,'2022-08-25 11:02:23','2022-08-25 11:02:23'),(53,1,'العقيلة',29.312521,47.8785532,9,'2022-08-25 11:02:49','2022-08-25 11:02:49'),(54,1,'الظهر',29.312521,47.8785532,9,'2022-08-25 11:03:15','2022-08-25 11:03:15'),(55,1,'المقوع',29.312521,47.8785532,9,'2022-08-25 11:03:52','2022-08-25 11:03:52'),(56,1,'المهبولة',29.312521,47.8785532,9,'2022-08-25 11:08:24','2022-08-25 11:08:24'),(57,1,'الرقة',29.312521,47.8785532,9,'2022-08-25 11:08:46','2022-08-25 11:08:46'),(58,1,'هدية',29.312521,47.8785532,9,'2022-08-25 11:09:06','2022-08-25 11:09:06'),(59,1,'أبو حليفة',29.312521,47.8785532,9,'2022-08-25 11:09:46','2022-08-25 11:09:46'),(60,1,'الصباحية',29.312521,47.8785532,9,'2022-08-25 11:10:14','2022-08-25 11:10:14'),(61,1,'المنقف',29.312521,47.8785532,9,'2022-08-25 11:10:44','2022-08-25 11:10:44'),(62,1,'الفحيحيل',29.312521,47.8785532,9,'2022-08-25 11:11:17','2022-08-25 11:11:17'),(63,1,'الأحمدي',29.312521,47.8785532,9,'2022-08-25 11:11:52','2022-08-25 11:11:52'),(64,1,'الوفرة',29.312521,47.8785532,9,'2022-08-25 11:12:12','2022-08-25 11:12:12'),(65,1,'الزور',29.312521,47.8785532,9,'2022-08-25 11:12:36','2022-08-25 11:12:36'),(66,1,'الخيران',29.312521,47.8785532,9,'2022-08-25 11:13:08','2022-08-25 11:13:08'),(67,1,'ميناء عبد الله',29.312521,47.8785532,9,'2022-08-25 11:13:55','2022-08-25 11:13:55'),(68,1,'الوفرة الزراعية',29.312521,47.8785532,9,'2022-08-25 11:14:28','2022-08-25 11:14:28'),(69,1,'بنيدر',29.312521,47.8785532,9,'2022-08-25 11:14:58','2022-08-25 11:14:58'),(70,1,'الجليعة',29.312521,47.8785532,9,'2022-08-25 11:15:37','2022-08-25 11:15:37'),(71,1,'الضباعية',29.312521,47.8785532,9,'2022-08-25 11:16:05','2022-08-25 11:16:05'),(72,1,'ضاحية جابر العلي',29.312521,47.8785532,9,'2022-08-25 11:16:38','2022-08-25 11:16:38'),(73,1,'ضاحية فهد الأحمد',29.312521,47.8785532,9,'2022-08-25 11:17:13','2022-08-25 11:17:13'),(74,1,'الشعيبة',29.312521,47.8785532,9,'2022-08-25 11:17:41','2022-08-25 11:17:41'),(75,1,'واره',29.312521,47.8785532,9,'2022-08-25 11:18:02','2022-08-25 11:18:02'),(76,1,'مدينة صباح الأحمد',29.312521,47.8785532,9,'2022-08-25 11:18:43','2022-08-25 11:18:43'),(77,1,'النويصيب',29.312521,47.8785532,9,'2022-08-25 11:19:20','2022-08-25 11:19:20'),(78,1,'مدينة الخيران',29.312521,47.8785532,9,'2022-08-25 11:19:53','2022-08-25 11:19:53'),(79,1,'ضاحية علي صباح السالم أم الهيمان سابقاً',29.312521,47.8785532,9,'2022-08-25 11:20:38','2022-08-25 11:20:38'),(80,1,'مدينة صباح الأحمد البحرية',29.312521,47.8785532,9,'2022-08-25 11:21:22','2022-08-25 11:21:22'),(81,1,'Abrq Khitan',29.312521,47.8785532,10,'2022-08-25 11:22:08','2022-08-25 11:22:08'),(82,1,'الأندلس',29.312521,47.8785532,10,'2022-08-25 11:22:29','2022-08-25 11:22:29'),(83,1,'اشبيلية',29.312521,47.8785532,10,'2022-08-25 11:23:08','2022-08-25 11:23:08'),(84,1,'جليب الشيوخ',29.312521,47.8785532,10,'2022-08-25 11:23:43','2022-08-25 11:23:43'),(85,1,'خيطان',29.312521,47.8785532,10,'2022-08-25 11:24:06','2022-08-25 11:24:06'),(86,1,'خيطان الجديدة',29.312521,47.8785532,10,'2022-08-25 11:24:30','2022-08-25 11:24:30'),(87,1,'العمرية',29.312521,47.8785532,10,'2022-08-25 11:24:58','2022-08-25 11:24:58'),(88,1,'العارضية',29.312521,47.8785532,10,'2022-08-25 11:25:22','2022-08-25 11:25:22'),(89,1,'العارضية الصناعية',29.312521,47.8785532,10,'2022-08-25 11:26:01','2022-08-25 11:26:01'),(90,1,'العباسية',29.312521,47.8785532,10,'2022-08-25 11:26:30','2022-08-25 11:26:30'),(91,1,'الفردوس',29.312521,47.8785532,10,'2022-08-25 11:27:01','2022-08-25 11:27:01'),(92,1,'الفروانية',29.312521,47.8785532,10,'2022-08-25 11:27:27','2022-08-25 11:27:27'),(93,1,'الحساوي',29.312521,47.8785532,10,'2022-08-25 11:27:52','2022-08-25 11:27:52'),(94,1,'الشدادية',0,0,10,'2022-08-25 11:31:28','2022-08-25 11:31:28'),(95,1,'الرابية',0,0,10,'2022-08-25 11:31:56','2022-08-25 11:31:56'),(96,1,'الرحاب',0,0,10,'2022-08-25 11:32:37','2022-08-25 11:32:37'),(97,1,'الرقعي',0,0,10,'2022-08-25 11:34:15','2022-08-25 11:34:15'),(98,1,'الري الصناعية',0,0,10,'2022-08-25 11:34:49','2022-08-25 11:34:49'),(99,1,'ضاحية صباح الناصر',0,0,10,'2022-08-25 11:35:48','2022-08-25 11:35:48'),(100,1,'ضاحية عبد الله المبارك',0,0,10,'2022-08-25 11:36:25','2022-08-25 11:36:25'),(101,1,'Dagej',0,0,10,'2022-08-25 11:37:32','2022-08-25 11:37:32'),(102,1,'الصليبية',0,0,11,'2022-08-25 11:38:04','2022-08-25 11:38:04'),(103,1,'أمغرة',0,0,11,'2022-08-25 11:38:29','2022-08-25 11:38:29'),(104,1,'Naeem',0,0,11,'2022-08-25 11:39:03','2022-08-25 11:39:03'),(105,1,'القصر',0,0,11,'2022-08-25 11:42:07','2022-08-25 11:42:07'),(106,1,'الواحة',0,0,11,'2022-08-25 11:42:30','2022-08-25 11:42:30'),(107,1,'تيماء',0,0,11,'2022-08-25 11:42:50','2022-08-25 11:42:50'),(108,1,'النسيم',0,0,11,'2022-08-25 11:43:13','2022-08-25 11:43:13'),(109,1,'العيون',0,0,11,'2022-08-25 11:43:44','2022-08-25 11:43:44'),(110,1,'القيصرية',0,0,11,'2022-08-25 11:44:37','2022-08-25 11:44:37'),(111,1,'العبدلي',0,0,11,'2022-08-25 11:45:06','2022-08-25 11:45:06'),(112,1,'الجهراء القديمة',0,0,11,'2022-08-25 11:46:42','2022-08-25 11:46:42'),(113,1,'New jahra',0,0,11,'2022-08-25 11:47:31','2022-08-25 11:47:31'),(114,1,'كاظمة',0,0,11,'2022-08-25 11:47:48','2022-08-25 11:47:48'),(115,1,'مدينة سعد العبد الله',0,0,11,'2022-08-25 11:48:22','2022-08-25 11:48:22'),(116,1,'السالمي',0,0,11,'2022-08-25 11:48:52','2022-08-25 11:48:52'),(117,1,'المطلاع',0,0,11,'2022-08-25 11:49:24','2022-08-25 11:49:24'),(118,1,'مدينة الحرير',0,0,11,'2022-08-25 11:50:13','2022-08-25 11:50:13'),(119,1,'كبد',0,0,11,'2022-08-25 11:50:44','2022-08-25 11:50:44'),(120,1,'الروضتين',0,0,11,'2022-08-25 11:51:21','2022-08-25 11:51:21'),(121,1,'الصبية',0,0,11,'2022-08-25 11:51:47','2022-08-25 11:51:47'),(122,1,'حولي',0,0,12,'2022-08-25 11:52:26','2022-08-25 11:52:26'),(123,1,'الشعب',0,0,12,'2022-08-25 11:52:47','2022-08-25 11:52:47'),(124,1,'السالمية',0,0,12,'2022-08-25 11:53:07','2022-08-25 11:53:07'),(125,1,'الرميثية',0,0,12,'2022-08-25 11:53:52','2022-08-25 11:53:52'),(126,1,'الجابرية',0,0,12,'2022-08-25 11:54:15','2022-08-25 11:54:15'),(127,1,'مشرف',0,0,12,'2022-08-25 11:54:39','2022-08-25 11:54:39'),(128,1,'بيان',0,0,12,'2022-08-25 11:54:57','2022-08-25 11:54:57'),(129,1,'آلبدع',0,0,12,'2022-08-25 11:55:23','2022-08-25 11:55:23'),(130,1,'النقرة',0,0,12,'2022-08-25 11:55:53','2022-08-25 11:55:53'),(131,1,'ميدان حولي',0,0,12,'2022-08-25 11:56:15','2022-08-25 11:56:15'),(132,1,'ضاحية مبارك العبد الله الجابر',0,0,12,'2022-08-25 11:57:05','2022-08-25 11:57:05'),(133,1,'سلوى',0,0,12,'2022-08-25 11:57:23','2022-08-25 11:57:23'),(134,1,'جنوب السرة',0,0,12,'2022-08-25 11:57:54','2022-08-25 11:57:54'),(135,1,'الزهراء',0,0,12,'2022-08-25 11:58:27','2022-08-25 11:58:27'),(136,1,'الصديق',0,0,12,'2022-08-25 11:59:17','2022-08-25 11:59:17'),(137,1,'حطين',0,0,12,'2022-08-25 11:59:57','2022-08-25 11:59:57'),(138,1,'السلام',0,0,12,'2022-08-25 12:01:35','2022-08-25 12:01:35'),(139,1,'الشهداء',0,0,12,'2022-08-25 12:02:07','2022-08-25 12:02:07'),(140,1,'العدان',0,0,13,'2022-08-25 12:02:29','2022-08-25 12:02:29'),(141,1,'القصور',0,0,13,'2022-08-25 12:02:59','2022-08-25 12:02:59'),(142,1,'القرين',0,0,13,'2022-08-25 12:03:31','2022-08-25 12:03:31'),(143,1,'ضاحية صباح السالم',0,0,13,'2022-08-25 12:04:02','2022-08-25 12:04:02'),(144,1,'المسيلة',0,0,13,'2022-08-25 12:04:27','2022-08-25 12:04:27'),(145,1,'المسايل',0,0,13,'2022-08-25 12:04:54','2022-08-25 12:04:54'),(146,1,'أبو فطيرة',0,0,13,'2022-08-25 12:05:20','2022-08-25 12:05:20'),(147,1,'أبو الحصانية',0,0,13,'2022-08-25 12:05:57','2022-08-25 12:05:57'),(148,1,'صبحان',0,0,13,'2022-08-25 12:06:25','2022-08-25 12:06:25'),(149,1,'الفنيطيس',0,0,13,'2022-08-25 12:06:55','2022-08-25 12:06:55'),(151,1,'مبارك الكبير، الكويت‎',29.1886698,48.0806909,13,'2022-08-28 01:58:47','2022-08-28 01:58:47');

--
-- Table structure for table `role_user`
--

CREATE TABLE `role_user` (
  `role_id` bigint unsigned NOT NULL,
  `user_id` bigint unsigned NOT NULL,
  `user_type` varchar(255) CHARACTER SET utf8mb4 COLLATE utf8mb4_unicode_ci NOT NULL,
  PRIMARY KEY (`user_id`,`role_id`,`user_type`),
  KEY `role_user_role_id_foreign` (`role_id`),
  CONSTRAINT `role_user_role_id_foreign` FOREIGN KEY (`role_id`) REFERENCES `roles` (`id`) ON DELETE CASCADE ON UPDATE CASCADE
) ENGINE=InnoDB DEFAULT CHARSET=utf8mb4 COLLATE=utf8mb4_unicode_ci;

--
-- Dumping data for table `role_user`
--

INSERT INTO `role_user` (`role_id`, `user_id`, `user_type`) VALUES (1,1,'App\\Models\\User'),(2,3,'App\\Models\\User'),(2,6,'App\\Models\\User'),(2,7,'App\\Models\\User'),(2,8,'App\\Models\\User'),(2,9,'App\\Models\\User'),(2,10,'App\\Models\\User'),(2,11,'App\\Models\\User'),(2,12,'App\\Models\\User'),(2,15,'App\\Models\\User'),(2,18,'App\\Models\\User'),(2,19,'App\\Models\\User'),(2,24,'App\\Models\\User'),(2,27,'App\\Models\\User'),(2,39,'App\\Models\\User'),(2,40,'App\\Models\\User'),(2,41,'App\\Models\\User'),(2,42,'App\\Models\\User'),(2,43,'App\\Models\\User'),(2,44,'App\\Models\\User'),(2,45,'App\\Models\\User'),(2,46,'App\\Models\\User'),(2,57,'App\\Models\\User'),(2,59,'App\\Models\\User'),(2,60,'App\\Models\\User'),(2,61,'App\\Models\\User'),(2,62,'App\\Models\\User'),(2,63,'App\\Models\\User'),(2,64,'App\\Models\\User'),(2,65,'App\\Models\\User'),(2,66,'App\\Models\\User'),(2,67,'App\\Models\\User'),(2,68,'App\\Models\\User'),(2,69,'App\\Models\\User'),(2,70,'App\\Models\\User'),(2,71,'App\\Models\\User'),(2,72,'App\\Models\\User'),(2,73,'App\\Models\\User'),(2,74,'App\\Models\\User'),(2,75,'App\\Models\\User'),(2,76,'App\\Models\\User'),(2,77,'App\\Models\\User'),(2,78,'App\\Models\\User'),(2,79,'App\\Models\\User'),(2,80,'App\\Models\\User'),(2,81,'App\\Models\\User'),(2,82,'App\\Models\\User'),(2,83,'App\\Models\\User'),(2,84,'App\\Models\\User'),(2,85,'App\\Models\\User'),(3,55,'App\\Models\\User'),(3,58,'App\\Models\\User');

--
-- Table structure for table `roles`
--

CREATE TABLE `roles` (
  `id` bigint unsigned NOT NULL AUTO_INCREMENT,
  `name` varchar(255) CHARACTER SET utf8mb4 COLLATE utf8mb4_unicode_ci NOT NULL,
  `display_name` varchar(255) CHARACTER SET utf8mb4 COLLATE utf8mb4_unicode_ci DEFAULT NULL,
  `description` varchar(255) CHARACTER SET utf8mb4 COLLATE utf8mb4_unicode_ci DEFAULT NULL,
  `created_at` timestamp NULL DEFAULT NULL,
  `updated_at` timestamp NULL DEFAULT NULL,
  PRIMARY KEY (`id`),
  UNIQUE KEY `roles_name_unique` (`name`)
) ENGINE=InnoDB AUTO_INCREMENT=7 DEFAULT CHARSET=utf8mb4 COLLATE=utf8mb4_unicode_ci;

--
-- Dumping data for table `roles`
--

INSERT INTO `roles` (`id`, `name`, `display_name`, `description`, `created_at`, `updated_at`) VALUES (1,'super_admin','Super Admin','Super Admin','2022-06-21 09:32:18','2022-06-21 09:32:18'),(2,'clients','Clients','Clients','2022-06-21 09:32:18','2022-06-21 09:32:18'),(3,'admin','Admin','Admin','2022-06-21 09:32:18','2022-06-21 09:32:18'),(6,'متم',NULL,NULL,'2022-11-20 13:44:46','2022-11-20 13:44:46');

--
-- Table structure for table `shipping_type_translations`
--

CREATE TABLE `shipping_type_translations` (
  `id` int unsigned NOT NULL AUTO_INCREMENT,
  `shipping_type_id` int unsigned NOT NULL,
  `title` varchar(255) CHARACTER SET utf8mb4 COLLATE utf8mb4_unicode_ci DEFAULT NULL,
  `locale` varchar(255) CHARACTER SET utf8mb4 COLLATE utf8mb4_unicode_ci NOT NULL,
  `created_at` timestamp NULL DEFAULT NULL,
  `updated_at` timestamp NULL DEFAULT NULL,
  PRIMARY KEY (`id`),
  UNIQUE KEY `shipping_type_translations_shipping_type_id_locale_unique` (`shipping_type_id`,`locale`),
  CONSTRAINT `shipping_type_translations_shipping_type_id_foreign` FOREIGN KEY (`shipping_type_id`) REFERENCES `shipping_types` (`id`) ON DELETE CASCADE
) ENGINE=InnoDB DEFAULT CHARSET=utf8mb4 COLLATE=utf8mb4_unicode_ci;

--
-- Dumping data for table `shipping_type_translations`
--


--
-- Table structure for table `shipping_types`
--

CREATE TABLE `shipping_types` (
  `id` int unsigned NOT NULL AUTO_INCREMENT,
  `image` varchar(255) CHARACTER SET utf8mb4 COLLATE utf8mb4_unicode_ci DEFAULT NULL,
  `type` int NOT NULL DEFAULT '0',
  `status` int NOT NULL DEFAULT '0',
  `created_at` timestamp NULL DEFAULT NULL,
  `updated_at` timestamp NULL DEFAULT NULL,
  PRIMARY KEY (`id`)
) ENGINE=InnoDB DEFAULT CHARSET=utf8mb4 COLLATE=utf8mb4_unicode_ci;

--
-- Dumping data for table `shipping_types`
--


--
-- Table structure for table `short_terms`
--

CREATE TABLE `short_terms` (
  `id` int unsigned NOT NULL AUTO_INCREMENT,
  `Ticket` varchar(255) CHARACTER SET utf8mb4 COLLATE utf8mb4_unicode_ci NOT NULL,
  `AccountNo` varchar(255) CHARACTER SET utf8mb4 COLLATE utf8mb4_unicode_ci NOT NULL,
  `Action` varchar(255) CHARACTER SET utf8mb4 COLLATE utf8mb4_unicode_ci NOT NULL,
  `FirstSymbol` varchar(255) CHARACTER SET utf8mb4 COLLATE utf8mb4_unicode_ci NOT NULL,
  `PriceCurrent` varchar(255) CHARACTER SET utf8mb4 COLLATE utf8mb4_unicode_ci NOT NULL,
  `PriceOpen` varchar(255) CHARACTER SET utf8mb4 COLLATE utf8mb4_unicode_ci NOT NULL,
  `PriceSL` varchar(255) CHARACTER SET utf8mb4 COLLATE utf8mb4_unicode_ci NOT NULL,
  `PriceTP` varchar(255) CHARACTER SET utf8mb4 COLLATE utf8mb4_unicode_ci NOT NULL,
  `Profit` varchar(255) CHARACTER SET utf8mb4 COLLATE utf8mb4_unicode_ci NOT NULL,
  `SecondSymbol` varchar(255) CHARACTER SET utf8mb4 COLLATE utf8mb4_unicode_ci NOT NULL,
  `Symbol` varchar(255) CHARACTER SET utf8mb4 COLLATE utf8mb4_unicode_ci DEFAULT NULL,
  `Time` varchar(255) CHARACTER SET utf8mb4 COLLATE utf8mb4_unicode_ci NOT NULL,
  `Volume` varchar(255) CHARACTER SET utf8mb4 COLLATE utf8mb4_unicode_ci NOT NULL,
  `created_at` timestamp NULL DEFAULT NULL,
  `updated_at` timestamp NULL DEFAULT NULL,
  PRIMARY KEY (`id`)
) ENGINE=InnoDB DEFAULT CHARSET=utf8mb4 COLLATE=utf8mb4_unicode_ci;

--
-- Dumping data for table `short_terms`
--


--
-- Table structure for table `slider_translations`
--

CREATE TABLE `slider_translations` (
  `id` int unsigned NOT NULL AUTO_INCREMENT,
  `slider_id` int unsigned NOT NULL,
  `name` varchar(255) CHARACTER SET utf8mb4 COLLATE utf8mb4_unicode_ci DEFAULT NULL,
  `content` varchar(255) CHARACTER SET utf8mb4 COLLATE utf8mb4_unicode_ci DEFAULT NULL,
  `locale` varchar(255) CHARACTER SET utf8mb4 COLLATE utf8mb4_unicode_ci NOT NULL,
  `created_at` timestamp NULL DEFAULT NULL,
  `updated_at` timestamp NULL DEFAULT NULL,
  PRIMARY KEY (`id`),
  UNIQUE KEY `slider_translations_slider_id_locale_unique` (`slider_id`,`locale`),
  KEY `slider_translations_locale_index` (`locale`),
  CONSTRAINT `slider_translations_slider_id_foreign` FOREIGN KEY (`slider_id`) REFERENCES `sliders` (`id`) ON DELETE CASCADE
) ENGINE=InnoDB DEFAULT CHARSET=utf8mb4 COLLATE=utf8mb4_unicode_ci;

--
-- Dumping data for table `slider_translations`
--


--
-- Table structure for table `sliders`
--

CREATE TABLE `sliders` (
  `id` int unsigned NOT NULL AUTO_INCREMENT,
  `image` varchar(255) CHARACTER SET utf8mb4 COLLATE utf8mb4_unicode_ci NOT NULL,
  `type` enum('none','category','product') CHARACTER SET utf8mb4 COLLATE utf8mb4_unicode_ci NOT NULL DEFAULT 'none',
  `id_number` int DEFAULT NULL,
  `status` varchar(255) CHARACTER SET utf8mb4 COLLATE utf8mb4_unicode_ci NOT NULL DEFAULT '1',
  `created_at` timestamp NULL DEFAULT NULL,
  `updated_at` timestamp NULL DEFAULT NULL,
  `banner` int DEFAULT '0',
  PRIMARY KEY (`id`)
) ENGINE=InnoDB AUTO_INCREMENT=8 DEFAULT CHARSET=utf8mb4 COLLATE=utf8mb4_unicode_ci;

--
-- Dumping data for table `sliders`
--

INSERT INTO `sliders` (`id`, `image`, `type`, `id_number`, `status`, `created_at`, `updated_at`, `banner`) VALUES (3,'435803-banner1.png','category',2,'1','2022-11-08 08:59:16','2022-12-07 12:33:16',0),(4,'71981-banner2.png','product',4444,'1','2022-11-08 09:06:43','2022-12-07 12:53:12',0),(5,'971698-baner-gif.gif','product',2,'1','2022-11-08 09:14:52','2022-12-17 06:19:40',1),(6,'835988-baner-gif.gif','product',2,'1','2022-11-08 09:15:17','2022-12-17 06:19:50',1),(7,'396818-banner3.png','none',NULL,'1','2022-11-17 06:50:10','2022-12-07 21:35:11',0);

--
-- Table structure for table `tagers`
--

CREATE TABLE `tagers` (
  `id` int unsigned NOT NULL AUTO_INCREMENT,
  `user_id` int unsigned NOT NULL,
  `instagram_link` varchar(255) CHARACTER SET utf8mb4 COLLATE utf8mb4_unicode_ci DEFAULT NULL,
  `banners` text CHARACTER SET utf8mb4 COLLATE utf8mb4_unicode_ci,
  `created_at` timestamp NULL DEFAULT NULL,
  `updated_at` timestamp NULL DEFAULT NULL,
  PRIMARY KEY (`id`),
  KEY `tagers_user_id_foreign` (`user_id`)
) ENGINE=InnoDB AUTO_INCREMENT=6 DEFAULT CHARSET=utf8mb4 COLLATE=utf8mb4_unicode_ci;

--
-- Dumping data for table `tagers`
--

INSERT INTO `tagers` (`id`, `user_id`, `instagram_link`, `banners`, `created_at`, `updated_at`) VALUES (2,47,'https://forsa.topapp-kw.com/ar/admin/panel/tagers/create','[\"2022-06-26-e5e46aed80d0ea36e1ce0e66694b02f81648659101471.png\"]','2022-06-25 08:39:01','2022-06-26 08:48:14'),(3,51,'https://forsa.topapp-kw.com/ar/admin/panel/tagers/create','[\"2022-06-26-unnamed.png\"]','2022-06-25 08:43:38','2022-06-26 08:52:05'),(4,52,'https://forsa.topapp-kw.com/ar/admin/panel/tagers/create','[\"2022-06-25-unnamed-1.png\"]','2022-06-25 08:49:26','2022-06-25 08:49:26'),(5,53,'https://forsa.topapp-kw.com/ar/admin/panel/tagers/create','[\"2022-06-25-b350d943a372f3f36a876b10b3f40038_icon.png\"]','2022-06-25 08:53:19','2022-06-25 08:53:19');

--
-- Table structure for table `topic_subscripts`
--

CREATE TABLE `topic_subscripts` (
  `id` int unsigned NOT NULL AUTO_INCREMENT,
  `topics_id` int unsigned DEFAULT NULL,
  `status` varchar(255) CHARACTER SET utf8mb4 COLLATE utf8mb4_unicode_ci NOT NULL,
  `symobleName` varchar(255) CHARACTER SET utf8mb4 COLLATE utf8mb4_unicode_ci NOT NULL,
  `created_at` timestamp NULL DEFAULT NULL,
  `updated_at` timestamp NULL DEFAULT NULL,
  PRIMARY KEY (`id`),
  KEY `topic_subscripts_topics_id_foreign` (`topics_id`),
  CONSTRAINT `topic_subscripts_topics_id_foreign` FOREIGN KEY (`topics_id`) REFERENCES `topics` (`id`) ON DELETE CASCADE
) ENGINE=InnoDB DEFAULT CHARSET=utf8mb4 COLLATE=utf8mb4_unicode_ci;

--
-- Dumping data for table `topic_subscripts`
--


--
-- Table structure for table `topics`
--

CREATE TABLE `topics` (
  `id` int unsigned NOT NULL AUTO_INCREMENT,
  `token` text CHARACTER SET utf8mb4 COLLATE utf8mb4_unicode_ci,
  `created_at` timestamp NULL DEFAULT NULL,
  `updated_at` timestamp NULL DEFAULT NULL,
  PRIMARY KEY (`id`)
) ENGINE=InnoDB DEFAULT CHARSET=utf8mb4 COLLATE=utf8mb4_unicode_ci;

--
-- Dumping data for table `topics`
--


--
-- Table structure for table `user_addresses`
--

CREATE TABLE `user_addresses` (
  `id` int unsigned NOT NULL AUTO_INCREMENT,
  `user_id` int unsigned DEFAULT NULL,
  `governments_id` int unsigned DEFAULT NULL,
  `region_id` int unsigned DEFAULT NULL,
  `block` varchar(255) CHARACTER SET utf8mb4 COLLATE utf8mb4_unicode_ci NOT NULL,
  `Street_number` varchar(255) CHARACTER SET utf8mb4 COLLATE utf8mb4_unicode_ci NOT NULL,
  `gada` varchar(191) CHARACTER SET utf8mb4 COLLATE utf8mb4_unicode_ci DEFAULT NULL,
  `Apartment_number` varchar(255) CHARACTER SET utf8mb4 COLLATE utf8mb4_unicode_ci NOT NULL,
  `floor_number` varchar(255) CHARACTER SET utf8mb4 COLLATE utf8mb4_unicode_ci NOT NULL,
  `house_number` varchar(255) CHARACTER SET utf8mb4 COLLATE utf8mb4_unicode_ci NOT NULL,
  `type` varchar(255) CHARACTER SET utf8mb4 COLLATE utf8mb4_unicode_ci NOT NULL,
  `user_name` varchar(255) CHARACTER SET utf8mb4 COLLATE utf8mb4_unicode_ci DEFAULT NULL,
  `phone` varchar(255) CHARACTER SET utf8mb4 COLLATE utf8mb4_unicode_ci DEFAULT NULL,
  `email` varchar(255) CHARACTER SET utf8mb4 COLLATE utf8mb4_unicode_ci DEFAULT NULL,
  `created_at` timestamp NULL DEFAULT NULL,
  `updated_at` timestamp NULL DEFAULT NULL,
  `checked` varchar(11) CHARACTER SET utf8mb4 COLLATE utf8mb4_unicode_ci DEFAULT NULL,
  `lat` varchar(191) CHARACTER SET utf8mb4 COLLATE utf8mb4_unicode_ci DEFAULT NULL,
  `long` varchar(191) CHARACTER SET utf8mb4 COLLATE utf8mb4_unicode_ci DEFAULT NULL,
  `country_id` int DEFAULT NULL,
  `secondphone` varchar(191) CHARACTER SET utf8mb4 COLLATE utf8mb4_unicode_ci DEFAULT NULL,
  `governments` varchar(191) CHARACTER SET utf8mb4 COLLATE utf8mb4_unicode_ci DEFAULT NULL,
  `regions` varchar(191) CHARACTER SET utf8mb4 COLLATE utf8mb4_unicode_ci DEFAULT NULL,
  `note` text CHARACTER SET utf8mb4 COLLATE utf8mb4_unicode_ci,
  `civil_id` varchar(191) CHARACTER SET utf8mb4 COLLATE utf8mb4_unicode_ci DEFAULT NULL,
  `mac_address` varchar(191) CHARACTER SET utf8mb4 COLLATE utf8mb4_unicode_ci DEFAULT NULL,
  PRIMARY KEY (`id`),
  KEY `user_addresses_user_id_foreign` (`user_id`),
  KEY `user_addresses_governments_id_foreign` (`governments_id`),
  KEY `user_addresses_region_id_foreign` (`region_id`)
) ENGINE=InnoDB AUTO_INCREMENT=28 DEFAULT CHARSET=utf8mb4 COLLATE=utf8mb4_unicode_ci;

--
-- Dumping data for table `user_addresses`
--

INSERT INTO `user_addresses` (`id`, `user_id`, `governments_id`, `region_id`, `block`, `Street_number`, `gada`, `Apartment_number`, `floor_number`, `house_number`, `type`, `user_name`, `phone`, `email`, `created_at`, `updated_at`, `checked`, `lat`, `long`, `country_id`, `secondphone`, `governments`, `regions`, `note`, `civil_id`, `mac_address`) VALUES (1,1,9,53,'ew','we','we','','we','we','','admin','5502283033','admin@admin.com','2022-12-10 08:32:18','2023-01-12 16:15:14','true',NULL,NULL,1,'550228302',NULL,NULL,NULL,'3222',NULL),(2,NULL,9,59,'6','66',NULL,'_','_','88','','محمد','+9659999',NULL,'2022-12-13 20:49:29','2022-12-13 20:49:37','true',NULL,NULL,1,'+9659666',NULL,NULL,NULL,NULL,'f9d21248cb9f9aa4'),(3,NULL,9,59,'erwtewrt','erwt',NULL,'rewtw','twewert','rewtrwe','','twerterwt','+96545٦٣٤٥٦','wertewr@gmail.com','2022-12-14 12:16:17','2022-12-14 13:04:28','true',NULL,NULL,1,'+965٤٣٥٦٣٤٥٦٣٤',NULL,NULL,NULL,NULL,'435DE71C-2EDF-4098-8B12-FE5EC5C6E577'),(4,NULL,9,59,'hvvv','bbvvb',NULL,'ggh','jhb','jhv','','باتتدبل','+96558558888',NULL,'2022-12-15 05:33:23','2022-12-15 05:33:28','true',NULL,NULL,1,'+96585585588',NULL,NULL,NULL,NULL,'6A94837E-8112-48D4-9636-685C2C4C7FBA'),(5,NULL,9,59,'٨','٢٥',NULL,'_','_','٧','','محمد','+9656000','ggfdd','2022-12-15 08:47:42','2022-12-21 08:34:51','true',NULL,NULL,1,'+96566558',NULL,NULL,NULL,NULL,'d0c88bfb2f105fcd'),(6,NULL,9,61,'بيب','غب',NULL,'_','_','وىر','','هههنتم','+9656555',NULL,'2022-12-21 07:18:29','2022-12-28 12:51:34','true',NULL,NULL,1,'+965555',NULL,NULL,NULL,NULL,'987d6949a88f2925'),(7,NULL,8,20,'we','qwe','qew','','qewqwe','qwe','','saasd','55022830','samer@gmail.com','2022-12-21 07:20:59','2022-12-21 07:20:59','true',NULL,NULL,1,'55022830',NULL,NULL,'eqw','123123','BOdAE9nmijpPHEhoanOarjvM5IZfLW04jlODfnjk'),(8,NULL,9,59,'سيبسيب','سيب',NULL,'يسب','يبس','سشيب','','شسيبيسش','+965٣٤٥٣٤','سيبسشب','2023-01-02 19:32:57','2023-01-02 19:37:49','true',NULL,NULL,1,'+965٣٤٥٣٢٤',NULL,NULL,NULL,NULL,'2AAF25D1-EC11-4219-BE2F-8C6F9DE9B8A2'),(9,NULL,8,27,'y','77',NULL,'_','_','655','','تيتست','+96597686',NULL,'2023-01-03 05:45:32','2023-01-04 06:23:51','true',NULL,NULL,1,'+96564646',NULL,NULL,NULL,NULL,'16f765078124aa84'),(10,NULL,8,32,'ert','ert',NULL,'erwt','erwt','ert','','ert','+965ert','ewrterwtewrt','2023-01-05 09:11:50','2023-01-05 09:11:55','true',NULL,NULL,1,'+965ewrt',NULL,NULL,NULL,NULL,'C3D607D1-8358-4324-A539-8F45DB193209'),(11,NULL,8,20,'sdfs','sdf','sdf','','sfd','sdf','','samer','5022830','samer@gmail.com','2023-01-07 08:50:46','2023-01-07 08:50:46','true',NULL,NULL,1,'51007138',NULL,NULL,'fsdsd','3432423','21riopqrcP7Z1HomvYpHGVEqa802k3h4SgjnlQRw'),(12,NULL,9,64,'sdfgfsd','dfsgdfs',NULL,'dsfg','sfdg','gsdfgf','','gfsdgsd','+96532454325','sdfds@sdfsf.com','2023-01-11 10:43:52','2023-01-12 07:45:59','true',NULL,NULL,1,'+9653245324523',NULL,NULL,NULL,NULL,'8C9CCA23-F6B7-4873-BAF6-5FDDF7AE035F'),(13,NULL,9,60,'ffgg','yfghh',NULL,'vv','uuhg','dfjj','','gggggggg','+96555555555','ffggggggg@fff.vcc','2023-01-12 05:22:47','2023-01-19 06:18:12','true',NULL,NULL,1,'+965588888888',NULL,NULL,NULL,NULL,'462c3d87ce86ca40'),(14,NULL,8,20,'sdf','sdf','sdf','','sdf','sfd','','sadasd','55022830','samer@gmail.com','2023-01-12 06:10:39','2023-01-12 06:10:39','true',NULL,NULL,1,'55022830',NULL,NULL,NULL,'2323423','ihpbwGLNUBiKihpnJsCXykdD5AHKuHUpvkEd01FC'),(15,NULL,8,28,'etfhert','tery',NULL,'rety','rtey','rtey','','fghdf','+9653456435','sfdgdfsg@asd.com','2023-01-14 08:37:24','2023-01-14 08:47:34','true',NULL,NULL,1,'+9654536',NULL,NULL,NULL,NULL,'71376C19-BDD0-4899-B80E-57EDD48AF652'),(16,NULL,8,29,'hhhh','hhg',NULL,'hgv','hbb','bbv','','anwar','+96567485580','sfghgg@fhhgv.com','2023-01-16 08:54:33','2023-01-17 09:41:58','true',NULL,NULL,1,'123',NULL,NULL,NULL,NULL,'F9040213-0378-4538-B161-F5B473E35081'),(17,NULL,9,60,'ضثصق','صضثق',NULL,'صضثق','ضصثق','قثضص','','صبيلبي','+965٣٤٥٤٣٢٥٤٣٢','سيبلسبيب','2023-01-16 10:40:48','2023-01-16 11:03:37','true',NULL,NULL,1,'123',NULL,NULL,NULL,NULL,'2A118613-3507-4969-8BD8-87CE298C6DAE'),(18,NULL,9,60,'dfg','dfg',NULL,'_','_','dsfg','','fdsgfdsg','+9654352343245432','vcxzvz@asd.com','2023-01-16 17:50:45','2023-01-16 17:50:50','true',NULL,NULL,1,'123',NULL,NULL,NULL,NULL,'F21A02DF-27B8-4059-8E37-78B4ED130AB2'),(19,NULL,9,61,'seqrewqr','qwerwqe',NULL,'_','_','ewqrwqreqw','','ertrewt','+965453645','rterwtrewterw','2023-01-17 12:19:01','2023-01-17 12:19:06','true',NULL,NULL,1,'123',NULL,NULL,NULL,NULL,'0AD4181A-F11F-4113-BB3E-00D1978CF0DF'),(20,NULL,10,93,'d','r',NULL,'_','_','f','','ddr','+96560004861','fff','2023-01-19 07:06:50','2023-01-19 07:07:04','true',NULL,NULL,1,'123',NULL,NULL,NULL,NULL,'44bf9d6de6c762e3'),(21,NULL,10,94,'g','h',NULL,'_','_','h','','gff','+96560004861',NULL,'2023-01-21 10:34:28','2023-01-21 10:48:36','true',NULL,NULL,1,'123',NULL,NULL,NULL,NULL,'F2A8748F-93C2-49B5-BEEE-86D8C05D0208'),(24,NULL,9,56,'2','214',NULL,'16','6','203','','محمد','+96555942762','omahmed141@hotmail.com','2023-01-24 05:09:30','2023-01-24 05:09:36','true',NULL,NULL,1,'+965',NULL,NULL,NULL,NULL,'7A9BCE40-DA59-459E-B5C0-C62D8FB3E8AD'),(25,NULL,10,93,'8','kks',NULL,'_','_','iej','','teeest','+9655151515','teeeewst','2023-01-29 21:45:09','2023-01-29 21:45:17','true',NULL,NULL,1,'+96554545454',NULL,NULL,NULL,NULL,'9aaa513296aa49ea'),(26,NULL,8,20,'asd','asdad','asd','','asd','das','','asdasdsad','55022830','adsas@gmail.com','2023-01-30 11:30:13','2023-01-30 11:35:57','true',NULL,NULL,1,'55022830',NULL,NULL,'asd','324234','SL10XuKNdKJ5oeBri510qTG6PY379b5g7y5u3sk3'),(27,NULL,11,115,'5','55',NULL,'_','_','56','','tttttt','+9656464646',NULL,'2023-02-05 11:53:35','2023-02-06 05:56:52','true',NULL,NULL,1,'+965',NULL,NULL,NULL,NULL,'58bc2735ca6420fe');

--
-- Table structure for table `user_categories`
--

CREATE TABLE `user_categories` (
  `id` int unsigned NOT NULL AUTO_INCREMENT,
  `user_id` int unsigned NOT NULL,
  `category_id` int unsigned NOT NULL,
  `created_at` timestamp NULL DEFAULT NULL,
  `updated_at` timestamp NULL DEFAULT NULL,
  PRIMARY KEY (`id`),
  KEY `user_categories_user_id_foreign` (`user_id`),
  KEY `user_categories_category_id_foreign` (`category_id`)
) ENGINE=InnoDB AUTO_INCREMENT=10 DEFAULT CHARSET=utf8mb4 COLLATE=utf8mb4_unicode_ci;

--
-- Dumping data for table `user_categories`
--

INSERT INTO `user_categories` (`id`, `user_id`, `category_id`, `created_at`, `updated_at`) VALUES (2,47,3,NULL,NULL),(3,51,4,NULL,NULL),(4,52,3,NULL,NULL),(5,53,3,NULL,NULL),(9,47,10,NULL,NULL);

--
-- Table structure for table `user_orders`
--

CREATE TABLE `user_orders` (
  `id` int unsigned NOT NULL AUTO_INCREMENT,
  `user_id` int unsigned DEFAULT NULL,
  `order_id` int unsigned DEFAULT NULL,
  `status` enum('wait','refused','accepted','shipped','complete') CHARACTER SET utf8mb4 COLLATE utf8mb4_unicode_ci NOT NULL,
  `created_at` timestamp NULL DEFAULT NULL,
  `updated_at` timestamp NULL DEFAULT NULL,
  PRIMARY KEY (`id`),
  KEY `user_orders_user_id_foreign` (`user_id`),
  KEY `user_orders_order_id_foreign` (`order_id`)
) ENGINE=InnoDB DEFAULT CHARSET=utf8mb4 COLLATE=utf8mb4_unicode_ci;

--
-- Dumping data for table `user_orders`
--


--
-- Table structure for table `user_products`
--

CREATE TABLE `user_products` (
  `id` int unsigned NOT NULL AUTO_INCREMENT,
  `user_id` int unsigned NOT NULL,
  `product_id` int unsigned NOT NULL,
  `created_at` timestamp NULL DEFAULT NULL,
  `updated_at` timestamp NULL DEFAULT NULL,
  PRIMARY KEY (`id`),
  KEY `user_products_user_id_foreign` (`user_id`),
  KEY `user_products_product_id_foreign` (`product_id`)
) ENGINE=InnoDB AUTO_INCREMENT=17 DEFAULT CHARSET=utf8mb4 COLLATE=utf8mb4_unicode_ci;

--
-- Dumping data for table `user_products`
--

INSERT INTO `user_products` (`id`, `user_id`, `product_id`, `created_at`, `updated_at`) VALUES (16,1,3,NULL,NULL);

--
-- Table structure for table `users`
--

CREATE TABLE `users` (
  `id` int unsigned NOT NULL AUTO_INCREMENT,
  `name` varchar(255) CHARACTER SET utf8mb4 COLLATE utf8mb4_unicode_ci NOT NULL,
  `email` varchar(255) CHARACTER SET utf8mb4 COLLATE utf8mb4_unicode_ci NOT NULL,
  `email_verified_at` timestamp NULL DEFAULT NULL,
  `password` varchar(255) CHARACTER SET utf8mb4 COLLATE utf8mb4_unicode_ci DEFAULT NULL,
  `status` int NOT NULL DEFAULT '1',
  `phone` varchar(255) CHARACTER SET utf8mb4 COLLATE utf8mb4_unicode_ci DEFAULT NULL,
  `unique_id` varchar(255) CHARACTER SET utf8mb4 COLLATE utf8mb4_unicode_ci DEFAULT NULL,
  `civil_id` varchar(255) CHARACTER SET utf8mb4 COLLATE utf8mb4_unicode_ci DEFAULT NULL,
  `activation_code` varchar(255) CHARACTER SET utf8mb4 COLLATE utf8mb4_unicode_ci DEFAULT NULL,
  `remember_token` varchar(100) CHARACTER SET utf8mb4 COLLATE utf8mb4_unicode_ci DEFAULT NULL,
  `created_at` timestamp NULL DEFAULT NULL,
  `updated_at` timestamp NULL DEFAULT NULL,
  `address` varchar(255) CHARACTER SET utf8mb4 COLLATE utf8mb4_unicode_ci DEFAULT NULL,
  `lat` varchar(255) CHARACTER SET utf8mb4 COLLATE utf8mb4_unicode_ci DEFAULT NULL,
  `long` varchar(255) CHARACTER SET utf8mb4 COLLATE utf8mb4_unicode_ci DEFAULT NULL,
  `image` varchar(255) CHARACTER SET utf8mb4 COLLATE utf8mb4_unicode_ci DEFAULT NULL,
  `device_token` text CHARACTER SET utf8mb4 COLLATE utf8mb4_unicode_ci,
  PRIMARY KEY (`id`),
  UNIQUE KEY `users_email_unique` (`email`),
  UNIQUE KEY `users_phone_unique` (`phone`)
) ENGINE=InnoDB AUTO_INCREMENT=86 DEFAULT CHARSET=utf8mb4 COLLATE=utf8mb4_unicode_ci;

--
-- Dumping data for table `users`
--

INSERT INTO `users` (`id`, `name`, `email`, `email_verified_at`, `password`, `status`, `phone`, `unique_id`, `civil_id`, `activation_code`, `remember_token`, `created_at`, `updated_at`, `address`, `lat`, `long`, `image`, `device_token`) VALUES (1,'admin','admin@admin.com',NULL,'$2y$10$g9ceBZqU5q04D9oL5lUXOuF7Nxvnnf6WQF4E6nouYEL4rGuQS6MOy',1,NULL,NULL,'3222',NULL,NULL,'2022-06-21 09:32:18','2022-10-30 11:31:09',NULL,NULL,NULL,NULL,NULL),(82,'samer','samerabdelmonem96@gmail.com',NULL,'$2y$10$4tgjS7MW713OtLqHvi0qBORFK6iTxYPdEQdJw5BeQfCXeXC3gwuWi',1,'+96555022830',NULL,'212311','73244',NULL,'2022-11-20 04:42:41','2022-11-20 04:44:05',NULL,NULL,NULL,NULL,NULL),(83,'ggggggg','gggg@ggg.com',NULL,'$2y$10$6wO4BWNwtCU1.mTm41aBzujUidjyGH8gxHbnXjCvLTp9anhMJpL2i',1,'+965+96522222222',NULL,NULL,'10132',NULL,'2022-11-20 14:23:47','2022-11-20 14:23:47',NULL,NULL,NULL,NULL,'null'),(84,'ggggg','dddddddd@cc.com',NULL,'$2y$10$96paNluZWZOPAs4sV8TyL.8b/Xyh4Jsyo7/u6rdw95ctXVdsTCtgq',1,'+965+96588888888',NULL,NULL,'41585',NULL,'2022-11-20 15:10:45','2022-11-20 15:10:45',NULL,NULL,NULL,NULL,'null'),(85,'hossamaoun','hossamaoun91@gmail.com',NULL,'$2y$10$gs6rG6gUtxBZ3SP8lYAuFewxRksJq2hsQr45yqZm5lpqZFHMJCzua',1,'+965+96565757668',NULL,NULL,'82599',NULL,'2022-12-14 11:56:53','2022-12-14 11:56:53',NULL,NULL,NULL,NULL,'null');

--
-- Dumping events for database 'topappkw_nassaem'
--

--
-- Dumping routines for database 'topappkw_nassaem'
--


