-- Table structure for table `oauth_auth_codes`
--

CREATE TABLE `oauth_auth_codes` (
  `id` varchar(100) CHARACTER SET utf8mb4 COLLATE utf8mb4_unicode_ci NOT NULL,
  `user_id` bigint unsigned NOT NULL,
  `client_id` bigint unsigned NOT NULL,
  `scopes` text CHARACTER SET utf8mb4 COLLATE utf8mb4_unicode_ci,
  `revoked` tinyint(1) NOT NULL,
  `expires_at` datetime DEFAULT NULL,
  PRIMARY KEY (`id`),
  KEY `oauth_auth_codes_user_id_index` (`user_id`)
) ENGINE=InnoDB DEFAULT CHARSET=utf8mb4 COLLATE=utf8mb4_unicode_ci;

--
-- Dumping data for table `oauth_auth_codes`
--


--
-- Table structure for table `oauth_clients`
--

CREATE TABLE `oauth_clients` (
  `id` bigint unsigned NOT NULL AUTO_INCREMENT,
  `user_id` bigint unsigned DEFAULT NULL,
  `name` varchar(255) CHARACTER SET utf8mb4 COLLATE utf8mb4_unicode_ci NOT NULL,
  `secret` varchar(100) CHARACTER SET utf8mb4 COLLATE utf8mb4_unicode_ci DEFAULT NULL,
  `provider` varchar(255) CHARACTER SET utf8mb4 COLLATE utf8mb4_unicode_ci DEFAULT NULL,
  `redirect` text CHARACTER SET utf8mb4 COLLATE utf8mb4_unicode_ci NOT NULL,
  `personal_access_client` tinyint(1) NOT NULL,
  `password_client` tinyint(1) NOT NULL,
  `revoked` tinyint(1) NOT NULL,
  `created_at` timestamp NULL DEFAULT NULL,
  `updated_at` timestamp NULL DEFAULT NULL,
  PRIMARY KEY (`id`),
  KEY `oauth_clients_user_id_index` (`user_id`)
) ENGINE=InnoDB AUTO_INCREMENT=3 DEFAULT CHARSET=utf8mb4 COLLATE=utf8mb4_unicode_ci;

--
-- Dumping data for table `oauth_clients`
--

INSERT INTO `oauth_clients` (`id`, `user_id`, `name`, `secret`, `provider`, `redirect`, `personal_access_client`, `password_client`, `revoked`, `created_at`, `updated_at`) VALUES (1,NULL,'Laravel Personal Access Client','M5hKJeOymQ5ybOqGLb1ZHeZwAvggkkcZi4jSuwrX',NULL,'http://localhost',1,0,0,'2022-06-22 10:12:48','2022-06-22 10:12:48'),(2,NULL,'Laravel Password Grant Client','oiElx9TLRlbGMJYB07DzGeD7GcN1SQMxbg24HbDa','users','http://localhost',0,1,0,'2022-06-22 10:12:48','2022-06-22 10:12:48');

--
-- Table structure for table `oauth_personal_access_clients`
--

CREATE TABLE `oauth_personal_access_clients` (
  `id` bigint unsigned NOT NULL AUTO_INCREMENT,
  `client_id` bigint unsigned NOT NULL,
  `created_at` timestamp NULL DEFAULT NULL,
  `updated_at` timestamp NULL DEFAULT NULL,
  PRIMARY KEY (`id`)
) ENGINE=InnoDB AUTO_INCREMENT=2 DEFAULT CHARSET=utf8mb4 COLLATE=utf8mb4_unicode_ci;

--
-- Dumping data for table `oauth_personal_access_clients`
--

INSERT INTO `oauth_personal_access_clients` (`id`, `client_id`, `created_at`, `updated_at`) VALUES (1,1,'2022-06-22 10:12:48','2022-06-22 10:12:48');

--
-- Table structure for table `oauth_refresh_tokens`
--

CREATE TABLE `oauth_refresh_tokens` (
  `id` varchar(100) CHARACTER SET utf8mb4 COLLATE utf8mb4_unicode_ci NOT NULL,
  `access_token_id` varchar(100) CHARACTER SET utf8mb4 COLLATE utf8mb4_unicode_ci NOT NULL,
  `revoked` tinyint(1) NOT NULL,
  `expires_at` datetime DEFAULT NULL,
  PRIMARY KEY (`id`),
  KEY `oauth_refresh_tokens_access_token_id_index` (`access_token_id`)
) ENGINE=InnoDB DEFAULT CHARSET=utf8mb4 COLLATE=utf8mb4_unicode_ci;

--
-- Dumping data for table `oauth_refresh_tokens`
--


--
-- Table structure for table `order_comments`
--

CREATE TABLE `order_comments` (
  `id` int unsigned NOT NULL AUTO_INCREMENT,
  `order_id` int unsigned NOT NULL,
  `rate` int NOT NULL DEFAULT '1',
  `comment` text CHARACTER SET utf8mb4 COLLATE utf8mb4_unicode_ci NOT NULL,
  `created_at` timestamp NULL DEFAULT NULL,
  `updated_at` timestamp NULL DEFAULT NULL,
  PRIMARY KEY (`id`),
  KEY `order_comments_order_id_foreign` (`order_id`),
  CONSTRAINT `order_comments_order_id_foreign` FOREIGN KEY (`order_id`) REFERENCES `orders` (`id`) ON DELETE CASCADE
) ENGINE=InnoDB DEFAULT CHARSET=utf8mb4 COLLATE=utf8mb4_unicode_ci;

--
-- Dumping data for table `order_comments`
--


--
-- Table structure for table `order_coupons`
--

CREATE TABLE `order_coupons` (
  `id` int unsigned NOT NULL AUTO_INCREMENT,
  `order_id` int unsigned NOT NULL,
  `price` double NOT NULL,
  `discountprice` double NOT NULL,
  `code` varchar(255) CHARACTER SET utf8mb4 COLLATE utf8mb4_unicode_ci NOT NULL,
  `value` varchar(255) CHARACTER SET utf8mb4 COLLATE utf8mb4_unicode_ci NOT NULL,
  `ids` varchar(255) CHARACTER SET utf8mb4 COLLATE utf8mb4_unicode_ci NOT NULL,
  `type` varchar(255) CHARACTER SET utf8mb4 COLLATE utf8mb4_unicode_ci NOT NULL,
  `coupons_id` int unsigned NOT NULL,
  `created_at` timestamp NULL DEFAULT NULL,
  `updated_at` timestamp NULL DEFAULT NULL,
  PRIMARY KEY (`id`),
  KEY `order_coupons_order_id_foreign` (`order_id`),
  KEY `order_coupons_coupons_id_foreign` (`coupons_id`),
  CONSTRAINT `order_coupons_coupons_id_foreign` FOREIGN KEY (`coupons_id`) REFERENCES `coupons` (`id`) ON DELETE CASCADE,
  CONSTRAINT `order_coupons_order_id_foreign` FOREIGN KEY (`order_id`) REFERENCES `orders` (`id`) ON DELETE CASCADE
) ENGINE=InnoDB DEFAULT CHARSET=utf8mb4 COLLATE=utf8mb4_unicode_ci;

--
-- Dumping data for table `order_coupons`
--


--
-- Table structure for table `order_product_features`
--

CREATE TABLE `order_product_features` (
  `id` bigint unsigned NOT NULL AUTO_INCREMENT,
  `order_product_id` int unsigned NOT NULL,
  `feature_id` int unsigned NOT NULL,
  `option_id` int unsigned NOT NULL,
  `product_id` int unsigned DEFAULT NULL,
  `title` varchar(255) CHARACTER SET utf8mb4 COLLATE utf8mb4_unicode_ci DEFAULT NULL,
  `price` double(8,2) DEFAULT NULL,
  `count` int DEFAULT NULL,
  `created_at` timestamp NULL DEFAULT NULL,
  `updated_at` timestamp NULL DEFAULT NULL,
  PRIMARY KEY (`id`),
  KEY `order_product_features_order_product_id_foreign` (`order_product_id`),
  KEY `order_product_features_feature_id_foreign` (`feature_id`),
  KEY `order_product_features_option_id_foreign` (`option_id`),
  KEY `order_product_features_product_id_foreign` (`product_id`),
  CONSTRAINT `order_product_features_ibfk_1` FOREIGN KEY (`order_product_id`) REFERENCES `product_orders` (`id`) ON DELETE CASCADE
) ENGINE=InnoDB AUTO_INCREMENT=486 DEFAULT CHARSET=utf8mb4 COLLATE=utf8mb4_unicode_ci;

--
-- Dumping data for table `order_product_features`
--

INSERT INTO `order_product_features` (`id`, `order_product_id`, `feature_id`, `option_id`, `product_id`, `title`, `price`, `count`, `created_at`, `updated_at`) VALUES (20,20,54,261,48,'10 مفارش',3.75,NULL,'2023-06-20 07:06:51','2023-06-20 07:06:51'),(21,21,54,262,48,'50 مفرش',15.00,NULL,'2023-06-20 07:07:06','2023-06-20 07:07:06'),(23,23,73,484,52,'10 مفارش',3.00,NULL,'2023-06-21 00:31:01','2023-06-21 00:31:01'),(24,24,73,484,52,'10 مفارش',3.00,NULL,'2023-06-21 02:12:33','2023-06-21 02:12:33'),(25,25,73,485,52,'50 مفرش',12.50,NULL,'2023-06-21 02:12:37','2023-06-21 02:12:37'),(26,26,70,473,62,'60 مفرش',15.00,NULL,'2023-06-21 02:25:39','2023-06-21 02:25:39'),(27,27,278,1055,270,'3 باكيت',7.50,NULL,'2023-06-21 02:29:33','2023-06-21 02:29:33'),(35,35,49,224,46,'2 باكيت',4.00,NULL,'2023-06-21 05:15:14','2023-06-21 05:15:14'),(37,37,54,262,48,'50 مفرش',15.00,NULL,'2023-06-21 05:40:37','2023-06-21 05:40:37'),(39,39,70,473,62,'60 مفرش',15.00,NULL,'2023-06-21 06:00:47','2023-06-21 06:00:47'),(40,40,20,36,20,'14 شورت',6.00,NULL,'2023-06-21 06:24:23','2023-06-21 06:24:23'),(41,41,54,263,48,'100 مفرش',30.00,NULL,'2023-06-21 06:52:28','2023-06-21 06:52:28'),(42,42,54,263,48,'100 مفرش',30.00,NULL,'2023-06-21 06:58:05','2023-06-21 06:58:05'),(43,43,54,261,48,'10 مفارش',3.75,NULL,'2023-06-21 09:18:15','2023-06-21 09:18:15'),(47,47,70,473,62,'60 مفرش',15.00,NULL,'2023-06-21 11:16:07','2023-06-21 11:16:07'),(48,48,287,1075,281,'12 حبة',33.00,NULL,'2023-06-21 11:19:27','2023-06-21 11:19:27'),(49,49,88,515,85,'80 فوطة',6.00,NULL,'2023-06-21 18:29:46','2023-06-21 18:29:46'),(50,50,66,368,64,'120 مفرش',12.50,NULL,'2023-06-21 18:43:13','2023-06-21 18:43:13'),(54,54,290,1082,284,'2 حبة',8.00,NULL,'2023-06-21 21:20:15','2023-06-21 21:20:15'),(55,55,73,484,52,'10 مفارش',3.00,NULL,'2023-06-21 21:35:24','2023-06-21 21:35:24'),(56,56,88,515,85,'80 فوطة',6.00,NULL,'2023-06-21 22:01:22','2023-06-21 22:01:22'),(58,58,290,1082,284,'',8.00,NULL,'2023-06-22 03:17:43','2023-06-22 03:17:43'),(59,59,88,515,85,'',6.00,NULL,'2023-06-22 03:17:43','2023-06-22 03:17:43'),(61,61,20,37,20,'84 شورت',32.50,NULL,'2023-06-22 04:17:48','2023-06-22 04:17:48'),(62,62,70,473,62,'60 مفرش',15.00,NULL,'2023-06-22 04:27:50','2023-06-22 04:27:50'),(63,63,70,473,62,'60 مفرش',15.00,NULL,'2023-06-22 04:30:18','2023-06-22 04:30:18'),(66,66,291,1084,285,'2 حبة',9.00,NULL,'2023-06-22 04:49:14','2023-06-22 04:49:14'),(68,68,70,473,62,'60 مفرش',15.00,NULL,'2023-06-22 07:05:34','2023-06-22 07:05:34'),(69,69,70,473,62,'60 مفرش',15.00,NULL,'2023-06-22 07:16:14','2023-06-22 07:16:14'),(70,70,70,472,62,'10 مفارش',3.00,NULL,'2023-06-22 16:54:16','2023-06-22 16:54:16'),(71,71,20,37,20,'84 شورت',32.50,NULL,'2023-06-22 17:15:01','2023-06-22 17:15:01'),(72,72,20,37,20,'84 شورت',32.50,NULL,'2023-06-22 17:19:09','2023-06-22 17:19:09'),(73,73,95,536,93,'1 باكيت',10.00,NULL,'2023-06-22 17:23:46','2023-06-22 17:23:46'),(74,74,70,473,62,'60 مفرش',15.00,NULL,'2023-06-22 17:42:36','2023-06-22 17:42:36'),(75,75,47,193,45,'1 باكيت',2.00,NULL,'2023-06-22 20:19:50','2023-06-22 20:19:50'),(76,76,49,224,46,'2 باكيت',4.00,NULL,'2023-06-22 20:23:22','2023-06-22 20:23:22'),(77,77,49,224,46,'2 باكيت',4.00,NULL,'2023-06-22 20:28:19','2023-06-22 20:28:19'),(78,78,47,194,45,'4 باكيت',7.50,NULL,'2023-06-22 20:47:07','2023-06-22 20:47:07'),(79,79,47,194,45,'4 باكيت',7.50,NULL,'2023-06-22 20:48:09','2023-06-22 20:48:09'),(80,80,47,194,45,'4 باكيت',7.50,NULL,'2023-06-22 21:43:17','2023-06-22 21:43:17'),(86,86,172,794,167,'10باكيت',4.00,NULL,'2023-06-26 03:51:09','2023-06-26 03:51:09'),(87,87,209,880,204,'10 باكيت',6.50,NULL,'2023-06-26 03:53:14','2023-06-26 03:53:14'),(88,88,291,1084,285,'',9.00,NULL,'2023-06-26 03:53:38','2023-06-26 03:53:38'),(89,89,88,516,85,'200 فوطة',15.00,NULL,'2023-06-26 04:12:34','2023-06-26 04:12:34'),(90,90,49,224,46,'20 قفاز',4.00,NULL,'2023-06-26 16:49:21','2023-06-26 16:49:21'),(91,91,278,1055,270,'3 باكيت',7.50,NULL,'2023-06-26 17:50:04','2023-06-26 17:50:04'),(93,93,197,854,190,'5 باكيت',7.00,NULL,'2023-06-26 19:49:55','2023-06-26 19:49:55'),(94,94,291,1083,285,'1 حبة',5.00,NULL,'2023-06-26 22:02:25','2023-06-26 22:02:25'),(95,95,47,194,45,'4 باكيت',7.50,NULL,'2023-06-27 01:02:52','2023-06-27 01:02:52'),(96,96,291,1083,285,'1 حبة',5.00,NULL,'2023-06-27 01:03:10','2023-06-27 01:03:10'),(97,97,130,704,127,'5 باكيت',6.00,NULL,'2023-06-27 11:15:54','2023-06-27 11:15:54'),(98,98,54,261,48,'10 مفارش',3.75,NULL,'2023-07-05 19:24:05','2023-07-05 19:24:05'),(99,99,20,36,20,'14 شورت',6.00,NULL,'2023-07-05 19:24:05','2023-07-05 19:24:05'),(103,103,95,538,93,'100 فوطة',15.00,NULL,'2023-07-09 19:38:36','2023-07-09 19:38:36'),(104,104,367,1307,367,'30 حفاض',11.00,NULL,'2023-07-13 12:52:42','2023-07-13 12:52:42'),(105,105,70,473,62,'6 باكيت',15.00,NULL,'2023-07-21 04:21:10','2023-07-21 04:21:10'),(106,106,70,472,62,'1 باكيت',3.00,NULL,'2023-07-21 04:21:14','2023-07-21 04:21:14'),(107,107,54,261,48,'1 باكيت',3.75,NULL,'2023-07-26 01:05:23','2023-07-26 01:05:23'),(108,108,50,226,49,'1 باكيت',2.00,NULL,'2023-07-26 11:46:56','2023-07-26 11:46:56'),(109,109,74,487,71,'1 باكيت',0.75,NULL,'2023-07-26 18:11:26','2023-07-26 18:11:26'),(110,110,338,1241,338,'1 عبوة',2.75,NULL,'2023-07-30 00:27:39','2023-07-30 00:27:39'),(111,111,20,36,20,'1 باكيت',6.00,NULL,'2023-07-30 00:36:57','2023-07-30 00:36:57'),(112,112,70,473,62,'',15.00,NULL,'2023-07-30 00:42:31','2023-07-30 00:42:31'),(113,113,70,472,62,'',3.00,NULL,'2023-07-30 00:42:31','2023-07-30 00:42:31'),(114,114,290,1082,284,'',8.00,NULL,'2023-07-30 00:43:23','2023-07-30 00:43:23'),(115,115,88,515,85,'',6.00,NULL,'2023-07-30 00:43:23','2023-07-30 00:43:23'),(116,116,88,516,85,'10 باكيت',15.00,NULL,'2023-07-30 00:47:14','2023-07-30 00:47:14'),(122,122,172,794,167,'10باكيت',4.00,NULL,'2023-07-30 22:22:55','2023-07-30 22:22:55'),(123,123,50,227,49,'3 باكيت',5.50,NULL,'2023-08-05 19:22:43','2023-08-05 19:22:43'),(130,130,54,261,48,'Packet 1',3.75,NULL,'2023-08-07 19:07:50','2023-08-07 19:07:50'),(135,135,172,794,167,'',4.00,NULL,'2023-08-07 21:53:54','2023-08-07 21:53:54'),(136,136,209,880,204,'',6.50,NULL,'2023-08-07 21:53:54','2023-08-07 21:53:54'),(137,137,88,516,85,'',15.00,NULL,'2023-08-07 21:53:54','2023-08-07 21:53:54'),(138,138,172,794,167,'',4.00,NULL,'2023-08-07 23:51:45','2023-08-07 23:51:45'),(139,139,209,880,204,'',6.50,NULL,'2023-08-07 23:51:45','2023-08-07 23:51:45'),(140,140,88,516,85,'',15.00,NULL,'2023-08-07 23:51:45','2023-08-07 23:51:45'),(149,149,291,1083,285,'1 حبة',5.00,NULL,'2023-08-08 09:23:44','2023-08-08 09:23:44'),(150,150,88,515,85,'4 باكيت',6.00,NULL,'2023-08-08 09:55:58','2023-08-08 09:55:58'),(151,151,302,1109,300,'1 باكيت',1.75,NULL,'2023-08-08 09:56:26','2023-08-08 09:56:26'),(152,152,70,472,62,'1 باكيت',3.00,NULL,'2023-08-08 21:01:57','2023-08-08 21:01:57'),(154,154,70,473,62,'6 باكيت',15.00,NULL,'2023-08-10 05:37:07','2023-08-10 05:37:07'),(155,155,54,261,48,'1 باكيت',3.75,NULL,'2023-08-10 05:38:49','2023-08-10 05:38:49'),(156,156,70,472,62,'1 باكيت',3.00,NULL,'2023-08-10 05:41:05','2023-08-10 05:41:05'),(157,157,54,261,48,'1 باكيت',3.75,NULL,'2023-08-10 05:43:53','2023-08-10 05:43:53'),(159,159,54,261,48,'1 باكيت',3.75,NULL,'2023-08-10 22:02:31','2023-08-10 22:02:31'),(160,160,95,536,93,'1 باكيت',10.00,NULL,'2023-08-10 22:02:52','2023-08-10 22:02:52'),(163,163,95,536,93,'1 باكيت',10.00,NULL,'2023-08-10 23:11:07','2023-08-10 23:11:07'),(164,164,20,36,20,'1 باكيت',6.00,NULL,'2023-08-10 23:11:16','2023-08-10 23:11:16'),(168,168,95,536,93,'',10.00,NULL,'2023-08-10 23:21:48','2023-08-10 23:21:48'),(169,169,20,36,20,'',6.00,NULL,'2023-08-10 23:21:48','2023-08-10 23:21:48'),(170,170,293,1087,287,'1 حبة',5.50,NULL,'2023-08-11 01:54:42','2023-08-11 01:54:42'),(171,171,288,1077,282,'1 باكيت',5.50,NULL,'2023-08-11 08:10:48','2023-08-11 08:10:48'),(172,172,291,1083,285,'1 حبة',5.00,NULL,'2023-08-11 08:10:56','2023-08-11 08:10:56'),(173,173,292,1086,286,'2 قطعة',8.00,NULL,'2023-08-12 07:50:19','2023-08-12 07:50:19'),(174,174,54,261,48,'1 باكيت',3.75,NULL,'2023-08-12 17:31:04','2023-08-12 17:31:04'),(175,175,291,1084,285,'2 حبة',9.00,NULL,'2023-08-12 20:52:03','2023-08-12 20:52:03'),(194,194,88,516,85,'',15.00,NULL,'2023-08-14 16:49:58','2023-08-14 16:49:58'),(195,195,50,226,49,'1 باكيت',2.00,NULL,'2023-08-14 19:18:18','2023-08-14 19:18:18'),(196,196,55,269,53,'1 باكيت',1.50,NULL,'2023-08-14 19:19:27','2023-08-14 19:19:27'),(197,196,427,1390,53,'ميديوم',2.00,NULL,'2023-08-14 19:19:27','2023-08-14 19:19:27'),(198,197,172,794,167,'',4.00,NULL,'2023-08-14 21:28:23','2023-08-14 21:28:23'),(199,198,209,880,204,'',6.50,NULL,'2023-08-14 21:28:23','2023-08-14 21:28:23'),(200,199,88,516,85,'',15.00,NULL,'2023-08-14 21:28:23','2023-08-14 21:28:23'),(201,200,291,1083,285,'1 حبة',5.00,NULL,'2023-08-14 21:50:38','2023-08-14 21:50:38'),(202,201,302,1109,300,'1 Packet',1.50,NULL,'2023-08-14 22:45:47','2023-08-14 22:45:47'),(203,202,70,472,62,'Packet 1',3.00,NULL,'2023-08-14 22:54:36','2023-08-14 22:54:36'),(204,203,70,472,62,'Packet 1',3.00,NULL,'2023-08-14 23:03:28','2023-08-14 23:03:28'),(205,204,291,1083,285,'1 Pieces',5.00,NULL,'2023-08-14 23:03:37','2023-08-14 23:03:37'),(206,205,302,1109,300,'1 Packet',1.50,NULL,'2023-08-14 23:06:10','2023-08-14 23:06:10'),(207,206,409,1369,414,'1 Piece',1.00,NULL,'2023-08-14 23:16:08','2023-08-14 23:16:08'),(208,207,291,1083,285,'1 Pieces',5.00,NULL,'2023-08-14 23:16:23','2023-08-14 23:16:23'),(209,208,291,1084,285,'2 Pieces',9.00,NULL,'2023-08-14 23:22:46','2023-08-14 23:22:46'),(210,209,409,1369,414,'',1.00,NULL,'2023-08-14 23:22:52','2023-08-14 23:22:52'),(211,210,291,1083,285,'',5.00,NULL,'2023-08-14 23:22:52','2023-08-14 23:22:52'),(213,212,70,472,62,'1 باكيت',3.00,NULL,'2023-08-15 02:29:32','2023-08-15 02:29:32'),(214,213,20,36,20,'1 باكيت',6.00,NULL,'2023-08-15 02:40:25','2023-08-15 02:40:25'),(215,214,20,37,20,'6 باكيت',32.50,NULL,'2023-08-15 08:35:07','2023-08-15 08:35:07'),(216,215,291,1083,285,'1 حبة',5.00,NULL,'2023-08-15 16:27:50','2023-08-15 16:27:50'),(217,216,409,1369,414,'',1.00,NULL,'2023-08-15 16:29:06','2023-08-15 16:29:06'),(218,217,291,1083,285,'',5.00,NULL,'2023-08-15 16:29:06','2023-08-15 16:29:06'),(219,218,85,512,82,'1 باكيت',1.00,NULL,'2023-08-16 08:39:34','2023-08-16 08:39:34'),(220,219,399,1350,404,'1 باكيت',5.75,NULL,'2023-08-16 09:30:59','2023-08-16 09:30:59'),(221,220,278,1054,270,'1 باكيت',3.00,NULL,'2023-08-16 09:31:06','2023-08-16 09:31:06'),(222,221,172,794,167,'10باكيت',4.00,NULL,'2023-08-16 09:31:17','2023-08-16 09:31:17'),(223,222,172,792,167,'5 باكيت',2.25,NULL,'2023-08-16 09:31:19','2023-08-16 09:31:19'),(224,223,212,886,207,'3 باكيت',9.50,NULL,'2023-08-16 09:32:07','2023-08-16 09:32:07'),(225,224,212,885,207,'1 باكيت',3.50,NULL,'2023-08-16 09:32:09','2023-08-16 09:32:09'),(226,225,201,861,195,'1 رول',3.00,NULL,'2023-08-16 09:41:54','2023-08-16 09:41:54'),(227,226,201,862,195,'2 رول',5.50,NULL,'2023-08-16 09:42:16','2023-08-16 09:42:16'),(228,227,20,36,20,'1 باكيت',6.00,NULL,'2023-08-16 09:45:17','2023-08-16 09:45:17'),(229,228,70,472,62,'1 باكيت',3.00,NULL,'2023-08-16 10:28:07','2023-08-16 10:28:07'),(230,229,291,1084,285,'2 حبة',9.00,NULL,'2023-08-16 10:32:00','2023-08-16 10:32:00'),(231,230,70,473,62,'6 باكيت',15.00,NULL,'2023-08-16 10:47:49','2023-08-16 10:47:49'),(232,231,70,473,62,'6 باكيت',15.00,NULL,'2023-08-16 10:55:34','2023-08-16 10:55:34'),(233,232,70,473,62,'6 باكيت',15.00,NULL,'2023-08-16 13:38:16','2023-08-16 13:38:16'),(234,233,70,473,62,'6 باكيت',15.00,NULL,'2023-08-16 13:40:29','2023-08-16 13:40:29'),(235,234,70,473,62,'6 باكيت',15.00,NULL,'2023-08-16 13:45:12','2023-08-16 13:45:12'),(236,235,70,472,62,'1 باكيت',3.00,NULL,'2023-08-16 13:45:14','2023-08-16 13:45:14'),(237,236,20,36,20,'1 باكيت',6.00,NULL,'2023-08-16 17:41:41','2023-08-16 17:41:41'),(238,237,409,1369,414,'',1.00,NULL,'2023-08-16 18:53:24','2023-08-16 18:53:24'),(239,238,291,1083,285,'',5.00,NULL,'2023-08-16 18:53:24','2023-08-16 18:53:24'),(242,241,54,262,48,'5 باكيت',15.00,NULL,'2023-08-17 10:04:58','2023-08-17 10:04:58'),(244,243,55,269,53,'1 باكيت',1.50,NULL,'2023-08-17 20:37:21','2023-08-17 20:37:21'),(245,243,427,1389,53,'سمول',2.00,NULL,'2023-08-17 20:37:21','2023-08-17 20:37:21'),(246,244,70,472,62,'1 باكيت',3.00,NULL,'2023-08-18 01:53:05','2023-08-18 01:53:05'),(247,245,425,1387,441,'1 باكيت',7.00,NULL,'2023-08-18 09:08:21','2023-08-18 09:08:21'),(251,249,85,512,82,'1 باكيت',1.00,NULL,'2023-08-19 11:15:41','2023-08-19 11:15:41'),(252,250,399,1350,404,'1 باكيت',5.50,NULL,'2023-08-19 11:16:00','2023-08-19 11:16:00'),(253,251,404,1355,409,'1 باكيت',5.50,NULL,'2023-08-19 11:16:06','2023-08-19 11:16:06'),(254,252,398,1349,403,'1 باكيت',5.50,NULL,'2023-08-19 11:20:17','2023-08-19 11:20:17'),(255,253,399,1350,404,'1 باكيت',5.50,NULL,'2023-08-19 11:20:22','2023-08-19 11:20:22'),(256,254,417,1379,430,'1 كرسي',15.50,NULL,'2023-08-19 11:20:29','2023-08-19 11:20:29'),(257,255,70,472,62,'1 باكيت',3.00,NULL,'2023-08-19 11:41:16','2023-08-19 11:41:16'),(258,256,70,473,62,'6 باكيت',15.00,NULL,'2023-08-19 11:41:18','2023-08-19 11:41:18'),(259,257,54,263,48,'10 باكيت',30.00,NULL,'2023-08-19 18:28:59','2023-08-19 18:28:59'),(260,258,54,262,48,'5 باكيت',15.00,NULL,'2023-08-19 18:29:01','2023-08-19 18:29:01'),(261,259,54,261,48,'1 باكيت',3.75,NULL,'2023-08-19 18:29:03','2023-08-19 18:29:03'),(262,260,54,261,48,'1 باكيت',3.75,NULL,'2023-08-19 18:32:25','2023-08-19 18:32:25'),(264,262,20,36,20,'1 باكيت',6.00,NULL,'2023-08-20 06:35:05','2023-08-20 06:35:05'),(265,263,20,37,20,'6 باكيت',32.50,NULL,'2023-08-20 06:35:08','2023-08-20 06:35:08'),(266,264,291,1084,285,'2 حبة',9.00,NULL,'2023-08-20 06:51:00','2023-08-20 06:51:00'),(267,265,291,1083,285,'1 حبة',5.00,NULL,'2023-08-20 06:51:02','2023-08-20 06:51:02'),(268,266,287,1074,281,'1 باكيت',3.00,NULL,'2023-08-20 06:51:16','2023-08-20 06:51:16'),(269,267,287,1076,281,'12 باكيت',32.00,NULL,'2023-08-20 06:51:17','2023-08-20 06:51:17'),(270,268,199,858,193,'5 رول',7.00,NULL,'2023-08-20 06:54:03','2023-08-20 06:54:03'),(271,269,85,512,82,'1 باكيت',1.00,NULL,'2023-08-20 06:55:22','2023-08-20 06:55:22'),(272,270,201,861,195,'1 رول',3.00,NULL,'2023-08-20 06:55:34','2023-08-20 06:55:34'),(273,271,201,862,195,'2 رول',5.50,NULL,'2023-08-20 06:55:37','2023-08-20 06:55:37'),(274,272,287,1074,281,'1 باكيت',3.00,NULL,'2023-08-20 06:58:23','2023-08-20 06:58:23'),(275,273,287,1075,281,'6 باكيت',16.50,NULL,'2023-08-20 06:58:27','2023-08-20 06:58:27'),(276,274,415,1377,428,'1 كرسي',40.00,NULL,'2023-08-20 07:00:24','2023-08-20 07:00:24'),(277,275,417,1379,430,'1 كرسي',15.50,NULL,'2023-08-20 07:00:29','2023-08-20 07:00:29'),(278,276,400,1351,405,'1 باكيت',5.50,NULL,'2023-08-20 07:03:49','2023-08-20 07:03:49'),(279,277,54,261,48,'1 باكيت',3.75,NULL,'2023-08-20 07:49:42','2023-08-20 07:49:42'),(280,278,291,1084,285,'2 حبة',9.00,NULL,'2023-08-20 08:18:05','2023-08-20 08:18:05'),(281,279,288,1078,282,'4 باكيت',19.50,NULL,'2023-08-20 08:18:15','2023-08-20 08:18:15'),(282,280,291,1084,285,'2 حبة',9.00,NULL,'2023-08-20 11:50:08','2023-08-20 11:50:08'),(283,281,291,1083,285,'1 حبة',5.00,NULL,'2023-08-20 11:50:22','2023-08-20 11:50:22'),(284,282,20,37,20,'6 باكيت',32.50,NULL,'2023-08-20 13:18:10','2023-08-20 13:18:10'),(285,283,70,473,62,'6 باكيت',15.00,NULL,'2023-08-20 13:20:45','2023-08-20 13:20:45'),(286,284,70,473,62,'6 باكيت',15.00,NULL,'2023-08-20 13:21:40','2023-08-20 13:21:40'),(287,285,70,473,62,'6 باكيت',15.00,NULL,'2023-08-20 13:23:24','2023-08-20 13:23:24'),(288,286,55,269,53,'1 باكيت',1.50,NULL,'2023-08-20 17:20:32','2023-08-20 17:20:32'),(289,286,427,1389,53,'سمول',2.00,NULL,'2023-08-20 17:20:32','2023-08-20 17:20:32'),(290,287,20,36,20,'1 باكيت',6.00,NULL,'2023-08-20 21:34:20','2023-08-20 21:34:20'),(291,288,424,1386,440,'1 جهاز',35.00,NULL,'2023-08-20 21:35:06','2023-08-20 21:35:06'),(292,289,293,1087,287,'1 حبة',5.50,NULL,'2023-08-21 22:55:37','2023-08-21 22:55:37'),(293,290,415,1377,428,'1 كرسي',40.00,NULL,'2023-08-21 22:59:02','2023-08-21 22:59:02'),(294,291,88,514,85,'1 باكيت',1.50,NULL,'2023-08-21 23:04:18','2023-08-21 23:04:18'),(295,292,71,433,69,'2 باكيت',10.00,NULL,'2023-08-21 23:04:24','2023-08-21 23:04:24'),(296,293,20,37,20,'6 باكيت',32.50,NULL,'2023-08-21 23:08:51','2023-08-21 23:08:51'),(297,294,20,36,20,'1 باكيت',6.00,NULL,'2023-08-21 23:08:53','2023-08-21 23:08:53'),(298,295,291,1083,285,'1 حبة',5.00,NULL,'2023-08-21 23:14:11','2023-08-21 23:14:11'),(299,296,291,1084,285,'2 حبة',9.00,NULL,'2023-08-21 23:14:14','2023-08-21 23:14:14'),(300,297,417,1379,430,'1 كرسي',15.50,NULL,'2023-08-22 00:08:18','2023-08-22 00:08:18'),(301,298,60,280,59,'Packet 1',2.50,NULL,'2023-08-22 01:07:21','2023-08-22 01:07:21'),(302,299,281,1060,273,'1 Packet',8.50,NULL,'2023-08-22 01:22:13','2023-08-22 01:22:13'),(303,300,20,37,20,'6 باكيت',32.50,NULL,'2023-08-22 10:26:43','2023-08-22 10:26:43'),(304,301,291,1084,285,'2 حبة',9.00,NULL,'2023-08-22 10:53:54','2023-08-22 10:53:54'),(305,302,287,1076,281,'12 باكيت',32.00,NULL,'2023-08-22 10:55:11','2023-08-22 10:55:11'),(306,303,70,473,62,'6 باكيت',15.00,NULL,'2023-08-22 10:55:50','2023-08-22 10:55:50'),(307,304,54,262,48,'5 باكيت',15.00,NULL,'2023-08-22 10:57:20','2023-08-22 10:57:20'),(308,305,287,1074,281,'1 باكيت',3.00,NULL,'2023-08-22 10:57:49','2023-08-22 10:57:49'),(309,306,425,1388,441,'4 باكيت',25.00,NULL,'2023-08-22 10:57:59','2023-08-22 10:57:59'),(310,307,399,1350,404,'1 باكيت',5.50,NULL,'2023-08-22 11:07:18','2023-08-22 11:07:18'),(311,308,70,472,62,'1 باكيت',3.00,NULL,'2023-08-22 11:09:05','2023-08-22 11:09:05'),(312,309,291,1084,285,'2 حبة',9.00,NULL,'2023-08-22 11:10:10','2023-08-22 11:10:10'),(313,310,405,1356,410,'1 باكيت',5.50,NULL,'2023-08-22 11:13:23','2023-08-22 11:13:23'),(314,311,406,1357,411,'1 باكيت',5.50,NULL,'2023-08-22 11:13:29','2023-08-22 11:13:29'),(315,312,399,1350,404,'1 باكيت',5.50,NULL,'2023-08-22 16:55:38','2023-08-22 16:55:38'),(316,313,291,1083,285,'1 حبة',5.00,NULL,'2023-08-22 17:01:47','2023-08-22 17:01:47'),(318,315,399,1350,404,'1 باكيت',5.50,NULL,'2023-08-22 17:38:19','2023-08-22 17:38:19'),(319,316,399,1350,404,'1 باكيت',5.50,NULL,'2023-08-22 17:45:50','2023-08-22 17:45:50'),(320,317,56,270,54,'1 عبوة',7.00,NULL,'2023-08-22 17:55:40','2023-08-22 17:55:40'),(321,318,290,1081,284,'1 حبة',4.25,NULL,'2023-08-22 18:34:23','2023-08-22 18:34:23'),(322,319,233,1132,226,'12 باكيت',32.00,NULL,'2023-08-22 18:37:26','2023-08-22 18:37:26'),(323,320,70,473,62,'6 باكيت',15.00,NULL,'2023-08-22 18:39:48','2023-08-22 18:39:48'),(324,321,70,472,62,'1 باكيت',3.00,NULL,'2023-08-22 18:41:11','2023-08-22 18:41:11'),(325,322,71,399,69,'1 باكيت',7.00,NULL,'2023-08-22 18:43:05','2023-08-22 18:43:05'),(326,323,172,792,167,'5 باكيت',2.25,NULL,'2023-08-22 18:44:24','2023-08-22 18:44:24'),(327,324,71,399,69,'',7.00,NULL,'2023-08-22 18:46:21','2023-08-22 18:46:21'),(328,325,415,1377,428,'1 كرسي',40.00,NULL,'2023-08-22 19:33:40','2023-08-22 19:33:40'),(329,326,417,1379,430,'1 كرسي',15.50,NULL,'2023-08-22 19:40:06','2023-08-22 19:40:06'),(330,327,70,472,62,'1 باكيت',3.00,NULL,'2023-08-22 19:40:41','2023-08-22 19:40:41'),(331,328,415,1377,428,'1 كرسي',40.00,NULL,'2023-08-22 19:41:33','2023-08-22 19:41:33'),(332,329,425,1388,441,'4 باكيت',25.00,NULL,'2023-08-22 19:43:02','2023-08-22 19:43:02'),(333,330,415,1377,428,'1 كرسي',40.00,NULL,'2023-08-22 19:45:34','2023-08-22 19:45:34'),(334,331,425,1388,441,'4 باكيت',25.00,NULL,'2023-08-22 19:46:58','2023-08-22 19:46:58'),(345,337,55,269,53,'1 باكيت',1.50,NULL,'2023-08-22 20:29:52','2023-08-22 20:29:52'),(346,337,427,1389,53,'سمول',2.00,NULL,'2023-08-22 20:29:52','2023-08-22 20:29:52'),(350,341,400,1351,405,'1 باكيت',5.50,NULL,'2023-08-23 17:51:27','2023-08-23 17:51:27'),(351,342,422,1384,438,'1 عكاز',3.00,NULL,'2023-08-23 17:51:36','2023-08-23 17:51:36'),(352,343,70,473,62,'6 باكيت',15.00,NULL,'2023-08-23 18:13:16','2023-08-23 18:13:16'),(353,344,209,880,204,'10 باكيت',6.50,NULL,'2023-08-23 18:48:29','2023-08-23 18:48:29'),(354,345,233,1132,226,'12 باكيت',32.00,NULL,'2023-08-23 18:49:05','2023-08-23 18:49:05'),(357,348,54,263,48,'10 باكيت',30.00,NULL,'2023-08-23 19:02:06','2023-08-23 19:02:06'),(358,349,54,262,48,'5 باكيت',15.00,NULL,'2023-08-23 19:05:42','2023-08-23 19:05:42'),(359,350,73,485,52,'5 باكيت',12.50,NULL,'2023-08-23 19:05:42','2023-08-23 19:05:42'),(362,353,291,1084,285,'2 حبة',9.00,NULL,'2023-08-23 19:07:13','2023-08-23 19:07:13'),(363,354,20,37,20,'6 باكيت',32.50,NULL,'2023-08-23 19:07:21','2023-08-23 19:07:21'),(364,355,132,709,129,'15 باكيت',11.00,NULL,'2023-08-23 19:18:33','2023-08-23 19:18:33'),(365,356,206,873,201,'5 باكيت',7.00,NULL,'2023-08-23 19:19:52','2023-08-23 19:19:52'),(366,357,425,1388,441,'4 باكيت',25.00,NULL,'2023-08-23 19:31:07','2023-08-23 19:31:07'),(367,358,70,472,62,'1 باكيت',3.00,NULL,'2023-08-23 19:31:18','2023-08-23 19:31:18'),(368,359,18,32,16,'5 باكيت',13.00,NULL,'2023-08-23 19:31:25','2023-08-23 19:31:25'),(372,362,54,262,48,'5 باكيت',15.00,NULL,'2023-08-23 19:51:48','2023-08-23 19:51:48'),(376,366,291,1084,285,'2 حبة',9.00,NULL,'2023-08-23 20:34:38','2023-08-23 20:34:38'),(377,367,20,36,20,'1 باكيت',6.00,NULL,'2023-08-23 20:35:16','2023-08-23 20:35:16'),(378,368,54,261,48,'1 باكيت',3.75,NULL,'2023-08-23 20:35:27','2023-08-23 20:35:27'),(380,370,291,1084,285,'2 حبة',9.00,NULL,'2023-08-23 20:36:54','2023-08-23 20:36:54'),(381,371,288,1077,282,'1 باكيت',5.50,NULL,'2023-08-23 20:37:11','2023-08-23 20:37:11'),(382,372,71,399,69,'1 باكيت',7.00,NULL,'2023-08-23 20:37:23','2023-08-23 20:37:23'),(383,373,54,261,48,'1 باكيت',3.75,NULL,'2023-08-23 20:37:42','2023-08-23 20:37:42'),(384,374,70,473,62,'6 باكيت',15.00,NULL,'2023-08-23 21:51:54','2023-08-23 21:51:54'),(385,375,291,1084,285,'2 حبة',9.00,NULL,'2023-08-23 22:08:00','2023-08-23 22:08:00'),(386,376,88,516,85,'10 باكيت',13.00,NULL,'2023-08-23 22:08:10','2023-08-23 22:08:10'),(387,377,288,1078,282,'4 باكيت',19.50,NULL,'2023-08-23 22:25:26','2023-08-23 22:25:26'),(388,378,212,885,207,'1 باكيت',3.50,NULL,'2023-08-23 22:27:14','2023-08-23 22:27:14'),(392,381,287,1076,281,'12 باكيت',32.00,NULL,'2023-08-23 23:34:58','2023-08-23 23:34:58'),(394,383,70,473,62,'6 باكيت',15.00,NULL,'2023-08-24 19:51:25','2023-08-24 19:51:25'),(395,384,20,37,20,'6 باكيت',32.50,NULL,'2023-08-24 20:06:05','2023-08-24 20:06:05'),(396,385,20,36,20,'1 باكيت',6.00,NULL,'2023-08-24 20:06:40','2023-08-24 20:06:40'),(397,386,54,262,48,'5 باكيت',15.00,NULL,'2023-08-25 19:18:08','2023-08-25 19:18:08'),(399,388,85,512,82,'1 باكيت',1.00,NULL,'2023-08-28 23:00:11','2023-08-28 23:00:11'),(400,389,20,36,20,'1 باكيت',6.00,NULL,'2023-08-28 23:00:23','2023-08-28 23:00:23'),(401,390,291,1084,285,'2 حبة',9.00,NULL,'2023-08-28 23:01:46','2023-08-28 23:01:46'),(402,391,20,37,20,'6 باكيت',32.50,NULL,'2023-08-28 23:08:15','2023-08-28 23:08:15'),(403,392,88,514,85,'1 باكيت',1.50,NULL,'2023-08-28 23:08:48','2023-08-28 23:08:48'),(404,393,20,37,20,'6 باكيت',32.50,NULL,'2023-08-28 23:16:38','2023-08-28 23:16:38'),(405,394,88,514,85,'1 باكيت',1.50,NULL,'2023-08-28 23:16:56','2023-08-28 23:16:56'),(406,395,233,1131,226,'6 باكيت',17.00,NULL,'2023-08-28 23:17:09','2023-08-28 23:17:09'),(409,398,20,37,20,'6 باكيت',32.50,NULL,'2023-08-29 21:27:01','2023-08-29 21:27:01'),(414,403,70,473,62,'',15.00,NULL,'2023-08-29 22:37:16','2023-08-29 22:37:16'),(415,404,70,473,62,'',15.00,NULL,'2023-08-29 22:44:40','2023-08-29 22:44:40'),(416,405,70,473,62,'',15.00,NULL,'2023-08-29 22:44:42','2023-08-29 22:44:42'),(417,406,70,473,62,'',15.00,NULL,'2023-08-29 22:44:44','2023-08-29 22:44:44'),(418,407,70,473,62,'',15.00,NULL,'2023-08-29 22:46:13','2023-08-29 22:46:13'),(419,408,20,37,20,'',32.50,NULL,'2023-08-29 23:06:00','2023-08-29 23:06:00'),(420,409,20,37,20,'',32.50,NULL,'2023-08-29 23:06:44','2023-08-29 23:06:44'),(421,410,70,473,62,'',15.00,NULL,'2023-08-29 23:09:13','2023-08-29 23:09:13'),(422,411,70,473,62,'',15.00,NULL,'2023-08-30 16:31:36','2023-08-30 16:31:36'),(423,412,287,1074,281,'1 باكيت',3.00,NULL,'2023-08-30 22:03:33','2023-08-30 22:03:33'),(424,413,56,270,54,'1 عبوة',7.00,NULL,'2023-08-30 23:53:18','2023-08-30 23:53:18'),(425,414,20,37,20,'6 باكيت',32.50,NULL,'2023-08-30 23:53:18','2023-08-30 23:53:18'),(426,415,282,1062,275,'1 باكيت',11.50,NULL,'2023-08-31 00:01:39','2023-08-31 00:01:39'),(427,416,88,516,85,'10 باكيت',13.00,NULL,'2023-09-02 06:02:36','2023-09-02 06:02:36'),(428,417,54,261,48,'1 باكيت',3.75,NULL,'2023-09-02 06:04:29','2023-09-02 06:04:29'),(429,418,20,37,20,'6 باكيت',32.50,NULL,'2023-09-02 06:44:08','2023-09-02 06:44:08'),(430,419,54,261,48,'1 باكيت',3.75,NULL,'2023-09-02 07:11:14','2023-09-02 07:11:14'),(431,420,88,514,85,'1 باكيت',1.50,NULL,'2023-09-02 20:43:33','2023-09-02 20:43:33'),(433,422,54,263,48,'10 باكيت',30.00,NULL,'2023-09-03 17:41:14','2023-09-03 17:41:14'),(434,423,61,283,58,'4 رول',8.00,NULL,'2023-09-03 17:53:02','2023-09-03 17:53:02'),(435,424,158,758,153,'1 باكيت',1.00,NULL,'2023-09-03 17:58:47','2023-09-03 17:58:47'),(436,425,251,987,241,'1 باكيت',3.75,NULL,'2023-09-03 18:04:53','2023-09-03 18:04:53'),(437,426,31,166,30,'1 باكيت',5.25,NULL,'2023-09-03 22:54:52','2023-09-03 22:54:52'),(438,427,291,1084,285,'2 حبة',9.00,NULL,'2023-09-03 23:00:12','2023-09-03 23:00:12'),(439,428,88,515,85,'4 باكيت',5.50,NULL,'2023-09-03 23:00:24','2023-09-03 23:00:24'),(440,429,55,272,53,'10 باكيت',12.50,NULL,'2023-09-03 23:01:30','2023-09-03 23:01:30'),(441,429,427,1391,53,'لارج',2.00,NULL,'2023-09-03 23:01:30','2023-09-03 23:01:30'),(442,430,62,284,60,'1 باكيت',3.00,NULL,'2023-09-03 23:01:35','2023-09-03 23:01:35'),(443,431,202,863,197,'6 رول',9.00,NULL,'2023-09-03 23:01:49','2023-09-03 23:01:49'),(444,432,207,874,202,'10 باكيت',1.75,NULL,'2023-09-03 23:01:54','2023-09-03 23:01:54'),(445,433,54,263,48,'10 باكيت',30.00,NULL,'2023-09-03 23:03:14','2023-09-03 23:03:14'),(446,434,291,1083,285,'1 حبة',5.00,NULL,'2023-09-04 02:17:16','2023-09-04 02:17:16'),(447,435,20,37,20,'6 باكيت',32.50,NULL,'2023-09-04 02:21:59','2023-09-04 02:21:59'),(448,436,287,1074,281,'1 باكيت',3.00,NULL,'2023-09-04 02:48:07','2023-09-04 02:48:07'),(449,437,82,505,79,'2 باكيت',6.50,NULL,'2023-09-04 02:55:36','2023-09-04 02:55:36'),(450,438,70,472,62,'1 باكيت',3.00,NULL,'2023-09-04 03:08:53','2023-09-04 03:08:53'),(452,440,291,1083,285,'1 حبة',5.00,NULL,'2023-09-04 21:19:41','2023-09-04 21:19:41'),(453,441,20,37,20,'6 باكيت',32.50,NULL,'2023-09-04 21:19:47','2023-09-04 21:19:47'),(454,442,199,858,193,'5 رول',7.00,NULL,'2023-09-04 21:51:58','2023-09-04 21:51:58'),(455,443,268,1032,255,'3 باكيت',4.00,NULL,'2023-09-04 21:52:08','2023-09-04 21:52:08'),(456,444,309,1129,50,'1 باكيت',0.75,NULL,'2023-09-04 21:52:12','2023-09-04 21:52:12'),(457,445,287,1075,281,'6 باكيت',16.50,NULL,'2023-09-04 21:58:34','2023-09-04 21:58:34'),(458,446,70,473,62,'Packet 6',15.00,NULL,'2023-09-05 07:45:03','2023-09-05 07:45:03'),(459,447,31,166,30,'1 باكيت',5.25,NULL,'2023-09-05 08:42:21','2023-09-05 08:42:21'),(461,449,302,1109,300,'1 باكيت',1.50,NULL,'2023-09-05 17:21:35','2023-09-05 17:21:35'),(462,450,302,1395,300,'8 باكيت',10.00,NULL,'2023-09-05 17:21:47','2023-09-05 17:21:47'),(463,451,54,261,48,'1 باكيت',3.75,NULL,'2023-09-05 17:46:51','2023-09-05 17:46:51'),(464,452,291,1083,285,'1 حبة',5.00,NULL,'2023-09-05 17:47:12','2023-09-05 17:47:12'),(465,453,54,261,48,'',3.75,NULL,'2023-09-05 17:55:27','2023-09-05 17:55:27'),(466,454,291,1083,285,'',5.00,NULL,'2023-09-05 17:55:27','2023-09-05 17:55:27'),(467,455,54,262,48,'',15.00,NULL,'2023-09-05 19:05:45','2023-09-05 19:05:45'),(468,456,31,166,30,'',5.25,NULL,'2023-09-05 19:05:45','2023-09-05 19:05:45'),(469,457,320,1202,321,'1 باكيت',1.50,NULL,'2023-09-05 20:53:41','2023-09-05 20:53:41'),(470,458,54,261,48,'1 باكيت',3.75,NULL,'2023-09-06 05:58:22','2023-09-06 05:58:22'),(471,459,70,472,62,'1 باكيت',3.00,NULL,'2023-09-06 05:58:38','2023-09-06 05:58:38'),(472,460,70,473,62,'6 باكيت',15.00,NULL,'2023-09-06 05:58:44','2023-09-06 05:58:44'),(473,461,54,262,48,'5 باكيت',15.00,NULL,'2023-09-06 06:52:10','2023-09-06 06:52:10'),(474,462,291,1084,285,'2 حبة',9.00,NULL,'2023-09-06 07:39:54','2023-09-06 07:39:54'),(475,463,56,270,54,'1 عبوة',7.00,NULL,'2023-09-06 14:27:56','2023-09-06 14:27:56'),(476,464,20,37,20,'6 باكيت',32.50,NULL,'2023-09-06 14:27:56','2023-09-06 14:27:56'),(477,465,50,227,49,'3 باكيت',5.50,NULL,'2023-09-06 17:29:55','2023-09-06 17:29:55'),(478,466,28,51,28,'6 باكيت',27.50,NULL,'2023-09-06 17:31:36','2023-09-06 17:31:36'),(479,467,54,263,48,'10 باكيت',30.00,NULL,'2023-09-06 17:33:44','2023-09-06 17:33:44'),(480,468,61,283,58,'4 رول',8.00,NULL,'2023-09-06 17:36:08','2023-09-06 17:36:08'),(481,469,54,262,48,'5 باكيت',15.00,NULL,'2023-09-07 03:49:26','2023-09-07 03:49:26'),(482,470,54,261,48,'Packet 1',3.75,NULL,'2023-09-07 03:54:28','2023-09-07 03:54:28'),(483,471,70,473,62,'Packet 6',15.00,NULL,'2023-09-07 03:54:41','2023-09-07 03:54:41'),(484,472,20,36,20,'1 باكيت',6.00,NULL,'2023-09-09 07:23:25','2023-09-09 07:23:25'),(485,473,291,1083,285,'1 حبة',5.00,NULL,'2023-09-11 00:24:30','2023-09-11 00:24:30');

--
-- Table structure for table `order_shippings`
--

CREATE TABLE `order_shippings` (
  `id` int unsigned NOT NULL AUTO_INCREMENT,
  `order_id` int unsigned NOT NULL,
  `government_id` int unsigned DEFAULT NULL,
  `region_id` int unsigned DEFAULT NULL,
  `block` varchar(255) CHARACTER SET utf8mb4 COLLATE utf8mb4_unicode_ci DEFAULT NULL,
  `gada` varchar(255) CHARACTER SET utf8mb4 COLLATE utf8mb4_unicode_ci DEFAULT NULL,
  `jada` varchar(255) CHARACTER SET utf8mb4 COLLATE utf8mb4_unicode_ci DEFAULT NULL,
  `building` varchar(255) CHARACTER SET utf8mb4 COLLATE utf8mb4_unicode_ci DEFAULT NULL,
  `floor` varchar(255) CHARACTER SET utf8mb4 COLLATE utf8mb4_unicode_ci DEFAULT NULL,
  `room_number` varchar(255) CHARACTER SET utf8mb4 COLLATE utf8mb4_unicode_ci DEFAULT NULL,
  `created_at` timestamp NULL DEFAULT NULL,
  `updated_at` timestamp NULL DEFAULT NULL,
  `lat` varchar(191) CHARACTER SET utf8mb4 COLLATE utf8mb4_unicode_ci DEFAULT NULL,
  `long` varchar(191) CHARACTER SET utf8mb4 COLLATE utf8mb4_unicode_ci DEFAULT NULL,
  `user_mobile` varchar(191) CHARACTER SET utf8mb4 COLLATE utf8mb4_unicode_ci DEFAULT NULL,
  `note` text CHARACTER SET utf8mb4 COLLATE utf8mb4_unicode_ci,
  PRIMARY KEY (`id`),
  KEY `order_shippings_order_id_foreign` (`order_id`),
  KEY `order_shippings_government_id_foreign` (`government_id`),
  KEY `order_shippings_region_id_foreign` (`region_id`),
  CONSTRAINT `order_shippings_order_id_foreign` FOREIGN KEY (`order_id`) REFERENCES `orders` (`id`) ON DELETE CASCADE
) ENGINE=InnoDB AUTO_INCREMENT=173 DEFAULT CHARSET=utf8mb4 COLLATE=utf8mb4_unicode_ci;

--
-- Dumping data for table `order_shippings`
--

INSERT INTO `order_shippings` (`id`, `order_id`, `government_id`, `region_id`, `block`, `gada`, `jada`, `building`, `floor`, `room_number`, `created_at`, `updated_at`, `lat`, `long`, `user_mobile`, `note`) VALUES (1,7,NULL,84,'23','e32',NULL,'2323','232',NULL,NULL,NULL,NULL,NULL,'51007138','qwdqwdqwd'),(2,11,NULL,19,'9','9',NULL,'41',NULL,NULL,NULL,NULL,NULL,NULL,NULL,NULL),(3,12,NULL,19,'9','9',NULL,'41',NULL,NULL,NULL,NULL,NULL,NULL,'55665287',NULL),(4,10,NULL,82,'323','23434',NULL,'234','4',NULL,NULL,NULL,NULL,'47.98345710298158','+965','23423'),(5,13,NULL,82,'323',NULL,NULL,NULL,NULL,NULL,NULL,NULL,NULL,'47.98345710298158',NULL,NULL),(6,15,NULL,72,'1','4',NULL,NULL,NULL,NULL,NULL,NULL,NULL,NULL,'96633521','رقم المنزل 39'),(7,16,NULL,19,'9','9',NULL,'41',NULL,NULL,NULL,NULL,NULL,NULL,'55665287',NULL),(8,21,NULL,19,'1','1',NULL,'1','1',NULL,NULL,NULL,NULL,NULL,'1111111',NULL),(9,25,NULL,33,'klj','k',NULL,'kl','lk',NULL,NULL,NULL,NULL,NULL,NULL,NULL),(10,26,NULL,33,'klj','k',NULL,'kl','lk',NULL,NULL,NULL,NULL,NULL,'+96555665287',NULL),(11,31,NULL,20,'9','0',NULL,'0','0',NULL,NULL,NULL,NULL,NULL,'+96555665287','0'),(12,33,NULL,20,'9',NULL,NULL,NULL,NULL,NULL,NULL,NULL,NULL,NULL,NULL,NULL),(13,33,NULL,19,'323','23434',NULL,'234','3',NULL,NULL,NULL,NULL,'47.98345710298158',NULL,'23423'),(14,38,NULL,19,'323','23434',NULL,'234','3',NULL,NULL,NULL,NULL,'47.98345710298158',NULL,'23423'),(15,22,NULL,19,'323','23434',NULL,'234','3',NULL,NULL,NULL,NULL,'47.98345710298158','+965','23423'),(16,39,NULL,19,'9','9',NULL,'41','1',NULL,NULL,NULL,NULL,NULL,NULL,NULL),(17,52,NULL,19,'323',NULL,NULL,NULL,NULL,NULL,NULL,NULL,NULL,'47.98345710298158',NULL,NULL),(18,53,NULL,19,'323',NULL,NULL,NULL,NULL,NULL,NULL,NULL,NULL,'47.98345710298158',NULL,NULL),(19,54,NULL,19,'323',NULL,NULL,NULL,NULL,NULL,NULL,NULL,NULL,'47.98345710298158',NULL,NULL),(20,56,NULL,19,'323',NULL,NULL,NULL,NULL,NULL,NULL,NULL,NULL,'47.98345710298158',NULL,NULL),(21,43,NULL,34,'9','p',NULL,'p','p',NULL,NULL,NULL,NULL,NULL,NULL,'p'),(22,55,NULL,19,'323','23434',NULL,'234','3',NULL,NULL,NULL,NULL,'47.98345710298158','+965','23423'),(23,68,NULL,20,'9','9',NULL,'9','9',NULL,NULL,NULL,NULL,NULL,NULL,'98'),(24,69,NULL,20,'9','9',NULL,'9','9',NULL,NULL,NULL,NULL,NULL,'55665287','98'),(25,65,NULL,54,'qwd','qwd',NULL,'qdw','qdw',NULL,NULL,NULL,NULL,'47.98348928948976','+96551007138','qwd'),(26,70,NULL,54,'qwd',NULL,NULL,NULL,NULL,NULL,NULL,NULL,NULL,'47.98348928948976',NULL,NULL),(27,71,NULL,20,'9',NULL,NULL,NULL,NULL,NULL,NULL,NULL,NULL,NULL,NULL,NULL),(28,73,NULL,21,'zzxxz','zxzzx',NULL,'dsc',NULL,NULL,NULL,NULL,NULL,NULL,NULL,'dscdw'),(29,73,NULL,54,'qwd','qwd',NULL,'qdw','qdw',NULL,NULL,NULL,'29.36219372892978','47.98348928948976','55022830','qwd'),(30,81,NULL,19,'323',NULL,NULL,NULL,NULL,NULL,NULL,NULL,NULL,'47.98345710298158',NULL,NULL),(31,82,NULL,19,'323',NULL,NULL,NULL,NULL,NULL,NULL,NULL,NULL,'47.98345710298158',NULL,NULL),(32,83,NULL,19,'323',NULL,NULL,NULL,NULL,NULL,NULL,NULL,NULL,'47.98345710298158',NULL,NULL),(33,93,NULL,25,'4','gg',NULL,'9','9',NULL,NULL,NULL,NULL,NULL,'55665287','9'),(34,94,NULL,25,'4',NULL,NULL,NULL,NULL,NULL,NULL,NULL,NULL,NULL,NULL,NULL),(35,95,NULL,25,'4',NULL,NULL,NULL,NULL,NULL,NULL,NULL,NULL,NULL,NULL,NULL),(36,82,NULL,82,'1','1',NULL,'1','1',NULL,NULL,NULL,NULL,NULL,NULL,'1'),(37,82,NULL,82,'1','1',NULL,'1','1',NULL,NULL,NULL,NULL,NULL,NULL,'1'),(38,99,NULL,19,'323',NULL,NULL,NULL,NULL,NULL,NULL,NULL,NULL,'47.98345710298158',NULL,NULL),(39,71,NULL,21,'9','9',NULL,'9','9',NULL,NULL,NULL,NULL,NULL,NULL,'9'),(40,100,NULL,20,'9',NULL,NULL,NULL,NULL,NULL,NULL,NULL,NULL,NULL,NULL,NULL),(41,101,NULL,20,'9',NULL,NULL,NULL,NULL,NULL,NULL,NULL,NULL,NULL,NULL,NULL),(42,102,NULL,19,'323',NULL,NULL,NULL,NULL,NULL,NULL,NULL,NULL,'47.98345710298158',NULL,NULL),(43,103,NULL,19,'323',NULL,NULL,NULL,NULL,NULL,NULL,NULL,NULL,'47.98345710298158',NULL,NULL),(44,104,NULL,115,'3','3',NULL,NULL,NULL,NULL,NULL,NULL,NULL,NULL,'56505135',NULL),(45,104,NULL,115,'3','3',NULL,NULL,NULL,NULL,NULL,NULL,NULL,NULL,'+96556505135',NULL),(46,105,NULL,19,'323',NULL,NULL,NULL,NULL,NULL,NULL,NULL,NULL,'47.98345710298158',NULL,NULL),(47,106,NULL,20,'9','9',NULL,'9','9',NULL,NULL,NULL,NULL,NULL,'55665287','98'),(48,103,NULL,19,'8','8',NULL,'18','1',NULL,NULL,NULL,NULL,NULL,'+965',NULL),(49,105,NULL,19,'8','8',NULL,'18','1',NULL,NULL,NULL,NULL,NULL,NULL,NULL),(50,107,NULL,19,'8','8',NULL,'18','1',NULL,NULL,NULL,NULL,NULL,'+965',NULL),(51,108,NULL,19,'8','8',NULL,'18','1',NULL,NULL,NULL,NULL,NULL,'+965',NULL),(52,109,NULL,19,'8','8',NULL,'18','1',NULL,NULL,NULL,NULL,NULL,'+965',NULL),(53,111,NULL,19,'8',NULL,NULL,NULL,NULL,NULL,NULL,NULL,NULL,NULL,NULL,NULL),(54,75,NULL,19,'2','212',NULL,'19','2',NULL,NULL,NULL,NULL,NULL,NULL,'لا يطرق الجرس'),(55,114,NULL,19,'8',NULL,NULL,NULL,NULL,NULL,NULL,NULL,NULL,NULL,NULL,NULL),(56,85,NULL,21,'zzxxz','zxzzx',NULL,'dsc',NULL,NULL,NULL,NULL,NULL,NULL,'51887656','dscdw'),(57,115,NULL,21,'zzxxz','zxzzx',NULL,'dsc',NULL,NULL,NULL,NULL,NULL,NULL,'51887656','dscdw'),(58,116,NULL,21,'zzxxz','zxzzx',NULL,'dsc',NULL,NULL,NULL,NULL,NULL,NULL,'51007138','dscdw'),(59,117,NULL,21,'zzxxz','zxzzx',NULL,'dsc',NULL,NULL,NULL,NULL,NULL,NULL,'51007138','dscdw'),(60,118,NULL,21,'zzxxz','zxzzx',NULL,'dsc',NULL,NULL,NULL,NULL,NULL,NULL,'51007138','dscdw'),(61,119,NULL,21,'zzxxz','zxzzx',NULL,'dsc',NULL,NULL,NULL,NULL,NULL,NULL,'51007138','dscdw'),(62,120,NULL,21,'zzxxz','zxzzx',NULL,'dsc',NULL,NULL,NULL,NULL,NULL,NULL,'51007138','dscdw'),(63,121,NULL,21,'zzxxz','zxzzx',NULL,'dsc',NULL,NULL,NULL,NULL,NULL,NULL,'51007138','dscdw'),(64,123,NULL,19,'8',NULL,NULL,NULL,NULL,NULL,NULL,NULL,NULL,NULL,NULL,NULL),(65,96,NULL,19,'8','8',NULL,'18','1',NULL,NULL,NULL,NULL,NULL,'55665287',NULL),(66,113,NULL,20,'9','9',NULL,'9','9',NULL,NULL,NULL,NULL,NULL,NULL,'98'),(67,130,NULL,21,'zzxxz','zxzzx',NULL,'dsc',NULL,NULL,NULL,NULL,NULL,NULL,'51007138','dscdw'),(68,131,NULL,21,'zzxxz','zxzzx',NULL,'dsc',NULL,NULL,NULL,NULL,NULL,NULL,'51007138','dscdw'),(69,132,NULL,21,'zzxxz','zxzzx',NULL,'dsc',NULL,NULL,NULL,NULL,NULL,NULL,'51007138','dscdw'),(70,132,NULL,21,'zzxxz','zxzzx',NULL,'dsc',NULL,NULL,NULL,NULL,NULL,NULL,'51007138','dscdw'),(71,132,NULL,21,'zzxxz','zxzzx',NULL,'dsc',NULL,NULL,NULL,NULL,NULL,NULL,'51007138','dscdw'),(72,133,NULL,21,'zzxxz','zxzzx',NULL,'dsc',NULL,NULL,NULL,NULL,NULL,NULL,'51007138','dscdw'),(73,134,NULL,21,'zzxxz','zxzzx',NULL,'dsc',NULL,NULL,NULL,NULL,NULL,NULL,'51007138','dscdw'),(74,136,NULL,21,'zzxxz','zxzzx',NULL,'dsc',NULL,NULL,NULL,NULL,NULL,NULL,'51007138','dscdw'),(75,137,NULL,21,'zzxxz','zxzzx',NULL,'dsc',NULL,NULL,NULL,NULL,NULL,NULL,'51007138','dscdw'),(76,138,NULL,21,'zzxxz','zxzzx',NULL,'dsc',NULL,NULL,NULL,NULL,NULL,NULL,'51007138','dscdw'),(77,139,NULL,21,'zzxxz','zxzzx',NULL,'dsc',NULL,NULL,NULL,NULL,NULL,NULL,'51007138','dscdw'),(78,140,NULL,21,'zzxxz','zxzzx',NULL,'dsc',NULL,NULL,NULL,NULL,NULL,NULL,'51007138','dscdw'),(79,141,NULL,21,'zzxxz','zxzzx',NULL,'dsc',NULL,NULL,NULL,NULL,NULL,NULL,'51007138','dscdw'),(80,142,NULL,21,'zzxxz','zxzzx',NULL,'dsc',NULL,NULL,NULL,NULL,NULL,NULL,'51007138','dscdw'),(81,143,NULL,21,'zzxxz','zxzzx',NULL,'dsc',NULL,NULL,NULL,NULL,NULL,NULL,'51007138','dscdw'),(82,144,NULL,21,'zzxxz','zxzzx',NULL,'dsc',NULL,NULL,NULL,NULL,NULL,NULL,'51007138','dscdw'),(83,146,NULL,23,'9','9',NULL,'51',NULL,NULL,NULL,NULL,NULL,NULL,NULL,NULL),(84,147,NULL,23,'9','9',NULL,'51',NULL,NULL,NULL,NULL,NULL,NULL,'55665287',NULL),(85,148,NULL,23,'9','9',NULL,'51',NULL,NULL,NULL,NULL,NULL,NULL,NULL,NULL),(86,110,NULL,19,'8','8',NULL,'18','1',NULL,NULL,NULL,NULL,NULL,'+965',NULL),(87,110,NULL,19,'8','8',NULL,'18','1',NULL,NULL,NULL,NULL,NULL,'+965',NULL),(88,114,NULL,19,'4','4',NULL,'4',NULL,NULL,NULL,NULL,NULL,NULL,'45544444',NULL),(89,145,NULL,21,'zzxxz','zxzzx',NULL,'dsc',NULL,NULL,NULL,NULL,NULL,NULL,'51007138','dscdw'),(90,150,NULL,21,'zzxxz','zxzzx',NULL,'dsc',NULL,NULL,NULL,NULL,NULL,NULL,'51007138','dscdw'),(91,151,NULL,21,'zzxxz','zxzzx',NULL,'dsc',NULL,NULL,NULL,NULL,NULL,NULL,'51007138','dscdw'),(92,152,NULL,21,'zzxxz','zxzzx',NULL,'dsc',NULL,NULL,NULL,NULL,NULL,NULL,'51007138','dscdw'),(93,153,NULL,21,'zzxxz','zxzzx',NULL,'dsc',NULL,NULL,NULL,NULL,NULL,NULL,'51007138','dscdw'),(94,154,NULL,22,'Jsj','Hbb',NULL,'Bbb','Bbb',NULL,NULL,NULL,NULL,NULL,'51007138','Nnbnsn'),(95,123,NULL,19,'8','8',NULL,'18','1',NULL,NULL,NULL,NULL,NULL,'+965',NULL),(96,156,NULL,21,'zzxxz','zxzzx',NULL,'dsc',NULL,NULL,NULL,NULL,NULL,NULL,'51007138','dscdw'),(97,157,NULL,21,'zzxxz','zxzzx',NULL,'dsc',NULL,NULL,NULL,NULL,NULL,NULL,'51007138','dscdw'),(98,158,NULL,21,'zzxxz','zxzzx',NULL,'dsc',NULL,NULL,NULL,NULL,NULL,NULL,'51007138','dscdw'),(99,159,NULL,21,'zzxxz','zxzzx',NULL,'dsc',NULL,NULL,NULL,NULL,NULL,NULL,'51007138','dscdw'),(100,160,NULL,19,'8','8',NULL,'18','1',NULL,NULL,NULL,NULL,NULL,'87654765',NULL),(101,160,NULL,19,'8','8',NULL,'18','1',NULL,NULL,NULL,NULL,NULL,'+965',NULL),(102,161,NULL,19,'9','9',NULL,'9','9',NULL,NULL,NULL,NULL,NULL,'55665287','9'),(103,162,NULL,19,'9','9',NULL,'9','9',NULL,NULL,NULL,NULL,NULL,'55665287','9'),(104,163,NULL,19,'8','8',NULL,'18','1',NULL,NULL,NULL,NULL,NULL,'+965',NULL),(105,164,NULL,19,'4','545',NULL,'454','54',NULL,NULL,NULL,NULL,NULL,'10617562',NULL),(106,149,NULL,23,'9','9',NULL,'51',NULL,NULL,NULL,NULL,NULL,NULL,'55665287',NULL),(107,165,NULL,23,'9','9',NULL,'51',NULL,NULL,NULL,NULL,NULL,NULL,'55665287',NULL),(108,166,NULL,19,'8','8',NULL,'18','1',NULL,NULL,NULL,NULL,NULL,'55665287',NULL),(109,167,NULL,20,'66','6',NULL,'6','6',NULL,NULL,NULL,NULL,NULL,'+96555665287','6'),(110,168,NULL,19,'9','0',NULL,'0','٩',NULL,NULL,NULL,NULL,NULL,'+96555665287','0'),(111,169,NULL,19,'9','0',NULL,'0','٩',NULL,NULL,NULL,NULL,NULL,'+96555665287','0'),(112,170,NULL,21,'9','9',NULL,'9','9',NULL,NULL,NULL,NULL,NULL,'55665287','9'),(113,171,NULL,19,'9',NULL,NULL,NULL,NULL,NULL,NULL,NULL,NULL,NULL,NULL,NULL),(114,171,NULL,20,'9','0',NULL,'0','٩',NULL,NULL,NULL,NULL,NULL,'+96555665287','0'),(115,172,NULL,19,'8','8',NULL,'18','1',NULL,NULL,NULL,NULL,NULL,'55665287',NULL),(116,173,NULL,19,'8','8',NULL,'18','1',NULL,NULL,NULL,NULL,NULL,'55665287',NULL),(117,175,NULL,19,'8','8',NULL,'18','1',NULL,NULL,NULL,NULL,NULL,'55665287',NULL),(118,174,NULL,20,'9','0',NULL,'0','٩',NULL,NULL,NULL,NULL,NULL,'+96555665287','0'),(119,176,NULL,19,'8','8',NULL,'18','1',NULL,NULL,NULL,NULL,NULL,NULL,NULL),(120,177,NULL,19,'8','8',NULL,'18','1',NULL,NULL,NULL,NULL,NULL,NULL,NULL),(121,178,NULL,19,'8','8',NULL,'18','1',NULL,NULL,NULL,NULL,NULL,NULL,NULL),(122,185,NULL,19,'4','4',NULL,'4',NULL,NULL,NULL,NULL,NULL,NULL,'45544444',NULL),(123,186,NULL,115,'3','3',NULL,NULL,NULL,NULL,NULL,NULL,NULL,NULL,'+96556505135',NULL),(124,191,NULL,115,'3','3',NULL,NULL,NULL,NULL,NULL,NULL,NULL,NULL,'+96556505135',NULL),(125,192,NULL,19,'8','8',NULL,'18','1',NULL,NULL,NULL,NULL,NULL,NULL,NULL),(126,193,NULL,19,'8','8',NULL,'18','1',NULL,NULL,NULL,NULL,NULL,'55665287',NULL),(127,199,NULL,19,'4','4',NULL,'4','g',NULL,NULL,NULL,NULL,NULL,NULL,NULL),(128,188,NULL,112,'4','4',NULL,'48','1',NULL,NULL,NULL,NULL,NULL,'66469390',NULL),(129,200,NULL,112,'4','4',NULL,'48','1',NULL,NULL,NULL,NULL,NULL,'99450815',NULL),(130,201,NULL,25,'3','3',NULL,'3',NULL,NULL,NULL,NULL,NULL,NULL,'+96550329745',NULL),(131,202,NULL,24,'3','3',NULL,'hospital',NULL,NULL,NULL,NULL,NULL,NULL,NULL,NULL),(132,204,NULL,23,'5','5',NULL,'5',NULL,NULL,NULL,NULL,NULL,NULL,'56505135',NULL),(133,206,NULL,19,'8','8',NULL,'18','1',NULL,NULL,NULL,NULL,NULL,'55665287',NULL),(134,207,NULL,19,'8','8',NULL,'18','1',NULL,NULL,NULL,NULL,NULL,'55665287',NULL),(135,208,NULL,24,'3','3',NULL,'hospital',NULL,NULL,NULL,NULL,NULL,NULL,'56505135',NULL),(136,209,NULL,112,'4',NULL,NULL,NULL,NULL,NULL,NULL,NULL,NULL,NULL,NULL,NULL),(137,210,NULL,112,'4',NULL,NULL,NULL,NULL,NULL,NULL,NULL,NULL,NULL,NULL,NULL),(138,212,NULL,112,'4',NULL,NULL,NULL,NULL,NULL,NULL,NULL,NULL,NULL,NULL,NULL),(139,213,NULL,112,'4',NULL,NULL,NULL,NULL,NULL,NULL,NULL,NULL,NULL,NULL,NULL),(140,214,NULL,112,'4',NULL,NULL,NULL,NULL,NULL,NULL,NULL,NULL,NULL,NULL,NULL),(141,215,NULL,112,'4',NULL,NULL,NULL,NULL,NULL,NULL,NULL,NULL,NULL,NULL,NULL),(142,216,NULL,112,'4',NULL,NULL,NULL,NULL,NULL,NULL,NULL,NULL,NULL,NULL,NULL),(143,217,NULL,112,'4',NULL,NULL,NULL,NULL,NULL,NULL,NULL,NULL,NULL,NULL,NULL),(144,218,NULL,112,'4',NULL,NULL,NULL,NULL,NULL,NULL,NULL,NULL,NULL,NULL,NULL),(145,219,NULL,112,'4',NULL,NULL,NULL,NULL,NULL,NULL,NULL,NULL,NULL,NULL,NULL),(146,220,NULL,112,'4',NULL,NULL,NULL,NULL,NULL,NULL,NULL,NULL,NULL,NULL,NULL),(147,211,NULL,23,'4','44',NULL,'4',NULL,NULL,NULL,NULL,NULL,NULL,'56505135',NULL),(148,221,NULL,23,'4',NULL,NULL,NULL,NULL,NULL,NULL,NULL,NULL,NULL,NULL,NULL),(149,222,NULL,23,'4',NULL,NULL,NULL,NULL,NULL,NULL,NULL,NULL,NULL,NULL,NULL),(150,223,NULL,112,'4',NULL,NULL,NULL,NULL,NULL,NULL,NULL,NULL,NULL,NULL,NULL),(151,224,NULL,112,'4',NULL,NULL,NULL,NULL,NULL,NULL,NULL,NULL,NULL,NULL,NULL),(152,216,NULL,112,'4','4',NULL,'48','1',NULL,NULL,NULL,NULL,NULL,'99450815',NULL),(153,217,NULL,112,'4','4',NULL,'48','1',NULL,NULL,NULL,NULL,NULL,'99450815',NULL),(154,231,NULL,41,'2','2',NULL,'27',NULL,NULL,NULL,NULL,NULL,NULL,'51222726',NULL),(155,221,NULL,19,'8','8',NULL,'18','1',NULL,NULL,NULL,NULL,NULL,'+965',NULL),(156,195,NULL,115,'3','3',NULL,NULL,NULL,NULL,NULL,NULL,NULL,NULL,'+96556505135',NULL),(157,234,NULL,21,'9','٩',NULL,'٩','٩٩٩٩',NULL,NULL,NULL,NULL,NULL,'55665287','٩'),(158,232,NULL,19,'8','8',NULL,'18','1',NULL,NULL,NULL,NULL,NULL,'55665287',NULL),(159,235,NULL,19,'8','8',NULL,'18','1',NULL,NULL,NULL,NULL,NULL,'55665287',NULL),(160,233,NULL,54,'qwd','qwd',NULL,'qdw','qdw',NULL,NULL,NULL,NULL,'47.98348928948976','+96551007138','qwd'),(161,237,NULL,20,'1','1',NULL,'1',NULL,NULL,NULL,NULL,NULL,NULL,'56505135',NULL),(162,228,NULL,19,'9','944',NULL,'41','41',NULL,NULL,NULL,NULL,NULL,'55665287',NULL),(163,238,NULL,20,'9',NULL,NULL,NULL,NULL,NULL,NULL,NULL,NULL,NULL,NULL,NULL),(164,239,NULL,19,'4','4',NULL,'4',NULL,NULL,NULL,NULL,NULL,NULL,'50329745',NULL),(165,222,NULL,23,'4','44',NULL,'4',NULL,NULL,NULL,NULL,NULL,NULL,'56505135',NULL),(166,240,NULL,23,'4','44',NULL,'4',NULL,NULL,NULL,NULL,NULL,NULL,'56505135',NULL),(167,242,NULL,27,'wqd','qwd',NULL,'qdw','qwd',NULL,NULL,NULL,NULL,NULL,'55022830','qwd'),(168,241,NULL,19,'8','8',NULL,'18','1',NULL,NULL,NULL,NULL,NULL,'+965',NULL),(169,245,NULL,23,'4','44',NULL,'4',NULL,NULL,NULL,NULL,NULL,NULL,'56505135',NULL),(170,246,NULL,23,'4',NULL,NULL,NULL,NULL,NULL,NULL,NULL,NULL,NULL,NULL,NULL),(171,246,NULL,23,'4','44',NULL,'4',NULL,NULL,NULL,NULL,NULL,NULL,'56505135',NULL),(172,247,NULL,115,'3',NULL,NULL,NULL,NULL,NULL,NULL,NULL,NULL,NULL,NULL,NULL);

--
-- Table structure for table `orders`
--

CREATE TABLE `orders` (
  `id` int unsigned NOT NULL AUTO_INCREMENT,
  `order_number` varchar(255) CHARACTER SET utf8mb4 COLLATE utf8mb4_unicode_ci NOT NULL,
  `total_price` decimal(8,3) DEFAULT NULL,
  `user_id` int unsigned DEFAULT NULL,
  `incart` tinyint(1) NOT NULL DEFAULT '1',
  `mac_address` varchar(255) CHARACTER SET utf8mb4 COLLATE utf8mb4_unicode_ci DEFAULT NULL,
  `price_ship` double(8,2) DEFAULT NULL,
  `shipping_Type` varchar(255) CHARACTER SET utf8mb4 COLLATE utf8mb4_unicode_ci DEFAULT NULL,
  `delivery_time` varchar(255) CHARACTER SET utf8mb4 COLLATE utf8mb4_unicode_ci DEFAULT NULL,
  `order_done_date` varchar(255) CHARACTER SET utf8mb4 COLLATE utf8mb4_unicode_ci DEFAULT NULL,
  `status` enum('wait','refused','accepted','shipped','complete') CHARACTER SET utf8mb4 COLLATE utf8mb4_unicode_ci NOT NULL,
  `payment_method` int unsigned DEFAULT NULL,
  `payment_status` enum('paid','unPaid') CHARACTER SET utf8mb4 COLLATE utf8mb4_unicode_ci NOT NULL,
  `deleted_at` timestamp NULL DEFAULT NULL,
  `created_at` timestamp NULL DEFAULT NULL,
  `updated_at` timestamp NULL DEFAULT NULL,
  `delivery_date_time` varchar(255) CHARACTER SET utf8mb4 COLLATE utf8mb4_unicode_ci DEFAULT NULL,
  `payment_id` int DEFAULT NULL,
  `time_arrival` varchar(191) CHARACTER SET utf8mb4 COLLATE utf8mb4_unicode_ci DEFAULT '55 دقيقه',
  `orderDuplicated` int DEFAULT NULL,
  `note` text CHARACTER SET utf8mb4 COLLATE utf8mb4_unicode_ci,
  `shippingExpress` varchar(191) CHARACTER SET utf8mb4 COLLATE utf8mb4_unicode_ci DEFAULT NULL,
  `packetPress` varchar(191) CHARACTER SET utf8mb4 COLLATE utf8mb4_unicode_ci DEFAULT NULL,
  `payment_method_card` int DEFAULT NULL,
  `giftCartId` int DEFAULT NULL,
  `priceRecomined` decimal(8,3) DEFAULT NULL,
  `The_amount_to_be_paid` decimal(8,3) DEFAULT NULL,
  `order_type` int NOT NULL DEFAULT '1',
  `order_whatsapp` int DEFAULT '0',
  `whatsapp_number` varchar(191) CHARACTER SET utf8mb4 COLLATE utf8mb4_unicode_ci DEFAULT NULL,
  PRIMARY KEY (`id`),
  KEY `orders_user_id_foreign` (`user_id`),
  KEY `orders_payment_method_foreign` (`payment_method`),
  CONSTRAINT `orders_payment_method_foreign` FOREIGN KEY (`payment_method`) REFERENCES `payment_methods` (`id`) ON DELETE CASCADE,
  CONSTRAINT `orders_user_id_foreign` FOREIGN KEY (`user_id`) REFERENCES `users` (`id`) ON DELETE CASCADE
) ENGINE=InnoDB AUTO_INCREMENT=254 DEFAULT CHARSET=utf8mb4 COLLATE=utf8mb4_unicode_ci;

--
-- Dumping data for table `orders`
--

INSERT INTO `orders` (`id`, `order_number`, `total_price`, `user_id`, `incart`, `mac_address`, `price_ship`, `shipping_Type`, `delivery_time`, `order_done_date`, `status`, `payment_method`, `payment_status`, `deleted_at`, `created_at`, `updated_at`, `delivery_date_time`, `payment_id`, `time_arrival`, `orderDuplicated`, `note`, `shippingExpress`, `packetPress`, `payment_method_card`, `giftCartId`, `priceRecomined`, `The_amount_to_be_paid`, `order_type`, `order_whatsapp`, `whatsapp_number`) VALUES (1,'6911',NULL,NULL,1,'lbwB8SNKBvjCU9TDSp8qSC01ka593QTahYjbykRn',NULL,NULL,NULL,NULL,'wait',NULL,'paid','2023-06-20 03:58:26','2023-06-20 03:49:56','2023-06-20 03:58:26',NULL,NULL,'55 دقيقه',NULL,NULL,NULL,NULL,NULL,NULL,NULL,NULL,1,0,NULL),(2,'13818',NULL,NULL,1,'lbwB8SNKBvjCU9TDSp8qSC01ka593QTahYjbykRn',NULL,NULL,NULL,NULL,'wait',NULL,'paid','2023-06-20 03:59:32','2023-06-20 03:59:15','2023-06-20 03:59:32',NULL,NULL,'55 دقيقه',NULL,NULL,NULL,NULL,NULL,NULL,NULL,NULL,1,0,NULL),(3,'17820',NULL,NULL,1,'lbwB8SNKBvjCU9TDSp8qSC01ka593QTahYjbykRn',NULL,NULL,NULL,NULL,'wait',NULL,'paid','2023-06-20 04:03:32','2023-06-20 04:02:11','2023-06-20 04:03:32',NULL,NULL,'55 دقيقه',NULL,NULL,NULL,NULL,NULL,NULL,NULL,NULL,1,0,NULL),(4,'65640',NULL,NULL,1,'lbwB8SNKBvjCU9TDSp8qSC01ka593QTahYjbykRn',NULL,NULL,NULL,NULL,'wait',NULL,'paid','2023-06-20 04:06:34','2023-06-20 04:06:05','2023-06-20 04:06:34',NULL,NULL,'55 دقيقه',NULL,NULL,NULL,NULL,NULL,NULL,NULL,NULL,1,0,NULL),(5,'58711',NULL,NULL,1,'lbwB8SNKBvjCU9TDSp8qSC01ka593QTahYjbykRn',NULL,NULL,NULL,NULL,'wait',NULL,'paid','2023-06-20 04:08:42','2023-06-20 04:07:33','2023-06-20 04:08:42',NULL,NULL,'55 دقيقه',NULL,NULL,NULL,NULL,NULL,NULL,NULL,NULL,1,0,NULL),(6,'29738',NULL,NULL,1,'GIPfr14FfO1uFD0Kz2dOi5NnJMK0wZPIVL1cM7jP',NULL,NULL,NULL,NULL,'wait',NULL,'paid','2023-06-20 04:14:28','2023-06-20 04:14:02','2023-06-20 04:14:28',NULL,NULL,'55 دقيقه',NULL,NULL,NULL,NULL,NULL,NULL,NULL,NULL,1,0,NULL),(7,'21071',18.750,NULL,0,'lbwB8SNKBvjCU9TDSp8qSC01ka593QTahYjbykRn',1.50,'home','2023-06-20','2023-06-20 19:00:30','wait',1,'',NULL,'2023-06-20 07:06:51','2023-06-21 02:00:30','06:00 PM-02:00 PM',NULL,'55 دقيقه',NULL,'asdsadasdasdasdasd','0','0',NULL,NULL,NULL,NULL,1,0,' '),(8,'14582',NULL,NULL,1,'FlUQxBFMWXZ5iIcmiuJeamhRvaHP4W1CNmUwU6KF',NULL,NULL,NULL,NULL,'wait',NULL,'paid','2023-06-26 03:45:51','2023-06-20 22:56:25','2023-06-26 03:45:51',NULL,NULL,'55 دقيقه',NULL,NULL,NULL,NULL,NULL,NULL,NULL,NULL,1,0,NULL),(9,'25256',NULL,NULL,1,'6t0PfDGPACzJ6LI3hHjCGom5gXKdKKyjkdUifsO0',NULL,NULL,NULL,NULL,'wait',NULL,'paid',NULL,'2023-06-21 00:31:01','2023-06-21 00:31:01',NULL,NULL,'55 دقيقه',NULL,NULL,NULL,NULL,NULL,NULL,NULL,NULL,1,0,NULL),(10,'46481',15.500,1,0,'lbwB8SNKBvjCU9TDSp8qSC01ka593QTahYjbykRn',1.50,'hospital','2023-06-20','2023-06-20 20:26:18','wait',1,'',NULL,'2023-06-21 02:12:33','2023-06-21 03:26:18','19',NULL,'55 دقيقه',NULL,NULL,'0','0',NULL,NULL,NULL,NULL,1,0,' '),(11,'39186',30.000,NULL,0,'PkTPNYWP6CrSajD5K9oGCwnU8Hfu43pZouTD7t3x',1.50,'work',NULL,'2023-06-20 19:29:05','wait',1,'',NULL,'2023-06-21 02:25:39','2023-06-21 02:29:05',NULL,NULL,'55 دقيقه',NULL,NULL,'0','0',NULL,NULL,NULL,NULL,1,0,' '),(12,'60777',7.500,NULL,0,'PkTPNYWP6CrSajD5K9oGCwnU8Hfu43pZouTD7t3x',1.50,'work','2023-06-20','2023-06-20 19:30:27','wait',1,'',NULL,'2023-06-21 02:29:33','2023-06-21 02:30:27','اختر الوقت المناسب',NULL,'55 دقيقه',NULL,'ارجوا تواصل مندوب التوصيل قبل الوصول بربع ساعة','0','0',NULL,NULL,NULL,NULL,1,0,' '),(13,'56203',15.500,1,1,'FlUQxBFMWXZ5iIcmiuJeamhRvaHP4W1CNmUwU6KF',1.50,'hospital','2023-06-20','2023-06-20 20:26:53','wait',1,'','2023-06-26 03:45:59','2023-06-21 03:26:53','2023-06-26 03:45:59','19',NULL,'55 دقيقه',10,NULL,'0','0',NULL,NULL,NULL,NULL,1,0,' '),(14,'98428',NULL,NULL,1,'PkTPNYWP6CrSajD5K9oGCwnU8Hfu43pZouTD7t3x',NULL,NULL,NULL,NULL,'wait',NULL,'paid','2023-06-21 04:42:39','2023-06-21 04:42:28','2023-06-21 04:42:39',NULL,NULL,'55 دقيقه',NULL,NULL,NULL,NULL,NULL,NULL,NULL,NULL,1,0,NULL),(15,'80401',4.000,NULL,0,'jVZf0JLR2KHvNUDVx2u8jAtVnwasyiPEVrecAeyM',1.50,NULL,'2023-06-20','2023-06-20 22:26:18','wait',1,'',NULL,'2023-06-21 05:15:14','2023-06-21 05:26:18','20',NULL,'55 دقيقه',NULL,'توصيل مستعجل','0','0',NULL,NULL,NULL,NULL,1,0,' '),(16,'85803',15.000,NULL,0,'PkTPNYWP6CrSajD5K9oGCwnU8Hfu43pZouTD7t3x',1.50,'work','2023-06-20','2023-06-20 22:42:07','wait',1,'',NULL,'2023-06-21 05:40:37','2023-06-21 05:42:07','18',NULL,'55 دقيقه',NULL,NULL,'0','0',NULL,NULL,NULL,NULL,1,0,' '),(17,'17081',NULL,NULL,1,'PkTPNYWP6CrSajD5K9oGCwnU8Hfu43pZouTD7t3x',NULL,NULL,NULL,NULL,'wait',NULL,'paid','2023-06-21 05:48:36','2023-06-21 05:48:24','2023-06-21 05:48:36',NULL,NULL,'55 دقيقه',NULL,NULL,NULL,NULL,NULL,NULL,NULL,NULL,1,0,NULL),(18,'86195',NULL,NULL,1,'PkTPNYWP6CrSajD5K9oGCwnU8Hfu43pZouTD7t3x',NULL,NULL,NULL,NULL,'wait',NULL,'paid',NULL,'2023-06-21 06:00:47','2023-06-21 06:00:47',NULL,NULL,'55 دقيقه',NULL,NULL,NULL,NULL,NULL,NULL,NULL,NULL,1,0,NULL),(19,'60634',NULL,NULL,1,'hSv6mLbbXkcS3nvpPwNCzxP224EgJWVKSF3Usmss',NULL,NULL,NULL,NULL,'wait',NULL,'paid',NULL,'2023-06-21 06:24:23','2023-06-21 06:24:23',NULL,NULL,'55 دقيقه',NULL,NULL,NULL,NULL,NULL,NULL,NULL,NULL,1,0,NULL),(20,'10839',NULL,NULL,1,'MkAlixTyba3AyJoBICymx25QI5yDlgRZMMGmoUtp',NULL,NULL,NULL,NULL,'wait',NULL,'paid',NULL,'2023-06-21 06:52:28','2023-06-21 06:52:28',NULL,NULL,'55 دقيقه',NULL,NULL,NULL,NULL,NULL,NULL,NULL,NULL,1,0,NULL),(21,'46967',30.000,NULL,0,'ql7Uz9QsddMQJak3OwvZV2zP32QWWkC5EBMr6yQJ',0.00,'home','2023-06-20','2023-06-20 23:58:48','wait',1,'',NULL,'2023-06-21 06:58:05','2023-06-21 06:58:48','18',NULL,'55 دقيقه',NULL,NULL,'0','0',NULL,NULL,NULL,NULL,1,0,' '),(22,'80139',3.750,1,0,'lbwB8SNKBvjCU9TDSp8qSC01ka593QTahYjbykRn',1.50,'hospital','2023-06-22','2023-06-22 00:12:13','wait',1,'',NULL,'2023-06-21 09:18:15','2023-06-22 07:12:13','59',NULL,'55 دقيقه',NULL,NULL,'0','0',NULL,NULL,NULL,NULL,1,0,' '),(23,'459',NULL,NULL,1,'ZE13I7VflkgIkkLCX0UmYX6Dz3L0HLoP7tJ0eBJV',NULL,NULL,NULL,NULL,'wait',NULL,'paid','2023-06-21 11:02:29','2023-06-21 11:00:30','2023-06-21 11:02:29',NULL,NULL,'55 دقيقه',NULL,NULL,NULL,NULL,NULL,NULL,NULL,NULL,1,0,NULL),(24,'41541',NULL,NULL,1,'ZE13I7VflkgIkkLCX0UmYX6Dz3L0HLoP7tJ0eBJV',NULL,NULL,NULL,NULL,'wait',NULL,'paid','2023-06-21 11:03:19','2023-06-21 11:03:12','2023-06-21 11:03:19',NULL,NULL,'55 دقيقه',NULL,NULL,NULL,NULL,NULL,NULL,NULL,NULL,1,0,NULL),(25,'2581',15.000,47,0,'ZE13I7VflkgIkkLCX0UmYX6Dz3L0HLoP7tJ0eBJV',1.50,NULL,'2023-06-21','2023-06-21 04:17:21','wait',1,'',NULL,'2023-06-21 11:16:07','2023-06-21 11:17:21','21',NULL,'55 دقيقه',NULL,NULL,'0','0',NULL,NULL,NULL,NULL,1,0,' '),(26,'41961',33.000,47,0,'ZE13I7VflkgIkkLCX0UmYX6Dz3L0HLoP7tJ0eBJV',1.50,NULL,'2023-06-21','2023-06-21 04:20:10','refused',1,'',NULL,'2023-06-21 11:19:27','2023-06-21 11:22:14','23',NULL,'55 دقيقه',NULL,'السايق لا يتصل بالبيت\r\nيوصلها عند الباب ويمشي','0','0',NULL,NULL,NULL,NULL,1,0,' '),(27,'35066',NULL,NULL,1,'ZE13I7VflkgIkkLCX0UmYX6Dz3L0HLoP7tJ0eBJV',NULL,NULL,NULL,NULL,'wait',NULL,'paid',NULL,'2023-06-21 18:29:46','2023-06-21 18:29:46',NULL,NULL,'55 دقيقه',NULL,NULL,NULL,NULL,NULL,NULL,NULL,NULL,1,0,NULL),(28,'53281',NULL,NULL,1,'DFSi750jRuqSwgxULGxlc9mWQKqvyCCqZ6BtbpWq',NULL,NULL,NULL,NULL,'wait',NULL,'paid',NULL,'2023-06-21 18:43:13','2023-06-21 18:43:13',NULL,NULL,'55 دقيقه',NULL,NULL,NULL,NULL,NULL,NULL,NULL,NULL,1,0,NULL),(29,'59725',NULL,NULL,1,'GIPfr14FfO1uFD0Kz2dOi5NnJMK0wZPIVL1cM7jP',NULL,NULL,NULL,NULL,'wait',NULL,'paid','2023-06-21 21:15:06','2023-06-21 21:14:59','2023-06-21 21:15:06',NULL,NULL,'55 دقيقه',NULL,NULL,NULL,NULL,NULL,NULL,NULL,NULL,1,0,NULL),(30,'68921',NULL,NULL,1,'GIPfr14FfO1uFD0Kz2dOi5NnJMK0wZPIVL1cM7jP',NULL,NULL,NULL,NULL,'wait',NULL,'paid','2023-06-21 21:19:53','2023-06-21 21:15:32','2023-06-21 21:19:53',NULL,NULL,'55 دقيقه',NULL,NULL,NULL,NULL,NULL,NULL,NULL,NULL,1,0,NULL),(31,'97191',14.000,57,0,'GIPfr14FfO1uFD0Kz2dOi5NnJMK0wZPIVL1cM7jP',1.50,'home','2023-06-21','2023-06-21 20:17:30','wait',1,'',NULL,'2023-06-21 21:20:15','2023-06-22 03:17:30','21',NULL,'55 دقيقه',NULL,NULL,'0','0',NULL,NULL,NULL,NULL,1,0,' '),(32,'47826',NULL,NULL,1,'4lUejlrmjUeiS7NBUkY5ss9WRNunVsJjMtlBFzTE',NULL,NULL,NULL,NULL,'wait',NULL,'paid',NULL,'2023-06-21 21:35:24','2023-06-21 21:35:24',NULL,NULL,'55 دقيقه',NULL,NULL,NULL,NULL,NULL,NULL,NULL,NULL,1,0,NULL),(33,'96087',14.000,1,0,'GIPfr14FfO1uFD0Kz2dOi5NnJMK0wZPIVL1cM7jP',1.50,'hospital','2023-06-21','2023-06-21 21:47:41','wait',1,'',NULL,'2023-06-22 03:17:43','2023-06-22 04:47:41','21',NULL,'55 دقيقه',31,NULL,'0','0',NULL,NULL,NULL,NULL,1,0,' '),(34,'37621',NULL,NULL,1,'25InVBGOyq9CrTc5M7kB9OwqilUxuXp3j3NBkj7Y',NULL,NULL,NULL,NULL,'wait',NULL,'paid',NULL,'2023-06-22 04:17:48','2023-06-22 04:17:48',NULL,NULL,'55 دقيقه',NULL,NULL,NULL,NULL,NULL,NULL,NULL,NULL,1,0,NULL),(35,'46464',NULL,NULL,1,'uQGqEoFkcQh1QBzaRB45PokmH6MUbarbNBA3Va9m',NULL,NULL,NULL,NULL,'wait',NULL,'paid',NULL,'2023-06-22 04:27:50','2023-06-22 04:27:50',NULL,NULL,'55 دقيقه',NULL,NULL,NULL,NULL,NULL,NULL,NULL,NULL,1,0,NULL),(36,'38597',NULL,NULL,1,'ZuMsrZwIN4LgPTwmBuGEs6POJVumN2iCqcL77pBQ',NULL,NULL,NULL,NULL,'wait',NULL,'paid','2023-06-22 05:15:09','2023-06-22 04:30:49','2023-06-22 05:15:09',NULL,NULL,'55 دقيقه',NULL,NULL,NULL,NULL,NULL,NULL,NULL,NULL,1,0,NULL),(37,'98882',NULL,NULL,1,'GIPfr14FfO1uFD0Kz2dOi5NnJMK0wZPIVL1cM7jP',NULL,NULL,NULL,NULL,'wait',NULL,'paid','2023-06-22 04:48:49','2023-06-22 04:48:34','2023-06-22 04:48:49',NULL,NULL,'55 دقيقه',NULL,NULL,NULL,NULL,NULL,NULL,NULL,NULL,1,0,NULL),(38,'72202',9.000,1,0,'GIPfr14FfO1uFD0Kz2dOi5NnJMK0wZPIVL1cM7jP',1.50,'hospital','2023-06-21','2023-06-21 21:51:43','wait',1,'',NULL,'2023-06-22 04:49:14','2023-06-22 04:51:43','21',NULL,'55 دقيقه',NULL,NULL,'0','0',NULL,NULL,NULL,NULL,1,0,' '),(39,'35508',15.000,NULL,0,'ZuMsrZwIN4LgPTwmBuGEs6POJVumN2iCqcL77pBQ',1.50,'hospital','2023-06-22','2023-06-22 00:21:03','wait',1,'',NULL,'2023-06-22 07:05:34','2023-06-22 07:21:03','58',NULL,'55 دقيقه',NULL,NULL,'0','0',NULL,NULL,NULL,NULL,1,0,' '),(40,'1236',NULL,NULL,1,'lbwB8SNKBvjCU9TDSp8qSC01ka593QTahYjbykRn',NULL,NULL,NULL,NULL,'wait',NULL,'paid',NULL,'2023-06-22 07:16:14','2023-06-22 07:16:14',NULL,NULL,'55 دقيقه',NULL,NULL,NULL,NULL,NULL,NULL,NULL,NULL,1,0,NULL),(41,'89299',NULL,NULL,1,'k5Wo1MGnG0UsecgAltHtZ68nbtRCAE5q6hvAk6Y0',NULL,NULL,NULL,NULL,'wait',NULL,'paid',NULL,'2023-06-22 16:54:16','2023-06-22 16:54:16',NULL,NULL,'55 دقيقه',NULL,NULL,NULL,NULL,NULL,NULL,NULL,NULL,1,0,NULL),(42,'3010',NULL,NULL,1,'rZVA3Ll30sRF33CN3gBOfVrsDFQmaB7ZnwKUzkqd',NULL,NULL,NULL,NULL,'wait',NULL,'paid',NULL,'2023-06-22 17:15:01','2023-06-22 17:15:01',NULL,NULL,'55 دقيقه',NULL,NULL,NULL,NULL,NULL,NULL,NULL,NULL,1,0,NULL),(43,'11589',36.500,NULL,0,'pKSFnHIvIfJlpujekPvrWpRlGBSzejBHlVYkzFp3',1.50,'hospital','2023-06-26','2023-06-26 10:49:42','complete',1,'',NULL,'2023-06-22 17:19:09','2023-06-26 18:55:22','16',NULL,'55 دقيقه',NULL,NULL,'0','0',NULL,NULL,NULL,NULL,1,0,' '),(44,'91165',NULL,NULL,1,'A9CwkaOcYXMz9wMlHEEYF1lA5TeisycuDK0mLq5b',NULL,NULL,NULL,NULL,'wait',NULL,'paid',NULL,'2023-06-22 17:23:46','2023-06-22 17:23:46',NULL,NULL,'55 دقيقه',NULL,NULL,NULL,NULL,NULL,NULL,NULL,NULL,1,0,NULL),(45,'63312',NULL,NULL,1,'1oRrTBeyg1E9oArYfKXZF52WNWlTEjp6rElwRd4U',NULL,NULL,NULL,NULL,'wait',NULL,'paid',NULL,'2023-06-22 17:42:36','2023-06-22 17:42:36',NULL,NULL,'55 دقيقه',NULL,NULL,NULL,NULL,NULL,NULL,NULL,NULL,1,0,NULL),(46,'62079',NULL,NULL,1,'GRzoSZyiznVlebRc9DAoDr7YjQi1KJrgTdsewQwr',NULL,NULL,NULL,NULL,'wait',NULL,'paid',NULL,'2023-06-22 20:19:50','2023-06-22 20:19:50',NULL,NULL,'55 دقيقه',NULL,NULL,NULL,NULL,NULL,NULL,NULL,NULL,1,0,NULL),(47,'91886',NULL,NULL,1,'6qB8fDAosYJoLKhSE0JSgpg989NhieCrGmdJCeoX',NULL,NULL,NULL,NULL,'wait',NULL,'paid',NULL,'2023-06-22 20:23:22','2023-06-22 20:23:22',NULL,NULL,'55 دقيقه',NULL,NULL,NULL,NULL,NULL,NULL,NULL,NULL,1,0,NULL),(48,'57145',NULL,NULL,1,'l8e7DW5syzoNzGoCzZEtEtjQb9jLHIleXvYXZuCg',NULL,NULL,NULL,NULL,'wait',NULL,'paid',NULL,'2023-06-22 20:28:19','2023-06-22 20:28:19',NULL,NULL,'55 دقيقه',NULL,NULL,NULL,NULL,NULL,NULL,NULL,NULL,1,0,NULL),(49,'97995',NULL,NULL,1,'8MT1JnWWjNRrKa5R32cgj0h3RRCxjWrbsTDBnSJe',NULL,NULL,NULL,NULL,'wait',NULL,'paid',NULL,'2023-06-22 20:47:07','2023-06-22 20:47:07',NULL,NULL,'55 دقيقه',NULL,NULL,NULL,NULL,NULL,NULL,NULL,NULL,1,0,NULL),(50,'88312',NULL,NULL,1,'h2fwbp6YpqWmi5rfMtElMHdHW6PIP5wMBpv2mrhy',NULL,NULL,NULL,NULL,'wait',NULL,'paid',NULL,'2023-06-22 20:48:09','2023-06-22 20:48:09',NULL,NULL,'55 دقيقه',NULL,NULL,NULL,NULL,NULL,NULL,NULL,NULL,1,0,NULL),(51,'12655',NULL,NULL,1,'YGH53mwH0W3NdMsxkIxmEAQowDXVzW2xknAibYn4',NULL,NULL,NULL,NULL,'wait',NULL,'paid',NULL,'2023-06-22 21:43:17','2023-06-22 21:43:17',NULL,NULL,'55 دقيقه',NULL,NULL,NULL,NULL,NULL,NULL,NULL,NULL,1,0,NULL),(52,'74915',9.000,1,1,'FlUQxBFMWXZ5iIcmiuJeamhRvaHP4W1CNmUwU6KF',1.50,'hospital','2023-06-21','2023-06-25 20:45:21','wait',1,'','2023-06-26 03:46:08','2023-06-26 03:45:21','2023-06-26 03:46:08','21',NULL,'55 دقيقه',38,NULL,'0','0',NULL,NULL,NULL,NULL,1,0,' '),(53,'72552',9.000,1,1,'FlUQxBFMWXZ5iIcmiuJeamhRvaHP4W1CNmUwU6KF',1.50,'hospital','2023-06-21','2023-06-25 20:46:18','wait',1,'','2023-06-26 03:46:34','2023-06-26 03:46:18','2023-06-26 03:46:34','21',NULL,'55 دقيقه',38,NULL,'0','0',NULL,NULL,NULL,NULL,1,0,' '),(54,'77065',9.000,1,1,'FlUQxBFMWXZ5iIcmiuJeamhRvaHP4W1CNmUwU6KF',1.50,'hospital','2023-06-21','2023-06-25 20:46:42','wait',1,'','2023-06-26 03:46:47','2023-06-26 03:46:42','2023-06-26 03:46:47','21',NULL,'55 دقيقه',38,NULL,'0','0',NULL,NULL,NULL,NULL,1,0,' '),(55,'23372',24.000,1,0,'FlUQxBFMWXZ5iIcmiuJeamhRvaHP4W1CNmUwU6KF',0.00,'hospital','2023-06-26','2023-06-26 13:09:22','wait',1,'',NULL,'2023-06-26 03:51:09','2023-06-26 20:09:22','16',NULL,'55 دقيقه',NULL,NULL,'0','0',NULL,NULL,NULL,NULL,1,0,' '),(56,'15180',9.000,1,1,'FlUQxBFMWXZ5iIcmiuJeamhRvaHP4W1CNmUwU6KF',1.50,'hospital','2023-06-21','2023-06-25 20:53:38','wait',1,'',NULL,'2023-06-26 03:53:38','2023-06-26 03:53:38','21',NULL,'55 دقيقه',38,NULL,'0','0',NULL,NULL,NULL,NULL,1,0,' '),(57,'85021',NULL,NULL,1,'pKSFnHIvIfJlpujekPvrWpRlGBSzejBHlVYkzFp3',NULL,NULL,NULL,NULL,'wait',NULL,'paid',NULL,'2023-06-26 17:50:04','2023-06-26 17:50:04',NULL,NULL,'55 دقيقه',NULL,NULL,NULL,NULL,NULL,NULL,NULL,NULL,1,0,NULL),(58,'38787',NULL,NULL,1,'rP2RxCSE5LnVJI8DvjRrW3Y1ofl33aht2q8bQERE',NULL,NULL,NULL,NULL,'wait',NULL,'paid','2023-06-26 19:49:36','2023-06-26 19:49:24','2023-06-26 19:49:36',NULL,NULL,'55 دقيقه',NULL,NULL,NULL,NULL,NULL,NULL,NULL,NULL,1,0,NULL),(59,'43698',NULL,NULL,1,'rP2RxCSE5LnVJI8DvjRrW3Y1ofl33aht2q8bQERE',NULL,NULL,NULL,NULL,'wait',NULL,'paid',NULL,'2023-06-26 19:49:55','2023-06-26 19:49:55',NULL,NULL,'55 دقيقه',NULL,NULL,NULL,NULL,NULL,NULL,NULL,NULL,1,0,NULL),(60,'7707',NULL,NULL,1,'UCflv39yOWV8PNFQL6XqNnLZMLA7oD76VHn0SDRB',NULL,NULL,NULL,NULL,'wait',NULL,'paid',NULL,'2023-06-27 11:15:54','2023-06-27 11:15:54',NULL,NULL,'55 دقيقه',NULL,NULL,NULL,NULL,NULL,NULL,NULL,NULL,1,0,NULL),(61,'94823',NULL,NULL,1,'1Bg8pNQY06Hk3oy6CGJaEJNCSw2lzNIfAaCUHY0g',NULL,NULL,NULL,NULL,'wait',NULL,'paid',NULL,'2023-07-05 19:24:05','2023-07-05 19:24:05',NULL,NULL,'55 دقيقه',NULL,NULL,NULL,NULL,NULL,NULL,NULL,NULL,1,0,NULL),(62,'77037',NULL,NULL,1,'7rfCBCDKMn6yVNP6udrerMi10HxMjHzTz933Muql',NULL,NULL,NULL,NULL,'wait',NULL,'paid','2023-07-09 09:19:03','2023-07-05 19:24:45','2023-07-09 09:19:03',NULL,NULL,'55 دقيقه',NULL,NULL,NULL,NULL,NULL,NULL,NULL,NULL,1,0,NULL),(63,'49413',NULL,NULL,1,'jy3V03Niw9GCuYfP4c2NPsP1HtL3iboRyaXhBw9v',NULL,NULL,NULL,NULL,'wait',NULL,'paid',NULL,'2023-07-09 19:38:36','2023-07-09 19:38:36',NULL,NULL,'55 دقيقه',NULL,NULL,NULL,NULL,NULL,NULL,NULL,NULL,1,0,NULL),(64,'74071',NULL,NULL,1,'pkVUJyyFaBUKVUwRbGWFSQWbgmuinLJIeVwyw2cI',NULL,NULL,NULL,NULL,'wait',NULL,'paid',NULL,'2023-07-13 12:52:42','2023-07-13 12:52:42',NULL,NULL,'55 دقيقه',NULL,NULL,NULL,NULL,NULL,NULL,NULL,NULL,1,0,NULL),(65,'96180',21.000,11,0,'A3ZKPxmmrq4YqhXj8meLdcqdwqATlEubz9k8JVdx',1.50,'hotel','2023-07-29','2023-07-29 17:42:17','wait',1,'',NULL,'2023-07-21 04:21:10','2023-07-30 00:42:17','14',NULL,'55 دقيقه',NULL,NULL,'0','0',NULL,NULL,NULL,NULL,1,0,' '),(66,'31605',NULL,NULL,1,'LEumMVX1DNXJv4BHAV2GI4OtTsfCZtUgaVaWJz2z',NULL,NULL,NULL,NULL,'wait',NULL,'paid',NULL,'2023-07-26 01:04:05','2023-07-26 01:04:05',NULL,NULL,'55 دقيقه',NULL,NULL,NULL,NULL,NULL,NULL,NULL,NULL,1,0,NULL),(67,'42091',NULL,NULL,1,'b4HdPAl8Q0JPWdEayKQTSYhuxPsARs1stUIiSl7O',NULL,NULL,NULL,NULL,'wait',NULL,'paid',NULL,'2023-07-26 11:46:56','2023-07-26 11:46:56',NULL,NULL,'55 دقيقه',NULL,NULL,NULL,NULL,NULL,NULL,NULL,NULL,1,0,NULL),(68,'10569',2.750,NULL,0,'96UAPJJFKxlJuwtzRvY9SlfnzHK07XXeTYXPHSph',1.50,'home','2023-07-29','2023-07-29 17:29:03','complete',1,'',NULL,'2023-07-30 00:27:39','2023-07-30 00:32:31','14',NULL,'55 دقيقه',NULL,NULL,'0','0',NULL,NULL,NULL,NULL,1,0,' '),(69,'4421',12.000,NULL,0,'96UAPJJFKxlJuwtzRvY9SlfnzHK07XXeTYXPHSph',1.50,'home','2023-07-29','2023-07-29 17:37:37','complete',1,'',NULL,'2023-07-30 00:36:57','2023-07-30 00:38:17','14',NULL,'55 دقيقه',NULL,NULL,'0','0',NULL,NULL,NULL,NULL,1,0,' '),(70,'11214',21.000,11,1,'A3ZKPxmmrq4YqhXj8meLdcqdwqATlEubz9k8JVdx',1.50,'hotel','2023-07-29','2023-07-29 17:42:31','wait',1,'',NULL,'2023-07-30 00:42:31','2023-07-30 00:42:31','14',NULL,'55 دقيقه',65,NULL,'0','0',NULL,NULL,NULL,NULL,1,0,' '),(71,'52758',56.000,80,0,'96UAPJJFKxlJuwtzRvY9SlfnzHK07XXeTYXPHSph',0.00,'home','2023-08-13','2023-08-13 17:11:01','complete',1,'',NULL,'2023-07-30 00:43:23','2023-08-14 00:12:36','41',NULL,'55 دقيقه',31,NULL,'0','0',NULL,NULL,NULL,NULL,1,0,' '),(72,'48016',NULL,NULL,1,'rndah49JnJI1yNi4nv1Bjtpf8QN8kn9Akp3KO9B9',NULL,NULL,NULL,NULL,'wait',NULL,'paid','2023-07-30 22:20:52','2023-07-30 02:29:41','2023-07-30 22:20:52',NULL,NULL,'55 دقيقه',NULL,NULL,NULL,NULL,NULL,NULL,NULL,NULL,1,0,NULL),(73,'97217',45.000,11,1,'rndah49JnJI1yNi4nv1Bjtpf8QN8kn9Akp3KO9B9',1.50,'hotel','2023-08-06','2023-08-05 21:46:53','wait',2,'unPaid','2023-08-08 09:22:03','2023-07-30 22:22:38','2023-08-08 09:22:03','40',NULL,'55 دقيقه',NULL,NULL,'0','0',NULL,NULL,NULL,NULL,1,0,' '),(74,'16126',NULL,NULL,1,'8MGpKTZAMhHKCpD2bwIIFqklvpyXcDPDAWghJxu3',NULL,NULL,NULL,NULL,'wait',NULL,'paid',NULL,'2023-07-30 22:22:55','2023-07-30 22:22:55',NULL,NULL,'55 دقيقه',NULL,NULL,NULL,NULL,NULL,NULL,NULL,NULL,1,0,NULL),(75,'47133',173.500,NULL,0,'lFqGvpJ3oXqr6pXS65xyidVb73CcTd5eR9DXPgex',1.50,'home','2023-08-15','2023-08-15 01:45:31','wait',1,'',NULL,'2023-08-05 19:22:43','2023-08-15 08:45:31','18',NULL,'55 دقيقه',NULL,NULL,'0','0',NULL,NULL,NULL,NULL,1,0,' '),(76,'46248',NULL,NULL,1,'SyN9OAbyqLOBQjYjb2jtRVRwKzZyOFc8fgOPHfFh',NULL,NULL,NULL,NULL,'wait',NULL,'paid','2023-08-07 17:19:31','2023-08-07 17:14:36','2023-08-07 17:19:31',NULL,NULL,'55 دقيقه',NULL,NULL,NULL,NULL,NULL,NULL,NULL,NULL,1,0,NULL),(77,'37485',NULL,NULL,1,'7WqdPdBkU7Nz0ahXTtCCUfEJAzX6BqTEngzhHUCL',NULL,NULL,NULL,NULL,'wait',NULL,'paid','2023-08-07 17:18:22','2023-08-07 17:17:40','2023-08-07 17:18:22',NULL,NULL,'55 دقيقه',NULL,NULL,NULL,NULL,NULL,NULL,NULL,NULL,1,0,NULL),(78,'28506',NULL,NULL,1,'7WqdPdBkU7Nz0ahXTtCCUfEJAzX6BqTEngzhHUCL',NULL,NULL,NULL,NULL,'wait',NULL,'paid','2023-08-07 18:14:49','2023-08-07 17:18:36','2023-08-07 18:14:49',NULL,NULL,'55 دقيقه',NULL,NULL,NULL,NULL,NULL,NULL,NULL,NULL,1,0,NULL),(79,'26241',NULL,NULL,1,'7WqdPdBkU7Nz0ahXTtCCUfEJAzX6BqTEngzhHUCL',NULL,NULL,NULL,NULL,'wait',NULL,'paid',NULL,'2023-08-07 19:07:50','2023-08-07 19:07:50',NULL,NULL,'55 دقيقه',NULL,NULL,NULL,NULL,NULL,NULL,NULL,NULL,1,0,NULL),(80,'87356',NULL,NULL,1,'h2pfBfdaavKwF7FRi0YgiO5Ys9MwpWE9pLew0p0Y',NULL,NULL,NULL,NULL,'wait',NULL,'paid','2023-08-07 21:08:14','2023-08-07 19:07:53','2023-08-07 21:08:14',NULL,NULL,'55 دقيقه',NULL,NULL,NULL,NULL,NULL,NULL,NULL,NULL,1,0,NULL),(81,'63677',24.000,1,1,'h2pfBfdaavKwF7FRi0YgiO5Ys9MwpWE9pLew0p0Y',0.00,'hospital','2023-06-26','2023-08-07 14:53:20','wait',1,'','2023-08-07 21:53:45','2023-08-07 21:53:20','2023-08-07 21:53:45','16',NULL,'55 دقيقه',55,NULL,'0','0',NULL,NULL,NULL,NULL,1,0,' '),(82,'42164',25.500,1,0,'h2pfBfdaavKwF7FRi0YgiO5Ys9MwpWE9pLew0p0Y',1.50,'work','2023-08-15','2023-08-13 09:57:01','wait',NULL,'',NULL,'2023-08-07 21:53:54','2023-08-13 16:57:01','18',NULL,'55 دقيقه',55,NULL,'0','0',NULL,NULL,NULL,NULL,1,1,'56505135'),(83,'69845',25.500,1,0,'h2pfBfdaavKwF7FRi0YgiO5Ys9MwpWE9pLew0p0Y',1.50,'work','2023-08-15','2023-08-13 09:57:02','wait',NULL,'',NULL,'2023-08-07 23:51:45','2023-08-13 16:57:02','18',NULL,'55 دقيقه',55,NULL,'0','0',NULL,NULL,NULL,NULL,1,1,'56505135'),(84,'9970',NULL,NULL,1,'rndah49JnJI1yNi4nv1Bjtpf8QN8kn9Akp3KO9B9',NULL,NULL,NULL,NULL,'wait',NULL,'paid','2023-08-08 09:22:31','2023-08-08 09:22:18','2023-08-08 09:22:31',NULL,NULL,'55 دقيقه',NULL,NULL,NULL,NULL,NULL,NULL,NULL,NULL,1,0,NULL),(85,'52254',138.750,NULL,0,'rndah49JnJI1yNi4nv1Bjtpf8QN8kn9Akp3KO9B9',1.50,'work','2023-08-16','2023-08-16 03:26:20','wait',1,'',NULL,'2023-08-08 09:23:44','2023-08-16 10:26:20','21',NULL,'55 دقيقه',NULL,NULL,'0','0',NULL,NULL,NULL,NULL,1,0,' '),(86,'77213',NULL,NULL,1,'A5UKzlHKfCFWpsAHxlWYwfQrQT8IbOAjoowSu72E',NULL,NULL,NULL,NULL,'wait',NULL,'paid',NULL,'2023-08-08 09:55:57','2023-08-08 09:55:57',NULL,NULL,'55 دقيقه',NULL,NULL,NULL,NULL,NULL,NULL,NULL,NULL,1,0,NULL),(87,'66141',NULL,NULL,1,'osRk5UlZdbYNbSJQ7p6qPkmSpgj4c4sQHg8a6r8M',NULL,NULL,NULL,NULL,'wait',NULL,'paid',NULL,'2023-08-08 21:01:57','2023-08-08 21:01:57',NULL,NULL,'55 دقيقه',NULL,NULL,NULL,NULL,NULL,NULL,NULL,NULL,1,0,NULL),(88,'87261',NULL,NULL,1,'3jfKRquYcPb3OEUZWhZyb6yOK6VrdEHOmfZ1v7YL',NULL,NULL,NULL,NULL,'wait',NULL,'paid','2023-08-10 05:16:20','2023-08-10 05:16:04','2023-08-10 05:16:20',NULL,NULL,'55 دقيقه',NULL,NULL,NULL,NULL,NULL,NULL,NULL,NULL,1,0,NULL),(89,'80270',NULL,NULL,1,'dIM541yWO8hl3Q4gcIYg6tshMOn4DzrbsSEgCmz5',NULL,NULL,NULL,NULL,'wait',NULL,'paid',NULL,'2023-08-10 05:41:05','2023-08-10 05:41:05',NULL,NULL,'55 دقيقه',NULL,NULL,NULL,NULL,NULL,NULL,NULL,NULL,1,0,NULL),(90,'87029',NULL,NULL,1,'3jfKRquYcPb3OEUZWhZyb6yOK6VrdEHOmfZ1v7YL',NULL,NULL,NULL,NULL,'wait',NULL,'paid',NULL,'2023-08-10 05:43:53','2023-08-10 05:43:53',NULL,NULL,'55 دقيقه',NULL,NULL,NULL,NULL,NULL,NULL,NULL,NULL,1,0,NULL),(91,'62483',NULL,57,1,'4oLvEbJ2I4sAhXwFf4SyzIJ2TBCHChfiO3fg7qyw',NULL,NULL,NULL,'2023-08-10 15:42:16','wait',NULL,'paid','2023-08-10 23:54:10','2023-08-10 21:56:22','2023-08-10 23:54:10',NULL,NULL,'55 دقيقه',NULL,NULL,NULL,NULL,NULL,NULL,NULL,NULL,1,0,NULL),(92,'78329',NULL,NULL,1,'HaoTSjcRCFHQDqryy8O5qHzGsR3wo6d0RJp0sdF7',NULL,NULL,NULL,NULL,'wait',NULL,'paid',NULL,'2023-08-10 22:02:31','2023-08-10 22:02:31',NULL,NULL,'55 دقيقه',NULL,NULL,NULL,NULL,NULL,NULL,NULL,NULL,1,0,NULL),(93,'10498',16.000,NULL,0,'ICyxziS94h4RGCubJDd1fvUSkWOgOkSdUAg737SI',1.50,'home','2023-08-18','2023-08-10 16:15:45','wait',1,'',NULL,'2023-08-10 23:11:07','2023-08-10 23:15:45','34',NULL,'55 دقيقه',NULL,NULL,'0','0',NULL,NULL,NULL,NULL,1,0,' '),(94,'59471',16.000,NULL,1,'ICyxziS94h4RGCubJDd1fvUSkWOgOkSdUAg737SI',1.50,'home','2023-08-18','2023-08-10 16:15:54','wait',1,'','2023-08-10 23:21:54','2023-08-10 23:15:54','2023-08-10 23:21:54','34',NULL,'55 دقيقه',93,NULL,'0','0',NULL,NULL,NULL,NULL,1,0,' '),(95,'73986',16.000,NULL,1,'ICyxziS94h4RGCubJDd1fvUSkWOgOkSdUAg737SI',1.50,'home','2023-08-18','2023-08-10 16:21:48','wait',1,'',NULL,'2023-08-10 23:21:48','2023-08-10 23:21:48','34',NULL,'55 دقيقه',93,NULL,'0','0',NULL,NULL,NULL,NULL,1,0,' '),(96,'75027',11.000,1,0,'4oLvEbJ2I4sAhXwFf4SyzIJ2TBCHChfiO3fg7qyw',1.50,'home','2023-08-19','2023-08-17 11:31:50','wait',NULL,'',NULL,'2023-08-11 01:54:42','2023-08-17 18:31:50','13',NULL,'55 دقيقه',NULL,NULL,'0','0',NULL,NULL,NULL,NULL,1,1,'55665287'),(97,'60874',NULL,NULL,1,'fXKZrnYsjM2SuybXNBUj9XtAkGJcY6mV4Uf2K2qv',NULL,NULL,NULL,NULL,'wait',NULL,'paid',NULL,'2023-08-12 07:50:19','2023-08-12 07:50:19',NULL,NULL,'55 دقيقه',NULL,NULL,NULL,NULL,NULL,NULL,NULL,NULL,1,0,NULL),(98,'17607',NULL,NULL,1,'dRFhEwXjdszDiZeJj1boDHFmM85FGceSVLmpzCP1',NULL,NULL,NULL,NULL,'wait',NULL,'paid',NULL,'2023-08-12 17:31:04','2023-08-12 17:31:04',NULL,NULL,'55 دقيقه',NULL,NULL,NULL,NULL,NULL,NULL,NULL,NULL,1,0,NULL),(99,'28000',25.500,1,1,'h2pfBfdaavKwF7FRi0YgiO5Ys9MwpWE9pLew0p0Y',1.50,'work','2023-08-15','2023-08-13 12:36:28','wait',NULL,'','2023-08-14 16:41:49','2023-08-13 19:36:28','2023-08-14 16:41:49','18',NULL,'55 دقيقه',83,NULL,'0','0',NULL,NULL,NULL,NULL,1,1,'56505135'),(100,'31615',56.000,80,1,'96UAPJJFKxlJuwtzRvY9SlfnzHK07XXeTYXPHSph',0.00,'home','2023-08-13','2023-08-13 17:27:30','wait',1,'','2023-08-14 00:32:07','2023-08-14 00:27:30','2023-08-14 00:32:07','41',NULL,'55 دقيقه',71,NULL,'0','0',NULL,NULL,NULL,NULL,1,0,' '),(101,'49222',56.000,80,1,'96UAPJJFKxlJuwtzRvY9SlfnzHK07XXeTYXPHSph',0.00,'home','2023-08-13','2023-08-13 17:32:50','wait',1,'','2023-08-14 00:32:57','2023-08-14 00:32:50','2023-08-14 00:32:57','41',NULL,'55 دقيقه',71,NULL,'0','0',NULL,NULL,NULL,NULL,1,0,' '),(102,'95287',25.500,1,1,'96UAPJJFKxlJuwtzRvY9SlfnzHK07XXeTYXPHSph',1.50,'work','2023-08-15','2023-08-14 00:38:58','wait',NULL,'','2023-08-14 07:39:05','2023-08-14 07:38:58','2023-08-14 07:39:05','18',NULL,'55 دقيقه',83,NULL,'0','0',NULL,NULL,NULL,NULL,1,1,'56505135'),(103,'67552',23.250,1,0,'h2pfBfdaavKwF7FRi0YgiO5Ys9MwpWE9pLew0p0Y',1.50,'home','2023-08-14','2023-08-14 15:56:18','wait',1,'',NULL,'2023-08-14 16:49:58','2023-08-14 22:56:18','17',NULL,'55 دقيقه',83,NULL,'0','0',NULL,NULL,NULL,NULL,1,0,' '),(104,'37641',3.500,49,0,'pIH31yAFBKMwnh46eZVnFAlcMxunfah0yY5MJzYm',1.50,NULL,'2023-08-14','2023-08-14 12:20:53','wait',1,'',NULL,'2023-08-14 19:18:18','2023-08-14 19:20:53','16',NULL,'55 دقيقه',NULL,NULL,'0','0',NULL,NULL,NULL,NULL,1,0,' '),(105,'91562',25.500,1,0,'h2pfBfdaavKwF7FRi0YgiO5Ys9MwpWE9pLew0p0Y',1.50,'home','2023-08-14','2023-08-14 16:02:18','wait',1,'',NULL,'2023-08-14 21:28:23','2023-08-14 23:02:18','17',NULL,'55 دقيقه',83,NULL,'0','0',NULL,NULL,NULL,NULL,1,0,' '),(106,'17413',15.000,NULL,0,'96UAPJJFKxlJuwtzRvY9SlfnzHK07XXeTYXPHSph',1.50,'home','2023-08-14','2023-08-14 14:51:09','wait',NULL,'',NULL,'2023-08-14 21:50:38','2023-08-14 21:51:09','17',NULL,'55 دقيقه',NULL,NULL,'0','0',NULL,NULL,NULL,NULL,1,1,'55665287'),(107,'25993',22.000,1,0,'h2pfBfdaavKwF7FRi0YgiO5Ys9MwpWE9pLew0p0Y',1.50,'home','2023-08-15','2023-08-14 16:05:01','wait',1,'',NULL,'2023-08-14 23:03:28','2023-08-14 23:05:01','18',NULL,'55 دقيقه',NULL,NULL,'0','0',NULL,NULL,NULL,NULL,1,0,' '),(108,'18977',17.500,1,0,'h2pfBfdaavKwF7FRi0YgiO5Ys9MwpWE9pLew0p0Y',1.50,'home','2023-08-14','2023-08-14 16:06:56','wait',1,'',NULL,'2023-08-14 23:06:10','2023-08-14 23:06:56','17',NULL,'55 دقيقه',NULL,NULL,'0','0',NULL,NULL,NULL,NULL,1,0,' '),(109,'21921',35.000,1,0,'h2pfBfdaavKwF7FRi0YgiO5Ys9MwpWE9pLew0p0Y',1.50,'home','2023-08-14','2023-08-14 16:19:53','wait',1,'',NULL,'2023-08-14 23:16:08','2023-08-14 23:19:53','17',NULL,'55 دقيقه',NULL,NULL,'0','0',NULL,NULL,NULL,NULL,1,0,' '),(110,'81906',129.000,1,0,'h2pfBfdaavKwF7FRi0YgiO5Ys9MwpWE9pLew0p0Y',1.50,'home','2023-08-20','2023-08-20 14:39:55','wait',1,'',NULL,'2023-08-14 23:22:46','2023-08-20 21:39:55','41',NULL,'55 دقيقه',NULL,NULL,'0','0',NULL,NULL,NULL,NULL,1,0,' '),(111,'69504',129.000,1,0,'h2pfBfdaavKwF7FRi0YgiO5Ys9MwpWE9pLew0p0Y',1.50,'home','2023-08-20','2023-08-20 14:40:41','wait',1,'',NULL,'2023-08-14 23:22:52','2023-08-20 21:40:41','41',NULL,'55 دقيقه',109,NULL,'0','0',NULL,NULL,NULL,NULL,1,0,' '),(112,'99471',NULL,NULL,1,'ZkjLET9tQvoZAfpLWV3zF4ywvMO75inGejSDOMFi',NULL,NULL,NULL,NULL,'wait',NULL,'paid',NULL,'2023-08-15 02:29:32','2023-08-15 02:29:32',NULL,NULL,'55 دقيقه',NULL,NULL,NULL,NULL,NULL,NULL,NULL,NULL,1,0,NULL),(113,'40666',9.000,NULL,0,'96UAPJJFKxlJuwtzRvY9SlfnzHK07XXeTYXPHSph',1.50,'home','2023-08-18','2023-08-17 17:33:44','wait',NULL,'',NULL,'2023-08-15 02:40:25','2023-08-18 00:33:44','32',NULL,'55 دقيقه',NULL,NULL,'0','0',NULL,NULL,NULL,NULL,1,1,'55665287'),(114,'70959',35.000,1,0,'h2pfBfdaavKwF7FRi0YgiO5Ys9MwpWE9pLew0p0Y',1.50,'home','2023-08-20','2023-08-20 14:53:08','wait',1,'',NULL,'2023-08-15 16:29:06','2023-08-20 21:53:08','41',NULL,'55 دقيقه',109,NULL,'0','0',NULL,NULL,NULL,NULL,1,0,' '),(115,'51044',3.000,NULL,0,'rndah49JnJI1yNi4nv1Bjtpf8QN8kn9Akp3KO9B9',1.50,'work','2023-08-16','2023-08-16 03:28:37','wait',1,'',NULL,'2023-08-16 10:28:07','2023-08-16 10:28:37','22',NULL,'55 دقيقه',NULL,NULL,'0','0',NULL,NULL,NULL,NULL,1,0,' '),(116,'96590',9.000,NULL,0,'rndah49JnJI1yNi4nv1Bjtpf8QN8kn9Akp3KO9B9',1.50,'work','2023-08-16','2023-08-16 03:32:31','wait',1,'',NULL,'2023-08-16 10:32:00','2023-08-16 10:32:31','22',NULL,'55 دقيقه',NULL,NULL,'0','0',NULL,NULL,NULL,NULL,1,0,' '),(117,'31761',15.000,NULL,0,'rndah49JnJI1yNi4nv1Bjtpf8QN8kn9Akp3KO9B9',1.50,'work','2023-08-17','2023-08-16 03:48:12','wait',1,'',NULL,'2023-08-16 10:47:49','2023-08-16 10:48:12','59',NULL,'55 دقيقه',NULL,NULL,'0','0',NULL,NULL,NULL,NULL,1,0,' '),(118,'13279',15.000,NULL,0,'rndah49JnJI1yNi4nv1Bjtpf8QN8kn9Akp3KO9B9',1.50,'work','2023-08-16','2023-08-16 03:55:52','wait',1,'',NULL,'2023-08-16 10:55:34','2023-08-16 10:55:52','22',NULL,'55 دقيقه',NULL,NULL,'0','0',NULL,NULL,NULL,NULL,1,0,' '),(119,'57748',15.000,NULL,0,'rndah49JnJI1yNi4nv1Bjtpf8QN8kn9Akp3KO9B9',1.50,'work','2023-08-16','2023-08-16 06:38:35','wait',1,'',NULL,'2023-08-16 13:38:16','2023-08-16 13:38:35','21',NULL,'55 دقيقه',NULL,NULL,'0','0',NULL,NULL,NULL,NULL,1,0,' '),(120,'19155',15.000,NULL,0,'rndah49JnJI1yNi4nv1Bjtpf8QN8kn9Akp3KO9B9',1.50,'work','2023-08-17','2023-08-16 06:40:45','wait',1,'',NULL,'2023-08-16 13:40:29','2023-08-16 13:40:45','59',NULL,'55 دقيقه',NULL,NULL,'0','0',NULL,NULL,NULL,NULL,1,0,' '),(121,'51483',18.000,NULL,0,'rndah49JnJI1yNi4nv1Bjtpf8QN8kn9Akp3KO9B9',1.50,'work','2023-08-17','2023-08-16 06:45:28','wait',1,'',NULL,'2023-08-16 13:45:12','2023-08-16 13:45:28','58',NULL,'55 دقيقه',NULL,NULL,'0','0',NULL,NULL,NULL,NULL,1,0,' '),(122,'20636',NULL,NULL,1,'Vau22IiMQX2UKQe6UUPas9IYY1Oe3pnJ8KiktBRr',NULL,NULL,NULL,NULL,'wait',NULL,'paid',NULL,'2023-08-16 17:41:41','2023-08-16 17:41:41',NULL,NULL,'55 دقيقه',NULL,NULL,NULL,NULL,NULL,NULL,NULL,NULL,1,0,NULL),(123,'72297',35.000,1,0,'h2pfBfdaavKwF7FRi0YgiO5Ys9MwpWE9pLew0p0Y',1.50,'home','2023-08-21','2023-08-21 17:12:15','wait',1,'',NULL,'2023-08-16 18:53:24','2023-08-22 00:12:15','17',NULL,'55 دقيقه',109,NULL,'0','0',NULL,NULL,NULL,NULL,1,0,' '),(124,'5496',NULL,NULL,1,'yw7Y81cu9CddaN0ECgtPg94zLFvTuPP2xIve5Bjm',NULL,NULL,NULL,NULL,'wait',NULL,'paid','2023-08-17 10:04:45','2023-08-17 10:04:15','2023-08-17 10:04:45',NULL,NULL,'55 دقيقه',NULL,NULL,NULL,NULL,NULL,NULL,NULL,NULL,1,0,NULL),(125,'45558',NULL,NULL,1,'yw7Y81cu9CddaN0ECgtPg94zLFvTuPP2xIve5Bjm',NULL,NULL,NULL,NULL,'wait',NULL,'paid',NULL,'2023-08-17 10:04:58','2023-08-17 10:04:58',NULL,NULL,'55 دقيقه',NULL,NULL,NULL,NULL,NULL,NULL,NULL,NULL,1,0,NULL),(126,'5373',NULL,NULL,1,'4oLvEbJ2I4sAhXwFf4SyzIJ2TBCHChfiO3fg7qyw',NULL,NULL,NULL,NULL,'wait',NULL,'paid','2023-08-24 00:27:15','2023-08-17 18:42:56','2023-08-24 00:27:15',NULL,NULL,'55 دقيقه',NULL,NULL,NULL,NULL,NULL,NULL,NULL,NULL,1,0,NULL),(127,'20478',NULL,NULL,1,'vApxEphYxrEQWkxh6bgz8CLNpKCM8GqvhJXwvWFc',NULL,NULL,NULL,NULL,'wait',NULL,'paid',NULL,'2023-08-18 01:53:05','2023-08-18 01:53:05',NULL,NULL,'55 دقيقه',NULL,NULL,NULL,NULL,NULL,NULL,NULL,NULL,1,0,NULL),(128,'10605',NULL,NULL,1,'EpsDGku9PKqZvcT9dKWvhc4vJdwgPGZjXtVrlIAy',NULL,NULL,NULL,NULL,'wait',NULL,'paid',NULL,'2023-08-18 09:08:21','2023-08-18 09:08:21',NULL,NULL,'55 دقيقه',NULL,NULL,NULL,NULL,NULL,NULL,NULL,NULL,1,0,NULL),(129,'13862',NULL,NULL,1,'96UAPJJFKxlJuwtzRvY9SlfnzHK07XXeTYXPHSph',NULL,NULL,NULL,NULL,'wait',NULL,'paid','2023-08-18 23:51:34','2023-08-18 21:03:24','2023-08-18 23:51:34',NULL,NULL,'55 دقيقه',NULL,NULL,NULL,NULL,NULL,NULL,NULL,NULL,1,0,NULL),(130,'33956',12.000,NULL,0,'rndah49JnJI1yNi4nv1Bjtpf8QN8kn9Akp3KO9B9',1.50,'work','2023-08-19','2023-08-19 04:16:26','wait',1,'',NULL,'2023-08-19 11:15:41','2023-08-19 11:16:26','12',NULL,'55 دقيقه',NULL,NULL,'0','0',NULL,NULL,NULL,NULL,1,0,' '),(131,'46545',26.500,NULL,0,'rndah49JnJI1yNi4nv1Bjtpf8QN8kn9Akp3KO9B9',1.50,'work','2023-08-19','2023-08-19 04:20:56','wait',1,'',NULL,'2023-08-19 11:20:17','2023-08-19 11:20:56','12',NULL,'55 دقيقه',NULL,NULL,'0','0',NULL,NULL,NULL,NULL,1,0,' '),(132,'11628',18.000,NULL,0,'rndah49JnJI1yNi4nv1Bjtpf8QN8kn9Akp3KO9B9',1.50,'work','2023-08-19','2023-08-19 11:26:33','wait',1,'',NULL,'2023-08-19 11:41:16','2023-08-19 18:26:33','13',NULL,'55 دقيقه',NULL,NULL,'0','0',NULL,NULL,NULL,NULL,1,0,' '),(133,'87305',48.750,NULL,0,'rndah49JnJI1yNi4nv1Bjtpf8QN8kn9Akp3KO9B9',0.00,'work','2023-08-19','2023-08-19 11:29:21','wait',1,'',NULL,'2023-08-19 18:28:59','2023-08-19 18:29:21','13',NULL,'55 دقيقه',NULL,NULL,'0','0',NULL,NULL,NULL,NULL,1,0,' '),(134,'31712',3.750,NULL,0,'rndah49JnJI1yNi4nv1Bjtpf8QN8kn9Akp3KO9B9',1.50,'work','2023-08-20','2023-08-19 11:32:48','wait',1,'',NULL,'2023-08-19 18:32:25','2023-08-19 18:32:48','39',NULL,'55 دقيقه',NULL,NULL,'0','0',NULL,NULL,NULL,NULL,1,0,' '),(135,'51398',NULL,NULL,1,'KxMoyfYfF93wUXn67F8lfqfmSzoWlF68J2LJAji5',NULL,NULL,NULL,NULL,'wait',NULL,'paid','2023-08-19 19:09:46','2023-08-19 19:08:26','2023-08-19 19:09:46',NULL,NULL,'55 دقيقه',NULL,NULL,NULL,NULL,NULL,NULL,NULL,NULL,1,0,NULL),(136,'66977',38.500,NULL,0,'rndah49JnJI1yNi4nv1Bjtpf8QN8kn9Akp3KO9B9',1.50,'work','2023-08-20','2023-08-19 23:41:06','wait',1,'',NULL,'2023-08-20 06:35:05','2023-08-20 06:41:06','39',NULL,'55 دقيقه',NULL,NULL,'0','0',NULL,NULL,NULL,NULL,1,0,' '),(137,'32470',49.000,NULL,0,'rndah49JnJI1yNi4nv1Bjtpf8QN8kn9Akp3KO9B9',1.50,'work','2023-08-20','2023-08-19 23:51:38','wait',1,'',NULL,'2023-08-20 06:51:00','2023-08-20 06:51:38','40',NULL,'55 دقيقه',NULL,NULL,'0','0',NULL,NULL,NULL,NULL,1,0,' '),(138,'89567',7.000,NULL,0,'rndah49JnJI1yNi4nv1Bjtpf8QN8kn9Akp3KO9B9',1.50,'work','2023-08-20','2023-08-19 23:54:18','wait',1,'',NULL,'2023-08-20 06:54:03','2023-08-20 06:54:18','40',NULL,'55 دقيقه',NULL,NULL,'0','0',NULL,NULL,NULL,NULL,1,0,' '),(139,'54449',9.500,NULL,0,'rndah49JnJI1yNi4nv1Bjtpf8QN8kn9Akp3KO9B9',1.50,'work','2023-08-20','2023-08-19 23:56:04','wait',1,'',NULL,'2023-08-20 06:55:22','2023-08-20 06:56:04','39',NULL,'55 دقيقه',NULL,NULL,'0','0',NULL,NULL,NULL,NULL,1,0,' '),(140,'47417',19.500,NULL,0,'rndah49JnJI1yNi4nv1Bjtpf8QN8kn9Akp3KO9B9',1.50,'work','2023-08-20','2023-08-19 23:58:45','wait',1,'',NULL,'2023-08-20 06:58:23','2023-08-20 06:58:45','41',NULL,'55 دقيقه',NULL,NULL,'0','0',NULL,NULL,NULL,NULL,1,0,' '),(141,'73839',55.500,NULL,0,'rndah49JnJI1yNi4nv1Bjtpf8QN8kn9Akp3KO9B9',1.50,'work','2023-08-21','2023-08-20 00:00:45','wait',1,'',NULL,'2023-08-20 07:00:24','2023-08-20 07:00:45','15',NULL,'55 دقيقه',NULL,NULL,'0','0',NULL,NULL,NULL,NULL,1,0,' '),(142,'81461',11.000,NULL,0,'rndah49JnJI1yNi4nv1Bjtpf8QN8kn9Akp3KO9B9',0.00,'work','2023-08-21','2023-08-20 00:04:51','wait',1,'',NULL,'2023-08-20 07:03:49','2023-08-20 07:04:51','16',NULL,'55 دقيقه',NULL,NULL,'0','0',NULL,NULL,NULL,NULL,1,0,' '),(143,'85516',3.750,NULL,0,'rndah49JnJI1yNi4nv1Bjtpf8QN8kn9Akp3KO9B9',1.50,'work','2023-08-21','2023-08-20 01:13:59','wait',1,'',NULL,'2023-08-20 07:49:42','2023-08-20 08:13:59','16',NULL,'55 دقيقه',NULL,NULL,'0','0',NULL,NULL,NULL,NULL,1,0,' '),(144,'22427',28.500,NULL,0,'rndah49JnJI1yNi4nv1Bjtpf8QN8kn9Akp3KO9B9',1.50,'work','2023-08-21','2023-08-20 01:18:32','wait',1,'',NULL,'2023-08-20 08:18:05','2023-08-20 08:18:32','16',NULL,'55 دقيقه',NULL,NULL,'0','0',NULL,NULL,NULL,NULL,1,0,' '),(145,'48440',65.500,NULL,0,'rndah49JnJI1yNi4nv1Bjtpf8QN8kn9Akp3KO9B9',1.50,'work','2023-08-21','2023-08-21 15:55:54','wait',1,'',NULL,'2023-08-20 11:50:08','2023-08-21 22:55:54','17',NULL,'55 دقيقه',NULL,NULL,'0','0',NULL,NULL,NULL,NULL,1,0,' '),(146,'23372',97.500,NULL,0,'RLSliGcmgAc9PCsSkZWpdbYSkFB6aPFjzcjfG2Oh',1.50,'home','2023-08-21','2023-08-20 06:20:09','wait',NULL,'',NULL,'2023-08-20 13:18:10','2023-08-20 13:20:09','15',NULL,'55 دقيقه',NULL,NULL,'0','0',NULL,NULL,NULL,NULL,1,1,'55665287'),(147,'91237',15.000,NULL,0,'RLSliGcmgAc9PCsSkZWpdbYSkFB6aPFjzcjfG2Oh',1.50,'home','2023-08-20','2023-08-20 06:21:16','wait',NULL,'',NULL,'2023-08-20 13:20:45','2023-08-20 13:21:16','39',NULL,'55 دقيقه',NULL,NULL,'0','0',NULL,NULL,NULL,NULL,1,1,'55665287'),(148,'53307',15.000,NULL,0,'RLSliGcmgAc9PCsSkZWpdbYSkFB6aPFjzcjfG2Oh',1.50,'home','2023-08-20','2023-08-20 06:22:39','wait',NULL,'',NULL,'2023-08-20 13:21:40','2023-08-20 13:22:39','39',NULL,'55 دقيقه',NULL,NULL,'0','0',NULL,NULL,NULL,NULL,1,1,'55665287'),(149,'79838',16.200,NULL,0,'RLSliGcmgAc9PCsSkZWpdbYSkFB6aPFjzcjfG2Oh',1.50,'home','2023-08-23','2023-08-22 11:32:41','wait',NULL,'',NULL,'2023-08-20 13:23:24','2023-08-22 18:32:41','21',NULL,'55 دقيقه',NULL,NULL,'0','0',NULL,NULL,NULL,NULL,1,1,'55665287'),(150,'35663',40.000,NULL,0,'rndah49JnJI1yNi4nv1Bjtpf8QN8kn9Akp3KO9B9',1.50,'work','2023-08-21','2023-08-21 15:59:18','wait',1,'',NULL,'2023-08-21 22:59:02','2023-08-21 22:59:18','17',NULL,'55 دقيقه',NULL,NULL,'0','0',NULL,NULL,NULL,NULL,1,0,' '),(151,'27141',11.500,NULL,0,'rndah49JnJI1yNi4nv1Bjtpf8QN8kn9Akp3KO9B9',1.50,'work','2023-08-22','2023-08-21 16:04:40','wait',1,'',NULL,'2023-08-21 23:04:18','2023-08-21 23:04:40','19',NULL,'55 دقيقه',NULL,NULL,'0','0',NULL,NULL,NULL,NULL,1,0,' '),(152,'4964',38.500,NULL,0,'rndah49JnJI1yNi4nv1Bjtpf8QN8kn9Akp3KO9B9',1.50,'work','2023-08-21','2023-08-21 16:10:50','wait',1,'',NULL,'2023-08-21 23:08:51','2023-08-21 23:10:50','17',NULL,'55 دقيقه',NULL,NULL,'0','0',NULL,NULL,NULL,NULL,1,0,' '),(153,'79493',14.000,NULL,0,'rndah49JnJI1yNi4nv1Bjtpf8QN8kn9Akp3KO9B9',1.50,'work','2023-08-21','2023-08-21 16:14:59','wait',1,'',NULL,'2023-08-21 23:14:11','2023-08-21 23:14:59','17',NULL,'55 دقيقه',NULL,NULL,'0','0',NULL,NULL,NULL,NULL,1,0,' '),(154,'66770',31.000,NULL,0,'gvXyvkwIcyHMGICZjI8nUrhpTYW1I5G3MmCbqzBg',1.50,'home','2023-08-21','2023-08-21 17:09:06','wait',1,'',NULL,'2023-08-22 00:08:18','2023-08-22 00:09:06','17',NULL,'55 دقيقه',NULL,NULL,'0','0',NULL,NULL,NULL,NULL,1,0,' '),(155,'68039',NULL,NULL,1,'96UAPJJFKxlJuwtzRvY9SlfnzHK07XXeTYXPHSph',NULL,NULL,NULL,NULL,'wait',NULL,'paid',NULL,'2023-08-22 01:07:21','2023-08-22 01:07:21',NULL,NULL,'55 دقيقه',NULL,NULL,NULL,NULL,NULL,NULL,NULL,NULL,1,0,NULL),(156,'16157',32.500,NULL,0,'rndah49JnJI1yNi4nv1Bjtpf8QN8kn9Akp3KO9B9',1.50,'work','2023-08-22','2023-08-22 03:29:41','wait',1,'',NULL,'2023-08-22 10:26:43','2023-08-22 10:29:41','19',NULL,'55 دقيقه',NULL,NULL,'0','0',NULL,NULL,NULL,NULL,1,0,' '),(157,'30818',136.500,NULL,0,'rndah49JnJI1yNi4nv1Bjtpf8QN8kn9Akp3KO9B9',1.50,'work','2023-08-22','2023-08-22 04:07:38','wait',1,'',NULL,'2023-08-22 10:53:54','2023-08-22 11:07:38','19',NULL,'55 دقيقه',NULL,NULL,'0','0',NULL,NULL,NULL,NULL,1,0,' '),(158,'887',3.000,NULL,0,'rndah49JnJI1yNi4nv1Bjtpf8QN8kn9Akp3KO9B9',1.50,'work','2023-08-22','2023-08-22 04:09:18','wait',1,'',NULL,'2023-08-22 11:09:05','2023-08-22 11:09:18','18',NULL,'55 دقيقه',NULL,NULL,'0','0',NULL,NULL,NULL,NULL,1,0,' '),(159,'35594',20.000,NULL,0,'rndah49JnJI1yNi4nv1Bjtpf8QN8kn9Akp3KO9B9',1.50,'work','2023-08-22','2023-08-22 04:13:45','wait',1,'',NULL,'2023-08-22 11:10:10','2023-08-22 11:13:45','19',NULL,'55 دقيقه',NULL,NULL,'0','0',NULL,NULL,NULL,NULL,1,0,' '),(160,'70096',16.500,1,0,'h2pfBfdaavKwF7FRi0YgiO5Ys9MwpWE9pLew0p0Y',1.50,'home','2023-08-22','2023-08-22 09:56:49','wait',1,'',NULL,'2023-08-22 16:55:38','2023-08-22 16:56:49','18',NULL,'55 دقيقه',NULL,NULL,'0','0',NULL,NULL,NULL,NULL,1,0,' '),(161,'46162',5.000,NULL,0,'xBLxByHh7yZJqrrJxPcM0TJhs3FLYhaMbqiwVTM9',1.50,'home','2023-08-22','2023-08-22 10:02:53','wait',1,'',NULL,'2023-08-22 17:01:47','2023-08-22 17:02:53','19',NULL,'55 دقيقه',NULL,NULL,'0','0',NULL,NULL,NULL,NULL,1,0,' '),(162,'80868',16.500,NULL,0,'xBLxByHh7yZJqrrJxPcM0TJhs3FLYhaMbqiwVTM9',1.50,'home','2023-08-22','2023-08-22 10:39:00','wait',1,'',NULL,'2023-08-22 17:03:42','2023-08-22 17:39:00','19',NULL,'55 دقيقه',NULL,NULL,'0','0',NULL,NULL,NULL,NULL,1,0,' '),(163,'97600',55.000,1,0,'xBLxByHh7yZJqrrJxPcM0TJhs3FLYhaMbqiwVTM9',1.50,'home','2023-08-22','2023-08-22 10:46:07','wait',1,'',NULL,'2023-08-22 17:45:50','2023-08-22 17:46:07','20',NULL,'55 دقيقه',NULL,NULL,'0','0',NULL,NULL,NULL,NULL,1,0,' '),(164,'42591',7.000,NULL,0,'tpr3gkE8lpLrykdqetaxHeMl00DI746Q12ND1R3d',1.50,'home','2023-08-23','2023-08-22 11:01:03','wait',1,'',NULL,'2023-08-22 17:55:40','2023-08-22 18:01:03','21',NULL,'55 دقيقه',NULL,NULL,'0','0',NULL,NULL,NULL,NULL,1,0,' '),(165,'45401',12.750,NULL,0,'RLSliGcmgAc9PCsSkZWpdbYSkFB6aPFjzcjfG2Oh',1.50,'home','2023-08-22','2023-08-22 11:34:57','wait',1,'',NULL,'2023-08-22 18:34:23','2023-08-22 18:34:57','19',NULL,'55 دقيقه',NULL,NULL,'0','0',NULL,NULL,NULL,NULL,1,1,'55665287'),(166,'51987',32.000,1,0,'xBLxByHh7yZJqrrJxPcM0TJhs3FLYhaMbqiwVTM9',1.50,'home','2023-08-23','2023-08-22 11:38:05','wait',1,'',NULL,'2023-08-22 18:37:26','2023-08-22 18:38:05','22',NULL,'55 دقيقه',NULL,NULL,'0','0',NULL,NULL,NULL,NULL,1,0,' '),(167,'28916',15.000,57,0,'xBLxByHh7yZJqrrJxPcM0TJhs3FLYhaMbqiwVTM9',1.50,'hospital','2023-08-23','2023-08-22 11:40:09','wait',1,'',NULL,'2023-08-22 18:39:48','2023-08-22 18:40:09','22',NULL,'55 دقيقه',NULL,NULL,'0','0',NULL,NULL,NULL,NULL,1,0,' '),(168,'43647',3.000,57,0,'xBLxByHh7yZJqrrJxPcM0TJhs3FLYhaMbqiwVTM9',1.50,'home','2023-08-22','2023-08-22 11:42:06','wait',1,'',NULL,'2023-08-22 18:41:11','2023-08-22 18:42:06','19',NULL,'55 دقيقه',NULL,NULL,'0','0',NULL,NULL,NULL,NULL,1,0,' '),(169,'15402',14.000,57,0,'xBLxByHh7yZJqrrJxPcM0TJhs3FLYhaMbqiwVTM9',1.50,'home','2023-08-29','2023-08-22 11:43:38','wait',1,'',NULL,'2023-08-22 18:43:05','2023-08-22 18:43:38','18',NULL,'55 دقيقه',NULL,NULL,'0','0',NULL,NULL,NULL,NULL,1,0,' '),(170,'2954',2.250,NULL,0,'jJR2NdqEy9A02Qwu27cb5l8SfjCyfjoRG9FOmF15',1.50,'home','2023-08-22','2023-08-22 11:45:17','wait',1,'',NULL,'2023-08-22 18:44:24','2023-08-22 18:45:17','20',NULL,'55 دقيقه',NULL,NULL,'0','0',NULL,NULL,NULL,NULL,1,0,' '),(171,'78586',14.000,57,0,'xBLxByHh7yZJqrrJxPcM0TJhs3FLYhaMbqiwVTM9',1.50,'home','2023-08-23','2023-08-22 11:46:43','wait',1,'',NULL,'2023-08-22 18:46:21','2023-08-22 18:46:43','22',NULL,'55 دقيقه',169,NULL,'0','0',NULL,NULL,NULL,NULL,1,0,' '),(172,'28439',40.000,1,0,'rndah49JnJI1yNi4nv1Bjtpf8QN8kn9Akp3KO9B9',1.50,'home','2023-08-22','2023-08-22 12:37:44','wait',1,'',NULL,'2023-08-22 19:33:40','2023-08-22 19:37:44','19',NULL,'55 دقيقه',NULL,NULL,'0','0',NULL,NULL,NULL,NULL,1,0,' '),(173,'87267',15.500,1,0,'rndah49JnJI1yNi4nv1Bjtpf8QN8kn9Akp3KO9B9',1.50,'home','2023-08-22','2023-08-22 12:40:22','wait',1,'',NULL,'2023-08-22 19:40:06','2023-08-22 19:40:22','19',NULL,'55 دقيقه',NULL,NULL,'0','0',NULL,NULL,NULL,NULL,1,0,' '),(174,'56049',6.000,57,0,'xBLxByHh7yZJqrrJxPcM0TJhs3FLYhaMbqiwVTM9',1.50,'home','2023-08-23','2023-08-22 12:42:14','wait',1,'',NULL,'2023-08-22 19:40:41','2023-08-22 19:42:14','22',NULL,'55 دقيقه',NULL,NULL,'0','0',NULL,NULL,NULL,NULL,1,1,'5565287'),(175,'93646',40.000,1,0,'rndah49JnJI1yNi4nv1Bjtpf8QN8kn9Akp3KO9B9',1.50,'home','2023-08-22','2023-08-22 12:41:52','wait',1,'',NULL,'2023-08-22 19:41:33','2023-08-22 19:41:52','19',NULL,'55 دقيقه',NULL,NULL,'0','0',NULL,NULL,NULL,NULL,1,1,'51007138'),(176,'97534',25.000,1,0,'rndah49JnJI1yNi4nv1Bjtpf8QN8kn9Akp3KO9B9',1.50,'home',NULL,'2023-08-22 12:44:42','wait',NULL,'',NULL,'2023-08-22 19:43:02','2023-08-22 19:44:42',NULL,NULL,'55 دقيقه',NULL,NULL,'0','0',NULL,NULL,NULL,NULL,1,1,'51007138'),(177,'70928',40.000,1,0,'rndah49JnJI1yNi4nv1Bjtpf8QN8kn9Akp3KO9B9',1.50,'home',NULL,'2023-08-22 12:45:44','wait',NULL,'',NULL,'2023-08-22 19:45:34','2023-08-22 19:45:44',NULL,NULL,'55 دقيقه',NULL,NULL,'0','0',NULL,NULL,NULL,NULL,1,1,'51007138'),(178,'73024',25.000,1,0,'rndah49JnJI1yNi4nv1Bjtpf8QN8kn9Akp3KO9B9',1.50,'home',NULL,'2023-08-22 12:47:11','wait',NULL,'',NULL,'2023-08-22 19:46:58','2023-08-22 19:47:11',NULL,NULL,'55 دقيقه',NULL,NULL,'0','0',NULL,NULL,NULL,NULL,1,1,'51007138'),(179,'2505',NULL,NULL,1,'rndah49JnJI1yNi4nv1Bjtpf8QN8kn9Akp3KO9B9',NULL,NULL,NULL,NULL,'wait',NULL,'paid','2023-08-22 20:09:04','2023-08-22 19:53:56','2023-08-22 20:09:04',NULL,NULL,'55 دقيقه',NULL,NULL,NULL,NULL,NULL,NULL,NULL,NULL,1,0,NULL),(180,'46636',NULL,NULL,1,'xBLxByHh7yZJqrrJxPcM0TJhs3FLYhaMbqiwVTM9',NULL,NULL,NULL,NULL,'wait',NULL,'paid','2023-08-22 20:08:14','2023-08-22 20:08:00','2023-08-22 20:08:14',NULL,NULL,'55 دقيقه',NULL,NULL,NULL,NULL,NULL,NULL,NULL,NULL,1,0,NULL),(181,'94650',NULL,NULL,1,'xBLxByHh7yZJqrrJxPcM0TJhs3FLYhaMbqiwVTM9',NULL,NULL,NULL,NULL,'wait',NULL,'paid','2023-08-22 20:09:00','2023-08-22 20:08:28','2023-08-22 20:09:00',NULL,NULL,'55 دقيقه',NULL,NULL,NULL,NULL,NULL,NULL,NULL,NULL,1,0,NULL),(182,'89041',NULL,NULL,1,'rndah49JnJI1yNi4nv1Bjtpf8QN8kn9Akp3KO9B9',NULL,NULL,NULL,NULL,'wait',NULL,'paid','2023-08-25 09:11:52','2023-08-22 20:10:19','2023-08-25 09:11:52',NULL,NULL,'55 دقيقه',NULL,NULL,NULL,NULL,NULL,NULL,NULL,NULL,1,0,NULL),(183,'5483',NULL,NULL,1,'RLSliGcmgAc9PCsSkZWpdbYSkFB6aPFjzcjfG2Oh',NULL,NULL,NULL,NULL,'wait',NULL,'paid',NULL,'2023-08-22 20:29:52','2023-08-22 20:29:52',NULL,NULL,'55 دقيقه',NULL,NULL,NULL,NULL,NULL,NULL,NULL,NULL,1,0,NULL),(184,'57648',NULL,NULL,1,'iCbz1xFyZs7LYfb64CUxiRHomOy3HnOdgOOk7zOi',NULL,NULL,NULL,NULL,'wait',NULL,'paid','2023-08-23 16:42:02','2023-08-22 22:33:09','2023-08-23 16:42:02',NULL,NULL,'55 دقيقه',NULL,NULL,NULL,NULL,NULL,NULL,NULL,NULL,1,0,NULL),(185,'8971',17.000,NULL,0,'h2pfBfdaavKwF7FRi0YgiO5Ys9MwpWE9pLew0p0Y',0.00,'home','2023-08-23','2023-08-23 10:52:42','wait',1,'',NULL,'2023-08-23 17:51:27','2023-08-23 17:52:42','22',NULL,'55 دقيقه',NULL,NULL,'0','0',NULL,NULL,NULL,NULL,1,0,' '),(186,'28767',83.500,49,0,'h2pfBfdaavKwF7FRi0YgiO5Ys9MwpWE9pLew0p0Y',1.50,NULL,'2023-08-23','2023-08-23 11:50:56','wait',1,'',NULL,'2023-08-23 18:13:16','2023-08-23 18:50:56','23',NULL,'55 دقيقه',NULL,NULL,'0','0',NULL,NULL,NULL,NULL,1,0,' '),(187,'11586',NULL,NULL,1,'iCbz1xFyZs7LYfb64CUxiRHomOy3HnOdgOOk7zOi',NULL,NULL,NULL,NULL,'wait',NULL,'paid','2023-08-23 19:00:10','2023-08-23 18:54:08','2023-08-23 19:00:10',NULL,NULL,'55 دقيقه',NULL,NULL,NULL,NULL,NULL,NULL,NULL,NULL,1,0,NULL),(188,'73439',30.000,82,0,'iCbz1xFyZs7LYfb64CUxiRHomOy3HnOdgOOk7zOi',0.00,'home','2023-08-23','2023-08-23 14:20:36','wait',1,'',NULL,'2023-08-23 19:02:06','2023-08-23 21:20:36','23',NULL,'55 دقيقه',NULL,NULL,'0','0',NULL,NULL,NULL,NULL,1,0,' '),(189,'3274',NULL,NULL,1,'h2pfBfdaavKwF7FRi0YgiO5Ys9MwpWE9pLew0p0Y',NULL,NULL,NULL,NULL,'wait',NULL,'paid',NULL,'2023-08-23 19:05:42','2023-08-23 19:05:42',NULL,NULL,'55 دقيقه',NULL,NULL,NULL,NULL,NULL,NULL,NULL,NULL,1,0,NULL),(190,'31841',NULL,NULL,1,'ajtUqNJjx5jRayXXAIFomuDnPcZRJRiZTWKP3C4v',NULL,NULL,NULL,NULL,'wait',NULL,'paid','2023-08-23 19:06:57','2023-08-23 19:06:02','2023-08-23 19:06:57',NULL,NULL,'55 دقيقه',NULL,NULL,NULL,NULL,NULL,NULL,NULL,NULL,1,0,NULL),(191,'25327',41.500,49,0,'ajtUqNJjx5jRayXXAIFomuDnPcZRJRiZTWKP3C4v',1.50,NULL,'2023-08-24','2023-08-23 12:08:00','wait',1,'',NULL,'2023-08-23 19:07:13','2023-08-23 19:08:00','58',NULL,'55 دقيقه',NULL,'Hi there','0','0',NULL,NULL,NULL,NULL,1,0,' '),(192,'56174',29.000,1,0,'ajtUqNJjx5jRayXXAIFomuDnPcZRJRiZTWKP3C4v',1.50,'home','2023-08-24','2023-08-23 12:29:20','wait',1,'',NULL,'2023-08-23 19:18:33','2023-08-23 19:29:20',NULL,NULL,'55 دقيقه',NULL,NULL,'0','0',NULL,NULL,NULL,NULL,1,1,'56505135'),(193,'64066',66.000,1,0,'ajtUqNJjx5jRayXXAIFomuDnPcZRJRiZTWKP3C4v',1.50,'home','2023-08-24','2023-08-23 12:33:21','wait',1,'',NULL,'2023-08-23 19:31:07','2023-08-23 19:33:21','62',NULL,'55 دقيقه',NULL,NULL,'0','0',NULL,NULL,NULL,NULL,1,1,'56505135'),(194,'4143',NULL,NULL,1,'66xYUw98D7yGq2gu8KWMSj1UPghkVFsT3I3U4uD5',NULL,NULL,NULL,NULL,'wait',NULL,'paid','2023-09-04 17:25:37','2023-08-23 19:49:49','2023-09-04 17:25:37',NULL,NULL,'55 دقيقه',NULL,NULL,NULL,NULL,NULL,NULL,NULL,NULL,1,0,NULL),(195,'90123',25.500,49,0,'8RB2PaTzBCBUl2QZMp4g5mwwzhSVQ0U02x1mGSVZ',1.50,NULL,NULL,'2023-09-03 15:55:12','wait',NULL,'',NULL,'2023-08-23 19:51:48','2023-09-03 22:55:12',NULL,NULL,'55 دقيقه',NULL,NULL,'0','0',NULL,NULL,NULL,NULL,1,1,'56505135'),(196,'12067',NULL,NULL,1,'ajtUqNJjx5jRayXXAIFomuDnPcZRJRiZTWKP3C4v',NULL,NULL,NULL,NULL,'wait',NULL,'paid','2023-08-23 19:59:54','2023-08-23 19:54:24','2023-08-23 19:59:54',NULL,NULL,'55 دقيقه',NULL,NULL,NULL,NULL,NULL,NULL,NULL,NULL,1,0,NULL),(197,'73865',NULL,NULL,1,'ajtUqNJjx5jRayXXAIFomuDnPcZRJRiZTWKP3C4v',NULL,NULL,NULL,NULL,'wait',NULL,'paid',NULL,'2023-08-23 20:34:38','2023-08-23 20:34:38',NULL,NULL,'55 دقيقه',NULL,NULL,NULL,NULL,NULL,NULL,NULL,NULL,1,0,NULL),(198,'18124',NULL,NULL,1,'8RxsL4XqefImdMpZbZRYGQGoUSwlzRTVbWtsOo4C',NULL,NULL,NULL,NULL,'wait',NULL,'paid','2023-08-23 20:36:37','2023-08-23 20:36:21','2023-08-23 20:36:37',NULL,NULL,'55 دقيقه',NULL,NULL,NULL,NULL,NULL,NULL,NULL,NULL,1,0,NULL),(199,'47212',25.250,79,0,'8RxsL4XqefImdMpZbZRYGQGoUSwlzRTVbWtsOo4C',1.50,'hospital',NULL,'2023-08-23 14:04:56','wait',1,'',NULL,'2023-08-23 20:36:54','2023-08-23 21:04:56',NULL,NULL,'55 دقيقه',NULL,NULL,'0','0',NULL,NULL,NULL,NULL,1,1,'56505135'),(200,'44527',30.000,82,0,'iCbz1xFyZs7LYfb64CUxiRHomOy3HnOdgOOk7zOi',1.50,'home','2023-08-23','2023-08-23 14:53:23','wait',1,'',NULL,'2023-08-23 21:51:54','2023-08-23 21:53:23','23',NULL,'55 دقيقه',NULL,NULL,'0','0',NULL,NULL,NULL,NULL,1,0,' '),(201,'79150',22.000,83,0,'8RxsL4XqefImdMpZbZRYGQGoUSwlzRTVbWtsOo4C',0.00,'home','2023-08-25','2023-08-23 15:09:43','wait',1,'',NULL,'2023-08-23 22:08:00','2023-08-23 22:09:43','33',NULL,'55 دقيقه',NULL,NULL,'0','0',NULL,NULL,NULL,NULL,1,1,'50329745'),(202,'10977',23.000,79,0,'8RxsL4XqefImdMpZbZRYGQGoUSwlzRTVbWtsOo4C',1.50,'hospital','2023-08-24','2023-08-23 15:30:28','wait',1,'',NULL,'2023-08-23 22:25:26','2023-08-23 22:30:28','63',NULL,'55 دقيقه',NULL,NULL,'0','0',NULL,NULL,NULL,NULL,1,1,'56505135'),(203,'35861',NULL,NULL,1,'iCbz1xFyZs7LYfb64CUxiRHomOy3HnOdgOOk7zOi',NULL,NULL,NULL,NULL,'wait',NULL,'paid','2023-08-29 22:36:23','2023-08-23 22:34:05','2023-08-29 22:36:23',NULL,NULL,'55 دقيقه',NULL,NULL,NULL,NULL,NULL,NULL,NULL,NULL,1,0,NULL),(204,'8186',100.500,NULL,0,'8RxsL4XqefImdMpZbZRYGQGoUSwlzRTVbWtsOo4C',1.50,'home','2023-08-24','2023-08-24 13:31:01','wait',1,'',NULL,'2023-08-23 23:34:58','2023-08-24 20:31:01','63',NULL,'55 دقيقه',NULL,NULL,'0','0',NULL,NULL,NULL,NULL,1,0,' '),(205,'84377',NULL,NULL,1,'CYVrYlbzmItwtyEr01ZAesCwL9M0J2WXqxUgIOna',NULL,NULL,NULL,NULL,'wait',NULL,'paid',NULL,'2023-08-25 19:18:08','2023-08-25 19:18:08',NULL,NULL,'55 دقيقه',NULL,NULL,NULL,NULL,NULL,NULL,NULL,NULL,1,0,NULL),(206,'29435',32.000,1,0,'8RxsL4XqefImdMpZbZRYGQGoUSwlzRTVbWtsOo4C',1.50,'home','2023-08-29','2023-08-28 16:02:49','wait',1,'',NULL,'2023-08-28 23:00:11','2023-08-28 23:02:49','18',NULL,'55 دقيقه',NULL,NULL,'0','0',NULL,NULL,NULL,NULL,1,0,' '),(207,'26423',34.000,1,0,'8RxsL4XqefImdMpZbZRYGQGoUSwlzRTVbWtsOo4C',1.50,'home','2023-08-29','2023-08-28 16:10:45','wait',1,'',NULL,'2023-08-28 23:08:15','2023-08-28 23:10:45','18',NULL,'55 دقيقه',NULL,NULL,'0','0',NULL,NULL,NULL,NULL,1,1,'56505135'),(208,'62272',83.500,79,0,'8RxsL4XqefImdMpZbZRYGQGoUSwlzRTVbWtsOo4C',1.50,'hospital','2023-08-29','2023-08-28 16:20:00','wait',1,'',NULL,'2023-08-28 23:16:38','2023-08-28 23:20:00','18',NULL,'55 دقيقه',NULL,NULL,'0','0',NULL,NULL,NULL,NULL,1,0,' '),(209,'71303',30.000,82,1,'iCbz1xFyZs7LYfb64CUxiRHomOy3HnOdgOOk7zOi',1.50,'home','2023-08-23','2023-08-29 11:28:34','wait',1,'','2023-08-29 22:36:53','2023-08-29 18:28:34','2023-08-29 22:36:53','23',NULL,'55 دقيقه',200,NULL,'0','0',NULL,NULL,NULL,NULL,1,0,' '),(210,'35230',30.000,82,1,'iCbz1xFyZs7LYfb64CUxiRHomOy3HnOdgOOk7zOi',1.50,'home','2023-08-23','2023-08-29 11:28:46','wait',1,'','2023-08-29 22:37:28','2023-08-29 18:28:46','2023-08-29 22:37:28','23',NULL,'55 دقيقه',200,NULL,'0','0',NULL,NULL,NULL,NULL,1,0,' '),(211,'74108',32.500,NULL,0,'p7IZNl79j0adOhki3iJqI5tJ85b5RMBmOvbQxtzh',1.50,'home','2023-08-29','2023-08-29 16:05:38','wait',1,'',NULL,'2023-08-29 21:27:01','2023-08-29 23:05:38','20',NULL,'55 دقيقه',NULL,NULL,'0','0',NULL,NULL,NULL,NULL,1,1,'56505135'),(212,'26793',30.000,82,1,'iCbz1xFyZs7LYfb64CUxiRHomOy3HnOdgOOk7zOi',1.50,'home','2023-08-23','2023-08-29 15:32:02','wait',1,'','2023-08-29 22:39:16','2023-08-29 22:32:02','2023-08-29 22:39:16','23',NULL,'55 دقيقه',200,NULL,'0','0',NULL,NULL,NULL,NULL,1,0,' '),(213,'39624',30.000,82,1,'iCbz1xFyZs7LYfb64CUxiRHomOy3HnOdgOOk7zOi',1.50,'home','2023-08-23','2023-08-29 15:32:07','wait',1,'','2023-08-29 22:45:03','2023-08-29 22:32:07','2023-08-29 22:45:03','23',NULL,'55 دقيقه',200,NULL,'0','0',NULL,NULL,NULL,NULL,1,0,' '),(214,'48480',30.000,82,1,'iCbz1xFyZs7LYfb64CUxiRHomOy3HnOdgOOk7zOi',1.50,'home','2023-08-23','2023-08-29 15:32:43','wait',1,'','2023-08-29 22:45:15','2023-08-29 22:32:43','2023-08-29 22:45:15','23',NULL,'55 دقيقه',200,NULL,'0','0',NULL,NULL,NULL,NULL,1,0,' '),(215,'45259',30.000,82,1,'iCbz1xFyZs7LYfb64CUxiRHomOy3HnOdgOOk7zOi',1.50,'home','2023-08-23','2023-08-29 15:33:40','wait',1,'','2023-08-29 23:08:37','2023-08-29 22:33:40','2023-08-29 23:08:37','23',NULL,'55 دقيقه',200,NULL,'0','0',NULL,NULL,NULL,NULL,1,0,' '),(216,'57684',30.000,82,0,'iCbz1xFyZs7LYfb64CUxiRHomOy3HnOdgOOk7zOi',1.50,'home','2023-08-31','2023-08-31 12:45:42','wait',1,'',NULL,'2023-08-29 22:37:16','2023-08-31 19:45:42','63',NULL,'55 دقيقه',200,NULL,'0','0',NULL,NULL,NULL,NULL,1,0,' '),(217,'13100',30.000,82,0,'iCbz1xFyZs7LYfb64CUxiRHomOy3HnOdgOOk7zOi',1.50,'home','2023-08-31','2023-08-31 13:15:19','wait',1,'',NULL,'2023-08-29 22:44:40','2023-08-31 20:15:19','64',NULL,'55 دقيقه',200,NULL,'0','0',NULL,NULL,NULL,NULL,1,0,' '),(218,'39112',30.000,82,1,'iCbz1xFyZs7LYfb64CUxiRHomOy3HnOdgOOk7zOi',1.50,'home','2023-08-23','2023-08-29 15:44:42','wait',1,'',NULL,'2023-08-29 22:44:42','2023-08-29 22:44:42','23',NULL,'55 دقيقه',200,NULL,'0','0',NULL,NULL,NULL,NULL,1,0,' '),(219,'79365',30.000,82,1,'iCbz1xFyZs7LYfb64CUxiRHomOy3HnOdgOOk7zOi',1.50,'home','2023-08-23','2023-08-29 15:44:44','wait',1,'',NULL,'2023-08-29 22:44:44','2023-08-29 22:44:44','23',NULL,'55 دقيقه',200,NULL,'0','0',NULL,NULL,NULL,NULL,1,0,' '),(220,'48241',30.000,82,1,'iCbz1xFyZs7LYfb64CUxiRHomOy3HnOdgOOk7zOi',1.50,'home','2023-08-23','2023-08-29 15:46:13','wait',1,'',NULL,'2023-08-29 22:46:13','2023-08-29 22:46:13','23',NULL,'55 دقيقه',200,NULL,'0','0',NULL,NULL,NULL,NULL,1,0,' '),(221,'61568',35.500,1,0,'p7IZNl79j0adOhki3iJqI5tJ85b5RMBmOvbQxtzh',1.50,'home','2023-09-04','2023-09-03 15:52:46','wait',1,'',NULL,'2023-08-29 23:06:00','2023-09-03 22:52:46','17',NULL,'55 دقيقه',211,NULL,'0','0',NULL,NULL,NULL,NULL,1,0,' '),(222,'46251',32.500,NULL,0,'p7IZNl79j0adOhki3iJqI5tJ85b5RMBmOvbQxtzh',1.50,'home','2023-09-04','2023-09-04 14:51:23','wait',1,'',NULL,'2023-08-29 23:06:44','2023-09-04 21:51:23','17',NULL,'55 دقيقه',211,NULL,'0','0',NULL,NULL,NULL,NULL,1,0,' '),(223,'86933',30.000,82,1,'iCbz1xFyZs7LYfb64CUxiRHomOy3HnOdgOOk7zOi',1.50,'home','2023-08-23','2023-08-29 16:09:13','wait',1,'',NULL,'2023-08-29 23:09:13','2023-08-29 23:09:13','23',NULL,'55 دقيقه',200,NULL,'0','0',NULL,NULL,NULL,NULL,1,0,' '),(224,'80548',30.000,82,1,'iCbz1xFyZs7LYfb64CUxiRHomOy3HnOdgOOk7zOi',1.50,'home','2023-08-23','2023-08-30 09:31:36','wait',1,'',NULL,'2023-08-30 16:31:36','2023-08-30 16:31:36','23',NULL,'55 دقيقه',200,NULL,'0','0',NULL,NULL,NULL,NULL,1,0,' '),(225,'61618',NULL,NULL,1,'2dBqJ8Hxc7wOVxm2FhooQKLmIJwvO0V5j5H5wN2Y',NULL,NULL,NULL,NULL,'wait',NULL,'paid',NULL,'2023-08-30 23:53:18','2023-08-30 23:53:18',NULL,NULL,'55 دقيقه',NULL,NULL,NULL,NULL,NULL,NULL,NULL,NULL,1,0,NULL),(226,'53607',NULL,NULL,1,'iVREEkJgTGuYNRhlOs3tL5x1LCGz2JKAGYH3rFU4',NULL,NULL,NULL,NULL,'wait',NULL,'paid',NULL,'2023-08-31 00:01:39','2023-08-31 00:01:39',NULL,NULL,'55 دقيقه',NULL,NULL,NULL,NULL,NULL,NULL,NULL,NULL,1,0,NULL),(227,'38457',NULL,NULL,1,'mGUkKwAlqcOzV6jP3LHHc1yoDk73hGfl4UUwSUFc',NULL,NULL,NULL,NULL,'wait',NULL,'paid',NULL,'2023-09-02 06:02:36','2023-09-02 06:02:36',NULL,NULL,'55 دقيقه',NULL,NULL,NULL,NULL,NULL,NULL,NULL,NULL,1,0,NULL),(228,'97637',3.750,NULL,0,'rxTUNx7bZomNKyWxNYDqJ6lHSssCX937znRYv9VL',1.50,'home','2023-09-04','2023-09-03 20:09:59','wait',1,'',NULL,'2023-09-02 06:04:29','2023-09-04 03:09:59','16',NULL,'55 دقيقه',NULL,NULL,'0','0',NULL,NULL,NULL,NULL,1,0,' '),(229,'76534',NULL,NULL,1,'AeZxR90z6CSDDQwGbeGRLAfQZrRfsjfa1Qyqjpe2',NULL,NULL,NULL,NULL,'wait',NULL,'paid',NULL,'2023-09-02 06:44:08','2023-09-02 06:44:08',NULL,NULL,'55 دقيقه',NULL,NULL,NULL,NULL,NULL,NULL,NULL,NULL,1,0,NULL),(230,'83926',NULL,NULL,1,'SvAYEZToe61mh6LzBtC1LmgSKxNoG7NJQe7JINLu',NULL,NULL,NULL,NULL,'wait',NULL,'paid',NULL,'2023-09-02 20:43:33','2023-09-02 20:43:33',NULL,NULL,'55 دقيقه',NULL,NULL,NULL,NULL,NULL,NULL,NULL,NULL,1,0,NULL),(231,'83995',62.500,85,0,'WSGCJvkQSWCf2gSGxnFfYPonqYwYUWcZPTA1Gh8X',0.00,'home','2023-09-03','2023-09-03 11:08:09','accepted',2,'paid',NULL,'2023-09-03 17:40:20','2023-09-04 02:15:19','40',2147483647,'55 دقيقه',NULL,NULL,'0','0',NULL,NULL,NULL,NULL,1,0,' '),(232,'96101',70.750,1,0,'8RB2PaTzBCBUl2QZMp4g5mwwzhSVQ0U02x1mGSVZ',0.00,'home','2023-09-04','2023-09-03 19:37:27','wait',1,'',NULL,'2023-09-03 23:00:12','2023-09-04 02:37:27','16',NULL,'55 دقيقه',NULL,NULL,'0','0',NULL,NULL,NULL,NULL,1,0,' '),(233,'8226',5.000,11,0,'AbT47tt4nw4cTOicbAvowVWSIgtldphfllpoMnXN',1.50,'hotel','2023-09-04','2023-09-03 20:08:31','wait',1,'',NULL,'2023-09-04 02:17:16','2023-09-04 03:08:31','16',NULL,'55 دقيقه',NULL,NULL,'0','0',NULL,NULL,NULL,NULL,1,0,' '),(234,'35451',65.000,NULL,0,'4oLvEbJ2I4sAhXwFf4SyzIJ2TBCHChfiO3fg7qyw',1.50,'home','2023-09-04','2023-09-03 19:37:19','wait',1,'',NULL,'2023-09-04 02:21:59','2023-09-04 02:37:19','15',NULL,'55 دقيقه',NULL,NULL,'0','0',NULL,NULL,NULL,NULL,1,0,' '),(235,'87047',3.000,1,0,'8RB2PaTzBCBUl2QZMp4g5mwwzhSVQ0U02x1mGSVZ',1.50,'home','2023-09-04','2023-09-03 19:48:32','wait',1,'',NULL,'2023-09-04 02:48:07','2023-09-04 02:48:32','15',NULL,'55 دقيقه',NULL,NULL,'0','0',NULL,NULL,NULL,NULL,1,0,' '),(236,'29940',NULL,NULL,1,'4oLvEbJ2I4sAhXwFf4SyzIJ2TBCHChfiO3fg7qyw',NULL,NULL,NULL,NULL,'wait',NULL,'paid',NULL,'2023-09-04 02:55:36','2023-09-04 02:55:36',NULL,NULL,'55 دقيقه',NULL,NULL,NULL,NULL,NULL,NULL,NULL,NULL,1,0,NULL),(237,'9085',3.000,NULL,0,'RcwOcjunvOJyZc9vbXl94mX1ognbSOo2AeUTYx8t',1.50,'home','2023-09-04','2023-09-03 20:09:36','wait',1,'',NULL,'2023-09-04 03:08:53','2023-09-04 03:09:36','16',NULL,'55 دقيقه',NULL,NULL,'0','0',NULL,NULL,NULL,NULL,1,0,' '),(238,'33635',6.000,57,1,'66xYUw98D7yGq2gu8KWMSj1UPghkVFsT3I3U4uD5',1.50,'home','2023-08-23','2023-09-04 10:25:29','wait',1,'','2023-09-04 17:25:42','2023-09-04 17:25:29','2023-09-04 17:25:42','22',NULL,'55 دقيقه',174,NULL,'0','0',NULL,NULL,NULL,NULL,1,1,'5565287'),(239,'30295',37.500,NULL,0,'4l7GwloNXtAIxuD3DQzCz9Eqc7ECYKXnzuNh54k0',1.50,'home','2023-09-04','2023-09-04 14:21:39','wait',1,'',NULL,'2023-09-04 21:19:41','2023-09-04 21:21:39','17',NULL,'55 دقيقه',NULL,NULL,'0','0',NULL,NULL,NULL,NULL,1,0,' '),(240,'83007',11.750,NULL,0,'p7IZNl79j0adOhki3iJqI5tJ85b5RMBmOvbQxtzh',1.50,'home','2023-09-04','2023-09-04 14:52:35','wait',1,'',NULL,'2023-09-04 21:51:58','2023-09-04 21:52:35','17',NULL,'55 دقيقه',NULL,NULL,'0','0',NULL,NULL,NULL,NULL,1,0,' '),(241,'75369',33.000,1,0,'p7IZNl79j0adOhki3iJqI5tJ85b5RMBmOvbQxtzh',1.50,'home','2023-09-05','2023-09-05 10:43:20','wait',1,'',NULL,'2023-09-04 21:58:34','2023-09-05 17:43:20','20',NULL,'55 دقيقه',NULL,NULL,'0','0',NULL,NULL,NULL,NULL,1,0,' '),(242,'41641',20.250,NULL,0,'848ZDoHKELC4yB4DYRYtfeejkOM4oai0mdp1EDQe',1.50,'home','2023-09-05','2023-09-05 01:43:26','wait',1,'',NULL,'2023-09-05 07:45:03','2023-09-05 08:43:26','19',NULL,'55 دقيقه',NULL,NULL,'0','0',NULL,NULL,NULL,NULL,1,0,' '),(243,'87133',NULL,NULL,1,'848ZDoHKELC4yB4DYRYtfeejkOM4oai0mdp1EDQe',NULL,NULL,NULL,NULL,'wait',NULL,'paid','2023-09-06 05:54:59','2023-09-05 09:11:06','2023-09-06 05:54:59',NULL,NULL,'55 دقيقه',NULL,NULL,NULL,NULL,NULL,NULL,NULL,NULL,1,0,NULL),(244,'98309',NULL,NULL,1,'p0QNA7fKO9OekzhcYWXDrQPNya7cppB0KRrkSnRz',NULL,NULL,NULL,NULL,'wait',NULL,'paid',NULL,'2023-09-05 17:21:35','2023-09-05 17:21:35',NULL,NULL,'55 دقيقه',NULL,NULL,NULL,NULL,NULL,NULL,NULL,NULL,1,0,NULL),(245,'66903',12.500,NULL,0,'p7IZNl79j0adOhki3iJqI5tJ85b5RMBmOvbQxtzh',1.50,'home','2023-09-06','2023-09-05 10:53:30','wait',1,'',NULL,'2023-09-05 17:46:51','2023-09-05 17:53:30','23',NULL,'55 دقيقه',NULL,NULL,'0','0',NULL,NULL,NULL,NULL,1,0,' '),(246,'99194',12.500,NULL,0,'p7IZNl79j0adOhki3iJqI5tJ85b5RMBmOvbQxtzh',1.50,'home','2023-09-05','2023-09-05 10:56:43','wait',1,'',NULL,'2023-09-05 17:55:27','2023-09-05 17:56:43','20',NULL,'55 دقيقه',245,NULL,'0','0',NULL,NULL,NULL,NULL,1,0,' '),(247,'86972',25.500,49,1,'p7IZNl79j0adOhki3iJqI5tJ85b5RMBmOvbQxtzh',1.50,NULL,NULL,'2023-09-05 12:05:45','wait',NULL,'',NULL,'2023-09-05 19:05:45','2023-09-05 19:05:45',NULL,NULL,'55 دقيقه',195,NULL,'0','0',NULL,NULL,NULL,NULL,1,1,'56505135'),(248,'83296',NULL,NULL,1,'848ZDoHKELC4yB4DYRYtfeejkOM4oai0mdp1EDQe',NULL,NULL,NULL,NULL,'wait',NULL,'paid',NULL,'2023-09-06 05:58:22','2023-09-06 05:58:22',NULL,NULL,'55 دقيقه',NULL,NULL,NULL,NULL,NULL,NULL,NULL,NULL,1,0,NULL),(249,'77361',NULL,NULL,1,'rxTUNx7bZomNKyWxNYDqJ6lHSssCX937znRYv9VL',NULL,NULL,NULL,NULL,'wait',NULL,'paid',NULL,'2023-09-06 14:27:56','2023-09-06 14:27:56',NULL,NULL,'55 دقيقه',NULL,NULL,NULL,NULL,NULL,NULL,NULL,NULL,1,0,NULL),(250,'17540',NULL,NULL,1,'tpr3gkE8lpLrykdqetaxHeMl00DI746Q12ND1R3d',NULL,NULL,NULL,NULL,'wait',NULL,'paid',NULL,'2023-09-06 17:29:55','2023-09-06 17:29:55',NULL,NULL,'55 دقيقه',NULL,NULL,NULL,NULL,NULL,NULL,NULL,NULL,1,0,NULL),(251,'19130',NULL,NULL,1,'jJFrpG0IIDW6wL7cnotXhM1fHNxolsnwouhjeOD7',NULL,NULL,NULL,NULL,'wait',NULL,'paid',NULL,'2023-09-06 17:31:36','2023-09-06 17:31:36',NULL,NULL,'55 دقيقه',NULL,NULL,NULL,NULL,NULL,NULL,NULL,NULL,1,0,NULL),(252,'174',NULL,NULL,1,'eIhAQWQR6ZkQ6XPvlGvlN2wdxEML2cMkeO4p6Hkp',NULL,NULL,NULL,NULL,'wait',NULL,'paid',NULL,'2023-09-07 03:49:26','2023-09-07 03:49:26',NULL,NULL,'55 دقيقه',NULL,NULL,NULL,NULL,NULL,NULL,NULL,NULL,1,0,NULL),(253,'24251',NULL,11,1,'eVsgGvHnsOVvpCPS3xI1UeEQO7dLqeSeTNa9i8ff',NULL,NULL,NULL,'2023-09-06 21:18:11','wait',NULL,'paid',NULL,'2023-09-07 03:54:28','2023-09-07 04:18:11',NULL,NULL,'55 دقيقه',NULL,NULL,NULL,NULL,NULL,NULL,NULL,NULL,1,0,NULL);

--
-- Table structure for table `page_translations`
--

CREATE TABLE `page_translations` (
  `id` int unsigned NOT NULL AUTO_INCREMENT,
  `page_id` int unsigned NOT NULL,
  `title` varchar(255) CHARACTER SET utf8mb4 COLLATE utf8mb4_unicode_ci NOT NULL,
  `locale` varchar(255) CHARACTER SET utf8mb4 COLLATE utf8mb4_unicode_ci NOT NULL,
  `content` text CHARACTER SET utf8mb4 COLLATE utf8mb4_unicode_ci,
  `created_at` timestamp NULL DEFAULT NULL,
  `updated_at` timestamp NULL DEFAULT NULL,
  PRIMARY KEY (`id`),
  UNIQUE KEY `page_translations_page_id_locale_unique` (`page_id`,`locale`),
  KEY `page_translations_locale_index` (`locale`)
) ENGINE=InnoDB AUTO_INCREMENT=29 DEFAULT CHARSET=utf8mb4 COLLATE=utf8mb4_unicode_ci;

--
-- Dumping data for table `page_translations`
--

INSERT INTO `page_translations` (`id`, `page_id`, `title`, `locale`, `content`, `created_at`, `updated_at`) VALUES (3,2,'منتجات فريش','ar','<p>نحرص على اختيار الفواكة الطازجة والموسمية لنقدم لكم أجود العصائر والمشروبات.</p>',NULL,NULL),(4,2,'منتجات فرش','en','<p>نحرص على اختيار الفواكة الطازجة والموسمية لنقدم لكم أجود العصائر والمشروبات.</p>',NULL,NULL),(5,3,'توصيل الطلبات','ar','<p>نسعى لتصل إليك طلباتك قبل الوقت المتوقع.</p>\r\n\r\n<p>&nbsp;</p>',NULL,NULL),(6,3,'توصيل الطلبات','en','<p>نسعى لتصل إليك طلباتك قبل الوقت المتوقع.</p>\r\n\r\n<p>&nbsp;</p>',NULL,NULL),(7,4,'الدفع آمن','ar','<p>إدفع بالطريقة التي تناسبك</p>',NULL,NULL),(8,4,'الدفع آمن','en','<p>ادفع بالطريقة التي تناسبك</p>',NULL,NULL),(13,7,'عن الموقع','ar','<figure class=\"easyimage easyimage-full\"><img alt=\"\" src=\"blob:https://gshop.as-gulfballoon.com/1607b97a-5e94-4b87-999e-cd547917850b\" width=\"1842\" />\r\n<figcaption></figcaption>\r\n</figure>\r\n\r\n<p style=\"text-align:right\">&nbsp;</p>\r\n\r\n<p style=\"text-align:right\">&nbsp;</p>\r\n\r\n<p style=\"text-align:right\">مرحبًا بك في ناشيونال كير جروب، مصدرك الموثوق لجميع احتياجاتك الطبية والعناية الشخصية في الكويت. منذ تأسيسنا في عام 2019، نحن ملتزمون بتوفير منتجات عالية الجودة وخدمة استثنائية لعملائنا الكرام.</p>\r\n\r\n<p style=\"text-align:right\">في ناشيونال كير جروب، ندرك أهمية الصحة والرفاهية للأفراد والعائلات. لذلك، نقدم مجموعة واسعة من المستلزمات الطبية والمعدات والمنتجات الصيدلانية لتلبية احتياجاتك الخاصة. سواء كنت تبحث عن أجهزة الرعاية الصحية المنزلية، أو المساعدات في التنقل، أو الأدوية الأساسية، فإننا نوفر لك ما تحتاجه.</p>\r\n\r\n<p style=\"text-align:right\">ولكن التزامنا لا يتوقف هنا. نؤمن أيضًا بأهمية الرعاية الشاملة، ولذلك نوسع نطاق منتجاتنا لتشمل منتجات العناية الشخصية ومستلزمات العناية بالنساء ومنتجات الأطفال والمنتجات المنزلية الاستهلاكية. نهدف إلى تسهيل حياتك من خلال توفير كل ما تحتاجه في مكان واحد.</p>\r\n\r\n<p style=\"text-align:right\">نحن نفتخر بتوفير منتجاتنا من مصنعين وعلامات تجارية موثوقة معروفة بالموثوقية والفعالية. الجودة والسلامة هما أولويتنا العليا، مضمونًا أن كل منتج تقتنيه منا يفي بأعلى المعايير.</p>\r\n\r\n<p style=\"text-align:right\">ما يميزنا هو التفاني في تقديم خدمة عملاء استثنائية. فريقنا المدرب والودود مستعد دائمًا لمساعدتك في اختيار المنتجات المناسبة، الإجابة على أسئلتك، وتقديم توصيات شخصية. نسعى جاهدين لخلق تجربة تسوق سلسة تفوق توقعاتك.</p>\r\n\r\n<p style=\"text-align:right\">الراحة هي ركيزة عملياتنا. يتيح لك موقعنا الإلكتروني السهل الاستخدام استعراض الكتالوج الشامل لدينا، وتقديم الطلبات بسهولة، وتوصيلها مباشرة إلى باب منزلك. نحن ندرك أهمية التوصيل السريع، خاصة عندما يتعلق الأمر بالاحتياجات الصحية، ونعمل بجد لضمان الشحن في الوقت المناسب.</p>\r\n\r\n<p style=\"text-align:right\">في ناشيونال كير جروب، نحن ملتزمون بتحسين رفاهية الأفراد والعائلات في جميع أنحاء الكويت. من خلال مجموعتنا الشاملة من المنتجات الطبية والعناية الشخصية ومستلزمات العناية بالنساء ومنتجات الأطفال والمنتجات المنزلية الاستهلاكية، نهدف إلى أن نكون شريكك الموثوق في الصحة والراحة.</p>\r\n\r\n<p style=\"text-align:right\">شكرًا لاختيارك ناشيونال كير جروب. نتطلع إلى خدمتك ومساعدتك في العيش بصحة وسعادة.</p>',NULL,NULL),(14,7,'About Us','en','<p dir=\"rtl\" style=\"text-align:left\">Welcome to National Care Group, your trusted source for all your medical and personal care needs in Kuwait. Since our establishment in 2019, we have been dedicated to providing high-quality products and exceptional service to our valued customers.</p>\r\n\r\n<p dir=\"rtl\" style=\"text-align:left\">At National Care Group, we understand the importance of health and well-being for individuals and families. That&#39;s why we offer a wide range of medical supplies, equipment, and pharmaceutical products to meet your specific needs. Whether you&#39;re looking for home healthcare devices, mobility aids, or essential medicines, we have you covered.</p>\r\n\r\n<p dir=\"rtl\" style=\"text-align:left\">But our commitment doesn&#39;t stop there. We also believe in the importance of holistic care, which is why we extend our offerings to include personal care products, women&#39;s care essentials, kids&#39; products, and home consumables. We aim to make your life easier by providing a one-stop shop for all your essential needs.</p>\r\n\r\n<p dir=\"rtl\" style=\"text-align:left\">We take pride in sourcing our products from trusted manufacturers and brands known for their reliability and effectiveness. Quality and safety are our top priorities, ensuring that every item you purchase from us meets the highest standards.</p>\r\n\r\n<p dir=\"rtl\" style=\"text-align:left\">What sets us apart is our dedication to exceptional customer service. Our knowledgeable and friendly team is always ready to assist you in finding the right products, answering your questions, and providing personalized recommendations. We strive to create a seamless shopping experience that exceeds your expectations.</p>\r\n\r\n<p dir=\"rtl\" style=\"text-align:left\">Convenience is at the heart of our operations. Our user-friendly website allows you to browse our extensive catalog, place orders with ease, and have them delivered directly to your doorstep. We understand the importance of prompt delivery, especially when it comes to healthcare needs, and we work diligently to ensure timely shipping.</p>\r\n\r\n<p dir=\"rtl\" style=\"text-align:left\">At National Care Group, we are committed to improving the well-being of individuals and families across Kuwait. With our comprehensive range of medical, personal care, women&#39;s care, kids&#39; products, and home consumables, we aim to be your trusted partner in health and convenience.</p>\r\n\r\n<p dir=\"rtl\" style=\"text-align:left\">Thank you for choosing National Care Group. We look forward to serving you and helping you lead a healthier and happier life.</p>',NULL,NULL),(15,8,'الشروط والاحكام','ar','<h2 dir=\"rtl\" style=\"text-align:right\"><span style=\"font-size:17pt\"><span style=\"font-family:Arial\"><span style=\"color:#000000\"><strong>١. الشروط</strong></span></span></span></h2>\r\n\r\n<p dir=\"rtl\" style=\"text-align:right\"><span style=\"font-size:11pt\"><span style=\"font-family:Arial\"><span style=\"color:#000000\">باستخدامك ودخولك لموقع www.national-g.com. فإنك تقر وتوافق بالالتزام بهذه الشروط، وأنك توافق وتقبل بالالتزام بجميع القوانين والتشريعات المطبقة وتقر كذلك بأنك مسئول عن الامتثال لأي قوانين محلية سارية. إذا كنت لا توافق على أي من هذه الشروط، فلا يحق لك استخدام أو الدخول إلى هذا الموقع. جميع المواد الواردة في هذا الموقع محمية بموجب حقوق النشر المعمول بها وبموجب قانون حماية العلامات التجارية. إذا لم تكن موافقًا على هذه الشروط، فلا تقوم بالوصول إلى الموقع أو استخدامه أو المشاركة أو الكشف عن أي معلومات شخصية لنا.</span></span></span></p>\r\n\r\n<h2 dir=\"rtl\" style=\"text-align:right\"><span style=\"font-size:17pt\"><span style=\"font-family:Arial\"><span style=\"color:#000000\"><strong>لا نصائح رعاية صحية مهنية</strong></span></span></span></h2>\r\n\r\n<p dir=\"rtl\" style=\"text-align:right\"><span style=\"font-size:11pt\"><span style=\"font-family:Arial\"><span style=\"color:#000000\">المنتجات والدعاوى المتعلقة بمنتجات بعينها على الموقع أو من خلاله لا تخضع لتقييم الهيئة العامة للغذاء والدواء هيئة الدواء والغذاء ولا يتم اعتمادها لتشخيص أو علاج أو منع أي أمراض أو الشفاء منها.</span></span></span><br />\r\n<span style=\"font-size:11pt\"><span style=\"font-family:Arial\"><span style=\"color:#000000\">الموقع غير مخصص لتشخيص أو علاج أي مرض أو تقديم نصيحة طبية متخصصة. المنتجات والخدمات والمعلومات والمحتويات الأخرى التي يقدمها الموقع مباشرة أو عبر روابط لمواقع خارجية أخرى هي لأغراض معرفية فقط. يُرجى استشارة طبيب أو أخصائي رعاية صحية آخر فيما يتعلق بأي تشخيص طبي أو صحي أو أي خيارات علاج معنية.</span></span></span><br />\r\n<span style=\"font-size:11pt\"><span style=\"font-family:Arial\"><span style=\"color:#000000\">المعلومات المتاحة على الموقع والمواقع الإلكترونية المتاحة عبر روابط، بالإضافة إلى المعلومات المتعلقة بحالات طبية أو صحية أو علاجات أو منتجات قد يتم تقديمها على نحو موجز. المعلومات المتاحة على الموقع بما في ذلك أي ملصقات منتجات أو تغليف لا يمكن أن تعتبر بأي حال من الأحوال كبديل للمشورة المتخصصة. لا يوصي الموقع بإدارة المشكلات الصحية بصفة ذاتية. المعلومات المتاحة على الموقع ليست شاملة ولا تغطي جميع الأمراض، والعلل الصحية، والحالات أو علاجها. وإذا كانت لديك أي تساؤلات في مثل هذه الحالات، اتصل بأخصائي الرعاية الصحية الخاص بك فورًا لا تؤخر أو تؤجل طلب المشورة بناءًا على معلومات ربما تكون قد قرأتها على الموقع.</span></span></span><br />\r\n<span style=\"font-size:11pt\"><span style=\"font-family:Arial\"><span style=\"color:#000000\">الروابط إلى أو الوصول من مواقع أو موارد الأطراف الخارجية ليست إقرارًا منا بصحة أي معلومات أو منتجات أو خدمات بها. لا نتحمل أي مسؤولية عن المحتوى أو الأداء الخاص بأي موقع إلكتروني تابع لجهة خارجية. يُعتبر استخدامك لأي موقع إلكتروني تابع لأي جهة خارجية على مسؤوليتك الخاصة.</span></span></span><br />\r\n<span style=\"font-size:11pt\"><span style=\"font-family:Arial\"><span style=\"color:#000000\">ينبغي عليك عدم استخدام المعلومات أو الخدمات المتاحة على الموقع لتشخيص أو معالجة أي مشكلات صحية أو لوصف أي دواء أو علاج آخر. ينبغي عليك دائمًا استشارة أخصائي الرعاية الصحية الخاص بك وقراءة المعلومات المرفقة من قبل جهة التصنيع مع المنتج وعلى أي ملصقات أو تغليف للمنتج، قبل تناول أي أدوية، أو منتجات غذائية، أو عشبية، أو مثلية أو قبل بدء أي تمارين أو برنامج غذائي أو بدأ أي علاج لمشكلات صحية. الأشخاص مختلفون وقد يختلف ردة فعلهم لمنتجات مختلفة. ينبغي عليك استشارة طبيبك حول التفاعلات بين الأدوية التي تتناولها والمكملات الغذائية. التعليقات التي يتم نشرها على أي منتدى تابع للموقع من قبل الموظفين أو مستخدمي الموقع تعبر بشكل قطعي وحصري عن آرائهم الخاصة وبصفتهم الشخصية الخالصة، وهي ليست دعاوى نصرح بها رسميًا أو تعبر عن آراؤنا أو مواقفنا الخاصة. تصنيفات المنتجات التي يتم ترشيحها من قبل موظفين حاليين أو سابقين أو مستخدمي الموقع تعبر بشكل قطعي عن آرائهم الشخصية الخاصة بصفتهم الشخصية الخاصة ولا تعتبر بديلاً للعناية المناسبة أو المشورة من أخصائي رعاية صحية مهني. لا نتحمل مسؤولية أي معلومات متاحة على الموقع فيما يتعلق بالتوصيات المتعلقة بالمكملات الغذائية لأي غرض صحي.</span></span></span><br />\r\n<span style=\"font-size:11pt\"><span style=\"font-family:Arial\"><span style=\"color:#000000\">تحقق دائمًا من ملصق المنتج أو التغليف قبل استخدام المنتج. إذا كانت هناك أي تناقضات، ينبغي على العملاء اتباع التعليمات الواردة على ملصق المنتج أو التغليف الخاص به دون أدنى مسؤولية علينا. ينبغي عليك الاتصال بالجهة المصنعة مباشرةً لتوضيح أي تفاصيل واردة على الملصق والتغليف والاستخدام الموصى به.</span></span></span></p>\r\n\r\n<p>&nbsp;</p>\r\n\r\n<h2 dir=\"rtl\" style=\"text-align:right\"><span style=\"font-size:17pt\"><span style=\"font-family:Arial\"><span style=\"color:#000000\"><strong>الاستخدام والإنهاء</strong></span></span></span></h2>\r\n\r\n<p dir=\"rtl\" style=\"text-align:right\"><span style=\"font-size:11pt\"><span style=\"font-family:Arial\"><span style=\"color:#000000\">باستخدامك لموقعنا فإنك تقر وتوافق على أنك لا تقل عن ثمانية عشر (18) عامًا أو أكبر وأنك قادرٌ تمامًا ومؤهل للموافقة على استخدام الموقع. إذا كنت دون 18 عامًا فلا يُسمح لك باستخدام هذا الموقع إلا بإشراك أحد الوالدين أو ولي الأمر.</span></span></span></p>\r\n\r\n<h2 dir=\"rtl\" style=\"text-align:right\"><span style=\"font-size:17pt\"><span style=\"font-family:Arial\"><span style=\"color:#000000\"><strong>أ-إعداد الحساب واستخدامه</strong></span></span></span></h2>\r\n\r\n<p dir=\"rtl\" style=\"text-align:right\"><span style=\"font-size:11pt\"><span style=\"font-family:Arial\"><span style=\"color:#000000\">أنت مطالب بإنشاء حساب على الموقع لاستخدام ميزات معينة كالشراء.أنت توافق على توفير معلومات دقيقة وحقيقية وكاملة وحالية عن نفسك وفقًا لما سيطلبه منك الموقع وتحديث هذه المعلومات في أقرب وقت للحفاظ على دقتها وصحتها واكتمالها وحداثتها. إذا قمت بتوفير معلومات غير دقيقة أو زائفة أو غير كاملة أو قديمة أو تبين لنا وفقًا لتقديرنا الخاص أن هذه المعلومات غير دقيقة أو زائفة أو غير كاملة أو قديمة، فإننا نحتفظ بحقنا في إنهاء حسابك وحظر أي أو جميع استخداماتك الحالية أو المستقبلية للموقع من قبلك أثناء عملية التسجيل، ستقوم بإنشاء اسم مستخدم وكلمة مرور. أنت تتحمل مسؤولية سرية حسابك وكلمة مرورك، لذا فإنك توافق على إخطارنا فورًا عن أي استخدام غير مصرح به لحسابك، أو كلمة مرورك، أو أي خروقات أمنية أخرى وذلك بالتأكد من الخروج من الحساب بعد كل جلسة. أنت توافق أيضًا على تحمل المسؤولة عن كافة التغييرات الناتجة عن الاستخدام غير المصرح به لحسابك. نحن لا نتحمل أي مسؤولية عن فشلك في الالتزام بهذا القسم.</span></span></span></p>\r\n\r\n<h2 dir=\"rtl\" style=\"text-align:right\"><span style=\"font-size:17pt\"><span style=\"font-family:Arial\"><span style=\"color:#000000\"><strong>ب-استخدام الموقع</strong></span></span></span></h2>\r\n\r\n<p dir=\"rtl\" style=\"text-align:right\"><span style=\"font-size:11pt\"><span style=\"font-family:Arial\"><span style=\"color:#000000\">أنت توافق على استخدام الموقع لأغراض قانونية مشروعة وأنك تتحمل مسؤولية استخدامك واتصالاتك على الموقع. توافق على عدم نشرك أو نقلك لأي مواد غير قانونية، أو مُخلة، أو مهيئنة، أو خليعة، أو غير لائقة، أو تهديدية، أو عدائية أو غير مقبولة من أي نوع بما في ذلك أي مواد تشجع على أي سلوك غير قانوني أو أي سلوك قد يشجع على انتهاك حقوق الملكية الفكرية للآخرين أو ينتهك أي قانون محلي أو إقليمي أو دولي قد يتعارض مع التشغيل الطبيعي للموقع واستخدامه أو ينتهك تلك الحقوق. أنت توافق على عدم الوصول إلى الموقع بأي وسيلة أخرى غير تلك المخصصة عبر الواجهة الرسمية له. عرض أو تشغل الموقع أو أي معلومات أو مواد يحتويها الموقع في إطارات أو من خلال أي وسائل مشابهة على موقع إلكتروني آخر بدون تخويلنا المسبق يُعد أمرًا محظورًا. يجب أن تلتزم بأي روابط مسموح بها إلى الموقع بالقوانين والقواعد واللوائح المعمول بها.</span></span></span></p>\r\n\r\n<h2 dir=\"rtl\" style=\"text-align:right\"><span style=\"font-size:17pt\"><span style=\"font-family:Arial\"><span style=\"color:#000000\"><strong>د-إنهاء الحساب</strong></span></span></span></h2>\r\n\r\n<p dir=\"rtl\" style=\"text-align:right\"><span style=\"font-size:11pt\"><span style=\"font-family:Arial\"><span style=\"color:#000000\">نحتفظ بحقنا في إنهاء أي حساب إذا اعتبرنا طلبك احتيالي أو كانت بطاقة الائتمان الخاصة بك متنازع عليها. أنت توافق على أننا قد نوقف أو نعلق وصولك إلى كافة الموقع أو جزء منه مع أو بدون إخطار منا بذلك بناءًا على أي سلوك تقوم به ونعتبره نحن وفقًا لتقديرنا الخاص ، أو القوانين، أو اللوائح، أو نعتبره يلحق الأذى بمستخدم آخر أو بنا نحن أو بالشركات التابعة لنا.</span></span></span></p>\r\n\r\n<h2 dir=\"rtl\" style=\"text-align:right\"><span style=\"font-size:17pt\"><span style=\"font-family:Arial\"><span style=\"color:#000000\"><strong>التحقق من الحساب</strong></span></span></span></h2>\r\n\r\n<p dir=\"rtl\" style=\"text-align:right\"><span style=\"font-size:11pt\"><span style=\"font-family:Arial\"><span style=\"color:#000000\">جميع الحسابات، وعمليات الشراء المؤهلة، تخضع للتحقق وفقًا لتقدير شركة مجموعة العناية الوطنية . تحتفظ مجموعة العناية الوطنية بحقها في إلغاء أو إبطال وتعليق/حظر حسابك من أي عنوان بروتوكول إنترنت (IP) أو جهاز تم اكتشاف أو الاشتباه في أي نشاط احتيالي أو مشبوه صادر منه. في حالة وجود أي نزاعات تتعلق بشروط الاستخدام هذه، فإن أي قرار تتخذه&nbsp; الشركة سيكون نهائيًا وغير قابل للنقض في أي حالة. سوف ترسل لك مجموعة العناية الوطنية&nbsp; إشعارًا بالبريد الإلكتروني عند إيقاف حسابك مؤقتًا أو حظره، شريطة أن تكون قد اشتركت في تلقي الاشعارات، والتي يمكنك التحقق منها في صفحة تفضيلات الاتصال الخاصة بك</span></span></span></p>\r\n\r\n<p>&nbsp;</p>\r\n\r\n<h2 dir=\"rtl\" style=\"text-align:right\"><span style=\"font-size:17pt\"><span style=\"font-family:Arial\"><span style=\"color:#000000\"><strong>الإلغاء</strong></span></span></span></h2>\r\n\r\n<p dir=\"rtl\" style=\"text-align:right\"><span style=\"font-size:11pt\"><span style=\"font-family:Arial\"><span style=\"color:#000000\">سيبقى اشتراكك ساريًا حتى تقوم أنت بإلغائه. يمكنك إلغائه في أي وقت.</span></span></span></p>\r\n\r\n<h2 dir=\"rtl\" style=\"text-align:right\"><span style=\"font-size:17pt\"><span style=\"font-family:Arial\"><span style=\"color:#000000\"><strong>٢. استخدام الرخصة</strong></span></span></span></h2>\r\n\r\n<p dir=\"rtl\" style=\"text-align:right\"><span style=\"font-size:11pt\"><span style=\"font-family:Arial\"><span style=\"color:#000000\">يتم منح الإذن بالتنزيل المؤقت لنسخة واحدة من المواد (المعلومات أو البرامج) المتوفرة على الموقع الإلكتروني والمملوك لشركة</span></span></span></p>\r\n\r\n<p dir=\"rtl\" style=\"text-align:right\"><span style=\"font-size:11pt\"><span style=\"font-family:Arial\"><span style=\"color:#000000\">، وذلك بغرض الاستخدامات الشخصية غير التجارية فقط. يعد هذا بمثابة ترخيص مؤقت لأستخدام فقط، ولايعتبر بمثابة نقل للملكية، وبموجب هذا الترخيص المؤقت فإنه لا يجوز لكالتصرف كمالك أو التعدي على حقوق الملكية أو القيام بالتالي &bull; تعديل أو نسخ المواد. &bull; استخدام المواد لأي غرض تجاري ، أو لأي غرض عام (تجاري أو غير تجاري) ؛ &bull; محاولة فك هندسة أي برنامج موجود على موقع شركة مجموعة الرعاية الوطنية الطبية. &bull; إزالة أي حقوق الملكية الفكرية أو التأليف والنشر أو غيرها من تدوينات الملكية من المواد الموجودة في الموقع ؛ أو &bull; نقل المواد إلى شخص آخر أو &quot;نسخ&quot; المواد الموجودة على أي خادم آخر. .</span></span></span></p>\r\n\r\n<p dir=\"rtl\" style=\"text-align:right\"><span style=\"font-size:11pt\"><span style=\"font-family:Arial\"><span style=\"color:#000000\">ينتهي هذا الترخيص تلقائيًا إذا انتهكت أيًا من هذه القيود وقد يتم إنهاؤه من قبل شركة مجموعة الرعاية الوطنية في أي وقت. عند إنهاء عرضك لهذه المواد أو عند إنهاء هذا الترخيص ، يجب عليك تدمير أي مواد تم تنزيلها في حوزتك سواء في شكل إلكتروني أو مطبوع.</span></span></span></p>\r\n\r\n<h2 dir=\"rtl\" style=\"text-align:right\"><span style=\"font-size:17pt\"><span style=\"font-family:Arial\"><span style=\"color:#000000\"><strong>٣. إخلاء المسؤولية عن أي التزام</strong></span></span></span></h2>\r\n\r\n<p dir=\"rtl\" style=\"text-align:right\"><span style=\"font-size:11pt\"><span style=\"font-family:Arial\"><span style=\"color:#000000\">يتم تقديم المواد المتوفرة على موقع شركة&nbsp; مجموعة العناية الوطنية على أساس &quot;كما هي&quot;. لا تقدم شركة مجموعة الرعاية الوطنية أي ضمانات صريحة أو ضمنية بشأن هذه المواد، وهي بذلك تخلي مسؤوليتها وتنفي عن نفسها كافة الإلتزامات والضمانات الأخرى، بما في ذلك وبدون حصر، الضمانات أو الشروط الضمنية المتعلقة بالتسويق أو الخاصة بملاءمة وجود وفعالية هذه المواد لغرض معين، أو الخاصة بالالتزام بعدم التعدي على الملكية الفكرية أو أي انتهاك آخر للحقوق.</span></span></span></p>\r\n\r\n<p dir=\"rtl\" style=\"text-align:right\"><span style=\"font-size:11pt\"><span style=\"font-family:Arial\"><span style=\"color:#000000\">علاوة على ذلك، لا تلتزم شركة مجموعة الرعاية الوطنية بضمان أو تقدم أي تعهدات تتعلق بدقة المواد المتوفرة على موقعها على شبكة الانترنت، وكذلك الحال بالنسبة للنتائج، أو غيرها من المواد التي قد ترتبط بمثل هذه المواد أو أي مواقع إلكترونية أخرى مرتبطة بهذا الموقع.</span></span></span></p>\r\n\r\n<p dir=\"rtl\" style=\"text-align:right\"><span style=\"font-size:11pt\"><span style=\"font-family:Arial\"><span style=\"color:#000000\">أنت توافق على أن استخدام الموقع أو المشاركة في أي برنامج يكون على مسؤوليتك الخاصة. الموقع والبرنامج والمواد المحتواة هنا في هذا المستند منصوص عليها كأسس &quot;كما هي&quot; و&quot;وفقًا لتوفرها&quot;،وشركة مجموعة الرعاية الوطنية ومسؤوليها المعنيين، والمديرين، والموظفين، والممثلين الآخرين، وخلفائها، والمعينين من قبلها (ويُشار إليها جميعها لاحقًا باسم، &quot;كيانات شركة مجموعة الرعاية الوطنية &quot;) يقومون جميعًا بنفي والتبروء من جميع الضمانات أيًا كان نوعها، سواءًا صراحةً أو ضمنيًا، بما في ذلك على سبيل المثال لا الحصر الضمانات الضمنية بالرواج التجاري والملائمة لغرض معين وعدم المخالفة. بدون تقييد عموم ما سيلي ذكره، ولأقصى حد يسمح به القانون الساري، تخلي كيانات شركة مجموعة الرعاية الوطنية مسؤوليتها صراحةً عن أي عيوب في المنتجات أو قصور، أو أي دعاوى ناشئة حول التلف وسوء استخدام المنتج أو تعديله أو اختيار منتج غير مناسب أو غير صحيح وعدم اتباع التعليمات المطبوعة على المنتج.</span></span></span></p>\r\n\r\n<p dir=\"rtl\" style=\"text-align:right\"><span style=\"font-size:11pt\"><span style=\"font-family:Arial\"><span style=\"color:#000000\">كيانات شركة مجموعة الرعاية الوطنية لا تقدم أي ضمانات بأن الموقع أو أي برنامج سيلبي متطلباتك، أو أن الموقع سيكون متوفر في الوقت المناسب، أو آمن، أو خالي من الأخطاء، أو غير متقطع، أو لا يمكن تهكيره أو أن النتائج التي يتم الحصول عليها من الموقع أو من أي برنامج ستكون دقيقة أو موثوقة، أو أن جودة المنتجات والخدمات والمعلومات والمواد الأخرى التي حصلت عليها من الموقع ستفي بتوقعاتك منها أو أن أي خطأ في الموقع سيتم إصلاحه. لا تضمن شركة مجموعة الرعاية الوطنية أو تتعهد بان المواد الواردة في الموقع خالية من الأخطاء أو دقيقة أو كاملة أو موثوقة أو حديثة. كما أن شركة مجموعة الرعاية الوطنية غير مسؤولة عن أخطاء الطباعة، أو الحذف، أو الاختصار فيما يتعلق بالتسعير، أو وصف المنتج، أو خطأ املائي أو أي نصوص أو صور. أي مواد يتم تنزيلها أو الحصول عليها بطريقة أخرى من الموقع أو عبر أي برنامج تكون على مسؤوليتك الخاصة وأنت الوحيد المسؤول عن أي ضرر قد يحدث لنظام الكمبيوتر الخاص بك أو فقدان البيانات الذي قد ينتج عن تنزيل أي مواد. لا توجد أي معلومات قد تحصل عليها من الموقع أو أي برنامج قد تشكل أو تمنح ضمانات تتعلق بهذا الموقع . لا تقدم شركة مجموعة الرعاية الوطنية أي ضمان أو كفالة فيما يتعلق بأي منتجات أو خدمات يتم بيعها. لا نتحمل أي مسؤولية عن أي أضرار ناتجة عن أي معلومات أو منتجات أو خدمات مقدمة من قبل أطراف خارجية حتى لو تم إخطارنا باحتمالية حدوث هذه الأضرار. ليست هناك أي حالة قد تفرض على كيانات شركة مجموعة الرعاية الوطنية التزامات ناتجة عن أي أضرار غير مباشرة أو عرضية أو خاصة أو تتبعية (بما في ذلك الأضرار المتمثلة في خسارة العمل التجاري، أو خسارة أرباح، أو خسارة نية حسنة، أو خسارة استخدام، أو خسارة بيانات، أو تكلفة شراء بضائع بديلة، أو خدمات أو معلومات، أو المقاضاة أو ما شابه)، سواء على أساس مخالفة سلوك، أو أضرار (بما في ذلك الإهمال)، أو ما إلى ذلك. حتى في حالة إخطار كيانات شركة مجموعة الرعاية الوطنية بإمكانية حدوث مثل هذه الأضرار. قيود الالتزامات الموضحة أعلاه في هذا المستند تعتبر عناصر جوهرية لأسس الترتيب بينك وبين شركة شركة مجموعة العناية الوطنية . لن يتم توفير المنتجات والمعلومات والبرامج والخدمات المقدمة عبر وعلى الموقع بدون هذه القيود.</span></span></span></p>\r\n\r\n<h2 dir=\"rtl\" style=\"text-align:right\"><span style=\"font-size:17pt\"><span style=\"font-family:Arial\"><span style=\"color:#000000\"><strong>التعويض</strong></span></span></span></h2>\r\n\r\n<p dir=\"rtl\" style=\"text-align:right\"><span style=\"font-size:11pt\"><span style=\"font-family:Arial\"><span style=\"color:#000000\">أنت توافق على تعويض، والدفاع عن، وحماية شركة مجموعة الرعاية الوطنية من أي خسائر أو نفقات أو تكاليف أو أضرار بما في ذلك رسوم المحاماة الناتجة عن استخدامك للموقع أو عدم قدرتك على استخدامه، أو مشاركتك في أي برنامج، أو أي منتجات أو خدمات قمت بشراؤها أو الحصول عليها بطريقة تتصل بالموقع، أو أي منشورات به، أو أي أنشطة متعلقة بحسابك سواء كانت من خلالك أو من خلال شخص آخر، أو انتهاكك لهذه الشروط ، أو انتهاكك لحقوق أي أطراف خارجية، أو انتهاكك لأي قوانين أو قواعد أو لوائح معمول بها. أنت توافق على التعاون بشكل تام ومعقول للدفاع عن أي من هذه الدعاوى. نحتفظ بحقنا في الدفاع الحصري والتحكم في أي موضوع لتعويضك بموجب هذا القسم أو في حالة تعين عليك تعويضنا لرسوم وأتعاب المحاماة بالإضافة إلى أي خسائر أو دعاوى أو أضرار والتزامات تكبدناها كنتيجة لهذه الدعوى.</span></span></span></p>\r\n\r\n<h2 dir=\"rtl\" style=\"text-align:right\"><span style=\"font-size:17pt\"><span style=\"font-family:Arial\"><span style=\"color:#000000\"><strong>حقوق النشر، والعلامات التجارية، وحقوق الملكية الفكرية الأخرى</strong></span></span></span></h2>\r\n\r\n<p dir=\"rtl\" style=\"text-align:right\"><span style=\"font-size:11pt\"><span style=\"font-family:Arial\"><span style=\"color:#000000\">أنت تقر بأن هذا الموقع وجميع المواد على الموقع أو التي يتم توفيرها فيما يتعلق بالبرامج، بما في ذلك على سبيل المثال لا الحصر تصميم الموقع أو البرامج، والنصوص والجرافيك، والأصوات، والصور، والبرامج، والملفات، والمظهر والشعور، والاختيارات والترتيبات الأخرى الموجودة به (ويُشار إليها جميعها لاحقًا باسم &quot;المواد&quot;) هي ملكية خاصة بنا وخاضعة لقوانين وحقوق الملكية الفكرية وحقوق النشر.و العلامات التجارية، وعلامات الخدمات، والسمات التجارية، والأسماء التجارية، والشعارات (ويُشار إليها جميعها لاحقًا باسم &quot;العلامات&quot;) التي يحتويها الموقع وهي كلها ملكية حصرية لشركة مجموعة الرعاية الوطنية أو الشركات التابعة لها.</span></span></span></p>\r\n\r\n<h2 dir=\"rtl\" style=\"text-align:right\"><span style=\"font-size:17pt\"><span style=\"font-family:Arial\"><span style=\"color:#000000\"><strong>٤. القيود</strong></span></span></span></h2>\r\n\r\n<p dir=\"rtl\" style=\"text-align:right\"><span style=\"font-size:11pt\"><span style=\"font-family:Arial\"><span style=\"color:#000000\">لا تتحمل شركة مجموعة الرعاية الوطنية أو أي من مورديها بأي حال من الأحوال المسؤولية عن أي أضرار (بما في ذلك، ومن دون حصر، الأضرار الناجمة عن فقدان البيانات أو الأرباح، أو الناتجة عن توقف الأعمال) والتي قد تترتب على استخدام أو عدم القدرة على استخدام المواد المتوفرة على الموقع الإلكتروني لشركة مجموعة الرعاية الوطنية الطبية، حتى وإن قامت شركة مجموعة الرعاية الوطنية أو أي من مندوبيها بالإبلاغ شفويا أو خطيا عن احتمال وقوع مثل هذه الأضرار. بحكم أن بعض السلطات القضائية لا تسمح بفرض قيود على الضمانات الضمنية، أو تحديد المسؤولية عن الأضرار التبعية أو العرضية، فإن مثل هذه القيود قد لا تنطبق عليك.</span></span></span></p>\r\n\r\n<h2 dir=\"rtl\" style=\"text-align:right\"><span style=\"font-size:17pt\"><span style=\"font-family:Arial\"><span style=\"color:#000000\"><strong>٥. دقة المواد</strong></span></span></span></h2>\r\n\r\n<p dir=\"rtl\" style=\"text-align:right\"><span style=\"font-size:11pt\"><span style=\"font-family:Arial\"><span style=\"color:#000000\">قد تتضمن المواد التي تظهر على موقع شركة مجموعة الرعاية الوطنية أخطاء تقنية أو مطبعية أو فوتوغرافية. لا تضمن شركة مجموعة الرعاية الوطنية أن أي من المواد الواردة على موقعها الإلكتروني هي دقيقة أو كاملة أو محدثة. قد تُجري شركة مجموعة الرعاية الوطنية تغييرات على المواد الواردة على موقعها دون إشعار مسبق. ومع ذلك فإن شركة مجموعة الرعاية الوطنية لا تقدم أي التزام بتحديث هذه المواد.</span></span></span></p>\r\n\r\n<h2 dir=\"rtl\" style=\"text-align:right\"><span style=\"font-size:17pt\"><span style=\"font-family:Arial\"><span style=\"color:#000000\"><strong>٦. الروابط</strong></span></span></span></h2>\r\n\r\n<p dir=\"rtl\" style=\"text-align:right\"><span style=\"font-size:11pt\"><span style=\"font-family:Arial\"><span style=\"color:#000000\">لم تقم شركة مجموعة الرعاية الوطنية بمراجعة جميع المواقع المرتبطة بموقعها الإلكتروني، وهي ليست مسؤولة عن محتويات أي من هذه المواقع. وجود أي رابط على موقع شركة مجموعة الرعاية الوطنية لا يعني تزكية الموقع الخاص بهذا الرابط. تقع مسؤولية استخدام أي موقع مرتبط بمثل هذه الروابط على المستخدم وحده.</span></span></span></p>\r\n\r\n<h2 dir=\"rtl\" style=\"text-align:right\"><span style=\"font-size:17pt\"><span style=\"font-family:Arial\"><span style=\"color:#000000\"><strong>٧. التعديلات</strong></span></span></span></h2>\r\n\r\n<p dir=\"rtl\" style=\"text-align:right\"><span style=\"font-size:11pt\"><span style=\"font-family:Arial\"><span style=\"color:#000000\">قد تقوم شركة مجموعة الرعاية الوطنية بتعديل شروط الخدمة الخاصة بموقعها الإلكتروني في أي وقت دون إشعار مسبق. باستخدامك لهذا الموقع، فأنت توافق على الالتزام بالإصدار الحالي من شروط الخدمة هذه. حيث أن هذه الشروط قد تتغير بصفة دورية ويتم مراجعتها في أي وقت ومن وقت لآخر وفقًا لتقديرنا الخاص عبر تحديث هذا المنشور. ينبغي عليك مراجعة هذا المنشور من وقت لآخر للاطلاع على شروط الاستخدام أول بأول لأنها ملزمة لك. استخدامك المستمر للموقع يعني أنك توافق على أي تغييرات أو تعديلات قد نجريها أو أجرينها بالفعل على هذه الشروط. .</span></span></span></p>\r\n\r\n<h2 dir=\"rtl\" style=\"text-align:right\"><span style=\"font-size:17pt\"><span style=\"font-family:Arial\"><span style=\"color:#000000\"><strong>٨. القانون المنظم</strong></span></span></span></h2>\r\n\r\n<p dir=\"rtl\" style=\"text-align:right\"><span style=\"font-size:11pt\"><span style=\"font-family:Arial\"><span style=\"color:#000000\">تخضع هذه الشروط والأحكام ويؤول تفسيرها إلى قوانين دولة الكويت وتخضع أنت كذلك وبشكل غير قابل للنقض للاختصاص القضائي الحصري لمحاكم دولة الكويت .</span></span></span></p>\r\n\r\n<h2 dir=\"rtl\" style=\"text-align:right\"><span style=\"font-size:17pt\"><span style=\"font-family:Arial\"><span style=\"color:#000000\"><strong>٩. حسابك</strong></span></span></span></h2>\r\n\r\n<p dir=\"rtl\" style=\"text-align:right\"><span style=\"font-size:11pt\"><span style=\"font-family:Arial\"><span style=\"color:#000000\">أنت مسؤول عن الحفاظ على سرية حسابك وكلمة المرور وتحديد من يصل إلى جهاز الكمبيوتر الخاص بك، كما أنك توافق على قبول المسؤولية عن جميع الأنشطة التي تتم من خلال حسابك أو كلمة المرور الخاصة بك. إذا كان عمرك أقل من 18 سنة، فلا يجوز لك استخدام خدمات شركة مجموعة الرعاية الوطنية إلا بإشراك أحد الوالدين أو ولي الأمر. تحتفظ شركة مجموعة الرعاية الوطنية بالحق في رفض تقديم الخدمة، أو إنهاء الحسابات، أو إزالة أو ودون أدنى مسؤولية قانونية أو مالية عليها تعديل المحتوى، أو إلغاء الأوامر وفقا لتقديرها الخاص.</span></span></span></p>\r\n\r\n<h2 dir=\"rtl\" style=\"text-align:right\"><span style=\"font-size:17pt\"><span style=\"font-family:Arial\"><span style=\"color:#000000\"><strong>١٠. التوصيل</strong></span></span></span></h2>\r\n\r\n<ul>\r\n	<li dir=\"rtl\" style=\"list-style-type:disc\"><span style=\"font-size:11pt\"><span style=\"font-family:Arial\"><span style=\"color:#000000\">لا يشترط الشراء بمبلغ معين للإستفادة من خدمة التوصيل.</span></span></span></li>\r\n	<li dir=\"rtl\" style=\"list-style-type:disc\"><span style=\"font-size:11pt\"><span style=\"font-family:Arial\"><span style=\"color:#000000\">يتم تطبيق رسوم شحن قدرها 1.5 دينار كويتي.</span></span></span></li>\r\n	<li dir=\"rtl\" style=\"list-style-type:disc\"><span style=\"font-size:11pt\"><span style=\"font-family:Arial\"><span style=\"color:#000000\">تتوفر خدمة التوصيل كل يوم: من السبت للخميس من 10 صباحًا وحتى 10 مساء، ويوم الجمعة من 1 مساءً إلى 10 مساءً.</span></span></span></li>\r\n</ul>\r\n\r\n<h2 dir=\"rtl\" style=\"text-align:right\"><span style=\"font-size:17pt\"><span style=\"font-family:Arial\"><span style=\"color:#000000\"><strong>١١. الدفع</strong></span></span></span></h2>\r\n\r\n<ul>\r\n	<li dir=\"rtl\" style=\"list-style-type:disc\"><span style=\"font-size:11pt\"><span style=\"font-family:Arial\"><span style=\"color:#000000\">يمكن الدفع عن طريق بطاقات كي نت، البطاقات الائتمانية، أبل باي أو الدفع عن الاستلام.</span></span></span></li>\r\n	<li dir=\"rtl\" style=\"list-style-type:disc\"><span style=\"font-size:11pt\"><span style=\"font-family:Arial\"><span style=\"color:#000000\">سيتم احتساب المبالغ بالدينار الكويتي.</span></span></span></li>\r\n	<li dir=\"rtl\" style=\"list-style-type:disc\"><span style=\"font-size:11pt\"><span style=\"font-family:Arial\"><span style=\"color:#000000\">سيتم استرداد مبالغ الطلبات الملغية قبل التوصيل إلى نفس البطاقة المستخدمة خلال 7-14 يوم عمل.</span></span></span></li>\r\n	<li dir=\"rtl\" style=\"list-style-type:disc\"><span style=\"font-size:11pt\"><span style=\"font-family:Arial\"><span style=\"color:#000000\">في خصومات و عروض الحبات المجانية ، تُقَـدَم القطعة الأقل سعراً مجاناً.</span></span></span></li>\r\n</ul>\r\n\r\n<h2 dir=\"rtl\" style=\"text-align:right\"><span style=\"font-size:17pt\"><span style=\"font-family:Arial\"><span style=\"color:#000000\"><strong>١٢. الاستبدال والاسترجاع</strong></span></span></span></h2>\r\n\r\n<ul>\r\n	<li dir=\"rtl\" style=\"list-style-type:disc\"><span style=\"font-size:11pt\"><span style=\"font-family:Arial\"><span style=\"color:#000000\">يمكنك رد أو استبدال ما قمت بشرائه وفقاً للشروط التالية: في حال تم إلغاء الطلب قبل التوصيل ، فسيتم استرداد مبلغ الشراء بالكامل بالإضافة إلى رسوم التوصيل إلى نفس بطاقة الائتمان المستخدمة خلال 7-14 يوم عمل. في حال استرجاع أو استبدال الطلب بعد التوصيل ، فسيتم استرداد مبلغ الشراء بالكامل إلى نفس بطاقة الائتمان المستخدمة خلال 7-14 يوم عمل دون استرداد رسوم التوصيل حيث انه تم الاستفادة من الخدمة.</span></span></span></li>\r\n	<li dir=\"rtl\" style=\"list-style-type:disc\"><span style=\"font-size:11pt\"><span style=\"font-family:Arial\"><span style=\"color:#000000\">لإعادة أو استبدال المنتجات المشتراة من موقع&nbsp; شركة مجموعة الرعاية الوطنية خلال 14 أيام من عملية الشراء، يجب إرسال&nbsp; صورة الفاتورة&nbsp; لإتمام أي عملية استرجاع أو استبدال.</span></span></span></li>\r\n	<li dir=\"rtl\" style=\"list-style-type:disc\"><span style=\"font-size:11pt\"><span style=\"font-family:Arial\"><span style=\"color:#000000\">في حالة إرجاع عروض 1+1 أو 2+1 أو خصم على الحبة الثانية يجب إرجاع مجموعة العرض كاملة.</span></span></span></li>\r\n	<li dir=\"rtl\" style=\"list-style-type:disc\"><span style=\"font-size:11pt\"><span style=\"font-family:Arial\"><span style=\"color:#000000\">في حالة ارجاع أصناف العروض، يجب ارجاع كامل أصناف مجموعة العرض بقيمتها وقت العرض.</span></span></span></li>\r\n	<li dir=\"rtl\" style=\"list-style-type:disc\"><span style=\"font-size:11pt\"><span style=\"font-family:Arial\"><span style=\"color:#000000\">فاتورة الشراء ضرورية لتقديم خدمة الإرجاع والاستبدال، وذلك خلال 7 أيام من تاريخ الشراء.</span></span></span></li>\r\n	<li dir=\"rtl\" style=\"list-style-type:disc\"><span style=\"font-size:11pt\"><span style=\"font-family:Arial\"><span style=\"color:#000000\">يجب أن تكون الأصناف في حالتها الأصلية دون تغيير (مثل تغير اللون أو وجود قطع بها) أو الفتح.</span></span></span></li>\r\n	<li dir=\"rtl\" style=\"list-style-type:disc\"><span style=\"font-size:11pt\"><span style=\"font-family:Arial\"><span style=\"color:#000000\">في حالة إعادة المشتريات مقابل المال، سيتم خصم النقاط المستفادة من المشتريات من حسابك في برنامج النقاط.</span></span></span></li>\r\n	<li dir=\"rtl\" style=\"list-style-type:disc\"><span style=\"font-size:11pt\"><span style=\"font-family:Arial\"><span style=\"color:#000000\">في حال تم إلغاء الطلب قبل التوصيل ، فسيتم استرداد مبلغ الشراء بالكامل بالإضافة إلى رسوم التوصيل إلى نفس بطاقة الائتمان المستخدمة خلال 7-14 يوم عمل.</span></span></span></li>\r\n</ul>',NULL,NULL),(16,8,'Terms and Conditions','en','<p dir=\"ltr\"><strong>1. Terms and Conditions</strong></p>\r\n\r\n<p dir=\"ltr\">By using and accessing the website www.national-g.com, you acknowledge and agree to comply with these terms. You also agree and accept to abide by all applicable laws and regulations and acknowledge that you are responsible for complying with any valid local laws. If you do not agree to any of these terms, you are not authorized to use or access this website. All materials on this website are protected by copyright laws and trademark protection laws. If you do not agree to these terms, do not access, use, share, or disclose any personal information to us.</p>\r\n\r\n<p dir=\"ltr\"><strong>No professional healthcare advice</strong></p>\r\n\r\n<p dir=\"ltr\">The products and claims related to specific products on the website or through it are not evaluated by the General Authority for Food and Drug Administration (FDA) or authorized for diagnosing, treating, preventing, or curing any diseases.</p>\r\n\r\n<p dir=\"ltr\">The website is not intended for diagnosing or treating any disease or providing specialized medical advice. The products, services, information, and other content provided by the website directly or through links to other external websites are for informational purposes only. Please consult a physician or other healthcare professional regarding any medical or health-related diagnosis or treatment options.</p>\r\n\r\n<p dir=\"ltr\">The information available on the website and through external links, as well as information related to medical conditions, health, treatments, or products, may be presented in a summarized manner. The information available on the website, including any product labels or packaging, should not be considered a substitute for specialized medical advice under any circumstances. The website does not recommend self-management of health problems. The information available on the website is not comprehensive and does not cover all diseases, health conditions, medical conditions, or their treatments. If you have any questions in such cases, contact your healthcare provider immediately and do not delay or postpone seeking medical advice based on information you may have read on the website.</p>\r\n\r\n<p dir=\"ltr\">Links to or access from websites or external resources do not imply endorsement of any information, products, or services provided. We do not assume any responsibility for the content or performance of any externally linked website. Your use of any externally linked website is at your own responsibility.</p>\r\n\r\n<p dir=\"ltr\">You should not use the information or services available on the website to diagnose or treat any health problems or describe any medications or other treatments. You should always consult your healthcare provider and read the information provided by the manufacturer with the product and on any product labels or packaging before taking any medications, dietary supplements, herbal or alternative products, or before starting any exercise or dietary program or any treatment for health problems. People are different, and their reactions to different products may vary. You should consult your doctor regarding interactions between the medications you are taking and dietary supplements. The comments posted on any forum affiliated with the website by the staff or users of the website are solely their personal opinions and do not constitute claims made officially or express our own opinions or positions. Product ratings recommended by current or former staff members or users of the website are their personal opinions and should not be considered a substitute for appropriate medical care or advice from a professional healthcare provider. We do not assume any responsibility for any information available on the website regarding recommendations related to dietary supplements for any health purpose.</p>\r\n\r\n<p dir=\"ltr\">Always check the product label or packaging before using the product. If there are any discrepancies, customers should follow the instructions provided on the product label or packaging without any responsibility on our part. You should directly contact the manufacturer to clarify any details stated on the label, packaging, and recommended usage.</p>\r\n\r\n<p dir=\"ltr\"><strong>Use and Termination</strong></p>\r\n\r\n<p dir=\"ltr\">&nbsp;</p>\r\n\r\n<p dir=\"ltr\">By using our website, you acknowledge and agree that you are at least eighteen (18) years old or older and that you are fully capable and qualified to consent to the use of the website. If you are under 18 years old, you are not allowed to use this website unless you involve a parent or legal guardian.</p>\r\n\r\n<p dir=\"ltr\"><strong>A. Account Setup and Usage</strong><br />\r\nYou are required to create an account on the website to use certain features such as purchasing. You agree to provide accurate, truthful, complete, and current information about yourself as requested by the website and to update this information as soon as possible to maintain its accuracy, validity, completeness, and currency. If you provide inaccurate, false, incomplete, outdated information, or if it becomes apparent to us, at our sole discretion, that this information is inaccurate, false, incomplete, or outdated, we reserve the right to terminate your account and ban any or all of your current or future uses of the website. During the registration process, you will create a username and password. You are responsible for the confidentiality of your account and password. Therefore, you agree to immediately notify us of any unauthorized use of your account, password, or any other security breaches by ensuring to log out of your account after each session. You also agree to be responsible for all changes resulting from unauthorized use of your account. We assume no responsibility for your failure to comply with this section.</p>\r\n\r\n<p dir=\"ltr\"><strong>B. Website Usage</strong><br />\r\nYou agree to use the website for lawful and legitimate purposes and accept responsibility for your use and communications on the website. You agree not to post or transmit any unlawful, offensive, defamatory, obscene, indecent, inappropriate, threatening, hostile, or otherwise unacceptable materials of any kind, including any materials that encourage any unlawful behavior or behavior that may encourage the infringement of intellectual property rights of others or violate any local, regional, or international laws that may conflict with the normal operation and use of the website or violate those rights. You agree not to access the website through any means other than those provided through its official interface. Displaying or operating the website or any information or materials contained therein within frames or through any similar means on another website without our prior authorization is prohibited. You must comply with any permitted links to the website as per applicable laws, rules, and regulations.</p>\r\n\r\n<p dir=\"ltr\"><strong>C. Account Termination</strong><br />\r\nWe reserve the right to terminate any account if we deem your request to be fraudulent or if your credit card is disputed. You agree that we may suspend or block your access to the entire website or a portion thereof, with or without notice, based on any behavior we deem, at our sole discretion, to be in violation of our terms, laws, regulations, or that may harm another user, us, or our affiliated companies.</p>\r\n\r\n<p dir=\"ltr\"><strong>Account Verification</strong><br />\r\nAll accounts and eligible purchase transactions are subject to verification at the discretion of the National Care Group. The National Care Group reserves the right to cancel, revoke, suspend, or ban your account from any Internet Protocol (IP) address or device identified or suspected of fraudulent or suspicious activity. In the event of any disputes related to these terms of use, any decision made by the company shall be final and non-appealable. The National Care Group will send you an email notification when your account is temporarily suspended or banned, provided that you have subscribed to receive notifications, which you can check in your contact preferences page.</p>\r\n\r\n<p dir=\"ltr\"><strong>cancellation</strong></p>\r\n\r\n<p dir=\"ltr\">Your subscription will remain valid until you cancel it. You can cancel it at any time.</p>\r\n\r\n<p dir=\"ltr\"><strong>2. License to Use</strong></p>\r\n\r\n<p dir=\"ltr\">Permission is granted to temporarily download one copy of the materials (information or software) available on the website owned by [Company Name] for personal, non-commercial use only. This is a temporary license for use only and does not constitute a transfer of ownership. Under this temporary license, you are not allowed to:</p>\r\n\r\n<p dir=\"ltr\">- Modify or copy the materials.<br />\r\n- Use the materials for any commercial purpose, or for any public display (commercial or non-commercial).<br />\r\n- Attempt to decompile or reverse engineer any software contained on the website of [Company Name].<br />\r\n- Remove any intellectual property, copyright, or other proprietary notations from the materials on the website.<br />\r\n- Transfer the materials to another person or &quot;mirror&quot; the materials on any other server.</p>\r\n\r\n<p dir=\"ltr\">This license automatically terminates if you violate any of these restrictions and may be terminated by [Company Name] at any time. Upon termination of your viewing of these materials or upon the termination of this license, you must destroy any downloaded materials in your possession, whether in electronic or printed format.</p>\r\n\r\n<p dir=\"ltr\">&nbsp;</p>\r\n\r\n<p dir=\"ltr\"><strong><span style=\"font-size:11pt\"><span style=\"font-family:Arial\"><span style=\"color:#000000\">Cancellation</span></span></span></strong></p>\r\n\r\n<p dir=\"ltr\"><span style=\"font-size:11pt\"><span style=\"font-family:Arial\"><span style=\"color:#000000\">Your subscription will remain active until you cancel it. You can cancel it at any time.</span></span></span></p>\r\n\r\n<p dir=\"ltr\">&nbsp;</p>\r\n\r\n<p dir=\"ltr\"><strong><span style=\"font-size:11pt\"><span style=\"font-family:Arial\"><span style=\"color:#000000\">2. License Usage</span></span></span></strong></p>\r\n\r\n<p dir=\"ltr\"><span style=\"font-size:11pt\"><span style=\"font-family:Arial\"><span style=\"color:#000000\">Permission is granted to temporarily download one copy of the materials (information or software) available on the website owned by [national care group&nbsp; Name] for personal, non-commercial use only. This is a temporary license for use only and does not constitute a transfer of ownership. Under this temporary license, you are not allowed to:&nbsp;</span></span></span></p>\r\n\r\n<p dir=\"ltr\"><span style=\"font-size:11pt\"><span style=\"font-family:Arial\"><span style=\"color:#000000\">- Modify or copy the materials.</span></span></span></p>\r\n\r\n<p dir=\"ltr\"><span style=\"font-size:11pt\"><span style=\"font-family:Arial\"><span style=\"color:#000000\">- Use the materials for any commercial purpose, or for any public display (commercial or non-commercial).</span></span></span></p>\r\n\r\n<p dir=\"ltr\"><span style=\"font-size:11pt\"><span style=\"font-family:Arial\"><span style=\"color:#000000\">- Attempt to decompile any software contained on the [national care group&nbsp; Name] website.</span></span></span></p>\r\n\r\n<p dir=\"ltr\"><span style=\"font-size:11pt\"><span style=\"font-family:Arial\"><span style=\"color:#000000\">- Remove any intellectual property rights, copyright notices, or other proprietary notations from the materials on the website.</span></span></span></p>\r\n\r\n<p dir=\"ltr\"><span style=\"font-size:11pt\"><span style=\"font-family:Arial\"><span style=\"color:#000000\">- Transfer the materials to another person or &quot;mirror&quot; the materials on any other server.</span></span></span></p>\r\n\r\n<p dir=\"ltr\">&nbsp;</p>\r\n\r\n<p dir=\"ltr\"><span style=\"font-size:11pt\"><span style=\"font-family:Arial\"><span style=\"color:#000000\">This license will automatically terminate if you violate any of these restrictions and may be terminated by [national care group&nbsp; Name] at any time. Upon termination of your viewing of these materials or upon the termination of this license, you must destroy any downloaded materials in your possession, whether in electronic or printed format.</span></span></span></p>\r\n\r\n<p dir=\"ltr\">&nbsp;</p>\r\n\r\n<p dir=\"ltr\"><strong><span style=\"font-size:11pt\"><span style=\"font-family:Arial\"><span style=\"color:#000000\">3. Disclaimer of Any Liability</span></span></span></strong></p>\r\n\r\n<p dir=\"ltr\"><span style=\"font-size:11pt\"><span style=\"font-family:Arial\"><span style=\"color:#000000\">The materials available on the [national care group&nbsp; Name] website are provided &quot;as is&quot;. [national care group&nbsp; Name] does not provide any express or implied warranties regarding these materials, and hereby disclaims all responsibilities and warranties, including but not limited to, warranties or conditions of merchantability, fitness for a particular purpose, or non-infringement.&nbsp;</span></span></span></p>\r\n\r\n<p dir=\"ltr\">&nbsp;</p>\r\n\r\n<p dir=\"ltr\"><span style=\"font-size:11pt\"><span style=\"font-family:Arial\"><span style=\"color:#000000\">Furthermore, [national care group&nbsp; Name] does not warrant or make any representations concerning the accuracy of the materials on its website or regarding the results or any other materials that may be linked to by such materials or any other linked site. You agree that your use of the website or participation in any program is at your own risk. The website, the program, and the materials contained herein are expressly provided on an &quot;as is&quot; and &quot;as available&quot; basis, and [national care group&nbsp; Name], its affiliates, officers, employees, other representatives, successors, and assigns (collectively referred to as &quot;National Care Group entities&quot;) collectively disclaim and waive all warranties of any kind, whether express or implied, including but not limited to, implied warranties of merchantability, fitness for a particular purpose, and non-infringement. To the maximum extent permitted by applicable law, National Care Group entities explicitly disclaim any liability for any product defects or deficiencies, or any claims arising from damage, misuse, modification, or improper selection of the product, or failure to follow printed instructions on the product.</span></span></span></p>\r\n\r\n<p dir=\"ltr\">&nbsp;</p>\r\n\r\n<p dir=\"ltr\"><span style=\"font-size:11pt\"><span style=\"font-family:Arial\"><span style=\"color:#000000\">National Care Group entities do not warrant or make any representations regarding the website or any program fulfilling your requirements, or that the website will be timely, secure, error-free, uninterrupted, hack-proof, or that the results obtained from the website or any program will be accurate or reliable, or that the quality of products, services, information, and other materials obtained by you from the website will meet your expectations, or that any errors on the website will be corrected. [national care group&nbsp; Name] is not responsible for any printing, typographical, or pricing errors, or omissions regarding product description or any text or images. Any materials downloaded or otherwise obtained through the website or any program are at your own discretion and risk, and you are solely responsible for any damages that may occur to your computer system or loss of data resulting from the download of any such materials. No information obtained by you from the website or any program shall create or constitute any warranty concerning this website. [national care group&nbsp; Name] does not provide any warranties or guarantees regarding any products or services offered for sale. We assume no responsibility for any damages arising from any information, products, or services provided by external parties, even if we have been notified of the possibility of such damages.&nbsp;</span></span></span></p>\r\n\r\n<p dir=\"ltr\">&nbsp;</p>\r\n\r\n<p dir=\"ltr\"><span style=\"font-size:11pt\"><span style=\"font-family:Arial\"><span style=\"color:#000000\"><strong>Compensation</strong><br />\r\nYou agree to indemnify, defend, and protect National Care Group and its affiliated companies from any losses, expenses, costs, or damages, including attorney&#39;s fees, resulting from your use of the website or your inability to use it, your participation in any program, or any products or services you have purchased or obtained through the website, any postings on it, or any activities related to your account, whether by you or another person, or your violation of these terms, or your violation of the rights of any third party, or your violation of any laws, rules, or regulations. You agree to fully and reasonably cooperate in the defense of any of these claims. We reserve the right to assume exclusive defense and control of any matter subject to compensation under this section or in the event you are required to compensate us for attorney&#39;s fees and expenses, in addition to any losses, claims, damages, and liabilities we incur as a result of such claims.</span></span></span></p>\r\n\r\n<p dir=\"ltr\"><span style=\"font-size:11pt\"><span style=\"font-family:Arial\"><span style=\"color:#000000\">Copyright, Trademarks, and Other Intellectual Property Rights<br />\r\nYou acknowledge that this website and all materials on the website, or provided in connection with the programs, including but not limited to the website design, software, text, graphics, sounds, images, programs, files, appearance, and arrangements (referred to collectively as &quot;Materials&quot;) are our proprietary property and are subject to intellectual property laws, copyright laws, trademarks, and other proprietary rights. The trademarks, service marks, trade dress, trade names, and logos (referred to collectively as &quot;Trademarks&quot;) contained on the website are exclusively owned by National Care Group or its affiliated companies.</span></span></span></p>\r\n\r\n<p dir=\"ltr\"><span style=\"font-size:11pt\"><span style=\"font-family:Arial\"><span style=\"color:#000000\"><strong>4. Limitations</strong><br />\r\nNational Care Group and its suppliers shall not be liable for any damages whatsoever, including, without limitation, damages for loss of data, profits, or business interruption, arising out of the use or inability to use the materials available on the website of National Care Group, even if National Care Group or any of its representatives has been orally or in writing advised of the possibility of such damages. As some jurisdictions do not allow the limitation of implied warranties or the exclusion or limitation of incidental or consequential damages, these limitations may not apply to you.</span></span></span></p>\r\n\r\n<p dir=\"ltr\">&nbsp;</p>\r\n\r\n<p dir=\"ltr\"><span style=\"font-size:11pt\"><span style=\"font-family:Arial\"><span style=\"color:#000000\"><strong>5. Accuracy of Materials</strong><br />\r\nThe materials displayed on the National Care Group website may include technical, typographical, or photographic errors. National Care Group does not guarantee that any of the materials on its website are accurate, complete, or current. National Care Group may make changes to the materials contained on its website at any time without prior notice. However, National Care Group does not commit to updating these materials.</span></span></span></p>\r\n\r\n<p dir=\"ltr\"><span style=\"font-size:11pt\"><span style=\"font-family:Arial\"><span style=\"color:#000000\"><strong>6. Links</strong><br />\r\nNational Care Group has not reviewed all of the websites linked to its website and is not responsible for the contents of any such linked site. The inclusion of any link does not imply endorsement by National Care Group of the site. The use of any linked website is at the user&#39;s own risk.</span></span></span></p>\r\n\r\n<p dir=\"ltr\"><span style=\"font-size:11pt\"><span style=\"font-family:Arial\"><span style=\"color:#000000\"><strong>7. Modifications</strong><br />\r\nNational Care Group may revise the terms of service for its website at any time without prior notice. By using this website, you are agreeing to be bound by the current version of these terms of service. These terms may change periodically and will be reviewed from time to time at our own discretion by updating this posting. You should review this posting periodically to be aware of any changes as they are binding on you. Your continued use of the website constitutes acceptance of any changes or modifications we may make or have already made to these terms.</span></span></span></p>\r\n\r\n<p dir=\"ltr\"><span style=\"font-size:11pt\"><span style=\"font-family:Arial\"><span style=\"color:#000000\"><strong>8. Governing Law</strong><br />\r\nThese terms and conditions are governed by the laws of the State of Kuwait, and you are subject to the exclusive jurisdiction of the courts of the State of Kuwait.</span></span></span></p>\r\n\r\n<p dir=\"ltr\"><span style=\"font-size:11pt\"><span style=\"font-family:Arial\"><span style=\"color:#000000\"><strong>9. Your Account</strong><br />\r\nYou are responsible for maintaining the confidentiality of your account and password and for restricting access to your computer. You agree to accept responsibility for all activities that occur under your account or password. If you are under 18 years of age, you may not use National Care Group services without involvement of a parent or guardian. National Care Group reserves the right to refuse service, terminate accounts, remove or edit content, or cancel orders in its sole discretion without any legal or financial liability.</span></span></span></p>\r\n\r\n<p dir=\"ltr\"><span style=\"font-size:11pt\"><span style=\"font-family:Arial\"><span style=\"color:#000000\"><strong>10. Delivery</strong><br />\r\nThere is no minimum purchase requirement to benefit from the delivery service.<br />\r\nA delivery fee of 1.5 Kuwaiti dinars is applicable.<br />\r\nDelivery service is available every day: Saturday to Thursday from 10 AM to 10 PM, and Friday from 1 PM to 10 PM.</span></span></span></p>\r\n\r\n<p dir=\"ltr\">&nbsp;</p>\r\n\r\n<p dir=\"ltr\"><span style=\"font-size:11pt\"><span style=\"font-family:Arial\"><span style=\"color:#000000\"><strong>11. Payment</strong><br />\r\nPayment can be made through K-Net cards, credit cards, Apple Pay, or cash on delivery.<br />\r\nAmounts will be calculated in Kuwaiti dinars.<br />\r\nRefunds for canceled orders prior to delivery will be credited back to the same card used for the purchase within 7-14 business days.<br />\r\nIn buy-one-get-one-free promotions, the item with the lower price will be provided for free.</span></span></span></p>\r\n\r\n<p dir=\"ltr\"><span style=\"font-size:11pt\"><span style=\"font-family:Arial\"><span style=\"color:#000000\"><strong>12. Exchange and Refund</strong><br />\r\nYou can return or exchange your purchased items according to the following conditions: If the order is canceled before delivery, the full purchase amount will be refunded along with the delivery fees to the same credit card used within 7-14 business days. If a return or exchange is requested after delivery, the full purchase amount will be refunded to the same credit card used within 7-14 business days, excluding the delivery fees as the service has been utilized.<br />\r\nTo return or exchange products purchased from the National Care Group website, the invoice must be sent within 14 days of the purchase for any return or exchange process to be completed.<br />\r\nFor 1+1, 2+1, or discounts on the second item offers, the complete offer set must be returned.<br />\r\nIn case of returning offer items, the complete offer set must be returned at the value at the time of the offer.<br />\r\nThe purchase invoice is necessary for the return and exchange service, within 7 days from the date of purchase.<br />\r\nThe items must be in their original condition without any changes (such as color alteration or parts missing) or opening.<br />\r\nIn the case of returning purchases for cash, the points earned from the purchases will be deducted from your account in the points program.<br />\r\nIf the order is canceled before delivery, the full purchase amount will be refunded along with the delivery fees to the same credit card used within 7-14 business days.</span></span></span></p>\r\n\r\n<p dir=\"ltr\">&nbsp;</p>\r\n\r\n<p dir=\"ltr\">&nbsp;</p>\r\n\r\n<p dir=\"ltr\">&nbsp;</p>\r\n\r\n<p dir=\"ltr\">&nbsp;</p>\r\n\r\n<p dir=\"ltr\">&nbsp;</p>',NULL,NULL),(17,9,'كيف يتم استخدام كارت الهدايا ؟','ar','<p>لاف لوريم ايبسوم دولار سيت أميت ,كونسيكتيتور أدايبا يسكينج يديديونتيوت لابوري ات دولار ماجنا أليكيواأليايت,سيت دو أيوسمود</p>',NULL,NULL),(18,9,'كيف يتم استخدام كارت الهدايا ؟','en','<p>لاف لوريم ايبسوم دولار سيت أميت ,كونسيكتيتور أدايبا يسكينج يديديونتيوت لابوري ات دولار ماجنا أليكيواأليايت,سيت دو أيوسمود</p>',NULL,NULL),(19,10,'هل متاح ارجاع كارت الهدايا ؟','ar','<p>لاف لوريم ايبسوم دولار سيت أميت ,كونسيكتيتور أدايبا يسكينج يديديونتيوت لابوري ات دولار ماجنا أليكيواأليايت,سيت دو أيوسمود</p>',NULL,NULL),(20,10,'هل متاح ارجاع كارت الهدايا ؟','en','<p>لاف لوريم ايبسوم دولار سيت أميت ,كونسيكتيتور أدايبا يسكينج يديديونتيوت لابوري ات دولار ماجنا أليكيواأليايت,سيت دو أيوسمود</p>',NULL,NULL),(21,11,'الخصوصيه','ar','<h2 dir=\"rtl\" style=\"text-align:right\"><span style=\"font-size:17pt\"><span style=\"font-family:Arial\"><span style=\"color:#000000\"><strong>1. سياسة الخصوصية خصوصيتك تهمنا</strong></span></span></span></h2>\r\n\r\n<p dir=\"rtl\" style=\"text-align:right\"><span style=\"font-size:11pt\"><span style=\"font-family:Arial\"><span style=\"color:#000000\">تقوم سياسة شركة مجموعة الرعاية الوطنية الطبية على أساس احترام خصوصيتك فيما يتعلق بأي من المعلومات التي قد نقوم بجمعها أثناء تشغيل موقعنا الإلكتروني. وبناء على ذلك، فقد وضعنا سياسة الخصوصية هذه من أجلك لتتمكن من فهم كيف نقوم بجمع واستخدام وتمرير وكشف المعلومات الشخصية وبموافقتك على الشروط والأحكام فإنك توافق على جمع المعلومات الشخصية بالقدر اللازم لاستخدامها من قبل شركة مجموعة الرعاية الوطنية الطبية وبالتالي فإنك وافقت على أن يتم جمع البيانات. وفيما يلي موجز لسياسة الخصوصية</span></span></span></p>\r\n\r\n<ul>\r\n	<li dir=\"rtl\" style=\"list-style-type:disc\"><span style=\"font-size:11pt\"><span style=\"font-family:Arial\"><span style=\"color:#000000\">سنقوم بتجميع البيانات الشخصية عن طريق الوسائل المشروعة والسليمة، مع علم أو موافقة الشخص المعني عندما تقتضي الحاجة ذلك.</span></span></span></li>\r\n	<li dir=\"rtl\" style=\"list-style-type:disc\"><span style=\"font-size:11pt\"><span style=\"font-family:Arial\"><span style=\"color:#000000\">قبل أو أثناء تجميع البيانات الشخصية، سنقوم بتحديد الأغراض التي يتم لأجلها تجميع البيانات.</span></span></span></li>\r\n	<li dir=\"rtl\" style=\"list-style-type:disc\"><span style=\"font-size:11pt\"><span style=\"font-family:Arial\"><span style=\"color:#000000\">سنقوم بتجميع واستخدام البيانات الشخصية فقط لتحقيق تلك الأغراض التي حددناها ولأغراض المساعدة الأخرى، سواء بعد موافقة الشخص المعني أو وفق ما يقتضيه القانو.</span></span></span></li>\r\n	<li dir=\"rtl\" style=\"list-style-type:disc\"><span style=\"font-size:11pt\"><span style=\"font-family:Arial\"><span style=\"color:#000000\">ينبغي أن تكون البيانات الشخصية مناسبة للأغراض التي ستستخدم لأجلها، وبالقدر اللازم لهذه الأغراض، ينبغي أن تكون هذه البيانات دقيقة وكاملة، وحديثة.</span></span></span></li>\r\n	<li dir=\"rtl\" style=\"list-style-type:disc\"><span style=\"font-size:11pt\"><span style=\"font-family:Arial\"><span style=\"color:#000000\">سوف نعمل على حماية البيانات الشخصية باستخدام ضمانات أمنية معقولة بهدف تأمينها ضد الفقدان أو السرقة، ولمنع الوصول غير المصرح به إليها، أو للحيلولة دون كشفها أو نسخها أو استخدامها أو تعديلها. ولكن هذا لايعني التزامنا المطلق بهذه الحماية.</span></span></span></li>\r\n	<li dir=\"rtl\" style=\"list-style-type:disc\"><span style=\"font-size:11pt\"><span style=\"font-family:Arial\"><span style=\"color:#000000\">سنقوم بمد العملاء بالمعلومات الكافية حول السياسات والممارسات المتعلقة بإدارة البيانات الشخصية.</span></span></span></li>\r\n	<li dir=\"rtl\" style=\"list-style-type:disc\"><span style=\"font-size:11pt\"><span style=\"font-family:Arial\"><span style=\"color:#000000\">سنحتفظ بالبيانات الشخصية طوال الفترة اللازمة فقط لتحقيق تلك الأغراض.</span></span></span></li>\r\n	<li dir=\"rtl\" style=\"list-style-type:disc\"><span style=\"font-size:11pt\"><span style=\"font-family:Arial\"><span style=\"color:#000000\">سوف نستخدم معلومات الاتصال الخاصة بك لإرسال نشرات بريدية ، ورسائل بريد إلكتروني، والرسائل النصية، وإشعارات، وخدمات، ومبيعات، وعروض خاصة إذا قمت بالتسجيل لتلقيها ولم تختر إلغاءها. قد نستخدم أيضًا عنوان بريدك الإلكتروني لعرض الإعلانات الخاصة بمنتجاتنا وخدماتنا ومبيعاتنا وعروضنا الحصرية</span></span></span></li>\r\n	<li dir=\"rtl\" style=\"list-style-type:disc\"><span style=\"font-size:11pt\"><span style=\"font-family:Arial\"><span style=\"color:#000000\">سنقوم بمد العملاء بالمعلومات الكافية حول السياسات والممارسات المتعلقة بإدارة البيانات الشخصية.</span></span></span></li>\r\n</ul>\r\n\r\n<p dir=\"rtl\" style=\"text-align:right\"><span style=\"font-size:11pt\"><span style=\"font-family:Arial\"><span style=\"color:#000000\">نحن ملتزمون بمزاولة أعمالنا وفقا لهذه المبادئ من أجل ضمان سرية البيانات الشخصية وحمايتها والمحافظة عليها. قد تغير أو تحدث شركة مجموعة الرعاية الوطنية&nbsp; سياسة الخصوصية هذه بصفة دورية وفقا لتقدير الشركة وحدها في أي وقت دون التزامها باخطاركم بهذا التغيير.</span></span></span></p>\r\n\r\n<p>&nbsp;</p>',NULL,NULL),(22,11,'Privacy Policy','en','<p dir=\"ltr\"><strong>Privacy Policy - Your Privacy Matters to Us</strong></p>\r\n\r\n<p dir=\"ltr\">The privacy policy of the National Medical Care Group is based on respecting your privacy regarding any information we may collect while operating our website. Accordingly, we have developed this privacy policy for you to understand how we collect, use, disclose, and process personal information, and by agreeing to the terms and conditions, you consent to the collection of personal information to the extent necessary for its use by the National Medical Care Group, and thus, you have agreed to the collection of data. Here is a summary of the privacy policy:</p>\r\n\r\n<ul dir=\"ltr\">\r\n	<li>We will collect personal data through lawful and proper means, with the knowledge or consent of the individual concerned when required.</li>\r\n	<li>Before or at the time of collecting personal data, we will identify the purposes for which the data is being collected.</li>\r\n	<li>We will collect and use personal data solely for the purposes identified by us and for other compatible purposes, either with the consent of the individual concerned or as required by law.</li>\r\n	<li>Personal data should be relevant to the purposes for which it is to be used, and to the extent necessary for those purposes, it should be accurate, complete, and up-to-date.</li>\r\n	<li>We will work to protect personal data through reasonable security safeguards in order to protect it from loss, theft, unauthorized access, disclosure, copying, use, or modification. However, this does not imply an absolute commitment to this protection.</li>\r\n	<li>We will provide customers with sufficient information about policies and practices related to the management of personal data.</li>\r\n	<li>We will retain personal data for as long as necessary to fulfill those purposes.</li>\r\n	<li>We will use your contact information to send newsletters, emails, text messages, notifications, services, sales, and special offers if you have registered to receive them and have not opted out. We may also use your email address to display advertisements related to our products, services, sales, and exclusive offers.</li>\r\n	<li>We will provide customers with sufficient information about policies and practices related to the management of personal data.</li>\r\n</ul>\r\n\r\n<p dir=\"ltr\">We are committed to conducting our business in accordance with these principles to ensure the confidentiality, protection, and preservation of personal data. The National Medical Care Group may change or update this privacy policy periodically at the company&#39;s sole discretion, without any obligation to notify you of such changes.</p>',NULL,NULL),(23,12,'تيست','ar','<p>تيست</p>',NULL,NULL),(24,12,'Test','en','<p>Test</p>',NULL,NULL),(27,13,'نقاطي','ar','<p>نقاطي</p>',NULL,NULL),(28,13,'نقاطي ١','en','<p>نقاطي ٢</p>',NULL,NULL);

--
-- Table structure for table `pages`
--

CREATE TABLE `pages` (
  `id` int unsigned NOT NULL AUTO_INCREMENT,
  `created_at` timestamp NULL DEFAULT NULL,
  `updated_at` timestamp NULL DEFAULT NULL,
  `image` varchar(191) CHARACTER SET utf8mb4 COLLATE utf8mb4_unicode_ci DEFAULT NULL,
  `type` int NOT NULL DEFAULT '0',
  PRIMARY KEY (`id`)
) ENGINE=InnoDB AUTO_INCREMENT=14 DEFAULT CHARSET=utf8mb4 COLLATE=utf8mb4_unicode_ci;

--
-- Dumping data for table `pages`
--

INSERT INTO `pages` (`id`, `created_at`, `updated_at`, `image`, `type`) VALUES (7,'2022-07-07 06:54:15','2023-05-30 06:10:10','2023-05-29-small.01.png',1),(8,'2022-07-07 06:54:28','2022-07-07 06:54:28',NULL,1),(9,'2023-05-28 02:59:56','2023-05-28 02:59:56',NULL,3),(10,'2023-05-28 03:09:38','2023-05-28 03:09:38',NULL,3),(11,'2023-06-11 02:44:46','2023-06-21 03:24:24',NULL,1),(12,'2023-06-11 02:44:57','2023-06-11 02:44:57',NULL,4),(13,'2023-06-11 02:45:37','2023-06-11 02:45:37',NULL,4);

--
-- Table structure for table `password_resets`
--

CREATE TABLE `password_resets` (
  `email` varchar(255) CHARACTER SET utf8mb4 COLLATE utf8mb4_unicode_ci NOT NULL,
  `token` varchar(255) CHARACTER SET utf8mb4 COLLATE utf8mb4_unicode_ci NOT NULL,
  `created_at` timestamp NULL DEFAULT NULL,
  KEY `password_resets_email_index` (`email`)
) ENGINE=InnoDB DEFAULT CHARSET=utf8mb4 COLLATE=utf8mb4_unicode_ci;

--
-- Dumping data for table `password_resets`
--


--
-- Table structure for table `payment_method_translations`
--

CREATE TABLE `payment_method_translations` (
  `id` int unsigned NOT NULL AUTO_INCREMENT,
  `payment_method_id` int unsigned NOT NULL,
  `title` varchar(255) CHARACTER SET utf8mb4 COLLATE utf8mb4_unicode_ci DEFAULT NULL,
  `locale` varchar(255) CHARACTER SET utf8mb4 COLLATE utf8mb4_unicode_ci NOT NULL,
  `created_at` timestamp NULL DEFAULT NULL,
  `updated_at` timestamp NULL DEFAULT NULL,
  PRIMARY KEY (`id`),
  UNIQUE KEY `payment_method_translations_payment_method_id_locale_unique` (`payment_method_id`,`locale`)
) ENGINE=InnoDB AUTO_INCREMENT=7 DEFAULT CHARSET=utf8mb4 COLLATE=utf8mb4_unicode_ci;

--
-- Dumping data for table `payment_method_translations`
--

INSERT INTO `payment_method_translations` (`id`, `payment_method_id`, `title`, `locale`, `created_at`, `updated_at`) VALUES (1,1,'الدفع عند الاستلام','ar',NULL,NULL),(2,1,'الدفع عند الاستلام','en',NULL,NULL),(3,2,'كي نت','ar',NULL,NULL),(4,2,'كي نت','en',NULL,NULL),(5,3,'كارت الهدية','ar',NULL,NULL),(6,3,'كارت الهدية','en',NULL,NULL);

--
-- Table structure for table `payment_methods`
--

CREATE TABLE `payment_methods` (
  `id` int unsigned NOT NULL AUTO_INCREMENT,
  `image` varchar(255) CHARACTER SET utf8mb4 COLLATE utf8mb4_unicode_ci DEFAULT NULL,
  `type` int NOT NULL DEFAULT '0',
  `status` int NOT NULL DEFAULT '0',
  `created_at` timestamp NULL DEFAULT NULL,
  `updated_at` timestamp NULL DEFAULT NULL,
  PRIMARY KEY (`id`)
) ENGINE=InnoDB AUTO_INCREMENT=4 DEFAULT CHARSET=utf8mb4 COLLATE=utf8mb4_unicode_ci;

--
-- Dumping data for table `payment_methods`
--

INSERT INTO `payment_methods` (`id`, `image`, `type`, `status`, `created_at`, `updated_at`) VALUES (1,'2022-07-05-cash.png',0,1,'2022-06-22 10:19:52','2022-07-05 11:53:51'),(2,'2022-07-05-knet.png',1,1,'2022-06-22 10:20:09','2022-07-05 11:53:09'),(3,'2023-05-22-1681787942gift1.png',2,0,'2023-05-23 04:50:44','2023-06-18 23:03:23');

--
-- Table structure for table `permission_role`
--

CREATE TABLE `permission_role` (
  `permission_id` bigint unsigned NOT NULL,
  `role_id` bigint unsigned NOT NULL,
  PRIMARY KEY (`permission_id`,`role_id`),
  KEY `permission_role_role_id_foreign` (`role_id`)
) ENGINE=InnoDB DEFAULT CHARSET=utf8mb4 COLLATE=utf8mb4_unicode_ci;

--
-- Dumping data for table `permission_role`
--

INSERT INTO `permission_role` (`permission_id`, `role_id`) VALUES (1,1),(2,1),(3,1),(4,1),(5,1),(6,1),(7,1),(8,1),(9,1),(10,1),(11,1),(12,1),(13,1),(14,1),(15,1),(16,1),(17,1),(18,1),(19,1),(20,1),(21,1),(22,1),(23,1),(24,1),(25,1),(26,1),(27,1),(28,1),(29,1),(30,1),(31,1),(32,1),(33,1),(34,1),(35,1),(36,1),(37,1),(38,1),(39,1),(40,1),(41,1),(42,1),(43,1),(44,1),(45,1),(46,1),(47,1),(48,1),(49,1),(50,1),(51,1),(52,1),(53,1),(54,1),(55,1),(56,1),(57,1),(58,1),(59,1),(60,1),(61,1),(62,1),(63,1),(64,1),(38,5),(26,7),(27,7),(38,7),(41,8),(42,8),(18,9),(21,9);

--
-- Table structure for table `permission_user`
--

CREATE TABLE `permission_user` (
  `permission_id` bigint unsigned NOT NULL,
  `user_id` bigint unsigned NOT NULL,
  `user_type` varchar(255) CHARACTER SET utf8mb4 COLLATE utf8mb4_unicode_ci NOT NULL,
  PRIMARY KEY (`user_id`,`permission_id`,`user_type`),
  KEY `permission_user_permission_id_foreign` (`permission_id`)
) ENGINE=InnoDB DEFAULT CHARSET=utf8mb4 COLLATE=utf8mb4_unicode_ci;

--
-- Dumping data for table `permission_user`
--


--
-- Table structure for table `permissions`
--

CREATE TABLE `permissions` (
  `id` bigint unsigned NOT NULL AUTO_INCREMENT,
  `name` varchar(255) CHARACTER SET utf8mb4 COLLATE utf8mb4_unicode_ci NOT NULL,
  `display_name` varchar(255) CHARACTER SET utf8mb4 COLLATE utf8mb4_unicode_ci DEFAULT NULL,
  `description` varchar(255) CHARACTER SET utf8mb4 COLLATE utf8mb4_unicode_ci DEFAULT NULL,
  `created_at` timestamp NULL DEFAULT NULL,
  `updated_at` timestamp NULL DEFAULT NULL,
  PRIMARY KEY (`id`),
  UNIQUE KEY `permissions_name_unique` (`name`)
) ENGINE=InnoDB AUTO_INCREMENT=65 DEFAULT CHARSET=utf8mb4 COLLATE=utf8mb4_unicode_ci;

--
-- Dumping data for table `permissions`
--

INSERT INTO `permissions` (`id`, `name`, `display_name`, `description`, `created_at`, `updated_at`) VALUES (1,'create_users','Create Users','Create Users','2022-06-21 09:32:18','2022-06-21 09:32:18'),(2,'read_users','Read Users','Read Users','2022-06-21 09:32:18','2022-06-21 09:32:18'),(3,'update_users','Update Users','Update Users','2022-06-21 09:32:18','2022-06-21 09:32:18'),(4,'delete_users','Delete Users','Delete Users','2022-06-21 09:32:18','2022-06-21 09:32:18'),(5,'create_roles','Create Roles','Create Roles','2022-06-21 09:32:18','2022-06-21 09:32:18'),(6,'read_roles','Read Roles','Read Roles','2022-06-21 09:32:18','2022-06-21 09:32:18'),(7,'update_roles','Update Roles','Update Roles','2022-06-21 09:32:18','2022-06-21 09:32:18'),(8,'delete_roles','Delete Roles','Delete Roles','2022-06-21 09:32:18','2022-06-21 09:32:18'),(9,'create_notifications','Create Notifications','Create Notifications','2022-06-21 09:32:18','2022-06-21 09:32:18'),(10,'read_notifications','Read Notifications','Read Notifications','2022-06-21 09:32:18','2022-06-21 09:32:18'),(11,'update_notifications','Update Notifications','Update Notifications','2022-06-21 09:32:18','2022-06-21 09:32:18'),(12,'delete_notifications','Delete Notifications','Delete Notifications','2022-06-21 09:32:18','2022-06-21 09:32:18'),(13,'create_sliders','Create Sliders','Create Sliders','2022-06-21 09:32:18','2022-06-21 09:32:18'),(14,'read_sliders','Read Sliders','Read Sliders','2022-06-21 09:32:18','2022-06-21 09:32:18'),(15,'update_sliders','Update Sliders','Update Sliders','2022-06-21 09:32:18','2022-06-21 09:32:18'),(16,'delete_sliders','Delete Sliders','Delete Sliders','2022-06-21 09:32:18','2022-06-21 09:32:18'),(17,'create_settings','Create Settings','Create Settings','2022-06-21 09:32:18','2022-06-21 09:32:18'),(18,'read_settings','Read Settings','Read Settings','2022-06-21 09:32:18','2022-06-21 09:32:18'),(19,'update_settings','Update Settings','Update Settings','2022-06-21 09:32:18','2022-06-21 09:32:18'),(20,'delete_settings','Delete Settings','Delete Settings','2022-06-21 09:32:18','2022-06-21 09:32:18'),(21,'create_categories','Create Categories','Create Categories','2022-06-21 09:32:18','2022-06-21 09:32:18'),(22,'read_categories','Read Categories','Read Categories','2022-06-21 09:32:18','2022-06-21 09:32:18'),(23,'update_categories','Update Categories','Update Categories','2022-06-21 09:32:18','2022-06-21 09:32:18'),(24,'delete_categories','Delete Categories','Delete Categories','2022-06-21 09:32:18','2022-06-21 09:32:18'),(25,'create_products','Create Products','Create Products','2022-06-21 09:32:18','2022-06-21 09:32:18'),(26,'read_products','Read Products','Read Products','2022-06-21 09:32:18','2022-06-21 09:32:18'),(27,'update_products','Update Products','Update Products','2022-06-21 09:32:18','2022-06-21 09:32:18'),(28,'delete_products','Delete Products','Delete Products','2022-06-21 09:32:18','2022-06-21 09:32:18'),(29,'create_paymentMethods','Create PaymentMethods','Create PaymentMethods','2022-06-21 09:32:18','2022-06-21 09:32:18'),(30,'read_paymentMethods','Read PaymentMethods','Read PaymentMethods','2022-06-21 09:32:18','2022-06-21 09:32:18'),(31,'update_paymentMethods','Update PaymentMethods','Update PaymentMethods','2022-06-21 09:32:18','2022-06-21 09:32:18'),(32,'delete_paymentMethods','Delete PaymentMethods','Delete PaymentMethods','2022-06-21 09:32:18','2022-06-21 09:32:18'),(33,'create_shippingType','Create ShippingType','Create ShippingType','2022-06-21 09:32:18','2022-06-21 09:32:18'),(34,'read_shippingType','Read ShippingType','Read ShippingType','2022-06-21 09:32:18','2022-06-21 09:32:18'),(35,'update_shippingType','Update ShippingType','Update ShippingType','2022-06-21 09:32:18','2022-06-21 09:32:18'),(36,'delete_shippingType','Delete ShippingType','Delete ShippingType','2022-06-21 09:32:18','2022-06-21 09:32:18'),(37,'create_orders','Create Orders','Create Orders','2022-06-21 09:32:18','2022-06-21 09:32:18'),(38,'read_orders','Read Orders','Read Orders','2022-06-21 09:32:18','2022-06-21 09:32:18'),(39,'update_orders','Update Orders','Update Orders','2022-06-21 09:32:18','2022-06-21 09:32:18'),(40,'delete_orders','Delete Orders','Delete Orders','2022-06-21 09:32:18','2022-06-21 09:32:18'),(41,'create_reports','Create Reports','Create Reports','2022-06-21 09:32:18','2022-06-21 09:32:18'),(42,'read_reports','Read Reports','Read Reports','2022-06-21 09:32:18','2022-06-21 09:32:18'),(43,'update_reports','Update Reports','Update Reports','2022-06-21 09:32:18','2022-06-21 09:32:18'),(44,'delete_reports','Delete Reports','Delete Reports','2022-06-21 09:32:18','2022-06-21 09:32:18'),(45,'create_governments','Create Governments','Create Governments','2022-06-21 09:32:18','2022-06-21 09:32:18'),(46,'read_governments','Read Governments','Read Governments','2022-06-21 09:32:18','2022-06-21 09:32:18'),(47,'update_governments','Update Governments','Update Governments','2022-06-21 09:32:18','2022-06-21 09:32:18'),(48,'delete_governments','Delete Governments','Delete Governments','2022-06-21 09:32:18','2022-06-21 09:32:18'),(49,'create_regions','Create Regions','Create Regions','2022-06-21 09:32:18','2022-06-21 09:32:18'),(50,'read_regions','Read Regions','Read Regions','2022-06-21 09:32:18','2022-06-21 09:32:18'),(51,'update_regions','Update Regions','Update Regions','2022-06-21 09:32:18','2022-06-21 09:32:18'),(52,'delete_regions','Delete Regions','Delete Regions','2022-06-21 09:32:18','2022-06-21 09:32:18'),(53,'create_discount','Create Discount','Create Discount','2022-06-21 09:32:18','2022-06-21 09:32:18'),(54,'read_discount','Read Discount','Read Discount','2022-06-21 09:32:18','2022-06-21 09:32:18'),(55,'update_discount','Update Discount','Update Discount','2022-06-21 09:32:18','2022-06-21 09:32:18'),(56,'delete_discount','Delete Discount','Delete Discount','2022-06-21 09:32:18','2022-06-21 09:32:18'),(57,'create_times','Create Times','Create Times','2022-06-21 09:32:18','2022-06-21 09:32:18'),(58,'read_times','Read Times','Read Times','2022-06-21 09:32:18','2022-06-21 09:32:18'),(59,'update_times','Update Times','Update Times','2022-06-21 09:32:18','2022-06-21 09:32:18'),(60,'delete_times','Delete Times','Delete Times','2022-06-21 09:32:18','2022-06-21 09:32:18'),(61,'create_tagers','Create Tagers','Create Tagers','2022-06-21 09:32:18','2022-06-21 09:32:18'),(62,'read_tagers','Read Tagers','Read Tagers','2022-06-21 09:32:18','2022-06-21 09:32:18'),(63,'update_tagers','Update Tagers','Update Tagers','2022-06-21 09:32:18','2022-06-21 09:32:18'),(64,'delete_tagers','Delete Tagers','Delete Tagers','2022-06-21 09:32:18','2022-06-21 09:32:18');

--
-- Table structure for table `personal_access_tokens`
--

CREATE TABLE `personal_access_tokens` (
  `id` bigint unsigned NOT NULL AUTO_INCREMENT,
  `tokenable_type` varchar(255) CHARACTER SET utf8mb4 COLLATE utf8mb4_unicode_ci NOT NULL,
  `tokenable_id` bigint unsigned NOT NULL,
  `name` varchar(255) CHARACTER SET utf8mb4 COLLATE utf8mb4_unicode_ci NOT NULL,
  `token` varchar(64) CHARACTER SET utf8mb4 COLLATE utf8mb4_unicode_ci NOT NULL,
  `abilities` text CHARACTER SET utf8mb4 COLLATE utf8mb4_unicode_ci,
  `last_used_at` timestamp NULL DEFAULT NULL,
  `created_at` timestamp NULL DEFAULT NULL,
  `updated_at` timestamp NULL DEFAULT NULL,
  PRIMARY KEY (`id`),
  UNIQUE KEY `personal_access_tokens_token_unique` (`token`),
  KEY `personal_access_tokens_tokenable_type_tokenable_id_index` (`tokenable_type`,`tokenable_id`)
) ENGINE=InnoDB DEFAULT CHARSET=utf8mb4 COLLATE=utf8mb4_unicode_ci;

--
-- Dumping data for table `personal_access_tokens`
--


--
-- Table structure for table `product_categories`
--

CREATE TABLE `product_categories` (
  `id` int unsigned NOT NULL AUTO_INCREMENT,
  `product_id` int unsigned DEFAULT NULL,
  `category_id` int unsigned DEFAULT NULL,
  `created_at` timestamp NULL DEFAULT NULL,
  `updated_at` timestamp NULL DEFAULT NULL,
  PRIMARY KEY (`id`),
  KEY `product_categories_product_id_foreign` (`product_id`),
  KEY `product_categories_category_id_foreign` (`category_id`)
) ENGINE=InnoDB AUTO_INCREMENT=1116 DEFAULT CHARSET=utf8mb4 COLLATE=utf8mb4_unicode_ci;

--
-- Dumping data for table `product_categories`
--

INSERT INTO `product_categories` (`id`, `product_id`, `category_id`, `created_at`, `updated_at`) VALUES (1,1,2,NULL,NULL),(2,2,2,NULL,NULL),(3,3,2,NULL,NULL),(4,4,2,NULL,NULL),(5,5,2,NULL,NULL),(6,5,3,NULL,NULL),(7,6,1,NULL,NULL),(8,6,2,NULL,NULL),(9,6,3,NULL,NULL),(10,6,4,NULL,NULL),(11,9,1,NULL,NULL),(12,10,2,NULL,NULL),(13,10,1,NULL,NULL),(15,12,12,NULL,NULL),(16,12,17,NULL,NULL),(17,13,12,NULL,NULL),(18,13,1,NULL,NULL),(19,13,13,NULL,NULL),(23,16,65,NULL,NULL),(25,20,69,NULL,NULL),(26,20,52,NULL,NULL),(27,20,78,NULL,NULL),(28,20,66,NULL,NULL),(29,20,59,NULL,NULL),(31,21,69,NULL,NULL),(32,21,52,NULL,NULL),(33,21,78,NULL,NULL),(34,21,66,NULL,NULL),(35,21,59,NULL,NULL),(36,24,47,NULL,NULL),(37,26,54,NULL,NULL),(39,26,68,NULL,NULL),(40,26,57,NULL,NULL),(41,28,69,NULL,NULL),(42,28,52,NULL,NULL),(43,28,66,NULL,NULL),(44,28,59,NULL,NULL),(45,29,69,NULL,NULL),(46,29,52,NULL,NULL),(47,29,66,NULL,NULL),(48,29,59,NULL,NULL),(49,32,54,NULL,NULL),(51,32,68,NULL,NULL),(52,32,57,NULL,NULL),(57,33,54,NULL,NULL),(59,33,68,NULL,NULL),(60,33,57,NULL,NULL),(65,35,54,NULL,NULL),(67,35,68,NULL,NULL),(68,35,57,NULL,NULL),(69,37,54,NULL,NULL),(71,37,68,NULL,NULL),(72,37,57,NULL,NULL),(77,38,54,NULL,NULL),(80,38,57,NULL,NULL),(81,39,54,NULL,NULL),(84,39,57,NULL,NULL),(87,41,68,NULL,NULL),(88,41,57,NULL,NULL),(89,40,69,NULL,NULL),(90,40,52,NULL,NULL),(91,40,66,NULL,NULL),(92,40,59,NULL,NULL),(93,42,54,NULL,NULL),(96,42,57,NULL,NULL),(97,44,54,NULL,NULL),(100,44,57,NULL,NULL),(101,43,69,NULL,NULL),(102,43,52,NULL,NULL),(103,43,66,NULL,NULL),(104,43,59,NULL,NULL),(105,45,49,NULL,NULL),(106,45,50,NULL,NULL),(107,45,62,NULL,NULL),(108,45,56,NULL,NULL),(109,47,47,NULL,NULL),(110,46,49,NULL,NULL),(111,46,50,NULL,NULL),(112,46,62,NULL,NULL),(113,46,56,NULL,NULL),(114,49,51,NULL,NULL),(115,49,63,NULL,NULL),(116,49,55,NULL,NULL),(117,50,51,NULL,NULL),(118,50,63,NULL,NULL),(119,50,55,NULL,NULL),(124,48,70,NULL,NULL),(125,48,44,NULL,NULL),(126,48,78,NULL,NULL),(127,48,65,NULL,NULL),(128,48,58,NULL,NULL),(129,54,47,NULL,NULL),(131,54,64,NULL,NULL),(133,54,60,NULL,NULL),(134,53,77,NULL,NULL),(135,56,47,NULL,NULL),(137,56,64,NULL,NULL),(139,56,60,NULL,NULL),(140,55,77,NULL,NULL),(141,52,70,NULL,NULL),(142,52,44,NULL,NULL),(144,52,58,NULL,NULL),(145,57,77,NULL,NULL),(146,58,47,NULL,NULL),(148,58,64,NULL,NULL),(150,58,60,NULL,NULL),(151,59,77,NULL,NULL),(152,60,77,NULL,NULL),(153,62,70,NULL,NULL),(154,62,44,NULL,NULL),(155,62,65,NULL,NULL),(156,62,58,NULL,NULL),(157,61,51,NULL,NULL),(158,61,63,NULL,NULL),(159,61,55,NULL,NULL),(160,63,77,NULL,NULL),(161,65,51,NULL,NULL),(162,65,63,NULL,NULL),(163,65,55,NULL,NULL),(164,66,53,NULL,NULL),(165,64,70,NULL,NULL),(169,67,51,NULL,NULL),(170,67,63,NULL,NULL),(171,67,55,NULL,NULL),(172,68,48,NULL,NULL),(173,68,53,NULL,NULL),(174,68,61,NULL,NULL),(175,69,51,NULL,NULL),(176,69,63,NULL,NULL),(177,69,55,NULL,NULL),(178,70,48,NULL,NULL),(179,70,53,NULL,NULL),(180,70,61,NULL,NULL),(181,71,51,NULL,NULL),(182,71,63,NULL,NULL),(183,71,55,NULL,NULL),(184,72,70,NULL,NULL),(185,72,44,NULL,NULL),(186,72,65,NULL,NULL),(187,72,58,NULL,NULL),(188,64,72,NULL,NULL),(189,74,51,NULL,NULL),(190,74,63,NULL,NULL),(191,74,55,NULL,NULL),(192,75,72,NULL,NULL),(193,73,48,NULL,NULL),(194,73,53,NULL,NULL),(195,73,61,NULL,NULL),(196,77,48,NULL,NULL),(197,77,53,NULL,NULL),(198,77,61,NULL,NULL),(200,76,70,NULL,NULL),(201,76,44,NULL,NULL),(202,76,65,NULL,NULL),(206,80,44,NULL,NULL),(207,80,65,NULL,NULL),(208,80,58,NULL,NULL),(212,84,44,NULL,NULL),(213,84,65,NULL,NULL),(214,84,58,NULL,NULL),(215,82,51,NULL,NULL),(216,82,63,NULL,NULL),(217,82,55,NULL,NULL),(218,85,78,NULL,NULL),(219,86,51,NULL,NULL),(220,86,63,NULL,NULL),(221,86,55,NULL,NULL),(222,88,51,NULL,NULL),(223,88,63,NULL,NULL),(224,88,55,NULL,NULL),(225,89,51,NULL,NULL),(226,89,80,NULL,NULL),(227,89,63,NULL,NULL),(228,89,55,NULL,NULL),(229,87,51,NULL,NULL),(230,87,78,NULL,NULL),(231,87,63,NULL,NULL),(232,87,55,NULL,NULL),(233,91,81,NULL,NULL),(234,90,78,NULL,NULL),(235,90,80,NULL,NULL),(236,92,78,NULL,NULL),(237,93,81,NULL,NULL),(238,94,71,NULL,NULL),(239,95,81,NULL,NULL),(240,96,74,NULL,NULL),(241,98,74,NULL,NULL),(242,97,81,NULL,NULL),(244,99,74,NULL,NULL),(245,100,81,NULL,NULL),(246,100,39,NULL,NULL),(247,101,74,NULL,NULL),(248,103,81,NULL,NULL),(249,102,74,NULL,NULL),(250,104,81,NULL,NULL),(251,105,74,NULL,NULL),(252,107,82,NULL,NULL),(253,108,82,NULL,NULL),(254,109,82,NULL,NULL),(255,110,82,NULL,NULL),(256,111,75,NULL,NULL),(258,113,75,NULL,NULL),(259,114,75,NULL,NULL),(260,115,89,NULL,NULL),(261,116,89,NULL,NULL),(262,117,89,NULL,NULL),(263,118,89,NULL,NULL),(264,119,89,NULL,NULL),(265,17,54,NULL,NULL),(267,17,68,NULL,NULL),(268,17,57,NULL,NULL),(269,123,89,NULL,NULL),(270,124,90,NULL,NULL),(271,125,90,NULL,NULL),(281,135,93,NULL,NULL),(282,136,93,NULL,NULL),(283,137,92,NULL,NULL),(284,138,92,NULL,NULL),(285,139,92,NULL,NULL),(286,140,92,NULL,NULL),(287,141,92,NULL,NULL),(288,142,94,NULL,NULL),(289,143,94,NULL,NULL),(290,144,75,NULL,NULL),(291,145,94,NULL,NULL),(292,146,75,NULL,NULL),(293,147,94,NULL,NULL),(295,150,95,NULL,NULL),(296,151,95,NULL,NULL),(298,153,75,NULL,NULL),(300,155,95,NULL,NULL),(301,156,95,NULL,NULL),(302,157,96,NULL,NULL),(304,158,96,NULL,NULL),(306,161,96,NULL,NULL),(311,167,97,NULL,NULL),(312,166,38,NULL,NULL),(313,166,80,NULL,NULL),(314,168,97,NULL,NULL),(317,170,97,NULL,NULL),(320,172,97,NULL,NULL),(323,174,97,NULL,NULL),(324,175,97,NULL,NULL),(325,176,98,NULL,NULL),(326,177,98,NULL,NULL),(327,178,81,NULL,NULL),(328,179,98,NULL,NULL),(329,181,98,NULL,NULL),(330,182,98,NULL,NULL),(331,183,88,NULL,NULL),(332,180,81,NULL,NULL),(333,184,102,NULL,NULL),(334,185,75,NULL,NULL),(335,186,75,NULL,NULL),(336,188,75,NULL,NULL),(337,187,102,NULL,NULL),(338,189,75,NULL,NULL),(339,191,81,NULL,NULL),(340,190,102,NULL,NULL),(341,192,81,NULL,NULL),(342,193,102,NULL,NULL),(343,194,79,NULL,NULL),(344,195,102,NULL,NULL),(346,198,102,NULL,NULL),(347,196,79,NULL,NULL),(348,200,102,NULL,NULL),(349,201,102,NULL,NULL),(351,199,79,NULL,NULL),(352,204,101,NULL,NULL),(353,203,79,NULL,NULL),(354,205,101,NULL,NULL),(355,207,101,NULL,NULL),(356,206,79,NULL,NULL),(357,208,101,NULL,NULL),(358,209,79,NULL,NULL),(359,210,101,NULL,NULL),(360,211,101,NULL,NULL),(361,169,81,NULL,NULL),(362,44,68,NULL,NULL),(363,42,68,NULL,NULL),(364,212,79,NULL,NULL),(367,213,79,NULL,NULL),(368,54,103,NULL,NULL),(369,215,79,NULL,NULL),(370,56,103,NULL,NULL),(371,216,79,NULL,NULL),(372,58,51,NULL,NULL),(373,58,103,NULL,NULL),(374,58,63,NULL,NULL),(375,58,55,NULL,NULL),(376,217,79,NULL,NULL),(377,219,79,NULL,NULL),(378,220,79,NULL,NULL),(379,221,79,NULL,NULL),(380,66,48,NULL,NULL),(381,66,61,NULL,NULL),(382,222,79,NULL,NULL),(383,223,79,NULL,NULL),(391,224,79,NULL,NULL),(393,225,79,NULL,NULL),(395,171,81,NULL,NULL),(396,52,65,NULL,NULL),(397,76,58,NULL,NULL),(398,80,70,NULL,NULL),(399,84,70,NULL,NULL),(400,39,68,NULL,NULL),(402,228,40,NULL,NULL),(403,229,77,NULL,NULL),(404,230,77,NULL,NULL),(405,231,75,NULL,NULL),(406,232,81,NULL,NULL),(408,234,70,NULL,NULL),(409,234,44,NULL,NULL),(410,234,72,NULL,NULL),(411,234,65,NULL,NULL),(412,234,58,NULL,NULL),(413,235,81,NULL,NULL),(414,236,36,NULL,NULL),(415,236,69,NULL,NULL),(416,236,37,NULL,NULL),(417,236,52,NULL,NULL),(418,236,40,NULL,NULL),(419,236,66,NULL,NULL),(420,236,59,NULL,NULL),(421,237,70,NULL,NULL),(422,237,44,NULL,NULL),(423,237,72,NULL,NULL),(424,237,65,NULL,NULL),(425,237,58,NULL,NULL),(426,238,36,NULL,NULL),(427,238,69,NULL,NULL),(428,238,37,NULL,NULL),(429,238,52,NULL,NULL),(430,238,40,NULL,NULL),(431,238,66,NULL,NULL),(432,238,59,NULL,NULL),(433,239,81,NULL,NULL),(434,239,83,NULL,NULL),(435,240,36,NULL,NULL),(436,240,78,NULL,NULL),(437,240,79,NULL,NULL),(438,241,69,NULL,NULL),(439,241,52,NULL,NULL),(441,241,66,NULL,NULL),(442,241,59,NULL,NULL),(443,242,88,NULL,NULL),(444,243,36,NULL,NULL),(445,243,79,NULL,NULL),(446,244,88,NULL,NULL),(447,245,88,NULL,NULL),(448,246,75,NULL,NULL),(449,247,36,NULL,NULL),(450,247,79,NULL,NULL),(451,248,70,NULL,NULL),(452,248,44,NULL,NULL),(453,248,72,NULL,NULL),(454,248,65,NULL,NULL),(455,248,58,NULL,NULL),(456,249,69,NULL,NULL),(457,249,52,NULL,NULL),(458,249,66,NULL,NULL),(459,249,59,NULL,NULL),(460,250,71,NULL,NULL),(461,250,74,NULL,NULL),(462,251,71,NULL,NULL),(463,251,74,NULL,NULL),(464,255,71,NULL,NULL),(465,255,74,NULL,NULL),(466,256,71,NULL,NULL),(467,256,74,NULL,NULL),(468,257,74,NULL,NULL),(469,258,69,NULL,NULL),(470,258,52,NULL,NULL),(471,258,66,NULL,NULL),(472,258,59,NULL,NULL),(473,259,88,NULL,NULL),(474,261,88,NULL,NULL),(475,262,88,NULL,NULL),(476,263,88,NULL,NULL),(479,271,69,NULL,NULL),(480,271,52,NULL,NULL),(481,271,66,NULL,NULL),(482,271,59,NULL,NULL),(483,272,69,NULL,NULL),(484,272,52,NULL,NULL),(485,272,66,NULL,NULL),(486,272,59,NULL,NULL),(495,11,104,NULL,NULL),(496,277,36,NULL,NULL),(497,277,79,NULL,NULL),(498,278,36,NULL,NULL),(499,278,79,NULL,NULL),(501,279,79,NULL,NULL),(503,280,79,NULL,NULL),(508,285,49,NULL,NULL),(510,285,50,NULL,NULL),(512,285,62,NULL,NULL),(513,285,56,NULL,NULL),(516,287,47,NULL,NULL),(517,287,103,NULL,NULL),(519,287,64,NULL,NULL),(520,287,60,NULL,NULL),(521,288,47,NULL,NULL),(522,288,103,NULL,NULL),(523,288,71,NULL,NULL),(524,288,64,NULL,NULL),(525,288,60,NULL,NULL),(526,289,49,NULL,NULL),(527,289,50,NULL,NULL),(528,289,62,NULL,NULL),(529,289,56,NULL,NULL),(530,79,81,NULL,NULL),(531,81,81,NULL,NULL),(532,163,97,NULL,NULL),(533,163,98,NULL,NULL),(534,165,97,NULL,NULL),(535,165,98,NULL,NULL),(540,294,47,NULL,NULL),(541,286,51,NULL,NULL),(542,286,63,NULL,NULL),(543,286,55,NULL,NULL),(545,15,84,NULL,NULL),(546,295,69,NULL,NULL),(547,295,52,NULL,NULL),(548,295,66,NULL,NULL),(549,295,59,NULL,NULL),(550,296,69,NULL,NULL),(551,296,52,NULL,NULL),(552,296,66,NULL,NULL),(553,296,59,NULL,NULL),(554,298,69,NULL,NULL),(555,298,52,NULL,NULL),(556,298,66,NULL,NULL),(557,298,59,NULL,NULL),(558,299,69,NULL,NULL),(559,299,52,NULL,NULL),(560,299,66,NULL,NULL),(561,299,59,NULL,NULL),(562,300,78,NULL,NULL),(563,302,78,NULL,NULL),(564,308,69,NULL,NULL),(565,308,52,NULL,NULL),(566,308,66,NULL,NULL),(567,308,59,NULL,NULL),(568,309,69,NULL,NULL),(569,309,52,NULL,NULL),(570,309,66,NULL,NULL),(571,309,59,NULL,NULL),(576,185,46,NULL,NULL),(577,185,102,NULL,NULL),(578,184,77,NULL,NULL),(580,311,74,NULL,NULL),(582,312,74,NULL,NULL),(583,313,79,NULL,NULL),(584,314,79,NULL,NULL),(585,315,79,NULL,NULL),(586,316,79,NULL,NULL),(587,317,79,NULL,NULL),(588,318,79,NULL,NULL),(589,319,79,NULL,NULL),(590,320,79,NULL,NULL),(591,321,79,NULL,NULL),(592,322,79,NULL,NULL),(593,323,79,NULL,NULL),(594,324,79,NULL,NULL),(595,325,79,NULL,NULL),(596,326,79,NULL,NULL),(597,327,80,NULL,NULL),(599,330,80,NULL,NULL),(600,331,82,NULL,NULL),(601,332,82,NULL,NULL),(602,333,47,NULL,NULL),(603,334,81,NULL,NULL),(604,335,81,NULL,NULL),(605,336,81,NULL,NULL),(606,337,45,NULL,NULL),(607,338,48,NULL,NULL),(608,339,48,NULL,NULL),(609,340,54,NULL,NULL),(610,16,70,NULL,NULL),(611,16,58,NULL,NULL),(612,344,54,NULL,NULL),(614,344,68,NULL,NULL),(615,344,57,NULL,NULL),(617,340,68,NULL,NULL),(618,340,57,NULL,NULL),(619,346,79,NULL,NULL),(620,329,80,NULL,NULL),(621,233,80,NULL,NULL),(622,347,80,NULL,NULL),(623,348,80,NULL,NULL),(624,173,81,NULL,NULL),(625,349,51,NULL,NULL),(626,349,63,NULL,NULL),(627,349,55,NULL,NULL),(628,154,51,NULL,NULL),(629,154,63,NULL,NULL),(630,154,55,NULL,NULL),(631,164,51,NULL,NULL),(632,164,63,NULL,NULL),(633,164,55,NULL,NULL),(634,159,51,NULL,NULL),(635,159,63,NULL,NULL),(636,159,55,NULL,NULL),(637,160,51,NULL,NULL),(638,160,63,NULL,NULL),(639,160,55,NULL,NULL),(640,162,51,NULL,NULL),(641,162,63,NULL,NULL),(642,162,55,NULL,NULL),(643,350,75,NULL,NULL),(644,75,70,NULL,NULL),(645,49,47,NULL,NULL),(646,49,103,NULL,NULL),(648,49,64,NULL,NULL),(649,49,60,NULL,NULL),(651,284,49,NULL,NULL),(652,284,50,NULL,NULL),(655,284,62,NULL,NULL),(657,284,56,NULL,NULL),(659,285,47,NULL,NULL),(660,285,103,NULL,NULL),(662,285,64,NULL,NULL),(663,285,60,NULL,NULL),(664,289,47,NULL,NULL),(665,289,103,NULL,NULL),(667,289,64,NULL,NULL),(668,289,60,NULL,NULL),(669,338,53,NULL,NULL),(670,338,61,NULL,NULL),(671,281,122,NULL,NULL),(672,280,122,NULL,NULL),(673,279,122,NULL,NULL),(674,282,122,NULL,NULL),(675,283,122,NULL,NULL),(676,226,122,NULL,NULL),(677,50,47,NULL,NULL),(678,50,103,NULL,NULL),(680,50,64,NULL,NULL),(681,50,60,NULL,NULL),(682,352,77,NULL,NULL),(683,339,53,NULL,NULL),(684,339,61,NULL,NULL),(685,226,79,NULL,NULL),(698,353,123,NULL,NULL),(699,354,123,NULL,NULL),(700,355,123,NULL,NULL),(701,357,123,NULL,NULL),(702,358,123,NULL,NULL),(703,359,122,NULL,NULL),(704,359,79,NULL,NULL),(706,64,44,NULL,NULL),(707,64,65,NULL,NULL),(708,64,58,NULL,NULL),(709,75,44,NULL,NULL),(710,75,65,NULL,NULL),(711,75,58,NULL,NULL),(712,333,103,NULL,NULL),(714,333,64,NULL,NULL),(715,333,60,NULL,NULL),(716,69,78,NULL,NULL),(717,28,78,NULL,NULL),(718,184,81,NULL,NULL),(719,62,72,NULL,NULL),(720,26,73,NULL,NULL),(721,17,73,NULL,NULL),(722,32,73,NULL,NULL),(723,75,71,NULL,NULL),(724,64,71,NULL,NULL),(725,96,71,NULL,NULL),(727,112,81,NULL,NULL),(728,149,74,NULL,NULL),(729,148,74,NULL,NULL),(730,198,100,NULL,NULL),(731,200,100,NULL,NULL),(732,201,100,NULL,NULL),(733,202,100,NULL,NULL),(734,197,100,NULL,NULL),(735,126,91,NULL,NULL),(736,127,91,NULL,NULL),(737,128,91,NULL,NULL),(738,129,91,NULL,NULL),(739,130,91,NULL,NULL),(740,131,91,NULL,NULL),(741,132,91,NULL,NULL),(742,133,91,NULL,NULL),(743,134,93,NULL,NULL),(744,362,123,NULL,NULL),(745,363,123,NULL,NULL),(746,364,123,NULL,NULL),(747,365,123,NULL,NULL),(748,366,123,NULL,NULL),(753,368,69,NULL,NULL),(754,368,52,NULL,NULL),(755,368,66,NULL,NULL),(756,368,59,NULL,NULL),(757,369,81,NULL,NULL),(759,371,69,NULL,NULL),(760,371,52,NULL,NULL),(761,371,66,NULL,NULL),(762,371,59,NULL,NULL),(779,376,69,NULL,NULL),(780,376,52,NULL,NULL),(781,376,66,NULL,NULL),(782,376,59,NULL,NULL),(783,377,69,NULL,NULL),(784,377,52,NULL,NULL),(785,377,66,NULL,NULL),(786,377,59,NULL,NULL),(787,378,69,NULL,NULL),(788,378,52,NULL,NULL),(789,378,66,NULL,NULL),(790,378,59,NULL,NULL),(791,379,69,NULL,NULL),(792,379,52,NULL,NULL),(793,379,66,NULL,NULL),(794,379,59,NULL,NULL),(795,380,69,NULL,NULL),(796,380,52,NULL,NULL),(797,380,66,NULL,NULL),(798,380,59,NULL,NULL),(799,381,69,NULL,NULL),(800,381,52,NULL,NULL),(801,381,66,NULL,NULL),(802,381,59,NULL,NULL),(805,384,81,NULL,NULL),(806,385,81,NULL,NULL),(808,390,51,NULL,NULL),(809,391,51,NULL,NULL),(810,392,51,NULL,NULL),(811,394,51,NULL,NULL),(813,397,42,NULL,NULL),(814,370,47,NULL,NULL),(815,370,103,NULL,NULL),(816,370,71,NULL,NULL),(817,370,64,NULL,NULL),(818,370,60,NULL,NULL),(819,369,47,NULL,NULL),(820,369,103,NULL,NULL),(821,369,71,NULL,NULL),(822,369,64,NULL,NULL),(823,369,60,NULL,NULL),(824,401,81,NULL,NULL),(825,372,132,NULL,NULL),(826,372,133,NULL,NULL),(827,372,136,NULL,NULL),(828,372,138,NULL,NULL),(829,373,132,NULL,NULL),(830,373,133,NULL,NULL),(831,373,136,NULL,NULL),(832,373,138,NULL,NULL),(833,374,132,NULL,NULL),(834,374,133,NULL,NULL),(835,374,136,NULL,NULL),(836,374,138,NULL,NULL),(837,375,132,NULL,NULL),(838,375,133,NULL,NULL),(839,375,136,NULL,NULL),(840,375,138,NULL,NULL),(841,34,132,NULL,NULL),(842,34,133,NULL,NULL),(843,34,136,NULL,NULL),(844,34,138,NULL,NULL),(845,36,132,NULL,NULL),(846,36,133,NULL,NULL),(847,36,136,NULL,NULL),(848,36,138,NULL,NULL),(849,310,132,NULL,NULL),(850,310,133,NULL,NULL),(851,310,136,NULL,NULL),(852,310,138,NULL,NULL),(853,275,132,NULL,NULL),(854,275,133,NULL,NULL),(855,275,136,NULL,NULL),(856,275,138,NULL,NULL),(857,273,132,NULL,NULL),(858,273,133,NULL,NULL),(859,273,136,NULL,NULL),(860,273,138,NULL,NULL),(862,367,132,NULL,NULL),(863,367,133,NULL,NULL),(864,367,136,NULL,NULL),(865,367,138,NULL,NULL),(866,30,132,NULL,NULL),(867,30,133,NULL,NULL),(868,30,136,NULL,NULL),(869,30,138,NULL,NULL),(870,402,122,NULL,NULL),(871,53,47,NULL,NULL),(872,53,103,NULL,NULL),(873,53,71,NULL,NULL),(874,53,64,NULL,NULL),(875,53,60,NULL,NULL),(877,38,68,NULL,NULL),(878,370,51,NULL,NULL),(879,370,63,NULL,NULL),(880,370,55,NULL,NULL),(881,390,63,NULL,NULL),(882,390,55,NULL,NULL),(883,391,63,NULL,NULL),(884,391,55,NULL,NULL),(885,392,63,NULL,NULL),(886,392,55,NULL,NULL),(887,394,63,NULL,NULL),(888,394,55,NULL,NULL),(889,16,44,NULL,NULL),(890,382,75,NULL,NULL),(891,383,75,NULL,NULL),(892,385,51,NULL,NULL),(893,385,63,NULL,NULL),(894,385,55,NULL,NULL),(895,386,51,NULL,NULL),(896,386,63,NULL,NULL),(897,386,55,NULL,NULL),(898,384,51,NULL,NULL),(899,384,63,NULL,NULL),(900,384,55,NULL,NULL),(901,396,77,NULL,NULL),(902,16,72,NULL,NULL),(903,270,122,NULL,NULL),(904,331,140,NULL,NULL),(905,331,139,NULL,NULL),(906,331,141,NULL,NULL),(907,332,140,NULL,NULL),(908,332,139,NULL,NULL),(909,332,141,NULL,NULL),(910,107,140,NULL,NULL),(911,107,139,NULL,NULL),(912,107,141,NULL,NULL),(913,108,140,NULL,NULL),(914,108,139,NULL,NULL),(915,108,141,NULL,NULL),(916,109,140,NULL,NULL),(917,109,139,NULL,NULL),(918,109,141,NULL,NULL),(919,110,140,NULL,NULL),(920,110,139,NULL,NULL),(921,110,141,NULL,NULL),(922,394,142,NULL,NULL),(923,392,142,NULL,NULL),(924,391,142,NULL,NULL),(925,390,142,NULL,NULL),(926,164,142,NULL,NULL),(927,162,142,NULL,NULL),(928,160,142,NULL,NULL),(929,159,142,NULL,NULL),(930,386,142,NULL,NULL),(931,385,142,NULL,NULL),(932,384,142,NULL,NULL),(933,88,142,NULL,NULL),(934,154,142,NULL,NULL),(935,61,142,NULL,NULL),(936,349,142,NULL,NULL),(937,82,142,NULL,NULL),(938,74,142,NULL,NULL),(939,89,142,NULL,NULL),(940,69,142,NULL,NULL),(941,67,142,NULL,NULL),(942,286,142,NULL,NULL),(943,65,142,NULL,NULL),(944,71,142,NULL,NULL),(945,58,142,NULL,NULL),(946,370,142,NULL,NULL),(947,50,142,NULL,NULL),(948,49,142,NULL,NULL),(964,428,48,NULL,NULL),(965,430,48,NULL,NULL),(970,439,54,NULL,NULL),(971,440,54,NULL,NULL),(972,441,132,NULL,NULL),(973,441,133,NULL,NULL),(974,441,136,NULL,NULL),(975,441,138,NULL,NULL),(976,435,0,NULL,NULL),(977,436,0,NULL,NULL),(978,437,0,NULL,NULL),(980,442,0,NULL,NULL),(982,444,0,NULL,NULL),(983,443,0,NULL,NULL),(985,446,78,NULL,NULL),(986,447,48,NULL,NULL),(987,447,53,NULL,NULL),(988,447,153,NULL,NULL),(989,447,61,NULL,NULL),(990,428,53,NULL,NULL),(991,428,153,NULL,NULL),(992,428,61,NULL,NULL),(993,430,53,NULL,NULL),(994,430,153,NULL,NULL),(995,430,61,NULL,NULL),(996,66,153,NULL,NULL),(997,339,153,NULL,NULL),(998,68,153,NULL,NULL),(999,73,153,NULL,NULL),(1000,77,153,NULL,NULL),(1001,79,48,NULL,NULL),(1002,79,53,NULL,NULL),(1003,79,153,NULL,NULL),(1004,79,61,NULL,NULL),(1005,81,48,NULL,NULL),(1006,81,53,NULL,NULL),(1007,81,153,NULL,NULL),(1008,81,61,NULL,NULL),(1009,438,156,NULL,NULL),(1010,438,154,NULL,NULL),(1011,438,158,NULL,NULL),(1012,440,73,NULL,NULL),(1013,440,68,NULL,NULL),(1014,440,57,NULL,NULL),(1015,439,73,NULL,NULL),(1016,439,68,NULL,NULL),(1017,439,57,NULL,NULL),(1018,403,163,NULL,NULL),(1019,403,161,NULL,NULL),(1020,403,159,NULL,NULL),(1021,403,162,NULL,NULL),(1022,404,163,NULL,NULL),(1023,404,161,NULL,NULL),(1024,404,159,NULL,NULL),(1025,404,162,NULL,NULL),(1026,405,163,NULL,NULL),(1027,405,161,NULL,NULL),(1028,405,159,NULL,NULL),(1029,405,162,NULL,NULL),(1030,406,163,NULL,NULL),(1031,406,161,NULL,NULL),(1032,406,159,NULL,NULL),(1033,406,162,NULL,NULL),(1034,407,163,NULL,NULL),(1035,407,161,NULL,NULL),(1036,407,159,NULL,NULL),(1037,407,162,NULL,NULL),(1038,408,163,NULL,NULL),(1039,408,161,NULL,NULL),(1040,408,159,NULL,NULL),(1041,408,162,NULL,NULL),(1042,409,163,NULL,NULL),(1043,409,161,NULL,NULL),(1044,409,159,NULL,NULL),(1045,409,162,NULL,NULL),(1046,410,163,NULL,NULL),(1047,410,161,NULL,NULL),(1048,410,159,NULL,NULL),(1049,410,162,NULL,NULL),(1050,411,163,NULL,NULL),(1051,411,161,NULL,NULL),(1052,411,159,NULL,NULL),(1053,411,162,NULL,NULL),(1054,412,80,NULL,NULL),(1055,413,80,NULL,NULL),(1056,414,80,NULL,NULL),(1057,415,80,NULL,NULL),(1058,416,80,NULL,NULL),(1059,417,80,NULL,NULL),(1060,445,80,NULL,NULL),(1061,448,163,NULL,NULL),(1062,448,161,NULL,NULL),(1063,448,159,NULL,NULL),(1064,448,162,NULL,NULL),(1065,449,0,NULL,NULL),(1067,451,0,NULL,NULL),(1069,453,0,NULL,NULL),(1070,454,0,NULL,NULL),(1071,455,0,NULL,NULL),(1073,456,0,NULL,NULL),(1074,457,0,NULL,NULL),(1076,459,0,NULL,NULL),(1077,460,0,NULL,NULL),(1079,462,0,NULL,NULL),(1080,463,0,NULL,NULL),(1083,470,0,NULL,NULL),(1084,473,0,NULL,NULL),(1085,472,0,NULL,NULL),(1090,465,0,NULL,NULL),(1091,474,167,NULL,NULL),(1092,474,168,NULL,NULL),(1093,474,169,NULL,NULL),(1094,476,167,NULL,NULL),(1095,476,168,NULL,NULL),(1096,476,169,NULL,NULL),(1097,477,167,NULL,NULL),(1098,477,168,NULL,NULL),(1099,477,169,NULL,NULL),(1100,450,167,NULL,NULL),(1101,450,168,NULL,NULL),(1102,450,169,NULL,NULL),(1103,452,167,NULL,NULL),(1104,452,168,NULL,NULL),(1105,452,169,NULL,NULL),(1106,461,167,NULL,NULL),(1107,461,168,NULL,NULL),(1108,461,169,NULL,NULL),(1109,464,167,NULL,NULL),(1110,464,168,NULL,NULL),(1111,464,169,NULL,NULL),(1112,458,167,NULL,NULL),(1113,458,168,NULL,NULL),(1114,458,169,NULL,NULL),(1115,480,81,NULL,NULL);

--
-- Table structure for table `product_content_sections`
--

CREATE TABLE `product_content_sections` (
  `id` int unsigned NOT NULL AUTO_INCREMENT,
  `product_id` int unsigned DEFAULT NULL,
  `content_section_id` int unsigned DEFAULT NULL,
  `created_at` timestamp NULL DEFAULT NULL,
  `updated_at` timestamp NULL DEFAULT NULL,
  PRIMARY KEY (`id`),
  KEY `product_content_sections_product_id_foreign` (`product_id`),
  KEY `product_content_sections_content_section_id_foreign` (`content_section_id`)
) ENGINE=InnoDB AUTO_INCREMENT=1502 DEFAULT CHARSET=utf8mb4 COLLATE=utf8mb4_unicode_ci;

--
-- Dumping data for table `product_content_sections`
--

INSERT INTO `product_content_sections` (`id`, `product_id`, `content_section_id`, `created_at`, `updated_at`) VALUES (6,9,4,'2023-04-28 02:30:52','2023-04-28 02:30:52'),(7,10,4,'2023-04-28 02:30:52','2023-04-28 02:30:52'),(22,9,1,'2023-05-15 18:43:37','2023-05-15 18:43:37'),(23,12,1,'2023-05-15 18:43:37','2023-05-15 18:43:37'),(28,9,3,'2023-05-16 20:20:17','2023-05-16 20:20:17'),(29,10,3,'2023-05-16 20:20:17','2023-05-16 20:20:17'),(30,10,2,'2023-05-17 16:51:56','2023-05-17 16:51:56'),(31,15,2,'2023-05-17 16:51:56','2023-05-17 16:51:56'),(35,0,5,'2023-05-17 17:42:47','2023-05-17 17:42:47'),(1070,30,13,'2023-06-01 03:52:30','2023-06-01 03:52:30'),(1071,34,13,'2023-06-01 03:52:30','2023-06-01 03:52:30'),(1072,36,13,'2023-06-01 03:52:30','2023-06-01 03:52:30'),(1113,15,6,'2023-06-12 22:17:01','2023-06-12 22:17:01'),(1114,16,6,'2023-06-12 22:17:01','2023-06-12 22:17:01'),(1115,20,6,'2023-06-12 22:17:01','2023-06-12 22:17:01'),(1116,21,6,'2023-06-12 22:17:01','2023-06-12 22:17:01'),(1117,29,6,'2023-06-12 22:17:01','2023-06-12 22:17:01'),(1118,30,6,'2023-06-12 22:17:01','2023-06-12 22:17:01'),(1119,34,6,'2023-06-12 22:17:01','2023-06-12 22:17:01'),(1120,36,6,'2023-06-12 22:17:01','2023-06-12 22:17:01'),(1121,40,6,'2023-06-12 22:17:01','2023-06-12 22:17:01'),(1122,43,6,'2023-06-12 22:17:01','2023-06-12 22:17:01'),(1123,45,6,'2023-06-12 22:17:01','2023-06-12 22:17:01'),(1124,47,6,'2023-06-12 22:17:01','2023-06-12 22:17:01'),(1125,46,6,'2023-06-12 22:17:01','2023-06-12 22:17:01'),(1126,49,6,'2023-06-12 22:17:01','2023-06-12 22:17:01'),(1127,50,6,'2023-06-12 22:17:01','2023-06-12 22:17:01'),(1128,54,6,'2023-06-12 22:17:01','2023-06-12 22:17:01'),(1129,56,6,'2023-06-12 22:17:01','2023-06-12 22:17:01'),(1130,58,6,'2023-06-12 22:17:01','2023-06-12 22:17:01'),(1131,61,6,'2023-06-12 22:17:01','2023-06-12 22:17:01'),(1132,0,6,'2023-06-12 22:17:01','2023-06-12 22:17:01'),(1133,67,6,'2023-06-12 22:17:01','2023-06-12 22:17:01'),(1134,69,6,'2023-06-12 22:17:01','2023-06-12 22:17:01'),(1135,71,6,'2023-06-12 22:17:01','2023-06-12 22:17:01'),(1136,74,6,'2023-06-12 22:17:01','2023-06-12 22:17:01'),(1137,86,6,'2023-06-12 22:17:01','2023-06-12 22:17:01'),(1138,88,6,'2023-06-12 22:17:01','2023-06-12 22:17:01'),(1139,89,6,'2023-06-12 22:17:01','2023-06-12 22:17:01'),(1140,91,6,'2023-06-12 22:17:01','2023-06-12 22:17:01'),(1141,93,6,'2023-06-12 22:17:01','2023-06-12 22:17:01'),(1142,95,6,'2023-06-12 22:17:01','2023-06-12 22:17:01'),(1143,97,6,'2023-06-12 22:17:01','2023-06-12 22:17:01'),(1144,100,6,'2023-06-12 22:17:01','2023-06-12 22:17:01'),(1145,103,6,'2023-06-12 22:17:01','2023-06-12 22:17:01'),(1146,104,6,'2023-06-12 22:17:01','2023-06-12 22:17:01'),(1147,115,6,'2023-06-12 22:17:01','2023-06-12 22:17:01'),(1148,116,6,'2023-06-12 22:17:01','2023-06-12 22:17:01'),(1149,117,6,'2023-06-12 22:17:01','2023-06-12 22:17:01'),(1150,118,6,'2023-06-12 22:17:01','2023-06-12 22:17:01'),(1151,0,6,'2023-06-12 22:17:01','2023-06-12 22:17:01'),(1152,47,6,'2023-06-12 22:17:01','2023-06-12 22:17:01'),(1153,294,6,'2023-06-12 22:17:01','2023-06-12 22:17:01'),(1209,48,16,'2023-06-21 23:39:41','2023-06-21 23:39:41'),(1210,62,16,'2023-06-21 23:39:41','2023-06-21 23:39:41'),(1211,46,16,'2023-06-21 23:39:41','2023-06-21 23:39:41'),(1212,45,16,'2023-06-21 23:39:41','2023-06-21 23:39:41'),(1213,285,16,'2023-06-21 23:39:41','2023-06-21 23:39:41'),(1214,93,16,'2023-06-21 23:39:41','2023-06-21 23:39:41'),(1215,20,16,'2023-06-21 23:39:41','2023-06-21 23:39:41'),(1216,85,16,'2023-06-21 23:39:41','2023-06-21 23:39:41'),(1244,270,17,'2023-06-22 00:15:58','2023-06-22 00:15:58'),(1245,273,17,'2023-06-22 00:15:58','2023-06-22 00:15:58'),(1246,281,17,'2023-06-22 00:15:58','2023-06-22 00:15:58'),(1247,282,17,'2023-06-22 00:15:58','2023-06-22 00:15:58'),(1248,284,17,'2023-06-22 00:15:58','2023-06-22 00:15:58'),(1249,285,17,'2023-06-22 00:15:58','2023-06-22 00:15:58'),(1250,286,17,'2023-06-22 00:15:58','2023-06-22 00:15:58'),(1251,287,17,'2023-06-22 00:15:58','2023-06-22 00:15:58'),(1252,300,17,'2023-06-22 00:15:58','2023-06-22 00:15:58'),(1253,226,17,'2023-06-22 00:15:58','2023-06-22 00:15:58'),(1254,85,18,'2023-06-22 00:16:19','2023-06-22 00:16:19'),(1255,46,18,'2023-06-22 00:16:19','2023-06-22 00:16:19'),(1311,302,30,'2023-06-22 01:13:47','2023-06-22 01:13:47'),(1312,85,30,'2023-06-22 01:13:47','2023-06-22 01:13:47'),(1313,300,30,'2023-06-22 01:13:47','2023-06-22 01:13:47'),(1314,48,30,'2023-06-22 01:13:47','2023-06-22 01:13:47'),(1315,69,30,'2023-06-22 01:13:47','2023-06-22 01:13:47'),(1371,75,32,'2023-06-22 01:30:08','2023-06-22 01:30:08'),(1372,94,32,'2023-06-22 01:30:08','2023-06-22 01:30:08'),(1373,32,32,'2023-06-22 01:30:08','2023-06-22 01:30:08'),(1374,96,32,'2023-06-22 01:30:08','2023-06-22 01:30:08'),(1375,98,32,'2023-06-22 01:30:08','2023-06-22 01:30:08'),(1376,101,32,'2023-06-22 01:30:08','2023-06-22 01:30:08'),(1399,115,33,'2023-06-22 01:37:15','2023-06-22 01:37:15'),(1400,126,33,'2023-06-22 01:37:15','2023-06-22 01:37:15'),(1401,129,33,'2023-06-22 01:37:15','2023-06-22 01:37:15'),(1402,131,33,'2023-06-22 01:37:15','2023-06-22 01:37:15'),(1403,157,33,'2023-06-22 01:37:15','2023-06-22 01:37:15'),(1404,150,33,'2023-06-22 01:37:15','2023-06-22 01:37:15'),(1405,168,33,'2023-06-22 01:37:15','2023-06-22 01:37:15'),(1417,190,34,'2023-06-22 01:43:10','2023-06-22 01:43:10'),(1418,193,34,'2023-06-22 01:43:10','2023-06-22 01:43:10'),(1419,204,34,'2023-06-22 01:43:10','2023-06-22 01:43:10'),(1420,205,34,'2023-06-22 01:43:10','2023-06-22 01:43:10'),(1421,197,34,'2023-06-22 01:43:10','2023-06-22 01:43:10'),(1422,198,34,'2023-06-22 01:43:10','2023-06-22 01:43:10'),(1423,201,34,'2023-06-22 01:43:10','2023-06-22 01:43:10'),(1424,287,31,'2023-06-22 01:48:15','2023-06-22 01:48:15'),(1425,54,31,'2023-06-22 01:48:15','2023-06-22 01:48:15'),(1426,56,31,'2023-06-22 01:48:15','2023-06-22 01:48:15'),(1427,58,31,'2023-06-22 01:48:15','2023-06-22 01:48:15'),(1428,16,31,'2023-06-22 01:48:15','2023-06-22 01:48:15'),(1429,48,31,'2023-06-22 01:48:15','2023-06-22 01:48:15'),(1430,52,31,'2023-06-22 01:48:15','2023-06-22 01:48:15'),(1431,62,31,'2023-06-22 01:48:15','2023-06-22 01:48:15'),(1432,64,31,'2023-06-22 01:48:15','2023-06-22 01:48:15'),(1433,72,31,'2023-06-22 01:48:15','2023-06-22 01:48:15'),(1480,190,35,'2023-06-22 01:54:07','2023-06-22 01:54:07'),(1481,193,35,'2023-06-22 01:54:07','2023-06-22 01:54:07'),(1482,195,35,'2023-06-22 01:54:07','2023-06-22 01:54:07'),(1483,150,35,'2023-06-22 01:54:07','2023-06-22 01:54:07'),(1484,157,35,'2023-06-22 01:54:07','2023-06-22 01:54:07'),(1485,167,35,'2023-06-22 01:54:07','2023-06-22 01:54:07'),(1486,168,35,'2023-06-22 01:54:07','2023-06-22 01:54:07'),(1487,172,35,'2023-06-22 01:54:07','2023-06-22 01:54:07'),(1488,204,35,'2023-06-22 01:54:07','2023-06-22 01:54:07'),(1489,205,35,'2023-06-22 01:54:07','2023-06-22 01:54:07'),(1490,207,35,'2023-06-22 01:54:07','2023-06-22 01:54:07'),(1492,20,36,'2023-06-23 00:34:10','2023-06-23 00:34:10'),(1493,115,36,'2023-06-23 00:34:10','2023-06-23 00:34:10'),(1494,93,19,'2023-07-05 06:22:13','2023-07-05 06:22:13'),(1495,50,19,'2023-07-05 06:22:13','2023-07-05 06:22:13'),(1496,46,19,'2023-07-05 06:22:13','2023-07-05 06:22:13'),(1497,45,19,'2023-07-05 06:22:13','2023-07-05 06:22:13'),(1498,285,19,'2023-07-05 06:22:13','2023-07-05 06:22:13'),(1499,82,19,'2023-07-05 06:22:13','2023-07-05 06:22:13'),(1500,69,19,'2023-07-05 06:22:13','2023-07-05 06:22:13'),(1501,349,19,'2023-07-05 06:22:13','2023-07-05 06:22:13');

--
-- Table structure for table `product_orders`
--

CREATE TABLE `product_orders` (
  `id` int unsigned NOT NULL AUTO_INCREMENT,
  `order_id` int unsigned NOT NULL,
  `product_id` int unsigned NOT NULL,
  `user_id` int DEFAULT NULL,
  `quantity` int NOT NULL DEFAULT '1',
  `option` text CHARACTER SET utf8mb4 COLLATE utf8mb4_unicode_ci NOT NULL,
  `price` decimal(8,2) NOT NULL,
  `shipping_cost` decimal(8,2) DEFAULT NULL,
  `created_at` timestamp NULL DEFAULT NULL,
  `updated_at` timestamp NULL DEFAULT NULL,
  `offer_id` int DEFAULT NULL,
  `messageCart` text CHARACTER SET utf8mb4 COLLATE utf8mb4_unicode_ci,
  `TypeSended` varchar(191) CHARACTER SET utf8mb4 COLLATE utf8mb4_unicode_ci DEFAULT NULL,
  `methodSended` varchar(191) CHARACTER SET utf8mb4 COLLATE utf8mb4_unicode_ci DEFAULT NULL,
  `gift` int DEFAULT '0',
  `freeDelivery` int NOT NULL DEFAULT '0',
  PRIMARY KEY (`id`),
  KEY `product_orders_order_id_foreign` (`order_id`),
  KEY `product_orders_product_id_foreign` (`product_id`),
  CONSTRAINT `product_orders_ibfk_1` FOREIGN KEY (`order_id`) REFERENCES `orders` (`id`) ON DELETE CASCADE
) ENGINE=InnoDB AUTO_INCREMENT=474 DEFAULT CHARSET=utf8mb4 COLLATE=utf8mb4_unicode_ci;

--
-- Dumping data for table `product_orders`
--

INSERT INTO `product_orders` (`id`, `order_id`, `product_id`, `user_id`, `quantity`, `option`, `price`, `shipping_cost`, `created_at`, `updated_at`, `offer_id`, `messageCart`, `TypeSended`, `methodSended`, `gift`, `freeDelivery`) VALUES (20,7,48,NULL,1,'261',3.75,NULL,'2023-06-20 07:06:51','2023-06-20 07:06:51',261,NULL,NULL,NULL,0,0),(21,7,48,NULL,1,'262',15.00,NULL,'2023-06-20 07:07:06','2023-06-20 07:07:06',262,NULL,NULL,NULL,0,0),(23,9,52,NULL,1,'484',3.00,NULL,'2023-06-21 00:31:01','2023-06-21 00:31:01',484,NULL,NULL,NULL,0,0),(24,10,52,NULL,1,'484',3.00,NULL,'2023-06-21 02:12:33','2023-06-21 02:12:33',484,NULL,NULL,NULL,0,0),(25,10,52,NULL,1,'485',12.50,NULL,'2023-06-21 02:12:37','2023-06-21 02:12:37',485,NULL,NULL,NULL,0,0),(26,11,62,NULL,2,'473',15.00,NULL,'2023-06-21 02:25:39','2023-06-21 02:25:56',473,NULL,NULL,NULL,0,0),(27,12,270,NULL,1,'1055',7.50,NULL,'2023-06-21 02:29:33','2023-06-21 02:29:33',1055,NULL,NULL,NULL,0,0),(35,15,46,NULL,1,'224',4.00,NULL,'2023-06-21 05:15:14','2023-06-21 05:15:14',224,NULL,NULL,NULL,0,0),(37,16,48,NULL,1,'262',15.00,NULL,'2023-06-21 05:40:37','2023-06-21 05:40:37',262,NULL,NULL,NULL,0,0),(39,18,62,NULL,2,'473',15.00,NULL,'2023-06-21 06:00:47','2023-06-21 06:52:04',473,NULL,NULL,NULL,0,0),(40,19,20,NULL,1,'36',6.00,NULL,'2023-06-21 06:24:23','2023-06-21 06:24:23',36,NULL,NULL,NULL,0,0),(41,20,48,NULL,1,'263',30.00,NULL,'2023-06-21 06:52:28','2023-06-21 06:52:28',263,NULL,NULL,NULL,0,1),(42,21,48,NULL,1,'263',30.00,NULL,'2023-06-21 06:58:05','2023-06-21 06:58:05',263,NULL,NULL,NULL,0,1),(43,22,48,NULL,1,'261',3.75,NULL,'2023-06-21 09:18:15','2023-06-21 09:18:15',261,NULL,NULL,NULL,0,0),(47,25,62,NULL,1,'473',15.00,NULL,'2023-06-21 11:16:07','2023-06-21 11:16:07',473,NULL,NULL,NULL,0,0),(48,26,281,NULL,1,'1075',33.00,NULL,'2023-06-21 11:19:27','2023-06-21 11:19:27',1075,NULL,NULL,NULL,0,0),(49,27,85,NULL,2,'515',6.00,NULL,'2023-06-21 18:29:46','2023-06-21 18:31:37',515,NULL,NULL,NULL,0,0),(50,28,64,NULL,1,'368',12.50,NULL,'2023-06-21 18:43:13','2023-06-21 18:43:13',368,NULL,NULL,NULL,0,0),(54,31,284,NULL,1,'1082',8.00,NULL,'2023-06-21 21:20:15','2023-06-21 22:01:31',1082,NULL,NULL,NULL,0,0),(55,32,52,NULL,1,'484',3.00,NULL,'2023-06-21 21:35:24','2023-06-21 21:35:24',484,NULL,NULL,NULL,0,0),(56,31,85,NULL,1,'515',6.00,NULL,'2023-06-21 22:01:22','2023-06-21 22:01:33',515,NULL,NULL,NULL,0,0),(58,33,284,NULL,1,'1082',8.00,NULL,'2023-06-22 03:17:43','2023-06-22 03:17:43',1082,NULL,NULL,NULL,0,0),(59,33,85,NULL,1,'515',6.00,NULL,'2023-06-22 03:17:43','2023-06-22 03:17:43',515,NULL,NULL,NULL,0,0),(61,34,20,NULL,1,'37',32.50,NULL,'2023-06-22 04:17:48','2023-06-22 04:17:48',37,NULL,NULL,NULL,0,0),(62,35,62,NULL,1,'473',15.00,NULL,'2023-06-22 04:27:50','2023-06-22 04:27:50',473,NULL,NULL,NULL,0,0),(63,34,62,NULL,1,'473',15.00,NULL,'2023-06-22 04:30:18','2023-06-22 04:30:18',473,NULL,NULL,NULL,0,0),(66,38,285,NULL,1,'1084',9.00,NULL,'2023-06-22 04:49:14','2023-06-22 04:49:14',1084,NULL,NULL,NULL,0,0),(68,39,62,NULL,1,'473',15.00,NULL,'2023-06-22 07:05:34','2023-06-22 07:05:34',473,NULL,NULL,NULL,0,0),(69,40,62,NULL,1,'473',15.00,NULL,'2023-06-22 07:16:14','2023-06-22 07:16:14',473,NULL,NULL,NULL,0,0),(70,41,62,NULL,1,'472',3.00,NULL,'2023-06-22 16:54:16','2023-06-22 16:54:16',472,NULL,NULL,NULL,0,0),(71,42,20,NULL,1,'37',32.50,NULL,'2023-06-22 17:15:01','2023-06-22 17:15:01',37,NULL,NULL,NULL,0,0),(72,43,20,NULL,1,'37',32.50,NULL,'2023-06-22 17:19:09','2023-06-26 17:45:23',37,NULL,NULL,NULL,0,0),(73,44,93,NULL,2,'536',10.00,NULL,'2023-06-22 17:23:46','2023-06-22 20:18:18',536,NULL,NULL,NULL,0,0),(74,45,62,NULL,1,'473',15.00,NULL,'2023-06-22 17:42:36','2023-06-22 17:42:36',473,NULL,NULL,NULL,0,0),(75,46,45,NULL,2,'193',2.00,NULL,'2023-06-22 20:19:50','2023-06-22 20:19:50',193,NULL,NULL,NULL,0,0),(76,47,46,NULL,2,'224',4.00,NULL,'2023-06-22 20:23:22','2023-06-22 20:23:22',224,NULL,NULL,NULL,0,0),(77,48,46,NULL,2,'224',4.00,NULL,'2023-06-22 20:28:19','2023-06-22 20:28:19',224,NULL,NULL,NULL,0,0),(78,49,45,NULL,1,'194',7.50,NULL,'2023-06-22 20:47:07','2023-06-22 20:47:07',194,NULL,NULL,NULL,0,0),(79,50,45,NULL,2,'194',7.50,NULL,'2023-06-22 20:48:09','2023-06-22 20:48:09',194,NULL,NULL,NULL,0,0),(80,51,45,NULL,1,'194',7.50,NULL,'2023-06-22 21:43:17','2023-06-22 21:43:17',194,NULL,NULL,NULL,0,0),(86,55,167,NULL,1,'794',4.00,NULL,'2023-06-26 03:51:09','2023-06-26 03:51:09',794,NULL,NULL,NULL,0,0),(87,55,204,NULL,1,'880',6.50,NULL,'2023-06-26 03:53:14','2023-06-26 03:53:14',880,NULL,NULL,NULL,0,0),(88,56,285,NULL,2,'1084',9.00,NULL,'2023-06-26 03:53:38','2023-06-27 01:27:12',1084,NULL,NULL,NULL,0,0),(89,55,85,NULL,1,'516',15.00,NULL,'2023-06-26 04:12:34','2023-06-26 04:12:34',516,NULL,NULL,NULL,0,1),(90,43,46,NULL,1,'224',4.00,NULL,'2023-06-26 16:49:21','2023-06-26 17:45:28',224,NULL,NULL,NULL,0,0),(91,57,270,NULL,1,'1055',7.50,NULL,'2023-06-26 17:50:04','2023-06-26 17:50:04',1055,NULL,NULL,NULL,0,0),(93,59,190,NULL,1,'854',7.00,NULL,'2023-06-26 19:49:55','2023-06-26 19:49:55',854,NULL,NULL,NULL,0,0),(94,51,285,NULL,1,'1083',5.00,NULL,'2023-06-26 22:02:25','2023-06-26 22:02:25',1083,NULL,NULL,NULL,0,0),(95,56,45,NULL,5,'194',7.50,NULL,'2023-06-27 01:02:52','2023-06-27 01:27:16',194,NULL,NULL,NULL,0,0),(96,56,285,NULL,3,'1083',5.00,NULL,'2023-06-27 01:03:10','2023-06-27 01:27:19',1083,NULL,NULL,NULL,0,0),(97,60,127,NULL,1,'704',6.00,NULL,'2023-06-27 11:15:54','2023-06-27 11:16:03',704,NULL,NULL,NULL,0,0),(98,61,48,NULL,1,'36,261',3.75,NULL,'2023-07-05 19:24:05','2023-07-05 19:24:05',261,NULL,NULL,NULL,0,0),(99,61,20,NULL,1,'36,261',6.00,NULL,'2023-07-05 19:24:05','2023-07-05 19:24:05',36,NULL,NULL,NULL,0,0),(103,63,93,NULL,2,'538',15.00,NULL,'2023-07-09 19:38:36','2023-07-09 19:38:57',538,NULL,NULL,NULL,0,0),(104,64,367,NULL,1,'1307',11.00,NULL,'2023-07-13 12:52:42','2023-07-13 12:52:42',1307,NULL,NULL,NULL,0,0),(105,65,62,NULL,1,'473',15.00,NULL,'2023-07-21 04:21:10','2023-07-21 04:21:10',473,NULL,NULL,NULL,0,0),(106,65,62,NULL,2,'472',3.00,NULL,'2023-07-21 04:21:14','2023-07-30 00:41:49',472,NULL,NULL,NULL,0,0),(107,66,48,NULL,1,'261',3.75,NULL,'2023-07-26 01:05:23','2023-07-26 01:05:23',261,NULL,NULL,NULL,0,0),(108,67,49,NULL,1,'226',2.00,NULL,'2023-07-26 11:46:56','2023-07-26 11:46:56',226,NULL,NULL,NULL,0,0),(109,67,71,NULL,1,'487',0.75,NULL,'2023-07-26 18:11:25','2023-07-26 18:11:25',487,NULL,NULL,NULL,0,0),(110,68,338,NULL,1,'1241',2.75,NULL,'2023-07-30 00:27:39','2023-07-30 00:27:39',1241,NULL,NULL,NULL,0,0),(111,69,20,NULL,2,'36',6.00,NULL,'2023-07-30 00:36:57','2023-07-30 00:36:57',36,NULL,NULL,NULL,0,0),(112,70,62,NULL,1,'473',15.00,NULL,'2023-07-30 00:42:31','2023-07-30 00:42:31',473,NULL,NULL,NULL,0,0),(113,70,62,NULL,2,'472',3.00,NULL,'2023-07-30 00:42:31','2023-07-30 00:42:31',472,NULL,NULL,NULL,0,0),(114,71,284,NULL,1,'1082',8.00,NULL,'2023-07-30 00:43:23','2023-07-30 00:43:23',1082,NULL,NULL,NULL,0,0),(115,71,85,NULL,1,'515',6.00,NULL,'2023-07-30 00:43:23','2023-07-30 00:43:23',515,NULL,NULL,NULL,0,0),(116,71,85,NULL,1,'516',15.00,NULL,'2023-07-30 00:47:14','2023-07-30 00:47:14',516,NULL,NULL,NULL,0,1),(122,74,167,NULL,2,'794',4.00,NULL,'2023-07-30 22:22:55','2023-07-30 22:22:55',794,NULL,NULL,NULL,0,0),(123,75,49,NULL,2,'227',5.50,NULL,'2023-08-05 19:22:43','2023-08-15 08:36:19',227,NULL,NULL,NULL,0,0),(130,79,48,NULL,1,'261',3.75,NULL,'2023-08-07 19:07:50','2023-08-07 19:07:50',261,NULL,NULL,NULL,0,0),(135,82,167,NULL,1,'794',4.00,NULL,'2023-08-07 21:53:54','2023-08-07 21:53:54',794,NULL,NULL,NULL,0,0),(136,82,204,NULL,1,'880',6.50,NULL,'2023-08-07 21:53:54','2023-08-07 21:53:54',880,NULL,NULL,NULL,0,0),(137,82,85,NULL,1,'516',15.00,NULL,'2023-08-07 21:53:54','2023-08-07 21:53:54',516,NULL,NULL,NULL,0,0),(138,83,167,NULL,1,'794',4.00,NULL,'2023-08-07 23:51:45','2023-08-07 23:51:45',794,NULL,NULL,NULL,0,0),(139,83,204,NULL,1,'880',6.50,NULL,'2023-08-07 23:51:45','2023-08-07 23:51:45',880,NULL,NULL,NULL,0,0),(140,83,85,NULL,1,'516',15.00,NULL,'2023-08-07 23:51:45','2023-08-07 23:51:45',516,NULL,NULL,NULL,0,0),(149,85,285,NULL,6,'1083',5.00,NULL,'2023-08-08 09:23:44','2023-08-15 02:40:42',1083,NULL,NULL,NULL,0,0),(150,86,85,NULL,1,'515',6.00,NULL,'2023-08-08 09:55:58','2023-08-08 09:55:58',515,NULL,NULL,NULL,0,0),(151,86,300,NULL,2,'1109',1.75,NULL,'2023-08-08 09:56:26','2023-08-08 09:56:26',1109,NULL,NULL,NULL,0,0),(152,87,62,NULL,1,'472',3.00,NULL,'2023-08-08 21:01:57','2023-08-08 21:01:57',472,NULL,NULL,NULL,0,0),(154,85,62,NULL,1,'473',15.00,NULL,'2023-08-10 05:37:07','2023-08-10 05:37:07',473,NULL,NULL,NULL,0,0),(155,85,48,NULL,1,'261',3.75,NULL,'2023-08-10 05:38:49','2023-08-10 05:38:49',261,NULL,NULL,NULL,0,0),(156,89,62,NULL,1,'472',3.00,NULL,'2023-08-10 05:41:05','2023-08-10 05:41:05',472,NULL,NULL,NULL,0,0),(157,90,48,NULL,1,'261',3.75,NULL,'2023-08-10 05:43:53','2023-08-10 05:43:53',261,NULL,NULL,NULL,0,0),(159,92,48,NULL,1,'261',3.75,NULL,'2023-08-10 22:02:31','2023-08-10 22:02:31',261,NULL,NULL,NULL,0,0),(160,85,93,NULL,4,'536',10.00,NULL,'2023-08-10 22:02:52','2023-08-10 22:02:52',536,NULL,NULL,NULL,0,0),(163,93,93,NULL,1,'536',10.00,NULL,'2023-08-10 23:11:07','2023-08-10 23:11:07',536,NULL,NULL,NULL,0,0),(164,93,20,NULL,1,'36',6.00,NULL,'2023-08-10 23:11:16','2023-08-10 23:11:16',36,NULL,NULL,NULL,0,0),(168,95,93,NULL,1,'536',10.00,NULL,'2023-08-10 23:21:48','2023-08-10 23:21:48',536,NULL,NULL,NULL,0,0),(169,95,20,NULL,1,'36',6.00,NULL,'2023-08-10 23:21:48','2023-08-10 23:21:48',36,NULL,NULL,NULL,0,0),(170,96,287,NULL,2,'1087',5.50,NULL,'2023-08-11 01:54:42','2023-08-11 01:54:42',1087,NULL,NULL,NULL,0,0),(171,92,282,NULL,3,'1077',5.50,NULL,'2023-08-11 08:10:48','2023-08-11 08:10:48',1077,NULL,NULL,NULL,0,0),(172,92,285,NULL,3,'1083',5.00,NULL,'2023-08-11 08:10:56','2023-08-11 08:10:56',1083,NULL,NULL,NULL,0,0),(173,97,286,NULL,1,'1086',8.00,NULL,'2023-08-12 07:50:19','2023-08-12 07:50:19',1086,NULL,NULL,NULL,0,0),(174,98,48,NULL,2,'261',3.75,NULL,'2023-08-12 17:31:04','2023-08-12 17:31:04',261,NULL,NULL,NULL,0,0),(175,71,285,NULL,3,'1084',9.00,NULL,'2023-08-12 20:52:03','2023-08-12 20:52:03',1084,NULL,NULL,NULL,0,0),(194,103,85,NULL,1,'516',15.00,NULL,'2023-08-14 16:49:58','2023-08-14 16:49:58',516,NULL,NULL,NULL,0,0),(195,104,49,NULL,1,'226',2.00,NULL,'2023-08-14 19:18:18','2023-08-14 19:18:18',226,NULL,NULL,NULL,0,0),(196,104,53,NULL,1,'269,1390',1.50,NULL,'2023-08-14 19:19:27','2023-08-14 19:19:27',269,NULL,NULL,NULL,0,0),(197,105,167,NULL,1,'794',4.00,NULL,'2023-08-14 21:28:23','2023-08-14 21:28:23',794,NULL,NULL,NULL,0,0),(198,105,204,NULL,1,'880',6.50,NULL,'2023-08-14 21:28:23','2023-08-14 21:28:23',880,NULL,NULL,NULL,0,0),(199,105,85,NULL,1,'516',15.00,NULL,'2023-08-14 21:28:23','2023-08-14 21:28:23',516,NULL,NULL,NULL,0,0),(200,106,285,NULL,3,'1083',5.00,NULL,'2023-08-14 21:50:38','2023-08-14 21:50:38',1083,NULL,NULL,NULL,0,0),(201,103,300,NULL,3,'1109',1.75,NULL,'2023-08-14 22:45:47','2023-08-14 22:45:47',1109,NULL,NULL,NULL,0,0),(202,103,62,NULL,1,'472',3.00,NULL,'2023-08-14 22:54:36','2023-08-14 22:54:36',472,NULL,NULL,NULL,0,0),(203,107,62,NULL,4,'472',3.00,NULL,'2023-08-14 23:03:28','2023-08-14 23:03:29',472,NULL,NULL,NULL,0,0),(204,107,285,NULL,2,'1083',5.00,NULL,'2023-08-14 23:03:37','2023-08-14 23:03:45',1083,NULL,NULL,NULL,0,0),(205,108,300,NULL,5,'1109',1.75,NULL,'2023-08-14 23:06:10','2023-08-14 23:14:50',1109,NULL,NULL,NULL,0,0),(206,109,414,NULL,10,'1369',1.00,NULL,'2023-08-14 23:16:08','2023-08-14 23:16:49',1369,NULL,NULL,NULL,0,0),(207,109,285,NULL,5,'1083',5.00,NULL,'2023-08-14 23:16:23','2023-08-14 23:16:23',1083,NULL,NULL,NULL,0,0),(208,110,285,NULL,4,'1084',9.00,NULL,'2023-08-14 23:22:46','2023-08-20 21:38:30',1084,NULL,NULL,NULL,0,0),(209,111,414,NULL,10,'1369',1.00,NULL,'2023-08-14 23:22:52','2023-08-14 23:22:52',1369,NULL,NULL,NULL,0,0),(210,111,285,NULL,5,'1083',5.00,NULL,'2023-08-14 23:22:52','2023-08-14 23:22:52',1083,NULL,NULL,NULL,0,0),(212,112,62,NULL,3,'472',3.00,NULL,'2023-08-15 02:29:32','2023-08-15 02:29:32',472,NULL,NULL,NULL,0,0),(213,113,20,NULL,1,'36',6.00,NULL,'2023-08-15 02:40:25','2023-08-15 02:40:25',36,NULL,NULL,NULL,0,0),(214,75,20,NULL,5,'37',32.50,NULL,'2023-08-15 08:35:07','2023-08-15 08:37:47',37,NULL,NULL,NULL,0,0),(215,110,285,NULL,1,'1083',5.00,NULL,'2023-08-15 16:27:50','2023-08-15 16:27:50',1083,NULL,NULL,NULL,0,0),(216,114,414,NULL,10,'1369',1.00,NULL,'2023-08-15 16:29:06','2023-08-15 16:29:06',1369,NULL,NULL,NULL,0,0),(217,114,285,NULL,5,'1083',5.00,NULL,'2023-08-15 16:29:06','2023-08-15 16:29:06',1083,NULL,NULL,NULL,0,0),(218,85,82,NULL,1,'512',1.00,NULL,'2023-08-16 08:39:34','2023-08-16 08:39:34',512,NULL,NULL,NULL,0,0),(219,85,404,NULL,1,'1350',5.75,NULL,'2023-08-16 09:30:59','2023-08-16 09:30:59',1350,NULL,NULL,NULL,0,0),(220,85,270,NULL,1,'1054',3.00,NULL,'2023-08-16 09:31:06','2023-08-16 09:31:06',1054,NULL,NULL,NULL,0,0),(221,85,167,NULL,1,'794',4.00,NULL,'2023-08-16 09:31:17','2023-08-16 09:31:17',794,NULL,NULL,NULL,0,0),(222,85,167,NULL,1,'792',2.25,NULL,'2023-08-16 09:31:19','2023-08-16 09:31:19',792,NULL,NULL,NULL,0,0),(223,85,207,NULL,1,'886',9.50,NULL,'2023-08-16 09:32:07','2023-08-16 09:32:07',886,NULL,NULL,NULL,0,0),(224,85,207,NULL,2,'885',3.50,NULL,'2023-08-16 09:32:09','2023-08-16 09:32:15',885,NULL,NULL,NULL,0,0),(225,85,195,NULL,2,'861',3.00,NULL,'2023-08-16 09:41:54','2023-08-16 09:42:15',861,NULL,NULL,NULL,0,0),(226,85,195,NULL,1,'862',5.50,NULL,'2023-08-16 09:42:16','2023-08-16 09:42:16',862,NULL,NULL,NULL,0,0),(227,85,20,NULL,1,'36',6.00,NULL,'2023-08-16 09:45:17','2023-08-16 09:45:17',36,NULL,NULL,NULL,0,0),(228,115,62,NULL,1,'472',3.00,NULL,'2023-08-16 10:28:07','2023-08-16 10:28:07',472,NULL,NULL,NULL,0,0),(229,116,285,NULL,1,'1084',9.00,NULL,'2023-08-16 10:32:00','2023-08-16 10:32:00',1084,NULL,NULL,NULL,0,0),(230,117,62,NULL,1,'473',15.00,NULL,'2023-08-16 10:47:49','2023-08-16 10:47:49',473,NULL,NULL,NULL,0,0),(231,118,62,NULL,1,'473',15.00,NULL,'2023-08-16 10:55:34','2023-08-16 10:55:34',473,NULL,NULL,NULL,0,0),(232,119,62,NULL,1,'473',15.00,NULL,'2023-08-16 13:38:16','2023-08-16 13:38:16',473,NULL,NULL,NULL,0,0),(233,120,62,NULL,1,'473',15.00,NULL,'2023-08-16 13:40:29','2023-08-16 13:40:29',473,NULL,NULL,NULL,0,0),(234,121,62,NULL,1,'473',15.00,NULL,'2023-08-16 13:45:12','2023-08-16 13:45:12',473,NULL,NULL,NULL,0,0),(235,121,62,NULL,1,'472',3.00,NULL,'2023-08-16 13:45:14','2023-08-16 13:45:14',472,NULL,NULL,NULL,0,0),(236,122,20,NULL,5,'36',6.00,NULL,'2023-08-16 17:41:41','2023-08-16 18:00:29',36,NULL,NULL,NULL,0,0),(237,123,414,NULL,10,'1369',1.00,NULL,'2023-08-16 18:53:24','2023-08-16 18:53:24',1369,NULL,NULL,NULL,0,0),(238,123,285,NULL,5,'1083',5.00,NULL,'2023-08-16 18:53:24','2023-08-16 18:53:24',1083,NULL,NULL,NULL,0,0),(241,125,48,NULL,2000,'262',15.00,NULL,'2023-08-17 10:04:58','2023-08-17 10:04:58',262,NULL,NULL,NULL,0,0),(243,113,53,NULL,2,'269,1389',1.50,NULL,'2023-08-17 20:37:21','2023-08-17 20:37:21',269,NULL,NULL,NULL,0,0),(244,127,62,NULL,1,'472',3.00,NULL,'2023-08-18 01:53:05','2023-08-18 01:53:21',472,NULL,NULL,NULL,0,0),(245,128,441,NULL,1,'1387',7.00,NULL,'2023-08-18 09:08:21','2023-08-18 09:08:21',1387,NULL,NULL,NULL,0,0),(249,130,82,NULL,1,'512',1.00,NULL,'2023-08-19 11:15:41','2023-08-19 11:15:41',512,NULL,NULL,NULL,0,0),(250,130,404,NULL,1,'1350',5.50,NULL,'2023-08-19 11:16:00','2023-08-19 11:16:00',1350,NULL,NULL,NULL,0,0),(251,130,409,NULL,1,'1355',5.50,NULL,'2023-08-19 11:16:06','2023-08-19 11:16:06',1355,NULL,NULL,NULL,0,0),(252,131,403,NULL,1,'1349',5.50,NULL,'2023-08-19 11:20:17','2023-08-19 11:20:17',1349,NULL,NULL,NULL,0,0),(253,131,404,NULL,1,'1350',5.50,NULL,'2023-08-19 11:20:22','2023-08-19 11:20:22',1350,NULL,NULL,NULL,0,0),(254,131,430,NULL,1,'1379',15.50,NULL,'2023-08-19 11:20:29','2023-08-19 11:20:29',1379,NULL,NULL,NULL,0,0),(255,132,62,NULL,1,'472',3.00,NULL,'2023-08-19 11:41:16','2023-08-19 11:41:16',472,NULL,NULL,NULL,0,0),(256,132,62,NULL,1,'473',15.00,NULL,'2023-08-19 11:41:18','2023-08-19 11:41:18',473,NULL,NULL,NULL,0,0),(257,133,48,NULL,1,'263',30.00,NULL,'2023-08-19 18:28:59','2023-08-19 18:28:59',263,NULL,NULL,NULL,0,1),(258,133,48,NULL,1,'262',15.00,NULL,'2023-08-19 18:29:01','2023-08-19 18:29:01',262,NULL,NULL,NULL,0,0),(259,133,48,NULL,1,'261',3.75,NULL,'2023-08-19 18:29:03','2023-08-19 18:29:03',261,NULL,NULL,NULL,0,0),(260,134,48,NULL,1,'261',3.75,NULL,'2023-08-19 18:32:25','2023-08-19 18:32:25',261,NULL,NULL,NULL,0,0),(262,136,20,NULL,1,'36',6.00,NULL,'2023-08-20 06:35:05','2023-08-20 06:35:05',36,NULL,NULL,NULL,0,0),(263,136,20,NULL,1,'37',32.50,NULL,'2023-08-20 06:35:08','2023-08-20 06:35:08',37,NULL,NULL,NULL,0,0),(264,137,285,NULL,1,'1084',9.00,NULL,'2023-08-20 06:51:00','2023-08-20 06:51:00',1084,NULL,NULL,NULL,0,0),(265,137,285,NULL,1,'1083',5.00,NULL,'2023-08-20 06:51:02','2023-08-20 06:51:02',1083,NULL,NULL,NULL,0,0),(266,137,281,NULL,1,'1074',3.00,NULL,'2023-08-20 06:51:16','2023-08-20 06:51:16',1074,NULL,NULL,NULL,0,0),(267,137,281,NULL,1,'1076',32.00,NULL,'2023-08-20 06:51:17','2023-08-20 06:51:17',1076,NULL,NULL,NULL,0,0),(268,138,193,NULL,1,'858',7.00,NULL,'2023-08-20 06:54:03','2023-08-20 06:54:03',858,NULL,NULL,NULL,0,0),(269,139,82,NULL,1,'512',1.00,NULL,'2023-08-20 06:55:22','2023-08-20 06:55:22',512,NULL,NULL,NULL,0,0),(270,139,195,NULL,1,'861',3.00,NULL,'2023-08-20 06:55:34','2023-08-20 06:55:34',861,NULL,NULL,NULL,0,0),(271,139,195,NULL,1,'862',5.50,NULL,'2023-08-20 06:55:37','2023-08-20 06:55:37',862,NULL,NULL,NULL,0,0),(272,140,281,NULL,1,'1074',3.00,NULL,'2023-08-20 06:58:23','2023-08-20 06:58:23',1074,NULL,NULL,NULL,0,0),(273,140,281,NULL,1,'1075',16.50,NULL,'2023-08-20 06:58:27','2023-08-20 06:58:27',1075,NULL,NULL,NULL,0,0),(274,141,428,NULL,1,'1377',40.00,NULL,'2023-08-20 07:00:24','2023-08-20 07:00:24',1377,NULL,NULL,NULL,0,0),(275,141,430,NULL,1,'1379',15.50,NULL,'2023-08-20 07:00:29','2023-08-20 07:00:29',1379,NULL,NULL,NULL,0,0),(276,142,405,NULL,2,'1351',5.50,NULL,'2023-08-20 07:03:49','2023-08-20 07:03:49',1351,NULL,NULL,NULL,0,1),(277,143,48,NULL,1,'261',3.75,NULL,'2023-08-20 07:49:42','2023-08-20 07:49:42',261,NULL,NULL,NULL,0,0),(278,144,285,NULL,1,'1084',9.00,NULL,'2023-08-20 08:18:05','2023-08-20 08:18:05',1084,NULL,NULL,NULL,0,0),(279,144,282,NULL,1,'1078',19.50,NULL,'2023-08-20 08:18:15','2023-08-20 08:18:15',1078,NULL,NULL,NULL,0,0),(280,145,285,NULL,5,'1084',9.00,NULL,'2023-08-20 11:50:08','2023-08-20 11:56:05',1084,NULL,NULL,NULL,0,0),(281,145,285,NULL,3,'1083',5.00,NULL,'2023-08-20 11:50:22','2023-08-20 11:56:07',1083,NULL,NULL,NULL,0,0),(282,146,20,NULL,3,'37',32.50,NULL,'2023-08-20 13:18:10','2023-08-20 13:18:19',37,NULL,NULL,NULL,0,0),(283,147,62,NULL,1,'473',15.00,NULL,'2023-08-20 13:20:45','2023-08-20 13:20:45',473,NULL,NULL,NULL,0,0),(284,148,62,NULL,1,'473',15.00,NULL,'2023-08-20 13:21:40','2023-08-20 13:21:40',473,NULL,NULL,NULL,0,0),(285,149,62,NULL,1,'473',15.00,NULL,'2023-08-20 13:23:24','2023-08-20 13:23:24',473,NULL,NULL,NULL,0,0),(286,149,53,NULL,2,'269,1389',1.50,NULL,'2023-08-20 17:20:32','2023-08-20 17:20:32',269,NULL,NULL,NULL,0,0),(287,110,20,NULL,3,'36',6.00,NULL,'2023-08-20 21:34:20','2023-08-20 21:34:26',36,NULL,NULL,NULL,0,0),(288,110,440,NULL,2,'1386',35.00,NULL,'2023-08-20 21:35:06','2023-08-20 21:35:06',1386,NULL,NULL,NULL,0,0),(289,145,287,NULL,1,'1087',5.50,NULL,'2023-08-21 22:55:37','2023-08-21 22:55:37',1087,NULL,NULL,NULL,0,0),(290,150,428,NULL,1,'1377',40.00,NULL,'2023-08-21 22:59:02','2023-08-21 22:59:02',1377,NULL,NULL,NULL,0,0),(291,151,85,NULL,1,'514',1.50,NULL,'2023-08-21 23:04:18','2023-08-21 23:04:18',514,NULL,NULL,NULL,0,0),(292,151,69,NULL,1,'433',10.00,NULL,'2023-08-21 23:04:24','2023-08-21 23:04:24',433,NULL,NULL,NULL,0,0),(293,152,20,NULL,1,'37',32.50,NULL,'2023-08-21 23:08:51','2023-08-21 23:08:51',37,NULL,NULL,NULL,0,0),(294,152,20,NULL,1,'36',6.00,NULL,'2023-08-21 23:08:53','2023-08-21 23:08:53',36,NULL,NULL,NULL,0,0),(295,153,285,NULL,1,'1083',5.00,NULL,'2023-08-21 23:14:11','2023-08-21 23:14:11',1083,NULL,NULL,NULL,0,0),(296,153,285,NULL,1,'1084',9.00,NULL,'2023-08-21 23:14:14','2023-08-21 23:14:14',1084,NULL,NULL,NULL,0,0),(297,154,430,NULL,2,'1379',15.50,NULL,'2023-08-22 00:08:18','2023-08-22 00:08:24',1379,NULL,NULL,NULL,0,0),(298,155,59,NULL,1,'280',2.50,NULL,'2023-08-22 01:07:21','2023-08-22 01:07:21',280,NULL,NULL,NULL,0,0),(299,155,273,NULL,1,'1060',8.50,NULL,'2023-08-22 01:22:13','2023-08-22 01:22:13',1060,NULL,NULL,NULL,0,0),(300,156,20,NULL,1,'37',32.50,NULL,'2023-08-22 10:26:43','2023-08-22 10:26:43',37,NULL,NULL,NULL,0,0),(301,157,285,NULL,1,'1084',9.00,NULL,'2023-08-22 10:53:54','2023-08-22 10:53:54',1084,NULL,NULL,NULL,0,0),(302,157,281,NULL,2,'1076',32.00,NULL,'2023-08-22 10:55:11','2023-08-22 10:57:44',1076,NULL,NULL,NULL,0,0),(303,157,62,NULL,1,'473',15.00,NULL,'2023-08-22 10:55:50','2023-08-22 10:55:50',473,NULL,NULL,NULL,0,0),(304,157,48,NULL,1,'262',15.00,NULL,'2023-08-22 10:57:20','2023-08-22 10:57:20',262,NULL,NULL,NULL,0,0),(305,157,281,NULL,1,'1074',3.00,NULL,'2023-08-22 10:57:49','2023-08-22 10:57:49',1074,NULL,NULL,NULL,0,0),(306,157,441,NULL,1,'1388',25.00,NULL,'2023-08-22 10:57:59','2023-08-22 10:57:59',1388,NULL,NULL,NULL,0,0),(307,157,404,NULL,1,'1350',5.50,NULL,'2023-08-22 11:07:18','2023-08-22 11:07:18',1350,NULL,NULL,NULL,0,0),(308,158,62,NULL,1,'472',3.00,NULL,'2023-08-22 11:09:05','2023-08-22 11:09:05',472,NULL,NULL,NULL,0,0),(309,159,285,NULL,1,'1084',9.00,NULL,'2023-08-22 11:10:10','2023-08-22 11:10:10',1084,NULL,NULL,NULL,0,0),(310,159,410,NULL,1,'1356',5.50,NULL,'2023-08-22 11:13:23','2023-08-22 11:13:23',1356,NULL,NULL,NULL,0,0),(311,159,411,NULL,1,'1357',5.50,NULL,'2023-08-22 11:13:29','2023-08-22 11:13:29',1357,NULL,NULL,NULL,0,0),(312,160,404,NULL,3,'1350',5.50,NULL,'2023-08-22 16:55:38','2023-08-22 16:55:38',1350,NULL,NULL,NULL,0,0),(313,161,285,NULL,1,'1083',5.00,NULL,'2023-08-22 17:01:47','2023-08-22 17:01:47',1083,NULL,NULL,NULL,0,0),(315,162,404,NULL,3,'1350',5.50,NULL,'2023-08-22 17:38:19','2023-08-22 17:38:30',1350,NULL,NULL,NULL,0,0),(316,163,404,NULL,10,'1350',5.50,NULL,'2023-08-22 17:45:50','2023-08-22 17:45:50',1350,NULL,NULL,NULL,0,0),(317,164,54,NULL,1,'270',7.00,NULL,'2023-08-22 17:55:40','2023-08-22 17:55:40',270,NULL,NULL,NULL,0,0),(318,165,284,NULL,3,'1081',4.25,NULL,'2023-08-22 18:34:23','2023-08-22 18:34:35',1081,NULL,NULL,NULL,0,0),(319,166,226,NULL,1,'1132',32.00,NULL,'2023-08-22 18:37:26','2023-08-22 18:37:26',1132,NULL,NULL,NULL,0,0),(320,167,62,NULL,1,'473',15.00,NULL,'2023-08-22 18:39:48','2023-08-22 18:39:48',473,NULL,NULL,NULL,0,0),(321,168,62,NULL,1,'472',3.00,NULL,'2023-08-22 18:41:11','2023-08-22 18:41:11',472,NULL,NULL,NULL,0,0),(322,169,69,NULL,2,'399',7.00,NULL,'2023-08-22 18:43:05','2023-08-22 18:43:05',399,NULL,NULL,NULL,0,0),(323,170,167,NULL,1,'792',2.25,NULL,'2023-08-22 18:44:24','2023-08-22 18:44:24',792,NULL,NULL,NULL,0,0),(324,171,69,NULL,2,'399',7.00,NULL,'2023-08-22 18:46:21','2023-08-22 18:46:21',399,NULL,NULL,NULL,0,0),(325,172,428,NULL,1,'1377',40.00,NULL,'2023-08-22 19:33:40','2023-08-22 19:33:40',1377,NULL,NULL,NULL,0,0),(326,173,430,NULL,1,'1379',15.50,NULL,'2023-08-22 19:40:06','2023-08-22 19:40:06',1379,NULL,NULL,NULL,0,0),(327,174,62,NULL,2,'472',3.00,NULL,'2023-08-22 19:40:41','2023-08-22 19:40:41',472,NULL,NULL,NULL,0,0),(328,175,428,NULL,1,'1377',40.00,NULL,'2023-08-22 19:41:33','2023-08-22 19:41:33',1377,NULL,NULL,NULL,0,0),(329,176,441,NULL,1,'1388',25.00,NULL,'2023-08-22 19:43:02','2023-08-22 19:43:02',1388,NULL,NULL,NULL,0,0),(330,177,428,NULL,1,'1377',40.00,NULL,'2023-08-22 19:45:34','2023-08-22 19:45:34',1377,NULL,NULL,NULL,0,0),(331,178,441,NULL,1,'1388',25.00,NULL,'2023-08-22 19:46:58','2023-08-22 19:46:58',1388,NULL,NULL,NULL,0,0),(337,183,53,NULL,2,'269,1389',1.50,NULL,'2023-08-22 20:29:52','2023-08-22 20:30:15',269,NULL,NULL,NULL,0,0),(341,185,405,NULL,2,'1351',5.50,NULL,'2023-08-23 17:51:27','2023-08-23 17:51:27',1351,NULL,NULL,NULL,0,1),(342,185,438,NULL,2,'1384',3.00,NULL,'2023-08-23 17:51:36','2023-08-23 17:51:36',1384,NULL,NULL,NULL,0,0),(343,186,62,NULL,3,'473',15.00,NULL,'2023-08-23 18:13:16','2023-08-23 18:39:41',473,NULL,NULL,NULL,0,0),(344,186,204,NULL,1,'880',6.50,NULL,'2023-08-23 18:48:29','2023-08-23 18:48:29',880,NULL,NULL,NULL,0,0),(345,186,226,NULL,1,'1132',32.00,NULL,'2023-08-23 18:49:05','2023-08-23 18:49:05',1132,NULL,NULL,NULL,0,0),(348,188,48,NULL,1,'263',30.00,NULL,'2023-08-23 19:02:06','2023-08-23 20:07:36',263,NULL,NULL,NULL,0,1),(349,189,48,NULL,1,'262,485',15.00,NULL,'2023-08-23 19:05:42','2023-08-23 19:05:42',262,NULL,NULL,NULL,0,0),(350,189,52,NULL,1,'262,485',12.50,NULL,'2023-08-23 19:05:42','2023-08-23 19:05:42',485,NULL,NULL,NULL,0,0),(353,191,285,NULL,1,'1084',9.00,NULL,'2023-08-23 19:07:13','2023-08-23 19:07:13',1084,NULL,NULL,NULL,0,0),(354,191,20,NULL,1,'37',32.50,NULL,'2023-08-23 19:07:21','2023-08-23 19:07:21',37,NULL,NULL,NULL,0,0),(355,192,129,NULL,2,'709',11.00,NULL,'2023-08-23 19:18:33','2023-08-23 19:18:33',709,NULL,NULL,NULL,0,0),(356,192,201,NULL,1,'873',7.00,NULL,'2023-08-23 19:19:52','2023-08-23 19:19:52',873,NULL,NULL,NULL,0,0),(357,193,441,NULL,2,'1388',25.00,NULL,'2023-08-23 19:31:07','2023-08-23 19:31:07',1388,NULL,NULL,NULL,0,0),(358,193,62,NULL,1,'472',3.00,NULL,'2023-08-23 19:31:18','2023-08-23 19:31:18',472,NULL,NULL,NULL,0,0),(359,193,16,NULL,1,'32',13.00,NULL,'2023-08-23 19:31:25','2023-08-23 19:31:25',32,NULL,NULL,NULL,0,0),(362,195,48,NULL,1,'262',15.00,NULL,'2023-08-23 19:51:48','2023-08-23 19:51:48',262,NULL,NULL,NULL,0,0),(366,197,285,NULL,2,'1084',9.00,NULL,'2023-08-23 20:34:38','2023-08-23 20:34:44',1084,NULL,NULL,NULL,0,0),(367,197,20,NULL,2,'36',6.00,NULL,'2023-08-23 20:35:16','2023-08-23 20:35:16',36,NULL,NULL,NULL,0,0),(368,197,48,NULL,1,'261',3.75,NULL,'2023-08-23 20:35:27','2023-08-23 20:35:27',261,NULL,NULL,NULL,0,0),(370,199,285,NULL,1,'1084',9.00,NULL,'2023-08-23 20:36:54','2023-08-23 20:36:54',1084,NULL,NULL,NULL,0,0),(371,199,282,NULL,1,'1077',5.50,NULL,'2023-08-23 20:37:11','2023-08-23 20:37:11',1077,NULL,NULL,NULL,0,0),(372,199,69,NULL,1,'399',7.00,NULL,'2023-08-23 20:37:23','2023-08-23 20:37:23',399,NULL,NULL,NULL,0,0),(373,199,48,NULL,1,'261',3.75,NULL,'2023-08-23 20:37:42','2023-08-23 20:37:42',261,NULL,NULL,NULL,0,0),(374,200,62,NULL,2,'473',15.00,NULL,'2023-08-23 21:51:54','2023-08-23 21:51:54',473,NULL,NULL,NULL,0,0),(375,201,285,NULL,1,'1084',9.00,NULL,'2023-08-23 22:08:00','2023-08-23 22:08:00',1084,NULL,NULL,NULL,0,0),(376,201,85,NULL,1,'516',13.00,NULL,'2023-08-23 22:08:10','2023-08-23 22:08:10',516,NULL,NULL,NULL,0,1),(377,202,282,NULL,1,'1078',19.50,NULL,'2023-08-23 22:25:26','2023-08-23 22:25:26',1078,NULL,NULL,NULL,0,0),(378,202,207,NULL,1,'885',3.50,NULL,'2023-08-23 22:27:14','2023-08-23 22:27:14',885,NULL,NULL,NULL,0,0),(381,204,281,NULL,1,'1076',32.00,NULL,'2023-08-23 23:34:58','2023-08-23 23:34:58',1076,NULL,NULL,NULL,0,0),(383,204,62,NULL,2,'473',15.00,NULL,'2023-08-24 19:51:25','2023-08-24 19:51:25',473,NULL,NULL,NULL,0,0),(384,204,20,NULL,1,'37',32.50,NULL,'2023-08-24 20:06:05','2023-08-24 20:06:05',37,NULL,NULL,NULL,0,0),(385,204,20,NULL,1,'36',6.00,NULL,'2023-08-24 20:06:40','2023-08-24 20:06:40',36,NULL,NULL,NULL,0,0),(386,205,48,NULL,2,'262',15.00,NULL,'2023-08-25 19:18:08','2023-08-25 19:18:53',262,NULL,NULL,NULL,0,0),(388,206,82,NULL,2,'512',1.00,NULL,'2023-08-28 23:00:11','2023-08-28 23:00:11',512,NULL,NULL,NULL,0,0),(389,206,20,NULL,2,'36',6.00,NULL,'2023-08-28 23:00:23','2023-08-28 23:00:23',36,NULL,NULL,NULL,0,0),(390,206,285,NULL,2,'1084',9.00,NULL,'2023-08-28 23:01:46','2023-08-28 23:01:46',1084,NULL,NULL,NULL,0,0),(391,207,20,NULL,1,'37',32.50,NULL,'2023-08-28 23:08:15','2023-08-28 23:08:15',37,NULL,NULL,NULL,0,0),(392,207,85,NULL,1,'514',1.50,NULL,'2023-08-28 23:08:48','2023-08-28 23:08:48',514,NULL,NULL,NULL,0,0),(393,208,20,NULL,2,'37',32.50,NULL,'2023-08-28 23:16:38','2023-08-28 23:16:38',37,NULL,NULL,NULL,0,0),(394,208,85,NULL,1,'514',1.50,NULL,'2023-08-28 23:16:56','2023-08-28 23:16:56',514,NULL,NULL,NULL,0,0),(395,208,226,NULL,1,'1131',17.00,NULL,'2023-08-28 23:17:09','2023-08-28 23:17:09',1131,NULL,NULL,NULL,0,0),(398,211,20,NULL,1,'37',32.50,NULL,'2023-08-29 21:27:01','2023-08-29 21:27:01',37,NULL,NULL,NULL,0,0),(403,216,62,NULL,2,'473',15.00,NULL,'2023-08-29 22:37:16','2023-08-29 22:37:16',473,NULL,NULL,NULL,0,0),(404,217,62,NULL,2,'473',15.00,NULL,'2023-08-29 22:44:40','2023-08-29 22:44:40',473,NULL,NULL,NULL,0,0),(405,218,62,NULL,2,'473',15.00,NULL,'2023-08-29 22:44:42','2023-08-29 22:44:42',473,NULL,NULL,NULL,0,0),(406,219,62,NULL,2,'473',15.00,NULL,'2023-08-29 22:44:44','2023-08-29 22:44:44',473,NULL,NULL,NULL,0,0),(407,220,62,NULL,2,'473',15.00,NULL,'2023-08-29 22:46:13','2023-08-29 22:46:13',473,NULL,NULL,NULL,0,0),(408,221,20,NULL,1,'37',32.50,NULL,'2023-08-29 23:06:00','2023-08-29 23:06:00',37,NULL,NULL,NULL,0,0),(409,222,20,NULL,1,'37',32.50,NULL,'2023-08-29 23:06:44','2023-08-29 23:06:44',37,NULL,NULL,NULL,0,0),(410,223,62,NULL,2,'473',15.00,NULL,'2023-08-29 23:09:13','2023-08-29 23:09:13',473,NULL,NULL,NULL,0,0),(411,224,62,NULL,2,'473',15.00,NULL,'2023-08-30 16:31:36','2023-08-30 16:31:36',473,NULL,NULL,NULL,0,0),(412,221,281,NULL,1,'1074',3.00,NULL,'2023-08-30 22:03:33','2023-08-30 22:03:33',1074,NULL,NULL,NULL,0,0),(413,225,54,NULL,1,'37,270',7.00,NULL,'2023-08-30 23:53:18','2023-08-30 23:53:18',270,NULL,NULL,NULL,0,0),(414,225,20,NULL,1,'37,270',32.50,NULL,'2023-08-30 23:53:18','2023-08-30 23:53:18',37,NULL,NULL,NULL,0,0),(415,226,275,NULL,2,'1062',11.50,NULL,'2023-08-31 00:01:39','2023-08-31 00:12:01',1062,NULL,NULL,NULL,0,0),(416,227,85,NULL,3,'516',13.00,NULL,'2023-09-02 06:02:36','2023-09-02 06:02:36',516,NULL,NULL,NULL,0,1),(417,228,48,NULL,1,'261',3.75,NULL,'2023-09-02 06:04:29','2023-09-02 06:04:29',261,NULL,NULL,NULL,0,0),(418,229,20,NULL,2,'37',32.50,NULL,'2023-09-02 06:44:08','2023-09-02 07:10:52',37,NULL,NULL,NULL,0,0),(419,229,48,NULL,1,'261',3.75,NULL,'2023-09-02 07:11:14','2023-09-02 07:11:14',261,NULL,NULL,NULL,0,0),(420,230,85,NULL,3,'514',1.50,NULL,'2023-09-02 20:43:33','2023-09-02 22:41:42',514,NULL,NULL,NULL,0,0),(422,231,48,NULL,1,'263',30.00,NULL,'2023-09-03 17:41:14','2023-09-03 17:41:14',263,NULL,NULL,NULL,0,1),(423,231,58,NULL,1,'283',8.00,NULL,'2023-09-03 17:53:02','2023-09-03 17:53:02',283,NULL,NULL,NULL,0,0),(424,231,153,NULL,2,'758',1.00,NULL,'2023-09-03 17:58:47','2023-09-03 17:58:47',758,NULL,NULL,NULL,0,0),(425,231,241,NULL,6,'987',3.75,NULL,'2023-09-03 18:04:53','2023-09-03 18:04:53',987,NULL,NULL,NULL,0,0),(426,195,30,NULL,2,'166',5.25,NULL,'2023-09-03 22:54:52','2023-09-03 22:54:52',166,NULL,NULL,NULL,0,0),(427,232,285,NULL,1,'1084',9.00,NULL,'2023-09-03 23:00:12','2023-09-03 23:00:12',1084,NULL,NULL,NULL,0,0),(428,232,85,NULL,1,'515',5.50,NULL,'2023-09-03 23:00:24','2023-09-03 23:00:24',515,NULL,NULL,NULL,0,0),(429,232,53,NULL,1,'272,1391',12.50,NULL,'2023-09-03 23:01:30','2023-09-03 23:01:30',272,NULL,NULL,NULL,0,0),(430,232,60,NULL,1,'284',3.00,NULL,'2023-09-03 23:01:35','2023-09-03 23:01:35',284,NULL,NULL,NULL,0,0),(431,232,197,NULL,1,'863',9.00,NULL,'2023-09-03 23:01:49','2023-09-03 23:01:49',863,NULL,NULL,NULL,0,0),(432,232,202,NULL,1,'874',1.75,NULL,'2023-09-03 23:01:54','2023-09-03 23:01:54',874,NULL,NULL,NULL,0,0),(433,232,48,NULL,1,'263',30.00,NULL,'2023-09-03 23:03:14','2023-09-03 23:03:14',263,NULL,NULL,NULL,0,1),(434,233,285,NULL,1,'1083',5.00,NULL,'2023-09-04 02:17:16','2023-09-04 02:17:16',1083,NULL,NULL,NULL,0,0),(435,234,20,NULL,2,'37',32.50,NULL,'2023-09-04 02:21:59','2023-09-04 02:21:59',37,NULL,NULL,NULL,0,0),(436,235,281,NULL,1,'1074',3.00,NULL,'2023-09-04 02:48:07','2023-09-04 02:48:07',1074,NULL,NULL,NULL,0,0),(437,236,79,NULL,2,'505',6.50,NULL,'2023-09-04 02:55:36','2023-09-04 02:55:36',505,NULL,NULL,NULL,0,0),(438,237,62,NULL,1,'472',3.00,NULL,'2023-09-04 03:08:53','2023-09-04 03:08:53',472,NULL,NULL,NULL,0,0),(440,239,285,NULL,1,'1083',5.00,NULL,'2023-09-04 21:19:41','2023-09-04 21:19:41',1083,NULL,NULL,NULL,0,0),(441,239,20,NULL,1,'37',32.50,NULL,'2023-09-04 21:19:47','2023-09-04 21:19:47',37,NULL,NULL,NULL,0,0),(442,240,193,NULL,1,'858',7.00,NULL,'2023-09-04 21:51:58','2023-09-04 21:51:58',858,NULL,NULL,NULL,0,0),(443,240,255,NULL,1,'1032',4.00,NULL,'2023-09-04 21:52:08','2023-09-04 21:52:08',1032,NULL,NULL,NULL,0,0),(444,240,50,NULL,1,'1129',0.75,NULL,'2023-09-04 21:52:12','2023-09-04 21:52:12',1129,NULL,NULL,NULL,0,0),(445,241,281,NULL,2,'1075',16.50,NULL,'2023-09-04 21:58:34','2023-09-04 21:58:34',1075,NULL,NULL,NULL,0,0),(446,242,62,NULL,1,'473',15.00,NULL,'2023-09-05 07:45:03','2023-09-05 07:45:03',473,NULL,NULL,NULL,0,0),(447,242,30,NULL,1,'166',5.25,NULL,'2023-09-05 08:42:21','2023-09-05 08:42:21',166,NULL,NULL,NULL,0,0),(449,244,300,NULL,2,'1109',1.50,NULL,'2023-09-05 17:21:35','2023-09-05 17:21:35',1109,NULL,NULL,NULL,0,0),(450,244,300,NULL,1,'1395',10.00,NULL,'2023-09-05 17:21:47','2023-09-05 17:21:47',1395,NULL,NULL,NULL,0,0),(451,245,48,NULL,2,'261',3.75,NULL,'2023-09-05 17:46:51','2023-09-05 17:46:51',261,NULL,NULL,NULL,0,0),(452,245,285,NULL,1,'1083',5.00,NULL,'2023-09-05 17:47:12','2023-09-05 17:47:12',1083,NULL,NULL,NULL,0,0),(453,246,48,NULL,2,'261',3.75,NULL,'2023-09-05 17:55:27','2023-09-05 17:55:27',261,NULL,NULL,NULL,0,0),(454,246,285,NULL,1,'1083',5.00,NULL,'2023-09-05 17:55:27','2023-09-05 17:55:27',1083,NULL,NULL,NULL,0,0),(455,247,48,NULL,1,'262',15.00,NULL,'2023-09-05 19:05:45','2023-09-05 19:05:45',262,NULL,NULL,NULL,0,0),(456,247,30,NULL,2,'166',5.25,NULL,'2023-09-05 19:05:45','2023-09-05 19:05:45',166,NULL,NULL,NULL,0,0),(457,247,321,NULL,2,'1202',1.50,NULL,'2023-09-05 20:53:41','2023-09-05 20:53:41',1202,NULL,NULL,NULL,0,0),(458,248,48,NULL,3,'261',3.75,NULL,'2023-09-06 05:58:22','2023-09-06 06:57:18',261,NULL,NULL,NULL,0,0),(459,248,62,NULL,1,'472',3.00,NULL,'2023-09-06 05:58:38','2023-09-06 05:58:38',472,NULL,NULL,NULL,0,0),(460,248,62,NULL,4,'473',15.00,NULL,'2023-09-06 05:58:44','2023-09-06 06:22:06',473,NULL,NULL,NULL,0,0),(461,248,48,NULL,1,'262',15.00,NULL,'2023-09-06 06:52:10','2023-09-06 06:52:10',262,NULL,NULL,NULL,0,0),(462,248,285,NULL,1,'1084',9.00,NULL,'2023-09-06 07:39:54','2023-09-06 07:39:54',1084,NULL,NULL,NULL,0,0),(463,249,54,NULL,1,'37,270',7.00,NULL,'2023-09-06 14:27:56','2023-09-06 14:27:56',270,NULL,NULL,NULL,0,0),(464,249,20,NULL,1,'37,270',32.50,NULL,'2023-09-06 14:27:56','2023-09-06 14:27:56',37,NULL,NULL,NULL,0,0),(465,250,49,NULL,1,'227',5.50,NULL,'2023-09-06 17:29:55','2023-09-06 17:29:55',227,NULL,NULL,NULL,0,0),(466,251,28,NULL,1,'51',27.50,NULL,'2023-09-06 17:31:36','2023-09-06 17:31:36',51,NULL,NULL,NULL,0,0),(467,251,48,NULL,1,'263',30.00,NULL,'2023-09-06 17:33:44','2023-09-06 17:33:44',263,NULL,NULL,NULL,0,1),(468,251,58,NULL,1,'283',8.00,NULL,'2023-09-06 17:36:08','2023-09-06 17:36:08',283,NULL,NULL,NULL,0,0),(469,252,48,NULL,1,'262',15.00,NULL,'2023-09-07 03:49:26','2023-09-07 03:49:26',262,NULL,NULL,NULL,0,0),(470,253,48,NULL,1,'261',3.75,NULL,'2023-09-07 03:54:28','2023-09-07 03:54:28',261,NULL,NULL,NULL,0,0),(471,253,62,NULL,1,'473',15.00,NULL,'2023-09-07 03:54:41','2023-09-07 03:54:41',473,NULL,NULL,NULL,0,0),(472,248,20,NULL,5,'36',6.00,NULL,'2023-09-09 07:23:25','2023-09-09 07:23:25',36,NULL,NULL,NULL,0,0),(473,248,285,NULL,2,'1083',5.00,NULL,'2023-09-11 00:24:30','2023-09-11 00:24:38',1083,NULL,NULL,NULL,0,0);

--
