INSERT INTO `article_translations` (`id`, `article_id`, `title`, `content`, `locale`, `created_at`, `updated_at`) VALUES (149,92,'تنمية الأطفال الرضع: نمو صحي وتطوير مهاراتهم الحركية واللغوية','<p dir=\"rtl\" style=\"text-align:right\"><span style=\"font-size:18pt\"><span style=\"font-family:\'Times New Roman\',serif\"><span style=\"color:#000000\"><strong>مقدمة:</strong></span></span></span></p>\r\n\r\n<p dir=\"rtl\" style=\"text-align:right\"><span style=\"font-size:13.999999999999998pt\"><span style=\"font-family:\'Times New Roman\',serif\"><span style=\"color:#000000\">تعد فترة الطفولة المبكرة من أهم المراحل التي تؤثر في نمو وتنمية الطفل الرضيع. في هذه الفترة الحيوية، يكتسب الطفل العديد من المهارات الحركية واللغوية التي تؤثر على تطوره العقلي والجسدي. تعتبر تنمية الأطفال الرضع من المواضيع المهمة التي يجب على الأهل والمربين الاهتمام بها لتحفيز نموهم الصحيح وتطوير مهاراتهم الحركية واللغوية بشكل فعال.</span></span></span></p>\r\n\r\n<p dir=\"rtl\" style=\"text-align:right\"><span style=\"font-size:13.999999999999998pt\"><span style=\"font-family:\'Times New Roman\',serif\"><span style=\"color:#000000\">في هذا المقال، سنستكشف كيفية تحفيز نمو الطفل الرضيع وتطوير مهاراته الحركية واللغوية في هذه المرحلة المهمة.</span></span></span></p>\r\n\r\n<p dir=\"rtl\" style=\"text-align:right\"><span style=\"font-size:13.999999999999998pt\"><span style=\"font-family:\'Times New Roman\',serif\"><span style=\"color:#000000\">&nbsp;</span></span></span></p>\r\n\r\n<p dir=\"rtl\" style=\"margin-left:48px; text-align:right\"><span style=\"font-size:18pt\"><span style=\"font-family:\'Times New Roman\',serif\"><span style=\"color:#000000\"><strong>1-</strong></span></span></span><span style=\"font-size:6.999999999999999pt\"><span style=\"font-family:\'Times New Roman\',serif\"><span style=\"color:#000000\">&nbsp; </span></span></span><span style=\"font-size:18pt\"><span style=\"font-family:\'Times New Roman\',serif\"><span style=\"color:#000000\"><strong>تحفيز النمو الحركي للطفل الرضيع</strong></span></span></span></p>\r\n\r\n<p dir=\"rtl\" style=\"text-align:right\"><span style=\"font-size:13.999999999999998pt\"><span style=\"font-family:\'Times New Roman\',serif\"><span style=\"color:#000000\">أولى الخطوات في تحفيز نمو الطفل الرضيع تتعلق بتطوير مهاراته الحركية. إليك بعض الأساليب الفعالة لذلك:</span></span></span></p>\r\n\r\n<p dir=\"rtl\" style=\"text-align:right\"><span style=\"font-size:13.999999999999998pt\"><span style=\"font-family:\'Times New Roman\',serif\"><span style=\"color:#000000\">- اللعب التفاعلي: استخدام الألعاب المناسبة لعمر الطفل التي تشجعه على التحرك والاستكشاف. مثلاً، الألعاب التي يمكنه القبض عليها واللعب بها.</span></span></span></p>\r\n\r\n<p dir=\"rtl\" style=\"text-align:right\"><span style=\"font-size:13.999999999999998pt\"><span style=\"font-family:\'Times New Roman\',serif\"><span style=\"color:#000000\">- تشجيع المحاولات: حث الطفل على محاولة التسلق أو المشي مع المساعدة. هذا يساهم في تطوير توازنه وقوة عضلاته.</span></span></span></p>\r\n\r\n<p dir=\"rtl\" style=\"text-align:right\"><span style=\"font-size:13.999999999999998pt\"><span style=\"font-family:\'Times New Roman\',serif\"><span style=\"color:#000000\">-&nbsp; توفير بيئة آمنة: تأكد من أن المكان الذي يتحرك فيه الطفل آمن وخالي من العوائق والأشياء الخطرة.</span></span></span></p>\r\n\r\n<p dir=\"rtl\" style=\"text-align:right\"><span style=\"font-size:13.999999999999998pt\"><span style=\"font-family:\'Times New Roman\',serif\"><span style=\"color:#000000\">&nbsp;</span></span></span></p>\r\n\r\n<p><br />\r\n<br />\r\n&nbsp;</p>\r\n\r\n<p dir=\"rtl\" style=\"margin-left:48px; text-align:right\"><span style=\"font-size:18pt\"><span style=\"font-family:\'Times New Roman\',serif\"><span style=\"color:#000000\"><strong>2-</strong></span></span></span><span style=\"font-size:6.999999999999999pt\"><span style=\"font-family:\'Times New Roman\',serif\"><span style=\"color:#000000\">&nbsp; </span></span></span><span style=\"font-size:18pt\"><span style=\"font-family:\'Times New Roman\',serif\"><span style=\"color:#000000\"><strong>تطوير المهارات اللغوية للطفل الرضيع</strong></span></span></span></p>\r\n\r\n<p dir=\"rtl\" style=\"text-align:right\"><span style=\"font-size:13.999999999999998pt\"><span style=\"font-family:\'Times New Roman\',serif\"><span style=\"color:#000000\">تطوير المهارات اللغوية أمر مهم لتعزيز التواصل والتفاعل الجيد بين الطفل والآخرين. إليك بعض الطرق لتطوير المهارات اللغوية لدى الطفل الرضيع:</span></span></span></p>\r\n\r\n<p dir=\"rtl\" style=\"text-align:right\"><span style=\"font-size:13.999999999999998pt\"><span style=\"font-family:\'Times New Roman\',serif\"><span style=\"color:#000000\">- الحديث معه: تحدث مع الطفل باستمرار واستخدم الكلمات البسيطة والواضحة. تعزز هذه الحديث مهارات اللغة لديه.</span></span></span></p>\r\n\r\n<p dir=\"rtl\" style=\"text-align:right\"><span style=\"font-size:13.999999999999998pt\"><span style=\"font-family:\'Times New Roman\',serif\"><span style=\"color:#000000\">- قراءة القصص: قم بقراءة القصص البسيطة والصور الجذابة للطفل. يساعد ذلك على تطوير مهارات الاستماع والتعبير لديه.</span></span></span></p>\r\n\r\n<p dir=\"rtl\" style=\"text-align:right\"><span style=\"font-size:13.999999999999998pt\"><span style=\"font-family:\'Times New Roman\',serif\"><span style=\"color:#000000\">- الغناء: قم بترديد الأغاني الطفولية البسيطة مع الطفل، حيث تعزز هذه الأنشطة تطوير مهاراته اللغوية بشكل ممتع.</span></span></span></p>\r\n\r\n<p dir=\"rtl\" style=\"text-align:right\"><span style=\"font-size:13.999999999999998pt\"><span style=\"font-family:\'Times New Roman\',serif\"><span style=\"color:#000000\">&nbsp;</span></span></span></p>\r\n\r\n<p dir=\"rtl\" style=\"text-align:right\"><span style=\"font-size:18pt\"><span style=\"font-family:\'Times New Roman\',serif\"><span style=\"color:#000000\"><strong>بشكل عام</strong></span></span></span><span style=\"font-size:18pt\"><span style=\"font-family:\'Times New Roman\',serif\"><span style=\"color:#000000\"> </span></span></span><span style=\"font-size:13.999999999999998pt\"><span style=\"font-family:\'Times New Roman\',serif\"><span style=\"color:#000000\">تنمية الأطفال الرضع تعد مهمة حيوية لتطورهم الصحيح والمتوازن. من خلال تحفيز نموهم الحركي وتطوير مهاراتهم اللغوية بأساليب بسيطة ومحببة، يمكن للأهل والمربين تعزيز نمو الطفل ودعمه في هذه المرحلة الحيوية. قم بتوفير بيئة مناسبة وتشجيع التفاعل الإيجابي مع الطفل الرضيع لتحقيق نمو صحي ومتوازن يساهم في تطوره العقلي والجسدي بأفضل الطرق.</span></span></span></p>\r\n\r\n<p dir=\"rtl\">&nbsp;</p>','ar',NULL,NULL),(150,92,'Infant Development: Healthy Growth and the Development of Motor and Language Skills','<p>&nbsp;</p>\r\n\r\n<p><span style=\"font-size:18pt\"><span style=\"font-family:\'Times New Roman\',serif\"><span style=\"color:#000000\"><strong>Introduction:</strong></span></span></span></p>\r\n\r\n<p><span style=\"font-size:13.999999999999998pt\"><span style=\"font-family:\'Times New Roman\',serif\"><span style=\"color:#000000\">The early childhood period is one of the most critical stages that significantly impact the growth and development of an infant. During this crucial phase, infants acquire various motor and language skills that influence their cognitive and physical development. Infant development is an essential topic that parents and caregivers should prioritize to effectively stimulate their healthy growth and foster their motor and language skills.</span></span></span></p>\r\n\r\n<p><span style=\"font-size:13.999999999999998pt\"><span style=\"font-family:\'Times New Roman\',serif\"><span style=\"color:#000000\">In this article, we will explore how to stimulate the growth of an infant and develop their motor and language skills during this important stage.</span></span></span></p>\r\n\r\n<p>&nbsp;</p>\r\n\r\n<p><span style=\"font-size:18pt\"><span style=\"font-family:\'Times New Roman\',serif\"><span style=\"color:#000000\"><strong>1- Stimulating Infant Motor Development:</strong></span></span></span></p>\r\n\r\n<p><span style=\"font-size:13.999999999999998pt\"><span style=\"font-family:\'Times New Roman\',serif\"><span style=\"color:#000000\">The first step in stimulating an infant&#39;s growth is related to developing their motor skills. Here are some effective methods to achieve this:</span></span></span></p>\r\n\r\n<p><span style=\"font-size:13.999999999999998pt\"><span style=\"font-family:\'Times New Roman\',serif\"><span style=\"color:#000000\">- Interactive Play: Use age-appropriate toys that encourage the infant to move and explore, such as toys they can grasp and play with.</span></span></span></p>\r\n\r\n<p><span style=\"font-size:13.999999999999998pt\"><span style=\"font-family:\'Times New Roman\',serif\"><span style=\"color:#000000\">- Encourage Attempts: Prompt the baby to attempt climbing or walking with assistance. This contributes to the development of their balance and muscle strength.</span></span></span></p>\r\n\r\n<p><span style=\"font-size:13.999999999999998pt\"><span style=\"font-family:\'Times New Roman\',serif\"><span style=\"color:#000000\">- Provide a Safe Environment: Ensure that the area in which the baby moves is safe and free from obstacles and hazardous objects.</span></span></span></p>\r\n\r\n<p>&nbsp;</p>\r\n\r\n<p><span style=\"font-size:18pt\"><span style=\"font-family:\'Times New Roman\',serif\"><span style=\"color:#000000\"><strong>2- Developing Infant Language Skills:</strong></span></span></span></p>\r\n\r\n<p><span style=\"font-size:13.999999999999998pt\"><span style=\"font-family:\'Times New Roman\',serif\"><span style=\"color:#000000\">Developing language skills is essential for enhancing communication and interaction between the infant and others. Here are some ways to develop language skills in an infant:</span></span></span></p>\r\n\r\n<p><span style=\"font-size:13.999999999999998pt\"><span style=\"font-family:\'Times New Roman\',serif\"><span style=\"color:#000000\">- Talking to Them: Constantly communicate with the baby using simple and clear words. This reinforces their language skills.</span></span></span></p>\r\n\r\n<p><span style=\"font-size:13.999999999999998pt\"><span style=\"font-family:\'Times New Roman\',serif\"><span style=\"color:#000000\">- Reading Stories: Read simple stories and engaging pictures to the baby. This helps in developing their listening and expression skills.</span></span></span></p>\r\n\r\n<p><span style=\"font-size:13.999999999999998pt\"><span style=\"font-family:\'Times New Roman\',serif\"><span style=\"color:#000000\">- Singing: Sing simple childish songs with the baby, as these activities make the development of their language skills enjoyable.</span></span></span></p>\r\n\r\n<p>&nbsp;</p>\r\n\r\n<p><span style=\"font-size:18pt\"><span style=\"font-family:\'Times New Roman\',serif\"><span style=\"color:#000000\"><strong>In general,</strong></span></span></span><span style=\"font-size:13.999999999999998pt\"><span style=\"font-family:\'Times New Roman\',serif\"><span style=\"color:#000000\"> infant development is a vital task for proper and balanced growth. By stimulating their motor growth and developing their language skills through simple and enjoyable methods, parents and caregivers can promote the infant&#39;s growth and support them during this critical stage. Provide a suitable environment and encourage positive interaction with the infant to achieve healthy and balanced growth that contributes to their cognitive and physical development in the best possible ways.</span></span></span></p>\r\n\r\n<p>&nbsp;</p>','en',NULL,NULL),(151,93,'رحلة النوم السليمة: كيفية تعزيز النوم الصحي للأطفال وتحسين جودة النوم لهم','<p dir=\"rtl\" style=\"text-align:right\"><span style=\"font-size:13.999999999999998pt\"><span style=\"font-family:\'Times New Roman\',serif\"><span style=\"color:#000000\">&nbsp;</span></span></span></p>\r\n\r\n<p dir=\"rtl\" style=\"text-align:right\"><span style=\"font-size:18pt\"><span style=\"font-family:\'Times New Roman\',serif\"><span style=\"color:#000000\"><strong>المقدمة:</strong></span></span></span></p>\r\n\r\n<p dir=\"rtl\" style=\"text-align:right\"><span style=\"font-size:13.999999999999998pt\"><span style=\"font-family:\'Times New Roman\',serif\"><span style=\"color:#000000\">يعتبر النوم الصحي عاملاً حيوياً لنمو وتطور الأطفال. فالنوم الجيد يسهم في تعزيز جهاز المناعة والتركيز العقلي والنشاط الجسدي لديهم. ومع ذلك، يمكن أن تواجه الأمهات تحديات عديدة في تحسين جودة نوم أطفالهم.</span></span></span></p>\r\n\r\n<p dir=\"rtl\" style=\"text-align:right\"><span style=\"font-size:13.999999999999998pt\"><span style=\"font-family:\'Times New Roman\',serif\"><span style=\"color:#000000\">في هذا المقال، سنقدم أفضل الطرق لتعزيز النوم الصحي للأطفال وتحسين جودة نومهم بأساليب بسيطة وفعالة.</span></span></span></p>\r\n\r\n<p dir=\"rtl\" style=\"margin-left:48px; text-align:right\"><span style=\"font-size:18pt\"><span style=\"font-family:\'Times New Roman\',serif\"><span style=\"color:#000000\"><strong>1-</strong></span></span></span><span style=\"font-size:6.999999999999999pt\"><span style=\"font-family:\'Times New Roman\',serif\"><span style=\"color:#000000\">&nbsp; </span></span></span><span style=\"font-size:18pt\"><span style=\"font-family:\'Times New Roman\',serif\"><span style=\"color:#000000\"><strong>ضبط الجدول الزمني للنوم</strong></span></span></span></p>\r\n\r\n<p dir=\"rtl\" style=\"text-align:right\"><span style=\"font-size:13.999999999999998pt\"><span style=\"font-family:\'Times New Roman\',serif\"><span style=\"color:#000000\">تحديد جدول زمني منتظم للنوم يساعد الأطفال على تنظيم دورتهم اليومية ويحسن جودة نومهم. حدد ساعة محددة للنوم في كل ليلة وتأكد من الالتزام بها، حتى يتكيف الطفل مع نمط النوم المنظم.</span></span></span></p>\r\n\r\n<p dir=\"rtl\" style=\"margin-left:48px; text-align:right\"><span style=\"font-size:18pt\"><span style=\"font-family:\'Times New Roman\',serif\"><span style=\"color:#000000\"><strong>2-</strong></span></span></span><span style=\"font-size:6.999999999999999pt\"><span style=\"font-family:\'Times New Roman\',serif\"><span style=\"color:#000000\">&nbsp; </span></span></span><span style=\"font-size:18pt\"><span style=\"font-family:\'Times New Roman\',serif\"><span style=\"color:#000000\"><strong>خلق بيئة مناسبة للنوم</strong></span></span></span></p>\r\n\r\n<p dir=\"rtl\" style=\"text-align:right\"><span style=\"font-size:13.999999999999998pt\"><span style=\"font-family:\'Times New Roman\',serif\"><span style=\"color:#000000\">جعل بيئة النوم مريحة وهادئة تساهم في تعزيز نوم الطفل. قم بتوفير سرير مريح ومناسب لعمره، وابتعد عن الضوضاء والأضواء الزائدة. قم بتنظيم درجة الحرارة في الغرفة بحيث تكون معتدلة ومناسبة للنوم.</span></span></span></p>\r\n\r\n<p dir=\"rtl\" style=\"margin-left:48px; text-align:right\"><span style=\"font-size:18pt\"><span style=\"font-family:\'Times New Roman\',serif\"><span style=\"color:#000000\"><strong>3-</strong></span></span></span><span style=\"font-size:6.999999999999999pt\"><span style=\"font-family:\'Times New Roman\',serif\"><span style=\"color:#000000\">&nbsp; </span></span></span><span style=\"font-size:18pt\"><span style=\"font-family:\'Times New Roman\',serif\"><span style=\"color:#000000\"><strong>&nbsp;إنشاء روتين النوم</strong></span></span></span></p>\r\n\r\n<p dir=\"rtl\" style=\"text-align:right\"><span style=\"font-size:13.999999999999998pt\"><span style=\"font-family:\'Times New Roman\',serif\"><span style=\"color:#000000\">قم بإنشاء روتين مسبق للنوم يشمل أنشطة مهدئة مثل الاستحمام الدافئ والقراءة الهادئة قبل النوم. يساعد هذا الروتين في إشعار الطفل بقرب وقت النوم ويساعده في الاستعداد للنوم بشكل طبيعي.</span></span></span></p>\r\n\r\n<p dir=\"rtl\" style=\"margin-left:48px; text-align:right\"><span style=\"font-size:18pt\"><span style=\"font-family:\'Times New Roman\',serif\"><span style=\"color:#000000\"><strong>4-</strong></span></span></span><span style=\"font-size:6.999999999999999pt\"><span style=\"font-family:\'Times New Roman\',serif\"><span style=\"color:#000000\">&nbsp; </span></span></span><span style=\"font-size:18pt\"><span style=\"font-family:\'Times New Roman\',serif\"><span style=\"color:#000000\"><strong>التحكم بوقت النوم النهاري</strong></span></span></span></p>\r\n\r\n<p dir=\"rtl\" style=\"text-align:right\"><span style=\"font-size:13.999999999999998pt\"><span style=\"font-family:\'Times New Roman\',serif\"><span style=\"color:#000000\">يجب أن تهتم الأم بتحديد وقت النوم النهاري بطريقة مناسبة، لتجنب النوم الزائد نهارًا والذي قد يؤثر على نوم الطفل ليلاً.</span></span></span></p>\r\n\r\n<p dir=\"rtl\" style=\"margin-left:48px; text-align:right\"><span style=\"font-size:18pt\"><span style=\"font-family:\'Times New Roman\',serif\"><span style=\"color:#000000\"><strong>5-</strong></span></span></span><span style=\"font-size:6.999999999999999pt\"><span style=\"font-family:\'Times New Roman\',serif\"><span style=\"color:#000000\">&nbsp; </span></span></span><span style=\"font-size:18pt\"><span style=\"font-family:\'Times New Roman\',serif\"><span style=\"color:#000000\"><strong>التفاعل الإيجابي قبل النوم</strong></span></span></span></p>\r\n\r\n<p dir=\"rtl\" style=\"text-align:right\"><span style=\"font-size:13.999999999999998pt\"><span style=\"font-family:\'Times New Roman\',serif\"><span style=\"color:#000000\">قبل أن ينام الطفل، يُفضل التفاعل معه بطريقة إيجابية ومهدئة، مثل الحديث معه بلغة هادئة والهمس له أجمل الكلمات. يُعزز هذا التفاعل الإيجابي الشعور بالأمان والراحة لدى الطفل.</span></span></span></p>\r\n\r\n<p dir=\"rtl\" style=\"text-align:right\"><span style=\"font-size:13.999999999999998pt\"><span style=\"font-family:\'Times New Roman\',serif\"><span style=\"color:#000000\">&nbsp;</span></span></span></p>\r\n\r\n<p dir=\"rtl\" style=\"text-align:right\"><span style=\"font-size:18pt\"><span style=\"font-family:\'Times New Roman\',serif\"><span style=\"color:#000000\"><strong>بشكل عام</strong></span></span></span><span style=\"font-size:18pt\"><span style=\"font-family:\'Times New Roman\',serif\"><span style=\"color:#000000\"> </span></span></span><span style=\"font-size:13.999999999999998pt\"><span style=\"font-family:\'Times New Roman\',serif\"><span style=\"color:#000000\">يعتبر تحسين جودة نوم الأطفال أمرًا حيويًا لصحتهم البدنية والنفسية. يتطلب الأمر الحفاظ على جدول زمني منتظم للنوم وتوفير بيئة هادئة ومريحة للنوم وإنشاء روتين مناسب للنوم. باتباع هذه النصائح البسيطة، يمكن للأمهات تعزيز النوم الصحي للأطفال ومساعدتهم في الاستمتاع بنوم هانئ ومريح لتحسين صحتهم العامة.</span></span></span></p>\r\n\r\n<p dir=\"rtl\">&nbsp;</p>','ar',NULL,NULL),(152,93,'A Restful Journey: How to Promote Healthy Sleep for Children and Improve Sleep Quality','<p>&nbsp;</p>\r\n\r\n<p><span style=\"font-size:18pt\"><span style=\"font-family:\'Times New Roman\',serif\"><span style=\"color:#000000\"><strong>Introduction:</strong></span></span></span></p>\r\n\r\n<p><span style=\"font-size:13.999999999999998pt\"><span style=\"font-family:\'Times New Roman\',serif\"><span style=\"color:#000000\">Healthy sleep is a crucial factor in the growth and development of children. Good sleep contributes to enhancing their immune system, mental focus, and physical activity. However, mothers may face several challenges in improving the sleep quality of their children.</span></span></span></p>\r\n\r\n<p><span style=\"font-size:13.999999999999998pt\"><span style=\"font-family:\'Times New Roman\',serif\"><span style=\"color:#000000\">In this article, we will provide the best ways to promote healthy sleep for children and improve their sleep quality through simple and effective methods.</span></span></span></p>\r\n\r\n<p><span style=\"font-size:18pt\"><span style=\"font-family:\'Times New Roman\',serif\"><span style=\"color:#000000\"><strong>1- Setting a Sleep Schedule:</strong></span></span></span></p>\r\n\r\n<p><span style=\"font-size:13.999999999999998pt\"><span style=\"font-family:\'Times New Roman\',serif\"><span style=\"color:#000000\">Establishing a regular sleep schedule helps children regulate their daily routines and improves their sleep quality. Set a specific bedtime every night and ensure to stick to it, so the child adapts to a consistent sleep pattern.</span></span></span></p>\r\n\r\n<p><span style=\"font-size:18pt\"><span style=\"font-family:\'Times New Roman\',serif\"><span style=\"color:#000000\"><strong>2- Creating a Suitable Sleep Environment:</strong></span></span></span></p>\r\n\r\n<p><span style=\"font-size:13.999999999999998pt\"><span style=\"font-family:\'Times New Roman\',serif\"><span style=\"color:#000000\">Making the sleep environment comfortable and peaceful contributes to the child&#39;s sleep. Provide a comfortable and age-appropriate bed and avoid excessive noise and light. Regulate the room temperature to be moderate and suitable for sleeping.</span></span></span></p>\r\n\r\n<p><span style=\"font-size:18pt\"><span style=\"font-family:\'Times New Roman\',serif\"><span style=\"color:#000000\"><strong>3-&nbsp; Establishing a Bedtime Routine:</strong></span></span></span></p>\r\n\r\n<p><span style=\"font-size:13.999999999999998pt\"><span style=\"font-family:\'Times New Roman\',serif\"><span style=\"color:#000000\">Create a pre-sleep routine that includes calming activities such as a warm bath and quiet reading before bedtime. This routine signals the child that it&#39;s time to sleep and helps them prepare for sleep naturally.</span></span></span></p>\r\n\r\n<p><span style=\"font-size:18pt\"><span style=\"font-family:\'Times New Roman\',serif\"><span style=\"color:#000000\"><strong>4- Controlling Daytime Naps:</strong></span></span></span></p>\r\n\r\n<p><span style=\"font-size:13.999999999999998pt\"><span style=\"font-family:\'Times New Roman\',serif\"><span style=\"color:#000000\">Mothers should pay attention to setting an appropriate daytime nap time to avoid excessive daytime sleep, which may affect the child&#39;s nighttime sleep.</span></span></span></p>\r\n\r\n<p><span style=\"font-size:18pt\"><span style=\"font-family:\'Times New Roman\',serif\"><span style=\"color:#000000\"><strong>5- Positive Interactions Before Sleep:</strong></span></span></span></p>\r\n\r\n<p><span style=\"font-size:13.999999999999998pt\"><span style=\"font-family:\'Times New Roman\',serif\"><span style=\"color:#000000\">Before the child goes to sleep, it is preferable to interact with them in a positive and calming manner, such as speaking to them in a gentle tone and whispering kind words. This positive interaction enhances the child&#39;s sense of security and comfort.</span></span></span></p>\r\n\r\n<p>&nbsp;</p>\r\n\r\n<p><span style=\"font-size:18pt\"><span style=\"font-family:\'Times New Roman\',serif\"><span style=\"color:#000000\"><strong>In general,</strong></span></span></span><span style=\"font-size:13.999999999999998pt\"><span style=\"font-family:\'Times New Roman\',serif\"><span style=\"color:#000000\"> improving the sleep quality of children is essential for their physical and psychological health. It requires maintaining a regular sleep schedule, providing a calm and comfortable sleep environment, and establishing a suitable bedtime routine. By following these simple tips, mothers can promote healthy sleep for their children and help them enjoy peaceful and comfortable sleep to enhance their overall well-being.</span></span></span></p>\r\n\r\n<p>&nbsp;</p>','en',NULL,NULL),(153,94,'طرق تعزيز العلاقة العاطفية بين الأم والطفل: نصائح عملية للأمهات الجدد','<p>&nbsp;</p>\r\n\r\n<p dir=\"rtl\" style=\"text-align:right\"><span style=\"font-size:18pt\"><span style=\"font-family:\'Times New Roman\',serif\"><span style=\"color:#000000\"><strong>مقدمة:</strong></span></span></span></p>\r\n\r\n<p dir=\"rtl\" style=\"text-align:right\"><span style=\"font-size:13.999999999999998pt\"><span style=\"font-family:\'Times New Roman\',serif\"><span style=\"color:#000000\">تعتبر العلاقة العاطفية بين الأم والطفل الرضيع علاقة حميمة ومهمة لتطور الطفل النفسي والعاطفي، وتعد الأم المسؤولة الرئيسية عن بناء علاقة صحية مع طفلها الرضيع. ومن خلال تنمية العلاقة العاطفية بينهما، يتم تحسين صحة الطفل وتعزيز نموه النفسي والعاطفي.&nbsp;</span></span></span></p>\r\n\r\n<p dir=\"rtl\" style=\"text-align:right\"><span style=\"font-size:13.999999999999998pt\"><span style=\"font-family:\'Times New Roman\',serif\"><span style=\"color:#000000\">في هذا المقال، سنتحدث عن بعض النصائح العملية لتعزيز العلاقة العاطفية بين الأم والطفل الرضيع.</span></span></span></p>\r\n\r\n<p dir=\"rtl\" style=\"margin-left:48px; text-align:right\"><span style=\"font-size:18pt\"><span style=\"font-family:\'Times New Roman\',serif\"><span style=\"color:#000000\"><strong>1-</strong></span></span></span><span style=\"font-size:6.999999999999999pt\"><span style=\"font-family:\'Times New Roman\',serif\"><span style=\"color:#000000\">&nbsp; </span></span></span><span style=\"font-size:18pt\"><span style=\"font-family:\'Times New Roman\',serif\"><span style=\"color:#000000\"><strong>الاعتناء بالطفل بشكل منتظم</strong></span></span></span></p>\r\n\r\n<p dir=\"rtl\" style=\"text-align:right\"><span style=\"font-size:13.999999999999998pt\"><span style=\"font-family:\'Times New Roman\',serif\"><span style=\"color:#000000\">يجب على الأم أن تضع جدول زمني للاعتناء بالطفل والتفاعل معه بشكل منتظم، وهذا يشمل تغيير حفاضاته وتغذيته واللعب معه والتحدث معه. يساعد هذا الجدول على تحقيق الاستقرار والراحة للطفل، ويساعد الطفل على الشعور بالأمان والاستقرار.</span></span></span></p>\r\n\r\n<p dir=\"rtl\" style=\"margin-left:48px; text-align:right\"><span style=\"font-size:18pt\"><span style=\"font-family:\'Times New Roman\',serif\"><span style=\"color:#000000\"><strong>2-</strong></span></span></span><span style=\"font-size:6.999999999999999pt\"><span style=\"font-family:\'Times New Roman\',serif\"><span style=\"color:#000000\">&nbsp; </span></span></span><span style=\"font-size:18pt\"><span style=\"font-family:\'Times New Roman\',serif\"><span style=\"color:#000000\"><strong>توفير بيئة آمنة ومريحة</strong></span></span></span></p>\r\n\r\n<p dir=\"rtl\" style=\"text-align:right\"><span style=\"font-size:13.999999999999998pt\"><span style=\"font-family:\'Times New Roman\',serif\"><span style=\"color:#000000\">يجب على الأم توفير بيئة آمنة ومريحة للطفل، وذلك عن طريق توفير الغذاء والنوم والراحة والأمان. يجب أن تكون غرفة الطفل نظيفة ومريحة، ويجب عليها التأكد من أن الطفل يرتدي ملابس مريحة ومناسبة للطقس.</span></span></span></p>\r\n\r\n<p dir=\"rtl\" style=\"margin-left:48px; text-align:right\"><span style=\"font-size:18pt\"><span style=\"font-family:\'Times New Roman\',serif\"><span style=\"color:#000000\"><strong>3-</strong></span></span></span><span style=\"font-size:6.999999999999999pt\"><span style=\"font-family:\'Times New Roman\',serif\"><span style=\"color:#000000\">&nbsp; </span></span></span><span style=\"font-size:18pt\"><span style=\"font-family:\'Times New Roman\',serif\"><span style=\"color:#000000\"><strong>التفاعل الجسدي</strong></span></span></span></p>\r\n\r\n<p dir=\"rtl\" style=\"text-align:right\"><span style=\"font-size:13.999999999999998pt\"><span style=\"font-family:\'Times New Roman\',serif\"><span style=\"color:#000000\">يمكن تعزيز العلاقة العاطفية بين الأم والطفل الرضيع عن طريق التفاعل الجسدي. يمكن للأم تقبيل الطفل وعناقه واللعب معه، وهذا يشجع الطفل على الاستجابة بالإيجاب للتفاعل الجسدي ويساعد على تعزيز العلاقة العاطفية بينهما.</span></span></span></p>\r\n\r\n<p dir=\"rtl\" style=\"margin-left:48px; text-align:right\"><span style=\"font-size:18pt\"><span style=\"font-family:\'Times New Roman\',serif\"><span style=\"color:#000000\"><strong>4-</strong></span></span></span><span style=\"font-size:6.999999999999999pt\"><span style=\"font-family:\'Times New Roman\',serif\"><span style=\"color:#000000\">&nbsp; </span></span></span><span style=\"font-size:18pt\"><span style=\"font-family:\'Times New Roman\',serif\"><span style=\"color:#000000\"><strong>الاستجابة لاحتياجات الطفل</strong></span></span></span></p>\r\n\r\n<p dir=\"rtl\" style=\"text-align:right\"><span style=\"font-size:13.999999999999998pt\"><span style=\"font-family:\'Times New Roman\',serif\"><span style=\"color:#000000\">يجب على الأم أن تكون حساسة لاحتياجات الطفل والرد عليها على الفور، سواء كان ذلك بتغيير حفاضاته أو تغذيته أو السماح له باللعب. يجب أن تكون الأم حريصة على تلبية احتياجات الطفل بشكل سريع وبما يتناسب مع العمر والمرحلة التنموية التي يمر بها الطفل.</span></span></span></p>\r\n\r\n<p dir=\"rtl\" style=\"margin-left:48px; text-align:right\"><span style=\"font-size:18pt\"><span style=\"font-family:\'Times New Roman\',serif\"><span style=\"color:#000000\"><strong>5-</strong></span></span></span><span style=\"font-size:6.999999999999999pt\"><span style=\"font-family:\'Times New Roman\',serif\"><span style=\"color:#000000\">&nbsp; </span></span></span><span style=\"font-size:18pt\"><span style=\"font-family:\'Times New Roman\',serif\"><span style=\"color:#000000\"><strong>الاهتمام بأحوال الطفل</strong></span></span></span></p>\r\n\r\n<p dir=\"rtl\" style=\"text-align:right\"><span style=\"font-size:13.999999999999998pt\"><span style=\"font-family:\'Times New Roman\',serif\"><span style=\"color:#000000\">يجب على الأم أن تكون على دراية بحالة طفلها والتحديث باستمرار على أحواله. يجب عليها التفاعل معه والتحدث مع الأطباء والممرضات للحصول على المساعدة اللازمة. يجب على الأم أن تعلم كيفية تحديث ملفات الطفل الطبية ومتابعة نموه الصحي بشكل دوري.</span></span></span></p>\r\n\r\n<p dir=\"rtl\" style=\"text-align:right\"><span style=\"font-size:13.999999999999998pt\"><span style=\"font-family:\'Times New Roman\',serif\"><span style=\"color:#000000\">&nbsp;</span></span></span></p>\r\n\r\n<p dir=\"rtl\" style=\"text-align:right\"><span style=\"font-size:18pt\"><span style=\"font-family:\'Times New Roman\',serif\"><span style=\"color:#000000\"><strong>بشكل عام </strong></span></span></span><span style=\"font-size:13.999999999999998pt\"><span style=\"font-family:\'Times New Roman\',serif\"><span style=\"color:#000000\">تعد العلاقة العاطفية بين الأم والطفل الرضيع من أهم العوامل التي تؤثر على نمو الطفل النفسي والعاطفي، ويشكل بناء علاقة صحية بينهما أمرًا حيويًا لاستقرار الطفل النفسي والعاطفي. ومن خلال اتباع بعض النصائح العملية البسيطة، يمكن تعزيز العلاقة العاطفية بين الأم والطفل الرضيع، وتحقيق الراحة والأمان للطفل والأمان النفسي للأم. لذلك، يجب على الأمهات الجدد الالتفات إلى هذه النصائح والعمل عليها بشكل دائم لتعزيز العلاقة العاطفية بينهن وبين أطفالهن الرضع.</span></span></span></p>\r\n\r\n<p dir=\"rtl\">&nbsp;</p>','ar',NULL,NULL),(154,94,'Strengthening the Emotional Bond Between Mother and Baby: Practical Tips for New Mothers','<p><span style=\"font-size:18pt\"><span style=\"font-family:\'Times New Roman\',serif\"><span style=\"color:#000000\"><strong>Introduction:</strong></span></span></span></p>\r\n\r\n<p><span style=\"font-size:13.999999999999998pt\"><span style=\"font-family:\'Times New Roman\',serif\"><span style=\"color:#000000\">The emotional bond between a mother and her baby is an intimate and crucial relationship that impacts the child&#39;s psychological and emotional development. The mother plays a primary role in building a healthy connection with her baby, and by nurturing this emotional bond, the child&#39;s mental and emotional well-being is enhanced.</span></span></span></p>\r\n\r\n<p><span style=\"font-size:13.999999999999998pt\"><span style=\"font-family:\'Times New Roman\',serif\"><span style=\"color:#000000\">In this article, we will discuss some practical tips for new mothers to strengthen the emotional bond between them and their babies.</span></span></span></p>\r\n\r\n<p>&nbsp;</p>\r\n\r\n<p><span style=\"font-size:18pt\"><span style=\"font-family:\'Times New Roman\',serif\"><span style=\"color:#000000\"><strong>1- Regular Care for the Baby:</strong></span></span></span></p>\r\n\r\n<p><span style=\"font-size:13.999999999999998pt\"><span style=\"font-family:\'Times New Roman\',serif\"><span style=\"color:#000000\">Mothers should establish a regular schedule for looking after and interacting with their babies. This includes changing diapers, feeding, playing, and talking to the baby. This consistent schedule helps create stability and comfort for the child, promoting a sense of security and stability.</span></span></span></p>\r\n\r\n<p>&nbsp;</p>\r\n\r\n<p><span style=\"font-size:18pt\"><span style=\"font-family:\'Times New Roman\',serif\"><span style=\"color:#000000\"><strong>2- Providing a Safe and Comfortable Environment:</strong></span></span></span></p>\r\n\r\n<p><span style=\"font-size:13.999999999999998pt\"><span style=\"font-family:\'Times New Roman\',serif\"><span style=\"color:#000000\">Mothers should provide a safe and comfortable environment for the baby, ensuring they have access to food, sleep, comfort, and safety. The baby&#39;s room should be clean and cozy, and the baby should be dressed in comfortable and weather-appropriate clothing.</span></span></span></p>\r\n\r\n<p><span style=\"font-size:18pt\"><span style=\"font-family:\'Times New Roman\',serif\"><span style=\"color:#000000\"><strong>3- Physical Interaction:</strong></span></span></span></p>\r\n\r\n<p><span style=\"font-size:13.999999999999998pt\"><span style=\"font-family:\'Times New Roman\',serif\"><span style=\"color:#000000\">The emotional bond between mother and baby can be strengthened through physical interaction. Mothers can kiss, hug, and play with their babies, encouraging positive responses and enhancing the emotional connection.</span></span></span></p>\r\n\r\n<p>&nbsp;</p>\r\n\r\n<p><span style=\"font-size:18pt\"><span style=\"font-family:\'Times New Roman\',serif\"><span style=\"color:#000000\"><strong>4- Responding to Baby&#39;s Needs:</strong></span></span></span></p>\r\n\r\n<p><span style=\"font-size:13.999999999999998pt\"><span style=\"font-family:\'Times New Roman\',serif\"><span style=\"color:#000000\">Mothers should be sensitive to their baby&#39;s needs and respond promptly, whether it&#39;s changing diapers, feeding, or allowing them to play. The mother should be attentive to meeting the baby&#39;s needs quickly and appropriately based on their age and developmental stage.</span></span></span></p>\r\n\r\n<p>&nbsp;</p>\r\n\r\n<p><span style=\"font-size:18pt\"><span style=\"font-family:\'Times New Roman\',serif\"><span style=\"color:#000000\"><strong>5- Monitoring Baby&#39;s Condition:</strong></span></span></span></p>\r\n\r\n<p><span style=\"font-size:13.999999999999998pt\"><span style=\"font-family:\'Times New Roman\',serif\"><span style=\"color:#000000\">Mothers should be aware of their baby&#39;s condition and stay updated regularly. They should interact with their child and communicate with doctors and nurses to seek necessary assistance. Mothers should know how to update their baby&#39;s medical files and monitor their healthy growth regularly.</span></span></span></p>\r\n\r\n<p><br />\r\n<span style=\"font-size:18pt\"><span style=\"font-family:\'Times New Roman\',serif\"><span style=\"color:#000000\"><strong>In general,</strong></span></span></span><span style=\"font-size:13.999999999999998pt\"><span style=\"font-family:\'Times New Roman\',serif\"><span style=\"color:#000000\"> the emotional bond between mother and baby is one of the most important factors affecting the child&#39;s psychological and emotional development. Building a healthy relationship between them is vital for the child&#39;s emotional and psychological stability. By following these simple practical tips, mothers can strengthen the emotional bond between them and their babies, providing comfort, security, and emotional well-being for both the baby and the mother. Therefore, new mothers should pay attention to these tips and work on them consistently to enhance the emotional connection between them and their infant children.</span></span></span></p>','en',NULL,NULL),(155,95,'طرق علاج التهابات الحفاض للأطفال','<p>&nbsp;</p>\r\n\r\n<p dir=\"rtl\" style=\"text-align:right\"><span style=\"font-size:17pt\"><span style=\"font-family:\'Times New Roman\',serif\"><span style=\"color:#000000\"><strong>مقدمة:</strong></span></span></span></p>\r\n\r\n<p dir=\"rtl\" style=\"text-align:right\"><span style=\"font-size:13.999999999999998pt\"><span style=\"font-family:\'Times New Roman\',serif\"><span style=\"color:#000000\">التهاب الحفاض هو أحد الأمراض الشائعة التي تصيب الأطفال الرضع، ويتسبب في الكثير من الانزعاج والألم للطفل والأم. يتطلب علاج التهاب الحفاض عناية خاصة ومهارة من الأهل والأطباء.</span></span></span></p>\r\n\r\n<p dir=\"rtl\" style=\"text-align:right\"><span style=\"font-size:13.999999999999998pt\"><span style=\"font-family:\'Times New Roman\',serif\"><span style=\"color:#000000\">في هذا المقال، سنتحدث عن طرق علاج التهابات الحفاض للأطفال.</span></span></span></p>\r\n\r\n<p dir=\"rtl\" style=\"text-align:right\"><span style=\"font-size:13.999999999999998pt\"><span style=\"font-family:\'Times New Roman\',serif\"><span style=\"color:#000000\">&nbsp;</span></span></span></p>\r\n\r\n<p dir=\"rtl\" style=\"margin-left:48px; text-align:right\"><span style=\"font-size:18pt\"><span style=\"font-family:\'Times New Roman\',serif\"><span style=\"color:#000000\"><strong>1-</strong></span></span></span><span style=\"font-size:6.999999999999999pt\"><span style=\"font-family:\'Times New Roman\',serif\"><span style=\"color:#000000\">&nbsp; </span></span></span><span style=\"font-size:18pt\"><span style=\"font-family:\'Times New Roman\',serif\"><span style=\"color:#000000\"><strong>&nbsp;تغيير الحفاض بانتظام:</strong></span></span></span></p>\r\n\r\n<p dir=\"rtl\" style=\"text-align:right\"><span style=\"font-size:13.999999999999998pt\"><span style=\"font-family:\'Times New Roman\',serif\"><span style=\"color:#000000\">ينصح بتغيير </span></span></span><a href=\"https://national-g.com/ar/sub/category/123/%D8%AD%D9%81%D8%A7%D8%B6%D8%A7%D8%AA\" target=\"_blank\"><span style=\"font-size:13.999999999999998pt\"><span style=\"font-family:\'Times New Roman\',serif\"><span style=\"color:#1155cc\">الحفاض</span></span></span></a><span style=\"font-size:13.999999999999998pt\"><span style=\"font-family:\'Times New Roman\',serif\"><span style=\"color:#000000\"> بانتظام، وعدة مرات في اليوم، ولا يجب ترك الحفاض لفترات طويلة دون تغييره. يوصى بتنظيف المنطقة الحساسة بالماء الدافئ والصابون اللطيف، وجفافها جيدًا قبل وضع الحفاض الجديد.</span></span></span></p>\r\n\r\n<p dir=\"rtl\" style=\"margin-left:48px; text-align:right\"><span style=\"font-size:18pt\"><span style=\"font-family:\'Times New Roman\',serif\"><span style=\"color:#000000\"><strong>2-</strong></span></span></span><span style=\"font-size:6.999999999999999pt\"><span style=\"font-family:\'Times New Roman\',serif\"><span style=\"color:#000000\">&nbsp; </span></span></span><span style=\"font-size:18pt\"><span style=\"font-family:\'Times New Roman\',serif\"><span style=\"color:#000000\"><strong>استخدام منتجات العناية بمنطقة الحفاض</strong></span></span></span></p>\r\n\r\n<p dir=\"rtl\" style=\"text-align:right\"><span style=\"font-size:13.999999999999998pt\"><span style=\"font-family:\'Times New Roman\',serif\"><span style=\"color:#000000\">من الضروري استخدام </span></span></span><a href=\"https://national-g.com/ar/sub/category/71/%D8%AA%D8%BA%D9%8A%D9%8A%D8%B1-%D8%A7%D9%84%D8%AD%D9%81%D8%A7%D8%B6\" target=\"_blank\"><span style=\"font-size:13.999999999999998pt\"><span style=\"font-family:\'Times New Roman\',serif\"><span style=\"color:#1155cc\">منتجات العناية بمنطقة الحفاض</span></span></span></a><span style=\"font-size:13.999999999999998pt\"><span style=\"font-family:\'Times New Roman\',serif\"><span style=\"color:#000000\">، يمكن استخدام كريمات مرطبة لتهدئة الجلد وتجنب التهاب الجلد. ويجب الحرص على تجنب المنتجات التي تحتوي على العطور أو المواد الكيميائية القوية التي يمكن أن تسبب تهيج الجلد.&nbsp;</span></span></span></p>\r\n\r\n<p dir=\"rtl\" style=\"margin-left:48px; text-align:right\"><span style=\"font-size:18pt\"><span style=\"font-family:\'Times New Roman\',serif\"><span style=\"color:#000000\"><strong>3-</strong></span></span></span><span style=\"font-size:6.999999999999999pt\"><span style=\"font-family:\'Times New Roman\',serif\"><span style=\"color:#000000\">&nbsp; </span></span></span><span style=\"font-size:18pt\"><span style=\"font-family:\'Times New Roman\',serif\"><span style=\"color:#000000\"><strong>تجنب استخدام المنتجات المعطرة</strong></span></span></span></p>\r\n\r\n<p dir=\"rtl\" style=\"text-align:right\"><span style=\"font-size:13.999999999999998pt\"><span style=\"font-family:\'Times New Roman\',serif\"><span style=\"color:#000000\">يجب تجنب استخدام المناديل المبللة المعطرة أو الصابون القوي لتنظيف منطقة الحفاض، حيث يمكن أن يزيد من تهيج البشرة والتسبب في التهاب الحفاض. يمكن استخدام الماء الدافئ والصابون اللطيف لتنظيف المنطقة الحساسة أو استخدام </span></span></span><a href=\"https://national-g.com/ar/products/370/%D9%85%D9%86%D8%A7%D8%AF%D9%8A%D9%84-%D9%85%D8%A8%D9%84%D9%84%D8%A9---%D8%AF%D9%8A%D8%AC%D9%86%D8%AA%D9%8A\" target=\"_blank\"><span style=\"font-size:13.999999999999998pt\"><span style=\"font-family:\'Times New Roman\',serif\"><span style=\"color:#1155cc\">المناديل المبللة المائية</span></span></span></a><span style=\"font-size:13.999999999999998pt\"><span style=\"font-family:\'Times New Roman\',serif\"><span style=\"color:#1f4e79\">.</span></span></span><span style=\"font-size:13.999999999999998pt\"><span style=\"font-family:\'Times New Roman\',serif\"><span style=\"color:#000000\">&nbsp;</span></span></span></p>\r\n\r\n<p dir=\"rtl\" style=\"margin-left:48px; text-align:right\"><span style=\"font-size:18pt\"><span style=\"font-family:\'Times New Roman\',serif\"><span style=\"color:#000000\"><strong>4-</strong></span></span></span><span style=\"font-size:6.999999999999999pt\"><span style=\"font-family:\'Times New Roman\',serif\"><span style=\"color:#000000\">&nbsp; </span></span></span><span style=\"font-size:18pt\"><span style=\"font-family:\'Times New Roman\',serif\"><span style=\"color:#000000\"><strong>استخدام الكريمات المضادة للالتهابات</strong></span></span></span></p>\r\n\r\n<p dir=\"rtl\" style=\"text-align:right\"><span style=\"font-size:13.999999999999998pt\"><span style=\"font-family:\'Times New Roman\',serif\"><span style=\"color:#000000\">يمكن استخدام الكريمات المضادة للالتهابات لتخفيف أعراض التهاب الحفاض، وخاصة إذا كانت المشكلة شديدة. ينصح بتطبيق الكريمات بشكل متكرر وفي كميات صغيرة على المنطقة المصابة.&nbsp;</span></span></span></p>\r\n\r\n<p dir=\"rtl\" style=\"margin-left:48px; text-align:right\"><span style=\"font-size:18pt\"><span style=\"font-family:\'Times New Roman\',serif\"><span style=\"color:#000000\"><strong>5-</strong></span></span></span><span style=\"font-size:6.999999999999999pt\"><span style=\"font-family:\'Times New Roman\',serif\"><span style=\"color:#000000\">&nbsp; </span></span></span><span style=\"font-size:18pt\"><span style=\"font-family:\'Times New Roman\',serif\"><span style=\"color:#000000\"><strong>الحفاظ على جفاف المنطقة</strong></span></span></span></p>\r\n\r\n<p dir=\"rtl\" style=\"text-align:right\"><span style=\"font-size:13.999999999999998pt\"><span style=\"font-family:\'Times New Roman\',serif\"><span style=\"color:#000000\">يجب الحرص على الحفاظ على جفاف منطقة الحفاض، وذلك بتغيير الحفاض بانتظام، وتجفيف المنطقة جيدًا بلطف بعد كل تغيير.</span></span></span></p>\r\n\r\n<p dir=\"rtl\" style=\"margin-left:48px; text-align:right\"><span style=\"font-size:18pt\"><span style=\"font-family:\'Times New Roman\',serif\"><span style=\"color:#000000\"><strong>6-</strong></span></span></span><span style=\"font-size:6.999999999999999pt\"><span style=\"font-family:\'Times New Roman\',serif\"><span style=\"color:#000000\">&nbsp; </span></span></span><span style=\"font-size:18pt\"><span style=\"font-family:\'Times New Roman\',serif\"><span style=\"color:#000000\"><strong>استخدام كريم الحفاض</strong></span></span></span></p>\r\n\r\n<p dir=\"rtl\" style=\"text-align:right\"><span style=\"font-size:13.999999999999998pt\"><span style=\"font-family:\'Times New Roman\',serif\"><span style=\"color:#000000\">يحتوي </span></span></span><a href=\"https://national-g.com/ar/products/94/%D9%83%D8%B1%D9%8A%D9%85-%D9%84%D9%84%D8%AD%D9%85%D8%A7%D9%8A%D8%A9-%D9%85%D9%86-%D8%A7%D9%84%D8%A7%D9%84%D8%AA%D9%87%D8%A7%D8%A8%D8%A7%D8%AA-%D9%84%D9%84%D8%A7%D8%B7%D9%81%D8%A7%D9%84\" target=\"_blank\"><span style=\"font-size:13.999999999999998pt\"><span style=\"font-family:\'Times New Roman\',serif\"><span style=\"color:#1155cc\">كريم الحفاض</span></span></span></a><span style=\"font-size:13.999999999999998pt\"><span style=\"font-family:\'Times New Roman\',serif\"><span style=\"color:#1f4e79\"> </span></span></span><span style=\"font-size:13.999999999999998pt\"><span style=\"font-family:\'Times New Roman\',serif\"><span style=\"color:#000000\">على مكونات تساعد على حماية وعلاج بشرة الطفل من التهيج والاحمرار، ويحتوي على مكونات تساعد على ترطيب بشرة الطفل ومنع جفافها، مما يساعد على الحفاظ على نعومة البشرة ومرونتها، ويمنع تراكم البكتيريا والروائح الكريهة.</span></span></span></p>\r\n\r\n<p dir=\"rtl\" style=\"margin-left:48px; text-align:right\"><span style=\"font-size:18pt\"><span style=\"font-family:\'Times New Roman\',serif\"><span style=\"color:#000000\"><strong>7-</strong></span></span></span><span style=\"font-size:6.999999999999999pt\"><span style=\"font-family:\'Times New Roman\',serif\"><span style=\"color:#000000\">&nbsp; </span></span></span><span style=\"font-size:18pt\"><span style=\"font-family:\'Times New Roman\',serif\"><span style=\"color:#000000\"><strong>استخدام حفاض بقياس مناسب</strong></span></span></span></p>\r\n\r\n<p dir=\"rtl\" style=\"text-align:right\"><span style=\"font-size:13.999999999999998pt\"><span style=\"font-family:\'Times New Roman\',serif\"><span style=\"color:#000000\">&nbsp;ينصح بعدم استخدام الحفاضات الضيقة واللاصقة التي تمنع تهوية المنطقة وتسبب تراكم الرطوبة مما يسبب زيادة الالتهاب والاحمرار لبشرة الطفل.</span></span></span></p>\r\n\r\n<p dir=\"rtl\" style=\"margin-left:48px; text-align:right\"><span style=\"font-size:18pt\"><span style=\"font-family:\'Times New Roman\',serif\"><span style=\"color:#000000\"><strong>8-</strong></span></span></span><span style=\"font-size:6.999999999999999pt\"><span style=\"font-family:\'Times New Roman\',serif\"><span style=\"color:#000000\">&nbsp; </span></span></span><span style=\"font-size:18pt\"><span style=\"font-family:\'Times New Roman\',serif\"><span style=\"color:#000000\"><strong>استشارة الطبيب</strong></span></span></span></p>\r\n\r\n<p dir=\"rtl\" style=\"text-align:right\"><span style=\"font-size:13.999999999999998pt\"><span style=\"font-family:\'Times New Roman\',serif\"><span style=\"color:#000000\">في حال استمرار عدم انتظام الحالة أو تفاقمها، يجب استشارة الطبيب لتحديد السبب والعلاج المناسب. وينصح بالتوجه إلى الطبيب إذا كان الطفل يعاني من أعراض مثل الحمى والتورم والتهيج الشديد والتقشير.</span></span></span></p>\r\n\r\n<p dir=\"rtl\" style=\"text-align:right\"><span style=\"font-size:13.999999999999998pt\"><span style=\"font-family:\'Times New Roman\',serif\"><span style=\"color:#000000\">&nbsp;</span></span></span></p>\r\n\r\n<p dir=\"rtl\" style=\"text-align:right\"><span style=\"font-size:18pt\"><span style=\"font-family:\'Times New Roman\',serif\"><span style=\"color:#000000\"><strong>بشكل عام </strong></span></span></span><span style=\"font-size:13.999999999999998pt\"><span style=\"font-family:\'Times New Roman\',serif\"><span style=\"color:#000000\">تعتبر طرق علاج التهابات الحفاض للاطفال مهمة جداً للحفاظ على صحة الطفل والتخفيف من الألم الذي يسببه هذا الالتهاب. وتشمل هذه الطرق تغيير الحفاض بانتظام، واستخدام منتجات العناية بالحفاض، وتجنب استخدام المناديل المبللة المعطرة، واستخدام الكريمات المضادة للالتهابات، والحفاظ على جفاف المنطقة، وفي حال عدم انتظام الحالة أو تفاقمها، يجب استشارة الطبيب. يجب أن يتم تنفيذ هذه الإجراءات بشكل منتظم ودقيق للوقاية من التهاب الحفاض ولتحسين صحة وراحة الطفل. ينبغي للأهل الاهتمام بتنفيذ هذه الإجراءات بانتظام والتحقق من وجود علامات الالتهاب في منطقة الحفاض لتجنب المضاعفات والحفاظ على صحة الطفل.</span></span></span></p>\r\n\r\n<p dir=\"rtl\">&nbsp;</p>','ar',NULL,NULL),(156,95,'Diaper Rash Treatment for Children: Practical Tips for Parents','<p>&nbsp;</p>\r\n\r\n<p><span style=\"font-size:18pt\"><span style=\"font-family:\'Times New Roman\',serif\"><span style=\"color:#000000\"><strong>Introduction:</strong></span></span></span></p>\r\n\r\n<p><span style=\"font-size:13.999999999999998pt\"><span style=\"font-family:\'Times New Roman\',serif\"><span style=\"color:#000000\">Diaper rash is a common condition that affects infants, causing discomfort and pain for both the child and the parent. Treating diaper rash requires special care and skill from parents and healthcare providers.</span></span></span></p>\r\n\r\n<p><span style=\"font-size:13.999999999999998pt\"><span style=\"font-family:\'Times New Roman\',serif\"><span style=\"color:#000000\">In this article, we will discuss practical tips for treating diaper rash in children.</span></span></span></p>\r\n\r\n<p><span style=\"font-size:18pt\"><span style=\"font-family:\'Times New Roman\',serif\"><span style=\"color:#000000\"><strong>1- Regular Diaper Changes:</strong></span></span></span></p>\r\n\r\n<p><span style=\"font-size:13.999999999999998pt\"><span style=\"font-family:\'Times New Roman\',serif\"><span style=\"color:#000000\">Regular</span></span></span><span style=\"font-size:13.999999999999998pt\"><span style=\"font-family:\'Times New Roman\',serif\"><span style=\"color:#1155cc\"> <a href=\"https://national-g.com/ar/sub/category/123/%D8%AD%D9%81%D8%A7%D8%B6%D8%A7%D8%AA\" target=\"_blank\">diaper</a></span></span></span><span style=\"font-size:13.999999999999998pt\"><span style=\"font-family:\'Times New Roman\',serif\"><span style=\"color:#000000\"><a href=\"https://national-g.com/ar/sub/category/123/%D8%AD%D9%81%D8%A7%D8%B6%D8%A7%D8%AA\" target=\"_blank\"> </a>changes are recommended, multiple times a day, and the diaper should not be left on for extended periods without changing. The sensitive area should be cleaned with warm water and gentle soap, ensuring it is thoroughly dried before applying a fresh diaper.</span></span></span></p>\r\n\r\n<p>&nbsp;</p>\r\n\r\n<p><span style=\"font-size:18pt\"><span style=\"font-family:\'Times New Roman\',serif\"><span style=\"color:#000000\"><strong>2- Use Diaper Care Products:</strong></span></span></span></p>\r\n\r\n<p><span style=\"font-size:13.999999999999998pt\"><span style=\"font-family:\'Times New Roman\',serif\"><span style=\"color:#000000\">It is essential to use </span></span></span><a href=\"https://national-g.com/ar/sub/category/71/%D8%AA%D8%BA%D9%8A%D9%8A%D8%B1-%D8%A7%D9%84%D8%AD%D9%81%D8%A7%D8%B6\" target=\"_blank\"><span style=\"font-size:13.999999999999998pt\"><span style=\"font-family:\'Times New Roman\',serif\"><span style=\"color:#1155cc\">diaper care products</span></span></span></a><span style=\"font-size:13.999999999999998pt\"><span style=\"font-family:\'Times New Roman\',serif\"><span style=\"color:#000000\"> to soothe the skin and avoid diaper rash. Moisturizing creams can be applied to alleviate irritation, and it is crucial to avoid products containing strong fragrances or chemicals that may cause skin irritation.</span></span></span></p>\r\n\r\n<p>&nbsp;</p>\r\n\r\n<p><span style=\"font-size:18pt\"><span style=\"font-family:\'Times New Roman\',serif\"><span style=\"color:#000000\"><strong>3- Avoid Scented Products:</strong></span></span></span></p>\r\n\r\n<p><span style=\"font-size:13.999999999999998pt\"><span style=\"font-family:\'Times New Roman\',serif\"><span style=\"color:#000000\">Avoid using scented wet wipes or strong soaps to clean the diaper area, as they may further irritate the skin and worsen the diaper rash. Instead, use warm water and a gentle soap to clean the sensitive area or use </span></span></span><a href=\"https://national-g.com/ar/products/370/%D9%85%D9%86%D8%A7%D8%AF%D9%8A%D9%84-%D9%85%D8%A8%D9%84%D9%84%D8%A9---%D8%AF%D9%8A%D8%AC%D9%86%D8%AA%D9%8A\" target=\"_blank\"><span style=\"font-size:13.999999999999998pt\"><span style=\"font-family:\'Times New Roman\',serif\"><span style=\"color:#1155cc\">water wipes</span></span></span></a><span style=\"font-size:13.999999999999998pt\"><span style=\"font-family:\'Times New Roman\',serif\"><span style=\"color:#000000\">.</span></span></span></p>\r\n\r\n<p>&nbsp;</p>\r\n\r\n<p><span style=\"font-size:18pt\"><span style=\"font-family:\'Times New Roman\',serif\"><span style=\"color:#000000\"><strong>4- Use Anti-Inflammatory Creams:</strong></span></span></span></p>\r\n\r\n<p><span style=\"font-size:13.999999999999998pt\"><span style=\"font-family:\'Times New Roman\',serif\"><span style=\"color:#000000\">Anti-inflammatory creams can be used to alleviate diaper rash symptoms, especially in severe cases. Applying these creams in small amounts and regularly to the affected area can help reduce inflammation.</span></span></span></p>\r\n\r\n<p>&nbsp;</p>\r\n\r\n<p><span style=\"font-size:18pt\"><span style=\"font-family:\'Times New Roman\',serif\"><span style=\"color:#000000\"><strong>5- Keep the Area Dry:</strong></span></span></span></p>\r\n\r\n<p><span style=\"font-size:13.999999999999998pt\"><span style=\"font-family:\'Times New Roman\',serif\"><span style=\"color:#000000\">It is essential to keep the diaper area dry by changing the diaper regularly and gently drying the area after each change.</span></span></span></p>\r\n\r\n<p>&nbsp;</p>\r\n\r\n<p><span style=\"font-size:18pt\"><span style=\"font-family:\'Times New Roman\',serif\"><span style=\"color:#000000\"><strong>6- Use Diaper Cream:</strong></span></span></span></p>\r\n\r\n<p><a href=\"https://national-g.com/ar/products/94/%D9%83%D8%B1%D9%8A%D9%85-%D9%84%D9%84%D8%AD%D9%85%D8%A7%D9%8A%D8%A9-%D9%85%D9%86-%D8%A7%D9%84%D8%A7%D9%84%D8%AA%D9%87%D8%A7%D8%A8%D8%A7%D8%AA-%D9%84%D9%84%D8%A7%D8%B7%D9%81%D8%A7%D9%84\" target=\"_blank\"><span style=\"font-size:13.999999999999998pt\"><span style=\"font-family:\'Times New Roman\',serif\"><span style=\"color:#1155cc\">Diaper cream</span></span></span></a><span style=\"font-size:13.999999999999998pt\"><span style=\"font-family:\'Times New Roman\',serif\"><span style=\"color:#000000\"> contains ingredients that protect and treat the baby&#39;s skin from irritation and redness. It also helps moisturize the baby&#39;s skin and prevents dryness, maintaining its softness and elasticity while preventing the buildup of bacteria and unpleasant odors.</span></span></span></p>\r\n\r\n<p>&nbsp;</p>\r\n\r\n<p><span style=\"font-size:18pt\"><span style=\"font-family:\'Times New Roman\',serif\"><span style=\"color:#000000\"><strong>7- Use Properly Fitted Diapers:</strong></span></span></span></p>\r\n\r\n<p><span style=\"font-size:13.999999999999998pt\"><span style=\"font-family:\'Times New Roman\',serif\"><span style=\"color:#000000\">Avoid using tight and adhesive diapers that hinder ventilation, leading to moisture buildup and exacerbating the inflammation and redness of the baby&#39;s skin.</span></span></span></p>\r\n\r\n<p>&nbsp;</p>\r\n\r\n<p><span style=\"font-size:18pt\"><span style=\"font-family:\'Times New Roman\',serif\"><span style=\"color:#000000\"><strong>8- Consult a Doctor:</strong></span></span></span></p>\r\n\r\n<p><span style=\"font-size:13.999999999999998pt\"><span style=\"font-family:\'Times New Roman\',serif\"><span style=\"color:#000000\">If the condition persists or worsens, it is essential to consult a doctor to identify the cause and receive appropriate treatment. Seek medical attention if the child experiences symptoms such as fever, swelling, severe irritation, or peeling.</span></span></span></p>\r\n\r\n<p>&nbsp;</p>\r\n\r\n<p><span style=\"font-size:18pt\"><span style=\"font-family:\'Times New Roman\',serif\"><span style=\"color:#000000\"><strong>In general, </strong></span></span></span><span style=\"font-size:13.999999999999998pt\"><span style=\"font-family:\'Times New Roman\',serif\"><span style=\"color:#000000\">treating diaper rash in children is crucial for maintaining the child&#39;s health and reducing the pain caused by this condition. These methods include regular diaper changes, using diaper care products, avoiding scented products, applying anti-inflammatory creams, keeping the area dry, and seeking medical advice if needed. Parents should implement these measures regularly, check for signs of diaper rash, and seek medical attention to prevent complications and ensure the child&#39;s well-being.</span></span></span></p>\r\n\r\n<p>&nbsp;</p>','en',NULL,NULL),(157,96,'ملامسة الجلد للجلد بعد الولادة .. حب وفوائد للطفل والأم','<p>&nbsp;</p>\r\n\r\n<p dir=\"rtl\" style=\"text-align:right\"><span style=\"font-size:18pt\"><span style=\"font-family:\'Times New Roman\',serif\"><span style=\"color:#000000\"><strong>مقدمة</strong></span></span></span></p>\r\n\r\n<p dir=\"rtl\" style=\"text-align:right\"><span style=\"font-size:13.999999999999998pt\"><span style=\"font-family:\'Times New Roman\',serif\"><span style=\"color:#000000\">تعتبر ممارسة الجلد للجلد، أحد التقنيات الحديثة التي تستخدم في رعاية الأمهات والأطفال الرضع، والتي تتمثل في وضع الطفل على صدر الأم لفترة من الوقت بعد الولادة مباشرة، مما يؤدي إلى ملامسة الجلد للجلد. ويرجع تاريخ استخدام هذه التقنية إلى فترة زمنية طويلة، ولكنها أصبحت موضوعًا للنقاش في السنوات الأخيرة، وذلك بسبب فوائدها الصحية المثبتة علميًا للأم والطفل.</span></span></span></p>\r\n\r\n<p dir=\"rtl\" style=\"text-align:right\"><span style=\"font-size:13.999999999999998pt\"><span style=\"font-family:\'Times New Roman\',serif\"><span style=\"color:#000000\">في هذا المقال، سنتحدث عن فوائد ممارسة الجلد للجلد العديد من النواحي الصحية للأم والطفل الرضيع</span></span></span></p>\r\n\r\n<p dir=\"rtl\" style=\"margin-left:48px; text-align:right\"><span style=\"font-size:18pt\"><span style=\"font-family:\'Times New Roman\',serif\"><span style=\"color:#000000\"><strong>1-</strong></span></span></span><span style=\"font-size:6.999999999999999pt\"><span style=\"font-family:\'Times New Roman\',serif\"><span style=\"color:#000000\">&nbsp; </span></span></span><span style=\"font-size:18pt\"><span style=\"font-family:\'Times New Roman\',serif\"><span style=\"color:#000000\"><strong>تنظيم درجة حرارة الجسم</strong></span></span></span></p>\r\n\r\n<p dir=\"rtl\" style=\"text-align:right\"><span style=\"font-size:13.999999999999998pt\"><span style=\"font-family:\'Times New Roman\',serif\"><span style=\"color:#000000\">يساعد الاتصال الجلدي بين الأم والطفل على تنظيم درجة حرارة جسم الطفل، وذلك لأن حرارة جسم الأم تتكيف مع حرارة جسم الطفل وتساعده على الحفاظ على درجة حرارة مستقرة.</span></span></span></p>\r\n\r\n<p dir=\"rtl\" style=\"margin-left:48px; text-align:right\"><span style=\"font-size:18pt\"><span style=\"font-family:\'Times New Roman\',serif\"><span style=\"color:#000000\"><strong>2-</strong></span></span></span><span style=\"font-size:6.999999999999999pt\"><span style=\"font-family:\'Times New Roman\',serif\"><span style=\"color:#000000\">&nbsp; </span></span></span><span style=\"font-size:18pt\"><span style=\"font-family:\'Times New Roman\',serif\"><span style=\"color:#000000\"><strong>&nbsp;تحسين التواصل العاطفي</strong></span></span></span></p>\r\n\r\n<p dir=\"rtl\" style=\"text-align:right\"><span style=\"font-size:13.999999999999998pt\"><span style=\"font-family:\'Times New Roman\',serif\"><span style=\"color:#000000\">تساعد ممارسة الجلد للجلد في تحسين التواصل العاطفي بين الأم والطفل، حيث يتمكن الطفل من الاستجابة لحركات وأصوات الأم بشكل أفضل، كما يساعد على توطيد العلاقة العاطفية بينهما</span></span></span><span style=\"font-size:11pt\"><span style=\"font-family:Arial,sans-serif\"><span style=\"color:#000000\"> </span></span></span><span style=\"font-size:13.999999999999998pt\"><span style=\"font-family:\'Times New Roman\',serif\"><span style=\"color:#000000\">وتنشيط غريزة الأمومة.</span></span></span></p>\r\n\r\n<p dir=\"rtl\" style=\"margin-left:48px; text-align:right\"><span style=\"font-size:18pt\"><span style=\"font-family:\'Times New Roman\',serif\"><span style=\"color:#000000\"><strong>3-</strong></span></span></span><span style=\"font-size:6.999999999999999pt\"><span style=\"font-family:\'Times New Roman\',serif\"><span style=\"color:#000000\">&nbsp; </span></span></span><span style=\"font-size:18pt\"><span style=\"font-family:\'Times New Roman\',serif\"><span style=\"color:#000000\"><strong>تقوية جهاز المناعة</strong></span></span></span></p>\r\n\r\n<p dir=\"rtl\" style=\"text-align:right\"><span style=\"font-size:13.999999999999998pt\"><span style=\"font-family:\'Times New Roman\',serif\"><span style=\"color:#000000\">تساعد ممارسة الجلد للجلد في تقوية جهاز المناعة لدى الطفل، حيث تساعد البكتيريا الطبيعية الموجودة على جلد الأم على تعزيز جهاز المناعة لدى الطفل، وتساعد على تقليل خطر الإصابة بالعدوى.</span></span></span></p>\r\n\r\n<p dir=\"rtl\" style=\"margin-left:48px; text-align:right\"><span style=\"font-size:18pt\"><span style=\"font-family:\'Times New Roman\',serif\"><span style=\"color:#000000\"><strong>4-</strong></span></span></span><span style=\"font-size:6.999999999999999pt\"><span style=\"font-family:\'Times New Roman\',serif\"><span style=\"color:#000000\">&nbsp; </span></span></span><span style=\"font-size:18pt\"><span style=\"font-family:\'Times New Roman\',serif\"><span style=\"color:#000000\"><strong>تنظيم تنفس الطفل</strong></span></span></span></p>\r\n\r\n<p dir=\"rtl\" style=\"text-align:right\"><span style=\"font-size:13.999999999999998pt\"><span style=\"font-family:\'Times New Roman\',serif\"><span style=\"color:#000000\">تساعد ممارسة الجلد للجلد في تنظيم تنفس الطفل وضبط معدل ضربات قلبه، مما يساعده على التكيف مع الحياة خارج الرحم بشكل أسرع وأفضل.</span></span></span></p>\r\n\r\n<p dir=\"rtl\" style=\"margin-left:48px; text-align:right\"><span style=\"font-size:18pt\"><span style=\"font-family:\'Times New Roman\',serif\"><span style=\"color:#000000\"><strong>5-</strong></span></span></span><span style=\"font-size:6.999999999999999pt\"><span style=\"font-family:\'Times New Roman\',serif\"><span style=\"color:#000000\">&nbsp; </span></span></span><span style=\"font-size:18pt\"><span style=\"font-family:\'Times New Roman\',serif\"><span style=\"color:#000000\"><strong>تساعد على الرضاعة الطبيعية.</strong></span></span></span></p>\r\n\r\n<p dir=\"rtl\" style=\"margin-left:48px; text-align:right\"><span style=\"font-size:13.999999999999998pt\"><span style=\"font-family:\'Times New Roman\',serif\"><span style=\"color:#000000\">تساعد ممارسة الجلد للجلد على سهولة وصول وتعرف الطفل على الثدي للرضاعة الطبيعية مما يعمل على زيادة رغبة الطفل في الرضاعة وتحفيز عملية الهضم.</span></span></span></p>\r\n\r\n<p dir=\"rtl\" style=\"margin-left:48px; text-align:right\"><span style=\"font-size:13.999999999999998pt\"><span style=\"font-family:\'Times New Roman\',serif\"><span style=\"color:#000000\">وبالنسبة للأم فإن ملامسة الجلد والرضاعة الطبيعية ينتج عنهما فرز هرمون يساعد على انقباض الرحم وقنوات الحليب عند الأم مما يزيد من كمية اللبن التى يأخذها الطفل إلى جانب شعوره بالسعادة والاتزان وتقليل شعور الأم باكتئاب ما بعد الولادة.</span></span></span></p>\r\n\r\n<p dir=\"rtl\" style=\"margin-left:48px; text-align:right\"><span style=\"font-size:18pt\"><span style=\"font-family:\'Times New Roman\',serif\"><span style=\"color:#000000\"><strong>6-</strong></span></span></span><span style=\"font-size:6.999999999999999pt\"><span style=\"font-family:\'Times New Roman\',serif\"><span style=\"color:#000000\">&nbsp; </span></span></span><span style=\"font-size:18pt\"><span style=\"font-family:\'Times New Roman\',serif\"><span style=\"color:#000000\"><strong>تحسين النوم</strong></span></span></span></p>\r\n\r\n<p dir=\"rtl\" style=\"text-align:right\"><span style=\"font-size:13.999999999999998pt\"><span style=\"font-family:\'Times New Roman\',serif\"><span style=\"color:#000000\">يمكن أن يساعد الاتصال الجلدي بين الأم والطفل على تحسين النوم لدى الطفل، حيث يشعر الطفل بالأمان والراحة عندما يكون بجانب والدته، وبالتالي ينام بشكل أفضل.</span></span></span></p>\r\n\r\n<p dir=\"rtl\" style=\"margin-left:48px; text-align:right\"><span style=\"font-size:18pt\"><span style=\"font-family:\'Times New Roman\',serif\"><span style=\"color:#000000\"><strong>7-</strong></span></span></span><span style=\"font-size:6.999999999999999pt\"><span style=\"font-family:\'Times New Roman\',serif\"><span style=\"color:#000000\">&nbsp; </span></span></span><span style=\"font-size:18pt\"><span style=\"font-family:\'Times New Roman\',serif\"><span style=\"color:#000000\"><strong>تقليل الإجهاد</strong></span></span></span></p>\r\n\r\n<p dir=\"rtl\" style=\"text-align:right\"><span style=\"font-size:13.999999999999998pt\"><span style=\"font-family:\'Times New Roman\',serif\"><span style=\"color:#000000\">تساعد ممارسة الجلد للجلد في تقليل مستويات الإجهاد لدى الأم والطفل، حيث تحفز إفراز هرمونات الرضا والاسترخاء في جسم الأم والطفل، مما يساعد على تحسين الصحة النفسية والعاطفية للطرفين.</span></span></span></p>\r\n\r\n<p>&nbsp;</p>\r\n\r\n<p dir=\"rtl\" style=\"text-align:right\"><span style=\"font-size:18pt\"><span style=\"font-family:\'Times New Roman\',serif\"><span style=\"color:#000000\"><strong>كم تبلغ مدة ملامسة الجلد للجلد؟</strong></span></span></span></p>\r\n\r\n<p dir=\"rtl\" style=\"text-align:right\"><span style=\"font-size:13.999999999999998pt\"><span style=\"font-family:\'Times New Roman\',serif\"><span style=\"color:#000000\">تبدأ ملامسة الجلد للجلد فور ولادة الطفل بالنسبة للأطفال الذين يولدون عن طريق الولادة الطبيعية (وأحياناً لا يتم حتى مسح الطفل حتى قبل وضعه على صدر أمه). وفي الوضع المثالي، يتم قضاء ساعة متواصلة على الأقل لأول مرة لضمان الحصول على أكبر قدر من الفوائد.</span></span></span></p>\r\n\r\n<p dir=\"rtl\" style=\"text-align:right\"><span style=\"font-size:13.999999999999998pt\"><span style=\"font-family:\'Times New Roman\',serif\"><span style=\"color:#000000\">كما يمكن أن تستمر ملامسة الجلد للجلد لأول مرة إلى حين انتهاء الطفل من الرضاعة الطبيعية للمرة الأولى، وينبغي أن يستمر ممارستها في الأسابيع الأولى من ولادة الطفل لمدة لا تقل عن 20-30 دقيقة يوميًا.</span></span></span></p>\r\n\r\n<p dir=\"rtl\"><br />\r\n<span style=\"font-size:18pt\"><span style=\"font-family:\'Times New Roman\',serif\"><span style=\"color:#000000\"><strong>بشكل عام </strong></span></span></span><span style=\"font-size:13.999999999999998pt\"><span style=\"font-family:\'Times New Roman\',serif\"><span style=\"color:#000000\">يمكن القول إن ممارسة الجلد للجلد تعد تقنية فعالة ومجانية لرعاية الأمهات والأطفال الرضع، حيث تساعد على تحسين الصحة العامة للطفل والأم، وتقوية العلاقة العاطفية بينهما.</span></span></span></p>','ar',NULL,NULL),(158,96,'Skin-to-Skin Contact After Birth: Love and Benefits for the Baby and Mother','<p><span style=\"font-size:18pt\"><span style=\"font-family:\'Times New Roman\',serif\"><span style=\"color:#000000\"><strong>Introduction:</strong></span></span></span></p>\r\n\r\n<p><span style=\"font-size:13.999999999999998pt\"><span style=\"font-family:\'Times New Roman\',serif\"><span style=\"color:#000000\">Skin-to-skin contact is a modern technique used in the care of postpartum mothers and newborns, where the baby is placed on the mother&#39;s chest shortly after birth, allowing their skin to touch. This practice has a long history but has gained significant attention and scientific evidence for its health benefits to both the baby and the mother in recent years.</span></span></span></p>\r\n\r\n<p>&nbsp;</p>\r\n\r\n<p><span style=\"font-size:13.999999999999998pt\"><span style=\"font-family:\'Times New Roman\',serif\"><span style=\"color:#000000\">In this article, we will discuss the various health benefits of skin-to-skin contact for the baby and the postpartum mother.</span></span></span></p>\r\n\r\n<p>&nbsp;</p>\r\n\r\n<p><span style=\"font-size:18pt\"><span style=\"font-family:\'Times New Roman\',serif\"><span style=\"color:#000000\"><strong>1- Regulating Body Temperature:</strong></span></span></span></p>\r\n\r\n<p><span style=\"font-size:13.999999999999998pt\"><span style=\"font-family:\'Times New Roman\',serif\"><span style=\"color:#000000\">Skin-to-skin contact between the mother and the baby helps regulate the baby&#39;s body temperature, as the mother&#39;s body temperature adapts to the baby&#39;s and helps maintain a stable temperature.</span></span></span></p>\r\n\r\n<p>&nbsp;</p>\r\n\r\n<p><span style=\"font-size:18pt\"><span style=\"font-family:\'Times New Roman\',serif\"><span style=\"color:#000000\"><strong>2- Improving Emotional Communication:</strong></span></span></span></p>\r\n\r\n<p><span style=\"font-size:13.999999999999998pt\"><span style=\"font-family:\'Times New Roman\',serif\"><span style=\"color:#000000\">Skin-to-skin contact enhances emotional communication between the mother and the baby. The baby can better respond to the mother&#39;s movements and sounds, which helps strengthen the emotional bond and activates the maternal instinct.</span></span></span></p>\r\n\r\n<p>&nbsp;</p>\r\n\r\n<p><span style=\"font-size:18pt\"><span style=\"font-family:\'Times New Roman\',serif\"><span style=\"color:#000000\"><strong>3- Strengthening the Immune System:</strong></span></span></span></p>\r\n\r\n<p><span style=\"font-size:13.999999999999998pt\"><span style=\"font-family:\'Times New Roman\',serif\"><span style=\"color:#000000\">Skin-to-skin contact boosts the baby&#39;s immune system. The natural bacteria on the mother&#39;s skin aid in enhancing the baby&#39;s immune system, reducing the risk of infections.</span></span></span></p>\r\n\r\n<p>&nbsp;</p>\r\n\r\n<p><span style=\"font-size:18pt\"><span style=\"font-family:\'Times New Roman\',serif\"><span style=\"color:#000000\"><strong>4- Regulating Baby&#39;s Breathing:</strong></span></span></span></p>\r\n\r\n<p><span style=\"font-size:13.999999999999998pt\"><span style=\"font-family:\'Times New Roman\',serif\"><span style=\"color:#000000\">Skin-to-skin contact helps regulate the baby&#39;s breathing and heart rate, enabling them to adapt to life outside the womb more effectively.</span></span></span></p>\r\n\r\n<p>&nbsp;</p>\r\n\r\n<p><span style=\"font-size:18pt\"><span style=\"font-family:\'Times New Roman\',serif\"><span style=\"color:#000000\"><strong>5- Facilitating Breastfeeding:</strong></span></span></span></p>\r\n\r\n<p><span style=\"font-size:13.999999999999998pt\"><span style=\"font-family:\'Times New Roman\',serif\"><span style=\"color:#000000\">Skin-to-skin contact facilitates and familiarizes the baby with the breast for breastfeeding, increasing the baby&#39;s desire to feed and stimulating the digestive process.</span></span></span></p>\r\n\r\n<p>&nbsp;</p>\r\n\r\n<p><span style=\"font-size:13.999999999999998pt\"><span style=\"font-family:\'Times New Roman\',serif\"><span style=\"color:#000000\">For the mother, skin-to-skin contact and breastfeeding lead to the release of hormones that aid in uterine contractions and milk duct activation, increasing the amount of milk the baby receives. It also results in a sense of happiness, balance, and reduced postpartum depression.</span></span></span></p>\r\n\r\n<p>&nbsp;</p>\r\n\r\n<p><span style=\"font-size:18pt\"><span style=\"font-family:\'Times New Roman\',serif\"><span style=\"color:#000000\"><strong>6- Improving Sleep:</strong></span></span></span></p>\r\n\r\n<p><span style=\"font-size:13.999999999999998pt\"><span style=\"font-family:\'Times New Roman\',serif\"><span style=\"color:#000000\">Skin-to-skin contact between the mother and the baby can improve the baby&#39;s sleep as they feel secure and comfortable when close to their mother.</span></span></span></p>\r\n\r\n<p>&nbsp;</p>\r\n\r\n<p><span style=\"font-size:18pt\"><span style=\"font-family:\'Times New Roman\',serif\"><span style=\"color:#000000\"><strong>7- Reducing Stress:</strong></span></span></span></p>\r\n\r\n<p><span style=\"font-size:13.999999999999998pt\"><span style=\"font-family:\'Times New Roman\',serif\"><span style=\"color:#000000\">Skin-to-skin contact reduces stress levels for both the mother and the baby. It stimulates the release of hormones associated with satisfaction and relaxation in both bodies, improving their mental and emotional well-being.</span></span></span></p>\r\n\r\n<p>&nbsp;</p>\r\n\r\n<p><span style=\"font-size:18pt\"><span style=\"font-family:\'Times New Roman\',serif\"><span style=\"color:#000000\"><strong>How Long Should Skin-to-Skin Contact Last?</strong></span></span></span></p>\r\n\r\n<p><span style=\"font-size:13.999999999999998pt\"><span style=\"font-family:\'Times New Roman\',serif\"><span style=\"color:#000000\">Skin-to-skin contact should begin immediately after birth for babies delivered vaginally (sometimes even before cleaning the baby) and ideally continue for at least one uninterrupted hour to maximize the benefits.</span></span></span></p>\r\n\r\n<p>&nbsp;</p>\r\n\r\n<p><span style=\"font-size:13.999999999999998pt\"><span style=\"font-family:\'Times New Roman\',serif\"><span style=\"color:#000000\">Furthermore, skin-to-skin contact should continue until the baby finishes their first natural breastfeeding and should be practiced daily for at least 20-30 minutes in the weeks following birth.</span></span></span></p>\r\n\r\n<p><span style=\"font-size:18pt\"><span style=\"font-family:\'Times New Roman\',serif\"><span style=\"color:#000000\"><strong>In conclusion,</strong></span></span></span><span style=\"font-size:13.999999999999998pt\"><span style=\"font-family:\'Times New Roman\',serif\"><span style=\"color:#000000\"> skin-to-skin contact is an effective and cost-free technique for caring for postpartum mothers and newborns. It significantly improves the overall health of the baby and the mother and strengthens their emotional bond.</span></span></span></p>\r\n\r\n<p>&nbsp;</p>','en',NULL,NULL);

--
-- Table structure for table `articles`
--

CREATE TABLE `articles` (
  `id` int unsigned NOT NULL AUTO_INCREMENT,
  `image` varchar(255) CHARACTER SET utf8mb4 COLLATE utf8mb4_unicode_ci DEFAULT NULL,
  `image_path_banner` varchar(191) CHARACTER SET utf8mb4 COLLATE utf8mb4_unicode_ci DEFAULT NULL,
  `image_banner_mobile` varchar(191) CHARACTER SET utf8mb4 COLLATE utf8mb4_unicode_ci DEFAULT NULL,
  `created_at` timestamp NULL DEFAULT NULL,
  `updated_at` timestamp NULL DEFAULT NULL,
  `category_id` int DEFAULT NULL,
  `main_page` int NOT NULL DEFAULT '1',
  PRIMARY KEY (`id`)
) ENGINE=InnoDB AUTO_INCREMENT=97 DEFAULT CHARSET=utf8mb4 COLLATE=utf8mb4_unicode_ci;

--
-- Dumping data for table `articles`
--

INSERT INTO `articles` (`id`, `image`, `image_path_banner`, `image_banner_mobile`, `created_at`, `updated_at`, `category_id`, `main_page`) VALUES (1,'2023-06-13-600-500-------------.png','2023-06-12-1200-280--.png','2023-06-22-800-400.png','2023-04-19 04:04:28','2023-08-24 19:09:10',106,0),(22,NULL,NULL,NULL,'2023-06-11 19:47:22','2023-08-24 19:09:42',106,0),(23,NULL,NULL,NULL,'2023-06-11 19:51:43','2023-06-26 03:38:58',106,1),(24,NULL,NULL,NULL,'2023-06-11 19:58:24','2023-07-31 20:24:09',148,1),(25,NULL,NULL,NULL,'2023-06-11 20:01:10','2023-07-30 19:01:11',145,1),(26,NULL,NULL,NULL,'2023-06-11 20:03:21','2023-07-30 19:01:24',145,1),(27,NULL,NULL,NULL,'2023-06-11 20:09:30','2023-07-30 19:01:38',146,1),(28,'2023-06-11-11906665_4860965.jpg','2023-06-11-19467547_6133725.jpg',NULL,'2023-06-11 20:15:40','2023-07-30 19:01:54',146,1),(29,NULL,NULL,NULL,'2023-06-11 20:23:54','2023-08-24 19:10:15',144,0),(30,NULL,NULL,NULL,'2023-06-11 20:32:36','2023-07-30 19:02:24',144,1),(31,NULL,NULL,NULL,'2023-06-11 20:40:42','2023-07-30 19:03:01',147,1),(33,'2023-06-11-21741523_6506295.jpg','2023-06-11-27637391_7363403.jpg',NULL,'2023-06-11 20:42:14','2023-07-30 19:03:18',143,1),(34,NULL,NULL,NULL,'2023-07-29 17:37:30','2023-07-29 17:37:30',143,1),(35,NULL,NULL,NULL,'2023-07-29 17:39:47','2023-07-29 17:39:47',143,1),(36,NULL,NULL,NULL,'2023-07-29 17:41:40','2023-07-29 17:41:40',143,1),(37,NULL,NULL,NULL,'2023-07-29 17:45:52','2023-07-29 17:45:52',143,1),(38,NULL,NULL,NULL,'2023-07-29 18:00:31','2023-07-29 18:00:31',147,1),(39,NULL,NULL,NULL,'2023-07-29 18:11:31','2023-07-29 18:11:31',147,1),(40,NULL,NULL,NULL,'2023-07-29 18:31:24','2023-07-29 18:31:24',147,1),(41,NULL,NULL,NULL,'2023-07-29 18:43:41','2023-07-29 18:43:41',147,1),(42,NULL,NULL,NULL,'2023-07-29 18:51:55','2023-07-29 18:51:55',147,1),(43,NULL,NULL,NULL,'2023-07-29 19:18:00','2023-07-29 19:18:00',NULL,1),(44,NULL,NULL,NULL,'2023-07-29 19:22:48','2023-07-29 19:22:48',147,1),(45,'2023-09-09-0 (2).png',NULL,NULL,'2023-07-29 19:30:53','2023-09-09 23:06:47',146,0),(46,'2023-09-09-0 (1).png',NULL,NULL,'2023-07-29 19:37:35','2023-09-09 23:01:12',146,0),(47,NULL,NULL,NULL,'2023-07-29 19:51:03','2023-07-29 19:51:03',146,1),(48,NULL,NULL,NULL,'2023-07-29 19:54:25','2023-07-29 19:54:25',146,1),(49,NULL,NULL,NULL,'2023-07-29 19:59:39','2023-07-29 19:59:39',146,1),(50,NULL,NULL,NULL,'2023-07-29 20:05:41','2023-07-29 20:05:41',146,1),(51,NULL,NULL,NULL,'2023-07-29 20:33:09','2023-07-29 20:33:09',146,1),(52,NULL,NULL,NULL,'2023-07-29 20:36:49','2023-07-29 20:36:49',146,1),(53,NULL,NULL,NULL,'2023-07-29 20:44:40','2023-07-29 20:44:40',146,1),(54,NULL,NULL,NULL,'2023-07-29 20:54:16','2023-07-29 20:54:16',145,1),(55,NULL,NULL,NULL,'2023-07-29 21:00:29','2023-07-29 21:00:29',145,1),(56,NULL,NULL,NULL,'2023-07-29 21:07:15','2023-07-29 21:07:15',145,1),(57,NULL,NULL,NULL,'2023-07-29 21:22:25','2023-07-29 21:22:25',145,1),(58,NULL,NULL,NULL,'2023-07-29 21:28:23','2023-07-29 21:28:23',145,1),(59,NULL,NULL,NULL,'2023-07-29 22:33:21','2023-07-29 22:33:21',145,1),(60,NULL,NULL,NULL,'2023-07-29 23:01:49','2023-07-29 23:01:49',144,1),(61,NULL,NULL,NULL,'2023-07-29 23:16:43','2023-07-29 23:16:43',144,1),(62,NULL,NULL,NULL,'2023-07-29 23:26:45','2023-07-29 23:26:45',144,1),(63,NULL,NULL,NULL,'2023-07-29 23:33:27','2023-07-29 23:33:27',144,1),(64,NULL,NULL,NULL,'2023-07-29 23:49:17','2023-07-29 23:49:17',144,1),(65,NULL,NULL,NULL,'2023-07-29 23:59:22','2023-07-29 23:59:22',144,1),(66,NULL,NULL,NULL,'2023-07-30 00:11:51','2023-07-30 00:11:51',144,1),(67,NULL,NULL,NULL,'2023-07-30 00:13:43','2023-07-30 00:13:43',NULL,1),(68,NULL,NULL,NULL,'2023-07-30 17:01:31','2023-07-30 17:01:31',144,1),(69,NULL,NULL,NULL,'2023-07-30 17:16:59','2023-07-30 17:16:59',144,1),(70,NULL,NULL,NULL,'2023-07-30 17:35:25','2023-07-30 17:35:25',144,1),(71,NULL,NULL,NULL,'2023-07-30 17:57:16','2023-07-30 17:57:16',144,1),(72,NULL,NULL,NULL,'2023-07-30 18:17:35','2023-07-30 18:17:35',144,1),(73,NULL,NULL,NULL,'2023-07-30 18:33:14','2023-07-30 18:33:14',144,1),(74,NULL,NULL,NULL,'2023-07-30 18:49:48','2023-07-30 18:49:48',150,1),(75,NULL,NULL,NULL,'2023-07-30 19:00:10','2023-07-30 19:00:10',150,1),(76,NULL,NULL,NULL,'2023-07-30 19:23:27','2023-07-30 19:23:27',149,1),(77,NULL,NULL,NULL,'2023-07-30 19:33:28','2023-07-30 19:33:28',149,1),(78,NULL,NULL,NULL,'2023-07-30 19:40:57','2023-07-30 19:40:57',149,1),(79,NULL,NULL,NULL,'2023-07-30 19:45:55','2023-07-30 19:45:55',149,1),(80,NULL,NULL,NULL,'2023-07-30 19:58:25','2023-07-30 19:58:25',149,1),(81,NULL,NULL,NULL,'2023-07-30 20:04:56','2023-07-30 20:04:56',149,1),(82,NULL,NULL,NULL,'2023-07-30 20:31:44','2023-07-30 20:31:44',149,1),(83,NULL,NULL,NULL,'2023-07-30 20:39:06','2023-07-30 20:39:06',149,1),(84,NULL,NULL,NULL,'2023-07-30 21:21:32','2023-07-30 21:21:32',149,1),(85,NULL,NULL,NULL,'2023-07-30 21:30:03','2023-07-30 21:30:03',149,1),(86,NULL,NULL,NULL,'2023-07-30 21:42:16','2023-07-30 21:42:16',149,1),(87,NULL,NULL,NULL,'2023-07-30 21:55:47','2023-07-30 21:55:47',149,1),(88,NULL,NULL,NULL,'2023-07-31 18:42:33','2023-07-31 18:42:33',148,1),(89,NULL,NULL,NULL,'2023-07-31 18:52:29','2023-07-31 18:52:29',148,1),(90,NULL,NULL,NULL,'2023-07-31 19:01:13','2023-07-31 19:01:13',148,1),(91,NULL,NULL,NULL,'2023-07-31 19:10:22','2023-07-31 19:10:22',148,1),(92,NULL,NULL,NULL,'2023-07-31 19:17:32','2023-07-31 19:17:32',148,1),(93,NULL,NULL,NULL,'2023-07-31 19:25:13','2023-07-31 19:25:13',148,1),(94,NULL,NULL,NULL,'2023-07-31 19:36:00','2023-07-31 19:36:00',148,1),(95,NULL,NULL,NULL,'2023-07-31 20:00:39','2023-07-31 20:00:39',148,1),(96,NULL,NULL,NULL,'2023-07-31 20:32:36','2023-07-31 20:32:36',148,1);

--
-- Table structure for table `cart_gift_transactions`
--

CREATE TABLE `cart_gift_transactions` (
  `id` int unsigned NOT NULL AUTO_INCREMENT,
  `user_gift_carts_id` int unsigned DEFAULT NULL,
  `RemainingAmount` decimal(8,3) NOT NULL,
  `spentPrice` decimal(8,3) NOT NULL,
  `created_at` timestamp NULL DEFAULT NULL,
  `updated_at` timestamp NULL DEFAULT NULL,
  PRIMARY KEY (`id`),
  KEY `cart_gift_transactions_user_gift_carts_id_foreign` (`user_gift_carts_id`),
  CONSTRAINT `cart_gift_transactions_user_gift_carts_id_foreign` FOREIGN KEY (`user_gift_carts_id`) REFERENCES `user_gift_carts` (`id`) ON DELETE CASCADE
) ENGINE=InnoDB AUTO_INCREMENT=20 DEFAULT CHARSET=utf8mb4 COLLATE=utf8mb4_unicode_ci;

--
-- Dumping data for table `cart_gift_transactions`
--

INSERT INTO `cart_gift_transactions` (`id`, `user_gift_carts_id`, `RemainingAmount`, `spentPrice`, `created_at`, `updated_at`) VALUES (4,3,1.000,6.000,'2023-05-23 23:25:19','2023-05-23 23:25:19'),(5,3,1.000,4.000,'2023-05-23 23:44:20','2023-05-23 23:44:20'),(6,3,3.000,4.000,'2023-05-24 06:10:38','2023-05-24 06:10:38'),(7,3,1.000,4.000,'2023-05-24 06:12:25','2023-05-24 06:12:25'),(8,3,0.000,7.000,'2023-05-24 06:21:21','2023-05-24 06:21:21'),(9,15,0.000,4.750,'2023-05-24 06:53:46','2023-05-24 06:53:46'),(10,16,2.000,4.000,'2023-05-24 07:13:09','2023-05-24 07:13:09'),(11,16,0.000,7.000,'2023-05-24 07:15:29','2023-05-24 07:15:29'),(12,16,25.000,7.000,'2023-05-26 08:55:46','2023-05-26 08:55:46'),(13,16,9.000,16.000,'2023-05-26 09:06:18','2023-05-26 09:06:18'),(14,16,0.000,16.000,'2023-05-26 09:09:43','2023-05-26 09:09:43'),(16,17,155.000,45.000,'2023-06-06 06:36:12','2023-06-06 06:36:12'),(17,17,0.000,6.750,'2023-06-06 07:53:24','2023-06-06 07:53:24'),(18,17,0.000,4.750,'2023-06-06 08:04:59','2023-06-06 08:04:59'),(19,13,0.000,6.000,'2023-06-08 23:13:21','2023-06-08 23:13:21');

--
-- Table structure for table `categories`
--

CREATE TABLE `categories` (
  `id` int unsigned NOT NULL AUTO_INCREMENT,
  `image` varchar(255) CHARACTER SET utf8mb4 COLLATE utf8mb4_unicode_ci DEFAULT NULL,
  `status` tinyint(1) NOT NULL DEFAULT '0',
  `parent_id` int NOT NULL,
  `color_name` varchar(255) CHARACTER SET utf8mb4 COLLATE utf8mb4_unicode_ci NOT NULL,
  `created_at` timestamp NULL DEFAULT NULL,
  `updated_at` timestamp NULL DEFAULT NULL,
  `deleted_at` timestamp NULL DEFAULT NULL,
  `order` int NOT NULL DEFAULT '0',
  `banner` varchar(191) CHARACTER SET utf8mb4 COLLATE utf8mb4_unicode_ci DEFAULT NULL,
  `type` enum('category','brand') CHARACTER SET utf8mb4 COLLATE utf8mb4_unicode_ci DEFAULT 'category',
  `color` varchar(191) CHARACTER SET utf8mb4 COLLATE utf8mb4_unicode_ci DEFAULT NULL,
  `bottom` int NOT NULL DEFAULT '0',
  `Shop_by_interest` int NOT NULL DEFAULT '0',
  `Shop_by_categories` int NOT NULL DEFAULT '0',
  `giftCart` int DEFAULT '0',
  `articel` int NOT NULL DEFAULT '0',
  PRIMARY KEY (`id`)
) ENGINE=InnoDB AUTO_INCREMENT=171 DEFAULT CHARSET=utf8mb4 COLLATE=utf8mb4_unicode_ci;

--
-- Dumping data for table `categories`
--

INSERT INTO `categories` (`id`, `image`, `status`, `parent_id`, `color_name`, `created_at`, `updated_at`, `deleted_at`, `order`, `banner`, `type`, `color`, `bottom`, `Shop_by_interest`, `Shop_by_categories`, `giftCart`, `articel`) VALUES (12,'2023-04-19-a21.png',1,1,'','2023-04-19 11:37:41','2023-05-25 20:48:34',NULL,1,NULL,'category','#3b7091',0,1,1,0,0),(13,'2023-04-19-a-13.png',1,3,'','2023-04-19 11:43:21','2023-04-20 10:39:58',NULL,0,NULL,'category','#ffedf2',0,1,1,0,0),(18,'2023-05-14-download.png',1,0,'','2023-05-14 16:48:51','2023-09-03 22:11:35',NULL,0,NULL,'brand',NULL,0,0,0,0,0),(19,'2023-05-16-ProductImage_5081_5_2176e49d-1cc6-4987-a4bf-d8728b1d079c.webp',1,13,'','2023-05-16 19:39:00','2023-05-16 20:10:53',NULL,0,NULL,'category','#000000',1,0,0,0,0),(20,'2023-05-16-a-13.png',1,13,'','2023-05-16 20:10:31','2023-05-25 20:48:34',NULL,6,NULL,'category','#000000',0,0,0,0,0),(21,'2023-05-17-Yk6bnxFKeKCookB9zoCZ9QdIFIKvhcGhLTV5KlmH.jpg',1,0,'','2023-05-17 17:09:11','2023-05-25 20:48:34',NULL,7,NULL,'brand',NULL,1,0,0,0,0),(23,'2023-05-17-393300_main.jpg',1,22,'','2023-05-17 17:17:04','2023-05-17 17:18:28',NULL,0,NULL,'category','#1c8d3e',1,0,1,0,0),(24,'2023-06-22-Dignity png.png',1,0,'','2023-05-17 17:54:42','2023-06-22 21:38:54',NULL,0,NULL,'brand',NULL,1,0,0,0,0),(25,'2023-06-22-Abena-png.png',1,0,'','2023-05-17 18:10:26','2023-06-22 22:46:42',NULL,0,NULL,'brand',NULL,1,0,0,0,0),(26,'2023-05-17-Medoffice.jpg',1,0,'','2023-05-17 18:14:09','2023-05-25 20:48:34',NULL,8,NULL,'brand',NULL,1,0,0,0,0),(27,'2023-05-17-Septona.png',1,0,'','2023-05-17 18:17:56','2023-05-17 18:18:01',NULL,0,NULL,'brand',NULL,1,0,0,0,0),(28,'2023-05-17-Kinmed.webp',1,0,'','2023-05-17 18:21:41','2023-05-25 20:48:34',NULL,9,NULL,'brand',NULL,0,0,0,0,0),(29,'2023-06-22-Privatepng-.png',1,0,'','2023-05-17 18:22:47','2023-06-22 22:46:06',NULL,10,NULL,'brand',NULL,1,0,0,0,0),(30,'2023-06-22-Femfresh.png',1,0,'','2023-05-17 18:24:09','2023-06-22 21:45:50',NULL,0,NULL,'brand',NULL,1,0,0,0,0),(32,'2023-05-17-Enliven.jpg',1,0,'','2023-05-17 18:25:32','2023-05-17 18:33:31',NULL,0,NULL,'brand',NULL,1,0,0,0,0),(33,'2023-05-17-Pearl Drops.png',1,0,'','2023-05-17 18:26:37','2023-05-17 18:33:29',NULL,0,NULL,'brand',NULL,1,0,0,0,0),(34,'2023-06-22-meditech-png.png',1,0,'','2023-05-17 18:27:57','2023-06-22 21:55:00',NULL,0,NULL,'brand',NULL,1,0,0,0,0),(35,'2023-06-22-medisana-png-.png',1,0,'','2023-05-17 18:29:05','2023-06-22 21:48:38',NULL,0,NULL,'brand',NULL,1,0,0,0,0),(36,'2023-05-31-save-water.png',1,45,'','2023-05-17 18:41:18','2023-06-19 01:50:49',NULL,1,NULL,'category','#ffffff',1,0,1,0,0),(37,'2023-05-31-sleep.png',1,45,'','2023-05-17 18:44:18','2023-06-19 01:50:49',NULL,3,NULL,'category','#ffffff',1,0,1,0,0),(38,'2023-06-25-woman.png',1,45,'','2023-05-17 18:46:08','2023-06-26 04:41:17',NULL,4,NULL,'category','#ffffff',1,0,1,0,0),(39,'2023-05-31-baby.png',1,45,'','2023-05-17 18:47:53','2023-06-19 01:50:49',NULL,5,NULL,'category','#ffffff',1,0,1,0,0),(40,'2023-05-31-old-woman.png',1,45,'','2023-05-17 18:50:02','2023-06-19 01:50:49',NULL,2,NULL,'category','#ffffff',1,0,1,0,0),(41,'2023-05-31-WhatsApp Image 2023-05-31 at 01.48.30.jpg',1,45,'','2023-05-17 18:51:47','2023-06-19 01:50:49',NULL,6,NULL,'category','#ffffff',1,0,1,0,0),(42,'2023-06-25-doctor.png',1,45,'','2023-05-17 18:56:18','2023-06-26 06:19:16',NULL,7,NULL,'category','#ffffff',1,0,1,0,0),(44,'2023-05-31-WhatsApp Image 2023-05-31 at 02.11.22.jpg',1,37,'','2023-05-17 19:04:23','2023-07-19 03:14:25',NULL,1,NULL,'category','#ffffff',0,0,1,0,0),(45,'2023-06-25-cardiogram.jpg',1,0,'','2023-05-21 02:43:43','2023-06-26 06:29:59',NULL,1,NULL,'category','#ffffff',1,0,0,0,0),(46,'2023-06-26-house.jpg',1,0,'','2023-05-21 02:45:22','2023-06-26 07:04:03',NULL,2,NULL,'category','#ffffff',1,0,0,0,0),(47,'2023-05-31-WhatsApp Image 2023-05-31 at 02.23.48.jpg',1,36,'','2023-05-21 03:00:50','2023-07-19 03:14:02',NULL,6,NULL,'category','#ffffff',0,0,1,0,0),(48,'2023-05-31-WhatsApp Image 2023-05-31 at 02.35.47.jpg',1,36,'','2023-05-21 03:05:51','2023-07-19 03:14:02',NULL,2,NULL,'category','#ffffff',0,0,1,0,0),(49,'2023-05-31-WhatsApp Image 2023-05-31 at 02.05.04.jpg',1,36,'','2023-05-21 03:07:46','2023-07-19 03:14:02',NULL,7,NULL,'category','#ffffff',0,0,1,0,0),(50,'2023-05-31-WhatsApp Image 2023-05-31 at 02.05.04.jpg',1,37,'','2023-05-21 03:16:51','2023-07-19 03:14:30',NULL,2,NULL,'category','#ffffff',0,0,1,0,0),(51,'2023-05-31-WhatsApp Image 2023-05-31 at 02.34.51.jpg',1,37,'','2023-05-21 03:20:56','2023-08-28 19:43:21',NULL,9,NULL,'category','#ffffff',0,0,1,0,0),(52,'2023-07-12-diaper-01.png',1,37,'','2023-05-21 03:21:46','2023-07-19 03:14:30',NULL,3,NULL,'category','#ffffff',0,0,1,0,0),(53,'2023-05-31-WhatsApp Image 2023-05-31 at 02.35.47.jpg',1,37,'','2023-05-21 03:22:23','2023-08-28 19:43:21',NULL,10,NULL,'category','#ffffff',0,0,1,0,0),(54,'2023-05-31-WhatsApp Image 2023-05-31 at 02.31.00.jpg',1,37,'','2023-05-21 03:23:24','2023-08-15 20:47:37',NULL,10,NULL,'category','#ffffff',0,0,1,0,0),(55,'2023-05-31-WhatsApp Image 2023-05-31 at 02.34.51.jpg',1,41,'','2023-05-21 03:28:30','2023-07-13 00:33:47',NULL,1,NULL,'category','#ffffff',0,0,1,0,0),(56,'2023-05-31-WhatsApp Image 2023-05-31 at 02.05.04.jpg',1,41,'','2023-05-21 03:29:45','2023-07-13 00:33:47',NULL,2,NULL,'category','#ffffff',0,0,1,0,0),(57,'2023-05-31-WhatsApp Image 2023-05-31 at 02.31.00.jpg',1,41,'','2023-05-21 03:30:31','2023-07-13 00:33:47',NULL,3,NULL,'category','#ffffff',0,0,1,0,0),(58,'2023-05-31-WhatsApp Image 2023-05-31 at 02.11.22.jpg',1,41,'','2023-05-21 03:31:19','2023-07-13 00:33:47',NULL,4,NULL,'category','#ffffff',0,0,1,0,0),(59,'2023-07-12-diaper-01.png',1,41,'','2023-05-21 03:31:54','2023-07-19 20:02:05',NULL,5,NULL,'category','#ffffff',0,0,1,0,0),(60,'2023-05-31-WhatsApp Image 2023-05-31 at 02.23.48.jpg',1,41,'','2023-05-21 03:32:59','2023-08-15 20:43:00',NULL,7,NULL,'category','#74cece',0,0,1,0,0),(61,'2023-05-31-WhatsApp Image 2023-05-31 at 02.35.47.jpg',1,41,'','2023-05-21 03:33:41','2023-08-15 20:42:48',NULL,10,NULL,'category','#ffffff',0,0,1,0,0),(62,'2023-05-31-WhatsApp Image 2023-05-31 at 02.05.04.jpg',1,40,'','2023-05-21 03:37:36','2023-07-19 03:14:17',NULL,2,NULL,'category','#ffffff',0,0,1,0,0),(63,'2023-05-31-WhatsApp Image 2023-05-31 at 02.34.51.jpg',1,40,'','2023-05-21 03:38:04','2023-08-28 19:42:17',NULL,10,NULL,'category','#ffffff',0,0,1,0,0),(64,'2023-05-31-WhatsApp Image 2023-05-31 at 02.23.48.jpg',1,40,'','2023-05-21 03:39:45','2023-07-19 03:14:17',NULL,5,NULL,'category','#ffffff',0,0,1,0,0),(65,'2023-05-31-WhatsApp Image 2023-05-31 at 02.11.22.jpg',1,40,'','2023-05-21 03:40:12','2023-07-19 03:14:07',NULL,1,NULL,'category','#ffffff',0,0,1,0,0),(66,'2023-07-12-diaper-01.png',1,40,'','2023-05-21 03:40:42','2023-07-19 03:14:17',NULL,3,NULL,'category','#ffffff',0,0,1,0,0),(68,'2023-05-31-WhatsApp Image 2023-05-31 at 02.31.00.jpg',1,40,'','2023-05-21 03:42:23','2023-08-15 20:38:11',NULL,10,NULL,'category','#ffffff',0,0,1,0,0),(69,'2023-07-12-diaper-01.png',1,36,'','2023-05-21 03:45:16','2023-07-19 03:14:02',NULL,4,NULL,'category','#ffffff',0,0,1,0,0),(70,'2023-05-31-WhatsApp Image 2023-05-31 at 02.11.22.jpg',1,36,'','2023-05-21 03:48:41','2023-07-19 03:14:02',NULL,3,NULL,'category','#ffffff',0,0,1,0,0),(71,'2023-05-31-WhatsApp Image 2023-05-31 at 02.23.48.jpg',1,39,'','2023-05-21 03:50:48','2023-06-19 01:53:13',NULL,1,NULL,'category','#ffffff',0,0,1,0,0),(72,'2023-05-31-WhatsApp Image 2023-05-31 at 02.11.22.jpg',1,39,'','2023-05-21 03:51:34','2023-06-19 01:53:13',NULL,2,NULL,'category','#ffffff',0,0,1,0,0),(73,'2023-05-31-WhatsApp Image 2023-05-31 at 02.33.17.jpg',1,39,'','2023-05-21 03:52:22','2023-06-19 01:53:13',NULL,4,NULL,'category','#ffffff',0,0,1,0,0),(74,'2023-05-31-WhatsApp Image 2023-05-31 at 02.40.17.jpg',1,39,'','2023-05-21 03:53:57','2023-06-19 01:53:13',NULL,3,NULL,'category','#ffffff',0,0,1,0,0),(75,'2023-05-31-WhatsApp Image 2023-05-31 at 03.01.12.jpg',1,42,'','2023-05-21 03:59:17','2023-05-31 10:01:44',NULL,0,NULL,'category','#ffffff',0,0,1,0,0),(77,'2023-05-31-WhatsApp Image 2023-05-31 at 02.43.05.jpg',1,42,'','2023-05-21 04:19:38','2023-05-31 09:44:23',NULL,0,NULL,'category','#ffffff',0,0,1,0,0),(78,'2023-05-31-WhatsApp Image 2023-05-31 at 02.44.28.jpg',1,38,'','2023-05-21 04:24:34','2023-05-31 09:44:47',NULL,0,NULL,'category','#ffffff',0,0,1,0,0),(79,'2023-05-31-WhatsApp Image 2023-05-31 at 02.50.54.jpg',1,38,'','2023-05-21 04:29:06','2023-05-31 09:51:12',NULL,0,NULL,'category','#ffffff',0,0,1,0,0),(80,'2023-05-31-WhatsApp Image 2023-05-31 at 03.02.22.jpg',1,38,'','2023-05-21 04:32:00','2023-05-31 10:02:52',NULL,0,NULL,'category','#ffffff',0,0,1,0,0),(81,'2023-05-31-WhatsApp Image 2023-05-31 at 03.09.07.jpg',1,38,'','2023-05-21 04:36:38','2023-05-31 10:09:48',NULL,0,NULL,'category','#ffffff',0,0,1,0,0),(82,'2023-05-31-WhatsApp Image 2023-05-31 at 02.54.19.jpg',1,38,'','2023-05-21 04:37:53','2023-05-31 09:55:08',NULL,0,NULL,'category','#ffffff',0,0,1,0,0),(84,'2023-05-30-tea.png',1,46,'','2023-05-22 06:19:32','2023-06-27 22:46:44',NULL,1,NULL,'category','#ffffff',0,0,1,0,0),(85,'2023-05-30-breakfast.png',1,46,'','2023-05-22 06:21:05','2023-06-27 00:43:57',NULL,2,NULL,'category','#ffffff',1,0,1,0,0),(86,'2023-05-30-roasted-chicken.png',1,46,'','2023-05-22 06:23:27','2023-06-27 00:43:52',NULL,3,NULL,'category','#ffffff',1,0,1,0,0),(87,'2023-05-30-spoon-and-fork.png',1,46,'','2023-05-22 06:24:32','2023-06-27 00:44:12',NULL,5,NULL,'category','#ffffff',1,0,1,0,0),(88,'2023-05-31-WhatsApp Image 2023-05-31 at 01.55.12.jpg',1,46,'','2023-05-22 06:26:18','2023-06-27 00:44:01',NULL,4,NULL,'category','#ffffff',1,0,1,0,0),(89,'2023-05-30-coffee.png',1,84,'','2023-05-22 06:27:42','2023-05-30 23:11:18',NULL,0,NULL,'category','#ffffff',1,0,1,0,0),(90,'2023-05-31-WhatsApp Image 2023-05-31 at 03.23.02.jpg',1,84,'','2023-05-22 06:28:18','2023-05-31 10:25:14',NULL,0,NULL,'category','#ffffff',1,0,1,0,0),(91,'2023-05-30-plates.png',1,85,'','2023-05-22 06:30:22','2023-05-30 23:02:32',NULL,0,NULL,'category','#ffffff',1,0,1,0,0),(92,'2023-05-30-box.png',1,85,'','2023-05-22 06:31:26','2023-05-30 23:10:33',NULL,0,NULL,'category','#ffffff',1,0,1,0,0),(93,'2023-05-30-meal.png',1,85,'','2023-05-22 06:34:42','2023-05-30 23:03:06',NULL,0,NULL,'category','#ffffff',1,0,1,0,0),(94,'2023-05-30-dish.png',1,86,'','2023-05-22 06:36:02','2023-05-30 23:20:09',NULL,0,NULL,'category','#ffffff',1,0,1,0,0),(95,'2023-05-31-WhatsApp Image 2023-05-31 at 03.26.45.jpg',1,86,'','2023-05-22 06:37:40','2023-05-31 10:27:13',NULL,0,NULL,'category','#ffffff',1,0,1,0,0),(96,'2023-05-30-plate.png',1,86,'','2023-05-22 06:39:26','2023-05-30 23:50:33',NULL,0,NULL,'category','#ffffff',1,0,1,0,0),(97,'2023-05-30-spoon.png',1,87,'','2023-05-22 06:40:59','2023-05-30 23:59:58',NULL,0,NULL,'category','#ffffff',1,0,1,0,0),(98,'2023-05-30-fork.png',1,87,'','2023-05-22 06:41:42','2023-05-31 00:04:17',NULL,0,NULL,'category','#ffffff',1,0,1,0,0),(100,'2023-05-31-WhatsApp Image 2023-05-31 at 03.34.06.jpg',1,88,'','2023-05-22 06:43:24','2023-05-31 10:34:34',NULL,0,NULL,'category','#ffffff',1,0,1,0,0),(101,'2023-05-31-WhatsApp Image 2023-05-31 at 03.32.40.jpg',1,88,'','2023-05-22 06:43:50','2023-05-31 10:34:39',NULL,0,NULL,'category','#ffffff',1,0,1,0,0),(102,'2023-05-31-WhatsApp Image 2023-05-31 at 03.33.32.jpg',1,88,'','2023-05-22 06:45:01','2023-05-31 10:34:43',NULL,0,NULL,'category','#ffffff',1,0,1,0,0),(103,'2023-05-31-WhatsApp Image 2023-05-31 at 02.23.48.jpg',1,37,'','2023-05-23 03:21:10','2023-07-19 19:59:09',NULL,5,NULL,'category','#6ecccb',0,0,1,0,0),(104,'2023-06-08-gift-box.png',0,0,'','2023-05-28 02:03:17','2023-06-18 22:59:49',NULL,3,NULL,'category','#ffffff',0,0,0,1,0),(106,NULL,1,0,'','2023-06-11 19:42:16','2023-06-11 19:55:15',NULL,0,NULL,NULL,NULL,0,0,0,0,1),(108,'2023-06-15-molicare-logo.jpg',1,0,'','2023-06-15 18:11:00','2023-06-19 04:39:33',NULL,0,NULL,'brand',NULL,1,0,0,0,0),(109,'2023-07-05-active-png.png',1,0,'','2023-06-23 00:18:24','2023-07-05 16:02:34',NULL,0,NULL,'brand',NULL,1,0,0,0,0),(110,'2023-07-05-lady-soft-png.png',1,0,'','2023-06-23 00:35:24','2023-07-05 16:03:25',NULL,0,NULL,'brand',NULL,1,0,0,0,0),(111,'2023-07-05-darlin.png',1,0,'','2023-06-23 00:36:09','2023-07-05 16:08:23',NULL,0,NULL,'brand',NULL,1,0,0,0,0),(112,'2023-06-26-always1-01.png',1,0,'','2023-06-25 22:36:59','2023-06-26 19:27:00',NULL,0,NULL,'brand',NULL,1,0,0,0,0),(113,'2023-06-25-beauty.png',0,0,'','2023-06-26 06:52:33','2023-07-05 06:20:35',NULL,0,NULL,'category','#ffffff',1,0,0,0,0),(115,'2023-06-26-icons8-nurse-64.png',0,113,'','2023-06-26 07:06:20','2023-07-05 06:20:26',NULL,0,NULL,'category','#ffffff',1,0,1,0,0),(116,'2023-06-26-icons8-nurse-64.png',0,113,'','2023-06-26 07:06:24','2023-07-05 06:20:29',NULL,0,NULL,'category','#ffffff',1,0,1,0,0),(117,'2023-06-26-always1-01.png',0,0,'','2023-06-26 17:06:15','2023-07-19 03:15:29',NULL,0,NULL,'brand',NULL,1,0,0,0,0),(118,NULL,0,0,'','2023-06-26 17:08:40','2023-07-19 03:15:36',NULL,0,NULL,'brand',NULL,1,0,0,0,0),(119,'2023-06-26-logos-02.png',0,0,'','2023-06-26 17:17:50','2023-07-19 03:15:42',NULL,0,NULL,'brand',NULL,0,0,0,0,0),(120,'2023-06-26-logos-02.png',1,0,'','2023-06-26 17:19:47','2023-06-26 19:24:26',NULL,0,NULL,'brand',NULL,1,0,0,0,0),(121,'2023-06-26-Crest_loG6-03.png',1,0,'','2023-06-26 19:15:25','2023-06-26 19:25:12',NULL,0,NULL,'brand',NULL,1,0,0,0,0),(122,'2023-07-04-underwear.png',1,36,'','2023-07-04 03:51:05','2023-07-19 03:13:44',NULL,1,NULL,'category','#ffffff',1,0,1,0,0),(123,'2023-07-04-diaper.png',1,39,'','2023-07-05 00:26:20','2023-07-05 05:24:55',NULL,0,NULL,'category','#ffffff',0,0,1,0,0),(126,'2023-07-05-Bambi.png',0,123,'','2023-07-05 16:44:14','2023-07-05 16:44:14',NULL,0,NULL,'brand',NULL,1,0,0,0,0),(127,'2023-07-05-Bambi.png',1,0,'','2023-07-05 17:14:29','2023-07-05 17:14:46',NULL,0,NULL,'brand',NULL,1,0,0,0,0),(129,'2023-07-09-Purell Logo.png',1,0,'','2023-07-09 23:30:09','2023-07-09 23:41:12',NULL,0,NULL,'brand',NULL,1,0,0,0,0),(130,'2023-07-10-photo1688973310.jpeg',1,0,'','2023-07-10 16:55:29','2023-07-10 17:15:42',NULL,0,NULL,'brand',NULL,1,0,0,0,0),(131,'2023-07-10-photo1688989254.jpeg',1,0,'','2023-07-10 18:41:19','2023-07-10 21:41:51',NULL,0,NULL,'brand',NULL,1,0,0,0,0),(132,'2023-07-12-baby-diaper.png',1,36,'','2023-07-12 23:23:50','2023-07-19 03:14:02',NULL,5,NULL,'category','#000000',0,0,1,0,0),(133,'2023-07-12-baby-diaper.png',1,37,'','2023-07-12 23:46:52','2023-07-19 03:14:30',NULL,4,NULL,'category','#000000',0,0,1,0,0),(136,'2023-07-12-baby-diaper.png',1,40,'','2023-07-12 23:48:23','2023-07-19 03:14:17',NULL,4,NULL,'category','#000000',0,0,1,0,0),(138,'2023-07-12-baby-diaper.png',1,41,'','2023-07-12 23:49:43','2023-08-15 20:22:23',NULL,6,NULL,'category','#000000',0,0,1,0,0),(139,'2023-07-19-2023-05-31-WhatsApp Image 2023-05-31 at 02.54.19.jpg',1,40,'','2023-07-19 19:56:22','2023-08-15 20:21:25',NULL,10,NULL,'category','#000000',0,0,1,0,0),(140,'2023-07-19-2023-05-31-WhatsApp Image 2023-05-31 at 02.54.19.jpg',1,37,'','2023-07-19 19:57:08','2023-08-15 20:22:54',NULL,10,NULL,'category','#000000',0,0,1,0,0),(141,'2023-07-19-2023-05-31-WhatsApp Image 2023-05-31 at 02.54.19.jpg',1,41,'','2023-07-19 19:57:47','2023-08-15 20:22:19',NULL,10,NULL,'category','#000000',0,0,1,0,0),(142,'2023-07-19-2023-05-31-WhatsApp Image 2023-05-31 at 02.34.51.jpg',1,42,'','2023-07-19 20:44:45','2023-07-19 20:45:11',NULL,0,NULL,'category','#000000',0,0,1,0,0),(143,NULL,1,0,'','2023-07-29 17:10:13','2023-07-29 17:14:41',NULL,0,NULL,NULL,NULL,0,0,0,0,1),(144,NULL,1,0,'','2023-07-29 17:10:47','2023-07-29 17:14:41',NULL,0,NULL,NULL,NULL,0,0,0,0,1),(145,NULL,1,0,'','2023-07-29 17:11:10','2023-07-29 17:14:42',NULL,0,NULL,NULL,NULL,0,0,0,0,1),(146,NULL,1,0,'','2023-07-29 17:12:33','2023-07-29 17:14:42',NULL,0,NULL,NULL,NULL,0,0,0,0,1),(147,NULL,1,0,'','2023-07-29 17:12:57','2023-07-29 17:14:43',NULL,0,NULL,NULL,NULL,0,0,0,0,1),(148,NULL,1,0,'','2023-07-29 17:13:57','2023-07-29 17:14:44',NULL,0,NULL,NULL,NULL,0,0,0,0,1),(149,NULL,1,0,'','2023-07-29 17:14:12','2023-07-29 17:14:44',NULL,0,NULL,NULL,NULL,0,0,0,0,1),(150,NULL,1,0,'','2023-07-30 18:36:00','2023-07-30 18:36:14',NULL,0,NULL,NULL,NULL,0,0,0,0,1),(151,'2023-08-02-Compeed.png',1,0,'','2023-08-02 20:01:51','2023-08-02 20:02:45',NULL,0,NULL,'brand',NULL,1,0,0,0,0),(152,'2023-08-02-seenu-07.png',1,0,'','2023-08-03 00:24:07','2023-08-03 00:45:38',NULL,0,NULL,'brand',NULL,1,0,0,0,0),(153,'2023-08-15-2023-05-31-WhatsApp Image 2023-05-31 at 02.35.47.jpg',1,40,'','2023-08-15 18:16:00','2023-08-28 19:42:17',NULL,9,NULL,'category','#000000',0,0,1,0,0),(154,'2023-08-15-wheel-chair.png',1,40,'','2023-08-15 20:17:20','2023-08-28 19:42:17',NULL,8,NULL,'category','#000000',0,0,1,0,0),(156,'2023-08-15-wheel-chair.png',1,37,'','2023-08-15 20:18:24','2023-08-28 19:43:21',NULL,7,NULL,'category','#000000',0,0,1,0,0),(158,'2023-08-15-wheel-chair.png',1,41,'','2023-08-15 20:19:56','2023-08-15 20:43:08',NULL,9,NULL,'category','#000000',0,0,1,0,0),(159,'2023-08-15-foot.png',1,40,'','2023-08-15 20:24:54','2023-08-28 19:42:21',NULL,7,NULL,'category','#000000',0,0,1,0,0),(161,'2023-08-15-foot.png',1,38,'','2023-08-15 20:25:52','2023-08-15 20:39:06',NULL,0,NULL,'category','#000000',0,0,1,0,0),(162,'2023-08-15-foot.png',1,41,'','2023-08-15 20:37:12','2023-08-15 20:43:08',NULL,8,NULL,'category','#000000',0,0,1,0,0),(163,'2023-08-15-foot.png',1,37,'','2023-08-15 20:37:22','2023-08-28 19:43:21',NULL,8,NULL,'category','#000000',0,0,1,0,0),(164,'2023-08-15-Artboard 1 copy 7.png',1,0,'','2023-08-15 20:58:19','2023-08-15 23:30:46',NULL,0,NULL,'brand',NULL,1,0,0,0,0),(165,'2023-08-15-Artboard 1 copy 8.png',1,0,'','2023-08-15 21:00:53','2023-08-15 23:29:41',NULL,0,NULL,'brand',NULL,1,0,0,0,0),(166,'2023-08-23-HARTMANN.png',1,0,'','2023-08-23 22:10:10','2023-08-23 23:06:41',NULL,0,NULL,'brand',NULL,1,0,0,0,0),(167,'2023-09-04-band-aid.png',1,37,'','2023-08-28 19:40:35','2023-09-05 01:50:08',NULL,6,NULL,'category','#000000',0,0,1,0,0),(168,'2023-09-04-band-aid.png',1,40,'','2023-08-28 19:41:01','2023-09-05 01:49:36',NULL,6,NULL,'category','#000000',0,0,1,0,0),(169,'2023-09-04-band-aid.png',1,42,'','2023-08-28 19:41:16','2023-09-05 01:50:52',NULL,0,NULL,'category','#000000',0,0,1,0,0),(170,NULL,1,0,'','2023-08-30 00:07:51','2023-08-30 00:10:38',NULL,0,NULL,'brand',NULL,1,0,0,0,0);

--
-- Table structure for table `category_translations`
--

CREATE TABLE `category_translations` (
  `id` int unsigned NOT NULL AUTO_INCREMENT,
  `category_id` int unsigned NOT NULL,
  `name` varchar(255) CHARACTER SET utf8mb4 COLLATE utf8mb4_unicode_ci NOT NULL,
  `locale` varchar(255) CHARACTER SET utf8mb4 COLLATE utf8mb4_unicode_ci NOT NULL,
  `created_at` timestamp NULL DEFAULT NULL,
  `updated_at` timestamp NULL DEFAULT NULL,
  PRIMARY KEY (`id`),
  UNIQUE KEY `category_translations_category_id_locale_unique` (`category_id`,`locale`),
  KEY `category_translations_locale_index` (`locale`),
  CONSTRAINT `category_translations_category_id_foreign` FOREIGN KEY (`category_id`) REFERENCES `categories` (`id`) ON DELETE CASCADE
) ENGINE=InnoDB AUTO_INCREMENT=341 DEFAULT CHARSET=utf8mb4 COLLATE=utf8mb4_unicode_ci;

--
-- Dumping data for table `category_translations`
--

INSERT INTO `category_translations` (`id`, `category_id`, `name`, `locale`, `created_at`, `updated_at`) VALUES (23,12,'مفارش','ar',NULL,NULL),(24,12,'مفارش','en',NULL,NULL),(25,13,'حفاظات','ar',NULL,NULL),(26,13,'حفاظات','en',NULL,NULL),(35,18,'سانيتا','ar',NULL,NULL),(36,18,'Sanita','en',NULL,NULL),(37,19,'قسم جديد','ar',NULL,NULL),(38,19,'قسم جديد','en',NULL,NULL),(39,20,'قسم ثاني','ar',NULL,NULL),(40,20,'قسم ثاني','en',NULL,NULL),(41,21,'فلوفسان','ar',NULL,NULL),(42,21,'Flufsan','en',NULL,NULL),(45,23,'مفارش','ar',NULL,NULL),(46,23,'Underpads','en',NULL,NULL),(47,24,'ديجنتي','ar',NULL,NULL),(48,24,'Dignity','en',NULL,NULL),(49,25,'أبينا','ar',NULL,NULL),(50,25,'Abena','en',NULL,NULL),(51,26,'ميدأوفيس','ar',NULL,NULL),(52,26,'Medoffice','en',NULL,NULL),(53,27,'سبتونا','ar',NULL,NULL),(54,27,'SEPTONA','en',NULL,NULL),(55,28,'كينميد','ar',NULL,NULL),(56,28,'Kinmed','en',NULL,NULL),(57,29,'برايفت','ar',NULL,NULL),(58,29,'Private','en',NULL,NULL),(59,30,'فيم فريش','ar',NULL,NULL),(60,30,'Femfresh','en',NULL,NULL),(63,32,'انليفن','ar',NULL,NULL),(64,32,'Enliven','en',NULL,NULL),(65,33,'بيرل دروبس','ar',NULL,NULL),(66,33,'Pearl Drops','en',NULL,NULL),(67,34,'ميدتيك','ar',NULL,NULL),(68,34,'MEDITECH','en',NULL,NULL),(69,35,'ميديسانا','ar',NULL,NULL),(70,35,'medisana','en',NULL,NULL),(71,36,'السلس البولي','ar',NULL,NULL),(72,36,'incontinence','en',NULL,NULL),(73,37,'طريحي الفراش','ar',NULL,NULL),(74,37,'bedridden patients','en',NULL,NULL),(75,38,'العناية بالمرأة','ar',NULL,NULL),(76,38,'Women care','en',NULL,NULL),(77,39,'العناية بالطفل','ar',NULL,NULL),(78,39,'Baby care','en',NULL,NULL),(79,40,'كبار السن','ar',NULL,NULL),(80,40,'elders care','en',NULL,NULL),(81,41,'الرعاية الخاصة','ar',NULL,NULL),(82,41,'Special needs care','en',NULL,NULL),(83,42,'مقدم الرعاية','ar',NULL,NULL),(84,42,'Care Specialist','en',NULL,NULL),(87,44,'مفارش طبية','ar',NULL,NULL),(88,44,'Medical Underpads','en',NULL,NULL),(89,45,'منتجات طبية','ar',NULL,NULL),(90,45,'Medical products','en',NULL,NULL),(91,46,'الاستهلاكيات','ar',NULL,NULL),(92,46,'Disposable products','en',NULL,NULL),(93,47,'تغيير الحفاض','ar',NULL,NULL),(94,47,'Diaper Change','en',NULL,NULL),(95,48,'منتجات الحمام','ar',NULL,NULL),(96,48,'Bathroom Accessibility','en',NULL,NULL),(97,49,'الاستحمام الجاف','ar',NULL,NULL),(98,49,'Dry Shower','en',NULL,NULL),(99,50,'الاستحمام الجاف','ar',NULL,NULL),(100,50,'Dry Shower','en',NULL,NULL),(101,51,'الرعاية الأساسية','ar',NULL,NULL),(102,51,'Essential Care','en',NULL,NULL),(103,52,'حفاض شورت','ar',NULL,NULL),(104,52,'Shorts','en',NULL,NULL),(105,53,'منتجات الحمام','ar',NULL,NULL),(106,53,'Bathroom Accessibility','en',NULL,NULL),(107,54,'أجهزة طبية','ar',NULL,NULL),(108,54,'Medical Devices','en',NULL,NULL),(109,55,'الرعاية الأساسية','ar',NULL,NULL),(110,55,'Essential  Care','en',NULL,NULL),(111,56,'الاستحمام الجاف','ar',NULL,NULL),(112,56,'Dry Shower','en',NULL,NULL),(113,57,'أجهزة الطبية','ar',NULL,NULL),(114,57,'Medical Devices','en',NULL,NULL),(115,58,'مفارش طبية','ar',NULL,NULL),(116,58,'Medical Underpads','en',NULL,NULL),(117,59,'حفاض شورت','ar',NULL,NULL),(118,59,'Shorts','en',NULL,NULL),(119,60,'تغيير الحفاض','ar',NULL,NULL),(120,60,'Diaper Change','en',NULL,NULL),(121,61,'منتجات الحمام','ar',NULL,NULL),(122,61,'Bathroom Accessibility','en',NULL,NULL),(123,62,'الاستحمام الجاف','ar',NULL,NULL),(124,62,'Dry Shower','en',NULL,NULL),(125,63,'الرعاية الأساسية','ar',NULL,NULL),(126,63,'Essential Care','en',NULL,NULL),(127,64,'تغيير الحفاض','ar',NULL,NULL),(128,64,'Diaper Change','en',NULL,NULL),(129,65,'مفارش طبية','ar',NULL,NULL),(130,65,'Medical Underpads','en',NULL,NULL),(131,66,'حفاض شورت','ar',NULL,NULL),(132,66,'Shorts','en',NULL,NULL),(135,68,'أجهزة طبية','ar',NULL,NULL),(136,68,'Medical Devices','en',NULL,NULL),(137,69,'حفاض شورت','ar',NULL,NULL),(138,69,'Shorts','en',NULL,NULL),(139,70,'مفارش طبية','ar',NULL,NULL),(140,70,'Medical Underpads','en',NULL,NULL),(141,71,'تغيير الحفاض','ar',NULL,NULL),(142,71,'Diaper Change','en',NULL,NULL),(143,72,'مفارش طبية','ar',NULL,NULL),(144,72,'Medical Underpads','en',NULL,NULL),(145,73,'أجهزة طبية','ar',NULL,NULL),(146,73,'Medical Devices','en',NULL,NULL),(147,74,'منتجات الأطفال','ar',NULL,NULL),(148,74,'Kids Products','en',NULL,NULL),(149,75,'منتجات طبية','ar',NULL,NULL),(150,75,'Medical Products','en',NULL,NULL),(153,77,'كفوف طبية','ar',NULL,NULL),(154,77,'Medical Gloves','en',NULL,NULL),(155,78,'الحمل والنفاس','ar',NULL,NULL),(156,78,'Pregnancy & Postpartum','en',NULL,NULL),(157,79,'فوط صحية','ar',NULL,NULL),(158,79,'Feminine pads','en',NULL,NULL),(159,80,'العناية النسائية','ar',NULL,NULL),(160,80,'Feminine Care','en',NULL,NULL),(161,81,'العناية الشخصية','ar',NULL,NULL),(162,81,'Personal Care','en',NULL,NULL),(163,82,'الفم والأسنان','ar',NULL,NULL),(164,82,'Mouth & Teeth','en',NULL,NULL),(167,84,'مستلزمات الشراب','ar',NULL,NULL),(168,84,'Drinks Supplies','en',NULL,NULL),(169,85,'صحون بلاستيك','ar',NULL,NULL),(170,85,'Plastic Plates','en',NULL,NULL),(171,86,'منتجات حرارية','ar',NULL,NULL),(172,86,'Aluminum Foil Products','en',NULL,NULL),(173,87,'ملاعق وشوك','ar',NULL,NULL),(174,87,'Cutlery','en',NULL,NULL),(175,88,'مستلزمات المطبخ','ar',NULL,NULL),(176,88,'Kitchen Essentials','en',NULL,NULL),(177,89,'أكواب ورقية','ar',NULL,NULL),(178,89,'Paper Cups','en',NULL,NULL),(179,90,'أكواب بلاستيك','ar',NULL,NULL),(180,90,'Plastic Cups','en',NULL,NULL),(181,91,'صحون بلاستيك','ar',NULL,NULL),(182,91,'Plastic Plates','en',NULL,NULL),(183,92,'علب ميكروويف','ar',NULL,NULL),(184,92,'Microwave Boxes','en',NULL,NULL),(185,93,'صحون ميكروويف','ar',NULL,NULL),(186,93,'Microwave Plates','en',NULL,NULL),(187,94,'صحون حرارية','ar',NULL,NULL),(188,94,'Aluminum Foil Tray','en',NULL,NULL),(189,95,'جدور حرارية','ar',NULL,NULL),(190,95,'Aluminum Foil Pot','en',NULL,NULL),(191,96,'جاط حراري','ar',NULL,NULL),(192,96,'Aluminum Foil Plates','en',NULL,NULL),(193,97,'معالق','ar',NULL,NULL),(194,97,'Spoons','en',NULL,NULL),(195,98,'شوك','ar',NULL,NULL),(196,98,'Forks','en',NULL,NULL),(199,100,'مناديل','ar',NULL,NULL),(200,100,'Tissues','en',NULL,NULL),(201,101,'أكياس','ar',NULL,NULL),(202,101,'Bags','en',NULL,NULL),(203,102,'نظافة','ar',NULL,NULL),(204,102,'Cleaning Cloth','en',NULL,NULL),(205,103,'تغيير الحفاض','ar',NULL,NULL),(206,103,'Diaper Change','en',NULL,NULL),(207,104,'قسم الهدايا','ar',NULL,NULL),(208,104,'قسم الهدايا','en',NULL,NULL),(211,106,'الحمل والنفاس','ar',NULL,NULL),(212,106,'Pregnancy','en',NULL,NULL),(215,108,'مولي كير','ar',NULL,NULL),(216,108,'MoliCare','en',NULL,NULL),(217,109,'أكتيف','ar',NULL,NULL),(218,109,'Active','en',NULL,NULL),(219,110,'ليدي سوفت','ar',NULL,NULL),(220,110,'Lady soft','en',NULL,NULL),(221,111,'دارلنجز','ar',NULL,NULL),(222,111,'Darlings','en',NULL,NULL),(223,112,'أولويز','ar',NULL,NULL),(224,112,'Always','en',NULL,NULL),(225,113,'الجمال','ar',NULL,NULL),(226,113,'Beauty','en',NULL,NULL),(229,115,'العناية بالبشرة','ar',NULL,NULL),(230,115,'Skin care','en',NULL,NULL),(231,116,'العناية بالبشرة','ar',NULL,NULL),(232,116,'Skin care','en',NULL,NULL),(233,117,'أولويز','ar',NULL,NULL),(234,117,'Always','en',NULL,NULL),(235,118,'فريش دايز','ar',NULL,NULL),(236,118,'Freshdays','en',NULL,NULL),(237,119,'فريش دايز','ar',NULL,NULL),(238,119,'Freshdays','en',NULL,NULL),(239,120,'فريش دايز','ar',NULL,NULL),(240,120,'Freshdays','en',NULL,NULL),(241,121,'كرست','ar',NULL,NULL),(242,121,'Crest','en',NULL,NULL),(243,122,'ثياب داخلية','ar',NULL,NULL),(244,122,'Underwear','en',NULL,NULL),(245,123,'حفاضات','ar',NULL,NULL),(246,123,'Diapers','en',NULL,NULL),(251,126,'بامبي','ar',NULL,NULL),(252,126,'Bambi','en',NULL,NULL),(253,127,'بامبي','ar',NULL,NULL),(254,127,'Bambi','en',NULL,NULL),(257,129,'بيوريل','ar',NULL,NULL),(258,129,'Purell','en',NULL,NULL),(259,130,'باستوس','ar',NULL,NULL),(260,130,'Bastos Vegas','en',NULL,NULL),(261,131,'توب كير','ar',NULL,NULL),(262,131,'Top Care','en',NULL,NULL),(263,132,'حفاض لاصق','ar',NULL,NULL),(264,132,'Diapers','en',NULL,NULL),(265,133,'حفاض لاصق','ar',NULL,NULL),(266,133,'Diapers','en',NULL,NULL),(271,136,'حفاض لاصق','ar',NULL,NULL),(272,136,'Diapers','en',NULL,NULL),(275,138,'حفاض لاصق','ar',NULL,NULL),(276,138,'Diapers','en',NULL,NULL),(277,139,'الفم والأسنان','ar',NULL,NULL),(278,139,'Mouth & Teeth','en',NULL,NULL),(279,140,'الفم والأسنان','ar',NULL,NULL),(280,140,'Mouth & Teeth','en',NULL,NULL),(281,141,'الفم والأسنان','ar',NULL,NULL),(282,141,'Mouth & Teeth','en',NULL,NULL),(283,142,'الرعاية الأساسية','ar',NULL,NULL),(284,142,'Essential Care','en',NULL,NULL),(285,143,'الرعاية الخاصة','ar',NULL,NULL),(286,143,'Special Needs Care','en',NULL,NULL),(287,144,'السلس البولي','ar',NULL,NULL),(288,144,'incontinence','en',NULL,NULL),(289,145,'طريحي الفراش','ar',NULL,NULL),(290,145,'bedridden patients','en',NULL,NULL),(291,146,'كبار السن','ar',NULL,NULL),(292,146,'elders care','en',NULL,NULL),(293,147,'مقدم الرعاية','ar',NULL,NULL),(294,147,'Care Specialist','en',NULL,NULL),(295,148,'العناية بالطفل','ar',NULL,NULL),(296,148,'Baby Care','en',NULL,NULL),(297,149,'العناية بالمرأة','ar',NULL,NULL),(298,149,'Women care','en',NULL,NULL),(299,150,'الفم والأسنان','ar',NULL,NULL),(300,150,'Mouth & Teeth','en',NULL,NULL),(301,151,'كومبيد','ar',NULL,NULL),(302,151,'Compeed','en',NULL,NULL),(303,152,'سينو','ar',NULL,NULL),(304,152,'Seenu','en',NULL,NULL),(305,153,'منتجات الحمام','ar',NULL,NULL),(306,153,'Bathroom Accessibility','en',NULL,NULL),(307,154,'مساعدة الحركة','ar',NULL,NULL),(308,154,'Movement Assistance','en',NULL,NULL),(311,156,'مساعدة الحركة','ar',NULL,NULL),(312,156,'Movement Assistance','en',NULL,NULL),(315,158,'مساعدة الحركة','ar',NULL,NULL),(316,158,'Movement Assistance','en',NULL,NULL),(317,159,'العناية بالقدم','ar',NULL,NULL),(318,159,'Foot Care','en',NULL,NULL),(321,161,'العناية بالقدم','ar',NULL,NULL),(322,161,'Foot Care','en',NULL,NULL),(323,162,'العناية بالقدم','ar',NULL,NULL),(324,162,'Foot Care','en',NULL,NULL),(325,163,'العناية بالقدم','ar',NULL,NULL),(326,163,'Foot Care','en',NULL,NULL),(327,164,'تريستر','ar',NULL,NULL),(328,164,'Trister','en',NULL,NULL),(329,165,'ناتين','ar',NULL,NULL),(330,165,'Nateen','en',NULL,NULL),(331,166,'هارتمان','ar',NULL,NULL),(332,166,'HARTMANN','en',NULL,NULL),(333,167,'العناية بالجروح','ar',NULL,NULL),(334,167,'wound care','en',NULL,NULL),(335,168,'العناية بالجروح','ar',NULL,NULL),(336,168,'wound care','en',NULL,NULL),(337,169,'العناية بالجروح','ar',NULL,NULL),(338,169,'wound care','en',NULL,NULL),(339,170,'ريلاكس','ar',NULL,NULL),(340,170,'Relax','en',NULL,NULL);

--
-- Table structure for table `contacts`
--

CREATE TABLE `contacts` (
  `id` int unsigned NOT NULL AUTO_INCREMENT,
  `slug` varchar(255) CHARACTER SET utf8mb4 COLLATE utf8mb4_unicode_ci NOT NULL,
  `title` varchar(255) CHARACTER SET utf8mb4 COLLATE utf8mb4_unicode_ci DEFAULT NULL,
  `comment` text CHARACTER SET utf8mb4 COLLATE utf8mb4_unicode_ci NOT NULL,
  `phone` varchar(255) CHARACTER SET utf8mb4 COLLATE utf8mb4_unicode_ci NOT NULL,
  `created_at` timestamp NULL DEFAULT NULL,
  `updated_at` timestamp NULL DEFAULT NULL,
  `status` int DEFAULT '0',
  PRIMARY KEY (`id`)
) ENGINE=InnoDB AUTO_INCREMENT=76 DEFAULT CHARSET=utf8mb4 COLLATE=utf8mb4_unicode_ci;

--
-- Dumping data for table `contacts`
--

INSERT INTO `contacts` (`id`, `slug`, `title`, `comment`, `phone`, `created_at`, `updated_at`, `status`) VALUES (1,'samer','samer@gmail.com','asdasdasd','4365345','2022-06-26 11:13:47','2022-06-26 11:39:22',1),(2,'cvbb','ffhjvh@ghh.com','shigella','vvv','2022-06-28 08:15:57','2022-07-04 11:51:00',1),(3,'اقتراح','asdasd','asdasdad','','2022-07-04 11:07:36','2022-07-04 11:07:36',0),(4,'اقتراح','asdasd','asdasdad','','2022-07-04 11:08:37','2022-07-04 11:08:37',0),(5,'اراء','asdasdasd','asdasd','','2022-07-04 11:08:42','2022-07-04 11:09:42',1),(6,'شكوى','asd','adasd','','2022-07-04 11:19:58','2022-08-19 22:24:38',1),(7,'اراء','asd','asdasda','','2022-07-04 11:20:11','2022-07-04 11:20:11',0),(8,'اقتراح','asdasdsad','asdasdasdad','','2022-07-04 11:20:46','2022-07-04 11:20:46',0),(9,'اراء','asda','asdasd','','2022-07-04 11:21:38','2022-07-04 11:21:38',0),(10,'اقتراح','asdasdasdasd','asdasdasdasdasd','','2022-07-04 11:22:01','2022-07-04 11:22:01',0),(11,'اراء','dasadasdas','sdasd','','2022-07-04 11:22:23','2022-07-04 11:22:23',0),(12,'اقتراح','asdasd','asd','','2022-07-04 11:22:40','2022-07-04 11:22:40',0),(13,'شكوى',NULL,'Hi, Eric here with a quick thought about your website munesh-corner.com...\r\n\r\nI’m on the internet a lot and I look at a lot of business websites.\r\n\r\nLike yours, many of them have great content. \r\n\r\nBut all too often, they come up short when it comes to engaging and connecting with anyone who visits.\r\n\r\nI get it – it’s hard.  Studies show 7 out of 10 people who land on a site, abandon it in moments without leaving even a trace.  You got the eyeball, but nothing else.\r\n\r\nHere’s a solution for you…\r\n\r\nTalk With Web Visitor is a software widget that’s works on your site, ready to capture any visitor’s Name, Email address and Phone Number.  You’ll know immediately they’re interested and you can call them directly to talk with them literally while they’re still on the web looking at your site.\r\n\r\nCLICK HERE http://boostleadgeneration.com to try out a Live Demo with Talk With Web Visitor now to see exactly how it works.\r\n\r\nIt could be huge for your business – and because you’ve got that phone number, with our new SMS Text With Lead feature, you can automatically start a text (SMS) conversation – immediately… and contacting someone in that 5 minute window is 100 times more powerful than reaching out 30 minutes or more later.\r\n\r\nPlus, with text messaging you can follow up later with new offers, content links, even just follow up notes to keep the conversation going.\r\n\r\nEverything I’ve just described is extremely simple to implement, cost-effective, and profitable. \r\n \r\nCLICK HERE http://boostleadgeneration.com to discover what Talk With Web Visitor can do for your business.\r\n\r\nYou could be converting up to 100X more eyeballs into leads today!\r\n\r\nEric\r\nPS: Talk With Web Visitor offers a FREE 14 days trial – and it even includes International Long Distance Calling. \r\nYou have customers waiting to talk with you right now… don’t keep them waiting. \r\nCLICK HERE http://boostleadgeneration.com to try Talk With Web Visitor now.\r\n\r\nIf you\'d like to unsubscribe click here http://boostleadgeneration.com/unsubscribe.aspx?d=munesh-corner.com','','2022-07-08 20:19:43','2022-07-08 20:19:43',0),(14,'شكوى',NULL,'Hello, my name’s Eric and I just ran across your website at munesh-corner.com...\r\n\r\nI found it after a quick search, so your SEO’s working out…\r\n\r\nContent looks pretty good…\r\n\r\nOne thing’s missing though…\r\n\r\nA QUICK, EASY way to connect with you NOW.\r\n\r\nBecause studies show that a web lead like me will only hang out a few seconds – 7 out of 10 disappear almost instantly, Surf Surf Surf… then gone forever.\r\n\r\nI have the solution:\r\n\r\nTalk With Web Visitor is a software widget that’s works on your site, ready to capture any visitor’s Name, Email address and Phone Number.  You’ll know immediately they’re interested and you can call them directly to TALK with them - literally while they’re still on the web looking at your site.\r\n\r\nCLICK HERE https://jumboleadmagnet.com to try out a Live Demo with Talk With Web Visitor now to see exactly how it works and even give it a try… it could be huge for your business.\r\n\r\nPlus, now that you’ve got that phone number, with our new SMS Text With Lead feature, you can automatically start a text (SMS) conversation pronto… which is so powerful, because connecting with someone within the first 5 minutes is 100 times more effective than waiting 30 minutes or more later.\r\n\r\nThe new text messaging feature lets you follow up regularly with new offers, content links, even just follow up notes to build a relationship.\r\n\r\nEverything I’ve just described is extremely simple to implement, cost-effective, and profitable.\r\n \r\nCLICK HERE https://jumboleadmagnet.com to discover what Talk With Web Visitor can do for your business, potentially converting up to 100X more eyeballs into leads today!\r\n\r\nEric\r\nPS: Talk With Web Visitor offers a FREE 14 days trial – and it even includes International Long Distance Calling. \r\nYou have customers waiting to talk with you right now… don’t keep them waiting. \r\nCLICK HERE https://jumboleadmagnet.com to try Talk With Web Visitor now.\r\n\r\nIf you\'d like to unsubscribe click here http://jumboleadmagnet.com/unsubscribe.aspx?d=munesh-corner.com','','2022-07-09 18:03:27','2022-07-09 18:03:27',0),(15,'شكوى','Your Site Has Been Hacked','Your Site Has Been Hacked\r\n\r\nPLEASE FORWARD THIS EMAIL TO SOMEONE IN YOUR COMPANY WHO IS ALLOWED TO MAKE IMPORTANT DECISIONS!\r\n\r\nWe have hacked your website https://munesh-corner.com and extracted your databases.\r\n\r\nHow did this happen?\r\n\r\nOur team has found a vulnerability within your site that we were able to exploit. After finding the vulnerability we were able to get your database credentials and extract your entire database and move the information to an offshore server.\r\n\r\nWhat does this mean?\r\n\r\nWe will systematically go through a series of steps of totally damaging your reputation. First your database will be leaked or sold to the highest bidder which they will use with whatever their intentions are. Next if there are e-mails found they will be e-mailed that their information has been sold or leaked and your https://munesh-corner.com was at fault thusly damaging your reputation and having angry customers/associates with whatever angry customers/associates do. Lastly any links that you have indexed in the search engines will be de-indexed based off of blackhat techniques that we used in the past to de-index our targets.\r\n\r\nHow do I stop this?\r\n\r\nWe are willing to refrain from destroying your site’s reputation for a small fee. The current fee is $2500 in bitcoins (BTC).\r\n\r\nPlease send the bitcoin to the following Bitcoin address (Copy and paste as it is case sensitive):\r\n\r\n3LKf6NWhJA8L5cmD5p9u6WksjW9SC2jauu\r\n\r\nOnce you have paid we will automatically get informed that it was your payment. Please note that you have to make payment within 7 days after receiving this e-mail or the database leak, e-mails dispatched, and de-index of your site WILL start!\r\n\r\nHow do I get Bitcoins?\r\n\r\nYou can easily buy bitcoins via several websites or even offline from a Bitcoin-ATM. \r\n\r\nWhat if I don’t pay?\r\n\r\nIf you decide not to pay, we will start the attack at the indicated date and uphold it until you do, there’s no counter measure to this, you will only end up wasting more money trying to find a solution. We will completely destroy your reputation amongst google and your customers.\r\n\r\nThis is not a hoax, do not reply to this email, don’t try to reason or negotiate, we will not read any replies. Once you have paid we will stop what we were doing and you will never hear from us again!\r\n\r\nPlease note that Bitcoin is anonymous and no one will find out that you have complied.','','2022-09-30 12:34:33','2022-09-30 12:34:33',0),(16,'شكوى','Your Site Has Been Compromised','PLEASE FORWARD THiS EMAiL TO SOMEONE íN YOUR COMPANY WHO iS ALLOWED TO MAKE iMPORTANT DECiSiONS!\r\n\r\nWe have hacked your website https://munesh-corner.com and extracted your databases.\r\n\r\nHow díd thís happen?\r\n\r\nOur team has found a vulnerabílity wíthin your síte that we were able to exploít. After finding the vulnerabílity we were able to get your database credentials and extract your entire database and move the ínformatíon to an offshore server.\r\n\r\nWhat does thís mean?\r\n\r\nWe wíll systematícally go through a series of steps of totally damagíng your reputation. Fírst your database will be leaked or sold to the híghest bídder whích they will use wíth whatever theír íntentíons are. Next íf there are e-mails found they wíll be e-maíled that theír informatíon has been sold or leaked and your site https://munesh-corner.com was at fault thusly damagíng your reputatíon and having angry customers/associates with whatever angry customers/associates do. Lastly any links that you have indexed ín the search engines wíll be de-índexed based off of blackhat techníques that we used ín the past to de-index our targets.\r\n\r\nHow do i stop thís?\r\n\r\nWe are wílling to refrain from destroying your síte’s reputation for a small fee. The current fee is $3000 ín bitcoíns (BTC).\r\n\r\nPlease send the bítcoín to the following Bitcoin address (Make sure to copy and paste): \r\n\r\n36B18GQxY4reXj8XS14XyvtpPAxZ68pFUd\r\n\r\n Once you have paid we will automatically get ínformed that ít was your payment. Please note that you have to make payment wíthin 5 days after receíving this e-maíl or the database leak, e-mails dispatched, and de-índex of your site WiLL start!\r\n\r\nHow do í get Bitcoins?\r\n\r\nYou can easily buy bítcoins vía several websítes or even offline from a Bitcoín-ATM. \r\n\r\nWhat if i don’t pay?\r\n\r\níf you decide not to pay, we wíll start the attack at the indicated date and uphold ít untíl you do, there’s no counter measure to thís, you will only end up wastíng more money trying to fínd a solutíon. We will completely destroy your reputation amongst google and your customers.\r\n\r\nThis is not a hoax, do not reply to this email, don’t try to reason or negotiate, we will not read any replíes. Once you have paíd we will stop what we were doing and you will never hear from us again!\r\n\r\nPlease note that Bítcoín is anonymous and no one wíll find out that you have complied.','','2022-10-11 06:58:16','2022-10-11 06:58:16',0),(17,'شكوى',NULL,'My name’s Eric and I just came across your website - munesh-corner.com - in the search results.\r\n\r\nHere’s what that means to me…\r\n\r\nYour SEO’s working.\r\n\r\nYou’re getting eyeballs – mine at least.\r\n\r\nYour content’s pretty good, wouldn’t change a thing.\r\n\r\nBUT…\r\n\r\nEyeballs don’t pay the bills.\r\n\r\nCUSTOMERS do.\r\n\r\nAnd studies show that 7 out of 10 visitors to a site like munesh-corner.com will drop by, take a gander, and then head for the hills without doing anything else.\r\n\r\nIt’s like they never were even there.\r\n\r\nYou can fix this.\r\n\r\nYou can make it super-simple for them to raise their hand, say, “okay, let’s talk” without requiring them to even pull their cell phone from their pocket… thanks to Talk With Web Visitor.\r\n\r\nTalk With Web Visitor is a software widget that sits on your site, ready and waiting to capture any visitor’s Name, Email address and Phone Number.  It lets you know immediately – so you can talk to that lead immediately… without delay… BEFORE they head for those hills.\r\n  \r\nCLICK HERE https://boostleadgeneration.com to try out a Live Demo with Talk With Web Visitor now to see exactly how it works.\r\n\r\nNow it’s also true that when reaching out to hot leads, you MUST act fast – the difference between contacting someone within 5 minutes versus 30 minutes later is huge – like 100 times better!\r\n\r\nThat’s what makes our new SMS Text With Lead feature so powerful… you’ve got their phone number, so now you can start a text message (SMS) conversation with them… so even if they don’t take you up on your offer right away, you continue to text them new offers, new content, and new reasons to do business with you.\r\n\r\nThis could change everything for you and your business.\r\n\r\nCLICK HERE https://boostleadgeneration.com to learn more about everything Talk With Web Visitor can do and start turing eyeballs into money.\r\n\r\nEric\r\nPS: Talk With Web Visitor offers a FREE 14 days trial – you could be converting up to 100x more leads immediately!   \r\nIt even includes International Long Distance Calling. \r\nPaying customers are out there waiting. \r\nStarting connecting today by CLICKING HERE https://boostleadgeneration.com to try Talk With Web Visitor now.\r\n\r\nIf you\'d like to unsubscribe click here http://boostleadgeneration.com/unsubscribe.aspx?d=munesh-corner.com','','2022-10-15 03:45:49','2022-10-15 03:45:49',0),(18,'شكوى','Your Databases Has Been Hacked','PLEASE F0RWARD THiS EMAiL To S0MEoNE iN YoUR C0MPANY WH0 iS ALL0WED To MAKE IMPORTANT DECiSi0NS!\r\n\r\nWe have hacked y0ur website https://www.munesh-corner.com and extracted your databases.\r\n\r\nHow did this happen?\r\n\r\n0ur team has f0und a vulnerability within your site that we were able to expl0it. After finding the vulnerability we were able t0 get y0ur database credentials and extract your entire database and m0ve the inf0rmati0n to an offshore server.\r\n\r\nWhat does this mean?\r\n\r\nWe will systematically go through a series 0f steps of totally damaging y0ur reputati0n. First y0ur database will be leaked 0r sold t0 the highest bidder which they will use with whatever their intentions are. Next if there are e-mails found they will be e-mailed that their inf0rmation has been sold or leaked and your site https://www.munesh-corner.com was at fault thusly damaging your reputati0n and having angry cust0mers/ass0ciates with whatever angry customers/associates d0. Lastly any links that you have indexed in the search engines will be de-indexed based 0ff 0f blackhat techniques that we used in the past to de-index our targets.\r\n\r\nHow d0 i st0p this?\r\n\r\nWe are willing to refrain fr0m destroying y0ur site’s reputati0n f0r a small fee. The current fee is $3000 in bitcoins (.16 BTC).\r\n\r\nPlease send the bitcoin to the f0ll0wing Bitcoin address (Make sure to c0py and paste): \r\n\r\n3MgMQjiAGvAjNHA8FZuVPxWjaUBJeVd8Hn\r\n\r\n once you have paid we will aut0matically get inf0rmed that it was y0ur payment. Please n0te that y0u have t0 make payment within 5 days after receiving this e-mail 0r the database leak, e-mails dispatched, and de-index of your site WiLL start!\r\n\r\nHow d0 i get Bitcoins?\r\n\r\nYou can easily buy bitcoins via several websites or even offline from a Bitcoin-ATM. \r\n\r\nWhat if i d0n’t pay?\r\n\r\nif you decide n0t to pay, we will start the attack at the indicated date and uph0ld it until y0u d0, there’s n0 counter measure to this, you will 0nly end up wasting m0re m0ney trying to find a s0luti0n. We will c0mpletely destr0y your reputati0n amongst google and your cust0mers.\r\n\r\nThis is not a h0ax, d0 not reply to this email, don’t try t0 reas0n 0r neg0tiate, we will n0t read any replies. 0nce y0u have paid we will st0p what we were d0ing and y0u will never hear from us again!\r\n\r\nPlease n0te that Bitcoin is an0nym0us and n0 one will find 0ut that you have complied.','','2022-10-17 16:13:32','2022-10-17 16:13:32',0),(19,'شكوى',NULL,'My name’s Eric and I just came across your website - munesh-corner.com - in the search results.\r\n\r\nHere’s what that means to me…\r\n\r\nYour SEO’s working.\r\n\r\nYou’re getting eyeballs – mine at least.\r\n\r\nYour content’s pretty good, wouldn’t change a thing.\r\n\r\nBUT…\r\n\r\nEyeballs don’t pay the bills.\r\n\r\nCUSTOMERS do.\r\n\r\nAnd studies show that 7 out of 10 visitors to a site like munesh-corner.com will drop by, take a gander, and then head for the hills without doing anything else.\r\n\r\nIt’s like they never were even there.\r\n\r\nYou can fix this.\r\n\r\nYou can make it super-simple for them to raise their hand, say, “okay, let’s talk” without requiring them to even pull their cell phone from their pocket… thanks to Talk With Web Visitor.\r\n\r\nTalk With Web Visitor is a software widget that sits on your site, ready and waiting to capture any visitor’s Name, Email address and Phone Number.  It lets you know immediately – so you can talk to that lead immediately… without delay… BEFORE they head for those hills.\r\n  \r\nCLICK HERE http://boostleadgeneration.com to try out a Live Demo with Talk With Web Visitor now to see exactly how it works.\r\n\r\nNow it’s also true that when reaching out to hot leads, you MUST act fast – the difference between contacting someone within 5 minutes versus 30 minutes later is huge – like 100 times better!\r\n\r\nThat’s what makes our new SMS Text With Lead feature so powerful… you’ve got their phone number, so now you can start a text message (SMS) conversation with them… so even if they don’t take you up on your offer right away, you continue to text them new offers, new content, and new reasons to do business with you.\r\n\r\nThis could change everything for you and your business.\r\n\r\nCLICK HERE http://boostleadgeneration.com to learn more about everything Talk With Web Visitor can do and start turing eyeballs into money.\r\n\r\nEric\r\nPS: Talk With Web Visitor offers a FREE 14 days trial – you could be converting up to 100x more leads immediately!   \r\nIt even includes International Long Distance Calling. \r\nPaying customers are out there waiting. \r\nStarting connecting today by CLICKING HERE http://boostleadgeneration.com to try Talk With Web Visitor now.\r\n\r\nIf you\'d like to unsubscribe click here http://boostleadgeneration.com/unsubscribe.aspx?d=munesh-corner.com','','2022-11-16 22:01:18','2022-11-16 22:01:18',0),(20,'شكوى',NULL,'Hey there, I just found your site, quick question…\r\n\r\nMy name’s Eric, I found munesh-corner.com after doing a quick search – you showed up near the top of the rankings, so whatever you’re doing for SEO, looks like it’s working well.\r\n\r\nSo here’s my question – what happens AFTER someone lands on your site?  Anything?\r\n\r\nResearch tells us at least 70% of the people who find your site, after a quick once-over, they disappear… forever.\r\n\r\nThat means that all the work and effort you put into getting them to show up, goes down the tubes.\r\n\r\nWhy would you want all that good work – and the great site you’ve built – go to waste?\r\n\r\nBecause the odds are they’ll just skip over calling or even grabbing their phone, leaving you high and dry.\r\n\r\nBut here’s a thought… what if you could make it super-simple for someone to raise their hand, say, “okay, let’s talk” without requiring them to even pull their cell phone from their pocket?\r\n  \r\nYou can – thanks to revolutionary new software that can literally make that first call happen NOW.\r\n\r\nTalk With Web Visitor is a software widget that sits on your site, ready and waiting to capture any visitor’s Name, Email address and Phone Number.  It lets you know IMMEDIATELY – so that you can talk to that lead while they’re still there at your site.\r\n  \r\nYou know, strike when the iron’s hot!\r\n\r\nCLICK HERE http://boostleadgeneration.com to try out a Live Demo with Talk With Web Visitor now to see exactly how it works.\r\n\r\nWhen targeting leads, you HAVE to act fast – the difference between contacting someone within 5 minutes versus 30 minutes later is huge – like 100 times better!\r\n\r\nThat’s why you should check out our new SMS Text With Lead feature as well… once you’ve captured the phone number of the website visitor, you can automatically kick off a text message (SMS) conversation with them. \r\n \r\nImagine how powerful this could be – even if they don’t take you up on your offer immediately, you can stay in touch with them using text messages to make new offers, provide links to great content, and build your credibility.\r\n\r\nJust this alone could be a game changer to make your website even more effective.\r\n\r\nStrike when  the iron’s hot!\r\n\r\nCLICK HERE http://boostleadgeneration.com to learn more about everything Talk With Web Visitor can do for your business – you’ll be amazed.\r\n\r\nThanks and keep up the great work!\r\n\r\nEric\r\nPS: Talk With Web Visitor offers a FREE 14 days trial – you could be converting up to 100x more leads immediately!   \r\nIt even includes International Long Distance Calling. \r\nStop wasting money chasing eyeballs that don’t turn into paying customers. \r\nCLICK HERE http://boostleadgeneration.com to try Talk With Web Visitor now.\r\n\r\nIf you\'d like to unsubscribe click here http://boostleadgeneration.com/unsubscribe.aspx?d=munesh-corner.com','','2022-11-25 17:40:34','2022-11-25 17:40:34',0),(21,'شكوى',NULL,'My name’s Eric and I just found your site munesh-corner.com.\r\n\r\nIt’s got a lot going for it, but here’s an idea to make it even MORE effective.\r\n\r\nTalk With Web Visitor – CLICK HERE https://boostleadgeneration.com for a live demo now.\r\n\r\nTalk With Web Visitor is a software widget that’s works on your site, ready to capture any visitor’s Name, Email address and Phone Number.  It signals you the moment they let you know they’re interested – so that you can talk to that lead while they’re literally looking over your site.\r\n\r\nAnd once you’ve captured their phone number, with our new SMS Text With Lead feature, you can automatically start a text (SMS) conversation… and if they don’t take you up on your offer then, you can follow up with text messages for new offers, content links, even just “how you doing?” notes to build a relationship.\r\n\r\nCLICK HERE https://boostleadgeneration.com to discover what Talk With Web Visitor can do for your business.\r\n\r\nThe difference between contacting someone within 5 minutes versus a half-hour means you could be converting up to 100X more leads today!\r\n\r\nEric\r\nPS: Studies show that 70% of a site’s visitors disappear and are gone forever after just a moment. Don’t keep losing them. \r\nTalk With Web Visitor offers a FREE 14 days trial – and it even includes International Long Distance Calling. \r\nYou have customers waiting to talk with you right now… don’t keep them waiting. \r\nCLICK HERE https://boostleadgeneration.com to try Talk With Web Visitor now.\r\n\r\nIf you\'d like to unsubscribe click here http://boostleadgeneration.com/unsubscribe.aspx?d=munesh-corner.com','','2022-11-27 09:47:00','2022-11-27 09:47:00',0),(22,'شكوى',NULL,'My name’s Eric and I just found your site munesh-corner.com.\r\n\r\nIt’s got a lot going for it, but here’s an idea to make it even MORE effective.\r\n\r\nTalk With Web Visitor – CLICK HERE http://boostleadgeneration.com for a live demo now.\r\n\r\nTalk With Web Visitor is a software widget that’s works on your site, ready to capture any visitor’s Name, Email address and Phone Number.  It signals you the moment they let you know they’re interested – so that you can talk to that lead while they’re literally looking over your site.\r\n\r\nAnd once you’ve captured their phone number, with our new SMS Text With Lead feature, you can automatically start a text (SMS) conversation… and if they don’t take you up on your offer then, you can follow up with text messages for new offers, content links, even just “how you doing?” notes to build a relationship.\r\n\r\nCLICK HERE http://boostleadgeneration.com to discover what Talk With Web Visitor can do for your business.\r\n\r\nThe difference between contacting someone within 5 minutes versus a half-hour means you could be converting up to 100X more leads today!\r\n\r\nEric\r\nPS: Studies show that 70% of a site’s visitors disappear and are gone forever after just a moment. Don’t keep losing them. \r\nTalk With Web Visitor offers a FREE 14 days trial – and it even includes International Long Distance Calling. \r\nYou have customers waiting to talk with you right now… don’t keep them waiting. \r\nCLICK HERE http://boostleadgeneration.com to try Talk With Web Visitor now.\r\n\r\nIf you\'d like to unsubscribe click here http://boostleadgeneration.com/unsubscribe.aspx?d=munesh-corner.com','','2022-12-02 09:21:04','2022-12-02 09:21:04',0),(23,'شكوى',NULL,'Hey, this is Eric and I ran across munesh-corner.com a few minutes ago.\r\n\r\nLooks great… but now what?\r\n\r\nBy that I mean, when someone like me finds your website – either through Search or just bouncing around – what happens next?  Do you get a lot of leads from your site, or at least enough to make you happy?\r\n\r\nHonestly, most business websites fall a bit short when it comes to generating paying customers. Studies show that 70% of a site’s visitors disappear and are gone forever after just a moment.\r\n\r\nHere’s an idea…\r\n \r\nHow about making it really EASY for every visitor who shows up to get a personal phone call you as soon as they hit your site…\r\n \r\nYou can –\r\n  \r\nTalk With Web Visitor is a software widget that’s works on your site, ready to capture any visitor’s Name, Email address and Phone Number.  It signals you the moment they let you know they’re interested – so that you can talk to that lead while they’re literally looking over your site.\r\n\r\nCLICK HERE https://boostleadgeneration.com to try out a Live Demo with Talk With Web Visitor now to see exactly how it works.\r\n\r\nYou’ll be amazed - the difference between contacting someone within 5 minutes versus a half-hour or more later could increase your results 100-fold.\r\n\r\nIt gets even better… once you’ve captured their phone number, with our new SMS Text With Lead feature, you can automatically start a text (SMS) conversation.\r\n  \r\nThat way, even if you don’t close a deal right away, you can follow up with text messages for new offers, content links, even just “how you doing?” notes to build a relationship.\r\n\r\nPretty sweet – AND effective.\r\n\r\nCLICK HERE https://boostleadgeneration.com to discover what Talk With Web Visitor can do for your business.\r\n\r\nYou could be converting up to 100X more leads today!\r\n\r\nEric\r\nPS: Talk With Web Visitor offers a FREE 14 days trial – and it even includes International Long Distance Calling. \r\nYou have customers waiting to talk with you right now… don’t keep them waiting. \r\nCLICK HERE https://boostleadgeneration.com to try Talk With Web Visitor now.\r\n\r\nIf you\'d like to unsubscribe click here http://boostleadgeneration.com/unsubscribe.aspx?d=munesh-corner.com','','2022-12-08 04:19:08','2022-12-08 04:19:08',0),(24,'شكوى',NULL,'Hello, my name’s Eric and I just ran across your website at munesh-corner.com...\r\n\r\nI found it after a quick search, so your SEO’s working out…\r\n\r\nContent looks pretty good…\r\n\r\nOne thing’s missing though…\r\n\r\nA QUICK, EASY way to connect with you NOW.\r\n\r\nBecause studies show that a web lead like me will only hang out a few seconds – 7 out of 10 disappear almost instantly, Surf Surf Surf… then gone forever.\r\n\r\nI have the solution:\r\n\r\nTalk With Web Visitor is a software widget that’s works on your site, ready to capture any visitor’s Name, Email address and Phone Number.  You’ll know immediately they’re interested and you can call them directly to TALK with them - literally while they’re still on the web looking at your site.\r\n\r\nCLICK HERE http://boostleadgeneration.com to try out a Live Demo with Talk With Web Visitor now to see exactly how it works and even give it a try… it could be huge for your business.\r\n\r\nPlus, now that you’ve got that phone number, with our new SMS Text With Lead feature, you can automatically start a text (SMS) conversation pronto… which is so powerful, because connecting with someone within the first 5 minutes is 100 times more effective than waiting 30 minutes or more later.\r\n\r\nThe new text messaging feature lets you follow up regularly with new offers, content links, even just follow up notes to build a relationship.\r\n\r\nEverything I’ve just described is extremely simple to implement, cost-effective, and profitable.\r\n \r\nCLICK HERE http://boostleadgeneration.com to discover what Talk With Web Visitor can do for your business, potentially converting up to 100X more eyeballs into leads today!\r\n\r\nEric\r\nPS: Talk With Web Visitor offers a FREE 14 days trial – and it even includes International Long Distance Calling. \r\nYou have customers waiting to talk with you right now… don’t keep them waiting. \r\nCLICK HERE http://boostleadgeneration.com to try Talk With Web Visitor now.\r\n\r\nIf you\'d like to unsubscribe click here http://boostleadgeneration.com/unsubscribe.aspx?d=munesh-corner.com','','2022-12-08 05:40:57','2022-12-08 05:40:57',0),(25,'شكوى',NULL,'Cool website!\r\n\r\nMy name’s Eric, and I just found your site - munesh-corner.com - while surfing the net. You showed up at the top of the search results, so I checked you out. Looks like what you’re doing is pretty cool.\r\n \r\nBut if you don’t mind me asking – after someone like me stumbles across munesh-corner.com, what usually happens?\r\n\r\nIs your site generating leads for your business? \r\n \r\nI’m guessing some, but I also bet you’d like more… studies show that 7 out 10 who land on a site wind up leaving without a trace.\r\n\r\nNot good.\r\n\r\nHere’s a thought – what if there was an easy way for every visitor to “raise their hand” to get a phone call from you INSTANTLY… the second they hit your site and said, “call me now.”\r\n\r\nYou can –\r\n  \r\nTalk With Web Visitor is a software widget that’s works on your site, ready to capture any visitor’s Name, Email address and Phone Number.  It lets you know IMMEDIATELY – so that you can talk to that lead while they’re literally looking over your site.\r\n\r\nCLICK HERE https://boostleadgeneration.com to try out a Live Demo with Talk With Web Visitor now to see exactly how it works.\r\n\r\nTime is money when it comes to connecting with leads – the difference between contacting someone within 5 minutes versus 30 minutes later can be huge – like 100 times better!\r\n\r\nThat’s why we built out our new SMS Text With Lead feature… because once you’ve captured the visitor’s phone number, you can automatically start a text message (SMS) conversation.\r\n  \r\nThink about the possibilities – even if you don’t close a deal then and there, you can follow up with text messages for new offers, content links, even just “how you doing?” notes to build a relationship.\r\n\r\nWouldn’t that be cool?\r\n\r\nCLICK HERE https://boostleadgeneration.com to discover what Talk With Web Visitor can do for your business.\r\n\r\nYou could be converting up to 100X more leads today!\r\nEric\r\n\r\nPS: Talk With Web Visitor offers a FREE 14 days trial – and it even includes International Long Distance Calling. \r\nYou have customers waiting to talk with you right now… don’t keep them waiting. \r\nCLICK HERE https://boostleadgeneration.com to try Talk With Web Visitor now.\r\n\r\nIf you\'d like to unsubscribe click here http://boostleadgeneration.com/unsubscribe.aspx?d=munesh-corner.com','','2022-12-13 00:09:00','2022-12-13 00:09:00',0),(26,'شكوى',NULL,'Hey there, I just found your site, quick question…\r\n\r\nMy name’s Eric, I found munesh-corner.com after doing a quick search – you showed up near the top of the rankings, so whatever you’re doing for SEO, looks like it’s working well.\r\n\r\nSo here’s my question – what happens AFTER someone lands on your site?  Anything?\r\n\r\nResearch tells us at least 70% of the people who find your site, after a quick once-over, they disappear… forever.\r\n\r\nThat means that all the work and effort you put into getting them to show up, goes down the tubes.\r\n\r\nWhy would you want all that good work – and the great site you’ve built – go to waste?\r\n\r\nBecause the odds are they’ll just skip over calling or even grabbing their phone, leaving you high and dry.\r\n\r\nBut here’s a thought… what if you could make it super-simple for someone to raise their hand, say, “okay, let’s talk” without requiring them to even pull their cell phone from their pocket?\r\n  \r\nYou can – thanks to revolutionary new software that can literally make that first call happen NOW.\r\n\r\nTalk With Web Visitor is a software widget that sits on your site, ready and waiting to capture any visitor’s Name, Email address and Phone Number.  It lets you know IMMEDIATELY – so that you can talk to that lead while they’re still there at your site.\r\n  \r\nYou know, strike when the iron’s hot!\r\n\r\nCLICK HERE https://boostleadgeneration.com to try out a Live Demo with Talk With Web Visitor now to see exactly how it works.\r\n\r\nWhen targeting leads, you HAVE to act fast – the difference between contacting someone within 5 minutes versus 30 minutes later is huge – like 100 times better!\r\n\r\nThat’s why you should check out our new SMS Text With Lead feature as well… once you’ve captured the phone number of the website visitor, you can automatically kick off a text message (SMS) conversation with them. \r\n \r\nImagine how powerful this could be – even if they don’t take you up on your offer immediately, you can stay in touch with them using text messages to make new offers, provide links to great content, and build your credibility.\r\n\r\nJust this alone could be a game changer to make your website even more effective.\r\n\r\nStrike when  the iron’s hot!\r\n\r\nCLICK HERE https://boostleadgeneration.com to learn more about everything Talk With Web Visitor can do for your business – you’ll be amazed.\r\n\r\nThanks and keep up the great work!\r\n\r\nEric\r\nPS: Talk With Web Visitor offers a FREE 14 days trial – you could be converting up to 100x more leads immediately!   \r\nIt even includes International Long Distance Calling. \r\nStop wasting money chasing eyeballs that don’t turn into paying customers. \r\nCLICK HERE https://boostleadgeneration.com to try Talk With Web Visitor now.\r\n\r\nIf you\'d like to unsubscribe click here http://boostleadgeneration.com/unsubscribe.aspx?d=munesh-corner.com','','2022-12-15 00:57:19','2022-12-15 00:57:19',0),(27,'شكوى',NULL,'My name’s Eric and I just came across your website - munesh-corner.com - in the search results.\r\n\r\nHere’s what that means to me…\r\n\r\nYour SEO’s working.\r\n\r\nYou’re getting eyeballs – mine at least.\r\n\r\nYour content’s pretty good, wouldn’t change a thing.\r\n\r\nBUT…\r\n\r\nEyeballs don’t pay the bills.\r\n\r\nCUSTOMERS do.\r\n\r\nAnd studies show that 7 out of 10 visitors to a site like munesh-corner.com will drop by, take a gander, and then head for the hills without doing anything else.\r\n\r\nIt’s like they never were even there.\r\n\r\nYou can fix this.\r\n\r\nYou can make it super-simple for them to raise their hand, say, “okay, let’s talk” without requiring them to even pull their cell phone from their pocket… thanks to Talk With Web Visitor.\r\n\r\nTalk With Web Visitor is a software widget that sits on your site, ready and waiting to capture any visitor’s Name, Email address and Phone Number.  It lets you know immediately – so you can talk to that lead immediately… without delay… BEFORE they head for those hills.\r\n  \r\nCLICK HERE http://boostleadgeneration.com to try out a Live Demo with Talk With Web Visitor now to see exactly how it works.\r\n\r\nNow it’s also true that when reaching out to hot leads, you MUST act fast – the difference between contacting someone within 5 minutes versus 30 minutes later is huge – like 100 times better!\r\n\r\nThat’s what makes our new SMS Text With Lead feature so powerful… you’ve got their phone number, so now you can start a text message (SMS) conversation with them… so even if they don’t take you up on your offer right away, you continue to text them new offers, new content, and new reasons to do business with you.\r\n\r\nThis could change everything for you and your business.\r\n\r\nCLICK HERE http://boostleadgeneration.com to learn more about everything Talk With Web Visitor can do and start turing eyeballs into money.\r\n\r\nEric\r\nPS: Talk With Web Visitor offers a FREE 14 days trial – you could be converting up to 100x more leads immediately!   \r\nIt even includes International Long Distance Calling. \r\nPaying customers are out there waiting. \r\nStarting connecting today by CLICKING HERE http://boostleadgeneration.com to try Talk With Web Visitor now.\r\n\r\nIf you\'d like to unsubscribe click here http://boostleadgeneration.com/unsubscribe.aspx?d=munesh-corner.com','','2022-12-17 06:40:31','2022-12-17 06:40:31',0),(28,'شكوى',NULL,'Hi, Eric here with a quick thought about your website munesh-corner.com...\r\n\r\nI’m on the internet a lot and I look at a lot of business websites.\r\n\r\nLike yours, many of them have great content. \r\n\r\nBut all too often, they come up short when it comes to engaging and connecting with anyone who visits.\r\n\r\nI get it – it’s hard.  Studies show 7 out of 10 people who land on a site, abandon it in moments without leaving even a trace.  You got the eyeball, but nothing else.\r\n\r\nHere’s a solution for you…\r\n\r\nTalk With Web Visitor is a software widget that’s works on your site, ready to capture any visitor’s Name, Email address and Phone Number.  You’ll know immediately they’re interested and you can call them directly to talk with them literally while they’re still on the web looking at your site.\r\n\r\nCLICK HERE https://boostleadgeneration.com to try out a Live Demo with Talk With Web Visitor now to see exactly how it works.\r\n\r\nIt could be huge for your business – and because you’ve got that phone number, with our new SMS Text With Lead feature, you can automatically start a text (SMS) conversation – immediately… and contacting someone in that 5 minute window is 100 times more powerful than reaching out 30 minutes or more later.\r\n\r\nPlus, with text messaging you can follow up later with new offers, content links, even just follow up notes to keep the conversation going.\r\n\r\nEverything I’ve just described is extremely simple to implement, cost-effective, and profitable. \r\n \r\nCLICK HERE https://boostleadgeneration.com to discover what Talk With Web Visitor can do for your business.\r\n\r\nYou could be converting up to 100X more eyeballs into leads today!\r\n\r\nEric\r\nPS: Talk With Web Visitor offers a FREE 14 days trial – and it even includes International Long Distance Calling. \r\nYou have customers waiting to talk with you right now… don’t keep them waiting. \r\nCLICK HERE https://boostleadgeneration.com to try Talk With Web Visitor now.\r\n\r\nIf you\'d like to unsubscribe click here http://boostleadgeneration.com/unsubscribe.aspx?d=munesh-corner.com','','2022-12-18 05:46:20','2022-12-18 05:46:20',0),(29,'شكوى',NULL,'Hey, my name’s Eric and for just a second, imagine this…\r\n\r\n- Someone does a search and winds up at munesh-corner.com.\r\n\r\n- They hang out for a minute to check it out.  “I’m interested… but… maybe…”\r\n\r\n- And then they hit the back button and check out the other search results instead. \r\n\r\n- Bottom line – you got an eyeball, but nothing else to show for it.\r\n\r\n- There they go.\r\n\r\nThis isn’t really your fault – it happens a LOT – studies show 7 out of 10 visitors to any site disappear without leaving a trace.\r\n\r\nBut you CAN fix that.\r\n\r\nTalk With Web Visitor is a software widget that’s works on your site, ready to capture any visitor’s Name, Email address and Phone Number.  It lets you know right then and there – enabling you to call that lead while they’re literally looking over your site.\r\n\r\nCLICK HERE http://jumboleadmagnet.com to try out a Live Demo with Talk With Web Visitor now to see exactly how it works.\r\n\r\nTime is money when it comes to connecting with leads – the difference between contacting someone within 5 minutes versus 30 minutes later can be huge – like 100 times better!\r\n\r\nPlus, now that you have their phone number, with our new SMS Text With Lead feature you can automatically start a text (SMS) conversation… so even if you don’t close a deal then, you can follow up with text messages for new offers, content links, even just “how you doing?” notes to build a relationship.\r\n\r\nStrong stuff.\r\n\r\nCLICK HERE http://jumboleadmagnet.com to discover what Talk With Web Visitor can do for your business.\r\n\r\nYou could be converting up to 100X more leads today!\r\n\r\nEric\r\nPS: Talk With Web Visitor offers a FREE 14 days trial – and it even includes International Long Distance Calling. \r\nYou have customers waiting to talk with you right now… don’t keep them waiting. \r\nCLICK HERE http://jumboleadmagnet.com to try Talk With Web Visitor now.\r\n\r\nIf you\'d like to unsubscribe click here http://jumboleadmagnet.com/unsubscribe.aspx?d=munesh-corner.com','','2022-12-18 11:40:03','2022-12-18 11:40:03',0),(30,'شكوى',NULL,'My name’s Eric and I just came across your website - munesh-corner.com - in the search results.\r\n\r\nHere’s what that means to me…\r\n\r\nYour SEO’s working.\r\n\r\nYou’re getting eyeballs – mine at least.\r\n\r\nYour content’s pretty good, wouldn’t change a thing.\r\n\r\nBUT…\r\n\r\nEyeballs don’t pay the bills.\r\n\r\nCUSTOMERS do.\r\n\r\nAnd studies show that 7 out of 10 visitors to a site like munesh-corner.com will drop by, take a gander, and then head for the hills without doing anything else.\r\n\r\nIt’s like they never were even there.\r\n\r\nYou can fix this.\r\n\r\nYou can make it super-simple for them to raise their hand, say, “okay, let’s talk” without requiring them to even pull their cell phone from their pocket… thanks to Talk With Web Visitor.\r\n\r\nTalk With Web Visitor is a software widget that sits on your site, ready and waiting to capture any visitor’s Name, Email address and Phone Number.  It lets you know immediately – so you can talk to that lead immediately… without delay… BEFORE they head for those hills.\r\n  \r\nCLICK HERE https://boostleadgeneration.com to try out a Live Demo with Talk With Web Visitor now to see exactly how it works.\r\n\r\nNow it’s also true that when reaching out to hot leads, you MUST act fast – the difference between contacting someone within 5 minutes versus 30 minutes later is huge – like 100 times better!\r\n\r\nThat’s what makes our new SMS Text With Lead feature so powerful… you’ve got their phone number, so now you can start a text message (SMS) conversation with them… so even if they don’t take you up on your offer right away, you continue to text them new offers, new content, and new reasons to do business with you.\r\n\r\nThis could change everything for you and your business.\r\n\r\nCLICK HERE https://boostleadgeneration.com to learn more about everything Talk With Web Visitor can do and start turing eyeballs into money.\r\n\r\nEric\r\nPS: Talk With Web Visitor offers a FREE 14 days trial – you could be converting up to 100x more leads immediately!   \r\nIt even includes International Long Distance Calling. \r\nPaying customers are out there waiting. \r\nStarting connecting today by CLICKING HERE https://boostleadgeneration.com to try Talk With Web Visitor now.\r\n\r\nIf you\'d like to unsubscribe click here http://boostleadgeneration.com/unsubscribe.aspx?d=munesh-corner.com','','2022-12-18 17:08:29','2022-12-18 17:08:29',0),(31,'شكوى',NULL,'Hello, my name’s Eric and I just ran across your website at munesh-corner.com...\r\n\r\nI found it after a quick search, so your SEO’s working out…\r\n\r\nContent looks pretty good…\r\n\r\nOne thing’s missing though…\r\n\r\nA QUICK, EASY way to connect with you NOW.\r\n\r\nBecause studies show that a web lead like me will only hang out a few seconds – 7 out of 10 disappear almost instantly, Surf Surf Surf… then gone forever.\r\n\r\nI have the solution:\r\n\r\nTalk With Web Visitor is a software widget that’s works on your site, ready to capture any visitor’s Name, Email address and Phone Number.  You’ll know immediately they’re interested and you can call them directly to TALK with them - literally while they’re still on the web looking at your site.\r\n\r\nCLICK HERE http://jumboleadmagnet.com to try out a Live Demo with Talk With Web Visitor now to see exactly how it works and even give it a try… it could be huge for your business.\r\n\r\nPlus, now that you’ve got that phone number, with our new SMS Text With Lead feature, you can automatically start a text (SMS) conversation pronto… which is so powerful, because connecting with someone within the first 5 minutes is 100 times more effective than waiting 30 minutes or more later.\r\n\r\nThe new text messaging feature lets you follow up regularly with new offers, content links, even just follow up notes to build a relationship.\r\n\r\nEverything I’ve just described is extremely simple to implement, cost-effective, and profitable.\r\n \r\nCLICK HERE http://jumboleadmagnet.com to discover what Talk With Web Visitor can do for your business, potentially converting up to 100X more eyeballs into leads today!\r\n\r\nEric\r\nPS: Talk With Web Visitor offers a FREE 14 days trial – and it even includes International Long Distance Calling. \r\nYou have customers waiting to talk with you right now… don’t keep them waiting. \r\nCLICK HERE http://jumboleadmagnet.com to try Talk With Web Visitor now.\r\n\r\nIf you\'d like to unsubscribe click here http://jumboleadmagnet.com/unsubscribe.aspx?d=munesh-corner.com','','2022-12-19 19:17:36','2022-12-19 19:17:36',0),(32,'شكوى',NULL,'Cool website!\r\n\r\nMy name’s Eric, and I just found your site - munesh-corner.com - while surfing the net. You showed up at the top of the search results, so I checked you out. Looks like what you’re doing is pretty cool.\r\n \r\nBut if you don’t mind me asking – after someone like me stumbles across munesh-corner.com, what usually happens?\r\n\r\nIs your site generating leads for your business? \r\n \r\nI’m guessing some, but I also bet you’d like more… studies show that 7 out 10 who land on a site wind up leaving without a trace.\r\n\r\nNot good.\r\n\r\nHere’s a thought – what if there was an easy way for every visitor to “raise their hand” to get a phone call from you INSTANTLY… the second they hit your site and said, “call me now.”\r\n\r\nYou can –\r\n  \r\nTalk With Web Visitor is a software widget that’s works on your site, ready to capture any visitor’s Name, Email address and Phone Number.  It lets you know IMMEDIATELY – so that you can talk to that lead while they’re literally looking over your site.\r\n\r\nCLICK HERE https://boostleadgeneration.com to try out a Live Demo with Talk With Web Visitor now to see exactly how it works.\r\n\r\nTime is money when it comes to connecting with leads – the difference between contacting someone within 5 minutes versus 30 minutes later can be huge – like 100 times better!\r\n\r\nThat’s why we built out our new SMS Text With Lead feature… because once you’ve captured the visitor’s phone number, you can automatically start a text message (SMS) conversation.\r\n  \r\nThink about the possibilities – even if you don’t close a deal then and there, you can follow up with text messages for new offers, content links, even just “how you doing?” notes to build a relationship.\r\n\r\nWouldn’t that be cool?\r\n\r\nCLICK HERE https://boostleadgeneration.com to discover what Talk With Web Visitor can do for your business.\r\n\r\nYou could be converting up to 100X more leads today!\r\nEric\r\n\r\nPS: Talk With Web Visitor offers a FREE 14 days trial – and it even includes International Long Distance Calling. \r\nYou have customers waiting to talk with you right now… don’t keep them waiting. \r\nCLICK HERE https://boostleadgeneration.com to try Talk With Web Visitor now.\r\n\r\nIf you\'d like to unsubscribe click here http://boostleadgeneration.com/unsubscribe.aspx?d=munesh-corner.com','','2022-12-20 13:12:58','2022-12-20 13:12:58',0),(33,'شكوى','Hello!','Hi! Please tell me the number of your office, I will come to you tomorrow.   QGW7RLK0XSBUIVMWXF  www.is.gd/BqXlNE#X2zn03TxYB','','2022-12-21 06:09:52','2022-12-21 06:09:52',0),(34,'شكوى',NULL,'Hey, my name’s Eric and for just a second, imagine this…\r\n\r\n- Someone does a search and winds up at munesh-corner.com.\r\n\r\n- They hang out for a minute to check it out.  “I’m interested… but… maybe…”\r\n\r\n- And then they hit the back button and check out the other search results instead. \r\n\r\n- Bottom line – you got an eyeball, but nothing else to show for it.\r\n\r\n- There they go.\r\n\r\nThis isn’t really your fault – it happens a LOT – studies show 7 out of 10 visitors to any site disappear without leaving a trace.\r\n\r\nBut you CAN fix that.\r\n\r\nTalk With Web Visitor is a software widget that’s works on your site, ready to capture any visitor’s Name, Email address and Phone Number.  It lets you know right then and there – enabling you to call that lead while they’re literally looking over your site.\r\n\r\nCLICK HERE https://boostleadgeneration.com to try out a Live Demo with Talk With Web Visitor now to see exactly how it works.\r\n\r\nTime is money when it comes to connecting with leads – the difference between contacting someone within 5 minutes versus 30 minutes later can be huge – like 100 times better!\r\n\r\nPlus, now that you have their phone number, with our new SMS Text With Lead feature you can automatically start a text (SMS) conversation… so even if you don’t close a deal then, you can follow up with text messages for new offers, content links, even just “how you doing?” notes to build a relationship.\r\n\r\nStrong stuff.\r\n\r\nCLICK HERE https://boostleadgeneration.com to discover what Talk With Web Visitor can do for your business.\r\n\r\nYou could be converting up to 100X more leads today!\r\n\r\nEric\r\nPS: Talk With Web Visitor offers a FREE 14 days trial – and it even includes International Long Distance Calling. \r\nYou have customers waiting to talk with you right now… don’t keep them waiting. \r\nCLICK HERE https://boostleadgeneration.com to try Talk With Web Visitor now.\r\n\r\nIf you\'d like to unsubscribe click here http://boostleadgeneration.com/unsubscribe.aspx?d=munesh-corner.com','','2022-12-21 21:49:39','2022-12-21 21:49:39',0),(35,'شكوى',NULL,'Hey there, I just found your site, quick question…\r\n\r\nMy name’s Eric, I found munesh-corner.com after doing a quick search – you showed up near the top of the rankings, so whatever you’re doing for SEO, looks like it’s working well.\r\n\r\nSo here’s my question – what happens AFTER someone lands on your site?  Anything?\r\n\r\nResearch tells us at least 70% of the people who find your site, after a quick once-over, they disappear… forever.\r\n\r\nThat means that all the work and effort you put into getting them to show up, goes down the tubes.\r\n\r\nWhy would you want all that good work – and the great site you’ve built – go to waste?\r\n\r\nBecause the odds are they’ll just skip over calling or even grabbing their phone, leaving you high and dry.\r\n\r\nBut here’s a thought… what if you could make it super-simple for someone to raise their hand, say, “okay, let’s talk” without requiring them to even pull their cell phone from their pocket?\r\n  \r\nYou can – thanks to revolutionary new software that can literally make that first call happen NOW.\r\n\r\nTalk With Web Visitor is a software widget that sits on your site, ready and waiting to capture any visitor’s Name, Email address and Phone Number.  It lets you know IMMEDIATELY – so that you can talk to that lead while they’re still there at your site.\r\n  \r\nYou know, strike when the iron’s hot!\r\n\r\nCLICK HERE https://boostleadgeneration.com to try out a Live Demo with Talk With Web Visitor now to see exactly how it works.\r\n\r\nWhen targeting leads, you HAVE to act fast – the difference between contacting someone within 5 minutes versus 30 minutes later is huge – like 100 times better!\r\n\r\nThat’s why you should check out our new SMS Text With Lead feature as well… once you’ve captured the phone number of the website visitor, you can automatically kick off a text message (SMS) conversation with them. \r\n \r\nImagine how powerful this could be – even if they don’t take you up on your offer immediately, you can stay in touch with them using text messages to make new offers, provide links to great content, and build your credibility.\r\n\r\nJust this alone could be a game changer to make your website even more effective.\r\n\r\nStrike when  the iron’s hot!\r\n\r\nCLICK HERE https://boostleadgeneration.com to learn more about everything Talk With Web Visitor can do for your business – you’ll be amazed.\r\n\r\nThanks and keep up the great work!\r\n\r\nEric\r\nPS: Talk With Web Visitor offers a FREE 14 days trial – you could be converting up to 100x more leads immediately!   \r\nIt even includes International Long Distance Calling. \r\nStop wasting money chasing eyeballs that don’t turn into paying customers. \r\nCLICK HERE https://boostleadgeneration.com to try Talk With Web Visitor now.\r\n\r\nIf you\'d like to unsubscribe click here http://boostleadgeneration.com/unsubscribe.aspx?d=munesh-corner.com','','2022-12-22 14:15:05','2022-12-22 14:15:05',0),(36,'شكوى',NULL,'Submit your site to over 1000 directories all with one click here> bit.ly/submit_site_1','','2022-12-23 01:51:09','2022-12-23 01:51:09',0),(37,'شكوى',NULL,'Hello, my name’s Eric and I just ran across your website at munesh-corner.com...\r\n\r\nI found it after a quick search, so your SEO’s working out…\r\n\r\nContent looks pretty good…\r\n\r\nOne thing’s missing though…\r\n\r\nA QUICK, EASY way to connect with you NOW.\r\n\r\nBecause studies show that a web lead like me will only hang out a few seconds – 7 out of 10 disappear almost instantly, Surf Surf Surf… then gone forever.\r\n\r\nI have the solution:\r\n\r\nTalk With Web Visitor is a software widget that’s works on your site, ready to capture any visitor’s Name, Email address and Phone Number.  You’ll know immediately they’re interested and you can call them directly to TALK with them - literally while they’re still on the web looking at your site.\r\n\r\nCLICK HERE https://boostleadgeneration.com to try out a Live Demo with Talk With Web Visitor now to see exactly how it works and even give it a try… it could be huge for your business.\r\n\r\nPlus, now that you’ve got that phone number, with our new SMS Text With Lead feature, you can automatically start a text (SMS) conversation pronto… which is so powerful, because connecting with someone within the first 5 minutes is 100 times more effective than waiting 30 minutes or more later.\r\n\r\nThe new text messaging feature lets you follow up regularly with new offers, content links, even just follow up notes to build a relationship.\r\n\r\nEverything I’ve just described is extremely simple to implement, cost-effective, and profitable.\r\n \r\nCLICK HERE https://boostleadgeneration.com to discover what Talk With Web Visitor can do for your business, potentially converting up to 100X more eyeballs into leads today!\r\n\r\nEric\r\nPS: Talk With Web Visitor offers a FREE 14 days trial – and it even includes International Long Distance Calling. \r\nYou have customers waiting to talk with you right now… don’t keep them waiting. \r\nCLICK HERE https://boostleadgeneration.com to try Talk With Web Visitor now.\r\n\r\nIf you\'d like to unsubscribe click here http://boostleadgeneration.com/unsubscribe.aspx?d=munesh-corner.com','','2022-12-24 17:29:27','2022-12-24 17:29:27',0),(38,'شكوى',NULL,'Hey, this is Eric and I ran across munesh-corner.com a few minutes ago.\r\n\r\nLooks great… but now what?\r\n\r\nBy that I mean, when someone like me finds your website – either through Search or just bouncing around – what happens next?  Do you get a lot of leads from your site, or at least enough to make you happy?\r\n\r\nHonestly, most business websites fall a bit short when it comes to generating paying customers. Studies show that 70% of a site’s visitors disappear and are gone forever after just a moment.\r\n\r\nHere’s an idea…\r\n \r\nHow about making it really EASY for every visitor who shows up to get a personal phone call you as soon as they hit your site…\r\n \r\nYou can –\r\n  \r\nTalk With Web Visitor is a software widget that’s works on your site, ready to capture any visitor’s Name, Email address and Phone Number.  It signals you the moment they let you know they’re interested – so that you can talk to that lead while they’re literally looking over your site.\r\n\r\nCLICK HERE http://jumboleadmagnet.com to try out a Live Demo with Talk With Web Visitor now to see exactly how it works.\r\n\r\nYou’ll be amazed - the difference between contacting someone within 5 minutes versus a half-hour or more later could increase your results 100-fold.\r\n\r\nIt gets even better… once you’ve captured their phone number, with our new SMS Text With Lead feature, you can automatically start a text (SMS) conversation.\r\n  \r\nThat way, even if you don’t close a deal right away, you can follow up with text messages for new offers, content links, even just “how you doing?” notes to build a relationship.\r\n\r\nPretty sweet – AND effective.\r\n\r\nCLICK HERE http://jumboleadmagnet.com to discover what Talk With Web Visitor can do for your business.\r\n\r\nYou could be converting up to 100X more leads today!\r\n\r\nEric\r\nPS: Talk With Web Visitor offers a FREE 14 days trial – and it even includes International Long Distance Calling. \r\nYou have customers waiting to talk with you right now… don’t keep them waiting. \r\nCLICK HERE http://jumboleadmagnet.com to try Talk With Web Visitor now.\r\n\r\nIf you\'d like to unsubscribe click here http://jumboleadmagnet.com/unsubscribe.aspx?d=munesh-corner.com','','2022-12-26 17:04:45','2022-12-26 17:04:45',0),(39,'شكوى',NULL,'Hi, Eric here with a quick thought about your website munesh-corner.com...\r\n\r\nI’m on the internet a lot and I look at a lot of business websites.\r\n\r\nLike yours, many of them have great content. \r\n\r\nBut all too often, they come up short when it comes to engaging and connecting with anyone who visits.\r\n\r\nI get it – it’s hard.  Studies show 7 out of 10 people who land on a site, abandon it in moments without leaving even a trace.  You got the eyeball, but nothing else.\r\n\r\nHere’s a solution for you…\r\n\r\nTalk With Web Visitor is a software widget that’s works on your site, ready to capture any visitor’s Name, Email address and Phone Number.  You’ll know immediately they’re interested and you can call them directly to talk with them literally while they’re still on the web looking at your site.\r\n\r\nCLICK HERE http://jumboleadmagnet.com to try out a Live Demo with Talk With Web Visitor now to see exactly how it works.\r\n\r\nIt could be huge for your business – and because you’ve got that phone number, with our new SMS Text With Lead feature, you can automatically start a text (SMS) conversation – immediately… and contacting someone in that 5 minute window is 100 times more powerful than reaching out 30 minutes or more later.\r\n\r\nPlus, with text messaging you can follow up later with new offers, content links, even just follow up notes to keep the conversation going.\r\n\r\nEverything I’ve just described is extremely simple to implement, cost-effective, and profitable. \r\n \r\nCLICK HERE http://jumboleadmagnet.com to discover what Talk With Web Visitor can do for your business.\r\n\r\nYou could be converting up to 100X more eyeballs into leads today!\r\n\r\nEric\r\nPS: Talk With Web Visitor offers a FREE 14 days trial – and it even includes International Long Distance Calling. \r\nYou have customers waiting to talk with you right now… don’t keep them waiting. \r\nCLICK HERE http://jumboleadmagnet.com to try Talk With Web Visitor now.\r\n\r\nIf you\'d like to unsubscribe click here http://jumboleadmagnet.com/unsubscribe.aspx?d=munesh-corner.com','','2022-12-27 05:05:01','2022-12-27 05:05:01',0),(40,'شكوى',NULL,'My name’s Eric and I just found your site munesh-corner.com.\r\n\r\nIt’s got a lot going for it, but here’s an idea to make it even MORE effective.\r\n\r\nTalk With Web Visitor – CLICK HERE https://boostleadgeneration.com for a live demo now.\r\n\r\nTalk With Web Visitor is a software widget that’s works on your site, ready to capture any visitor’s Name, Email address and Phone Number.  It signals you the moment they let you know they’re interested – so that you can talk to that lead while they’re literally looking over your site.\r\n\r\nAnd once you’ve captured their phone number, with our new SMS Text With Lead feature, you can automatically start a text (SMS) conversation… and if they don’t take you up on your offer then, you can follow up with text messages for new offers, content links, even just “how you doing?” notes to build a relationship.\r\n\r\nCLICK HERE https://boostleadgeneration.com to discover what Talk With Web Visitor can do for your business.\r\n\r\nThe difference between contacting someone within 5 minutes versus a half-hour means you could be converting up to 100X more leads today!\r\n\r\nEric\r\nPS: Studies show that 70% of a site’s visitors disappear and are gone forever after just a moment. Don’t keep losing them. \r\nTalk With Web Visitor offers a FREE 14 days trial – and it even includes International Long Distance Calling. \r\nYou have customers waiting to talk with you right now… don’t keep them waiting. \r\nCLICK HERE https://boostleadgeneration.com to try Talk With Web Visitor now.\r\n\r\nIf you\'d like to unsubscribe click here http://boostleadgeneration.com/unsubscribe.aspx?d=munesh-corner.com','','2022-12-28 09:18:41','2022-12-28 09:18:41',0),(41,'شكوى',NULL,'Cool website!\r\n\r\nMy name’s Eric, and I just found your site - munesh-corner.com - while surfing the net. You showed up at the top of the search results, so I checked you out. Looks like what you’re doing is pretty cool.\r\n \r\nBut if you don’t mind me asking – after someone like me stumbles across munesh-corner.com, what usually happens?\r\n\r\nIs your site generating leads for your business? \r\n \r\nI’m guessing some, but I also bet you’d like more… studies show that 7 out 10 who land on a site wind up leaving without a trace.\r\n\r\nNot good.\r\n\r\nHere’s a thought – what if there was an easy way for every visitor to “raise their hand” to get a phone call from you INSTANTLY… the second they hit your site and said, “call me now.”\r\n\r\nYou can –\r\n  \r\nTalk With Web Visitor is a software widget that’s works on your site, ready to capture any visitor’s Name, Email address and Phone Number.  It lets you know IMMEDIATELY – so that you can talk to that lead while they’re literally looking over your site.\r\n\r\nCLICK HERE http://jumboleadmagnet.com to try out a Live Demo with Talk With Web Visitor now to see exactly how it works.\r\n\r\nTime is money when it comes to connecting with leads – the difference between contacting someone within 5 minutes versus 30 minutes later can be huge – like 100 times better!\r\n\r\nThat’s why we built out our new SMS Text With Lead feature… because once you’ve captured the visitor’s phone number, you can automatically start a text message (SMS) conversation.\r\n  \r\nThink about the possibilities – even if you don’t close a deal then and there, you can follow up with text messages for new offers, content links, even just “how you doing?” notes to build a relationship.\r\n\r\nWouldn’t that be cool?\r\n\r\nCLICK HERE http://jumboleadmagnet.com to discover what Talk With Web Visitor can do for your business.\r\n\r\nYou could be converting up to 100X more leads today!\r\nEric\r\n\r\nPS: Talk With Web Visitor offers a FREE 14 days trial – and it even includes International Long Distance Calling. \r\nYou have customers waiting to talk with you right now… don’t keep them waiting. \r\nCLICK HERE http://jumboleadmagnet.com to try Talk With Web Visitor now.\r\n\r\nIf you\'d like to unsubscribe click here http://jumboleadmagnet.com/unsubscribe.aspx?d=munesh-corner.com','','2022-12-30 18:18:05','2022-12-30 18:18:05',0),(42,'شكوى',NULL,'Hey there, I just found your site, quick question…\r\n\r\nMy name’s Eric, I found munesh-corner.com after doing a quick search – you showed up near the top of the rankings, so whatever you’re doing for SEO, looks like it’s working well.\r\n\r\nSo here’s my question – what happens AFTER someone lands on your site?  Anything?\r\n\r\nResearch tells us at least 70% of the people who find your site, after a quick once-over, they disappear… forever.\r\n\r\nThat means that all the work and effort you put into getting them to show up, goes down the tubes.\r\n\r\nWhy would you want all that good work – and the great site you’ve built – go to waste?\r\n\r\nBecause the odds are they’ll just skip over calling or even grabbing their phone, leaving you high and dry.\r\n\r\nBut here’s a thought… what if you could make it super-simple for someone to raise their hand, say, “okay, let’s talk” without requiring them to even pull their cell phone from their pocket?\r\n  \r\nYou can – thanks to revolutionary new software that can literally make that first call happen NOW.\r\n\r\nTalk With Web Visitor is a software widget that sits on your site, ready and waiting to capture any visitor’s Name, Email address and Phone Number.  It lets you know IMMEDIATELY – so that you can talk to that lead while they’re still there at your site.\r\n  \r\nYou know, strike when the iron’s hot!\r\n\r\nCLICK HERE http://jumboleadmagnet.com to try out a Live Demo with Talk With Web Visitor now to see exactly how it works.\r\n\r\nWhen targeting leads, you HAVE to act fast – the difference between contacting someone within 5 minutes versus 30 minutes later is huge – like 100 times better!\r\n\r\nThat’s why you should check out our new SMS Text With Lead feature as well… once you’ve captured the phone number of the website visitor, you can automatically kick off a text message (SMS) conversation with them. \r\n \r\nImagine how powerful this could be – even if they don’t take you up on your offer immediately, you can stay in touch with them using text messages to make new offers, provide links to great content, and build your credibility.\r\n\r\nJust this alone could be a game changer to make your website even more effective.\r\n\r\nStrike when  the iron’s hot!\r\n\r\nCLICK HERE http://jumboleadmagnet.com to learn more about everything Talk With Web Visitor can do for your business – you’ll be amazed.\r\n\r\nThanks and keep up the great work!\r\n\r\nEric\r\nPS: Talk With Web Visitor offers a FREE 14 days trial – you could be converting up to 100x more leads immediately!   \r\nIt even includes International Long Distance Calling. \r\nStop wasting money chasing eyeballs that don’t turn into paying customers. \r\nCLICK HERE http://jumboleadmagnet.com to try Talk With Web Visitor now.\r\n\r\nIf you\'d like to unsubscribe click here http://jumboleadmagnet.com/unsubscribe.aspx?d=munesh-corner.com','','2022-12-31 21:56:51','2022-12-31 21:56:51',0),(43,'شكوى',NULL,'Hey, this is Eric and I ran across munesh-corner.com a few minutes ago.\r\n\r\nLooks great… but now what?\r\n\r\nBy that I mean, when someone like me finds your website – either through Search or just bouncing around – what happens next?  Do you get a lot of leads from your site, or at least enough to make you happy?\r\n\r\nHonestly, most business websites fall a bit short when it comes to generating paying customers. Studies show that 70% of a site’s visitors disappear and are gone forever after just a moment.\r\n\r\nHere’s an idea…\r\n \r\nHow about making it really EASY for every visitor who shows up to get a personal phone call you as soon as they hit your site…\r\n \r\nYou can –\r\n  \r\nTalk With Web Visitor is a software widget that’s works on your site, ready to capture any visitor’s Name, Email address and Phone Number.  It signals you the moment they let you know they’re interested – so that you can talk to that lead while they’re literally looking over your site.\r\n\r\nCLICK HERE https://boostleadgeneration.com to try out a Live Demo with Talk With Web Visitor now to see exactly how it works.\r\n\r\nYou’ll be amazed - the difference between contacting someone within 5 minutes versus a half-hour or more later could increase your results 100-fold.\r\n\r\nIt gets even better… once you’ve captured their phone number, with our new SMS Text With Lead feature, you can automatically start a text (SMS) conversation.\r\n  \r\nThat way, even if you don’t close a deal right away, you can follow up with text messages for new offers, content links, even just “how you doing?” notes to build a relationship.\r\n\r\nPretty sweet – AND effective.\r\n\r\nCLICK HERE https://boostleadgeneration.com to discover what Talk With Web Visitor can do for your business.\r\n\r\nYou could be converting up to 100X more leads today!\r\n\r\nEric\r\nPS: Talk With Web Visitor offers a FREE 14 days trial – and it even includes International Long Distance Calling. \r\nYou have customers waiting to talk with you right now… don’t keep them waiting. \r\nCLICK HERE https://boostleadgeneration.com to try Talk With Web Visitor now.\r\n\r\nIf you\'d like to unsubscribe click here http://boostleadgeneration.com/unsubscribe.aspx?d=munesh-corner.com','','2023-01-02 02:00:39','2023-01-02 02:00:39',0),(44,'شكوى',NULL,'Cool website!\r\n\r\nMy name’s Eric, and I just found your site - munesh-corner.com - while surfing the net. You showed up at the top of the search results, so I checked you out. Looks like what you’re doing is pretty cool.\r\n \r\nBut if you don’t mind me asking – after someone like me stumbles across munesh-corner.com, what usually happens?\r\n\r\nIs your site generating leads for your business? \r\n \r\nI’m guessing some, but I also bet you’d like more… studies show that 7 out 10 who land on a site wind up leaving without a trace.\r\n\r\nNot good.\r\n\r\nHere’s a thought – what if there was an easy way for every visitor to “raise their hand” to get a phone call from you INSTANTLY… the second they hit your site and said, “call me now.”\r\n\r\nYou can –\r\n  \r\nTalk With Web Visitor is a software widget that’s works on your site, ready to capture any visitor’s Name, Email address and Phone Number.  It lets you know IMMEDIATELY – so that you can talk to that lead while they’re literally looking over your site.\r\n\r\nCLICK HERE http://boostleadgeneration.com to try out a Live Demo with Talk With Web Visitor now to see exactly how it works.\r\n\r\nTime is money when it comes to connecting with leads – the difference between contacting someone within 5 minutes versus 30 minutes later can be huge – like 100 times better!\r\n\r\nThat’s why we built out our new SMS Text With Lead feature… because once you’ve captured the visitor’s phone number, you can automatically start a text message (SMS) conversation.\r\n  \r\nThink about the possibilities – even if you don’t close a deal then and there, you can follow up with text messages for new offers, content links, even just “how you doing?” notes to build a relationship.\r\n\r\nWouldn’t that be cool?\r\n\r\nCLICK HERE http://boostleadgeneration.com to discover what Talk With Web Visitor can do for your business.\r\n\r\nYou could be converting up to 100X more leads today!\r\nEric\r\n\r\nPS: Talk With Web Visitor offers a FREE 14 days trial – and it even includes International Long Distance Calling. \r\nYou have customers waiting to talk with you right now… don’t keep them waiting. \r\nCLICK HERE http://boostleadgeneration.com to try Talk With Web Visitor now.\r\n\r\nIf you\'d like to unsubscribe click here http://boostleadgeneration.com/unsubscribe.aspx?d=munesh-corner.com','','2023-01-02 14:13:58','2023-01-02 14:13:58',0),(45,'شكوى',NULL,'I was wondering if you wanted to submit your new site to our free business directory? https://bit.ly/submit_site_l1aa2sZgZ1G6','','2023-01-03 01:11:06','2023-01-03 01:11:06',0),(46,'شكوى',NULL,'My name’s Eric and I just found your site munesh-corner.com.\r\n\r\nIt’s got a lot going for it, but here’s an idea to make it even MORE effective.\r\n\r\nTalk With Web Visitor – CLICK HERE http://jumboleadmagnet.com for a live demo now.\r\n\r\nTalk With Web Visitor is a software widget that’s works on your site, ready to capture any visitor’s Name, Email address and Phone Number.  It signals you the moment they let you know they’re interested – so that you can talk to that lead while they’re literally looking over your site.\r\n\r\nAnd once you’ve captured their phone number, with our new SMS Text With Lead feature, you can automatically start a text (SMS) conversation… and if they don’t take you up on your offer then, you can follow up with text messages for new offers, content links, even just “how you doing?” notes to build a relationship.\r\n\r\nCLICK HERE http://jumboleadmagnet.com to discover what Talk With Web Visitor can do for your business.\r\n\r\nThe difference between contacting someone within 5 minutes versus a half-hour means you could be converting up to 100X more leads today!\r\n\r\nEric\r\nPS: Studies show that 70% of a site’s visitors disappear and are gone forever after just a moment. Don’t keep losing them. \r\nTalk With Web Visitor offers a FREE 14 days trial – and it even includes International Long Distance Calling. \r\nYou have customers waiting to talk with you right now… don’t keep them waiting. \r\nCLICK HERE http://jumboleadmagnet.com to try Talk With Web Visitor now.\r\n\r\nIf you\'d like to unsubscribe click here http://jumboleadmagnet.com/unsubscribe.aspx?d=munesh-corner.com','','2023-01-06 04:19:28','2023-01-06 04:19:28',0),(47,'شكوى',NULL,'My name’s Eric and I just came across your website - munesh-corner.com - in the search results.\r\n\r\nHere’s what that means to me…\r\n\r\nYour SEO’s working.\r\n\r\nYou’re getting eyeballs – mine at least.\r\n\r\nYour content’s pretty good, wouldn’t change a thing.\r\n\r\nBUT…\r\n\r\nEyeballs don’t pay the bills.\r\n\r\nCUSTOMERS do.\r\n\r\nAnd studies show that 7 out of 10 visitors to a site like munesh-corner.com will drop by, take a gander, and then head for the hills without doing anything else.\r\n\r\nIt’s like they never were even there.\r\n\r\nYou can fix this.\r\n\r\nYou can make it super-simple for them to raise their hand, say, “okay, let’s talk” without requiring them to even pull their cell phone from their pocket… thanks to Talk With Web Visitor.\r\n\r\nTalk With Web Visitor is a software widget that sits on your site, ready and waiting to capture any visitor’s Name, Email address and Phone Number.  It lets you know immediately – so you can talk to that lead immediately… without delay… BEFORE they head for those hills.\r\n  \r\nCLICK HERE https://boostleadgeneration.com to try out a Live Demo with Talk With Web Visitor now to see exactly how it works.\r\n\r\nNow it’s also true that when reaching out to hot leads, you MUST act fast – the difference between contacting someone within 5 minutes versus 30 minutes later is huge – like 100 times better!\r\n\r\nThat’s what makes our new SMS Text With Lead feature so powerful… you’ve got their phone number, so now you can start a text message (SMS) conversation with them… so even if they don’t take you up on your offer right away, you continue to text them new offers, new content, and new reasons to do business with you.\r\n\r\nThis could change everything for you and your business.\r\n\r\nCLICK HERE https://boostleadgeneration.com to learn more about everything Talk With Web Visitor can do and start turing eyeballs into money.\r\n\r\nEric\r\nPS: Talk With Web Visitor offers a FREE 14 days trial – you could be converting up to 100x more leads immediately!   \r\nIt even includes International Long Distance Calling. \r\nPaying customers are out there waiting. \r\nStarting connecting today by CLICKING HERE https://boostleadgeneration.com to try Talk With Web Visitor now.\r\n\r\nIf you\'d like to unsubscribe click here http://boostleadgeneration.com/unsubscribe.aspx?d=munesh-corner.com','','2023-01-14 07:19:06','2023-01-14 07:19:06',0),(48,'شكوى',NULL,'Good day, \r\n\r\nMy name is Eric and unlike a lot of emails you might get, I wanted to instead provide you with a word of encouragement – Congratulations\r\n\r\nWhat for?  \r\n\r\nPart of my job is to check out websites and the work you’ve done with munesh-corner.com definitely stands out. \r\n\r\nIt’s clear you took building a website seriously and made a real investment of time and resources into making it top quality.\r\n\r\nThere is, however, a catch… more accurately, a question…\r\n\r\nSo when someone like me happens to find your site – maybe at the top of the search results (nice job BTW) or just through a random link, how do you know? \r\n\r\nMore importantly, how do you make a connection with that person?\r\n\r\nStudies show that 7 out of 10 visitors don’t stick around – they’re there one second and then gone with the wind.\r\n\r\nHere’s a way to create INSTANT engagement that you may not have known about… \r\n\r\nTalk With Web Visitor is a software widget that’s works on your site, ready to capture any visitor’s Name, Email address and Phone Number.  It lets you know INSTANTLY that they’re interested – so that you can talk to that lead while they’re literally checking out munesh-corner.com.\r\n\r\nCLICK HERE http://jumboleadmagnet.com to try out a Live Demo with Talk With Web Visitor now to see exactly how it works.\r\n\r\nIt could be a game-changer for your business – and it gets even better… once you’ve captured their phone number, with our new SMS Text With Lead feature, you can automatically start a text (SMS) conversation – immediately (and there’s literally a 100X difference between contacting someone within 5 minutes versus 30 minutes.)\r\n\r\nPlus then, even if you don’t close a deal right away, you can connect later on with text messages for new offers, content links, even just follow up notes to build a relationship.\r\n\r\nEverything I’ve just described is simple, easy, and effective. \r\n\r\nCLICK HERE http://jumboleadmagnet.com to discover what Talk With Web Visitor can do for your business.\r\n\r\nYou could be converting up to 100X more leads today!\r\n\r\nEric\r\nPS: Talk With Web Visitor offers a FREE 14 days trial – and it even includes International Long Distance Calling. \r\nYou have customers waiting to talk with you right now… don’t keep them waiting. \r\nCLICK HERE http://jumboleadmagnet.com to try Talk With Web Visitor now.\r\n\r\nIf you\'d like to unsubscribe click here http://jumboleadmagnet.com/unsubscribe.aspx?d=munesh-corner.com','','2023-01-14 18:34:28','2023-01-14 18:34:28',0),(49,'شكوى',NULL,'Hi, my name is Eric and I’m betting you’d like your website munesh-corner.com to generate more leads.\r\n\r\nHere’s how:\r\nTalk With Web Visitor is a software widget that’s works on your site, ready to capture any visitor’s Name, Email address and Phone Number.  It signals you as soon as they say they’re interested – so that you can talk to that lead while they’re still there at munesh-corner.com.\r\n\r\nTalk With Web Visitor – CLICK HERE http://jumboleadmagnet.com for a live demo now.\r\n\r\nAnd now that you’ve got their phone number, our new SMS Text With Lead feature enables you to start a text (SMS) conversation – answer questions, provide more info, and close a deal that way.\r\n\r\nIf they don’t take you up on your offer then, just follow up with text messages for new offers, content links, even just “how you doing?” notes to build a relationship.\r\n\r\nCLICK HERE http://jumboleadmagnet.com to discover what Talk With Web Visitor can do for your business.\r\n\r\nThe difference between contacting someone within 5 minutes versus a half-hour means you could be converting up to 100X more leads today!\r\n\r\nTry Talk With Web Visitor and get more leads now.\r\n\r\nEric\r\nPS: The studies show 7 out of 10 visitors don’t hang around – you can’t afford to lose them!\r\nTalk With Web Visitor offers a FREE 14 days trial – and it even includes International Long Distance Calling. \r\nYou have customers waiting to talk with you right now… don’t keep them waiting. \r\nCLICK HERE http://jumboleadmagnet.com to try Talk With Web Visitor now.\r\n\r\nIf you\'d like to unsubscribe click here http://jumboleadmagnet.com/unsubscribe.aspx?d=munesh-corner.com','','2023-01-15 04:34:51','2023-01-15 04:34:51',0),(50,'شكوى',NULL,'Good job on the new site! Now go ahead and submit it to our free directory here https://bit.ly/submit_site_1','','2023-01-18 18:17:39','2023-01-18 18:17:39',0),(51,'شكوى',NULL,'Hello, my name’s Eric and I just ran across your website at munesh-corner.com...\r\n\r\nI found it after a quick search, so your SEO’s working out…\r\n\r\nContent looks pretty good…\r\n\r\nOne thing’s missing though…\r\n\r\nA QUICK, EASY way to connect with you NOW.\r\n\r\nBecause studies show that a web lead like me will only hang out a few seconds – 7 out of 10 disappear almost instantly, Surf Surf Surf… then gone forever.\r\n\r\nI have the solution:\r\n\r\nTalk With Web Visitor is a software widget that’s works on your site, ready to capture any visitor’s Name, Email address and Phone Number.  You’ll know immediately they’re interested and you can call them directly to TALK with them - literally while they’re still on the web looking at your site.\r\n\r\nCLICK HERE https://boostleadgeneration.com to try out a Live Demo with Talk With Web Visitor now to see exactly how it works and even give it a try… it could be huge for your business.\r\n\r\nPlus, now that you’ve got that phone number, with our new SMS Text With Lead feature, you can automatically start a text (SMS) conversation pronto… which is so powerful, because connecting with someone within the first 5 minutes is 100 times more effective than waiting 30 minutes or more later.\r\n\r\nThe new text messaging feature lets you follow up regularly with new offers, content links, even just follow up notes to build a relationship.\r\n\r\nEverything I’ve just described is extremely simple to implement, cost-effective, and profitable.\r\n \r\nCLICK HERE https://boostleadgeneration.com to discover what Talk With Web Visitor can do for your business, potentially converting up to 100X more eyeballs into leads today!\r\n\r\nEric\r\nPS: Talk With Web Visitor offers a FREE 14 days trial – and it even includes International Long Distance Calling. \r\nYou have customers waiting to talk with you right now… don’t keep them waiting. \r\nCLICK HERE https://boostleadgeneration.com to try Talk With Web Visitor now.\r\n\r\nIf you\'d like to unsubscribe click here http://boostleadgeneration.com/unsubscribe.aspx?d=munesh-corner.com','','2023-01-21 03:06:15','2023-01-21 03:06:15',0),(52,'شكوى',NULL,'My name’s Eric and I just came across your website - munesh-corner.com - in the search results.\r\n\r\nHere’s what that means to me…\r\n\r\nYour SEO’s working.\r\n\r\nYou’re getting eyeballs – mine at least.\r\n\r\nYour content’s pretty good, wouldn’t change a thing.\r\n\r\nBUT…\r\n\r\nEyeballs don’t pay the bills.\r\n\r\nCUSTOMERS do.\r\n\r\nAnd studies show that 7 out of 10 visitors to a site like munesh-corner.com will drop by, take a gander, and then head for the hills without doing anything else.\r\n\r\nIt’s like they never were even there.\r\n\r\nYou can fix this.\r\n\r\nYou can make it super-simple for them to raise their hand, say, “okay, let’s talk” without requiring them to even pull their cell phone from their pocket… thanks to Talk With Web Visitor.\r\n\r\nTalk With Web Visitor is a software widget that sits on your site, ready and waiting to capture any visitor’s Name, Email address and Phone Number.  It lets you know immediately – so you can talk to that lead immediately… without delay… BEFORE they head for those hills.\r\n  \r\nCLICK HERE http://jumboleadmagnet.com to try out a Live Demo with Talk With Web Visitor now to see exactly how it works.\r\n\r\nNow it’s also true that when reaching out to hot leads, you MUST act fast – the difference between contacting someone within 5 minutes versus 30 minutes later is huge – like 100 times better!\r\n\r\nThat’s what makes our new SMS Text With Lead feature so powerful… you’ve got their phone number, so now you can start a text message (SMS) conversation with them… so even if they don’t take you up on your offer right away, you continue to text them new offers, new content, and new reasons to do business with you.\r\n\r\nThis could change everything for you and your business.\r\n\r\nCLICK HERE http://jumboleadmagnet.com to learn more about everything Talk With Web Visitor can do and start turing eyeballs into money.\r\n\r\nEric\r\nPS: Talk With Web Visitor offers a FREE 14 days trial – you could be converting up to 100x more leads immediately!   \r\nIt even includes International Long Distance Calling. \r\nPaying customers are out there waiting. \r\nStarting connecting today by CLICKING HERE http://jumboleadmagnet.com to try Talk With Web Visitor now.\r\n\r\nIf you\'d like to unsubscribe click here http://jumboleadmagnet.com/unsubscribe.aspx?d=munesh-corner.com','','2023-01-22 01:40:55','2023-01-22 01:40:55',0),(53,'شكوى',NULL,'My name’s Eric and I just found your site munesh-corner.com.\r\n\r\nIt’s got a lot going for it, but here’s an idea to make it even MORE effective.\r\n\r\nTalk With Web Visitor – CLICK HERE http://boostleadgeneration.com for a live demo now.\r\n\r\nTalk With Web Visitor is a software widget that’s works on your site, ready to capture any visitor’s Name, Email address and Phone Number.  It signals you the moment they let you know they’re interested – so that you can talk to that lead while they’re literally looking over your site.\r\n\r\nAnd once you’ve captured their phone number, with our new SMS Text With Lead feature, you can automatically start a text (SMS) conversation… and if they don’t take you up on your offer then, you can follow up with text messages for new offers, content links, even just “how you doing?” notes to build a relationship.\r\n\r\nCLICK HERE http://boostleadgeneration.com to discover what Talk With Web Visitor can do for your business.\r\n\r\nThe difference between contacting someone within 5 minutes versus a half-hour means you could be converting up to 100X more leads today!\r\n\r\nEric\r\nPS: Studies show that 70% of a site’s visitors disappear and are gone forever after just a moment. Don’t keep losing them. \r\nTalk With Web Visitor offers a FREE 14 days trial – and it even includes International Long Distance Calling. \r\nYou have customers waiting to talk with you right now… don’t keep them waiting. \r\nCLICK HERE http://boostleadgeneration.com to try Talk With Web Visitor now.\r\n\r\nIf you\'d like to unsubscribe click here http://boostleadgeneration.com/unsubscribe.aspx?d=munesh-corner.com','','2023-01-23 02:07:59','2023-01-23 02:07:59',0),(54,'شكوى',NULL,'Add your site to 1000 business directories with one click here-> https://bit.ly/g5tig5','','2023-01-23 03:54:15','2023-01-23 03:54:15',0),(55,'شكوى','Your Site Has Been Hacked','Your Site Has Been Hacked\r\n\r\nPLEASE FORWARD THIS EMAIL TO SOMEONE IN YOUR COMPANY WHO IS ALLOWED TO MAKE IMPORTANT DECISIONS!\r\n\r\nWe have hacked your website https://www.munesh-corner.com and extracted your databases.\r\n\r\nHow did this happen?\r\n\r\nOur team has found a vulnerability within your site that we were able to exploit. After finding the vulnerability we were able to get your database credentials and extract your entire database and move the information to an offshore server.\r\n\r\nWhat does this mean?\r\n\r\nWe will systematically go through a series of steps of totally damaging your reputation. First your database will be leaked or sold to the highest bidder which they will use with whatever their intentions are. Next if there are e-mails found they will be e-mailed that their information has been sold or leaked and your https://www.munesh-corner.com was at fault thusly damaging your reputation and having angry customers/associates with whatever angry customers/associates do. Lastly any links that you have indexed in the search engines will be de-indexed based off of blackhat techniques that we used in the past to de-index our targets.\r\n\r\nHow do I stop this?\r\n\r\nWe are willing to refrain from destroying your site’s reputation for a small fee. The current fee is $3000 in bitcoins (0.14 BTC).\r\n\r\nThe amount(approximately): $3000 (0.14 BTC)\r\nThe Address Part 1: bc1qc7ujzextq352sygfk\r\nThe Address Part 2: qcs4tsg7e88m0ktmc9jng\r\n\r\nSo, you have to manually copy + paste Part1 and Part2 in one string made of 42 characters with no space between the parts that start with \"b\" and end with \"g\" is the actually address where you should send the money to.\r\n\r\n Once you have paid we will automatically get informed that it was your payment. Please note that you have to make payment within 72 hours after receiving this message or the database leak, e-mails dispatched, and de-index of your site WILL start!\r\n\r\nHow do I get Bitcoins?\r\n\r\nYou can easily buy bitcoins via several websites or even offline from a Bitcoin-ATM. \r\n\r\nWhat if I don’t pay?\r\n\r\nIf you decide not to pay, we will start the attack at the indicated date and uphold it until you do, there’s no counter measure to this, you will only end up wasting more money trying to find a solution. We will completely destroy your reputation amongst google and your customers.\r\n\r\nThis is not a hoax, do not reply to this email, don’t try to reason or negotiate, we will not read any replies. Once you have paid we will stop what we were doing and you will never hear from us again!\r\n\r\nPlease note that Bitcoin is anonymous and no one will find out that you have complied.','','2023-01-23 09:26:49','2023-01-23 09:26:49',0),(56,'شكوى',NULL,'Hello, my name’s Eric and I just ran across your website at munesh-corner.com...\r\n\r\nI found it after a quick search, so your SEO’s working out…\r\n\r\nContent looks pretty good…\r\n\r\nOne thing’s missing though…\r\n\r\nA QUICK, EASY way to connect with you NOW.\r\n\r\nBecause studies show that a web lead like me will only hang out a few seconds – 7 out of 10 disappear almost instantly, Surf Surf Surf… then gone forever.\r\n\r\nI have the solution:\r\n\r\nTalk With Web Visitor is a software widget that’s works on your site, ready to capture any visitor’s Name, Email address and Phone Number.  You’ll know immediately they’re interested and you can call them directly to TALK with them - literally while they’re still on the web looking at your site.\r\n\r\nCLICK HERE http://jumboleadmagnet.com to try out a Live Demo with Talk With Web Visitor now to see exactly how it works and even give it a try… it could be huge for your business.\r\n\r\nPlus, now that you’ve got that phone number, with our new SMS Text With Lead feature, you can automatically start a text (SMS) conversation pronto… which is so powerful, because connecting with someone within the first 5 minutes is 100 times more effective than waiting 30 minutes or more later.\r\n\r\nThe new text messaging feature lets you follow up regularly with new offers, content links, even just follow up notes to build a relationship.\r\n\r\nEverything I’ve just described is extremely simple to implement, cost-effective, and profitable.\r\n \r\nCLICK HERE http://jumboleadmagnet.com to discover what Talk With Web Visitor can do for your business, potentially converting up to 100X more eyeballs into leads today!\r\n\r\nEric\r\nPS: Talk With Web Visitor offers a FREE 14 days trial – and it even includes International Long Distance Calling. \r\nYou have customers waiting to talk with you right now… don’t keep them waiting. \r\nCLICK HERE http://jumboleadmagnet.com to try Talk With Web Visitor now.\r\n\r\nIf you\'d like to unsubscribe click here http://jumboleadmagnet.com/unsubscribe.aspx?d=munesh-corner.com','','2023-01-24 03:16:52','2023-01-24 03:16:52',0),(57,'شكوى',NULL,'Hey, my name’s Eric and for just a second, imagine this…\r\n\r\n- Someone does a search and winds up at munesh-corner.com.\r\n\r\n- They hang out for a minute to check it out.  “I’m interested… but… maybe…”\r\n\r\n- And then they hit the back button and check out the other search results instead. \r\n\r\n- Bottom line – you got an eyeball, but nothing else to show for it.\r\n\r\n- There they go.\r\n\r\nThis isn’t really your fault – it happens a LOT – studies show 7 out of 10 visitors to any site disappear without leaving a trace.\r\n\r\nBut you CAN fix that.\r\n\r\nTalk With Web Visitor is a software widget that’s works on your site, ready to capture any visitor’s Name, Email address and Phone Number.  It lets you know right then and there – enabling you to call that lead while they’re literally looking over your site.\r\n\r\nCLICK HERE http://jumboleadmagnet.com to try out a Live Demo with Talk With Web Visitor now to see exactly how it works.\r\n\r\nTime is money when it comes to connecting with leads – the difference between contacting someone within 5 minutes versus 30 minutes later can be huge – like 100 times better!\r\n\r\nPlus, now that you have their phone number, with our new SMS Text With Lead feature you can automatically start a text (SMS) conversation… so even if you don’t close a deal then, you can follow up with text messages for new offers, content links, even just “how you doing?” notes to build a relationship.\r\n\r\nStrong stuff.\r\n\r\nCLICK HERE http://jumboleadmagnet.com to discover what Talk With Web Visitor can do for your business.\r\n\r\nYou could be converting up to 100X more leads today!\r\n\r\nEric\r\nPS: Talk With Web Visitor offers a FREE 14 days trial – and it even includes International Long Distance Calling. \r\nYou have customers waiting to talk with you right now… don’t keep them waiting. \r\nCLICK HERE http://jumboleadmagnet.com to try Talk With Web Visitor now.\r\n\r\nIf you\'d like to unsubscribe click here http://jumboleadmagnet.com/unsubscribe.aspx?d=munesh-corner.com','','2023-01-24 14:45:27','2023-01-24 14:45:27',0),(58,'شكوى',NULL,'Hi, my name is Eric and I’m betting you’d like your website munesh-corner.com to generate more leads.\r\n\r\nHere’s how:\r\nTalk With Web Visitor is a software widget that’s works on your site, ready to capture any visitor’s Name, Email address and Phone Number.  It signals you as soon as they say they’re interested – so that you can talk to that lead while they’re still there at munesh-corner.com.\r\n\r\nTalk With Web Visitor – CLICK HERE https://boostleadgeneration.com for a live demo now.\r\n\r\nAnd now that you’ve got their phone number, our new SMS Text With Lead feature enables you to start a text (SMS) conversation – answer questions, provide more info, and close a deal that way.\r\n\r\nIf they don’t take you up on your offer then, just follow up with text messages for new offers, content links, even just “how you doing?” notes to build a relationship.\r\n\r\nCLICK HERE https://boostleadgeneration.com to discover what Talk With Web Visitor can do for your business.\r\n\r\nThe difference between contacting someone within 5 minutes versus a half-hour means you could be converting up to 100X more leads today!\r\n\r\nTry Talk With Web Visitor and get more leads now.\r\n\r\nEric\r\nPS: The studies show 7 out of 10 visitors don’t hang around – you can’t afford to lose them!\r\nTalk With Web Visitor offers a FREE 14 days trial – and it even includes International Long Distance Calling. \r\nYou have customers waiting to talk with you right now… don’t keep them waiting. \r\nCLICK HERE https://boostleadgeneration.com to try Talk With Web Visitor now.\r\n\r\nIf you\'d like to unsubscribe click here http://boostleadgeneration.com/unsubscribe.aspx?d=munesh-corner.com','','2023-01-25 21:08:32','2023-01-25 21:08:32',0),(59,'شكوى',NULL,'Good day, \r\n\r\nMy name is Eric and unlike a lot of emails you might get, I wanted to instead provide you with a word of encouragement – Congratulations\r\n\r\nWhat for?  \r\n\r\nPart of my job is to check out websites and the work you’ve done with munesh-corner.com definitely stands out. \r\n\r\nIt’s clear you took building a website seriously and made a real investment of time and resources into making it top quality.\r\n\r\nThere is, however, a catch… more accurately, a question…\r\n\r\nSo when someone like me happens to find your site – maybe at the top of the search results (nice job BTW) or just through a random link, how do you know? \r\n\r\nMore importantly, how do you make a connection with that person?\r\n\r\nStudies show that 7 out of 10 visitors don’t stick around – they’re there one second and then gone with the wind.\r\n\r\nHere’s a way to create INSTANT engagement that you may not have known about… \r\n\r\nTalk With Web Visitor is a software widget that’s works on your site, ready to capture any visitor’s Name, Email address and Phone Number.  It lets you know INSTANTLY that they’re interested – so that you can talk to that lead while they’re literally checking out munesh-corner.com.\r\n\r\nCLICK HERE https://boostleadgeneration.com to try out a Live Demo with Talk With Web Visitor now to see exactly how it works.\r\n\r\nIt could be a game-changer for your business – and it gets even better… once you’ve captured their phone number, with our new SMS Text With Lead feature, you can automatically start a text (SMS) conversation – immediately (and there’s literally a 100X difference between contacting someone within 5 minutes versus 30 minutes.)\r\n\r\nPlus then, even if you don’t close a deal right away, you can connect later on with text messages for new offers, content links, even just follow up notes to build a relationship.\r\n\r\nEverything I’ve just described is simple, easy, and effective. \r\n\r\nCLICK HERE https://boostleadgeneration.com to discover what Talk With Web Visitor can do for your business.\r\n\r\nYou could be converting up to 100X more leads today!\r\n\r\nEric\r\nPS: Talk With Web Visitor offers a FREE 14 days trial – and it even includes International Long Distance Calling. \r\nYou have customers waiting to talk with you right now… don’t keep them waiting. \r\nCLICK HERE https://boostleadgeneration.com to try Talk With Web Visitor now.\r\n\r\nIf you\'d like to unsubscribe click here http://boostleadgeneration.com/unsubscribe.aspx?d=munesh-corner.com','','2023-01-26 01:12:15','2023-01-26 01:12:15',0),(60,'',NULL,'Congratulations on the new site! Increase its visibility by submitting it to our directory.  http://bit.ly/3koJjRG','','2023-01-27 03:11:13','2023-01-27 03:11:13',0),(61,'شكوى','Your Site Has Been Hacked','Your Site Has Been Hacked\r\n\r\nPLEASE FORWARD THIS EMAIL TO SOMEONE IN YOUR COMPANY WHO IS ALLOWED TO MAKE IMPORTANT DECISIONS!\r\n\r\nWe have hacked your website https://munesh-corner.com and extracted your databases.\r\n\r\nHow did this happen?\r\n\r\nOur team has found a vulnerability within your site that we were able to exploit. After finding the vulnerability we were able to get your database credentials and extract your entire database and move the information to an offshore server.\r\n\r\nWhat does this mean?\r\n\r\nWe will systematically go through a series of steps of totally damaging your reputation. First your database will be leaked or sold to the highest bidder which they will use with whatever their intentions are. Next if there are e-mails found they will be e-mailed that their information has been sold or leaked and your https://munesh-corner.com was at fault thusly damaging your reputation and having angry customers/associates with whatever angry customers/associates do. Lastly any links that you have indexed in the search engines will be de-indexed based off of blackhat techniques that we used in the past to de-index our targets.\r\n\r\nHow do I stop this?\r\n\r\nWe are willing to refrain from destroying your site’s reputation for a small fee. The current fee is $3000 in bitcoins (0.14 BTC).\r\n\r\nThe amount(approximately): $3000 (0.14 BTC)\r\nThe Address Part 1: bc1qj9u7gmjk5kznnnjgs\r\nThe Address Part 2: fvs35fftmtfh7n6wk6jt2\r\n\r\nSo, you have to manually copy + paste Part1 and Part2 in one string made of 42 characters with no space between the parts that start with \"b\" and end with \"2\" is the actually address where you should send the money to.\r\n\r\n Once you have paid we will automatically get informed that it was your payment. Please note that you have to make payment within 72 hours after receiving this message or the database leak, e-mails dispatched, and de-index of your site WILL start!\r\n\r\nHow do I get Bitcoins?\r\n\r\nYou can easily buy bitcoins via several websites or even offline from a Bitcoin-ATM. \r\n\r\nWhat if I don’t pay?\r\n\r\nIf you decide not to pay, we will start the attack at the indicated date and uphold it until you do, there’s no counter measure to this, you will only end up wasting more money trying to find a solution. We will completely destroy your reputation amongst google and your customers.\r\n\r\nThis is not a hoax, do not reply to this email, don’t try to reason or negotiate, we will not read any replies. Once you have paid we will stop what we were doing and you will never hear from us again!\r\n\r\nPlease note that Bitcoin is anonymous and no one will find out that you have complied.','','2023-01-27 23:17:17','2023-01-27 23:17:17',0),(62,'شكوى',NULL,'Good day, \r\n\r\nMy name is Eric and unlike a lot of emails you might get, I wanted to instead provide you with a word of encouragement – Congratulations\r\n\r\nWhat for?  \r\n\r\nPart of my job is to check out websites and the work you’ve done with munesh-corner.com definitely stands out. \r\n\r\nIt’s clear you took building a website seriously and made a real investment of time and resources into making it top quality.\r\n\r\nThere is, however, a catch… more accurately, a question…\r\n\r\nSo when someone like me happens to find your site – maybe at the top of the search results (nice job BTW) or just through a random link, how do you know? \r\n\r\nMore importantly, how do you make a connection with that person?\r\n\r\nStudies show that 7 out of 10 visitors don’t stick around – they’re there one second and then gone with the wind.\r\n\r\nHere’s a way to create INSTANT engagement that you may not have known about… \r\n\r\nTalk With Web Visitor is a software widget that’s works on your site, ready to capture any visitor’s Name, Email address and Phone Number.  It lets you know INSTANTLY that they’re interested – so that you can talk to that lead while they’re literally checking out munesh-corner.com.\r\n\r\nCLICK HERE https://boostleadgeneration.com to try out a Live Demo with Talk With Web Visitor now to see exactly how it works.\r\n\r\nIt could be a game-changer for your business – and it gets even better… once you’ve captured their phone number, with our new SMS Text With Lead feature, you can automatically start a text (SMS) conversation – immediately (and there’s literally a 100X difference between contacting someone within 5 minutes versus 30 minutes.)\r\n\r\nPlus then, even if you don’t close a deal right away, you can connect later on with text messages for new offers, content links, even just follow up notes to build a relationship.\r\n\r\nEverything I’ve just described is simple, easy, and effective. \r\n\r\nCLICK HERE https://boostleadgeneration.com to discover what Talk With Web Visitor can do for your business.\r\n\r\nYou could be converting up to 100X more leads today!\r\n\r\nEric\r\nPS: Talk With Web Visitor offers a FREE 14 days trial – and it even includes International Long Distance Calling. \r\nYou have customers waiting to talk with you right now… don’t keep them waiting. \r\nCLICK HERE https://boostleadgeneration.com to try Talk With Web Visitor now.\r\n\r\nIf you\'d like to unsubscribe click here http://boostleadgeneration.com/unsubscribe.aspx?d=munesh-corner.com','','2023-01-28 12:20:57','2023-01-28 12:20:57',0),(63,'شكوى',NULL,'Hi, Eric here with a quick thought about your website munesh-corner.com...\r\n\r\nI’m on the internet a lot and I look at a lot of business websites.\r\n\r\nLike yours, many of them have great content. \r\n\r\nBut all too often, they come up short when it comes to engaging and connecting with anyone who visits.\r\n\r\nI get it – it’s hard.  Studies show 7 out of 10 people who land on a site, abandon it in moments without leaving even a trace.  You got the eyeball, but nothing else.\r\n\r\nHere’s a solution for you…\r\n\r\nTalk With Web Visitor is a software widget that’s works on your site, ready to capture any visitor’s Name, Email address and Phone Number.  You’ll know immediately they’re interested and you can call them directly to talk with them literally while they’re still on the web looking at your site.\r\n\r\nCLICK HERE https://boostleadgeneration.com to try out a Live Demo with Talk With Web Visitor now to see exactly how it works.\r\n\r\nIt could be huge for your business – and because you’ve got that phone number, with our new SMS Text With Lead feature, you can automatically start a text (SMS) conversation – immediately… and contacting someone in that 5 minute window is 100 times more powerful than reaching out 30 minutes or more later.\r\n\r\nPlus, with text messaging you can follow up later with new offers, content links, even just follow up notes to keep the conversation going.\r\n\r\nEverything I’ve just described is extremely simple to implement, cost-effective, and profitable. \r\n \r\nCLICK HERE https://boostleadgeneration.com to discover what Talk With Web Visitor can do for your business.\r\n\r\nYou could be converting up to 100X more eyeballs into leads today!\r\n\r\nEric\r\nPS: Talk With Web Visitor offers a FREE 14 days trial – and it even includes International Long Distance Calling. \r\nYou have customers waiting to talk with you right now… don’t keep them waiting. \r\nCLICK HERE https://boostleadgeneration.com to try Talk With Web Visitor now.\r\n\r\nIf you\'d like to unsubscribe click here http://boostleadgeneration.com/unsubscribe.aspx?d=munesh-corner.com','','2023-02-04 17:40:50','2023-02-04 17:40:50',0),(64,'شكوى',NULL,'Hey, this is Eric and I ran across munesh-corner.com a few minutes ago.\r\n\r\nLooks great… but now what?\r\n\r\nBy that I mean, when someone like me finds your website – either through Search or just bouncing around – what happens next?  Do you get a lot of leads from your site, or at least enough to make you happy?\r\n\r\nHonestly, most business websites fall a bit short when it comes to generating paying customers. Studies show that 70% of a site’s visitors disappear and are gone forever after just a moment.\r\n\r\nHere’s an idea…\r\n \r\nHow about making it really EASY for every visitor who shows up to get a personal phone call you as soon as they hit your site…\r\n \r\nYou can –\r\n  \r\nTalk With Web Visitor is a software widget that’s works on your site, ready to capture any visitor’s Name, Email address and Phone Number.  It signals you the moment they let you know they’re interested – so that you can talk to that lead while they’re literally looking over your site.\r\n\r\nCLICK HERE http://boostleadgeneration.com to try out a Live Demo with Talk With Web Visitor now to see exactly how it works.\r\n\r\nYou’ll be amazed - the difference between contacting someone within 5 minutes versus a half-hour or more later could increase your results 100-fold.\r\n\r\nIt gets even better… once you’ve captured their phone number, with our new SMS Text With Lead feature, you can automatically start a text (SMS) conversation.\r\n  \r\nThat way, even if you don’t close a deal right away, you can follow up with text messages for new offers, content links, even just “how you doing?” notes to build a relationship.\r\n\r\nPretty sweet – AND effective.\r\n\r\nCLICK HERE http://boostleadgeneration.com to discover what Talk With Web Visitor can do for your business.\r\n\r\nYou could be converting up to 100X more leads today!\r\n\r\nEric\r\nPS: Talk With Web Visitor offers a FREE 14 days trial – and it even includes International Long Distance Calling. \r\nYou have customers waiting to talk with you right now… don’t keep them waiting. \r\nCLICK HERE http://boostleadgeneration.com to try Talk With Web Visitor now.\r\n\r\nIf you\'d like to unsubscribe click here http://boostleadgeneration.com/unsubscribe.aspx?d=munesh-corner.com','','2023-02-04 20:52:31','2023-02-04 20:52:31',0),(65,'شكوى','Zibtziiivvlvr','Submit your new website to our directory and start getting more clients. http://bit.ly/3YgiOMW','','2023-02-06 01:44:06','2023-02-06 01:44:06',0),(66,'شكوى','C R cqn','My name’s Eric and I just came across your website - munesh-corner.com - in the search results.\r\n\r\nHere’s what that means to me…\r\n\r\nYour SEO’s working.\r\n\r\nYou’re getting eyeballs – mine at least.\r\n\r\nYour content’s pretty good, wouldn’t change a thing.\r\n\r\nBUT…\r\n\r\nEyeballs don’t pay the bills.\r\n\r\nCUSTOMERS do.\r\n\r\nAnd studies show that 7 out of 10 visitors to a site like munesh-corner.com will drop by, take a gander, and then head for the hills without doing anything else.\r\n\r\nIt’s like they never were even there.\r\n\r\nYou can fix this.\r\n\r\nYou can make it super-simple for them to raise their hand, say, “okay, let’s talk” without requiring them to even pull their cell phone from their pocket… thanks to Talk With Web Visitor.\r\n\r\nTalk With Web Visitor is a software widget that sits on your site, ready and waiting to capture any visitor’s Name, Email address and Phone Number.  It lets you know immediately – so you can talk to that lead immediately… without delay… BEFORE they head for those hills.\r\n  \r\nCLICK HERE http://jumboleadmagnet.com to try out a Live Demo with Talk With Web Visitor now to see exactly how it works.\r\n\r\nNow it’s also true that when reaching out to hot leads, you MUST act fast – the difference between contacting someone within 5 minutes versus 30 minutes later is huge – like 100 times better!\r\n\r\nThat’s what makes our new SMS Text With Lead feature so powerful… you’ve got their phone number, so now you can start a text message (SMS) conversation with them… so even if they don’t take you up on your offer right away, you continue to text them new offers, new content, and new reasons to do business with you.\r\n\r\nThis could change everything for you and your business.\r\n\r\nCLICK HERE http://jumboleadmagnet.com to learn more about everything Talk With Web Visitor can do and start turing eyeballs into money.\r\n\r\nEric\r\nPS: Talk With Web Visitor offers a FREE 14 days trial – you could be converting up to 100x more leads immediately!   \r\nIt even includes International Long Distance Calling. \r\nPaying customers are out there waiting. \r\nStarting connecting today by CLICKING HERE http://jumboleadmagnet.com to try Talk With Web Visitor now.\r\n\r\nIf you\'d like to unsubscribe click here http://jumboleadmagnet.com/unsubscribe.aspx?d=munesh-corner.com','','2023-02-08 01:25:26','2023-02-08 01:25:26',0),(67,'',NULL,'Get your new site noticed by submitting it to our free directory.  https://78sx.short.gy/Qeycpm','','2023-02-08 15:28:48','2023-02-08 15:28:48',0),(68,'شكوى','Tlkcv xte','Hey, my name’s Eric and for just a second, imagine this…\r\n\r\n- Someone does a search and winds up at munesh-corner.com.\r\n\r\n- They hang out for a minute to check it out.  “I’m interested… but… maybe…”\r\n\r\n- And then they hit the back button and check out the other search results instead. \r\n\r\n- Bottom line – you got an eyeball, but nothing else to show for it.\r\n\r\n- There they go.\r\n\r\nThis isn’t really your fault – it happens a LOT – studies show 7 out of 10 visitors to any site disappear without leaving a trace.\r\n\r\nBut you CAN fix that.\r\n\r\nTalk With Web Visitor is a software widget that’s works on your site, ready to capture any visitor’s Name, Email address and Phone Number.  It lets you know right then and there – enabling you to call that lead while they’re literally looking over your site.\r\n\r\nCLICK HERE http://jumboleadmagnet.com to try out a Live Demo with Talk With Web Visitor now to see exactly how it works.\r\n\r\nTime is money when it comes to connecting with leads – the difference between contacting someone within 5 minutes versus 30 minutes later can be huge – like 100 times better!\r\n\r\nPlus, now that you have their phone number, with our new SMS Text With Lead feature you can automatically start a text (SMS) conversation… so even if you don’t close a deal then, you can follow up with text messages for new offers, content links, even just “how you doing?” notes to build a relationship.\r\n\r\nStrong stuff.\r\n\r\nCLICK HERE http://jumboleadmagnet.com to discover what Talk With Web Visitor can do for your business.\r\n\r\nYou could be converting up to 100X more leads today!\r\n\r\nEric\r\nPS: Talk With Web Visitor offers a FREE 14 days trial – and it even includes International Long Distance Calling. \r\nYou have customers waiting to talk with you right now… don’t keep them waiting. \r\nCLICK HERE http://jumboleadmagnet.com to try Talk With Web Visitor now.\r\n\r\nIf you\'d like to unsubscribe click here http://jumboleadmagnet.com/unsubscribe.aspx?d=munesh-corner.com','','2023-02-10 05:16:22','2023-02-10 05:16:22',0),(69,'شكوى','Esqytwa t','Hello, my name’s Eric and I just ran across your website at munesh-corner.com...\r\n\r\nI found it after a quick search, so your SEO’s working out…\r\n\r\nContent looks pretty good…\r\n\r\nOne thing’s missing though…\r\n\r\nA QUICK, EASY way to connect with you NOW.\r\n\r\nBecause studies show that a web lead like me will only hang out a few seconds – 7 out of 10 disappear almost instantly, Surf Surf Surf… then gone forever.\r\n\r\nI have the solution:\r\n\r\nTalk With Web Visitor is a software widget that’s works on your site, ready to capture any visitor’s Name, Email address and Phone Number.  You’ll know immediately they’re interested and you can call them directly to TALK with them - literally while they’re still on the web looking at your site.\r\n\r\nCLICK HERE http://jumboleadmagnet.com to try out a Live Demo with Talk With Web Visitor now to see exactly how it works and even give it a try… it could be huge for your business.\r\n\r\nPlus, now that you’ve got that phone number, with our new SMS Text With Lead feature, you can automatically start a text (SMS) conversation pronto… which is so powerful, because connecting with someone within the first 5 minutes is 100 times more effective than waiting 30 minutes or more later.\r\n\r\nThe new text messaging feature lets you follow up regularly with new offers, content links, even just follow up notes to build a relationship.\r\n\r\nEverything I’ve just described is extremely simple to implement, cost-effective, and profitable.\r\n \r\nCLICK HERE http://jumboleadmagnet.com to discover what Talk With Web Visitor can do for your business, potentially converting up to 100X more eyeballs into leads today!\r\n\r\nEric\r\nPS: Talk With Web Visitor offers a FREE 14 days trial – and it even includes International Long Distance Calling. \r\nYou have customers waiting to talk with you right now… don’t keep them waiting. \r\nCLICK HERE http://jumboleadmagnet.com to try Talk With Web Visitor now.\r\n\r\nIf you\'d like to unsubscribe click here http://jumboleadmagnet.com/unsubscribe.aspx?d=munesh-corner.com','','2023-02-11 07:50:41','2023-02-11 07:50:41',0),(70,'شكوى','RE: munesh-corner.com FINAL-NOTICE','*INFO SERVICE EXPIRATION FOR munesh-corner.com\r\n\r\nAttention: Accounts Payable / Domain Owner / المنعش \r\n\r\nYour Domain: www.munesh-corner.com \r\nExpected Reply before: Feb 13, 2023.\r\n\r\nThis Notice for: www.munesh-corner.com will expire on Feb 13, 2023. \r\n\r\n\r\n\r\n*For details and to make a payment for munesh-corner.com services by credit card:\r\n\r\nVisit: https://register-collection.com/?web=munesh-corner.com\r\n\r\n\r\n02132023052511077 3382 6527','','2023-02-13 21:25:16','2023-02-13 21:25:16',0),(71,'شكوى','Xsgg Dzeeblin','Hey, this is Eric and I ran across munesh-corner.com a few minutes ago.\r\n\r\nLooks great… but now what?\r\n\r\nBy that I mean, when someone like me finds your website – either through Search or just bouncing around – what happens next?  Do you get a lot of leads from your site, or at least enough to make you happy?\r\n\r\nHonestly, most business websites fall a bit short when it comes to generating paying customers. Studies show that 70% of a site’s visitors disappear and are gone forever after just a moment.\r\n\r\nHere’s an idea…\r\n \r\nHow about making it really EASY for every visitor who shows up to get a personal phone call you as soon as they hit your site…\r\n \r\nYou can –\r\n  \r\nTalk With Web Visitor is a software widget that’s works on your site, ready to capture any visitor’s Name, Email address and Phone Number.  It signals you the moment they let you know they’re interested – so that you can talk to that lead while they’re literally looking over your site.\r\n\r\nCLICK HERE http://jumboleadmagnet.com to try out a Live Demo with Talk With Web Visitor now to see exactly how it works.\r\n\r\nYou’ll be amazed - the difference between contacting someone within 5 minutes versus a half-hour or more later could increase your results 100-fold.\r\n\r\nIt gets even better… once you’ve captured their phone number, with our new SMS Text With Lead feature, you can automatically start a text (SMS) conversation.\r\n  \r\nThat way, even if you don’t close a deal right away, you can follow up with text messages for new offers, content links, even just “how you doing?” notes to build a relationship.\r\n\r\nPretty sweet – AND effective.\r\n\r\nCLICK HERE http://jumboleadmagnet.com to discover what Talk With Web Visitor can do for your business.\r\n\r\nYou could be converting up to 100X more leads today!\r\n\r\nEric\r\nPS: Talk With Web Visitor offers a FREE 14 days trial – and it even includes International Long Distance Calling. \r\nYou have customers waiting to talk with you right now… don’t keep them waiting. \r\nCLICK HERE http://jumboleadmagnet.com to try Talk With Web Visitor now.\r\n\r\nIf you\'d like to unsubscribe click here http://jumboleadmagnet.com/unsubscribe.aspx?d=munesh-corner.com','','2023-02-14 01:51:43','2023-02-14 01:51:43',0),(72,'شكوى','Oiea','Hi, Eric here with a quick thought about your website munesh-corner.com...\r\n\r\nI’m on the internet a lot and I look at a lot of business websites.\r\n\r\nLike yours, many of them have great content. \r\n\r\nBut all too often, they come up short when it comes to engaging and connecting with anyone who visits.\r\n\r\nI get it – it’s hard.  Studies show 7 out of 10 people who land on a site, abandon it in moments without leaving even a trace.  You got the eyeball, but nothing else.\r\n\r\nHere’s a solution for you…\r\n\r\nTalk With Web Visitor is a software widget that’s works on your site, ready to capture any visitor’s Name, Email address and Phone Number.  You’ll know immediately they’re interested and you can call them directly to talk with them literally while they’re still on the web looking at your site.\r\n\r\nCLICK HERE http://jumboleadmagnet.com to try out a Live Demo with Talk With Web Visitor now to see exactly how it works.\r\n\r\nIt could be huge for your business – and because you’ve got that phone number, with our new SMS Text With Lead feature, you can automatically start a text (SMS) conversation – immediately… and contacting someone in that 5 minute window is 100 times more powerful than reaching out 30 minutes or more later.\r\n\r\nPlus, with text messaging you can follow up later with new offers, content links, even just follow up notes to keep the conversation going.\r\n\r\nEverything I’ve just described is extremely simple to implement, cost-effective, and profitable. \r\n \r\nCLICK HERE http://jumboleadmagnet.com to discover what Talk With Web Visitor can do for your business.\r\n\r\nYou could be converting up to 100X more eyeballs into leads today!\r\n\r\nEric\r\nPS: Talk With Web Visitor offers a FREE 14 days trial – and it even includes International Long Distance Calling. \r\nYou have customers waiting to talk with you right now… don’t keep them waiting. \r\nCLICK HERE http://jumboleadmagnet.com to try Talk With Web Visitor now.\r\n\r\nIf you\'d like to unsubscribe click here http://jumboleadmagnet.com/unsubscribe.aspx?d=munesh-corner.com','','2023-02-14 03:10:48','2023-02-14 03:10:48',0),(73,'',NULL,'Good job on the new site! Give it a boost by submitting it to our free directory.  https://tinyurl.com/2s4cme22','','2023-02-18 15:53:08','2023-02-18 15:53:08',0),(74,'شكوى','Ianppcponjsnov','Hi munesh-corner.com Webmaster.\r\n\r\nMy name’s Eric and for just a second, imagine this…\r\n\r\n- Someone does a search and winds up at munesh-corner.com.\r\n\r\n- They hang out for a minute to check it out.  “I’m interested… but… maybe…”\r\n\r\n- And then they hit the back button and check out the other search results instead. \r\n\r\n- Bottom line – you got an eyeball, but nothing else to show for it.\r\n\r\n- There they go.\r\n\r\nThis isn’t really your fault – it happens a LOT – studies show 7 out of 10 visitors to any site disappear without leaving a trace.\r\n\r\nBut you CAN fix that.\r\n\r\nWeb Visitors Into Leads is a software widget that’s works on your site, ready to capture any visitor’s Name, Email address and Phone Number.  It lets you know right then and there – enabling you to call that lead while they’re literally looking over your site.\r\n\r\nCLICK HERE http://jumboleadmagnet.com to try out a Live Demo with Web Visitors Into Leads now to see exactly how it works.\r\n\r\nTime is money when it comes to connecting with leads – the difference between contacting someone within 5 minutes versus 30 minutes later can be huge – like 100 times better!\r\n\r\nPlus, now that you have their phone number, with our new SMS Text With Lead feature you can automatically start a text (SMS) conversation… so even if you don’t close a deal then, you can follow up with text messages for new offers, content links, even just “how you doing?” notes to build a relationship.\r\n\r\nStrong stuff.\r\n\r\nCLICK HERE http://jumboleadmagnet.com to discover what Web Visitors Into Leads can do for your business.\r\n\r\nYou could be converting up to 100X more leads today!\r\n\r\nEric\r\nPS: Web Visitors Into Leads offers a FREE 14 days trial – and it even includes International Long Distance Calling. \r\nYou have customers waiting to talk with you right now… don’t keep them waiting. \r\nCLICK HERE http://jumboleadmagnet.com to try Web Visitors Into Leads now.\r\n\r\nIf you\'d like to unsubscribe click here http://jumboleadmagnet.com/unsubscribe.aspx?d=munesh-corner.com','','2023-02-19 02:14:31','2023-02-19 02:14:31',0),(75,'شكوى','Jwndzi','Fantastic work on the new site! Get it listed in our directory for more exposure. https://bit.ly/3YhCEb5','','2023-02-20 02:33:53','2023-02-20 02:33:53',0);

--
-- Table structure for table `content_section_translations`
--

CREATE TABLE `content_section_translations` (
  `id` int unsigned NOT NULL AUTO_INCREMENT,
  `content_section_id` int unsigned NOT NULL,
  `title` varchar(191) CHARACTER SET utf8mb4 COLLATE utf8mb4_unicode_ci DEFAULT NULL,
  `locale` varchar(191) CHARACTER SET utf8mb4 COLLATE utf8mb4_unicode_ci NOT NULL,
  `created_at` timestamp NULL DEFAULT NULL,
  `updated_at` timestamp NULL DEFAULT NULL,
  PRIMARY KEY (`id`),
  UNIQUE KEY `content_section_translations_content_section_id_locale_unique` (`content_section_id`,`locale`),
  CONSTRAINT `content_section_translations_content_section_id_foreign` FOREIGN KEY (`content_section_id`) REFERENCES `content_sections` (`id`) ON DELETE CASCADE
) ENGINE=InnoDB AUTO_INCREMENT=71 DEFAULT CHARSET=utf8mb4 COLLATE=utf8mb4_unicode_ci;

--
-- Dumping data for table `content_section_translations`
--

INSERT INTO `content_section_translations` (`id`, `content_section_id`, `title`, `locale`, `created_at`, `updated_at`) VALUES (25,13,'منتجات تهمك','ar',NULL,NULL),(26,13,'منتجات تهمك','en',NULL,NULL),(29,15,'مقالات جديدة','ar',NULL,NULL),(30,15,'Newly added Articles','en',NULL,NULL),(31,16,'اخترنا لك','ar',NULL,NULL),(32,16,'Top Picks','en',NULL,NULL),(33,17,'وصل حديثا','ar',NULL,NULL),(34,17,'New Arrivals','en',NULL,NULL),(37,19,'مستلزمات الحج والعمرة','ar',NULL,NULL),(38,19,'Hajj and Umrah supplies','en',NULL,NULL),(59,30,'الحمل والنفاس','ar',NULL,NULL),(60,30,'Pregnancy & Postpartum','en',NULL,NULL),(61,31,'مستلزمات الحفاض','ar',NULL,NULL),(62,31,'Diaper supplies','en',NULL,NULL),(63,32,'أساسيات الطفل','ar',NULL,NULL),(64,32,'Baby Essentials','en',NULL,NULL),(65,33,'مستلزمات الديوانية','ar',NULL,NULL),(66,33,'Diwaniya supplies','en',NULL,NULL),(67,34,'العناية المنزلية','ar',NULL,NULL),(68,34,'home care','en',NULL,NULL),(69,35,'لوازم المطبخ','ar',NULL,NULL),(70,35,'kitchen supplies','en',NULL,NULL);

--
-- Table structure for table `content_sections`
--

CREATE TABLE `content_sections` (
  `id` int unsigned NOT NULL AUTO_INCREMENT,
  `order` int NOT NULL,
  `status` int NOT NULL DEFAULT '1',
  `created_at` timestamp NULL DEFAULT NULL,
  `updated_at` timestamp NULL DEFAULT NULL,
  `start_offer` datetime DEFAULT NULL,
  `end_offer` datetime DEFAULT NULL,
  `categoryShow` varchar(11) CHARACTER SET utf8mb4 COLLATE utf8mb4_unicode_ci DEFAULT NULL,
  `web` tinyint DEFAULT NULL,
  `typeOfWeb` int DEFAULT NULL,
  `articles_id` int DEFAULT NULL,
  PRIMARY KEY (`id`),
  KEY `content_sections_categoryshow_foreign` (`categoryShow`)
) ENGINE=InnoDB AUTO_INCREMENT=36 DEFAULT CHARSET=utf8mb4 COLLATE=utf8mb4_unicode_ci;

--
-- Dumping data for table `content_sections`
--

INSERT INTO `content_sections` (`id`, `order`, `status`, `created_at`, `updated_at`, `start_offer`, `end_offer`, `categoryShow`, `web`, `typeOfWeb`, `articles_id`) VALUES (13,2,1,'2023-06-01 03:51:56','2023-09-11 00:29:08',NULL,NULL,'articles',NULL,NULL,1),(15,3,0,'2023-06-12 05:57:35','2023-09-11 00:28:59',NULL,NULL,'articles',NULL,NULL,1),(16,4,0,'2023-06-19 00:22:20','2023-09-11 00:29:08',NULL,NULL,NULL,NULL,NULL,NULL),(17,5,1,'2023-06-19 17:04:31','2023-09-11 00:29:08',NULL,NULL,NULL,NULL,NULL,NULL),(19,6,1,'2023-06-22 00:43:05','2023-09-11 00:29:08',NULL,NULL,NULL,NULL,NULL,NULL),(30,7,1,'2023-06-22 01:09:22','2023-09-11 00:29:08',NULL,NULL,'45',NULL,NULL,NULL),(31,8,1,'2023-06-22 01:17:36','2023-09-11 00:29:08',NULL,NULL,'45',NULL,NULL,NULL),(32,9,1,'2023-06-22 01:23:31','2023-09-11 00:29:08',NULL,NULL,'45',NULL,NULL,NULL),(33,10,1,'2023-06-22 01:34:25','2023-09-11 00:29:08',NULL,NULL,'46',NULL,NULL,NULL),(34,10,1,'2023-06-22 01:39:36','2023-09-11 00:28:59',NULL,NULL,'46',NULL,NULL,NULL),(35,1,1,'2023-06-22 01:50:42','2023-09-11 00:29:08',NULL,NULL,NULL,NULL,NULL,NULL);

--
-- Table structure for table `countries`
--

CREATE TABLE `countries` (
  `id` int unsigned NOT NULL AUTO_INCREMENT,
  `status` tinyint(1) NOT NULL DEFAULT '1',
  `image` varchar(191) CHARACTER SET utf8mb4 COLLATE utf8mb4_unicode_ci DEFAULT NULL,
  `code` varchar(191) CHARACTER SET utf8mb4 COLLATE utf8mb4_unicode_ci DEFAULT NULL,
  `currency` varchar(191) CHARACTER SET utf8mb4 COLLATE utf8mb4_unicode_ci DEFAULT NULL,
  `address_address` varchar(191) CHARACTER SET utf8mb4 COLLATE utf8mb4_unicode_ci NOT NULL,
  `address_latitude` double NOT NULL,
  `address_longitude` double NOT NULL,
  `created_at` timestamp NULL DEFAULT NULL,
  `updated_at` timestamp NULL DEFAULT NULL,
  `prices` float NOT NULL,
  `key` varchar(191) CHARACTER SET utf8mb4 COLLATE utf8mb4_unicode_ci DEFAULT NULL,
  PRIMARY KEY (`id`)
) ENGINE=InnoDB AUTO_INCREMENT=7 DEFAULT CHARSET=utf8mb4 COLLATE=utf8mb4_unicode_ci;

--
-- Dumping data for table `countries`
--

INSERT INTO `countries` (`id`, `status`, `image`, `code`, `currency`, `address_address`, `address_latitude`, `address_longitude`, `created_at`, `updated_at`, `prices`, `key`) VALUES (1,1,'2022-12-27-6.png','KWT','KWD','مدينة الكويت، Kuwait',29.375859,47.9774052,'2020-07-29 23:06:29','2022-12-28 07:44:24',1,'+965'),(2,1,'2022-12-27-5.png','SAU','SAR','Saudi Arabia',23.885942,45.079162,'2022-04-25 17:22:01','2022-12-28 07:50:27',12.5,'+966'),(3,1,'2022-12-27-4.png','ARE','AE','ينبع السعودية',24.0231757,38.1899782,'2022-12-24 19:04:23','2022-12-28 07:50:39',1,'٠'),(4,1,'2022-12-27-3.png','BHR','BHR',';',0,0,'2022-12-24 19:05:32','2022-12-28 07:50:51',0,'0'),(5,1,'2022-12-27-2.png','OMN','OMN',';',0,0,'2022-12-24 19:06:01','2022-12-28 07:51:05',0,'0'),(6,1,'2022-12-27-1.png','QAT','QAT',';',0,0,'2022-12-24 19:06:30','2022-12-28 07:51:17',0,'0');

--
-- Table structure for table `country_translations`
--

CREATE TABLE `country_translations` (
  `id` int unsigned NOT NULL AUTO_INCREMENT,
  `country_id` int unsigned NOT NULL,
  `name` varchar(191) CHARACTER SET utf8mb4 COLLATE utf8mb4_unicode_ci NOT NULL,
  `locale` varchar(191) CHARACTER SET utf8mb4 COLLATE utf8mb4_unicode_ci NOT NULL,
  `created_at` timestamp NULL DEFAULT NULL,
  `updated_at` timestamp NULL DEFAULT NULL,
  PRIMARY KEY (`id`),
  UNIQUE KEY `country_translations_country_id_locale_unique` (`country_id`,`locale`),
  KEY `country_translations_locale_index` (`locale`),
  CONSTRAINT `country_translations_country_id_foreign` FOREIGN KEY (`country_id`) REFERENCES `countries` (`id`) ON DELETE CASCADE
) ENGINE=InnoDB AUTO_INCREMENT=13 DEFAULT CHARSET=utf8mb4 COLLATE=utf8mb4_unicode_ci;

--
-- Dumping data for table `country_translations`
--

INSERT INTO `country_translations` (`id`, `country_id`, `name`, `locale`, `created_at`, `updated_at`) VALUES (1,1,'الكويت','ar',NULL,NULL),(2,1,'kuwait','en',NULL,NULL),(3,2,'السعودية','ar',NULL,NULL),(4,2,'Saudi Arabia','en',NULL,NULL),(5,3,'الامارات العربيه المتحده','ar',NULL,NULL),(6,3,'الامارات العربيه المتحده','en',NULL,NULL),(7,4,'البحرين','ar',NULL,NULL),(8,4,'البحرين','en',NULL,NULL),(9,5,'عمان','ar',NULL,NULL),(10,5,'عمان','en',NULL,NULL),(11,6,'قطر','ar',NULL,NULL),(12,6,'قطر','en',NULL,NULL);

--
-- Table structure for table `coupone_relateds`
--

CREATE TABLE `coupone_relateds` (
  `id` int unsigned NOT NULL AUTO_INCREMENT,
  `coupons_id` int unsigned NOT NULL,
  `related_id` int NOT NULL,
  `created_at` timestamp NULL DEFAULT NULL,
  `updated_at` timestamp NULL DEFAULT NULL,
  PRIMARY KEY (`id`),
  KEY `coupone_relateds_coupons_id_foreign` (`coupons_id`),
  CONSTRAINT `coupone_relateds_coupons_id_foreign` FOREIGN KEY (`coupons_id`) REFERENCES `coupons` (`id`) ON DELETE CASCADE
) ENGINE=InnoDB DEFAULT CHARSET=utf8mb4 COLLATE=utf8mb4_unicode_ci;

--
-- Dumping data for table `coupone_relateds`
--


--
-- Table structure for table `coupons`
--

CREATE TABLE `coupons` (
  `id` int unsigned NOT NULL AUTO_INCREMENT,
  `user_id` int unsigned DEFAULT NULL,
  `name` varchar(255) CHARACTER SET utf8mb4 COLLATE utf8mb4_unicode_ci NOT NULL,
  `code` varchar(255) CHARACTER SET utf8mb4 COLLATE utf8mb4_unicode_ci NOT NULL,
  `type` varchar(255) CHARACTER SET utf8mb4 COLLATE utf8mb4_unicode_ci NOT NULL,
  `value` varchar(255) CHARACTER SET utf8mb4 COLLATE utf8mb4_unicode_ci NOT NULL,
  `count` int NOT NULL DEFAULT '0',
  `status` int NOT NULL DEFAULT '1',
  `created_at` timestamp NULL DEFAULT NULL,
  `updated_at` timestamp NULL DEFAULT NULL,
  `type_code` varchar(191) CHARACTER SET utf8mb4 COLLATE utf8mb4_unicode_ci DEFAULT NULL,
  `expire_date` date DEFAULT NULL,
  `points` int DEFAULT '0',
  `codeType` enum('loyalty','normal') CHARACTER SET utf8mb4 COLLATE utf8mb4_unicode_ci DEFAULT 'normal',
  PRIMARY KEY (`id`),
  KEY `coupons_user_id_foreign` (`user_id`),
  CONSTRAINT `coupons_user_id_foreign` FOREIGN KEY (`user_id`) REFERENCES `users` (`id`) ON DELETE CASCADE
) ENGINE=InnoDB DEFAULT CHARSET=utf8mb4 COLLATE=utf8mb4_unicode_ci;

--
-- Dumping data for table `coupons`
--


--
-- Table structure for table `failed_jobs`
--

CREATE TABLE `failed_jobs` (
  `id` bigint unsigned NOT NULL AUTO_INCREMENT,
  `uuid` varchar(255) CHARACTER SET utf8mb4 COLLATE utf8mb4_unicode_ci NOT NULL,
  `connection` text CHARACTER SET utf8mb4 COLLATE utf8mb4_unicode_ci NOT NULL,
  `queue` text CHARACTER SET utf8mb4 COLLATE utf8mb4_unicode_ci NOT NULL,
  `payload` longtext CHARACTER SET utf8mb4 COLLATE utf8mb4_unicode_ci NOT NULL,
  `exception` longtext CHARACTER SET utf8mb4 COLLATE utf8mb4_unicode_ci NOT NULL,
  `failed_at` timestamp NOT NULL DEFAULT CURRENT_TIMESTAMP,
  PRIMARY KEY (`id`),
  UNIQUE KEY `failed_jobs_uuid_unique` (`uuid`)
) ENGINE=InnoDB DEFAULT CHARSET=utf8mb4 COLLATE=utf8mb4_unicode_ci;

--
-- Dumping data for table `failed_jobs`
--


--
-- Table structure for table `feature_option_translations`
--

CREATE TABLE `feature_option_translations` (
  `id` int unsigned NOT NULL AUTO_INCREMENT,
  `feature_option_id` int unsigned NOT NULL,
  `title` varchar(255) CHARACTER SET utf8mb4 COLLATE utf8mb4_unicode_ci DEFAULT NULL,
  `locale` varchar(255) CHARACTER SET utf8mb4 COLLATE utf8mb4_unicode_ci NOT NULL,
  `created_at` timestamp NULL DEFAULT NULL,
  `updated_at` timestamp NULL DEFAULT NULL,
  PRIMARY KEY (`id`),
  UNIQUE KEY `feature_option_translations_feature_option_id_locale_unique` (`feature_option_id`,`locale`),
  CONSTRAINT `feature_option_translations_feature_option_id_foreign` FOREIGN KEY (`feature_option_id`) REFERENCES `feature_options` (`id`) ON DELETE CASCADE
) ENGINE=InnoDB AUTO_INCREMENT=1745 DEFAULT CHARSET=utf8mb4 COLLATE=utf8mb4_unicode_ci;

--
-- Dumping data for table `feature_option_translations`
--

INSERT INTO `feature_option_translations` (`id`, `feature_option_id`, `title`, `locale`, `created_at`, `updated_at`) VALUES (13,7,'10 مفارش','ar',NULL,NULL),(14,7,'10 مفارش','en',NULL,NULL),(15,8,'50 مفارش','ar',NULL,NULL),(16,8,'50 مفارش','en',NULL,NULL),(29,15,'10 مفارش','ar',NULL,NULL),(30,15,'10 مفارش','en',NULL,NULL),(31,16,'xl','ar',NULL,NULL),(32,16,'xl','en',NULL,NULL),(33,17,'20 مفرش','ar',NULL,NULL),(34,17,'20 مفرش','en',NULL,NULL),(35,18,'xl','ar',NULL,NULL),(36,18,'xl','en',NULL,NULL),(37,19,'l','ar',NULL,NULL),(38,19,'l','en',NULL,NULL),(39,20,'1 باكيت','ar',NULL,NULL),(40,20,'1 Pack','en',NULL,NULL),(41,21,'عرض ال 6 باكيت','ar',NULL,NULL),(42,21,'6 Pack Offer','en',NULL,NULL),(43,22,'xl','ar',NULL,NULL),(44,22,'xl','en',NULL,NULL),(45,23,'l','ar',NULL,NULL),(46,23,'l','en',NULL,NULL),(47,24,'20 مفارش','ar',NULL,NULL),(48,24,'20 Underpads','en',NULL,NULL),(49,25,'100 مفرش','ar',NULL,NULL),(50,25,'100 Underpads','en',NULL,NULL),(51,29,'10 مفارش','ar',NULL,NULL),(52,29,'10 Underpad','en',NULL,NULL),(53,30,'100 مفرش','ar',NULL,NULL),(54,30,'100 Underpad','en',NULL,NULL),(55,31,'1 باكيت','ar',NULL,NULL),(56,31,'1 Packet','en',NULL,NULL),(57,32,'5 باكيت','ar',NULL,NULL),(58,32,'5 Packet','en',NULL,NULL),(65,36,'1 باكيت','ar',NULL,NULL),(66,36,'1 Packet','en',NULL,NULL),(67,37,'6 باكيت','ar',NULL,NULL),(68,37,'6 Packet','en',NULL,NULL),(69,38,'1 باكيت','ar',NULL,NULL),(70,38,'1 Packet','en',NULL,NULL),(71,39,'6 باكيت','ar',NULL,NULL),(72,39,'6 Packet','en',NULL,NULL),(73,40,'1 باكيت','ar',NULL,NULL),(74,40,'1 Pack','en',NULL,NULL),(75,41,'6 باكيت','ar',NULL,NULL),(76,41,'6 Packs','en',NULL,NULL),(77,42,'1 باكيت','ar',NULL,NULL),(78,42,'1 Pack','en',NULL,NULL),(79,43,'4 باكيت','ar',NULL,NULL),(80,43,'4 Packs','en',NULL,NULL),(81,44,'1 جهاز','ar',NULL,NULL),(82,44,'1 Piece','en',NULL,NULL),(83,45,'2 جهاز','ar',NULL,NULL),(84,45,'2 Pieces','en',NULL,NULL),(85,46,'1 جهاز','ar',NULL,NULL),(86,46,'1 Piece','en',NULL,NULL),(87,47,'2 جهاز','ar',NULL,NULL),(88,47,'2 Pieces','en',NULL,NULL),(89,48,'1 باكيت','ar',NULL,NULL),(90,48,'1 Pack','en',NULL,NULL),(91,49,'6 باكيت','ar',NULL,NULL),(92,49,'6 Packs','en',NULL,NULL),(93,50,'1 باكيت','ar',NULL,NULL),(94,50,'1 Packet','en',NULL,NULL),(95,51,'6 باكيت','ar',NULL,NULL),(96,51,'6 Packet','en',NULL,NULL),(97,114,'1 باكيت','ar',NULL,NULL),(98,114,'1 Packet','en',NULL,NULL),(101,116,'6 باكيت','ar',NULL,NULL),(102,116,'6 Packet','en',NULL,NULL),(103,155,'1 جهاز','ar',NULL,NULL),(104,155,'1 Piece','en',NULL,NULL),(105,166,'1 باكيت','ar',NULL,NULL),(106,166,'1 Packet','en',NULL,NULL),(111,169,'1 جهاز','ar',NULL,NULL),(112,169,'1 Piece','en',NULL,NULL),(113,170,'1 باكيت','ar',NULL,NULL),(114,170,'1 Packet','en',NULL,NULL),(117,172,'6 باكيت','ar',NULL,NULL),(118,172,'6 Packet','en',NULL,NULL),(119,173,'1 جهاز','ar',NULL,NULL),(120,173,'1 Piece','en',NULL,NULL),(121,174,'1 جهاز','ar',NULL,NULL),(122,174,'1 Piece','en',NULL,NULL),(123,175,'1 باكيت','ar',NULL,NULL),(124,175,'1 Packet','en',NULL,NULL),(125,176,'6 باكيت','ar',NULL,NULL),(126,176,'6 Packet','en',NULL,NULL),(127,177,'1 قطعة','ar',NULL,NULL),(128,177,'1 Piece','en',NULL,NULL),(129,178,'1 جهاز','ar',NULL,NULL),(130,178,'1 Piece','en',NULL,NULL),(131,179,'15 شورت','ar',NULL,NULL),(132,179,'15 Shorts','en',NULL,NULL),(135,181,'جهاز','ar',NULL,NULL),(136,181,'1 Piece','en',NULL,NULL),(137,182,'90 شورت','ar',NULL,NULL),(138,182,'90 Shorts','en',NULL,NULL),(141,184,'1 جهاز','ar',NULL,NULL),(142,184,'1 Piece','en',NULL,NULL),(143,185,'1 جهاز','ar',NULL,NULL),(144,185,'1 Piece','en',NULL,NULL),(147,187,'8 باكيت','ar',NULL,NULL),(148,187,'8 Packs','en',NULL,NULL),(149,191,NULL,'ar',NULL,NULL),(150,191,NULL,'en',NULL,NULL),(153,193,'1 باكيت','ar',NULL,NULL),(154,193,'1 Pack','en',NULL,NULL),(155,194,'4 باكيت','ar',NULL,NULL),(156,194,'4 Packs','en',NULL,NULL),(161,224,'20 قفاز','ar',NULL,NULL),(162,224,'20 Gloves','en',NULL,NULL),(163,225,'40 قفاز','ar',NULL,NULL),(164,225,'40 Gloves','en',NULL,NULL),(165,226,'1 باكيت','ar',NULL,NULL),(166,226,'1 Pack','en',NULL,NULL),(167,227,'3 باكيت','ar',NULL,NULL),(168,227,'3 Packs','en',NULL,NULL),(177,261,'1 باكيت','ar',NULL,NULL),(178,261,'Packet 1','en',NULL,NULL),(179,262,'5 باكيت','ar',NULL,NULL),(180,262,'Packet 5','en',NULL,NULL),(181,263,'10 باكيت','ar',NULL,NULL),(182,263,'Packet 10','en',NULL,NULL),(183,269,'1 باكيت','ar',NULL,NULL),(184,269,'1 Packet','en',NULL,NULL),(185,270,'1 عبوة','ar',NULL,NULL),(186,270,'1 Piece','en',NULL,NULL),(187,271,'2 عبوة','ar',NULL,NULL),(188,271,'2 Pieces','en',NULL,NULL),(189,272,'10 باكيت','ar',NULL,NULL),(190,272,'10 Packet','en',NULL,NULL),(191,273,'1 باكيت - 100 كف','ar',NULL,NULL),(192,273,'Packet 1 - 100 Glove','en',NULL,NULL),(193,275,'1 عبوة','ar',NULL,NULL),(194,275,'1 Piece','en',NULL,NULL),(195,276,'10 باكيت - 1000 كف','ar',NULL,NULL),(196,276,'Packet 10 - 1000 Glove','en',NULL,NULL),(197,277,'2 عبوة','ar',NULL,NULL),(198,277,'2 Pieces','en',NULL,NULL),(199,278,'ا باكيت','ar',NULL,NULL),(200,278,'Packet 1','en',NULL,NULL),(201,279,'10 باكيت','ar',NULL,NULL),(202,279,'Packet 10','en',NULL,NULL),(203,280,'1 باكيت','ar',NULL,NULL),(204,280,'Packet 1','en',NULL,NULL),(205,281,'1 رول','ar',NULL,NULL),(206,281,'1 Roll','en',NULL,NULL),(207,282,'10 باكيت','ar',NULL,NULL),(208,282,'Packet 10','en',NULL,NULL),(209,283,'4 رول','ar',NULL,NULL),(210,283,'4 Roll','en',NULL,NULL),(211,284,'1 باكيت','ar',NULL,NULL),(212,284,'Packet 1','en',NULL,NULL),(213,285,'10 باكيت','ar',NULL,NULL),(214,285,'Packet 10','en',NULL,NULL),(215,286,'1 باكيت','ar',NULL,NULL),(216,286,'1 Packet','en',NULL,NULL),(217,287,'3 باكيت','ar',NULL,NULL),(218,287,'3 Packet','en',NULL,NULL),(219,288,'1 باكيت - 100 كف','ar',NULL,NULL),(220,288,'Packet 1 - 100 Glove','en',NULL,NULL),(221,289,'10 باكيت - 1000 كف','ar',NULL,NULL),(222,289,'Packet 10 - 1000 Glove','en',NULL,NULL),(223,290,'1 باكيت','ar',NULL,NULL),(224,290,'1 Pack','en',NULL,NULL),(225,291,'4 باكيت','ar',NULL,NULL),(226,291,'4 Packs','en',NULL,NULL),(227,292,'1 قطعة','ar',NULL,NULL),(228,292,'1 Piece','en',NULL,NULL),(231,303,'2 قطعة','ar',NULL,NULL),(232,303,'2 Piece','en',NULL,NULL),(235,350,'1 باكيت','ar',NULL,NULL),(236,350,'1 Pack','en',NULL,NULL),(237,353,'2 باكيت','ar',NULL,NULL),(238,353,'Packs 2','en',NULL,NULL),(247,367,'1 باكيت','ar',NULL,NULL),(248,367,'Packet 1','en',NULL,NULL),(249,368,'6 باكيت','ar',NULL,NULL),(250,368,'Packet 6','en',NULL,NULL),(255,371,'1 عبوة','ar',NULL,NULL),(256,371,'Package 1','en',NULL,NULL),(259,399,'1 باكيت','ar',NULL,NULL),(260,399,'1 Packet','en',NULL,NULL),(261,413,'2 عبوة','ar',NULL,NULL),(262,413,'Package 2','en',NULL,NULL),(263,433,'2 باكيت','ar',NULL,NULL),(264,433,'2 Packet','en',NULL,NULL),(265,472,'1 باكيت','ar',NULL,NULL),(266,472,'Packet 1','en',NULL,NULL),(267,473,'6 باكيت','ar',NULL,NULL),(268,473,'Packet 6','en',NULL,NULL),(269,482,'50 غطاء','ar',NULL,NULL),(270,482,'50 Pieces','en',NULL,NULL),(271,484,'1 باكيت','ar',NULL,NULL),(272,484,'Packet 1','en',NULL,NULL),(273,485,'5 باكيت','ar',NULL,NULL),(274,485,'Packet 5','en',NULL,NULL),(275,486,'10 باكيت','ar',NULL,NULL),(276,486,'Packet 10','en',NULL,NULL),(277,487,'1 باكيت','ar',NULL,NULL),(278,487,'1 Pack','en',NULL,NULL),(279,488,'20 مفرش','ar',NULL,NULL),(280,488,'20 Sheet','en',NULL,NULL),(281,489,'4 باكيت','ar',NULL,NULL),(282,489,'4 Packs','en',NULL,NULL),(283,490,'100 مفرش','ar',NULL,NULL),(284,490,'100 Sheet','en',NULL,NULL),(285,491,'1 باكيت','ar',NULL,NULL),(286,491,'1 Pack','en',NULL,NULL),(287,492,'3 باكيت','ar',NULL,NULL),(288,492,'3  Packs','en',NULL,NULL),(289,493,'1 باكيت','ar',NULL,NULL),(290,493,'Packet 1','en',NULL,NULL),(291,494,'8 باكيت','ar',NULL,NULL),(292,494,'Packet 8','en',NULL,NULL),(295,496,'1 باكيت','ar',NULL,NULL),(296,496,'1 Packet','en',NULL,NULL),(297,497,'4 باكيت','ar',NULL,NULL),(298,497,'4 Packet','en',NULL,NULL),(299,498,'1 باكيت','ar',NULL,NULL),(300,498,'1 Packet','en',NULL,NULL),(301,499,'2 باكيت','ar',NULL,NULL),(302,499,'2 Packet','en',NULL,NULL),(303,500,'1 باكيت','ar',NULL,NULL),(304,500,'Packet 1','en',NULL,NULL),(305,501,'1 باكيت','ar',NULL,NULL),(306,501,'1 Pack','en',NULL,NULL),(307,502,'4 باكيت','ar',NULL,NULL),(308,502,'Packet 4','en',NULL,NULL),(309,503,'4 باكيت','ar',NULL,NULL),(310,503,'4 Packs','en',NULL,NULL),(311,504,'1 باكيت','ar',NULL,NULL),(312,504,'1 Packet','en',NULL,NULL),(313,505,'2 باكيت','ar',NULL,NULL),(314,505,'2 Packet','en',NULL,NULL),(315,506,'1 رول','ar',NULL,NULL),(316,506,'1 Roll','en',NULL,NULL),(317,507,'3 رول','ar',NULL,NULL),(318,507,'3 Roll','en',NULL,NULL),(319,508,'100 غطاء','ar',NULL,NULL),(320,508,'100 Piece','en',NULL,NULL),(321,509,'500 غطاء','ar',NULL,NULL),(322,509,'500 Piece','en',NULL,NULL),(323,510,'1 رول','ar',NULL,NULL),(324,510,'1 Roll','en',NULL,NULL),(325,511,'2 رول','ar',NULL,NULL),(326,511,'2 Roll','en',NULL,NULL),(327,512,'1 باكيت','ar',NULL,NULL),(328,512,'1 Pack','en',NULL,NULL),(329,513,'4 باكيت','ar',NULL,NULL),(330,513,'4  Packs','en',NULL,NULL),(331,514,'1 باكيت','ar',NULL,NULL),(332,514,'1 Packet','en',NULL,NULL),(333,515,'4 باكيت','ar',NULL,NULL),(334,515,'4  Packet','en',NULL,NULL),(335,516,'10 باكيت','ar',NULL,NULL),(336,516,'10 Packet','en',NULL,NULL),(337,517,'1 باكيت','ar',NULL,NULL),(338,517,'1 Pack','en',NULL,NULL),(339,518,'3 باكيت','ar',NULL,NULL),(340,518,'3 Packs','en',NULL,NULL),(341,519,'1 باكيت','ar',NULL,NULL),(342,519,'1 Pack','en',NULL,NULL),(343,520,'3 باكيت','ar',NULL,NULL),(344,520,'3 Packs','en',NULL,NULL),(345,521,'1باكيت','ar',NULL,NULL),(346,521,'1 Pack','en',NULL,NULL),(347,522,'2 باكيت','ar',NULL,NULL),(348,522,'Packs 2','en',NULL,NULL),(349,523,'20 حقيبة','ar',NULL,NULL),(350,523,'20 Bag','en',NULL,NULL),(351,524,'40 حقيبة','ar',NULL,NULL),(352,524,'40 Bag','en',NULL,NULL),(353,525,'1 باكيت','ar',NULL,NULL),(354,525,'1 Packet','en',NULL,NULL),(355,526,'2 باكيت','ar',NULL,NULL),(356,526,'2 Packet','en',NULL,NULL),(357,534,'1 باكيت','ar',NULL,NULL),(358,534,'1 Packet','en',NULL,NULL),(359,535,'2 باكيت','ar',NULL,NULL),(360,535,'2 Packet','en',NULL,NULL),(361,536,'1 باكيت','ar',NULL,NULL),(362,536,'1 Packet','en',NULL,NULL),(363,537,'العرض','ar',NULL,NULL),(364,537,'Offer','en',NULL,NULL),(365,538,'2 باكيت','ar',NULL,NULL),(366,538,'2 Packet','en',NULL,NULL),(367,539,'1 قطعة','ar',NULL,NULL),(368,539,'1 Pcs','en',NULL,NULL),(369,540,'5 قطع','ar',NULL,NULL),(370,540,'5 Pcs','en',NULL,NULL),(371,541,'1 باكيت','ar',NULL,NULL),(372,541,'1 Packet','en',NULL,NULL),(373,542,'2 باكيت','ar',NULL,NULL),(374,542,'2 Packet','en',NULL,NULL),(375,543,'1 قطعة','ar',NULL,NULL),(376,543,'1 Piece','en',NULL,NULL),(377,544,'2 قطعة','ar',NULL,NULL),(378,544,'2 Pieces','en',NULL,NULL),(379,545,'1 قطعة','ar',NULL,NULL),(380,545,'1 Piece','en',NULL,NULL),(381,546,'2 قطع','ar',NULL,NULL),(382,546,'2 Pieces','en',NULL,NULL),(383,547,'1 باكيت','ar',NULL,NULL),(384,547,'1 Packet','en',NULL,NULL),(385,548,'3 باكيت','ar',NULL,NULL),(386,548,'3 Packets','en',NULL,NULL),(387,549,'1 قطعة','ar',NULL,NULL),(388,549,'1 Piece','en',NULL,NULL),(389,550,'2 قطع','ar',NULL,NULL),(390,550,'2 Pieces','en',NULL,NULL),(391,551,'3 باكيت','ar',NULL,NULL),(392,551,'3 Packs','en',NULL,NULL),(393,552,'1 قطعة','ar',NULL,NULL),(394,552,'1 Piece','en',NULL,NULL),(395,553,'10 باكيت','ar',NULL,NULL),(396,553,'10 Packs','en',NULL,NULL),(397,554,'3 قطع','ar',NULL,NULL),(398,554,'3 Pieces','en',NULL,NULL),(399,555,'1 باكيت','ar',NULL,NULL),(400,555,'1 Packet','en',NULL,NULL),(401,556,'2 باكيت','ar',NULL,NULL),(402,556,'2 Packet','en',NULL,NULL),(405,626,'1 باكيت','ar',NULL,NULL),(406,626,'1 Packet','en',NULL,NULL),(407,627,'2 باكيت','ar',NULL,NULL),(408,627,'2 Packets','en',NULL,NULL),(409,628,'1 باكيت','ar',NULL,NULL),(410,628,'1 Packet','en',NULL,NULL),(411,641,'2 باكيت','ar',NULL,NULL),(412,641,'1 Packet','en',NULL,NULL),(413,642,'1 باكيت','ar',NULL,NULL),(414,642,'1 Packets','en',NULL,NULL),(415,643,'3 باكيت','ar',NULL,NULL),(416,643,'3 Packets','en',NULL,NULL),(417,644,'1 حبة','ar',NULL,NULL),(418,644,'1 Piece','en',NULL,NULL),(419,645,'2 حبة','ar',NULL,NULL),(420,645,'2 Piece','en',NULL,NULL),(421,646,'1 حبة','ar',NULL,NULL),(422,646,'1 Piece','en',NULL,NULL),(423,647,'2 حبة','ar',NULL,NULL),(424,647,'2 Piece','en',NULL,NULL),(425,648,'1 حبة','ar',NULL,NULL),(426,648,'1 Piece','en',NULL,NULL),(427,649,'3 حبات','ar',NULL,NULL),(428,649,'3 Piece','en',NULL,NULL),(429,650,'1 حبة','ar',NULL,NULL),(430,650,'1 Piece','en',NULL,NULL),(431,651,'3 حبة','ar',NULL,NULL),(432,651,'3 Piece','en',NULL,NULL),(433,652,'ا باكيت - 100 غطاء','ar',NULL,NULL),(434,652,'Packet 1 - 100 Cover','en',NULL,NULL),(437,654,'5 باكيت - 500 غطاء','ar',NULL,NULL),(438,654,'Packet 5 - 500 Cover','en',NULL,NULL),(443,657,'1 قطعة','ar',NULL,NULL),(444,657,'1 Piece','en',NULL,NULL),(445,658,'لارج','ar',NULL,NULL),(446,658,'Larg','en',NULL,NULL),(447,659,'ميديوم','ar',NULL,NULL),(448,659,'medium','en',NULL,NULL),(449,663,'ا باكيت','ar',NULL,NULL),(450,663,'Packet 1','en',NULL,NULL),(451,683,'5 باكيت','ar',NULL,NULL),(452,683,'Packet 5','en',NULL,NULL),(453,684,'1 باكيت','ar',NULL,NULL),(454,684,'Packet 1','en',NULL,NULL),(455,685,'10 باكيت','ar',NULL,NULL),(456,685,'Packet 10','en',NULL,NULL),(457,686,'10 باكيت','ar',NULL,NULL),(458,686,'10  Packs','en',NULL,NULL),(459,687,'20 باكيت','ar',NULL,NULL),(460,687,'20 Packs','en',NULL,NULL),(461,688,'10 باكيت','ar',NULL,NULL),(462,688,'10 Packs','en',NULL,NULL),(463,689,'20 باكيت','ar',NULL,NULL),(464,689,'20  Packs','en',NULL,NULL),(465,690,'10 باكيت','ar',NULL,NULL),(466,690,'10 Packs','en',NULL,NULL),(467,691,'20 باكيت','ar',NULL,NULL),(468,691,'20 Packs','en',NULL,NULL),(469,692,'10 باكيت','ar',NULL,NULL),(470,692,'10 Packs','en',NULL,NULL),(471,693,'20 باكيت','ar',NULL,NULL),(472,693,'20 Packs','en',NULL,NULL),(473,694,'5 باكيت','ar',NULL,NULL),(474,694,'5 Packs','en',NULL,NULL),(475,695,'1 باكيت','ar',NULL,NULL),(476,695,'1 Pack','en',NULL,NULL),(477,696,'1 باكيت','ar',NULL,NULL),(478,696,'1 Pack','en',NULL,NULL),(479,697,'1 باكيت','ar',NULL,NULL),(480,697,'1 Pack','en',NULL,NULL),(481,698,'5 باكيت','ar',NULL,NULL),(482,698,'5 Packs','en',NULL,NULL),(483,699,'10 باكيت','ar',NULL,NULL),(484,699,'10  Packs','en',NULL,NULL),(485,700,'2 باكيت','ar',NULL,NULL),(486,700,'2 Packs','en',NULL,NULL),(487,701,'10 باكيت','ar',NULL,NULL),(488,701,'10 Packs','en',NULL,NULL),(489,702,'1 باكيت','ar',NULL,NULL),(490,702,'1 Pack','en',NULL,NULL),(491,703,'5 باكيت','ar',NULL,NULL),(492,703,'5 Packs','en',NULL,NULL),(493,704,'1 باكيت','ar',NULL,NULL),(494,704,'Pack 1','en',NULL,NULL),(495,705,'5 باكيت','ar',NULL,NULL),(496,705,'5 Packs','en',NULL,NULL),(497,706,'1 باكيت','ar',NULL,NULL),(498,706,'1 Pack','en',NULL,NULL),(499,707,'5 باكيت','ar',NULL,NULL),(500,707,'5 Packs','en',NULL,NULL),(501,708,'2 باكيت','ar',NULL,NULL),(502,708,'2 Packs','en',NULL,NULL),(503,709,'10 باكيت','ar',NULL,NULL),(504,709,'10 Packs','en',NULL,NULL),(505,710,'2 باكيت','ar',NULL,NULL),(506,710,'2  Packs','en',NULL,NULL),(507,711,'10 باكيت','ar',NULL,NULL),(508,711,'10  Packs','en',NULL,NULL),(509,712,'2 باكيت','ar',NULL,NULL),(510,712,'2 Packs','en',NULL,NULL),(511,713,'5 باكيت','ar',NULL,NULL),(512,713,'5 Packs','en',NULL,NULL),(513,714,'2 باكيت','ar',NULL,NULL),(514,714,'2 Packs','en',NULL,NULL),(515,715,'5 باكيت','ar',NULL,NULL),(516,715,'5 Packs','en',NULL,NULL),(517,716,'2 باكيت','ar',NULL,NULL),(518,716,'2 Packs','en',NULL,NULL),(519,717,'5 باكيت','ar',NULL,NULL),(520,717,'5 Packs','en',NULL,NULL),(525,720,'25 صحن','ar',NULL,NULL),(526,720,'25 Plate','en',NULL,NULL),(527,721,'75 صحن','ar',NULL,NULL),(528,721,'75  Plate','en',NULL,NULL),(529,722,'25 صحن','ar',NULL,NULL),(530,722,'25 Plate','en',NULL,NULL),(531,723,'75 صحن','ar',NULL,NULL),(532,723,'75 Plate','en',NULL,NULL),(533,724,'25 صحن','ar',NULL,NULL),(534,724,'25 Packs','en',NULL,NULL),(535,725,'75 صحن','ar',NULL,NULL),(536,725,'75 Packs','en',NULL,NULL),(537,726,'25 علبة','ar',NULL,NULL),(538,726,'25 Box','en',NULL,NULL),(539,727,'75 علبة','ar',NULL,NULL),(540,727,'75 Box','en',NULL,NULL),(541,728,'25 علبة','ar',NULL,NULL),(542,728,'25 box','en',NULL,NULL),(543,729,'75 علبة','ar',NULL,NULL),(544,729,'75 box','en',NULL,NULL),(545,730,'25 علبة','ar',NULL,NULL),(546,730,'25 Box','en',NULL,NULL),(547,731,'75 علبة','ar',NULL,NULL),(548,731,'75 Box','en',NULL,NULL),(549,732,'25 علبة','ar',NULL,NULL),(550,732,'25 Box','en',NULL,NULL),(551,733,'75 علبة','ar',NULL,NULL),(552,733,'75 Box','en',NULL,NULL),(553,734,'25 علبة','ar',NULL,NULL),(554,734,'25 Box','en',NULL,NULL),(555,735,'20 صحن','ar',NULL,NULL),(556,735,'20 Plate','en',NULL,NULL),(557,736,'200 صحن','ar',NULL,NULL),(558,736,'200 Plate','en',NULL,NULL),(559,737,'20 صحن','ar',NULL,NULL),(560,737,'20 Plate','en',NULL,NULL),(561,738,'200 صحن','ar',NULL,NULL),(562,738,'200 Plate','en',NULL,NULL),(563,739,'1 باكيت','ar',NULL,NULL),(564,739,'Packet 1','en',NULL,NULL),(565,740,'10 باكيت','ar',NULL,NULL),(566,740,'Packet 10','en',NULL,NULL),(567,741,'20 صحن','ar',NULL,NULL),(568,741,'20 Plate','en',NULL,NULL),(569,742,'500 صحن','ar',NULL,NULL),(570,742,'500 Plate','en',NULL,NULL),(571,743,'1 باكيت','ar',NULL,NULL),(572,743,'1 Packet','en',NULL,NULL),(579,747,'2 باكيت','ar',NULL,NULL),(580,747,'2 Packet','en',NULL,NULL),(581,748,'20 صحن','ar',NULL,NULL),(582,748,'20 Plate','en',NULL,NULL),(583,749,'1 باكيت - 100 كمامة','ar',NULL,NULL),(584,749,'Packet 1 - 100 Mask','en',NULL,NULL),(585,750,'500 صحن','ar',NULL,NULL),(586,750,'500 Plate','en',NULL,NULL),(587,751,'4 باكيت - 400 كمامة','ar',NULL,NULL),(588,751,'Packet 4 - 400 Mask','en',NULL,NULL),(589,752,'5 جدر','ar',NULL,NULL),(590,752,'5 Pot','en',NULL,NULL),(591,753,'40 جدر','ar',NULL,NULL),(592,753,'40 Pot','en',NULL,NULL),(593,754,'5 غطاء','ar',NULL,NULL),(594,754,'5 Piece','en',NULL,NULL),(595,755,'5 جدر','ar',NULL,NULL),(596,755,'5 Pot','en',NULL,NULL),(597,756,'10 غطاء','ar',NULL,NULL),(598,756,'10 Piece','en',NULL,NULL),(599,757,'50 جدر','ar',NULL,NULL),(600,757,'50 Pot','en',NULL,NULL),(601,758,'1 باكيت','ar',NULL,NULL),(602,758,'Packet 1','en',NULL,NULL),(603,759,'5 باكيت','ar',NULL,NULL),(604,759,'Packet 5','en',NULL,NULL),(605,760,'5 جدر','ar',NULL,NULL),(606,760,'5 Pot','en',NULL,NULL),(607,761,'1 باكيت','ar',NULL,NULL),(608,761,'packet 1','en',NULL,NULL),(609,762,'2 باكيت','ar',NULL,NULL),(610,762,'packet 2','en',NULL,NULL),(611,763,'75 جدر','ar',NULL,NULL),(612,763,'75 Pot','en',NULL,NULL),(613,764,'5 جدر','ar',NULL,NULL),(614,764,'5 Pot','en',NULL,NULL),(615,765,'100 جدر','ar',NULL,NULL),(616,765,'100 Pot','en',NULL,NULL),(617,766,'10 جاط','ar',NULL,NULL),(618,766,'10 Plate','en',NULL,NULL),(619,767,'25 جاط','ar',NULL,NULL),(620,767,'25  Plate','en',NULL,NULL),(621,776,'10 إبر','ar',NULL,NULL),(622,776,'Needles 10','en',NULL,NULL),(623,777,'100 إبره','ar',NULL,NULL),(624,777,'Needles 100','en',NULL,NULL),(625,778,'10 جاط','ar',NULL,NULL),(626,778,'10 Plate','en',NULL,NULL),(627,779,'25 جاط','ar',NULL,NULL),(628,779,'25 Plate','en',NULL,NULL),(629,780,'10 إبر','ar',NULL,NULL),(630,780,'Needles 10','en',NULL,NULL),(631,781,'100 إبره','ar',NULL,NULL),(632,781,'Needles 100','en',NULL,NULL),(633,782,'10 جاط','ar',NULL,NULL),(634,782,'10 Plate','en',NULL,NULL),(635,783,'25 جاط','ar',NULL,NULL),(636,783,'25  Plate','en',NULL,NULL),(637,784,'10 إبر','ar',NULL,NULL),(638,784,'Needles 10','en',NULL,NULL),(639,785,'100 إبره','ar',NULL,NULL),(640,785,'Needles 100','en',NULL,NULL),(641,786,'25 مجموعة','ar',NULL,NULL),(642,786,'25 Packs','en',NULL,NULL),(643,787,'10 إبر','ar',NULL,NULL),(644,787,'Needles 10','en',NULL,NULL),(645,788,'125 مجموعة','ar',NULL,NULL),(646,788,'125 Packs','en',NULL,NULL),(647,789,'100 إبره','ar',NULL,NULL),(648,789,'Needles 100','en',NULL,NULL),(649,790,'25 مجموعة','ar',NULL,NULL),(650,790,'25 Packs','en',NULL,NULL),(651,791,'125 مجموعة','ar',NULL,NULL),(652,791,'125  Packs','en',NULL,NULL),(653,792,'1باكيت','ar',NULL,NULL),(654,792,'1 Pack','en',NULL,NULL),(655,793,'1 باكيت - 48 قطعة','ar',NULL,NULL),(656,793,'packet 1 - 48 pieces','en',NULL,NULL),(657,794,'5 باكيت','ar',NULL,NULL),(658,794,'5 packs','en',NULL,NULL),(659,795,'2 باكيت - 96 قطعة','ar',NULL,NULL),(660,795,'packet 2 - 96 pieces','en',NULL,NULL),(661,796,'1 باكيت','ar',NULL,NULL),(662,796,'1 Pack','en',NULL,NULL),(663,797,'1 باكيت','ar',NULL,NULL),(664,797,'1 Packet','en',NULL,NULL),(665,798,'2 باكيت','ar',NULL,NULL),(666,798,'2 Packet','en',NULL,NULL),(669,800,'1 باكيت','ar',NULL,NULL),(670,800,'1 Pack','en',NULL,NULL),(671,801,'5 باكيت','ar',NULL,NULL),(672,801,'5 Packs','en',NULL,NULL),(673,802,'1 باكيت','ar',NULL,NULL),(674,802,'1 Piece','en',NULL,NULL),(675,803,'4 باكيت','ar',NULL,NULL),(676,803,'4 packet','en',NULL,NULL),(677,804,'1 باكيت','ar',NULL,NULL),(678,804,'1 packet','en',NULL,NULL),(679,805,'1 باكيت','ar',NULL,NULL),(680,805,'1 Packs','en',NULL,NULL),(681,806,'5 باكيت','ar',NULL,NULL),(682,806,'5  Packs','en',NULL,NULL),(683,807,'2 باكيت','ar',NULL,NULL),(684,807,'packet 2','en',NULL,NULL),(689,810,'1 باكيت','ar',NULL,NULL),(690,810,'1 Pack','en',NULL,NULL),(691,811,'2 باكيت','ar',NULL,NULL),(692,811,'2 Packs','en',NULL,NULL),(697,814,'1 باكيت','ar',NULL,NULL),(698,814,'1 Pack','en',NULL,NULL),(699,815,'5 باكيت','ar',NULL,NULL),(700,815,'5 Packs','en',NULL,NULL),(701,816,'1 باكيت','ar',NULL,NULL),(702,816,'1 Packet','en',NULL,NULL),(703,817,'2 باكيت','ar',NULL,NULL),(704,817,'2 Packet','en',NULL,NULL),(705,818,'1 باكيت','ar',NULL,NULL),(706,818,'1 Pack','en',NULL,NULL),(707,819,'أبيض','ar',NULL,NULL),(708,819,'White','en',NULL,NULL),(709,820,'أسود','ar',NULL,NULL),(710,820,'Black','en',NULL,NULL),(711,821,'5 باكيت','ar',NULL,NULL),(712,821,'5 Packs','en',NULL,NULL),(713,822,'1 باكيت','ar',NULL,NULL),(714,822,'1 Packs','en',NULL,NULL),(715,823,'4 باكيت','ar',NULL,NULL),(716,823,'4 Packs','en',NULL,NULL),(717,833,'1 باكيت','ar',NULL,NULL),(718,833,'1 Pack','en',NULL,NULL),(719,834,'2 باكيت','ar',NULL,NULL),(720,834,'2 Packs','en',NULL,NULL),(725,837,'1 باكيت - 48 قطعة','ar',NULL,NULL),(726,837,'packet 1 - 48 pieces','en',NULL,NULL),(727,838,'2 باكيت - 96 قطعة','ar',NULL,NULL),(728,838,'packet 2 - 96 pieces','en',NULL,NULL),(729,839,'1 باكيت','ar',NULL,NULL),(730,839,'1 Packs','en',NULL,NULL),(731,840,'5 باكيت','ar',NULL,NULL),(732,840,'5 Packs','en',NULL,NULL),(733,841,'1 باكيت','ar',NULL,NULL),(734,841,'Packet 1','en',NULL,NULL),(735,842,'5 باكيت','ar',NULL,NULL),(736,842,'Packet 5','en',NULL,NULL),(737,843,'1 باكيت','ar',NULL,NULL),(738,843,'Packet 1','en',NULL,NULL),(739,844,'10 باكيت','ar',NULL,NULL),(740,844,'Packet 10','en',NULL,NULL),(741,845,'1 باكيت','ar',NULL,NULL),(742,845,'Packet 1','en',NULL,NULL),(743,846,'5  باكيت','ar',NULL,NULL),(744,846,'5 Packs','en',NULL,NULL),(745,847,'5 باكيت','ar',NULL,NULL),(746,847,'Packet 5','en',NULL,NULL),(747,848,'10 باكيت','ar',NULL,NULL),(748,848,'10  Packs','en',NULL,NULL),(749,849,'1 باكيت - 100 كمامة','ar',NULL,NULL),(750,849,'Packet - 100 Mask','en',NULL,NULL),(751,850,'5 باكيت - 500 كمامة','ar',NULL,NULL),(752,850,'Packet 5 - 500 Mask','en',NULL,NULL),(753,851,'1 باكيت','ar',NULL,NULL),(754,851,'packet 1','en',NULL,NULL),(755,852,'1 باكيت','ar',NULL,NULL),(756,852,'1 Packs','en',NULL,NULL),(757,853,'2 باكيت','ar',NULL,NULL),(758,853,'packet 2','en',NULL,NULL),(759,854,'5 باكيت','ar',NULL,NULL),(760,854,'5 Packs','en',NULL,NULL),(761,855,'1 باكيت','ar',NULL,NULL),(762,855,'packet 1','en',NULL,NULL),(763,856,'2 باكيت','ar',NULL,NULL),(764,856,'packet 2','en',NULL,NULL),(765,857,'2 رول','ar',NULL,NULL),(766,857,'2 Roll','en',NULL,NULL),(767,858,'5 رول','ar',NULL,NULL),(768,858,'5 Roll','en',NULL,NULL),(769,859,'1 باكيت - 10 حبة','ar',NULL,NULL),(770,859,'Pack 1 - 10 Pieces','en',NULL,NULL),(771,860,'4 باكيت - 40 حبة','ar',NULL,NULL),(772,860,'Pack 4 - 40 Pieces','en',NULL,NULL),(773,861,'1 رول','ar',NULL,NULL),(774,861,'1 Roll','en',NULL,NULL),(775,862,'2 رول','ar',NULL,NULL),(776,862,'2 Roll','en',NULL,NULL),(777,863,'6 رول','ar',NULL,NULL),(778,863,'6 Rolls','en',NULL,NULL),(779,864,'12 رول','ar',NULL,NULL),(780,864,'12  Rolls','en',NULL,NULL),(781,865,'1 باكيت','ar',NULL,NULL),(782,865,'1 Pack','en',NULL,NULL),(783,866,'3 باكيت','ar',NULL,NULL),(784,866,'3 Packs','en',NULL,NULL),(785,867,'1 باكيت - 22 حبة','ar',NULL,NULL),(786,867,'Pack 1 - 22 Pieces','en',NULL,NULL),(787,868,'2 باكيت - 24 حبة','ar',NULL,NULL),(788,868,'Pack 2 - 24 Pieces','en',NULL,NULL),(789,869,'1 باكيت','ar',NULL,NULL),(790,869,'1 Pack','en',NULL,NULL),(791,870,'2 باكيت','ar',NULL,NULL),(792,870,'2 Packs','en',NULL,NULL),(793,871,'1 باكيت','ar',NULL,NULL),(794,871,'1 Pack','en',NULL,NULL),(797,873,'5 باكيت','ar',NULL,NULL),(798,873,'5 Packs','en',NULL,NULL),(799,874,'10 باكيت','ar',NULL,NULL),(800,874,'10 Packs','en',NULL,NULL),(801,875,'1 باكيت - 12 حبة','ar',NULL,NULL),(802,875,'Pack 1 - 12 Pieces','en',NULL,NULL),(803,876,'1 باكيت - 12 حبة','ar',NULL,NULL),(804,876,'Pack 1 - 12 Pieces','en',NULL,NULL),(805,877,'50 باكيت','ar',NULL,NULL),(806,877,'50 Packs','en',NULL,NULL),(807,878,'4 باكيت','ar',NULL,NULL),(808,878,'Pack 4','en',NULL,NULL),(809,879,'5 باكيت','ar',NULL,NULL),(810,879,'5 Packs','en',NULL,NULL),(811,880,'10 باكيت','ar',NULL,NULL),(812,880,'10 Packs','en',NULL,NULL),(813,881,'1 باكيت - 14 حبة','ar',NULL,NULL),(814,881,'Pack 1 - 14 Pieces','en',NULL,NULL),(815,882,'4 باكيت','ar',NULL,NULL),(816,882,'Pack 4','en',NULL,NULL),(821,885,'1 باكيت','ar',NULL,NULL),(822,885,'1 Pack','en',NULL,NULL),(823,886,'3 باكيت','ar',NULL,NULL),(824,886,'3 Packs','en',NULL,NULL),(825,887,'1 باكيت - 30 حبة','ar',NULL,NULL),(826,887,'Pack 1- 30 Pieces','en',NULL,NULL),(827,896,'4 باكيت','ar',NULL,NULL),(828,896,'Pack 4','en',NULL,NULL),(829,897,'1 باكيت','ar',NULL,NULL),(830,897,'1 Pack','en',NULL,NULL),(831,898,'5 باكيت','ar',NULL,NULL),(832,898,'5 Packs','en',NULL,NULL),(833,899,'1 باكيت','ar',NULL,NULL),(834,899,'1 Pack','en',NULL,NULL),(835,900,'3 باكيت','ar',NULL,NULL),(836,900,'3 Packs','en',NULL,NULL),(837,901,'1 باكيت','ar',NULL,NULL),(838,901,'1 Pack','en',NULL,NULL),(839,902,'5 باكيت','ar',NULL,NULL),(840,902,'5 Packs','en',NULL,NULL),(841,903,'1 باكيت','ar',NULL,NULL),(842,903,'1 Pack','en',NULL,NULL),(843,904,'5 باكيت','ar',NULL,NULL),(844,904,'5 Packs','en',NULL,NULL),(845,905,'1 جهاز','ar',NULL,NULL),(846,905,'Piece 1','en',NULL,NULL),(847,906,'ا باكيت - 14 فوطة','ar',NULL,NULL),(848,906,'Pack 1 - 14 Pads','en',NULL,NULL),(849,907,'3 باكيت - 42 فوطة','ar',NULL,NULL),(850,907,'Pack 3 - 42 Pads','en',NULL,NULL),(851,908,'ا باكيت - 50 فوطة','ar',NULL,NULL),(852,908,'Pack 1 - 50 Pads','en',NULL,NULL),(853,909,'3 باكيت - 150 فوطة','ar',NULL,NULL),(854,909,'Pack 3 - 150 Pads','en',NULL,NULL),(855,910,'1 باكيت - 30 قطعة','ar',NULL,NULL),(856,910,'Pack 1 - 30 Pads','en',NULL,NULL),(857,911,'3 باكيت - 90 فوطة','ar',NULL,NULL),(858,911,'Pack 3 - 90 Pads','en',NULL,NULL),(859,923,'1 باكيت- 16 فوطة','ar',NULL,NULL),(860,923,'Pack 1 - 16 Pads','en',NULL,NULL),(861,924,'3 باكيت - 48','ar',NULL,NULL),(862,924,'Pack 3 - 48 Pads','en',NULL,NULL),(863,925,'1 باكيت - 30 فوطة','ar',NULL,NULL),(864,925,'Pack 1- 30 Pads','en',NULL,NULL),(865,926,'3 باكيت - 90 فوطة','ar',NULL,NULL),(866,926,'Pack 3- 90 Pads','en',NULL,NULL),(867,927,'3 باكيت - 90 فوطة','ar',NULL,NULL),(868,927,'Pack 3- 90 Pads','en',NULL,NULL),(869,934,'1 باكيت - 18 فوطة','ar',NULL,NULL),(870,934,'Pack 1 - 18 Pads','en',NULL,NULL),(871,935,'3 باكيت - 54 فوطة','ar',NULL,NULL),(872,935,'Pack 3- 54  Pads','en',NULL,NULL),(873,944,'1 باكيت - 20 فوطة','ar',NULL,NULL),(874,944,'1 Pack - 20 Pads','en',NULL,NULL),(875,945,'3 باكيت - 60 فوطة','ar',NULL,NULL),(876,945,'Pack 3 - 60 Pads','en',NULL,NULL),(877,946,'1 باكيت - 72 فوطة','ar',NULL,NULL),(878,946,'Pack 1 - 72 Pads','en',NULL,NULL),(879,947,'3 باكيت - 216 فوطة','ar',NULL,NULL),(880,947,'Pack 3 - 216 Pads','en',NULL,NULL),(881,948,'1 باكيت - 72 فوطة','ar',NULL,NULL),(882,948,'Pack 1 - 72 Pads','en',NULL,NULL),(883,949,'3 باكيت - 216 فوطة','ar',NULL,NULL),(884,949,'Pack 3 - 216 Pads','en',NULL,NULL),(885,950,'ا باكيت - 72 قطعة','ar',NULL,NULL),(886,950,'Pack 1 - 72 Pads','en',NULL,NULL),(887,951,'3 باكيت - 216 فوطة','ar',NULL,NULL),(888,951,'Pack 3 - 216 Pads','en',NULL,NULL),(889,952,'1 باكيت','ar',NULL,NULL),(890,952,'1 Pack','en',NULL,NULL),(891,953,'3 باكيت','ar',NULL,NULL),(892,953,'3 Packs','en',NULL,NULL),(893,954,'1 باكيت','ar',NULL,NULL),(894,954,'Pack 1','en',NULL,NULL),(895,955,'3 باكيت','ar',NULL,NULL),(896,955,'Pack 3','en',NULL,NULL),(897,956,'100 غطاء','ar',NULL,NULL),(898,956,'100 Pieces','en',NULL,NULL),(899,957,'1 باكيت','ar',NULL,NULL),(900,957,'1 Packet','en',NULL,NULL),(901,958,'6 باكيت','ar',NULL,NULL),(902,958,'6 Packet','en',NULL,NULL),(903,959,'5 باكيت','ar',NULL,NULL),(904,959,'5 Packs','en',NULL,NULL),(905,960,'3 باكيت - 72 منديل','ar',NULL,NULL),(906,960,'Packs 3 - 72 Pieces','en',NULL,NULL),(907,961,'1 باكيت - 100 كف','ar',NULL,NULL),(908,961,'Packet 1 - 100 Glove','en',NULL,NULL),(909,962,'10 باكيت - 240 منديل','ar',NULL,NULL),(910,962,'Packs 10 - 240 Pieces','en',NULL,NULL),(911,963,'10 باكيت - 1000 كف','ar',NULL,NULL),(912,963,'Packet 10 - 1000 Glove','en',NULL,NULL),(913,964,'1 باكيت - 100 كف','ar',NULL,NULL),(914,964,'Packet 1 - 100 Glove','en',NULL,NULL),(915,965,'10 باكيت - 1000 كف','ar',NULL,NULL),(916,965,'Packet 10 - 1000 Glove','en',NULL,NULL),(917,966,'1 باكيت - 5 غطاء','ar',NULL,NULL),(918,966,'Packet  1 - 5 Cover','en',NULL,NULL),(919,967,'2 باكيت - 10 غطاء','ar',NULL,NULL),(920,967,'Packet  2 - 10 Cover','en',NULL,NULL),(921,968,'1 عبوة','ar',NULL,NULL),(922,968,'1 Piece','en',NULL,NULL),(923,969,'1 عبوة','ar',NULL,NULL),(924,969,'1 Piece','en',NULL,NULL),(925,970,'2 عبوة','ar',NULL,NULL),(926,970,'1 Pieces','en',NULL,NULL),(927,971,'1 باكيت - 30 مفرش','ar',NULL,NULL),(928,971,'Pack 1 - (30 underpads)','en',NULL,NULL),(929,972,'3 باكيت - 90 مفرش','ar',NULL,NULL),(930,972,'Pack 3 - (90 underpad)','en',NULL,NULL),(931,973,'1 عبوة','ar',NULL,NULL),(932,973,'1 Piece','en',NULL,NULL),(933,974,'6 عبوات','ar',NULL,NULL),(934,974,'6 Pieces','en',NULL,NULL),(935,975,'1 باكيت - 30 حفاظة','ar',NULL,NULL),(936,975,'Pack 1 - 30 Diapers','en',NULL,NULL),(937,976,'4 باكيت - 120 حفاظ','ar',NULL,NULL),(938,976,'Pack 4 - 120 Diaper','en',NULL,NULL),(939,977,'1 باكيت - 10 مفارش','ar',NULL,NULL),(940,977,'Packet 1 - 10 pieces','en',NULL,NULL),(941,978,'5 باكيت - 50 مفرش','ar',NULL,NULL),(942,978,'Packet 5 - 50 pieces','en',NULL,NULL),(943,979,'ا باكيت - 10 حفاضة','ar',NULL,NULL),(944,979,'packs 1 - 10 diapers','en',NULL,NULL),(945,980,'12 باكيت - 120 حفاظة','ar',NULL,NULL),(946,980,'packs 12 - 120 diapers','en',NULL,NULL),(947,981,'24 قطعة','ar',NULL,NULL),(948,981,'24 Pieces','en',NULL,NULL),(949,982,'48 قطعة','ar',NULL,NULL),(950,982,'48 Pieces','en',NULL,NULL),(951,983,'أسود','ar',NULL,NULL),(952,983,'Black','en',NULL,NULL),(953,984,'أزرق','ar',NULL,NULL),(954,984,'Blue','en',NULL,NULL),(955,985,'1 باكيت - 10 حبات','ar',NULL,NULL),(956,985,'Pack  1- 10 Pieces','en',NULL,NULL),(957,986,'4 باكيت - 40 حبة','ar',NULL,NULL),(958,986,'Pack  4 - 40 Pieces','en',NULL,NULL),(959,987,'1 باكيت','ar',NULL,NULL),(960,987,'1 Packet','en',NULL,NULL),(961,999,'1 قطعة','ar',NULL,NULL),(962,999,'1 Piece','en',NULL,NULL),(963,1000,'1 باكيت - 12 حبة','ar',NULL,NULL),(964,1000,'Pack 1 - 12 Pieces','en',NULL,NULL),(965,1001,'4 باكيت - 48 حبة','ar',NULL,NULL),(966,1001,'Pack 2 - 48 Pieces','en',NULL,NULL),(967,1002,'1 قطعة','ar',NULL,NULL),(968,1002,'1 Piece','en',NULL,NULL),(969,1003,'1 قطعة','ar',NULL,NULL),(970,1003,'1Piece','en',NULL,NULL),(971,1004,'1 قطعة','ar',NULL,NULL),(972,1004,'1 Piece','en',NULL,NULL),(973,1005,'1 باكيت - 14 حبة','ar',NULL,NULL),(974,1005,'1 Pack - 14 Pieces','en',NULL,NULL),(975,1006,'4 باكيت - 56 حبة','ar',NULL,NULL),(976,1006,'Pack  4- 56 Pieces','en',NULL,NULL),(977,1007,'1 باكيت - 20 مفرش','ar',NULL,NULL),(978,1007,'Pack 1 (20 underpads)','en',NULL,NULL),(979,1008,'8 باكيت - 160 مفرش','ar',NULL,NULL),(980,1008,'Pack 8 (160 underpads)','en',NULL,NULL),(981,1009,'1 باكيت - 22 حفاضة','ar',NULL,NULL),(982,1009,'pack 1 - 22 diapers','en',NULL,NULL),(989,1013,'1 باكيت','ar',NULL,NULL),(990,1013,'1 Packet','en',NULL,NULL),(991,1014,'1 باكيت','ar',NULL,NULL),(992,1014,'1 Packet','en',NULL,NULL),(993,1015,'3 باكيت','ar',NULL,NULL),(994,1015,'3 Packets','en',NULL,NULL),(997,1017,'4 باكيت - 88 حفاضة','ar',NULL,NULL),(998,1017,'pack 4 - 88 diapers','en',NULL,NULL),(999,1018,'ا باكيت','ar',NULL,NULL),(1000,1018,'1 Packet','en',NULL,NULL),(1001,1019,'3 باكيت','ar',NULL,NULL),(1002,1019,'1 Packets','en',NULL,NULL),(1005,1021,'1 باكيت','ar',NULL,NULL),(1006,1021,'1 Packet','en',NULL,NULL),(1007,1022,'3 باكيت','ar',NULL,NULL),(1008,1022,'1 Packets','en',NULL,NULL),(1009,1029,'1 باكيت - 24 حفاضة','ar',NULL,NULL),(1010,1029,'Pack 1 - 24 Piece','en',NULL,NULL),(1011,1030,'4 باكيت - 96 حفاضة','ar',NULL,NULL),(1012,1030,'Pack 4 - 96  Piece','en',NULL,NULL),(1013,1031,'1 باكيت','ar',NULL,NULL),(1014,1031,'1 Packet','en',NULL,NULL),(1015,1032,'3 باكيت','ar',NULL,NULL),(1016,1032,'3 Packets','en',NULL,NULL),(1017,1033,'1 باكيت','ar',NULL,NULL),(1018,1033,'1 Packet','en',NULL,NULL),(1019,1034,'3 باكيت','ar',NULL,NULL),(1020,1034,'3 Packets','en',NULL,NULL),(1021,1035,'1 باكيت','ar',NULL,NULL),(1022,1035,'1 Packet','en',NULL,NULL),(1023,1036,'5 باكيت','ar',NULL,NULL),(1024,1036,'5 Packets','en',NULL,NULL),(1025,1037,'1 باكيت - 26 حفاظة','ar',NULL,NULL),(1026,1037,'packs 1 - 26 diapers','en',NULL,NULL),(1027,1038,'4 باكيت - 104 حفاضة','ar',NULL,NULL),(1028,1038,'packs 4 - 104 diapers','en',NULL,NULL),(1029,1039,'1 قطعة','ar',NULL,NULL),(1030,1039,'1 Piece','en',NULL,NULL),(1051,1050,'1 قطعة','ar',NULL,NULL),(1052,1050,'1 Piece','en',NULL,NULL),(1053,1051,'1 قطعة','ar',NULL,NULL),(1054,1051,'1 Piece','en',NULL,NULL),(1055,1052,'1 قطعة','ar',NULL,NULL),(1056,1052,'1Piece','en',NULL,NULL),(1059,1054,'1 باكيت','ar',NULL,NULL),(1060,1054,'1 Piece','en',NULL,NULL),(1061,1055,'3 باكيت','ar',NULL,NULL),(1062,1055,'3 Pieces','en',NULL,NULL),(1063,1056,'1 باكيت','ar',NULL,NULL),(1064,1056,'1 Packet','en',NULL,NULL),(1065,1057,'4 باكيت','ar',NULL,NULL),(1066,1057,'4 Packet','en',NULL,NULL),(1067,1058,'1 باكيت','ar',NULL,NULL),(1068,1058,'1 Packet','en',NULL,NULL),(1069,1059,'4 باكيت','ar',NULL,NULL),(1070,1059,'4 Packet','en',NULL,NULL),(1071,1060,'1 باكيت','ar',NULL,NULL),(1072,1060,'1 Packet','en',NULL,NULL),(1073,1061,'4 باكيت','ar',NULL,NULL),(1074,1061,'4 Packet','en',NULL,NULL),(1075,1062,'1 باكيت','ar',NULL,NULL),(1076,1062,'1 Packet','en',NULL,NULL),(1077,1063,'3 باكيت','ar',NULL,NULL),(1078,1063,'3 Packet','en',NULL,NULL),(1079,1064,'1 باكيت','ar',NULL,NULL),(1080,1064,'1 Piece','en',NULL,NULL),(1081,1065,'6 باكيت','ar',NULL,NULL),(1082,1065,'6 Pieces','en',NULL,NULL),(1083,1066,'12 باكيت','ar',NULL,NULL),(1084,1066,'12 Pieces','en',NULL,NULL),(1085,1067,'1 حبة','ar',NULL,NULL),(1086,1067,'1 Piece','en',NULL,NULL),(1087,1068,'6 حبة','ar',NULL,NULL),(1088,1068,'6 Pieces','en',NULL,NULL),(1089,1069,'12 حبة','ar',NULL,NULL),(1090,1069,'12 Pieces','en',NULL,NULL),(1091,1070,'1 باكيت','ar',NULL,NULL),(1092,1070,'1 Packet','en',NULL,NULL),(1093,1071,'4 باكيت','ar',NULL,NULL),(1094,1071,'4 Packet','en',NULL,NULL),(1095,1072,'1 باكيت','ar',NULL,NULL),(1096,1072,'1 Packet','en',NULL,NULL),(1097,1073,'4 باكيت','ar',NULL,NULL),(1098,1073,'4 Packet','en',NULL,NULL),(1099,1074,'1 باكيت','ar',NULL,NULL),(1100,1074,'1 Packet','en',NULL,NULL),(1101,1075,'6 باكيت','ar',NULL,NULL),(1102,1075,'6 Packet','en',NULL,NULL),(1103,1076,'12 باكيت','ar',NULL,NULL),(1104,1076,'12 Packet','en',NULL,NULL),(1105,1077,'1 باكيت','ar',NULL,NULL),(1106,1077,'1 Packet','en',NULL,NULL),(1107,1078,'4 باكيت','ar',NULL,NULL),(1108,1078,'4 Packet','en',NULL,NULL),(1109,1079,'1 باكيت','ar',NULL,NULL),(1110,1079,'1 Packet','en',NULL,NULL),(1111,1080,'4 باكيت','ar',NULL,NULL),(1112,1080,'4 Packet','en',NULL,NULL),(1113,1081,'1 حبة','ar',NULL,NULL),(1114,1081,'1 Piece','en',NULL,NULL),(1115,1082,'2 حبة','ar',NULL,NULL),(1116,1082,'2 Pieces','en',NULL,NULL),(1117,1083,'1 حبة','ar',NULL,NULL),(1118,1083,'1 Pieces','en',NULL,NULL),(1119,1084,'2 حبة','ar',NULL,NULL),(1120,1084,'2 Pieces','en',NULL,NULL),(1121,1085,'1 قطعة','ar',NULL,NULL),(1122,1085,'1 Piece','en',NULL,NULL),(1123,1086,'2 قطعة','ar',NULL,NULL),(1124,1086,'2 Pieces','en',NULL,NULL),(1125,1087,'1 حبة','ar',NULL,NULL),(1126,1087,'1 Piece','en',NULL,NULL),(1127,1088,'2 حبة','ar',NULL,NULL),(1128,1088,'2 Pieces','en',NULL,NULL),(1129,1089,'1 حبة','ar',NULL,NULL),(1130,1089,'1 Piece','en',NULL,NULL),(1131,1090,'2 حبة','ar',NULL,NULL),(1132,1090,'2 Pieces','en',NULL,NULL),(1133,1091,'1 حبة','ar',NULL,NULL),(1134,1091,'1 Piece','en',NULL,NULL),(1135,1092,'2 حبة','ar',NULL,NULL),(1136,1092,'2 Pieces','en',NULL,NULL),(1159,1104,'1 باكيت','ar',NULL,NULL),(1160,1104,'1 Pack','en',NULL,NULL),(1161,1105,'5 باكيت','ar',NULL,NULL),(1162,1105,'5 Pack','en',NULL,NULL),(1163,1106,'6 باكيت','ar',NULL,NULL),(1164,1106,'6 باكيت','en',NULL,NULL),(1165,1107,'1 باكيت','ar',NULL,NULL),(1166,1107,'1 pack','en',NULL,NULL),(1169,1109,'1 باكيت','ar',NULL,NULL),(1170,1109,'1 Packet','en',NULL,NULL),(1171,1110,'30 غطاء','ar',NULL,NULL),(1172,1110,'30 Pads','en',NULL,NULL),(1173,1111,'180 غطاء','ar',NULL,NULL),(1174,1111,'180 Pads','en',NULL,NULL),(1175,1112,'4 باكيت','ar',NULL,NULL),(1176,1112,'4 Packet','en',NULL,NULL),(1177,1113,'6 باكيت','ar',NULL,NULL),(1178,1113,'6 Packet','en',NULL,NULL),(1179,1120,'14 شورت','ar',NULL,NULL),(1180,1120,'Shorts 14','en',NULL,NULL),(1181,1121,'56 شورت','ar',NULL,NULL),(1182,1121,'Shorts 56','en',NULL,NULL),(1183,1122,'1 باكيت','ar',NULL,NULL),(1184,1122,'1 Packet','en',NULL,NULL),(1185,1123,'4 باكيت','ar',NULL,NULL),(1186,1123,'4 Packet','en',NULL,NULL),(1187,1124,'1 باكيت','ar',NULL,NULL),(1188,1124,'1 Packet','en',NULL,NULL),(1191,1126,'6 باكيت','ar',NULL,NULL),(1192,1126,'6 Packet','en',NULL,NULL),(1193,1127,'1 باكيت','ar',NULL,NULL),(1194,1127,'1 Packet','en',NULL,NULL),(1195,1128,'5 باكيت','ar',NULL,NULL),(1196,1128,'5 Packet','en',NULL,NULL),(1197,1129,'1 باكيت','ar',NULL,NULL),(1198,1129,'1 packet','en',NULL,NULL),(1199,1130,'10 باكيت','ar',NULL,NULL),(1200,1130,'10 packet','en',NULL,NULL),(1201,1131,'6 باكيت','ar',NULL,NULL),(1202,1131,'6 Packet','en',NULL,NULL),(1203,1132,'12 باكيت','ar',NULL,NULL),(1204,1132,'12 Packet','en',NULL,NULL),(1205,1133,'75 علبة','ar',NULL,NULL),(1206,1133,'75 Box','en',NULL,NULL),(1207,1134,'1 باكيت','ar',NULL,NULL),(1208,1134,'1 Pack','en',NULL,NULL),(1209,1135,'1 باكيت','ar',NULL,NULL),(1210,1135,'1 Pack','en',NULL,NULL),(1213,1137,'10 باكيت','ar',NULL,NULL),(1214,1137,'10 Packs','en',NULL,NULL),(1215,1138,'10 باكيت','ar',NULL,NULL),(1216,1138,'10 Pack','en',NULL,NULL),(1217,1139,'1 باكيت','ar',NULL,NULL),(1218,1139,'1 Packs','en',NULL,NULL),(1219,1140,'10 باكيت','ar',NULL,NULL),(1220,1140,'10 Packs','en',NULL,NULL),(1221,1141,'10 باكيت','ar',NULL,NULL),(1222,1141,'Packet 10','en',NULL,NULL),(1225,1143,'5 باكيت','ar',NULL,NULL),(1226,1143,'5 Packs','en',NULL,NULL),(1227,1144,'1 حبه','ar',NULL,NULL),(1228,1144,'1 piece','en',NULL,NULL),(1229,1145,'2 حبه','ar',NULL,NULL),(1230,1145,'2 pieces','en',NULL,NULL),(1233,1171,'1حبه','ar',NULL,NULL),(1234,1171,'pieces 1','en',NULL,NULL),(1235,1175,'3 حبه','ar',NULL,NULL),(1236,1175,'3 piece','en',NULL,NULL),(1237,1177,'1 باكيت','ar',NULL,NULL),(1238,1177,'1 Pack','en',NULL,NULL),(1239,1178,'3 باكيت','ar',NULL,NULL),(1240,1178,'3 Packs','en',NULL,NULL),(1241,1179,'1 باكيت','ar',NULL,NULL),(1242,1179,'1 Pack','en',NULL,NULL),(1243,1180,'3 باكيت','ar',NULL,NULL),(1244,1180,'3 Packs','en',NULL,NULL),(1245,1181,'1 باكيت','ar',NULL,NULL),(1246,1181,'1 Pack','en',NULL,NULL),(1247,1182,'3 باكيت','ar',NULL,NULL),(1248,1182,'3 Packs','en',NULL,NULL),(1249,1183,'4 باكيت','ar',NULL,NULL),(1250,1183,'4 Packs','en',NULL,NULL),(1251,1184,'8 باكيت','ar',NULL,NULL),(1252,1184,'8 Packs','en',NULL,NULL),(1253,1194,'1 باكيت','ar',NULL,NULL),(1254,1194,'1 Packet','en',NULL,NULL),(1255,1195,'3 باكيت','ar',NULL,NULL),(1256,1195,'3 Packet','en',NULL,NULL),(1257,1196,'4 باكيت','ar',NULL,NULL),(1258,1196,'4 Packs','en',NULL,NULL),(1259,1197,'8 باكيت','ar',NULL,NULL),(1260,1197,'8 Packs','en',NULL,NULL),(1261,1198,'4 باكيت','ar',NULL,NULL),(1262,1198,'4 Pack','en',NULL,NULL),(1263,1199,'8 باكيت','ar',NULL,NULL),(1264,1199,'8 Packs','en',NULL,NULL),(1265,1200,'1 باكيت','ar',NULL,NULL),(1266,1200,'1 Pack','en',NULL,NULL),(1267,1201,'3 باكيت','ar',NULL,NULL),(1268,1201,'3 Packs','en',NULL,NULL),(1269,1202,'1 باكيت','ar',NULL,NULL),(1270,1202,'1 Pack','en',NULL,NULL),(1271,1203,'3 باكيت','ar',NULL,NULL),(1272,1203,'3 Pack','en',NULL,NULL),(1273,1204,'1 باكيت','ar',NULL,NULL),(1274,1204,'1 Pack','en',NULL,NULL),(1275,1205,'3 باكيت','ar',NULL,NULL),(1276,1205,'1 Packs','en',NULL,NULL),(1277,1209,'1 باكيت','ar',NULL,NULL),(1278,1209,'1 Pack','en',NULL,NULL),(1279,1210,'3 باكيت','ar',NULL,NULL),(1280,1210,'3 Packs','en',NULL,NULL),(1281,1211,'1 باكيت','ar',NULL,NULL),(1282,1211,'1 Pack','en',NULL,NULL),(1283,1212,'3 باكيت','ar',NULL,NULL),(1284,1212,'3 Packs','en',NULL,NULL),(1285,1213,'1 باكيت','ar',NULL,NULL),(1286,1213,'1 Pack','en',NULL,NULL),(1287,1214,'3 باكيت','ar',NULL,NULL),(1288,1214,'3 Packs','en',NULL,NULL),(1289,1215,'1 باكيت','ar',NULL,NULL),(1290,1215,'1 Pack','en',NULL,NULL),(1291,1216,'3 باكيت','ar',NULL,NULL),(1292,1216,'3 Packs','en',NULL,NULL),(1293,1217,'1 باكيت','ar',NULL,NULL),(1294,1217,'1 packet','en',NULL,NULL),(1295,1218,'12 باكيت','ar',NULL,NULL),(1296,1218,'packet 12','en',NULL,NULL),(1297,1219,'1 حبة','ar',NULL,NULL),(1298,1219,'1 Piece','en',NULL,NULL),(1299,1220,'2 حبة','ar',NULL,NULL),(1300,1220,'2 Piece','en',NULL,NULL),(1301,1221,'1 حبة','ar',NULL,NULL),(1302,1221,'1 piece','en',NULL,NULL),(1303,1222,'6 حبة','ar',NULL,NULL),(1304,1222,'6 piece','en',NULL,NULL),(1305,1223,'1 باكيت','ar',NULL,NULL),(1306,1223,'1 Packet','en',NULL,NULL),(1307,1224,'3 باكيت','ar',NULL,NULL),(1308,1224,'3  Packet','en',NULL,NULL),(1309,1225,'1 عبوة','ar',NULL,NULL),(1310,1225,'Package 1','en',NULL,NULL),(1311,1226,'3 عبوة','ar',NULL,NULL),(1312,1226,'Package 3','en',NULL,NULL),(1313,1227,'1 عبوة','ar',NULL,NULL),(1314,1227,'Package 1','en',NULL,NULL),(1315,1228,'3 عبوة','ar',NULL,NULL),(1316,1228,'Package 3','en',NULL,NULL),(1317,1229,'1 عبوة','ar',NULL,NULL),(1318,1229,'1 Package','en',NULL,NULL),(1319,1230,'2 عبوة','ar',NULL,NULL),(1320,1230,'2 Package','en',NULL,NULL),(1321,1231,'1 باكيت','ar',NULL,NULL),(1322,1231,'1 Packet','en',NULL,NULL),(1323,1232,'1 باكيت','ar',NULL,NULL),(1324,1232,'Package 1','en',NULL,NULL),(1325,1233,'2 باكيت','ar',NULL,NULL),(1326,1233,'Package 2','en',NULL,NULL),(1327,1234,'1 باكيت','ar',NULL,NULL),(1328,1234,'1 Package','en',NULL,NULL),(1329,1239,'1 باكيت - 100 غطاء','ar',NULL,NULL),(1330,1239,'Packet 1 - 100 Cover','en',NULL,NULL),(1331,1240,'5  باكيت - 500 غطاء','ar',NULL,NULL),(1332,1240,'Packet 5 - 500 Cover','en',NULL,NULL),(1333,1241,'1 عبوة','ar',NULL,NULL),(1334,1241,'1 Package','en',NULL,NULL),(1335,1242,'2 عبوة','ar',NULL,NULL),(1336,1242,'2 Package','en',NULL,NULL),(1337,1243,'1 عبوة','ar',NULL,NULL),(1338,1243,'Package 1','en',NULL,NULL),(1339,1244,'2 عبوة','ar',NULL,NULL),(1340,1244,'Package 2','en',NULL,NULL),(1341,1245,'1 جهاز','ar',NULL,NULL),(1342,1245,'1 Device','en',NULL,NULL),(1343,1246,'1 جهاز','ar',NULL,NULL),(1344,1246,'1 Device','en',NULL,NULL),(1345,1247,'7 باكيت','ar',NULL,NULL),(1346,1247,'7 Packet','en',NULL,NULL),(1347,1248,'1 جهاز','ar',NULL,NULL),(1348,1248,'1 Piece','en',NULL,NULL),(1349,1249,'1 باكيت','ar',NULL,NULL),(1350,1249,'1 Packs','en',NULL,NULL),(1351,1250,'1 حبة','ar',NULL,NULL),(1352,1250,'1 Piece','en',NULL,NULL),(1353,1251,'2 حبة','ar',NULL,NULL),(1354,1251,'2 Piece','en',NULL,NULL),(1355,1252,'1 باكيت','ar',NULL,NULL),(1356,1252,'1 Packet','en',NULL,NULL),(1357,1253,'3 باكيت','ar',NULL,NULL),(1358,1253,'3 Packet','en',NULL,NULL),(1359,1254,'1 باكيت','ar',NULL,NULL),(1360,1254,'1 Packet','en',NULL,NULL),(1361,1255,'3 باكيت','ar',NULL,NULL),(1362,1255,'3 Packet','en',NULL,NULL),(1363,1256,'1 باكيت','ar',NULL,NULL),(1364,1256,'1 Packet','en',NULL,NULL),(1365,1257,'5 باكيت','ar',NULL,NULL),(1366,1257,'2 Packets','en',NULL,NULL),(1367,1258,'1 باكيت - 100 كف','ar',NULL,NULL),(1368,1258,'1 Packet - 100 gloves','en',NULL,NULL),(1369,1259,'10 باكيت - 1000 كف','ar',NULL,NULL),(1370,1259,'1 10Packet - 1000 gloves','en',NULL,NULL),(1371,1272,'1 باكيت','ar',NULL,NULL),(1372,1272,'1 Packet','en',NULL,NULL),(1373,1273,'10 باكيت','ar',NULL,NULL),(1374,1273,'10 Packet','en',NULL,NULL),(1375,1274,'1 باكيت','ar',NULL,NULL),(1376,1274,'1 Packet','en',NULL,NULL),(1377,1275,'3 باكيت','ar',NULL,NULL),(1378,1275,'3 Packet','en',NULL,NULL),(1379,1276,'1 باكيت','ar',NULL,NULL),(1380,1276,'1 Packet','en',NULL,NULL),(1381,1277,'3 باكيت','ar',NULL,NULL),(1382,1277,'3 Packet','en',NULL,NULL),(1383,1278,'1 باكيت','ar',NULL,NULL),(1384,1278,'1 Packet','en',NULL,NULL),(1385,1279,'3 باكيت','ar',NULL,NULL),(1386,1279,'3 Packet','en',NULL,NULL),(1387,1280,'1 باكيت','ar',NULL,NULL),(1388,1280,'1 Packet','en',NULL,NULL),(1389,1281,'3 باكيت','ar',NULL,NULL),(1390,1281,'3 Packet','en',NULL,NULL),(1391,1282,'1 باكيت','ar',NULL,NULL),(1392,1282,'1 Packet','en',NULL,NULL),(1393,1283,'3 باكيت','ar',NULL,NULL),(1394,1283,'3 Packet','en',NULL,NULL),(1395,1284,'14 فوطة','ar',NULL,NULL),(1396,1284,'14 Pads','en',NULL,NULL),(1397,1285,'84 فوطة','ar',NULL,NULL),(1398,1285,'Pads 84','en',NULL,NULL),(1399,1286,'168 فوطة','ar',NULL,NULL),(1400,1286,'Pads168','en',NULL,NULL),(1401,1287,'44 شورت','ar',NULL,NULL),(1402,1287,'44 Shorts','en',NULL,NULL),(1403,1288,'132','ar',NULL,NULL),(1404,1288,'132 Shorts','en',NULL,NULL),(1405,1297,'1 باكيت','ar',NULL,NULL),(1406,1297,'1 Packet','en',NULL,NULL),(1407,1298,'3 باكيت','ar',NULL,NULL),(1408,1298,'3 Packet','en',NULL,NULL),(1409,1299,'1 باكيت','ar',NULL,NULL),(1410,1299,'1 Packet','en',NULL,NULL),(1411,1300,'3 باكيت','ar',NULL,NULL),(1412,1300,'3 Packet','en',NULL,NULL),(1413,1301,'1 باكيت','ar',NULL,NULL),(1414,1301,'1 Packet','en',NULL,NULL),(1415,1302,'2 باكيت','ar',NULL,NULL),(1416,1302,'2 Packet','en',NULL,NULL),(1417,1303,'1 باكيت','ar',NULL,NULL),(1418,1303,'1 Packet','en',NULL,NULL),(1419,1304,'3 باكيت','ar',NULL,NULL),(1420,1304,'3 Packet','en',NULL,NULL),(1421,1305,'1 باكيت','ar',NULL,NULL),(1422,1305,'1 Packet','en',NULL,NULL),(1423,1306,'3 باكيت','ar',NULL,NULL),(1424,1306,'3 Packet','en',NULL,NULL),(1425,1307,'1 باكيت','ar',NULL,NULL),(1426,1307,'1 Packet','en',NULL,NULL),(1427,1308,'3 باكيت','ar',NULL,NULL),(1428,1308,'3 Packet','en',NULL,NULL),(1429,1309,'1 باكيت','ar',NULL,NULL),(1430,1309,'1 Packet','en',NULL,NULL),(1431,1310,'3 باكيت','ar',NULL,NULL),(1432,1310,'3 Packet','en',NULL,NULL),(1433,1311,'1 حبة','ar',NULL,NULL),(1434,1311,'1 Piece','en',NULL,NULL),(1435,1312,'1 باكيت','ar',NULL,NULL),(1436,1312,'1 Piece','en',NULL,NULL),(1437,1313,'1 حبه','ar',NULL,NULL),(1438,1313,'1 Piece','en',NULL,NULL),(1439,1314,'4 حبه','ar',NULL,NULL),(1440,1314,'4 Piece','en',NULL,NULL),(1441,1315,'1 حبه','ar',NULL,NULL),(1442,1315,'1 Piece','en',NULL,NULL),(1443,1316,'3 حبه','ar',NULL,NULL),(1444,1316,'3 Piece','en',NULL,NULL),(1445,1317,'1 حبه','ar',NULL,NULL),(1446,1317,'1 Piece','en',NULL,NULL),(1447,1318,'2 حبه','ar',NULL,NULL),(1448,1318,'2 Piece','en',NULL,NULL),(1449,1319,'1 حبه','ar',NULL,NULL),(1450,1319,'1 Piece','en',NULL,NULL),(1451,1320,'3 حبه','ar',NULL,NULL),(1452,1320,'3 Piece','en',NULL,NULL),(1453,1321,'1 حبه','ar',NULL,NULL),(1454,1321,'1 Piece','en',NULL,NULL),(1455,1322,'3 حبه','ar',NULL,NULL),(1456,1322,'3 Piece','en',NULL,NULL),(1457,1323,'1 حبه','ar',NULL,NULL),(1458,1323,'1 Piece','en',NULL,NULL),(1459,1324,'3 حبه','ar',NULL,NULL),(1460,1324,'3 Piece','en',NULL,NULL),(1461,1325,'1 حبه','ar',NULL,NULL),(1462,1325,'1 Piece','en',NULL,NULL),(1463,1326,'3 حبه','ar',NULL,NULL),(1464,1326,'3 Piece','en',NULL,NULL),(1465,1327,'1 حبه','ar',NULL,NULL),(1466,1327,'1 Piece','en',NULL,NULL),(1467,1328,'3 حبه','ar',NULL,NULL),(1468,1328,'3 Piece','en',NULL,NULL),(1469,1329,'1 حبه','ar',NULL,NULL),(1470,1329,'1 Piece','en',NULL,NULL),(1471,1330,'2 حبه','ar',NULL,NULL),(1472,1330,'2 Piece','en',NULL,NULL),(1473,1331,'1 حبه','ar',NULL,NULL),(1474,1331,'1 Piece','en',NULL,NULL),(1475,1332,'2 حبه','ar',NULL,NULL),(1476,1332,'2 Piece','en',NULL,NULL),(1477,1333,'5 باكيت','ar',NULL,NULL),(1478,1333,'5 Pieces','en',NULL,NULL),(1479,1334,'5 باكيت','ar',NULL,NULL),(1480,1334,'5 Pieces','en',NULL,NULL),(1481,1335,'30 باكيت','ar',NULL,NULL),(1482,1335,'30 Pieces','en',NULL,NULL),(1483,1336,'1 باكيت','ar',NULL,NULL),(1484,1336,'1 Packet','en',NULL,NULL),(1487,1338,'2 باكيت','ar',NULL,NULL),(1488,1338,'2 Packet','en',NULL,NULL),(1489,1339,'1 باكيت','ar',NULL,NULL),(1490,1339,'1 Packet','en',NULL,NULL),(1491,1340,'2 باكيت','ar',NULL,NULL),(1492,1340,'2 Packet','en',NULL,NULL),(1493,1341,'1 باكيت','ar',NULL,NULL),(1494,1341,'1 Packet','en',NULL,NULL),(1495,1342,'2 باكيت','ar',NULL,NULL),(1496,1342,'2 Packet','en',NULL,NULL),(1497,1343,'3 شورت','ar',NULL,NULL),(1498,1343,'3 Shorts','en',NULL,NULL),(1499,1344,'9 شورت','ar',NULL,NULL),(1500,1344,'9 Shorts','en',NULL,NULL),(1501,1345,'ميديوم','ar',NULL,NULL),(1502,1345,'Medium','en',NULL,NULL),(1503,1346,'لارج','ar',NULL,NULL),(1504,1346,'Large','en',NULL,NULL),(1505,1347,'1 باكيت','ar',NULL,NULL),(1506,1347,'1 Packet','en',NULL,NULL),(1507,1348,'3 باكيت','ar',NULL,NULL),(1508,1348,'3 Packet','en',NULL,NULL),(1509,1349,'1 باكيت','ar',NULL,NULL),(1510,1349,'1 Pcs','en',NULL,NULL),(1511,1350,'1 باكيت','ar',NULL,NULL),(1512,1350,'1 Pcs','en',NULL,NULL),(1513,1351,'1 باكيت','ar',NULL,NULL),(1514,1351,'1 Pcs','en',NULL,NULL),(1515,1352,'1 باكيت','ar',NULL,NULL),(1516,1352,'1 Pcs','en',NULL,NULL),(1517,1353,'1 باكيت','ar',NULL,NULL),(1518,1353,'1 Pcs','en',NULL,NULL),(1519,1354,'1 باكيت','ar',NULL,NULL),(1520,1354,'1 Pcs','en',NULL,NULL),(1521,1355,'1 باكيت','ar',NULL,NULL),(1522,1355,'1 Pcs','en',NULL,NULL),(1523,1356,'1 باكيت','ar',NULL,NULL),(1524,1356,'1 Pcs','en',NULL,NULL),(1525,1357,'1 باكيت','ar',NULL,NULL),(1526,1357,'1 Pcs','en',NULL,NULL),(1527,1358,'1 عبوة','ar',NULL,NULL),(1528,1358,'1 Piece','en',NULL,NULL),(1529,1359,'2 عبوة','ar',NULL,NULL),(1530,1359,'2 Pieces','en',NULL,NULL),(1533,1367,'1 عبوة','ar',NULL,NULL),(1534,1367,'1 Piece','en',NULL,NULL),(1535,1368,'2 عبوة','ar',NULL,NULL),(1536,1368,'2 Pieces','en',NULL,NULL),(1537,1369,'1 حبه','ar',NULL,NULL),(1538,1369,'1 Piece','en',NULL,NULL),(1539,1370,'2 حبه','ar',NULL,NULL),(1540,1370,'2 Pieces','en',NULL,NULL),(1541,1371,'1 باكيت','ar',NULL,NULL),(1542,1371,'1 Pack','en',NULL,NULL),(1543,1372,'4 باكيت','ar',NULL,NULL),(1544,1372,'4 Packs','en',NULL,NULL),(1545,1373,'1 باكيت','ar',NULL,NULL),(1546,1373,'1 Pack','en',NULL,NULL),(1547,1374,'2 باكيت','ar',NULL,NULL),(1548,1374,'2 Packs','en',NULL,NULL),(1549,1375,'1 باكيت','ar',NULL,NULL),(1550,1375,'1 Pack','en',NULL,NULL),(1551,1376,'2 باكيت','ar',NULL,NULL),(1552,1376,'2 Packs','en',NULL,NULL),(1553,1377,'1 كرسي','ar',NULL,NULL),(1554,1377,'1 Chair','en',NULL,NULL),(1555,1378,'1 كرسي','ar',NULL,NULL),(1556,1378,'1 Chair','en',NULL,NULL),(1557,1379,'1 كرسي','ar',NULL,NULL),(1558,1379,'1 Chair','en',NULL,NULL),(1559,1380,'1 كرسي','ar',NULL,NULL),(1560,1380,'1 Chair','en',NULL,NULL),(1561,1381,'1 كرسي','ar',NULL,NULL),(1562,1381,'1 Chair','en',NULL,NULL),(1563,1382,'1 مشايه','ar',NULL,NULL),(1564,1382,'walker 1','en',NULL,NULL),(1565,1383,'1 مشايه','ar',NULL,NULL),(1566,1383,'walker 1','en',NULL,NULL),(1567,1384,'1 عكاز','ar',NULL,NULL),(1568,1384,'1 stick','en',NULL,NULL),(1569,1385,'1 جهاز','ar',NULL,NULL),(1570,1385,'1 device','en',NULL,NULL),(1571,1386,'1 جهاز','ar',NULL,NULL),(1572,1386,'1 device','en',NULL,NULL),(1573,1387,'1 باكيت','ar',NULL,NULL),(1574,1387,'1 Pack','en',NULL,NULL),(1575,1388,'4 باكيت','ar',NULL,NULL),(1576,1388,'4 Packs','en',NULL,NULL),(1577,1389,'سمول','ar',NULL,NULL),(1578,1389,'Small','en',NULL,NULL),(1579,1390,'ميديوم','ar',NULL,NULL),(1580,1390,'Medium','en',NULL,NULL),(1581,1391,'لارج','ar',NULL,NULL),(1582,1391,'Larg','en',NULL,NULL),(1583,1392,'اكس لارج','ar',NULL,NULL),(1584,1392,'X-Larg','en',NULL,NULL),(1585,1393,'1 باكيت','ar',NULL,NULL),(1586,1393,'1 Packs','en',NULL,NULL),(1587,1394,'2 باكيت','ar',NULL,NULL),(1588,1394,'2 Packs','en',NULL,NULL),(1589,1395,'8 باكيت','ar',NULL,NULL),(1590,1395,'8 Packet','en',NULL,NULL),(1591,1396,'1 باكيت','ar',NULL,NULL),(1592,1396,'1 Pack','en',NULL,NULL),(1593,1397,'4 باكيت','ar',NULL,NULL),(1594,1397,'4 Packs','en',NULL,NULL),(1595,1398,'1 باكيت','ar',NULL,NULL),(1596,1398,'1 Pack','en',NULL,NULL),(1597,1399,'4 باكيت','ar',NULL,NULL),(1598,1399,'4 Packs','en',NULL,NULL),(1599,1400,'1 باكيت','ar',NULL,NULL),(1600,1400,'1 Pack','en',NULL,NULL),(1601,1401,'العرض','ar',NULL,NULL),(1602,1401,'The Offer','en',NULL,NULL),(1603,1402,'1 كرسي','ar',NULL,NULL),(1604,1402,'1 Chair','en',NULL,NULL),(1623,1418,'2 منتج','ar',NULL,NULL),(1624,1418,'2 products','en',NULL,NULL),(1625,1419,'1 حبه','ar',NULL,NULL),(1626,1419,'1 Piece','en',NULL,NULL),(1627,1420,'1 حبه','ar',NULL,NULL),(1628,1420,'1 Piece','en',NULL,NULL),(1629,1421,'1 حبه','ar',NULL,NULL),(1630,1421,'1 Piece','en',NULL,NULL),(1631,1422,'1 باكيت','ar',NULL,NULL),(1632,1422,'1 PCS','en',NULL,NULL),(1633,1423,'1 باكيت','ar',NULL,NULL),(1634,1423,'1 PCS','en',NULL,NULL),(1635,1424,'1 باكيت - 50 حبه','ar',NULL,NULL),(1636,1424,'50 PCS 1 - Pieces','en',NULL,NULL),(1637,1425,'1 حبه','ar',NULL,NULL),(1638,1425,'Piece 1','en',NULL,NULL),(1639,1426,'1 حبه','ar',NULL,NULL),(1640,1426,'Piece 1','en',NULL,NULL),(1641,1427,'10 باكيت','ar',NULL,NULL),(1642,1427,'10 Packs','en',NULL,NULL),(1643,1428,'400 صحن','ar',NULL,NULL),(1644,1428,'400 Plate','en',NULL,NULL),(1645,1429,'400 صحن','ar',NULL,NULL),(1646,1429,'200 plate','en',NULL,NULL),(1647,1430,'1000 صحن','ar',NULL,NULL),(1648,1430,'1000 Plate','en',NULL,NULL),(1649,1431,'1000 صحن','ar',NULL,NULL),(1650,1431,'1000 Plate','en',NULL,NULL),(1651,1432,'20 باكيت','ar',NULL,NULL),(1652,1432,'20 Packs','en',NULL,NULL),(1653,1433,'10 باكيت','ar',NULL,NULL),(1654,1433,'10 Packs','en',NULL,NULL),(1655,1434,'10 باكيت','ar',NULL,NULL),(1656,1434,'10 Packs','en',NULL,NULL),(1657,1435,'10 باكيت','ar',NULL,NULL),(1658,1435,'10 Packs','en',NULL,NULL),(1659,1436,'5 باكيت','ar',NULL,NULL),(1660,1436,'5 Packs','en',NULL,NULL),(1661,1437,'10 باكيت','ar',NULL,NULL),(1662,1437,'10 Packs','en',NULL,NULL),(1663,1438,'20 باكيت','ar',NULL,NULL),(1664,1438,'20  Packs','en',NULL,NULL),(1665,1439,'10 باكيت','ar',NULL,NULL),(1666,1439,'10 Packs','en',NULL,NULL),(1667,1440,'10 باكيت','ar',NULL,NULL),(1668,1440,'10 Packs','en',NULL,NULL),(1669,1441,'10 باكيت','ar',NULL,NULL),(1670,1441,'10 Packs','en',NULL,NULL),(1671,1442,'125 صحن','ar',NULL,NULL),(1672,1442,'125  Plate','en',NULL,NULL),(1673,1443,'125 صحن','ar',NULL,NULL),(1674,1443,'125 Plate','en',NULL,NULL),(1675,1444,'125 صحن','ar',NULL,NULL),(1676,1444,'125 Packs','en',NULL,NULL),(1677,1445,'150 علبة','ar',NULL,NULL),(1678,1445,'150 Box','en',NULL,NULL),(1679,1446,'150 علبة','ar',NULL,NULL),(1680,1446,'150 box','en',NULL,NULL),(1681,1447,'150 علبة','ar',NULL,NULL),(1682,1447,'150 Box','en',NULL,NULL),(1683,1448,'150 علبة','ar',NULL,NULL),(1684,1448,'150 Box','en',NULL,NULL),(1685,1449,'150 علبة','ar',NULL,NULL),(1686,1449,'150 Box','en',NULL,NULL),(1687,1450,'75 جدر','ar',NULL,NULL),(1688,1450,'75 Pot','en',NULL,NULL),(1689,1451,'100 جدر','ar',NULL,NULL),(1690,1451,'100 Pot','en',NULL,NULL),(1691,1452,'150 جدر','ar',NULL,NULL),(1692,1452,'150 Pot','en',NULL,NULL),(1693,1453,'200 جدر','ar',NULL,NULL),(1694,1453,'200 Pot','en',NULL,NULL),(1695,1454,'50 جاط','ar',NULL,NULL),(1696,1454,'50  Plate','en',NULL,NULL),(1697,1455,'50 جاط','ar',NULL,NULL),(1698,1455,'50 Plate','en',NULL,NULL),(1699,1456,'50 جاط','ar',NULL,NULL),(1700,1456,'50  Plate','en',NULL,NULL),(1701,1457,'250 مجموعة','ar',NULL,NULL),(1702,1457,'250 Packs','en',NULL,NULL),(1703,1458,'250 مجموعة','ar',NULL,NULL),(1704,1458,'250  Packs','en',NULL,NULL),(1705,1459,'10باكيت','ar',NULL,NULL),(1706,1459,'10 packs','en',NULL,NULL),(1707,1460,'10 باكيت','ar',NULL,NULL),(1708,1460,'10  Packs','en',NULL,NULL),(1711,1462,'4 باكيت','ar',NULL,NULL),(1712,1462,'4 Packs','en',NULL,NULL),(1713,1463,'5 باكيت','ar',NULL,NULL),(1714,1463,'5 Packs','en',NULL,NULL),(1715,1464,'10 باكيت','ar',NULL,NULL),(1716,1464,'10 Packs','en',NULL,NULL),(1717,1465,'5 باكيت','ar',NULL,NULL),(1718,1465,'5  Packs','en',NULL,NULL),(1719,1466,'10 باكيت','ar',NULL,NULL),(1720,1466,'10  Packs','en',NULL,NULL),(1721,1467,'10 باكيت','ar',NULL,NULL),(1722,1467,'10 Packs','en',NULL,NULL),(1723,1468,'20 باكيت','ar',NULL,NULL),(1724,1468,'20 Packs','en',NULL,NULL),(1727,1512,'5 باكيت','ar',NULL,NULL),(1728,1512,'5 Pieces','en',NULL,NULL),(1729,1513,'30 باكيت','ar',NULL,NULL),(1730,1513,'30 Pieces','en',NULL,NULL),(1731,1637,'2 باكيت','ar',NULL,NULL),(1732,1637,'2 Pack','en',NULL,NULL),(1733,1638,'2 باكيت','ar',NULL,NULL),(1734,1638,'2 Pack','en',NULL,NULL),(1735,1639,'2 باكيت','ar',NULL,NULL),(1736,1639,'2 Pack','en',NULL,NULL),(1737,1640,'2 باكيت','ar',NULL,NULL),(1738,1640,'2 Pack','en',NULL,NULL),(1739,1641,'2 باكيت','ar',NULL,NULL),(1740,1641,'2 Pack','en',NULL,NULL),(1741,1642,'2 باكيت','ar',NULL,NULL),(1742,1642,'2 Pack','en',NULL,NULL),(1743,1643,'2 باكيت','ar',NULL,NULL),(1744,1643,'2 Pack','en',NULL,NULL);

--
