--
-- Host: localhost    Database: topappkw_new
-- ------------------------------------------------------


--
-- Current Database: `topappkw_new`
--


--
-- Table structure for table `arrival_prices`
--

CREATE TABLE `arrival_prices` (
  `id` int unsigned NOT NULL AUTO_INCREMENT,
  `region_id` int DEFAULT NULL,
  `price` double DEFAULT NULL,
  `created_at` timestamp NULL DEFAULT NULL,
  `updated_at` timestamp NULL DEFAULT NULL,
  PRIMARY KEY (`id`)
) ENGINE=InnoDB DEFAULT CHARSET=utf8mb4 COLLATE=utf8mb4_unicode_ci;

--
-- Dumping data for table `arrival_prices`
--


--
-- Table structure for table `arrival_times`
--

CREATE TABLE `arrival_times` (
  `id` int unsigned NOT NULL AUTO_INCREMENT,
  `arrival_id` int unsigned NOT NULL,
  `from` varchar(255) CHARACTER SET utf8mb4 COLLATE utf8mb4_unicode_ci NOT NULL,
  `to` varchar(255) CHARACTER SET utf8mb4 COLLATE utf8mb4_unicode_ci NOT NULL,
  `created_at` timestamp NULL DEFAULT NULL,
  `updated_at` timestamp NULL DEFAULT NULL,
  PRIMARY KEY (`id`),
  KEY `arrival_times_arrival_id_foreign` (`arrival_id`),
  CONSTRAINT `arrival_times_arrival_id_foreign` FOREIGN KEY (`arrival_id`) REFERENCES `arrivals` (`id`) ON DELETE CASCADE
) ENGINE=InnoDB AUTO_INCREMENT=6 DEFAULT CHARSET=utf8mb4 COLLATE=utf8mb4_unicode_ci;

--
-- Dumping data for table `arrival_times`
--

INSERT INTO `arrival_times` (`id`, `arrival_id`, `from`, `to`, `created_at`, `updated_at`) VALUES (1,1,'01:18','02:18','2022-06-23 07:18:36','2022-06-23 07:18:36'),(2,1,'02:18','15:20','2022-06-23 07:18:36','2022-06-23 07:18:36'),(3,1,'12:20','14:18','2022-06-23 07:18:36','2022-06-23 07:18:36'),(4,2,'14:37','01:37','2022-12-17 20:37:54','2022-12-17 20:37:54'),(5,2,'15:37','01:38','2022-12-17 20:37:54','2022-12-17 20:37:54');

--
-- Table structure for table `arrivals`
--

CREATE TABLE `arrivals` (
  `id` int unsigned NOT NULL AUTO_INCREMENT,
  `day` varchar(255) CHARACTER SET utf8mb4 COLLATE utf8mb4_unicode_ci NOT NULL,
  `avalibale` int NOT NULL DEFAULT '1',
  `created_at` timestamp NULL DEFAULT NULL,
  `updated_at` timestamp NULL DEFAULT NULL,
  PRIMARY KEY (`id`)
) ENGINE=InnoDB AUTO_INCREMENT=3 DEFAULT CHARSET=utf8mb4 COLLATE=utf8mb4_unicode_ci;

--
-- Dumping data for table `arrivals`
--

INSERT INTO `arrivals` (`id`, `day`, `avalibale`, `created_at`, `updated_at`) VALUES (1,'Thursday',1,'2022-06-23 07:18:36','2022-06-23 07:18:36'),(2,'Sunday',1,'2022-12-17 20:37:54','2022-12-17 20:37:54');

--
-- Table structure for table `categories`
--

CREATE TABLE `categories` (
  `id` int unsigned NOT NULL AUTO_INCREMENT,
  `image` varchar(255) CHARACTER SET utf8mb4 COLLATE utf8mb4_unicode_ci DEFAULT NULL,
  `status` tinyint(1) NOT NULL DEFAULT '0',
  `parent_id` int NOT NULL,
  `color_name` varchar(255) CHARACTER SET utf8mb4 COLLATE utf8mb4_unicode_ci DEFAULT NULL,
  `created_at` timestamp NULL DEFAULT NULL,
  `updated_at` timestamp NULL DEFAULT NULL,
  `deleted_at` timestamp NULL DEFAULT NULL,
  `main` int DEFAULT '0',
  `image_banner` varchar(191) CHARACTER SET utf8mb4 COLLATE utf8mb4_unicode_ci DEFAULT NULL,
  PRIMARY KEY (`id`)
) ENGINE=InnoDB AUTO_INCREMENT=21 DEFAULT CHARSET=utf8mb4 COLLATE=utf8mb4_unicode_ci;

--
-- Dumping data for table `categories`
--

INSERT INTO `categories` (`id`, `image`, `status`, `parent_id`, `color_name`, `created_at`, `updated_at`, `deleted_at`, `main`, `image_banner`) VALUES (1,'2022-11-06-os0sha5y1beyz8zrfoez.jpg',1,0,'#000000','2022-11-06 19:18:23','2022-11-08 06:24:42','2022-11-08 06:24:42',0,NULL),(2,'2022-12-12-501288D6-5D26-4384-8497-F683E6EA3461.jpeg',0,0,'#000000','2022-11-08 06:24:58','2023-02-10 15:29:21','2023-02-10 15:29:21',1,'2022-11-21-LkBV3QTerFyEBUuOT2VudVwLrZ34r7zmQfocJD3U.jpg'),(3,'2022-11-08-courses1.png',0,0,'#000000','2022-11-08 06:32:04','2022-11-08 09:23:55','2022-11-08 09:23:55',0,NULL),(4,'2022-12-12-6F8A77E4-4455-4EC5-8BA2-524BD0F2F660.jpeg',1,4,'#000000','2022-11-08 09:24:31','2022-12-12 17:39:34',NULL,0,'2022-11-21-S-WEB-Ramadan-Banner-3.webp'),(5,'2023-02-10-6.jpg',1,0,'#000000','2022-11-08 09:24:57','2023-02-10 15:31:07','2023-02-10 15:31:07',1,'2023-02-10-5.jpg'),(6,'2023-01-23-7BCF082B-46F0-4FE1-BB43-568DA3F31071.jpeg',1,6,'#000000','2022-11-08 09:25:19','2023-02-10 15:30:00',NULL,0,'2023-02-10-5.jpg'),(7,NULL,0,0,NULL,'2022-12-13 08:32:05','2022-12-13 08:32:31','2022-12-13 08:32:31',0,'2022-12-13-0afa071beb87dff8[1].png'),(8,'2022-12-13-download (2).png',0,0,NULL,'2022-12-13 08:33:23','2022-12-17 20:16:12','2022-12-17 20:16:12',0,'2022-12-13-download (2).png'),(9,'2022-12-13-E44999CF-7820-4CE4-B017-A5B73B54BEA2.jpeg',0,0,NULL,'2022-12-13 08:49:26','2022-12-17 20:06:02','2022-12-17 20:06:02',0,'2022-12-13-891E5B6C-069E-4D91-8CE5-41DFE3215BB4.jpeg'),(10,NULL,1,0,NULL,'2022-12-14 19:19:26','2022-12-17 20:05:38','2022-12-17 20:05:38',0,'2022-12-14-4626311-390838438.jpg'),(11,'2022-12-17-Flag_of_Egypt.svg.png',0,0,NULL,'2022-12-17 20:06:40','2022-12-17 20:16:09','2022-12-17 20:16:09',0,'2022-12-17-Flag_of_Egypt.svg.png'),(12,'2022-12-17-gxdfgds.jpg',1,0,NULL,'2022-12-17 20:26:28','2023-01-23 16:05:54','2023-01-23 16:05:54',0,'2022-12-17-gxdfgds.jpg'),(13,NULL,1,12,NULL,'2022-12-17 20:28:25','2022-12-17 20:28:42',NULL,0,'2022-12-17-gxdfgds.jpg'),(14,'2022-12-17-de36e676040bc8acda80588fb1aa644b.jpg',1,12,NULL,'2022-12-17 20:33:13','2022-12-17 20:33:30',NULL,0,NULL),(15,'2023-03-06-458a39ff689e65e95305a33b57410ac6_w750_h500.jpg',1,0,NULL,'2023-02-10 15:33:39','2023-03-06 19:23:58',NULL,1,'2023-03-06-طريقة_تتبيل_الجمبري_المقلي.jpg'),(16,'2023-03-06-جاط_مشاوي_مشكل_1676805195344_oRWdD_highres.jpg',1,0,NULL,'2023-02-10 16:41:26','2023-03-06 19:24:42',NULL,1,'2023-03-06-مشكل-مشاوي.jpg'),(17,'2023-03-06-165249-فراخ-محشية-بالخضار.jpg',1,0,NULL,'2023-03-06 19:17:05','2023-03-06 19:25:49',NULL,0,'2023-03-06-3202213191035964015208.jpg'),(18,'2023-03-06-Shrimp-Lemon-Shish.jpg',1,0,NULL,'2023-03-06 19:18:03','2023-03-06 19:18:47',NULL,0,'2023-03-06-Shrimp-Lemon-Shish.jpg'),(19,'2023-03-06-3b9df6f70bde12afd1aeb1bb6b0f477d_w750_h750.jpg',1,0,NULL,'2023-03-06 19:20:03','2023-03-06 19:20:16',NULL,0,'2023-03-06-3b9df6f70bde12afd1aeb1bb6b0f477d_w750_h750.jpg'),(20,'2023-03-06-عصائر-طبيعية-في-البيت.jpg',1,0,NULL,'2023-03-06 19:20:44','2023-03-06 19:27:20',NULL,0,'2023-03-06-94302d8a-20f1-4d65-810c-1b1ec44f2371_16x9_1200x676.webp');

--
-- Table structure for table `category_translations`
--

CREATE TABLE `category_translations` (
  `id` int unsigned NOT NULL AUTO_INCREMENT,
  `category_id` int unsigned NOT NULL,
  `name` varchar(255) CHARACTER SET utf8mb4 COLLATE utf8mb4_unicode_ci NOT NULL,
  `locale` varchar(255) CHARACTER SET utf8mb4 COLLATE utf8mb4_unicode_ci NOT NULL,
  `created_at` timestamp NULL DEFAULT NULL,
  `updated_at` timestamp NULL DEFAULT NULL,
  PRIMARY KEY (`id`),
  UNIQUE KEY `category_translations_category_id_locale_unique` (`category_id`,`locale`),
  KEY `category_translations_locale_index` (`locale`),
  CONSTRAINT `category_translations_category_id_foreign` FOREIGN KEY (`category_id`) REFERENCES `categories` (`id`) ON DELETE CASCADE
) ENGINE=InnoDB AUTO_INCREMENT=41 DEFAULT CHARSET=utf8mb4 COLLATE=utf8mb4_unicode_ci;

--
-- Dumping data for table `category_translations`
--

INSERT INTO `category_translations` (`id`, `category_id`, `name`, `locale`, `created_at`, `updated_at`) VALUES (1,1,'السبح','ar',NULL,NULL),(2,1,'السبح','en',NULL,NULL),(3,2,'ملابس شتويه','ar',NULL,NULL),(4,2,'Winter clothes','en',NULL,NULL),(5,3,'sad','ar',NULL,NULL),(6,3,'asdas','en',NULL,NULL),(7,4,'قسم المناسبات','ar',NULL,NULL),(8,4,'Occasions Section','en',NULL,NULL),(9,5,'دراعات','ar',NULL,NULL),(10,5,'Dra’a','en',NULL,NULL),(11,6,'مناسبات واعياد','ar',NULL,NULL),(12,6,'Occasion and eid','en',NULL,NULL),(13,7,'ملابس','ar',NULL,NULL),(14,7,'drees','en',NULL,NULL),(15,8,'asd','ar',NULL,NULL),(16,8,'asd','en',NULL,NULL),(17,9,'قسم المناسبات','ar',NULL,NULL),(18,9,'Occasion wear','en',NULL,NULL),(19,10,'ملابس اطفال','ar',NULL,NULL),(20,10,'ملابس اطفال','en',NULL,NULL),(21,11,'dfgfdsg','ar',NULL,NULL),(22,11,'dfsgds','en',NULL,NULL),(23,12,'ملابس اطفال','ar',NULL,NULL),(24,12,'ملابس اطفال','en',NULL,NULL),(25,13,'احذية','ar',NULL,NULL),(26,13,'احذية','en',NULL,NULL),(27,14,'نظارات','ar',NULL,NULL),(28,14,'نظارات','en',NULL,NULL),(29,15,'سمك','ar',NULL,NULL),(30,15,'fish','en',NULL,NULL),(31,16,'مشاوي','ar',NULL,NULL),(32,16,'Grills','en',NULL,NULL),(33,17,'فراخ','ar',NULL,NULL),(34,17,'generous','en',NULL,NULL),(35,18,'جمبري','ar',NULL,NULL),(36,18,'Shrimp','en',NULL,NULL),(37,19,'حلويات','ar',NULL,NULL),(38,19,'candies','en',NULL,NULL),(39,20,'عصائر','ar',NULL,NULL),(40,20,'Juices','en',NULL,NULL);

--
-- Table structure for table `contacts`
--

CREATE TABLE `contacts` (
  `id` int unsigned NOT NULL AUTO_INCREMENT,
  `name` varchar(255) CHARACTER SET utf8mb4 COLLATE utf8mb4_unicode_ci NOT NULL,
  `email` varchar(255) CHARACTER SET utf8mb4 COLLATE utf8mb4_unicode_ci NOT NULL,
  `comment` text CHARACTER SET utf8mb4 COLLATE utf8mb4_unicode_ci NOT NULL,
  `phone` varchar(255) CHARACTER SET utf8mb4 COLLATE utf8mb4_unicode_ci NOT NULL,
  `created_at` timestamp NULL DEFAULT NULL,
  `updated_at` timestamp NULL DEFAULT NULL,
  `status` int DEFAULT '0',
  PRIMARY KEY (`id`)
) ENGINE=InnoDB AUTO_INCREMENT=6 DEFAULT CHARSET=utf8mb4 COLLATE=utf8mb4_unicode_ci;

--
-- Dumping data for table `contacts`
--

INSERT INTO `contacts` (`id`, `name`, `email`, `comment`, `phone`, `created_at`, `updated_at`, `status`) VALUES (1,'samer','samer@gmail.com','asdasdasd','4365345','2022-06-26 11:13:47','2022-06-26 11:39:22',1),(2,'cvbb','ffhjvh@ghh.com','shigella','vvv','2022-06-28 08:15:57','2022-06-28 08:15:57',0),(3,'adada','asdsd@gmail.com','sdfsdf','234234','2022-11-03 23:02:52','2022-11-03 23:02:52',0),(4,'dsfsf','sdfds@gmail.com','dsfsdfsdf','3242342','2022-11-03 23:04:04','2022-11-03 23:04:04',0),(5,'asdasd','asdasd@gmail.com','asdfasd','3234','2022-11-03 23:04:32','2022-11-03 23:04:32',0);

--
-- Table structure for table `countries`
--

CREATE TABLE `countries` (
  `id` int unsigned NOT NULL AUTO_INCREMENT,
  `status` tinyint(1) NOT NULL DEFAULT '1',
  `image` varchar(191) CHARACTER SET utf8mb4 COLLATE utf8mb4_unicode_ci DEFAULT NULL,
  `code` varchar(191) CHARACTER SET utf8mb4 COLLATE utf8mb4_unicode_ci DEFAULT NULL,
  `currency` varchar(191) CHARACTER SET utf8mb4 COLLATE utf8mb4_unicode_ci DEFAULT NULL,
  `address_address` varchar(191) CHARACTER SET utf8mb4 COLLATE utf8mb4_unicode_ci NOT NULL,
  `address_latitude` double NOT NULL,
  `address_longitude` double NOT NULL,
  `created_at` timestamp NULL DEFAULT NULL,
  `updated_at` timestamp NULL DEFAULT NULL,
  `prices` float NOT NULL,
  `key` varchar(191) CHARACTER SET utf8mb4 COLLATE utf8mb4_unicode_ci DEFAULT NULL,
  PRIMARY KEY (`id`)
) ENGINE=InnoDB AUTO_INCREMENT=6 DEFAULT CHARSET=utf8mb4 COLLATE=utf8mb4_unicode_ci;

--
-- Dumping data for table `countries`
--

INSERT INTO `countries` (`id`, `status`, `image`, `code`, `currency`, `address_address`, `address_latitude`, `address_longitude`, `created_at`, `updated_at`, `prices`, `key`) VALUES (1,1,'vvBbzHHZDdEbPGgHbbrF3nYfARVqffCyLAOF5oKv.png','KWD','KWD','مدينة الكويت، Kuwait',29.375859,47.9774052,'2020-07-29 23:06:29','2022-10-03 07:19:27',0,'+965'),(2,1,'Jf0lu2CuQ7q5H1rfTHMQ6aKaUW80u1WcrgRJTwgx.png','SAR','SAR','Saudi Arabia',23.885942,45.079162,'2022-04-25 17:22:01','2022-10-03 07:20:10',0,'+966'),(5,1,'cFSQE25r4UHUXAqOjz2cBqLxN7wdPZ8iRvFcfWFp.png','+020','جنية','Egypt',26.820553,30.802498,'2022-12-17 20:34:58','2022-12-17 20:35:37',0,NULL);

--
-- Table structure for table `country_translations`
--

CREATE TABLE `country_translations` (
  `id` int unsigned NOT NULL AUTO_INCREMENT,
  `country_id` int unsigned NOT NULL,
  `name` varchar(191) CHARACTER SET utf8mb4 COLLATE utf8mb4_unicode_ci NOT NULL,
  `locale` varchar(191) CHARACTER SET utf8mb4 COLLATE utf8mb4_unicode_ci NOT NULL,
  `created_at` timestamp NULL DEFAULT NULL,
  `updated_at` timestamp NULL DEFAULT NULL,
  PRIMARY KEY (`id`),
  UNIQUE KEY `country_translations_country_id_locale_unique` (`country_id`,`locale`),
  KEY `country_translations_locale_index` (`locale`),
  CONSTRAINT `country_translations_country_id_foreign` FOREIGN KEY (`country_id`) REFERENCES `countries` (`id`) ON DELETE CASCADE
) ENGINE=InnoDB AUTO_INCREMENT=11 DEFAULT CHARSET=utf8mb4 COLLATE=utf8mb4_unicode_ci;

--
-- Dumping data for table `country_translations`
--

INSERT INTO `country_translations` (`id`, `country_id`, `name`, `locale`, `created_at`, `updated_at`) VALUES (1,1,'الكويت','ar',NULL,NULL),(2,1,'kuwait','en',NULL,NULL),(3,2,'السعودية','ar',NULL,NULL),(4,2,'Saudi Arabia','en',NULL,NULL),(9,5,'مصر','ar',NULL,NULL),(10,5,'egypt','en',NULL,NULL);

--
-- Table structure for table `coupone_relateds`
--

CREATE TABLE `coupone_relateds` (
  `id` int unsigned NOT NULL AUTO_INCREMENT,
  `coupons_id` int unsigned NOT NULL,
  `related_id` int NOT NULL,
  `created_at` timestamp NULL DEFAULT NULL,
  `updated_at` timestamp NULL DEFAULT NULL,
  PRIMARY KEY (`id`),
  KEY `coupone_relateds_coupons_id_foreign` (`coupons_id`),
  CONSTRAINT `coupone_relateds_coupons_id_foreign` FOREIGN KEY (`coupons_id`) REFERENCES `coupons` (`id`) ON DELETE CASCADE
) ENGINE=InnoDB AUTO_INCREMENT=12 DEFAULT CHARSET=utf8mb4 COLLATE=utf8mb4_unicode_ci;

--
-- Dumping data for table `coupone_relateds`
--

INSERT INTO `coupone_relateds` (`id`, `coupons_id`, `related_id`, `created_at`, `updated_at`) VALUES (3,1,2,NULL,NULL),(4,1,4,NULL,NULL),(5,1,5,NULL,NULL),(6,1,6,NULL,NULL),(7,2,2,NULL,NULL),(8,2,4,NULL,NULL),(9,2,5,NULL,NULL),(10,2,6,NULL,NULL),(11,3,12,NULL,NULL);

--
-- Table structure for table `coupons`
--

CREATE TABLE `coupons` (
  `id` int unsigned NOT NULL AUTO_INCREMENT,
  `user_id` int unsigned DEFAULT NULL,
  `name` varchar(255) CHARACTER SET utf8mb4 COLLATE utf8mb4_unicode_ci NOT NULL,
  `code` varchar(255) CHARACTER SET utf8mb4 COLLATE utf8mb4_unicode_ci NOT NULL,
  `type` varchar(255) CHARACTER SET utf8mb4 COLLATE utf8mb4_unicode_ci NOT NULL,
  `value` varchar(255) CHARACTER SET utf8mb4 COLLATE utf8mb4_unicode_ci NOT NULL,
  `count` int NOT NULL DEFAULT '0',
  `status` int NOT NULL DEFAULT '1',
  `created_at` timestamp NULL DEFAULT NULL,
  `updated_at` timestamp NULL DEFAULT NULL,
  PRIMARY KEY (`id`),
  KEY `coupons_user_id_foreign` (`user_id`),
  CONSTRAINT `coupons_user_id_foreign` FOREIGN KEY (`user_id`) REFERENCES `users` (`id`) ON DELETE CASCADE
) ENGINE=InnoDB AUTO_INCREMENT=4 DEFAULT CHARSET=utf8mb4 COLLATE=utf8mb4_unicode_ci;

--
-- Dumping data for table `coupons`
--

INSERT INTO `coupons` (`id`, `user_id`, `name`, `code`, `type`, `value`, `count`, `status`, `created_at`, `updated_at`) VALUES (1,1,'asds','sa','category','10',4,1,'2022-09-24 17:17:33','2022-11-09 11:31:32'),(2,1,'جمعية','9821','category','10',7,1,'2022-10-02 09:01:16','2022-11-09 08:48:36'),(3,1,'انور شحاتة','4354353','category','20',20,1,'2022-12-17 20:37:01','2022-12-17 20:37:01');

--
-- Table structure for table `failed_jobs`
--

CREATE TABLE `failed_jobs` (
  `id` bigint unsigned NOT NULL AUTO_INCREMENT,
  `uuid` varchar(255) CHARACTER SET utf8mb4 COLLATE utf8mb4_unicode_ci NOT NULL,
  `connection` text CHARACTER SET utf8mb4 COLLATE utf8mb4_unicode_ci NOT NULL,
  `queue` text CHARACTER SET utf8mb4 COLLATE utf8mb4_unicode_ci NOT NULL,
  `payload` longtext CHARACTER SET utf8mb4 COLLATE utf8mb4_unicode_ci NOT NULL,
  `exception` longtext CHARACTER SET utf8mb4 COLLATE utf8mb4_unicode_ci NOT NULL,
  `failed_at` timestamp NOT NULL DEFAULT CURRENT_TIMESTAMP,
  PRIMARY KEY (`id`),
  UNIQUE KEY `failed_jobs_uuid_unique` (`uuid`)
) ENGINE=InnoDB DEFAULT CHARSET=utf8mb4 COLLATE=utf8mb4_unicode_ci;

--
-- Dumping data for table `failed_jobs`
--


--
-- Table structure for table `feature_option_translations`
--

CREATE TABLE `feature_option_translations` (
  `id` int unsigned NOT NULL AUTO_INCREMENT,
  `feature_option_id` int unsigned NOT NULL,
  `title` varchar(255) CHARACTER SET utf8mb4 COLLATE utf8mb4_unicode_ci DEFAULT NULL,
  `locale` varchar(255) CHARACTER SET utf8mb4 COLLATE utf8mb4_unicode_ci NOT NULL,
  `created_at` timestamp NULL DEFAULT NULL,
  `updated_at` timestamp NULL DEFAULT NULL,
  PRIMARY KEY (`id`),
  UNIQUE KEY `feature_option_translations_feature_option_id_locale_unique` (`feature_option_id`,`locale`),
  CONSTRAINT `feature_option_translations_feature_option_id_foreign` FOREIGN KEY (`feature_option_id`) REFERENCES `feature_options` (`id`) ON DELETE CASCADE
) ENGINE=InnoDB AUTO_INCREMENT=489 DEFAULT CHARSET=utf8mb4 COLLATE=utf8mb4_unicode_ci;

--
-- Dumping data for table `feature_option_translations`
--

INSERT INTO `feature_option_translations` (`id`, `feature_option_id`, `title`, `locale`, `created_at`, `updated_at`) VALUES (1,1,'xl','ar',NULL,NULL),(2,1,'xl','en',NULL,NULL),(3,2,'l','ar',NULL,NULL),(4,2,'l','en',NULL,NULL),(23,12,'erterwt','ar',NULL,NULL),(24,12,'ewrtwert','en',NULL,NULL),(25,13,'erwtwret','ar',NULL,NULL),(26,13,'ewrtwert','en',NULL,NULL),(27,14,'erterwt','ar',NULL,NULL),(28,14,'wertewrt','en',NULL,NULL),(29,15,'werterwtrwe','ar',NULL,NULL),(30,15,'wertwertew','en',NULL,NULL),(31,16,'hfdgh','ar',NULL,NULL),(32,16,'dfghgfd','en',NULL,NULL),(33,17,'terytre','ar',NULL,NULL),(34,17,'rteyer','en',NULL,NULL),(35,18,'ertyrtey','ar',NULL,NULL),(36,18,'retyrety','en',NULL,NULL),(37,19,'retyrte','ar',NULL,NULL),(38,19,'yrteyre','en',NULL,NULL),(39,20,'erty','ar',NULL,NULL),(40,20,'rety','en',NULL,NULL),(41,21,'erwt','ar',NULL,NULL),(42,21,'erwtwer','en',NULL,NULL),(43,22,'الاحمر','ar',NULL,NULL),(44,22,'red','en',NULL,NULL),(45,23,'اصفر','ar',NULL,NULL),(46,23,'ye','en',NULL,NULL),(47,24,'اخضر','ar',NULL,NULL),(48,24,'ger','en',NULL,NULL),(49,25,'xl','ar',NULL,NULL),(50,25,'xl','en',NULL,NULL),(51,26,'xxl','ar',NULL,NULL),(52,26,'xxl','en',NULL,NULL),(53,27,'xxxl','ar',NULL,NULL),(54,27,'xxl','en',NULL,NULL),(55,28,'سمول','ar',NULL,NULL),(56,28,'S','en',NULL,NULL),(57,29,'ميديم','ar',NULL,NULL),(58,29,'M','en',NULL,NULL),(59,30,'لارج','ar',NULL,NULL),(60,30,'L','en',NULL,NULL),(61,31,'اكس لارج','ar',NULL,NULL),(62,31,'Xl','en',NULL,NULL),(63,32,'اكس اكس لارج','ar',NULL,NULL),(64,32,'Xxl','en',NULL,NULL),(65,33,'3اكس لارج','ar',NULL,NULL),(66,33,'3xl','en',NULL,NULL),(67,34,'50','ar',NULL,NULL),(68,34,'50','en',NULL,NULL),(69,35,'51','ar',NULL,NULL),(70,35,'51','en',NULL,NULL),(71,36,'اكس سمول','ar',NULL,NULL),(72,36,'Xs','en',NULL,NULL),(73,37,'52','ar',NULL,NULL),(74,37,'52','en',NULL,NULL),(75,38,'53','ar',NULL,NULL),(76,38,'53','en',NULL,NULL),(77,39,'54','ar',NULL,NULL),(78,39,'54','en',NULL,NULL),(79,40,'Xs','ar',NULL,NULL),(80,40,'Xs','en',NULL,NULL),(81,41,'S','ar',NULL,NULL),(82,41,'S','en',NULL,NULL),(83,42,'M','ar',NULL,NULL),(84,42,'M','en',NULL,NULL),(85,43,'L','ar',NULL,NULL),(86,43,'L','en',NULL,NULL),(87,44,'Xl','ar',NULL,NULL),(88,44,'Xl','en',NULL,NULL),(89,45,'Xxl','ar',NULL,NULL),(90,45,'Xxl','en',NULL,NULL),(91,46,'Xxl','ar',NULL,NULL),(92,46,'Xxl','en',NULL,NULL),(95,93,'Xxxl','ar',NULL,NULL),(96,93,'Xxxl','en',NULL,NULL),(101,144,'52','ar',NULL,NULL),(102,144,'52','en',NULL,NULL),(103,145,'54','ar',NULL,NULL),(104,145,'54','en',NULL,NULL),(105,146,'56','ar',NULL,NULL),(106,146,'56','en',NULL,NULL),(107,147,'58','ar',NULL,NULL),(108,147,'58','en',NULL,NULL),(109,148,'60','ar',NULL,NULL),(110,148,'60','en',NULL,NULL),(111,149,'Xs','ar',NULL,NULL),(112,149,'Xs','en',NULL,NULL),(113,150,'Xs','ar',NULL,NULL),(114,150,'Xs','en',NULL,NULL),(115,151,'S','ar',NULL,NULL),(116,151,'S','en',NULL,NULL),(117,152,'M','ar',NULL,NULL),(118,152,'M','en',NULL,NULL),(119,153,'M','ar',NULL,NULL),(120,153,'M','en',NULL,NULL),(121,154,'L','ar',NULL,NULL),(122,154,'L','en',NULL,NULL),(123,155,'Xl','ar',NULL,NULL),(124,155,'Xl','en',NULL,NULL),(125,156,'Xxl','ar',NULL,NULL),(126,156,'Xxl','en',NULL,NULL),(127,157,'Xxxl','ar',NULL,NULL),(128,157,'Xxxl','en',NULL,NULL),(131,159,'50','ar',NULL,NULL),(132,159,'50','en',NULL,NULL),(133,160,'52','ar',NULL,NULL),(134,160,'52','en',NULL,NULL),(135,161,'54','ar',NULL,NULL),(136,161,'54','en',NULL,NULL),(137,162,'56','ar',NULL,NULL),(138,162,'56','en',NULL,NULL),(139,163,'58','ar',NULL,NULL),(140,163,'58','en',NULL,NULL),(143,165,'60','ar',NULL,NULL),(144,165,'60','en',NULL,NULL),(145,166,'اخضر','ar',NULL,NULL),(146,166,'Green','en',NULL,NULL),(147,167,'اخضر','ar',NULL,NULL),(148,167,'Green','en',NULL,NULL),(149,168,'S','ar',NULL,NULL),(150,168,'S','en',NULL,NULL),(151,169,'M','ar',NULL,NULL),(152,169,'M','en',NULL,NULL),(153,170,'L','ar',NULL,NULL),(154,170,'L','en',NULL,NULL),(155,171,'XL','ar',NULL,NULL),(156,171,'XL','en',NULL,NULL),(157,172,'XXL','ar',NULL,NULL),(158,172,'XXL','en',NULL,NULL),(159,173,'XXXL','ar',NULL,NULL),(160,173,'XXXL','en',NULL,NULL),(161,174,'S','ar',NULL,NULL),(162,174,'S','en',NULL,NULL),(163,175,'M','ar',NULL,NULL),(164,175,'M','en',NULL,NULL),(165,176,'L','ar',NULL,NULL),(166,176,'L','en',NULL,NULL),(167,177,'XL','ar',NULL,NULL),(168,177,'XL','en',NULL,NULL),(169,178,'XXL','ar',NULL,NULL),(170,178,'XXL','en',NULL,NULL),(171,179,'XXXL','ar',NULL,NULL),(172,179,'XXXL','en',NULL,NULL),(173,180,'S','ar',NULL,NULL),(174,180,'S','en',NULL,NULL),(175,181,'M','ar',NULL,NULL),(176,181,'M','en',NULL,NULL),(177,182,'L','ar',NULL,NULL),(178,182,'L','en',NULL,NULL),(179,183,'XL','ar',NULL,NULL),(180,183,'XL','en',NULL,NULL),(181,184,'XXL','ar',NULL,NULL),(182,184,'XXL','en',NULL,NULL),(183,185,'XXXL','ar',NULL,NULL),(184,185,'XXXL','en',NULL,NULL),(185,186,'S','ar',NULL,NULL),(186,186,'S','en',NULL,NULL),(187,187,'M','ar',NULL,NULL),(188,187,'M','en',NULL,NULL),(189,188,'L','ar',NULL,NULL),(190,188,'L','en',NULL,NULL),(191,189,'XL','ar',NULL,NULL),(192,189,'XL','en',NULL,NULL),(193,190,'XXL','ar',NULL,NULL),(194,190,'XXL','en',NULL,NULL),(195,191,'XXXL','ar',NULL,NULL),(196,191,'XXXL','en',NULL,NULL),(197,192,'S','ar',NULL,NULL),(198,192,'S','en',NULL,NULL),(199,193,'M','ar',NULL,NULL),(200,193,'M','en',NULL,NULL),(201,194,'L','ar',NULL,NULL),(202,194,'L','en',NULL,NULL),(203,195,'XL','ar',NULL,NULL),(204,195,'XL','en',NULL,NULL),(205,196,'XXL','ar',NULL,NULL),(206,196,'XXL','en',NULL,NULL),(207,197,'XXXL','ar',NULL,NULL),(208,197,'XXXL','en',NULL,NULL),(211,207,'S','ar',NULL,NULL),(212,207,'S','en',NULL,NULL),(213,208,'M','ar',NULL,NULL),(214,208,'M','en',NULL,NULL),(215,209,'L','ar',NULL,NULL),(216,209,'L','en',NULL,NULL),(217,210,'XL','ar',NULL,NULL),(218,210,'XL','en',NULL,NULL),(219,211,'S','ar',NULL,NULL),(220,211,'S','en',NULL,NULL),(221,212,'M','ar',NULL,NULL),(222,212,'M','en',NULL,NULL),(223,213,'L','ar',NULL,NULL),(224,213,'L','en',NULL,NULL),(225,214,'XL','ar',NULL,NULL),(226,214,'XL','en',NULL,NULL),(227,215,'XXL','ar',NULL,NULL),(228,215,'XXL','en',NULL,NULL),(229,216,'XXXL','ar',NULL,NULL),(230,216,'XXXL','en',NULL,NULL),(231,217,'S','ar',NULL,NULL),(232,217,'S','en',NULL,NULL),(233,218,'M','ar',NULL,NULL),(234,218,'M','en',NULL,NULL),(235,219,'L','ar',NULL,NULL),(236,219,'L','en',NULL,NULL),(237,220,'XL','ar',NULL,NULL),(238,220,'XL','en',NULL,NULL),(239,221,'XXL','ar',NULL,NULL),(240,221,'XXL','en',NULL,NULL),(241,222,'XXXL','ar',NULL,NULL),(242,222,'XXXL','en',NULL,NULL),(243,223,'S','ar',NULL,NULL),(244,223,'S','en',NULL,NULL),(245,224,'M','ar',NULL,NULL),(246,224,'M','en',NULL,NULL),(247,225,'L','ar',NULL,NULL),(248,225,'L','en',NULL,NULL),(249,226,'XL','ar',NULL,NULL),(250,226,'XL','en',NULL,NULL),(251,227,'XXL','ar',NULL,NULL),(252,227,'XXL','en',NULL,NULL),(253,228,'XXXL','ar',NULL,NULL),(254,228,'XXXL','en',NULL,NULL),(255,229,'S','ar',NULL,NULL),(256,229,'S','en',NULL,NULL),(257,230,'M','ar',NULL,NULL),(258,230,'M','en',NULL,NULL),(259,231,'L','ar',NULL,NULL),(260,231,'L','en',NULL,NULL),(261,232,'XL','ar',NULL,NULL),(262,232,'XL','en',NULL,NULL),(263,233,'XXL','ar',NULL,NULL),(264,233,'XXL','en',NULL,NULL),(265,234,'XXXL','ar',NULL,NULL),(266,234,'XXXL','en',NULL,NULL),(267,235,'50','ar',NULL,NULL),(268,235,'50','en',NULL,NULL),(269,236,'51','ar',NULL,NULL),(270,236,'51','en',NULL,NULL),(271,237,'52','ar',NULL,NULL),(272,237,'52','en',NULL,NULL),(273,238,'53','ar',NULL,NULL),(274,238,'53','en',NULL,NULL),(275,239,'54','ar',NULL,NULL),(276,239,'54','en',NULL,NULL),(277,240,'55','ar',NULL,NULL),(278,240,'55','en',NULL,NULL),(279,241,'56','ar',NULL,NULL),(280,241,'56','en',NULL,NULL),(281,242,'57','ar',NULL,NULL),(282,242,'57','en',NULL,NULL),(283,243,'58','ar',NULL,NULL),(284,243,'58','en',NULL,NULL),(285,244,'59','ar',NULL,NULL),(286,244,'59','en',NULL,NULL),(287,245,'60','ar',NULL,NULL),(288,245,'60','en',NULL,NULL),(289,246,'50','ar',NULL,NULL),(290,246,'50','en',NULL,NULL),(291,247,'51','ar',NULL,NULL),(292,247,'51','en',NULL,NULL),(293,248,'52','ar',NULL,NULL),(294,248,'52','en',NULL,NULL),(295,249,'53','ar',NULL,NULL),(296,249,'53','en',NULL,NULL),(297,250,'54','ar',NULL,NULL),(298,250,'54','en',NULL,NULL),(299,251,'55','ar',NULL,NULL),(300,251,'55','en',NULL,NULL),(301,252,'56','ar',NULL,NULL),(302,252,'56','en',NULL,NULL),(303,253,'57','ar',NULL,NULL),(304,253,'57','en',NULL,NULL),(305,254,'58','ar',NULL,NULL),(306,254,'58','en',NULL,NULL),(307,255,'59','ar',NULL,NULL),(308,255,'59','en',NULL,NULL),(309,256,'60','ar',NULL,NULL),(310,256,'60','en',NULL,NULL),(311,257,'50','ar',NULL,NULL),(312,257,'50','en',NULL,NULL),(313,258,'51','ar',NULL,NULL),(314,258,'51','en',NULL,NULL),(315,259,'52','ar',NULL,NULL),(316,259,'52','en',NULL,NULL),(317,260,'53','ar',NULL,NULL),(318,260,'53','en',NULL,NULL),(319,261,'54','ar',NULL,NULL),(320,261,'54','en',NULL,NULL),(321,262,'55','ar',NULL,NULL),(322,262,'55','en',NULL,NULL),(323,263,'56','ar',NULL,NULL),(324,263,'56','en',NULL,NULL),(325,264,'57','ar',NULL,NULL),(326,264,'57','en',NULL,NULL),(327,265,'58','ar',NULL,NULL),(328,265,'58','en',NULL,NULL),(329,266,'59','ar',NULL,NULL),(330,266,'59','en',NULL,NULL),(331,267,'60','ar',NULL,NULL),(332,267,'60','en',NULL,NULL),(333,268,'50','ar',NULL,NULL),(334,268,'50','en',NULL,NULL),(335,269,'51','ar',NULL,NULL),(336,269,'51','en',NULL,NULL),(337,270,'52','ar',NULL,NULL),(338,270,'52','en',NULL,NULL),(339,271,'53','ar',NULL,NULL),(340,271,'53','en',NULL,NULL),(341,272,'54','ar',NULL,NULL),(342,272,'54','en',NULL,NULL),(343,273,'55','ar',NULL,NULL),(344,273,'55','en',NULL,NULL),(345,274,'56','ar',NULL,NULL),(346,274,'56','en',NULL,NULL),(347,275,'57','ar',NULL,NULL),(348,275,'57','en',NULL,NULL),(349,276,'58','ar',NULL,NULL),(350,276,'58','en',NULL,NULL),(351,277,'59','ar',NULL,NULL),(352,277,'59','en',NULL,NULL),(353,278,'60','ar',NULL,NULL),(354,278,'60','en',NULL,NULL),(355,279,'50','ar',NULL,NULL),(356,279,'50','en',NULL,NULL),(357,280,'51','ar',NULL,NULL),(358,280,'51','en',NULL,NULL),(359,281,'52','ar',NULL,NULL),(360,281,'52','en',NULL,NULL),(361,282,'53','ar',NULL,NULL),(362,282,'53','en',NULL,NULL),(363,283,'54','ar',NULL,NULL),(364,283,'54','en',NULL,NULL),(365,284,'55','ar',NULL,NULL),(366,284,'55','en',NULL,NULL),(367,285,'56','ar',NULL,NULL),(368,285,'56','en',NULL,NULL),(371,287,'57','ar',NULL,NULL),(372,287,'57','en',NULL,NULL),(373,288,'58','ar',NULL,NULL),(374,288,'58','en',NULL,NULL),(375,289,'59','ar',NULL,NULL),(376,289,'59','en',NULL,NULL),(377,290,'60','ar',NULL,NULL),(378,290,'60','en',NULL,NULL),(379,291,'50','ar',NULL,NULL),(380,291,'50','en',NULL,NULL),(381,292,'51','ar',NULL,NULL),(382,292,'51','en',NULL,NULL),(383,293,'52','ar',NULL,NULL),(384,293,'52','en',NULL,NULL),(385,294,'53','ar',NULL,NULL),(386,294,'53','en',NULL,NULL),(387,295,'54','ar',NULL,NULL),(388,295,'54','en',NULL,NULL),(389,296,'55','ar',NULL,NULL),(390,296,'55','en',NULL,NULL),(391,297,'56','ar',NULL,NULL),(392,297,'56','en',NULL,NULL),(393,298,'57','ar',NULL,NULL),(394,298,'57','en',NULL,NULL),(395,299,'58','ar',NULL,NULL),(396,299,'58','en',NULL,NULL),(397,300,'59','ar',NULL,NULL),(398,300,'59','en',NULL,NULL),(399,301,'60','ar',NULL,NULL),(400,301,'60','en',NULL,NULL),(401,302,'50','ar',NULL,NULL),(402,302,'50','en',NULL,NULL),(403,303,'51','ar',NULL,NULL),(404,303,'51','en',NULL,NULL),(405,304,'52','ar',NULL,NULL),(406,304,'52','en',NULL,NULL),(407,305,'53','ar',NULL,NULL),(408,305,'53','en',NULL,NULL),(409,306,'54','ar',NULL,NULL),(410,306,'54','en',NULL,NULL),(411,307,'55','ar',NULL,NULL),(412,307,'55','en',NULL,NULL),(413,308,'56','ar',NULL,NULL),(414,308,'56','en',NULL,NULL),(415,309,'57','ar',NULL,NULL),(416,309,'57','en',NULL,NULL),(417,310,'58','ar',NULL,NULL),(418,310,'58','en',NULL,NULL),(419,311,'59','ar',NULL,NULL),(420,311,'59','en',NULL,NULL),(421,312,'60','ar',NULL,NULL),(422,312,'60','en',NULL,NULL),(423,319,'50','ar',NULL,NULL),(424,319,'50','en',NULL,NULL),(425,320,'51','ar',NULL,NULL),(426,320,'51','en',NULL,NULL),(427,321,'52','ar',NULL,NULL),(428,321,'52','en',NULL,NULL),(429,322,'53','ar',NULL,NULL),(430,322,'53','en',NULL,NULL),(431,323,'54','ar',NULL,NULL),(432,323,'54','en',NULL,NULL),(433,324,'55','ar',NULL,NULL),(434,324,'55','en',NULL,NULL),(435,325,'56','ar',NULL,NULL),(436,325,'56','en',NULL,NULL),(437,326,'57','ar',NULL,NULL),(438,326,'57','en',NULL,NULL),(439,327,'58','ar',NULL,NULL),(440,327,'58','en',NULL,NULL),(441,328,'59','ar',NULL,NULL),(442,328,'59','en',NULL,NULL),(443,329,'60','ar',NULL,NULL),(444,329,'60','en',NULL,NULL),(445,330,'50','ar',NULL,NULL),(446,330,'50','en',NULL,NULL),(447,331,'51','ar',NULL,NULL),(448,331,'51','en',NULL,NULL),(449,332,'52','ar',NULL,NULL),(450,332,'52','en',NULL,NULL),(451,333,'53','ar',NULL,NULL),(452,333,'53','en',NULL,NULL),(453,334,'54','ar',NULL,NULL),(454,334,'54','en',NULL,NULL),(455,335,'55','ar',NULL,NULL),(456,335,'55','en',NULL,NULL),(457,336,'56','ar',NULL,NULL),(458,336,'56','en',NULL,NULL),(459,337,'57','ar',NULL,NULL),(460,337,'57','en',NULL,NULL),(461,338,'58','ar',NULL,NULL),(462,338,'58','en',NULL,NULL),(463,339,'59','ar',NULL,NULL),(464,339,'59','en',NULL,NULL),(465,340,'60','ar',NULL,NULL),(466,340,'60','en',NULL,NULL),(467,341,'50','ar',NULL,NULL),(468,341,'50','en',NULL,NULL),(469,342,'51','ar',NULL,NULL),(470,342,'51','en',NULL,NULL),(471,343,'52','ar',NULL,NULL),(472,343,'52','en',NULL,NULL),(473,344,'53','ar',NULL,NULL),(474,344,'53','en',NULL,NULL),(475,345,'54','ar',NULL,NULL),(476,345,'54','en',NULL,NULL),(477,346,'55','ar',NULL,NULL),(478,346,'55','en',NULL,NULL),(479,347,'56','ar',NULL,NULL),(480,347,'56','en',NULL,NULL),(481,348,'57','ar',NULL,NULL),(482,348,'57','en',NULL,NULL),(483,349,'58','ar',NULL,NULL),(484,349,'58','en',NULL,NULL),(485,350,'59','ar',NULL,NULL),(486,350,'59','en',NULL,NULL),(487,351,'60','ar',NULL,NULL),(488,351,'60','en',NULL,NULL);

--
-- Table structure for table `feature_options`
--

CREATE TABLE `feature_options` (
  `id` int unsigned NOT NULL AUTO_INCREMENT,
  `price` decimal(8,2) DEFAULT '0.00',
  `count` int DEFAULT '0',
  `feature_id` int unsigned DEFAULT NULL,
  `created_at` timestamp NULL DEFAULT NULL,
  `updated_at` timestamp NULL DEFAULT NULL,
  `color` varchar(191) CHARACTER SET utf8mb4 COLLATE utf8mb4_unicode_ci DEFAULT NULL,
  PRIMARY KEY (`id`),
  KEY `feature_options_feature_id_foreign` (`feature_id`),
  CONSTRAINT `feature_options_feature_id_foreign` FOREIGN KEY (`feature_id`) REFERENCES `features` (`id`) ON DELETE CASCADE
) ENGINE=InnoDB AUTO_INCREMENT=352 DEFAULT CHARSET=utf8mb4 COLLATE=utf8mb4_unicode_ci;

--
-- Dumping data for table `feature_options`
--

INSERT INTO `feature_options` (`id`, `price`, `count`, `feature_id`, `created_at`, `updated_at`, `color`) VALUES (1,NULL,NULL,1,'2022-11-06 19:22:52','2022-11-06 19:22:52','#000000'),(2,NULL,NULL,1,'2022-11-06 19:23:10','2022-11-06 19:23:10','#602929'),(12,NULL,NULL,5,'2022-11-08 07:42:58','2022-11-08 07:42:58','#000000'),(13,NULL,NULL,5,'2022-11-08 07:43:05','2022-11-08 07:43:05','#ff0000'),(14,NULL,NULL,5,'2022-11-08 07:43:12','2022-11-08 07:43:12','#03fcb1'),(15,NULL,NULL,5,'2022-11-08 07:43:20','2022-11-08 07:43:20','#ff7e05'),(16,NULL,NULL,7,'2022-11-20 07:40:06','2022-11-20 07:40:06','#ff0505'),(17,NULL,NULL,7,'2022-11-20 07:40:12','2022-11-20 07:40:12','#32e600'),(18,NULL,NULL,7,'2022-11-20 07:40:20','2022-11-20 07:40:20','#e6ff29'),(19,NULL,NULL,7,'2022-11-20 07:40:27','2022-11-20 07:40:27','#ff00dd'),(20,NULL,NULL,8,'2022-11-20 07:41:38','2022-11-20 07:41:38','#000000'),(21,NULL,NULL,8,'2022-11-20 07:41:41','2022-11-20 07:41:41','#000000'),(22,NULL,NULL,14,'2022-12-17 20:41:51','2022-12-17 20:41:51','#eb0000'),(23,NULL,NULL,14,'2022-12-17 20:41:53','2022-12-17 20:41:53','#ffea00'),(24,NULL,NULL,14,'2022-12-17 20:42:13','2022-12-17 20:42:13','#1eff00'),(25,NULL,NULL,15,'2022-12-17 20:43:42','2022-12-17 20:43:42','#000000'),(26,NULL,NULL,15,'2022-12-17 20:43:52','2022-12-17 20:43:52','#000000'),(27,NULL,NULL,15,'2022-12-17 20:44:01','2022-12-17 20:44:01','#000000'),(28,NULL,NULL,16,'2022-12-19 12:04:20','2022-12-19 12:04:20','#000000'),(29,NULL,NULL,16,'2022-12-19 12:04:35','2022-12-19 12:04:35','#000000'),(30,NULL,NULL,16,'2022-12-19 12:04:42','2022-12-19 12:04:42','#000000'),(31,NULL,NULL,16,'2022-12-19 12:05:43','2022-12-19 12:05:43','#000000'),(32,NULL,NULL,16,'2022-12-19 12:05:45','2022-12-19 12:05:45','#000000'),(33,NULL,NULL,16,'2022-12-19 12:05:46','2022-12-19 12:05:46','#000000'),(34,NULL,NULL,17,'2022-12-19 12:07:04','2022-12-19 12:07:04','#000000'),(35,NULL,NULL,17,'2022-12-19 12:07:13','2022-12-19 12:07:13','#000000'),(36,NULL,NULL,16,'2022-12-19 12:15:40','2022-12-19 12:15:40','#000000'),(37,NULL,NULL,17,'2022-12-19 12:21:35','2022-12-19 12:21:35','#000000'),(38,NULL,NULL,17,'2022-12-19 12:21:48','2022-12-19 12:21:48','#000000'),(39,NULL,NULL,17,'2022-12-19 12:21:58','2022-12-19 12:21:58','#000000'),(40,NULL,NULL,20,'2023-01-23 16:28:39','2023-01-23 16:28:39','#000000'),(41,NULL,NULL,20,'2023-01-23 16:28:56','2023-01-23 16:28:56','#000000'),(42,NULL,NULL,20,'2023-01-23 16:29:04','2023-01-23 16:29:04','#000000'),(43,NULL,NULL,20,'2023-01-23 16:29:10','2023-01-23 16:29:10','#000000'),(44,NULL,NULL,20,'2023-01-23 16:29:25','2023-01-23 16:29:25','#000000'),(45,NULL,NULL,20,'2023-01-23 16:29:32','2023-01-23 16:29:32','#000000'),(46,NULL,NULL,20,'2023-01-23 16:29:33','2023-01-23 16:29:33','#000000'),(93,NULL,NULL,20,'2023-01-23 16:32:59','2023-01-23 16:32:59','#000000'),(144,NULL,NULL,22,'2023-01-23 16:38:31','2023-01-23 16:38:31','#000000'),(145,NULL,NULL,22,'2023-01-23 16:38:39','2023-01-23 16:38:39','#000000'),(146,NULL,NULL,22,'2023-01-23 16:38:48','2023-01-23 16:38:48','#000000'),(147,NULL,NULL,22,'2023-01-23 16:38:57','2023-01-23 16:38:57','#000000'),(148,NULL,NULL,22,'2023-01-23 16:39:06','2023-01-23 16:39:06','#000000'),(149,NULL,NULL,24,'2023-01-23 16:45:02','2023-01-23 16:45:02','#000000'),(150,NULL,NULL,24,'2023-01-23 16:45:03','2023-01-23 16:45:03','#000000'),(151,NULL,NULL,24,'2023-01-23 16:45:09','2023-01-23 16:45:09','#000000'),(152,NULL,NULL,24,'2023-01-23 16:45:15','2023-01-23 16:45:15','#000000'),(153,NULL,NULL,24,'2023-01-23 16:45:16','2023-01-23 16:45:16','#000000'),(154,NULL,NULL,24,'2023-01-23 16:45:20','2023-01-23 16:45:20','#000000'),(155,NULL,NULL,24,'2023-01-23 16:45:27','2023-01-23 16:45:27','#000000'),(156,NULL,NULL,24,'2023-01-23 16:45:33','2023-01-23 16:45:33','#000000'),(157,NULL,NULL,24,'2023-01-23 16:45:48','2023-01-23 16:45:48','#000000'),(159,NULL,NULL,25,'2023-01-23 16:46:13','2023-01-23 16:46:13','#000000'),(160,NULL,NULL,25,'2023-01-23 16:46:21','2023-01-23 16:46:21','#000000'),(161,NULL,NULL,25,'2023-01-23 16:46:29','2023-01-23 16:46:29','#000000'),(162,NULL,NULL,25,'2023-01-23 16:46:36','2023-01-23 16:46:36','#000000'),(163,NULL,NULL,25,'2023-01-23 16:47:00','2023-01-23 16:47:00','#000000'),(165,NULL,NULL,25,'2023-01-23 16:47:08','2023-01-23 16:47:08','#000000'),(166,NULL,NULL,27,'2023-01-23 18:03:34','2023-01-23 18:03:34','#07da58'),(167,NULL,NULL,27,'2023-01-23 18:03:35','2023-01-23 18:03:35','#07da58'),(168,NULL,NULL,28,'2023-02-10 16:21:11','2023-02-10 16:21:11','#000000'),(169,NULL,NULL,28,'2023-02-10 16:21:26','2023-02-10 16:21:26','#000000'),(170,NULL,NULL,28,'2023-02-10 16:21:34','2023-02-10 16:21:34','#000000'),(171,NULL,NULL,28,'2023-02-10 16:21:43','2023-02-10 16:21:43','#000000'),(172,NULL,NULL,28,'2023-02-10 16:21:52','2023-02-10 16:21:52','#000000'),(173,NULL,NULL,28,'2023-02-10 16:22:02','2023-02-10 16:22:02','#000000'),(174,NULL,NULL,29,'2023-02-10 16:36:36','2023-02-10 16:36:36','#000000'),(175,NULL,NULL,29,'2023-02-10 16:36:42','2023-02-10 16:36:42','#000000'),(176,NULL,NULL,29,'2023-02-10 16:36:54','2023-02-10 16:36:54','#000000'),(177,NULL,NULL,29,'2023-02-10 16:37:04','2023-02-10 16:37:04','#000000'),(178,NULL,NULL,29,'2023-02-10 16:37:17','2023-02-10 16:37:17','#000000'),(179,NULL,NULL,29,'2023-02-10 16:37:27','2023-02-10 16:37:27','#000000'),(180,NULL,NULL,30,'2023-02-11 06:54:10','2023-02-11 06:54:10','#000000'),(181,NULL,NULL,30,'2023-02-11 06:54:16','2023-02-11 06:54:16','#000000'),(182,NULL,NULL,30,'2023-02-11 06:54:20','2023-02-11 06:54:20','#000000'),(183,NULL,NULL,30,'2023-02-11 06:54:35','2023-02-11 06:54:35','#000000'),(184,NULL,NULL,30,'2023-02-11 06:54:43','2023-02-11 06:54:43','#000000'),(185,NULL,NULL,30,'2023-02-11 06:54:52','2023-02-11 06:54:52','#000000'),(186,NULL,NULL,32,'2023-02-11 06:58:18','2023-02-11 06:58:18','#000000'),(187,NULL,NULL,32,'2023-02-11 06:58:22','2023-02-11 06:58:22','#000000'),(188,NULL,NULL,32,'2023-02-11 06:58:28','2023-02-11 06:58:28','#000000'),(189,NULL,NULL,32,'2023-02-11 06:58:34','2023-02-11 06:58:34','#000000'),(190,NULL,NULL,32,'2023-02-11 06:58:41','2023-02-11 06:58:41','#000000'),(191,NULL,NULL,32,'2023-02-11 06:58:49','2023-02-11 06:58:49','#000000'),(192,NULL,NULL,33,'2023-02-11 07:01:07','2023-02-11 07:01:07','#000000'),(193,NULL,NULL,33,'2023-02-11 07:01:13','2023-02-11 07:01:13','#000000'),(194,NULL,NULL,33,'2023-02-11 07:01:17','2023-02-11 07:01:17','#000000'),(195,NULL,NULL,33,'2023-02-11 07:01:22','2023-02-11 07:01:22','#000000'),(196,NULL,NULL,33,'2023-02-11 07:01:29','2023-02-11 07:01:29','#000000'),(197,NULL,NULL,33,'2023-02-11 07:01:35','2023-02-11 07:01:35','#000000'),(207,NULL,NULL,35,'2023-02-11 07:09:17','2023-02-11 07:09:17','#000000'),(208,NULL,NULL,35,'2023-02-11 07:09:24','2023-02-11 07:09:24','#000000'),(209,NULL,NULL,35,'2023-02-11 07:09:29','2023-02-11 07:09:29','#000000'),(210,NULL,NULL,35,'2023-02-11 07:09:37','2023-02-11 07:09:37','#000000'),(211,NULL,NULL,36,'2023-02-11 07:12:47','2023-02-11 07:12:47','#000000'),(212,NULL,NULL,36,'2023-02-11 07:12:52','2023-02-11 07:12:52','#000000'),(213,NULL,NULL,36,'2023-02-11 07:12:56','2023-02-11 07:12:56','#000000'),(214,NULL,NULL,36,'2023-02-11 07:13:03','2023-02-11 07:13:03','#000000'),(215,NULL,NULL,36,'2023-02-11 07:13:09','2023-02-11 07:13:09','#000000'),(216,NULL,NULL,36,'2023-02-11 07:13:18','2023-02-11 07:13:18','#000000'),(217,NULL,NULL,37,'2023-02-11 07:16:00','2023-02-11 07:16:00','#000000'),(218,NULL,NULL,37,'2023-02-11 07:16:06','2023-02-11 07:16:06','#000000'),(219,NULL,NULL,37,'2023-02-11 07:16:10','2023-02-11 07:16:10','#000000'),(220,NULL,NULL,37,'2023-02-11 07:16:16','2023-02-11 07:16:16','#000000'),(221,NULL,NULL,37,'2023-02-11 07:16:22','2023-02-11 07:16:22','#000000'),(222,NULL,NULL,37,'2023-02-11 07:16:31','2023-02-11 07:16:31','#000000'),(223,NULL,NULL,38,'2023-02-13 09:58:05','2023-02-13 09:58:05','#000000'),(224,NULL,NULL,38,'2023-02-13 09:58:10','2023-02-13 09:58:10','#000000'),(225,NULL,NULL,38,'2023-02-13 09:58:15','2023-02-13 09:58:15','#000000'),(226,NULL,NULL,38,'2023-02-13 09:58:24','2023-02-13 09:58:24','#000000'),(227,NULL,NULL,38,'2023-02-13 09:58:34','2023-02-13 09:58:34','#000000'),(228,NULL,NULL,38,'2023-02-13 09:58:41','2023-02-13 09:58:41','#000000'),(229,NULL,NULL,39,'2023-02-14 06:22:53','2023-02-14 06:22:53','#000000'),(230,NULL,NULL,39,'2023-02-14 06:22:58','2023-02-14 06:22:58','#000000'),(231,NULL,NULL,39,'2023-02-14 06:23:04','2023-02-14 06:23:04','#000000'),(232,NULL,NULL,39,'2023-02-14 06:23:11','2023-02-14 06:23:11','#000000'),(233,NULL,NULL,39,'2023-02-14 06:23:18','2023-02-14 06:23:18','#000000'),(234,NULL,NULL,39,'2023-02-14 06:23:30','2023-02-14 06:23:30','#000000'),(235,NULL,NULL,40,'2023-02-14 06:24:27','2023-02-14 06:24:27','#000000'),(236,NULL,NULL,40,'2023-02-14 06:24:36','2023-02-14 06:24:36','#000000'),(237,NULL,NULL,40,'2023-02-14 06:24:41','2023-02-14 06:24:41','#000000'),(238,NULL,NULL,40,'2023-02-14 06:24:50','2023-02-14 06:24:50','#000000'),(239,NULL,NULL,40,'2023-02-14 06:24:56','2023-02-14 06:24:56','#000000'),(240,NULL,NULL,40,'2023-02-14 06:25:01','2023-02-14 06:25:01','#000000'),(241,NULL,NULL,40,'2023-02-14 06:25:13','2023-02-14 06:25:13','#000000'),(242,NULL,NULL,40,'2023-02-14 06:25:20','2023-02-14 06:25:20','#000000'),(243,NULL,NULL,40,'2023-02-14 06:25:26','2023-02-14 06:25:26','#000000'),(244,NULL,NULL,40,'2023-02-14 06:25:32','2023-02-14 06:25:32','#000000'),(245,NULL,NULL,40,'2023-02-14 06:25:40','2023-02-14 06:25:40','#000000'),(246,NULL,NULL,41,'2023-02-14 06:28:26','2023-02-14 06:28:26','#000000'),(247,NULL,NULL,41,'2023-02-14 06:28:34','2023-02-14 06:28:34','#000000'),(248,NULL,NULL,41,'2023-02-14 06:29:21','2023-02-14 06:29:21','#000000'),(249,NULL,NULL,41,'2023-02-14 06:29:27','2023-02-14 06:29:27','#000000'),(250,NULL,NULL,41,'2023-02-14 06:29:33','2023-02-14 06:29:33','#000000'),(251,NULL,NULL,41,'2023-02-14 06:29:39','2023-02-14 06:29:39','#000000'),(252,NULL,NULL,41,'2023-02-14 06:29:47','2023-02-14 06:29:47','#000000'),(253,NULL,NULL,41,'2023-02-14 06:29:53','2023-02-14 06:29:53','#000000'),(254,NULL,NULL,41,'2023-02-14 06:30:01','2023-02-14 06:30:01','#000000'),(255,NULL,NULL,41,'2023-02-14 06:30:10','2023-02-14 06:30:10','#000000'),(256,NULL,NULL,41,'2023-02-14 06:30:24','2023-02-14 06:30:24','#000000'),(257,NULL,NULL,42,'2023-02-14 06:33:39','2023-02-14 06:33:39','#000000'),(258,NULL,NULL,42,'2023-02-14 06:33:48','2023-02-14 06:33:48','#000000'),(259,NULL,NULL,42,'2023-02-14 06:33:55','2023-02-14 06:33:55','#000000'),(260,NULL,NULL,42,'2023-02-14 06:34:02','2023-02-14 06:34:02','#000000'),(261,NULL,NULL,42,'2023-02-14 06:34:08','2023-02-14 06:34:08','#000000'),(262,NULL,NULL,42,'2023-02-14 06:34:14','2023-02-14 06:34:14','#000000'),(263,NULL,NULL,42,'2023-02-14 06:34:19','2023-02-14 06:34:19','#000000'),(264,NULL,NULL,42,'2023-02-14 06:34:24','2023-02-14 06:34:24','#000000'),(265,NULL,NULL,42,'2023-02-14 06:34:30','2023-02-14 06:34:30','#000000'),(266,NULL,NULL,42,'2023-02-14 06:34:38','2023-02-14 06:34:38','#000000'),(267,NULL,NULL,42,'2023-02-14 06:34:43','2023-02-14 06:34:43','#000000'),(268,NULL,NULL,43,'2023-02-14 06:36:05','2023-02-14 06:36:05','#000000'),(269,NULL,NULL,43,'2023-02-14 06:36:12','2023-02-14 06:36:12','#000000'),(270,NULL,NULL,43,'2023-02-14 06:36:23','2023-02-14 06:36:23','#000000'),(271,NULL,NULL,43,'2023-02-14 06:36:29','2023-02-14 06:36:29','#000000'),(272,NULL,NULL,43,'2023-02-14 06:36:36','2023-02-14 06:36:36','#000000'),(273,NULL,NULL,43,'2023-02-14 06:36:41','2023-02-14 06:36:41','#000000'),(274,NULL,NULL,43,'2023-02-14 06:36:48','2023-02-14 06:36:48','#000000'),(275,NULL,NULL,43,'2023-02-14 06:36:54','2023-02-14 06:36:54','#000000'),(276,NULL,NULL,43,'2023-02-14 06:37:01','2023-02-14 06:37:01','#000000'),(277,NULL,NULL,43,'2023-02-14 06:37:08','2023-02-14 06:37:08','#000000'),(278,NULL,NULL,43,'2023-02-14 06:37:15','2023-02-14 06:37:15','#000000'),(279,NULL,NULL,44,'2023-02-14 06:38:07','2023-02-14 06:38:07','#000000'),(280,NULL,NULL,44,'2023-02-14 06:38:13','2023-02-14 06:38:13','#000000'),(281,NULL,NULL,44,'2023-02-14 06:38:21','2023-02-14 06:38:21','#000000'),(282,NULL,NULL,44,'2023-02-14 06:38:27','2023-02-14 06:38:27','#000000'),(283,NULL,NULL,44,'2023-02-14 06:38:33','2023-02-14 06:38:33','#000000'),(284,NULL,NULL,44,'2023-02-14 06:38:40','2023-02-14 06:38:40','#000000'),(285,NULL,NULL,44,'2023-02-14 06:38:45','2023-02-14 06:38:45','#000000'),(287,NULL,NULL,44,'2023-02-14 06:39:12','2023-02-14 06:39:12','#000000'),(288,NULL,NULL,44,'2023-02-14 06:39:22','2023-02-14 06:39:22','#000000'),(289,NULL,NULL,44,'2023-02-14 06:39:28','2023-02-14 06:39:28','#000000'),(290,NULL,NULL,44,'2023-02-14 06:39:35','2023-02-14 06:39:35','#000000'),(291,NULL,NULL,45,'2023-02-14 06:40:18','2023-02-14 06:40:18','#000000'),(292,NULL,NULL,45,'2023-02-14 06:40:24','2023-02-14 06:40:24','#000000'),(293,NULL,NULL,45,'2023-02-14 06:40:31','2023-02-14 06:40:31','#000000'),(294,NULL,NULL,45,'2023-02-14 06:40:36','2023-02-14 06:40:36','#000000'),(295,NULL,NULL,45,'2023-02-14 06:40:44','2023-02-14 06:40:44','#000000'),(296,NULL,NULL,45,'2023-02-14 06:40:49','2023-02-14 06:40:49','#000000'),(297,NULL,NULL,45,'2023-02-14 06:40:56','2023-02-14 06:40:56','#000000'),(298,NULL,NULL,45,'2023-02-14 06:41:01','2023-02-14 06:41:01','#000000'),(299,NULL,NULL,45,'2023-02-14 06:41:07','2023-02-14 06:41:07','#000000'),(300,NULL,NULL,45,'2023-02-14 06:41:16','2023-02-14 06:41:16','#000000'),(301,NULL,NULL,45,'2023-02-14 06:41:22','2023-02-14 06:41:22','#000000'),(302,NULL,NULL,46,'2023-02-14 06:44:07','2023-02-14 06:44:07','#000000'),(303,NULL,NULL,46,'2023-02-14 06:44:14','2023-02-14 06:44:14','#000000'),(304,NULL,NULL,46,'2023-02-14 06:44:20','2023-02-14 06:44:20','#000000'),(305,NULL,NULL,46,'2023-02-14 06:44:26','2023-02-14 06:44:26','#000000'),(306,NULL,NULL,46,'2023-02-14 06:44:32','2023-02-14 06:44:32','#000000'),(307,NULL,NULL,46,'2023-02-14 06:44:38','2023-02-14 06:44:38','#000000'),(308,NULL,NULL,46,'2023-02-14 06:44:43','2023-02-14 06:44:43','#000000'),(309,NULL,NULL,46,'2023-02-14 06:44:51','2023-02-14 06:44:51','#000000'),(310,NULL,NULL,46,'2023-02-14 06:44:57','2023-02-14 06:44:57','#000000'),(311,NULL,NULL,46,'2023-02-14 06:45:06','2023-02-14 06:45:06','#000000'),(312,NULL,NULL,46,'2023-02-14 06:45:13','2023-02-14 06:45:13','#000000'),(319,NULL,NULL,48,'2023-02-14 06:52:01','2023-02-14 06:52:01','#000000'),(320,NULL,NULL,48,'2023-02-14 06:52:08','2023-02-14 06:52:08','#000000'),(321,NULL,NULL,48,'2023-02-14 06:52:15','2023-02-14 06:52:15','#000000'),(322,NULL,NULL,48,'2023-02-14 06:52:22','2023-02-14 06:52:22','#000000'),(323,NULL,NULL,48,'2023-02-14 06:52:29','2023-02-14 06:52:29','#000000'),(324,NULL,NULL,48,'2023-02-14 06:52:34','2023-02-14 06:52:34','#000000'),(325,NULL,NULL,48,'2023-02-14 06:52:39','2023-02-14 06:52:39','#000000'),(326,NULL,NULL,48,'2023-02-14 06:52:45','2023-02-14 06:52:45','#000000'),(327,NULL,NULL,48,'2023-02-14 06:52:51','2023-02-14 06:52:51','#000000'),(328,NULL,NULL,48,'2023-02-14 06:52:59','2023-02-14 06:52:59','#000000'),(329,NULL,NULL,48,'2023-02-14 06:53:09','2023-02-14 06:53:09','#000000'),(330,NULL,NULL,49,'2023-02-14 06:54:01','2023-02-14 06:54:01','#000000'),(331,NULL,NULL,49,'2023-02-14 06:54:08','2023-02-14 06:54:08','#000000'),(332,NULL,NULL,49,'2023-02-14 06:54:14','2023-02-14 06:54:14','#000000'),(333,NULL,NULL,49,'2023-02-14 06:54:18','2023-02-14 06:54:18','#000000'),(334,NULL,NULL,49,'2023-02-14 06:54:23','2023-02-14 06:54:23','#000000'),(335,NULL,NULL,49,'2023-02-14 06:54:28','2023-02-14 06:54:28','#000000'),(336,NULL,NULL,49,'2023-02-14 06:54:36','2023-02-14 06:54:36','#000000'),(337,NULL,NULL,49,'2023-02-14 06:54:43','2023-02-14 06:54:43','#000000'),(338,NULL,NULL,49,'2023-02-14 06:54:50','2023-02-14 06:54:50','#000000'),(339,NULL,NULL,49,'2023-02-14 06:54:59','2023-02-14 06:54:59','#000000'),(340,NULL,NULL,49,'2023-02-14 06:55:05','2023-02-14 06:55:05','#000000'),(341,NULL,NULL,50,'2023-02-14 06:55:58','2023-02-14 06:55:58','#000000'),(342,NULL,NULL,50,'2023-02-14 06:56:04','2023-02-14 06:56:04','#000000'),(343,NULL,NULL,50,'2023-02-14 06:56:09','2023-02-14 06:56:09','#000000'),(344,NULL,NULL,50,'2023-02-14 06:56:15','2023-02-14 06:56:15','#000000'),(345,NULL,NULL,50,'2023-02-14 06:56:21','2023-02-14 06:56:21','#000000'),(346,NULL,NULL,50,'2023-02-14 06:56:26','2023-02-14 06:56:26','#000000'),(347,NULL,NULL,50,'2023-02-14 06:56:30','2023-02-14 06:56:30','#000000'),(348,NULL,NULL,50,'2023-02-14 06:56:37','2023-02-14 06:56:37','#000000'),(349,NULL,NULL,50,'2023-02-14 06:56:46','2023-02-14 06:56:46','#000000'),(350,NULL,NULL,50,'2023-02-14 06:56:53','2023-02-14 06:56:53','#000000'),(351,NULL,NULL,50,'2023-02-14 06:56:59','2023-02-14 06:56:59','#000000');

--
-- Table structure for table `feature_translations`
--

CREATE TABLE `feature_translations` (
  `id` int unsigned NOT NULL AUTO_INCREMENT,
  `feature_id` int unsigned NOT NULL,
  `title` varchar(255) CHARACTER SET utf8mb4 COLLATE utf8mb4_unicode_ci NOT NULL,
  `locale` varchar(255) CHARACTER SET utf8mb4 COLLATE utf8mb4_unicode_ci NOT NULL,
  `created_at` timestamp NULL DEFAULT NULL,
  `updated_at` timestamp NULL DEFAULT NULL,
  PRIMARY KEY (`id`),
  UNIQUE KEY `feature_translations_feature_id_locale_unique` (`feature_id`,`locale`),
  KEY `feature_translations_locale_index` (`locale`),
  CONSTRAINT `feature_translations_feature_id_foreign` FOREIGN KEY (`feature_id`) REFERENCES `features` (`id`) ON DELETE CASCADE
) ENGINE=InnoDB AUTO_INCREMENT=99 DEFAULT CHARSET=utf8mb4 COLLATE=utf8mb4_unicode_ci;

--
-- Dumping data for table `feature_translations`
--

INSERT INTO `feature_translations` (`id`, `feature_id`, `title`, `locale`, `created_at`, `updated_at`) VALUES (1,1,'الاحجام','ar',NULL,NULL),(2,1,'الاحجام','en',NULL,NULL),(9,5,'ytreytre','ar',NULL,NULL),(10,5,'etryrety','en',NULL,NULL),(13,7,'الاوان','ar',NULL,NULL),(14,7,'colors','en',NULL,NULL),(15,8,'مقاسات','ar',NULL,NULL),(16,8,'size','en',NULL,NULL),(17,9,'المقاس','ar',NULL,NULL),(18,9,'S','en',NULL,NULL),(19,10,'الالوان','ar',NULL,NULL),(20,10,'أبيضان','en',NULL,NULL),(21,11,'طول','ar',NULL,NULL),(22,11,'50','en',NULL,NULL),(23,12,'المقاس','ar',NULL,NULL),(24,12,'S','en',NULL,NULL),(25,13,'الطول','ar',NULL,NULL),(26,13,'50','en',NULL,NULL),(27,14,'الالوان','ar',NULL,NULL),(28,14,'colors','en',NULL,NULL),(29,15,'مقاسات','ar',NULL,NULL),(30,15,'size','en',NULL,NULL),(31,16,'المقاس','ar',NULL,NULL),(32,16,'Size','en',NULL,NULL),(33,17,'الطول','ar',NULL,NULL),(34,17,'Height','en',NULL,NULL),(39,20,'المقاس','ar',NULL,NULL),(40,20,'Size','en',NULL,NULL),(43,22,'الطول','ar',NULL,NULL),(44,22,'Length','en',NULL,NULL),(45,23,'الطول','ar',NULL,NULL),(46,23,'Length','en',NULL,NULL),(47,24,'المقاس','ar',NULL,NULL),(48,24,'Size','en',NULL,NULL),(49,25,'الطول','ar',NULL,NULL),(50,25,'Length','en',NULL,NULL),(53,27,'اللون','ar',NULL,NULL),(54,27,'Color','en',NULL,NULL),(55,28,'القياس','ar',NULL,NULL),(56,28,'Size','en',NULL,NULL),(57,29,'القياس','ar',NULL,NULL),(58,29,'Size','en',NULL,NULL),(59,30,'القياس','ar',NULL,NULL),(60,30,'Size','en',NULL,NULL),(61,32,'المقاس','ar',NULL,NULL),(62,32,'Size','en',NULL,NULL),(63,33,'القياس','ar',NULL,NULL),(64,33,'Size','en',NULL,NULL),(67,35,'القياس','ar',NULL,NULL),(68,35,' Size','en',NULL,NULL),(69,36,'القياس','ar',NULL,NULL),(70,36,'Size','en',NULL,NULL),(71,37,'القياس','ar',NULL,NULL),(72,37,'Size','en',NULL,NULL),(73,38,'القياس','ar',NULL,NULL),(74,38,'Size','en',NULL,NULL),(75,39,'القياس','ar',NULL,NULL),(76,39,'Size','en',NULL,NULL),(77,40,'الطول','ar',NULL,NULL),(78,40,'Height','en',NULL,NULL),(79,41,'الطول','ar',NULL,NULL),(80,41,'Height','en',NULL,NULL),(81,42,'الطول','ar',NULL,NULL),(82,42,'Height','en',NULL,NULL),(83,43,'الطول','ar',NULL,NULL),(84,43,'Height','en',NULL,NULL),(85,44,'الطول','ar',NULL,NULL),(86,44,'Height','en',NULL,NULL),(87,45,'الطول','ar',NULL,NULL),(88,45,'Height','en',NULL,NULL),(89,46,'الطول','ar',NULL,NULL),(90,46,'Height','en',NULL,NULL),(93,48,'الطول','ar',NULL,NULL),(94,48,'Height','en',NULL,NULL),(95,49,'الطول','ar',NULL,NULL),(96,49,'Height','en',NULL,NULL),(97,50,'الطول','ar',NULL,NULL),(98,50,'Height','en',NULL,NULL);

--
-- Table structure for table `features`
--

CREATE TABLE `features` (
  `id` int unsigned NOT NULL AUTO_INCREMENT,
  `product_id` int unsigned DEFAULT NULL,
  `created_at` timestamp NULL DEFAULT NULL,
  `updated_at` timestamp NULL DEFAULT NULL,
  `type` varchar(191) CHARACTER SET utf8mb4 COLLATE utf8mb4_unicode_ci DEFAULT NULL,
  PRIMARY KEY (`id`),
  KEY `features_product_id_foreign` (`product_id`),
  CONSTRAINT `features_product_id_foreign` FOREIGN KEY (`product_id`) REFERENCES `products` (`id`) ON DELETE CASCADE
) ENGINE=InnoDB AUTO_INCREMENT=51 DEFAULT CHARSET=utf8mb4 COLLATE=utf8mb4_unicode_ci;

--
-- Dumping data for table `features`
--

INSERT INTO `features` (`id`, `product_id`, `created_at`, `updated_at`, `type`) VALUES (1,1,'2022-11-06 19:22:44','2022-11-06 19:23:43','normal'),(5,2,'2022-11-08 07:42:41','2022-11-08 07:42:41',NULL),(7,9,'2022-11-20 07:39:58','2022-11-20 07:39:58','color'),(8,9,'2022-11-20 07:41:32','2022-11-20 07:41:32','normal'),(9,11,'2022-12-13 08:56:59','2022-12-13 08:56:59','normal'),(10,11,'2022-12-13 08:58:18','2022-12-13 08:58:18','normal'),(11,11,'2022-12-13 08:58:19','2022-12-13 08:58:19','normal'),(12,12,'2022-12-13 09:02:08','2022-12-13 09:02:08','normal'),(13,12,'2022-12-13 09:02:17','2022-12-13 09:02:17','normal'),(14,16,'2022-12-17 20:41:19','2022-12-17 20:41:19','color'),(15,16,'2022-12-17 20:43:24','2022-12-17 20:43:24','normal'),(16,17,'2022-12-19 12:03:41','2022-12-19 12:03:41','normal'),(17,17,'2022-12-19 12:06:17','2022-12-19 12:06:17','normal'),(20,19,'2023-01-23 16:28:25','2023-01-23 16:28:25','normal'),(22,19,'2023-01-23 16:38:06','2023-01-23 16:38:06','normal'),(23,19,'2023-01-23 16:38:07','2023-01-23 16:38:07','normal'),(24,20,'2023-01-23 16:44:48','2023-01-23 16:44:48','normal'),(25,20,'2023-01-23 16:46:04','2023-01-23 16:46:04','normal'),(27,20,'2023-01-23 16:47:33','2023-01-23 18:03:22','color'),(28,21,'2023-02-10 16:20:25','2023-02-10 16:20:25','normal'),(29,23,'2023-02-10 16:36:25','2023-02-10 16:36:25','normal'),(30,24,'2023-02-11 06:54:00','2023-02-11 06:54:00','normal'),(31,25,'2023-02-11 06:57:55','2023-02-11 06:57:55','normal'),(32,25,'2023-02-11 06:58:10','2023-02-11 06:58:10','normal'),(33,26,'2023-02-11 07:01:00','2023-02-11 07:01:00','normal'),(35,27,'2023-02-11 07:09:10','2023-02-11 07:09:10','normal'),(36,28,'2023-02-11 07:12:38','2023-02-11 07:12:38','normal'),(37,29,'2023-02-11 07:15:52','2023-02-11 07:15:52','normal'),(38,30,'2023-02-13 09:57:54','2023-02-13 09:57:54','normal'),(39,31,'2023-02-14 06:22:44','2023-02-14 06:22:44','normal'),(40,31,'2023-02-14 06:24:00','2023-02-14 06:24:00','normal'),(41,23,'2023-02-14 06:28:18','2023-02-14 06:28:18','normal'),(42,21,'2023-02-14 06:33:31','2023-02-14 06:33:31','normal'),(43,27,'2023-02-14 06:35:57','2023-02-14 06:35:57','normal'),(44,26,'2023-02-14 06:37:59','2023-02-14 06:37:59','normal'),(45,25,'2023-02-14 06:40:10','2023-02-14 06:40:10','normal'),(46,24,'2023-02-14 06:43:52','2023-02-14 06:43:52','normal'),(48,28,'2023-02-14 06:51:56','2023-02-14 06:51:56','normal'),(49,29,'2023-02-14 06:53:56','2023-02-14 06:53:56','normal'),(50,30,'2023-02-14 06:55:52','2023-02-14 06:55:52','normal');

--
-- Table structure for table `files`
--

CREATE TABLE `files` (
  `id` int unsigned NOT NULL AUTO_INCREMENT,
  `image` varchar(255) CHARACTER SET utf8mb4 COLLATE utf8mb4_unicode_ci DEFAULT NULL,
  `main` tinyint NOT NULL DEFAULT '0',
  `tag` varchar(255) CHARACTER SET utf8mb4 COLLATE utf8mb4_unicode_ci DEFAULT NULL,
  `fileable_id` bigint unsigned DEFAULT NULL,
  `fileable_type` varchar(255) CHARACTER SET utf8mb4 COLLATE utf8mb4_unicode_ci DEFAULT NULL,
  `created_at` timestamp NULL DEFAULT NULL,
  `updated_at` timestamp NULL DEFAULT NULL,
  PRIMARY KEY (`id`)
) ENGINE=InnoDB AUTO_INCREMENT=142 DEFAULT CHARSET=utf8mb4 COLLATE=utf8mb4_unicode_ci;

--
-- Dumping data for table `files`
--

INSERT INTO `files` (`id`, `image`, `main`, `tag`, `fileable_id`, `fileable_type`, `created_at`, `updated_at`) VALUES (1,'/uploads/product/1/1667769712download.jpeg',1,'1667769712download.jpeg',1,'App\\Models\\Product','2022-11-06 19:21:52','2022-11-06 19:21:52'),(2,'/uploads/product/1/1667769715download.jpeg',3,'1667769715download.jpeg',1,'App\\Models\\Product','2022-11-06 19:21:55','2022-11-06 19:21:55'),(24,'/uploads/product/5/1668694359DSC07424-scaled-1.jpg',0,'1668694359DSC07424-scaled-1.jpg',5,'App\\Models\\Product','2022-11-17 12:12:39','2022-11-17 12:12:39'),(25,'/uploads/product/5/1668694360DSC07411-scaled-1.jpg',0,'1668694360DSC07411-scaled-1.jpg',5,'App\\Models\\Product','2022-11-17 12:12:40','2022-11-17 12:12:40'),(26,'/uploads/product/5/1668694361DSC07416-scaled-1.jpg',0,'1668694361DSC07416-scaled-1.jpg',5,'App\\Models\\Product','2022-11-17 12:12:41','2022-11-17 12:12:41'),(27,'/uploads/product/5/1668694362DSC07433-scaled-1.jpg',0,'1668694362DSC07433-scaled-1.jpg',5,'App\\Models\\Product','2022-11-17 12:12:42','2022-11-17 12:12:42'),(28,'/uploads/product/4/1668694429DSC06606-1-scaled-1.jpg',0,'1668694429DSC06606-1-scaled-1.jpg',4,'App\\Models\\Product','2022-11-17 12:13:49','2022-11-17 12:13:49'),(29,'/uploads/product/4/1668694430DSC06619-scaled-1.jpg',0,'1668694430DSC06619-scaled-1.jpg',4,'App\\Models\\Product','2022-11-17 12:13:50','2022-11-17 12:13:50'),(30,'/uploads/product/4/1668694431DSC06611-1-scaled-1.jpg',0,'1668694431DSC06611-1-scaled-1.jpg',4,'App\\Models\\Product','2022-11-17 12:13:51','2022-11-17 12:13:51'),(31,'/uploads/product/3/166869445710998-7-scaled-1.webp',0,'166869445710998-7-scaled-1.webp',3,'App\\Models\\Product','2022-11-17 12:14:17','2022-11-17 12:14:17'),(32,'/uploads/product/3/166869445810998-10-scaled-1.jpg',0,'166869445810998-10-scaled-1.jpg',3,'App\\Models\\Product','2022-11-17 12:14:18','2022-11-17 12:14:18'),(33,'/uploads/product/2/166869451511087-9-scaled-1.jpg',0,'166869451511087-9-scaled-1.jpg',2,'App\\Models\\Product','2022-11-17 12:15:15','2022-11-17 12:15:15'),(34,'/uploads/product/2/166869451611087-22-scaled-1.jpg',0,'166869451611087-22-scaled-1.jpg',2,'App\\Models\\Product','2022-11-17 12:15:16','2022-11-17 12:15:16'),(35,'/uploads/product/2/166869451811087-28-scaled-1.jpg',0,'166869451811087-28-scaled-1.jpg',2,'App\\Models\\Product','2022-11-17 12:15:18','2022-11-17 12:15:18'),(36,'/uploads/product/2/166869451911087-11-595x894-1.jpg',0,'166869451911087-11-595x894-1.jpg',2,'App\\Models\\Product','2022-11-17 12:15:19','2022-11-17 12:15:19'),(39,'/uploads/product/6/166869463507277077.webp',0,'166869463507277077.webp',6,'App\\Models\\Product','2022-11-17 12:17:15','2022-11-17 12:17:15'),(40,'/uploads/product/6/166869463623937355.jpg',0,'166869463623937355.jpg',6,'App\\Models\\Product','2022-11-17 12:17:16','2022-11-17 12:17:16'),(41,'/uploads/product/7/166869470307277077.webp',0,'166869470307277077.webp',7,'App\\Models\\Product','2022-11-17 12:18:23','2022-11-17 12:18:23'),(42,'/uploads/product/7/166869470423937355.jpg',0,'166869470423937355.jpg',7,'App\\Models\\Product','2022-11-17 12:18:24','2022-11-17 12:18:24'),(43,'/uploads/product/8/166869476218786378.webp',0,'166869476218786378.webp',8,'App\\Models\\Product','2022-11-17 12:19:22','2022-11-17 12:19:22'),(44,'/uploads/product/8/166869476292869331.webp',0,'166869476292869331.webp',8,'App\\Models\\Product','2022-11-17 12:19:22','2022-11-17 12:19:22'),(45,'/uploads/product/9/166869480210998-2-scaled-1-1.jpg',0,'166869480210998-2-scaled-1-1.jpg',9,'App\\Models\\Product','2022-11-17 12:20:02','2022-11-17 12:20:02'),(46,'/uploads/product/9/166869480379628942.webp',0,'166869480379628942.webp',9,'App\\Models\\Product','2022-11-17 12:20:03','2022-11-17 12:20:03'),(47,'/uploads/product/11/16709288393E00BFB7-B32B-4EAD-B673-44C7310C26E4.jpeg',0,'16709288393E00BFB7-B32B-4EAD-B673-44C7310C26E4.jpeg',11,'App\\Models\\Product','2022-12-13 08:53:59','2022-12-13 08:53:59'),(48,'/uploads/product/11/167092884089025E6D-CA10-4109-852C-F6243BCF9C5F.jpeg',0,'167092884089025E6D-CA10-4109-852C-F6243BCF9C5F.jpeg',11,'App\\Models\\Product','2022-12-13 08:54:00','2022-12-13 08:54:00'),(49,'/uploads/product/11/16709288408D2E9F53-B564-457B-A18E-5D2D6515C32B.jpeg',0,'16709288408D2E9F53-B564-457B-A18E-5D2D6515C32B.jpeg',11,'App\\Models\\Product','2022-12-13 08:54:00','2022-12-13 08:54:00'),(50,'/uploads/product/11/16709288405E022CC1-6578-4AD9-8808-1EB1EFC372E1.jpeg',0,'16709288405E022CC1-6578-4AD9-8808-1EB1EFC372E1.jpeg',11,'App\\Models\\Product','2022-12-13 08:54:00','2022-12-13 08:54:00'),(51,'/uploads/product/11/16709288413D0451A7-6132-4A10-93CC-5D717286C7A3.jpeg',0,'16709288413D0451A7-6132-4A10-93CC-5D717286C7A3.jpeg',11,'App\\Models\\Product','2022-12-13 08:54:01','2022-12-13 08:54:01'),(52,'/uploads/product/11/1670928841459C2D18-AFC5-4FB8-A5DA-C8E0E458AF35.jpeg',0,'1670928841459C2D18-AFC5-4FB8-A5DA-C8E0E458AF35.jpeg',11,'App\\Models\\Product','2022-12-13 08:54:01','2022-12-13 08:54:01'),(53,'/uploads/product/11/16709288420D74D6F0-FFC2-47C9-8AF9-F38088370C84.jpeg',0,'16709288420D74D6F0-FFC2-47C9-8AF9-F38088370C84.jpeg',11,'App\\Models\\Product','2022-12-13 08:54:02','2022-12-13 08:54:02'),(54,'/uploads/product/12/1670929296A8C877D9-2A57-4A09-BF45-A49E86E51011.jpeg',0,'1670929296A8C877D9-2A57-4A09-BF45-A49E86E51011.jpeg',12,'App\\Models\\Product','2022-12-13 09:01:36','2022-12-13 09:01:36'),(55,'/uploads/product/13/167105288291104-ملابس-الاطفال--(3).jpg',0,'167105288291104-ملابس-الاطفال--(3).jpg',13,'App\\Models\\Product','2022-12-14 19:21:22','2022-12-14 19:21:22'),(56,'/uploads/product/13/1671052883اسعار-ملابس-الاطفال-في-تركيا.jpg',0,'1671052883اسعار-ملابس-الاطفال-في-تركيا.jpg',13,'App\\Models\\Product','2022-12-14 19:21:23','2022-12-14 19:21:23'),(57,'/uploads/product/13/1671052883ملابس-اطفال-بالجمله.jpg',0,'1671052883ملابس-اطفال-بالجمله.jpg',13,'App\\Models\\Product','2022-12-14 19:21:23','2022-12-14 19:21:23'),(58,'/uploads/product/14/1671315170Flag_of_Egypt.svg.png',0,'1671315170Flag_of_Egypt.svg.png',14,'App\\Models\\Product','2022-12-17 20:12:50','2022-12-17 20:12:50'),(59,'/uploads/product/14/1671315171Flag_of_Egypt.svg.png',0,'1671315171Flag_of_Egypt.svg.png',14,'App\\Models\\Product','2022-12-17 20:12:51','2022-12-17 20:12:51'),(60,'/uploads/product/16/1671316264mnac-4180302669-config-monsoon-accessorize-shimmer-corsage-walker-shoes-ivory-1656002395.jpg',0,'1671316264mnac-4180302669-config-monsoon-accessorize-shimmer-corsage-walker-shoes-ivory-1656002395.jpg',16,'App\\Models\\Product','2022-12-17 20:31:04','2022-12-17 20:31:04'),(61,'/uploads/product/16/1671316275download.jpg',0,'1671316275download.jpg',16,'App\\Models\\Product','2022-12-17 20:31:15','2022-12-17 20:31:15'),(62,'/uploads/product/16/1671316276download-1.jpg',0,'1671316276download-1.jpg',16,'App\\Models\\Product','2022-12-17 20:31:16','2022-12-17 20:31:16'),(63,'/uploads/product/17/167145848107C664D9-14AC-42A4-A302-CD8FE9775890.png',0,'167145848107C664D9-14AC-42A4-A302-CD8FE9775890.png',17,'App\\Models\\Product','2022-12-19 12:01:21','2022-12-19 12:01:21'),(64,'/uploads/product/19/1674498020FF1551FB-319C-42AD-8760-81D3266A09B3.jpeg',0,'1674498020FF1551FB-319C-42AD-8760-81D3266A09B3.jpeg',19,'App\\Models\\Product','2023-01-23 16:20:20','2023-01-23 16:20:20'),(65,'/uploads/product/19/1674498021D15215E1-FB36-42F4-9784-DB9354FA6064.jpeg',0,'1674498021D15215E1-FB36-42F4-9784-DB9354FA6064.jpeg',19,'App\\Models\\Product','2023-01-23 16:20:21','2023-01-23 16:20:21'),(66,'/uploads/product/19/1674498022FCFF4449-D977-4062-97B9-A191B524276A.jpeg',0,'1674498022FCFF4449-D977-4062-97B9-A191B524276A.jpeg',19,'App\\Models\\Product','2023-01-23 16:20:22','2023-01-23 16:20:22'),(67,'/uploads/product/19/16744980228C3BD372-658D-423B-B1C9-855F1D0A1C13.jpeg',0,'16744980228C3BD372-658D-423B-B1C9-855F1D0A1C13.jpeg',19,'App\\Models\\Product','2023-01-23 16:20:22','2023-01-23 16:20:22'),(68,'/uploads/product/19/1674498023746C4C58-9444-4576-BE19-6D46AE5B27D7.jpeg',0,'1674498023746C4C58-9444-4576-BE19-6D46AE5B27D7.jpeg',19,'App\\Models\\Product','2023-01-23 16:20:23','2023-01-23 16:20:23'),(69,'/uploads/product/19/1674498023F5382FD2-ADA7-4C79-A383-5BCF6245C347.jpeg',0,'1674498023F5382FD2-ADA7-4C79-A383-5BCF6245C347.jpeg',19,'App\\Models\\Product','2023-01-23 16:20:23','2023-01-23 16:20:23'),(70,'/uploads/product/19/1674498024C6C59383-DA1E-4F81-BB28-4A9B11877D9F.jpeg',0,'1674498024C6C59383-DA1E-4F81-BB28-4A9B11877D9F.jpeg',19,'App\\Models\\Product','2023-01-23 16:20:24','2023-01-23 16:20:24'),(71,'/uploads/product/19/1674498024D78379DC-8FD4-468F-B808-8449585989C7.jpeg',0,'1674498024D78379DC-8FD4-468F-B808-8449585989C7.jpeg',19,'App\\Models\\Product','2023-01-23 16:20:24','2023-01-23 16:20:24'),(72,'/uploads/product/19/16744980257C498FD8-351F-49E7-8EDE-27CC25262162.jpeg',0,'16744980257C498FD8-351F-49E7-8EDE-27CC25262162.jpeg',19,'App\\Models\\Product','2023-01-23 16:20:25','2023-01-23 16:20:25'),(73,'/uploads/product/20/1674499432B6102A82-38D9-47EA-98C0-FA0DD59E373A.jpeg',0,'1674499432B6102A82-38D9-47EA-98C0-FA0DD59E373A.jpeg',20,'App\\Models\\Product','2023-01-23 16:43:52','2023-01-23 16:43:52'),(74,'/uploads/product/20/16744994338B4EA29D-962C-4E92-BD55-93AFCADA4CD6.jpeg',0,'16744994338B4EA29D-962C-4E92-BD55-93AFCADA4CD6.jpeg',20,'App\\Models\\Product','2023-01-23 16:43:53','2023-01-23 16:43:53'),(75,'/uploads/product/20/16744994337EBFB700-076F-411D-837B-EDBEA1479823.jpeg',0,'16744994337EBFB700-076F-411D-837B-EDBEA1479823.jpeg',20,'App\\Models\\Product','2023-01-23 16:43:53','2023-01-23 16:43:53'),(76,'/uploads/product/20/1674499434D0B983F6-5866-49B8-833E-C82E56BD7FE4.jpeg',0,'1674499434D0B983F6-5866-49B8-833E-C82E56BD7FE4.jpeg',20,'App\\Models\\Product','2023-01-23 16:43:54','2023-01-23 16:43:54'),(77,'/uploads/product/20/1674499434BF738C7A-5932-4891-8495-5941E342D52B.jpeg',0,'1674499434BF738C7A-5932-4891-8495-5941E342D52B.jpeg',20,'App\\Models\\Product','2023-01-23 16:43:54','2023-01-23 16:43:54'),(78,'/uploads/product/20/167449943429A07E34-5CEA-4035-BB5F-1C32A3AD3F29.jpeg',0,'167449943429A07E34-5CEA-4035-BB5F-1C32A3AD3F29.jpeg',20,'App\\Models\\Product','2023-01-23 16:43:54','2023-01-23 16:43:54'),(79,'/uploads/product/20/1674499435C105F770-F054-40B5-9006-35C035826142.jpeg',0,'1674499435C105F770-F054-40B5-9006-35C035826142.jpeg',20,'App\\Models\\Product','2023-01-23 16:43:55','2023-01-23 16:43:55'),(80,'/uploads/product/20/1674499869E3139CF6-B88A-4D9A-A0C9-DD54D6D8A3BC.jpeg',0,'1674499869E3139CF6-B88A-4D9A-A0C9-DD54D6D8A3BC.jpeg',20,'App\\Models\\Product','2023-01-23 16:51:09','2023-01-23 16:51:09'),(81,'/uploads/product/21/16760531341.jpg',0,'16760531341.jpg',21,'App\\Models\\Product','2023-02-10 16:18:54','2023-02-10 16:18:54'),(82,'/uploads/product/21/16760531372.jpg',0,'16760531372.jpg',21,'App\\Models\\Product','2023-02-10 16:18:57','2023-02-10 16:18:57'),(83,'/uploads/product/21/16760531413.jpg',0,'16760531413.jpg',21,'App\\Models\\Product','2023-02-10 16:19:01','2023-02-10 16:19:01'),(84,'/uploads/product/21/16760531464.jpg',0,'16760531464.jpg',21,'App\\Models\\Product','2023-02-10 16:19:06','2023-02-10 16:19:06'),(85,'/uploads/product/21/16760531515.jpg',0,'16760531515.jpg',21,'App\\Models\\Product','2023-02-10 16:19:11','2023-02-10 16:19:11'),(86,'/uploads/product/21/16760531556.jpg',0,'16760531556.jpg',21,'App\\Models\\Product','2023-02-10 16:19:15','2023-02-10 16:19:15'),(87,'/uploads/product/21/16760531597.jpg',0,'16760531597.jpg',21,'App\\Models\\Product','2023-02-10 16:19:19','2023-02-10 16:19:19'),(88,'/uploads/product/21/16760531898.jpg',0,'16760531898.jpg',21,'App\\Models\\Product','2023-02-10 16:19:49','2023-02-10 16:19:49'),(89,'/uploads/product/23/167605412111.jpg',0,'167605412111.jpg',23,'App\\Models\\Product','2023-02-10 16:35:21','2023-02-10 16:35:21'),(90,'/uploads/product/23/167605412622.jpg',0,'167605412622.jpg',23,'App\\Models\\Product','2023-02-10 16:35:26','2023-02-10 16:35:26'),(91,'/uploads/product/23/167605413033.jpg',0,'167605413033.jpg',23,'App\\Models\\Product','2023-02-10 16:35:30','2023-02-10 16:35:30'),(92,'/uploads/product/23/167605413244.jpg',0,'167605413244.jpg',23,'App\\Models\\Product','2023-02-10 16:35:32','2023-02-10 16:35:32'),(93,'/uploads/product/23/167605413755.jpg',0,'167605413755.jpg',23,'App\\Models\\Product','2023-02-10 16:35:37','2023-02-10 16:35:37'),(94,'/uploads/product/23/167605414066.jpg',0,'167605414066.jpg',23,'App\\Models\\Product','2023-02-10 16:35:40','2023-02-10 16:35:40'),(95,'/uploads/product/23/167605414477.jpg',0,'167605414477.jpg',23,'App\\Models\\Product','2023-02-10 16:35:44','2023-02-10 16:35:44'),(96,'/uploads/product/24/1676105594WhatsApp Image 2023-02-05 at 11.10.56 AM.jpeg',0,'1676105594WhatsApp Image 2023-02-05 at 11.10.56 AM.jpeg',24,'App\\Models\\Product','2023-02-11 06:53:14','2023-02-11 06:53:14'),(97,'/uploads/product/24/1676105601WhatsApp Image 2023-02-05 at 11.10.57 AM.jpeg',0,'1676105601WhatsApp Image 2023-02-05 at 11.10.57 AM.jpeg',24,'App\\Models\\Product','2023-02-11 06:53:21','2023-02-11 06:53:21'),(98,'/uploads/product/24/1676105606WhatsApp Image 2023-02-05 at 11.11.47 AM.jpeg',0,'1676105606WhatsApp Image 2023-02-05 at 11.11.47 AM.jpeg',24,'App\\Models\\Product','2023-02-11 06:53:26','2023-02-11 06:53:26'),(99,'/uploads/product/24/1676105615WhatsApp Image 2023-02-05 at 11.11.47 AM(1).jpeg',0,'1676105615WhatsApp Image 2023-02-05 at 11.11.47 AM(1).jpeg',24,'App\\Models\\Product','2023-02-11 06:53:35','2023-02-11 06:53:35'),(100,'/uploads/product/25/1676105839WhatsApp Image 2023-02-08 at 10.30.06 AM(1).jpeg',0,'1676105839WhatsApp Image 2023-02-08 at 10.30.06 AM(1).jpeg',25,'App\\Models\\Product','2023-02-11 06:57:19','2023-02-11 06:57:19'),(101,'/uploads/product/25/1676105848WhatsApp Image 2023-02-06 at 12.33.05 PM(1).jpeg',0,'1676105848WhatsApp Image 2023-02-06 at 12.33.05 PM(1).jpeg',25,'App\\Models\\Product','2023-02-11 06:57:28','2023-02-11 06:57:28'),(102,'/uploads/product/25/1676105853WhatsApp Image 2023-02-06 at 12.33.05 PM.jpeg',0,'1676105853WhatsApp Image 2023-02-06 at 12.33.05 PM.jpeg',25,'App\\Models\\Product','2023-02-11 06:57:33','2023-02-11 06:57:33'),(103,'/uploads/product/25/1676105862WhatsApp Image 2023-02-06 at 12.33.04 PM.jpeg',0,'1676105862WhatsApp Image 2023-02-06 at 12.33.04 PM.jpeg',25,'App\\Models\\Product','2023-02-11 06:57:42','2023-02-11 06:57:42'),(104,'/uploads/product/26/1676106037WhatsApp Image 2023-02-09 at 7.00.23 PM(1).jpeg',0,'1676106037WhatsApp Image 2023-02-09 at 7.00.23 PM(1).jpeg',26,'App\\Models\\Product','2023-02-11 07:00:37','2023-02-11 07:00:37'),(105,'/uploads/product/26/1676106039WhatsApp Image 2023-02-08 at 10.38.26 AM(2).jpeg',0,'1676106039WhatsApp Image 2023-02-08 at 10.38.26 AM(2).jpeg',26,'App\\Models\\Product','2023-02-11 07:00:39','2023-02-11 07:00:39'),(106,'/uploads/product/27/1676106472WhatsApp Image 2023-02-01 at 2.01.52 PM.jpeg',0,'1676106472WhatsApp Image 2023-02-01 at 2.01.52 PM.jpeg',27,'App\\Models\\Product','2023-02-11 07:07:52','2023-02-11 07:07:52'),(107,'/uploads/product/27/1676106481WhatsApp Image 2023-02-01 at 9.04.38 AM.jpeg',0,'1676106481WhatsApp Image 2023-02-01 at 9.04.38 AM.jpeg',27,'App\\Models\\Product','2023-02-11 07:08:01','2023-02-11 07:08:01'),(108,'/uploads/product/28/1676106732WhatsApp Image 2023-01-30 at 7.08.13 PM.jpeg',0,'1676106732WhatsApp Image 2023-01-30 at 7.08.13 PM.jpeg',28,'App\\Models\\Product','2023-02-11 07:12:12','2023-02-11 07:12:12'),(109,'/uploads/product/28/1676106740WhatsApp Image 2023-01-30 at 7.10.35 PM.jpeg',0,'1676106740WhatsApp Image 2023-01-30 at 7.10.35 PM.jpeg',28,'App\\Models\\Product','2023-02-11 07:12:20','2023-02-11 07:12:20'),(110,'/uploads/product/29/1676106929WhatsApp Image 2023-02-02 at 3.36.59 PM.jpeg',0,'1676106929WhatsApp Image 2023-02-02 at 3.36.59 PM.jpeg',29,'App\\Models\\Product','2023-02-11 07:15:29','2023-02-11 07:15:29'),(111,'/uploads/product/29/1676106934WhatsApp Image 2023-02-02 at 3.37.23 PM.jpeg',0,'1676106934WhatsApp Image 2023-02-02 at 3.37.23 PM.jpeg',29,'App\\Models\\Product','2023-02-11 07:15:34','2023-02-11 07:15:34'),(112,'/uploads/product/30/1676289431WhatsApp Image 2023-02-13 at 12.51.19 PM.jpeg',0,'1676289431WhatsApp Image 2023-02-13 at 12.51.19 PM.jpeg',30,'App\\Models\\Product','2023-02-13 09:57:11','2023-02-13 09:57:11'),(113,'/uploads/product/30/1676289437WhatsApp Image 2023-02-13 at 12.51.20 PM.jpeg',0,'1676289437WhatsApp Image 2023-02-13 at 12.51.20 PM.jpeg',30,'App\\Models\\Product','2023-02-13 09:57:17','2023-02-13 09:57:17'),(114,'/uploads/product/30/1676289445WhatsApp Image 2023-02-13 at 12.52.36 PM.jpeg',0,'1676289445WhatsApp Image 2023-02-13 at 12.52.36 PM.jpeg',30,'App\\Models\\Product','2023-02-13 09:57:25','2023-02-13 09:57:25'),(115,'/uploads/product/30/1676289447WhatsApp Image 2023-02-13 at 12.52.36 PM(1).jpeg',0,'1676289447WhatsApp Image 2023-02-13 at 12.52.36 PM(1).jpeg',30,'App\\Models\\Product','2023-02-13 09:57:27','2023-02-13 09:57:27'),(116,'/uploads/product/30/1676289450WhatsApp Image 2023-02-13 at 12.52.37 PM.jpeg',0,'1676289450WhatsApp Image 2023-02-13 at 12.52.37 PM.jpeg',30,'App\\Models\\Product','2023-02-13 09:57:30','2023-02-13 09:57:30'),(117,'/uploads/product/31/1676362921WhatsApp Image 2023-02-14 at 9.14.29 AM.jpeg',0,'1676362921WhatsApp Image 2023-02-14 at 9.14.29 AM.jpeg',31,'App\\Models\\Product','2023-02-14 06:22:01','2023-02-14 06:22:01'),(118,'/uploads/product/31/1676362925WhatsApp Image 2023-02-14 at 9.14.31 AM.jpeg',0,'1676362925WhatsApp Image 2023-02-14 at 9.14.31 AM.jpeg',31,'App\\Models\\Product','2023-02-14 06:22:05','2023-02-14 06:22:05'),(119,'/uploads/product/31/1676362928WhatsApp Image 2023-02-14 at 9.15.02 AM.jpeg',0,'1676362928WhatsApp Image 2023-02-14 at 9.15.02 AM.jpeg',31,'App\\Models\\Product','2023-02-14 06:22:08','2023-02-14 06:22:08'),(120,'/uploads/product/31/1676362931WhatsApp Image 2023-02-14 at 9.15.02 AM(1).jpeg',0,'1676362931WhatsApp Image 2023-02-14 at 9.15.02 AM(1).jpeg',31,'App\\Models\\Product','2023-02-14 06:22:11','2023-02-14 06:22:11'),(121,'/uploads/product/32/16781385510addes soup.jpg',0,'16781385510addes soup.jpg',32,'App\\Models\\Product','2023-03-06 19:35:51','2023-03-06 19:35:51'),(122,'/uploads/product/33/1678138712الصورة-الرئيسية-لوصفةحلى-البسكويت-البارد.webp',0,'1678138712الصورة-الرئيسية-لوصفةحلى-البسكويت-البارد.webp',33,'App\\Models\\Product','2023-03-06 19:38:32','2023-03-06 19:38:32'),(123,'/uploads/product/34/1678138771الصورة-الرئيسية-لوصفةحلا-البسكويت-والتمر.webp',0,'1678138771الصورة-الرئيسية-لوصفةحلا-البسكويت-والتمر.webp',34,'App\\Models\\Product','2023-03-06 19:39:31','2023-03-06 19:39:31'),(124,'/uploads/product/35/1678138851الصورة-الرئيسية-لوصفةبسكوت-الكليجا.webp',0,'1678138851الصورة-الرئيسية-لوصفةبسكوت-الكليجا.webp',35,'App\\Models\\Product','2023-03-06 19:40:51','2023-03-06 19:40:51'),(125,'/uploads/product/36/1678138984المندي.jpg',0,'1678138984المندي.jpg',36,'App\\Models\\Product','2023-03-06 19:43:04','2023-03-06 19:43:04'),(126,'/uploads/product/37/1678139040الملوخية.jpg',0,'1678139040الملوخية.jpg',37,'App\\Models\\Product','2023-03-06 19:44:00','2023-03-06 19:44:00'),(127,'/uploads/product/38/1678139102الكسكسي-المغربي.jpg',0,'1678139102الكسكسي-المغربي.jpg',38,'App\\Models\\Product','2023-03-06 19:45:02','2023-03-06 19:45:02'),(128,'/uploads/product/39/1678139153المسكوف.jpg',0,'1678139153المسكوف.jpg',39,'App\\Models\\Product','2023-03-06 19:45:53','2023-03-06 19:45:53'),(129,'/uploads/product/40/1678139220اليبرق.jpg',0,'1678139220اليبرق.jpg',40,'App\\Models\\Product','2023-03-06 19:47:00','2023-03-06 19:47:00'),(130,'/uploads/product/41/1678139282المسخن-الفلسطيني.jpg',0,'1678139282المسخن-الفلسطيني.jpg',41,'App\\Models\\Product','2023-03-06 19:48:02','2023-03-06 19:48:02'),(131,'/uploads/product/42/1678139459250d193d27e53dc01cd2834fb2c8b9d8_w361_h361.jpg',0,'1678139459250d193d27e53dc01cd2834fb2c8b9d8_w361_h361.jpg',42,'App\\Models\\Product','2023-03-06 19:50:59','2023-03-06 19:50:59'),(132,'/uploads/product/43/1678139515ba30b11ad22f2b392935a2359fb15abd_w361_h361.jpg',0,'1678139515ba30b11ad22f2b392935a2359fb15abd_w361_h361.jpg',43,'App\\Models\\Product','2023-03-06 19:51:55','2023-03-06 19:51:55'),(133,'/uploads/product/44/16781395738a5ad6b504969162f890b131b12f2f29_w750_h500.jpg',0,'16781395738a5ad6b504969162f890b131b12f2f29_w750_h500.jpg',44,'App\\Models\\Product','2023-03-06 19:52:53','2023-03-06 19:52:53'),(134,'/uploads/product/45/1678139686cb3382b9c82cb04c71ea2bd93121fcc2_w750_h500.jpg',0,'1678139686cb3382b9c82cb04c71ea2bd93121fcc2_w750_h500.jpg',45,'App\\Models\\Product','2023-03-06 19:54:46','2023-03-06 19:54:46'),(135,'/uploads/product/46/16781397462104c2f3befbcf583f40d06074a05d9c_w750_h500.jpg',0,'16781397462104c2f3befbcf583f40d06074a05d9c_w750_h500.jpg',46,'App\\Models\\Product','2023-03-06 19:55:46','2023-03-06 19:55:46'),(136,'/uploads/product/47/1678139803774923167d3c32901e300ab5641ae8c8_w750_h500.jpg',0,'1678139803774923167d3c32901e300ab5641ae8c8_w750_h500.jpg',47,'App\\Models\\Product','2023-03-06 19:56:43','2023-03-06 19:56:43'),(137,'/uploads/product/48/16781404987868aa162f2f871cdd7db810f98f8b5c_w750_h500.jpg',0,'16781404987868aa162f2f871cdd7db810f98f8b5c_w750_h500.jpg',48,'App\\Models\\Product','2023-03-06 20:08:18','2023-03-06 20:08:18'),(138,'/uploads/product/49/1678140554b14137404072bdcd4542c4c68668cd30_w750_h500.jpg',0,'1678140554b14137404072bdcd4542c4c68668cd30_w750_h500.jpg',49,'App\\Models\\Product','2023-03-06 20:09:14','2023-03-06 20:09:14'),(139,'/uploads/product/50/16781406349c6d09f1af41afaea7066398156b272c_w750_h500.jpg',0,'16781406349c6d09f1af41afaea7066398156b272c_w750_h500.jpg',50,'App\\Models\\Product','2023-03-06 20:10:34','2023-03-06 20:10:34'),(140,'/uploads/product/51/167814078932e977132ca4710a1bf53abead36e34c_w750_h500.jpg',0,'167814078932e977132ca4710a1bf53abead36e34c_w750_h500.jpg',51,'App\\Models\\Product','2023-03-06 20:13:09','2023-03-06 20:13:09'),(141,'/uploads/product/52/1678140854c6e08866005c4d3c002d4f9a301d3f2f_w750_h500.jpg',0,'1678140854c6e08866005c4d3c002d4f9a301d3f2f_w750_h500.jpg',52,'App\\Models\\Product','2023-03-06 20:14:14','2023-03-06 20:14:14');

--
-- Table structure for table `government_translations`
--

CREATE TABLE `government_translations` (
  `id` int unsigned NOT NULL AUTO_INCREMENT,
  `government_id` int unsigned NOT NULL,
  `name` varchar(255) CHARACTER SET utf8mb4 COLLATE utf8mb4_unicode_ci NOT NULL,
  `locale` varchar(255) CHARACTER SET utf8mb4 COLLATE utf8mb4_unicode_ci NOT NULL,
  `created_at` timestamp NULL DEFAULT NULL,
  `updated_at` timestamp NULL DEFAULT NULL,
  PRIMARY KEY (`id`),
  UNIQUE KEY `government_translations_government_id_locale_unique` (`government_id`,`locale`),
  KEY `government_translations_locale_index` (`locale`),
  CONSTRAINT `government_translations_government_id_foreign` FOREIGN KEY (`government_id`) REFERENCES `governments` (`id`) ON DELETE CASCADE
) ENGINE=InnoDB AUTO_INCREMENT=5 DEFAULT CHARSET=utf8mb4 COLLATE=utf8mb4_unicode_ci;

--
-- Dumping data for table `government_translations`
--

INSERT INTO `government_translations` (`id`, `government_id`, `name`, `locale`, `created_at`, `updated_at`) VALUES (1,1,'حولي','ar',NULL,NULL),(2,1,'حولي','en',NULL,NULL),(3,2,'الكويت','ar',NULL,NULL),(4,2,'الكويت','en',NULL,NULL);

--
-- Table structure for table `governments`
--

CREATE TABLE `governments` (
  `id` int unsigned NOT NULL AUTO_INCREMENT,
  `status` int NOT NULL DEFAULT '1',
  `address_address` varchar(255) CHARACTER SET utf8mb4 COLLATE utf8mb4_unicode_ci NOT NULL,
  `address_latitude` double NOT NULL,
  `address_longitude` double NOT NULL,
  `created_at` timestamp NULL DEFAULT NULL,
  `updated_at` timestamp NULL DEFAULT NULL,
  `country_id` int NOT NULL,
  PRIMARY KEY (`id`)
) ENGINE=InnoDB AUTO_INCREMENT=3 DEFAULT CHARSET=utf8mb4 COLLATE=utf8mb4_unicode_ci;

--
-- Dumping data for table `governments`
--

INSERT INTO `governments` (`id`, `status`, `address_address`, `address_latitude`, `address_longitude`, `created_at`, `updated_at`, `country_id`) VALUES (1,1,'حولي، Kuwait',29.33778819999999,48.0234708,'2022-06-23 07:09:16','2022-06-23 07:09:16',1),(2,1,'مدينة الكويت، Kuwait',29.375859,47.9774052,'2022-06-23 07:09:36','2022-06-23 07:09:36',1);

--
-- Table structure for table `migrations`
--

CREATE TABLE `migrations` (
  `id` int unsigned NOT NULL AUTO_INCREMENT,
  `migration` varchar(255) CHARACTER SET utf8mb4 COLLATE utf8mb4_unicode_ci NOT NULL,
  `batch` int NOT NULL,
  PRIMARY KEY (`id`)
) ENGINE=InnoDB AUTO_INCREMENT=62 DEFAULT CHARSET=utf8mb4 COLLATE=utf8mb4_unicode_ci;

--
-- Dumping data for table `migrations`
--

INSERT INTO `migrations` (`id`, `migration`, `batch`) VALUES (1,'2014_10_12_000000_create_users_table',1),(2,'2014_10_12_100000_create_password_resets_table',1),(3,'2016_06_01_000001_create_oauth_auth_codes_table',1),(4,'2016_06_01_000002_create_oauth_access_tokens_table',1),(5,'2016_06_01_000003_create_oauth_refresh_tokens_table',1),(6,'2016_06_01_000004_create_oauth_clients_table',1),(7,'2016_06_01_000005_create_oauth_personal_access_clients_table',1),(8,'2019_08_19_000000_create_failed_jobs_table',1),(9,'2019_12_14_000001_create_personal_access_tokens_table',1),(10,'2022_02_06_071010_laratrust_setup_tables',1),(11,'2022_02_07_073030_create_public_notifcations_table',1),(12,'2022_02_07_131228_create_topics_table',1),(13,'2022_02_07_131335_create_topic_subscripts_table',1),(14,'2022_02_10_131840_create_short_terms_table',1),(15,'2022_03_24_101035_create_sliders_table',1),(16,'2022_03_24_114417_create_slider_translations_table',1),(17,'2022_05_29_115314_create_categories_table',1),(18,'2022_05_29_115351_create_category_translations_table',1),(19,'2022_05_31_082944_create_products_tables',1),(20,'2022_05_31_083136_create_product_translations_table',1),(21,'2022_05_31_084033_create_features_table',1),(22,'2022_05_31_084050_create_feature_translations_table',1),(23,'2022_05_31_084308_create_feature_options_table',1),(24,'2022_05_31_084333_create_feature_option_translations_table',1),(25,'2022_05_31_085551_create_files_table',1),(26,'2022_05_31_112821_create_product_categories_table',1),(27,'2022_06_02_080435_create_payment_methods_table',1),(28,'2022_06_02_080436_create_shipping_types_table',1),(29,'2022_06_02_080440_create_orders_table',1),(30,'2022_06_02_081214_create_product_orders_table',1),(31,'2022_06_02_081356_create_order_product_features_table',1),(32,'2022_06_02_082600_create_payment_method_translations_table',1),(33,'2022_06_02_082610_create_shipping_type_translations_table',1),(34,'2022_06_02_122112_create_governments_table',1),(35,'2022_06_02_122142_create_government_translations_table',1),(36,'2022_06_02_122214_create_regions_table',1),(37,'2022_06_02_122222_create_region_translations_table',1),(38,'2022_06_02_133202_create_arrival_prices_table',1),(39,'2022_06_04_091835_added_checked_to_products_table',1),(40,'2022_06_05_073619_create_coupons_table',1),(41,'2022_06_05_074500_create_coupone_relateds_table',1),(42,'2022_06_05_081404_create_user_products_table',1),(43,'2022_06_05_113923_create_user_addresses_table',1),(44,'2022_06_08_101900_create_arrivals_table',1),(45,'2022_06_08_102003_create_arrival_times_table',1),(46,'2022_06_09_132916_create_order_coupons_table',1),(47,'2022_06_09_134805_add_category_id_to_product_orders_table',1),(48,'2022_06_11_093816_added_checked_to_user_addresses_table',1),(49,'2022_06_11_102956_added_delivery_date_time_to_orders_table',1),(50,'2022_06_11_103215_create_order_shippings_table',1),(51,'2022_06_18_093322_create_order_comments_table',1),(52,'2022_06_19_082401_create_tagers_table',1),(53,'2022_06_20_102847_added_latـlang_table',1),(54,'2022_06_20_135514_create_user_categories_table',1),(55,'2022_06_21_073606_added_image_to_user_table',1),(56,'2022_06_25_095040_create_refund_products_table',2),(57,'2022_06_26_105000_create_user_orders_table',3),(58,'2022_06_26_125130_create_contacts_table',4),(59,'2022_06_28_111636_create_pages_table',5),(60,'2022_06_28_111731_create_page_translations_table',5),(61,'2022_07_17_122026_create_order_options_table',6);

--
-- Table structure for table `oauth_access_tokens`
--

CREATE TABLE `oauth_access_tokens` (
  `id` varchar(100) CHARACTER SET utf8mb4 COLLATE utf8mb4_unicode_ci NOT NULL,
  `user_id` bigint unsigned DEFAULT NULL,
  `client_id` bigint unsigned NOT NULL,
  `name` varchar(255) CHARACTER SET utf8mb4 COLLATE utf8mb4_unicode_ci DEFAULT NULL,
  `scopes` text CHARACTER SET utf8mb4 COLLATE utf8mb4_unicode_ci,
  `revoked` tinyint(1) NOT NULL,
  `created_at` timestamp NULL DEFAULT NULL,
  `updated_at` timestamp NULL DEFAULT NULL,
  `expires_at` datetime DEFAULT NULL,
  PRIMARY KEY (`id`),
  KEY `oauth_access_tokens_user_id_index` (`user_id`)
) ENGINE=InnoDB DEFAULT CHARSET=utf8mb4 COLLATE=utf8mb4_unicode_ci;

--
-- Dumping data for table `oauth_access_tokens`
--

INSERT INTO `oauth_access_tokens` (`id`, `user_id`, `client_id`, `name`, `scopes`, `revoked`, `created_at`, `updated_at`, `expires_at`) VALUES ('04c5783973d49237e263303d40d3d2e9f17a41ddfb98b934cdf0e859072814b1e3398baf45293433',73,1,'mazraa','[]',0,'2022-09-28 09:10:32','2022-09-28 09:10:32','2023-09-28 11:10:32'),('06d6a47b866c6ecc39e78b9b665b031f3b2642520c31cc8e4b04ee85a59877e4e68b08aa1c10411e',71,1,'mazraa','[]',0,'2022-07-06 11:16:28','2022-07-06 11:16:28','2023-07-06 13:16:28'),('0770119bbc9a6dc7d9fb4fa5026d9fe581552532d6b788f330c193433dd20801c00285fa8e5e2a6f',62,1,'mazraa','[]',0,'2022-07-01 12:26:25','2022-07-01 12:26:25','2023-07-01 14:26:25'),('094f5f3fd50f7cca02992d3e1f98ec6e5937431dadd8e32ee65817bc5099dc7aa16b445c0f1a0939',78,1,'gold','[]',0,'2022-10-29 06:57:43','2022-10-29 06:57:43','2023-10-29 08:57:43'),('0c4be3baec2bb77d7b065d4f8f1eb9de25fd92cf587f7aa2cdf5a01f0491687928cd8685bc51fbcb',77,1,'mazraa','[]',0,'2022-09-29 06:35:57','2022-09-29 06:35:57','2023-09-29 08:35:57'),('0f2756793a7aee37a3325c852792d60aa946387f14b0e3bd524933cfe50a4a0b2f0575b275883645',9,1,'mazraa','[]',0,'2022-09-28 08:49:49','2022-09-28 08:49:49','2023-09-28 10:49:49'),('0f4ba37f9ca35241ebb31c9657e066acb01c71225244a9d201c893a4088078a6126a4f29fa274350',77,1,'mazraa','[]',0,'2022-09-29 06:34:50','2022-09-29 06:34:50','2023-09-29 08:34:50'),('0fe2ce712b05c6d4840bc53b66a7f3590efc04cf8d90a6212712e6e560e531e72b6ac3726f41ff13',73,1,'mazraa','[]',0,'2022-10-01 16:16:08','2022-10-01 16:16:08','2023-10-01 18:16:08'),('11e4e3c3d5546eeb00367f099262c4fe488a1aba1a644938f6a8c5ba2785dd52081789fd6ff91aa0',11,1,'mazraa','[]',0,'2022-06-23 08:02:47','2022-06-23 08:02:47','2023-06-23 10:02:47'),('121f3960f28da2ab5e18e54051c96cb5ef994cddacbb6aaa6855f38daa042bfbe689ee2d441b4ba5',73,1,'mazraa','[]',0,'2022-10-02 05:21:48','2022-10-02 05:21:48','2023-10-02 07:21:48'),('1344ed1c2475f82131a8bbe1a11b186eb3c7234b7f7fae01013b878c849e917eb43b23996fb47b40',73,1,'mazraa','[]',0,'2022-11-21 10:26:36','2022-11-21 10:26:36','2023-11-21 12:26:36'),('1455211b53b1e4e6becd2dde88ed8ff502edb18f37883d4d6f0e5c2823972863426a489987ab6ce9',76,1,'mazraa','[]',0,'2022-09-29 06:18:30','2022-09-29 06:18:30','2023-09-29 08:18:30'),('15a65942ead48cf920c419b317f5bda965ddd12f529d50880c2da3bd6304c40922cd13bc4297f187',43,1,'mazraa','[]',0,'2022-06-23 09:31:29','2022-06-23 09:31:29','2023-06-23 11:31:29'),('169128135ffbf069c55f8e7fff450f6c589eac7905efdffce3e1ac61b449b9a537c8c57a2e0beedc',76,1,'mazraa','[]',0,'2022-09-29 06:30:03','2022-09-29 06:30:03','2023-09-29 08:30:03'),('16ab442674f11633f651293b08aedb67d098e64a17d6a5c922cfb7418d9ef8f4c74ea519bc9ce7d3',57,1,'mazraa','[]',0,'2022-06-26 05:30:30','2022-06-26 05:30:30','2023-06-26 07:30:30'),('16c58257a012cdca0682407d0fd215d0d26df646762f7fcd77b9574a5f16b61ecbb5d157654720ce',45,1,'mazraa','[]',0,'2022-06-23 09:54:18','2022-06-23 09:54:18','2023-06-23 11:54:18'),('194f8bce0f06c6a6d73ea4d076c4637e478a260a85e6763d67ec58291a391ca659e4e7588b7195bf',11,1,'mazraa','[]',0,'2022-06-23 08:03:59','2022-06-23 08:03:59','2023-06-23 10:03:59'),('1a9c43a3593cca2448c9921cc354f90ff8404ad2e17bbd199b499b7f35f9ba09aa690adca78edb0b',71,1,'mazraa','[]',0,'2022-07-06 11:19:42','2022-07-06 11:19:42','2023-07-06 13:19:42'),('1b1596fa0d5cebf24c26586a036030962be8592dc31a4b33b2dff14f9c6f135439520d78f2142a7b',65,1,'mazraa','[]',0,'2022-07-03 04:39:55','2022-07-03 04:39:55','2023-07-03 06:39:55'),('1b5c2f353de7aafecacfd98b40312b5b28660d6b15089560b6595e4dfaa67b4f524c4b6495ac4ace',18,1,'mazraa','[]',0,'2022-06-23 08:25:17','2022-06-23 08:25:17','2023-06-23 10:25:17'),('1ba2360b77d3e29b2fccf95cd62fdaeb39a757cc1e0309fc0971a530219557ba273ad556af3f5b0f',43,1,'mazraa','[]',0,'2022-06-23 09:31:14','2022-06-23 09:31:14','2023-06-23 11:31:14'),('1e49c47a0b5f7ce9e8bd8f4b358a7c5d90bfebf707649ad8c721e7a9633f2c02602ae4f1a992151c',11,1,'mazraa','[]',0,'2022-06-23 08:06:13','2022-06-23 08:06:13','2023-06-23 10:06:13'),('1ec0fabcee6ba1485def34b013fd3d5878355b4f1ea6315f1f4479f80240925bbfd81c238ed5ce74',73,1,'mazraa','[]',0,'2022-10-01 08:44:15','2022-10-01 08:44:15','2023-10-01 10:44:15'),('20b3dda2783262ae7e7a56b101a30b58bf89c209bff9ec18a715c68818ad529a72144dfa32f733c0',11,1,'mazraa','[]',0,'2022-06-23 08:06:26','2022-06-23 08:06:26','2023-06-23 10:06:26'),('21609e89ea57c036fbe46d6088a92d9b4aaec6070dd29f84db9e2a91fdbed5c66e043dc8d8855e1c',81,1,'mazraa','[]',0,'2022-10-30 08:06:35','2022-10-30 08:06:35','2023-10-30 10:06:35'),('216b7f4038ff4ff0a73506c21d31f9d6d2df68283bfe87ad2db7d2a5e3f3d690a7d418730ed4e1b6',73,1,'mazraa','[]',0,'2022-10-01 15:57:35','2022-10-01 15:57:35','2023-10-01 17:57:35'),('25f678f33e9b1d1f3e1b3d08ac7fd024e4b899ced1d6c9b2c9143e7ecae9bc6708cf206649528909',73,1,'mazraa','[]',0,'2022-11-22 11:08:27','2022-11-22 11:08:27','2023-11-22 13:08:27'),('26a279b19322161216c323a9a0798133bda672c398957a84735776b8912759d3718d3ba653cd3436',72,1,'mazraa','[]',0,'2022-09-24 08:52:42','2022-09-24 08:52:42','2023-09-24 10:52:42'),('27cfbb2f9f8975b4495ed6d99f3893851febcbc7a035384f8dafd0d2791a087c699b2e7c5ba0b150',73,1,'mazraa','[]',0,'2022-10-01 06:05:19','2022-10-01 06:05:19','2023-10-01 08:05:19'),('2b28aded7da4ffceaae6501b4433af182d3909e77c1ecff65b27203940217f9cc0ce49b165b374dc',73,1,'mazraa','[]',0,'2022-11-17 11:39:27','2022-11-17 11:39:27','2023-11-17 13:39:27'),('2da5e289aa4d330fa441a4ab0321fbda54cc43a81f500ff2513bfcf9c51b23f9fb02493eaa5d8ed1',9,1,'mazraa','[]',0,'2022-07-04 07:33:06','2022-07-04 07:33:06','2023-07-04 09:33:06'),('2e3481d95f5a5ccabab1bbd9a6e73e3e35c46c0b18cc617ea70a625abb0bb2656a557e3586219034',71,1,'mazraa','[]',0,'2022-07-06 09:07:56','2022-07-06 09:07:56','2023-07-06 11:07:56'),('2ed9dcda1272bd3693b3cb32140efeeaf1266b2e1c21b8538ebac5d8a94f74f22ec81808deb757b3',80,1,'gold','[]',0,'2022-10-29 08:20:31','2022-10-29 08:20:31','2023-10-29 10:20:31'),('3105a118c0b05b5725d5fc2fb61e18422fe87a320912a97409121e4500e32758088b0ce908c22552',77,1,'mazraa','[]',0,'2022-09-29 06:34:17','2022-09-29 06:34:17','2023-09-29 08:34:17'),('311cb5a95f49884aa2011509065857cf18a1485b4f0f675eca7e2a9103fba32b8c2b5c6f1a58fe9f',73,1,'mazraa','[]',0,'2022-09-28 09:01:11','2022-09-28 09:01:11','2023-09-28 11:01:11'),('3133cfe757d1dcc560d46d6f3a2c522ddc73e719635b512407e768829de9da9380a2da1948fadb98',9,1,'mazraa','[]',0,'2022-10-01 15:52:34','2022-10-01 15:52:34','2023-10-01 17:52:34'),('3313c36c4f41dacb2d103a6dac5715acd4e8cc745adfc32fbfc2a8969ff582a5a7062db2e54e34ea',9,1,'mazraa','[]',0,'2022-07-04 06:30:41','2022-07-04 06:30:41','2023-07-04 08:30:41'),('344ece9f8612b98e8e18fe42db5d182bfe35a98ed15edef75683de40468fb8cb388820d5796f83d8',73,1,'mazraa','[]',0,'2022-09-29 08:38:35','2022-09-29 08:38:35','2023-09-29 10:38:35'),('34f12873c26e726b6c5af96f45423473a7d6ce7465e25d18de8f677045502a6a086bb121c234f6bf',71,1,'mazraa','[]',0,'2022-07-06 09:09:14','2022-07-06 09:09:14','2023-07-06 11:09:14'),('37e6c6bf69fe823824aef2fc417562ab89bfb031a31695be83557cf7a5398aef7dc1ddf35362146c',73,1,'mazraa','[]',0,'2022-10-02 07:43:26','2022-10-02 07:43:26','2023-10-02 09:43:26'),('39366a083a68e5527b7083e7705060a66be525f339a2a083e171bc7728e8b438fd7c709c6342d73f',72,1,'mazraa','[]',0,'2022-09-25 09:21:35','2022-09-25 09:21:35','2023-09-25 11:21:35'),('3a205f8561768702a1219f77b20300327d523e67fef6fab77a04ec801b3c32ece86d29c00ff813f6',73,1,'mazraa','[]',0,'2022-11-16 19:42:50','2022-11-16 19:42:50','2023-11-16 21:42:50'),('3a88e0dcb94998f37fd0390fc6fbed3b98615b0ccad38b7f0802b564d22d9ae9c6c7720957187072',40,1,'mazraa','[]',0,'2022-06-23 09:30:17','2022-06-23 09:30:17','2023-06-23 11:30:17'),('3d2e702406f90e315f72162f2de7e36dd15ae6ba8d8336e5649f714c484c01942a9847a8db8a78b0',73,1,'mazraa','[]',0,'2022-11-08 07:34:06','2022-11-08 07:34:06','2023-11-08 09:34:06'),('3d68b896e27a05e84eb90f263c5a2f6c8f450219dee3704771f7888d9f062e80b14cb3cd9a586530',11,1,'mazraa','[]',0,'2022-06-23 08:05:33','2022-06-23 08:05:33','2023-06-23 10:05:33'),('3e01070fd3a69a90caaf6693755a7aed14b57ab288319cafa005f050988a5763bb83a60dbd79a64c',73,1,'mazraa','[]',0,'2022-11-21 10:31:23','2022-11-21 10:31:23','2023-11-21 12:31:23'),('3efddcbb13096ca0735241d6073805a2a660f944b35b8fa9180f5dca610478be160abdf22883f9a5',9,1,'mazraa','[]',0,'2022-06-27 11:49:22','2022-06-27 11:49:22','2023-06-27 13:49:22'),('40e46dadd5b2c57a962f59d8827e002855e8bc9e00fefe80fdcba761c98c7bee0817a17a94b313c7',73,1,'mazraa','[]',0,'2022-10-02 07:46:40','2022-10-02 07:46:40','2023-10-02 09:46:40'),('419806b888bafe7d2d14864f1949f5d3c8f6954d60bdb9bf79b41aa7c0ff530ecfcac897dc6039ea',81,1,'gold','[]',0,'2022-11-02 18:50:02','2022-11-02 18:50:02','2023-11-02 20:50:02'),('41ce822c1b015230b3bfa8284cde36a9fdb1d7713d261e253ac3f41b8e0d575311003f2c6295b028',64,1,'mazraa','[]',0,'2022-07-02 09:28:58','2022-07-02 09:28:58','2023-07-02 11:28:58'),('42c54a0d588b5b8173b32d973eacc02c063ce14aaf512f4226176dd07e0c5dcdc1a02b5f3d02138b',73,1,'mazraa','[]',0,'2022-11-21 05:52:58','2022-11-21 05:52:58','2023-11-21 07:52:58'),('44b65737ba67b5a729e7b73227df23d9bfff18b1b5601e74b8cbafed9f09eb13bc377527ca747e2f',81,1,'gold','[]',0,'2022-10-31 06:11:27','2022-10-31 06:11:27','2023-10-31 08:11:27'),('450cd12a2b5009e701d341f30dced2472b09de67111a1c02d7c2d45895eeaa5c70314a14fa15e957',73,1,'mazraa','[]',0,'2022-10-01 17:32:28','2022-10-01 17:32:28','2023-10-01 19:32:28'),('45dfc301338c97ea78924e1808759a8f9224cd5cbda16327e50c9b8a9a8bd2a741510e00d8b34215',11,1,'mazraa','[]',0,'2022-06-23 08:04:21','2022-06-23 08:04:21','2023-06-23 10:04:21'),('468369144d0951d5ca808c2a2242a4ac2b1d58baf0ad6d33f721939e89f64317b01adfd7238af2bc',76,1,'mazraa','[]',0,'2022-09-29 06:22:50','2022-09-29 06:22:50','2023-09-29 08:22:50'),('4799365296a88fa738bfebe64b96f79b7815326d4efa5158aa9a2fb53d6d99ff2a490f97d83d2d3b',11,1,'mazraa','[]',0,'2022-06-23 08:04:29','2022-06-23 08:04:29','2023-06-23 10:04:29'),('4958584584d281882b2b63a14f73af39d421857dc7d9fadc6d4b221d4da93e884b6419d7d5b53546',24,1,'mazraa','[]',0,'2022-06-23 08:27:07','2022-06-23 08:27:07','2023-06-23 10:27:07'),('49938f76b16d984df7d5b06ac3b8a0bbd4ce6b3d2d099a46d71cf0c79fc619436ab34cb5398625e4',3,1,'mazraa','[]',0,'2022-06-23 06:47:52','2022-06-23 06:47:52','2023-06-23 08:47:52'),('4a845c855325b6254a26832ab1d0c7fb221c1c0d036a4ae30bd908aee71b5c915599ee5259652d83',74,1,'mazraa','[]',0,'2022-09-29 05:46:05','2022-09-29 05:46:05','2023-09-29 07:46:05'),('4aa4ed91475f5bff6dd22f3684f8cb765fe8873dc873820b8cddb69c74c95d38fbbb49ad950476ce',81,1,'gold','[]',0,'2022-10-30 08:06:52','2022-10-30 08:06:52','2023-10-30 10:06:52'),('5021dd07a66901f01322f3ef96cc8fd9b1efb2552366f1950458ad062c0ca16b46035d4d668e65f3',76,1,'mazraa','[]',0,'2022-09-29 06:18:17','2022-09-29 06:18:17','2023-09-29 08:18:17'),('50dc643c15526b613a72c9a5386b4888f413e9be1f78a06a8a7add390c0d0b4f4f0f7a8dd2733063',43,1,'mazraa','[]',0,'2022-06-23 09:30:46','2022-06-23 09:30:46','2023-06-23 11:30:46'),('513b12c075439fdf6be0f39215cf7323d2a5c4dbf8911da9478517660f0d24b78c7982d8e0345e23',3,1,'mazraa','[]',0,'2022-06-23 08:34:33','2022-06-23 08:34:33','2023-06-23 10:34:33'),('532bdc7bd168412436c2c28d4885edd885bc6cdec5cb591caffa0359c3d64fac6ecba9d3722d2d51',73,1,'mazraa','[]',0,'2022-11-17 20:38:10','2022-11-17 20:38:10','2023-11-17 22:38:10'),('54adc381ffe5013dbeffb0c309c875f34abf032475e1e12c1dce69b62dd0a1951d0125bcdf36ecf0',12,1,'mazraa','[]',0,'2022-06-23 08:11:05','2022-06-23 08:11:05','2023-06-23 10:11:05'),('569892d3ea07736d9126f5a6fca47078f669564f55925263636df9383d5103eec456d0c089de46f8',73,1,'mazraa','[]',0,'2022-11-03 05:59:46','2022-11-03 05:59:46','2023-11-03 07:59:46'),('588ae856b104f19a5ae100a76a9b735f63dfb19166816056e0f67fffb764c44ed9a0440809ca9cb9',73,1,'mazraa','[]',0,'2022-11-01 07:44:29','2022-11-01 07:44:29','2023-11-01 09:44:29'),('5a754051f1e92c1910aae79f9434da882be73b642c49eee9d2219878c39bcc4f157d3dbb8d30d5d5',43,1,'mazraa','[]',0,'2022-06-23 09:31:26','2022-06-23 09:31:26','2023-06-23 11:31:26'),('5ac68e3ac3e2fb9cf366f441ca48886b2c1cc1ea481308d4c12752487006c573a68c287f75560134',61,1,'mazraa','[]',0,'2022-06-28 09:59:48','2022-06-28 09:59:48','2023-06-28 11:59:48'),('5c7355dd11c8aac12cd180feba02529208d40cba953fe033d669e0d85aef409458d3d066afaeffd0',60,1,'mazraa','[]',0,'2022-06-27 08:37:33','2022-06-27 08:37:33','2023-06-27 10:37:33'),('5e9902ae23bc32cc64f3a75998a627beb83e2ddbe8e290bba5c5b433dc61e42105254502e963da3e',73,1,'mazraa','[]',0,'2022-10-01 18:58:05','2022-10-01 18:58:05','2023-10-01 20:58:05'),('61730597520a7c8cbf62faa4953c5fd72a5a3d938824083d75549c9dfe4f7d3fbd31d24717c39489',3,1,'mazraa','[]',0,'2022-06-23 07:39:54','2022-06-23 07:39:54','2023-06-23 09:39:54'),('620b1882e187621ce2aa80e128b49daa36de7e97b98c0f6eab0524fd13bf2d3734ce0698e2b5a7be',46,1,'mazraa','[]',0,'2022-06-23 09:57:14','2022-06-23 09:57:14','2023-06-23 11:57:14'),('6229c3bc858c941ff6040291190168e12717681ea599c1537da70e20e7733fa8688cbf7b2f67023a',6,1,'mazraa','[]',0,'2022-06-22 10:14:57','2022-06-22 10:14:57','2023-06-22 12:14:57'),('62fad415f9d41597e55b751522a83e2ee8271d41f31b98b52d4d3e40d3f4449ea56dfd9208111ec4',11,1,'mazraa','[]',0,'2022-06-23 07:59:13','2022-06-23 07:59:13','2023-06-23 09:59:13'),('634257169214a9ee3e618c7108217cd5f1b3227fcc4b04e6e7ba9ab8c6b080c2ddcc570b2dcc432c',11,1,'mazraa','[]',0,'2022-06-23 08:03:43','2022-06-23 08:03:43','2023-06-23 10:03:43'),('6430bd1bce32be86a87cb055a21b5a32dfe46f2bdac0b336d6a6cf919310f34b4c40b460fb2c6fa1',41,1,'mazraa','[]',0,'2022-06-23 09:17:00','2022-06-23 09:17:00','2023-06-23 11:17:00'),('65e36ca8fbd4e4a41b6699f5c3d16992ea9ad36d98a1868ee0d59263590be6e4eda270c82df018b3',8,1,'mazraa','[]',0,'2022-06-22 10:16:50','2022-06-22 10:16:50','2023-06-22 12:16:50'),('663dc5c36f941846187d41e295ef8c17aec60fd8acf948712a086684cb5baea1ad74b5aac49504d9',77,1,'mazraa','[]',0,'2022-09-29 06:34:43','2022-09-29 06:34:43','2023-09-29 08:34:43'),('67c134fe3eb21966061598e02a8ed18c592e99bf82dd52a375f2c417ba8882ddb2cd79d270a75491',73,1,'mazraa','[]',0,'2022-11-08 06:55:19','2022-11-08 06:55:19','2023-11-08 08:55:19'),('6981b883e2c80c53faf22351907cb9635577dba3a8910595df6dc72fae5b5550ca49594210eb2134',81,1,'gold','[]',0,'2022-10-29 08:32:25','2022-10-29 08:32:25','2023-10-29 10:32:25'),('69ade6e956e13ebfd45f381b0c2277cac080981ec58c5bb0b00548819c51c7da219bf98d7f445990',73,1,'mazraa','[]',0,'2022-09-29 06:22:05','2022-09-29 06:22:05','2023-09-29 08:22:05'),('6a6c6054702f0641f7f9063aa24e2935f73fe29e150f43f4bf3067e83a50bf0d45e64c98ee8e4a3f',73,1,'mazraa','[]',0,'2022-11-21 07:19:46','2022-11-21 07:19:46','2023-11-21 09:19:46'),('6c1fd3a4e8e7d0f1101e9a75069612b8c53ec80480cf157a3a8a2f810f9308e84ebf0d429c72923d',73,1,'mazraa','[]',0,'2022-11-03 05:56:29','2022-11-03 05:56:29','2023-11-03 07:56:29'),('6e5efeb1122e035d0d82129c31d65a7c601f921b193a39f9eecd7fbdac1337cf5c14c5d566c97864',45,1,'mazraa','[]',0,'2022-06-23 09:55:42','2022-06-23 09:55:42','2023-06-23 11:55:42'),('71f0e0a1ce44a15f213716f13278835690ce7c05f6f2fec373681222aa45350fe6fecc8b13984023',69,1,'mazraa','[]',0,'2022-07-05 12:13:21','2022-07-05 12:13:21','2023-07-05 14:13:21'),('72dc474c964ebd6a8b8a8b56fcfb8b0c886fab4b8c1e5054ef29a07d97cfab661bf62f7ddd01bdd7',40,1,'mazraa','[]',0,'2022-06-23 09:14:24','2022-06-23 09:14:24','2023-06-23 11:14:24'),('74a8a1af5cf00c216d57c479080f33abd84292f6ae493c205cc045939993c114370435bf84406775',11,1,'mazraa','[]',0,'2022-06-23 08:03:06','2022-06-23 08:03:06','2023-06-23 10:03:06'),('74f87b871fd11555c0792e02740cffb22523813a11a23e317a5266005a4e2a7fbac8c87147d5c751',81,1,'gold','[]',0,'2022-10-31 10:05:12','2022-10-31 10:05:12','2023-10-31 12:05:12'),('75f393de7da16003334b8e2b3c6ea74a9afc45b2c089df47046fc062330b03deadfbad66dc349025',63,1,'mazraa','[]',0,'2022-07-02 09:09:22','2022-07-02 09:09:22','2023-07-02 11:09:22'),('7959cb7fda61e86c6dba7085b6162803f7bd58aae9009eb059a2c5d3085701349d16e02734e5b5eb',73,1,'mazraa','[]',0,'2022-11-03 04:45:35','2022-11-03 04:45:35','2023-11-03 06:45:35'),('7a0ea66d1d3b55397daa622012089abdf1d12fa1ed2852bd69c2317d8dc00cef79d808e767773e94',73,1,'mazraa','[]',0,'2022-11-09 08:57:22','2022-11-09 08:57:22','2023-11-09 10:57:22'),('7a4c5040c7f32efe4fe3d4ef4f8f58bebc9e68f6f383a5646c519bda6d4af3e73891298737d1e652',11,1,'mazraa','[]',0,'2022-06-23 08:04:16','2022-06-23 08:04:16','2023-06-23 10:04:16'),('7ce0030a88a9cc88e4be9908a8da82b12e0427467f7172c186215e2e8786e5a8518df4a630bdd6bd',45,1,'mazraa','[]',0,'2022-06-23 10:21:08','2022-06-23 10:21:08','2023-06-23 12:21:08'),('7d0be8f80ad9af1d23c2bd19c5f50b790bb48e5070943a6483e42e5bfb4c745ac501a35abce379d5',9,1,'mazraa','[]',0,'2022-06-27 10:01:18','2022-06-27 10:01:18','2023-06-27 12:01:18'),('7de4b75062e3e35047704eaea4a39e72a05d5124274f97bbf98f15c9018da83e93ce7689a890f34e',71,1,'mazraa','[]',0,'2022-07-06 11:21:10','2022-07-06 11:21:10','2023-07-06 13:21:10'),('7ee5e381d31a22198d431c15eaeef6ac5d761a20a315551f0745d623d8637f0f965bd6e27f1444bb',11,1,'mazraa','[]',0,'2022-06-23 08:04:39','2022-06-23 08:04:39','2023-06-23 10:04:39'),('7f4d3c67e6b52da4fbec6d751425df20e48a154c10d21007cb3ea468425b865f22f894ff87ec90b3',10,1,'mazraa','[]',0,'2022-06-23 06:50:53','2022-06-23 06:50:53','2023-06-23 08:50:53'),('7f8e3bf68719eeab9798c2590f3578693da7b21d13aa36c98b4206def67dfa1d178a6de14f77ece7',39,1,'mazraa','[]',0,'2022-06-23 09:03:16','2022-06-23 09:03:16','2023-06-23 11:03:16'),('7fdaa14102b9477d207c86839aef7c1a00ce3f38ac93a278aa6ed3afc135eefb3bee41bef000a6bd',71,1,'mazraa','[]',0,'2022-07-06 11:18:34','2022-07-06 11:18:34','2023-07-06 13:18:34'),('804420db0a5ee3bee90a35234cc270e5d05c8c9b4da93a4ebe8d858e598f962a3f9084e7ea843859',73,1,'mazraa','[]',0,'2022-11-02 18:18:35','2022-11-02 18:18:35','2023-11-02 20:18:35'),('814f0ed92b557a09b4e03aaa08ead996231cea1f9956d0df15d06ac1c6f04d7ca26f577ee07912ba',71,1,'mazraa','[]',0,'2022-07-06 09:08:58','2022-07-06 09:08:58','2023-07-06 11:08:58'),('816f4cd12a0c9da8df231ad94df9aff35eb005d523ea58c692ec88f9f3e7781e13578c907dcf79fb',73,1,'mazraa','[]',0,'2022-09-28 08:51:27','2022-09-28 08:51:27','2023-09-28 10:51:27'),('821fb82858ec56810ee9edf67cbd9dfd15138e3197c66f337c28dcb492951c2a75d93b726c46678b',73,1,'mazraa','[]',0,'2022-11-20 11:54:53','2022-11-20 11:54:53','2023-11-20 13:54:53'),('8383f4061423bfd6bf0c3eafc396c2a4299a451a5c9d42e86c6522d969033574d3d86ee78b7d1de3',71,1,'mazraa','[]',0,'2022-07-06 11:08:23','2022-07-06 11:08:23','2023-07-06 13:08:23'),('83c043c8392ec90feac3d3e4a91e519f72e53c5fc78b873fe60864333865a972251dfe1ce9257fd0',11,1,'mazraa','[]',0,'2022-06-23 08:09:29','2022-06-23 08:09:29','2023-06-23 10:09:29'),('8644c101435cabf45b8b3de46a12cefcc3e7a14ec85910c11714a6c5ed39aef9fba3b3fc9235dc57',11,1,'mazraa','[]',0,'2022-06-23 08:04:54','2022-06-23 08:04:54','2023-06-23 10:04:54'),('89ffcf36e0e1079d951f1c30db012aba029f561946c18a1608c71489cf35cbb395db4068f99dbf4f',42,1,'mazraa','[]',0,'2022-06-23 09:19:09','2022-06-23 09:19:09','2023-06-23 11:19:09'),('8a9e27fc783f7c1dda05ecafa8a7f4a82d2a67487d3c347d372cfc6aa9354b921fc499da853e3af3',43,1,'mazraa','[]',0,'2022-06-23 09:45:38','2022-06-23 09:45:38','2023-06-23 11:45:38'),('8ac2fe5c85ade22161db3eb07cb0e4cc682a1c5a812f46bd02e2b80ea364d957247e7fbbc08f9c79',71,1,'mazraa','[]',0,'2022-07-06 11:17:07','2022-07-06 11:17:07','2023-07-06 13:17:07'),('8c8720cf9900d1574020453d82936c6ba2ed9cda9f87b1c7c039b0c4ab4ef831adf91a6ac90c9b7a',73,1,'mazraa','[]',0,'2022-10-01 16:54:17','2022-10-01 16:54:17','2023-10-01 18:54:17'),('8e6c192472cd12eedc2731493f1bd0741579827e5787a5049845b5b2073ae966ccde845f880e3434',81,1,'gold','[]',0,'2022-11-01 20:28:29','2022-11-01 20:28:29','2023-11-01 22:28:29'),('8e78551e73f865ea1c271c76071807ff13c3b6d7ff57db4e697b87ce774f2601deb97baf77d6ee1f',9,1,'mazraa','[]',0,'2022-10-01 08:05:53','2022-10-01 08:05:53','2023-10-01 10:05:53'),('9055f6b0889575b337050cf6225c9962b58103e49e3fa8318dd21ecc035096e349635f3244530936',11,1,'mazraa','[]',0,'2022-06-23 08:02:30','2022-06-23 08:02:30','2023-06-23 10:02:30'),('925e38b9d03cfe5972a7b3a561ad2efb8f4bbc06b45bbaa9edc463b15d3a346595ed5dc78a7a72c2',11,1,'mazraa','[]',0,'2022-06-23 08:08:51','2022-06-23 08:08:51','2023-06-23 10:08:51'),('93b8472b0caee54e59f8d598cfe14eec41ee9638660743a04d5a346254a8c2a0b20b21a7114632ad',73,1,'mazraa','[]',0,'2022-09-28 08:51:05','2022-09-28 08:51:05','2023-09-28 10:51:05'),('94c7e6c34dbdc3cdbde7b925a2aa316f62036669e502c7291e2f006c4901b9ba57f307769dab3d7f',73,1,'mazraa','[]',0,'2022-11-02 18:31:27','2022-11-02 18:31:27','2023-11-02 20:31:27'),('998e75263735514f4059610e920e70cde29ecb7d6a2582abded01e73effbd69edc594bbbe28e9b20',11,1,'mazraa','[]',0,'2022-06-23 08:07:08','2022-06-23 08:07:08','2023-06-23 10:07:08'),('a0d0cf3535a263ddab982cb9118f80f3a837d282aa4f4939ba2f3261695594a990037d683172111d',70,1,'mazraa','[]',0,'2022-07-06 06:25:06','2022-07-06 06:25:06','2023-07-06 08:25:06'),('a1eaeb7c2959c5045cfddb94dd7278f9252f44970d33611605fb0fd15811c2f910a539791762d50a',75,1,'mazraa','[]',0,'2022-09-29 06:09:54','2022-09-29 06:09:54','2023-09-29 08:09:54'),('a40d157fb301620caea6ba1f066c849b324002b3ff1ed04f6d1ab6d0b81adc30a8a0528a241de3b5',73,1,'mazraa','[]',0,'2022-11-22 11:25:36','2022-11-22 11:25:36','2023-11-22 13:25:36'),('a4cb306ad634b75250675fd285a0245668d0890c9a2794a88aa2e874677a1cfb01526a5a481dcc58',3,1,'mazraa','[]',0,'2022-06-23 07:55:37','2022-06-23 07:55:37','2023-06-23 09:55:37'),('a4edbd59fab369be0cb4a5d68f9185e8ffe12497e2d12c165df82d3c60981959602e2c0369e196ac',73,1,'mazraa','[]',0,'2022-09-28 08:50:48','2022-09-28 08:50:48','2023-09-28 10:50:48'),('a650a032af8729b9c5ee17577673d42666b50d917b97b3ac1de31b9b05ed788bf69891c861ac3d79',11,1,'mazraa','[]',0,'2022-06-23 07:56:19','2022-06-23 07:56:19','2023-06-23 09:56:19'),('a70ca0b1d3f5de3fe7cd5914b080f51b6cf634832e7cbc065fd677a99bd15460fa44e734fe53c258',73,1,'mazraa','[]',0,'2022-09-28 09:00:24','2022-09-28 09:00:24','2023-09-28 11:00:24'),('a8643d88c8107bc2d157babdbcfa80d405f5d3a489c44a7a7d2dcf4286e618ce1db38e4fe3989aca',7,1,'mazraa','[]',0,'2022-06-22 10:16:25','2022-06-22 10:16:25','2023-06-22 12:16:25'),('aa3813e78585961696de9a0026ac29fae342197e0fbf6759d62b7a558e60e9d288d28c4d0c872db8',11,1,'mazraa','[]',0,'2022-06-23 08:06:35','2022-06-23 08:06:35','2023-06-23 10:06:35'),('ab94419973969f3e986c784ff61a6ae13d912c03ffae54200c181479959171440c65506fb92b7a6d',73,1,'mazraa','[]',0,'2022-11-01 09:26:37','2022-11-01 09:26:37','2023-11-01 11:26:37'),('ac63b8e84ef3f091f4f8f4fa197469b7a9f3abd8a1b089d12b2c0b09adcba7a80065f36b087d809b',11,1,'mazraa','[]',0,'2022-06-23 08:01:42','2022-06-23 08:01:42','2023-06-23 10:01:42'),('ae2ba51e641e817c6cdee5c9e487500e18fabbbd900c2729af7683c09a23e609f7564179aa7ddbdf',71,1,'mazraa','[]',0,'2022-07-06 11:18:27','2022-07-06 11:18:27','2023-07-06 13:18:27'),('af4062d25f56d77176fe742e1db752be427bc43c5c74e39e4b3b9444b665a32fe143c2a469b5508b',9,1,'mazraa','[]',0,'2022-07-06 08:51:33','2022-07-06 08:51:33','2023-07-06 10:51:33'),('b066eaadde1521d31cc682c79e408f104187cefd123fc5e2b17a602692ab1230018d54393b62258e',73,1,'mazraa','[]',0,'2022-11-02 09:51:21','2022-11-02 09:51:21','2023-11-02 11:51:21'),('b14ad02331fdedcee3282c92d6f8487096272774042c0979a90d3c03116b3efd1c40c870cbd01c45',73,1,'mazraa','[]',0,'2022-09-28 08:58:45','2022-09-28 08:58:45','2023-09-28 10:58:45'),('b248b659639e91061bfa335192ebe479da9d57b34e61daa6f17dae20d89ed02d9728d81ea0b45003',81,1,'gold','[]',0,'2022-10-29 08:32:41','2022-10-29 08:32:41','2023-10-29 10:32:41'),('b573d65f6c4d83563b87a176f5bb74d3743b27b6f14bce449b53012a802dd950325d06ce4e245910',79,1,'gold','[]',0,'2022-10-29 07:27:11','2022-10-29 07:27:11','2023-10-29 09:27:11'),('b65012ab78117f099861c87999ead30118c00ea781182ed629c2ee232799b6fff7c31dcfae9b83e7',71,1,'mazraa','[]',0,'2022-07-06 11:21:12','2022-07-06 11:21:12','2023-07-06 13:21:12'),('ba2d03dfe0eedd9ce91cda2d334008a25dcd485f713fd421da1e9c7e6893cacc0ba3ea9f91bb46fa',73,1,'mazraa','[]',0,'2022-11-29 10:37:49','2022-11-29 10:37:49','2023-11-29 12:37:49'),('bac476380657dbb46523454aa70b573ee350b02951e5161ce6a57775056f115f29ced520c7579235',11,1,'mazraa','[]',0,'2022-06-23 08:07:23','2022-06-23 08:07:23','2023-06-23 10:07:23'),('bb99ba908dd2ef3682e9de5d0ea0c8b9a5a8c03bb45cea645862d284bfbbfee1469d3cf423788ae4',67,1,'mazraa','[]',0,'2022-07-04 17:23:29','2022-07-04 17:23:29','2023-07-04 19:23:29'),('bff14a892d2d5252d47c5f027d46893751f18aa121641a8c85f1d9ea1d81a972fadf34374c5bb75c',73,1,'mazraa','[]',0,'2022-11-17 16:58:37','2022-11-17 16:58:37','2023-11-17 18:58:37'),('c1af6ffc9cf5899344ffede1da64d2a02bc8634c4662e821b69bb8dab4d65e5217dd7a16579ebfe4',45,1,'mazraa','[]',0,'2022-06-23 09:54:03','2022-06-23 09:54:03','2023-06-23 11:54:03'),('c29a2fdf3669b565d06ee21c98fc33dbfb928ff2707d86ab7b3eea7763503636319bf1c4f745fd85',73,1,'mazraa','[]',0,'2022-09-28 09:16:33','2022-09-28 09:16:33','2023-09-28 11:16:33'),('c306b3ab9820786f4a45d721b60c793e1761decc466968e29163fd51fd9c33e7d5d5c06e0cb845fc',11,1,'mazraa','[]',0,'2022-06-23 08:08:28','2022-06-23 08:08:28','2023-06-23 10:08:28'),('c39dcd129536be45cf366e4462b403a8b9ce32976c1c2826c3c2f09971e18583c2db0799c853bc64',73,1,'mazraa','[]',0,'2022-09-28 09:11:06','2022-09-28 09:11:06','2023-09-28 11:11:06'),('c45345434033191329580dfbfecf1e536b5d9fbe7d6d6a7c581f2ac19ddd906d452ba8c504a43bb8',81,1,'gold','[]',0,'2022-10-29 08:32:12','2022-10-29 08:32:12','2023-10-29 10:32:12'),('c49540a4f24b3b10200845b90a864d946fb6be83ae4c17071450ed5f7f1071d428802b68a5ed7355',73,1,'mazraa','[]',0,'2022-11-29 11:17:43','2022-11-29 11:17:43','2023-11-29 13:17:43'),('c6203778f676e7fe8f869b36e44abc7742b8a4c902174318f91d8229b1444b21a64f5c294b8ede45',43,1,'mazraa','[]',0,'2022-06-23 09:32:02','2022-06-23 09:32:02','2023-06-23 11:32:02'),('c745ea2b478a8e6e1a3f4f98704588e62fc2c474bd85b657bf0fd0d0396a339c6bdd302fb43d9ffe',45,1,'mazraa','[]',0,'2022-06-23 09:53:38','2022-06-23 09:53:38','2023-06-23 11:53:38'),('c75d29ed3b0eba10a06d78863649ee94f563f6a0bf2f88c234e31de66aa2f6df149b66091348e035',80,1,'gold','[]',0,'2022-10-29 08:21:10','2022-10-29 08:21:10','2023-10-29 10:21:10'),('c94e0cda760f56009d930a67a211c2e6c541309bcac17c669cd9962df57b5935dc96679ceaab49a1',45,1,'mazraa','[]',0,'2022-06-23 10:19:13','2022-06-23 10:19:13','2023-06-23 12:19:13'),('c9b8739b8b5f3c69cc8fa9e95a94d585cbb349d22ffb7335711424bbe9156266c9010ebf84c50820',68,1,'mazraa','[]',0,'2022-07-05 10:29:38','2022-07-05 10:29:38','2023-07-05 12:29:38'),('cd64e651c08ff0c5a95506fd60375e345b0701d528b62d7a27154ffbbd6590481eb86933853f249b',45,1,'mazraa','[]',0,'2022-06-23 09:53:57','2022-06-23 09:53:57','2023-06-23 11:53:57'),('d396a7b8a3c43fee303f2b74dabbc735a606bfd4af45dbae24bed92e679249b441b285566acac7b8',69,1,'mazraa','[]',0,'2022-07-05 12:54:28','2022-07-05 12:54:28','2023-07-05 14:54:28'),('d4d76218b21ce411430759fb34ce4da25ff71f307fafc1ec4bdee918f6ca28d4b8d5919e0d15ca15',72,1,'mazraa','[]',0,'2022-09-24 08:51:59','2022-09-24 08:51:59','2023-09-24 10:51:59'),('d812332341ad6dc81303fead0a64f08310e604afceca6ac57773a1c2035015b18eaf1b96ebf81848',71,1,'mazraa','[]',0,'2022-07-06 11:15:59','2022-07-06 11:15:59','2023-07-06 13:15:59'),('d9ce270f5bf143663d61a6518cd9539046c26f6620a3aa4668129a023cdc4583cdcea94f582c8405',11,1,'mazraa','[]',0,'2022-06-23 08:09:16','2022-06-23 08:09:16','2023-06-23 10:09:16'),('d9daeefdd92b0a61d8f63f487cde78df3ac66b4616cb6a3cd32d1af03c214115724274f877a98362',73,1,'mazraa','[]',0,'2022-09-28 09:24:56','2022-09-28 09:24:56','2023-09-28 11:24:56'),('dc34256fe5a0a439db8d728d9c57d48f114509ac982141fdaa4567083cb56d3fc860ca6d599f09c5',73,1,'mazraa','[]',0,'2022-09-29 11:04:36','2022-09-29 11:04:36','2023-09-29 13:04:36'),('dc8768117c5ab1447884bf8ce98e01ea0813573fb55e76dae05eaff9d25f10caefb02bd6da3879cd',73,1,'mazraa','[]',0,'2022-10-01 07:41:20','2022-10-01 07:41:20','2023-10-01 09:41:20'),('dcc26ef7b6dd08734a2e1eb58b3f96241d0a5915e65d532efdf31df8668d3ad830c21f8f8e65ef57',79,1,'gold','[]',0,'2022-10-29 07:50:49','2022-10-29 07:50:49','2023-10-29 09:50:49'),('e1c69633ccc5b393d34bf613be8b82bafd923f98864f350ecca69d9ce9f3f5ca4369f68b5298932e',11,1,'mazraa','[]',0,'2022-06-23 08:03:49','2022-06-23 08:03:49','2023-06-23 10:03:49'),('e296aa8088924eed2fd7199d0f9ef336322b542a594c940811692e1db655fd48fc0e53b7dacf2d3b',73,1,'mazraa','[]',0,'2022-11-01 07:24:23','2022-11-01 07:24:23','2023-11-01 09:24:23'),('e323ea6ce0c789996e91d0b39f61a3591f8040fd9510768e68a83e86040984348442a42df047c3e9',11,1,'mazraa','[]',0,'2022-06-23 08:06:59','2022-06-23 08:06:59','2023-06-23 10:06:59'),('e46d7989bccd9f96ab410f92536d38738f995688e274ade2cff5193a0da265212771c443886d7eda',81,1,'gold','[]',0,'2022-10-29 08:50:07','2022-10-29 08:50:07','2023-10-29 10:50:07'),('e4b6820dadd332def4afb6dab79dfe284adfb47f6e1843090e696a52a28ac33588d3e133782bc780',73,1,'mazraa','[]',0,'2022-11-01 18:45:22','2022-11-01 18:45:22','2023-11-01 20:45:22'),('e529d6207dc548be2d9826efc94c8fef42fc6d93b1d5479543d0f54a04ac5cb7baa3ef58974d7fc2',43,1,'mazraa','[]',0,'2022-06-23 09:31:32','2022-06-23 09:31:32','2023-06-23 11:31:32'),('e54ddfff1688ce8bce303c9b75b9527e800e798f1b28a442bf74bd1f2faf32dca8775db6e7bc8c26',11,1,'mazraa','[]',0,'2022-06-23 08:02:49','2022-06-23 08:02:49','2023-06-23 10:02:49'),('e681093ff41aba08c04c36994f73e4381c074da2440cfdddcae28bd13a5cc805a018408d087c10af',9,1,'mazraa','[]',0,'2022-06-22 10:17:54','2022-06-22 10:17:54','2023-06-22 12:17:54'),('e6be750fa3896fdbb264773e389ed60eb8af1b5d31683d4d7ea18f93f20ceb55ff1ed4c089ec9b55',43,1,'mazraa','[]',0,'2022-06-23 09:50:56','2022-06-23 09:50:56','2023-06-23 11:50:56'),('e886fc503c555caa58d35bfe0f5927092f82104a7ffd9da9c8bb366402bcb056847f826ea8017a0a',44,1,'mazraa','[]',0,'2022-06-23 09:39:52','2022-06-23 09:39:52','2023-06-23 11:39:52'),('e9a0ad4ff61e8ef2e69d324865724ea8273f6a1416091d8ab4229422dd2aacb70cfee7962dc75e03',15,1,'mazraa','[]',0,'2022-06-23 08:14:41','2022-06-23 08:14:41','2023-06-23 10:14:41'),('e9bd7132cedc55e9c768a4e83f6ae88b29ed94ea14549c8e85cab7b41d7400c7ae94e311b124555a',73,1,'mazraa','[]',0,'2022-12-01 06:47:59','2022-12-01 06:47:59','2023-12-01 08:47:59'),('eb9b51402c35738b51892d30a6d8f3b086553bc26f3023fe1d452ae8882985c1d33c267a4d2b30c0',59,1,'mazraa','[]',0,'2022-06-27 07:58:28','2022-06-27 07:58:28','2023-06-27 09:58:28'),('eba79678bf6013d904fc46cc18c50522d553733079abf52711ffb716fee7b463e8e1b99f3cdd237a',11,1,'mazraa','[]',0,'2022-06-23 08:07:45','2022-06-23 08:07:45','2023-06-23 10:07:45'),('ec7b2d8e3fc7cea65ed5c403d89e11fe1e9778866a10237625f7478eb1a713354fbb75528c941e14',73,1,'mazraa','[]',0,'2022-10-01 15:53:14','2022-10-01 15:53:14','2023-10-01 17:53:14'),('f0f33ed03ac8b99e195c5dc8b014af222e6b03ea81dda424872808374c13fd139f87af3642877d10',9,1,'mazraa','[]',0,'2022-06-22 10:17:35','2022-06-22 10:17:35','2023-06-22 12:17:35'),('f13159781d519375c450b6ceb8f5d897bf3e904611fe6898618efa91863695737ebd51f83e4290bd',73,1,'mazraa','[]',0,'2022-09-29 05:44:59','2022-09-29 05:44:59','2023-09-29 07:44:59'),('f61c3f4b2425707e03e623992647b69a8dbc2a1aa23c29e15f7c2eb72c50592979f558a8c5ef6933',81,1,'gold','[]',0,'2022-10-30 08:04:54','2022-10-30 08:04:54','2023-10-30 10:04:54'),('f6428351e9b7ecfb7653245e36f3205631a64d2b8a59768865c2d885cfe427e447d91a809a7e2a53',71,1,'mazraa','[]',0,'2022-07-06 11:15:24','2022-07-06 11:15:24','2023-07-06 13:15:24'),('f6836a6ba1026909923019dd6cf36e2c214f0e61a19f0644d6023d3dc6b585d4193b157ee4f7cfcd',9,1,'mazraa','[]',0,'2022-10-01 08:15:48','2022-10-01 08:15:48','2023-10-01 10:15:48'),('f78a37d8dbe9d97b86926d468a4e6c9a41a163b8f78406372e6445092a7c589fce30981086712728',66,1,'mazraa','[]',0,'2022-07-03 10:43:49','2022-07-03 10:43:49','2023-07-03 12:43:49'),('f8ec4c9b8bbfd78ede685e057605340d9153970263d7b7f00c9ee5144e787c4acf8a007e94be9fa1',19,1,'mazraa','[]',0,'2022-06-23 08:25:52','2022-06-23 08:25:52','2023-06-23 10:25:52'),('f99ca1c83a6d8c0600e49a8d93f6b2b86ce5ce4743e1c4a4725678d86309bb455045de563c232212',73,1,'mazraa','[]',0,'2022-09-28 11:38:53','2022-09-28 11:38:53','2023-09-28 13:38:53'),('fbfb3b219cb472a775c711b0a845809c84c118fe7896db058c34582fda377441a4b15a9b90fec674',73,1,'mazraa','[]',0,'2022-10-25 19:02:54','2022-10-25 19:02:54','2023-10-25 21:02:54'),('fcb2a51eeb54991cd82e76b57dd200b1ee37ec5c22d9c883da8137df34a51a01544b3b7bd08c7d36',27,1,'mazraa','[]',0,'2022-06-23 08:41:40','2022-06-23 08:41:40','2023-06-23 10:41:40'),('ff3a2dac6d7d57efc124c4300bfbb0abcb93a429e822535531b0aef4e3ea4cab0d9941f220db4b60',71,1,'mazraa','[]',0,'2022-07-06 11:18:53','2022-07-06 11:18:53','2023-07-06 13:18:53'),('fff47bc64a4c08865be4963f84bb7c6d4e835056f7b98e5d6673fb511f4b2526e0822a26723c5edc',73,1,'mazraa','[]',0,'2022-10-01 17:10:06','2022-10-01 17:10:06','2023-10-01 19:10:06');

--
-- Table structure for table `oauth_auth_codes`
--

CREATE TABLE `oauth_auth_codes` (
  `id` varchar(100) CHARACTER SET utf8mb4 COLLATE utf8mb4_unicode_ci NOT NULL,
  `user_id` bigint unsigned NOT NULL,
  `client_id` bigint unsigned NOT NULL,
  `scopes` text CHARACTER SET utf8mb4 COLLATE utf8mb4_unicode_ci,
  `revoked` tinyint(1) NOT NULL,
  `expires_at` datetime DEFAULT NULL,
  PRIMARY KEY (`id`),
  KEY `oauth_auth_codes_user_id_index` (`user_id`)
) ENGINE=InnoDB DEFAULT CHARSET=utf8mb4 COLLATE=utf8mb4_unicode_ci;

--
-- Dumping data for table `oauth_auth_codes`
--


--
-- Table structure for table `oauth_clients`
--

CREATE TABLE `oauth_clients` (
  `id` bigint unsigned NOT NULL AUTO_INCREMENT,
  `user_id` bigint unsigned DEFAULT NULL,
  `name` varchar(255) CHARACTER SET utf8mb4 COLLATE utf8mb4_unicode_ci NOT NULL,
  `secret` varchar(100) CHARACTER SET utf8mb4 COLLATE utf8mb4_unicode_ci DEFAULT NULL,
  `provider` varchar(255) CHARACTER SET utf8mb4 COLLATE utf8mb4_unicode_ci DEFAULT NULL,
  `redirect` text CHARACTER SET utf8mb4 COLLATE utf8mb4_unicode_ci NOT NULL,
  `personal_access_client` tinyint(1) NOT NULL,
  `password_client` tinyint(1) NOT NULL,
  `revoked` tinyint(1) NOT NULL,
  `created_at` timestamp NULL DEFAULT NULL,
  `updated_at` timestamp NULL DEFAULT NULL,
  PRIMARY KEY (`id`),
  KEY `oauth_clients_user_id_index` (`user_id`)
) ENGINE=InnoDB AUTO_INCREMENT=3 DEFAULT CHARSET=utf8mb4 COLLATE=utf8mb4_unicode_ci;

--
-- Dumping data for table `oauth_clients`
--

INSERT INTO `oauth_clients` (`id`, `user_id`, `name`, `secret`, `provider`, `redirect`, `personal_access_client`, `password_client`, `revoked`, `created_at`, `updated_at`) VALUES (1,NULL,'Laravel Personal Access Client','M5hKJeOymQ5ybOqGLb1ZHeZwAvggkkcZi4jSuwrX',NULL,'http://localhost',1,0,0,'2022-06-22 10:12:48','2022-06-22 10:12:48'),(2,NULL,'Laravel Password Grant Client','oiElx9TLRlbGMJYB07DzGeD7GcN1SQMxbg24HbDa','users','http://localhost',0,1,0,'2022-06-22 10:12:48','2022-06-22 10:12:48');

--
-- Table structure for table `oauth_personal_access_clients`
--

CREATE TABLE `oauth_personal_access_clients` (
  `id` bigint unsigned NOT NULL AUTO_INCREMENT,
  `client_id` bigint unsigned NOT NULL,
  `created_at` timestamp NULL DEFAULT NULL,
  `updated_at` timestamp NULL DEFAULT NULL,
  PRIMARY KEY (`id`)
) ENGINE=InnoDB AUTO_INCREMENT=2 DEFAULT CHARSET=utf8mb4 COLLATE=utf8mb4_unicode_ci;

--
-- Dumping data for table `oauth_personal_access_clients`
--

INSERT INTO `oauth_personal_access_clients` (`id`, `client_id`, `created_at`, `updated_at`) VALUES (1,1,'2022-06-22 10:12:48','2022-06-22 10:12:48');

--
-- Table structure for table `oauth_refresh_tokens`
--

CREATE TABLE `oauth_refresh_tokens` (
  `id` varchar(100) CHARACTER SET utf8mb4 COLLATE utf8mb4_unicode_ci NOT NULL,
  `access_token_id` varchar(100) CHARACTER SET utf8mb4 COLLATE utf8mb4_unicode_ci NOT NULL,
  `revoked` tinyint(1) NOT NULL,
  `expires_at` datetime DEFAULT NULL,
  PRIMARY KEY (`id`),
  KEY `oauth_refresh_tokens_access_token_id_index` (`access_token_id`)
) ENGINE=InnoDB DEFAULT CHARSET=utf8mb4 COLLATE=utf8mb4_unicode_ci;

--
-- Dumping data for table `oauth_refresh_tokens`
--


--
-- Table structure for table `order_comments`
--

CREATE TABLE `order_comments` (
  `id` int unsigned NOT NULL AUTO_INCREMENT,
  `order_id` int unsigned NOT NULL,
  `rate` int NOT NULL DEFAULT '1',
  `comment` text CHARACTER SET utf8mb4 COLLATE utf8mb4_unicode_ci NOT NULL,
  `created_at` timestamp NULL DEFAULT NULL,
  `updated_at` timestamp NULL DEFAULT NULL,
  PRIMARY KEY (`id`),
  KEY `order_comments_order_id_foreign` (`order_id`),
  CONSTRAINT `order_comments_order_id_foreign` FOREIGN KEY (`order_id`) REFERENCES `orders` (`id`) ON DELETE CASCADE
) ENGINE=InnoDB DEFAULT CHARSET=utf8mb4 COLLATE=utf8mb4_unicode_ci;

--
-- Dumping data for table `order_comments`
--


--
-- Table structure for table `order_coupons`
--

CREATE TABLE `order_coupons` (
  `id` int unsigned NOT NULL AUTO_INCREMENT,
  `order_id` int unsigned NOT NULL,
  `price` double NOT NULL,
  `discountprice` double NOT NULL,
  `code` varchar(255) CHARACTER SET utf8mb4 COLLATE utf8mb4_unicode_ci NOT NULL,
  `value` varchar(255) CHARACTER SET utf8mb4 COLLATE utf8mb4_unicode_ci NOT NULL,
  `ids` varchar(255) CHARACTER SET utf8mb4 COLLATE utf8mb4_unicode_ci NOT NULL,
  `type` varchar(255) CHARACTER SET utf8mb4 COLLATE utf8mb4_unicode_ci NOT NULL,
  `coupons_id` int unsigned NOT NULL,
  `created_at` timestamp NULL DEFAULT NULL,
  `updated_at` timestamp NULL DEFAULT NULL,
  PRIMARY KEY (`id`),
  KEY `order_coupons_order_id_foreign` (`order_id`),
  KEY `order_coupons_coupons_id_foreign` (`coupons_id`),
  CONSTRAINT `order_coupons_coupons_id_foreign` FOREIGN KEY (`coupons_id`) REFERENCES `coupons` (`id`) ON DELETE CASCADE,
  CONSTRAINT `order_coupons_order_id_foreign` FOREIGN KEY (`order_id`) REFERENCES `orders` (`id`) ON DELETE CASCADE
) ENGINE=InnoDB DEFAULT CHARSET=utf8mb4 COLLATE=utf8mb4_unicode_ci;

--
-- Dumping data for table `order_coupons`
--


--
-- Table structure for table `order_options`
--

CREATE TABLE `order_options` (
  `id` int unsigned NOT NULL AUTO_INCREMENT,
  `order_id` int unsigned DEFAULT NULL,
  `product_order_id` int unsigned DEFAULT NULL,
  `Logo` varchar(255) CHARACTER SET utf8mb4 COLLATE utf8mb4_unicode_ci DEFAULT NULL,
  `Logo_frontName` varchar(255) CHARACTER SET utf8mb4 COLLATE utf8mb4_unicode_ci DEFAULT NULL,
  `Logo_backName` varchar(255) CHARACTER SET utf8mb4 COLLATE utf8mb4_unicode_ci DEFAULT NULL,
  `font_image` varchar(255) CHARACTER SET utf8mb4 COLLATE utf8mb4_unicode_ci DEFAULT NULL,
  `font_image_frontName` varchar(255) CHARACTER SET utf8mb4 COLLATE utf8mb4_unicode_ci DEFAULT NULL,
  `font_image_backName` varchar(255) CHARACTER SET utf8mb4 COLLATE utf8mb4_unicode_ci DEFAULT NULL,
  `created_at` timestamp NULL DEFAULT NULL,
  `updated_at` timestamp NULL DEFAULT NULL,
  `Logo_second` varchar(191) CHARACTER SET utf8mb4 COLLATE utf8mb4_unicode_ci DEFAULT NULL,
  `Logo_frontName_second` varchar(191) CHARACTER SET utf8mb4 COLLATE utf8mb4_unicode_ci DEFAULT NULL,
  `Logo_backName_second` varchar(191) CHARACTER SET utf8mb4 COLLATE utf8mb4_unicode_ci DEFAULT NULL,
  `font_image_second` varchar(191) CHARACTER SET utf8mb4 COLLATE utf8mb4_unicode_ci DEFAULT NULL,
  `font_image_frontName_second` varchar(191) CHARACTER SET utf8mb4 COLLATE utf8mb4_unicode_ci DEFAULT NULL,
  `font_image_backName_second` varchar(191) CHARACTER SET utf8mb4 COLLATE utf8mb4_unicode_ci DEFAULT NULL,
  PRIMARY KEY (`id`),
  KEY `order_options_order_id_foreign` (`order_id`),
  KEY `order_options_product_order_id_foreign` (`product_order_id`),
  CONSTRAINT `order_options_order_id_foreign` FOREIGN KEY (`order_id`) REFERENCES `orders` (`id`) ON DELETE CASCADE,
  CONSTRAINT `order_options_product_order_id_foreign` FOREIGN KEY (`product_order_id`) REFERENCES `product_orders` (`id`) ON DELETE CASCADE
) ENGINE=InnoDB DEFAULT CHARSET=utf8mb4 COLLATE=utf8mb4_unicode_ci;

--
-- Dumping data for table `order_options`
--


--
-- Table structure for table `order_product_features`
--

CREATE TABLE `order_product_features` (
  `id` bigint unsigned NOT NULL AUTO_INCREMENT,
  `order_product_id` int unsigned NOT NULL,
  `feature_id` int unsigned NOT NULL,
  `option_id` int unsigned NOT NULL,
  `product_id` int unsigned DEFAULT NULL,
  `title` varchar(255) CHARACTER SET utf8mb4 COLLATE utf8mb4_unicode_ci NOT NULL,
  `price` double(8,2) DEFAULT NULL,
  `count` int DEFAULT NULL,
  `created_at` timestamp NULL DEFAULT NULL,
  `updated_at` timestamp NULL DEFAULT NULL,
  PRIMARY KEY (`id`),
  KEY `order_product_features_order_product_id_foreign` (`order_product_id`),
  KEY `order_product_features_feature_id_foreign` (`feature_id`),
  KEY `order_product_features_option_id_foreign` (`option_id`),
  KEY `order_product_features_product_id_foreign` (`product_id`),
  CONSTRAINT `order_product_features_feature_id_foreign` FOREIGN KEY (`feature_id`) REFERENCES `features` (`id`) ON DELETE CASCADE,
  CONSTRAINT `order_product_features_option_id_foreign` FOREIGN KEY (`option_id`) REFERENCES `feature_options` (`id`) ON DELETE CASCADE,
  CONSTRAINT `order_product_features_order_product_id_foreign` FOREIGN KEY (`order_product_id`) REFERENCES `product_orders` (`id`) ON DELETE CASCADE,
  CONSTRAINT `order_product_features_product_id_foreign` FOREIGN KEY (`product_id`) REFERENCES `products` (`id`) ON DELETE CASCADE
) ENGINE=InnoDB AUTO_INCREMENT=12 DEFAULT CHARSET=utf8mb4 COLLATE=utf8mb4_unicode_ci;

--
-- Dumping data for table `order_product_features`
--

INSERT INTO `order_product_features` (`id`, `order_product_id`, `feature_id`, `option_id`, `product_id`, `title`, `price`, `count`, `created_at`, `updated_at`) VALUES (1,2,14,24,16,'اخضر',NULL,NULL,'2022-12-17 20:42:45','2022-12-17 20:42:45'),(2,3,14,23,16,'اصفر',NULL,NULL,'2022-12-17 20:44:40','2022-12-17 20:44:40'),(3,3,15,27,16,'xxxl',NULL,NULL,'2022-12-17 20:44:40','2022-12-17 20:44:40'),(4,4,16,29,17,'ميديم',NULL,NULL,'2022-12-19 12:33:55','2022-12-19 12:33:55'),(5,4,17,37,17,'52',NULL,NULL,'2022-12-19 12:33:55','2022-12-19 12:33:55'),(6,5,17,34,17,'50',NULL,NULL,'2023-01-07 16:06:51','2023-01-07 16:06:51'),(7,5,16,30,17,'لارج',NULL,NULL,'2023-01-07 16:06:51','2023-01-07 16:06:51'),(10,7,20,41,19,'S',NULL,NULL,'2023-02-03 07:23:04','2023-02-03 07:23:04'),(11,7,22,145,19,'54',NULL,NULL,'2023-02-03 07:23:04','2023-02-03 07:23:04');

--
-- Table structure for table `order_shippings`
--

CREATE TABLE `order_shippings` (
  `id` int unsigned NOT NULL AUTO_INCREMENT,
  `order_id` int unsigned NOT NULL,
  `government_id` int unsigned DEFAULT NULL,
  `region_id` int unsigned DEFAULT NULL,
  `block` varchar(255) CHARACTER SET utf8mb4 COLLATE utf8mb4_unicode_ci DEFAULT NULL,
  `gada` varchar(255) CHARACTER SET utf8mb4 COLLATE utf8mb4_unicode_ci DEFAULT NULL,
  `jada` varchar(255) CHARACTER SET utf8mb4 COLLATE utf8mb4_unicode_ci DEFAULT NULL,
  `building` varchar(255) CHARACTER SET utf8mb4 COLLATE utf8mb4_unicode_ci DEFAULT NULL,
  `floor` varchar(255) CHARACTER SET utf8mb4 COLLATE utf8mb4_unicode_ci DEFAULT NULL,
  `room_number` varchar(255) CHARACTER SET utf8mb4 COLLATE utf8mb4_unicode_ci DEFAULT NULL,
  `created_at` timestamp NULL DEFAULT NULL,
  `updated_at` timestamp NULL DEFAULT NULL,
  `lat` varchar(191) CHARACTER SET utf8mb4 COLLATE utf8mb4_unicode_ci DEFAULT NULL,
  `long` varchar(191) CHARACTER SET utf8mb4 COLLATE utf8mb4_unicode_ci DEFAULT NULL,
  `user_mobile` varchar(191) CHARACTER SET utf8mb4 COLLATE utf8mb4_unicode_ci DEFAULT NULL,
  PRIMARY KEY (`id`),
  KEY `order_shippings_order_id_foreign` (`order_id`),
  KEY `order_shippings_government_id_foreign` (`government_id`),
  KEY `order_shippings_region_id_foreign` (`region_id`),
  CONSTRAINT `order_shippings_government_id_foreign` FOREIGN KEY (`government_id`) REFERENCES `governments` (`id`) ON DELETE CASCADE,
  CONSTRAINT `order_shippings_order_id_foreign` FOREIGN KEY (`order_id`) REFERENCES `orders` (`id`) ON DELETE CASCADE,
  CONSTRAINT `order_shippings_region_id_foreign` FOREIGN KEY (`region_id`) REFERENCES `regions` (`id`) ON DELETE CASCADE
) ENGINE=InnoDB AUTO_INCREMENT=4 DEFAULT CHARSET=utf8mb4 COLLATE=utf8mb4_unicode_ci;

--
-- Dumping data for table `order_shippings`
--

INSERT INTO `order_shippings` (`id`, `order_id`, `government_id`, `region_id`, `block`, `gada`, `jada`, `building`, `floor`, `room_number`, `created_at`, `updated_at`, `lat`, `long`, `user_mobile`) VALUES (1,1,1,1,'4533','345',NULL,'4543','4353',NULL,NULL,NULL,NULL,NULL,NULL),(2,3,1,1,'4533','345',NULL,'4543','4353',NULL,NULL,NULL,NULL,NULL,NULL),(3,8,1,1,'55','fake',NULL,'_','_',NULL,NULL,NULL,NULL,NULL,NULL);

--
-- Table structure for table `orders`
--

CREATE TABLE `orders` (
  `id` int unsigned NOT NULL AUTO_INCREMENT,
  `order_number` varchar(255) CHARACTER SET utf8mb4 COLLATE utf8mb4_unicode_ci NOT NULL,
  `total_price` double(8,2) DEFAULT NULL,
  `user_id` int unsigned DEFAULT NULL,
  `incart` tinyint(1) NOT NULL DEFAULT '1',
  `mac_address` varchar(255) CHARACTER SET utf8mb4 COLLATE utf8mb4_unicode_ci DEFAULT NULL,
  `price_ship` double(8,2) DEFAULT NULL,
  `shipping_Type` varchar(255) CHARACTER SET utf8mb4 COLLATE utf8mb4_unicode_ci DEFAULT NULL,
  `delivery_time` varchar(255) CHARACTER SET utf8mb4 COLLATE utf8mb4_unicode_ci DEFAULT NULL,
  `order_done_date` varchar(255) CHARACTER SET utf8mb4 COLLATE utf8mb4_unicode_ci DEFAULT NULL,
  `status` enum('wait','refused','accepted','shipped','complete') CHARACTER SET utf8mb4 COLLATE utf8mb4_unicode_ci NOT NULL,
  `payment_method` int unsigned DEFAULT NULL,
  `payment_status` enum('paid','unPaid') CHARACTER SET utf8mb4 COLLATE utf8mb4_unicode_ci NOT NULL,
  `deleted_at` timestamp NULL DEFAULT NULL,
  `created_at` timestamp NULL DEFAULT NULL,
  `updated_at` timestamp NULL DEFAULT NULL,
  `delivery_date_time` varchar(255) CHARACTER SET utf8mb4 COLLATE utf8mb4_unicode_ci DEFAULT NULL,
  `payment_id` int DEFAULT NULL,
  `nameOfCart` varchar(191) CHARACTER SET utf8mb4 COLLATE utf8mb4_unicode_ci DEFAULT NULL,
  `country_id` int NOT NULL DEFAULT '1',
  `country_code` varchar(111) CHARACTER SET utf8mb4 COLLATE utf8mb4_unicode_ci NOT NULL DEFAULT 'KWD',
  PRIMARY KEY (`id`),
  KEY `orders_user_id_foreign` (`user_id`),
  KEY `orders_payment_method_foreign` (`payment_method`),
  CONSTRAINT `orders_payment_method_foreign` FOREIGN KEY (`payment_method`) REFERENCES `payment_methods` (`id`) ON DELETE CASCADE,
  CONSTRAINT `orders_user_id_foreign` FOREIGN KEY (`user_id`) REFERENCES `users` (`id`) ON DELETE CASCADE
) ENGINE=InnoDB AUTO_INCREMENT=9 DEFAULT CHARSET=utf8mb4 COLLATE=utf8mb4_unicode_ci;

--
-- Dumping data for table `orders`
--

INSERT INTO `orders` (`id`, `order_number`, `total_price`, `user_id`, `incart`, `mac_address`, `price_ship`, `shipping_Type`, `delivery_time`, `order_done_date`, `status`, `payment_method`, `payment_status`, `deleted_at`, `created_at`, `updated_at`, `delivery_date_time`, `payment_id`, `nameOfCart`, `country_id`, `country_code`) VALUES (1,'56976',18.00,NULL,0,'0EA9CCA4-A907-45DB-B244-44BF371CD557',0.00,'','2022-12-18','2022-12-17 22:40:06','complete',1,'unPaid',NULL,'2022-12-17 20:38:29','2022-12-17 20:48:03','02:37 PM : 01:37 AM',NULL,NULL,1,'KWD'),(2,'42935',NULL,NULL,1,'0EA9CCA4-A907-45DB-B244-44BF371CD557',NULL,'',NULL,NULL,'wait',NULL,'paid','2022-12-17 20:44:31','2022-12-17 20:42:45','2022-12-17 20:44:31',NULL,NULL,NULL,1,'KWD'),(3,'37689',18.00,NULL,0,'0EA9CCA4-A907-45DB-B244-44BF371CD557',0.00,'','null','2022-12-17 22:45:01','complete',1,'unPaid',NULL,'2022-12-17 20:44:40','2022-12-17 20:47:44','null : null',NULL,NULL,1,'KWD'),(4,'29883',NULL,NULL,1,'50D8DE80-093D-4940-8568-51C18D2E1910',NULL,'',NULL,NULL,'wait',NULL,'paid','2023-02-03 07:22:54','2022-12-19 12:33:55','2023-02-03 07:22:54',NULL,NULL,NULL,1,'KWD'),(5,'23665',NULL,NULL,1,'F022DBDF-D4BB-4E96-8CF4-49B0D1871A56',NULL,'',NULL,NULL,'wait',NULL,'paid','2023-02-07 19:32:51','2023-01-07 16:06:51','2023-02-07 19:32:51',NULL,NULL,NULL,1,'KWD'),(6,'59300',NULL,NULL,1,'50D8DE80-093D-4940-8568-51C18D2E1910',NULL,'',NULL,NULL,'wait',NULL,'paid',NULL,'2023-02-03 07:23:04','2023-02-03 07:23:04',NULL,NULL,NULL,1,'KWD'),(7,'48386',NULL,NULL,1,'0A05519C-F2C3-46CF-85C2-8822068F6895',NULL,'',NULL,NULL,'wait',NULL,'paid',NULL,'2023-03-06 21:12:07','2023-03-06 21:12:07',NULL,NULL,NULL,1,'KWD'),(8,'16791',3.00,NULL,0,'48CE8401-B83F-4F2D-A855-CCABC0B1BA2F',0.00,'','null','2023-03-07 08:33:55','wait',1,'unPaid',NULL,'2023-03-07 06:32:53','2023-03-07 06:33:55','null : null',NULL,NULL,1,'KWD');

--
-- Table structure for table `page_translations`
--

CREATE TABLE `page_translations` (
  `id` int unsigned NOT NULL AUTO_INCREMENT,
  `page_id` int unsigned NOT NULL,
  `title` varchar(255) CHARACTER SET utf8mb4 COLLATE utf8mb4_unicode_ci NOT NULL,
  `locale` varchar(255) CHARACTER SET utf8mb4 COLLATE utf8mb4_unicode_ci NOT NULL,
  `content` text CHARACTER SET utf8mb4 COLLATE utf8mb4_unicode_ci,
  `created_at` timestamp NULL DEFAULT NULL,
  `updated_at` timestamp NULL DEFAULT NULL,
  PRIMARY KEY (`id`),
  UNIQUE KEY `page_translations_page_id_locale_unique` (`page_id`,`locale`),
  KEY `page_translations_locale_index` (`locale`),
  CONSTRAINT `page_translations_page_id_foreign` FOREIGN KEY (`page_id`) REFERENCES `pages` (`id`) ON DELETE CASCADE
) ENGINE=InnoDB AUTO_INCREMENT=7 DEFAULT CHARSET=utf8mb4 COLLATE=utf8mb4_unicode_ci;

--
-- Dumping data for table `page_translations`
--

INSERT INTO `page_translations` (`id`, `page_id`, `title`, `locale`, `content`, `created_at`, `updated_at`) VALUES (1,1,'من نحن','ar','<p>نحن شركة تصميم مواقع إستثنائية يقع مقرنا الرئيسي بالمملكة العربية السعودية بالعاصمة (الرياض)، وتم تأسيس الشركة عام 2007، ومنذ ذلك الحين ونحن نعمل على خلق حلول تصميمة وتسويقية مبتكرة تساعد نشاطك التجاري على النجاح وتحقيق المزيد من المبيعات والربح، إننا نتميز بتقديم كافة خدمات تصميم مواقع الإنترنت وتطويرها بأفكار مبتكرة تضمن نجاح شركتك، أن نهدف إلى تقديم باقات شاملة بأسعار تناسب الجميع.</p>\r\n\r\n<p>نحن شركة تصميم مواقع إستثنائية يقع مقرنا الرئيسي بالمملكة العربية السعودية بالعاصمة (الرياض)، وتم تأسيس الشركة عام 2007، ومنذ ذلك الحين ونحن نعمل على خلق حلول تصميمة وتسويقية مبتكرة تساعد نشاطك التجاري على النجاح وتحقيق المزيد من المبيعات والربح، إننا نتميز بتقديم كافة خدمات تصميم مواقع الإنترنت وتطويرها بأفكار مبتكرة تضمن نجاح شركتك، أن نهدف إلى تقديم باقات شاملة بأسعار تناسب الجميع.</p>\r\n\r\n<p>نحن شركة تصميم مواقع إستثنائية يقع مقرنا الرئيسي بالمملكة العربية السعودية بالعاصمة (الرياض)، وتم تأسيس الشركة عام 2007، ومنذ ذلك الحين ونحن نعمل على خلق حلول تصميمة وتسويقية مبتكرة تساعد نشاطك التجاري على النجاح وتحقيق المزيد من المبيعات والربح، إننا نتميز بتقديم كافة خدمات تصميم مواقع الإنترنت وتطويرها بأفكار مبتكرة تضمن نجاح شركتك، أن نهدف إلى تقديم باقات شاملة بأسعار تناسب الجميع.</p>\r\n\r\n<p>نحن شركة تصميم مواقع إستثنائية يقع مقرنا الرئيسي بالمملكة العربية السعودية بالعاصمة (الرياض)، وتم تأسيس الشركة عام 2007، ومنذ ذلك الحين ونحن نعمل على خلق حلول تصميمة وتسويقية مبتكرة تساعد نشاطك التجاري على النجاح وتحقيق المزيد من المبيعات والربح، إننا نتميز بتقديم كافة خدمات تصميم مواقع الإنترنت وتطويرها بأفكار مبتكرة تضمن نجاح شركتك، أن نهدف إلى تقديم باقات شاملة بأسعار تناسب الجميع.</p>\r\n\r\n<p>نحن شركة تصميم مواقع إستثنائية يقع مقرنا الرئيسي بالمملكة العربية السعودية بالعاصمة (الرياض)، وتم تأسيس الشركة عام 2007، ومنذ ذلك الحين ونحن نعمل على خلق حلول تصميمة وتسويقية مبتكرة تساعد نشاطك التجاري على النجاح وتحقيق المزيد من المبيعات والربح، إننا نتميز بتقديم كافة خدمات تصميم مواقع الإنترنت وتطويرها بأفكار مبتكرة تضمن نجاح شركتك، أن نهدف إلى تقديم باقات شاملة بأسعار تناسب الجميع.</p>\r\n\r\n<p>نحن شركة تصميم مواقع إستثنائية يقع مقرنا الرئيسي بالمملكة العربية السعودية بالعاصمة (الرياض)، وتم تأسيس الشركة عام 2007، ومنذ ذلك الحين ونحن نعمل على خلق حلول تصميمة وتسويقية مبتكرة تساعد نشاطك التجاري على النجاح وتحقيق المزيد من المبيعات والربح، إننا نتميز بتقديم كافة خدمات تصميم مواقع الإنترنت وتطويرها بأفكار مبتكرة تضمن نجاح شركتك، أن نهدف إلى تقديم باقات شاملة بأسعار تناسب الجميع.</p>',NULL,NULL),(2,1,'who are we','en','<p>نحن شركة تصميم مواقع إستثنائية يقع مقرنا الرئيسي بالمملكة العربية السعودية بالعاصمة (الرياض)، وتم تأسيس الشركة عام 2007، ومنذ ذلك الحين ونحن نعمل على خلق حلول تصميمة وتسويقية مبتكرة تساعد نشاطك التجاري على النجاح وتحقيق المزيد من المبيعات والربح، إننا نتميز بتقديم كافة خدمات تصميم مواقع الإنترنت وتطويرها بأفكار مبتكرة تضمن نجاح شركتك، أن نهدف إلى تقديم باقات شاملة بأسعار تناسب الجميع.</p>\r\n\r\n<p>نحن شركة تصميم مواقع إستثنائية يقع مقرنا الرئيسي بالمملكة العربية السعودية بالعاصمة (الرياض)، وتم تأسيس الشركة عام 2007، ومنذ ذلك الحين ونحن نعمل على خلق حلول تصميمة وتسويقية مبتكرة تساعد نشاطك التجاري على النجاح وتحقيق المزيد من المبيعات والربح، إننا نتميز بتقديم كافة خدمات تصميم مواقع الإنترنت وتطويرها بأفكار مبتكرة تضمن نجاح شركتك، أن نهدف إلى تقديم باقات شاملة بأسعار تناسب الجميع.</p>\r\n\r\n<p>نحن شركة تصميم مواقع إستثنائية يقع مقرنا الرئيسي بالمملكة العربية السعودية بالعاصمة (الرياض)، وتم تأسيس الشركة عام 2007، ومنذ ذلك الحين ونحن نعمل على خلق حلول تصميمة وتسويقية مبتكرة تساعد نشاطك التجاري على النجاح وتحقيق المزيد من المبيعات والربح، إننا نتميز بتقديم كافة خدمات تصميم مواقع الإنترنت وتطويرها بأفكار مبتكرة تضمن نجاح شركتك، أن نهدف إلى تقديم باقات شاملة بأسعار تناسب الجميع.</p>',NULL,NULL),(3,2,'سياسة البيع','ar','<p>سياسة البيع&nbsp;</p>',NULL,NULL),(4,2,'sale policy','en','<p>sale policy</p>',NULL,NULL),(5,3,'الشروط والاحكام','ar','<p>الشروط والاحكام</p>',NULL,NULL),(6,3,'Terms and Conditions','en','<p>Terms and Conditions</p>',NULL,NULL);

--
-- Table structure for table `pages`
--

CREATE TABLE `pages` (
  `id` int unsigned NOT NULL AUTO_INCREMENT,
  `created_at` timestamp NULL DEFAULT NULL,
  `updated_at` timestamp NULL DEFAULT NULL,
  `image` varchar(191) CHARACTER SET utf8mb4 COLLATE utf8mb4_unicode_ci DEFAULT NULL,
  PRIMARY KEY (`id`)
) ENGINE=InnoDB AUTO_INCREMENT=4 DEFAULT CHARSET=utf8mb4 COLLATE=utf8mb4_unicode_ci;

--
-- Dumping data for table `pages`
--

INSERT INTO `pages` (`id`, `created_at`, `updated_at`, `image`) VALUES (1,'2022-06-28 09:49:28','2022-06-29 05:53:36','2022-06-29-farm.docx'),(2,'2022-11-03 11:42:33','2022-11-03 11:42:33',NULL),(3,'2022-11-03 11:43:26','2022-11-03 11:43:26',NULL);

--
-- Table structure for table `password_resets`
--

CREATE TABLE `password_resets` (
  `email` varchar(255) CHARACTER SET utf8mb4 COLLATE utf8mb4_unicode_ci NOT NULL,
  `token` varchar(255) CHARACTER SET utf8mb4 COLLATE utf8mb4_unicode_ci NOT NULL,
  `created_at` timestamp NULL DEFAULT NULL,
  KEY `password_resets_email_index` (`email`)
) ENGINE=InnoDB DEFAULT CHARSET=utf8mb4 COLLATE=utf8mb4_unicode_ci;

--
-- Dumping data for table `password_resets`
--


--
-- Table structure for table `payment_method_translations`
--

CREATE TABLE `payment_method_translations` (
  `id` int unsigned NOT NULL AUTO_INCREMENT,
  `payment_method_id` int unsigned NOT NULL,
  `title` varchar(255) CHARACTER SET utf8mb4 COLLATE utf8mb4_unicode_ci DEFAULT NULL,
  `locale` varchar(255) CHARACTER SET utf8mb4 COLLATE utf8mb4_unicode_ci NOT NULL,
  `created_at` timestamp NULL DEFAULT NULL,
  `updated_at` timestamp NULL DEFAULT NULL,
  PRIMARY KEY (`id`),
  UNIQUE KEY `payment_method_translations_payment_method_id_locale_unique` (`payment_method_id`,`locale`),
  CONSTRAINT `payment_method_translations_payment_method_id_foreign` FOREIGN KEY (`payment_method_id`) REFERENCES `payment_methods` (`id`) ON DELETE CASCADE
) ENGINE=InnoDB AUTO_INCREMENT=5 DEFAULT CHARSET=utf8mb4 COLLATE=utf8mb4_unicode_ci;

--
-- Dumping data for table `payment_method_translations`
--

INSERT INTO `payment_method_translations` (`id`, `payment_method_id`, `title`, `locale`, `created_at`, `updated_at`) VALUES (1,1,'الدفع عند الاستلام','ar',NULL,NULL),(2,1,'الدفع عند الاستلام','en',NULL,NULL),(3,2,'كي نت','ar',NULL,NULL),(4,2,'كي نت','en',NULL,NULL);

--
-- Table structure for table `payment_methods`
--

CREATE TABLE `payment_methods` (
  `id` int unsigned NOT NULL AUTO_INCREMENT,
  `image` varchar(255) CHARACTER SET utf8mb4 COLLATE utf8mb4_unicode_ci DEFAULT NULL,
  `type` int NOT NULL DEFAULT '0',
  `status` int NOT NULL DEFAULT '0',
  `created_at` timestamp NULL DEFAULT NULL,
  `updated_at` timestamp NULL DEFAULT NULL,
  PRIMARY KEY (`id`)
) ENGINE=InnoDB AUTO_INCREMENT=3 DEFAULT CHARSET=utf8mb4 COLLATE=utf8mb4_unicode_ci;

--
-- Dumping data for table `payment_methods`
--

INSERT INTO `payment_methods` (`id`, `image`, `type`, `status`, `created_at`, `updated_at`) VALUES (1,'2022-07-02-payment.png',0,1,'2022-06-22 10:19:52','2022-12-17 20:36:06'),(2,'2022-07-02-drd_QbKb_400x400.jpg',1,1,'2022-06-22 10:20:09','2022-12-17 20:36:13');

--
-- Table structure for table `permission_role`
--

CREATE TABLE `permission_role` (
  `permission_id` bigint unsigned NOT NULL,
  `role_id` bigint unsigned NOT NULL,
  PRIMARY KEY (`permission_id`,`role_id`),
  KEY `permission_role_role_id_foreign` (`role_id`),
  CONSTRAINT `permission_role_permission_id_foreign` FOREIGN KEY (`permission_id`) REFERENCES `permissions` (`id`) ON DELETE CASCADE ON UPDATE CASCADE,
  CONSTRAINT `permission_role_role_id_foreign` FOREIGN KEY (`role_id`) REFERENCES `roles` (`id`) ON DELETE CASCADE ON UPDATE CASCADE
) ENGINE=InnoDB DEFAULT CHARSET=utf8mb4 COLLATE=utf8mb4_unicode_ci;

--
-- Dumping data for table `permission_role`
--

INSERT INTO `permission_role` (`permission_id`, `role_id`) VALUES (1,1),(2,1),(3,1),(4,1),(5,1),(6,1),(7,1),(8,1),(9,1),(10,1),(11,1),(12,1),(13,1),(14,1),(15,1),(16,1),(17,1),(18,1),(19,1),(20,1),(21,1),(22,1),(23,1),(24,1),(25,1),(26,1),(27,1),(28,1),(29,1),(30,1),(31,1),(32,1),(33,1),(34,1),(35,1),(36,1),(37,1),(38,1),(39,1),(40,1),(41,1),(42,1),(43,1),(44,1),(45,1),(46,1),(47,1),(48,1),(49,1),(50,1),(51,1),(52,1),(53,1),(54,1),(55,1),(56,1),(57,1),(58,1),(59,1),(60,1),(61,1),(62,1),(63,1),(64,1),(21,4),(22,4),(23,4),(24,4),(25,4),(26,4),(27,4),(28,4),(37,4),(38,4),(39,4),(40,4),(42,4),(62,4),(63,4),(38,5);

--
-- Table structure for table `permission_user`
--

CREATE TABLE `permission_user` (
  `permission_id` bigint unsigned NOT NULL,
  `user_id` bigint unsigned NOT NULL,
  `user_type` varchar(255) CHARACTER SET utf8mb4 COLLATE utf8mb4_unicode_ci NOT NULL,
  PRIMARY KEY (`user_id`,`permission_id`,`user_type`),
  KEY `permission_user_permission_id_foreign` (`permission_id`),
  CONSTRAINT `permission_user_permission_id_foreign` FOREIGN KEY (`permission_id`) REFERENCES `permissions` (`id`) ON DELETE CASCADE ON UPDATE CASCADE
) ENGINE=InnoDB DEFAULT CHARSET=utf8mb4 COLLATE=utf8mb4_unicode_ci;

--
-- Dumping data for table `permission_user`
--


--
-- Table structure for table `permissions`
--

CREATE TABLE `permissions` (
  `id` bigint unsigned NOT NULL AUTO_INCREMENT,
  `name` varchar(255) CHARACTER SET utf8mb4 COLLATE utf8mb4_unicode_ci NOT NULL,
  `display_name` varchar(255) CHARACTER SET utf8mb4 COLLATE utf8mb4_unicode_ci DEFAULT NULL,
  `description` varchar(255) CHARACTER SET utf8mb4 COLLATE utf8mb4_unicode_ci DEFAULT NULL,
  `created_at` timestamp NULL DEFAULT NULL,
  `updated_at` timestamp NULL DEFAULT NULL,
  PRIMARY KEY (`id`),
  UNIQUE KEY `permissions_name_unique` (`name`)
) ENGINE=InnoDB AUTO_INCREMENT=65 DEFAULT CHARSET=utf8mb4 COLLATE=utf8mb4_unicode_ci;

--
-- Dumping data for table `permissions`
--

INSERT INTO `permissions` (`id`, `name`, `display_name`, `description`, `created_at`, `updated_at`) VALUES (1,'create_users','Create Users','Create Users','2022-06-21 09:32:18','2022-06-21 09:32:18'),(2,'read_users','Read Users','Read Users','2022-06-21 09:32:18','2022-06-21 09:32:18'),(3,'update_users','Update Users','Update Users','2022-06-21 09:32:18','2022-06-21 09:32:18'),(4,'delete_users','Delete Users','Delete Users','2022-06-21 09:32:18','2022-06-21 09:32:18'),(5,'create_roles','Create Roles','Create Roles','2022-06-21 09:32:18','2022-06-21 09:32:18'),(6,'read_roles','Read Roles','Read Roles','2022-06-21 09:32:18','2022-06-21 09:32:18'),(7,'update_roles','Update Roles','Update Roles','2022-06-21 09:32:18','2022-06-21 09:32:18'),(8,'delete_roles','Delete Roles','Delete Roles','2022-06-21 09:32:18','2022-06-21 09:32:18'),(9,'create_notifications','Create Notifications','Create Notifications','2022-06-21 09:32:18','2022-06-21 09:32:18'),(10,'read_notifications','Read Notifications','Read Notifications','2022-06-21 09:32:18','2022-06-21 09:32:18'),(11,'update_notifications','Update Notifications','Update Notifications','2022-06-21 09:32:18','2022-06-21 09:32:18'),(12,'delete_notifications','Delete Notifications','Delete Notifications','2022-06-21 09:32:18','2022-06-21 09:32:18'),(13,'create_sliders','Create Sliders','Create Sliders','2022-06-21 09:32:18','2022-06-21 09:32:18'),(14,'read_sliders','Read Sliders','Read Sliders','2022-06-21 09:32:18','2022-06-21 09:32:18'),(15,'update_sliders','Update Sliders','Update Sliders','2022-06-21 09:32:18','2022-06-21 09:32:18'),(16,'delete_sliders','Delete Sliders','Delete Sliders','2022-06-21 09:32:18','2022-06-21 09:32:18'),(17,'create_settings','Create Settings','Create Settings','2022-06-21 09:32:18','2022-06-21 09:32:18'),(18,'read_settings','Read Settings','Read Settings','2022-06-21 09:32:18','2022-06-21 09:32:18'),(19,'update_settings','Update Settings','Update Settings','2022-06-21 09:32:18','2022-06-21 09:32:18'),(20,'delete_settings','Delete Settings','Delete Settings','2022-06-21 09:32:18','2022-06-21 09:32:18'),(21,'create_categories','Create Categories','Create Categories','2022-06-21 09:32:18','2022-06-21 09:32:18'),(22,'read_categories','Read Categories','Read Categories','2022-06-21 09:32:18','2022-06-21 09:32:18'),(23,'update_categories','Update Categories','Update Categories','2022-06-21 09:32:18','2022-06-21 09:32:18'),(24,'delete_categories','Delete Categories','Delete Categories','2022-06-21 09:32:18','2022-06-21 09:32:18'),(25,'create_products','Create Products','Create Products','2022-06-21 09:32:18','2022-06-21 09:32:18'),(26,'read_products','Read Products','Read Products','2022-06-21 09:32:18','2022-06-21 09:32:18'),(27,'update_products','Update Products','Update Products','2022-06-21 09:32:18','2022-06-21 09:32:18'),(28,'delete_products','Delete Products','Delete Products','2022-06-21 09:32:18','2022-06-21 09:32:18'),(29,'create_paymentMethods','Create PaymentMethods','Create PaymentMethods','2022-06-21 09:32:18','2022-06-21 09:32:18'),(30,'read_paymentMethods','Read PaymentMethods','Read PaymentMethods','2022-06-21 09:32:18','2022-06-21 09:32:18'),(31,'update_paymentMethods','Update PaymentMethods','Update PaymentMethods','2022-06-21 09:32:18','2022-06-21 09:32:18'),(32,'delete_paymentMethods','Delete PaymentMethods','Delete PaymentMethods','2022-06-21 09:32:18','2022-06-21 09:32:18'),(33,'create_shippingType','Create ShippingType','Create ShippingType','2022-06-21 09:32:18','2022-06-21 09:32:18'),(34,'read_shippingType','Read ShippingType','Read ShippingType','2022-06-21 09:32:18','2022-06-21 09:32:18'),(35,'update_shippingType','Update ShippingType','Update ShippingType','2022-06-21 09:32:18','2022-06-21 09:32:18'),(36,'delete_shippingType','Delete ShippingType','Delete ShippingType','2022-06-21 09:32:18','2022-06-21 09:32:18'),(37,'create_orders','Create Orders','Create Orders','2022-06-21 09:32:18','2022-06-21 09:32:18'),(38,'read_orders','Read Orders','Read Orders','2022-06-21 09:32:18','2022-06-21 09:32:18'),(39,'update_orders','Update Orders','Update Orders','2022-06-21 09:32:18','2022-06-21 09:32:18'),(40,'delete_orders','Delete Orders','Delete Orders','2022-06-21 09:32:18','2022-06-21 09:32:18'),(41,'create_reports','Create Reports','Create Reports','2022-06-21 09:32:18','2022-06-21 09:32:18'),(42,'read_reports','Read Reports','Read Reports','2022-06-21 09:32:18','2022-06-21 09:32:18'),(43,'update_reports','Update Reports','Update Reports','2022-06-21 09:32:18','2022-06-21 09:32:18'),(44,'delete_reports','Delete Reports','Delete Reports','2022-06-21 09:32:18','2022-06-21 09:32:18'),(45,'create_governments','Create Governments','Create Governments','2022-06-21 09:32:18','2022-06-21 09:32:18'),(46,'read_governments','Read Governments','Read Governments','2022-06-21 09:32:18','2022-06-21 09:32:18'),(47,'update_governments','Update Governments','Update Governments','2022-06-21 09:32:18','2022-06-21 09:32:18'),(48,'delete_governments','Delete Governments','Delete Governments','2022-06-21 09:32:18','2022-06-21 09:32:18'),(49,'create_regions','Create Regions','Create Regions','2022-06-21 09:32:18','2022-06-21 09:32:18'),(50,'read_regions','Read Regions','Read Regions','2022-06-21 09:32:18','2022-06-21 09:32:18'),(51,'update_regions','Update Regions','Update Regions','2022-06-21 09:32:18','2022-06-21 09:32:18'),(52,'delete_regions','Delete Regions','Delete Regions','2022-06-21 09:32:18','2022-06-21 09:32:18'),(53,'create_discount','Create Discount','Create Discount','2022-06-21 09:32:18','2022-06-21 09:32:18'),(54,'read_discount','Read Discount','Read Discount','2022-06-21 09:32:18','2022-06-21 09:32:18'),(55,'update_discount','Update Discount','Update Discount','2022-06-21 09:32:18','2022-06-21 09:32:18'),(56,'delete_discount','Delete Discount','Delete Discount','2022-06-21 09:32:18','2022-06-21 09:32:18'),(57,'create_times','Create Times','Create Times','2022-06-21 09:32:18','2022-06-21 09:32:18'),(58,'read_times','Read Times','Read Times','2022-06-21 09:32:18','2022-06-21 09:32:18'),(59,'update_times','Update Times','Update Times','2022-06-21 09:32:18','2022-06-21 09:32:18'),(60,'delete_times','Delete Times','Delete Times','2022-06-21 09:32:18','2022-06-21 09:32:18'),(61,'create_tagers','Create Tagers','Create Tagers','2022-06-21 09:32:18','2022-06-21 09:32:18'),(62,'read_tagers','Read Tagers','Read Tagers','2022-06-21 09:32:18','2022-06-21 09:32:18'),(63,'update_tagers','Update Tagers','Update Tagers','2022-06-21 09:32:18','2022-06-21 09:32:18'),(64,'delete_tagers','Delete Tagers','Delete Tagers','2022-06-21 09:32:18','2022-06-21 09:32:18');

--
-- Table structure for table `personal_access_tokens`
--

CREATE TABLE `personal_access_tokens` (
  `id` bigint unsigned NOT NULL AUTO_INCREMENT,
  `tokenable_type` varchar(255) CHARACTER SET utf8mb4 COLLATE utf8mb4_unicode_ci NOT NULL,
  `tokenable_id` bigint unsigned NOT NULL,
  `name` varchar(255) CHARACTER SET utf8mb4 COLLATE utf8mb4_unicode_ci NOT NULL,
  `token` varchar(64) CHARACTER SET utf8mb4 COLLATE utf8mb4_unicode_ci NOT NULL,
  `abilities` text CHARACTER SET utf8mb4 COLLATE utf8mb4_unicode_ci,
  `last_used_at` timestamp NULL DEFAULT NULL,
  `created_at` timestamp NULL DEFAULT NULL,
  `updated_at` timestamp NULL DEFAULT NULL,
  PRIMARY KEY (`id`),
  UNIQUE KEY `personal_access_tokens_token_unique` (`token`),
  KEY `personal_access_tokens_tokenable_type_tokenable_id_index` (`tokenable_type`,`tokenable_id`)
) ENGINE=InnoDB DEFAULT CHARSET=utf8mb4 COLLATE=utf8mb4_unicode_ci;

--
-- Dumping data for table `personal_access_tokens`
--


--
-- Table structure for table `product_categories`
--

CREATE TABLE `product_categories` (
  `id` int unsigned NOT NULL AUTO_INCREMENT,
  `product_id` int unsigned DEFAULT NULL,
  `category_id` int unsigned DEFAULT NULL,
  `created_at` timestamp NULL DEFAULT NULL,
  `updated_at` timestamp NULL DEFAULT NULL,
  PRIMARY KEY (`id`),
  KEY `product_categories_product_id_foreign` (`product_id`),
  KEY `product_categories_category_id_foreign` (`category_id`),
  CONSTRAINT `product_categories_category_id_foreign` FOREIGN KEY (`category_id`) REFERENCES `categories` (`id`) ON DELETE CASCADE,
  CONSTRAINT `product_categories_product_id_foreign` FOREIGN KEY (`product_id`) REFERENCES `products` (`id`) ON DELETE CASCADE
) ENGINE=InnoDB AUTO_INCREMENT=48 DEFAULT CHARSET=utf8mb4 COLLATE=utf8mb4_unicode_ci;

--
-- Dumping data for table `product_categories`
--

INSERT INTO `product_categories` (`id`, `product_id`, `category_id`, `created_at`, `updated_at`) VALUES (1,1,1,NULL,NULL),(2,2,2,NULL,NULL),(3,3,2,NULL,NULL),(4,4,5,NULL,NULL),(5,5,4,NULL,NULL),(6,7,2,NULL,NULL),(7,8,2,NULL,NULL),(8,9,2,NULL,NULL),(9,8,4,NULL,NULL),(10,13,2,NULL,NULL),(11,14,2,NULL,NULL),(12,16,13,NULL,NULL),(13,17,2,NULL,NULL),(14,19,5,NULL,NULL),(15,19,5,NULL,NULL),(16,20,5,NULL,NULL),(17,21,15,NULL,NULL),(18,23,15,NULL,NULL),(19,24,15,NULL,NULL),(20,25,15,NULL,NULL),(21,26,15,NULL,NULL),(22,27,15,NULL,NULL),(23,28,15,NULL,NULL),(24,29,15,NULL,NULL),(25,30,15,NULL,NULL),(26,31,15,NULL,NULL),(27,32,17,NULL,NULL),(28,33,19,NULL,NULL),(29,34,19,NULL,NULL),(30,35,19,NULL,NULL),(31,36,16,NULL,NULL),(32,37,16,NULL,NULL),(33,38,16,NULL,NULL),(34,39,15,NULL,NULL),(35,40,16,NULL,NULL),(36,41,17,NULL,NULL),(37,42,20,NULL,NULL),(38,43,20,NULL,NULL),(39,44,20,NULL,NULL),(40,45,18,NULL,NULL),(41,46,18,NULL,NULL),(42,47,18,NULL,NULL),(43,48,15,NULL,NULL),(44,49,15,NULL,NULL),(45,50,15,NULL,NULL),(46,51,18,NULL,NULL),(47,52,15,NULL,NULL);

--
-- Table structure for table `product_orders`
--

CREATE TABLE `product_orders` (
  `id` int unsigned NOT NULL AUTO_INCREMENT,
  `order_id` int unsigned NOT NULL,
  `product_id` int unsigned NOT NULL,
  `user_id` int DEFAULT NULL,
  `quantity` int NOT NULL DEFAULT '1',
  `option` text CHARACTER SET utf8mb4 COLLATE utf8mb4_unicode_ci NOT NULL,
  `price` decimal(8,2) NOT NULL,
  `shipping_cost` decimal(8,2) DEFAULT NULL,
  `created_at` timestamp NULL DEFAULT NULL,
  `updated_at` timestamp NULL DEFAULT NULL,
  `category_id` int NOT NULL,
  `nameOfCart` varchar(191) CHARACTER SET utf8mb4 COLLATE utf8mb4_unicode_ci DEFAULT NULL,
  PRIMARY KEY (`id`),
  KEY `product_orders_order_id_foreign` (`order_id`),
  KEY `product_orders_product_id_foreign` (`product_id`),
  CONSTRAINT `product_orders_order_id_foreign` FOREIGN KEY (`order_id`) REFERENCES `orders` (`id`) ON DELETE CASCADE,
  CONSTRAINT `product_orders_product_id_foreign` FOREIGN KEY (`product_id`) REFERENCES `products` (`id`) ON DELETE CASCADE
) ENGINE=InnoDB AUTO_INCREMENT=10 DEFAULT CHARSET=utf8mb4 COLLATE=utf8mb4_unicode_ci;

--
-- Dumping data for table `product_orders`
--

INSERT INTO `product_orders` (`id`, `order_id`, `product_id`, `user_id`, `quantity`, `option`, `price`, `shipping_cost`, `created_at`, `updated_at`, `category_id`, `nameOfCart`) VALUES (1,1,16,NULL,1,' ',18.00,NULL,'2022-12-17 20:38:29','2022-12-17 20:38:29',13,NULL),(2,2,16,NULL,1,'24',18.00,NULL,'2022-12-17 20:42:45','2022-12-17 20:42:45',13,NULL),(3,3,16,NULL,1,'23,27',18.00,NULL,'2022-12-17 20:44:40','2022-12-17 20:44:40',13,NULL),(4,4,17,NULL,1,'29,37',35.00,NULL,'2022-12-19 12:33:55','2022-12-19 12:33:55',2,NULL),(5,5,17,NULL,1,'30,34',35.00,NULL,'2023-01-07 16:06:51','2023-01-07 16:06:51',2,NULL),(7,6,19,NULL,1,'41,145',48.00,NULL,'2023-02-03 07:23:04','2023-02-03 07:23:04',5,NULL),(8,7,45,NULL,1,' ',12.00,NULL,'2023-03-06 21:12:07','2023-03-06 21:12:07',18,NULL),(9,8,41,NULL,1,' ',3.00,NULL,'2023-03-07 06:32:53','2023-03-07 06:32:53',17,NULL);

--
-- Table structure for table `product_translations`
--

CREATE TABLE `product_translations` (
  `id` int unsigned NOT NULL AUTO_INCREMENT,
  `product_id` int unsigned NOT NULL,
  `name` varchar(255) CHARACTER SET utf8mb4 COLLATE utf8mb4_unicode_ci NOT NULL,
  `content` varchar(255) CHARACTER SET utf8mb4 COLLATE utf8mb4_unicode_ci NOT NULL,
  `locale` varchar(255) CHARACTER SET utf8mb4 COLLATE utf8mb4_unicode_ci NOT NULL,
  `created_at` timestamp NULL DEFAULT NULL,
  `updated_at` timestamp NULL DEFAULT NULL,
  PRIMARY KEY (`id`),
  UNIQUE KEY `product_translations_product_id_locale_unique` (`product_id`,`locale`),
  KEY `product_translations_locale_index` (`locale`),
  CONSTRAINT `product_translations_product_id_foreign` FOREIGN KEY (`product_id`) REFERENCES `products` (`id`) ON DELETE CASCADE
) ENGINE=InnoDB AUTO_INCREMENT=90 DEFAULT CHARSET=utf8mb4 COLLATE=utf8mb4_unicode_ci;

--
-- Dumping data for table `product_translations`
--

INSERT INTO `product_translations` (`id`, `product_id`, `name`, `content`, `locale`, `created_at`, `updated_at`) VALUES (1,1,'سبح','<p>سبح</p>','ar',NULL,NULL),(2,1,'سبح','<p>سبح</p>','en',NULL,NULL),(3,2,'عباية','<p>القمح هو المحصول الاستراتيجى الأول فى مصر الذى تسعى الدولة جاهدة إلى تحقيق الاكتفاء الذاتى منه نظرًا لكونه المدخل الرئيسى لرغيف&nbsp;الخبز، لذلك يتم تكثيف الحملات القومية للنهوض بالمحاصيل الاستراتيج</p>\r\n\r\n<p>عبايه ستايل جاكيت واسعة ، طرف الاكمام ضيق ،','ar',NULL,NULL),(4,2,'عباية','<p>عبايه ستايل جاكيت واسعة ، طرف الاكمام ضيق ، وقصه من الخلف ، قماش كريب</p>\r\n\r\n<p>&nbsp;( مجاناً مع العباية طرحه سوداء من أرقى و أجود انواع الشيفون الياباني )</p>','en',NULL,NULL),(5,3,'منتج','<p>عبايه ستايل جاكيت واسعة ، طرف الاكمام ضيق ، وقصه من الخلف ، قماش كريب</p>\r\n\r\n<p>&nbsp;( مجاناً مع العباية طرحه سوداء من أرقى و أجود انواع الشيفون الياباني )</p>','ar',NULL,NULL),(6,3,'منتج','<p>عبايه ستايل جاكيت واسعة ، طرف الاكمام ضيق ، وقصه من الخلف ، قماش كريب</p>\r\n\r\n<p>&nbsp;( مجاناً مع العباية طرحه سوداء من أرقى و أجود انواع الشيفون الياباني )</p>','en',NULL,NULL),(7,4,'dwrtrew','<p>عبايه ستايل جاكيت واسعة ، طرف الاكمام ضيق ، وقصه من الخلف ، قماش كريب</p>\r\n\r\n<p>&nbsp;( مجاناً مع العباية طرحه سوداء من أرقى و أجود انواع الشيفون الياباني )</p>','ar',NULL,NULL),(8,4,'erwt','<p>عبايه ستايل جاكيت واسعة ، طرف الاكمام ضيق ، وقصه من الخلف ، قماش كريب</p>\r\n\r\n<p>&nbsp;( مجاناً مع العباية طرحه سوداء من أرقى و أجود انواع الشيفون الياباني )</p>','en',NULL,NULL),(9,5,'عباية مميزة','<p><span style=\"font-size:undefined\">امنحي خزانة الملابس التقليدية تحديثًا بهذه العباية الأنثوية الرقيقة</span></p>','ar',NULL,NULL),(10,5,'عباية مميزة','<p><span style=\"font-size:undefined\">امنحي خزانة الملابس التقليدية تحديثًا بهذه العباية الأنثوية الرقيقة</span></p>','en',NULL,NULL),(11,7,'عباية تصمصم جديد','<p><span style=\"font-size:undefined\">امنحي خزانة الملابس التقليدية تحديثًا بهذه العباية الأنثوية الرقيقة</span></p>','ar',NULL,NULL),(12,9,'عباية مطرزة ناعمة','<p>عبايه ستايل جاكيت واسعة ، طرف الاكمام ضيق ، وقصه من الخلف ، قماش كريب</p>\r\n\r\n<p>&nbsp;( مجاناً مع العباية طرحه سوداء من أرقى و أجود انواع الشيفون الياباني )</p>','ar',NULL,NULL),(13,9,'خلاط ونسا بقوة ٤٠٠ واط وسعة','<p>عبايه ستايل جاكيت واسعة ، طرف الاكمام ضيق ، وقصه من الخلف ، قماش كريب</p>\r\n\r\n<p>&nbsp;( مجاناً مع العباية طرحه سوداء من أرقى و أجود انواع الشيفون الياباني )</p>','en',NULL,NULL),(14,8,'عباية تصميم كويتي','<p>عبايه ستايل جاكيت واسعة ، طرف الاكمام ضيق ، وقصه من الخلف ، قماش كريب</p>\r\n\r\n<p>&nbsp;( مجاناً مع العباية طرحه سوداء من أرقى و أجود انواع الشيفون الياباني )</p>','ar',NULL,NULL),(15,8,'كح،حم','<p>عبايه ستايل جاكيت واسعة ، طرف الاكمام ضيق ، وقصه من الخلف ، قماش كريب</p>\r\n\r\n<p>&nbsp;( مجاناً مع العباية طرحه سوداء من أرقى و أجود انواع الشيفون الياباني )</p>','en',NULL,NULL),(16,7,'عباية تصمصم جديد','<p><span style=\"font-size:undefined\">امنحي خزانة الملابس التقليدية تحديثًا بهذه العباية الأنثوية الرقيقة</span></p>','en',NULL,NULL),(17,13,'يظبلبي','<p>ليبسليس</p>','ar',NULL,NULL),(18,13,'يسبليسبل','<p>يبليبسل</p>','en',NULL,NULL),(19,14,'fghgf','<p>fgdhfgdh</p>','ar',NULL,NULL),(20,14,'dfgdfg','<p>dfgdsf</p>','en',NULL,NULL),(21,16,'منتج جديد','<p>هذا النص هو مثال لنص يمكن أن يستبدل في نفس المساحة، لقد تم توليد هذا النص من مولد النص العربى، حيث يمكنك أن تولد مثل هذا النص أو العديد من النصوص الأخرى إضافة إلى زيادة عدد الحروف التى يولدها التطبيق. إذا كنت تحتاج إلى عدد أكبر من الفقرات يتيح ل</p>','ar',NULL,NULL),(22,16,'sdfsdf','<p>هذا النص هو مثال لنص يمكن أن يستبدل في نفس المساحة، لقد تم توليد هذا النص من مولد النص العربى، حيث يمكنك أن تولد مثل هذا النص أو العديد من النصوص الأخرى إضافة إلى زيادة عدد الحروف التى يولدها التطبيق. إذا كنت تحتاج إلى عدد أكبر من الفقرات يتيح ل</p>','en',NULL,NULL),(23,17,'جاكت اسود','<p>جاكت اسود القماش جوخ&nbsp;</p>','ar',NULL,NULL),(24,17,'Jacket','<p>Black jacket&nbsp;fabric type&nbsp;Gogh</p>','en',NULL,NULL),(25,19,'دراعه 1','<p>دراعه من القماش الهندي</p>','ar',NULL,NULL),(27,20,'دراعه 2','<p>دراعه من القماش الهندي مع حزام</p>','ar',NULL,NULL),(28,21,'دراعه من القماش الهندي','<p>دراعه من القماش الهندي المطرز عباره عن 3 قطع متوفره بالالوان</p>','ar',NULL,NULL),(29,21,'A Shield of Indian fabric','<p>A shield of Indian embroidered fabric is 3 pieces available in colors</p>','en',NULL,NULL),(30,23,'دراعه من القماش الهندي','<p>دراعه من القماش الهندي المطرز والمشكوك مع حزام وتور</p>','ar',NULL,NULL),(31,23,'A Shield of Indian fabric','<p>A shield of Indian fabric embroidered and suspicious with a belt and Tor</p>','en',NULL,NULL),(32,24,'دراعه من القماش الهندي','<p>دراعه من القماش الهندي من طبقتين وحزام فري سايز تلبس لي مقاس 3xl</p>','ar',NULL,NULL),(33,24,'A Shield of Indian fabric','<p>A two-layer Indian cloth shield with a free size belt, you wear a size 3xl</p>','en',NULL,NULL),(34,25,'دراعه من القماش الهندي مع تور وحزام','<p>دراعه من القماش الهندي مع تور وحزام</p>','ar',NULL,NULL),(35,25,'A shield made of Indian cloth with a tour and a belt','<p>A shield made of Indian cloth with a tour and a belt</p>','en',NULL,NULL),(36,26,'دراعه فري سايز','<p>دراعه فري سايز</p>','ar',NULL,NULL),(37,26,'Free size bike','<p>Free size bike</p>','en',NULL,NULL),(38,27,'دراعه من القماش الهندي لين مع كلفه القماش','<p>دراعه من القماش الهندي لين مع كلفه القماش لايشف ولايحتاج بطانه المقاس يلبس الي :xl</p>','ar',NULL,NULL),(39,27,'A soft Indian cloth with a costly cloth','<p>A shield made of soft Indian cloth with the cost of the cloth does not dry out and does not need a lining. Size to be worn: xl</p>','en',NULL,NULL),(40,28,'دراعه من القماش الهندي المطرز','<p>دراعه من القماش الهندي المطرز الدراعه مبطنه بالكامل المقاس فري سايز يلبس الي 3xl</p>','ar',NULL,NULL),(41,28,'A Shield of Indian fabric','<p>A shield of Indian fabric embroidered the shield is completely lined &nbsp;</p>','en',NULL,NULL),(42,29,'القطعه عباره عن 4 قطع بشت مطرز مع تور','<p>القطعه عباره عن 4 قطع بشت مطرز مع تور و توب وبنطلون مع حزام متوفره بالالوان</p>','ar',NULL,NULL),(43,29,'The piece consists of 4 pieces of embroidered bisht with a tour','<p>The piece consists of 4 pieces of embroidered bisht with a tour, a top and pants with a belt. Available in different colors</p>','en',NULL,NULL),(44,30,'دراعه مع تور','<p>دراعه مع تور</p>','ar',NULL,NULL),(45,30,'Darah with Tor','<p>Darah with Tor</p>','en',NULL,NULL),(46,31,'دراعه من القماش الهندي عالي الجوده','<p dir=\"rtl\">دراعه من القماش الهندي عالي الجوده مبطنه فري سايز تلبس الي مقاس 3xl</p>','ar',NULL,NULL),(47,31,'A shield made of high quality Indian fabric','<p>A shield made of high quality Indian fabric, lined, free size, to wear up to size 3xl</p>','en',NULL,NULL),(48,32,'شوربة العدس واحدة من وصفات الطبخ السهلة','<p>شوربة&nbsp;<u><em><a href=\"https://www.justfood.tv/%D9%87%D9%84-%D8%AA%D8%B9%D9%84%D9%85%D9%8A%D9%86/25408/%D9%81%D9%88%D8%A7%D8%A6%D8%AF-%D8%B4%D9%88%D8%B1%D8%A8%D8%A9-%D8%A7%D9%84%D8%B9%D8%AF%D8%B3\" target=\"_blank\">العدس</a></em></u>&nbsp;واحدة من وص','ar',NULL,NULL),(49,32,'Lentil soup is one of the easy cooking recipes','<p>Lentil soup is one of the easy and delicious cooking recipes. It is suitable for working women who need fast-cooking food. It is also useful, nutritious and important, especially in winter. Lentil soup contains many different ingredients, including len','en',NULL,NULL),(50,33,'حلى البسكويت البارد','<ol dir=\"auto\">\r\n	<li>\r\n	<p>3/4 علبة&nbsp;بسكويت دايجستف الكبيره</p>\r\n	</li>\r\n	<li>\r\n	<p>70 جرام&nbsp;زبدة بحرارة الغرفه</p>\r\n	</li>\r\n	<li>\r\n	<p>2 م ك&nbsp;زبدة فول سوداني</p>\r\n	</li>\r\n	<li>\r\n	<p>3 م ك&nbsp;حليب سائل</p>\r\n	</li>\r\n	<li>\r\n	<p>الطبقة ::- الث','ar',NULL,NULL),(51,33,'حلى البسكويت البارد','<ol dir=\"auto\">\r\n	<li>\r\n	<p>3/4 علبة&nbsp;بسكويت دايجستف الكبيره</p>\r\n	</li>\r\n	<li>\r\n	<p>70 جرام&nbsp;زبدة بحرارة الغرفه</p>\r\n	</li>\r\n	<li>\r\n	<p>2 م ك&nbsp;زبدة فول سوداني</p>\r\n	</li>\r\n	<li>\r\n	<p>3 م ك&nbsp;حليب سائل</p>\r\n	</li>\r\n	<li>\r\n	<p>الطبقة ::- الث','en',NULL,NULL),(52,34,'حلا البسكويت والتمر','<h2>المكوّنات</h2>\r\n\r\n<ol dir=\"auto\">\r\n	<li>\r\n	<p>200 غ&nbsp;تمر مطحون مع شوي زبدة وهال</p>\r\n	</li>\r\n	<li>\r\n	<p>بسكويت شاي سادة</p>\r\n	</li>\r\n	<li>\r\n	<p>سمسم محمص حسب الحاجة</p>\r\n	</li>\r\n</ol>','ar',NULL,NULL),(53,34,'حلا البسكويت والتمر','<h2>المكوّنات</h2>\r\n\r\n<ol dir=\"auto\">\r\n	<li>\r\n	<p>200 غ&nbsp;تمر مطحون مع شوي زبدة وهال</p>\r\n	</li>\r\n	<li>\r\n	<p>بسكويت شاي سادة</p>\r\n	</li>\r\n	<li>\r\n	<p>سمسم محمص حسب الحاجة</p>\r\n	</li>\r\n</ol>','en',NULL,NULL),(54,35,'بسكوت الكليجا','<ol dir=\"auto\">\r\n	<li>\r\n	<p>كوب ونصف&nbsp;طحين بر</p>\r\n	</li>\r\n	<li>\r\n	<p>&frac12; كوب&nbsp;شوفان مطحون</p>\r\n	</li>\r\n	<li>\r\n	<p>&frac12; كوب&nbsp;زيت زيتون</p>\r\n	</li>\r\n	<li>\r\n	<p>3 ملاعق&nbsp;حليب باودر</p>\r\n	</li>\r\n	<li>\r\n	<p>3 ملاعق&nbsp;سكر بني</p>\r\n	','ar',NULL,NULL),(55,35,'بسكوت الكليجا','<ol dir=\"auto\">\r\n	<li>\r\n	<p>كوب ونصف&nbsp;طحين بر</p>\r\n	</li>\r\n	<li>\r\n	<p>&frac12; كوب&nbsp;شوفان مطحون</p>\r\n	</li>\r\n	<li>\r\n	<p>&frac12; كوب&nbsp;زيت زيتون</p>\r\n	</li>\r\n	<li>\r\n	<p>3 ملاعق&nbsp;حليب باودر</p>\r\n	</li>\r\n	<li>\r\n	<p>3 ملاعق&nbsp;سكر بني</p>\r\n	','en',NULL,NULL),(56,36,'المندي هي أكله يمنية','<p>المندي هي أكله يمنية تحضر من الدجاج أو اللحم الأحمر والتي تطهى تحت الأرض بصورة لا يعرفها الكثيرين الا أصحاب صناعة هذه الوجبة التي تطهى بطريقة معينة ومدة زمنية معينة وهي تقدم مع الأرز وتوضع بها الكثير من البهارات ، وهي أكله ذات طعم لذيذ ويعشقها الكثيرين','ar',NULL,NULL),(57,36,'المندي هي أكله يمنية','<p>المندي هي أكله يمنية تحضر من الدجاج أو اللحم الأحمر والتي تطهى تحت الأرض بصورة لا يعرفها الكثيرين الا أصحاب صناعة هذه الوجبة التي تطهى بطريقة معينة ومدة زمنية معينة وهي تقدم مع الأرز وتوضع بها الكثير من البهارات ، وهي أكله ذات طعم لذيذ ويعشقها الكثيرين','en',NULL,NULL),(58,37,'الملوخية','<p>هو نبات أخضر يتم طبخه أصله فرعوني كان يقدم للملوك وكانت تسمى ملوكية وهي أكلة عربية أصلها مصري وبعدها أنتشرت الى جميع البلاد العربية وهي من أشهى المأكولات وسهلة في التحضير .</p>','ar',NULL,NULL),(59,37,'الملوخية','<p>هو نبات أخضر يتم طبخه أصله فرعوني كان يقدم للملوك وكانت تسمى ملوكية وهي أكلة عربية أصلها مصري وبعدها أنتشرت الى جميع البلاد العربية وهي من أشهى المأكولات وسهلة في التحضير .</p>','en',NULL,NULL),(60,38,'الكسكسي','<p>هي كلمة أمازيغية مشتقة من كلمة سيكسو وهي أكلة شعبية مشهورة جدا في بلاد المغرب العربي وهي عبارة عن دقيق القمح أو الذرة ويتم طبخه بالبخار وتعمل بالخضار واللحم أو ممكن اللبن والسكر كنوع من أنواع التحلية وهي من المأكولات الغنية بمواد مفيدة للجسم .</p>','ar',NULL,NULL),(61,38,'الكسكسي','<p>هي كلمة أمازيغية مشتقة من كلمة سيكسو وهي أكلة شعبية مشهورة جدا في بلاد المغرب العربي وهي عبارة عن دقيق القمح أو الذرة ويتم طبخه بالبخار وتعمل بالخضار واللحم أو ممكن اللبن والسكر كنوع من أنواع التحلية وهي من المأكولات الغنية بمواد مفيدة للجسم .</p>','en',NULL,NULL),(62,39,'المسكوف','<p>في العراق في شارع نؤاس أحد شوارع بغداد المشهورة ستجدهم يتقنون أكلة شعبية محببة في العراق ويعتبر من الأطباق الرئيسية وهي أكلة المسكوف ، وهذه الوجبة هي عبارة عن سمك نهري يسمى الشبوط ويتم تنظيفه جيدا من أحشائه ولابد أن يكون هذا السمك طازج وهو من أشهى العا','ar',NULL,NULL),(63,39,'المسكوف','<p>في العراق في شارع نؤاس أحد شوارع بغداد المشهورة ستجدهم يتقنون أكلة شعبية محببة في العراق ويعتبر من الأطباق الرئيسية وهي أكلة المسكوف ، وهذه الوجبة هي عبارة عن سمك نهري يسمى الشبوط ويتم تنظيفه جيدا من أحشائه ولابد أن يكون هذا السمك طازج وهو من أشهى العا','en',NULL,NULL),(64,40,'ورق العنب','<p>هو ورق العنب أو البيرق وهي ترجع اصولها الى الدولة العثمانية وهي تعني ورق الشجر بالتركي ودائما ما تختلف طريقة عمله من مكان الى أخر وأكثر البلدن شهره في عمل البيرق سوريا ولبنان وهي تتكون ورق العنب والأرز واللحم والخضار .</p>','ar',NULL,NULL),(65,40,'ورق العنب','<p>هو ورق العنب أو البيرق وهي ترجع اصولها الى الدولة العثمانية وهي تعني ورق الشجر بالتركي ودائما ما تختلف طريقة عمله من مكان الى أخر وأكثر البلدن شهره في عمل البيرق سوريا ولبنان وهي تتكون ورق العنب والأرز واللحم والخضار .</p>','en',NULL,NULL),(66,41,'المسخن','<p>هي أكلة من التراث الفلسطيني القديم فهي اكلة مشهورة في فلسطين وكذلك تعرف هذه الأكلة في بلاد الشام فهي عبارة عن دجاج وبعض المكسرات مثل اللوز والبصل وزيت الزيتون وخبز بلدي .</p>','ar',NULL,NULL),(67,41,'المسخن','<p>هي أكلة من التراث الفلسطيني القديم فهي اكلة مشهورة في فلسطين وكذلك تعرف هذه الأكلة في بلاد الشام فهي عبارة عن دجاج وبعض المكسرات مثل اللوز والبصل وزيت الزيتون وخبز بلدي .</p>','en',NULL,NULL),(68,42,'سموذي الزبادي بالفواكة للرجيم','<p dir=\"rtl\">سموذي الزبادي بالفواكة للرجيم&nbsp; ...&nbsp;<a href=\"https://kitchen.sayidaty.net/taxonomy/tag/%D9%85%D8%B4%D8%B1%D9%88%D8%A8%D8%A7%D8%AA-%D9%88%D8%B9%D8%B5%D8%A7%D8%A6%D8%B1-%D8%B5%D9%8A%D9%81%D9%8A%D8%A9\" target=\"_blank\">مشروبات وعصائر طبي','ar',NULL,NULL),(69,42,'سموذي الزبادي بالفواكة للرجيم','<p dir=\"rtl\">سموذي الزبادي بالفواكة للرجيم&nbsp; ...&nbsp;<a href=\"https://kitchen.sayidaty.net/taxonomy/tag/%D9%85%D8%B4%D8%B1%D9%88%D8%A8%D8%A7%D8%AA-%D9%88%D8%B9%D8%B5%D8%A7%D8%A6%D8%B1-%D8%B5%D9%8A%D9%81%D9%8A%D8%A9\" target=\"_blank\">مشروبات وعصائر طبي','en',NULL,NULL),(70,43,'عصير بينا كولادا','<p>عصير بينا كولادا .... يُشكل عصير&nbsp;<a href=\"https://kitchen.sayidaty.net/taxonomy/tag/%D9%88%D8%B5%D9%81%D8%A7%D8%AA-%D8%A7%D9%84%D8%A3%D9%86%D8%A7%D9%86%D8%A7%D8%B3\" target=\"_blank\">الأناناس&nbsp;</a>المكون الأساسي في تحضير عصير بينا كولادا مع بعض ','ar',NULL,NULL),(71,43,'عصير بينا كولادا','<p>عصير بينا كولادا .... يُشكل عصير&nbsp;<a href=\"https://kitchen.sayidaty.net/taxonomy/tag/%D9%88%D8%B5%D9%81%D8%A7%D8%AA-%D8%A7%D9%84%D8%A3%D9%86%D8%A7%D9%86%D8%A7%D8%B3\" target=\"_blank\">الأناناس&nbsp;</a>المكون الأساسي في تحضير عصير بينا كولادا مع بعض ','en',NULL,NULL),(72,44,'مشروب الشوكولاتة البيضاء','<p dir=\"rtl\">مشروب الشوكولاتة البيضاء ...&nbsp;<a href=\"https://kitchen.sayidaty.net/taxonomy/tag/%D9%85%D8%B4%D8%B1%D9%88%D8%A8%D8%A7%D8%AA-%D8%B3%D8%A7%D8%AE%D9%86%D8%A9\" target=\"_blank\">مشروب ساخن</a>&nbsp;ولا أطيب من طعمه، إليكِ من مطبخ سيدتي طريقة تح','ar',NULL,NULL),(73,44,'مشروب الشوكولاتة البيضاء','<p dir=\"rtl\">مشروب الشوكولاتة البيضاء ...&nbsp;<a href=\"https://kitchen.sayidaty.net/taxonomy/tag/%D9%85%D8%B4%D8%B1%D9%88%D8%A8%D8%A7%D8%AA-%D8%B3%D8%A7%D8%AE%D9%86%D8%A9\" target=\"_blank\">مشروب ساخن</a>&nbsp;ولا أطيب من طعمه، إليكِ من مطبخ سيدتي طريقة تح','en',NULL,NULL),(74,45,'سمك فيليه مقلي مقرمش','<p>سمك فيليه مقلي مقرمش ...&nbsp;<a href=\"https://kitchen.sayidaty.net/taxonomy/tag/%D9%81%D9%8A%D9%84%D9%8A%D9%87-%D8%B3%D9%85%D9%83\" target=\"_blank\">فيليه السمك</a>&nbsp;من أصناف السمك السهلة والسريعة في طهيها ونضوجها، جربي وصفتنا الطيبة من مطبخ سيدتي، ','ar',NULL,NULL),(75,45,'سمك فيليه مقلي مقرمش','<p>سمك فيليه مقلي مقرمش ...&nbsp;<a href=\"https://kitchen.sayidaty.net/taxonomy/tag/%D9%81%D9%8A%D9%84%D9%8A%D9%87-%D8%B3%D9%85%D9%83\" target=\"_blank\">فيليه السمك</a>&nbsp;من أصناف السمك السهلة والسريعة في طهيها ونضوجها، جربي وصفتنا الطيبة من مطبخ سيدتي، ','en',NULL,NULL),(76,46,'تمبورا سمك مقرمشة','<p>تمبورا سمك مقرمشة ... إن كنتِ من عُشاق&nbsp;<a href=\"https://kitchen.sayidaty.net/taxonomy/tag/%D9%88%D8%B5%D9%81%D8%A7%D8%AA-%D8%A7%D9%84%D8%B3%D9%85%D9%83\" target=\"_blank\">وصفات السمك</a>، إليكِ من مطبخ سيدتي طريقة عمل وصفة&nbsp;<a href=\"https://kitc','ar',NULL,NULL),(77,46,'تمبورا سمك مقرمشة','<p>تمبورا سمك مقرمشة ... إن كنتِ من عُشاق&nbsp;<a href=\"https://kitchen.sayidaty.net/taxonomy/tag/%D9%88%D8%B5%D9%81%D8%A7%D8%AA-%D8%A7%D9%84%D8%B3%D9%85%D9%83\" target=\"_blank\">وصفات السمك</a>، إليكِ من مطبخ سيدتي طريقة عمل وصفة&nbsp;<a href=\"https://kitc','en',NULL,NULL),(78,47,'مكعبات السمك المشوية للرجيم','<p dir=\"rtl\">مكعبات السمك المشوية للرجيم&nbsp; ... لعشاق&nbsp;<a href=\"https://kitchen.sayidaty.net/taxonomy/tag/%D9%88%D8%B5%D9%81%D8%A7%D8%AA-%D8%A7%D9%84%D8%B3%D9%85%D9%83\" target=\"_blank\">وصفات السمك</a>&nbsp;الخفيفة والمناسبة&nbsp;<a href=\"https://ki','ar',NULL,NULL),(79,47,'مكعبات السمك المشوية للرجيم','<p dir=\"rtl\">مكعبات السمك المشوية للرجيم&nbsp; ... لعشاق&nbsp;<a href=\"https://kitchen.sayidaty.net/taxonomy/tag/%D9%88%D8%B5%D9%81%D8%A7%D8%AA-%D8%A7%D9%84%D8%B3%D9%85%D9%83\" target=\"_blank\">وصفات السمك</a>&nbsp;الخفيفة والمناسبة&nbsp;<a href=\"https://ki','en',NULL,NULL),(80,48,'مقلوبة السمك','<p>مقلوبة السمك ... تعرفي على طريقة ووصفة جديدة من&nbsp;<a href=\"https://kitchen.sayidaty.net/taxonomy/tag/%D8%A7%D9%84%D9%85%D8%B7%D8%A8%D8%AE-%D8%A7%D9%84%D9%81%D9%84%D8%B3%D8%B7%D9%8A%D9%86%D9%8A\" target=\"_blank\">وصفات المطبخ الفلسطيني</a>، جربي طبخة&n','ar',NULL,NULL),(81,48,'مقلوبة السمك','<p>مقلوبة السمك ... تعرفي على طريقة ووصفة جديدة من&nbsp;<a href=\"https://kitchen.sayidaty.net/taxonomy/tag/%D8%A7%D9%84%D9%85%D8%B7%D8%A8%D8%AE-%D8%A7%D9%84%D9%81%D9%84%D8%B3%D8%B7%D9%8A%D9%86%D9%8A\" target=\"_blank\">وصفات المطبخ الفلسطيني</a>، جربي طبخة&n','en',NULL,NULL),(82,49,'سمك فيليه بالكريمة والشبت','<p dir=\"rtl\">سمك فيليه بالكريمة والشبت&nbsp; .... لعشاق&nbsp;<a href=\"https://kitchen.sayidaty.net/taxonomy/tag/%D9%81%D9%8A%D9%84%D9%8A%D9%87-%D8%B3%D9%85%D9%83\" target=\"_blank\">وصفات السمك الفيليه</a>&nbsp;السريع والسهل التحضير، جربوا وصفتنا من مطبخ سيد','ar',NULL,NULL),(83,49,'سمك فيليه بالكريمة والشبت','<p dir=\"rtl\">سمك فيليه بالكريمة والشبت&nbsp; .... لعشاق&nbsp;<a href=\"https://kitchen.sayidaty.net/taxonomy/tag/%D9%81%D9%8A%D9%84%D9%8A%D9%87-%D8%B3%D9%85%D9%83\" target=\"_blank\">وصفات السمك الفيليه</a>&nbsp;السريع والسهل التحضير، جربوا وصفتنا من مطبخ سيد','en',NULL,NULL),(84,50,'سمك مشوي بالليمون وإكليل','<p dir=\"rtl\">سمك مشوي بالليمون وإكليل الجبل ... قدمي على سفرتك وصفة جديدة من&nbsp;<a href=\"https://kitchen.sayidaty.net/taxonomy/tag/%D8%B3%D9%85%D9%83-%D8%A7%D9%84%D8%B3%D9%84%D9%85%D9%88%D9%86\" target=\"_blank\">وصفات سمك السلمون</a>&nbsp;بتتبيلة بسيطة جد','ar',NULL,NULL),(85,50,'سمك مشوي بالليمون وإكليل','<p dir=\"rtl\">سمك مشوي بالليمون وإكليل الجبل ... قدمي على سفرتك وصفة جديدة من&nbsp;<a href=\"https://kitchen.sayidaty.net/taxonomy/tag/%D8%B3%D9%85%D9%83-%D8%A7%D9%84%D8%B3%D9%84%D9%85%D9%88%D9%86\" target=\"_blank\">وصفات سمك السلمون</a>&nbsp;بتتبيلة بسيطة جد','en',NULL,NULL),(86,51,'شوربة سي فود بالكاري','<p dir=\"rtl\">شوربة سي فود بالكاري ... أضيفي على قائمة&nbsp;<a href=\"https://kitchen.sayidaty.net/taxonomy/tag/%D9%85%D8%A3%D9%83%D9%88%D9%84%D8%A7%D8%AA-%D8%A8%D8%AD%D8%B1%D9%8A%D8%A9\" target=\"_blank\">المأكولات البحرية</a>&nbsp;لديكِ وصفة مميزة وطيبة جداً','ar',NULL,NULL),(87,51,'شوربة سي فود بالكاري','<p dir=\"rtl\">شوربة سي فود بالكاري ... أضيفي على قائمة&nbsp;<a href=\"https://kitchen.sayidaty.net/taxonomy/tag/%D9%85%D8%A3%D9%83%D9%88%D9%84%D8%A7%D8%AA-%D8%A8%D8%AD%D8%B1%D9%8A%D8%A9\" target=\"_blank\">المأكولات البحرية</a>&nbsp;لديكِ وصفة مميزة وطيبة جداً','en',NULL,NULL),(88,52,'السلمون بتتبيلة الكزبرة والثوم','<p>السلمون بتتبيلة الكزبرة والثوم ...&nbsp;<a href=\"https://kitchen.sayidaty.net/taxonomy/tag/%D8%B3%D9%85%D9%83-%D8%A7%D9%84%D8%B3%D9%84%D9%85%D9%88%D9%86\" target=\"_blank\">سمك السلمون</a>&nbsp;من أصناف عديدة من&nbsp;<a href=\"https://kitchen.sayidaty.net/','ar',NULL,NULL),(89,52,'السلمون بتتبيلة الكزبرة والثوم','<p>السلمون بتتبيلة الكزبرة والثوم ...&nbsp;<a href=\"https://kitchen.sayidaty.net/taxonomy/tag/%D8%B3%D9%85%D9%83-%D8%A7%D9%84%D8%B3%D9%84%D9%85%D9%88%D9%86\" target=\"_blank\">سمك السلمون</a>&nbsp;من أصناف عديدة من&nbsp;<a href=\"https://kitchen.sayidaty.net/','en',NULL,NULL);

--
-- Table structure for table `products`
--

CREATE TABLE `products` (
  `id` int unsigned NOT NULL AUTO_INCREMENT,
  `image` varchar(255) CHARACTER SET utf8mb4 COLLATE utf8mb4_unicode_ci DEFAULT NULL,
  `user_id` int unsigned DEFAULT NULL,
  `mainprice` decimal(8,2) NOT NULL DEFAULT '0.00',
  `discount` decimal(8,2) NOT NULL DEFAULT '0.00',
  `stoke` int NOT NULL DEFAULT '0',
  `option` enum('true','false') CHARACTER SET utf8mb4 COLLATE utf8mb4_unicode_ci DEFAULT NULL,
  `code` varchar(255) CHARACTER SET utf8mb4 COLLATE utf8mb4_unicode_ci DEFAULT NULL,
  `status` enum('pending','reject','active') CHARACTER SET utf8mb4 COLLATE utf8mb4_unicode_ci NOT NULL DEFAULT 'pending',
  `reason` longtext CHARACTER SET utf8mb4 COLLATE utf8mb4_unicode_ci,
  `deleted_at` timestamp NULL DEFAULT NULL,
  `created_at` timestamp NULL DEFAULT NULL,
  `updated_at` timestamp NULL DEFAULT NULL,
  `checked` int NOT NULL DEFAULT '1',
  `knetPay` int NOT NULL DEFAULT '0',
  `arrivalTime` varchar(191) CHARACTER SET utf8mb4 COLLATE utf8mb4_unicode_ci DEFAULT NULL,
  `Thread_options` int DEFAULT '0',
  `defualt_Thread_count` int DEFAULT '33',
  `news` int DEFAULT NULL,
  `checkWhatsapp` varchar(191) CHARACTER SET utf8mb4 COLLATE utf8mb4_unicode_ci DEFAULT NULL,
  `nameOfCart` varchar(191) CHARACTER SET utf8mb4 COLLATE utf8mb4_unicode_ci DEFAULT NULL,
  PRIMARY KEY (`id`),
  KEY `products_user_id_foreign` (`user_id`),
  CONSTRAINT `products_user_id_foreign` FOREIGN KEY (`user_id`) REFERENCES `users` (`id`) ON DELETE CASCADE
) ENGINE=InnoDB AUTO_INCREMENT=53 DEFAULT CHARSET=utf8mb4 COLLATE=utf8mb4_unicode_ci;

--
-- Dumping data for table `products`
--

INSERT INTO `products` (`id`, `image`, `user_id`, `mainprice`, `discount`, `stoke`, `option`, `code`, `status`, `reason`, `deleted_at`, `created_at`, `updated_at`, `checked`, `knetPay`, `arrivalTime`, `Thread_options`, `defualt_Thread_count`, `news`, `checkWhatsapp`, `nameOfCart`) VALUES (1,'2022-11-06-download.jpeg',1,21.00,20.00,21,NULL,NULL,'active',NULL,'2022-11-08 05:38:12','2022-11-06 19:21:28','2022-11-08 05:38:12',1,0,NULL,1,33,1,'true','true'),(2,'2022-11-17-11087-11-595x894-1.jpg',1,45.40,18.50,5,NULL,NULL,'active',NULL,'2022-12-12 16:02:14','2022-11-08 06:28:25','2022-12-12 16:02:14',1,0,NULL,0,23,1,'true','true'),(3,'2022-11-17-10998-7-scaled-1.webp',1,23.00,12.00,5,NULL,NULL,'active',NULL,'2022-12-12 16:02:11','2022-11-08 09:33:27','2022-12-12 16:02:11',1,0,NULL,0,33,1,'false','true'),(4,'2022-11-17-DSC06611-1-scaled-1.jpg',1,34.00,12.00,23,NULL,NULL,'active',NULL,'2022-12-12 16:02:09','2022-11-08 09:35:48','2022-12-12 16:02:09',1,0,NULL,0,33,1,'false','false'),(5,'2022-11-17-DSC07433-scaled-1.jpg',1,45.00,23.00,4,NULL,NULL,'active',NULL,'2022-12-12 16:02:07','2022-11-08 09:37:22','2022-12-12 16:02:07',1,0,NULL,0,33,0,'false','false'),(6,NULL,NULL,0.00,0.00,0,NULL,NULL,'pending',NULL,'2022-11-17 12:17:31','2022-11-17 12:15:26','2022-11-17 12:17:31',1,0,NULL,0,33,NULL,NULL,NULL),(7,'2022-11-17-07277077.webp',1,30.00,22.00,10,NULL,NULL,'active',NULL,'2022-12-12 16:02:05','2022-11-17 12:17:37','2022-12-12 16:02:05',1,0,NULL,0,33,0,'false','false'),(8,'2022-11-17-18786378.webp',1,20.00,10.00,5,NULL,NULL,'active',NULL,'2022-12-12 16:02:03','2022-11-17 12:18:38','2022-12-12 16:02:03',1,0,NULL,0,33,0,NULL,'false'),(9,'2022-11-17-79628942.webp',1,20.45,18.00,5,NULL,NULL,'active',NULL,'2022-12-12 16:02:00','2022-11-17 12:19:34','2022-12-12 16:02:00',1,0,NULL,0,33,0,'false','false'),(10,NULL,NULL,0.00,0.00,0,NULL,NULL,'pending',NULL,'2022-12-14 19:13:27','2022-12-13 07:21:39','2022-12-14 19:13:27',1,0,NULL,0,33,NULL,NULL,NULL),(11,NULL,NULL,0.00,0.00,0,NULL,NULL,'pending',NULL,'2022-12-14 19:13:25','2022-12-13 08:50:39','2022-12-14 19:13:25',1,0,NULL,0,33,NULL,NULL,NULL),(12,NULL,NULL,0.00,0.00,0,NULL,NULL,'pending',NULL,'2022-12-14 19:13:23','2022-12-13 09:00:18','2022-12-14 19:13:23',1,0,NULL,0,33,NULL,NULL,NULL),(13,'2022-12-14-اسعار-ملابس-الاطفال-في-تركيا.jpg',1,200.00,45.00,45,NULL,NULL,'active',NULL,'2022-12-19 11:57:32','2022-12-14 19:20:35','2022-12-19 11:57:32',1,0,NULL,0,33,1,NULL,NULL),(14,'2022-12-17-Flag_of_Egypt.svg.png',1,22.00,12.00,2,NULL,NULL,'active',NULL,'2022-12-17 20:16:28','2022-12-17 20:12:21','2022-12-17 20:16:28',1,0,NULL,0,33,0,NULL,NULL),(15,NULL,NULL,0.00,0.00,0,NULL,NULL,'pending',NULL,'2022-12-17 20:29:43','2022-12-17 20:29:18','2022-12-17 20:29:43',1,0,NULL,0,33,NULL,NULL,NULL),(16,'2022-12-17-mnac-4180302669-config-monsoon-accessorize-shimmer-corsage-walker-shoes-ivory-1656002395.jpg',1,20.00,18.00,5,NULL,NULL,'active',NULL,'2022-12-19 11:57:28','2022-12-17 20:29:45','2022-12-19 11:57:28',1,0,NULL,0,33,0,NULL,NULL),(17,'2022-12-19-450554F9-B133-42EB-9683-504138967DFA.jpeg',1,35.00,35.00,10,NULL,NULL,'active',NULL,'2023-02-10 15:31:24','2022-12-19 11:57:56','2023-02-10 15:31:24',1,0,NULL,0,33,0,NULL,NULL),(18,NULL,NULL,0.00,0.00,0,NULL,NULL,'pending',NULL,'2023-01-23 18:26:41','2023-01-23 16:02:25','2023-01-23 18:26:41',1,0,NULL,0,33,NULL,NULL,NULL),(19,'2023-01-23-1A1A9FDC-DEA1-4562-A870-78DCA54C493D.jpeg',1,48.00,48.00,10,NULL,NULL,'active',NULL,'2023-02-10 15:31:20','2023-01-23 16:17:35','2023-02-10 15:31:20',1,0,NULL,0,33,0,NULL,NULL),(20,'2023-01-23-D3D72D9D-22F4-4B50-B1F6-ECCDE988DDFE.jpeg',1,49.00,49.00,10,NULL,NULL,'active',NULL,'2023-02-10 15:31:28','2023-01-23 16:40:23','2023-02-10 15:31:28',1,0,NULL,0,33,0,NULL,NULL),(21,'2023-02-10-5.jpg',1,0.00,60.00,10,NULL,NULL,'active',NULL,'2023-03-06 19:33:36','2023-02-10 15:34:25','2023-03-06 19:33:36',1,0,NULL,0,33,0,NULL,NULL),(22,NULL,NULL,0.00,0.00,0,NULL,NULL,'pending',NULL,'2023-02-10 16:32:36','2023-02-10 16:31:53','2023-02-10 16:32:36',1,0,NULL,0,33,NULL,NULL,NULL),(23,'2023-02-10-22.jpg',1,0.00,55.00,10,NULL,NULL,'active',NULL,'2023-03-06 19:33:33','2023-02-10 16:33:06','2023-03-06 19:33:33',1,0,NULL,0,33,0,NULL,NULL),(24,'2023-02-11-WhatsApp Image 2023-02-05 at 11.10.56 AM.jpeg',1,0.00,39.00,10,NULL,NULL,'active',NULL,'2023-03-06 19:33:30','2023-02-10 16:48:22','2023-03-06 19:33:30',1,0,NULL,0,33,0,NULL,NULL),(25,'2023-02-11-WhatsApp Image 2023-02-08 at 10.30.06 AM(1).jpeg',1,0.00,48.00,10,NULL,NULL,'active',NULL,'2023-03-06 19:33:38','2023-02-11 06:55:37','2023-03-06 19:33:38',1,0,NULL,0,33,0,NULL,NULL),(26,'2023-02-11-WhatsApp Image 2023-02-09 at 7.00.23 PM(1).jpeg',1,0.00,35.00,10,NULL,NULL,'active',NULL,'2023-03-06 19:33:25','2023-02-11 06:59:40','2023-03-06 19:33:25',1,0,NULL,0,33,0,NULL,NULL),(27,'2023-02-11-WhatsApp Image 2023-02-01 at 2.01.52 PM.jpeg',1,0.00,38.00,10,NULL,NULL,'active',NULL,'2023-03-06 19:33:20','2023-02-11 07:04:02','2023-03-06 19:33:20',1,0,NULL,0,33,0,NULL,NULL),(28,'2023-02-11-WhatsApp Image 2023-01-30 at 7.08.13 PM.jpeg',1,0.00,45.00,10,NULL,NULL,'active',NULL,'2023-03-06 19:33:17','2023-02-11 07:09:46','2023-03-06 19:33:17',1,0,NULL,0,33,0,NULL,NULL),(29,'2023-02-11-WhatsApp Image 2023-02-02 at 3.36.59 PM.jpeg',1,0.00,57.00,10,NULL,NULL,'active',NULL,'2023-03-06 19:33:15','2023-02-11 07:14:01','2023-03-06 19:33:15',1,0,NULL,0,33,0,NULL,NULL),(30,'2023-02-13-WhatsApp Image 2023-02-13 at 12.52.36 PM(1).jpeg',1,0.00,32.00,10,NULL,NULL,'active',NULL,'2023-03-06 19:33:11','2023-02-13 09:56:07','2023-03-06 19:33:11',1,0,NULL,0,33,0,NULL,NULL),(31,'2023-02-14-WhatsApp Image 2023-02-14 at 9.15.02 AM.jpeg',1,0.00,50.00,10,NULL,NULL,'active',NULL,'2023-03-06 19:33:07','2023-02-14 06:19:51','2023-03-06 19:33:07',1,0,NULL,0,33,0,NULL,NULL),(32,'2023-03-06-0addes soup.jpg',1,3.00,2.00,50,NULL,NULL,'active',NULL,NULL,'2023-03-06 19:34:45','2023-03-06 19:35:59',1,0,NULL,0,33,0,NULL,NULL),(33,'2023-03-06-الصورة-الرئيسية-لوصفةحلى-البسكويت-البارد.webp',1,23.00,12.00,33,NULL,NULL,'active',NULL,NULL,'2023-03-06 19:37:44','2023-03-06 19:38:39',1,0,NULL,0,33,0,NULL,NULL),(34,'2023-03-06-الصورة-الرئيسية-لوصفةحلا-البسكويت-والتمر.webp',1,12.00,12.00,44,NULL,NULL,'active',NULL,NULL,'2023-03-06 19:38:43','2023-03-06 19:39:38',1,0,NULL,0,33,0,NULL,NULL),(35,'2023-03-06-الصورة-الرئيسية-لوصفةبسكوت-الكليجا.webp',1,5.00,12.00,34,NULL,NULL,'active',NULL,NULL,'2023-03-06 19:39:50','2023-03-06 19:40:57',1,0,NULL,0,33,0,NULL,NULL),(36,'2023-03-06-المندي.jpg',1,4.00,3.00,23,NULL,NULL,'active',NULL,NULL,'2023-03-06 19:42:26','2023-03-06 19:43:12',1,0,NULL,0,33,0,NULL,NULL),(37,'2023-03-06-الملوخية.jpg',1,1.50,1.00,34,NULL,NULL,'active',NULL,NULL,'2023-03-06 19:43:24','2023-03-06 19:44:06',1,0,NULL,0,33,0,NULL,NULL),(38,'2023-03-06-الكسكسي-المغربي.jpg',1,3.00,2.00,33,NULL,NULL,'active',NULL,NULL,'2023-03-06 19:44:13','2023-03-06 19:45:10',1,0,NULL,0,33,0,NULL,NULL),(39,'2023-03-06-المسكوف.jpg',1,6.00,6.00,34,NULL,NULL,'active',NULL,NULL,'2023-03-06 19:45:17','2023-03-06 19:46:00',1,0,NULL,0,33,0,NULL,NULL),(40,'2023-03-06-اليبرق.jpg',1,23.00,18.00,2,NULL,NULL,'active',NULL,NULL,'2023-03-06 19:46:15','2023-03-06 19:47:07',1,0,NULL,0,33,0,NULL,NULL),(41,'2023-03-06-المسخن-الفلسطيني.jpg',1,5.00,3.00,44,NULL,NULL,'active',NULL,NULL,'2023-03-06 19:47:24','2023-03-06 19:48:10',1,0,NULL,0,33,0,NULL,NULL),(42,'2023-03-06-250d193d27e53dc01cd2834fb2c8b9d8_w361_h361.jpg',1,2.00,2.00,22,NULL,NULL,'active',NULL,NULL,'2023-03-06 19:50:22','2023-03-06 19:51:06',1,0,NULL,0,33,0,NULL,NULL),(43,'2023-03-06-ba30b11ad22f2b392935a2359fb15abd_w361_h361.jpg',1,3.00,3.00,33,NULL,NULL,'active',NULL,NULL,'2023-03-06 19:51:19','2023-03-06 19:52:03',1,0,NULL,0,33,0,NULL,NULL),(44,'2023-03-06-8a5ad6b504969162f890b131b12f2f29_w750_h500.jpg',1,3.00,2.00,23,NULL,NULL,'active',NULL,NULL,'2023-03-06 19:52:15','2023-03-06 19:53:01',1,0,NULL,0,33,0,NULL,NULL),(45,'2023-03-06-cb3382b9c82cb04c71ea2bd93121fcc2_w750_h500.jpg',1,12.00,12.00,32,NULL,NULL,'active',NULL,NULL,'2023-03-06 19:54:08','2023-03-06 19:54:55',1,0,NULL,0,33,0,NULL,NULL),(46,'2023-03-06-2104c2f3befbcf583f40d06074a05d9c_w750_h500.jpg',1,12.00,12.00,23,NULL,NULL,'active',NULL,NULL,'2023-03-06 19:55:09','2023-03-06 19:55:53',1,0,NULL,0,33,0,NULL,NULL),(47,'2023-03-06-774923167d3c32901e300ab5641ae8c8_w750_h500.jpg',1,4.00,3.00,23,NULL,NULL,'active',NULL,NULL,'2023-03-06 19:56:06','2023-03-06 19:56:57',1,0,NULL,0,33,0,NULL,NULL),(48,'2023-03-06-7868aa162f2f871cdd7db810f98f8b5c_w750_h500.jpg',1,12.00,11.00,12,NULL,NULL,'active',NULL,NULL,'2023-03-06 20:07:50','2023-03-06 20:08:27',1,0,NULL,0,33,0,NULL,NULL),(49,'2023-03-06-b14137404072bdcd4542c4c68668cd30_w750_h500.jpg',1,7.00,7.00,12,NULL,NULL,'active',NULL,NULL,'2023-03-06 20:08:39','2023-03-06 20:09:21',1,0,NULL,0,33,0,NULL,NULL),(50,'2023-03-06-9c6d09f1af41afaea7066398156b272c_w750_h500.jpg',1,12.00,10.00,12,NULL,NULL,'active',NULL,NULL,'2023-03-06 20:09:36','2023-03-06 20:10:41',1,0,NULL,0,33,0,NULL,NULL),(51,'2023-03-06-32e977132ca4710a1bf53abead36e34c_w750_h500.jpg',1,8.00,12.00,87,NULL,NULL,'active',NULL,NULL,'2023-03-06 20:12:08','2023-03-06 20:13:16',1,0,NULL,0,33,0,NULL,NULL),(52,'2023-03-06-c6e08866005c4d3c002d4f9a301d3f2f_w750_h500.jpg',1,12.00,11.00,11,NULL,NULL,'active',NULL,NULL,'2023-03-06 20:13:31','2023-03-06 20:14:21',1,0,NULL,0,33,0,NULL,NULL);

--
-- Table structure for table `public_notifcations`
--

CREATE TABLE `public_notifcations` (
  `id` int unsigned NOT NULL AUTO_INCREMENT,
  `user_id` int unsigned DEFAULT NULL,
  `title` varchar(255) CHARACTER SET utf8mb4 COLLATE utf8mb4_unicode_ci NOT NULL,
  `message` text CHARACTER SET utf8mb4 COLLATE utf8mb4_unicode_ci NOT NULL,
  `data` text CHARACTER SET utf8mb4 COLLATE utf8mb4_unicode_ci NOT NULL,
  `created_at` timestamp NULL DEFAULT NULL,
  `updated_at` timestamp NULL DEFAULT NULL,
  `send_date` datetime DEFAULT NULL,
  `sended` int NOT NULL DEFAULT '0',
  PRIMARY KEY (`id`),
  KEY `public_notifcations_user_id_foreign` (`user_id`),
  CONSTRAINT `public_notifcations_user_id_foreign` FOREIGN KEY (`user_id`) REFERENCES `users` (`id`) ON DELETE CASCADE
) ENGINE=InnoDB AUTO_INCREMENT=28 DEFAULT CHARSET=utf8mb4 COLLATE=utf8mb4_unicode_ci;

--
-- Dumping data for table `public_notifcations`
--

INSERT INTO `public_notifcations` (`id`, `user_id`, `title`, `message`, `data`, `created_at`, `updated_at`, `send_date`, `sended`) VALUES (26,1,'sfsdfsdf','dsfsf','{\"image\":\"https:\\/\\/mazraeati.com\\/storage\\/images\\/notifications\\/bBn2q7IF0vxSAzG6XtwhI9H5EZw1S4ZLxgSxBTLK.png\"}','2022-07-02 08:34:48','2022-07-02 08:34:48',NULL,0),(27,1,'asdasd','asd','{\"image\":\"https:\\/\\/mazraeati.com\\/storage\\/images\\/notifications\\/uj3bvx488aDZkqu54WJil7vMLsNZLNFspPaR9zCM.png\"}','2022-07-13 09:10:39','2022-07-13 09:10:39',NULL,0);

--
-- Table structure for table `refund_products`
--

CREATE TABLE `refund_products` (
  `id` int unsigned NOT NULL AUTO_INCREMENT,
  `user_id` int unsigned DEFAULT NULL,
  `product_order_id` int unsigned DEFAULT NULL,
  `product_id` int unsigned DEFAULT NULL,
  `type` varchar(255) CHARACTER SET utf8mb4 COLLATE utf8mb4_unicode_ci DEFAULT NULL,
  `notes` text CHARACTER SET utf8mb4 COLLATE utf8mb4_unicode_ci,
  `created_at` timestamp NULL DEFAULT NULL,
  `updated_at` timestamp NULL DEFAULT NULL,
  `restore` int DEFAULT '0',
  PRIMARY KEY (`id`),
  KEY `refund_products_user_id_foreign` (`user_id`),
  KEY `refund_products_product_id_foreign` (`product_id`),
  KEY `refund_products_product_order_id_foreign` (`product_order_id`),
  CONSTRAINT `refund_products_product_id_foreign` FOREIGN KEY (`product_id`) REFERENCES `products` (`id`) ON DELETE CASCADE,
  CONSTRAINT `refund_products_product_order_id_foreign` FOREIGN KEY (`product_order_id`) REFERENCES `product_orders` (`id`) ON DELETE CASCADE,
  CONSTRAINT `refund_products_user_id_foreign` FOREIGN KEY (`user_id`) REFERENCES `users` (`id`) ON DELETE CASCADE
) ENGINE=InnoDB DEFAULT CHARSET=utf8mb4 COLLATE=utf8mb4_unicode_ci;

--
-- Dumping data for table `refund_products`
--


--
-- Table structure for table `region_translations`
--

CREATE TABLE `region_translations` (
  `id` int unsigned NOT NULL AUTO_INCREMENT,
  `region_id` int unsigned NOT NULL,
  `name` varchar(255) CHARACTER SET utf8mb4 COLLATE utf8mb4_unicode_ci NOT NULL,
  `locale` varchar(255) CHARACTER SET utf8mb4 COLLATE utf8mb4_unicode_ci NOT NULL,
  `created_at` timestamp NULL DEFAULT NULL,
  `updated_at` timestamp NULL DEFAULT NULL,
  PRIMARY KEY (`id`),
  UNIQUE KEY `region_translations_region_id_locale_unique` (`region_id`,`locale`),
  KEY `region_translations_locale_index` (`locale`),
  CONSTRAINT `region_translations_region_id_foreign` FOREIGN KEY (`region_id`) REFERENCES `regions` (`id`) ON DELETE CASCADE
) ENGINE=InnoDB AUTO_INCREMENT=3 DEFAULT CHARSET=utf8mb4 COLLATE=utf8mb4_unicode_ci;

--
-- Dumping data for table `region_translations`
--

INSERT INTO `region_translations` (`id`, `region_id`, `name`, `locale`, `created_at`, `updated_at`) VALUES (1,1,'السالمية','ar',NULL,NULL),(2,1,'السالمية','en',NULL,NULL);

--
-- Table structure for table `regions`
--

CREATE TABLE `regions` (
  `id` int unsigned NOT NULL AUTO_INCREMENT,
  `status` tinyint(1) NOT NULL DEFAULT '1',
  `address_address` varchar(255) CHARACTER SET utf8mb4 COLLATE utf8mb4_unicode_ci NOT NULL,
  `address_latitude` double NOT NULL,
  `address_longitude` double NOT NULL,
  `governments_id` int unsigned NOT NULL,
  `created_at` timestamp NULL DEFAULT NULL,
  `updated_at` timestamp NULL DEFAULT NULL,
  PRIMARY KEY (`id`),
  KEY `regions_governments_id_foreign` (`governments_id`),
  CONSTRAINT `regions_governments_id_foreign` FOREIGN KEY (`governments_id`) REFERENCES `governments` (`id`) ON DELETE CASCADE
) ENGINE=InnoDB AUTO_INCREMENT=2 DEFAULT CHARSET=utf8mb4 COLLATE=utf8mb4_unicode_ci;

--
-- Dumping data for table `regions`
--

INSERT INTO `regions` (`id`, `status`, `address_address`, `address_latitude`, `address_longitude`, `governments_id`, `created_at`, `updated_at`) VALUES (1,1,'السالمية، Kuwait',29.3352938,48.0715612,1,'2022-06-23 07:10:04','2022-06-23 07:10:04');

--
-- Table structure for table `role_user`
--

CREATE TABLE `role_user` (
  `role_id` bigint unsigned NOT NULL,
  `user_id` bigint unsigned NOT NULL,
  `user_type` varchar(255) CHARACTER SET utf8mb4 COLLATE utf8mb4_unicode_ci NOT NULL,
  PRIMARY KEY (`user_id`,`role_id`,`user_type`),
  KEY `role_user_role_id_foreign` (`role_id`),
  CONSTRAINT `role_user_role_id_foreign` FOREIGN KEY (`role_id`) REFERENCES `roles` (`id`) ON DELETE CASCADE ON UPDATE CASCADE
) ENGINE=InnoDB DEFAULT CHARSET=utf8mb4 COLLATE=utf8mb4_unicode_ci;

--
-- Dumping data for table `role_user`
--

INSERT INTO `role_user` (`role_id`, `user_id`, `user_type`) VALUES (1,1,'App\\Models\\User'),(2,3,'App\\Models\\User'),(2,6,'App\\Models\\User'),(2,7,'App\\Models\\User'),(2,8,'App\\Models\\User'),(2,9,'App\\Models\\User'),(2,10,'App\\Models\\User'),(2,11,'App\\Models\\User'),(2,12,'App\\Models\\User'),(2,15,'App\\Models\\User'),(2,18,'App\\Models\\User'),(2,19,'App\\Models\\User'),(2,24,'App\\Models\\User'),(2,27,'App\\Models\\User'),(2,39,'App\\Models\\User'),(2,40,'App\\Models\\User'),(2,41,'App\\Models\\User'),(2,42,'App\\Models\\User'),(2,43,'App\\Models\\User'),(2,44,'App\\Models\\User'),(2,45,'App\\Models\\User'),(2,46,'App\\Models\\User'),(2,57,'App\\Models\\User'),(2,59,'App\\Models\\User'),(2,60,'App\\Models\\User'),(2,61,'App\\Models\\User'),(2,62,'App\\Models\\User'),(2,63,'App\\Models\\User'),(2,64,'App\\Models\\User'),(2,65,'App\\Models\\User'),(2,66,'App\\Models\\User'),(2,67,'App\\Models\\User'),(2,68,'App\\Models\\User'),(2,69,'App\\Models\\User'),(2,70,'App\\Models\\User'),(2,71,'App\\Models\\User'),(2,72,'App\\Models\\User'),(2,73,'App\\Models\\User'),(2,74,'App\\Models\\User'),(2,75,'App\\Models\\User'),(2,76,'App\\Models\\User'),(2,77,'App\\Models\\User'),(2,78,'App\\Models\\User'),(2,79,'App\\Models\\User'),(2,80,'App\\Models\\User'),(2,81,'App\\Models\\User'),(3,55,'App\\Models\\User'),(3,58,'App\\Models\\User'),(4,47,'App\\Models\\User'),(4,51,'App\\Models\\User'),(4,52,'App\\Models\\User'),(4,53,'App\\Models\\User'),(4,54,'App\\Models\\User'),(4,56,'App\\Models\\User'),(5,55,'App\\Models\\User'),(5,58,'App\\Models\\User');

--
-- Table structure for table `roles`
--

CREATE TABLE `roles` (
  `id` bigint unsigned NOT NULL AUTO_INCREMENT,
  `name` varchar(255) CHARACTER SET utf8mb4 COLLATE utf8mb4_unicode_ci NOT NULL,
  `display_name` varchar(255) CHARACTER SET utf8mb4 COLLATE utf8mb4_unicode_ci DEFAULT NULL,
  `description` varchar(255) CHARACTER SET utf8mb4 COLLATE utf8mb4_unicode_ci DEFAULT NULL,
  `created_at` timestamp NULL DEFAULT NULL,
  `updated_at` timestamp NULL DEFAULT NULL,
  PRIMARY KEY (`id`),
  UNIQUE KEY `roles_name_unique` (`name`)
) ENGINE=InnoDB AUTO_INCREMENT=6 DEFAULT CHARSET=utf8mb4 COLLATE=utf8mb4_unicode_ci;

--
-- Dumping data for table `roles`
--

INSERT INTO `roles` (`id`, `name`, `display_name`, `description`, `created_at`, `updated_at`) VALUES (1,'super_admin','Super Admin','Super Admin','2022-06-21 09:32:18','2022-06-21 09:32:18'),(2,'clients','Clients','Clients','2022-06-21 09:32:18','2022-06-21 09:32:18'),(3,'admin','Admin','Admin','2022-06-21 09:32:18','2022-06-21 09:32:18'),(4,'Tager','Tager','Tager','2022-06-21 09:32:18','2022-06-21 09:32:18'),(5,'Driver',NULL,NULL,'2022-06-25 08:47:45','2022-06-25 08:47:45');

--
-- Table structure for table `shipping_type_translations`
--

CREATE TABLE `shipping_type_translations` (
  `id` int unsigned NOT NULL AUTO_INCREMENT,
  `shipping_type_id` int unsigned NOT NULL,
  `title` varchar(255) CHARACTER SET utf8mb4 COLLATE utf8mb4_unicode_ci DEFAULT NULL,
  `locale` varchar(255) CHARACTER SET utf8mb4 COLLATE utf8mb4_unicode_ci NOT NULL,
  `created_at` timestamp NULL DEFAULT NULL,
  `updated_at` timestamp NULL DEFAULT NULL,
  PRIMARY KEY (`id`),
  UNIQUE KEY `shipping_type_translations_shipping_type_id_locale_unique` (`shipping_type_id`,`locale`),
  CONSTRAINT `shipping_type_translations_shipping_type_id_foreign` FOREIGN KEY (`shipping_type_id`) REFERENCES `shipping_types` (`id`) ON DELETE CASCADE
) ENGINE=InnoDB DEFAULT CHARSET=utf8mb4 COLLATE=utf8mb4_unicode_ci;

--
-- Dumping data for table `shipping_type_translations`
--


--
-- Table structure for table `shipping_types`
--

CREATE TABLE `shipping_types` (
  `id` int unsigned NOT NULL AUTO_INCREMENT,
  `image` varchar(255) CHARACTER SET utf8mb4 COLLATE utf8mb4_unicode_ci DEFAULT NULL,
  `type` int NOT NULL DEFAULT '0',
  `status` int NOT NULL DEFAULT '0',
  `created_at` timestamp NULL DEFAULT NULL,
  `updated_at` timestamp NULL DEFAULT NULL,
  PRIMARY KEY (`id`)
) ENGINE=InnoDB DEFAULT CHARSET=utf8mb4 COLLATE=utf8mb4_unicode_ci;

--
-- Dumping data for table `shipping_types`
--


--
-- Table structure for table `short_terms`
--

CREATE TABLE `short_terms` (
  `id` int unsigned NOT NULL AUTO_INCREMENT,
  `Ticket` varchar(255) CHARACTER SET utf8mb4 COLLATE utf8mb4_unicode_ci NOT NULL,
  `AccountNo` varchar(255) CHARACTER SET utf8mb4 COLLATE utf8mb4_unicode_ci NOT NULL,
  `Action` varchar(255) CHARACTER SET utf8mb4 COLLATE utf8mb4_unicode_ci NOT NULL,
  `FirstSymbol` varchar(255) CHARACTER SET utf8mb4 COLLATE utf8mb4_unicode_ci NOT NULL,
  `PriceCurrent` varchar(255) CHARACTER SET utf8mb4 COLLATE utf8mb4_unicode_ci NOT NULL,
  `PriceOpen` varchar(255) CHARACTER SET utf8mb4 COLLATE utf8mb4_unicode_ci NOT NULL,
  `PriceSL` varchar(255) CHARACTER SET utf8mb4 COLLATE utf8mb4_unicode_ci NOT NULL,
  `PriceTP` varchar(255) CHARACTER SET utf8mb4 COLLATE utf8mb4_unicode_ci NOT NULL,
  `Profit` varchar(255) CHARACTER SET utf8mb4 COLLATE utf8mb4_unicode_ci NOT NULL,
  `SecondSymbol` varchar(255) CHARACTER SET utf8mb4 COLLATE utf8mb4_unicode_ci NOT NULL,
  `Symbol` varchar(255) CHARACTER SET utf8mb4 COLLATE utf8mb4_unicode_ci DEFAULT NULL,
  `Time` varchar(255) CHARACTER SET utf8mb4 COLLATE utf8mb4_unicode_ci NOT NULL,
  `Volume` varchar(255) CHARACTER SET utf8mb4 COLLATE utf8mb4_unicode_ci NOT NULL,
  `created_at` timestamp NULL DEFAULT NULL,
  `updated_at` timestamp NULL DEFAULT NULL,
  PRIMARY KEY (`id`)
) ENGINE=InnoDB DEFAULT CHARSET=utf8mb4 COLLATE=utf8mb4_unicode_ci;

--
-- Dumping data for table `short_terms`
--


--
-- Table structure for table `slider_translations`
--

CREATE TABLE `slider_translations` (
  `id` int unsigned NOT NULL AUTO_INCREMENT,
  `slider_id` int unsigned NOT NULL,
  `name` varchar(255) CHARACTER SET utf8mb4 COLLATE utf8mb4_unicode_ci DEFAULT NULL,
  `content` varchar(255) CHARACTER SET utf8mb4 COLLATE utf8mb4_unicode_ci DEFAULT NULL,
  `locale` varchar(255) CHARACTER SET utf8mb4 COLLATE utf8mb4_unicode_ci NOT NULL,
  `created_at` timestamp NULL DEFAULT NULL,
  `updated_at` timestamp NULL DEFAULT NULL,
  PRIMARY KEY (`id`),
  UNIQUE KEY `slider_translations_slider_id_locale_unique` (`slider_id`,`locale`),
  KEY `slider_translations_locale_index` (`locale`),
  CONSTRAINT `slider_translations_slider_id_foreign` FOREIGN KEY (`slider_id`) REFERENCES `sliders` (`id`) ON DELETE CASCADE
) ENGINE=InnoDB DEFAULT CHARSET=utf8mb4 COLLATE=utf8mb4_unicode_ci;

--
-- Dumping data for table `slider_translations`
--


--
-- Table structure for table `sliders`
--

CREATE TABLE `sliders` (
  `id` int unsigned NOT NULL AUTO_INCREMENT,
  `image` varchar(255) CHARACTER SET utf8mb4 COLLATE utf8mb4_unicode_ci NOT NULL,
  `type` enum('none','category','product') CHARACTER SET utf8mb4 COLLATE utf8mb4_unicode_ci NOT NULL DEFAULT 'none',
  `id_number` int DEFAULT NULL,
  `status` varchar(255) CHARACTER SET utf8mb4 COLLATE utf8mb4_unicode_ci NOT NULL DEFAULT '1',
  `created_at` timestamp NULL DEFAULT NULL,
  `updated_at` timestamp NULL DEFAULT NULL,
  `banner` int DEFAULT '0',
  PRIMARY KEY (`id`)
) ENGINE=InnoDB AUTO_INCREMENT=13 DEFAULT CHARSET=utf8mb4 COLLATE=utf8mb4_unicode_ci;

--
-- Dumping data for table `sliders`
--

INSERT INTO `sliders` (`id`, `image`, `type`, `id_number`, `status`, `created_at`, `updated_at`, `banner`) VALUES (3,'397866-pancakes-2291908__340.jpg','product',2,'1','2022-11-08 08:59:16','2023-03-06 20:26:03',0),(4,'776596-salmon-1238248__340.jpg','product',4444,'1','2022-11-08 09:06:43','2023-03-06 20:25:54',0),(6,'657751-hamburger-494706__340.jpg','product',2,'1','2022-11-08 09:15:17','2023-03-06 20:25:48',1),(7,'936934-cookie-756601__340.jpg','product',13,'1','2022-12-17 20:23:30','2023-03-06 20:25:41',0),(8,'750000-pizza-329523__340.jpg','category',1,'1','2023-02-10 16:38:30','2023-03-06 20:25:35',1),(9,'851256-9c6d09f1af41afaea7066398156b272c_w750_h500.jpg','category',2,'1','2023-02-10 16:40:07','2023-03-06 20:25:27',0),(12,'607422-salmon-518032__340.jpg','category',NULL,'1','2023-03-06 20:26:53','2023-03-06 20:28:12',1);

--
-- Table structure for table `tagers`
--

CREATE TABLE `tagers` (
  `id` int unsigned NOT NULL AUTO_INCREMENT,
  `user_id` int unsigned NOT NULL,
  `instagram_link` varchar(255) CHARACTER SET utf8mb4 COLLATE utf8mb4_unicode_ci DEFAULT NULL,
  `banners` text CHARACTER SET utf8mb4 COLLATE utf8mb4_unicode_ci,
  `created_at` timestamp NULL DEFAULT NULL,
  `updated_at` timestamp NULL DEFAULT NULL,
  PRIMARY KEY (`id`),
  KEY `tagers_user_id_foreign` (`user_id`),
  CONSTRAINT `tagers_user_id_foreign` FOREIGN KEY (`user_id`) REFERENCES `users` (`id`) ON DELETE CASCADE
) ENGINE=InnoDB AUTO_INCREMENT=8 DEFAULT CHARSET=utf8mb4 COLLATE=utf8mb4_unicode_ci;

--
-- Dumping data for table `tagers`
--

INSERT INTO `tagers` (`id`, `user_id`, `instagram_link`, `banners`, `created_at`, `updated_at`) VALUES (2,47,'https://forsa.topapp-kw.com/ar/admin/panel/tagers/create','[\"2022-06-26-e5e46aed80d0ea36e1ce0e66694b02f81648659101471.png\"]','2022-06-25 08:39:01','2022-06-26 08:48:14'),(3,51,'https://forsa.topapp-kw.com/ar/admin/panel/tagers/create','[\"2022-06-26-unnamed.png\"]','2022-06-25 08:43:38','2022-06-26 08:52:05'),(4,52,'https://forsa.topapp-kw.com/ar/admin/panel/tagers/create','[\"2022-06-25-unnamed-1.png\"]','2022-06-25 08:49:26','2022-06-25 08:49:26'),(5,53,'https://forsa.topapp-kw.com/ar/admin/panel/tagers/create','[\"2022-06-25-b350d943a372f3f36a876b10b3f40038_icon.png\"]','2022-06-25 08:53:19','2022-06-25 08:53:19'),(6,54,'https://forsa.topapp-kw.com/ar/admin/panel/tagers/create','[\"2022-06-25-0s5C6_cA_400x400.png\"]','2022-06-25 08:55:53','2022-06-25 08:55:53'),(7,56,'https://forsa.topapp-kw.com/ar/admin/panel/tagers/create','[\"2022-06-25-dsfds.jpg\"]','2022-06-25 08:58:57','2022-06-25 08:58:57');

--
-- Table structure for table `topic_subscripts`
--

CREATE TABLE `topic_subscripts` (
  `id` int unsigned NOT NULL AUTO_INCREMENT,
  `topics_id` int unsigned DEFAULT NULL,
  `status` varchar(255) CHARACTER SET utf8mb4 COLLATE utf8mb4_unicode_ci NOT NULL,
  `symobleName` varchar(255) CHARACTER SET utf8mb4 COLLATE utf8mb4_unicode_ci NOT NULL,
  `created_at` timestamp NULL DEFAULT NULL,
  `updated_at` timestamp NULL DEFAULT NULL,
  PRIMARY KEY (`id`),
  KEY `topic_subscripts_topics_id_foreign` (`topics_id`),
  CONSTRAINT `topic_subscripts_topics_id_foreign` FOREIGN KEY (`topics_id`) REFERENCES `topics` (`id`) ON DELETE CASCADE
) ENGINE=InnoDB DEFAULT CHARSET=utf8mb4 COLLATE=utf8mb4_unicode_ci;

--
-- Dumping data for table `topic_subscripts`
--


--
-- Table structure for table `topics`
--

CREATE TABLE `topics` (
  `id` int unsigned NOT NULL AUTO_INCREMENT,
  `token` text CHARACTER SET utf8mb4 COLLATE utf8mb4_unicode_ci,
  `created_at` timestamp NULL DEFAULT NULL,
  `updated_at` timestamp NULL DEFAULT NULL,
  PRIMARY KEY (`id`)
) ENGINE=InnoDB DEFAULT CHARSET=utf8mb4 COLLATE=utf8mb4_unicode_ci;

--
-- Dumping data for table `topics`
--


--
-- Table structure for table `user_addresses`
--

CREATE TABLE `user_addresses` (
  `id` int unsigned NOT NULL AUTO_INCREMENT,
  `user_id` int unsigned DEFAULT NULL,
  `governments_id` int unsigned DEFAULT NULL,
  `region_id` int unsigned DEFAULT NULL,
  `block` varchar(255) CHARACTER SET utf8mb4 COLLATE utf8mb4_unicode_ci NOT NULL,
  `Street_number` varchar(255) CHARACTER SET utf8mb4 COLLATE utf8mb4_unicode_ci NOT NULL,
  `gada` varchar(191) CHARACTER SET utf8mb4 COLLATE utf8mb4_unicode_ci DEFAULT NULL,
  `Apartment_number` varchar(255) CHARACTER SET utf8mb4 COLLATE utf8mb4_unicode_ci NOT NULL,
  `floor_number` varchar(255) CHARACTER SET utf8mb4 COLLATE utf8mb4_unicode_ci NOT NULL,
  `house_number` varchar(255) CHARACTER SET utf8mb4 COLLATE utf8mb4_unicode_ci NOT NULL,
  `type` varchar(255) CHARACTER SET utf8mb4 COLLATE utf8mb4_unicode_ci NOT NULL,
  `user_name` varchar(255) CHARACTER SET utf8mb4 COLLATE utf8mb4_unicode_ci DEFAULT NULL,
  `phone` varchar(255) CHARACTER SET utf8mb4 COLLATE utf8mb4_unicode_ci DEFAULT NULL,
  `email` varchar(255) CHARACTER SET utf8mb4 COLLATE utf8mb4_unicode_ci DEFAULT NULL,
  `created_at` timestamp NULL DEFAULT NULL,
  `updated_at` timestamp NULL DEFAULT NULL,
  `checked` varchar(11) CHARACTER SET utf8mb4 COLLATE utf8mb4_unicode_ci DEFAULT NULL,
  `lat` varchar(191) CHARACTER SET utf8mb4 COLLATE utf8mb4_unicode_ci DEFAULT NULL,
  `long` varchar(191) CHARACTER SET utf8mb4 COLLATE utf8mb4_unicode_ci DEFAULT NULL,
  `country_id` int DEFAULT NULL,
  `secondphone` varchar(191) CHARACTER SET utf8mb4 COLLATE utf8mb4_unicode_ci DEFAULT NULL,
  `governments` varchar(191) CHARACTER SET utf8mb4 COLLATE utf8mb4_unicode_ci DEFAULT NULL,
  `regions` varchar(191) CHARACTER SET utf8mb4 COLLATE utf8mb4_unicode_ci DEFAULT NULL,
  `note` text CHARACTER SET utf8mb4 COLLATE utf8mb4_unicode_ci,
  `civil_id` varchar(191) CHARACTER SET utf8mb4 COLLATE utf8mb4_unicode_ci DEFAULT NULL,
  `mac_address` varchar(191) CHARACTER SET utf8mb4 COLLATE utf8mb4_unicode_ci NOT NULL,
  PRIMARY KEY (`id`),
  KEY `user_addresses_user_id_foreign` (`user_id`),
  KEY `user_addresses_governments_id_foreign` (`governments_id`),
  KEY `user_addresses_region_id_foreign` (`region_id`),
  CONSTRAINT `user_addresses_governments_id_foreign` FOREIGN KEY (`governments_id`) REFERENCES `governments` (`id`) ON DELETE CASCADE,
  CONSTRAINT `user_addresses_region_id_foreign` FOREIGN KEY (`region_id`) REFERENCES `regions` (`id`) ON DELETE CASCADE,
  CONSTRAINT `user_addresses_user_id_foreign` FOREIGN KEY (`user_id`) REFERENCES `users` (`id`) ON DELETE CASCADE
) ENGINE=InnoDB AUTO_INCREMENT=3 DEFAULT CHARSET=utf8mb4 COLLATE=utf8mb4_unicode_ci;

--
-- Dumping data for table `user_addresses`
--

INSERT INTO `user_addresses` (`id`, `user_id`, `governments_id`, `region_id`, `block`, `Street_number`, `gada`, `Apartment_number`, `floor_number`, `house_number`, `type`, `user_name`, `phone`, `email`, `created_at`, `updated_at`, `checked`, `lat`, `long`, `country_id`, `secondphone`, `governments`, `regions`, `note`, `civil_id`, `mac_address`) VALUES (1,NULL,1,1,'4533','345',NULL,'4543','4353','345','','hymdfg','+965453543543','sdafdsafasd@gma.I;cc','2022-12-17 20:39:10','2022-12-17 20:44:52','true',NULL,NULL,1,'+9653454354353',NULL,NULL,NULL,NULL,'0EA9CCA4-A907-45DB-B244-44BF371CD557'),(2,NULL,1,1,'55','fake',NULL,'_','_','3','','test test','+9650512345678','test@gmail.com','2023-03-07 06:33:41','2023-03-07 06:33:48','true',NULL,NULL,1,'_',NULL,NULL,NULL,NULL,'48CE8401-B83F-4F2D-A855-CCABC0B1BA2F');

--
-- Table structure for table `user_categories`
--

CREATE TABLE `user_categories` (
  `id` int unsigned NOT NULL AUTO_INCREMENT,
  `user_id` int unsigned NOT NULL,
  `category_id` int unsigned NOT NULL,
  `created_at` timestamp NULL DEFAULT NULL,
  `updated_at` timestamp NULL DEFAULT NULL,
  PRIMARY KEY (`id`),
  KEY `user_categories_user_id_foreign` (`user_id`),
  KEY `user_categories_category_id_foreign` (`category_id`)
) ENGINE=InnoDB AUTO_INCREMENT=10 DEFAULT CHARSET=utf8mb4 COLLATE=utf8mb4_unicode_ci;

--
-- Dumping data for table `user_categories`
--

INSERT INTO `user_categories` (`id`, `user_id`, `category_id`, `created_at`, `updated_at`) VALUES (2,47,3,NULL,NULL),(3,51,4,NULL,NULL),(4,52,3,NULL,NULL),(5,53,3,NULL,NULL),(6,54,4,NULL,NULL),(7,56,4,NULL,NULL),(8,56,6,NULL,NULL),(9,47,10,NULL,NULL);

--
-- Table structure for table `user_orders`
--

CREATE TABLE `user_orders` (
  `id` int unsigned NOT NULL AUTO_INCREMENT,
  `user_id` int unsigned DEFAULT NULL,
  `order_id` int unsigned DEFAULT NULL,
  `status` enum('wait','refused','accepted','shipped','complete') CHARACTER SET utf8mb4 COLLATE utf8mb4_unicode_ci NOT NULL,
  `created_at` timestamp NULL DEFAULT NULL,
  `updated_at` timestamp NULL DEFAULT NULL,
  PRIMARY KEY (`id`),
  KEY `user_orders_user_id_foreign` (`user_id`),
  KEY `user_orders_order_id_foreign` (`order_id`),
  CONSTRAINT `user_orders_order_id_foreign` FOREIGN KEY (`order_id`) REFERENCES `orders` (`id`) ON DELETE CASCADE,
  CONSTRAINT `user_orders_user_id_foreign` FOREIGN KEY (`user_id`) REFERENCES `users` (`id`) ON DELETE CASCADE
) ENGINE=InnoDB DEFAULT CHARSET=utf8mb4 COLLATE=utf8mb4_unicode_ci;

--
-- Dumping data for table `user_orders`
--


--
-- Table structure for table `user_products`
--

CREATE TABLE `user_products` (
  `id` int unsigned NOT NULL AUTO_INCREMENT,
  `user_id` int unsigned NOT NULL,
  `product_id` int unsigned NOT NULL,
  `created_at` timestamp NULL DEFAULT NULL,
  `updated_at` timestamp NULL DEFAULT NULL,
  PRIMARY KEY (`id`),
  KEY `user_products_user_id_foreign` (`user_id`),
  KEY `user_products_product_id_foreign` (`product_id`)
) ENGINE=InnoDB AUTO_INCREMENT=16 DEFAULT CHARSET=utf8mb4 COLLATE=utf8mb4_unicode_ci;

--
-- Dumping data for table `user_products`
--

INSERT INTO `user_products` (`id`, `user_id`, `product_id`, `created_at`, `updated_at`) VALUES (15,1,30,NULL,NULL);

--
-- Table structure for table `users`
--

CREATE TABLE `users` (
  `id` int unsigned NOT NULL AUTO_INCREMENT,
  `name` varchar(255) CHARACTER SET utf8mb4 COLLATE utf8mb4_unicode_ci NOT NULL,
  `email` varchar(255) CHARACTER SET utf8mb4 COLLATE utf8mb4_unicode_ci NOT NULL,
  `email_verified_at` timestamp NULL DEFAULT NULL,
  `password` varchar(255) CHARACTER SET utf8mb4 COLLATE utf8mb4_unicode_ci DEFAULT NULL,
  `status` int NOT NULL DEFAULT '1',
  `phone` varchar(255) CHARACTER SET utf8mb4 COLLATE utf8mb4_unicode_ci DEFAULT NULL,
  `unique_id` varchar(255) CHARACTER SET utf8mb4 COLLATE utf8mb4_unicode_ci DEFAULT NULL,
  `civil_id` varchar(255) CHARACTER SET utf8mb4 COLLATE utf8mb4_unicode_ci DEFAULT NULL,
  `activation_code` varchar(255) CHARACTER SET utf8mb4 COLLATE utf8mb4_unicode_ci DEFAULT NULL,
  `remember_token` varchar(100) CHARACTER SET utf8mb4 COLLATE utf8mb4_unicode_ci DEFAULT NULL,
  `created_at` timestamp NULL DEFAULT NULL,
  `updated_at` timestamp NULL DEFAULT NULL,
  `address` varchar(255) CHARACTER SET utf8mb4 COLLATE utf8mb4_unicode_ci DEFAULT NULL,
  `lat` varchar(255) CHARACTER SET utf8mb4 COLLATE utf8mb4_unicode_ci DEFAULT NULL,
  `long` varchar(255) CHARACTER SET utf8mb4 COLLATE utf8mb4_unicode_ci DEFAULT NULL,
  `image` varchar(255) CHARACTER SET utf8mb4 COLLATE utf8mb4_unicode_ci DEFAULT NULL,
  `device_token` text CHARACTER SET utf8mb4 COLLATE utf8mb4_unicode_ci,
  PRIMARY KEY (`id`),
  UNIQUE KEY `users_email_unique` (`email`),
  UNIQUE KEY `users_phone_unique` (`phone`)
) ENGINE=InnoDB AUTO_INCREMENT=82 DEFAULT CHARSET=utf8mb4 COLLATE=utf8mb4_unicode_ci;

--
-- Dumping data for table `users`
--

INSERT INTO `users` (`id`, `name`, `email`, `email_verified_at`, `password`, `status`, `phone`, `unique_id`, `civil_id`, `activation_code`, `remember_token`, `created_at`, `updated_at`, `address`, `lat`, `long`, `image`, `device_token`) VALUES (1,'admin','admin@admin.com',NULL,'$2y$10$g9ceBZqU5q04D9oL5lUXOuF7Nxvnnf6WQF4E6nouYEL4rGuQS6MOy',1,NULL,NULL,'3222',NULL,NULL,'2022-06-21 09:32:18','2022-10-30 11:31:09',NULL,NULL,NULL,NULL,NULL),(3,'sameras','ss@gmail.com',NULL,'$2y$10$6y2bWNwEADg5ybfWQ/OexOBO4PGVUfxJ2zR734plwHaZiwizVpu.y',1,'+96555022832',NULL,NULL,'88386',NULL,'2022-06-22 10:12:09','2022-06-22 10:12:09',NULL,NULL,NULL,NULL,NULL),(6,'sameras','ahmed@gmail.com',NULL,'$2y$10$6Sjk5SwTYtU.GfvhYRRmtuwMTzzat2tt3CCootX6CRUN18W5CsxNi',1,'+9655502281',NULL,NULL,'67329',NULL,'2022-06-22 10:14:57','2022-06-22 10:14:57',NULL,NULL,NULL,NULL,NULL),(7,'sameras','asc@gmail.com',NULL,'$2y$10$NgCaDZrJr9vMXANdcYmcfe4hJpOm8OpFSLm05xK9NJ7y8IffbtaG2',1,'+9655502280',NULL,NULL,'27617',NULL,'2022-06-22 10:16:25','2022-06-22 10:16:25',NULL,NULL,NULL,NULL,NULL),(8,'sameras','asaac@gmail.com',NULL,'$2y$10$ADxfU/hgSoqrV38jFhpo0ebO1od3t9Okv3PwADBlcJ2syR6vQZvFa',1,'+96555022810',NULL,NULL,'24851',NULL,'2022-06-22 10:16:49','2022-06-22 10:16:49',NULL,NULL,NULL,NULL,NULL),(9,'sameras','asqaac@gmail.com',NULL,'$2y$10$TqPJTyr4xKnF/7d2Hj/oOOFkqRzrhuIY9FOh0dJhZw3HLpA9JiOKy',1,'+965550228101',NULL,NULL,'12491',NULL,'2022-06-22 10:17:35','2022-06-22 10:17:35',NULL,NULL,NULL,NULL,NULL),(10,'fdsf','asd@asd.com',NULL,'$2y$10$r4Bnky71Lp03BurL3wATZuyDOzuszk4mV6gULfolYWydwglQO4FFO',1,'+96566666666',NULL,NULL,'17603',NULL,'2022-06-23 06:50:53','2022-06-23 06:50:53',NULL,NULL,NULL,NULL,NULL),(11,'sameras3','sws@gmail.com',NULL,'$2y$10$tYanUxdjTjTK1cSVkkX.N.stfpr7zs68tYBsuZVBh4i0Xz5UX/ptO',1,'+965550228323',NULL,NULL,'67654',NULL,'2022-06-23 07:56:19','2022-06-23 07:56:19',NULL,NULL,NULL,NULL,NULL),(12,'aa','das@gmail.com',NULL,'$2y$10$0J8rz8gaslDummwO2cbrsOwjzc3qLpxJmIBkiaASZjtliKgIKbln2',1,'+96567782374',NULL,NULL,'36321',NULL,'2022-06-23 08:11:05','2022-06-23 08:11:05',NULL,NULL,NULL,NULL,NULL),(15,'sameras3','swsw@gmail.com',NULL,'$2y$10$SnskLBjO/YO46Lq6P5ty9OY487v9IBJB1VW0QA1jQuqqo0YpZcsMG',1,'+9655502283233',NULL,NULL,'20006',NULL,'2022-06-23 08:14:41','2022-06-23 08:14:41',NULL,NULL,NULL,NULL,NULL),(18,'erq','weqrqw3@gmail.com',NULL,'$2y$10$6eEoAxMAvdw5Km2QWCEj0..YND3OxZ4Q.YQ1nwTLUxFU0BmmKpSAO',1,'+96523333333',NULL,NULL,'97216',NULL,'2022-06-23 08:25:17','2022-06-23 08:25:17',NULL,NULL,NULL,NULL,NULL),(19,'werewqreqwr','weqreqw@gmail.com',NULL,'$2y$10$Lcjoa/lSEwmWyg.g9h4jDOw8FjFd5jwisnBvkJsL61XS1vLLgZs2G',1,'+96512222222222',NULL,NULL,'64636',NULL,'2022-06-23 08:25:52','2022-06-23 08:25:52',NULL,NULL,NULL,NULL,NULL),(24,'anwer','anwer@gmail.com',NULL,'$2y$10$ibpoyxVZztoIkRxG/Fr7hOZZX3Y7E6WQQ4oSyeNJxKrVGjr3CFLoK',1,'+965677823743',NULL,NULL,'72413',NULL,'2022-06-23 08:27:07','2022-06-23 08:27:07',NULL,NULL,NULL,NULL,NULL),(27,'anwer','wer@wer.com',NULL,'$2y$10$UbJC5fn.SJ1KRBRvOndXyeQJKYgkfuz6.FkJcqrRA9Fr2W0G1hcJy',1,'+96556676554',NULL,NULL,'37767',NULL,'2022-06-23 08:41:40','2022-06-23 08:41:40',NULL,NULL,NULL,NULL,NULL),(39,'ajdsfh','asd3@asd.com',NULL,'$2y$10$/VlBJqHY9xkyZbMDG6f0sORIbr.ZCUp0keuo8T0A5bHOs6yBVY2ky',1,'+96534345456',NULL,NULL,'31366',NULL,'2022-06-23 09:03:16','2022-06-23 09:03:16',NULL,NULL,NULL,NULL,NULL),(40,'anwer','anweeeer@gmail.com',NULL,'$2y$10$DbSvZXIgspY2loesSBfm4OW8MnJhjCHtlhHVj/0D82zPcrrKvYeo6',1,'+965677823745',NULL,NULL,'88635',NULL,'2022-06-23 09:14:24','2022-06-23 09:14:24',NULL,NULL,NULL,NULL,NULL),(41,'asd','asddd@ggtg.com',NULL,'$2y$10$53q353OhKBdVp5cgNFq9B.i20AveK/FlO7clIS27j2TORt7dtvpLy',1,'+96567676545',NULL,NULL,'60007',NULL,'2022-06-23 09:17:00','2022-06-23 09:17:00',NULL,NULL,NULL,NULL,NULL),(42,'assssdfdasfas','qqww@qq.com',NULL,'$2y$10$7CizSEBStP/A42m691v/4eE9ApqkD50dQVYdPLfj96tybd7rnDvNC',1,'+96576897234',NULL,NULL,'41476',NULL,'2022-06-23 09:19:09','2022-06-23 09:19:09',NULL,NULL,NULL,NULL,NULL),(43,'anwer','anweeeerw@gmail.com',NULL,'$2y$10$JdK9rVkVQoZaBek77kzXXeYM2vNQFfGtf/N.zutV/eR9mIwejH42i',1,'+9656778237451',NULL,NULL,'11996',NULL,'2022-06-23 09:30:46','2022-06-23 09:30:46',NULL,NULL,NULL,NULL,NULL),(44,'anwersh','anwersh@gmail.com',NULL,'$2y$10$0lb38s0Bq620JP/15eTNjuE9EYg78iFJRoXbya2ryyN0BVYvIDgFO',1,'+96598765432',NULL,NULL,'46207',NULL,'2022-06-23 09:39:52','2022-06-23 09:39:52',NULL,NULL,NULL,NULL,NULL),(45,'anwer','anweeeer2w@gmail.com',NULL,'$2y$10$mdZ5xNh.YUrS7gx7iq4hZOKofepx1QuSUZMgR4HPHsB5VNvRp.pgK',1,'+9656778237452',NULL,NULL,'10962',NULL,'2022-06-23 09:53:38','2022-06-23 09:53:38',NULL,NULL,NULL,NULL,NULL),(46,'anweryy','yyafwe@adas.com',NULL,'$2y$10$sg3uQpzx6HOFWTjjRxwEKuA4B2UTWIg8IgXsL7OsCCdY1QC3aJGIi',1,'+96576765456',NULL,NULL,'79553',NULL,'2022-06-23 09:57:14','2022-06-23 09:57:14',NULL,NULL,NULL,NULL,NULL),(47,'جمعية','rtrt@admin.com',NULL,'$2y$10$VCYyc9sskBMSA3uxOWw/y.82gS9MlrXFKhmKQUdjniIog2PYa3cDW',1,'+96555678987',NULL,NULL,'100301',NULL,'2022-06-25 08:39:01','2022-06-29 07:25:06','حولي',NULL,NULL,'2022-06-25-download.png',NULL),(51,'طلبات','admin3@admin.com',NULL,'$2y$10$xQ6u4FKjPy4TjLYIvgyOMeyV3ZuaPzuLk9DWFjtjGdpUG8rzoeyC6',1,'+96553445345',NULL,NULL,'524128',NULL,'2022-06-25 08:43:38','2022-06-25 08:43:38','حولي',NULL,NULL,'2022-06-25-unnamed.png',NULL),(52,'بوتيكات','admin4@admin.com',NULL,'$2y$10$3Z.Tex6Arv6QYhHz/bHNfOAeDx6XG6ks7TA8HO9sIe6TQk/Lqn3Ey',1,'+9658979879809',NULL,NULL,'819093',NULL,'2022-06-25 08:49:26','2022-06-25 08:49:26','حولي',NULL,NULL,'2022-06-25-unnamed-1.png',NULL),(53,'هنجرستيشن','akjh@admin.com',NULL,'$2y$10$kpgJgw7RdGuCzLjzn.Fx..FWgKFxh744rQmj/0AH55ule4Zt0yfAm',1,'+965765658765',NULL,NULL,'288358',NULL,'2022-06-25 08:53:19','2022-06-25 08:53:19','حولي',NULL,NULL,'2022-06-25-b350d943a372f3f36a876b10b3f40038_icon.png',NULL),(54,'الخباز الغذائي','sdafin@admin.com',NULL,'$2y$10$eFHl45NwKXXvjs2F01chmuVZ5N38UcDigo8xJRpUZz6Pn8Oevrwy6',1,'+9658977987',NULL,NULL,'200149',NULL,'2022-06-25 08:55:53','2022-06-25 08:55:53','حولي',NULL,NULL,'2022-06-25-0s5C6_cA_400x400.png',NULL),(55,'شدش','asa@gmail.com',NULL,'$2y$10$SFk8MKMy2yXoDgwWTI8weu.rtTxFtncT2RYaYHvJzs102hgDpjO/e',1,'55022864',NULL,NULL,NULL,NULL,'2022-06-25 08:55:56','2022-06-25 08:55:56',NULL,NULL,NULL,NULL,NULL),(56,'بيت خباز','fdfgfdg@admin.com',NULL,'$2y$10$HMQO3jxnJfILkrLTg5eHseCfOr38M/Z5LZpybw9Ctoa6VMYS66ZVm',1,'+965656565445',NULL,NULL,'904419',NULL,'2022-06-25 08:58:57','2022-06-25 08:58:57','حولي',NULL,NULL,'2022-06-25-dsfds.jpg',NULL),(57,'asdf','asjkhdkjas@ggg.com',NULL,'$2y$10$hDxcOomwxRX1lDC2H36FzeBzIDMLuSkLakoN2Y4pMrJWkSbGVIYpq',1,'+9656734657',NULL,NULL,'72614',NULL,'2022-06-26 05:30:30','2022-06-26 05:30:30',NULL,NULL,NULL,NULL,NULL),(58,'same','same@gmail.com',NULL,'$2y$10$zJ8JqSWSYA2eGZxtde08OOH6JUDnuzBxkGCyWGIAcGqh/mwnTLYQO',1,'55022830',NULL,NULL,NULL,NULL,'2022-06-26 09:34:21','2022-06-26 09:34:21',NULL,NULL,NULL,NULL,NULL),(59,'adghh','chjvv@ggjj.com',NULL,'$2y$10$2mbIqNoB/x4fZ6wftms32eqiWcECVph7JP9d..soy0OIEW958SRXu',1,'+965585688888',NULL,NULL,'70305',NULL,'2022-06-27 07:58:28','2022-06-27 07:58:28',NULL,NULL,NULL,NULL,NULL),(60,'qqaa','dksjhfkhds@gmail.com',NULL,'$2y$10$cSOeHaMIMkc7/QNINnfLju94TmT/IERFN.QySpeTEAKccOcdemecy',1,'+965345543',NULL,NULL,'20743',NULL,'2022-06-27 08:37:33','2022-06-27 08:37:33',NULL,NULL,NULL,NULL,NULL),(61,'anwar','anwar8@gmail.com',NULL,'$2y$10$U6iwk0KrgX/i.DUYjJn5ue1n7NFyuVxWoX15U6sOvlhW.FwpFjkDC',1,'+96567782378',NULL,NULL,'33457',NULL,'2022-06-28 09:59:48','2022-06-28 09:59:48',NULL,NULL,NULL,NULL,'fq4e9o3-dEu_swS6PNVOMn:APA91bGfAxQA929mwg7XmdluLNvV4c2BHq71MWnjtirBgk5Jw-PMIC7q2_4g404SNofcnFFe-tQtzatZ2l7ZQvPowyoohCX_QdTLtz9UGJz7baGE5iCJRZtJIES6iwAdFsBfQ2oJOHjI'),(62,'شيشي','vvv@vvg.com',NULL,'$2y$10$AEOG4jyPVO2lrWFIzPiFO.xm.dk8sWi7HdyoFg1bQxDTgdlz0Bjw2',1,'+965685555888',NULL,NULL,'75401',NULL,'2022-07-01 12:26:25','2022-07-01 12:26:25',NULL,NULL,NULL,NULL,'null'),(63,'يسب','vdfg@gmail.com',NULL,'$2y$10$JOkbIQPghFYtXZjx0C6B4.flN9xSJ6IcNmbulEIgckdSs7b51sAve',1,'+96554532',NULL,NULL,'67891',NULL,'2022-07-02 09:09:22','2022-07-02 09:09:22',NULL,NULL,NULL,NULL,'daux9nUNwEutibF2kpUXDA:APA91bGcmNhfkBjhZOENzQ7wPS20m05rmDhcoXxl_kNje0xCRlwgi48nuH6Mz-506RMIJuIbR0aXkXPFTSnH9DkmdexTiLm3e0iLjBg9bHmT7xconaK2HpmczzouhTu-aAu4ws8RQBGk'),(64,'يلاتا','fhkg@cchh.com',NULL,'$2y$10$LZW8HA5mkp5kuwz7RSKkXO0YjJLljg33yv7ETz8jWRx/l6IoCvAS2',1,'+965658287',NULL,NULL,'23912',NULL,'2022-07-02 09:28:58','2022-07-02 09:28:58',NULL,NULL,NULL,NULL,'fscjJiAAn0uyiW_FQWNl-9:APA91bG-TXqZ3q_l84Q7g0GsDDSHDvSoF7tPQGob3LN54CcGtJQstusxBhB7a-ulyxYc-1gS_eSAK7Lrv1SH0lB-4TRriNA70XZMXA4Nm-_i7VIBKLPdhirtEcG8k7zZS66336hB9grz'),(65,'anwershehata','chhg@gmaim.com',NULL,'$2y$10$qmubnfFJ/0aKWabPVTf2ju3.JKlLNfhjC6z76eYpbNywZYMRk6FY6',1,'+965677823758',NULL,NULL,'77350',NULL,'2022-07-03 04:39:54','2022-07-03 04:39:54',NULL,NULL,NULL,NULL,'c5MxSL9QUkr9sxpknNRzd0:APA91bFZOi2sm2qNZ8WXSiUPj9c4VRZN5tAEa0ya4lRuavwSPWRH7cWRvuXqU9FTYuCO9SmjociSDoRczoiP5K-1SV7qXtppFBG69zMCP3bp23uuiNxXsyQpRRe1mhyHXI4mJVly50CQ'),(66,'hhggg','fff@gggfff.com',NULL,'$2y$10$qhtXh3Qt5AdCCiqVrYyGrug1TGTV/5qveqay6uQNrPUqLftXEfuRS',1,'+965088858888',NULL,NULL,'10849',NULL,'2022-07-03 10:43:49','2022-07-03 10:43:49',NULL,NULL,NULL,NULL,'null'),(67,'dasdsa','sadasd@gmail.com',NULL,'$2y$10$w05UwJUa/XYkuVYUiBrQS.fppqJ/DeAIeF8JMeUuauckt14ZNBbDm',1,'+96553276523',NULL,NULL,'40154',NULL,'2022-07-04 17:23:29','2022-07-04 17:23:29',NULL,NULL,NULL,NULL,'null'),(68,'dsfdsfsdf','sdafdsf@gmail.com',NULL,'$2y$10$lX8sg0EfNQOqQdZJqVROYervugX55x3oaNEbG.nH00IJDtPHLIsHC',1,'+96553245234',NULL,NULL,'35621',NULL,'2022-07-05 10:29:38','2022-07-05 10:29:38',NULL,NULL,NULL,NULL,'null'),(69,'admin','admin2@admin.com',NULL,'$2y$10$g9ceBZqU5q04D9oL5lUXOuF7Nxvnnf6WQF4E6nouYEL4rGuQS6MOy',1,'+965677823755',NULL,NULL,'48946',NULL,'2022-07-05 12:13:21','2022-07-05 12:13:21',NULL,NULL,NULL,NULL,'null'),(70,'anwar','anwergg@gmail.com',NULL,'$2y$10$PzGPIBhhRrJpAEaVL02IgeSX11zl./jQPjQ31o4FMTe5yINxjvrrq',1,'+965677823756',NULL,NULL,'90745',NULL,'2022-07-06 06:25:06','2022-07-06 06:25:06',NULL,NULL,NULL,NULL,'null'),(71,'sameras','asqa3adsfsdc@gmail.com',NULL,'$2y$10$3KPyjcrf8/UMJonFvaavBe4/y63yh6A4a9ZhKxtbonORTl5BrFXxC',1,'+965550228101sfd',NULL,NULL,'75062',NULL,'2022-07-06 09:07:56','2022-07-06 09:07:56',NULL,NULL,NULL,NULL,NULL),(72,'anwer','anweeer@gmail.com',NULL,'$2y$10$6xqlWWvyr7hiwRIMoibFlukZopBRM06wxOQWA5cSasxO1nF.dXj56',1,'+965550228188',NULL,NULL,'12825',NULL,'2022-09-24 08:51:59','2022-09-24 08:51:59',NULL,NULL,NULL,NULL,NULL),(73,'44444444','44444444@gmail.com',NULL,'$2y$10$PV5Vpb0FEkW/H7yJs1RZNuQY2QuObpjchGo8ReVJHj3fD2bwWthJW',1,'+96544444444',NULL,NULL,'54649',NULL,'2022-09-28 08:50:48','2022-09-28 08:50:48',NULL,NULL,NULL,NULL,NULL),(74,'asd','asdd@asd.com',NULL,'$2y$10$dKQKOQhfO71MddPViZ7wpeVdQa7/.XtcXYTqM8CQLmA83Fq7l6.SS',1,'+965+96588888888',NULL,NULL,'82341',NULL,'2022-09-29 05:46:05','2022-09-29 05:46:05',NULL,NULL,NULL,NULL,'null'),(75,'asadad','rr@rr.com',NULL,'$2y$10$csJulC3DTVfohIKqAF7EuepDwYBNRkLM.JEKZ8UziQQt89ykX4Uwa',1,'+965+96577777777',NULL,NULL,'49496',NULL,'2022-09-29 06:09:54','2022-09-29 06:09:54',NULL,NULL,NULL,NULL,'null'),(76,'anwerss','asddd@aea.com',NULL,'$2y$10$QFPTaop3fD4PDj2tq30Zoul7hbPZzxijnF9/B/RcXdqs2ColNNx0G',1,'+96599999999',NULL,NULL,'83378',NULL,'2022-09-29 06:18:17','2022-09-29 06:18:17',NULL,NULL,NULL,NULL,NULL),(77,'anwerss3','asddgdfd@aea.com',NULL,'$2y$10$CSGuJCYwOwfgeF7UucPc2.WrgooFMkdjBQTDB5wuipPJyWccxxQDO',1,'+96533333333',NULL,NULL,'56080',NULL,'2022-09-29 06:34:17','2022-09-29 06:34:17',NULL,NULL,NULL,NULL,NULL),(81,'samer','samer@gmail.com',NULL,'$2y$10$r91SiLm0Nz2xyRY1KqlaGupZH1oosyowY.UfXtn2ars9eeRsibDMe',1,'+96555022830',NULL,'123123','19614',NULL,'2022-10-29 08:32:12','2022-10-31 06:14:40',NULL,NULL,NULL,NULL,NULL);

--
-- Dumping events for database 'topappkw_new'
--

--
-- Dumping routines for database 'topappkw_new'
--


