-- Table structure for table `oauth_auth_codes`
--

CREATE TABLE `oauth_auth_codes` (
  `id` varchar(100) CHARACTER SET utf8mb4 COLLATE utf8mb4_unicode_ci NOT NULL,
  `user_id` bigint unsigned NOT NULL,
  `client_id` bigint unsigned NOT NULL,
  `scopes` text CHARACTER SET utf8mb4 COLLATE utf8mb4_unicode_ci,
  `revoked` tinyint(1) NOT NULL,
  `expires_at` datetime DEFAULT NULL,
  PRIMARY KEY (`id`),
  KEY `oauth_auth_codes_user_id_index` (`user_id`)
) ENGINE=InnoDB DEFAULT CHARSET=utf8mb4 COLLATE=utf8mb4_unicode_ci;

--
-- Dumping data for table `oauth_auth_codes`
--


--
-- Table structure for table `oauth_clients`
--

CREATE TABLE `oauth_clients` (
  `id` bigint unsigned NOT NULL AUTO_INCREMENT,
  `user_id` bigint unsigned DEFAULT NULL,
  `name` varchar(255) CHARACTER SET utf8mb4 COLLATE utf8mb4_unicode_ci NOT NULL,
  `secret` varchar(100) CHARACTER SET utf8mb4 COLLATE utf8mb4_unicode_ci DEFAULT NULL,
  `provider` varchar(255) CHARACTER SET utf8mb4 COLLATE utf8mb4_unicode_ci DEFAULT NULL,
  `redirect` text CHARACTER SET utf8mb4 COLLATE utf8mb4_unicode_ci NOT NULL,
  `personal_access_client` tinyint(1) NOT NULL,
  `password_client` tinyint(1) NOT NULL,
  `revoked` tinyint(1) NOT NULL,
  `created_at` timestamp NULL DEFAULT NULL,
  `updated_at` timestamp NULL DEFAULT NULL,
  PRIMARY KEY (`id`),
  KEY `oauth_clients_user_id_index` (`user_id`)
) ENGINE=InnoDB AUTO_INCREMENT=3 DEFAULT CHARSET=utf8mb4 COLLATE=utf8mb4_unicode_ci;

--
-- Dumping data for table `oauth_clients`
--

INSERT INTO `oauth_clients` (`id`, `user_id`, `name`, `secret`, `provider`, `redirect`, `personal_access_client`, `password_client`, `revoked`, `created_at`, `updated_at`) VALUES (1,NULL,'Laravel Personal Access Client','M5hKJeOymQ5ybOqGLb1ZHeZwAvggkkcZi4jSuwrX',NULL,'http://localhost',1,0,0,'2022-06-22 10:12:48','2022-06-22 10:12:48'),(2,NULL,'Laravel Password Grant Client','oiElx9TLRlbGMJYB07DzGeD7GcN1SQMxbg24HbDa','users','http://localhost',0,1,0,'2022-06-22 10:12:48','2022-06-22 10:12:48');

--
-- Table structure for table `oauth_personal_access_clients`
--

CREATE TABLE `oauth_personal_access_clients` (
  `id` bigint unsigned NOT NULL AUTO_INCREMENT,
  `client_id` bigint unsigned NOT NULL,
  `created_at` timestamp NULL DEFAULT NULL,
  `updated_at` timestamp NULL DEFAULT NULL,
  PRIMARY KEY (`id`)
) ENGINE=InnoDB AUTO_INCREMENT=2 DEFAULT CHARSET=utf8mb4 COLLATE=utf8mb4_unicode_ci;

--
-- Dumping data for table `oauth_personal_access_clients`
--

INSERT INTO `oauth_personal_access_clients` (`id`, `client_id`, `created_at`, `updated_at`) VALUES (1,1,'2022-06-22 10:12:48','2022-06-22 10:12:48');

--
-- Table structure for table `oauth_refresh_tokens`
--

CREATE TABLE `oauth_refresh_tokens` (
  `id` varchar(100) CHARACTER SET utf8mb4 COLLATE utf8mb4_unicode_ci NOT NULL,
  `access_token_id` varchar(100) CHARACTER SET utf8mb4 COLLATE utf8mb4_unicode_ci NOT NULL,
  `revoked` tinyint(1) NOT NULL,
  `expires_at` datetime DEFAULT NULL,
  PRIMARY KEY (`id`),
  KEY `oauth_refresh_tokens_access_token_id_index` (`access_token_id`)
) ENGINE=InnoDB DEFAULT CHARSET=utf8mb4 COLLATE=utf8mb4_unicode_ci;

--
-- Dumping data for table `oauth_refresh_tokens`
--


--
-- Table structure for table `offer_orders`
--

CREATE TABLE `offer_orders` (
  `id` int unsigned NOT NULL AUTO_INCREMENT,
  `type` varchar(255) CHARACTER SET utf8mb4 COLLATE utf8mb4_unicode_ci DEFAULT NULL,
  `offer_id` int unsigned DEFAULT NULL,
  `order_id` int unsigned DEFAULT NULL,
  `order_product_id` int unsigned DEFAULT NULL,
  `amount` int NOT NULL DEFAULT '1',
  `discount` decimal(8,2) NOT NULL,
  `created_at` timestamp NULL DEFAULT NULL,
  `updated_at` timestamp NULL DEFAULT NULL,
  PRIMARY KEY (`id`),
  KEY `offer_orders_offer_id_foreign` (`offer_id`),
  KEY `offer_orders_order_id_foreign` (`order_id`),
  KEY `offer_orders_order_product_id_foreign` (`order_product_id`),
  CONSTRAINT `offer_orders_offer_id_foreign` FOREIGN KEY (`offer_id`) REFERENCES `offers` (`id`) ON DELETE CASCADE,
  CONSTRAINT `offer_orders_order_id_foreign` FOREIGN KEY (`order_id`) REFERENCES `orders` (`id`) ON DELETE CASCADE,
  CONSTRAINT `offer_orders_order_product_id_foreign` FOREIGN KEY (`order_product_id`) REFERENCES `product_orders` (`id`) ON DELETE CASCADE
) ENGINE=InnoDB DEFAULT CHARSET=utf8mb4 COLLATE=utf8mb4_unicode_ci;

--
-- Dumping data for table `offer_orders`
--


--
-- Table structure for table `offer_translations`
--

CREATE TABLE `offer_translations` (
  `id` int unsigned NOT NULL AUTO_INCREMENT,
  `offer_id` int unsigned NOT NULL,
  `title` varchar(255) CHARACTER SET utf8mb4 COLLATE utf8mb4_unicode_ci NOT NULL,
  `show_title` varchar(191) CHARACTER SET utf8mb4 COLLATE utf8mb4_unicode_ci DEFAULT NULL,
  `content` text CHARACTER SET utf8mb4 COLLATE utf8mb4_unicode_ci NOT NULL,
  `locale` varchar(255) CHARACTER SET utf8mb4 COLLATE utf8mb4_unicode_ci NOT NULL,
  `created_at` timestamp NULL DEFAULT NULL,
  `updated_at` timestamp NULL DEFAULT NULL,
  PRIMARY KEY (`id`),
  UNIQUE KEY `offer_translations_offer_id_locale_unique` (`offer_id`,`locale`),
  KEY `offer_translations_locale_index` (`locale`),
  CONSTRAINT `offer_translations_offer_id_foreign` FOREIGN KEY (`offer_id`) REFERENCES `offers` (`id`) ON DELETE CASCADE
) ENGINE=InnoDB AUTO_INCREMENT=77 DEFAULT CHARSET=utf8mb4 COLLATE=utf8mb4_unicode_ci;

--
-- Dumping data for table `offer_translations`
--

INSERT INTO `offer_translations` (`id`, `offer_id`, `title`, `show_title`, `content`, `locale`, `created_at`, `updated_at`) VALUES (7,4,'Buy 2 Get 1','اشتري 2 واحصل على 1 BELLA','<pre>\r\nاشتري 2 واحصل على 1</pre>','ar',NULL,NULL),(8,4,'Buy 2 Get 1','BUY 2 GET 1 BELLA','<p>Buy 2 Get 1</p>','en',NULL,NULL),(9,5,'اشتري 3 واحصل على 1','اشتري 3 واحصل على 1  BELLA','<p>Buy 3 Get 1</p>','ar',NULL,NULL),(10,5,'Buy 3 Get 1','BUY 3 GET 1 BELLA','<p>Buy 3 Get 1</p>','en',NULL,NULL),(13,7,'اشتري 2 واحصل على 1  AMARA','شتري 2 واحصل على 1  AMARA','<p>Amara</p>','ar',NULL,NULL),(14,7,'BUY 2 GET 1 AMARA','BUY 2 GET 1 AMARA','<p>Amara</p>','en',NULL,NULL),(15,8,'اشتري 3 واحصل على 1','اشتري 3 واحصل على 1 AMARA','<p>Amara</p>','ar',NULL,NULL),(16,8,'Buy 3 Get 1','BUY 3 GET 1 AMARA','<p>Amara</p>','en',NULL,NULL),(21,11,'اشتري 2 واحصل على 1','اشتري 2 واحصل على 1 FRESHLOOK','<p>Freshlook</p>','ar',NULL,NULL),(22,11,'BUY 2 GET 1','BUY 2 GET 1 FRESHLOOK','<p>Freshlook</p>','en',NULL,NULL),(23,12,'اشتري 2 واحصل على 1','اشتري 2 واحصل على 1 LOROYAL','<p>Loroyal</p>','ar',NULL,NULL),(24,12,'BUY 2 GET 1','BUY 2 GET 1 LOROYAL','<p>Loroyal</p>','en',NULL,NULL),(25,13,'اشتري 3 واحصل على 1','اشتري 3 واحصل على 1 LOROYAL','<p>Loroyal</p>','ar',NULL,NULL),(26,13,'BUY 3 GET 1','BUY 3 GET 1 LOROYAL','<p>Loroyal</p>','en',NULL,NULL),(27,14,'اشتري 2 واحصل على 1','اشتري 2 واحصل على 1 ADORE','<p>Adore</p>','ar',NULL,NULL),(28,14,'BUY 2 GET 1','BUY 2 GET 1 ADORE','<p>Adore</p>','en',NULL,NULL),(29,15,'اشتري 2 واحصل على 1','اشتري 2 واحصل على 1 AYAR','<p>Ayar</p>','ar',NULL,NULL),(30,15,'BUY 2 GET 1','BUY 2 GET 1 AYAR','<p>Ayar</p>','en',NULL,NULL),(31,16,'اشتري 2 واحصل على 1','اشتري 2 واحصل على 1 Cinderella','<p>Cinderella</p>','ar',NULL,NULL),(32,16,'BUY 2 GET 1','BUY 2 GET 1 CINDERELLA','<p>Cinderella</p>','en',NULL,NULL),(33,17,'اشتري 2 واحصل على 1','اشتري 2 واحصل على 1 DAHAB','<p>Dahab</p>','ar',NULL,NULL),(34,17,'BUY 2 GET 1','BUY 2 GET 1 DAHAB','<p>Dahab</p>','en',NULL,NULL),(35,18,'اشتري 2 واحصل على 1','اشتري 2 واحصل على 1 HANADI','<p>Hanadi</p>','ar',NULL,NULL),(36,18,'BUY 2 GET 1','BUY 2 GET 1 HANADI','<p>Hanadi</p>','en',NULL,NULL),(37,19,'اشتري 2 واحصل على 1','اشتري 2 واحصل على 1 JOLIE','<p>Jolie</p>','ar',NULL,NULL),(38,19,'BUY 2 GET 1','BUY 2 GET 1 JOLIE','<p>Jolie</p>','en',NULL,NULL),(39,20,'اشتري 3 واحصل على 1','اشتري 3 واحصل على 1 JOLIE','<p>Jolie</p>','ar',NULL,NULL),(40,20,'BUY 3 GET 1','BUY 3 GET 1 JOLIE','<p>Jolie</p>','en',NULL,NULL),(41,21,'اشتري 2 واحصل على 1','اشتري 2 واحصل على 1 Lareen','<p>Lareen</p>','ar',NULL,NULL),(42,21,'BUY 2 GET 1','BUY 2 GET 1 LAREEN','<p>Lareen</p>','en',NULL,NULL),(43,22,'اشتري 2 واحصل على 1','اشتري 2 واحصل على 1 LUMINOUS','<p>Luminous</p>','ar',NULL,NULL),(44,22,'BUY 2 GET 1','BUY 2 GET 1 LUMINOUS','<p>Luminous</p>','en',NULL,NULL),(45,23,'اشتري 1 واحصل على 1','اشتري 1 واحصل على 1 CV','<p>Clear Vision</p>','ar',NULL,NULL),(46,23,'BUY 1 GET 1 CV','BUY 1 GET 1 CV','<p>Clear Vision</p>','en',NULL,NULL),(47,24,'اشتري 2 واحصل على 1','اشتري 2 واحصل على 1 COOPER VISION','<p>Cooper Vision</p>','ar',NULL,NULL),(48,24,'BUY 2 GET 1','BUY 2 GET 1 COOPER VISION','<p>Cooper Vision</p>','en',NULL,NULL),(49,25,'اشتري 2 واحصل على 1','اشتري 2 واحصل على 1 BL','<p>B + L</p>','ar',NULL,NULL),(50,25,'BUY 2 GET 1','BUY 2 GET 1 BL','<p>B + L</p>','en',NULL,NULL),(51,26,'اشتري 2 واحصل على 1','اشتري 2 واحصل على 1 ALCON','<p>Alcon</p>','ar',NULL,NULL),(52,26,'BUY 2 GET 1','BUY 2 GET 1 ALCON','<p>Alcon</p>','en',NULL,NULL),(53,27,'اشتري 3 واحصل على 1','اشتري 3 واحصل على 1 DAHAB','<p>Dahab Daily</p>','ar',NULL,NULL),(54,27,'BUY 3 GET 1','BUY 3 GET 1 DAHAB','<p>Dahab Daily</p>','en',NULL,NULL),(55,28,'اشتري 2 واحصل على 1','اشتري 2 واحصل على 1 MYLENSE','<p>Buy 2 Get 1 Free</p>','ar',NULL,NULL),(56,28,'BUY 2 GET 1','BUY 2 GET 1 MYLENSE','<p>Mylense</p>','en',NULL,NULL),(57,29,'اشتري 2 واحصل على 1','اشتري 2 واحصل على 1 NATUREL','<p>BUY2 GET 1 NATUREL</p>','ar',NULL,NULL),(58,29,'BUY 2 GET 1','BUY 2 GET 1 NATUREL','<p>BUY2 GET 1 ATUREL</p>','en',NULL,NULL),(59,30,'اشتري 5 واحصل على 2','اشتري 5 واحصل على 2 Jolie','<p>Buy 5 Get 2</p>','ar',NULL,NULL),(60,30,'BUY 5 GET 2','BUY 5 GET 2 JOLIE','<p>Jolie</p>\r\n\r\n<p>&nbsp;</p>','en',NULL,NULL),(67,34,'اشتري 1 واحصل على 1','اشتري 1 واحصل على 1  BELLA','<p>Buy 1 Get 1<br />\r\n&nbsp;</p>','ar',NULL,NULL),(68,34,'Buy 1 Get 1','BUY 1 GET 1 BELLA','<p>Buy 1 Get 1<br />\r\n&nbsp;</p>','en',NULL,NULL),(69,35,'اشتري 1 واحصل على 1  Color Vision','اشتري 1 واحصل على 1 Color Vision','<p>اشتري 1 واحصل على 1</p>','ar',NULL,NULL),(70,35,'Buy 1 Get 1 Color Vision','Buy 1 Get 1 Color Vision','<p><br />\r\nBuy 1 Get 1</p>','en',NULL,NULL),(71,36,'اشتري 3 واحصل على 1','اشتري 3 واحصل على 1 Freshlook','<p>Freshlook</p>','ar',NULL,NULL),(72,36,'BUY 3 GET 1','BUY 3 GET 1 FRESHLOOK','<p>Freshlook</p>','en',NULL,NULL),(73,37,'اشتري 1 واحصل على 1','اشتري 1 واحصل على 1  LOROYAL','<p>LOROYAL</p>','ar',NULL,NULL),(74,37,'Buy 1 Get 1','BUY 1 GET 1 LOROYAL','<p>LOROYAL</p>','en',NULL,NULL),(75,38,'اشتري 3 واحصل على 1','اشتري 3 واحصل على 1 DAHAB','<p>DAHAB</p>','ar',NULL,NULL),(76,38,'BUY 3 GET 1','BUY 3 GET 1 DAHAB','<p>DAHAB</p>','en',NULL,NULL);

--
-- Table structure for table `offers`
--

CREATE TABLE `offers` (
  `id` int unsigned NOT NULL AUTO_INCREMENT,
  `image` varchar(255) CHARACTER SET utf8mb4 COLLATE utf8mb4_unicode_ci DEFAULT NULL,
  `Discount` decimal(8,2) NOT NULL DEFAULT '0.00',
  `Origin` int NOT NULL,
  `Target` int NOT NULL,
  `Active` int NOT NULL DEFAULT '1',
  `created_at` timestamp NULL DEFAULT NULL,
  `updated_at` timestamp NULL DEFAULT NULL,
  PRIMARY KEY (`id`)
) ENGINE=InnoDB AUTO_INCREMENT=39 DEFAULT CHARSET=utf8mb4 COLLATE=utf8mb4_unicode_ci;

--
-- Dumping data for table `offers`
--

INSERT INTO `offers` (`id`, `image`, `Discount`, `Origin`, `Target`, `Active`, `created_at`, `updated_at`) VALUES (4,'2023-04-04-bella-tag-red.jpg',0.00,2,1,1,'2023-03-20 05:16:32','2023-04-04 06:11:04'),(5,'2023-06-19-Bella-offer-three-plus-one.jpg',0.00,3,1,1,'2023-03-20 05:22:06','2023-06-19 11:00:25'),(7,'2023-04-04-amara-red-tag.jpg',0.00,2,1,1,'2023-04-04 06:22:14','2023-09-05 17:26:09'),(8,'2023-06-19-amara-offer.jpg',0.00,3,1,1,'2023-04-04 06:26:28','2023-09-05 17:26:11'),(11,'2023-04-04-collection-for-app-with-offer-2023.jpg',0.00,2,1,1,'2023-04-04 06:57:23','2023-07-03 07:38:19'),(12,'2023-04-04-loroyal2+1.jpg',0.00,2,1,0,'2023-04-04 07:02:18','2023-08-24 10:00:04'),(13,'2023-06-19-loroyal-offer-buy-three-plus-one.jpg',0.00,3,1,0,'2023-04-04 07:07:55','2023-08-24 10:00:05'),(14,'2023-04-04-adore2+1.jpg',0.00,2,1,1,'2023-04-04 07:11:23','2023-04-04 07:11:23'),(15,'2023-04-04-ayar-2+1.jpg',0.00,2,1,1,'2023-04-04 07:12:35','2023-04-04 07:12:35'),(16,'2023-04-04-cinderella2+1.jpg',0.00,2,1,1,'2023-04-04 07:14:11','2023-04-04 07:14:11'),(17,'2023-04-04-dahab2+1.jpg',0.00,2,1,1,'2023-04-04 07:16:10','2023-04-04 07:16:10'),(18,'2023-04-04-hanadi2+1.jpg',0.00,2,1,1,'2023-04-04 07:20:15','2023-04-04 07:20:15'),(19,'2023-04-04-jolie2+1.jpg',0.00,2,1,1,'2023-04-04 07:21:19','2023-04-04 07:21:19'),(20,'2023-06-19-jolie-three-plus-one.jpg',0.00,3,1,1,'2023-04-04 07:22:16','2023-06-19 11:01:38'),(21,'2023-04-04-lareen2+1.jpg',0.00,2,1,1,'2023-04-04 07:27:14','2023-04-04 07:27:14'),(22,'2023-04-06-1+1 LUMINOUS.jpeg',0.00,2,1,0,'2023-04-04 07:28:26','2023-08-27 09:39:16'),(23,'2023-04-04-clearvision-band-offer.jpg',0.00,1,1,1,'2023-04-04 08:57:00','2023-09-17 11:04:08'),(24,'2023-04-04-coopervision-offer.jpg',0.00,2,1,1,'2023-04-04 09:01:48','2023-04-04 09:01:48'),(25,'2023-04-04-bausch+lomb-offer-brand.jpg',0.00,2,1,0,'2023-04-04 09:06:59','2023-07-09 08:07:43'),(26,'2023-04-04-alcon-brand.jpg',0.00,2,1,0,'2023-04-04 09:14:51','2023-06-25 19:03:39'),(27,'2023-06-19-bella-daily-offer-brand.jpg',0.00,3,1,0,'2023-06-19 10:03:05','2023-07-09 08:03:15'),(28,'2023-06-19-mylenses-2+1.jpg',0.00,2,1,0,'2023-06-19 10:22:04','2023-08-27 09:39:07'),(29,'2023-06-19-Naturel-2+1.jpg',0.00,2,1,0,'2023-06-19 10:30:09','2023-08-27 09:38:53'),(30,'2023-07-31-buy-five-get-2-offer.jpg',0.00,5,2,1,'2023-07-31 13:00:29','2023-08-01 05:46:40'),(34,'2023-09-03-2023-09-03-Bella-offer-one-plus-one.jpg',0.00,1,1,1,'2023-09-03 18:48:11','2023-09-03 18:48:11'),(35,'2023-11-13-2023-11-13-Colorvision-logo.jpg',0.00,1,1,1,'2023-11-13 17:06:15','2023-11-13 17:22:27'),(36,'2023-11-21-2023-11-22-LOGO-3-1.jpg',0.00,3,1,1,'2023-11-21 17:27:03','2023-11-21 17:27:03'),(37,'2023-11-21-2023-08-24-2023-08-24-Loroya-w-offer.jpg',0.00,1,1,1,'2023-11-21 20:37:04','2023-11-21 20:37:04'),(38,'2023-11-23-2023-04-04-dahab3-1.jpg',0.00,3,1,1,'2023-11-23 10:40:53','2023-11-23 10:40:53');

--
-- Table structure for table `order_comments`
--

CREATE TABLE `order_comments` (
  `id` int unsigned NOT NULL AUTO_INCREMENT,
  `order_id` int unsigned NOT NULL,
  `rate` int NOT NULL DEFAULT '1',
  `comment` text CHARACTER SET utf8mb4 COLLATE utf8mb4_unicode_ci NOT NULL,
  `created_at` timestamp NULL DEFAULT NULL,
  `updated_at` timestamp NULL DEFAULT NULL,
  PRIMARY KEY (`id`),
  KEY `order_comments_order_id_foreign` (`order_id`),
  CONSTRAINT `order_comments_order_id_foreign` FOREIGN KEY (`order_id`) REFERENCES `orders` (`id`) ON DELETE CASCADE
) ENGINE=InnoDB DEFAULT CHARSET=utf8mb4 COLLATE=utf8mb4_unicode_ci;

--
-- Dumping data for table `order_comments`
--


--
-- Table structure for table `order_coupons`
--

CREATE TABLE `order_coupons` (
  `id` int unsigned NOT NULL AUTO_INCREMENT,
  `order_id` int unsigned NOT NULL,
  `price` double NOT NULL,
  `discountprice` double NOT NULL,
  `code` varchar(255) CHARACTER SET utf8mb4 COLLATE utf8mb4_unicode_ci NOT NULL,
  `value` varchar(255) CHARACTER SET utf8mb4 COLLATE utf8mb4_unicode_ci NOT NULL,
  `ids` varchar(255) CHARACTER SET utf8mb4 COLLATE utf8mb4_unicode_ci NOT NULL,
  `type` varchar(255) CHARACTER SET utf8mb4 COLLATE utf8mb4_unicode_ci NOT NULL,
  `coupons_id` int unsigned NOT NULL,
  `created_at` timestamp NULL DEFAULT NULL,
  `updated_at` timestamp NULL DEFAULT NULL,
  `country_code` varchar(191) CHARACTER SET utf8mb4 COLLATE utf8mb4_unicode_ci DEFAULT NULL,
  PRIMARY KEY (`id`),
  KEY `order_coupons_order_id_foreign` (`order_id`),
  KEY `order_coupons_coupons_id_foreign` (`coupons_id`),
  CONSTRAINT `order_coupons_coupons_id_foreign` FOREIGN KEY (`coupons_id`) REFERENCES `coupons` (`id`) ON DELETE CASCADE,
  CONSTRAINT `order_coupons_order_id_foreign` FOREIGN KEY (`order_id`) REFERENCES `orders` (`id`) ON DELETE CASCADE
) ENGINE=InnoDB DEFAULT CHARSET=utf8mb4 COLLATE=utf8mb4_unicode_ci;

--
-- Dumping data for table `order_coupons`
--


--
-- Table structure for table `order_options`
--

CREATE TABLE `order_options` (
  `id` int unsigned NOT NULL AUTO_INCREMENT,
  `order_id` int unsigned DEFAULT NULL,
  `product_order_id` int unsigned DEFAULT NULL,
  `Logo` varchar(255) CHARACTER SET utf8mb4 COLLATE utf8mb4_unicode_ci DEFAULT NULL,
  `Logo_frontName` varchar(255) CHARACTER SET utf8mb4 COLLATE utf8mb4_unicode_ci DEFAULT NULL,
  `Logo_backName` varchar(255) CHARACTER SET utf8mb4 COLLATE utf8mb4_unicode_ci DEFAULT NULL,
  `font_image` varchar(255) CHARACTER SET utf8mb4 COLLATE utf8mb4_unicode_ci DEFAULT NULL,
  `font_image_frontName` varchar(255) CHARACTER SET utf8mb4 COLLATE utf8mb4_unicode_ci DEFAULT NULL,
  `font_image_backName` varchar(255) CHARACTER SET utf8mb4 COLLATE utf8mb4_unicode_ci DEFAULT NULL,
  `created_at` timestamp NULL DEFAULT NULL,
  `updated_at` timestamp NULL DEFAULT NULL,
  `Logo_second` varchar(191) CHARACTER SET utf8mb4 COLLATE utf8mb4_unicode_ci DEFAULT NULL,
  `Logo_frontName_second` varchar(191) CHARACTER SET utf8mb4 COLLATE utf8mb4_unicode_ci DEFAULT NULL,
  `Logo_backName_second` varchar(191) CHARACTER SET utf8mb4 COLLATE utf8mb4_unicode_ci DEFAULT NULL,
  `font_image_second` varchar(191) CHARACTER SET utf8mb4 COLLATE utf8mb4_unicode_ci DEFAULT NULL,
  `font_image_frontName_second` varchar(191) CHARACTER SET utf8mb4 COLLATE utf8mb4_unicode_ci DEFAULT NULL,
  `font_image_backName_second` varchar(191) CHARACTER SET utf8mb4 COLLATE utf8mb4_unicode_ci DEFAULT NULL,
  PRIMARY KEY (`id`),
  KEY `order_options_order_id_foreign` (`order_id`),
  KEY `order_options_product_order_id_foreign` (`product_order_id`),
  CONSTRAINT `order_options_order_id_foreign` FOREIGN KEY (`order_id`) REFERENCES `orders` (`id`) ON DELETE CASCADE,
  CONSTRAINT `order_options_product_order_id_foreign` FOREIGN KEY (`product_order_id`) REFERENCES `product_orders` (`id`) ON DELETE CASCADE
) ENGINE=InnoDB DEFAULT CHARSET=utf8mb4 COLLATE=utf8mb4_unicode_ci;

--
-- Dumping data for table `order_options`
--


--
-- Table structure for table `order_product_features`
--

CREATE TABLE `order_product_features` (
  `id` bigint unsigned NOT NULL AUTO_INCREMENT,
  `order_product_id` int unsigned NOT NULL,
  `feature_id` int unsigned NOT NULL,
  `option_id` int unsigned NOT NULL,
  `product_id` int unsigned DEFAULT NULL,
  `title` varchar(255) CHARACTER SET utf8mb4 COLLATE utf8mb4_unicode_ci NOT NULL,
  `price` double(8,2) DEFAULT NULL,
  `count` int DEFAULT NULL,
  `created_at` timestamp NULL DEFAULT NULL,
  `updated_at` timestamp NULL DEFAULT NULL,
  PRIMARY KEY (`id`),
  KEY `order_product_features_order_product_id_foreign` (`order_product_id`),
  KEY `order_product_features_feature_id_foreign` (`feature_id`),
  KEY `order_product_features_option_id_foreign` (`option_id`),
  KEY `order_product_features_product_id_foreign` (`product_id`),
  CONSTRAINT `order_product_features_feature_id_foreign` FOREIGN KEY (`feature_id`) REFERENCES `features` (`id`) ON DELETE CASCADE,
  CONSTRAINT `order_product_features_option_id_foreign` FOREIGN KEY (`option_id`) REFERENCES `feature_options` (`id`) ON DELETE CASCADE,
  CONSTRAINT `order_product_features_order_product_id_foreign` FOREIGN KEY (`order_product_id`) REFERENCES `product_orders` (`id`) ON DELETE CASCADE,
  CONSTRAINT `order_product_features_product_id_foreign` FOREIGN KEY (`product_id`) REFERENCES `products` (`id`) ON DELETE CASCADE
) ENGINE=InnoDB AUTO_INCREMENT=9 DEFAULT CHARSET=utf8mb4 COLLATE=utf8mb4_unicode_ci;

--
-- Dumping data for table `order_product_features`
--

INSERT INTO `order_product_features` (`id`, `order_product_id`, `feature_id`, `option_id`, `product_id`, `title`, `price`, `count`, `created_at`, `updated_at`) VALUES (2,3,20,34,63,'ضصصثض',12.00,NULL,'2024-09-29 19:37:50','2024-09-29 19:37:50'),(3,4,20,34,63,'ضصصثض',12.00,NULL,'2024-09-30 21:17:13','2024-09-30 21:17:13'),(4,5,20,34,63,'ضصصثض',12.00,NULL,'2024-10-01 20:54:43','2024-10-01 20:54:43'),(5,6,20,34,63,'ضصصثض',12.00,NULL,'2024-10-01 21:07:21','2024-10-01 21:07:21'),(7,8,20,34,63,'ضصصثض',12.00,NULL,'2024-10-13 16:25:59','2024-10-13 16:25:59');

--
-- Table structure for table `order_shippings`
--

CREATE TABLE `order_shippings` (
  `id` int unsigned NOT NULL AUTO_INCREMENT,
  `order_id` int unsigned NOT NULL,
  `country_id` int DEFAULT NULL,
  `government_id` int unsigned DEFAULT NULL,
  `region_id` int unsigned DEFAULT NULL,
  `block` varchar(255) CHARACTER SET utf8mb4 COLLATE utf8mb4_unicode_ci DEFAULT NULL,
  `gada` varchar(255) CHARACTER SET utf8mb4 COLLATE utf8mb4_unicode_ci DEFAULT NULL,
  `jada` varchar(255) CHARACTER SET utf8mb4 COLLATE utf8mb4_unicode_ci DEFAULT NULL,
  `building` varchar(255) CHARACTER SET utf8mb4 COLLATE utf8mb4_unicode_ci DEFAULT NULL,
  `floor` varchar(255) CHARACTER SET utf8mb4 COLLATE utf8mb4_unicode_ci DEFAULT NULL,
  `room_number` varchar(255) CHARACTER SET utf8mb4 COLLATE utf8mb4_unicode_ci DEFAULT NULL,
  `created_at` timestamp NULL DEFAULT NULL,
  `updated_at` timestamp NULL DEFAULT NULL,
  `lat` varchar(191) CHARACTER SET utf8mb4 COLLATE utf8mb4_unicode_ci DEFAULT NULL,
  `long` varchar(191) CHARACTER SET utf8mb4 COLLATE utf8mb4_unicode_ci DEFAULT NULL,
  `type` varchar(111) CHARACTER SET utf8mb4 COLLATE utf8mb4_unicode_ci DEFAULT NULL,
  `note` varchar(111) CHARACTER SET utf8mb4 COLLATE utf8mb4_unicode_ci DEFAULT NULL,
  `phone` varchar(191) CHARACTER SET utf8mb4 COLLATE utf8mb4_unicode_ci DEFAULT NULL,
  `user_name` varchar(191) CHARACTER SET utf8mb4 COLLATE utf8mb4_unicode_ci DEFAULT NULL,
  PRIMARY KEY (`id`),
  KEY `order_shippings_order_id_foreign` (`order_id`),
  KEY `order_shippings_government_id_foreign` (`government_id`),
  KEY `order_shippings_region_id_foreign` (`region_id`),
  CONSTRAINT `order_shippings_order_id_foreign` FOREIGN KEY (`order_id`) REFERENCES `orders` (`id`) ON DELETE CASCADE
) ENGINE=InnoDB AUTO_INCREMENT=10 DEFAULT CHARSET=utf8mb4 COLLATE=utf8mb4_unicode_ci;

--
-- Dumping data for table `order_shippings`
--

INSERT INTO `order_shippings` (`id`, `order_id`, `country_id`, `government_id`, `region_id`, `block`, `gada`, `jada`, `building`, `floor`, `room_number`, `created_at`, `updated_at`, `lat`, `long`, `type`, `note`, `phone`, `user_name`) VALUES (1,1,NULL,8,21,'21','sadasd','1212','asdsadsadasd','eqw',NULL,NULL,NULL,NULL,NULL,'1',NULL,'asdasd123123','sadasd'),(2,1,NULL,8,21,'21','sadasd','1212','asdsadsadasd','eqw',NULL,NULL,NULL,NULL,NULL,NULL,NULL,'asdasd123123','sadasd'),(3,2,NULL,8,19,'5','12',NULL,'2',NULL,NULL,NULL,NULL,NULL,NULL,NULL,NULL,'50278787','احمد'),(4,5,NULL,8,19,'3','3','2','3',NULL,NULL,NULL,NULL,NULL,NULL,'1',NULL,'51007138','samer'),(5,7,NULL,8,19,'1','2','2','2','2',NULL,NULL,NULL,NULL,NULL,NULL,NULL,'+96567782374','anwer'),(6,9,NULL,8,19,'asd','asd','asd','asd',NULL,NULL,NULL,NULL,NULL,NULL,NULL,NULL,'asdasd','asd'),(7,9,NULL,8,19,'asd','asd','asd','asd',NULL,NULL,NULL,NULL,NULL,NULL,NULL,NULL,'asdasd','asd'),(8,12,NULL,8,19,'asd','asd','asd','asd',NULL,NULL,NULL,NULL,NULL,NULL,NULL,NULL,'asdasd','asd'),(9,16,NULL,NULL,NULL,'1','385','Quas eos quaerat in','553','203',NULL,NULL,NULL,NULL,NULL,'1','Et dolorem rerum dol','96761467','testuser');

--
-- Table structure for table `orders`
--

CREATE TABLE `orders` (
  `id` int unsigned NOT NULL AUTO_INCREMENT,
  `order_number` varchar(255) CHARACTER SET utf8mb4 COLLATE utf8mb4_unicode_ci NOT NULL,
  `total_price` varchar(191) CHARACTER SET utf8mb4 COLLATE utf8mb4_unicode_ci DEFAULT NULL,
  `user_id` int unsigned DEFAULT NULL,
  `incart` tinyint(1) NOT NULL DEFAULT '1',
  `mac_address` varchar(255) CHARACTER SET utf8mb4 COLLATE utf8mb4_unicode_ci DEFAULT NULL,
  `price_ship` double(8,2) DEFAULT NULL,
  `shipping_Type` varchar(255) CHARACTER SET utf8mb4 COLLATE utf8mb4_unicode_ci DEFAULT NULL,
  `delivery_time` varchar(255) CHARACTER SET utf8mb4 COLLATE utf8mb4_unicode_ci DEFAULT NULL,
  `order_done_date` varchar(255) CHARACTER SET utf8mb4 COLLATE utf8mb4_unicode_ci DEFAULT NULL,
  `status` enum('pending','cancel','confirm','out_of_delivery','delivered') CHARACTER SET utf8mb4 COLLATE utf8mb4_unicode_ci NOT NULL,
  `payment_method` int unsigned DEFAULT NULL,
  `payment_status` enum('paid','unPaid') CHARACTER SET utf8mb4 COLLATE utf8mb4_unicode_ci NOT NULL,
  `deleted_at` timestamp NULL DEFAULT NULL,
  `created_at` timestamp NULL DEFAULT NULL,
  `updated_at` timestamp NULL DEFAULT NULL,
  `delivery_date_time` varchar(255) CHARACTER SET utf8mb4 COLLATE utf8mb4_unicode_ci DEFAULT NULL,
  `payment_id` int DEFAULT NULL,
  `nameOfCart` varchar(191) CHARACTER SET utf8mb4 COLLATE utf8mb4_unicode_ci DEFAULT NULL,
  `country_code` varchar(191) CHARACTER SET utf8mb4 COLLATE utf8mb4_unicode_ci DEFAULT NULL,
  `country_id` int DEFAULT NULL,
  `vat` decimal(8,3) NOT NULL DEFAULT '0.000',
  `cod_services` decimal(8,2) NOT NULL DEFAULT '0.00',
  `cancel_order` int NOT NULL DEFAULT '0',
  `rep_id` int DEFAULT NULL,
  `device_token` varchar(191) CHARACTER SET utf8mb4 COLLATE utf8mb4_unicode_ci DEFAULT NULL,
  `discount_offer` varchar(191) CHARACTER SET utf8mb4 COLLATE utf8mb4_unicode_ci DEFAULT NULL,
  `employee_id` int DEFAULT NULL,
  `drive_status` int DEFAULT NULL,
  `confirm_order` int DEFAULT NULL,
  `branch_id` int DEFAULT NULL,
  PRIMARY KEY (`id`),
  KEY `orders_user_id_foreign` (`user_id`),
  KEY `orders_payment_method_foreign` (`payment_method`),
  CONSTRAINT `orders_payment_method_foreign` FOREIGN KEY (`payment_method`) REFERENCES `payment_methods` (`id`) ON DELETE CASCADE,
  CONSTRAINT `orders_user_id_foreign` FOREIGN KEY (`user_id`) REFERENCES `users` (`id`) ON DELETE CASCADE
) ENGINE=InnoDB AUTO_INCREMENT=17 DEFAULT CHARSET=utf8mb4 COLLATE=utf8mb4_unicode_ci;

--
-- Dumping data for table `orders`
--

INSERT INTO `orders` (`id`, `order_number`, `total_price`, `user_id`, `incart`, `mac_address`, `price_ship`, `shipping_Type`, `delivery_time`, `order_done_date`, `status`, `payment_method`, `payment_status`, `deleted_at`, `created_at`, `updated_at`, `delivery_date_time`, `payment_id`, `nameOfCart`, `country_code`, `country_id`, `vat`, `cod_services`, `cancel_order`, `rep_id`, `device_token`, `discount_offer`, `employee_id`, `drive_status`, `confirm_order`, `branch_id`) VALUES (1,'92214','20.000',436,0,'v4lxs3L1fk0KW1oqclGXG50DHdUVHaPxV090nPwb',0.00,'1','2024-09-19','2024-09-18 01:00:12','pending',13,'',NULL,'2024-09-17 00:49:48','2024-09-18 01:00:12','03:00 AM-01:59 AM',NULL,NULL,NULL,NULL,0.000,0.00,0,NULL,NULL,NULL,NULL,NULL,NULL,15),(2,'3505','44.000',431,0,'9BFcTB6qHLTV3RuOe77NDv2X3jobe52QOVILFQ8U',0.00,'1','2024-10-03','2024-09-29 19:43:06','',13,'',NULL,'2024-09-29 19:37:50','2024-09-29 19:43:06','03:00 AM-01:59 AM',NULL,NULL,NULL,NULL,0.000,0.00,0,NULL,NULL,NULL,NULL,NULL,NULL,15),(3,'15312',NULL,NULL,1,'IKFeTLARYIy4S8iYVLRsRGZelgv185J24l2MPHam',NULL,NULL,NULL,NULL,'',NULL,'paid',NULL,'2024-09-30 21:17:13','2024-09-30 21:17:13',NULL,NULL,NULL,NULL,NULL,0.000,0.00,0,NULL,NULL,NULL,NULL,NULL,NULL,15),(4,'94680',NULL,NULL,1,'v4lxs3L1fk0KW1oqclGXG50DHdUVHaPxV090nPwb',NULL,NULL,NULL,NULL,'',NULL,'paid',NULL,'2024-10-01 20:54:43','2024-10-01 20:54:43',NULL,NULL,NULL,NULL,NULL,0.000,0.00,0,NULL,NULL,NULL,NULL,NULL,NULL,15),(5,'32783','22.000',NULL,0,'quU6PVR31gdYKC2k5dYMl5CN9Yx1qYAIkKQzmhjD',0.00,'1','2024-10-03','2024-10-01 21:15:03','pending',13,'',NULL,'2024-10-01 21:07:21','2024-10-01 21:15:03','03:00 AM-01:59 AM',NULL,NULL,NULL,NULL,0.000,0.00,0,NULL,NULL,NULL,NULL,NULL,NULL,15),(6,'56509',NULL,NULL,1,'3MLbOobd1e6RNBnLqtJIrVEMobDpINXgGQ8XCQP6',NULL,NULL,NULL,NULL,'',NULL,'paid','2024-10-05 15:58:28','2024-10-05 15:57:42','2024-10-05 15:58:28',NULL,NULL,NULL,NULL,NULL,0.000,0.00,0,NULL,NULL,NULL,NULL,NULL,NULL,15),(7,'54535','88.000',1,1,'AwKyMAUc0g0KyMMgSqCDvQUQpEEjvzENASPuDXMl',0.00,'1','2024-10-14','2024-10-13 16:27:41','',12,'',NULL,'2024-10-13 16:25:59','2024-10-13 16:27:41',NULL,NULL,NULL,NULL,NULL,0.000,0.00,0,NULL,NULL,NULL,NULL,NULL,NULL,15),(8,'88821',NULL,NULL,1,'ffnYGi88I698Ahnu88eYaBZ5sDNLflYMsdKL55zE',NULL,NULL,NULL,NULL,'',NULL,'paid','2024-10-14 20:15:10','2024-10-14 19:48:44','2024-10-14 20:15:10',NULL,NULL,NULL,NULL,NULL,0.000,0.00,0,NULL,NULL,NULL,NULL,NULL,NULL,NULL),(9,'31052','22.000',433,0,'ffnYGi88I698Ahnu88eYaBZ5sDNLflYMsdKL55zE',0.00,'1','2024-10-19','2024-10-14 21:27:02','',13,'',NULL,'2024-10-14 20:40:26','2024-10-14 21:27:02','12:19 PM-11:19 PM',NULL,NULL,NULL,NULL,0.000,0.00,0,NULL,NULL,NULL,NULL,NULL,NULL,NULL),(10,'39341',NULL,NULL,1,'9F73AA6A-16E6-49A6-ABEE-E91D7D6DDE26',NULL,'',NULL,NULL,'pending',NULL,'paid',NULL,'2024-10-14 21:20:38','2024-10-14 21:23:02',NULL,NULL,NULL,NULL,NULL,0.000,0.00,0,NULL,'a12343566',NULL,NULL,NULL,NULL,NULL),(11,'8396',NULL,NULL,1,'98762asds5325d2',NULL,'',NULL,NULL,'pending',NULL,'paid',NULL,'2024-10-14 21:21:36','2024-10-14 21:21:51',NULL,NULL,NULL,NULL,NULL,0.000,0.00,0,NULL,'asdasdasdadsa',NULL,NULL,NULL,NULL,11),(12,'4269','22.000',433,0,'ffnYGi88I698Ahnu88eYaBZ5sDNLflYMsdKL55zE',0.00,'1','2024-10-19','2024-10-14 21:28:15','',13,'',NULL,'2024-10-14 21:27:59','2024-10-14 21:28:15','12:19 PM-11:19 PM',NULL,NULL,NULL,NULL,0.000,0.00,0,NULL,NULL,NULL,NULL,NULL,NULL,NULL),(13,'62579',NULL,NULL,1,'2522A3B2-157D-4360-903C-67E9A5A65B77',NULL,'',NULL,NULL,'pending',NULL,'paid',NULL,'2024-10-14 21:39:55','2024-10-14 21:39:55',NULL,NULL,NULL,NULL,NULL,0.000,0.00,0,NULL,'a12343566',NULL,NULL,NULL,NULL,NULL),(14,'96185',NULL,NULL,1,'ffnYGi88I698Ahnu88eYaBZ5sDNLflYMsdKL55zE',NULL,NULL,NULL,NULL,'',NULL,'paid',NULL,'2024-10-14 21:46:29','2024-10-14 21:46:29',NULL,NULL,NULL,NULL,NULL,0.000,0.00,0,NULL,NULL,NULL,NULL,NULL,NULL,NULL),(15,'73473',NULL,NULL,1,'oh0sOHq3BsjD0IHsDCGZh3ACgpc7VeU185I7htlq',NULL,NULL,NULL,NULL,'',NULL,'paid',NULL,'2024-10-15 06:01:31','2024-10-15 06:01:31',NULL,NULL,NULL,NULL,NULL,0.000,0.00,0,NULL,NULL,NULL,NULL,NULL,NULL,NULL),(16,'13353','0.000',NULL,0,'Lp10TynTe29eSK2r0CqXwvBI0xmtlyKpC1ImnYO4',0.00,'1','2025-02-22','2025-02-18 07:59:34','pending',13,'',NULL,'2025-02-18 07:58:21','2025-02-18 07:59:34',NULL,NULL,NULL,NULL,NULL,0.000,0.00,0,NULL,NULL,NULL,NULL,NULL,NULL,NULL);

--
-- Table structure for table `page_translations`
--

CREATE TABLE `page_translations` (
  `id` int unsigned NOT NULL AUTO_INCREMENT,
  `page_id` int unsigned NOT NULL,
  `title` varchar(255) CHARACTER SET utf8mb4 COLLATE utf8mb4_unicode_ci NOT NULL,
  `locale` varchar(255) CHARACTER SET utf8mb4 COLLATE utf8mb4_unicode_ci NOT NULL,
  `content` text CHARACTER SET utf8mb4 COLLATE utf8mb4_unicode_ci,
  `created_at` timestamp NULL DEFAULT NULL,
  `updated_at` timestamp NULL DEFAULT NULL,
  PRIMARY KEY (`id`),
  UNIQUE KEY `page_translations_page_id_locale_unique` (`page_id`,`locale`),
  KEY `page_translations_locale_index` (`locale`),
  CONSTRAINT `page_translations_page_id_foreign` FOREIGN KEY (`page_id`) REFERENCES `pages` (`id`) ON DELETE CASCADE
) ENGINE=InnoDB AUTO_INCREMENT=13 DEFAULT CHARSET=utf8mb4 COLLATE=utf8mb4_unicode_ci;

--
-- Dumping data for table `page_translations`
--

INSERT INTO `page_translations` (`id`, `page_id`, `title`, `locale`, `content`, `created_at`, `updated_at`) VALUES (1,1,'من نحن','ar','<p>---</p>',NULL,NULL),(2,1,'Abous Us','en','<p>---</p>',NULL,NULL),(3,2,'سياسة الاستبدال والاسترجاع','ar','<p dir=\"rtl\">---</p>',NULL,NULL),(4,2,'Policy','en','<p><strong><em>--</em></strong></p>',NULL,NULL),(5,3,'الشروط والاحكام','ar','<p>جميع مواقعنا مبنية على قواعد بيانات مهنية للأرشفة من محركات البحث، حيث تكون مبنية وفق تسلل منطقي منظم، تجعل وصول المعلومات وطريقة عرضها أمر سهل وبسيط، كما تسهل عملية الأرشفة من محركات البحث مثل جوجل مما يجعل موقعك يظهر بشكل أفضل على محرك البحث جوجل</p>\r\n\r\n<p>جميع مواقعنا مبنية على قواعد بيانات مهنية للأرشفة من محركات البحث، حيث تكون مبنية وفق تسلل منطقي منظم، تجعل وصول المعلومات وطريقة عرضها أمر سهل وبسيط، كما تسهل عملية الأرشفة من محركات البحث مثل جوجل مما يجعل موقعك يظهر بشكل أفضل على محرك البحث جوجل</p>\r\n\r\n<p>جميع مواقعنا مبنية على قواعد بيانات مهنية للأرشفة من محركات البحث، حيث تكون مبنية وفق تسلل منطقي منظم، تجعل وصول المعلومات وطريقة عرضها أمر سهل وبسيط، كما تسهل عملية الأرشفة من محركات البحث مثل جوجل مما يجعل موقعك يظهر بشكل أفضل على محرك البحث جوجل</p>\r\n\r\n<p>جميع مواقعنا مبنية على قواعد بيانات مهنية للأرشفة من محركات البحث، حيث تكون مبنية وفق تسلل منطقي منظم، تجعل وصول المعلومات وطريقة عرضها أمر سهل وبسيط، كما تسهل عملية الأرشفة من محركات البحث مثل جوجل مما يجعل موقعك يظهر بشكل أفضل على محرك البحث جوجل</p>',NULL,NULL),(6,3,'Terms & Conditions','en','<p>جميع مواقعنا مبنية على قواعد بيانات مهنية للأرشفة من محركات البحث، حيث تكون مبنية وفق تسلل منطقي منظم، تجعل وصول المعلومات وطريقة عرضها أمر سهل وبسيط، كما تسهل عملية الأرشفة من محركات البحث مثل جوجل مما يجعل موقعك يظهر بشكل أفضل على محرك البحث جوجل</p>\r\n\r\n<p>جميع مواقعنا مبنية على قواعد بيانات مهنية للأرشفة من محركات البحث، حيث تكون مبنية وفق تسلل منطقي منظم، تجعل وصول المعلومات وطريقة عرضها أمر سهل وبسيط، كما تسهل عملية الأرشفة من محركات البحث مثل جوجل مما يجعل موقعك يظهر بشكل أفضل على محرك البحث جوجل</p>\r\n\r\n<p>جميع مواقعنا مبنية على قواعد بيانات مهنية للأرشفة من محركات البحث، حيث تكون مبنية وفق تسلل منطقي منظم، تجعل وصول المعلومات وطريقة عرضها أمر سهل وبسيط، كما تسهل عملية الأرشفة من محركات البحث مثل جوجل مما يجعل موقعك يظهر بشكل أفضل على محرك البحث جوجل</p>\r\n\r\n<p>جميع مواقعنا مبنية على قواعد بيانات مهنية للأرشفة من محركات البحث، حيث تكون مبنية وفق تسلل منطقي منظم، تجعل وصول المعلومات وطريقة عرضها أمر سهل وبسيط، كما تسهل عملية الأرشفة من محركات البحث مثل جوجل مما يجعل موقعك يظهر بشكل أفضل على محرك البحث جوجل</p>',NULL,NULL),(7,4,'جيد','ar',NULL,NULL,NULL),(8,4,'good','en',NULL,NULL,NULL),(9,5,'ممتاز','ar',NULL,NULL,NULL),(10,5,'ممتاز','en',NULL,NULL,NULL);

--
-- Table structure for table `pages`
--

CREATE TABLE `pages` (
  `id` int unsigned NOT NULL AUTO_INCREMENT,
  `created_at` timestamp NULL DEFAULT NULL,
  `updated_at` timestamp NULL DEFAULT NULL,
  `image` varchar(191) CHARACTER SET utf8mb4 COLLATE utf8mb4_unicode_ci DEFAULT NULL,
  `type` int NOT NULL DEFAULT '0',
  PRIMARY KEY (`id`)
) ENGINE=InnoDB AUTO_INCREMENT=7 DEFAULT CHARSET=utf8mb4 COLLATE=utf8mb4_unicode_ci;

--
-- Dumping data for table `pages`
--

INSERT INTO `pages` (`id`, `created_at`, `updated_at`, `image`, `type`) VALUES (1,'2022-06-28 09:49:28','2024-05-17 00:23:24','2024-05-17-pin-icon.svg',0),(2,'2022-11-03 11:42:33','2024-05-17 00:25:02','2024-05-17-pin-icon.svg',0),(3,'2022-11-03 11:43:26','2024-05-17 00:27:14','2024-05-17-add.png',0),(4,'2024-05-04 12:20:49','2024-05-04 12:20:49',NULL,2),(5,'2024-05-04 12:26:11','2024-05-04 12:26:11',NULL,2);

--
-- Table structure for table `password_resets`
--

CREATE TABLE `password_resets` (
  `email` varchar(255) CHARACTER SET utf8mb4 COLLATE utf8mb4_unicode_ci NOT NULL,
  `token` varchar(255) CHARACTER SET utf8mb4 COLLATE utf8mb4_unicode_ci NOT NULL,
  `created_at` timestamp NULL DEFAULT NULL,
  KEY `password_resets_email_index` (`email`)
) ENGINE=InnoDB DEFAULT CHARSET=utf8mb4 COLLATE=utf8mb4_unicode_ci;

--
-- Dumping data for table `password_resets`
--


--
-- Table structure for table `payment_method_translations`
--

CREATE TABLE `payment_method_translations` (
  `id` int unsigned NOT NULL AUTO_INCREMENT,
  `payment_method_id` int unsigned NOT NULL,
  `title` varchar(255) CHARACTER SET utf8mb4 COLLATE utf8mb4_unicode_ci DEFAULT NULL,
  `locale` varchar(255) CHARACTER SET utf8mb4 COLLATE utf8mb4_unicode_ci NOT NULL,
  `created_at` timestamp NULL DEFAULT NULL,
  `updated_at` timestamp NULL DEFAULT NULL,
  PRIMARY KEY (`id`),
  UNIQUE KEY `payment_method_translations_payment_method_id_locale_unique` (`payment_method_id`,`locale`),
  CONSTRAINT `payment_method_translations_payment_method_id_foreign` FOREIGN KEY (`payment_method_id`) REFERENCES `payment_methods` (`id`) ON DELETE CASCADE
) ENGINE=InnoDB AUTO_INCREMENT=31 DEFAULT CHARSET=utf8mb4 COLLATE=utf8mb4_unicode_ci;

--
-- Dumping data for table `payment_method_translations`
--

INSERT INTO `payment_method_translations` (`id`, `payment_method_id`, `title`, `locale`, `created_at`, `updated_at`) VALUES (23,12,'كي نت','ar',NULL,NULL),(24,12,'كي نت','en',NULL,NULL),(25,13,'كاش','ar',NULL,NULL),(26,13,'كاش','en',NULL,NULL),(29,15,'ابل باي','ar',NULL,NULL),(30,15,'ابل باي','en',NULL,NULL);

--
-- Table structure for table `payment_methods`
--

CREATE TABLE `payment_methods` (
  `id` int unsigned NOT NULL AUTO_INCREMENT,
  `image` varchar(255) CHARACTER SET utf8mb4 COLLATE utf8mb4_unicode_ci DEFAULT NULL,
  `type` int NOT NULL DEFAULT '0',
  `status` int NOT NULL DEFAULT '0',
  `created_at` timestamp NULL DEFAULT NULL,
  `updated_at` timestamp NULL DEFAULT NULL,
  `countries` varchar(191) CHARACTER SET utf8mb4 COLLATE utf8mb4_unicode_ci NOT NULL,
  `user_id` int DEFAULT NULL,
  PRIMARY KEY (`id`)
) ENGINE=InnoDB AUTO_INCREMENT=16 DEFAULT CHARSET=utf8mb4 COLLATE=utf8mb4_unicode_ci;

--
-- Dumping data for table `payment_methods`
--

INSERT INTO `payment_methods` (`id`, `image`, `type`, `status`, `created_at`, `updated_at`, `countries`, `user_id`) VALUES (12,'2024-04-27-2022-07-02-drd_QbKb_400x400.jpg',1,1,'2024-04-27 14:39:06','2024-05-11 17:24:48','',345),(13,'2024-04-27-2022-07-02-payment.png',0,1,'2024-04-27 14:39:27','2024-05-11 17:26:07','',345),(15,'2024-06-25-free-apple-pay-3628038-3030419.webp',24,1,'2024-06-25 17:32:23','2024-06-25 17:33:40','',1);

--
-- Table structure for table `payment_users`
--

CREATE TABLE `payment_users` (
  `id` int unsigned NOT NULL AUTO_INCREMENT,
  `payment_method_id` int unsigned NOT NULL,
  `user_id` int unsigned NOT NULL,
  `created_at` timestamp NULL DEFAULT NULL,
  `updated_at` timestamp NULL DEFAULT NULL,
  PRIMARY KEY (`id`),
  KEY `payment_users_payment_method_id_foreign` (`payment_method_id`),
  KEY `payment_users_user_id_foreign` (`user_id`),
  CONSTRAINT `payment_users_payment_method_id_foreign` FOREIGN KEY (`payment_method_id`) REFERENCES `payment_methods` (`id`) ON DELETE CASCADE,
  CONSTRAINT `payment_users_user_id_foreign` FOREIGN KEY (`user_id`) REFERENCES `users` (`id`) ON DELETE CASCADE
) ENGINE=InnoDB AUTO_INCREMENT=14 DEFAULT CHARSET=utf8mb4 COLLATE=utf8mb4_unicode_ci;

--
-- Dumping data for table `payment_users`
--


--
-- Table structure for table `permission_role`
--

CREATE TABLE `permission_role` (
  `permission_id` bigint unsigned NOT NULL,
  `role_id` bigint unsigned NOT NULL,
  PRIMARY KEY (`permission_id`,`role_id`),
  KEY `permission_role_role_id_foreign` (`role_id`),
  CONSTRAINT `permission_role_permission_id_foreign` FOREIGN KEY (`permission_id`) REFERENCES `permissions` (`id`) ON DELETE CASCADE ON UPDATE CASCADE,
  CONSTRAINT `permission_role_role_id_foreign` FOREIGN KEY (`role_id`) REFERENCES `roles` (`id`) ON DELETE CASCADE ON UPDATE CASCADE
) ENGINE=InnoDB DEFAULT CHARSET=utf8mb4 COLLATE=utf8mb4_unicode_ci;

--
-- Dumping data for table `permission_role`
--

INSERT INTO `permission_role` (`permission_id`, `role_id`) VALUES (1,1),(2,1),(3,1),(4,1),(5,1),(6,1),(7,1),(8,1),(9,1),(10,1),(11,1),(12,1),(13,1),(14,1),(15,1),(16,1),(17,1),(18,1),(19,1),(20,1),(21,1),(22,1),(23,1),(24,1),(25,1),(26,1),(27,1),(28,1),(29,1),(30,1),(31,1),(32,1),(33,1),(34,1),(35,1),(36,1),(37,1),(38,1),(39,1),(40,1),(41,1),(42,1),(43,1),(44,1),(45,1),(46,1),(47,1),(48,1),(49,1),(50,1),(51,1),(52,1),(53,1),(54,1),(55,1),(56,1),(57,1),(58,1),(59,1),(60,1),(61,1),(62,1),(63,1),(64,1),(1,8),(1,9),(3,9),(4,9),(25,9),(26,9),(27,9),(29,9),(30,9),(31,9),(32,9),(38,9),(41,9),(42,9),(43,9),(44,9),(53,9),(54,9),(55,9),(56,9),(57,9),(58,9),(59,9),(60,9),(20,10),(1,12),(3,12),(4,12),(25,12),(26,12),(27,12),(28,12),(37,12),(38,12),(39,12),(40,12),(41,12),(42,12),(43,12),(44,12),(57,12),(58,12),(59,12),(60,12),(54,13);

--
-- Table structure for table `permission_user`
--

CREATE TABLE `permission_user` (
  `permission_id` bigint unsigned NOT NULL,
  `user_id` bigint unsigned NOT NULL,
  `user_type` varchar(255) CHARACTER SET utf8mb4 COLLATE utf8mb4_unicode_ci NOT NULL,
  PRIMARY KEY (`user_id`,`permission_id`,`user_type`),
  KEY `permission_user_permission_id_foreign` (`permission_id`),
  CONSTRAINT `permission_user_permission_id_foreign` FOREIGN KEY (`permission_id`) REFERENCES `permissions` (`id`) ON DELETE CASCADE ON UPDATE CASCADE
) ENGINE=InnoDB DEFAULT CHARSET=utf8mb4 COLLATE=utf8mb4_unicode_ci;

--
-- Dumping data for table `permission_user`
--


--
-- Table structure for table `permissions`
--

CREATE TABLE `permissions` (
  `id` bigint unsigned NOT NULL AUTO_INCREMENT,
  `name` varchar(255) CHARACTER SET utf8mb4 COLLATE utf8mb4_unicode_ci NOT NULL,
  `display_name` varchar(255) CHARACTER SET utf8mb4 COLLATE utf8mb4_unicode_ci DEFAULT NULL,
  `description` varchar(255) CHARACTER SET utf8mb4 COLLATE utf8mb4_unicode_ci DEFAULT NULL,
  `created_at` timestamp NULL DEFAULT NULL,
  `updated_at` timestamp NULL DEFAULT NULL,
  PRIMARY KEY (`id`),
  UNIQUE KEY `permissions_name_unique` (`name`)
) ENGINE=InnoDB AUTO_INCREMENT=65 DEFAULT CHARSET=utf8mb4 COLLATE=utf8mb4_unicode_ci;

--
-- Dumping data for table `permissions`
--

INSERT INTO `permissions` (`id`, `name`, `display_name`, `description`, `created_at`, `updated_at`) VALUES (1,'create_users','Create Users','Create Users','2022-06-21 09:32:18','2022-06-21 09:32:18'),(2,'read_users','Read Users','Read Users','2022-06-21 09:32:18','2022-06-21 09:32:18'),(3,'update_users','Update Users','Update Users','2022-06-21 09:32:18','2022-06-21 09:32:18'),(4,'delete_users','Delete Users','Delete Users','2022-06-21 09:32:18','2022-06-21 09:32:18'),(5,'create_roles','Create Roles','Create Roles','2022-06-21 09:32:18','2022-06-21 09:32:18'),(6,'read_roles','Read Roles','Read Roles','2022-06-21 09:32:18','2022-06-21 09:32:18'),(7,'update_roles','Update Roles','Update Roles','2022-06-21 09:32:18','2022-06-21 09:32:18'),(8,'delete_roles','Delete Roles','Delete Roles','2022-06-21 09:32:18','2022-06-21 09:32:18'),(9,'create_notifications','Create Notifications','Create Notifications','2022-06-21 09:32:18','2022-06-21 09:32:18'),(10,'read_notifications','Read Notifications','Read Notifications','2022-06-21 09:32:18','2022-06-21 09:32:18'),(11,'update_notifications','Update Notifications','Update Notifications','2022-06-21 09:32:18','2022-06-21 09:32:18'),(12,'delete_notifications','Delete Notifications','Delete Notifications','2022-06-21 09:32:18','2022-06-21 09:32:18'),(13,'create_sliders','Create Sliders','Create Sliders','2022-06-21 09:32:18','2022-06-21 09:32:18'),(14,'read_sliders','Read Sliders','Read Sliders','2022-06-21 09:32:18','2022-06-21 09:32:18'),(15,'update_sliders','Update Sliders','Update Sliders','2022-06-21 09:32:18','2022-06-21 09:32:18'),(16,'delete_sliders','Delete Sliders','Delete Sliders','2022-06-21 09:32:18','2022-06-21 09:32:18'),(17,'create_settings','Create Settings','Create Settings','2022-06-21 09:32:18','2022-06-21 09:32:18'),(18,'read_settings','Read Settings','Read Settings','2022-06-21 09:32:18','2022-06-21 09:32:18'),(19,'update_settings','Update Settings','Update Settings','2022-06-21 09:32:18','2022-06-21 09:32:18'),(20,'delete_settings','Delete Settings','Delete Settings','2022-06-21 09:32:18','2022-06-21 09:32:18'),(21,'create_categories','Create Categories','Create Categories','2022-06-21 09:32:18','2022-06-21 09:32:18'),(22,'read_categories','Read Categories','Read Categories','2022-06-21 09:32:18','2022-06-21 09:32:18'),(23,'update_categories','Update Categories','Update Categories','2022-06-21 09:32:18','2022-06-21 09:32:18'),(24,'delete_categories','Delete Categories','Delete Categories','2022-06-21 09:32:18','2022-06-21 09:32:18'),(25,'create_products','Create Products','Create Products','2022-06-21 09:32:18','2022-06-21 09:32:18'),(26,'read_products','Read Products','Read Products','2022-06-21 09:32:18','2022-06-21 09:32:18'),(27,'update_products','Update Products','Update Products','2022-06-21 09:32:18','2022-06-21 09:32:18'),(28,'delete_products','Delete Products','Delete Products','2022-06-21 09:32:18','2022-06-21 09:32:18'),(29,'create_paymentMethods','Create PaymentMethods','Create PaymentMethods','2022-06-21 09:32:18','2022-06-21 09:32:18'),(30,'read_paymentMethods','Read PaymentMethods','Read PaymentMethods','2022-06-21 09:32:18','2022-06-21 09:32:18'),(31,'update_paymentMethods','Update PaymentMethods','Update PaymentMethods','2022-06-21 09:32:18','2022-06-21 09:32:18'),(32,'delete_paymentMethods','Delete PaymentMethods','Delete PaymentMethods','2022-06-21 09:32:18','2022-06-21 09:32:18'),(33,'create_shippingType','Create ShippingType','Create ShippingType','2022-06-21 09:32:18','2022-06-21 09:32:18'),(34,'read_shippingType','Read ShippingType','Read ShippingType','2022-06-21 09:32:18','2022-06-21 09:32:18'),(35,'update_shippingType','Update ShippingType','Update ShippingType','2022-06-21 09:32:18','2022-06-21 09:32:18'),(36,'delete_shippingType','Delete ShippingType','Delete ShippingType','2022-06-21 09:32:18','2022-06-21 09:32:18'),(37,'create_orders','Create Orders','Create Orders','2022-06-21 09:32:18','2022-06-21 09:32:18'),(38,'read_orders','Read Orders','Read Orders','2022-06-21 09:32:18','2022-06-21 09:32:18'),(39,'update_orders','Update Orders','Update Orders','2022-06-21 09:32:18','2022-06-21 09:32:18'),(40,'delete_orders','Delete Orders','Delete Orders','2022-06-21 09:32:18','2022-06-21 09:32:18'),(41,'create_reports','Create Reports','Create Reports','2022-06-21 09:32:18','2022-06-21 09:32:18'),(42,'read_reports','Read Reports','Read Reports','2022-06-21 09:32:18','2022-06-21 09:32:18'),(43,'update_reports','Update Reports','Update Reports','2022-06-21 09:32:18','2022-06-21 09:32:18'),(44,'delete_reports','Delete Reports','Delete Reports','2022-06-21 09:32:18','2022-06-21 09:32:18'),(45,'create_governments','Create Governments','Create Governments','2022-06-21 09:32:18','2022-06-21 09:32:18'),(46,'read_governments','Read Governments','Read Governments','2022-06-21 09:32:18','2022-06-21 09:32:18'),(47,'update_governments','Update Governments','Update Governments','2022-06-21 09:32:18','2022-06-21 09:32:18'),(48,'delete_governments','Delete Governments','Delete Governments','2022-06-21 09:32:18','2022-06-21 09:32:18'),(49,'create_regions','Create Regions','Create Regions','2022-06-21 09:32:18','2022-06-21 09:32:18'),(50,'read_regions','Read Regions','Read Regions','2022-06-21 09:32:18','2022-06-21 09:32:18'),(51,'update_regions','Update Regions','Update Regions','2022-06-21 09:32:18','2022-06-21 09:32:18'),(52,'delete_regions','Delete Regions','Delete Regions','2022-06-21 09:32:18','2022-06-21 09:32:18'),(53,'create_discount','Create Discount','Create Discount','2022-06-21 09:32:18','2022-06-21 09:32:18'),(54,'read_discount','Read Discount','Read Discount','2022-06-21 09:32:18','2022-06-21 09:32:18'),(55,'update_discount','Update Discount','Update Discount','2022-06-21 09:32:18','2022-06-21 09:32:18'),(56,'delete_discount','Delete Discount','Delete Discount','2022-06-21 09:32:18','2022-06-21 09:32:18'),(57,'create_times','Create Times','Create Times','2022-06-21 09:32:18','2022-06-21 09:32:18'),(58,'read_times','Read Times','Read Times','2022-06-21 09:32:18','2022-06-21 09:32:18'),(59,'update_times','Update Times','Update Times','2022-06-21 09:32:18','2022-06-21 09:32:18'),(60,'delete_times','Delete Times','Delete Times','2022-06-21 09:32:18','2022-06-21 09:32:18'),(61,'create_tagers','Create Tagers','Create Tagers','2022-06-21 09:32:18','2022-06-21 09:32:18'),(62,'read_tagers','Read Tagers','Read Tagers','2022-06-21 09:32:18','2022-06-21 09:32:18'),(63,'update_tagers','Update Tagers','Update Tagers','2022-06-21 09:32:18','2022-06-21 09:32:18'),(64,'delete_tagers','Delete Tagers','Delete Tagers','2022-06-21 09:32:18','2022-06-21 09:32:18');

--
-- Table structure for table `personal_access_tokens`
--

CREATE TABLE `personal_access_tokens` (
  `id` bigint unsigned NOT NULL AUTO_INCREMENT,
  `tokenable_type` varchar(255) CHARACTER SET utf8mb4 COLLATE utf8mb4_unicode_ci NOT NULL,
  `tokenable_id` bigint unsigned NOT NULL,
  `name` varchar(255) CHARACTER SET utf8mb4 COLLATE utf8mb4_unicode_ci NOT NULL,
  `token` varchar(64) CHARACTER SET utf8mb4 COLLATE utf8mb4_unicode_ci NOT NULL,
  `abilities` text CHARACTER SET utf8mb4 COLLATE utf8mb4_unicode_ci,
  `last_used_at` timestamp NULL DEFAULT NULL,
  `created_at` timestamp NULL DEFAULT NULL,
  `updated_at` timestamp NULL DEFAULT NULL,
  PRIMARY KEY (`id`),
  UNIQUE KEY `personal_access_tokens_token_unique` (`token`),
  KEY `personal_access_tokens_tokenable_type_tokenable_id_index` (`tokenable_type`,`tokenable_id`)
) ENGINE=InnoDB DEFAULT CHARSET=utf8mb4 COLLATE=utf8mb4_unicode_ci;

--
-- Dumping data for table `personal_access_tokens`
--


--
-- Table structure for table `product_branches`
--

CREATE TABLE `product_branches` (
  `id` int unsigned NOT NULL AUTO_INCREMENT,
  `product_id` int unsigned NOT NULL,
  `branche_id` int unsigned NOT NULL,
  `status` int NOT NULL DEFAULT '1',
  `created_at` timestamp NULL DEFAULT NULL,
  `updated_at` timestamp NULL DEFAULT NULL,
  PRIMARY KEY (`id`),
  KEY `product_branches_product_id_foreign` (`product_id`),
  KEY `product_branches_branch_id_foreign` (`branche_id`),
  CONSTRAINT `product_branches_branch_id_foreign` FOREIGN KEY (`branche_id`) REFERENCES `branches` (`id`) ON DELETE CASCADE,
  CONSTRAINT `product_branches_product_id_foreign` FOREIGN KEY (`product_id`) REFERENCES `products` (`id`) ON DELETE CASCADE
) ENGINE=InnoDB AUTO_INCREMENT=54 DEFAULT CHARSET=utf8mb4 COLLATE=utf8mb4_unicode_ci;

--
-- Dumping data for table `product_branches`
--

INSERT INTO `product_branches` (`id`, `product_id`, `branche_id`, `status`, `created_at`, `updated_at`) VALUES (53,63,15,1,NULL,NULL);

--
-- Table structure for table `product_categories`
--

CREATE TABLE `product_categories` (
  `id` int unsigned NOT NULL AUTO_INCREMENT,
  `product_id` int unsigned DEFAULT NULL,
  `category_id` int unsigned DEFAULT NULL,
  `created_at` timestamp NULL DEFAULT NULL,
  `updated_at` timestamp NULL DEFAULT NULL,
  PRIMARY KEY (`id`),
  KEY `product_categories_product_id_foreign` (`product_id`),
  KEY `product_categories_category_id_foreign` (`category_id`),
  CONSTRAINT `product_categories_category_id_foreign` FOREIGN KEY (`category_id`) REFERENCES `categories` (`id`) ON DELETE CASCADE,
  CONSTRAINT `product_categories_product_id_foreign` FOREIGN KEY (`product_id`) REFERENCES `products` (`id`) ON DELETE CASCADE
) ENGINE=InnoDB AUTO_INCREMENT=73 DEFAULT CHARSET=utf8mb4 COLLATE=utf8mb4_unicode_ci;

--
-- Dumping data for table `product_categories`
--

INSERT INTO `product_categories` (`id`, `product_id`, `category_id`, `created_at`, `updated_at`) VALUES (44,63,1,NULL,NULL),(45,63,7,NULL,NULL),(50,65,19,NULL,NULL),(51,66,9,NULL,NULL),(52,67,19,NULL,NULL),(53,68,20,NULL,NULL),(54,69,20,NULL,NULL),(55,70,20,NULL,NULL),(56,71,1,NULL,NULL),(57,75,1,NULL,NULL),(58,74,1,NULL,NULL),(59,73,1,NULL,NULL),(60,72,1,NULL,NULL),(61,79,17,NULL,NULL),(62,78,17,NULL,NULL),(63,77,17,NULL,NULL),(64,76,17,NULL,NULL),(65,83,27,NULL,NULL),(66,82,27,NULL,NULL),(67,81,27,NULL,NULL),(68,80,27,NULL,NULL),(69,84,17,NULL,NULL),(70,85,17,NULL,NULL),(71,86,17,NULL,NULL),(72,86,18,NULL,NULL);

--
-- Table structure for table `product_orders`
--

CREATE TABLE `product_orders` (
  `id` int unsigned NOT NULL AUTO_INCREMENT,
  `order_id` int unsigned NOT NULL,
  `product_id` int unsigned NOT NULL,
  `user_id` int DEFAULT NULL,
  `branch_id` int DEFAULT NULL,
  `quantity` int NOT NULL DEFAULT '1',
  `option` text CHARACTER SET utf8mb4 COLLATE utf8mb4_unicode_ci NOT NULL,
  `price` decimal(8,2) NOT NULL,
  `shipping_cost` decimal(8,2) DEFAULT NULL,
  `created_at` timestamp NULL DEFAULT NULL,
  `updated_at` timestamp NULL DEFAULT NULL,
  `category_id` int DEFAULT NULL,
  `nameOfCart` varchar(191) CHARACTER SET utf8mb4 COLLATE utf8mb4_unicode_ci DEFAULT NULL,
  `product_price` decimal(8,2) DEFAULT NULL,
  `sender_name` varchar(151) CHARACTER SET utf8mb4 COLLATE utf8mb4_unicode_ci DEFAULT NULL,
  `recived_name` varchar(191) CHARACTER SET utf8mb4 COLLATE utf8mb4_unicode_ci DEFAULT NULL,
  `text` varchar(191) CHARACTER SET utf8mb4 COLLATE utf8mb4_unicode_ci DEFAULT NULL,
  PRIMARY KEY (`id`),
  KEY `product_orders_order_id_foreign` (`order_id`),
  KEY `product_orders_product_id_foreign` (`product_id`),
  CONSTRAINT `product_orders_order_id_foreign` FOREIGN KEY (`order_id`) REFERENCES `orders` (`id`) ON DELETE CASCADE,
  CONSTRAINT `product_orders_product_id_foreign` FOREIGN KEY (`product_id`) REFERENCES `products` (`id`) ON DELETE CASCADE
) ENGINE=InnoDB AUTO_INCREMENT=20 DEFAULT CHARSET=utf8mb4 COLLATE=utf8mb4_unicode_ci;

--
-- Dumping data for table `product_orders`
--

INSERT INTO `product_orders` (`id`, `order_id`, `product_id`, `user_id`, `branch_id`, `quantity`, `option`, `price`, `shipping_cost`, `created_at`, `updated_at`, `category_id`, `nameOfCart`, `product_price`, `sender_name`, `recived_name`, `text`) VALUES (1,1,63,433,15,2,' ',10.00,NULL,'2024-09-17 00:49:48','2024-09-18 01:00:13',NULL,NULL,NULL,NULL,NULL,NULL),(3,2,63,433,15,2,'34',22.00,NULL,'2024-09-29 19:37:50','2024-09-29 19:43:07',NULL,NULL,NULL,NULL,NULL,NULL),(4,3,63,NULL,15,1,'34',22.00,NULL,'2024-09-30 21:17:13','2024-09-30 21:17:13',NULL,NULL,NULL,NULL,NULL,NULL),(5,4,63,NULL,15,1,'34',22.00,NULL,'2024-10-01 20:54:43','2024-10-01 20:54:43',NULL,NULL,NULL,NULL,NULL,NULL),(6,5,63,433,15,1,'34',22.00,NULL,'2024-10-01 21:07:21','2024-10-01 21:15:03',NULL,NULL,NULL,NULL,NULL,NULL),(8,7,63,433,15,4,'34',22.00,NULL,'2024-10-13 16:25:59','2024-10-13 16:27:41',NULL,NULL,NULL,NULL,NULL,NULL),(10,9,78,433,NULL,1,' ',22.00,NULL,'2024-10-14 20:40:26','2024-10-14 20:40:26',NULL,NULL,NULL,NULL,NULL,NULL),(13,11,82,433,11,2,'3',14.50,NULL,'2024-10-14 21:21:36','2024-10-14 21:21:51',NULL,NULL,14.50,'كارت الهديه من','كارت الهديه الي','samer'),(14,10,85,1,NULL,1,' ',0.00,NULL,'2024-10-14 21:23:02','2024-10-14 21:23:02',NULL,NULL,0.00,NULL,NULL,NULL),(15,12,78,433,NULL,1,' ',22.00,NULL,'2024-10-14 21:27:59','2024-10-14 21:27:59',NULL,NULL,NULL,NULL,NULL,NULL),(16,13,65,1,NULL,1,' ',18.00,NULL,'2024-10-14 21:39:55','2024-10-14 21:39:55',NULL,NULL,18.00,NULL,NULL,NULL),(17,14,78,433,NULL,1,' ',22.00,NULL,'2024-10-14 21:46:29','2024-10-14 21:46:29',NULL,NULL,NULL,NULL,NULL,NULL),(18,15,69,1,NULL,1,' ',20.00,NULL,'2024-10-15 06:01:31','2024-10-15 06:01:31',NULL,NULL,NULL,NULL,NULL,NULL),(19,16,82,433,NULL,2,' ',0.00,NULL,'2025-02-18 07:58:21','2025-02-18 07:58:21',NULL,NULL,NULL,NULL,NULL,NULL);

--
-- Table structure for table `product_otherdatas`
--

CREATE TABLE `product_otherdatas` (
  `id` bigint unsigned NOT NULL AUTO_INCREMENT,
  `product_id` int unsigned DEFAULT NULL,
  `input_key_ar` varchar(191) CHARACTER SET utf8mb4 COLLATE utf8mb4_unicode_ci NOT NULL,
  `input_value_ar` varchar(191) CHARACTER SET utf8mb4 COLLATE utf8mb4_unicode_ci NOT NULL,
  `input_key_en` varchar(191) CHARACTER SET utf8mb4 COLLATE utf8mb4_unicode_ci DEFAULT NULL,
  `input_value_en` varchar(191) CHARACTER SET utf8mb4 COLLATE utf8mb4_unicode_ci DEFAULT NULL,
  `created_at` timestamp NULL DEFAULT NULL,
  `updated_at` timestamp NULL DEFAULT NULL,
  `user_id` int DEFAULT NULL,
  PRIMARY KEY (`id`),
  KEY `product_otherdatas_product_id_foreign` (`product_id`)
) ENGINE=InnoDB AUTO_INCREMENT=20 DEFAULT CHARSET=utf8mb4 COLLATE=utf8mb4_unicode_ci;

--
-- Dumping data for table `product_otherdatas`
--

INSERT INTO `product_otherdatas` (`id`, `product_id`, `input_key_ar`, `input_value_ar`, `input_key_en`, `input_value_en`, `created_at`, `updated_at`, `user_id`) VALUES (3,NULL,'asdas','','asdasdda',NULL,'2024-03-30 13:52:10','2024-03-30 13:52:10',348),(18,NULL,'الفرع الاول','','asdsad٢',NULL,'2024-03-30 13:58:18','2024-03-30 13:58:18',344),(19,NULL,'الفرع الثاني','','ccxz',NULL,'2024-03-30 13:58:18','2024-03-30 13:58:18',344);

--
-- Table structure for table `product_pwrs`
--

CREATE TABLE `product_pwrs` (
  `id` int unsigned NOT NULL AUTO_INCREMENT,
  `product_id` int unsigned DEFAULT NULL,
  `pwr_id` int unsigned DEFAULT NULL,
  `in_stock` int NOT NULL DEFAULT '1',
  `status` int NOT NULL DEFAULT '1',
  `created_at` timestamp NULL DEFAULT NULL,
  `updated_at` timestamp NULL DEFAULT NULL,
  PRIMARY KEY (`id`),
  KEY `product_pwrs_product_id_foreign` (`product_id`),
  KEY `product_pwrs_pwr_id_foreign` (`pwr_id`),
  CONSTRAINT `product_pwrs_product_id_foreign` FOREIGN KEY (`product_id`) REFERENCES `products` (`id`) ON DELETE CASCADE,
  CONSTRAINT `product_pwrs_pwr_id_foreign` FOREIGN KEY (`pwr_id`) REFERENCES `pwrs` (`id`) ON DELETE CASCADE
) ENGINE=InnoDB DEFAULT CHARSET=utf8mb4 COLLATE=utf8mb4_unicode_ci;

--
-- Dumping data for table `product_pwrs`
--


--
-- Table structure for table `product_translations`
--

CREATE TABLE `product_translations` (
  `id` int unsigned NOT NULL AUTO_INCREMENT,
  `product_id` int unsigned NOT NULL,
  `name` varchar(255) CHARACTER SET utf8mb4 COLLATE utf8mb4_unicode_ci NOT NULL,
  `content` text CHARACTER SET utf8mb4 COLLATE utf8mb4_unicode_ci NOT NULL,
  `Size_guide` varchar(191) CHARACTER SET utf8mb4 COLLATE utf8mb4_unicode_ci DEFAULT NULL,
  `meta_keywords` text CHARACTER SET utf8mb4 COLLATE utf8mb4_unicode_ci,
  `locale` varchar(255) CHARACTER SET utf8mb4 COLLATE utf8mb4_unicode_ci NOT NULL,
  `created_at` timestamp NULL DEFAULT NULL,
  `updated_at` timestamp NULL DEFAULT NULL,
  `monthly` varchar(191) CHARACTER SET utf8mb4 COLLATE utf8mb4_unicode_ci DEFAULT NULL,
  PRIMARY KEY (`id`),
  UNIQUE KEY `product_translations_product_id_locale_unique` (`product_id`,`locale`),
  KEY `product_translations_locale_index` (`locale`),
  CONSTRAINT `product_translations_product_id_foreign` FOREIGN KEY (`product_id`) REFERENCES `products` (`id`) ON DELETE CASCADE
) ENGINE=InnoDB AUTO_INCREMENT=97 DEFAULT CHARSET=utf8mb4 COLLATE=utf8mb4_unicode_ci;

--
-- Dumping data for table `product_translations`
--

INSERT INTO `product_translations` (`id`, `product_id`, `name`, `content`, `Size_guide`, `meta_keywords`, `locale`, `created_at`, `updated_at`, `monthly`) VALUES (51,63,'منتج جديد','منتج جديد','دليل المقاسات بالعربي',NULL,'ar',NULL,NULL,NULL),(52,63,'منتج جديد','منتج جديد','دليل المقاسات بالانجلزيه',NULL,'en',NULL,NULL,NULL),(53,65,'هاتف آبل ايفون 15','الشاشة: شاشة سوبر راتينا او ال اي دي مقاس 6.7 بوصة، بدقة 2556 × 1179 بكسل\r\nالمعالج: شريحة ايه 17 برو\r\nالذاكرة: 512 جيجابايت\r\nالكاميرا الخلفية: 48 ميجابكسل (f/1.78) + 12 ميجابكسل (f/2.2) + 12 ميجابكسل (f/1.78)\r\nالكاميرا الأمامية: 12 ميجابكسل (f/1.9)\r\nوحدة المعالجة المركزية: وحدة معالجة مركزية جديدة سداسية النواة مع نواتين للأداء و4 نوى للكفاءة\r\nنظام التشغيل: آي او اس 17\r\nالبطارية: غير قابلة للإزالة\r\nالمستشعرات: قارء الوجه، ماسح ضوئي ليدار، مقياس الضغط الجوي، جيروسكوبي ذو نطاق ديناميكي عالٍ، مقياس تسارع عالي الجاذبية، مستشعر القرب، مستشعرات إضاءة محيطة مزدوجة',NULL,NULL,'ar',NULL,NULL,NULL),(54,65,'هاتف آبل ايفون 15','الشاشة: شاشة سوبر راتينا او ال اي دي مقاس 6.7 بوصة، بدقة 2556 × 1179 بكسل\r\nالمعالج: شريحة ايه 17 برو\r\nالذاكرة: 512 جيجابايت\r\nالكاميرا الخلفية: 48 ميجابكسل (f/1.78) + 12 ميجابكسل (f/2.2) + 12 ميجابكسل (f/1.78)\r\nالكاميرا الأمامية: 12 ميجابكسل (f/1.9)\r\nوحدة المعالجة المركزية: وحدة معالجة مركزية جديدة سداسية النواة مع نواتين للأداء و4 نوى للكفاءة\r\nنظام التشغيل: آي او اس 17\r\nالبطارية: غير قابلة للإزالة\r\nالمستشعرات: قارء الوجه، ماسح ضوئي ليدار، مقياس الضغط الجوي، جيروسكوبي ذو نطاق ديناميكي عالٍ، مقياس تسارع عالي الجاذبية، مستشعر القرب، مستشعرات إضاءة محيطة مزدوجة',NULL,NULL,'en',NULL,NULL,NULL),(55,66,'هاتف آبل ايفون 12','الشاشة: 6.1 بوصة سوبر رينتا XDR أوليد ، 1170×2532 بكسل\r\nالذاكرة: 128 جيجا / 4 جيجا رام\r\nالكاميرا: 12 ميجابكسل (إف/2.4) + 12 ميجابكسل (إف/ 1.6)\r\nالثانوية: 12 ميجابيكسل (إف / 2.0)\r\nوحدة المعالجة المركزية: سداسي النواة\r\nنظام التشغيل: iOS 14\r\nالبطارية: بطارية ليثيوم بوليمر 2775 مللي أمبير غير قابلة للفك',NULL,NULL,'ar',NULL,NULL,NULL),(56,66,'هاتف آبل ايفون 12','الشاشة: 6.1 بوصة سوبر رينتا XDR أوليد ، 1170×2532 بكسل\r\nالذاكرة: 128 جيجا / 4 جيجا رام\r\nالكاميرا: 12 ميجابكسل (إف/2.4) + 12 ميجابكسل (إف/ 1.6)\r\nالثانوية: 12 ميجابيكسل (إف / 2.0)\r\nوحدة المعالجة المركزية: سداسي النواة\r\nنظام التشغيل: iOS 14\r\nالبطارية: بطارية ليثيوم بوليمر 2775 مللي أمبير غير قابلة للفك',NULL,NULL,'en',NULL,NULL,NULL),(57,67,'هاتف أبل آيفون 16','الشاشة: 6.1\" شاشة او ال اي دي سوبر راتينا بدقة 2556 × 1179 بكسل\r\nالمعالج: ايه18\r\nالكاميرا: 48 ميجابكسل (f/1.6) + 12 ميجابكسل (f/1.9)\r\nكاميرا ثانوية: 12 ميجابكسل (f/1.9)\r\nوحدة المعالجة المركزية: وحدة معالجة مركزية سداسية النواة مع 2 نواة للأداء و4 نواة للكفاءة\r\nنظام التشغيل: آي او اس 18\r\nالبطارية: بطارية ليثيوم أيون قابلة لإعادة الشحن مدمجة وغير قابلة للإزالة\r\nأجهزة الاستشعار: بصمه الوجه، مقياس الضغط الجوي، جيروسكوب عالي النطاق الديناميكي، مقياس تسارع عالي الجاذبية، مستشعر القرب، مستشعران للضوء المحيط',NULL,NULL,'ar',NULL,NULL,NULL),(58,67,'هاتف أبل آيفون 16','الشاشة: 6.1\" شاشة او ال اي دي سوبر راتينا بدقة 2556 × 1179 بكسل\r\nالمعالج: ايه18\r\nالكاميرا: 48 ميجابكسل (f/1.6) + 12 ميجابكسل (f/1.9)\r\nكاميرا ثانوية: 12 ميجابكسل (f/1.9)\r\nوحدة المعالجة المركزية: وحدة معالجة مركزية سداسية النواة مع 2 نواة للأداء و4 نواة للكفاءة\r\nنظام التشغيل: آي او اس 18\r\nالبطارية: بطارية ليثيوم أيون قابلة لإعادة الشحن مدمجة وغير قابلة للإزالة\r\nأجهزة الاستشعار: بصمه الوجه، مقياس الضغط الجوي، جيروسكوب عالي النطاق الديناميكي، مقياس تسارع عالي الجاذبية، مستشعر القرب، مستشعران للضوء المحيط',NULL,NULL,'en',NULL,NULL,NULL),(59,68,'هاتف جالاكسي اس 24','حجم الشاشة: 6.8 بوصة\r\nالسعة: 12 جيجابايت رام / 256جيجابايت.\r\nشريحة الاتصال: شريحة نانو -سيم وشريحة اي سيم أو شريحتين اتصال\r\nالدقة: 1080 × 2340 بكسل\r\nنظام التشغيل: اندرويد 14\r\nبلوتوث: 5.3\r\nيو اس بي: 3.2 ( يو اس بي نوع سي )\r\nالبطارية: ليثيوم أيون 5000 مللي أمبير، غير قابلة للإزالة',NULL,NULL,'ar',NULL,NULL,NULL),(60,68,'هاتف جالاكسي اس 24','حجم الشاشة: 6.8 بوصة\r\nالسعة: 12 جيجابايت رام / 256جيجابايت.\r\nشريحة الاتصال: شريحة نانو -سيم وشريحة اي سيم أو شريحتين اتصال\r\nالدقة: 1080 × 2340 بكسل\r\nنظام التشغيل: اندرويد 14\r\nبلوتوث: 5.3\r\nيو اس بي: 3.2 ( يو اس بي نوع سي )\r\nالبطارية: ليثيوم أيون 5000 مللي أمبير، غير قابلة للإزالة',NULL,NULL,'en',NULL,NULL,NULL),(61,69,'هاتف جالاكسي ايه 05','الشاشة: 6.7 بوصة 720 × 1600 اتش دي + بلس ال سي دي\r\nالمعالج: ميدياتك | MT6769V/واي\r\nالذاكرة: 64 جيجابايت/4 جيجابايت، 128 جيجابايت/4 جيجابايت\r\nالكاميرا: 50 ميجابكسل + 2 ميجابكسل\r\nالثانوية: 8 ميجابكسل\r\nوحدة المعالجة المركزية: ثماني النواة بسرعة 2 جيجا هرتز، 1.8 هرتز\r\nنظام التشغيل: أندرويد\r\nالبطارية: 5000 مللي أمبير\r\nالمستشعرات: مقياس التسارع، مستشعر الضوء، مستشعر القرب\r\nالألوان: فضي',NULL,NULL,'ar',NULL,NULL,NULL),(62,69,'هاتف جالاكسي ايه 05','الشاشة: 6.7 بوصة 720 × 1600 اتش دي + بلس ال سي دي\r\nالمعالج: ميدياتك | MT6769V/واي\r\nالذاكرة: 64 جيجابايت/4 جيجابايت، 128 جيجابايت/4 جيجابايت\r\nالكاميرا: 50 ميجابكسل + 2 ميجابكسل\r\nالثانوية: 8 ميجابكسل\r\nوحدة المعالجة المركزية: ثماني النواة بسرعة 2 جيجا هرتز، 1.8 هرتز\r\nنظام التشغيل: أندرويد\r\nالبطارية: 5000 مللي أمبير\r\nالمستشعرات: مقياس التسارع، مستشعر الضوء، مستشعر القرب\r\nالألوان: فضي',NULL,NULL,'en',NULL,NULL,NULL),(63,70,'هاتف سامسونج جالكسي','الشاشة: 6.7 بوصة 720 × 1600 (اتش دي +)\r\nالمعالج: ميدياتيك جي 85\r\nالذاكرة: 64 جيجابايت/4 جيجابايت\r\nالكاميرا: 50 ميجابكسل، 2 ميجابكسل\r\nالكاميرا الثانوية: 8 ميجابكسل\r\nنظام التشغيل: آندرويد 14\r\nالبطارية: 5000 مللي أمبير',NULL,NULL,'ar',NULL,NULL,NULL),(64,70,'هاتف سامسونج جالكسي','الشاشة: 6.7 بوصة 720 × 1600 (اتش دي +)\r\nالمعالج: ميدياتيك جي 85\r\nالذاكرة: 64 جيجابايت/4 جيجابايت\r\nالكاميرا: 50 ميجابكسل، 2 ميجابكسل\r\nالكاميرا الثانوية: 8 ميجابكسل\r\nنظام التشغيل: آندرويد 14\r\nالبطارية: 5000 مللي أمبير',NULL,NULL,'en',NULL,NULL,NULL),(65,71,'سماعات هواوي فري بادز 6آي','إلغاء الضوضاء الذكي على المستوى الرئيسي\r\nبطارية تدوم لمدة 35 ساعة مع علبة الشحن، و4 ساعات من الاستماع مع شحن لمدة 10 دقائق\r\nمشغل مغناطيسي رباعي للحصول على صوت جهير قوي\r\nمتوافق مع ابل و أندرويد\r\nاتصال مزدوج بالجهاز',NULL,NULL,'ar',NULL,NULL,NULL),(66,71,'سماعات هواوي فري بادز 6آي','إلغاء الضوضاء الذكي على المستوى الرئيسي\r\nبطارية تدوم لمدة 35 ساعة مع علبة الشحن، و4 ساعات من الاستماع مع شحن لمدة 10 دقائق\r\nمشغل مغناطيسي رباعي للحصول على صوت جهير قوي\r\nمتوافق مع ابل و أندرويد\r\nاتصال مزدوج بالجهاز',NULL,NULL,'en',NULL,NULL,NULL),(67,75,'سماعات الأذن هواوي فري كليب','تصميم C-bridge لراحة الارتداء\r\nعمر بطارية طويل للغاية\r\nإلغاء ضوضاء المكالمات بالذكاء الاصطناعي\r\nاتصال الجهاز المزدوج\r\nمقاومة الغبار والماء بمعيار IP54',NULL,NULL,'ar',NULL,NULL,NULL),(68,75,'سماعات الأذن هواوي فري كليب','تصميم C-bridge لراحة الارتداء\r\nعمر بطارية طويل للغاية\r\nإلغاء ضوضاء المكالمات بالذكاء الاصطناعي\r\nاتصال الجهاز المزدوج\r\nمقاومة الغبار والماء بمعيار IP54',NULL,NULL,'en',NULL,NULL,NULL),(69,74,'سماعة آبل آيربودز برو','يعمل إلغاء الضوضاء النشط على تقليل ضوضاء الخلفية غير المرغوب فيها\r\nتسمح الشفافية التكيفية بدخول الأصوات الخارجية مع تقليل الضوضاء البيئية العالية\r\nصوت مكاني مخصص مع صوت أماكن تتبع الرأس الديناميكية في كل مكان من حولك\r\nأطراف الأذن المتعددة (XS، S، M، L)\r\nيتيح لك التحكم باللمس التمرير السريع لضبط مستوى الصوت، والضغط لتوجيه تشغيل الوسائط، والرد على المكالمات أو إنهائها، والضغط مع الاستمرار للتبديل بين أوضاع الاستماع\r\nمقاومة للعرق والماء سماعة آبل آيربودز برو وعلبة الشحن\r\nحقيبة الشحن ماج سيف مع مكبر الصوت وحلقة الحبل\r\nما يصل إلى 6 ساعات من وقت الاستماع مع ميزة إلغاء الضوضاء النشطة\r\nما يصل إلى 30 ساعة من إجمالي وقت الاستماع مع علبة الشحن ماج سيف وإلغاء الضوضاء النشط\r\nسهولة الإعداد، والكشف داخل الأذن، والتبديل التلقائي بين الأجهزة\r\nمشاركة الصوت بين مجموعتين من آيربودز على آيفونأو آيباد أو آيبود أو آبل تي في\r\nالعثور علي مع عرض القرب ل سماعة آبل آيربودز برو وعلبة الشحن',NULL,NULL,'ar',NULL,NULL,NULL),(70,74,'سماعة آبل آيربودز برو','يعمل إلغاء الضوضاء النشط على تقليل ضوضاء الخلفية غير المرغوب فيها\r\nتسمح الشفافية التكيفية بدخول الأصوات الخارجية مع تقليل الضوضاء البيئية العالية\r\nصوت مكاني مخصص مع صوت أماكن تتبع الرأس الديناميكية في كل مكان من حولك\r\nأطراف الأذن المتعددة (XS، S، M، L)\r\nيتيح لك التحكم باللمس التمرير السريع لضبط مستوى الصوت، والضغط لتوجيه تشغيل الوسائط، والرد على المكالمات أو إنهائها، والضغط مع الاستمرار للتبديل بين أوضاع الاستماع\r\nمقاومة للعرق والماء سماعة آبل آيربودز برو وعلبة الشحن\r\nحقيبة الشحن ماج سيف مع مكبر الصوت وحلقة الحبل\r\nما يصل إلى 6 ساعات من وقت الاستماع مع ميزة إلغاء الضوضاء النشطة\r\nما يصل إلى 30 ساعة من إجمالي وقت الاستماع مع علبة الشحن ماج سيف وإلغاء الضوضاء النشط\r\nسهولة الإعداد، والكشف داخل الأذن، والتبديل التلقائي بين الأجهزة\r\nمشاركة الصوت بين مجموعتين من آيربودز على آيفونأو آيباد أو آيبود أو آبل تي في\r\nالعثور علي مع عرض القرب ل سماعة آبل آيربودز برو وعلبة الشحن',NULL,NULL,'en',NULL,NULL,NULL),(71,73,'سماعة فري بودز اس اي','العلامة التجارية: هواوي\r\nاللون: أسود\r\nعامل الشكل: في الأذن\r\nتقنية الاتصال: لاسلكي\r\nتقنيات الاتصال اللاسلكي واي فاي\r\nميزات خاصة: التحكم في مستوى الصوت\r\nالمكونات المتضمنة: علبة شحن لاسلكية\r\nالفئة العمرية (الوصف): بالغ\r\nالمادة: البلاستيك',NULL,NULL,'ar',NULL,NULL,NULL),(72,73,'سماعة فري بودز اس اي','العلامة التجارية: هواوي\r\nاللون: أسود\r\nعامل الشكل: في الأذن\r\nتقنية الاتصال: لاسلكي\r\nتقنيات الاتصال اللاسلكي واي فاي\r\nميزات خاصة: التحكم في مستوى الصوت\r\nالمكونات المتضمنة: علبة شحن لاسلكية\r\nالفئة العمرية (الوصف): بالغ\r\nالمادة: البلاستيك',NULL,NULL,'en',NULL,NULL,NULL),(73,72,'سماعة الأذن مع موصّل','صممه أبل\r\nنغمات باس عميقة وغنية\r\nالحماية من العرق والماء\r\nالتحكم في تشغيل الموسيقى والفيديو\r\nالرد على المكالمات وإنهائها',NULL,NULL,'ar',NULL,NULL,NULL),(74,72,'سماعة الأذن مع موصّل','صممه أبل\r\nنغمات باس عميقة وغنية\r\nالحماية من العرق والماء\r\nالتحكم في تشغيل الموسيقى والفيديو\r\nالرد على المكالمات وإنهائها',NULL,NULL,'en',NULL,NULL,NULL),(75,79,'مكنسة محمولة 4اس لاسلكية','سهل الاستخدام\r\nقوة شفط رائعة\r\nمتعددة الاستخدامات بشكل مذهل\r\nمحطة الشحن القائمة بذاتها تلغي الحاجة إلى تركيب محطة الشحن على الحائط\r\nيمكن تخزين المكنسة الكهربائية والملحقات معًا\r\n2 في 1 محطة شحن وتخزين\r\nمستوى طاقة الصوت: 79 (ديسيبل (أ))\r\nجهد البطارية: 18 فولت\r\nنوع البطارية: بطارية ليثيوم أيون\r\nدقيقة وقت التشغيل: 60 دقيقة\r\nوقت شحن البطارية 100٪: 3.5 ساعات\r\nنوع تيار الشاحن: 100 - 240/50 - 60 فولت / هرتز',NULL,NULL,'ar',NULL,NULL,NULL),(76,79,'مكنسة محمولة 4اس لاسلكية','سهل الاستخدام\r\nقوة شفط رائعة\r\nمتعددة الاستخدامات بشكل مذهل\r\nمحطة الشحن القائمة بذاتها تلغي الحاجة إلى تركيب محطة الشحن على الحائط\r\nيمكن تخزين المكنسة الكهربائية والملحقات معًا\r\n2 في 1 محطة شحن وتخزين\r\nمستوى طاقة الصوت: 79 (ديسيبل (أ))\r\nجهد البطارية: 18 فولت\r\nنوع البطارية: بطارية ليثيوم أيون\r\nدقيقة وقت التشغيل: 60 دقيقة\r\nوقت شحن البطارية 100٪: 3.5 ساعات\r\nنوع تيار الشاحن: 100 - 240/50 - 60 فولت / هرتز',NULL,NULL,'en',NULL,NULL,NULL),(77,78,'غسالة تعبئة امامية','غسالة بيكو تعبئة امامية,سعة 10 كيلو, WTE1014S -- رمادي:\r\n\r\nغسالة تحميل أمامي\r\nسعة الغسيل ١٠ كيلو غرام\r\nسرعة دوران متغيرة ١٤٠٠ دورة في الدقيقة\r\nعدد البرامج 16\r\nفئة الطاقة أ +++\r\nقفل الأمان / قفل الأطفال\r\nعرض الوقت المتبقي\r\nخيار البدء المتاخر\r\nبرنامج الغسيل السريع\r\nميزات إضافية ضد التجعد\r\nعلاج البقع بالبخار\r\nمحرك برو سمارت العاكس\r\nتقنية تزويد المنظفة اوتوماتيكيا\r\nالأبعاد ٨٤٠ * ٦٠٠ * ٦٤٠\r\nصنع في تركيا\r\nمكنسة كهربائية لاسلكية من بيكو، قدرة 450 واط، سعة 0.9 لتر، VRT94929VI -- أسود:\r\n\r\nللسجاد والاسطح الصلبة\r\nفلتر HEPA 10\r\nمصابيح ليد\r\nحامل ذاتي: سيبقي المكنسة الكهربائية عمودية\r\nأداة تنظيف الشقوق ، فرشاة التنجيد ، رأس فرشاة تربو بمحرك ، فرشاة تربو صغيرة ، أداة غبار وإطالة مرنة\r\nمحطة الشحن\r\nمؤشر البطارية',NULL,NULL,'ar',NULL,NULL,NULL),(78,78,'غسالة تعبئة امامية','غسالة بيكو تعبئة امامية,سعة 10 كيلو, WTE1014S -- رمادي:\r\n\r\nغسالة تحميل أمامي\r\nسعة الغسيل ١٠ كيلو غرام\r\nسرعة دوران متغيرة ١٤٠٠ دورة في الدقيقة\r\nعدد البرامج 16\r\nفئة الطاقة أ +++\r\nقفل الأمان / قفل الأطفال\r\nعرض الوقت المتبقي\r\nخيار البدء المتاخر\r\nبرنامج الغسيل السريع\r\nميزات إضافية ضد التجعد\r\nعلاج البقع بالبخار\r\nمحرك برو سمارت العاكس\r\nتقنية تزويد المنظفة اوتوماتيكيا\r\nالأبعاد ٨٤٠ * ٦٠٠ * ٦٤٠\r\nصنع في تركيا\r\nمكنسة كهربائية لاسلكية من بيكو، قدرة 450 واط، سعة 0.9 لتر، VRT94929VI -- أسود:\r\n\r\nللسجاد والاسطح الصلبة\r\nفلتر HEPA 10\r\nمصابيح ليد\r\nحامل ذاتي: سيبقي المكنسة الكهربائية عمودية\r\nأداة تنظيف الشقوق ، فرشاة التنجيد ، رأس فرشاة تربو بمحرك ، فرشاة تربو صغيرة ، أداة غبار وإطالة مرنة\r\nمحطة الشحن\r\nمؤشر البطارية',NULL,NULL,'en',NULL,NULL,NULL),(79,77,'منظف السجاد والمفروشات','إزالة البقع بشكل دائم: إزالة بقع الحيوانات الأليفة بشكل دائم والقضاء على الروائح\r\n. شفط قوي: شفط قوي للبقع والبقع ذات الحجم الطبيعي\r\nسريع ومحمول: قم بإزالة الانسكابات والبقع والفوضى بسرعة باستخدام كلين سلات المحمول الذي يوفر شفطًا قويًا والأدوات التي تحتاجها لأي وظيفة، كبيرة أو صغيرة.\r\nشطف الخرطوم: سهلة التنظيف، تقوم أداة شطف الخرطوم بغسل الماكينة بالماء لإزالتها\r\nأنواع الفوضى: نظف الفوضى الصعبة مثل الطين والنبيذ وفوضى الحيوانات الأليفة وأكثر من ذلك من السجاد والمفروشات وأي أوساخ وحطام متبقية.\r\nخزانات مزدوجة: يتمتع نظام الخزان المزدوج بسعة محلول نظيف تبلغ 40 أونصة حتى تتمكن من التنظيف لمسافة أبعد بينما يظل الماء النظيف والمياه المتسخة منفصلين.',NULL,NULL,'ar',NULL,NULL,NULL),(80,77,'منظف السجاد والمفروشات','إزالة البقع بشكل دائم: إزالة بقع الحيوانات الأليفة بشكل دائم والقضاء على الروائح\r\n. شفط قوي: شفط قوي للبقع والبقع ذات الحجم الطبيعي\r\nسريع ومحمول: قم بإزالة الانسكابات والبقع والفوضى بسرعة باستخدام كلين سلات المحمول الذي يوفر شفطًا قويًا والأدوات التي تحتاجها لأي وظيفة، كبيرة أو صغيرة.\r\nشطف الخرطوم: سهلة التنظيف، تقوم أداة شطف الخرطوم بغسل الماكينة بالماء لإزالتها\r\nأنواع الفوضى: نظف الفوضى الصعبة مثل الطين والنبيذ وفوضى الحيوانات الأليفة وأكثر من ذلك من السجاد والمفروشات وأي أوساخ وحطام متبقية.\r\nخزانات مزدوجة: يتمتع نظام الخزان المزدوج بسعة محلول نظيف تبلغ 40 أونصة حتى تتمكن من التنظيف لمسافة أبعد بينما يظل الماء النظيف والمياه المتسخة منفصلين.',NULL,NULL,'en',NULL,NULL,NULL),(81,76,'مكنسة كهربائية لاسلكية من بيكو','للسجاد والاسطح الصلبة\r\nتسمح وظيفة ACTi Flex للفوهة بالانزلاق أسفل الأثاث ، مما يمنحك تنظيفًا كاملاً بأقل جهد.\r\nفلتر HEPA 10\r\nمصابيح LED: تُثبَّت على رأس المكنسة الكهربائية وتوفر حلاً عمليًا للتنظيف في الزوايا التي يصعب الوصول إليها وأسفل الأثاث وفي الأماكن الأخرى التي تكون الإضاءة فيها منخفضة.\r\n3 أضواء LED على جسم المنتج لتظهر\r\n6 مصابيح LED على فرشاة تربو.\r\nحامل ذاتي: سيبقي المكنسة الكهربائية قائمة بذاتها\r\nأداة تنظيف الشقوق ، أداة إزالة الغبار ، فرشاة تنجيد وإطالة مرنة\r\nمحطة شحن\r\nمؤشر البطارية\r\nبطارية ليثيوم قابلة للإزالة',NULL,NULL,'ar',NULL,NULL,NULL),(82,76,'مكنسة كهربائية لاسلكية من بيكو','للسجاد والاسطح الصلبة\r\nتسمح وظيفة ACTi Flex للفوهة بالانزلاق أسفل الأثاث ، مما يمنحك تنظيفًا كاملاً بأقل جهد.\r\nفلتر HEPA 10\r\nمصابيح LED: تُثبَّت على رأس المكنسة الكهربائية وتوفر حلاً عمليًا للتنظيف في الزوايا التي يصعب الوصول إليها وأسفل الأثاث وفي الأماكن الأخرى التي تكون الإضاءة فيها منخفضة.\r\n3 أضواء LED على جسم المنتج لتظهر\r\n6 مصابيح LED على فرشاة تربو.\r\nحامل ذاتي: سيبقي المكنسة الكهربائية قائمة بذاتها\r\nأداة تنظيف الشقوق ، أداة إزالة الغبار ، فرشاة تنجيد وإطالة مرنة\r\nمحطة شحن\r\nمؤشر البطارية\r\nبطارية ليثيوم قابلة للإزالة',NULL,NULL,'en',NULL,NULL,NULL),(83,83,'كمبيوتر محمول سيرفس من','حجم الشاشة: 13.8 بوصة\r\nنظام التشغيل: ويندوز 11\r\nالعلامة التجارية: مايكروسوفت\r\nنوع الضمان: سنة واحدة\r\nنوع لوحة المفاتيح: إنجليزي/عربي\r\nذاكرة التخزين المؤقت للمعالج: 42 ميجابايت\r\nالدقة: 2304 × 1536\r\nشاشة تعمل باللمس: نعم\r\nذاكرة الوصول العشوائي: 16 جيجابايت',NULL,NULL,'ar',NULL,NULL,NULL),(84,83,'كمبيوتر محمول سيرفس من','حجم الشاشة: 13.8 بوصة\r\nنظام التشغيل: ويندوز 11\r\nالعلامة التجارية: مايكروسوفت\r\nنوع الضمان: سنة واحدة\r\nنوع لوحة المفاتيح: إنجليزي/عربي\r\nذاكرة التخزين المؤقت للمعالج: 42 ميجابايت\r\nالدقة: 2304 × 1536\r\nشاشة تعمل باللمس: نعم\r\nذاكرة الوصول العشوائي: 16 جيجابايت',NULL,NULL,'en',NULL,NULL,NULL),(85,82,'لابتوب سيرفس4 من مايكروسوفت','معالج انتل كور آي5 1135G7\r\nذاكرة الوصول العشوائي 8 جيجابايت\r\nاس اس دي 512 جيجابايت\r\nكرت شاشة انتل اكس إي المدمج\r\nحجم الشاشة 13.5 \"كمبيوتر يعمل باللمس\r\nويندوز 11 هوم\r\nإصدار تجريبي من مايكروسوفت اوفس 365 شارك ملفات مايكروسوفت 365 * بسلاسة عبر أجهزتك\r\nمكالمات فيديو رائعة ، حتى في الإضاءة المنخفضة ، مع كاميرا ويب مدمجة عالية الدقة 0.92 ميجابكسل مدعومة بميكروفونات استوديو\r\nاتصال واي فاي\r\nقم ببث العروض والأفلام بصوت غامر يشبه المسرح مع دولبي اتموس\r\nيمكنك المتابعة من حيث توقفت سريعًا باستخدام ميزة تسجيل الدخول بالوجه في Windows Hello والتشغيل الفوري\r\nاحصل على الإلهام في أي مكان مع عمر البطارية طوال اليوم\r\nقم بتوصيل الملحقات باستخدام USB-C و USB-A و Surface Connect ومقبس سماعة الرأس',NULL,NULL,'ar',NULL,NULL,NULL),(86,82,'لابتوب سيرفس4 من مايكروسوفت','معالج انتل كور آي5 1135G7\r\nذاكرة الوصول العشوائي 8 جيجابايت\r\nاس اس دي 512 جيجابايت\r\nكرت شاشة انتل اكس إي المدمج\r\nحجم الشاشة 13.5 \"كمبيوتر يعمل باللمس\r\nويندوز 11 هوم\r\nإصدار تجريبي من مايكروسوفت اوفس 365 شارك ملفات مايكروسوفت 365 * بسلاسة عبر أجهزتك\r\nمكالمات فيديو رائعة ، حتى في الإضاءة المنخفضة ، مع كاميرا ويب مدمجة عالية الدقة 0.92 ميجابكسل مدعومة بميكروفونات استوديو\r\nاتصال واي فاي\r\nقم ببث العروض والأفلام بصوت غامر يشبه المسرح مع دولبي اتموس\r\nيمكنك المتابعة من حيث توقفت سريعًا باستخدام ميزة تسجيل الدخول بالوجه في Windows Hello والتشغيل الفوري\r\nاحصل على الإلهام في أي مكان مع عمر البطارية طوال اليوم\r\nقم بتوصيل الملحقات باستخدام USB-C و USB-A و Surface Connect ومقبس سماعة الرأس',NULL,NULL,'en',NULL,NULL,NULL),(87,81,'ابتوب سيرفس ستيديو انتل','لشاشة: 14.4 بوصة 2400 × 1600 (201 PPI)\r\nأفضل وحدة معالجة مركزية: انتل كور اي5-11300H\r\nالتخزين: رام 16 جيجابايت - 512 جيجابايت اس اس دي\r\nنظام التشغيل: ويندوز 11\r\nتفاصيل الرسم: مشترك',NULL,NULL,'ar',NULL,NULL,NULL),(88,81,'ابتوب سيرفس ستيديو انتل','لشاشة: 14.4 بوصة 2400 × 1600 (201 PPI)\r\nأفضل وحدة معالجة مركزية: انتل كور اي5-11300H\r\nالتخزين: رام 16 جيجابايت - 512 جيجابايت اس اس دي\r\nنظام التشغيل: ويندوز 11\r\nتفاصيل الرسم: مشترك',NULL,NULL,'en',NULL,NULL,NULL),(89,80,'لابتوب مايكروسوفت سيرفس','سيرفس برو 9 مع لوحة مفاتيح\r\nمعالج انتل كور آي5\r\nذاكرة الوصول العشوائي 8 جيجابايت\r\nاس اس دي 256 جيجابايت\r\nكرت شاشة مدمج من انتل\r\nحجم الشاشة 13 \"\r\nويندوز 11\r\nكاميرا الويب\r\nمدخل ثندر بولد',NULL,NULL,'ar',NULL,NULL,NULL),(90,80,'لابتوب مايكروسوفت سيرفس','سيرفس برو 9 مع لوحة مفاتيح\r\nمعالج انتل كور آي5\r\nذاكرة الوصول العشوائي 8 جيجابايت\r\nاس اس دي 256 جيجابايت\r\nكرت شاشة مدمج من انتل\r\nحجم الشاشة 13 \"\r\nويندوز 11\r\nكاميرا الويب\r\nمدخل ثندر بولد',NULL,NULL,'en',NULL,NULL,NULL),(91,84,'مكواة بخار ازور 8000 من فيليبس','لوح راقى ينزلق بالبخار.\r\nتقنية درجة الحرارة المثلى\r\nمضاد للتقطير ومضاد للتكلس.\r\nآمن لجميع أنواع الأقمشة\r\nبخار تربو\r\nالتنظيف الذاتي.\r\nغير قابل للالتصاق ومقاوم للخدش\r\nوظيفة البخار العمودي.\r\nالإغلاق التلقائي\r\nماء الصنبور مناسب\r\nقابس طاقة مدمج\r\nنصيحة مدببة',NULL,NULL,'ar',NULL,NULL,NULL),(92,84,'مكواة بخار ازور 8000 من فيليبس','لوح راقى ينزلق بالبخار.\r\nتقنية درجة الحرارة المثلى\r\nمضاد للتقطير ومضاد للتكلس.\r\nآمن لجميع أنواع الأقمشة\r\nبخار تربو\r\nالتنظيف الذاتي.\r\nغير قابل للالتصاق ومقاوم للخدش\r\nوظيفة البخار العمودي.\r\nالإغلاق التلقائي\r\nماء الصنبور مناسب\r\nقابس طاقة مدمج\r\nنصيحة مدببة',NULL,NULL,'en',NULL,NULL,NULL),(93,85,'مكواة بخار من فيليبس','لوح نعل ستيم جلايد بلس.\r\nمتزلج مدمج لتنظيف الكلس\r\nمضاد التنقيط.\r\nغير قابل للالتصاق مقاومة للخدش\r\nالتنظيف الذاتي\r\nقبضة عمل مريحة.\r\nوظيفة البخار العمودي',NULL,NULL,'ar',NULL,NULL,NULL),(94,85,'مكواة بخار من فيليبس','لوح نعل ستيم جلايد بلس.\r\nمتزلج مدمج لتنظيف الكلس\r\nمضاد التنقيط.\r\nغير قابل للالتصاق مقاومة للخدش\r\nالتنظيف الذاتي\r\nقبضة عمل مريحة.\r\nوظيفة البخار العمودي',NULL,NULL,'en',NULL,NULL,NULL),(95,86,'مكواة بخار من فيليبس','القوة: ٢٠٠٠ واط\r\nبخار مستمر: 25 جرام / دقيقة\r\nتعزيز البخار: 90 جرام\r\n4 إعدادات للبخار\r\nوقت التسخين: 30 ثانية\r\nطول السلك: 1.9 م\r\nسعة خزان المياه: 220 مل',NULL,NULL,'ar',NULL,NULL,NULL),(96,86,'مكواة بخار من فيليبس','القوة: ٢٠٠٠ واط\r\nبخار مستمر: 25 جرام / دقيقة\r\nتعزيز البخار: 90 جرام\r\n4 إعدادات للبخار\r\nوقت التسخين: 30 ثانية\r\nطول السلك: 1.9 م\r\nسعة خزان المياه: 220 مل',NULL,NULL,'en',NULL,NULL,NULL);

--
-- Table structure for table `products`
--

CREATE TABLE `products` (
  `id` int unsigned NOT NULL AUTO_INCREMENT,
  `image` varchar(255) CHARACTER SET utf8mb4 COLLATE utf8mb4_unicode_ci DEFAULT NULL,
  `user_id` int unsigned DEFAULT NULL,
  `mainprice` decimal(8,2) NOT NULL DEFAULT '0.00',
  `discount` decimal(8,2) NOT NULL DEFAULT '0.00',
  `stoke` int NOT NULL DEFAULT '0',
  `option` enum('true','false') CHARACTER SET utf8mb4 COLLATE utf8mb4_unicode_ci DEFAULT NULL,
  `code` varchar(255) CHARACTER SET utf8mb4 COLLATE utf8mb4_unicode_ci DEFAULT NULL,
  `status` enum('pending','reject','active') CHARACTER SET utf8mb4 COLLATE utf8mb4_unicode_ci NOT NULL DEFAULT 'pending',
  `reason` longtext CHARACTER SET utf8mb4 COLLATE utf8mb4_unicode_ci,
  `deleted_at` timestamp NULL DEFAULT NULL,
  `created_at` timestamp NULL DEFAULT NULL,
  `updated_at` timestamp NULL DEFAULT NULL,
  `checked` int NOT NULL DEFAULT '1',
  `knetPay` int NOT NULL DEFAULT '0',
  `arrivalTime` varchar(191) CHARACTER SET utf8mb4 COLLATE utf8mb4_unicode_ci DEFAULT NULL,
  `news` int DEFAULT NULL,
  `const` int NOT NULL DEFAULT '0',
  `brand_id` int DEFAULT NULL,
  `category_id` int DEFAULT NULL,
  `pwr_price` decimal(8,3) DEFAULT NULL,
  `originall` varchar(111) CHARACTER SET utf8mb4 COLLATE utf8mb4_unicode_ci NOT NULL DEFAULT '0',
  `hasPwr` varchar(111) CHARACTER SET utf8mb4 COLLATE utf8mb4_unicode_ci NOT NULL DEFAULT '0',
  `monthly` tinyint NOT NULL DEFAULT '0',
  `bestSeller` int NOT NULL DEFAULT '0',
  `latest` int DEFAULT '0',
  `discount_product` int NOT NULL DEFAULT '0',
  `size_image` varchar(191) CHARACTER SET utf8mb4 COLLATE utf8mb4_unicode_ci DEFAULT NULL,
  PRIMARY KEY (`id`),
  KEY `products_user_id_foreign` (`user_id`),
  CONSTRAINT `products_user_id_foreign` FOREIGN KEY (`user_id`) REFERENCES `users` (`id`) ON DELETE CASCADE
) ENGINE=InnoDB AUTO_INCREMENT=87 DEFAULT CHARSET=utf8mb4 COLLATE=utf8mb4_unicode_ci;

--
-- Dumping data for table `products`
--

INSERT INTO `products` (`id`, `image`, `user_id`, `mainprice`, `discount`, `stoke`, `option`, `code`, `status`, `reason`, `deleted_at`, `created_at`, `updated_at`, `checked`, `knetPay`, `arrivalTime`, `news`, `const`, `brand_id`, `category_id`, `pwr_price`, `originall`, `hasPwr`, `monthly`, `bestSeller`, `latest`, `discount_product`, `size_image`) VALUES (4,NULL,NULL,0.00,0.00,0,NULL,NULL,'pending',NULL,'2024-03-21 12:53:18','2024-02-25 14:52:14','2024-03-21 12:53:18',1,0,NULL,NULL,0,NULL,NULL,NULL,'0','0',0,0,0,1,NULL),(6,NULL,NULL,0.00,0.00,0,NULL,NULL,'pending',NULL,'2024-03-21 12:53:14','2024-03-21 12:44:54','2024-03-21 12:53:14',1,0,NULL,NULL,0,NULL,NULL,NULL,'0','0',0,0,0,0,NULL),(8,NULL,NULL,0.00,0.00,0,NULL,NULL,'pending',NULL,'2024-04-29 11:35:46','2024-04-21 12:42:39','2024-04-29 11:35:46',1,0,NULL,NULL,0,NULL,NULL,NULL,'0','0',0,0,0,0,NULL),(11,NULL,NULL,0.00,0.00,0,NULL,NULL,'pending',NULL,'2024-05-19 01:33:58','2024-05-18 18:54:46','2024-05-19 01:33:58',1,0,NULL,NULL,0,NULL,NULL,NULL,'0','0',0,0,0,0,NULL),(12,NULL,NULL,0.00,0.00,0,NULL,NULL,'pending',NULL,'2024-05-19 01:34:00','2024-05-19 01:19:33','2024-05-19 01:34:00',1,0,NULL,NULL,0,NULL,NULL,NULL,'0','0',0,0,0,0,NULL),(13,NULL,NULL,0.00,0.00,0,NULL,NULL,'pending',NULL,'2024-05-19 01:34:03','2024-05-19 01:20:30','2024-05-19 01:34:03',1,0,NULL,NULL,0,NULL,NULL,NULL,'0','0',0,0,0,0,NULL),(15,NULL,NULL,0.00,0.00,0,NULL,NULL,'pending',NULL,'2024-05-30 00:28:49','2024-05-29 18:06:26','2024-05-30 00:28:49',1,0,NULL,NULL,0,NULL,NULL,NULL,'0','0',0,0,0,0,NULL),(16,NULL,NULL,0.00,0.00,0,NULL,NULL,'pending',NULL,'2024-06-01 12:20:23','2024-06-01 11:31:41','2024-06-01 12:20:23',1,0,NULL,NULL,0,NULL,NULL,NULL,'0','0',0,0,0,0,NULL),(17,NULL,NULL,0.00,0.00,0,NULL,NULL,'pending',NULL,'2024-06-01 12:20:31','2024-06-01 11:31:50','2024-06-01 12:20:31',1,0,NULL,NULL,0,NULL,NULL,NULL,'0','0',0,0,0,0,NULL),(18,NULL,NULL,0.00,0.00,0,NULL,NULL,'pending',NULL,'2024-06-01 12:20:29','2024-06-01 11:37:19','2024-06-01 12:20:29',1,0,NULL,NULL,0,NULL,NULL,NULL,'0','0',0,0,0,0,NULL),(19,NULL,NULL,0.00,0.00,0,NULL,NULL,'pending',NULL,'2024-06-01 12:20:27','2024-06-01 11:38:06','2024-06-01 12:20:27',1,0,NULL,NULL,0,NULL,NULL,NULL,'0','0',0,0,0,0,NULL),(20,NULL,NULL,0.00,0.00,0,NULL,NULL,'pending',NULL,'2024-06-01 12:20:25','2024-06-01 11:46:26','2024-06-01 12:20:25',1,0,NULL,NULL,0,NULL,NULL,NULL,'0','0',0,0,0,0,NULL),(21,NULL,NULL,0.00,0.00,0,NULL,NULL,'pending',NULL,'2024-06-01 12:20:40','2024-06-01 11:47:44','2024-06-01 12:20:40',1,0,NULL,NULL,0,NULL,NULL,NULL,'0','0',0,0,0,0,NULL),(22,NULL,NULL,0.00,0.00,0,NULL,NULL,'pending',NULL,'2024-06-01 12:20:37','2024-06-01 11:47:49','2024-06-01 12:20:37',1,0,NULL,NULL,0,NULL,NULL,NULL,'0','0',0,0,0,0,NULL),(23,NULL,NULL,0.00,0.00,0,NULL,NULL,'pending',NULL,'2024-06-01 12:20:35','2024-06-01 11:47:52','2024-06-01 12:20:35',1,0,NULL,NULL,0,NULL,NULL,NULL,'0','0',0,0,0,0,NULL),(25,NULL,NULL,0.00,0.00,0,NULL,NULL,'pending',NULL,'2024-06-08 14:20:15','2024-06-02 18:50:21','2024-06-08 14:20:15',1,0,NULL,NULL,0,NULL,NULL,NULL,'0','0',0,0,0,0,NULL),(31,NULL,NULL,0.00,0.00,0,NULL,NULL,'pending',NULL,'2024-06-08 14:19:32','2024-06-08 13:29:22','2024-06-08 14:19:32',1,0,NULL,NULL,0,NULL,NULL,NULL,'0','0',0,0,0,0,NULL),(34,NULL,NULL,0.00,0.00,0,NULL,NULL,'pending',NULL,'2024-06-08 14:19:57','2024-06-08 13:42:37','2024-06-08 14:19:57',1,0,NULL,NULL,0,NULL,NULL,NULL,'0','0',0,0,0,0,NULL),(39,NULL,NULL,0.00,0.00,0,NULL,NULL,'active',NULL,'2024-06-08 14:19:47','2024-06-08 13:59:06','2024-06-08 14:19:47',1,0,NULL,NULL,0,NULL,NULL,NULL,'0','0',0,0,0,0,NULL),(40,NULL,NULL,0.00,0.00,0,NULL,NULL,'active',NULL,'2024-06-08 14:19:49','2024-06-08 13:59:38','2024-06-08 14:19:49',1,0,NULL,NULL,0,NULL,NULL,NULL,'0','0',0,0,0,0,NULL),(41,NULL,NULL,0.00,0.00,0,NULL,NULL,'pending',NULL,'2024-06-08 14:19:51','2024-06-08 14:01:14','2024-06-08 14:19:51',1,0,NULL,NULL,0,NULL,NULL,NULL,'0','0',0,0,0,0,NULL),(42,NULL,NULL,0.00,0.00,0,NULL,NULL,'pending',NULL,'2024-06-08 14:20:07','2024-06-08 14:09:38','2024-06-08 14:20:07',1,0,NULL,NULL,0,NULL,NULL,NULL,'0','0',0,0,0,0,NULL),(43,NULL,NULL,0.00,0.00,0,NULL,NULL,'pending',NULL,'2024-06-08 14:20:34','2024-06-08 14:10:16','2024-06-08 14:20:34',1,0,NULL,NULL,0,NULL,NULL,NULL,'0','0',0,0,0,0,NULL),(44,NULL,NULL,0.00,0.00,0,NULL,NULL,'pending',NULL,'2024-06-08 14:20:04','2024-06-08 14:10:30','2024-06-08 14:20:04',1,0,NULL,NULL,0,NULL,NULL,NULL,'0','0',0,0,0,0,NULL),(45,NULL,NULL,0.00,0.00,0,NULL,NULL,'pending',NULL,'2024-06-08 14:20:03','2024-06-08 14:18:07','2024-06-08 14:20:03',1,0,NULL,NULL,0,NULL,NULL,NULL,'0','0',0,0,0,0,NULL),(47,NULL,NULL,0.00,0.00,0,NULL,NULL,'active',NULL,'2024-06-15 13:02:35','2024-06-08 14:26:52','2024-06-15 13:02:35',1,0,NULL,NULL,0,NULL,NULL,NULL,'0','0',0,0,0,0,NULL),(48,NULL,NULL,0.00,0.00,0,NULL,NULL,'pending',NULL,'2024-06-09 16:06:33','2024-06-08 14:36:37','2024-06-09 16:06:33',1,0,NULL,NULL,0,NULL,NULL,NULL,'0','0',0,0,0,0,NULL),(49,NULL,NULL,0.00,0.00,0,NULL,NULL,'pending',NULL,'2024-06-09 16:06:25','2024-06-08 14:37:34','2024-06-09 16:06:25',1,0,NULL,NULL,0,NULL,NULL,NULL,'0','0',0,0,0,0,NULL),(50,NULL,NULL,0.00,0.00,0,NULL,NULL,'active',NULL,'2024-06-15 13:02:31','2024-06-09 16:12:45','2024-06-15 13:02:31',1,0,NULL,NULL,0,NULL,NULL,NULL,'0','0',0,0,0,0,NULL),(51,NULL,NULL,0.00,0.00,0,NULL,NULL,'active',NULL,'2024-06-15 17:30:54','2024-06-11 21:17:57','2024-06-15 17:30:54',1,0,NULL,NULL,0,NULL,NULL,NULL,'0','0',0,0,0,0,NULL),(53,NULL,NULL,0.00,0.00,0,NULL,NULL,'pending',NULL,'2024-06-15 13:02:43','2024-06-11 23:24:09','2024-06-15 13:02:43',1,0,NULL,NULL,0,NULL,NULL,NULL,'0','0',0,0,0,0,NULL),(55,NULL,NULL,0.00,0.00,0,NULL,NULL,'pending',NULL,'2024-06-23 17:14:01','2024-06-20 01:04:13','2024-06-23 17:14:01',1,0,NULL,NULL,0,NULL,NULL,NULL,'0','0',0,0,0,0,NULL),(56,NULL,NULL,0.00,0.00,0,NULL,NULL,'pending',NULL,'2024-06-24 20:11:58','2024-06-20 01:04:13','2024-06-24 20:11:58',1,0,NULL,NULL,0,NULL,NULL,NULL,'0','0',0,0,0,0,NULL),(58,NULL,NULL,0.00,0.00,0,NULL,NULL,'pending',NULL,'2024-06-24 20:11:53','2024-06-22 11:35:34','2024-06-24 20:11:53',1,0,NULL,NULL,0,NULL,NULL,NULL,'0','0',0,0,0,0,NULL),(60,NULL,NULL,0.00,0.00,0,NULL,NULL,'pending',NULL,'2024-06-24 20:11:51','2024-06-23 15:51:19','2024-06-24 20:11:51',1,0,NULL,NULL,0,NULL,NULL,NULL,'0','0',0,0,0,0,NULL),(61,NULL,NULL,0.00,0.00,0,NULL,NULL,'pending',NULL,'2024-06-24 20:11:48','2024-06-23 18:09:10','2024-06-24 20:11:48',1,0,NULL,NULL,0,NULL,NULL,NULL,'0','0',0,0,0,0,NULL),(63,'2024-09-16-668e7b0b8027d.jpg',433,12.00,10.00,100,NULL,NULL,'active',NULL,'2024-10-14 18:01:16','2024-09-16 22:54:06','2024-10-14 18:01:16',1,0,NULL,NULL,0,NULL,0,NULL,'0','0',0,1,1,1,'2024-09-17-1f94d961-99c6-4428-b762-187b87b910f0.jpeg'),(64,NULL,NULL,0.00,0.00,0,NULL,NULL,'pending',NULL,'2024-10-14 18:01:13','2024-09-17 11:39:06','2024-10-14 18:01:13',1,0,NULL,NULL,0,NULL,NULL,NULL,'0','0',0,0,0,0,NULL),(65,'2024-10-14-653876-SET.webp',1,20.00,18.00,30,NULL,NULL,'active',NULL,NULL,'2024-10-14 18:02:37','2024-10-14 18:03:58',1,0,NULL,NULL,0,NULL,0,NULL,'0','0',0,1,1,1,NULL),(66,'2024-10-14-632021-01.webp',1,20.00,33.00,0,NULL,NULL,'active',NULL,NULL,'2024-10-14 18:04:48','2024-10-14 18:06:34',1,0,NULL,NULL,0,NULL,0,NULL,'0','0',0,0,0,0,NULL),(67,'2024-10-14-659221-03.webp',1,23.00,23.00,33,NULL,NULL,'active',NULL,NULL,'2024-10-14 18:06:42','2024-10-14 18:07:47',1,0,NULL,NULL,0,NULL,0,NULL,'0','0',0,1,1,1,NULL),(68,'2024-10-14-545737-06.webp',1,22.00,18.00,33,NULL,'4544','active',NULL,NULL,'2024-10-14 18:08:36','2024-10-14 18:09:28',1,0,NULL,NULL,0,NULL,0,NULL,'0','0',0,1,1,1,NULL),(69,'2024-10-14-545494-02.webp',1,30.00,20.00,0,NULL,NULL,'active',NULL,NULL,'2024-10-14 18:09:42','2024-10-14 18:10:34',1,0,NULL,NULL,0,NULL,0,NULL,'0','0',0,1,1,1,NULL),(70,'2024-10-14-549501-04.webp',1,0.00,0.00,0,NULL,NULL,'pending',NULL,NULL,'2024-10-14 18:10:39','2024-10-14 18:11:39',1,0,NULL,NULL,0,NULL,0,NULL,'0','0',0,1,1,1,NULL),(71,'2024-10-14-657899-01.webp',1,30.00,22.00,33,NULL,NULL,'active',NULL,NULL,'2024-10-14 18:11:51','2024-10-14 18:13:32',1,0,NULL,NULL,0,NULL,0,NULL,'0','0',0,1,1,1,NULL),(72,'2024-10-14-654103-01.webp',1,44.00,0.00,0,NULL,NULL,'active',NULL,NULL,'2024-10-14 18:13:38','2024-10-14 18:19:07',1,0,NULL,NULL,0,NULL,0,NULL,'0','0',0,1,1,1,NULL),(73,'2024-10-14-657905-01.webp',1,34.00,23.00,0,NULL,'44432','active',NULL,NULL,'2024-10-14 18:13:42','2024-10-14 18:17:17',1,0,NULL,NULL,0,NULL,0,NULL,'0','0',0,1,1,1,NULL),(74,'2024-10-14-654107-01.webp',1,34.00,23.00,33,NULL,NULL,'active',NULL,NULL,'2024-10-14 18:13:45','2024-10-14 18:16:06',1,0,NULL,NULL,0,NULL,0,NULL,'0','0',0,1,1,1,NULL),(75,'2024-10-14-655856-01.webp',1,33.00,0.00,33,NULL,'4544','active',NULL,NULL,'2024-10-14 18:13:48','2024-10-14 18:14:56',1,0,NULL,NULL,0,NULL,0,NULL,'0','0',0,1,1,1,NULL),(76,'2024-10-14-534976-01.webp',1,23.00,12.00,55,NULL,'44432','active',NULL,NULL,'2024-10-14 18:19:23','2024-10-14 18:27:15',1,0,NULL,NULL,0,NULL,0,NULL,'0','0',0,1,1,1,NULL),(77,'2024-10-14-654409-02.webp',1,55.00,33.00,0,NULL,NULL,'active',NULL,NULL,'2024-10-14 18:19:24','2024-10-14 18:25:48',1,0,NULL,NULL,0,NULL,0,NULL,'0','0',0,1,1,1,NULL),(78,'2024-10-14-547978-02.webp',433,44.00,22.00,33,NULL,NULL,'active',NULL,NULL,'2024-10-14 18:19:25','2024-10-14 19:23:50',1,0,NULL,NULL,0,NULL,0,NULL,'0','0',0,1,1,1,NULL),(79,'2024-10-14-533463-01.webp',1,44.00,23.00,45,NULL,NULL,'active',NULL,NULL,'2024-10-14 18:19:25','2024-10-14 18:21:07',1,0,NULL,NULL,0,NULL,0,NULL,'0','0',0,1,1,1,NULL),(80,'2024-10-14-649190-01.webp',433,13.00,0.00,22,NULL,NULL,'active',NULL,NULL,'2024-10-14 20:47:31','2024-10-14 21:03:25',1,0,NULL,NULL,0,NULL,0,NULL,'0','0',0,0,1,0,NULL),(81,'2024-10-14-643336-01.webp',433,23.00,12.00,12,NULL,NULL,'active',NULL,NULL,'2024-10-14 20:47:32','2024-10-14 21:03:19',1,0,NULL,NULL,0,NULL,0,NULL,'0','0',0,0,0,1,NULL),(82,'2024-10-14-647379-03.webp',433,33.00,0.00,23,NULL,NULL,'active',NULL,NULL,'2024-10-14 20:47:33','2024-10-14 21:03:12',1,0,NULL,NULL,0,NULL,0,NULL,'0','0',0,1,1,0,NULL),(83,'2024-10-14-649190-02.webp',433,33.00,0.00,33,NULL,NULL,'active',NULL,NULL,'2024-10-14 20:47:34','2024-10-14 21:02:45',1,0,NULL,NULL,0,NULL,0,NULL,'0','0',0,1,0,0,NULL),(84,'2024-10-14-538905-01.webp',1,33.00,0.00,23,NULL,NULL,'active',NULL,NULL,'2024-10-14 20:55:30','2024-10-14 20:56:20',1,0,NULL,NULL,0,NULL,0,NULL,'0','0',0,1,0,0,NULL),(85,'2024-10-14-536669-02.webp',1,33.00,0.00,45,NULL,NULL,'active',NULL,NULL,'2024-10-14 20:56:30','2024-10-14 20:57:25',1,0,NULL,NULL,0,NULL,0,NULL,'0','0',0,0,1,0,NULL),(86,'2024-10-14-534580-01.webp',1,33.00,0.00,0,NULL,NULL,'active',NULL,NULL,'2024-10-14 20:57:34','2024-10-14 20:58:29',1,0,NULL,NULL,0,NULL,0,NULL,'0','0',0,0,0,0,NULL);

--
-- Table structure for table `public_notifcations`
--

CREATE TABLE `public_notifcations` (
  `id` int unsigned NOT NULL AUTO_INCREMENT,
  `user_id` int unsigned DEFAULT NULL,
  `title` varchar(255) CHARACTER SET utf8mb4 COLLATE utf8mb4_unicode_ci NOT NULL,
  `message` text CHARACTER SET utf8mb4 COLLATE utf8mb4_unicode_ci NOT NULL,
  `data` text CHARACTER SET utf8mb4 COLLATE utf8mb4_unicode_ci NOT NULL,
  `created_at` timestamp NULL DEFAULT NULL,
  `updated_at` timestamp NULL DEFAULT NULL,
  PRIMARY KEY (`id`),
  KEY `public_notifcations_user_id_foreign` (`user_id`),
  CONSTRAINT `public_notifcations_user_id_foreign` FOREIGN KEY (`user_id`) REFERENCES `users` (`id`) ON DELETE CASCADE
) ENGINE=InnoDB AUTO_INCREMENT=2 DEFAULT CHARSET=utf8mb4 COLLATE=utf8mb4_unicode_ci;

--
-- Dumping data for table `public_notifcations`
--

INSERT INTO `public_notifcations` (`id`, `user_id`, `title`, `message`, `data`, `created_at`, `updated_at`) VALUES (1,1,'sdgs','sgs','{\"type\":\"product\",\"id\":\"11\",\"image\":\"https:\\/\\/lachet.topapp-kw.com\\/storage\\/images\\/notifications\\/6NPLGtDF9a2RyEtnZZmaCQfsaFM3dpLOtmAN3DIm.webp\"}','2024-10-05 16:18:26','2024-10-05 16:18:26');

--
-- Table structure for table `pwrs`
--

CREATE TABLE `pwrs` (
  `id` int unsigned NOT NULL AUTO_INCREMENT,
  `name` varchar(255) CHARACTER SET utf8mb4 COLLATE utf8mb4_unicode_ci NOT NULL,
  `stoke` int NOT NULL DEFAULT '1',
  `stoke_staus` int NOT NULL DEFAULT '1',
  `created_at` timestamp NULL DEFAULT NULL,
  `updated_at` timestamp NULL DEFAULT NULL,
  PRIMARY KEY (`id`)
) ENGINE=InnoDB DEFAULT CHARSET=utf8mb4 COLLATE=utf8mb4_unicode_ci;

--
-- Dumping data for table `pwrs`
--


--
-- Table structure for table `rates`
--

CREATE TABLE `rates` (
  `id` int unsigned NOT NULL AUTO_INCREMENT,
  `product_id` int unsigned DEFAULT NULL,
  `user_id` int unsigned DEFAULT NULL,
  `rate` int NOT NULL,
  `text` varchar(191) CHARACTER SET utf8mb4 COLLATE utf8mb4_unicode_ci DEFAULT NULL,
  `created_at` timestamp NULL DEFAULT NULL,
  `updated_at` timestamp NULL DEFAULT NULL,
  `order_id` int DEFAULT NULL,
  `driver_id` int DEFAULT NULL,
  `rate_id` int DEFAULT NULL,
  PRIMARY KEY (`id`),
  KEY `rates_product_id_foreign` (`product_id`),
  KEY `rates_user_id_foreign` (`user_id`),
  CONSTRAINT `rates_product_id_foreign` FOREIGN KEY (`product_id`) REFERENCES `products` (`id`) ON DELETE CASCADE,
  CONSTRAINT `rates_user_id_foreign` FOREIGN KEY (`user_id`) REFERENCES `users` (`id`) ON DELETE CASCADE
) ENGINE=InnoDB AUTO_INCREMENT=17 DEFAULT CHARSET=utf8mb4 COLLATE=utf8mb4_unicode_ci;

--
-- Dumping data for table `rates`
--

INSERT INTO `rates` (`id`, `product_id`, `user_id`, `rate`, `text`, `created_at`, `updated_at`, `order_id`, `driver_id`, `rate_id`) VALUES (4,NULL,343,4,'مقبول','2024-03-31 14:16:11','2024-03-31 14:16:11',6,NULL,NULL),(5,NULL,343,3,'sdad','2024-03-31 14:17:03','2024-03-31 14:17:03',NULL,1,NULL),(6,NULL,343,4,'مقبول','2024-04-25 11:19:03','2024-04-25 11:19:03',6,NULL,NULL),(7,NULL,343,4,'sdfdsfs','2024-04-25 11:20:58','2024-04-25 11:20:58',6,NULL,NULL),(8,NULL,343,4,'sdfdsfs','2024-04-25 11:21:43','2024-04-25 11:21:43',13,NULL,NULL),(9,NULL,343,4,'sdfdsfs','2024-04-25 11:25:53','2024-04-25 11:25:53',13,NULL,NULL),(10,NULL,343,4,'add dads','2024-04-25 11:26:16','2024-04-25 11:26:16',13,NULL,NULL),(11,NULL,343,4,'add dads','2024-04-25 11:26:29','2024-04-25 11:26:29',13,NULL,NULL),(12,NULL,343,1,'مقبول','2024-04-25 11:34:41','2024-04-25 11:34:41',13,NULL,NULL),(13,NULL,343,1,'aaass','2024-04-25 11:34:52','2024-04-25 11:34:52',NULL,1,NULL),(15,NULL,343,0,NULL,'2024-05-07 16:00:21','2024-05-07 16:00:21',0,NULL,NULL),(16,NULL,343,0,NULL,'2024-05-07 16:01:42','2024-05-07 16:01:42',0,NULL,NULL);

--
-- Table structure for table `refund_products`
--

CREATE TABLE `refund_products` (
  `id` int unsigned NOT NULL AUTO_INCREMENT,
  `user_id` int unsigned DEFAULT NULL,
  `product_order_id` int unsigned DEFAULT NULL,
  `product_id` int unsigned DEFAULT NULL,
  `type` varchar(255) CHARACTER SET utf8mb4 COLLATE utf8mb4_unicode_ci DEFAULT NULL,
  `notes` text CHARACTER SET utf8mb4 COLLATE utf8mb4_unicode_ci,
  `created_at` timestamp NULL DEFAULT NULL,
  `updated_at` timestamp NULL DEFAULT NULL,
  `restore` int DEFAULT '0',
  PRIMARY KEY (`id`),
  KEY `refund_products_user_id_foreign` (`user_id`),
  KEY `refund_products_product_id_foreign` (`product_id`),
  KEY `refund_products_product_order_id_foreign` (`product_order_id`),
  CONSTRAINT `refund_products_product_id_foreign` FOREIGN KEY (`product_id`) REFERENCES `products` (`id`) ON DELETE CASCADE,
  CONSTRAINT `refund_products_product_order_id_foreign` FOREIGN KEY (`product_order_id`) REFERENCES `product_orders` (`id`) ON DELETE CASCADE,
  CONSTRAINT `refund_products_user_id_foreign` FOREIGN KEY (`user_id`) REFERENCES `users` (`id`) ON DELETE CASCADE
) ENGINE=InnoDB DEFAULT CHARSET=utf8mb4 COLLATE=utf8mb4_unicode_ci;

--
-- Dumping data for table `refund_products`
--


--
-- Table structure for table `region_branches`
--

CREATE TABLE `region_branches` (
  `id` bigint unsigned NOT NULL AUTO_INCREMENT,
  `region_id` int unsigned NOT NULL,
  `branche_id` int unsigned NOT NULL,
  `status` int NOT NULL DEFAULT '1',
  `created_at` timestamp NULL DEFAULT NULL,
  `updated_at` timestamp NULL DEFAULT NULL,
  PRIMARY KEY (`id`),
  KEY `region_branches_region_id_foreign` (`region_id`),
  KEY `region_branches_branch_id_foreign` (`branche_id`),
  CONSTRAINT `region_branches_branch_id_foreign` FOREIGN KEY (`branche_id`) REFERENCES `branches` (`id`) ON DELETE CASCADE,
  CONSTRAINT `region_branches_region_id_foreign` FOREIGN KEY (`region_id`) REFERENCES `regions` (`id`) ON DELETE CASCADE
) ENGINE=InnoDB AUTO_INCREMENT=365 DEFAULT CHARSET=utf8mb4 COLLATE=utf8mb4_unicode_ci;

--
-- Dumping data for table `region_branches`
--

INSERT INTO `region_branches` (`id`, `region_id`, `branche_id`, `status`, `created_at`, `updated_at`) VALUES (213,19,15,1,NULL,NULL),(214,20,15,1,NULL,NULL),(215,21,15,1,NULL,NULL),(216,22,15,1,NULL,NULL),(217,23,15,1,NULL,NULL),(218,24,15,1,NULL,NULL),(219,19,16,1,NULL,NULL),(220,20,16,1,NULL,NULL),(221,21,16,1,NULL,NULL),(222,22,16,1,NULL,NULL),(223,23,16,1,NULL,NULL),(224,24,16,1,NULL,NULL),(225,25,16,1,NULL,NULL),(226,26,16,1,NULL,NULL),(227,27,16,1,NULL,NULL),(228,28,16,1,NULL,NULL),(229,29,16,1,NULL,NULL),(230,30,16,1,NULL,NULL),(231,31,16,1,NULL,NULL),(232,32,16,1,NULL,NULL),(233,33,16,1,NULL,NULL),(234,34,16,1,NULL,NULL),(235,35,16,1,NULL,NULL),(236,36,16,1,NULL,NULL),(237,37,16,1,NULL,NULL),(238,38,16,1,NULL,NULL),(239,39,16,1,NULL,NULL),(240,40,16,1,NULL,NULL),(241,41,16,1,NULL,NULL),(242,42,16,1,NULL,NULL),(243,43,16,1,NULL,NULL),(244,44,16,1,NULL,NULL),(245,45,16,1,NULL,NULL),(246,46,16,1,NULL,NULL),(247,47,16,1,NULL,NULL),(248,48,16,1,NULL,NULL),(249,49,16,1,NULL,NULL),(250,50,16,1,NULL,NULL),(251,51,16,1,NULL,NULL),(252,81,16,1,NULL,NULL),(253,82,16,1,NULL,NULL),(254,83,16,1,NULL,NULL),(255,84,16,1,NULL,NULL),(256,85,16,1,NULL,NULL),(257,86,16,1,NULL,NULL),(258,87,16,1,NULL,NULL),(259,88,16,1,NULL,NULL),(260,89,16,1,NULL,NULL),(261,90,16,1,NULL,NULL),(262,91,16,1,NULL,NULL),(263,92,16,1,NULL,NULL),(264,93,16,1,NULL,NULL),(265,94,16,1,NULL,NULL),(266,95,16,1,NULL,NULL),(267,96,16,1,NULL,NULL),(268,97,16,1,NULL,NULL),(269,98,16,1,NULL,NULL),(270,99,16,1,NULL,NULL),(271,100,16,1,NULL,NULL),(272,101,16,1,NULL,NULL),(273,122,16,1,NULL,NULL),(274,123,16,1,NULL,NULL),(275,124,16,1,NULL,NULL),(276,125,16,1,NULL,NULL),(277,126,16,1,NULL,NULL),(278,127,16,1,NULL,NULL),(279,128,16,1,NULL,NULL),(280,129,16,1,NULL,NULL),(281,130,16,1,NULL,NULL),(282,131,16,1,NULL,NULL),(283,132,16,1,NULL,NULL),(284,133,16,1,NULL,NULL),(285,134,16,1,NULL,NULL),(286,135,16,1,NULL,NULL),(287,136,16,1,NULL,NULL),(288,137,16,1,NULL,NULL),(289,138,16,1,NULL,NULL),(290,139,16,1,NULL,NULL),(291,143,16,1,NULL,NULL),(292,19,17,1,NULL,NULL),(293,20,17,1,NULL,NULL),(294,21,17,1,NULL,NULL),(295,22,17,1,NULL,NULL),(296,23,17,1,NULL,NULL),(297,24,17,1,NULL,NULL),(298,25,17,1,NULL,NULL),(299,26,17,1,NULL,NULL),(300,27,17,1,NULL,NULL),(301,28,17,1,NULL,NULL),(302,29,17,1,NULL,NULL),(303,30,17,1,NULL,NULL),(304,31,17,1,NULL,NULL),(305,32,17,1,NULL,NULL),(306,33,17,1,NULL,NULL),(307,34,17,1,NULL,NULL),(308,35,17,1,NULL,NULL),(309,36,17,1,NULL,NULL),(310,37,17,1,NULL,NULL),(311,38,17,1,NULL,NULL),(312,39,17,1,NULL,NULL),(313,40,17,1,NULL,NULL),(314,41,17,1,NULL,NULL),(315,42,17,1,NULL,NULL),(316,43,17,1,NULL,NULL),(317,44,17,1,NULL,NULL),(318,45,17,1,NULL,NULL),(319,46,17,1,NULL,NULL),(320,47,17,1,NULL,NULL),(321,48,17,1,NULL,NULL),(322,49,17,1,NULL,NULL),(323,50,17,1,NULL,NULL),(324,51,17,1,NULL,NULL),(325,81,17,1,NULL,NULL),(326,82,17,1,NULL,NULL),(327,83,17,1,NULL,NULL),(328,84,17,1,NULL,NULL),(329,85,17,1,NULL,NULL),(330,86,17,1,NULL,NULL),(331,87,17,1,NULL,NULL),(332,88,17,1,NULL,NULL),(333,89,17,1,NULL,NULL),(334,90,17,1,NULL,NULL),(335,91,17,1,NULL,NULL),(336,92,17,1,NULL,NULL),(337,93,17,1,NULL,NULL),(338,94,17,1,NULL,NULL),(339,95,17,1,NULL,NULL),(340,96,17,1,NULL,NULL),(341,97,17,1,NULL,NULL),(342,98,17,1,NULL,NULL),(343,99,17,1,NULL,NULL),(344,100,17,1,NULL,NULL),(345,101,17,1,NULL,NULL),(346,122,17,1,NULL,NULL),(347,123,17,1,NULL,NULL),(348,124,17,1,NULL,NULL),(349,125,17,1,NULL,NULL),(350,126,17,1,NULL,NULL),(351,127,17,1,NULL,NULL),(352,128,17,1,NULL,NULL),(353,129,17,1,NULL,NULL),(354,130,17,1,NULL,NULL),(355,131,17,1,NULL,NULL),(356,132,17,1,NULL,NULL),(357,133,17,1,NULL,NULL),(358,134,17,1,NULL,NULL),(359,135,17,1,NULL,NULL),(360,136,17,1,NULL,NULL),(361,137,17,1,NULL,NULL),(362,138,17,1,NULL,NULL),(363,139,17,1,NULL,NULL),(364,143,17,1,NULL,NULL);

--
-- Table structure for table `region_translations`
--

CREATE TABLE `region_translations` (
  `id` int unsigned NOT NULL AUTO_INCREMENT,
  `region_id` int unsigned NOT NULL,
  `name` varchar(255) CHARACTER SET utf8mb4 COLLATE utf8mb4_unicode_ci NOT NULL,
  `locale` varchar(255) CHARACTER SET utf8mb4 COLLATE utf8mb4_unicode_ci NOT NULL,
  `created_at` timestamp NULL DEFAULT NULL,
  `updated_at` timestamp NULL DEFAULT NULL,
  `arrival` varchar(191) CHARACTER SET utf8mb4 COLLATE utf8mb4_unicode_ci DEFAULT NULL,
  PRIMARY KEY (`id`),
  UNIQUE KEY `region_translations_region_id_locale_unique` (`region_id`,`locale`),
  KEY `region_translations_locale_index` (`locale`)
) ENGINE=InnoDB AUTO_INCREMENT=1693 DEFAULT CHARSET=utf8mb4 COLLATE=utf8mb4_unicode_ci;

--
-- Dumping data for table `region_translations`
--

INSERT INTO `region_translations` (`id`, `region_id`, `name`, `locale`, `created_at`, `updated_at`, `arrival`) VALUES (37,19,'مدينة الكويت','ar',NULL,NULL,'بعد ٢٤ ساعة'),(38,19,'Kuwait City','en',NULL,NULL,'After 24 Hours'),(39,20,'دسمان','ar',NULL,NULL,'بعد ٢٤ ساعة'),(40,20,'Dasman','en',NULL,NULL,'After 24 Hours'),(41,21,'شرق','ar',NULL,NULL,'بعد ٢٤ ساعة'),(42,21,'Sharq','en',NULL,NULL,'After 24 Hours'),(43,22,'الصوابر','ar',NULL,NULL,'بعد ٢٤ ساعة'),(44,22,'Sawber','en',NULL,NULL,'After 24 Hours'),(45,23,'المرقاب','ar',NULL,NULL,'بعد ٢٤ ساعة'),(46,23,'Mirqab','en',NULL,NULL,'After 24 Hours'),(47,24,'القبلة','ar',NULL,NULL,'بعد ٢٤ ساعة'),(48,24,'Qibla','en',NULL,NULL,'After 24 Hours'),(49,25,'الصالحية','ar',NULL,NULL,'بعد ٢٤ ساعة'),(50,25,'Salhiya','en',NULL,NULL,'After 24 Hours'),(51,26,'الوطية','ar',NULL,NULL,'بعد ٢٤ ساعة'),(52,26,'Watiya','en',NULL,NULL,'After 24 Hours'),(53,27,'بنيد القار','ar',NULL,NULL,'بعد ٢٤ ساعة'),(54,27,'Bneid Al Gar','en',NULL,NULL,'After 24 Hours'),(55,28,'كيفان','ar',NULL,NULL,'بعد ٢٤ ساعة'),(56,28,'Kefan','en',NULL,NULL,'After 24 Hours'),(57,29,'الدوحة','ar',NULL,NULL,'بعد ٢٤ ساعة'),(58,29,'Doha','en',NULL,NULL,'After 24 Hours'),(59,30,'الدسمة','ar',NULL,NULL,'بعد ٢٤ ساعة'),(60,30,'Dasma','en',NULL,NULL,'After 24 Hours'),(61,31,'الدعية','ar',NULL,NULL,'بعد ٢٤ ساعة'),(62,31,'Daiya','en',NULL,NULL,'After 24 Hours'),(63,32,'المنصورية','ar',NULL,NULL,'بعد ٢٤ ساعة'),(64,32,'Mansoriya','en',NULL,NULL,'After 24 Hours'),(65,33,'ضاحية عبد الله السالم','ar',NULL,NULL,'بعد ٢٤ ساعة'),(66,33,'Abdulallah Al-Salem','en',NULL,NULL,'After 24 Hours'),(67,34,'النزهة','ar',NULL,NULL,'بعد ٢٤ ساعة'),(68,34,'Nuzha','en',NULL,NULL,'After 24 Hours'),(69,35,'الفيحاء','ar',NULL,NULL,'بعد ٢٤ ساعة'),(70,35,'Faiha','en',NULL,NULL,'After 24 Hours'),(71,36,'الشامية','ar',NULL,NULL,'بعد ٢٤ ساعة'),(72,36,'Shamiya','en',NULL,NULL,'After 24 Hours'),(73,37,'الروضة','ar',NULL,NULL,'بعد ٢٤ ساعة'),(74,37,'Rawda','en',NULL,NULL,'After 24 Hours'),(75,38,'العديلية','ar',NULL,NULL,'بعد ٢٤ ساعة'),(76,38,'Adileya','en',NULL,NULL,'After 24 Hours'),(77,39,'الخالدية','ar',NULL,NULL,'بعد ٢٤ ساعة'),(78,39,'Khaldiya','en',NULL,NULL,'After 24 Hours'),(79,40,'القادسية','ar',NULL,NULL,'بعد ٢٤ ساعة'),(80,40,'Qadsiya','en',NULL,NULL,'After 24 Hours'),(81,41,'قرطبة','ar',NULL,NULL,'بعد ٢٤ ساعة'),(82,41,'Qurtoba','en',NULL,NULL,'After 24 Hours'),(83,42,'السرة','ar',NULL,NULL,'بعد ٢٤ ساعة'),(84,42,'Surra','en',NULL,NULL,'After 24 Hours'),(85,43,'اليرموك','ar',NULL,NULL,'بعد ٢٤ ساعة'),(86,43,'Yarmouk','en',NULL,NULL,'After 24 Hours'),(87,44,'الشويخ','ar',NULL,NULL,'بعد ٢٤ ساعة'),(88,44,'Shuwaikh','en',NULL,NULL,'After 24 Hours'),(89,45,'الري','ar',NULL,NULL,'بعد ٢٤ ساعة'),(90,45,'Alrai','en',NULL,NULL,'After 24 Hours'),(91,46,'غرناطة','ar',NULL,NULL,'بعد ٢٤ ساعة'),(92,46,'Granatha','en',NULL,NULL,'After 24 Hours'),(93,47,'الصليبيخات','ar',NULL,NULL,'بعد ٢٤ ساعة'),(94,47,'Sulaibikhat','en',NULL,NULL,'After 24 Hours'),(95,48,'النهضة','ar',NULL,NULL,'بعد ٢٤ ساعة'),(96,48,'Nahda','en',NULL,NULL,'After 24 Hours'),(97,49,'مدينة جابر الأحمد','ar',NULL,NULL,'بعد ٢٤ ساعة'),(98,49,'Jaber Al Ahmed','en',NULL,NULL,'After 24 Hours'),(99,50,'القيروان','ar',NULL,NULL,'بعد ٢٤ ساعة'),(100,50,'Qairawan','en',NULL,NULL,'After 24 Hours'),(101,51,'شمال غرب الصليبيخات','ar',NULL,NULL,'بعد ٢٤ ساعة'),(102,51,'East Sulibkhat','en',NULL,NULL,'After 24 Hours'),(103,52,'الفنطاس','ar',NULL,NULL,'بعد ٢٤ ساعة'),(104,52,'Fintas','en',NULL,NULL,'After 24 Hours'),(105,53,'العقيلة','ar',NULL,NULL,'بعد ٢٤ ساعة'),(106,53,'Eqaila','en',NULL,NULL,'After 24 Hours'),(107,54,'الظهر','ar',NULL,NULL,'بعد ٢٤ ساعة'),(108,54,'Zuhor','en',NULL,NULL,'After 24 Hours'),(109,55,'المقوع','ar',NULL,NULL,'بعد ٢٤ ساعة'),(110,55,'Moqwa','en',NULL,NULL,'After 24 Hours'),(111,56,'المهبولة','ar',NULL,NULL,'بعد ٢٤ ساعة'),(112,56,'Mahboula','en',NULL,NULL,'After 24 Hours'),(113,57,'الرقة','ar',NULL,NULL,'بعد ٢٤ ساعة'),(114,57,'Riqqa','en',NULL,NULL,'After 24 Hours'),(115,58,'هدية','ar',NULL,NULL,'بعد ٢٤ ساعة'),(116,58,'Hadiya','en',NULL,NULL,'After 24 Hours'),(117,59,'أبو حليفة','ar',NULL,NULL,'بعد ٢٤ ساعة'),(118,59,'Abu Halifa','en',NULL,NULL,'After 24 Hours'),(119,60,'الصباحية','ar',NULL,NULL,'بعد ٢٤ ساعة'),(120,60,'Sabahiya','en',NULL,NULL,'After 24 Hours'),(121,61,'المنقف','ar',NULL,NULL,'بعد ٢٤ ساعة'),(122,61,'Manqaf','en',NULL,NULL,'After 24 Hours'),(123,62,'الفحيحيل','ar',NULL,NULL,'بعد ٢٤ ساعة'),(124,62,'Fahaheel','en',NULL,NULL,'After 24 Hours'),(125,63,'الأحمدي','ar',NULL,NULL,'بعد ٢٤ ساعة'),(126,63,'Ahmadi','en',NULL,NULL,'After 24 Hours'),(127,64,'الوفرة','ar',NULL,NULL,'بعد ٢٤ ساعة'),(128,64,'Wafra','en',NULL,NULL,'After 24 Hours'),(129,65,'الزور','ar',NULL,NULL,'بعد ٢٤ ساعة'),(130,65,'Zoor','en',NULL,NULL,'After 24 Hours'),(131,66,'الخيران','ar',NULL,NULL,'بعد ٢٤ ساعة'),(132,66,'Al Khiran','en',NULL,NULL,'After 24 Hours'),(133,67,'ميناء عبد الله','ar',NULL,NULL,'بعد ٢٤ ساعة'),(134,67,'Menaa Abdulallah','en',NULL,NULL,'After 24 Hours'),(135,68,'الوفرة الزراعية','ar',NULL,NULL,'بعد ٢٤ ساعة'),(136,68,'Al Wafra Ziraeya','en',NULL,NULL,'After 24 Hours'),(137,69,'بنيدر','ar',NULL,NULL,'بعد ٢٤ ساعة'),(138,69,'Binder','en',NULL,NULL,'After 24 Hours'),(139,70,'الجليعة','ar',NULL,NULL,'بعد ٢٤ ساعة'),(140,70,'Gelaya','en',NULL,NULL,'After 24 Hours'),(141,71,'الضباعية','ar',NULL,NULL,'بعد ٢٤ ساعة'),(142,71,'Dabiya','en',NULL,NULL,'After 24 Hours'),(143,72,'ضاحية جابر العلي','ar',NULL,NULL,'بعد ٢٤ ساعة'),(144,72,'Jaber Al Ali','en',NULL,NULL,'بعد ٢٤ ساعة'),(145,73,'ضاحية فهد الأحمد','ar',NULL,NULL,'بعد ٢٤ ساعة'),(146,73,'Fahad Al Ahmad','en',NULL,NULL,'After 24 Hours'),(147,74,'الشعيبة','ar',NULL,NULL,'بعد ٢٤ ساعة'),(148,74,'Sheeyba','en',NULL,NULL,'After 24 Hours'),(149,75,'واره','ar',NULL,NULL,'بعد ٢٤ ساعة'),(150,75,'Waaraa','en',NULL,NULL,'After 24 Hours'),(151,76,'مدينة صباح الأحمد','ar',NULL,NULL,'بعد ٢٤ ساعة'),(152,76,'Sabah Al Ahmad','en',NULL,NULL,'After 24 Hours'),(153,77,'النويصيب','ar',NULL,NULL,'بعد ٢٤ ساعة'),(154,77,'Nouyseb','en',NULL,NULL,'After 24 Hours'),(155,78,'مدينة الخيران','ar',NULL,NULL,'بعد ٢٤ ساعة'),(156,78,'Al Khairan City','en',NULL,NULL,'After 24 Hours'),(157,79,'ضاحية علي صباح السالم أم الهيمان سابقاً','ar',NULL,NULL,'بعد ٢٤ ساعة'),(158,79,'Ali Sabah Al Salem','en',NULL,NULL,'After 24 Hours'),(159,80,'مدينة صباح الأحمد البحرية','ar',NULL,NULL,'بعد ٢٤ ساعة'),(160,80,'Sabah Al Ahmad Bahria','en',NULL,NULL,'After 24 Hours'),(161,81,'أبرق خيطان','ar',NULL,NULL,'بعد ٢٤ ساعة'),(162,81,'Abraq Khaitan','en',NULL,NULL,'After 24 Hours'),(163,82,'الأندلس','ar',NULL,NULL,'بعد ٢٤ ساعة'),(164,82,'Andalous','en',NULL,NULL,'After 24 Hours'),(165,83,'اشبيلية','ar',NULL,NULL,'بعد ٢٤ ساعة'),(166,83,'Ishbiliya','en',NULL,NULL,'After 24 Hours'),(167,84,'جليب الشيوخ','ar',NULL,NULL,'بعد ٢٤ ساعة'),(168,84,'Jeleeb Al Shuyoukh','en',NULL,NULL,'After 24 Hours'),(169,85,'خيطان','ar',NULL,NULL,'بعد ٢٤ ساعة'),(170,85,'Khaitan','en',NULL,NULL,'After 24 Hours'),(171,86,'خيطان الجديدة','ar',NULL,NULL,'بعد ٢٤ ساعة'),(172,86,'New Khaitan','en',NULL,NULL,'After 24 Hours'),(173,87,'العمرية','ar',NULL,NULL,'بعد ٢٤ ساعة'),(174,87,'Omariya','en',NULL,NULL,'After 24 Hours'),(175,88,'العارضية','ar',NULL,NULL,'بعد ٢٤ ساعة'),(176,88,'Ardiya','en',NULL,NULL,'After 24 Hours'),(177,89,'العارضية الصناعية','ar',NULL,NULL,'بعد ٢٤ ساعة'),(178,89,'Ardiya Industrial','en',NULL,NULL,'After 24 Hours'),(179,90,'العباسية','ar',NULL,NULL,'بعد ٢٤ ساعة'),(180,90,'Abasiya','en',NULL,NULL,'After 24 Hours'),(181,91,'الفردوس','ar',NULL,NULL,'بعد ٢٤ ساعة'),(182,91,'Firdous','en',NULL,NULL,'After 24 Hours'),(183,92,'الفروانية','ar',NULL,NULL,'بعد ٢٤ ساعة'),(184,92,'Farwaniya','en',NULL,NULL,'After 24 Hours'),(185,93,'الحساوي','ar',NULL,NULL,'بعد ٢٤ ساعة'),(186,93,'Hasawi','en',NULL,NULL,'After 24 Hours'),(187,94,'الشدادية','ar',NULL,NULL,'بعد ٢٤ ساعة'),(188,94,'Shadadya','en',NULL,NULL,'After 24 Hours'),(189,95,'الرابية','ar',NULL,NULL,'بعد ٢٤ ساعة'),(190,95,'Rabiya','en',NULL,NULL,'After 24 Hours'),(191,96,'الرحاب','ar',NULL,NULL,'بعد ٢٤ ساعة'),(192,96,'Rehab','en',NULL,NULL,'After 24 Hours'),(193,97,'الرقعي','ar',NULL,NULL,'بعد ٢٤ ساعة'),(194,97,'Al Riggae','en',NULL,NULL,'After 24 Hours'),(195,98,'الري الصناعية','ar',NULL,NULL,'بعد ٢٤ ساعة'),(196,98,'Al Rai Industrial','en',NULL,NULL,'After 24 Hours'),(197,99,'ضاحية صباح الناصر','ar',NULL,NULL,'بعد ٢٤ ساعة'),(198,99,'Sabah Al Nasser','en',NULL,NULL,'After 24 Hours'),(199,100,'ضاحية عبد الله المبارك','ar',NULL,NULL,'بعد ٢٤ ساعة'),(200,100,'Abdullah Mubarak','en',NULL,NULL,'After 24 Hours'),(201,101,'الضجيج','ar',NULL,NULL,'بعد ٢٤ ساعة'),(202,101,'Al Dajeej','en',NULL,NULL,'After 24 Hours'),(203,102,'الصليبية','ar',NULL,NULL,'بعد ٢٤ ساعة'),(204,102,'Al Sulaibiya','en',NULL,NULL,'After 24 Hours'),(205,103,'أمغرة','ar',NULL,NULL,'بعد ٢٤ ساعة'),(206,103,'Amgra','en',NULL,NULL,'After 24 Hours'),(207,104,'النعيم','ar',NULL,NULL,'بعد ٢٤ ساعة'),(208,104,'Naeem','en',NULL,NULL,'After 24 Hours'),(209,105,'القصر','ar',NULL,NULL,'بعد ٢٤ ساعة'),(210,105,'Qasr','en',NULL,NULL,'After 24 Hours'),(211,106,'الواحة','ar',NULL,NULL,'بعد ٢٤ ساعة'),(212,106,'Waha','en',NULL,NULL,'After 24 Hours'),(213,107,'تيماء','ar',NULL,NULL,'بعد ٢٤ ساعة'),(214,107,'Taima','en',NULL,NULL,'After 24 Hours'),(215,108,'النسيم','ar',NULL,NULL,'بعد ٢٤ ساعة'),(216,108,'Nassem','en',NULL,NULL,'After 24 Hours'),(217,109,'العيون','ar',NULL,NULL,'بعد ٢٤ ساعة'),(218,109,'Oyoun','en',NULL,NULL,'After 24 Hours'),(219,110,'القيصرية','ar',NULL,NULL,'بعد ٢٤ ساعة'),(220,110,'Qaysariyya','en',NULL,NULL,'After 24 Hours'),(221,111,'العبدلي','ar',NULL,NULL,'بعد ٢٤ ساعة'),(222,111,'Abdali','en',NULL,NULL,'After 24 Hours'),(223,112,'الجهراء القديمة','ar',NULL,NULL,'بعد ٢٤ ساعة'),(224,112,'Old Jahra','en',NULL,NULL,'After 24 Hours'),(225,113,'الجهراء الجديدة','ar',NULL,NULL,'بعد ٢٤ ساعة'),(226,113,'New jahra','en',NULL,NULL,'After 24 Hours'),(227,114,'كاظمة','ar',NULL,NULL,'بعد ٢٤ ساعة'),(228,114,'Kazma','en',NULL,NULL,'After 24 Hours'),(229,115,'مدينة سعد العبد الله','ar',NULL,NULL,'بعد ٢٤ ساعة'),(230,115,'Saad - Al-abdullah','en',NULL,NULL,'After 24 Hours'),(231,116,'السالمي','ar',NULL,NULL,'بعد ٢٤ ساعة'),(232,116,'Alsalmi','en',NULL,NULL,'After 24 Hours'),(233,117,'المطلاع','ar',NULL,NULL,'بعد ٢٤ ساعة'),(234,117,'Al Muţlā','en',NULL,NULL,'After 24 Hours'),(235,118,'مدينة الحرير','ar',NULL,NULL,'بعد ٢٤ ساعة'),(236,118,'Harir city','en',NULL,NULL,'After 24 Hours'),(237,119,'كبد','ar',NULL,NULL,'بعد ٢٤ ساعة'),(238,119,'Kabad','en',NULL,NULL,'After 24 Hours'),(239,120,'الروضتين','ar',NULL,NULL,'بعد ٢٤ ساعة'),(240,120,'Al Rawdatain','en',NULL,NULL,'After 24 Hours'),(241,121,'الصبية','ar',NULL,NULL,'بعد ٢٤ ساعة'),(242,121,'Subiya','en',NULL,NULL,'After 24 Hours'),(243,122,'حولي','ar',NULL,NULL,'بعد ٢٤ ساعة'),(244,122,'Hawalli','en',NULL,NULL,'After 24 Hours'),(245,123,'الشعب','ar',NULL,NULL,'بعد ٢٤ ساعة'),(246,123,'Shaab','en',NULL,NULL,'After 24 Hours'),(247,124,'السالمية','ar',NULL,NULL,'بعد ٢٤ ساعة'),(248,124,'Salmiya','en',NULL,NULL,'After 24 Hours'),(249,125,'الرميثية','ar',NULL,NULL,'بعد ٢٤ ساعة'),(250,125,'Rumaithiya','en',NULL,NULL,'After 24 Hours'),(251,126,'الجابرية','ar',NULL,NULL,'بعد ٢٤ ساعة'),(252,126,'Jabriya','en',NULL,NULL,'After 24 Hours'),(253,127,'مشرف','ar',NULL,NULL,'بعد ٢٤ ساعة'),(254,127,'Meshrif','en',NULL,NULL,'After 24 Hours'),(255,128,'بيان','ar',NULL,NULL,'بعد ٢٤ ساعة'),(256,128,'Bayan','en',NULL,NULL,'After 24 Hours'),(257,129,'آلبدع','ar',NULL,NULL,'بعد ٢٤ ساعة'),(258,129,'Al Bidaa','en',NULL,NULL,'After 24 Hours'),(259,130,'النقرة','ar',NULL,NULL,'بعد ٢٤ ساعة'),(260,130,'Noqra','en',NULL,NULL,'After 24 Hours'),(261,131,'ميدان حولي','ar',NULL,NULL,'بعد ٢٤ ساعة'),(262,131,'Maidan Hawally','en',NULL,NULL,'After 24 Hours'),(263,132,'ضاحية مبارك العبد الله الجابر','ar',NULL,NULL,'بعد ٢٤ ساعة'),(264,132,'Mubarak Al Abdullah','en',NULL,NULL,'After 24 Hours'),(265,133,'سلوى','ar',NULL,NULL,'بعد ٢٤ ساعة'),(266,133,'Salwa','en',NULL,NULL,'After 24 Hours'),(267,134,'جنوب السرة','ar',NULL,NULL,'بعد ٢٤ ساعة'),(268,134,'Jnoub Surra','en',NULL,NULL,'After 24 Hours'),(269,135,'الزهراء','ar',NULL,NULL,'بعد ٢٤ ساعة'),(270,135,'Al Zahra','en',NULL,NULL,'After 24 Hours'),(271,136,'الصديق','ar',NULL,NULL,'بعد ٢٤ ساعة'),(272,136,'Al Siddeeq','en',NULL,NULL,'After 24 Hours'),(273,137,'حطين','ar',NULL,NULL,'بعد ٢٤ ساعة'),(274,137,'Hateen','en',NULL,NULL,'After 24 Hours'),(275,138,'السلام','ar',NULL,NULL,'بعد ٢٤ ساعة'),(276,138,'Al Salam','en',NULL,NULL,'After 24 Hours'),(277,139,'الشهداء','ar',NULL,NULL,'بعد ٢٤ ساعة'),(278,139,'Shuhada','en',NULL,NULL,'After 24 Hours'),(279,140,'العدان','ar',NULL,NULL,'بعد ٢٤ ساعة'),(280,140,'Adan','en',NULL,NULL,'After 24 Hours'),(281,141,'القصور','ar',NULL,NULL,'بعد ٢٤ ساعة'),(282,141,'Qusor','en',NULL,NULL,'After 24 Hours'),(283,142,'القرين','ar',NULL,NULL,'بعد ٢٤ ساعة'),(284,142,'Al Qurain','en',NULL,NULL,'After 24 Hours'),(285,143,'ضاحية صباح السالم','ar',NULL,NULL,'بعد ٢٤ ساعة'),(286,143,'Sabah Al Salem','en',NULL,NULL,'After 24 Hours'),(287,144,'المسيلة','ar',NULL,NULL,'بعد ٢٤ ساعة'),(288,144,'Messila','en',NULL,NULL,'After 24 Hours'),(289,145,'المسايل','ar',NULL,NULL,'بعد ٢٤ ساعة'),(290,145,'Masayel','en',NULL,NULL,'After 24 Hours'),(291,146,'أبو فطيرة','ar',NULL,NULL,'بعد ٢٤ ساعة'),(292,146,'Abu Fteira','en',NULL,NULL,'After 24 Hours'),(293,147,'أبو الحصانية','ar',NULL,NULL,'بعد ٢٤ ساعة'),(294,147,'Abu Al Hasaniya','en',NULL,NULL,'After 24 Hours'),(295,148,'صبحان','ar',NULL,NULL,'بعد ٢٤ ساعة'),(296,148,'Sabhan','en',NULL,NULL,'After 24 Hours'),(297,149,'الفنيطيس','ar',NULL,NULL,'بعد ٢٤ ساعة'),(298,149,'Fintas','en',NULL,NULL,'After 24 Hours'),(301,151,'ضاحيه مبارك الكبير','ar',NULL,NULL,'ضاحيه مبارك الكبير'),(302,151,'Mubarak Al Kabeer','en',NULL,NULL,'ضاحيه مبارك الكبير'),(303,152,'ابو ظبي','ar',NULL,NULL,NULL),(304,152,'Abu Dhabi','en',NULL,NULL,NULL),(305,153,'العارضية','ar',NULL,NULL,NULL),(306,153,'Al Ardiyah','en',NULL,NULL,NULL),(307,154,'الذربانية','ar',NULL,NULL,NULL),(308,154,'Al Dharbaniyah','en',NULL,NULL,NULL),(309,155,'الذيد','ar',NULL,NULL,NULL),(310,155,'Al Dhaid','en',NULL,NULL,NULL),(311,156,'الدوس','ar',NULL,NULL,NULL),(312,156,'Al Duss','en',NULL,NULL,NULL),(313,157,'الختم','ar',NULL,NULL,NULL),(314,157,'Al Khatem','en',NULL,NULL,NULL),(315,158,'المفرق','ar',NULL,NULL,NULL),(316,158,'Al Mafraq','en',NULL,NULL,NULL),(317,159,'المقطع','ar',NULL,NULL,NULL),(318,159,'Al Maqta','en',NULL,NULL,NULL),(319,160,'المرفأ','ar',NULL,NULL,NULL),(320,160,'Al Marfa','en',NULL,NULL,NULL),(321,161,'البطين','ar',NULL,NULL,NULL),(322,161,'Buteen','en',NULL,NULL,NULL),(323,162,'حبشان','ar',NULL,NULL,NULL),(324,162,'Habshan','en',NULL,NULL,NULL),(325,163,'خنور','ar',NULL,NULL,NULL),(326,163,'Khannur','en',NULL,NULL,NULL),(327,164,'المفرق','ar',NULL,NULL,NULL),(328,164,'Mafraq','en',NULL,NULL,NULL),(329,165,'مصفح','ar',NULL,NULL,NULL),(330,165,'Mussafah','en',NULL,NULL,NULL),(331,166,'عجمان','ar',NULL,NULL,NULL),(332,166,'Ajman City','en',NULL,NULL,NULL),(333,167,'الزهرا','ar',NULL,NULL,NULL),(334,167,'Al Zahra','en',NULL,NULL,NULL),(335,168,'بستان','ar',NULL,NULL,NULL),(336,168,'Al Bustan','en',NULL,NULL,NULL),(337,169,'جرف','ar',NULL,NULL,NULL),(338,169,'Al Jurf','en',NULL,NULL,NULL),(339,170,'مسفط','ar',NULL,NULL,NULL),(340,170,'Masfut','en',NULL,NULL,NULL),(341,171,'رشيدية','ar',NULL,NULL,NULL),(342,171,'Rashidiya','en',NULL,NULL,NULL),(343,172,'العين','ar',NULL,NULL,NULL),(344,172,'Al Ain City','en',NULL,NULL,NULL),(345,173,'الحير','ar',NULL,NULL,NULL),(346,173,'Al Hayr','en',NULL,NULL,NULL),(347,174,'ريما','ar',NULL,NULL,NULL),(348,174,'Rima','en',NULL,NULL,NULL),(349,175,'ابو هيل','ar',NULL,NULL,NULL),(350,175,'Abu Hail','en',NULL,NULL,NULL),(351,176,'الروية','ar',NULL,NULL,NULL),(352,176,'Al Ruwayyah','en',NULL,NULL,NULL),(353,177,'بردبي','ar',NULL,NULL,NULL),(354,177,'Bur Dubai','en',NULL,NULL,NULL),(355,178,'مدينة دبي للإنترنت','ar',NULL,NULL,NULL),(356,178,'Dubai Internet City','en',NULL,NULL,NULL),(357,179,'غنتوت','ar',NULL,NULL,NULL),(358,179,'Ghantoot','en',NULL,NULL,NULL),(359,180,'السلع','ar',NULL,NULL,NULL),(360,180,'Sila','en',NULL,NULL,NULL),(361,181,'Sweihan','ar',NULL,NULL,NULL),(362,181,'Sweihan','en',NULL,NULL,NULL),(363,182,'Umm Al Nar','ar',NULL,NULL,NULL),(364,182,'Umm Al Nar','en',NULL,NULL,NULL),(365,183,'حتا','ar',NULL,NULL,NULL),(366,183,'Hatta','en',NULL,NULL,NULL),(367,184,'هور العنز','ar',NULL,NULL,NULL),(368,184,'Horl Al Anz','en',NULL,NULL,NULL),(369,185,'الجميرة','ar',NULL,NULL,NULL),(370,185,'Jumeirah','en',NULL,NULL,NULL),(371,186,'الكرامة','ar',NULL,NULL,NULL),(372,186,'Karama','en',NULL,NULL,NULL),(373,187,'ميناء سفوح','ar',NULL,NULL,NULL),(374,187,'Mina Sufooh','en',NULL,NULL,NULL),(375,188,'مردف','ar',NULL,NULL,NULL),(376,188,'Mirdif','en',NULL,NULL,NULL),(377,189,'القصيص','ar',NULL,NULL,NULL),(378,189,'Al Qusais','en',NULL,NULL,NULL),(379,190,'ريم','ar',NULL,NULL,NULL),(380,190,'Reem Community','en',NULL,NULL,NULL),(381,191,'السطوة','ar',NULL,NULL,NULL),(382,191,'Satwa','en',NULL,NULL,NULL),(383,192,'Al Shindagha','ar',NULL,NULL,NULL),(384,192,'Al Shindagha','en',NULL,NULL,NULL),(385,193,'مشرف','ar',NULL,NULL,NULL),(386,193,'Mushrif','en',NULL,NULL,NULL),(387,194,'Rashidiyah','ar',NULL,NULL,NULL),(388,194,'Rashidiyah','en',NULL,NULL,NULL),(389,195,'ورسان','ar',NULL,NULL,NULL),(390,195,'Warsan','en',NULL,NULL,NULL),(391,196,'عبادلة','ar',NULL,NULL,NULL),(392,196,'Abadilah','en',NULL,NULL,NULL),(393,197,'العكامية','ar',NULL,NULL,NULL),(394,197,'Akamiyah','en',NULL,NULL,NULL),(395,198,'الحيل','ar',NULL,NULL,NULL),(396,198,'Al Hayl','en',NULL,NULL,NULL),(397,199,'دبا','ar',NULL,NULL,NULL),(398,199,'Diba','en',NULL,NULL,NULL),(399,200,'دبا البيعة','ar',NULL,NULL,NULL),(400,200,'Dibba Al Baya','en',NULL,NULL,NULL),(401,201,'دبا الحصن','ar',NULL,NULL,NULL),(402,201,'Dibba Al-Hisn','en',NULL,NULL,NULL),(403,202,'الفجيرة','ar',NULL,NULL,NULL),(404,202,'Fujairah','en',NULL,NULL,NULL),(405,203,'الفورفار','ar',NULL,NULL,NULL),(406,203,'Al Ghurfah','en',NULL,NULL,NULL),(407,204,'الغورفة','ar',NULL,NULL,NULL),(408,204,'Farfar','en',NULL,NULL,NULL),(409,205,'دبا حسان','ar',NULL,NULL,NULL),(410,205,'Hassan Dibba','en',NULL,NULL,NULL),(411,206,'كلباء','ar',NULL,NULL,NULL),(412,206,'Kalba','en',NULL,NULL,NULL),(413,207,'خور فكان','ar',NULL,NULL,NULL),(414,207,'Khawr Fakkan','en',NULL,NULL,NULL),(415,208,'خور كلباء','ar',NULL,NULL,NULL),(416,208,'Khawr Kalba','en',NULL,NULL,NULL),(417,209,'قدفع','ar',NULL,NULL,NULL),(418,209,'Kidfa','en',NULL,NULL,NULL),(419,210,'مسافي','ar',NULL,NULL,NULL),(420,210,'Masafi','en',NULL,NULL,NULL),(421,211,'Qidfa','ar',NULL,NULL,NULL),(422,211,'Qidfa','en',NULL,NULL,NULL),(423,212,'Rughaylat','ar',NULL,NULL,NULL),(424,212,'Rughaylat','en',NULL,NULL,NULL),(425,213,'سكمكم','ar',NULL,NULL,NULL),(426,213,'Saqamqam','en',NULL,NULL,NULL),(427,214,'سيجي','ar',NULL,NULL,NULL),(428,214,'Siji','en',NULL,NULL,NULL),(429,215,'ديرة','ar',NULL,NULL,NULL),(430,215,'Deira','en',NULL,NULL,NULL),(431,216,'طريف كلباء','ar',NULL,NULL,NULL),(432,216,'Tarif Kalba','en',NULL,NULL,NULL),(433,217,'دبي','ar',NULL,NULL,NULL),(434,217,'Dubai','en',NULL,NULL,NULL),(435,218,'Al Fulayyah','ar',NULL,NULL,NULL),(436,218,'Al Fulayyah','en',NULL,NULL,NULL),(437,219,'الحمرانية','ar',NULL,NULL,NULL),(438,219,'Al Hamraniyah','en',NULL,NULL,NULL),(439,220,'الجزيرة','ar',NULL,NULL,NULL),(440,220,'Al Jazirah','en',NULL,NULL,NULL),(441,221,'الجزيرة الحمراء','ar',NULL,NULL,NULL),(442,221,'Al Jazirah Al Hamra','en',NULL,NULL,NULL),(443,222,'المنامة','ar',NULL,NULL,NULL),(444,222,'Manama','en',NULL,NULL,NULL),(445,223,'الرمس','ar',NULL,NULL,NULL),(446,223,'Al Rams','en',NULL,NULL,NULL),(447,224,'الشعم','ar',NULL,NULL,NULL),(448,224,'Al Sham','en',NULL,NULL,NULL),(449,225,'عوانات','ar',NULL,NULL,NULL),(450,225,'Awanat','en',NULL,NULL,NULL),(451,226,'الخران','ar',NULL,NULL,NULL),(452,226,'Al Kharran','en',NULL,NULL,NULL),(453,227,'خت','ar',NULL,NULL,NULL),(454,227,'Khatt','en',NULL,NULL,NULL),(455,228,'خور خوير','ar',NULL,NULL,NULL),(456,228,'Khuwayr','en',NULL,NULL,NULL),(457,229,'النخيل','ar',NULL,NULL,NULL),(458,229,'Nakheel','en',NULL,NULL,NULL),(459,230,'راس الخيمة','ar',NULL,NULL,NULL),(460,230,'Ras Al Khaimah','en',NULL,NULL,NULL),(461,231,'شعم','ar',NULL,NULL,NULL),(462,231,'Sham','en',NULL,NULL,NULL),(463,232,'أبو شغارة','ar',NULL,NULL,NULL),(464,232,'Abu Shagara','en',NULL,NULL,NULL),(465,233,'العزرة','ar',NULL,NULL,NULL),(466,233,'Al Azra','en',NULL,NULL,NULL),(467,234,'Al Fahiya','ar',NULL,NULL,NULL),(468,234,'Al Fahiya','en',NULL,NULL,NULL),(469,235,'الفلج','ar',NULL,NULL,NULL),(470,235,'Al Falaj','en',NULL,NULL,NULL),(471,236,'الحمريه','ar',NULL,NULL,NULL),(472,236,'Al Hamriyah','en',NULL,NULL,NULL),(473,237,'الخان','ar',NULL,NULL,NULL),(474,237,'Al Khan','en',NULL,NULL,NULL),(475,238,'الكشافة','ar',NULL,NULL,NULL),(476,238,'Al Khasfah','en',NULL,NULL,NULL),(477,239,'المناخ','ar',NULL,NULL,NULL),(478,239,'Al Manakh','en',NULL,NULL,NULL),(479,240,'القاسمية','ar',NULL,NULL,NULL),(480,240,'Al Qasimia','en',NULL,NULL,NULL),(481,241,'التعاون','ar',NULL,NULL,NULL),(482,241,'Al Taawun','en',NULL,NULL,NULL),(483,242,'الواسط','ar',NULL,NULL,NULL),(484,242,'Al Wasit','en',NULL,NULL,NULL),(485,243,'البدية','ar',NULL,NULL,NULL),(486,243,'Badiyah','en',NULL,NULL,NULL),(487,244,'بوطينة','ar',NULL,NULL,NULL),(488,244,'Buteena','en',NULL,NULL,NULL),(489,245,'الذيد','ar',NULL,NULL,NULL),(490,245,'Dhaid','en',NULL,NULL,NULL),(491,246,'الغافية','ar',NULL,NULL,NULL),(492,246,'Al Ghafia','en',NULL,NULL,NULL),(493,247,'الغبيبة','ar',NULL,NULL,NULL),(494,247,'Ghubaiba','en',NULL,NULL,NULL),(495,248,'الجزات','ar',NULL,NULL,NULL),(496,248,'Jazzat','en',NULL,NULL,NULL),(497,249,'Kharayan','ar',NULL,NULL,NULL),(498,249,'Kharayan','en',NULL,NULL,NULL),(499,250,'ضاحية اللية','ar',NULL,NULL,NULL),(500,250,'Layyah','en',NULL,NULL,NULL),(501,251,'ميسلون','ar',NULL,NULL,NULL),(502,251,'Maisaloon','en',NULL,NULL,NULL),(503,252,'المجرة','ar',NULL,NULL,NULL),(504,252,'Al Majarah','en',NULL,NULL,NULL),(505,253,'المنصورة','ar',NULL,NULL,NULL),(506,253,'Mansoora','en',NULL,NULL,NULL),(507,254,'موافجة','ar',NULL,NULL,NULL),(508,254,'Muwafjah','en',NULL,NULL,NULL),(509,255,'النبأ','ar',NULL,NULL,NULL),(510,255,'Al Nabbah','en',NULL,NULL,NULL),(511,256,'النخيلات','ar',NULL,NULL,NULL),(512,256,'Al Nakheelat','en',NULL,NULL,NULL),(513,257,'الناصرية','ar',NULL,NULL,NULL),(514,257,'Nasariya','en',NULL,NULL,NULL),(515,258,'الرماقية','ar',NULL,NULL,NULL),(516,258,'Al Ramaqiya','en',NULL,NULL,NULL),(517,259,'الرملة','ar',NULL,NULL,NULL),(518,259,'Ramlah','en',NULL,NULL,NULL),(519,260,'الرمثاء','ar',NULL,NULL,NULL),(520,260,'Al Ramtha','en',NULL,NULL,NULL),(521,261,'Rolla','ar',NULL,NULL,NULL),(522,261,'Rolla','en',NULL,NULL,NULL),(523,262,'Saabah','ar',NULL,NULL,NULL),(524,262,'Saabah','en',NULL,NULL,NULL),(525,263,'Saif','ar',NULL,NULL,NULL),(526,263,'Saif','en',NULL,NULL,NULL),(527,264,'سمنان','ar',NULL,NULL,NULL),(528,264,'Samnan','en',NULL,NULL,NULL),(529,265,'الشهباء','ar',NULL,NULL,NULL),(530,265,'Shahba','en',NULL,NULL,NULL),(531,266,'الشارقة','ar',NULL,NULL,NULL),(532,266,'Sharjah','en',NULL,NULL,NULL),(533,267,'Umm Kanoor','ar',NULL,NULL,NULL),(534,267,'Umm Kanoor','en',NULL,NULL,NULL),(535,268,'واسط','ar',NULL,NULL,NULL),(536,268,'Wasit','en',NULL,NULL,NULL),(537,269,'اليرموك','ar',NULL,NULL,NULL),(538,269,'Al Yarmook','en',NULL,NULL,NULL),(539,270,'فلج المعلا','ar',NULL,NULL,NULL),(540,270,'Falaj Al Mulla','en',NULL,NULL,NULL),(541,271,'ام القيوين','ar',NULL,NULL,NULL),(542,271,'Umm Al Quwain','en',NULL,NULL,NULL),(543,272,'اللذيذ','ar',NULL,NULL,NULL),(544,272,'Dhaid','en',NULL,NULL,NULL),(545,273,'شرقان','ar',NULL,NULL,NULL),(546,273,'Sherqan','en',NULL,NULL,NULL),(547,274,'الفيحاء','ar',NULL,NULL,NULL),(548,274,'Al Fahiya','en',NULL,NULL,NULL),(549,275,'دسمان','ar',NULL,NULL,NULL),(550,275,'Dasman','en',NULL,NULL,NULL),(551,276,'المندق','ar',NULL,NULL,NULL),(552,276,'Al Mandaq','en',NULL,NULL,NULL),(553,277,'بلجرشي','ar',NULL,NULL,NULL),(554,277,'Baljurashi','en',NULL,NULL,NULL),(555,278,'قلوة','ar',NULL,NULL,NULL),(556,278,'Qalwa','en',NULL,NULL,NULL),(557,279,'القرى','ar',NULL,NULL,NULL),(558,279,'Qura','en',NULL,NULL,NULL),(559,280,'دومة الجندل','ar',NULL,NULL,NULL),(560,280,'Dumat Al Jandal','en',NULL,NULL,NULL),(561,281,'الجوف','ar',NULL,NULL,NULL),(562,281,'Jouf','en',NULL,NULL,NULL),(563,282,'القريات','ar',NULL,NULL,NULL),(564,282,'Quurayyat','en',NULL,NULL,NULL),(565,283,'سكاكا','ar',NULL,NULL,NULL),(566,283,'Sakakah','en',NULL,NULL,NULL),(567,284,'الحناكية','ar',NULL,NULL,NULL),(568,284,'Al Hinakiyah','en',NULL,NULL,NULL),(569,285,'بدر','ar',NULL,NULL,NULL),(570,285,'Badr','en',NULL,NULL,NULL),(571,286,'خيبر','ar',NULL,NULL,NULL),(572,286,'Khaybar','en',NULL,NULL,NULL),(573,287,'المدينة المنورة','ar',NULL,NULL,NULL),(574,287,'Madinah','en',NULL,NULL,NULL),(575,288,'المهد','ar',NULL,NULL,NULL),(576,288,'Mahd Al Thahab','en',NULL,NULL,NULL),(577,289,'العلا','ar',NULL,NULL,NULL),(578,289,'Oula','en',NULL,NULL,NULL),(579,290,'ينبع البحر','ar',NULL,NULL,NULL),(580,290,'Yanbu Al Bahr','en',NULL,NULL,NULL),(581,291,'ابها','ar',NULL,NULL,NULL),(582,291,'Abha','en',NULL,NULL,NULL),(583,292,'احد رفيده','ar',NULL,NULL,NULL),(584,292,'Ahad Rafidah','en',NULL,NULL,NULL),(585,293,'بللسمر','ar',NULL,NULL,NULL),(586,293,'Billasmar','en',NULL,NULL,NULL),(587,294,'بللا حمر','ar',NULL,NULL,NULL),(588,294,'Billahmar','en',NULL,NULL,NULL),(589,295,'بيشة','ar',NULL,NULL,NULL),(590,295,'Bisha','en',NULL,NULL,NULL),(591,296,'خميس مشيط','ar',NULL,NULL,NULL),(592,296,'Khamis Mushayt','en',NULL,NULL,NULL),(593,297,'المجارده','ar',NULL,NULL,NULL),(594,297,'Al Majardah','en',NULL,NULL,NULL),(595,298,'محائل','ar',NULL,NULL,NULL),(596,298,'Muhayil','en',NULL,NULL,NULL),(597,299,'رجال المع','ar',NULL,NULL,NULL),(598,299,'Rijal Alma','en',NULL,NULL,NULL),(599,300,'سراة عبيدة','ar',NULL,NULL,NULL),(600,300,'Sarat Abidah','en',NULL,NULL,NULL),(601,301,'Sarat Abidah','ar',NULL,NULL,NULL),(602,301,'Sarat Abidah','en',NULL,NULL,NULL),(603,302,'تثليث','ar',NULL,NULL,NULL),(604,302,'Tathlith','en',NULL,NULL,NULL),(605,303,'عين الدار','ar',NULL,NULL,NULL),(606,303,'Ain Dar','en',NULL,NULL,NULL),(607,304,'الاحساء','ar',NULL,NULL,NULL),(608,304,'Al Hasa','en',NULL,NULL,NULL),(609,305,'الجش','ar',NULL,NULL,NULL),(610,305,'Al Jsh','en',NULL,NULL,NULL),(611,306,'عنك','ar',NULL,NULL,NULL),(612,306,'Anak','en',NULL,NULL,NULL),(613,307,'العوامية','ar',NULL,NULL,NULL),(614,307,'Awamiah','en',NULL,NULL,NULL),(615,308,'بقيق','ar',NULL,NULL,NULL),(616,308,'Baqiq','en',NULL,NULL,NULL),(617,309,'البطحة','ar',NULL,NULL,NULL),(618,309,'Batha','en',NULL,NULL,NULL),(619,310,'الظهران','ar',NULL,NULL,NULL),(620,310,'Dhahran','en',NULL,NULL,NULL),(621,311,'حرض','ar',NULL,NULL,NULL),(622,311,'Harad','en',NULL,NULL,NULL),(623,312,'الحوية','ar',NULL,NULL,NULL),(624,312,'Hawiyah','en',NULL,NULL,NULL),(625,313,'الهفوف','ar',NULL,NULL,NULL),(626,313,'Hofuf','en',NULL,NULL,NULL),(627,314,'Al Jafar','ar',NULL,NULL,NULL),(628,314,'Al Jafarr','en',NULL,NULL,NULL),(629,315,'الجبيل','ar',NULL,NULL,NULL),(630,315,'Jubail','en',NULL,NULL,NULL),(631,316,'الخوضرية','ar',NULL,NULL,NULL),(632,316,'Al Khodaria','en',NULL,NULL,NULL),(633,317,'المبرز','ar',NULL,NULL,NULL),(634,317,'Mubaraz','en',NULL,NULL,NULL),(635,318,'مليجة','ar',NULL,NULL,NULL),(636,318,'Mulaija','en',NULL,NULL,NULL),(637,319,'النابية','ar',NULL,NULL,NULL),(638,319,'An Nabiyah','en',NULL,NULL,NULL),(639,320,'نويريه','ar',NULL,NULL,NULL),(640,320,'Noweirieh','en',NULL,NULL,NULL),(641,321,'Ojam','ar',NULL,NULL,NULL),(642,321,'Ojam','en',NULL,NULL,NULL),(643,322,'العثمانية','ar',NULL,NULL,NULL),(644,322,'Uthmaniyah','en',NULL,NULL,NULL),(645,323,'القارة','ar',NULL,NULL,NULL),(646,323,'Qarah','en',NULL,NULL,NULL),(647,324,'قارة العليا','ar',NULL,NULL,NULL),(648,324,'Qaryat Al Ulya','en',NULL,NULL,NULL),(649,325,'الرحيمة','ar',NULL,NULL,NULL),(650,325,'Rahima','en',NULL,NULL,NULL),(651,326,'راس الخير','ar',NULL,NULL,NULL),(652,326,'Ras Al Khair','en',NULL,NULL,NULL),(653,327,'الصفنية','ar',NULL,NULL,NULL),(654,327,'Safaniya','en',NULL,NULL,NULL),(655,328,'صفوى','ar',NULL,NULL,NULL),(656,328,'Safwa','en',NULL,NULL,NULL),(657,329,'سلوى','ar',NULL,NULL,NULL),(658,329,'Salwa','en',NULL,NULL,NULL),(659,330,'سرار','ar',NULL,NULL,NULL),(660,330,'Al Sarar','en',NULL,NULL,NULL),(661,331,'الساتروب','ar',NULL,NULL,NULL),(662,331,'Satorp','en',NULL,NULL,NULL),(663,332,'سيهات','ar',NULL,NULL,NULL),(664,332,'Saihat','en',NULL,NULL,NULL),(665,333,'تناجيب','ar',NULL,NULL,NULL),(666,333,'Tanajib','en',NULL,NULL,NULL),(667,334,'Tarut','ar',NULL,NULL,NULL),(668,334,'Tarut','en',NULL,NULL,NULL),(669,335,'الثقبة','ar',NULL,NULL,NULL),(670,335,'Thuqbah','en',NULL,NULL,NULL),(671,336,'العضيلية','ar',NULL,NULL,NULL),(672,336,'Udhailiyah','en',NULL,NULL,NULL),(673,337,'العيون','ar',NULL,NULL,NULL),(674,337,'Uyun','en',NULL,NULL,NULL),(675,338,'الأحساء','ar',NULL,NULL,NULL),(676,338,'Al Ahsa','en',NULL,NULL,NULL),(677,339,'الدمام','ar',NULL,NULL,NULL),(678,339,'Dammam','en',NULL,NULL,NULL),(679,340,'حفر الباطن','ar',NULL,NULL,NULL),(680,340,'Hafar Al Batin','en',NULL,NULL,NULL),(681,341,'الخفجي','ar',NULL,NULL,NULL),(682,341,'Khafji','en',NULL,NULL,NULL),(683,342,'الخبر','ar',NULL,NULL,NULL),(684,342,'Khobar','en',NULL,NULL,NULL),(685,343,'النعيرية','ar',NULL,NULL,NULL),(686,343,'Nariyah','en',NULL,NULL,NULL),(687,344,'قرية العيا','ar',NULL,NULL,NULL),(688,344,'Qaryat Al Ulya','en',NULL,NULL,NULL),(689,345,'القطيف','ar',NULL,NULL,NULL),(690,345,'Qatif','en',NULL,NULL,NULL),(691,346,'راس تنورة','ar',NULL,NULL,NULL),(692,346,'Ras Tanura','en',NULL,NULL,NULL),(693,347,'السليمى','ar',NULL,NULL,NULL),(694,347,'Al Sulaimi','en',NULL,NULL,NULL),(695,348,'الشملي','ar',NULL,NULL,NULL),(696,348,'Ash Shamli','en',NULL,NULL,NULL),(697,349,'الشنان','ar',NULL,NULL,NULL),(698,349,'Ash Shinan','en',NULL,NULL,NULL),(699,350,'بقعاء','ar',NULL,NULL,NULL),(700,350,'Baqaa','en',NULL,NULL,NULL),(701,351,'موقق','ar',NULL,NULL,NULL),(702,351,'Mawqaq','en',NULL,NULL,NULL),(703,352,'سومريه','ar',NULL,NULL,NULL),(704,352,'Sumairaa','en',NULL,NULL,NULL),(705,353,'المنهل','ar',NULL,NULL,NULL),(706,353,'Abha Manhal','en',NULL,NULL,NULL),(707,354,'ابو عريش','ar',NULL,NULL,NULL),(708,354,'Abu Areish','en',NULL,NULL,NULL),(709,355,'الدائر','ar',NULL,NULL,NULL),(710,355,'Addayer','en',NULL,NULL,NULL),(711,356,'أضم','ar',NULL,NULL,NULL),(712,356,'Adham','en',NULL,NULL,NULL),(713,357,'أحد المسارحة','ar',NULL,NULL,NULL),(714,357,'Ahad Masarha','en',NULL,NULL,NULL),(715,358,'العيص','ar',NULL,NULL,NULL),(716,358,'Al Ais','en',NULL,NULL,NULL),(717,359,'البدع','ar',NULL,NULL,NULL),(718,359,'Al Bada','en',NULL,NULL,NULL),(719,360,'البشائر','ar',NULL,NULL,NULL),(720,360,'Al Bashayer','en',NULL,NULL,NULL),(721,361,'العيدابي','ar',NULL,NULL,NULL),(722,361,'Al Edabi','en',NULL,NULL,NULL),(723,362,'المدى','ar',NULL,NULL,NULL),(724,362,'Al Mada','en',NULL,NULL,NULL),(725,363,'المويه','ar',NULL,NULL,NULL),(726,363,'Al Moya','en',NULL,NULL,NULL),(727,364,'الهدا','ar',NULL,NULL,NULL),(728,364,'Al Hada','en',NULL,NULL,NULL),(729,365,'عمق','ar',NULL,NULL,NULL),(730,365,'Amaq','en',NULL,NULL,NULL),(731,366,'العقيق','ar',NULL,NULL,NULL),(732,366,'Aqiq','en',NULL,NULL,NULL),(733,367,'العرضة','ar',NULL,NULL,NULL),(734,367,'Ardah','en',NULL,NULL,NULL),(735,368,'عسفان','ar',NULL,NULL,NULL),(736,368,'Asfan','en',NULL,NULL,NULL),(737,369,'الشقيق','ar',NULL,NULL,NULL),(738,369,'Ash Shuqaiq','en',NULL,NULL,NULL),(739,370,'بدر','ar',NULL,NULL,NULL),(740,370,'Bader','en',NULL,NULL,NULL),(741,371,'بدرالجنوب','ar',NULL,NULL,NULL),(742,371,'Badr Al Janoub','en',NULL,NULL,NULL),(743,372,'الباحه','ar',NULL,NULL,NULL),(744,372,'Baha','en',NULL,NULL,NULL),(745,373,'بحره','ar',NULL,NULL,NULL),(746,373,'Bahara','en',NULL,NULL,NULL),(747,374,'Bahrat Al Moujoud','ar',NULL,NULL,NULL),(748,374,'Bahrat Al Moujoud','en',NULL,NULL,NULL),(749,375,'بلحمر','ar',NULL,NULL,NULL),(750,375,'Balahmar','en',NULL,NULL,NULL),(751,376,'بللسمر','ar',NULL,NULL,NULL),(752,376,'Balasmar','en',NULL,NULL,NULL),(753,377,'بلقرن','ar',NULL,NULL,NULL),(754,377,'Balqarn','en',NULL,NULL,NULL),(755,378,'بارق','ar',NULL,NULL,NULL),(756,378,'Bareq','en',NULL,NULL,NULL),(757,379,'بلجرشي','ar',NULL,NULL,NULL),(758,379,'Biljurashi','en',NULL,NULL,NULL),(759,380,'البرك','ar',NULL,NULL,NULL),(760,380,'Birk','en',NULL,NULL,NULL),(761,381,'بيش','ar',NULL,NULL,NULL),(762,381,'Bish','en',NULL,NULL,NULL),(763,382,'ضمد','ar',NULL,NULL,NULL),(764,382,'Damad','en',NULL,NULL,NULL),(765,383,'الدرب','ar',NULL,NULL,NULL),(766,383,'Darb','en',NULL,NULL,NULL),(767,384,'ذهبان','ar',NULL,NULL,NULL),(768,384,'Dhahban','en',NULL,NULL,NULL),(769,385,'ظهران الجنوب','ar',NULL,NULL,NULL),(770,385,'Dhahran Al Janoob','en',NULL,NULL,NULL),(771,386,'ضباء','ar',NULL,NULL,NULL),(772,386,'Duba','en',NULL,NULL,NULL),(773,387,'فرسان','ar',NULL,NULL,NULL),(774,387,'Farasan','en',NULL,NULL,NULL),(775,388,'Gilwa','ar',NULL,NULL,NULL),(776,388,'Gilwa','en',NULL,NULL,NULL),(777,389,'جازان','ar',NULL,NULL,NULL),(778,389,'Gizan','en',NULL,NULL,NULL),(779,390,'الحجرة','ar',NULL,NULL,NULL),(780,390,'Hajrah','en',NULL,NULL,NULL),(781,391,'حالة عمار','ar',NULL,NULL,NULL),(782,391,'Halat Ammar','en',NULL,NULL,NULL),(783,392,'حلي','ar',NULL,NULL,NULL),(784,392,'Hali','en',NULL,NULL,NULL),(785,393,'حائل','ar',NULL,NULL,NULL),(786,393,'Haqil','en',NULL,NULL,NULL),(787,394,'حرجة','ar',NULL,NULL,NULL),(788,394,'Harajah','en',NULL,NULL,NULL),(789,395,'Hawaya / Taif','ar',NULL,NULL,NULL),(790,395,'Hawea / Taif','en',NULL,NULL,NULL),(791,396,'الحناكية','ar',NULL,NULL,NULL),(792,396,'Al Hinakiyah','en',NULL,NULL,NULL),(793,397,'حبونا','ar',NULL,NULL,NULL),(794,397,'Hubuna','en',NULL,NULL,NULL),(795,398,'Ja Araneh','ar',NULL,NULL,NULL),(796,398,'Ja Araneh','en',NULL,NULL,NULL),(797,399,'جدة','ar',NULL,NULL,NULL),(798,399,'Jeddah','en',NULL,NULL,NULL),(799,400,'الجموم','ar',NULL,NULL,NULL),(800,400,'Jumum','en',NULL,NULL,NULL),(801,401,'كرز','ar',NULL,NULL,NULL),(802,401,'Karaa','en',NULL,NULL,NULL),(803,402,'الكربوس','ar',NULL,NULL,NULL),(804,402,'Karboos','en',NULL,NULL,NULL),(805,403,'خيبر','ar',NULL,NULL,NULL),(806,403,'Khaibar','en',NULL,NULL,NULL),(807,404,'خميس مشيط','ar',NULL,NULL,NULL),(808,404,'Khamis Mushait','en',NULL,NULL,NULL),(809,405,'الخرمة','ar',NULL,NULL,NULL),(810,405,'Khurma','en',NULL,NULL,NULL),(811,406,'ليث','ar',NULL,NULL,NULL),(812,406,'Laith','en',NULL,NULL,NULL),(813,407,'مهد الذهب','ar',NULL,NULL,NULL),(814,407,'Mahd Al Dahab','en',NULL,NULL,NULL),(815,408,'المهد','ar',NULL,NULL,NULL),(816,408,'Mahd','en',NULL,NULL,NULL),(817,409,'مكة','ar',NULL,NULL,NULL),(818,409,'Makkah','en',NULL,NULL,NULL),(819,410,'المندق','ar',NULL,NULL,NULL),(820,410,'Mandak','en',NULL,NULL,NULL),(821,411,'مستورة','ar',NULL,NULL,NULL),(822,411,'Masturah','en',NULL,NULL,NULL),(823,412,'المخواة','ar',NULL,NULL,NULL),(824,412,'Al Mikhwah','en',NULL,NULL,NULL),(825,413,'محايل عسير','ar',NULL,NULL,NULL),(826,413,'Muhayil, Aseer','en',NULL,NULL,NULL),(827,414,'Muthaleif','ar',NULL,NULL,NULL),(828,414,'Muthaleif','en',NULL,NULL,NULL),(829,415,'نجران','ar',NULL,NULL,NULL),(830,415,'Najran','en',NULL,NULL,NULL),(831,416,'النماص','ar',NULL,NULL,NULL),(832,416,'Namas','en',NULL,NULL,NULL),(833,417,'نيمره','ar',NULL,NULL,NULL),(834,417,'Nimra','en',NULL,NULL,NULL),(835,418,'Nwariah','ar',NULL,NULL,NULL),(836,418,'Nwariah','en',NULL,NULL,NULL),(837,419,'العلا','ar',NULL,NULL,NULL),(838,419,'Oula','en',NULL,NULL,NULL),(839,420,'القحمة','ar',NULL,NULL,NULL),(840,420,'Qahmah','en',NULL,NULL,NULL),(841,421,'القوز','ar',NULL,NULL,NULL),(842,421,'Qouz','en',NULL,NULL,NULL),(843,422,'القنفذة','ar',NULL,NULL,NULL),(844,422,'Qunfudah','en',NULL,NULL,NULL),(845,423,'رابغ','ar',NULL,NULL,NULL),(846,423,'Rabigh','en',NULL,NULL,NULL),(847,424,'رنية','ar',NULL,NULL,NULL),(848,424,'Rania','en',NULL,NULL,NULL),(849,425,'Ras Baridi','ar',NULL,NULL,NULL),(850,425,'Ras Baridi','en',NULL,NULL,NULL),(851,426,'رجال ألمع','ar',NULL,NULL,NULL),(852,426,'Rijal Almaa','en',NULL,NULL,NULL),(853,427,'سبت العلاية','ar',NULL,NULL,NULL),(854,427,'Sabt Al Alaya','en',NULL,NULL,NULL),(855,428,'صبياء','ar',NULL,NULL,NULL),(856,428,'Sabya','en',NULL,NULL,NULL),(857,429,'Sadal Malik','ar',NULL,NULL,NULL),(858,429,'Sadal Malik','en',NULL,NULL,NULL),(859,430,'صمخ','ar',NULL,NULL,NULL),(860,430,'Samakh','en',NULL,NULL,NULL),(861,431,'صامطه','ar',NULL,NULL,NULL),(862,431,'Samtah','en',NULL,NULL,NULL),(863,432,'سراة عبيدة','ar',NULL,NULL,NULL),(864,432,'Sarat Obeida','en',NULL,NULL,NULL),(865,433,'شرورة','ar',NULL,NULL,NULL),(866,433,'Sharurah','en',NULL,NULL,NULL),(867,434,'الشعيبة','ar',NULL,NULL,NULL),(868,434,'Shoaiba','en',NULL,NULL,NULL),(869,435,'Shraie\'e','ar',NULL,NULL,NULL),(870,435,'Shraie\'e','en',NULL,NULL,NULL),(871,436,'الشميسي','ar',NULL,NULL,NULL),(872,436,'Shumaisi','en',NULL,NULL,NULL),(873,437,'Subheka','ar',NULL,NULL,NULL),(874,437,'Subheka','en',NULL,NULL,NULL),(875,438,'Tablah','ar',NULL,NULL,NULL),(876,438,'Tablah','en',NULL,NULL,NULL),(877,439,'تبوك','ar',NULL,NULL,NULL),(878,439,'Tabuk','en',NULL,NULL,NULL),(879,440,'طيبة','ar',NULL,NULL,NULL),(880,440,'Taiba','en',NULL,NULL,NULL),(881,441,'الطائف','ar',NULL,NULL,NULL),(882,441,'Taif','en',NULL,NULL,NULL),(883,442,'Taif','ar',NULL,NULL,NULL),(884,442,'Taif','en',NULL,NULL,NULL),(885,443,'تنده','ar',NULL,NULL,NULL),(886,443,'Tanda','en',NULL,NULL,NULL),(887,444,'التنومه','ar',NULL,NULL,NULL),(888,444,'Tanuma','en',NULL,NULL,NULL),(889,445,'Tatleeth','ar',NULL,NULL,NULL),(890,445,'Tatleeth','en',NULL,NULL,NULL),(891,446,'تيماء','ar',NULL,NULL,NULL),(892,446,'Tayma','en',NULL,NULL,NULL),(893,447,'Thabya','ar',NULL,NULL,NULL),(894,447,'Thabya','en',NULL,NULL,NULL),(895,448,'ثول','ar',NULL,NULL,NULL),(896,448,'Thuwal','en',NULL,NULL,NULL),(897,449,'Turaif','ar',NULL,NULL,NULL),(898,449,'Turaib','en',NULL,NULL,NULL),(899,450,'تربة','ar',NULL,NULL,NULL),(900,450,'Turba','en',NULL,NULL,NULL),(901,451,'Umluj','ar',NULL,NULL,NULL),(902,451,'Umluj','en',NULL,NULL,NULL),(903,452,'Wadeien','ar',NULL,NULL,NULL),(904,452,'Wadeien','en',NULL,NULL,NULL),(905,453,'الغزالة','ar',NULL,NULL,NULL),(906,453,'Ghazalah','en',NULL,NULL,NULL),(907,454,'موقق','ar',NULL,NULL,NULL),(908,454,'Mawqaq','en',NULL,NULL,NULL),(909,455,'حائل','ar',NULL,NULL,NULL),(910,455,'Hail','en',NULL,NULL,NULL),(911,456,'وادي ابن هشبل','ar',NULL,NULL,NULL),(912,456,'Wadi Bin Hasbal','en',NULL,NULL,NULL),(913,457,'وادي الفراعة','ar',NULL,NULL,NULL),(914,457,'Wadi Al Farah','en',NULL,NULL,NULL),(915,458,'وادي فاطمة','ar',NULL,NULL,NULL),(916,458,'Wadi Fatimah','en',NULL,NULL,NULL),(917,459,'الوجه','ar',NULL,NULL,NULL),(918,459,'Wajeh','en',NULL,NULL,NULL),(919,460,'ينبع','ar',NULL,NULL,NULL),(920,460,'Yanbu','en',NULL,NULL,NULL),(921,461,'ينبع البحر','ar',NULL,NULL,NULL),(922,461,'Yanbu Al Baher','en',NULL,NULL,NULL),(923,462,'النخيل','ar',NULL,NULL,NULL),(924,462,'Yanbu Nakheel','en',NULL,NULL,NULL),(925,463,'Yuthma','ar',NULL,NULL,NULL),(926,463,'Yuthma','en',NULL,NULL,NULL),(927,464,'khasawyah','ar',NULL,NULL,NULL),(928,464,'khasawyah','en',NULL,NULL,NULL),(929,465,'خليص','ar',NULL,NULL,NULL),(930,465,'khulais','en',NULL,NULL,NULL),(931,466,'احد رفيده','ar',NULL,NULL,NULL),(932,466,'Ahad Rufaidah','en',NULL,NULL,NULL),(933,467,'ابو عريش','ar',NULL,NULL,NULL),(934,467,'Abu Arish','en',NULL,NULL,NULL),(935,468,'احد المسارحه','ar',NULL,NULL,NULL),(936,468,'Ahad Al Masarihah','en',NULL,NULL,NULL),(937,469,'العارضه','ar',NULL,NULL,NULL),(938,469,'Al\'Aridah','en',NULL,NULL,NULL),(939,470,'العيدابي','ar',NULL,NULL,NULL),(940,470,'Al Edabi','en',NULL,NULL,NULL),(941,471,'الداير','ar',NULL,NULL,NULL),(942,471,'Al Dair','en',NULL,NULL,NULL),(943,472,'الحرث','ar',NULL,NULL,NULL),(944,472,'Al Harth','en',NULL,NULL,NULL),(945,473,'الريث','ar',NULL,NULL,NULL),(946,473,'Al Raith','en',NULL,NULL,NULL),(947,474,'بيش','ar',NULL,NULL,NULL),(948,474,'Baish','en',NULL,NULL,NULL),(949,475,'جازان','ar',NULL,NULL,NULL),(950,475,'Jizan','en',NULL,NULL,NULL),(951,476,'الكامل','ar',NULL,NULL,NULL),(952,476,'Al Kamil','en',NULL,NULL,NULL),(953,477,'الليث','ar',NULL,NULL,NULL),(954,477,'Al Lith','en',NULL,NULL,NULL),(955,478,'القنفذة','ar',NULL,NULL,NULL),(956,478,'Al Qunfudhah','en',NULL,NULL,NULL),(957,479,'خليص','ar',NULL,NULL,NULL),(958,479,'Khulays','en',NULL,NULL,NULL),(959,480,'مكة المكرمة','ar',NULL,NULL,NULL),(960,480,'Mecca','en',NULL,NULL,NULL),(961,481,'رنية','ar',NULL,NULL,NULL),(962,481,'Ranyah','en',NULL,NULL,NULL),(963,482,'الطائف','ar',NULL,NULL,NULL),(964,482,'Taif','en',NULL,NULL,NULL),(965,483,'تربة','ar',NULL,NULL,NULL),(966,483,'Turubah','en',NULL,NULL,NULL),(967,484,'الخرخير','ar',NULL,NULL,NULL),(968,484,'Al Khirkhir','en',NULL,NULL,NULL),(969,485,'بدر الجنوب','ar',NULL,NULL,NULL),(970,485,'Badr Al Janub','en',NULL,NULL,NULL),(971,486,'شرورة','ar',NULL,NULL,NULL),(972,486,'Sharurah','en',NULL,NULL,NULL),(973,487,'ثار','ar',NULL,NULL,NULL),(974,487,'Thar','en',NULL,NULL,NULL),(975,488,'يدمه','ar',NULL,NULL,NULL),(976,488,'Yadamah','en',NULL,NULL,NULL),(977,489,'عرعر','ar',NULL,NULL,NULL),(978,489,'Arar','en',NULL,NULL,NULL),(979,490,'رفحاء','ar',NULL,NULL,NULL),(980,490,'Rafha','en',NULL,NULL,NULL),(981,491,'طريف','ar',NULL,NULL,NULL),(982,491,'Turayf','en',NULL,NULL,NULL),(983,492,'البكيرية','ar',NULL,NULL,NULL),(984,492,'Al Bukayriyah','en',NULL,NULL,NULL),(985,493,'المذنب','ar',NULL,NULL,NULL),(986,493,'Al Mithnab','en',NULL,NULL,NULL),(987,494,'الأسياح','ar',NULL,NULL,NULL),(988,494,'Al Asyah','en',NULL,NULL,NULL),(989,495,'النبهانية','ar',NULL,NULL,NULL),(990,495,'An Nabhaniyah','en',NULL,NULL,NULL),(991,496,'الشماسية','ar',NULL,NULL,NULL),(992,496,'Al Shmasia','en',NULL,NULL,NULL),(993,497,'الرس','ar',NULL,NULL,NULL),(994,497,'Ar Rass','en',NULL,NULL,NULL),(995,498,'البدائع','ar',NULL,NULL,NULL),(996,498,'Badaya','en',NULL,NULL,NULL),(997,499,'بريدة','ar',NULL,NULL,NULL),(998,499,'Buraydah','en',NULL,NULL,NULL),(999,500,'رياض الخبراء','ar',NULL,NULL,NULL),(1000,500,'Riyadh Al Khabra','en',NULL,NULL,NULL),(1001,501,'عنيزة','ar',NULL,NULL,NULL),(1002,501,'Unaizah','en',NULL,NULL,NULL),(1003,502,'عين الجواء','ar',NULL,NULL,NULL),(1004,502,'Uyun Al Jawa','en',NULL,NULL,NULL),(1005,503,'ابا الورود','ar',NULL,NULL,NULL),(1006,503,'Aba Al Worood','en',NULL,NULL,NULL),(1007,504,'ابو عجرم','ar',NULL,NULL,NULL),(1008,504,'Abu Ajram','en',NULL,NULL,NULL),(1009,505,'الداهنة','ar',NULL,NULL,NULL),(1010,505,'Ad Dahinah','en',NULL,NULL,NULL),(1011,506,'الضبيعة','ar',NULL,NULL,NULL),(1012,506,'Ad Dubaiyah','en',NULL,NULL,NULL),(1013,507,'عفيف','ar',NULL,NULL,NULL),(1014,507,'Afif','en',NULL,NULL,NULL),(1015,508,'الأجفر','ar',NULL,NULL,NULL),(1016,508,'Al Ajfar','en',NULL,NULL,NULL),(1017,509,'العمارة','ar',NULL,NULL,NULL),(1018,509,'Al Ammarah','en',NULL,NULL,NULL),(1019,510,'الأسياح','ar',NULL,NULL,NULL),(1020,510,'Al Asyah','en',NULL,NULL,NULL),(1021,511,'البتراء','ar',NULL,NULL,NULL),(1022,511,'Al Batra','en',NULL,NULL,NULL),(1023,512,'البجادية','ar',NULL,NULL,NULL),(1024,512,'Al Bijadyah','en',NULL,NULL,NULL),(1025,513,'Al Dalemya','ar',NULL,NULL,NULL),(1026,513,'Al Dalemya','en',NULL,NULL,NULL),(1027,514,'الحائط','ar',NULL,NULL,NULL),(1028,514,'Al Hait','en',NULL,NULL,NULL),(1029,515,'الهياثم','ar',NULL,NULL,NULL),(1030,515,'Al Hayathem','en',NULL,NULL,NULL),(1031,516,'الحفيرة','ar',NULL,NULL,NULL),(1032,516,'Al Hufayyirah','en',NULL,NULL,NULL),(1033,517,'الحليفة السفلى','ar',NULL,NULL,NULL),(1034,517,'Al Hulayfah As Sufla','en',NULL,NULL,NULL),(1035,518,'الخشيبي','ar',NULL,NULL,NULL),(1036,518,'Al Khushaybi','en',NULL,NULL,NULL),(1037,519,'الخطة','ar',NULL,NULL,NULL),(1038,519,'Al Khitah','en',NULL,NULL,NULL),(1039,520,'Al Laqayit','ar',NULL,NULL,NULL),(1040,520,'Al Laqayit','en',NULL,NULL,NULL),(1041,521,'القرين','ar',NULL,NULL,NULL),(1042,521,'Al Qarin','en',NULL,NULL,NULL),(1043,522,'العويقيلة','ar',NULL,NULL,NULL),(1044,522,'Al Uwayqilah','en',NULL,NULL,NULL),(1045,523,'الوسيطاء','ar',NULL,NULL,NULL),(1046,523,'Al Wasayta','en',NULL,NULL,NULL),(1047,524,'الغاط','ar',NULL,NULL,NULL),(1048,524,'Al Ghat','en',NULL,NULL,NULL),(1049,525,'النبهانية','ar',NULL,NULL,NULL),(1050,525,'Al Nabhaniyah','en',NULL,NULL,NULL),(1051,526,'الرس','ar',NULL,NULL,NULL),(1052,526,'Al Rass','en',NULL,NULL,NULL),(1053,527,'النبك أبو قصر','ar',NULL,NULL,NULL),(1054,527,'An Nabk Abu Qasr','en',NULL,NULL,NULL),(1055,528,'النقرة','ar',NULL,NULL,NULL),(1056,528,'An Nuqrah','en',NULL,NULL,NULL),(1057,529,'الرديفة','ar',NULL,NULL,NULL),(1058,529,'Ar Radifah','en',NULL,NULL,NULL),(1059,530,'الرفيعة','ar',NULL,NULL,NULL),(1060,530,'Ar Rafia','en',NULL,NULL,NULL),(1061,531,'الرشاوية','ar',NULL,NULL,NULL),(1062,531,'Ar Rishawiyah','en',NULL,NULL,NULL),(1063,532,'عرعر','ar',NULL,NULL,NULL),(1064,532,'Arar','en',NULL,NULL,NULL),(1065,533,'عرجاء','ar',NULL,NULL,NULL),(1066,533,'Arja','en',NULL,NULL,NULL),(1067,534,'الأرطاوية','ar',NULL,NULL,NULL),(1068,534,'Al Artawiyah','en',NULL,NULL,NULL),(1069,535,'السلمانية','ar',NULL,NULL,NULL),(1070,535,'As Sulaimaniyah','en',NULL,NULL,NULL),(1071,536,'الصلبية','ar',NULL,NULL,NULL),(1072,536,'As Sulubiayh','en',NULL,NULL,NULL),(1073,537,'الشرائع','ar',NULL,NULL,NULL),(1074,537,'Ash Sheraa','en',NULL,NULL,NULL),(1075,538,'الشملي','ar',NULL,NULL,NULL),(1076,538,'Ash Shamli','en',NULL,NULL,NULL),(1077,539,'الشماسية','ar',NULL,NULL,NULL),(1078,539,'Ash Shimasiyah','en',NULL,NULL,NULL),(1079,540,'الطوير','ar',NULL,NULL,NULL),(1080,540,'At Tuwayr','en',NULL,NULL,NULL),(1081,541,'الذيبية','ar',NULL,NULL,NULL),(1082,541,'At Thybiyah','en',NULL,NULL,NULL),(1083,542,'عين ابن فهيد','ar',NULL,NULL,NULL),(1084,542,'Ayn Fuhayd','en',NULL,NULL,NULL),(1085,543,'بقعاء الشرقية','ar',NULL,NULL,NULL),(1086,543,'Baqa Ash Sharqiyah','en',NULL,NULL,NULL),(1087,544,'بقعاء','ar',NULL,NULL,NULL),(1088,544,'Baqa','en',NULL,NULL,NULL),(1089,545,'البكيرية','ar',NULL,NULL,NULL),(1090,545,'Bukeiriah','en',NULL,NULL,NULL),(1091,546,'بريده','ar',NULL,NULL,NULL),(1092,546,'Buraidah','en',NULL,NULL,NULL),(1093,547,'Diriyah','ar',NULL,NULL,NULL),(1094,547,'Dariyah','en',NULL,NULL,NULL),(1095,548,'الدوادمي','ar',NULL,NULL,NULL),(1096,548,'Dawadmi','en',NULL,NULL,NULL),(1097,549,'ديراب','ar',NULL,NULL,NULL),(1098,549,'Deraab','en',NULL,NULL,NULL),(1099,550,'الدرعية','ar',NULL,NULL,NULL),(1100,550,'Derelyeh','en',NULL,NULL,NULL),(1101,551,'ضرماء','ar',NULL,NULL,NULL),(1102,551,'Dhruma','en',NULL,NULL,NULL),(1103,552,'دومة الجندل','ar',NULL,NULL,NULL),(1104,552,'Dumat Al Jandal','en',NULL,NULL,NULL),(1105,553,'دخنة','ar',NULL,NULL,NULL),(1106,553,'Duhknah','en',NULL,NULL,NULL),(1107,554,'ضليع رشيد','ar',NULL,NULL,NULL),(1108,554,'Dulay Rashid','en',NULL,NULL,NULL),(1109,555,'الغزالة','ar',NULL,NULL,NULL),(1110,555,'Ghazalah','en',NULL,NULL,NULL),(1111,556,'غطي','ar',NULL,NULL,NULL),(1112,556,'Ghtai','en',NULL,NULL,NULL),(1113,557,'الحديثة','ar',NULL,NULL,NULL),(1114,557,'Hadeethah','en',NULL,NULL,NULL),(1115,558,'حفر الباطن','ar',NULL,NULL,NULL),(1116,558,'Hafer Al Batin','en',NULL,NULL,NULL),(1117,559,'حائل','ar',NULL,NULL,NULL),(1118,559,'Hail','en',NULL,NULL,NULL),(1119,560,'الحريق','ar',NULL,NULL,NULL),(1120,560,'Hareeq','en',NULL,NULL,NULL),(1121,561,'حوطة بني تميم','ar',NULL,NULL,NULL),(1122,561,'Hawtat Bani Tamim','en',NULL,NULL,NULL),(1123,562,'حزم الجلاميد','ar',NULL,NULL,NULL),(1124,562,'Hazem Aljalamid','en',NULL,NULL,NULL),(1125,563,'هديب','ar',NULL,NULL,NULL),(1126,563,'Hedeb','en',NULL,NULL,NULL),(1127,564,'حريملاء','ar',NULL,NULL,NULL),(1128,564,'Horaimal','en',NULL,NULL,NULL),(1129,565,'حوطة تميم','ar',NULL,NULL,NULL),(1130,565,'Hotat Bani Tamim','en',NULL,NULL,NULL),(1131,566,'حوطة سدير','ar',NULL,NULL,NULL),(1132,566,'Hotat Sudair','en',NULL,NULL,NULL),(1133,567,'Huraymila','ar',NULL,NULL,NULL),(1134,567,'Huraymala','en',NULL,NULL,NULL),(1135,568,'جلاجل','ar',NULL,NULL,NULL),(1136,568,'Jalajel','en',NULL,NULL,NULL),(1137,569,'الجوف','ar',NULL,NULL,NULL),(1138,569,'Jouf','en',NULL,NULL,NULL),(1139,570,'كحلة','ar',NULL,NULL,NULL),(1140,570,'Kahla','en',NULL,NULL,NULL),(1141,571,'Kara','ar',NULL,NULL,NULL),(1142,571,'Kara','en',NULL,NULL,NULL),(1143,572,'الخماسين','ar',NULL,NULL,NULL),(1144,572,'Khamaseen','en',NULL,NULL,NULL),(1145,573,'الخرج','ar',NULL,NULL,NULL),(1146,573,'Kharj','en',NULL,NULL,NULL),(1147,574,'مدينة الملك خالد العسكرية','ar',NULL,NULL,NULL),(1148,574,'King Khalid Military City','en',NULL,NULL,NULL),(1149,575,'ليلى','ar',NULL,NULL,NULL),(1150,575,'Layla','en',NULL,NULL,NULL),(1151,576,'المجمعة','ar',NULL,NULL,NULL),(1152,576,'Majma','en',NULL,NULL,NULL),(1153,577,'موقق','ar',NULL,NULL,NULL),(1154,577,'Mawqaq','en',NULL,NULL,NULL),(1155,578,'Midinhab','ar',NULL,NULL,NULL),(1156,578,'Midinhab','en',NULL,NULL,NULL),(1157,579,'موقق','ar',NULL,NULL,NULL),(1158,579,'Moqaq','en',NULL,NULL,NULL),(1159,580,'مرات','ar',NULL,NULL,NULL),(1160,580,'Mrat','en',NULL,NULL,NULL),(1161,581,'مبايض','ar',NULL,NULL,NULL),(1162,581,'Mubayid','en',NULL,NULL,NULL),(1163,582,'مليح','ar',NULL,NULL,NULL),(1164,582,'Mulayh','en',NULL,NULL,NULL),(1165,583,'منيفة القاعد','ar',NULL,NULL,NULL),(1166,583,'Munifat al Qa\'id','en',NULL,NULL,NULL),(1167,584,'المزاحمية','ar',NULL,NULL,NULL),(1168,584,'Al-Muzahmiya','en',NULL,NULL,NULL),(1169,585,'Muzneb','ar',NULL,NULL,NULL),(1170,585,'Muzneb','en',NULL,NULL,NULL),(1171,586,'نيساب','ar',NULL,NULL,NULL),(1172,586,'Nisab','en',NULL,NULL,NULL),(1173,587,'عنيزة','ar',NULL,NULL,NULL),(1174,587,'Onaiza','en',NULL,NULL,NULL),(1175,588,'العيينة','ar',NULL,NULL,NULL),(1176,588,'Al Uyaynah','en',NULL,NULL,NULL),(1177,589,'عيون الجوا','ar',NULL,NULL,NULL),(1178,589,'Uyun Al Jawa','en',NULL,NULL,NULL),(1179,590,'القصب','ar',NULL,NULL,NULL),(1180,590,'Qasab','en',NULL,NULL,NULL),(1181,591,'القصيم','ar',NULL,NULL,NULL),(1182,591,'Qassim','en',NULL,NULL,NULL),(1183,592,'القيصومة','ar',NULL,NULL,NULL),(1184,592,'Qaisumah','en',NULL,NULL,NULL),(1185,593,'قبه','ar',NULL,NULL,NULL),(1186,593,'Qbah','en',NULL,NULL,NULL),(1187,594,'قفار','ar',NULL,NULL,NULL),(1188,594,'Qufar','en',NULL,NULL,NULL),(1189,595,'القريات','ar',NULL,NULL,NULL),(1190,595,'Qurayyat','en',NULL,NULL,NULL),(1191,596,'قصيباء','ar',NULL,NULL,NULL),(1192,596,'Qusaiba','en',NULL,NULL,NULL),(1193,597,'القويعية','ar',NULL,NULL,NULL),(1194,597,'Quwei\'leh','en',NULL,NULL,NULL),(1195,598,'روضة هباس','ar',NULL,NULL,NULL),(1196,598,'Rawdat Habbas','en',NULL,NULL,NULL),(1197,599,'رماح','ar',NULL,NULL,NULL),(1198,599,'Remah','en',NULL,NULL,NULL),(1199,600,'رماح','ar',NULL,NULL,NULL),(1200,600,'Rimah','en',NULL,NULL,NULL),(1201,601,'الرياض','ar',NULL,NULL,NULL),(1202,601,'Riyadh','en',NULL,NULL,NULL),(1203,602,'رياض الخبراء','ar',NULL,NULL,NULL),(1204,602,'Riyadh Al Khabra','en',NULL,NULL,NULL),(1205,603,'روضة سدير','ar',NULL,NULL,NULL),(1206,603,'Raudat Sudair','en',NULL,NULL,NULL),(1207,604,'رفايع الجمش','ar',NULL,NULL,NULL),(1208,604,'Rvaya Aljamsh','en',NULL,NULL,NULL),(1209,605,'Ar Ruwaydah','ar',NULL,NULL,NULL),(1210,605,'Ar Ruwaydah','en',NULL,NULL,NULL),(1211,606,'سدير','ar',NULL,NULL,NULL),(1212,606,'Sadeer','en',NULL,NULL,NULL),(1213,607,'الصحنة','ar',NULL,NULL,NULL),(1214,607,'Sahna','en',NULL,NULL,NULL),(1215,608,'ساجر','ar',NULL,NULL,NULL),(1216,608,'Sajir','en',NULL,NULL,NULL),(1217,609,'صلبوخ','ar',NULL,NULL,NULL),(1218,609,'Salbukh','en',NULL,NULL,NULL),(1219,610,'شقراء','ar',NULL,NULL,NULL),(1220,610,'Shagra','en',NULL,NULL,NULL),(1221,611,'شقراء','ar',NULL,NULL,NULL),(1222,611,'Shaqra','en',NULL,NULL,NULL),(1223,612,'شقراء','ar',NULL,NULL,NULL),(1224,612,'Shaqra\'a','en',NULL,NULL,NULL),(1225,613,'شري','ar',NULL,NULL,NULL),(1226,613,'Shari','en',NULL,NULL,NULL),(1227,614,'الشفا','ar',NULL,NULL,NULL),(1228,614,'Shefa\'a','en',NULL,NULL,NULL),(1229,615,'الشنانة','ar',NULL,NULL,NULL),(1230,615,'Shinanh','en',NULL,NULL,NULL),(1231,616,'سميراء','ar',NULL,NULL,NULL),(1232,616,'Simira','en',NULL,NULL,NULL),(1233,617,'السليل','ar',NULL,NULL,NULL),(1234,617,'As Sulayyil','en',NULL,NULL,NULL),(1235,618,'صوير','ar',NULL,NULL,NULL),(1236,618,'Suwayr','en',NULL,NULL,NULL),(1237,619,'طبرجل','ar',NULL,NULL,NULL),(1238,619,'Tabarjal','en',NULL,NULL,NULL),(1239,620,'التنومه','ar',NULL,NULL,NULL),(1240,620,'Tanumah','en',NULL,NULL,NULL),(1241,621,'ثادق','ar',NULL,NULL,NULL),(1242,621,'Thadek','en',NULL,NULL,NULL),(1243,622,'ثادق','ar',NULL,NULL,NULL),(1244,622,'Thadig','en',NULL,NULL,NULL),(1245,623,'ثرمداء','ar',NULL,NULL,NULL),(1246,623,'Tharmada\'a','en',NULL,NULL,NULL),(1247,624,'الذيبية','ar',NULL,NULL,NULL),(1248,624,'Thebea','en',NULL,NULL,NULL),(1249,625,'تمير','ar',NULL,NULL,NULL),(1250,625,'Thumair','en',NULL,NULL,NULL),(1251,626,'طريف','ar',NULL,NULL,NULL),(1252,626,'Turaif','en',NULL,NULL,NULL),(1253,627,'ام الجماجم','ar',NULL,NULL,NULL),(1254,627,'Umm Al Jamajim','en',NULL,NULL,NULL),(1255,628,'عقلة الصقور','ar',NULL,NULL,NULL),(1256,628,'Uqlat Al Suqur','en',NULL,NULL,NULL),(1257,629,'أشيقر','ar',NULL,NULL,NULL),(1258,629,'Ushaiqer','en',NULL,NULL,NULL),(1259,630,'وادي الدواسر','ar',NULL,NULL,NULL),(1260,630,'Wadi Al Dawasir','en',NULL,NULL,NULL),(1261,631,'الزلفي','ar',NULL,NULL,NULL),(1262,631,'Zulfi','en',NULL,NULL,NULL),(1263,632,'الزلفي','ar',NULL,NULL,NULL),(1264,632,'Zulf City','en',NULL,NULL,NULL),(1265,633,'الوجه','ar',NULL,NULL,NULL),(1266,633,'Al Wajh','en',NULL,NULL,NULL),(1267,634,'حقل','ar',NULL,NULL,NULL),(1268,634,'Haql','en',NULL,NULL,NULL),(1269,635,'أملج','ar',NULL,NULL,NULL),(1270,635,'Umm Lajj','en',NULL,NULL,NULL),(1271,636,'الحريق','ar',NULL,NULL,NULL),(1272,636,'Al hareeq','en',NULL,NULL,NULL),(1273,637,'المزاحمية','ar',NULL,NULL,NULL),(1274,637,'Al muzahmiyyah','en',NULL,NULL,NULL),(1275,638,'ضرما','ar',NULL,NULL,NULL),(1276,638,'Dhurma','en',NULL,NULL,NULL),(1277,639,'العدلية','ar',NULL,NULL,NULL),(1278,639,'Adliya','en',NULL,NULL,NULL),(1279,640,'الغريفة','ar',NULL,NULL,NULL),(1280,640,'Ghurafya','en',NULL,NULL,NULL),(1281,641,'جد حفص','ar',NULL,NULL,NULL),(1282,641,'Jidhafs','en',NULL,NULL,NULL),(1283,642,'الجفير','ar',NULL,NULL,NULL),(1284,642,'Juffair','en',NULL,NULL,NULL),(1285,643,'كرباباد','ar',NULL,NULL,NULL),(1286,643,'Karbabad','en',NULL,NULL,NULL),(1287,644,'المنامة','ar',NULL,NULL,NULL),(1288,644,'Manama','en',NULL,NULL,NULL),(1289,645,'ميناء سلمان','ar',NULL,NULL,NULL),(1290,645,'Mina Salman','en',NULL,NULL,NULL),(1291,646,'المصلى','ar',NULL,NULL,NULL),(1292,646,'Musalla','en',NULL,NULL,NULL),(1293,647,'كفول','ar',NULL,NULL,NULL),(1294,647,'Qofool','en',NULL,NULL,NULL),(1295,648,'القضيبية','ar',NULL,NULL,NULL),(1296,648,'Qudaibiya','en',NULL,NULL,NULL),(1297,649,'راس رمان','ar',NULL,NULL,NULL),(1298,649,'Ras Ruman','en',NULL,NULL,NULL),(1299,650,'السلمانية','ar',NULL,NULL,NULL),(1300,650,'Salmaniya','en',NULL,NULL,NULL),(1301,651,'السيف','ar',NULL,NULL,NULL),(1302,651,'Seef','en',NULL,NULL,NULL),(1303,652,'ام الحصم','ar',NULL,NULL,NULL),(1304,652,'Um Al Hassam','en',NULL,NULL,NULL),(1305,653,'امواج','ar',NULL,NULL,NULL),(1306,653,'Amwaj','en',NULL,NULL,NULL),(1307,654,'امواج','ar',NULL,NULL,NULL),(1308,654,'Amwaj','en',NULL,NULL,NULL),(1309,655,'عراد','ar',NULL,NULL,NULL),(1310,655,'Arad','en',NULL,NULL,NULL),(1311,656,'البسيتين','ar',NULL,NULL,NULL),(1312,656,'Busaiteen','en',NULL,NULL,NULL),(1313,657,'الدير','ar',NULL,NULL,NULL),(1314,657,'Dair','en',NULL,NULL,NULL),(1315,658,'الحد','ar',NULL,NULL,NULL),(1316,658,'Hidd','en',NULL,NULL,NULL),(1317,659,'المحرق','ar',NULL,NULL,NULL),(1318,659,'Muharraq','en',NULL,NULL,NULL),(1319,660,'قلالي','ar',NULL,NULL,NULL),(1320,660,'Qalali','en',NULL,NULL,NULL),(1321,661,'سماهيج','ar',NULL,NULL,NULL),(1322,661,'Samaheej','en',NULL,NULL,NULL),(1323,662,'جريرة تالا','ar',NULL,NULL,NULL),(1324,662,'Tala Island','en',NULL,NULL,NULL),(1325,663,'ابو بهام','ar',NULL,NULL,NULL),(1326,663,'Abu Baham','en',NULL,NULL,NULL),(1327,664,'ابو صيبع','ar',NULL,NULL,NULL),(1328,664,'Abu Saiba','en',NULL,NULL,NULL),(1329,665,'بني جمرة','ar',NULL,NULL,NULL),(1330,665,'Bani Jamra','en',NULL,NULL,NULL),(1331,666,'معبد باربار','ar',NULL,NULL,NULL),(1332,666,'Barbar','en',NULL,NULL,NULL),(1333,667,'بو قوة','ar',NULL,NULL,NULL),(1334,667,'Bu Quwah','en',NULL,NULL,NULL),(1335,668,'بوري','ar',NULL,NULL,NULL),(1336,668,'Buri','en',NULL,NULL,NULL),(1337,669,'دار كليب','ar',NULL,NULL,NULL),(1338,669,'Dar Kulaib','en',NULL,NULL,NULL),(1339,670,'معبد الدراز','ar',NULL,NULL,NULL),(1340,670,'Diraz','en',NULL,NULL,NULL),(1341,671,'دمستان','ar',NULL,NULL,NULL),(1342,671,'Damistan','en',NULL,NULL,NULL),(1343,672,'الحجر','ar',NULL,NULL,NULL),(1344,672,'Hajar','en',NULL,NULL,NULL),(1345,673,'مدينة حمد','ar',NULL,NULL,NULL),(1346,673,'Hamad Town','en',NULL,NULL,NULL),(1347,674,'الهملة','ar',NULL,NULL,NULL),(1348,674,'Hamala','en',NULL,NULL,NULL),(1349,675,'حلة عبد الصالح','ar',NULL,NULL,NULL),(1350,675,'Hillat Abdul Saleh','en',NULL,NULL,NULL),(1351,676,'جونسان','ar',NULL,NULL,NULL),(1352,676,'Jannusan','en',NULL,NULL,NULL),(1353,677,'بيت الجسرة','ar',NULL,NULL,NULL),(1354,677,'Jasra','en',NULL,NULL,NULL),(1355,678,'جبلة حبشي','ar',NULL,NULL,NULL),(1356,678,'Jablat Habshi','en',NULL,NULL,NULL),(1357,679,'جد الحاج','ar',NULL,NULL,NULL),(1358,679,'Jid Al Haj','en',NULL,NULL,NULL),(1359,680,'جد الحاج','ar',NULL,NULL,NULL),(1360,680,'Jid Al Haj','en',NULL,NULL,NULL),(1361,681,'كرانة','ar',NULL,NULL,NULL),(1362,681,'Karranah','en',NULL,NULL,NULL),(1363,682,'كرزكان','ar',NULL,NULL,NULL),(1364,682,'Karzakan','en',NULL,NULL,NULL),(1365,683,'مسجد الخميس','ar',NULL,NULL,NULL),(1366,683,'Khamis','en',NULL,NULL,NULL),(1367,684,'المالكية','ar',NULL,NULL,NULL),(1368,684,'Malikiya','en',NULL,NULL,NULL),(1369,685,'المرخ','ar',NULL,NULL,NULL),(1370,685,'Markh','en',NULL,NULL,NULL),(1371,686,'المقشع','ar',NULL,NULL,NULL),(1372,686,'Meqsha','en',NULL,NULL,NULL),(1373,687,'مقابة','ar',NULL,NULL,NULL),(1374,687,'Muqaba','en',NULL,NULL,NULL),(1375,688,'شمال سهلة','ar',NULL,NULL,NULL),(1376,688,'North Sehla','en',NULL,NULL,NULL),(1377,689,'القدم','ar',NULL,NULL,NULL),(1378,689,'Qadam','en',NULL,NULL,NULL),(1379,690,'قلا','ar',NULL,NULL,NULL),(1380,690,'Qella','en',NULL,NULL,NULL),(1381,691,'القرية','ar',NULL,NULL,NULL),(1382,691,'Qurayya','en',NULL,NULL,NULL),(1383,692,'مستوطنة سار','ar',NULL,NULL,NULL),(1384,692,'Saar','en',NULL,NULL,NULL),(1385,693,'سداد','ar',NULL,NULL,NULL),(1386,693,'Sadad','en',NULL,NULL,NULL),(1387,694,'الصخير','ar',NULL,NULL,NULL),(1388,694,'Shahrakan','en',NULL,NULL,NULL),(1389,695,'الشاخورة','ar',NULL,NULL,NULL),(1390,695,'Shakhurah','en',NULL,NULL,NULL),(1391,696,'جنوب سهلة','ar',NULL,NULL,NULL),(1392,696,'South Sehla','en',NULL,NULL,NULL),(1393,697,'طشان','ar',NULL,NULL,NULL),(1394,697,'Tashan','en',NULL,NULL,NULL),(1395,698,'ام الصبان','ar',NULL,NULL,NULL),(1396,698,'Umm Al Sabban','en',NULL,NULL,NULL),(1397,699,'الزلاق','ar',NULL,NULL,NULL),(1398,699,'Zallaq','en',NULL,NULL,NULL),(1399,700,'عالي','ar',NULL,NULL,NULL),(1400,700,'A\'ali','en',NULL,NULL,NULL),(1401,701,'الرفاع الشرقي','ar',NULL,NULL,NULL),(1402,701,'East Riffa','en',NULL,NULL,NULL),(1403,702,'مدينة عيسى','ar',NULL,NULL,NULL),(1404,702,'Isa Town','en',NULL,NULL,NULL),(1405,703,'Jordab','ar',NULL,NULL,NULL),(1406,703,'Jordab','en',NULL,NULL,NULL),(1407,704,'نسفة','ar',NULL,NULL,NULL),(1408,704,'Nasfah','en',NULL,NULL,NULL),(1409,705,'سلماباد','ar',NULL,NULL,NULL),(1410,705,'Salmabad','en',NULL,NULL,NULL),(1411,706,'سند','ar',NULL,NULL,NULL),(1412,706,'Sanad','en',NULL,NULL,NULL),(1413,707,'سترة','ar',NULL,NULL,NULL),(1414,707,'Sitra','en',NULL,NULL,NULL),(1415,708,'توبلي','ar',NULL,NULL,NULL),(1416,708,'Tubli','en',NULL,NULL,NULL),(1417,709,'الرفاع الغربي','ar',NULL,NULL,NULL),(1418,709,'West Riffa','en',NULL,NULL,NULL),(1419,710,'مدينة زايد','ar',NULL,NULL,NULL),(1420,710,'Zayed Town','en',NULL,NULL,NULL),(1421,711,'العذبة','ar',NULL,NULL,NULL),(1422,711,'Al Adhbah','en',NULL,NULL,NULL),(1423,712,'منطقة الظعاين','ar',NULL,NULL,NULL),(1424,712,'Al Daayen','en',NULL,NULL,NULL),(1425,713,'الهتمي','ar',NULL,NULL,NULL),(1426,713,'Al Hitmi','en',NULL,NULL,NULL),(1427,714,'الجسرة','ar',NULL,NULL,NULL),(1428,714,'Al Jasrah','en',NULL,NULL,NULL),(1429,715,'الجميلية','ar',NULL,NULL,NULL),(1430,715,'Al Jumaliyah','en',NULL,NULL,NULL),(1431,716,'مدينة الكعبان','ar',NULL,NULL,NULL),(1432,716,'Al Qa`Abiyah','en',NULL,NULL,NULL),(1433,717,'خليفات','ar',NULL,NULL,NULL),(1434,717,'Al Khalifat','en',NULL,NULL,NULL),(1435,718,'الخور','ar',NULL,NULL,NULL),(1436,718,'Al Khawr','en',NULL,NULL,NULL),(1437,719,'منطقة الخور','ar',NULL,NULL,NULL),(1438,719,'Al Khor','en',NULL,NULL,NULL),(1439,720,'الخوير','ar',NULL,NULL,NULL),(1440,720,'Al Khuwair','en',NULL,NULL,NULL),(1441,721,'المفجر','ar',NULL,NULL,NULL),(1442,721,'Al Mafjar','en',NULL,NULL,NULL),(1443,722,'الكعبية','ar',NULL,NULL,NULL),(1444,722,'Al Qaabiya','en',NULL,NULL,NULL),(1445,723,'الريان','ar',NULL,NULL,NULL),(1446,723,'Al Rayyan','en',NULL,NULL,NULL),(1447,724,'السيلية','ar',NULL,NULL,NULL),(1448,724,'Al Sailiya','en',NULL,NULL,NULL),(1449,725,'الشمال','ar',NULL,NULL,NULL),(1450,725,'Al Shamal','en',NULL,NULL,NULL),(1451,726,'منطقة الوكرة','ar',NULL,NULL,NULL),(1452,726,'Al Wakrah','en',NULL,NULL,NULL),(1453,727,'منطقة الدوحة','ar',NULL,NULL,NULL),(1454,727,'Doha','en',NULL,NULL,NULL),(1455,728,'منطقة الدخنان','ar',NULL,NULL,NULL),(1456,728,'Dukhan','en',NULL,NULL,NULL),(1457,729,'الغرافة','ar',NULL,NULL,NULL),(1458,729,'Gharafa','en',NULL,NULL,NULL),(1459,730,'راس لفان','ar',NULL,NULL,NULL),(1460,730,'Ras Laffan','en',NULL,NULL,NULL),(1461,731,'منطقة الشيحانية','ar',NULL,NULL,NULL),(1462,731,'Ash Shahaniyah','en',NULL,NULL,NULL),(1463,732,'ام باب','ar',NULL,NULL,NULL),(1464,732,'Umm Bab','en',NULL,NULL,NULL),(1465,733,'منطقة ام سعيد','ar',NULL,NULL,NULL),(1466,733,'Umm Said','en',NULL,NULL,NULL),(1467,734,'ام صلال علي','ar',NULL,NULL,NULL),(1468,734,'Umm Salal Ali','en',NULL,NULL,NULL),(1469,735,'منطقة ام صلال','ar',NULL,NULL,NULL),(1470,735,'Umm Salal Muhammed','en',NULL,NULL,NULL),(1471,736,'عبري','ar',NULL,NULL,NULL),(1472,736,'Ibri','en',NULL,NULL,NULL),(1473,737,'بركاء','ar',NULL,NULL,NULL),(1474,737,'Barka','en',NULL,NULL,NULL),(1475,738,'الخابورة','ar',NULL,NULL,NULL),(1476,738,'Al Khaburah','en',NULL,NULL,NULL),(1477,739,'لوى','ar',NULL,NULL,NULL),(1478,739,'Liwa','en',NULL,NULL,NULL),(1479,740,'نخل','ar',NULL,NULL,NULL),(1480,740,'Nakhl','en',NULL,NULL,NULL),(1481,741,'الرستاق','ar',NULL,NULL,NULL),(1482,741,'Rustaq','en',NULL,NULL,NULL),(1483,742,'صحم','ar',NULL,NULL,NULL),(1484,742,'Saham','en',NULL,NULL,NULL),(1485,743,'Shinas','ar',NULL,NULL,NULL),(1486,743,'Shinas','en',NULL,NULL,NULL),(1487,744,'صحار','ar',NULL,NULL,NULL),(1488,744,'Sohar','en',NULL,NULL,NULL),(1489,745,'السويق','ar',NULL,NULL,NULL),(1490,745,'Suwayq','en',NULL,NULL,NULL),(1491,746,'وادي المعاول','ar',NULL,NULL,NULL),(1492,746,'Wadi Al Maawil','en',NULL,NULL,NULL),(1493,747,'البريمي','ar',NULL,NULL,NULL),(1494,747,'Buraimi','en',NULL,NULL,NULL),(1495,748,'محضة','ar',NULL,NULL,NULL),(1496,748,'Mahdah','en',NULL,NULL,NULL),(1497,749,'الدقم','ar',NULL,NULL,NULL),(1498,749,'Duqm','en',NULL,NULL,NULL),(1499,750,'هيما','ar',NULL,NULL,NULL),(1500,750,'Haima','en',NULL,NULL,NULL),(1501,751,'محوت','ar',NULL,NULL,NULL),(1502,751,'Mahout','en',NULL,NULL,NULL),(1503,752,'جعلان بني بو علي','ar',NULL,NULL,NULL),(1504,752,'Jaalan Bani Bu Ali','en',NULL,NULL,NULL),(1505,753,'جعلان بني بو حسن','ar',NULL,NULL,NULL),(1506,753,'Jaalan Bani Buhassan','en',NULL,NULL,NULL),(1507,754,'مصيرة','ar',NULL,NULL,NULL),(1508,754,'Masirah','en',NULL,NULL,NULL),(1509,755,'وادي بن خالد','ar',NULL,NULL,NULL),(1510,755,'Wadi Bani Khalid','en',NULL,NULL,NULL),(1511,756,'ضلكوت','ar',NULL,NULL,NULL),(1512,756,'Dhalkut','en',NULL,NULL,NULL),(1513,757,'مرباط','ar',NULL,NULL,NULL),(1514,757,'Mirbat','en',NULL,NULL,NULL),(1515,758,'سدح','ar',NULL,NULL,NULL),(1516,758,'Sadah','en',NULL,NULL,NULL),(1517,759,'صلالة','ar',NULL,NULL,NULL),(1518,759,'Salalah','en',NULL,NULL,NULL),(1519,760,'طاقة','ar',NULL,NULL,NULL),(1520,760,'Taqah','en',NULL,NULL,NULL),(1521,761,'بخا','ar',NULL,NULL,NULL),(1522,761,'Bukha','en',NULL,NULL,NULL),(1523,762,'خصب','ar',NULL,NULL,NULL),(1524,762,'Khasab','en',NULL,NULL,NULL),(1525,763,'مدحا','ar',NULL,NULL,NULL),(1526,763,'Madha','en',NULL,NULL,NULL),(1527,764,'ادم','ar',NULL,NULL,NULL),(1528,764,'Adam','en',NULL,NULL,NULL),(1529,765,'العقير','ar',NULL,NULL,NULL),(1530,765,'Al Aqir','en',NULL,NULL,NULL),(1531,766,'الأشخرة','ar',NULL,NULL,NULL),(1532,766,'Ash Ashkarah','en',NULL,NULL,NULL),(1533,767,'العوابي - بركة','ar',NULL,NULL,NULL),(1534,767,'Al Awabi','en',NULL,NULL,NULL),(1535,768,'العوابي - مسقط','ar',NULL,NULL,NULL),(1536,768,'Al Awabi Muscat','en',NULL,NULL,NULL),(1537,769,'بديه','ar',NULL,NULL,NULL),(1538,769,'Al Bidayah','en',NULL,NULL,NULL),(1539,770,'الغزير','ar',NULL,NULL,NULL),(1540,770,'Al Ghazir','en',NULL,NULL,NULL),(1541,771,'الحمرا','ar',NULL,NULL,NULL),(1542,771,'Al Hamra','en',NULL,NULL,NULL),(1543,772,'الجديدة','ar',NULL,NULL,NULL),(1544,772,'Al Jadidah','en',NULL,NULL,NULL),(1545,773,'الخوض','ar',NULL,NULL,NULL),(1546,773,'Al Khoudh','en',NULL,NULL,NULL),(1547,774,'الخوير','ar',NULL,NULL,NULL),(1548,774,'Al Khuwair','en',NULL,NULL,NULL),(1549,775,'المزيونه','ar',NULL,NULL,NULL),(1550,775,'Al Mazyunah','en',NULL,NULL,NULL),(1551,776,'السعادة','ar',NULL,NULL,NULL),(1552,776,'Al Saada','en',NULL,NULL,NULL),(1553,777,'الأنصب','ar',NULL,NULL,NULL),(1554,777,'Al Ansab','en',NULL,NULL,NULL),(1555,778,'الحيل','ar',NULL,NULL,NULL),(1556,778,'Al Hail','en',NULL,NULL,NULL),(1557,779,'الجفنين','ar',NULL,NULL,NULL),(1558,779,'Al Jafnayn','en',NULL,NULL,NULL),(1559,780,'المعبيلة','ar',NULL,NULL,NULL),(1560,780,'Al Maabilah','en',NULL,NULL,NULL),(1561,781,'الوجاجة','ar',NULL,NULL,NULL),(1562,781,'Al Wajajah','en',NULL,NULL,NULL),(1563,782,'العامرات','ar',NULL,NULL,NULL),(1564,782,'Al Amarat','en',NULL,NULL,NULL),(1565,783,'السليف','ar',NULL,NULL,NULL),(1566,783,'As Sulaif','en',NULL,NULL,NULL),(1567,784,'عوقد','ar',NULL,NULL,NULL),(1568,784,'Awqad','en',NULL,NULL,NULL),(1569,785,'العذبية','ar',NULL,NULL,NULL),(1570,785,'Azaiba','en',NULL,NULL,NULL),(1571,786,'بهلاء','ar',NULL,NULL,NULL),(1572,786,'Bahla','en',NULL,NULL,NULL),(1573,787,'بديد','ar',NULL,NULL,NULL),(1574,787,'Bidbid','en',NULL,NULL,NULL),(1575,788,'Bidiyah','ar',NULL,NULL,NULL),(1576,788,'Bidiyah','en',NULL,NULL,NULL),(1577,789,'بوشر','ar',NULL,NULL,NULL),(1578,789,'Bowsher','en',NULL,NULL,NULL),(1579,790,'الدهاريز','ar',NULL,NULL,NULL),(1580,790,'Dahariz','en',NULL,NULL,NULL),(1581,791,'دراسيت','ar',NULL,NULL,NULL),(1582,791,'Darsait','en',NULL,NULL,NULL),(1583,792,'ضنك','ar',NULL,NULL,NULL),(1584,792,'Dhank','en',NULL,NULL,NULL),(1585,793,'دبا','ar',NULL,NULL,NULL),(1586,793,'Diba','en',NULL,NULL,NULL),(1587,794,'دما والطائيين','ar',NULL,NULL,NULL),(1588,794,'Dima Wattayeen','en',NULL,NULL,NULL),(1589,795,'فهود','ar',NULL,NULL,NULL),(1590,795,'Fahud','en',NULL,NULL,NULL),(1591,796,'فلج القبائل','ar',NULL,NULL,NULL),(1592,796,'Falaj Al Qaba\'il','en',NULL,NULL,NULL),(1593,797,'فنجا','ar',NULL,NULL,NULL),(1594,797,'Fanja','en',NULL,NULL,NULL),(1595,798,'Firq','ar',NULL,NULL,NULL),(1596,798,'Firq','en',NULL,NULL,NULL),(1597,799,'غلا','ar',NULL,NULL,NULL),(1598,799,'Ghala','en',NULL,NULL,NULL),(1599,800,'الغبرة','ar',NULL,NULL,NULL),(1600,800,'Ghubrah','en',NULL,NULL,NULL),(1601,801,'حلبان','ar',NULL,NULL,NULL),(1602,801,'Halban','en',NULL,NULL,NULL),(1603,802,'الحمرية','ar',NULL,NULL,NULL),(1604,802,'Hamriyah','en',NULL,NULL,NULL),(1605,803,'ازكي','ar',NULL,NULL,NULL),(1606,803,'Izki','en',NULL,NULL,NULL),(1607,804,'الجبل الأخضر','ar',NULL,NULL,NULL),(1608,804,'Jabal Akhdar','en',NULL,NULL,NULL),(1609,805,'جيبرو','ar',NULL,NULL,NULL),(1610,805,'Jibroo','en',NULL,NULL,NULL),(1611,806,'خضرا','ar',NULL,NULL,NULL),(1612,806,'Khadra','en',NULL,NULL,NULL),(1613,807,'خطمة ملاحة','ar',NULL,NULL,NULL),(1614,807,'Khatmat Malahah','en',NULL,NULL,NULL),(1615,808,'لزغ','ar',NULL,NULL,NULL),(1616,808,'Lizugh','en',NULL,NULL,NULL),(1617,809,'مدينة السلطان قابوس','ar',NULL,NULL,NULL),(1618,809,'Madinat As Sultan Qaboos','en',NULL,NULL,NULL),(1619,810,'مجيس','ar',NULL,NULL,NULL),(1620,810,'Majis','en',NULL,NULL,NULL),(1621,811,'منح','ar',NULL,NULL,NULL),(1622,811,'Manah','en',NULL,NULL,NULL),(1623,812,'مرمول','ar',NULL,NULL,NULL),(1624,812,'Marmul','en',NULL,NULL,NULL),(1625,813,'الموالح','ar',NULL,NULL,NULL),(1626,813,'Mawaleh','en',NULL,NULL,NULL),(1627,814,'مسفاه','ar',NULL,NULL,NULL),(1628,814,'Misfah','en',NULL,NULL,NULL),(1629,815,'الملدة','ar',NULL,NULL,NULL),(1630,815,'Muladdah','en',NULL,NULL,NULL),(1631,816,'مسقط','ar',NULL,NULL,NULL),(1632,816,'Muscat','en',NULL,NULL,NULL),(1633,817,'مطرح','ar',NULL,NULL,NULL),(1634,817,'Muttrah','en',NULL,NULL,NULL),(1635,818,'نزوى','ar',NULL,NULL,NULL),(1636,818,'Nizwa','en',NULL,NULL,NULL),(1637,819,'قنتب','ar',NULL,NULL,NULL),(1638,819,'Qantab','en',NULL,NULL,NULL),(1639,820,'Qantana','ar',NULL,NULL,NULL),(1640,820,'Qantana','en',NULL,NULL,NULL),(1641,821,'قريات','ar',NULL,NULL,NULL),(1642,821,'Qurayat','en',NULL,NULL,NULL),(1643,822,'القرم','ar',NULL,NULL,NULL),(1644,822,'Qurum','en',NULL,NULL,NULL),(1645,823,'البديع','ar',NULL,NULL,NULL),(1646,823,'Budaiya','en',NULL,NULL,NULL),(1647,824,'راس الحد','ar',NULL,NULL,NULL),(1648,824,'Ras Al Hadd','en',NULL,NULL,NULL),(1649,825,'ريسوت','ar',NULL,NULL,NULL),(1650,825,'Rasyut','en',NULL,NULL,NULL),(1651,826,'الرميس','ar',NULL,NULL,NULL),(1652,826,'Rumais','en',NULL,NULL,NULL),(1653,827,'الرسيل','ar',NULL,NULL,NULL),(1654,827,'Rusayl','en',NULL,NULL,NULL),(1655,828,'الرسيل','ar',NULL,NULL,NULL),(1656,828,'Rusayl','en',NULL,NULL,NULL),(1657,829,'روي','ar',NULL,NULL,NULL),(1658,829,'Ruwi','en',NULL,NULL,NULL),(1659,830,'صحلنوت','ar',NULL,NULL,NULL),(1660,830,'Sahalnoot','en',NULL,NULL,NULL),(1661,831,'سمد الشان','ar',NULL,NULL,NULL),(1662,831,'Samad Al Shan','en',NULL,NULL,NULL),(1663,832,'سمائل','ar',NULL,NULL,NULL),(1664,832,'Samayil','en',NULL,NULL,NULL),(1665,833,'السيب','ar',NULL,NULL,NULL),(1666,833,'Seeb','en',NULL,NULL,NULL),(1667,834,'سداب','ar',NULL,NULL,NULL),(1668,834,'Sidab','en',NULL,NULL,NULL),(1669,835,'سناو','ar',NULL,NULL,NULL),(1670,835,'Sinaw','en',NULL,NULL,NULL),(1671,836,'السنينة','ar',NULL,NULL,NULL),(1672,836,'As Sunainah','en',NULL,NULL,NULL),(1673,837,'ثمريت','ar',NULL,NULL,NULL),(1674,837,'Thumrait','en',NULL,NULL,NULL),(1675,838,'الثرمد','ar',NULL,NULL,NULL),(1676,838,'Tharmad','en',NULL,NULL,NULL),(1677,839,'طيوي','ar',NULL,NULL,NULL),(1678,839,'Tiwi','en',NULL,NULL,NULL),(1679,840,'وادي عداي','ar',NULL,NULL,NULL),(1680,840,'Wadi Aday','en',NULL,NULL,NULL),(1681,841,'وادي الجيزي','ar',NULL,NULL,NULL),(1682,841,'Wadi Al Jizi','en',NULL,NULL,NULL),(1683,842,'وادي حبي','ar',NULL,NULL,NULL),(1684,842,'Wadi Hibi','en',NULL,NULL,NULL),(1685,843,'وادي كبير','ar',NULL,NULL,NULL),(1686,843,'Wadi Kabir','en',NULL,NULL,NULL),(1687,844,'الوطيه','ar',NULL,NULL,NULL),(1688,844,'Wattayah','en',NULL,NULL,NULL),(1689,845,'ودام الساحل','ar',NULL,NULL,NULL),(1690,845,'Wudam Al Sahil','en',NULL,NULL,NULL),(1691,846,'يتي','ar',NULL,NULL,NULL),(1692,846,'Yiti','en',NULL,NULL,NULL);

--
-- Table structure for table `regions`
--

CREATE TABLE `regions` (
  `id` int unsigned NOT NULL AUTO_INCREMENT,
  `status` tinyint(1) NOT NULL DEFAULT '1',
  `address_address` varchar(255) CHARACTER SET utf8mb4 COLLATE utf8mb4_unicode_ci NOT NULL,
  `address_latitude` double NOT NULL,
  `address_longitude` double NOT NULL,
  `governments_id` int unsigned NOT NULL,
  `created_at` timestamp NULL DEFAULT NULL,
  `updated_at` timestamp NULL DEFAULT NULL,
  PRIMARY KEY (`id`),
  KEY `regions_governments_id_foreign` (`governments_id`)
) ENGINE=InnoDB AUTO_INCREMENT=847 DEFAULT CHARSET=utf8mb4 COLLATE=utf8mb4_unicode_ci;

--
-- Dumping data for table `regions`
--

INSERT INTO `regions` (`id`, `status`, `address_address`, `address_latitude`, `address_longitude`, `governments_id`, `created_at`, `updated_at`) VALUES (19,1,'مدينة الكويت',0,0,8,'2022-08-25 10:34:31','2024-05-11 17:10:40'),(20,1,'دسمان',0,0,8,'2022-08-25 10:36:00','2022-08-25 10:36:00'),(21,1,'شرق',0,0,8,'2022-08-25 10:36:31','2022-08-25 10:36:31'),(22,1,'الصوابر',0,0,8,'2022-08-25 10:41:53','2022-08-25 10:41:53'),(23,1,'المرقاب',0,0,8,'2022-08-25 10:42:29','2022-08-25 10:42:29'),(24,1,'القبلة',0,0,8,'2022-08-25 10:42:56','2022-08-25 10:42:56'),(25,1,'الصالحية',0,0,8,'2022-08-25 10:43:27','2022-08-25 10:43:27'),(26,1,'الوطية',0,0,8,'2022-08-25 10:43:58','2022-08-25 10:43:58'),(27,1,'بنيد القار',0,0,8,'2022-08-25 10:44:54','2022-08-25 10:44:54'),(28,1,'كيفان',0,0,8,'2022-08-25 10:45:21','2022-08-25 10:45:21'),(29,1,'الدوحة',0,0,8,'2022-08-25 10:46:27','2022-08-25 10:46:27'),(30,1,'الدسمة',0,0,8,'2022-08-25 10:46:52','2022-08-25 10:46:52'),(31,1,'الدعية',0,0,8,'2022-08-25 10:48:10','2022-08-25 10:48:10'),(32,1,'المنصورية',0,0,8,'2022-08-25 10:48:40','2022-08-25 10:48:40'),(33,1,'ضاحية عبد الله السالم',0,0,8,'2022-08-25 10:49:23','2022-08-25 10:49:23'),(34,1,'النزهة',0,0,8,'2022-08-25 10:49:56','2022-08-25 10:49:56'),(35,1,'الفيحاء',0,0,8,'2022-08-25 10:50:29','2022-08-25 10:50:29'),(36,1,'الشامية',0,0,8,'2022-08-25 10:51:07','2022-08-25 10:51:07'),(37,1,'الروضة',0,0,8,'2022-08-25 10:51:48','2022-08-25 10:51:48'),(38,1,'العديلية',0,0,8,'2022-08-25 10:52:21','2022-08-25 10:52:21'),(39,1,'الخالدية',0,0,8,'2022-08-25 10:53:18','2022-08-25 10:53:18'),(40,1,'القادسية',0,0,8,'2022-08-25 10:53:43','2022-08-25 10:53:43'),(41,1,'قرطبة',0,0,8,'2022-08-25 10:54:11','2022-08-25 10:54:11'),(42,1,'السرة',0,0,8,'2022-08-25 10:54:40','2022-08-25 10:54:40'),(43,1,'اليرموك',0,0,8,'2022-08-25 10:55:09','2022-08-25 10:55:09'),(44,1,'الشويخ',0,0,8,'2022-08-25 10:55:54','2022-08-25 10:55:54'),(45,1,'الري',0,0,8,'2022-08-25 10:56:14','2022-08-25 10:56:14'),(46,1,'غرناطة، Kuwait',29.312521,47.8785532,8,'2022-08-25 10:57:53','2022-08-25 10:57:53'),(47,1,'الصليبيخات',29.312521,47.8785532,8,'2022-08-25 10:59:18','2022-08-25 10:59:18'),(48,1,'النهضة',29.312521,47.8785532,8,'2022-08-25 10:59:50','2022-08-25 10:59:50'),(49,1,'مدينة جابر الأحمد',29.312521,47.8785532,8,'2022-08-25 11:00:29','2022-08-25 11:00:29'),(50,1,'القيروان',29.312521,47.8785532,8,'2022-08-25 11:01:01','2022-08-25 11:01:01'),(51,1,'شمال غرب الصليبيخات',29.312521,47.8785532,8,'2022-08-25 11:02:03','2022-08-25 11:02:03'),(52,1,'الفنطاس',29.312521,47.8785532,9,'2022-08-25 11:02:23','2022-08-25 11:02:23'),(53,1,'العقيلة',29.312521,47.8785532,9,'2022-08-25 11:02:49','2022-08-25 11:02:49'),(54,1,'الظهر',29.312521,47.8785532,9,'2022-08-25 11:03:15','2022-08-25 11:03:15'),(55,1,'المقوع',29.312521,47.8785532,9,'2022-08-25 11:03:52','2022-08-25 11:03:52'),(56,1,'المهبولة',29.312521,47.8785532,9,'2022-08-25 11:08:24','2022-08-25 11:08:24'),(57,1,'الرقة',29.312521,47.8785532,9,'2022-08-25 11:08:46','2022-08-25 11:08:46'),(58,1,'هدية',29.312521,47.8785532,9,'2022-08-25 11:09:06','2022-08-25 11:09:06'),(59,1,'أبو حليفة',29.312521,47.8785532,9,'2022-08-25 11:09:46','2022-08-25 11:09:46'),(60,1,'الصباحية',29.312521,47.8785532,9,'2022-08-25 11:10:14','2022-08-25 11:10:14'),(61,1,'المنقف',29.312521,47.8785532,9,'2022-08-25 11:10:44','2022-08-25 11:10:44'),(62,1,'الفحيحيل',29.312521,47.8785532,9,'2022-08-25 11:11:17','2022-08-25 11:11:17'),(63,1,'الأحمدي',29.312521,47.8785532,9,'2022-08-25 11:11:52','2022-08-25 11:11:52'),(64,1,'الوفرة',29.312521,47.8785532,9,'2022-08-25 11:12:12','2022-08-25 11:12:12'),(65,1,'الزور',29.312521,47.8785532,9,'2022-08-25 11:12:36','2022-08-25 11:12:36'),(66,1,'الخيران',29.312521,47.8785532,9,'2022-08-25 11:13:08','2022-08-25 11:13:08'),(67,1,'ميناء عبد الله',29.312521,47.8785532,9,'2022-08-25 11:13:55','2022-08-25 11:13:55'),(68,1,'الوفرة الزراعية',29.312521,47.8785532,9,'2022-08-25 11:14:28','2022-08-25 11:14:28'),(69,1,'بنيدر',29.312521,47.8785532,9,'2022-08-25 11:14:58','2022-08-25 11:14:58'),(70,1,'الجليعة',29.312521,47.8785532,9,'2022-08-25 11:15:37','2022-08-25 11:15:37'),(71,1,'الضباعية',29.312521,47.8785532,9,'2022-08-25 11:16:05','2022-08-25 11:16:05'),(72,1,'ضاحية جابر العلي',29.312521,47.8785532,9,'2022-08-25 11:16:38','2022-08-25 11:16:38'),(73,1,'ضاحية فهد الأحمد',29.312521,47.8785532,9,'2022-08-25 11:17:13','2022-08-25 11:17:13'),(74,1,'الشعيبة',29.312521,47.8785532,9,'2022-08-25 11:17:41','2022-08-25 11:17:41'),(75,1,'واره',29.312521,47.8785532,9,'2022-08-25 11:18:02','2022-08-25 11:18:02'),(76,1,'مدينة صباح الأحمد',29.312521,47.8785532,9,'2022-08-25 11:18:43','2022-08-25 11:18:43'),(77,1,'النويصيب',29.312521,47.8785532,9,'2022-08-25 11:19:20','2022-08-25 11:19:20'),(78,1,'مدينة الخيران',29.312521,47.8785532,9,'2022-08-25 11:19:53','2022-08-25 11:19:53'),(79,1,'ضاحية علي صباح السالم أم الهيمان سابقاً',29.312521,47.8785532,9,'2022-08-25 11:20:38','2022-08-25 11:20:38'),(80,1,'مدينة صباح الأحمد البحرية',29.312521,47.8785532,9,'2022-08-25 11:21:22','2022-08-25 11:21:22'),(81,1,'Abraq Khaitan Secondary School for Girls, Naser Abdullah Aljabri Street, Kuwait',29.3005413,47.9720904,10,'2022-08-25 11:22:08','2023-04-18 10:13:45'),(82,1,'الأندلس',29.312521,47.8785532,10,'2022-08-25 11:22:29','2022-08-25 11:22:29'),(83,1,'اشبيلية',29.312521,47.8785532,10,'2022-08-25 11:23:08','2022-08-25 11:23:08'),(84,1,'جليب الشيوخ',29.312521,47.8785532,10,'2022-08-25 11:23:43','2022-08-25 11:23:43'),(85,1,'خيطان',29.312521,47.8785532,10,'2022-08-25 11:24:06','2022-08-25 11:24:06'),(86,1,'خيطان الجديدة',29.312521,47.8785532,10,'2022-08-25 11:24:30','2022-08-25 11:24:30'),(87,1,'العمرية',29.312521,47.8785532,10,'2022-08-25 11:24:58','2022-08-25 11:24:58'),(88,1,'العارضية',29.312521,47.8785532,10,'2022-08-25 11:25:22','2022-08-25 11:25:22'),(89,1,'العارضية الصناعية',29.312521,47.8785532,10,'2022-08-25 11:26:01','2022-08-25 11:26:01'),(90,1,'العباسية',29.312521,47.8785532,10,'2022-08-25 11:26:30','2022-08-25 11:26:30'),(91,1,'الفردوس',29.312521,47.8785532,10,'2022-08-25 11:27:01','2022-08-25 11:27:01'),(92,1,'الفروانية',29.312521,47.8785532,10,'2022-08-25 11:27:27','2022-08-25 11:27:27'),(93,1,'الحساوي',29.312521,47.8785532,10,'2022-08-25 11:27:52','2022-08-25 11:27:52'),(94,1,'الشدادية',0,0,10,'2022-08-25 11:31:28','2022-08-25 11:31:28'),(95,1,'الرابية',0,0,10,'2022-08-25 11:31:56','2022-08-25 11:31:56'),(96,1,'الرحاب',0,0,10,'2022-08-25 11:32:37','2022-08-25 11:32:37'),(97,1,'الرقعي',0,0,10,'2022-08-25 11:34:15','2022-08-25 11:34:15'),(98,1,'Al rai, Shuwaikh Industrial, Kuwait',29.3083977,47.9404184,10,'2022-08-25 11:34:49','2023-04-18 10:39:49'),(99,1,'ضاحية صباح الناصر',0,0,10,'2022-08-25 11:35:48','2022-08-25 11:35:48'),(100,1,'ضاحية عبد الله المبارك',0,0,10,'2022-08-25 11:36:25','2022-08-25 11:36:25'),(101,1,'Al-Dajeej, Kuwait',29.2620388,47.9630143,10,'2022-08-25 11:37:32','2023-04-18 10:45:51'),(102,1,'الصليبية',0,0,11,'2022-08-25 11:38:04','2022-08-25 11:38:04'),(103,1,'أمغرة',0,0,11,'2022-08-25 11:38:29','2022-08-25 11:38:29'),(104,1,'Naeem',0,0,11,'2022-08-25 11:39:03','2022-08-25 11:39:03'),(105,1,'القصر',0,0,11,'2022-08-25 11:42:07','2022-08-25 11:42:07'),(106,1,'الواحة',0,0,11,'2022-08-25 11:42:30','2022-08-25 11:42:30'),(107,1,'تيماء',0,0,11,'2022-08-25 11:42:50','2022-08-25 11:42:50'),(108,1,'النسيم',0,0,11,'2022-08-25 11:43:13','2022-08-25 11:43:13'),(109,1,'العيون',0,0,11,'2022-08-25 11:43:44','2022-08-25 11:43:44'),(110,1,'القيصرية',0,0,11,'2022-08-25 11:44:37','2022-08-25 11:44:37'),(111,1,'العبدلي',0,0,11,'2022-08-25 11:45:06','2022-08-25 11:45:06'),(112,1,'الجهراء القديمة',0,0,11,'2022-08-25 11:46:42','2022-08-25 11:46:42'),(113,1,'New jahra',0,0,11,'2022-08-25 11:47:31','2022-08-25 11:47:31'),(114,1,'كاظمة',0,0,11,'2022-08-25 11:47:48','2022-08-25 11:47:48'),(115,1,'مدينة سعد العبد الله',0,0,11,'2022-08-25 11:48:22','2022-08-25 11:48:22'),(116,1,'السالمي',0,0,11,'2022-08-25 11:48:52','2022-08-25 11:48:52'),(117,1,'المطلاع',0,0,11,'2022-08-25 11:49:24','2022-08-25 11:49:24'),(118,1,'مدينة الحرير',0,0,11,'2022-08-25 11:50:13','2022-08-25 11:50:13'),(119,1,'كبد',0,0,11,'2022-08-25 11:50:44','2022-08-25 11:50:44'),(120,1,'الروضتين',0,0,11,'2022-08-25 11:51:21','2022-08-25 11:51:21'),(121,1,'الصبية',0,0,11,'2022-08-25 11:51:47','2022-08-25 11:51:47'),(122,1,'حولي',0,0,12,'2022-08-25 11:52:26','2022-08-25 11:52:26'),(123,1,'الشعب',0,0,12,'2022-08-25 11:52:47','2022-08-25 11:52:47'),(124,1,'السالمية',0,0,12,'2022-08-25 11:53:07','2022-08-25 11:53:07'),(125,1,'الرميثية',0,0,12,'2022-08-25 11:53:52','2022-08-25 11:53:52'),(126,1,'الجابرية',0,0,12,'2022-08-25 11:54:15','2022-08-25 11:54:15'),(127,1,'مشرف',0,0,12,'2022-08-25 11:54:39','2022-08-25 11:54:39'),(128,1,'بيان',0,0,12,'2022-08-25 11:54:57','2022-08-25 11:54:57'),(129,1,'آلبدع',0,0,12,'2022-08-25 11:55:23','2022-08-25 11:55:23'),(130,1,'النقرة',0,0,12,'2022-08-25 11:55:53','2022-08-25 11:55:53'),(131,1,'ميدان حولي',0,0,12,'2022-08-25 11:56:15','2022-08-25 11:56:15'),(132,1,'ضاحية مبارك العبد الله الجابر',0,0,12,'2022-08-25 11:57:05','2022-08-25 11:57:05'),(133,1,'سلوى',0,0,12,'2022-08-25 11:57:23','2022-08-25 11:57:23'),(134,1,'جنوب السرة',0,0,12,'2022-08-25 11:57:54','2022-08-25 11:57:54'),(135,1,'الزهراء',0,0,12,'2022-08-25 11:58:27','2022-08-25 11:58:27'),(136,1,'الصديق',0,0,12,'2022-08-25 11:59:17','2022-08-25 11:59:17'),(137,1,'حطين',0,0,12,'2022-08-25 11:59:57','2022-08-25 11:59:57'),(138,1,'السلام',0,0,12,'2022-08-25 12:01:35','2022-08-25 12:01:35'),(139,1,'الشهداء',0,0,12,'2022-08-25 12:02:07','2022-08-25 12:02:07'),(140,1,'العدان',0,0,13,'2022-08-25 12:02:29','2022-08-25 12:02:29'),(141,1,'القصور',0,0,13,'2022-08-25 12:02:59','2022-08-25 12:02:59'),(142,1,'القرين',0,0,13,'2022-08-25 12:03:31','2022-08-25 12:03:31'),(143,1,'ضاحية صباح السالم',0,0,13,'2022-08-25 12:04:02','2022-08-25 12:04:02'),(144,1,'المسيلة',0,0,13,'2022-08-25 12:04:27','2022-08-25 12:04:27'),(145,1,'المسايل',0,0,13,'2022-08-25 12:04:54','2022-08-25 12:04:54'),(146,1,'أبو فطيرة',0,0,13,'2022-08-25 12:05:20','2022-08-25 12:05:20'),(147,1,'أبو الحصانية',0,0,13,'2022-08-25 12:05:57','2022-08-25 12:05:57'),(148,1,'صبحان',0,0,13,'2022-08-25 12:06:25','2022-08-25 12:06:25'),(149,1,'الفنيطيس',0,0,13,'2022-08-25 12:06:55','2022-08-25 12:06:55'),(151,1,'مبارك الكبير، الكويت‎',29.1886698,48.0806909,13,'2022-08-28 01:58:47','2022-08-28 01:58:47');

--
-- Table structure for table `role_user`
--

CREATE TABLE `role_user` (
  `role_id` bigint unsigned NOT NULL,
  `user_id` bigint unsigned NOT NULL,
  `user_type` varchar(255) CHARACTER SET utf8mb4 COLLATE utf8mb4_unicode_ci NOT NULL,
  PRIMARY KEY (`user_id`,`role_id`,`user_type`),
  KEY `role_user_role_id_foreign` (`role_id`),
  CONSTRAINT `role_user_role_id_foreign` FOREIGN KEY (`role_id`) REFERENCES `roles` (`id`) ON DELETE CASCADE ON UPDATE CASCADE
) ENGINE=InnoDB DEFAULT CHARSET=utf8mb4 COLLATE=utf8mb4_unicode_ci;

--
-- Dumping data for table `role_user`
--

INSERT INTO `role_user` (`role_id`, `user_id`, `user_type`) VALUES (1,1,'App\\Models\\User'),(3,55,'App\\Models\\User'),(3,58,'App\\Models\\User'),(8,143,'App\\Models\\User'),(8,148,'App\\Models\\User'),(8,153,'App\\Models\\User'),(8,154,'App\\Models\\User'),(8,155,'App\\Models\\User'),(8,156,'App\\Models\\User'),(8,157,'App\\Models\\User'),(8,158,'App\\Models\\User'),(8,159,'App\\Models\\User'),(8,160,'App\\Models\\User'),(8,161,'App\\Models\\User'),(8,162,'App\\Models\\User'),(8,163,'App\\Models\\User'),(8,164,'App\\Models\\User'),(8,165,'App\\Models\\User'),(8,166,'App\\Models\\User'),(8,167,'App\\Models\\User'),(8,169,'App\\Models\\User'),(8,170,'App\\Models\\User'),(8,171,'App\\Models\\User'),(8,172,'App\\Models\\User'),(8,173,'App\\Models\\User'),(8,174,'App\\Models\\User'),(8,176,'App\\Models\\User'),(8,177,'App\\Models\\User'),(8,178,'App\\Models\\User'),(8,179,'App\\Models\\User'),(8,180,'App\\Models\\User'),(8,182,'App\\Models\\User'),(8,183,'App\\Models\\User'),(8,184,'App\\Models\\User'),(8,185,'App\\Models\\User'),(8,187,'App\\Models\\User'),(8,189,'App\\Models\\User'),(8,190,'App\\Models\\User'),(8,191,'App\\Models\\User'),(8,192,'App\\Models\\User'),(8,193,'App\\Models\\User'),(8,196,'App\\Models\\User'),(8,197,'App\\Models\\User'),(8,198,'App\\Models\\User'),(8,199,'App\\Models\\User'),(8,200,'App\\Models\\User'),(8,201,'App\\Models\\User'),(8,202,'App\\Models\\User'),(8,203,'App\\Models\\User'),(8,204,'App\\Models\\User'),(8,205,'App\\Models\\User'),(8,206,'App\\Models\\User'),(8,208,'App\\Models\\User'),(8,209,'App\\Models\\User'),(8,210,'App\\Models\\User'),(8,211,'App\\Models\\User'),(8,212,'App\\Models\\User'),(8,213,'App\\Models\\User'),(8,214,'App\\Models\\User'),(8,215,'App\\Models\\User'),(8,216,'App\\Models\\User'),(8,217,'App\\Models\\User'),(8,219,'App\\Models\\User'),(8,220,'App\\Models\\User'),(8,221,'App\\Models\\User'),(8,222,'App\\Models\\User'),(8,223,'App\\Models\\User'),(8,224,'App\\Models\\User'),(8,225,'App\\Models\\User'),(8,226,'App\\Models\\User'),(8,227,'App\\Models\\User'),(8,228,'App\\Models\\User'),(8,229,'App\\Models\\User'),(8,230,'App\\Models\\User'),(8,231,'App\\Models\\User'),(8,232,'App\\Models\\User'),(8,233,'App\\Models\\User'),(8,234,'App\\Models\\User'),(8,235,'App\\Models\\User'),(8,236,'App\\Models\\User'),(8,237,'App\\Models\\User'),(8,238,'App\\Models\\User'),(8,239,'App\\Models\\User'),(8,240,'App\\Models\\User'),(8,241,'App\\Models\\User'),(8,242,'App\\Models\\User'),(8,243,'App\\Models\\User'),(8,244,'App\\Models\\User'),(8,245,'App\\Models\\User'),(8,246,'App\\Models\\User'),(8,247,'App\\Models\\User'),(8,248,'App\\Models\\User'),(8,249,'App\\Models\\User'),(8,250,'App\\Models\\User'),(8,251,'App\\Models\\User'),(8,252,'App\\Models\\User'),(8,253,'App\\Models\\User'),(8,254,'App\\Models\\User'),(8,255,'App\\Models\\User'),(8,256,'App\\Models\\User'),(8,257,'App\\Models\\User'),(8,258,'App\\Models\\User'),(8,259,'App\\Models\\User'),(8,260,'App\\Models\\User'),(8,261,'App\\Models\\User'),(8,262,'App\\Models\\User'),(8,263,'App\\Models\\User'),(8,264,'App\\Models\\User'),(8,265,'App\\Models\\User'),(8,266,'App\\Models\\User'),(8,267,'App\\Models\\User'),(8,268,'App\\Models\\User'),(8,269,'App\\Models\\User'),(8,270,'App\\Models\\User'),(8,271,'App\\Models\\User'),(8,272,'App\\Models\\User'),(8,273,'App\\Models\\User'),(8,274,'App\\Models\\User'),(8,275,'App\\Models\\User'),(8,276,'App\\Models\\User'),(8,277,'App\\Models\\User'),(8,278,'App\\Models\\User'),(8,279,'App\\Models\\User'),(8,280,'App\\Models\\User'),(8,281,'App\\Models\\User'),(8,282,'App\\Models\\User'),(8,283,'App\\Models\\User'),(8,284,'App\\Models\\User'),(8,285,'App\\Models\\User'),(8,286,'App\\Models\\User'),(8,287,'App\\Models\\User'),(8,288,'App\\Models\\User'),(8,289,'App\\Models\\User'),(8,290,'App\\Models\\User'),(8,291,'App\\Models\\User'),(8,292,'App\\Models\\User'),(8,293,'App\\Models\\User'),(8,294,'App\\Models\\User'),(8,295,'App\\Models\\User'),(8,296,'App\\Models\\User'),(8,297,'App\\Models\\User'),(8,298,'App\\Models\\User'),(8,299,'App\\Models\\User'),(8,300,'App\\Models\\User'),(8,301,'App\\Models\\User'),(8,302,'App\\Models\\User'),(8,303,'App\\Models\\User'),(8,304,'App\\Models\\User'),(8,305,'App\\Models\\User'),(8,306,'App\\Models\\User'),(8,307,'App\\Models\\User'),(8,308,'App\\Models\\User'),(8,309,'App\\Models\\User'),(8,310,'App\\Models\\User'),(8,311,'App\\Models\\User'),(8,312,'App\\Models\\User'),(8,313,'App\\Models\\User'),(8,314,'App\\Models\\User'),(8,315,'App\\Models\\User'),(8,316,'App\\Models\\User'),(8,317,'App\\Models\\User'),(8,318,'App\\Models\\User'),(8,319,'App\\Models\\User'),(8,320,'App\\Models\\User'),(8,321,'App\\Models\\User'),(8,322,'App\\Models\\User'),(8,323,'App\\Models\\User'),(8,324,'App\\Models\\User'),(8,325,'App\\Models\\User'),(8,326,'App\\Models\\User'),(8,327,'App\\Models\\User'),(8,328,'App\\Models\\User'),(8,329,'App\\Models\\User'),(8,330,'App\\Models\\User'),(8,331,'App\\Models\\User'),(8,332,'App\\Models\\User'),(8,338,'App\\Models\\User'),(8,343,'App\\Models\\User'),(8,352,'App\\Models\\User'),(8,353,'App\\Models\\User'),(8,354,'App\\Models\\User'),(8,355,'App\\Models\\User'),(8,356,'App\\Models\\User'),(8,357,'App\\Models\\User'),(8,358,'App\\Models\\User'),(8,414,'App\\Models\\User'),(8,415,'App\\Models\\User'),(8,416,'App\\Models\\User'),(8,417,'App\\Models\\User'),(8,420,'App\\Models\\User'),(8,421,'App\\Models\\User'),(8,423,'App\\Models\\User'),(8,425,'App\\Models\\User'),(8,426,'App\\Models\\User'),(8,427,'App\\Models\\User'),(8,428,'App\\Models\\User'),(8,429,'App\\Models\\User'),(8,431,'App\\Models\\User'),(9,336,'App\\Models\\User'),(9,340,'App\\Models\\User'),(9,433,'App\\Models\\User'),(10,341,'App\\Models\\User'),(10,342,'App\\Models\\User'),(10,349,'App\\Models\\User'),(10,350,'App\\Models\\User'),(10,399,'App\\Models\\User'),(10,402,'App\\Models\\User'),(10,411,'App\\Models\\User'),(12,370,'App\\Models\\User'),(12,435,'App\\Models\\User'),(12,436,'App\\Models\\User'),(13,378,'App\\Models\\User');

--
-- Table structure for table `roles`
--

CREATE TABLE `roles` (
  `id` bigint unsigned NOT NULL AUTO_INCREMENT,
  `name` varchar(255) CHARACTER SET utf8mb4 COLLATE utf8mb4_unicode_ci NOT NULL,
  `display_name` varchar(255) CHARACTER SET utf8mb4 COLLATE utf8mb4_unicode_ci DEFAULT NULL,
  `description` varchar(255) CHARACTER SET utf8mb4 COLLATE utf8mb4_unicode_ci DEFAULT NULL,
  `created_at` timestamp NULL DEFAULT NULL,
  `updated_at` timestamp NULL DEFAULT NULL,
  PRIMARY KEY (`id`),
  UNIQUE KEY `roles_name_unique` (`name`)
) ENGINE=InnoDB AUTO_INCREMENT=14 DEFAULT CHARSET=utf8mb4 COLLATE=utf8mb4_unicode_ci;

--
-- Dumping data for table `roles`
--

INSERT INTO `roles` (`id`, `name`, `display_name`, `description`, `created_at`, `updated_at`) VALUES (1,'super_admin','Super Admin','Super Admin','2022-06-21 09:32:18','2022-06-21 09:32:18'),(3,'admin','Admin','Admin','2022-06-21 09:32:18','2022-06-21 09:32:18'),(8,'clients',NULL,NULL,'2023-02-27 18:02:46','2023-02-27 18:02:46'),(9,'Tager',NULL,NULL,'2024-02-18 13:00:42','2024-02-19 00:01:41'),(10,'cars',NULL,NULL,'2024-02-22 00:38:39','2024-03-03 14:36:20'),(12,'branchManager',NULL,NULL,'2024-05-11 14:49:40','2024-05-11 14:49:40'),(13,'famous',NULL,NULL,'2024-05-19 01:02:10','2024-05-19 01:02:10');

--
-- Table structure for table `shipping_type_translations`
--

CREATE TABLE `shipping_type_translations` (
  `id` int unsigned NOT NULL AUTO_INCREMENT,
  `shipping_type_id` int unsigned NOT NULL,
  `title` varchar(255) CHARACTER SET utf8mb4 COLLATE utf8mb4_unicode_ci DEFAULT NULL,
  `locale` varchar(255) CHARACTER SET utf8mb4 COLLATE utf8mb4_unicode_ci NOT NULL,
  `created_at` timestamp NULL DEFAULT NULL,
  `updated_at` timestamp NULL DEFAULT NULL,
  PRIMARY KEY (`id`),
  UNIQUE KEY `shipping_type_translations_shipping_type_id_locale_unique` (`shipping_type_id`,`locale`),
  CONSTRAINT `shipping_type_translations_shipping_type_id_foreign` FOREIGN KEY (`shipping_type_id`) REFERENCES `shipping_types` (`id`) ON DELETE CASCADE
) ENGINE=InnoDB DEFAULT CHARSET=utf8mb4 COLLATE=utf8mb4_unicode_ci;

--
-- Dumping data for table `shipping_type_translations`
--


--
-- Table structure for table `shipping_types`
--

CREATE TABLE `shipping_types` (
  `id` int unsigned NOT NULL AUTO_INCREMENT,
  `image` varchar(255) CHARACTER SET utf8mb4 COLLATE utf8mb4_unicode_ci DEFAULT NULL,
  `type` int NOT NULL DEFAULT '0',
  `status` int NOT NULL DEFAULT '0',
  `created_at` timestamp NULL DEFAULT NULL,
  `updated_at` timestamp NULL DEFAULT NULL,
  PRIMARY KEY (`id`)
) ENGINE=InnoDB DEFAULT CHARSET=utf8mb4 COLLATE=utf8mb4_unicode_ci;

--
-- Dumping data for table `shipping_types`
--


--
-- Table structure for table `short_terms`
--

CREATE TABLE `short_terms` (
  `id` int unsigned NOT NULL AUTO_INCREMENT,
  `Ticket` varchar(255) CHARACTER SET utf8mb4 COLLATE utf8mb4_unicode_ci NOT NULL,
  `AccountNo` varchar(255) CHARACTER SET utf8mb4 COLLATE utf8mb4_unicode_ci NOT NULL,
  `Action` varchar(255) CHARACTER SET utf8mb4 COLLATE utf8mb4_unicode_ci NOT NULL,
  `FirstSymbol` varchar(255) CHARACTER SET utf8mb4 COLLATE utf8mb4_unicode_ci NOT NULL,
  `PriceCurrent` varchar(255) CHARACTER SET utf8mb4 COLLATE utf8mb4_unicode_ci NOT NULL,
  `PriceOpen` varchar(255) CHARACTER SET utf8mb4 COLLATE utf8mb4_unicode_ci NOT NULL,
  `PriceSL` varchar(255) CHARACTER SET utf8mb4 COLLATE utf8mb4_unicode_ci NOT NULL,
  `PriceTP` varchar(255) CHARACTER SET utf8mb4 COLLATE utf8mb4_unicode_ci NOT NULL,
  `Profit` varchar(255) CHARACTER SET utf8mb4 COLLATE utf8mb4_unicode_ci NOT NULL,
  `SecondSymbol` varchar(255) CHARACTER SET utf8mb4 COLLATE utf8mb4_unicode_ci NOT NULL,
  `Symbol` varchar(255) CHARACTER SET utf8mb4 COLLATE utf8mb4_unicode_ci DEFAULT NULL,
  `Time` varchar(255) CHARACTER SET utf8mb4 COLLATE utf8mb4_unicode_ci NOT NULL,
  `Volume` varchar(255) CHARACTER SET utf8mb4 COLLATE utf8mb4_unicode_ci NOT NULL,
  `created_at` timestamp NULL DEFAULT NULL,
  `updated_at` timestamp NULL DEFAULT NULL,
  PRIMARY KEY (`id`)
) ENGINE=InnoDB DEFAULT CHARSET=utf8mb4 COLLATE=utf8mb4_unicode_ci;

--
-- Dumping data for table `short_terms`
--


--
-- Table structure for table `slider_regions`
--

CREATE TABLE `slider_regions` (
  `id` int unsigned NOT NULL AUTO_INCREMENT,
  `slider_id` int unsigned NOT NULL,
  `region_id` int unsigned NOT NULL,
  `created_at` timestamp NULL DEFAULT NULL,
  `updated_at` timestamp NULL DEFAULT NULL,
  PRIMARY KEY (`id`),
  KEY `slider_regions_slider_id_foreign` (`slider_id`),
  KEY `slider_regions_region_id_foreign` (`region_id`),
  CONSTRAINT `slider_regions_region_id_foreign` FOREIGN KEY (`region_id`) REFERENCES `regions` (`id`) ON DELETE CASCADE,
  CONSTRAINT `slider_regions_slider_id_foreign` FOREIGN KEY (`slider_id`) REFERENCES `sliders` (`id`) ON DELETE CASCADE
) ENGINE=InnoDB AUTO_INCREMENT=31 DEFAULT CHARSET=utf8mb4 COLLATE=utf8mb4_unicode_ci;

--
-- Dumping data for table `slider_regions`
--

INSERT INTO `slider_regions` (`id`, `slider_id`, `region_id`, `created_at`, `updated_at`) VALUES (10,48,20,NULL,NULL),(11,48,21,NULL,NULL),(12,48,22,NULL,NULL),(13,48,52,NULL,NULL),(14,48,19,NULL,NULL),(15,48,23,NULL,NULL),(16,48,141,NULL,NULL),(17,48,142,NULL,NULL),(18,48,24,NULL,NULL),(21,48,25,NULL,NULL),(22,48,26,NULL,NULL),(23,48,27,NULL,NULL),(24,48,28,NULL,NULL),(25,48,29,NULL,NULL),(26,48,30,NULL,NULL),(27,48,31,NULL,NULL),(28,48,32,NULL,NULL),(29,48,33,NULL,NULL),(30,48,34,NULL,NULL);

--
-- Table structure for table `slider_translations`
--

CREATE TABLE `slider_translations` (
  `id` int unsigned NOT NULL AUTO_INCREMENT,
  `slider_id` int unsigned NOT NULL,
  `name` varchar(255) CHARACTER SET utf8mb4 COLLATE utf8mb4_unicode_ci DEFAULT NULL,
  `content` varchar(255) CHARACTER SET utf8mb4 COLLATE utf8mb4_unicode_ci DEFAULT NULL,
  `locale` varchar(255) CHARACTER SET utf8mb4 COLLATE utf8mb4_unicode_ci NOT NULL,
  `created_at` timestamp NULL DEFAULT NULL,
  `updated_at` timestamp NULL DEFAULT NULL,
  PRIMARY KEY (`id`),
  UNIQUE KEY `slider_translations_slider_id_locale_unique` (`slider_id`,`locale`),
  KEY `slider_translations_locale_index` (`locale`),
  CONSTRAINT `slider_translations_slider_id_foreign` FOREIGN KEY (`slider_id`) REFERENCES `sliders` (`id`) ON DELETE CASCADE
) ENGINE=InnoDB AUTO_INCREMENT=15 DEFAULT CHARSET=utf8mb4 COLLATE=utf8mb4_unicode_ci;

--
-- Dumping data for table `slider_translations`
--

INSERT INTO `slider_translations` (`id`, `slider_id`, `name`, `content`, `locale`, `created_at`, `updated_at`) VALUES (1,57,'asd','<p>asd</p>','ar',NULL,NULL),(2,57,'asd','<p>asd</p>','en',NULL,NULL),(5,48,NULL,NULL,'ar',NULL,NULL),(6,48,NULL,NULL,'en',NULL,NULL),(9,49,NULL,NULL,'ar',NULL,NULL),(10,49,NULL,NULL,'en',NULL,NULL),(11,55,NULL,NULL,'ar',NULL,NULL),(12,55,NULL,NULL,'en',NULL,NULL),(13,53,NULL,NULL,'ar',NULL,NULL),(14,53,NULL,NULL,'en',NULL,NULL);

--
-- Table structure for table `sliders`
--

CREATE TABLE `sliders` (
  `id` int unsigned NOT NULL AUTO_INCREMENT,
  `image` varchar(255) CHARACTER SET utf8mb4 COLLATE utf8mb4_unicode_ci NOT NULL,
  `type` enum('none','category','product','tagers','link') CHARACTER SET utf8mb4 COLLATE utf8mb4_unicode_ci NOT NULL DEFAULT 'none',
  `id_number` varchar(191) CHARACTER SET utf8mb4 COLLATE utf8mb4_unicode_ci DEFAULT NULL,
  `status` varchar(255) CHARACTER SET utf8mb4 COLLATE utf8mb4_unicode_ci NOT NULL DEFAULT '1',
  `created_at` timestamp NULL DEFAULT NULL,
  `updated_at` timestamp NULL DEFAULT NULL,
  `banner` int DEFAULT '0',
  `imageType` varchar(191) CHARACTER SET utf8mb4 COLLATE utf8mb4_unicode_ci DEFAULT NULL,
  PRIMARY KEY (`id`)
) ENGINE=InnoDB AUTO_INCREMENT=64 DEFAULT CHARSET=utf8mb4 COLLATE=utf8mb4_unicode_ci;

--
-- Dumping data for table `sliders`
--

INSERT INTO `sliders` (`id`, `image`, `type`, `id_number`, `status`, `created_at`, `updated_at`, `banner`, `imageType`) VALUES (48,'744668-JBL-ARB.webp','link','https://lachet.topapp-kw.com/ar/cpanel/admin/sliders/edit/48','1','2024-02-18 23:21:45','2024-10-14 17:43:42',0,'special'),(49,'464325-delonghi-50years-arb.webp','product','21','1','2024-02-19 00:15:26','2024-10-14 17:41:07',1,'general'),(53,'777579-PS5-FC25-ARB.webp','category',NULL,'1','2024-05-07 17:32:40','2024-10-14 17:40:59',0,'general'),(55,'327861-PS5-BANNER-AR.webp','none',NULL,'1','2024-05-07 17:38:06','2024-10-14 17:40:47',0,'general'),(57,'796743-Vivfy-arb-1-.webp','none',NULL,'1','2024-05-07 17:51:25','2024-10-14 17:40:40',1,'general');

--
-- Table structure for table `subcribe_celebrates`
--

CREATE TABLE `subcribe_celebrates` (
  `id` int unsigned NOT NULL AUTO_INCREMENT,
  `user_id` int unsigned DEFAULT NULL,
  `price` varchar(255) CHARACTER SET utf8mb4 COLLATE utf8mb4_unicode_ci DEFAULT NULL,
  `date` date DEFAULT NULL,
  `celebrate_type` varchar(255) CHARACTER SET utf8mb4 COLLATE utf8mb4_unicode_ci DEFAULT NULL,
  `created_at` timestamp NULL DEFAULT NULL,
  `updated_at` timestamp NULL DEFAULT NULL,
  `time` time DEFAULT NULL,
  `owner_id` int DEFAULT NULL,
  `status` varchar(191) CHARACTER SET utf8mb4 COLLATE utf8mb4_unicode_ci DEFAULT NULL,
  PRIMARY KEY (`id`),
  KEY `user_id` (`user_id`),
  CONSTRAINT `subcribe_celebrates_ibfk_1` FOREIGN KEY (`user_id`) REFERENCES `users` (`id`) ON DELETE CASCADE ON UPDATE CASCADE
) ENGINE=InnoDB AUTO_INCREMENT=15 DEFAULT CHARSET=utf8mb4 COLLATE=utf8mb4_unicode_ci;

--
-- Dumping data for table `subcribe_celebrates`
--


--
-- Table structure for table `subscribe_habanas`
--

CREATE TABLE `subscribe_habanas` (
  `id` int unsigned NOT NULL AUTO_INCREMENT,
  `user_id` int unsigned DEFAULT NULL,
  `nurserie_subscribe_id` int unsigned DEFAULT NULL,
  `name` varchar(255) CHARACTER SET utf8mb4 COLLATE utf8mb4_unicode_ci DEFAULT NULL,
  `image` varchar(255) CHARACTER SET utf8mb4 COLLATE utf8mb4_unicode_ci DEFAULT NULL,
  `payment_type` varchar(255) CHARACTER SET utf8mb4 COLLATE utf8mb4_unicode_ci DEFAULT NULL,
  `start_from` date NOT NULL,
  `end_to` date NOT NULL,
  `age` varchar(255) CHARACTER SET utf8mb4 COLLATE utf8mb4_unicode_ci NOT NULL,
  `created_at` timestamp NULL DEFAULT NULL,
  `updated_at` timestamp NULL DEFAULT NULL,
  `status` varchar(191) CHARACTER SET utf8mb4 COLLATE utf8mb4_unicode_ci DEFAULT NULL,
  PRIMARY KEY (`id`),
  KEY `subscribe_habanas_user_id_foreign` (`user_id`),
  KEY `subscribe_habanas_nurserie_subscribe_id_foreign` (`nurserie_subscribe_id`),
  CONSTRAINT `subscribe_habanas_nurserie_subscribe_id_foreign` FOREIGN KEY (`nurserie_subscribe_id`) REFERENCES `nurserie_subscribes` (`id`) ON DELETE CASCADE,
  CONSTRAINT `subscribe_habanas_user_id_foreign` FOREIGN KEY (`user_id`) REFERENCES `users` (`id`) ON DELETE CASCADE
) ENGINE=InnoDB AUTO_INCREMENT=4 DEFAULT CHARSET=utf8mb4 COLLATE=utf8mb4_unicode_ci;

--
-- Dumping data for table `subscribe_habanas`
--


--
-- Table structure for table `summaries`
--

CREATE TABLE `summaries` (
  `id` int unsigned NOT NULL AUTO_INCREMENT,
  `in` decimal(8,2) NOT NULL DEFAULT '0.00',
  `out` decimal(8,2) NOT NULL DEFAULT '0.00',
  `order_id` int DEFAULT NULL,
  `user_id` int DEFAULT NULL,
  `date` varchar(255) CHARACTER SET utf8mb4 COLLATE utf8mb4_unicode_ci DEFAULT NULL,
  `status` varchar(255) CHARACTER SET utf8mb4 COLLATE utf8mb4_unicode_ci DEFAULT NULL,
  `created_at` timestamp NULL DEFAULT NULL,
  `updated_at` timestamp NULL DEFAULT NULL,
  `tager_id` int DEFAULT NULL,
  PRIMARY KEY (`id`)
) ENGINE=InnoDB AUTO_INCREMENT=10 DEFAULT CHARSET=utf8mb4 COLLATE=utf8mb4_unicode_ci;

--
-- Dumping data for table `summaries`
--

INSERT INTO `summaries` (`id`, `in`, `out`, `order_id`, `user_id`, `date`, `status`, `created_at`, `updated_at`, `tager_id`) VALUES (1,20.00,0.00,1,NULL,'2024-09-18 00:23:18','0','2024-09-18 00:23:18','2024-09-18 00:23:18',NULL),(2,18.00,0.00,1,436,'2024-09-18 01:00:12','0','2024-09-18 01:00:12','2024-09-18 01:00:12',NULL),(3,44.00,0.00,2,431,'2024-09-29 19:43:06','0','2024-09-29 19:43:06','2024-09-29 19:43:06',NULL),(4,22.00,0.00,5,NULL,'2024-10-01 21:15:03','0','2024-10-01 21:15:03','2024-10-01 21:15:03',NULL),(5,88.00,0.00,7,1,'2024-10-13 16:27:41','0','2024-10-13 16:27:41','2024-10-13 16:27:41',NULL),(6,19.80,0.00,9,433,'2024-10-14 21:20:54','0','2024-10-14 21:20:54','2024-10-14 21:20:54',NULL),(7,19.80,0.00,9,433,'2024-10-14 21:27:02','0','2024-10-14 21:27:02','2024-10-14 21:27:02',NULL),(8,19.80,0.00,12,433,'2024-10-14 21:28:15','0','2024-10-14 21:28:15','2024-10-14 21:28:15',NULL),(9,0.00,0.00,16,NULL,'2025-02-18 07:59:34','0','2025-02-18 07:59:34','2025-02-18 07:59:34',NULL);

--
-- Table structure for table `tagers`
--

CREATE TABLE `tagers` (
  `id` int unsigned NOT NULL AUTO_INCREMENT,
  `user_id` int unsigned NOT NULL,
  `instagram_link` varchar(255) CHARACTER SET utf8mb4 COLLATE utf8mb4_unicode_ci DEFAULT NULL,
  `banners` text CHARACTER SET utf8mb4 COLLATE utf8mb4_unicode_ci,
  `created_at` timestamp NULL DEFAULT NULL,
  `updated_at` timestamp NULL DEFAULT NULL,
  PRIMARY KEY (`id`),
  KEY `tagers_user_id_foreign` (`user_id`)
) ENGINE=InnoDB AUTO_INCREMENT=16 DEFAULT CHARSET=utf8mb4 COLLATE=utf8mb4_unicode_ci;

--
-- Dumping data for table `tagers`
--

INSERT INTO `tagers` (`id`, `user_id`, `instagram_link`, `banners`, `created_at`, `updated_at`) VALUES (2,47,'https://forsa.topapp-kw.com/ar/admin/panel/tagers/create','[\"2022-06-26-e5e46aed80d0ea36e1ce0e66694b02f81648659101471.png\"]','2022-06-25 08:39:01','2022-06-26 08:48:14'),(3,51,'https://forsa.topapp-kw.com/ar/admin/panel/tagers/create','[\"2022-06-26-unnamed.png\"]','2022-06-25 08:43:38','2022-06-26 08:52:05'),(4,52,'https://forsa.topapp-kw.com/ar/admin/panel/tagers/create','[\"2022-06-25-unnamed-1.png\"]','2022-06-25 08:49:26','2022-06-25 08:49:26'),(5,53,'https://forsa.topapp-kw.com/ar/admin/panel/tagers/create','[\"2022-06-25-b350d943a372f3f36a876b10b3f40038_icon.png\"]','2022-06-25 08:53:19','2022-06-25 08:53:19'),(6,340,'https://bobo.topapp-kw.com/ar/cpanel/admin/tagers/create','[\"2024-03-03-Screen Shot 2024-03-02 at 10.24.54 PM.png\"]','2024-02-19 00:02:36','2024-03-03 14:07:08'),(15,433,NULL,'2024-09-16-1f94d961-99c6-4428-b762-187b87b910f0.jpeg','2024-09-16 21:28:25','2024-09-16 21:28:25');

--
-- Table structure for table `topic_subscripts`
--

CREATE TABLE `topic_subscripts` (
  `id` int unsigned NOT NULL AUTO_INCREMENT,
  `topics_id` int unsigned DEFAULT NULL,
  `status` varchar(255) CHARACTER SET utf8mb4 COLLATE utf8mb4_unicode_ci NOT NULL,
  `symobleName` varchar(255) CHARACTER SET utf8mb4 COLLATE utf8mb4_unicode_ci NOT NULL,
  `created_at` timestamp NULL DEFAULT NULL,
  `updated_at` timestamp NULL DEFAULT NULL,
  PRIMARY KEY (`id`),
  KEY `topic_subscripts_topics_id_foreign` (`topics_id`),
  CONSTRAINT `topic_subscripts_topics_id_foreign` FOREIGN KEY (`topics_id`) REFERENCES `topics` (`id`) ON DELETE CASCADE
) ENGINE=InnoDB DEFAULT CHARSET=utf8mb4 COLLATE=utf8mb4_unicode_ci;

--
-- Dumping data for table `topic_subscripts`
--


--
-- Table structure for table `topics`
--

CREATE TABLE `topics` (
  `id` int unsigned NOT NULL AUTO_INCREMENT,
  `token` text CHARACTER SET utf8mb4 COLLATE utf8mb4_unicode_ci,
  `created_at` timestamp NULL DEFAULT NULL,
  `updated_at` timestamp NULL DEFAULT NULL,
  PRIMARY KEY (`id`)
) ENGINE=InnoDB DEFAULT CHARSET=utf8mb4 COLLATE=utf8mb4_unicode_ci;

--
-- Dumping data for table `topics`
--


--
-- Table structure for table `user_addresses`
--

CREATE TABLE `user_addresses` (
  `id` int unsigned NOT NULL AUTO_INCREMENT,
  `user_id` int unsigned DEFAULT NULL,
  `governments_id` int unsigned DEFAULT NULL,
  `region_id` int unsigned DEFAULT NULL,
  `block` varchar(255) CHARACTER SET utf8mb4 COLLATE utf8mb4_unicode_ci NOT NULL,
  `Street_number` varchar(255) CHARACTER SET utf8mb4 COLLATE utf8mb4_unicode_ci NOT NULL,
  `gada` varchar(191) CHARACTER SET utf8mb4 COLLATE utf8mb4_unicode_ci DEFAULT NULL,
  `Apartment_number` varchar(255) CHARACTER SET utf8mb4 COLLATE utf8mb4_unicode_ci DEFAULT NULL,
  `floor_number` varchar(255) CHARACTER SET utf8mb4 COLLATE utf8mb4_unicode_ci DEFAULT NULL,
  `house_number` varchar(255) CHARACTER SET utf8mb4 COLLATE utf8mb4_unicode_ci NOT NULL,
  `type` varchar(255) CHARACTER SET utf8mb4 COLLATE utf8mb4_unicode_ci NOT NULL,
  `user_name` varchar(255) CHARACTER SET utf8mb4 COLLATE utf8mb4_unicode_ci DEFAULT NULL,
  `phone` varchar(255) CHARACTER SET utf8mb4 COLLATE utf8mb4_unicode_ci DEFAULT NULL,
  `email` varchar(255) CHARACTER SET utf8mb4 COLLATE utf8mb4_unicode_ci DEFAULT NULL,
  `created_at` timestamp NULL DEFAULT NULL,
  `updated_at` timestamp NULL DEFAULT NULL,
  `checked` varchar(11) CHARACTER SET utf8mb4 COLLATE utf8mb4_unicode_ci DEFAULT NULL,
  `lat` varchar(191) CHARACTER SET utf8mb4 COLLATE utf8mb4_unicode_ci DEFAULT NULL,
  `long` varchar(191) CHARACTER SET utf8mb4 COLLATE utf8mb4_unicode_ci DEFAULT NULL,
  `country_id` int DEFAULT NULL,
  `secondphone` varchar(191) CHARACTER SET utf8mb4 COLLATE utf8mb4_unicode_ci DEFAULT NULL,
  `governments` varchar(191) CHARACTER SET utf8mb4 COLLATE utf8mb4_unicode_ci DEFAULT NULL,
  `regions` varchar(191) CHARACTER SET utf8mb4 COLLATE utf8mb4_unicode_ci DEFAULT NULL,
  `note` text CHARACTER SET utf8mb4 COLLATE utf8mb4_unicode_ci,
  `civil_id` varchar(191) CHARACTER SET utf8mb4 COLLATE utf8mb4_unicode_ci DEFAULT NULL,
  `mac_address` varchar(191) CHARACTER SET utf8mb4 COLLATE utf8mb4_unicode_ci DEFAULT NULL,
  `key` varchar(191) CHARACTER SET utf8mb4 COLLATE utf8mb4_unicode_ci DEFAULT NULL,
  `user_name_recived` varchar(191) CHARACTER SET utf8mb4 COLLATE utf8mb4_unicode_ci DEFAULT NULL,
  `phone_recived` varchar(191) CHARACTER SET utf8mb4 COLLATE utf8mb4_unicode_ci DEFAULT NULL,
  `place_name` varchar(11) CHARACTER SET utf8mb4 COLLATE utf8mb4_unicode_ci DEFAULT NULL,
  `wing_number` varchar(191) CHARACTER SET utf8mb4 COLLATE utf8mb4_unicode_ci DEFAULT NULL,
  PRIMARY KEY (`id`),
  KEY `user_addresses_user_id_foreign` (`user_id`),
  KEY `user_addresses_governments_id_foreign` (`governments_id`),
  KEY `user_addresses_region_id_foreign` (`region_id`)
) ENGINE=InnoDB AUTO_INCREMENT=100 DEFAULT CHARSET=utf8mb4 COLLATE=utf8mb4_unicode_ci;

--
-- Dumping data for table `user_addresses`
--

INSERT INTO `user_addresses` (`id`, `user_id`, `governments_id`, `region_id`, `block`, `Street_number`, `gada`, `Apartment_number`, `floor_number`, `house_number`, `type`, `user_name`, `phone`, `email`, `created_at`, `updated_at`, `checked`, `lat`, `long`, `country_id`, `secondphone`, `governments`, `regions`, `note`, `civil_id`, `mac_address`, `key`, `user_name_recived`, `phone_recived`, `place_name`, `wing_number`) VALUES (2,NULL,1,1,'2','5','1','1','4','4','1','samer','55022830',NULL,'2024-02-18 23:16:24','2024-04-24 12:06:59','true',NULL,NULL,1,NULL,NULL,NULL,'asdasdas',NULL,'987625325d',NULL,NULL,NULL,NULL,NULL),(19,NULL,NULL,0,'333','33','33','3','3','','1','انور شحاتة','2345432',NULL,'2024-04-25 17:13:01','2024-04-25 17:13:01',NULL,NULL,NULL,NULL,NULL,NULL,NULL,'3',NULL,'123',NULL,'annnnnn','5346534',NULL,NULL),(20,NULL,NULL,0,'45','54','666','5','45','','1','rtwy','4536534',NULL,'2024-04-25 17:21:35','2024-04-25 17:21:35',NULL,NULL,NULL,NULL,NULL,NULL,NULL,'45',NULL,'123',NULL,'erghfd','3456534',NULL,NULL),(23,NULL,1,1,'2','5','1','1','4','4','1','samer','55022830',NULL,'2024-05-05 14:19:28','2024-05-05 14:19:28','true',NULL,NULL,1,NULL,NULL,NULL,'asdasdas',NULL,'987625325d',NULL,NULL,NULL,NULL,NULL),(27,NULL,8,19,'2','2','2','2','2','2','1','anwer','67782374',NULL,'2024-05-12 21:59:14','2024-05-17 00:30:33','true',NULL,NULL,NULL,NULL,NULL,NULL,'2',NULL,'123456',NULL,NULL,NULL,NULL,NULL),(32,NULL,8,21,'4','4',NULL,'','','12','1','ahmed','60064820',NULL,'2024-05-19 18:51:01','2024-06-25 18:36:14','false',NULL,NULL,NULL,NULL,NULL,NULL,NULL,NULL,'A42B0326-49A1-415B-B064-4337770799D3',NULL,NULL,NULL,NULL,NULL),(33,NULL,8,21,'5','12',NULL,'','','123','1','mihamed','56895689',NULL,'2024-05-19 18:51:49','2024-06-25 18:36:14','false',NULL,NULL,NULL,NULL,NULL,NULL,NULL,NULL,'A42B0326-49A1-415B-B064-4337770799D3',NULL,NULL,NULL,NULL,NULL),(40,NULL,9,63,'ggg','fh','q','q','q','q','1','asd','5888888888',NULL,'2024-06-01 19:18:33','2024-06-01 19:18:33',NULL,NULL,NULL,NULL,NULL,NULL,NULL,'q',NULL,'9b157d40a37e009d',NULL,NULL,NULL,NULL,NULL),(41,NULL,8,20,'456345','5423','3245','345','3245','345','1','wrewqr','456435634',NULL,'2024-06-01 19:19:20','2024-06-01 19:19:20',NULL,NULL,NULL,NULL,NULL,NULL,NULL,'3245',NULL,'9b157d40a37e009d',NULL,NULL,NULL,NULL,NULL),(42,NULL,8,19,'cfc','98762asds5325d','fghg','bb','bbv','vvvv','1','as','85858',NULL,'2024-06-02 13:02:59','2024-06-02 13:14:33','true',NULL,NULL,NULL,NULL,NULL,NULL,'bbbh',NULL,'98762asds5325d',NULL,NULL,NULL,NULL,NULL),(43,NULL,8,65,'xxx','98762asds5325d','jhhhh','vvv','ggg','cc','1','ddddd','8888888',NULL,'2024-06-02 14:18:09','2024-06-02 14:39:30','true',NULL,NULL,NULL,NULL,NULL,NULL,'bbbvv',NULL,'98762asds5325d',NULL,NULL,NULL,NULL,NULL),(46,NULL,11,111,'56','yrrr764466','uggff','','','hfcv','1','jyhrge','822585',NULL,'2024-06-02 18:53:24','2024-06-25 17:12:51','false',NULL,NULL,NULL,NULL,NULL,NULL,NULL,NULL,'8E7C0622-9B75-44E6-9EB0-E88B2D9FBD05',NULL,NULL,NULL,NULL,NULL),(47,NULL,8,21,'111222','2','2','2','2','2','1','anwer','67782374',NULL,'2024-06-08 22:11:24','2024-06-09 21:01:59','false',NULL,NULL,NULL,NULL,NULL,NULL,'2',NULL,'11a4e088f63f03cc',NULL,NULL,NULL,NULL,NULL),(48,NULL,8,21,'2','2','2','2','2','2','1','hhhhh','5858',NULL,'2024-06-08 22:13:49','2024-06-09 21:01:59','false',NULL,NULL,NULL,NULL,NULL,NULL,'2',NULL,'11a4e088f63f03cc',NULL,NULL,NULL,NULL,NULL),(52,NULL,8,21,'3','3',NULL,'','','','2','adada','7676766767',NULL,'2024-06-09 14:47:48','2024-06-10 08:00:23','false',NULL,NULL,NULL,NULL,NULL,NULL,'3',NULL,'adcec581cdbdb3f0',NULL,NULL,NULL,'3',NULL),(55,NULL,8,21,'2','2','2','2','2','2','1','ghjghjghjg','765765765',NULL,'2024-06-09 14:55:09','2024-06-10 08:00:23','false',NULL,NULL,NULL,NULL,NULL,NULL,'2',NULL,'adcec581cdbdb3f0',NULL,NULL,NULL,NULL,NULL),(56,NULL,8,21,'3','3',NULL,'3','3','','3','hhgfhjgjhg','65765765675',NULL,'2024-06-09 14:56:22','2024-06-10 08:00:23','false',NULL,NULL,NULL,NULL,NULL,NULL,'3',NULL,'adcec581cdbdb3f0',NULL,NULL,NULL,'3','3'),(57,NULL,8,21,'2','2','2','2','2','2','1','anwer','897987987',NULL,'2024-06-09 19:30:14','2024-06-09 19:30:14',NULL,NULL,NULL,NULL,NULL,NULL,NULL,'2',NULL,'98762asds5325d',NULL,NULL,NULL,NULL,NULL),(58,NULL,8,21,'4','4',NULL,'','','','2','saDASdas4','7868768768767',NULL,'2024-06-09 19:32:07','2024-06-09 19:32:07',NULL,NULL,NULL,NULL,NULL,NULL,NULL,'4',NULL,'98762asds5325d',NULL,NULL,NULL,'4',NULL),(59,NULL,8,21,'8','8',NULL,'88','8888','','3','tuiyyiuy','87987987987',NULL,'2024-06-09 19:33:02','2024-06-09 19:33:02',NULL,NULL,NULL,NULL,NULL,NULL,NULL,'8888',NULL,'98762asds5325d',NULL,NULL,NULL,'8','88'),(61,NULL,8,21,'32','32',NULL,'','','','2','akjhkjhk','786876876876',NULL,'2024-06-10 08:19:18','2024-06-10 08:19:18',NULL,NULL,NULL,NULL,NULL,NULL,NULL,'44444',NULL,'adcec581cdbdb3f0',NULL,NULL,NULL,'444',NULL),(62,NULL,9,55,'7','7','65','76','97','76','1','انور شحاتة','67782374',NULL,'2024-06-10 10:27:35','2024-06-10 10:30:00','false',NULL,NULL,NULL,NULL,NULL,NULL,'67',NULL,'928061D8-68CB-48B0-91AE-B5C2783E95EF',NULL,NULL,NULL,NULL,NULL),(63,NULL,8,21,'4','55','865','976','86','766','1','adfhjjhh','85858588',NULL,'2024-06-10 10:29:09','2024-06-10 10:30:00','true',NULL,NULL,NULL,NULL,NULL,NULL,'8655',NULL,'928061D8-68CB-48B0-91AE-B5C2783E95EF',NULL,NULL,NULL,NULL,NULL),(64,NULL,8,21,'٣٤٥٣','٣٢٤٥','٣٤٢٥','٣٢٤٥٢','٢٣٤٥','٣٢٤٥','1','انور','٥٣٥٤٣٥٤٣',NULL,'2024-06-13 08:27:44','2024-06-13 09:44:05','false',NULL,NULL,NULL,NULL,NULL,NULL,'٤٥٢',NULL,'2C1ADAB5-7357-4179-9741-8C4F19E77537',NULL,NULL,NULL,NULL,NULL),(65,NULL,11,107,'٣٢٤٥٣٤','٣٤٥','٣٢٤٥','٣٥','٣٢٤٥','٣٤٥','1','قثفغقثف','٥٤٦٤٥٣٦٤٥٣',NULL,'2024-06-13 09:31:13','2024-06-13 09:44:05','false',NULL,NULL,NULL,NULL,NULL,NULL,'٣٤٥',NULL,'2C1ADAB5-7357-4179-9741-8C4F19E77537',NULL,NULL,NULL,NULL,NULL),(66,NULL,8,21,'85','يبيث','طذذ','877','555','8888','1','asd','558585474585',NULL,'2024-06-13 09:43:56','2024-06-13 09:44:05','true',NULL,NULL,NULL,NULL,NULL,NULL,'تلببب',NULL,'2C1ADAB5-7357-4179-9741-8C4F19E77537',NULL,NULL,NULL,NULL,NULL),(67,NULL,8,19,'1','12',NULL,'18','6','5','1','Ahmed','50278787',NULL,'2024-06-15 10:51:53','2024-06-25 18:36:14','false',NULL,NULL,NULL,NULL,NULL,NULL,NULL,NULL,'A42B0326-49A1-415B-B064-4337770799D3',NULL,NULL,NULL,NULL,NULL),(68,NULL,13,142,'1','الاول',NULL,'','','','2','احمد','60064828',NULL,'2024-06-18 20:58:54','2024-06-25 17:12:51','false',NULL,NULL,NULL,NULL,NULL,NULL,'يرجي ارسال كرت هديه',NULL,'8E7C0622-9B75-44E6-9EB0-E88B2D9FBD05',NULL,'احمد الشهاوي','50278787','لاكشيت',NULL),(69,NULL,8,19,'2','5','1','1','4','4','1','samer','55022830',NULL,'2024-06-19 22:04:03','2024-06-19 22:04:03',NULL,NULL,NULL,NULL,NULL,NULL,NULL,'asdasdas',NULL,'98762asds5325d',NULL,'asd','1231231','hospital','3'),(70,NULL,8,19,'2','5','1','1','4','4','1','samer','٣٢٢٢',NULL,'2024-06-19 22:04:27','2024-06-19 22:04:27',NULL,NULL,NULL,NULL,NULL,NULL,NULL,'asdasdas',NULL,'98762asds5325d2',NULL,'asd','1231231','hospital','3'),(71,NULL,12,123,'2','4','1','','','2','1',NULL,NULL,NULL,'2024-06-20 19:30:34','2024-06-20 19:30:34',NULL,NULL,NULL,NULL,NULL,NULL,NULL,NULL,NULL,'44565615-77F6-4098-9002-E4D899BA4FC7',NULL,NULL,NULL,NULL,NULL),(72,NULL,8,34,'5','ا',NULL,'','','','2','تتلاع','58855808',NULL,'2024-06-23 14:03:24','2024-06-23 14:03:35','true',NULL,NULL,NULL,NULL,NULL,NULL,NULL,NULL,'FFE2948C-5A25-46D0-9554-DA52B9B54745',NULL,'ىا','50008080','ان',NULL),(73,NULL,8,19,'2','6',NULL,'','','12','1','ahmef','50278787',NULL,'2024-06-23 16:41:47','2024-06-25 17:12:51','false',NULL,NULL,NULL,NULL,NULL,NULL,NULL,NULL,'8E7C0622-9B75-44E6-9EB0-E88B2D9FBD05',NULL,NULL,NULL,NULL,NULL),(74,NULL,13,142,'2','12',NULL,'','','512','1','احمد القرين','50278787',NULL,'2024-06-23 16:56:22','2024-06-25 18:36:14','true',NULL,NULL,NULL,NULL,NULL,NULL,NULL,NULL,'A42B0326-49A1-415B-B064-4337770799D3',NULL,NULL,NULL,NULL,NULL),(75,NULL,13,140,'2','٤',NULL,'','','2','1','احمد العدان','50278',NULL,'2024-06-23 17:51:22','2024-06-25 17:12:51','true',NULL,NULL,NULL,NULL,NULL,NULL,NULL,NULL,'8E7C0622-9B75-44E6-9EB0-E88B2D9FBD05',NULL,NULL,NULL,NULL,NULL),(76,NULL,8,19,'65675','jhgjhg','hgfghf','kljlkj','kjhjk','lkjj','1','jkhjhjh','98908098',NULL,'2024-06-23 23:55:24','2024-06-24 20:35:08','true',NULL,NULL,NULL,NULL,NULL,NULL,'ljklkj',NULL,'bdf4d4406291d9af',NULL,NULL,NULL,NULL,NULL),(77,NULL,8,19,'2','2','22','3','3','33','1','anwer','55555555',NULL,'2024-06-24 10:29:30','2024-06-24 10:38:55','true',NULL,NULL,NULL,NULL,NULL,NULL,'3',NULL,'98e49581323cc8e7',NULL,NULL,NULL,NULL,NULL),(78,NULL,8,19,'2','2','2','4','','34','1','anwer','shehata abd',NULL,'2024-06-25 11:21:02','2024-06-25 11:31:26','true',NULL,NULL,NULL,NULL,NULL,NULL,'23453242',NULL,'687a172c986ea191',NULL,NULL,NULL,NULL,NULL),(79,NULL,8,19,'2','٢','٢','2','2','2','1','انور','7788987',NULL,'2024-06-25 15:25:02','2024-06-25 18:14:57','false',NULL,NULL,NULL,NULL,NULL,NULL,'٣٢',NULL,'D58EE561-E486-457B-91E1-B7CF95F9F277',NULL,NULL,NULL,NULL,NULL),(80,NULL,13,140,'2','h','g','885','888','98','1','لتتا','55556',NULL,'2024-06-25 17:34:39','2024-07-02 09:34:27','true',NULL,NULL,NULL,NULL,NULL,NULL,'bbb',NULL,'2B018BD7-57A4-4F70-9B68-82B25314C0BE',NULL,NULL,NULL,NULL,NULL),(81,NULL,13,140,'222','cccc','iiiii','555','88888','55555','1','hhhhhhhhhh','5555555',NULL,'2024-06-25 18:14:51','2024-06-25 18:14:57','true',NULL,NULL,NULL,NULL,NULL,NULL,'bbb',NULL,'D58EE561-E486-457B-91E1-B7CF95F9F277',NULL,NULL,NULL,NULL,NULL),(82,NULL,8,19,'555522','gggf','ghh','4778','854','636','1','answer shehata','7447774477',NULL,'2024-07-10 21:34:53','2024-07-10 23:40:32','false',NULL,NULL,NULL,NULL,NULL,NULL,'gfffff',NULL,'DB79B26B-75FE-4072-A013-D57C5A8BE16F',NULL,NULL,NULL,NULL,NULL),(83,NULL,8,19,'dsfg','dfsg','dfsg','dfsg','sdfg','fsdgsf','1','afdfgsfdgs','dsfgsdf',NULL,'2024-07-10 22:08:40','2024-07-10 23:40:32','true',NULL,NULL,NULL,NULL,NULL,NULL,'dsfgsd',NULL,'DB79B26B-75FE-4072-A013-D57C5A8BE16F',NULL,NULL,NULL,NULL,NULL),(84,NULL,8,19,'2','٢','٢','5','5','5','1','انور شحاتة','78892374',NULL,'2024-07-11 08:02:55','2024-07-11 15:04:02','false',NULL,NULL,NULL,NULL,NULL,NULL,'٥',NULL,'FC1FB33B-CF58-4649-9EC9-058BA1D7CFC4',NULL,NULL,NULL,NULL,NULL),(85,NULL,8,19,'wertrew','rqtewtewr','wertewrtwe','ewrte','ewrt','wertw','1','ertwert','ewrtwert',NULL,'2024-07-11 14:23:42','2024-07-11 15:04:02','true',NULL,NULL,NULL,NULL,NULL,NULL,'rtewr',NULL,'FC1FB33B-CF58-4649-9EC9-058BA1D7CFC4',NULL,NULL,NULL,NULL,NULL),(86,NULL,8,19,'555','chhv','vvb','880','888','888','1','anwer','8588855',NULL,'2024-07-12 12:22:24','2024-07-12 12:22:30','true',NULL,NULL,NULL,NULL,NULL,NULL,'bb',NULL,'3E80CAE9-F290-48E4-844D-0AD1B77DBDFD',NULL,NULL,NULL,NULL,NULL),(87,NULL,8,19,'2','2','2','3','3','3','1','anwer','67782374',NULL,'2024-07-13 10:07:54','2024-07-13 10:08:01','true',NULL,NULL,NULL,NULL,NULL,NULL,'3',NULL,'E1E356D5-7B16-4FFF-A750-96EC9F5B27FB',NULL,NULL,NULL,NULL,NULL),(88,431,8,21,'sfsdfsdf','sdfsf','sfsdf','sdf','sfd','sdfsdf','1','samer','51007138',NULL,'2024-09-14 13:29:51','2024-09-29 19:41:15','false',NULL,NULL,NULL,NULL,NULL,NULL,NULL,NULL,NULL,NULL,'samer','435345435',NULL,NULL),(89,431,8,21,'asdasdasd','asd','asd','21','21','asdad','3','asdsad','21321312312312',NULL,'2024-09-14 13:52:42','2024-09-29 19:41:15','false',NULL,NULL,NULL,NULL,NULL,NULL,NULL,NULL,NULL,NULL,'asdasd','1231231',NULL,NULL),(90,431,8,21,'asdasdasd','asd','asd','asdasd','asd','asd','1','asdasd','2332424',NULL,'2024-09-14 13:54:38','2024-09-29 19:41:15','false',NULL,NULL,NULL,NULL,NULL,NULL,NULL,NULL,NULL,NULL,'asdasd','213123',NULL,NULL),(91,NULL,NULL,1,'asdasd','asdaasd','asdasd','asdasd','asd','asdasdasd','1','sdasdas','51007138',NULL,'2024-09-14 14:49:00','2024-09-18 00:05:32','false',NULL,NULL,NULL,NULL,NULL,NULL,NULL,NULL,'v4lxs3L1fk0KW1oqclGXG50DHdUVHaPxV090nPwb',NULL,'asdasd','324324',NULL,NULL),(93,431,8,21,'21','sadasd','1212',NULL,'eqw','asdsadsadasd','1','sadasd','asdasd123123',NULL,'2024-09-14 21:42:24','2024-09-29 19:41:15','false',NULL,NULL,NULL,NULL,NULL,NULL,NULL,NULL,'v4lxs3L1fk0KW1oqclGXG50DHdUVHaPxV090nPwb',NULL,'asdasd','13123123',NULL,NULL),(94,431,8,19,'5','12',NULL,NULL,NULL,'2','1','احمد','50278787',NULL,'2024-09-29 19:41:04','2024-09-29 19:41:15','true',NULL,NULL,NULL,NULL,NULL,NULL,NULL,NULL,'9BFcTB6qHLTV3RuOe77NDv2X3jobe52QOVILFQ8U',NULL,'احمد','50278787',NULL,NULL),(95,NULL,8,19,'3','3','2',NULL,NULL,'3','1','samer','51007138',NULL,'2024-10-01 21:14:39','2024-10-01 21:14:39',NULL,NULL,NULL,NULL,NULL,NULL,NULL,NULL,NULL,'quU6PVR31gdYKC2k5dYMl5CN9Yx1qYAIkKQzmhjD',NULL,'asdasd','51007138',NULL,NULL),(96,1,8,19,'1','2','2','2','2','2','1','anwer','+96567782374',NULL,'2024-10-13 16:27:05','2024-10-14 20:07:31','false',NULL,NULL,NULL,NULL,NULL,NULL,'2',NULL,'AwKyMAUc0g0KyMMgSqCDvQUQpEEjvzENASPuDXMl',NULL,'anwer','67782374',NULL,NULL),(97,1,8,19,'asd','asd','asd',NULL,NULL,'asd','1','asd','asdasd',NULL,'2024-10-14 20:07:16','2024-10-14 20:07:31','true',NULL,NULL,NULL,NULL,NULL,NULL,NULL,NULL,'ffnYGi88I698Ahnu88eYaBZ5sDNLflYMsdKL55zE',NULL,'asd','51001223',NULL,NULL),(98,NULL,NULL,NULL,'4','Block 2 street',NULL,NULL,NULL,'4','1','Bomubarak','99776662',NULL,'2024-10-15 06:03:19','2024-10-15 06:03:19',NULL,NULL,NULL,NULL,NULL,NULL,NULL,NULL,NULL,'oh0sOHq3BsjD0IHsDCGZh3ACgpc7VeU185I7htlq',NULL,'Bo mubarak','99776662',NULL,NULL),(99,NULL,NULL,NULL,'1','385','Quas eos quaerat in','544','203','553','1','testuser','96761467',NULL,'2025-02-18 07:58:48','2025-02-18 07:58:48',NULL,NULL,NULL,NULL,NULL,NULL,NULL,'Et dolorem rerum dol',NULL,'Lp10TynTe29eSK2r0CqXwvBI0xmtlyKpC1ImnYO4',NULL,'testuser','96761467',NULL,NULL);

--
-- Table structure for table `user_categories`
--

CREATE TABLE `user_categories` (
  `id` int unsigned NOT NULL AUTO_INCREMENT,
  `user_id` int unsigned NOT NULL,
  `category_id` int unsigned NOT NULL,
  `created_at` timestamp NULL DEFAULT NULL,
  `updated_at` timestamp NULL DEFAULT NULL,
  PRIMARY KEY (`id`),
  KEY `user_categories_user_id_foreign` (`user_id`),
  KEY `user_categories_category_id_foreign` (`category_id`)
) ENGINE=InnoDB AUTO_INCREMENT=34 DEFAULT CHARSET=utf8mb4 COLLATE=utf8mb4_unicode_ci;

--
-- Dumping data for table `user_categories`
--

INSERT INTO `user_categories` (`id`, `user_id`, `category_id`, `created_at`, `updated_at`) VALUES (2,47,3,NULL,NULL),(3,51,4,NULL,NULL),(4,52,3,NULL,NULL),(5,53,3,NULL,NULL),(9,47,10,NULL,NULL),(10,340,1,NULL,NULL),(11,340,7,NULL,NULL),(12,344,1,NULL,NULL),(13,345,1,NULL,NULL),(15,348,1,NULL,NULL),(16,348,6,NULL,NULL),(18,379,1,NULL,NULL),(19,379,7,NULL,NULL),(20,380,1,NULL,NULL),(21,380,7,NULL,NULL),(22,380,9,NULL,NULL),(23,380,14,NULL,NULL),(26,405,9,NULL,NULL),(27,406,9,NULL,NULL),(28,345,7,NULL,NULL),(29,345,9,NULL,NULL),(30,345,12,NULL,NULL),(31,433,1,NULL,NULL),(32,433,7,NULL,NULL),(33,433,9,NULL,NULL);

--
-- Table structure for table `user_orders`
--

CREATE TABLE `user_orders` (
  `id` int unsigned NOT NULL AUTO_INCREMENT,
  `user_id` int unsigned DEFAULT NULL,
  `order_id` int unsigned DEFAULT NULL,
  `status` enum('wait','refused','accepted','shipped','complete') CHARACTER SET utf8mb4 COLLATE utf8mb4_unicode_ci NOT NULL,
  `created_at` timestamp NULL DEFAULT NULL,
  `updated_at` timestamp NULL DEFAULT NULL,
  PRIMARY KEY (`id`),
  KEY `user_orders_user_id_foreign` (`user_id`),
  KEY `user_orders_order_id_foreign` (`order_id`)
) ENGINE=InnoDB AUTO_INCREMENT=2 DEFAULT CHARSET=utf8mb4 COLLATE=utf8mb4_unicode_ci;

--
-- Dumping data for table `user_orders`
--

INSERT INTO `user_orders` (`id`, `user_id`, `order_id`, `status`, `created_at`, `updated_at`) VALUES (1,403,99,'wait','2024-06-19 22:32:15','2024-06-19 22:33:27');

--
-- Table structure for table `user_products`
--

CREATE TABLE `user_products` (
  `id` int unsigned NOT NULL AUTO_INCREMENT,
  `user_id` int unsigned NOT NULL,
  `product_id` int unsigned NOT NULL,
  `created_at` timestamp NULL DEFAULT NULL,
  `updated_at` timestamp NULL DEFAULT NULL,
  PRIMARY KEY (`id`),
  KEY `user_products_user_id_foreign` (`user_id`),
  KEY `user_products_product_id_foreign` (`product_id`)
) ENGINE=InnoDB AUTO_INCREMENT=17 DEFAULT CHARSET=utf8mb4 COLLATE=utf8mb4_unicode_ci;

--
-- Dumping data for table `user_products`
--

INSERT INTO `user_products` (`id`, `user_id`, `product_id`, `created_at`, `updated_at`) VALUES (16,1,3,NULL,NULL);

--
-- Table structure for table `user_transactions`
--

CREATE TABLE `user_transactions` (
  `id` int unsigned NOT NULL AUTO_INCREMENT,
  `user_id` int NOT NULL,
  `amount` decimal(8,3) NOT NULL,
  `note` text CHARACTER SET utf8mb4 COLLATE utf8mb4_unicode_ci,
  `created_at` timestamp NULL DEFAULT NULL,
  `updated_at` timestamp NULL DEFAULT NULL,
  PRIMARY KEY (`id`)
) ENGINE=InnoDB AUTO_INCREMENT=5 DEFAULT CHARSET=utf8mb4 COLLATE=utf8mb4_unicode_ci;

--
-- Dumping data for table `user_transactions`
--

INSERT INTO `user_transactions` (`id`, `user_id`, `amount`, `note`, `created_at`, `updated_at`) VALUES (1,344,33.000,NULL,'2024-08-31 18:58:10','2024-08-31 18:58:10'),(2,344,2.000,NULL,'2024-08-31 19:01:04','2024-08-31 19:01:04'),(3,345,90.000,NULL,'2024-08-31 19:09:19','2024-08-31 19:09:19'),(4,344,1.000,NULL,'2024-09-05 10:26:38','2024-09-05 10:26:38');

--
-- Table structure for table `user_translations`
--

CREATE TABLE `user_translations` (
  `id` int unsigned NOT NULL AUTO_INCREMENT,
  `user_id` int unsigned NOT NULL,
  `name` varchar(255) CHARACTER SET utf8mb4 COLLATE utf8mb4_unicode_ci NOT NULL,
  `locale` varchar(255) CHARACTER SET utf8mb4 COLLATE utf8mb4_unicode_ci NOT NULL,
  `created_at` timestamp NULL DEFAULT NULL,
  `updated_at` timestamp NULL DEFAULT NULL,
  PRIMARY KEY (`id`),
  UNIQUE KEY `user_translations_user_id_locale_unique` (`user_id`,`locale`),
  KEY `user_translations_locale_index` (`locale`),
  CONSTRAINT `user_translations_user_id_foreign` FOREIGN KEY (`user_id`) REFERENCES `users` (`id`) ON DELETE CASCADE
) ENGINE=InnoDB AUTO_INCREMENT=54 DEFAULT CHARSET=utf8mb4 COLLATE=utf8mb4_unicode_ci;

--
-- Dumping data for table `user_translations`
--

INSERT INTO `user_translations` (`id`, `user_id`, `name`, `locale`, `created_at`, `updated_at`) VALUES (11,399,'السائق الاول بالعربيه','ar',NULL,NULL),(12,399,'السائق الاول بالانجليزيه','en',NULL,NULL),(13,420,'anwer new','en',NULL,NULL),(18,421,'nabill','en',NULL,NULL),(25,411,'جاسم','ar',NULL,NULL),(26,411,'Jassem','en',NULL,NULL),(27,402,'محمود علي','ar',NULL,NULL),(28,402,'Mahmoud Ali','en',NULL,NULL),(31,378,'famous','ar',NULL,NULL),(32,378,'famous','en',NULL,NULL),(40,431,'sadasdsadasdas','ar',NULL,NULL),(41,431,'sadasdsadasdas','en',NULL,NULL),(46,433,'تاجر جديد','ar',NULL,NULL),(47,433,'تاجر جديد','en',NULL,NULL),(50,435,'لاكشيت حولي','ar',NULL,NULL),(51,435,'Lacachette hawally','en',NULL,NULL),(52,436,'مدير فرع جديد','ar',NULL,NULL),(53,436,'مدير فرع جديد','en',NULL,NULL);

--
-- Table structure for table `users`
--

CREATE TABLE `users` (
  `id` int unsigned NOT NULL AUTO_INCREMENT,
  `name` varchar(255) CHARACTER SET utf8mb4 COLLATE utf8mb4_unicode_ci DEFAULT NULL,
  `email` varchar(255) CHARACTER SET utf8mb4 COLLATE utf8mb4_unicode_ci DEFAULT NULL,
  `email_verified_at` timestamp NULL DEFAULT NULL,
  `password` varchar(255) CHARACTER SET utf8mb4 COLLATE utf8mb4_unicode_ci DEFAULT NULL,
  `status` int NOT NULL DEFAULT '0',
  `phone` varchar(255) CHARACTER SET utf8mb4 COLLATE utf8mb4_unicode_ci DEFAULT NULL,
  `unique_id` varchar(255) CHARACTER SET utf8mb4 COLLATE utf8mb4_unicode_ci DEFAULT NULL,
  `civil_id` varchar(255) CHARACTER SET utf8mb4 COLLATE utf8mb4_unicode_ci DEFAULT NULL,
  `activation_code` varchar(255) CHARACTER SET utf8mb4 COLLATE utf8mb4_unicode_ci DEFAULT NULL,
  `remember_token` varchar(100) CHARACTER SET utf8mb4 COLLATE utf8mb4_unicode_ci DEFAULT NULL,
  `created_at` timestamp NULL DEFAULT NULL,
  `updated_at` timestamp NULL DEFAULT NULL,
  `address` varchar(255) CHARACTER SET utf8mb4 COLLATE utf8mb4_unicode_ci DEFAULT NULL,
  `lat` varchar(255) CHARACTER SET utf8mb4 COLLATE utf8mb4_unicode_ci DEFAULT NULL,
  `long` varchar(255) CHARACTER SET utf8mb4 COLLATE utf8mb4_unicode_ci DEFAULT NULL,
  `image` varchar(255) CHARACTER SET utf8mb4 COLLATE utf8mb4_unicode_ci DEFAULT NULL,
  `device_token` text CHARACTER SET utf8mb4 COLLATE utf8mb4_unicode_ci,
  `company_id` int DEFAULT NULL,
  `tager_id` int DEFAULT NULL,
  `statusVendor` int DEFAULT NULL,
  `time_ar` varchar(191) CHARACTER SET utf8mb4 COLLATE utf8mb4_unicode_ci DEFAULT NULL,
  `time_en` varchar(191) CHARACTER SET utf8mb4 COLLATE utf8mb4_unicode_ci DEFAULT NULL,
  `time_second_ar` text CHARACTER SET utf8mb4 COLLATE utf8mb4_unicode_ci,
  `time_second_en` text CHARACTER SET utf8mb4 COLLATE utf8mb4_unicode_ci,
  `rate` int DEFAULT NULL,
  `company_precentage` varchar(191) CHARACTER SET utf8mb4 COLLATE utf8mb4_unicode_ci DEFAULT NULL,
  `car_number` varchar(191) CHARACTER SET utf8mb4 COLLATE utf8mb4_unicode_ci DEFAULT NULL,
  `car_marka` varchar(191) CHARACTER SET utf8mb4 COLLATE utf8mb4_unicode_ci DEFAULT NULL,
  `real_password` varchar(191) CHARACTER SET utf8mb4 COLLATE utf8mb4_unicode_ci DEFAULT NULL,
  `statusCar` int DEFAULT NULL,
  `freeDelivery` decimal(8,0) DEFAULT NULL,
  `branch_id` int DEFAULT NULL,
  `delivery` int DEFAULT NULL,
  PRIMARY KEY (`id`),
  UNIQUE KEY `users_phone_unique` (`phone`)
) ENGINE=InnoDB AUTO_INCREMENT=437 DEFAULT CHARSET=utf8mb4 COLLATE=utf8mb4_unicode_ci;

--
-- Dumping data for table `users`
--

INSERT INTO `users` (`id`, `name`, `email`, `email_verified_at`, `password`, `status`, `phone`, `unique_id`, `civil_id`, `activation_code`, `remember_token`, `created_at`, `updated_at`, `address`, `lat`, `long`, `image`, `device_token`, `company_id`, `tager_id`, `statusVendor`, `time_ar`, `time_en`, `time_second_ar`, `time_second_en`, `rate`, `company_precentage`, `car_number`, `car_marka`, `real_password`, `statusCar`, `freeDelivery`, `branch_id`, `delivery`) VALUES (1,'admin','admin@admin.com',NULL,'$2y$10$g9ceBZqU5q04D9oL5lUXOuF7Nxvnnf6WQF4E6nouYEL4rGuQS6MOy',1,NULL,NULL,'3222',NULL,NULL,'2022-06-21 09:32:18','2022-10-30 11:31:09',NULL,NULL,NULL,NULL,NULL,NULL,NULL,NULL,NULL,NULL,NULL,NULL,NULL,NULL,NULL,NULL,NULL,NULL,NULL,NULL,NULL),(343,'same abooda','sameravooasd@gmail.com',NULL,'$2y$10$xWfEj0ZfzWIqEg8vg8BBwOIlVF7zUv30/hKDfzODPvRh0PIlMYTLC',1,NULL,NULL,NULL,'64521',NULL,'2024-03-21 12:23:29','2024-04-21 12:25:53',NULL,NULL,NULL,NULL,NULL,NULL,NULL,NULL,NULL,NULL,NULL,NULL,NULL,NULL,NULL,NULL,NULL,NULL,NULL,NULL,NULL),(352,'samerasas','asda3asdc@gmail.com',NULL,'$2y$10$KbWcUCrHSQJSLX4zuWT5PemXaEmT3cZqqeuH/J/V9TNytfzqjmgmi',1,'510071380',NULL,NULL,'62242',NULL,'2024-04-27 12:53:25','2024-09-11 22:24:36',NULL,NULL,NULL,NULL,NULL,NULL,NULL,NULL,NULL,NULL,NULL,NULL,NULL,NULL,NULL,NULL,NULL,NULL,NULL,NULL,NULL),(353,'same abooda','anwer@gmail.com',NULL,'$2y$10$.qm8Bu1Z3/uzt.LgQrAUTOIb4vKhySNQBXdVmR4S8mYdoV871hduy',1,'67782374',NULL,NULL,'59685',NULL,'2024-04-27 12:56:02','2024-05-07 22:37:17',NULL,NULL,NULL,NULL,NULL,NULL,NULL,NULL,NULL,NULL,NULL,NULL,NULL,NULL,NULL,NULL,NULL,NULL,NULL,NULL,NULL),(354,'anwer','anwer3@gmail.com',NULL,'$2y$10$1OmMUnEQrbwsF54NpcwDPORgpWrQpq6SpThJZWQ.ncPv83dn6uvPu',0,'67782375',NULL,NULL,'56164',NULL,'2024-04-27 12:56:27','2024-04-27 12:56:27',NULL,NULL,NULL,NULL,NULL,NULL,NULL,NULL,NULL,NULL,NULL,NULL,NULL,NULL,NULL,NULL,NULL,NULL,NULL,NULL,NULL),(355,'anwer','anwer38@gmail.com',NULL,'$2y$10$ZDcgvp/Prj7bjvkcVz0mhOIM3PzzJjvTBi5jFGLbl.F.wDEUXt.iu',0,'67782378',NULL,NULL,'37740',NULL,'2024-04-27 12:57:01','2024-04-27 12:57:01',NULL,NULL,NULL,NULL,NULL,NULL,NULL,NULL,NULL,NULL,NULL,NULL,NULL,NULL,NULL,NULL,NULL,NULL,NULL,NULL,NULL),(356,'samerasas','asda3a4sdc@gmail.com',NULL,'$2y$10$LvDXoUXDPp/FHDRSlNkzceZGkJTaf1lkp6HoFUYQXfq/yfiXXBQwK',0,'510071384',NULL,NULL,'31329',NULL,'2024-04-27 13:05:13','2024-04-27 13:05:13',NULL,NULL,NULL,NULL,NULL,NULL,NULL,NULL,NULL,NULL,NULL,NULL,NULL,NULL,NULL,NULL,NULL,NULL,NULL,NULL,NULL),(357,'asd','anwer2@gmail.com',NULL,'$2y$10$lZDSBQix9yJN9IrzhqG5DONOAXVOmLDdRt.lRQgh9K0mDVu1X7BPq',0,'67782376',NULL,NULL,'25649',NULL,'2024-04-27 13:30:14','2024-04-27 13:30:14',NULL,NULL,NULL,NULL,NULL,NULL,NULL,NULL,NULL,NULL,NULL,NULL,NULL,NULL,NULL,NULL,NULL,NULL,NULL,NULL,NULL),(358,'anwer3','anwerq@gmail.com',NULL,'$2y$10$4z6O56qwKeaqYoVxanqiPOCvVD.wUd5xJOKupfBHq96czl7f9Yazu',1,'67782377',NULL,NULL,'11502',NULL,'2024-04-27 13:31:39','2024-04-27 13:39:24',NULL,NULL,NULL,NULL,NULL,NULL,NULL,NULL,NULL,NULL,NULL,NULL,NULL,NULL,NULL,NULL,NULL,NULL,NULL,NULL,NULL),(378,'ahmed',NULL,NULL,'$2y$10$1Exoq28Kh0d/qX2JyvIAfuWHVHu1g5JeqboKNMXaNU4DeK2A3Fzq.',1,'351231231',NULL,NULL,NULL,NULL,'2024-05-19 01:05:17','2024-09-07 18:46:07',NULL,NULL,NULL,NULL,NULL,NULL,NULL,NULL,NULL,NULL,NULL,NULL,NULL,NULL,NULL,NULL,'123123123',NULL,NULL,NULL,NULL),(399,'جاسم',NULL,NULL,'$2y$10$fNS3B5tevdFg7DqRgDa9kOdg1IvB3Ch7hReQEIWVNa/pGhQJ6unrS',1,'66590222',NULL,NULL,NULL,NULL,'2024-06-02 18:43:55','2024-06-22 23:17:19',NULL,NULL,NULL,NULL,NULL,380,380,NULL,NULL,NULL,NULL,NULL,NULL,NULL,'10910','تويوتا','123123',NULL,NULL,380,NULL),(402,'asdasdasd',NULL,NULL,'$2y$10$jY2KUbTx1Azc6P8UNSau0u80/WsLf9YLYMSdAENgFFgw4n0dAK3IO',1,'66634327',NULL,NULL,NULL,NULL,'2024-06-08 13:36:38','2024-07-02 10:23:19',NULL,NULL,NULL,NULL,NULL,400,380,NULL,NULL,NULL,NULL,NULL,NULL,NULL,'1231232','نيسان','123123',1,NULL,400,NULL),(411,'جاسم',NULL,NULL,'$2y$10$cHQJdBR.TQIz8lktTh.nlelAv9i0XWw6h20EhBTI4eE1fBrVaOi7a',1,'66659022',NULL,NULL,NULL,NULL,'2024-06-22 19:52:14','2024-06-22 23:18:34',NULL,NULL,NULL,NULL,NULL,387,380,NULL,NULL,NULL,NULL,NULL,NULL,NULL,'10910','تويوتا','123123',NULL,NULL,387,NULL),(414,'sdddddds','zzzz@gmail.com',NULL,'$2y$10$z/xZ4rnXL3EFjXU5qM0Fku5ZNaJa90t8rZyxFjHC1CBsh.PoJkdom',0,'33333333',NULL,NULL,'79011',NULL,'2024-06-22 23:18:45','2024-06-22 23:18:45',NULL,NULL,NULL,NULL,NULL,NULL,NULL,NULL,NULL,NULL,NULL,NULL,NULL,NULL,NULL,NULL,NULL,NULL,NULL,NULL,NULL),(415,'samerasase','asjhgda3asdce@gmail.com',NULL,'$2y$10$MI4A40h2q42NBFz83laZuuxcSPmPgkogI5Wk6RwRYzQ14tddyTPNG',0,'510071389',NULL,NULL,'22351',NULL,'2024-06-22 23:21:07','2024-06-22 23:21:07',NULL,NULL,NULL,NULL,NULL,NULL,NULL,NULL,NULL,NULL,NULL,NULL,NULL,NULL,NULL,NULL,NULL,NULL,NULL,NULL,NULL),(416,'yyyyyyy','fggggg@ggggg.nnnn',NULL,'$2y$10$NxmtOKEwucgIkxQ.piLta.ojOCuavEYC6MHO/E5NQZOiN5XJKWMHu',1,'6666666555555',NULL,NULL,'98171',NULL,'2024-06-22 23:23:23','2024-06-22 23:23:38',NULL,NULL,NULL,NULL,NULL,NULL,NULL,NULL,NULL,NULL,NULL,NULL,NULL,NULL,NULL,NULL,NULL,NULL,NULL,NULL,NULL),(417,'hhhhhhh','nabil@gmail.com',NULL,'$2y$10$GCrLBs6.Y10H9C3bXhk.Huc.lUdTGrzy2AMnfc1c4sND3NcxPXCsK',0,'69669664',NULL,NULL,'73837',NULL,'2024-06-23 16:28:00','2024-06-23 16:28:00',NULL,NULL,NULL,NULL,NULL,NULL,NULL,NULL,NULL,NULL,NULL,NULL,NULL,NULL,NULL,NULL,NULL,NULL,NULL,NULL,NULL),(420,'','anwernew@gmail.com',NULL,'$2y$10$GG7yO2pWxPCV1Ie17Ao3d.mbIb3.oY0HauD8kWkxgu9cP0d1nQI4m',1,'00000000',NULL,NULL,'42713',NULL,'2024-06-24 19:57:43','2024-06-24 19:57:54',NULL,NULL,NULL,NULL,NULL,NULL,NULL,NULL,NULL,NULL,NULL,NULL,NULL,NULL,NULL,NULL,NULL,NULL,NULL,NULL,NULL),(421,'','agggg@gbgbh.com',NULL,'$2y$10$xn8L1wBvbidLzhL4l7/LSutduK1mUY6A0WGCnJJWy3.tMs8CpbS7O',1,'98710580',NULL,NULL,'82980',NULL,'2024-06-25 16:50:31','2024-06-25 16:50:49',NULL,NULL,NULL,NULL,NULL,NULL,NULL,NULL,NULL,NULL,NULL,NULL,NULL,NULL,NULL,NULL,NULL,NULL,NULL,NULL,NULL),(431,NULL,NULL,NULL,'$2y$10$K/5rB5DalcShjQ6mT7lUyOMcv2fzYitJ1FKuCYYU4OMyqIiyq8d.6',1,'51007138',NULL,NULL,'54220',NULL,'2024-09-11 23:19:58','2024-09-11 23:37:48',NULL,NULL,NULL,NULL,NULL,NULL,NULL,NULL,NULL,NULL,NULL,NULL,NULL,NULL,NULL,NULL,NULL,NULL,NULL,NULL,NULL),(433,NULL,'new@gmail.com',NULL,'$2y$10$2scn7ErkkRJM4DNahGq.TeTLMWzTwqsY3WdAJ.sIPBG7XHx3jUgK.',1,'+965550000000',NULL,NULL,'540693',NULL,'2024-09-16 21:28:25','2024-09-16 21:31:09',NULL,NULL,NULL,'2024-09-16-1f94d961-99c6-4428-b762-187b87b910f0.jpeg',NULL,NULL,NULL,NULL,'asadasdasd','asdasdas','asdasd','asdasdasdasd',NULL,'10',NULL,NULL,NULL,NULL,NULL,NULL,NULL),(435,NULL,'lacachette.hawally1@gmail.com',NULL,'$2y$10$4r2s5pzEuzfwiDLUQ13/M.Rz.RkGrek2YcZC.jq348wm95YtD.dT6',1,'66221811',NULL,NULL,NULL,NULL,'2024-09-17 11:17:41','2024-09-17 12:19:52',NULL,NULL,NULL,'2024-09-17-hawally.jpg',NULL,NULL,NULL,NULL,NULL,NULL,NULL,NULL,NULL,NULL,NULL,NULL,'lacachette11',NULL,NULL,NULL,NULL),(436,NULL,'sadsa@gmail.com',NULL,'$2y$10$GNO0P4Wc3H7slrgWKoVvR.SKvOHIc370zPxYqhe0LKhh3NANxClFW',1,'000000',NULL,NULL,NULL,NULL,'2024-09-18 00:57:53','2024-09-18 00:57:53',NULL,NULL,NULL,NULL,NULL,433,433,NULL,NULL,NULL,NULL,NULL,NULL,NULL,NULL,NULL,'123123',NULL,NULL,433,NULL);

--
-- Table structure for table `visitors`
--

CREATE TABLE `visitors` (
  `id` int unsigned NOT NULL AUTO_INCREMENT,
  `device_token` varchar(255) CHARACTER SET utf8mb4 COLLATE utf8mb4_unicode_ci DEFAULT NULL,
  `created_at` timestamp NULL DEFAULT NULL,
  `updated_at` timestamp NULL DEFAULT NULL,
  PRIMARY KEY (`id`)
) ENGINE=InnoDB AUTO_INCREMENT=2 DEFAULT CHARSET=utf8mb4 COLLATE=utf8mb4_unicode_ci;

--
-- Dumping data for table `visitors`
--

INSERT INTO `visitors` (`id`, `device_token`, `created_at`, `updated_at`) VALUES (1,'asdasdasdadsa','2024-02-20 00:57:49','2024-02-20 00:57:49');

--
-- Dumping events for database 'topappkw_newstore'
--

--
-- Dumping routines for database 'topappkw_newstore'
--


