-- Table structure for table `government_translations`
--

CREATE TABLE `government_translations` (
  `id` int unsigned NOT NULL AUTO_INCREMENT,
  `government_id` int unsigned NOT NULL,
  `name` varchar(255) CHARACTER SET utf8mb4 COLLATE utf8mb4_unicode_ci NOT NULL,
  `locale` varchar(255) CHARACTER SET utf8mb4 COLLATE utf8mb4_unicode_ci NOT NULL,
  `created_at` timestamp NULL DEFAULT NULL,
  `updated_at` timestamp NULL DEFAULT NULL,
  PRIMARY KEY (`id`),
  UNIQUE KEY `government_translations_government_id_locale_unique` (`government_id`,`locale`),
  KEY `government_translations_locale_index` (`locale`),
  CONSTRAINT `government_translations_government_id_foreign` FOREIGN KEY (`government_id`) REFERENCES `governments` (`id`) ON DELETE CASCADE
) ENGINE=InnoDB DEFAULT CHARSET=utf8mb4 COLLATE=utf8mb4_unicode_ci;

--
-- Dumping data for table `government_translations`
--


--
-- Table structure for table `governments`
--

CREATE TABLE `governments` (
  `id` int unsigned NOT NULL AUTO_INCREMENT,
  `status` int NOT NULL DEFAULT '1',
  `address_address` varchar(255) CHARACTER SET utf8mb4 COLLATE utf8mb4_unicode_ci NOT NULL,
  `address_latitude` double NOT NULL,
  `address_longitude` double NOT NULL,
  `created_at` timestamp NULL DEFAULT NULL,
  `updated_at` timestamp NULL DEFAULT NULL,
  PRIMARY KEY (`id`)
) ENGINE=InnoDB DEFAULT CHARSET=utf8mb4 COLLATE=utf8mb4_unicode_ci;

--
-- Dumping data for table `governments`
--


--
-- Table structure for table `migrations`
--

CREATE TABLE `migrations` (
  `id` int unsigned NOT NULL AUTO_INCREMENT,
  `migration` varchar(255) CHARACTER SET utf8mb4 COLLATE utf8mb4_unicode_ci NOT NULL,
  `batch` int NOT NULL,
  PRIMARY KEY (`id`)
) ENGINE=InnoDB AUTO_INCREMENT=58 DEFAULT CHARSET=utf8mb4 COLLATE=utf8mb4_unicode_ci;

--
-- Dumping data for table `migrations`
--

INSERT INTO `migrations` (`id`, `migration`, `batch`) VALUES (1,'2014_10_12_000000_create_users_table',1),(2,'2014_10_12_100000_create_password_resets_table',1),(3,'2016_06_01_000001_create_oauth_auth_codes_table',1),(4,'2016_06_01_000002_create_oauth_access_tokens_table',1),(5,'2016_06_01_000003_create_oauth_refresh_tokens_table',1),(6,'2016_06_01_000004_create_oauth_clients_table',1),(7,'2016_06_01_000005_create_oauth_personal_access_clients_table',1),(8,'2019_08_19_000000_create_failed_jobs_table',1),(9,'2019_12_14_000001_create_personal_access_tokens_table',1),(10,'2022_02_06_071010_laratrust_setup_tables',1),(11,'2022_02_07_073030_create_public_notifcations_table',1),(12,'2022_02_07_131228_create_topics_table',1),(13,'2022_02_07_131335_create_topic_subscripts_table',1),(14,'2022_02_10_131840_create_short_terms_table',1),(15,'2022_03_24_101035_create_sliders_table',1),(16,'2022_03_24_114417_create_slider_translations_table',1),(17,'2022_05_29_115314_create_categories_table',1),(18,'2022_05_29_115351_create_category_translations_table',1),(19,'2022_05_31_082944_create_products_tables',1),(20,'2022_05_31_083136_create_product_translations_table',1),(21,'2022_05_31_084033_create_features_table',1),(22,'2022_05_31_084050_create_feature_translations_table',1),(23,'2022_05_31_084308_create_feature_options_table',1),(24,'2022_05_31_084333_create_feature_option_translations_table',1),(25,'2022_05_31_085551_create_files_table',1),(26,'2022_05_31_112821_create_product_categories_table',1),(27,'2022_06_02_080435_create_payment_methods_table',1),(28,'2022_06_02_080436_create_shipping_types_table',1),(29,'2022_06_02_080440_create_orders_table',1),(30,'2022_06_02_081214_create_product_orders_table',1),(31,'2022_06_02_081356_create_order_product_features_table',1),(32,'2022_06_02_082600_create_payment_method_translations_table',1),(33,'2022_06_02_082610_create_shipping_type_translations_table',1),(34,'2022_06_02_122112_create_governments_table',1),(35,'2022_06_02_122142_create_government_translations_table',1),(36,'2022_06_02_122214_create_regions_table',1),(37,'2022_06_02_122222_create_region_translations_table',1),(38,'2022_06_02_133202_create_arrival_prices_table',1),(39,'2022_06_04_091835_added_checked_to_products_table',1),(40,'2022_06_05_073619_create_coupons_table',1),(41,'2022_06_05_074500_create_coupone_relateds_table',1),(42,'2022_06_05_081404_create_user_products_table',1),(43,'2022_06_05_113923_create_user_addresses_table',1),(44,'2022_06_08_101900_create_arrivals_table',1),(45,'2022_06_08_102003_create_arrival_times_table',1),(46,'2022_06_09_132916_create_order_coupons_table',1),(47,'2022_06_09_134805_add_category_id_to_product_orders_table',1),(48,'2022_06_11_093816_added_checked_to_user_addresses_table',1),(49,'2022_06_11_102956_added_delivery_date_time_to_orders_table',1),(50,'2022_06_11_103215_create_order_shippings_table',1),(51,'2022_06_18_093322_create_order_comments_table',1),(52,'2022_06_19_082401_create_tagers_table',1),(53,'2022_06_20_102847_added_latـlang_table',1),(54,'2022_06_20_135514_create_user_categories_table',2),(55,'2022_06_21_073606_added_image_to_user_table',3),(56,'2022_11_17_092342_create_branches_table',4),(57,'2022_11_17_092618_create_branche_translations_table',4);

--
-- Table structure for table `oauth_access_tokens`
--

CREATE TABLE `oauth_access_tokens` (
  `id` varchar(100) CHARACTER SET utf8mb4 COLLATE utf8mb4_unicode_ci NOT NULL,
  `user_id` bigint unsigned DEFAULT NULL,
  `client_id` bigint unsigned NOT NULL,
  `name` varchar(255) CHARACTER SET utf8mb4 COLLATE utf8mb4_unicode_ci DEFAULT NULL,
  `scopes` text CHARACTER SET utf8mb4 COLLATE utf8mb4_unicode_ci,
  `revoked` tinyint(1) NOT NULL,
  `created_at` timestamp NULL DEFAULT NULL,
  `updated_at` timestamp NULL DEFAULT NULL,
  `expires_at` datetime DEFAULT NULL,
  PRIMARY KEY (`id`),
  KEY `oauth_access_tokens_user_id_index` (`user_id`)
) ENGINE=InnoDB DEFAULT CHARSET=utf8mb4 COLLATE=utf8mb4_unicode_ci;

--
-- Dumping data for table `oauth_access_tokens`
--


--
-- Table structure for table `oauth_auth_codes`
--

CREATE TABLE `oauth_auth_codes` (
  `id` varchar(100) CHARACTER SET utf8mb4 COLLATE utf8mb4_unicode_ci NOT NULL,
  `user_id` bigint unsigned NOT NULL,
  `client_id` bigint unsigned NOT NULL,
  `scopes` text CHARACTER SET utf8mb4 COLLATE utf8mb4_unicode_ci,
  `revoked` tinyint(1) NOT NULL,
  `expires_at` datetime DEFAULT NULL,
  PRIMARY KEY (`id`),
  KEY `oauth_auth_codes_user_id_index` (`user_id`)
) ENGINE=InnoDB DEFAULT CHARSET=utf8mb4 COLLATE=utf8mb4_unicode_ci;

--
-- Dumping data for table `oauth_auth_codes`
--


--
-- Table structure for table `oauth_clients`
--

CREATE TABLE `oauth_clients` (
  `id` bigint unsigned NOT NULL AUTO_INCREMENT,
  `user_id` bigint unsigned DEFAULT NULL,
  `name` varchar(255) CHARACTER SET utf8mb4 COLLATE utf8mb4_unicode_ci NOT NULL,
  `secret` varchar(100) CHARACTER SET utf8mb4 COLLATE utf8mb4_unicode_ci DEFAULT NULL,
  `provider` varchar(255) CHARACTER SET utf8mb4 COLLATE utf8mb4_unicode_ci DEFAULT NULL,
  `redirect` text CHARACTER SET utf8mb4 COLLATE utf8mb4_unicode_ci NOT NULL,
  `personal_access_client` tinyint(1) NOT NULL,
  `password_client` tinyint(1) NOT NULL,
  `revoked` tinyint(1) NOT NULL,
  `created_at` timestamp NULL DEFAULT NULL,
  `updated_at` timestamp NULL DEFAULT NULL,
  PRIMARY KEY (`id`),
  KEY `oauth_clients_user_id_index` (`user_id`)
) ENGINE=InnoDB DEFAULT CHARSET=utf8mb4 COLLATE=utf8mb4_unicode_ci;

--
-- Dumping data for table `oauth_clients`
--


--
-- Table structure for table `oauth_personal_access_clients`
--

CREATE TABLE `oauth_personal_access_clients` (
  `id` bigint unsigned NOT NULL AUTO_INCREMENT,
  `client_id` bigint unsigned NOT NULL,
  `created_at` timestamp NULL DEFAULT NULL,
  `updated_at` timestamp NULL DEFAULT NULL,
  PRIMARY KEY (`id`)
) ENGINE=InnoDB DEFAULT CHARSET=utf8mb4 COLLATE=utf8mb4_unicode_ci;

--
-- Dumping data for table `oauth_personal_access_clients`
--


--
-- Table structure for table `oauth_refresh_tokens`
--

CREATE TABLE `oauth_refresh_tokens` (
  `id` varchar(100) CHARACTER SET utf8mb4 COLLATE utf8mb4_unicode_ci NOT NULL,
  `access_token_id` varchar(100) CHARACTER SET utf8mb4 COLLATE utf8mb4_unicode_ci NOT NULL,
  `revoked` tinyint(1) NOT NULL,
  `expires_at` datetime DEFAULT NULL,
  PRIMARY KEY (`id`),
  KEY `oauth_refresh_tokens_access_token_id_index` (`access_token_id`)
) ENGINE=InnoDB DEFAULT CHARSET=utf8mb4 COLLATE=utf8mb4_unicode_ci;

--
-- Dumping data for table `oauth_refresh_tokens`
--


--
-- Table structure for table `order_comments`
--

CREATE TABLE `order_comments` (
  `id` int unsigned NOT NULL AUTO_INCREMENT,
  `order_id` int unsigned NOT NULL,
  `rate` int NOT NULL DEFAULT '1',
  `comment` text CHARACTER SET utf8mb4 COLLATE utf8mb4_unicode_ci NOT NULL,
  `created_at` timestamp NULL DEFAULT NULL,
  `updated_at` timestamp NULL DEFAULT NULL,
  PRIMARY KEY (`id`),
  KEY `order_comments_order_id_foreign` (`order_id`),
  CONSTRAINT `order_comments_order_id_foreign` FOREIGN KEY (`order_id`) REFERENCES `orders` (`id`) ON DELETE CASCADE
) ENGINE=InnoDB DEFAULT CHARSET=utf8mb4 COLLATE=utf8mb4_unicode_ci;

--
-- Dumping data for table `order_comments`
--


--
-- Table structure for table `order_coupons`
--

CREATE TABLE `order_coupons` (
  `id` int unsigned NOT NULL AUTO_INCREMENT,
  `order_id` int unsigned NOT NULL,
  `price` double NOT NULL,
  `discountprice` double NOT NULL,
  `code` varchar(255) CHARACTER SET utf8mb4 COLLATE utf8mb4_unicode_ci NOT NULL,
  `value` varchar(255) CHARACTER SET utf8mb4 COLLATE utf8mb4_unicode_ci NOT NULL,
  `ids` varchar(255) CHARACTER SET utf8mb4 COLLATE utf8mb4_unicode_ci NOT NULL,
  `type` varchar(255) CHARACTER SET utf8mb4 COLLATE utf8mb4_unicode_ci NOT NULL,
  `coupons_id` int unsigned NOT NULL,
  `created_at` timestamp NULL DEFAULT NULL,
  `updated_at` timestamp NULL DEFAULT NULL,
  PRIMARY KEY (`id`),
  KEY `order_coupons_order_id_foreign` (`order_id`),
  KEY `order_coupons_coupons_id_foreign` (`coupons_id`),
  CONSTRAINT `order_coupons_coupons_id_foreign` FOREIGN KEY (`coupons_id`) REFERENCES `coupons` (`id`) ON DELETE CASCADE,
  CONSTRAINT `order_coupons_order_id_foreign` FOREIGN KEY (`order_id`) REFERENCES `orders` (`id`) ON DELETE CASCADE
) ENGINE=InnoDB DEFAULT CHARSET=utf8mb4 COLLATE=utf8mb4_unicode_ci;

--
-- Dumping data for table `order_coupons`
--


--
-- Table structure for table `order_product_features`
--

CREATE TABLE `order_product_features` (
  `id` bigint unsigned NOT NULL AUTO_INCREMENT,
  `order_product_id` int unsigned NOT NULL,
  `feature_id` int unsigned NOT NULL,
  `option_id` int unsigned NOT NULL,
  `product_id` int unsigned DEFAULT NULL,
  `title` varchar(255) CHARACTER SET utf8mb4 COLLATE utf8mb4_unicode_ci NOT NULL,
  `price` double(8,2) DEFAULT NULL,
  `count` int DEFAULT NULL,
  `created_at` timestamp NULL DEFAULT NULL,
  `updated_at` timestamp NULL DEFAULT NULL,
  PRIMARY KEY (`id`),
  KEY `order_product_features_order_product_id_foreign` (`order_product_id`),
  KEY `order_product_features_feature_id_foreign` (`feature_id`),
  KEY `order_product_features_option_id_foreign` (`option_id`),
  KEY `order_product_features_product_id_foreign` (`product_id`),
  CONSTRAINT `order_product_features_feature_id_foreign` FOREIGN KEY (`feature_id`) REFERENCES `features` (`id`) ON DELETE CASCADE,
  CONSTRAINT `order_product_features_option_id_foreign` FOREIGN KEY (`option_id`) REFERENCES `feature_options` (`id`) ON DELETE CASCADE,
  CONSTRAINT `order_product_features_order_product_id_foreign` FOREIGN KEY (`order_product_id`) REFERENCES `product_orders` (`id`) ON DELETE CASCADE,
  CONSTRAINT `order_product_features_product_id_foreign` FOREIGN KEY (`product_id`) REFERENCES `products` (`id`) ON DELETE CASCADE
) ENGINE=InnoDB DEFAULT CHARSET=utf8mb4 COLLATE=utf8mb4_unicode_ci;

--
-- Dumping data for table `order_product_features`
--


--
-- Table structure for table `order_shippings`
--

CREATE TABLE `order_shippings` (
  `id` int unsigned NOT NULL AUTO_INCREMENT,
  `order_id` int unsigned NOT NULL,
  `government_id` int unsigned DEFAULT NULL,
  `region_id` int unsigned DEFAULT NULL,
  `block` varchar(255) CHARACTER SET utf8mb4 COLLATE utf8mb4_unicode_ci DEFAULT NULL,
  `gada` varchar(255) CHARACTER SET utf8mb4 COLLATE utf8mb4_unicode_ci DEFAULT NULL,
  `jada` varchar(255) CHARACTER SET utf8mb4 COLLATE utf8mb4_unicode_ci DEFAULT NULL,
  `building` varchar(255) CHARACTER SET utf8mb4 COLLATE utf8mb4_unicode_ci DEFAULT NULL,
  `floor` varchar(255) CHARACTER SET utf8mb4 COLLATE utf8mb4_unicode_ci DEFAULT NULL,
  `room_number` varchar(255) CHARACTER SET utf8mb4 COLLATE utf8mb4_unicode_ci DEFAULT NULL,
  `created_at` timestamp NULL DEFAULT NULL,
  `updated_at` timestamp NULL DEFAULT NULL,
  PRIMARY KEY (`id`),
  KEY `order_shippings_order_id_foreign` (`order_id`),
  KEY `order_shippings_government_id_foreign` (`government_id`),
  KEY `order_shippings_region_id_foreign` (`region_id`),
  CONSTRAINT `order_shippings_government_id_foreign` FOREIGN KEY (`government_id`) REFERENCES `governments` (`id`) ON DELETE CASCADE,
  CONSTRAINT `order_shippings_order_id_foreign` FOREIGN KEY (`order_id`) REFERENCES `orders` (`id`) ON DELETE CASCADE,
  CONSTRAINT `order_shippings_region_id_foreign` FOREIGN KEY (`region_id`) REFERENCES `regions` (`id`) ON DELETE CASCADE
) ENGINE=InnoDB DEFAULT CHARSET=utf8mb4 COLLATE=utf8mb4_unicode_ci;

--
-- Dumping data for table `order_shippings`
--


--
-- Table structure for table `orders`
--

CREATE TABLE `orders` (
  `id` int unsigned NOT NULL AUTO_INCREMENT,
  `order_number` varchar(255) CHARACTER SET utf8mb4 COLLATE utf8mb4_unicode_ci NOT NULL,
  `total_price` double(8,2) DEFAULT NULL,
  `user_id` int unsigned DEFAULT NULL,
  `incart` tinyint(1) NOT NULL DEFAULT '1',
  `mac_address` varchar(255) CHARACTER SET utf8mb4 COLLATE utf8mb4_unicode_ci DEFAULT NULL,
  `price_ship` double(8,2) DEFAULT NULL,
  `shipping_Type` varchar(255) CHARACTER SET utf8mb4 COLLATE utf8mb4_unicode_ci DEFAULT NULL,
  `delivery_time` varchar(255) CHARACTER SET utf8mb4 COLLATE utf8mb4_unicode_ci DEFAULT NULL,
  `order_done_date` varchar(255) CHARACTER SET utf8mb4 COLLATE utf8mb4_unicode_ci DEFAULT NULL,
  `status` enum('wait','refused','accepted','shipped','complete') CHARACTER SET utf8mb4 COLLATE utf8mb4_unicode_ci NOT NULL,
  `payment_method` int unsigned DEFAULT NULL,
  `payment_status` enum('paid','unPaid') CHARACTER SET utf8mb4 COLLATE utf8mb4_unicode_ci NOT NULL,
  `deleted_at` timestamp NULL DEFAULT NULL,
  `created_at` timestamp NULL DEFAULT NULL,
  `updated_at` timestamp NULL DEFAULT NULL,
  `delivery_date_time` varchar(255) CHARACTER SET utf8mb4 COLLATE utf8mb4_unicode_ci DEFAULT NULL,
  PRIMARY KEY (`id`),
  KEY `orders_user_id_foreign` (`user_id`),
  KEY `orders_payment_method_foreign` (`payment_method`),
  CONSTRAINT `orders_payment_method_foreign` FOREIGN KEY (`payment_method`) REFERENCES `payment_methods` (`id`) ON DELETE CASCADE,
  CONSTRAINT `orders_user_id_foreign` FOREIGN KEY (`user_id`) REFERENCES `users` (`id`) ON DELETE CASCADE
) ENGINE=InnoDB DEFAULT CHARSET=utf8mb4 COLLATE=utf8mb4_unicode_ci;

--
-- Dumping data for table `orders`
--


--
-- Table structure for table `page_translations`
--

CREATE TABLE `page_translations` (
  `id` int unsigned NOT NULL AUTO_INCREMENT,
  `page_id` int unsigned NOT NULL,
  `title` varchar(255) CHARACTER SET utf8mb4 COLLATE utf8mb4_unicode_ci NOT NULL,
  `locale` varchar(255) CHARACTER SET utf8mb4 COLLATE utf8mb4_unicode_ci NOT NULL,
  `content` text CHARACTER SET utf8mb4 COLLATE utf8mb4_unicode_ci,
  `created_at` timestamp NULL DEFAULT NULL,
  `updated_at` timestamp NULL DEFAULT NULL,
  PRIMARY KEY (`id`),
  UNIQUE KEY `page_translations_page_id_locale_unique` (`page_id`,`locale`),
  KEY `page_translations_locale_index` (`locale`)
) ENGINE=InnoDB AUTO_INCREMENT=17 DEFAULT CHARSET=utf8mb4 COLLATE=utf8mb4_unicode_ci;

--
-- Dumping data for table `page_translations`
--

INSERT INTO `page_translations` (`id`, `page_id`, `title`, `locale`, `content`, `created_at`, `updated_at`) VALUES (1,1,'samer','ar','<p>asd</p>',NULL,NULL),(2,1,'abooda','en','<p>dasdsad</p>',NULL,NULL),(3,2,'شروط التداول','ar','<p><span style=\"font-size:16px\"><strong>أوقات التداول:</strong></span><br />\r\nمنصة ماركت إكويتي آي ان سي والتي تقوم وفرة الخليجية للخدمات المالية بالتعاون معها جاهزة للتداول بعد 3 دقائق من مواعيد افتتاح السوق العامة وبالطريقة نفسها سيتم إغلاق التداول قبل 3 دقائق من توقيت إغلاق السوق العام وهذا لحماية عملائنا من التقلبات الشديده&nbsp;التي قد تحدث.</p>\r\n\r\n<p>&nbsp;</p>\r\n\r\n<p><span style=\"font-size:16px\"><strong>الرافعات المالية المتاحة:</strong></span><br />\r\nالعقود&nbsp;&nbsp; &nbsp;الرافعات المالية<br />\r\n0 إلى 5 عقود&nbsp;&nbsp; 1:500<br />\r\n5.01 إلى 15 عقد&nbsp;&nbsp; 1:400<br />\r\n15.01 إلى 50 عقد&nbsp;&nbsp;&nbsp;1:200<br />\r\n50.01 إلى 100 عقد&nbsp;&nbsp; 1:100<br />\r\n100.01 و أكثر&nbsp;&nbsp; 1:50</p>\r\n\r\n<p><br />\r\n<strong><span style=\"font-size:16px\">الطلبات التي تحت قيد الإنتظار:</span></strong><br />\r\nممكن أن يتم رفض جميع الطلبات التي قيد الإنتظار قبل 10 دقائق من إغلاق السوق.</p>\r\n\r\n<p><br />\r\n<strong><span style=\"font-size:16px\">الإنزلاق السعري:</span></strong><br />\r\nسيتم تفعيل جميع الطلبات والصفقات للفجوات السعرية التي تتجاوز 5 PIP القياسية.</p>\r\n\r\n<p><br />\r\n<strong><span style=\"font-size:16px\">متداولين السكالبينق:</span></strong><br />\r\nسيكون هناك تأخير في تنفيذ عمليات المتداولين لحساب السكالبينق.</p>\r\n\r\n<p><br />\r\n<strong><span style=\"font-size:16px\">رسوم التبييت:</span></strong><br />\r\nقد يتم تفعيل رسوم التبييت على بعض الرموز</p>\r\n\r\n<p><br />\r\n<strong>الرجاء الإطلاع على صفحة مواصفات العقود</strong></p>\r\n\r\n<p>&nbsp;</p>',NULL,NULL),(4,2,'التداول','en','<p style=\"text-align:center\">&nbsp;</p>\r\n\r\n<figure class=\"easyimage easyimage-full\"><img alt=\"\" src=\"blob:https://beta.wafragulf.com/b9fff8aa-7457-479a-95dd-3823dae9fd46\" width=\"936\" />\r\n<figcaption></figcaption>\r\n</figure>\r\n\r\n<p dir=\"rtl\">&nbsp;</p>',NULL,NULL),(5,3,'تحذير المخاطر','ar','<p dir=\"rtl\"><span style=\"font-size:14px\">التداول في الفوركس ليس مناسباً لكثير من الأفراد، هناك احتمال أن تتعرض لخسارة بعض أو كل رؤوس الأموال المستخدمة لمثل هذه المعاملات المالية، من الأفضل أن تنظر بعناية ما إذا كان تداول الفوركس مناسباً لك في ضوء أهدافك والموارد المالية المتاحة مع أي ظرف من الظروف الأخرى ذات الصلة، ويجب أن تتفهم كل المخاطر التي تنطوي على التداول في الفوركس وإذا لزم الأمر أن تسعى للحصول على مشورة مستقلة.</span><br />\r\n<span style=\"font-size:14px\">الدخول في أي معاملات للفوركس ينفذ طوعاً وعلى مسؤوليتك الخاصة، حيث ينطوي التداول على مخاطر عالية والربح ليس مضموناً لأن الأرقام السابقة&nbsp;لتاريخ الأداء لا يمكن تأكيد أنها ستتكرر لتمثل النتائج المستقبلية وتتمثل المخاطر الكبيرة أنه يمكن خسارة كل أو بعض من رأس المال المستثمر،&nbsp;وكذلك أن الإستثمار في الفوركس يحمل درجة عالية من المخاطر فالأموال التي يتم استثمارها قد لا تستمر على نفس القيمة، ومع ذلك ايضا&nbsp;يوجد احتمال أن تتحقق أرباح.</span></p>\r\n\r\n<p dir=\"rtl\"><br />\r\n<span style=\"font-size:14px\">نظام التداول الإلكتروني ينطوي على مخاطر عالية وهى مرتبطة بنظام الإنترنت،( بما في ذلك على سبيل المثال لا الحصر ) خلل الأجهزة الإلكترونية و / أو البرامج،&nbsp;وقد يحدث نتيجة لذلك أن يتأخر تنفيذ أوامر التداول أو لا يتم تنفيذها على الإطلاق، جميع المعاملات هي على مسؤوليتك تحت جميع الظروف،&nbsp;لن يتم اعتبار وفرة الخليجية للخدمات المالية مسؤولة عن أي تأخير في النقل، والتسليم أو التنفيذ للأوامر الخاصة بك بسبب أعطال الإتصالات أو لأسباب أخرى.</span></p>\r\n\r\n<p dir=\"rtl\"><br />\r\n<span style=\"font-size:14px\">إن ظروف عمل السوق و قواعد التعامل لأسواق معينة وساعات التداول، وساعات عمل غرف التداول، كل هذه المتغيرات قد تزيد من مخاطر الخسارة بسبب صعوبة إجراء العمليات أو تصفية / تعويض المراكز المفتوحة قد تكون الشركة غير قادرة على تنفيذ العمليات الخاصة بك على المستوى المطلوب، والتداول بالفوركس يحمل درجة عالية من المخاطر التي يمكن أن تعمل على حد سواء، لصالحك أو غير ذلك.<br />\r\nفي حالات محددة، قد يحدث أن تتأثر عمليات الحماية لأموالك المستخدمة في أغراض التداول، و ذلك في حالة التعثر المالي أو الإفلاس للشركة، تتحكم تشريعات محددة و قواعد محلية في المدى الذي قد يمكنك من خلاله إسترداد المال أو الحصول على تعويض، في بعض السلطات القضائية، فإن الممتلكات أو الأموال التي تم تحديدها كملكية الخاص بك، يمكن أن يتم إعتمادها بنفس القيمة النقدية لأغراض التوزيع في حالة حدوث عجز ما.</span></p>\r\n\r\n<p dir=\"rtl\"><br />\r\n<span style=\"font-size:14px\">عليك أن تدرك أن العمولات و بعض الرسوم الأخرى قد تكون قابلة للتطبيق، وعلى هذا النحو فإن هذه الرسوم ستؤثر بخفض الأرباح ( إن وجدت )، أو زيادة الخسائر،&nbsp;قبل التداول في الفوركس، يجب عليك أن تتعرف على كل الرسوم المطلوبة، سواء كانت محددة سلفاً أو متغيرة.<br />\r\nعليك أن تدرك أن الربح أو الخسارة لعمليات تداول العقود المقومة بالعملات الأجنبية يمكن أن تتأثر بالتقلبات في أسعار صرف هذه العملات و ذلك عندما تكون هناك حاجة لتحويل العملة إلى عملة أخرى.<br />\r\nجميع المعاملات التي تتم لحسابك هي على مسؤوليتك وحدك تحت جميع الظروف، لن يتم إعتبار وفرة الخليجية للخدمات المالية مسؤولة عن أي تأخير في النقل، والتسليم أو التنفيذ للأوامر الخاصة بك بسبب أعطال الإتصالات أو لأسباب أخرى.<br />\r\nيجوز للشركة، و من وجهة نظرها تحديد وجود حالة طوارئ أو حالة إستثنائية للسوق ( قوة قهرية ) بما في ذلك على سبيل المثال لا الحصر أي إضراب أو أعمال الشغب أو إضطرابات أو إنقطاع التيار الكهربائي أو تعطل المعدات الإلكترونية أو الإتصالات.<br />\r\nعليك أن تتفهم أن هناك إحتمال أن يخضع التداول بالفوركس للضريبة و/أو أي إستقطاعات أخرى قابلة للتطبيق إذا شملتها القوانين والتشريعات والتي سوف تصبح من مسئوليتك للقيام بها.</span></p>\r\n\r\n<p dir=\"rtl\"><br />\r\n<span style=\"font-size:14px\">لا توفر &quot; وفرة الخليجية للخدمات المالية &quot; نصائح شخصية أو توصيات محددة في مجال التداول، لا تستند المعلومات التي يتم توفيرها من قبل ممثلينا أو بواسطة منتجاتنا وخدماتنا إلى هدف إستثماري خاص أو وضع إقتصادي أو حاجة إقتصادية فردية،&nbsp;وبالتالي ننصح المتداولين بطلب النصيحة المالية المتخصصة التي تقوم على أهدافهم الإستثمارية الوحيدة وعدم التعويل حصراً على المعلومات التي تقدمها &quot; وفرة الخليجية للخدمات المالية &quot; أو أي مصدر من مصادرها.<br />\r\n<strong>إننا نوصيكم بطلب النصيحة الإستثمارية المستقلة في ما يتعلق بالتداول في الفوركس.</strong></span><br />\r\n&nbsp;</p>',NULL,NULL),(6,3,'تحذير المخاطر','en','<p dir=\"rtl\"><span style=\"font-size:14px\">التداول في الفوركس ليس مناسباً لكثير من الأفراد، وهناك احتمال أن تتعرض لخسارة بعض أو كل رؤوس الأموال المستخدمة لمثل هذه المعاملات المالية،&nbsp;فمن الأفضل أن تنظر بعناية ما إذا كان تداول الفوركس مناسباً لك في ضوء أهدافك والموارد المالية المتاحة مع أي ظرف من الظروف الأخرى ذات الصلة، و يجب أن تتفهم كل المخاطر التي تنطوي على التداول في الفوركس وإذا لزم الأمر أن تسعى للحصول على مشورة مستقلة.<br />\r\nالدخول في أي معاملات للفوركس ينفذ طوعاً وعلى مسؤوليتك الخاصة، حيث ينطوي التداول على مخاطر عالية والربح ليس مضموناً لأن الأرقام السابقة لتاريخ الأداء لا يمكن تأكيد أنها ستتكرر لتمثل النتائج المستقبلية وتتمثل المخاطر الكبيرة أنه يمكن خسارة كل أو بعض من رأس المال المستثمر، وكذلك أن الإستثمار في الفوركس يحمل درجة عالية من المخاطر فالأموال التي يتم استثمارها قد لا تستمر على نفس القيمة، ومع ذلك&nbsp;يوجد احتمال أن تتحقق أرباح.</span></p>\r\n\r\n<p dir=\"rtl\"><br />\r\n<span style=\"font-size:14px\">نظام التداول الإلكتروني ينطوي على مخاطر عالية وهى مرتبطة بنظام الإنترنت،( بما في ذلك على سبيل المثال لا الحصر ) خلل الأجهزة الإلكترونية و / أو البرامج،&nbsp;وقد يحدث نتيجة لذلك أن يتأخر تنفيذ أوامر التداول أو لا يتم تنفيذها على الإطلاق،&nbsp;&nbsp;جميع المعاملات هي على مسؤوليتك تحت جميع الظروف، لن يتم اعتبار وفرة الخليجية للخدمات المالية مسؤولة عن أي تأخير في النقل، والتسليم أو التنفيذ للأوامر الخاصة بك بسبب أعطال الإتصالات أو لأسباب أخرى.</span></p>\r\n\r\n<p dir=\"rtl\"><br />\r\n<span style=\"font-size:14px\">إن ظروف عمل السوق و قواعد التعامل لأسواق معينة وساعات التداول، وساعات عمل غرف التداول، كل هذه المتغيرات قد تزيد من مخاطر الخسارة بسبب صعوبة إجراء العمليات أو تصفية / تعويض المراكز المفتوحة قد تكون الشركة غير قادرة على تنفيذ العمليات الخاصة بك على المستوى المطلوب، والتداول بالفوركس يحمل درجة عالية من المخاطر التي يمكن أن تعمل على حد سواء، لصالحك أو غير ذلك.<br />\r\nفي حالات محددة، قد يحدث أن تتأثر عمليات الحماية لأموالك المستخدمة في أغراض التداول، و ذلك في حالة التعثر المالي أو الإفلاس للشركة، تتحكم تشريعات محددة و قواعد محلية في المدى الذي قد يمكنك من خلاله إسترداد المال أو الحصول على تعويض، في بعض السلطات القضائية، فإن الممتلكات أو الأموال التي تم تحديدها كملكية الخاص بك، يمكن أن يتم إعتمادها بنفس القيمة النقدية لأغراض التوزيع في حالة حدوث عجز ما.</span></p>\r\n\r\n<p dir=\"rtl\"><br />\r\n<span style=\"font-size:14px\">عليك أن تدرك أن العمولات و بعض الرسوم الأخرى قد تكون قابلة للتطبيق، و على هذا النحو فإن هذه الرسوم ستؤثر بخفض الأرباح ( إن وجدت )، أو زيادة الخسائر. قبل التداول في الفوركس، يجب عليك أن تتعرف على كل الرسوم المطلوبة، سواء كانت محددة سلفاً أو متغيرة.<br />\r\nعليك أن تدرك أن الربح أو الخسارة لعمليات تداول العقود المقومة بالعملات الأجنبية يمكن أن تتأثر بالتقلبات في أسعار صرف هذه العملات و ذلك عندما تكون هناك حاجة لتحويل العملة إلى عملة أخرى.<br />\r\nجميع المعاملات التي تتم لحسابك هي على مسؤوليتك وحدك تحت جميع الظروف. لن يتم إعتبار وفرة الخليجية للخدمات المالية مسؤولة عن أي تأخير في النقل، و التسليم أو التنفيذ للأوامر الخاصة بك بسبب أعطال الإتصالات أو لأسباب أخرى.<br />\r\nيجوز للشركة، و من وجهة نظرها تحديد وجود حالة طوارئ أو حالة إستثنائية للسوق ( قوة قهرية ) بما في ذلك على سبيل المثال لا الحصر أي إضراب أو أعمال الشغب أو إضطرابات أو إنقطاع التيار الكهربائي أو تعطل المعدات الإلكترونية أو الإتصالات.<br />\r\nعليك أن تتفهم أن هناك إحتمال أن يخضع التداول بالفوركس للضريبة و/أو أي إستقطاعات أخرى قابلة للتطبيق إذا شملتها القوانين و التشريعات و التي سوف تصبح من مسئوليتك للقيام بها.</span></p>\r\n\r\n<p dir=\"rtl\"><br />\r\n<span style=\"font-size:14px\">لا توفر &quot; وفرة الخليجية للخدمات المالية &quot; نصائح شخصية أو توصيات محددة في مجال التداول، لا تستند المعلومات التي يتم توفيرها من قبل ممثلينا أو بواسطة منتجاتنا و خدماتنا إلى هدف إستثماري خاص أو وضع إقتصادي أو حاجة إقتصادية فردية،&nbsp;وبالتالي ننصح المتداولين بطلب النصيحة المالية المتخصصة التي تقوم على أهدافهم الإستثمارية الوحيدة وعدم التعويل حصراً على المعلومات التي تقدمها &quot; وفرة الخليجية للخدمات المالية &quot; أو أي مصدر من مصادرها.<br />\r\nإننا نوصيكم بطلب النصيحة الإستثمارية المستقلة في ما يتعلق بالتداول في الفوركس.</span></p>',NULL,NULL),(7,4,'سياسة الخصوصية و الأمن','ar','<p dir=\"rtl\">تفسر سياسة الخصوصية والأمن هذه كيف تقوم وفرة الخليجية للخدمات المالية بجمع بيانات شخصية عنك وكيف تحافظ وتستخدم وتفصح عن تلك البيانات.<br />\r\nوتلتزم وفرة الخليجية للخدمات المالية بحماية خصوصية كافة المعلومات الشخصية التي يتم الحصول عليها منك، بما في ذلك المعلومات التي نحصل عليها من خلال زياراتك لهذا الموقع، و ستقوم وفرة الخليجية بإستخدام المعلومات الشخصية الخاصة بك وفقاً لسياسة الخصوصية والأمن هذه فقط.&nbsp;</p>\r\n\r\n<p dir=\"rtl\"><br />\r\n<span style=\"font-size:16px\"><strong>ما هي المعلومات التي نقوم بجمعها منك؟</strong></span><br />\r\nستقوم وفرة الخليجية للخدمات المالية بجمع وتخزين المعلومات الشخصية عنك، كما هو مطلوب قانونيا من أجل تقديم الخدمات الاستثمارية لك، وهذا يشمل من بين امور أخرى ، تاريخ ميلادك ، عنوانك ، صورة من بطاقة الهوية الخاصة بك ، جواز السفر او أي شكل آخر من أشكال الهوية ونسخة من فاتورة مرافق حديثة او اي دليل اخر من العناوين ، وقد نحصل على معلومات شخصية نتيجة لمصادقة الهوية او التحقق بما في ذلك التحقق امام وكالات المراجع الائتمانية (والذين قد يقوموا بالاحتفاظ بسجل من المعلومات ) لمنع الغش.<br />\r\nوتقوم وفرة الخليجية أيضا&rdquo; بجمع ومعالجة معلومات الشخصية الضرورية بالنسبة لنا لتزويدك بالخدمات التي نقدمها، وهذا يشمل معلومات عنك عند إكمال تطبيق على إنترنت أو أي نوع آخر من النماذج وعند تسجيل الدخول والتداول في حساب Market Equity Inc الخاص بك.<br />\r\nوفرة الخليجية للخدمات المالية قد تستمد أيضاً معلومات عن إستخدامك لهذا الموقع وبرنامج منصة التداول للعملاء، ويمكن تخزين هذه المعلومات مع معلوماتك الشخصية،&nbsp;&nbsp;ويمكن أن تشمل هذه المعلومات موقع المناطق التي تمت زيارتها، الصفحات التي تم تصفحها، وتيرة ومدة الزيارات، عنوان بروتوكول الإنترنت (IP)، تحديد معلومات جهاز الكمبيوتر أو الهاتف النقال ، وأنواع من المعاملات التي أجريت، الوثائق التي تم تحميلها، نقرات الماوس، حركات الماوس، والنشاط والتمرير وكذلك النص الذي تكتبه في هذا الموقع والموقع الذي أحالك إلينا أو إلى المواقع التي قمت بربطها.</p>\r\n\r\n<p dir=\"rtl\"><br />\r\n<span style=\"font-size:16px\"><strong>كيف نستخدم المعلومات الشخصية ؟</strong></span><br />\r\nتقوم وفرة الخليجية للخدمات المالية باستخدام معلوماتك الشخصية وتقاسمها مع الشركاء ، المقاولين ، مقدمي الخدمات ، معالجة المعاملات، ، المستشارين ، الشركات التابعة والمنتسبة لشركة وفرة الخليجية للخدمات المالية (بما في ذلك ولا يقتصر على الشركات الأم ، الأخت والفرعية في مجموعة و فرة الخليجية للخدمات المالية ) (الشركاء)، للأغراض التالية فقط أو تخضع لموافقة صريحة:</p>\r\n\r\n<p dir=\"rtl\">&nbsp; - تقديم الخدمات التي قد طلبتها بما في ذلك معالجة المعاملات.</p>\r\n\r\n<p dir=\"rtl\">&nbsp;&nbsp;- للتأكد من هويتك.</p>\r\n\r\n<p dir=\"rtl\">&nbsp; &nbsp;- لادارة حسابك.</p>\r\n\r\n<p dir=\"rtl\">&nbsp; - للحفاظ على ملف التعريف الشخصي الخاص بك.</p>\r\n\r\n<p dir=\"rtl\">&nbsp; -&nbsp; للإتصال بك عند الضرورة أو المناسبة، فيما يتعلق بالخدمات التي يتم توفيرها لك.</p>\r\n\r\n<p dir=\"rtl\">&nbsp;&nbsp;- لتبقى على إطلاع كونك عميل لدينا فيما يتعلق بأمور مثل العقود المتداولة والأنشطة الأخرى في وفرة الخليجية للخدمات المالية لتنظيم وإدارة المنتجات والخدمات المقدمة لك.</p>\r\n\r\n<p dir=\"rtl\">&nbsp; - لأغراض التسويق، بما في ذلك ولكن لا تقتصر على توفير معلومات بشأن المنتجات والخدمات التي تقدمها وفرة الخليجية للخدمات المالية أو شركائها.</p>\r\n\r\n<p dir=\"rtl\">&nbsp; - في تطوير وفهم المنتجات والخدمات التي قد تكون مهتماً في الحصول عليها من وفرة الخليجية للخدمات المالية أو شركائها.</p>\r\n\r\n<p dir=\"rtl\">&nbsp; - لتزويدك بالمعلومات أو الفرص التي نعتقد أنها قد تكون ذات صلة بك.</p>\r\n\r\n<p dir=\"rtl\">&nbsp; - لتكييف الموقع للإحتياجات والمصالح الخاصة بك.</p>\r\n\r\n<p dir=\"rtl\">&nbsp; - لإنشاء البيانت الإحصائية الغير محددة الشخصية.</p>\r\n\r\n<p dir=\"rtl\">&nbsp;</p>\r\n\r\n<p dir=\"rtl\"><span style=\"font-size:16px\"><strong>&nbsp; لفرض الشروط و شروط التحكيم.</strong></span></p>\r\n\r\n<p dir=\"rtl\">إذا إعتقدت وفرة الخليجية للخدمات المالية أنك قد أخللت بشروط الإدارة والأحكام، أو إساءة إستعمال الحقوق الخاصة بك ﻹستخدام الخدمات، أو أداء أي فعل أو إغفال به والذي تعتقد وفرة الخليجية للخدمات المالية بأنة إانتهاك لأي قانون الواجب التطبيق أو القواعد أو اللوائح، ثم قد تقوم وفرة الخليجية للخدمات المالية بمشاركة المعلومات الخاصة بك مع وكالات إنفاذ القانون وغيرها من السلطات المختصة الأخرى ، وكذلك مع أطراف أخرى، كما قد يكون مطلوباً.</p>\r\n\r\n<p dir=\"rtl\">إذا طلب من وفرة الخليجية للخدمات المالية أو يعتقد أنه كان مطلوباً من قبل القانون لتبادل أو الكشف عن المعلومات الخاصة بك إلى السلطات الحكومية أو إلى أي طرف ثالث.</p>\r\n\r\n<p dir=\"rtl\">في أي حالة من النزاع، أو من الإجراءات القانونية من أي نوع بينك وبين وفرة الخليجية للخدمات المالية أو بينك وبين عملاء آخرين أو أطراف ثالثة فيما يتعلق، أو في العلاقة مع الخدمات التي تقدمها وفرة الخليجية للخدمات المالية.<br />\r\nإجراء المسوحات و الإستبيانات.<br />\r\nفي أي حال تعتقد فية وفرة الخليجية للخدمات المالية أن تبادل المعلومات أمر ضروري لمنع أذى جسدي وشيك أو أضرار في الممتلكات. إذا قامت وفرة الخليجية بتنظيم وتشغيل خدماتها في إطار مختلف، أو من خلال الهيكل القانوني أو كيان آخر، أو إذا تم حيازته من قبل وفرة الخليجية للخدمات المالية ، أو اندمجت مع كيان آخر، ولكن شريطة أن تتفق هذه الكيانات على اﻹلتزام بأحكام هذه السياسات، مع إدخال التغييرات الضرورية، التي تؤخذ بعين الاعتبار.<br />\r\nالبيانات الإحصائية<br />\r\nقد تجمع وفرة الخليجية للخدمات المالية بين معلوماتك الشخصية مع المعلومات الشخصية من المستخدمين الآخرين لهذا الموقع لخلق البيانات الإحصائية غير محددة الهوية لأغراض مراقبة وتحسين الخدمة،&nbsp;وفرة الخليجية للخدمات المالية توفر هذه البيانات الإحصائية لأطراف ثالثة،&nbsp;وتحت أي ظرف من الظروف لن يكون أي أحد قادراً &nbsp;على تحديد هويتك من هذه البيانات الإحصائية، وسوف تبقى مجهولاً.<br />\r\nتحديث المعلومات الخاصة بالعميل.<br />\r\nتستطيع إبلاغ وفرة الخليجية للخدمات المالية في أي وقت أن التفاصيل الشخصية الخاصة بك قد تغيرت أو إن كنت ترغب أن تقوم وفرة الخليجية للخدمات المالية بحذف المعلومات الشخصية التي نحتفظ بها عنك عن طريق إرسال بريد الإلكتروني لنا على info@wafragulf.com وسوف نقوم بتغيير أو حذف المعلومات الشخصية الخاصة بك وفقاً&nbsp;للتعليمات الخاصة بك، باستثناء إلى الحد الذي نحن مطالبون به من معلوماتك الشخصية لأغراض تنظيمية أو قانونية،</p>',NULL,NULL),(8,4,'سياسة الخصوصية و الأمن','en','<p dir=\"rtl\">تفسر سياسة الخصوصية والأمن هذه كيف تقوم وفرة الخليجية للخدمات المالية بجمع بيانات شخصية عنك وكيف تحافظ وتستخدم وتفصح عن تلك البيانات.<br />\r\nوتلتزم وفرة الخليجية للخدمات المالية بحماية خصوصية كافة المعلومات الشخصية التي يتم الحصول عليها منك، بما في ذلك المعلومات التي نحصل عليها من خلال زياراتك لهذا الموقع، و ستقوم وفرة الخليجية بإستخدام المعلومات الشخصية الخاصة بك وفقاً لسياسة الخصوصية والأمن هذه فقط.&nbsp;</p>\r\n\r\n<p dir=\"rtl\"><br />\r\nما هي المعلومات التي نقوم بجمعها منك؟<br />\r\nستقوم وفرة الخليجية للخدمات المالية بجمع وتخزين المعلومات الشخصية عنك، كما هو مطلوب قانونيا من أجل تقديم الخدمات الاستثمارية لك، وهذا يشمل من بين امور أخرى ، تاريخ ميلادك ، عنوانك ، صورة من بطاقة الهوية الخاصة بك ، جواز السفر او أي شكل آخر من أشكال الهوية ونسخة من فاتورة مرافق حديثة او اي دليل اخر من العناوين ، وقد نحصل على معلومات شخصية نتيجة لمصادقة الهوية او التحقق بما في ذلك التحقق امام وكالات المراجع الائتمانية (والذين قد يقوموا بالاحتفاظ بسجل من المعلومات ) لمنع الغش.<br />\r\nوتقوم وفرة الخليجية أيضا&rdquo; بجمع ومعالجة معلومات الشخصية الضرورية بالنسبة لنا لتزويدك بالخدمات التي نقدمها، وهذا يشمل معلومات عنك عند إكمال تطبيق على إنترنت أو أي نوع آخر من النماذج وعند تسجيل الدخول والتداول في حساب Market Equity Inc الخاص بك.<br />\r\nوفرة الخليجية للخدمات المالية قد تستمد أيضاًمعلومات عن إستخدامك لهذا الموقع وبرنامج منصة التداول للعملاء، ويمكن تخزين هذه المعلومات مع معلوماتك الشخصية،&nbsp;&nbsp;ويمكن أن تشمل هذه المعلومات موقع المناطق التي تمت زيارتها، الصفحات التي تم تصفحها، وتيرة ومدة الزيارات، عنوان بروتوكول الإنترنت (IP)، تحديد معلومات جهاز الكمبيوتر أو الهاتف النقال ، وأنواع من المعاملات التي أجريت، الوثائق التي تم تحميلها، نقرات الماوس، حركات الماوس، والنشاط والتمرير وكذلك النص الذي تكتبه في هذا الموقع والموقع الذي أحالك إلينا أو إلى المواقع التي قمت بربطها.</p>\r\n\r\n<p dir=\"rtl\"><br />\r\n<strong>كيف نستخدم المعلومات الشخصية ؟</strong><br />\r\nتقوم وفرة الخليجية للخدمات المالية باستخدام معلوماتك الشخصية وتقاسمها مع الشركاء ، المقاولين ، مقدمي الخدمات ، معالجة المعاملات، ، المستشارين ، الشركات التابعة والمنتسبة لشركة وفرة الخليجية للخدمات المالية (بما في ذلك ولا يقتصر على الشركات الأم ، الأخت والفرعية في مجموعة و فرة الخليجية للخدمات المالية ) (الشركاء)، للأغراض التالية فقط أو تخضع لموافقة صريحة:</p>\r\n\r\n<p dir=\"rtl\">&nbsp; - تقديم الخدمات التي قد طلبتها بما في ذلك معالجة المعاملات.</p>\r\n\r\n<p dir=\"rtl\">&nbsp;&nbsp;- للتأكد من هويتك.</p>\r\n\r\n<p dir=\"rtl\">&nbsp; &nbsp;- لادارة حسابك.</p>\r\n\r\n<p dir=\"rtl\">&nbsp; - للحفاظ على ملف التعريف الشخصي الخاص بك.</p>\r\n\r\n<p dir=\"rtl\">&nbsp; -&nbsp; للإتصال بك عند الضرورة أو المناسبة، فيما يتعلق بالخدمات التي يتم توفيرها لك.</p>\r\n\r\n<p dir=\"rtl\">&nbsp;&nbsp;- لتبقى على إطلاع كونك عميل لدينا فيما يتعلق بأمور مثل العقود المتداولة والأنشطة الأخرى في وفرة الخليجية للخدمات المالية لتنظيم وإدارة المنتجات والخدمات المقدمة لك.</p>\r\n\r\n<p dir=\"rtl\">&nbsp; - لأغراض التسويق، بما في ذلك ولكن لا تقتصر على توفير معلومات بشأن المنتجات والخدمات التي تقدمها وفرة الخليجية للخدمات المالية أو شركائها.</p>\r\n\r\n<p dir=\"rtl\">&nbsp; - في تطوير وفهم المنتجات والخدمات التي قد تكون مهتماً في الحصول عليها من وفرة الخليجية للخدمات المالية أو شركائها.</p>\r\n\r\n<p dir=\"rtl\">&nbsp; - لتزويدك بالمعلومات أو الفرص التي نعتقد أنها قد تكون ذات صلة بك.</p>\r\n\r\n<p dir=\"rtl\">&nbsp; - لتكييف الموقع للإحتياجات والمصالح الخاصة بك.</p>\r\n\r\n<p dir=\"rtl\">&nbsp; - لإنشاء البيانت الإحصائية الغير محددة الشخصية.</p>\r\n\r\n<p dir=\"rtl\">&nbsp; - لفرض الشروط و شروط التحكيم.</p>\r\n\r\n<p dir=\"rtl\">&nbsp;</p>\r\n\r\n<p dir=\"rtl\">إذا إعتقدت وفرة الخليجية للخدمات المالية أنك قد أخللت بشروط الإدارة والأحكام، أو إساءة إستعمال الحقوق الخاصة بك ﻹستخدام الخدمات، أو أداء أي فعل أو إغفال به والذي تعتقد وفرة الخليجية للخدمات المالية بأنة إانتهاك لأي قانون الواجب التطبيق أو القواعد أو اللوائح، ثم قد تقوم وفرة الخليجية للخدمات المالية بمشاركة المعلومات الخاصة بك مع وكالات إنفاذ القانون وغيرها من السلطات المختصة الأخرى ، وكذلك مع أطراف أخرى، كما قد يكون مطلوباً.</p>\r\n\r\n<p dir=\"rtl\">إذا طلب من وفرة الخليجية للخدمات المالية أو يعتقد أنه كان مطلوباً من قبل القانون لتبادل أو الكشف عن المعلومات الخاصة بك إلى السلطات الحكومية أو إلى أي طرف ثالث.</p>\r\n\r\n<p dir=\"rtl\">في أي حالة من النزاع، أو من الإجراءات القانونية من أي نوع بينك وبين وفرة الخليجية للخدمات المالية أو بينك وبين عملاء آخرين أو أطراف ثالثة فيما يتعلق، أو في العلاقة مع الخدمات التي تقدمها وفرة الخليجية للخدمات المالية.<br />\r\nإجراء المسوحات و الإستبيانات.<br />\r\nفي أي حال تعتقد فية وفرة الخليجية للخدمات المالية أن تبادل المعلومات أمر ضروري لمنع أذى جسدي وشيك أو أضرار في الممتلكات. إذا قامت وفرة الخليجية بتنظيم وتشغيل خدماتها في إطار مختلف، أو من خلال الهيكل القانوني أو كيان آخر، أو إذا تم حيازته من قبل وفرة الخليجية للخدمات المالية ، أو اندمجت مع كيان آخر، ولكن شريطة أن تتفق هذه الكيانات على اﻹلتزام بأحكام هذه السياسات، مع إدخال التغييرات الضرورية، التي تؤخذ بعين الاعتبار.<br />\r\nالبيانات الإحصائية<br />\r\nقد تجمع وفرة الخليجية للخدمات المالية بين معلوماتك الشخصية مع المعلومات الشخصية من المستخدمين الآخرين لهذا الموقع لخلق البيانات الإحصائية غير محددة الهوية لأغراض مراقبة وتحسين الخدمة،&nbsp;وفرة الخليجية للخدمات المالية توفر هذه البيانات الإحصائية لأطراف ثالثة،&nbsp;وتحت أي ظرف من الظروف لن يكون أي أحد قادراً &nbsp;على تحديد هويتك من هذه البيانات الإحصائية، وسوف تبقى مجهولاً.<br />\r\nتحديث المعلومات الخاصة بالعميل.<br />\r\nتستطيع إبلاغ وفرة الخليجية للخدمات المالية في أي وقت أن التفاصيل الشخصية الخاصة بك قد تغيرت أو إن كنت ترغب أن تقوم وفرة الخليجية للخدمات المالية بحذف المعلومات الشخصية التي نحتفظ بها عنك عن طريق إرسال بريد الإلكتروني لنا على info@wafragulf.com وسوف نقوم بتغيير أو حذف المعلومات الشخصية الخاصة بك وفقاً&nbsp;للتعليمات الخاصة بك، باستثناء إلى الحد الذي نحن مطالبون به من معلوماتك الشخصية لأغراض تنظيمية أو قانونية،</p>',NULL,NULL),(9,5,'إخلاء المسؤولية','ar','<h4 dir=\"rtl\"><strong><span style=\"font-size:16px\">سياسة الخصوصية </span></strong></h4>\r\n\r\n<h4 dir=\"rtl\"><span style=\"font-size:14px\">نظراً للمعلومات والمواد التي يذكرها هذا القسم ،&nbsp;فإن العميل يؤكد من انه ليس من الدول الممنوعة او المقيدة في التداول بالأسواق العالمية ، وتوافق على انك لن ترسل اي معلـومات على هذا الموقع او منشورات الى أي من الدول المقيدة في التداول.</span></h4>\r\n\r\n<h4 dir=\"rtl\"><br />\r\n<strong><span style=\"font-size:16px\">مسؤولية المعلومات</span></strong><br />\r\n<span style=\"font-size:14px\">المعلومات الواردة في هذا الموقع غير موجهة إلى الأشخاص في البلدان المحظورة أو المقيدة والمعلومات المقدمة صحيحة و صادقة &nbsp;ليست موجهة أو تهدف إلى تسويق الأشخاص في البلدان المقيدة وأنها ليست عرضاً&nbsp;عاماً.</span></h4>\r\n\r\n<h4 dir=\"rtl\"><br />\r\n<span style=\"font-size:16px\"><strong>يرجى قراءة هذا التنبية بعناية</strong></span><br />\r\n<span style=\"font-size:14px\">ينطبق هذا على أي شخص أو جميع الأشخاص الذين يتصفحون هذا الموقع، ويمكن أيضاً&nbsp;تعديل إخلاء المسؤولية الموضح أدناه في أي وقت أو تغييره أو تحديثه ، ومن الضروري أن تقرأه في كل مرة تزور فيها الموقع.</span></h4>\r\n\r\n<h4 dir=\"rtl\"><br />\r\n<span style=\"font-size:16px\"><strong>الأشخاص الخارجيون</strong></span><br />\r\n<span style=\"font-size:14px\">قد تكون المعلومات أو المواد التي تسعى للوصول إليها غير قانونية في بعض البلدان المحظورة أو المقيدة قانونًا ، ولا يمكن عرض هذه المعلومات أو المواد إلا لفئات معينة من الأشخاص لذلك يجب على الشخص الذي يرغب في الوصول إلى هذه المواد أو المعلومات أو التجارة من خلال هذا الموقع أولاً أن يثبت أنه لا يخضع لأي متطلبات قانونية محلية تمنعه أو تقيده من القيام بذلك ومن خلال الوصول إلى هذا الموقع ، والبيانات والمواد المقدمة فيه ، إنه تأكيد منك على أنه بموجب قوانين وأنظمة بلدك ، فأنت لست من دول محظورة أو محظورة ، ويسمح لك بالوصول إلى البيانات أو المواد المعروضة على هذا الموقع أو التداول في أو من خلال شركة وفرة الخليجية للخدمات المالية.</span></h4>\r\n\r\n<h4 dir=\"rtl\"><br />\r\n<span style=\"font-size:16px\"><strong>أساس الوصول</strong></span><br />\r\n<span style=\"font-size:14px\">لن تسمح شركة وفرة الخليجية للخدمات المالية بفتح حساب مع أي شخص مقيم في ولاية قضائية محظورة أو مقيدة في أي دولة إذا كان على علم بذلك وفي جميع الحالات يجب على العميل التأكد من ذلك لأنه مسؤول تماماً عن أي أضرار أو تعويض نتيجة ذلك،&nbsp;&nbsp;وكما نعلم أن الوصول إلى موقعنا أو التداول معنا محظور بموجب القوانين أو اللوائح القضائية السارية في تلك البلدان.</span></h4>\r\n\r\n<h4 dir=\"rtl\"><br />\r\n<span style=\"font-size:16px\"><strong>تحذير المخاطر</strong></span><br />\r\n<span style=\"font-size:14px\">إن التداول في الأدوات المالية يحمل درجة عالية من المخاطر وسيؤدي إلى خسارة كل رأس المال المستثمر فا لن يكون مناسب لجميع المستثمرين، يرجى التأكد من أنك تفهم أهدافك الاستثمارية ، ومستوى الخبرة ، والرغبة في المخاطرة ، واطلب المشورة من مستشار مالي مستقل ، إذا لزم الأمر.</span></h4>\r\n\r\n<p dir=\"rtl\" style=\"text-align:center\">&nbsp;</p>',NULL,NULL),(10,5,'إخلاء المسؤولية','en','<h4 dir=\"rtl\"><strong><span style=\"font-size:16px\">سياسة الخصوصية </span></strong></h4>\r\n\r\n<h4 dir=\"rtl\"><span style=\"font-size:14px\">نظراً للمعلومات والمواد التي يذكرها هذا القسم ،&nbsp;فإن العميل يؤكد من انه ليس من الدول الممنوعة او المقيدة في التداول بالأسواق العالمية ، وتوافق على انك لن ترسل اي معلـومات على هذا الموقع او منشورات الى أي من الدول المقيدة في التداول.</span></h4>\r\n\r\n<h4 dir=\"rtl\"><br />\r\n<strong><span style=\"font-size:16px\">مسؤولية المعلومات</span></strong><br />\r\n<span style=\"font-size:14px\">المعلومات الواردة في هذا الموقع غير موجهة إلى الأشخاص في البلدان المحظورة أو المقيدة والمعلومات المقدمة صحيحة و صادقة &nbsp;ليست موجهة أو تهدف إلى تسويق الأشخاص في البلدان المقيدة وأنها ليست عرضاً&nbsp;عاماً.</span></h4>\r\n\r\n<h4 dir=\"rtl\"><br />\r\n<span style=\"font-size:16px\"><strong>يرجى قراءة هذا التنبية بعناية</strong></span><br />\r\n<span style=\"font-size:14px\">ينطبق هذا على أي شخص أو جميع الأشخاص الذين يتصفحون هذا الموقع، ويمكن أيضاً&nbsp;تعديل إخلاء المسؤولية الموضح أدناه في أي وقت أو تغييره أو تحديثه ، ومن الضروري أن تقرأه في كل مرة تزور فيها الموقع.</span></h4>\r\n\r\n<h4 dir=\"rtl\"><br />\r\n<span style=\"font-size:16px\"><strong>الأشخاص الخارجيون</strong></span><br />\r\n<span style=\"font-size:14px\">قد تكون المعلومات أو المواد التي تسعى للوصول إليها غير قانونية في بعض البلدان المحظورة أو المقيدة قانونًا ، ولا يمكن عرض هذه المعلومات أو المواد إلا لفئات معينة من الأشخاص لذلك يجب على الشخص الذي يرغب في الوصول إلى هذه المواد أو المعلومات أو التجارة من خلال هذا الموقع أولاً أن يثبت أنه لا يخضع لأي متطلبات قانونية محلية تمنعه أو تقيده من القيام بذلك ومن خلال الوصول إلى هذا الموقع ، والبيانات والمواد المقدمة فيه ، إنه تأكيد منك على أنه بموجب قوانين وأنظمة بلدك ، فأنت لست من دول محظورة أو محظورة ، ويسمح لك بالوصول إلى البيانات أو المواد المعروضة على هذا الموقع أو التداول في أو من خلال شركة وفرة الخليجية للخدمات المالية.</span></h4>\r\n\r\n<h4 dir=\"rtl\"><br />\r\n<span style=\"font-size:16px\"><strong>أساس الوصول</strong></span><br />\r\n<span style=\"font-size:14px\">لن تسمح شركة وفرة الخليجية للخدمات المالية بفتح حساب مع أي شخص مقيم في ولاية قضائية محظورة أو مقيدة في أي دولة إذا كان على علم بذلك وفي جميع الحالات يجب على العميل التأكد من ذلك لأنه مسؤول تماماً عن أي أضرار أو تعويض نتيجة ذلك،&nbsp;&nbsp;وكما نعلم أن الوصول إلى موقعنا أو التداول معنا محظور بموجب القوانين أو اللوائح القضائية السارية في تلك البلدان.</span></h4>\r\n\r\n<h4 dir=\"rtl\"><br />\r\n<span style=\"font-size:16px\"><strong>تحذير المخاطر</strong></span><br />\r\n<span style=\"font-size:14px\">إن التداول في الأدوات المالية يحمل درجة عالية من المخاطر وسيؤدي إلى خسارة كل رأس المال المستثمر فا لن يكون مناسب لجميع المستثمرين، يرجى التأكد من أنك تفهم أهدافك الاستثمارية ، ومستوى الخبرة ، والرغبة في المخاطرة ، واطلب المشورة من مستشار مالي مستقل ، إذا لزم الأمر.</span></h4>',NULL,NULL),(11,6,'الشروط و الأحكام','ar','<h4 dir=\"rtl\"><span style=\"font-size:16px\"><strong>المعلومات القانونية وملكية الموقع</strong></span><br />\r\n<span style=\"font-size:14px\">يقع المقر الرئيسي شركة وفرة الخليجية للخدمات المالية الكويت - الشرق - شارع احمد الجابر - برج الشرق &nbsp;وهي شركة مرخصة من قبل وزارة التجارة والصناعة بدولة الكويت&nbsp;<br />\r\nالوصول إلى و إستخدام الموقع وإخلاء المسؤولية<br />\r\nمن خلال الدخول إلى و / أو إستخدام الموقع الإلكتروني والخدمات المقدمة ، يوافق المستخدم على الإلتزام بالشروط والأحكام الواردة في أي وقت وفي أي مكان،&nbsp;تحتفظ الشركة بحق إستخدام سلطتها التقديرية لتعليق أو تعديل و/ أو إلغاء أي دخول إلى الموقع ، أو إلى أي جزء منه ، بما في ذلك المنتجات و/ أو الخدمات المقدمة من خلال الموقع،&nbsp;&nbsp;قد تقوم الشركة بتغيير الشروط والأحكام والمعلومات و / أو المواد داخل الموقع في أي وقت ودون إشعار مسبق للمستخدم ، وبالتالي يكون المستخدم على إطلاع دائم بجميع المعلومات و / أو التغييرات التي قد تحدث على الموقع.<br />\r\nيتحمل المستخدم المسؤولية لضمان الإلتزام بالقوانين واللوائح والأنظمة والتعليمات السارية في بلد المستخدم،&nbsp;يعتبر مستخدم الموقع مسؤولاً عن أي إستخدام غير مصرح به للموقع الإلكتروني و / أو أي فعل (أفعال) غير قانونية تتعلق بـالموقع.</span></h4>\r\n\r\n<h4 dir=\"rtl\"><br />\r\n<span style=\"font-size:14px\">يدرك المستخدم ويوافق على أن الموقع الإلكتروني لا يمثل عرضا لشراء و / أو لبيع أي منتج (منتجات) و / أو خدمة (خدمات) ، لأي شخص (أشخاص) و / أو كيانات ، في أي ولاية قضائية ، حيث يعتبر هذا المنتج (المنتجات) و / أو الخدمة (الخدمات) غير قانوني / محظور ، بموجب قوانين هذه الولاية المحددة. وبالتالي ، تقع على المستخدم مسؤولية الإمتثال لهذا القانون (القوانين) في الولاية (السلطات) المختصة ، وفي مثل هذه الحالات ، فإن المستخدم سيجعل الشركة غير مسؤولة عن النتيجة /(النتائج) أو الضرر أو(الأضرار) التي قد تحدث نتيجة و / أو ناشئة عن هذا الحظر.&nbsp;<br />\r\nيمكن أن يؤدي التداول في الأدوات المالية إلى خسائر وأرباح ، كما يمكن خسارة الإستثمار (الإستثمارات).قبل الإستثمار ، يجب على المستخدم النظر في الموارد المتاحة ، ومستوى الخبرة والخطر( المخاطر) المعنية ، وله حريةالحصول على الإستشارة المالية / الضريبية / القانونية. لا تقدم الشركة و / أو تبيع منتجاتها و / أو خدماتها إلى المواطنين و / أو المقيمين في الولايات المتحدة الأمريكية والدول الأعضاء في الإتحاد الأوروبي.<br />\r\nلا تضمن الشركة أن الوصول إلى الموقع و / أو أي منتج (منتجات) و / أو خدمة (خدمات) سيكون متاحًا في جميع الأوقات ، أو في أي ولاية قضائية في أي وقت محدد. لن تكون الشركة مسؤولة عن أي أضرار تبعية أو عرضية أو خاصة أو تأديبية أو نموذجية من أي نوع ، تنشأ عن أي إستخدام و / أو عدم القدرة على إستخدام الموقع و / أو أي منتج (منتجات) و / أو الخدمة (الخدمات) ، ولن تتحمل الشركة مسؤولية المستخدم عن أي أرباح مفقودة أو خسائر في التداول أو أضرار قد تنتج عن إستخدام و / أو فقدان إستخدام الموقع و / أو محتوى طرف ثالث ، أو أي إزعاج و / أو التأخير ، بما في ذلك أي خسارة ناتجة عن سبب لا تملك الشركة السيطرة عليه ، بما في ذلك عطل في خطوط الإتصال. من خلال إستخدام الموقع الإلكتروني ، يوافق المستخدم على تعويض الشركة ومقدميها و / أو الجهات الخارجية (إن وجدت) ، والضرر من أو ضد أي وجميع المطالبات والخسائر والمطلوبات والتكاليف والمصروفات (بما في ذلك على سبيل المثال لا الحصر أتعاب المحاماة ) الناشئة عن إستخدام الموقع الإلكتروني و / أو أي إنتهاك للشروط والأحكام.<br />\r\nيُحظر تمامًا التداول من الداخل و / أو أي شكل آخر من أشكال إساءة إستخدام السوق ، وينتج عن أي إجراء من هذا القبيل التعليق الفوري للأنشطة. تحتفظ الشركة بالحق في الإبلاغ عن مثل هذه الأنشطة للسلطات والكشف عن المعلومات فيما يتعلق بهذا الفعل (الأفعال) و / أو بخصوص أي إستخدام مشبوه و / أو إساءة إستخدام للموقع والخدمة (الخدمات) ، والمنتج (المنتجات) و / أو أي منصة(منصات) والمقدمة من خلال الموقع .</span></h4>\r\n\r\n<h4 dir=\"rtl\"><br />\r\n<span style=\"font-size:16px\"><strong>البيانات والسرية</strong></span><br />\r\n<span style=\"font-size:14px\">البيانات المقدمة عبر الموقع الإلكتروني مخصصة لأغراض الإستخدام المعلوماتي والشخصي فقط. يجوز للمستخدم الحصول على المشورة من مستشارين مستقلين ومستشارين ماليين وقانونيين ومستشاري الضرائب ، إذا رغب في ذلك قبل الشروع في الإستثمار. يجب عدم قراءة أو تفسير أو تحليل جميع المعلومات المقدمة عبر الموقع الإلكتروني على أنها تقدم أي مشورة إستثمارية و / أو تطلب من قبل الشركة وموظفيها ومديريها والشركات التابعة لها ووكلائها ومقدميها (مقدمي الخدمات) و / أو المرخص لهم . لا يأخذ هذا الموقع في الإعتبار أي أهداف إستثمارية أو أوضاع مالية و / أو متطلبات محددة لأي مستخدم. يجب على أي شخص و / أو كيان أن يفكر بعناية في ظروفه المالية قبل الدخول في أي معاملة (معاملات) ، أو إستثمار إستثمارات) و / أو إتفاقية (إتفاقيات).<br />\r\nيتفهم المستخدم ويوافق على تخزين البيانات ومعالجتها وفقًا للقوانين المعمول بها ، وأن الشركة تتعامل مع هذه البيانات بسرية تامة ما لم يتطلب الأمر الإفصاح عنها من قبل هيئات الإشراف أو السلطات المختصة أو أمر من المحكمة أو طلب قانوني أو إلتزام قانوني يعرض الشركة للقيام بهذا الإفصاح.<br />\r\nيكون المستخدم مسؤولاً ويتحمل جميع المخاطر المرتبطة بإستخدام وتخزين المعلومات على الجهاز / الأجهزة الإلكترونية للمستخدم التي يتم عبرها الوصول إلى الموقع وإستخدامه.<br />\r\nيتحمل المستخدم مسؤولية الحفاظ على سرية أي أرقام للحسابات و / أو كلمات مرور و / أو تسجيلات الدخول في جميع الأوقات. يخول المستخدم الشركة التصرف بشأن أي تعليمات تم تلقيها من عنوان البريد الإلكتروني المصرح به.</span></h4>\r\n\r\n<h4 dir=\"rtl\"><br />\r\n<span style=\"font-size:16px\"><strong>ملفات تعريف الإرتباط</strong></span><br />\r\n<span style=\"font-size:14px\">يجوز للشركة إستخدام &quot;ملفات تعريف الإرتباط&quot;&nbsp;، وهي عبارة عن ملفات دقيقة تحتوي على معلومات يستخدمها الموقع الإلكتروني لتتبع زوار الموقع،&nbsp;تقيس الشركة نشاط الموقع من خلال إستخدام &quot;ملفات تعريف الإرتباط&quot;. يجوز للشركة الدخول إلى ملفات تعريف الإرتباط على جهاز الكمبيوتر الخاص بالمستخدم للحصول على معلومات تتعلق بالموقع الإلكتروني والإعلانات التي توجه المستخدم إلى موقع الشركة.</span></h4>',NULL,NULL),(12,6,'الشروط و الأحكام','en','<h4 dir=\"rtl\"><span style=\"font-size:16px\"><strong>المعلومات القانونية وملكية الموقع</strong></span><br />\r\n<span style=\"font-size:14px\">يقع المقر الرئيسي شركة وفرة الخليجية للخدمات المالية الكويت - الشرق - شارع احمد الجابر - برج الشرق &nbsp;وهي شركة مرخصة من قبل وزارة التجارة والصناعة بدولة الكويت&nbsp;<br />\r\nالوصول إلى و إستخدام الموقع وإخلاء المسؤولية<br />\r\nمن خلال الدخول إلى و / أو إستخدام الموقع الإلكتروني والخدمات المقدمة ، يوافق المستخدم على الإلتزام بالشروط والأحكام الواردة في أي وقت وفي أي مكان،&nbsp;تحتفظ الشركة بحق إستخدام سلطتها التقديرية لتعليق أو تعديل و/ أو إلغاء أي دخول إلى الموقع ، أو إلى أي جزء منه ، بما في ذلك المنتجات و/ أو الخدمات المقدمة من خلال الموقع،&nbsp;&nbsp;قد تقوم الشركة بتغيير الشروط والأحكام والمعلومات و / أو المواد داخل الموقع في أي وقت ودون إشعار مسبق للمستخدم ، وبالتالي يكون المستخدم على إطلاع دائم بجميع المعلومات و / أو التغييرات التي قد تحدث على الموقع.<br />\r\nيتحمل المستخدم المسؤولية لضمان الإلتزام بالقوانين واللوائح والأنظمة والتعليمات السارية في بلد المستخدم،&nbsp;يعتبر مستخدم الموقع مسؤولاً عن أي إستخدام غير مصرح به للموقع الإلكتروني و / أو أي فعل (أفعال) غير قانونية تتعلق بـالموقع.</span></h4>\r\n\r\n<h4 dir=\"rtl\"><br />\r\n<span style=\"font-size:14px\">يدرك المستخدم ويوافق على أن الموقع الإلكتروني لا يمثل عرضا لشراء و / أو لبيع أي منتج (منتجات) و / أو خدمة (خدمات) ، لأي شخص (أشخاص) و / أو كيانات ، في أي ولاية قضائية ، حيث يعتبر هذا المنتج (المنتجات) و / أو الخدمة (الخدمات) غير قانوني / محظور ، بموجب قوانين هذه الولاية المحددة. وبالتالي ، تقع على المستخدم مسؤولية الإمتثال لهذا القانون (القوانين) في الولاية (السلطات) المختصة ، وفي مثل هذه الحالات ، فإن المستخدم سيجعل الشركة غير مسؤولة عن النتيجة /(النتائج) أو الضرر أو(الأضرار) التي قد تحدث نتيجة و / أو ناشئة عن هذا الحظر.&nbsp;<br />\r\nيمكن أن يؤدي التداول في الأدوات المالية إلى خسائر وأرباح ، كما يمكن خسارة الإستثمار (الإستثمارات).قبل الإستثمار ، يجب على المستخدم النظر في الموارد المتاحة ، ومستوى الخبرة والخطر( المخاطر) المعنية ، وله حريةالحصول على الإستشارة المالية / الضريبية / القانونية. لا تقدم الشركة و / أو تبيع منتجاتها و / أو خدماتها إلى المواطنين و / أو المقيمين في الولايات المتحدة الأمريكية والدول الأعضاء في الإتحاد الأوروبي.<br />\r\nلا تضمن الشركة أن الوصول إلى الموقع و / أو أي منتج (منتجات) و / أو خدمة (خدمات) سيكون متاحًا في جميع الأوقات ، أو في أي ولاية قضائية في أي وقت محدد. لن تكون الشركة مسؤولة عن أي أضرار تبعية أو عرضية أو خاصة أو تأديبية أو نموذجية من أي نوع ، تنشأ عن أي إستخدام و / أو عدم القدرة على إستخدام الموقع و / أو أي منتج (منتجات) و / أو الخدمة (الخدمات) ، ولن تتحمل الشركة مسؤولية المستخدم عن أي أرباح مفقودة أو خسائر في التداول أو أضرار قد تنتج عن إستخدام و / أو فقدان إستخدام الموقع و / أو محتوى طرف ثالث ، أو أي إزعاج و / أو التأخير ، بما في ذلك أي خسارة ناتجة عن سبب لا تملك الشركة السيطرة عليه ، بما في ذلك عطل في خطوط الإتصال. من خلال إستخدام الموقع الإلكتروني ، يوافق المستخدم على تعويض الشركة ومقدميها و / أو الجهات الخارجية (إن وجدت) ، والضرر من أو ضد أي وجميع المطالبات والخسائر والمطلوبات والتكاليف والمصروفات (بما في ذلك على سبيل المثال لا الحصر أتعاب المحاماة ) الناشئة عن إستخدام الموقع الإلكتروني و / أو أي إنتهاك للشروط والأحكام.<br />\r\nيُحظر تمامًا التداول من الداخل و / أو أي شكل آخر من أشكال إساءة إستخدام السوق ، وينتج عن أي إجراء من هذا القبيل التعليق الفوري للأنشطة. تحتفظ الشركة بالحق في الإبلاغ عن مثل هذه الأنشطة للسلطات والكشف عن المعلومات فيما يتعلق بهذا الفعل (الأفعال) و / أو بخصوص أي إستخدام مشبوه و / أو إساءة إستخدام للموقع والخدمة (الخدمات) ، والمنتج (المنتجات) و / أو أي منصة(منصات) والمقدمة من خلال الموقع .</span></h4>\r\n\r\n<h4 dir=\"rtl\"><br />\r\n<span style=\"font-size:16px\"><strong>البيانات والسرية</strong></span><br />\r\n<span style=\"font-size:14px\">البيانات المقدمة عبر الموقع الإلكتروني مخصصة لأغراض الإستخدام المعلوماتي والشخصي فقط. يجوز للمستخدم الحصول على المشورة من مستشارين مستقلين ومستشارين ماليين وقانونيين ومستشاري الضرائب ، إذا رغب في ذلك قبل الشروع في الإستثمار. يجب عدم قراءة أو تفسير أو تحليل جميع المعلومات المقدمة عبر الموقع الإلكتروني على أنها تقدم أي مشورة إستثمارية و / أو تطلب من قبل الشركة وموظفيها ومديريها والشركات التابعة لها ووكلائها ومقدميها (مقدمي الخدمات) و / أو المرخص لهم . لا يأخذ هذا الموقع في الإعتبار أي أهداف إستثمارية أو أوضاع مالية و / أو متطلبات محددة لأي مستخدم. يجب على أي شخص و / أو كيان أن يفكر بعناية في ظروفه المالية قبل الدخول في أي معاملة (معاملات) ، أو إستثمار إستثمارات) و / أو إتفاقية (إتفاقيات).<br />\r\nيتفهم المستخدم ويوافق على تخزين البيانات ومعالجتها وفقًا للقوانين المعمول بها ، وأن الشركة تتعامل مع هذه البيانات بسرية تامة ما لم يتطلب الأمر الإفصاح عنها من قبل هيئات الإشراف أو السلطات المختصة أو أمر من المحكمة أو طلب قانوني أو إلتزام قانوني يعرض الشركة للقيام بهذا الإفصاح.<br />\r\nيكون المستخدم مسؤولاً ويتحمل جميع المخاطر المرتبطة بإستخدام وتخزين المعلومات على الجهاز / الأجهزة الإلكترونية للمستخدم التي يتم عبرها الوصول إلى الموقع وإستخدامه.<br />\r\nيتحمل المستخدم مسؤولية الحفاظ على سرية أي أرقام للحسابات و / أو كلمات مرور و / أو تسجيلات الدخول في جميع الأوقات. يخول المستخدم الشركة التصرف بشأن أي تعليمات تم تلقيها من عنوان البريد الإلكتروني المصرح به.</span></h4>\r\n\r\n<h4 dir=\"rtl\"><br />\r\n<span style=\"font-size:16px\"><strong>ملفات تعريف الإرتباط</strong></span><br />\r\n<span style=\"font-size:14px\">يجوز للشركة إستخدام &quot;ملفات تعريف الإرتباط&quot;&nbsp;، وهي عبارة عن ملفات دقيقة تحتوي على معلومات يستخدمها الموقع الإلكتروني لتتبع زوار الموقع،&nbsp;تقيس الشركة نشاط الموقع من خلال إستخدام &quot;ملفات تعريف الإرتباط&quot;. يجوز للشركة الدخول إلى ملفات تعريف الإرتباط على جهاز الكمبيوتر الخاص بالمستخدم للحصول على معلومات تتعلق بالموقع الإلكتروني والإعلانات التي توجه المستخدم إلى موقع الشركة.</span></h4>',NULL,NULL),(13,7,'سياسة و تنفيذ الأوامر','ar','<p dir=\"rtl\">التداول في الفوركس ليس مناسباً لكثير من الأفراد،&nbsp;وهناك احتمال أن تتعرض لخسارة بعض أو كل رؤوس الأموال المستخدمة لمثل هذه المعاملات المالية، فمن الأفضل أن تنظر بعناية ما إذا كان تداول الفوركس مناسباً لك في ضوء أهدافك والموارد المالية المتاحة مع أي ظرف من الظروف الأخرى ذات الصلة،&nbsp;و يجب أن تتفهم كل المخاطر التي تنطوي على التداول في الفوركس وإذا لزم الأمر أن تسعى للحصول على مشورة مستقلة.<br />\r\nالدخول في أي معاملات للفوركس ينفذ طوعاً وعلى مسؤوليتك الخاصة، حيث ينطوي التداول على مخاطر عالية والربح ليس مضموناً لأن الأرقام السابقة&nbsp;لتاريخ الأداء لا يمكن تأكيد أنها ستتكرر لتمثل النتائج المستقبلية.<br />\r\nوتتمثل المخاطر الكبيرة أنه يمكن خسارة كل أو بعض من رأس المال المستثمر، وكذلك أن الإستثمار في الفوركس يحمل درجة عالية من المخاطر فالأموال التي يتم استثمارها قد لا تستمر على نفس القيمة، ومع ذلك و في نفس الوقت، يوجد احتمال أن تتحقق أرباح.<br />\r\nنظام التداول الإلكتروني ينطوي على مخاطر عالية وهى مرتبطة بنظام الإنترنت،( بما في ذلك على سبيل المثال لا الحصر ) خلل الأجهزة الإلكترونية و / أو البرامج،&nbsp;&nbsp;وقد يحدث نتيجة لذلك أن يتأخر تنفيذ أوامر التداول أو لا يتم تنفيذها على الإطلاق، جميع المعاملات هي على مسؤوليتك تحت جميع الظروف،&nbsp;&nbsp;لن يتم اعتبار شركة وفرة الخليجية للخدمات المالية مسؤولة عن أي تأخير في النقل، والتسليم أو التنفيذ للأوامر الخاصة بك بسبب أعطال الإتصالات أو لأسباب أخرى.<br />\r\nإن ظروف عمل السوق و قواعد التعامل لأسواق معينة وساعات التداول، وساعات عمل غرف التداول، كل هذه المتغيرات قد تزيد من مخاطر الخسارة بسبب صعوبة إجراء العمليات أو تصفية / تعويض المراكز المفتوحة،&nbsp;&nbsp;قد تكون الشركة غير قادرة على تنفيذ العمليات الخاصة بك على المستوى المطلوب.</p>\r\n\r\n<p dir=\"rtl\"><br />\r\nالتداول بالفوركس يحمل درجة عالية من المخاطر التي يمكن أن تعمل على حد سواء، لصالحك أو غير ذلك.<br />\r\nفي حالات محددة، قد يحدث أن تتأثر عمليات الحماية لأموالك المستخدمة في أغراض التداول، و ذلك في حالة التعثر المالي أو الإفلاس للشركة، تتحكم تشريعات محددة و قواعد محلية في المدى الذي قد يمكنك من خلاله إسترداد المال أو الحصول على تعويض، في بعض السلطات القضائية، فإن الممتلكات أو الأموال التي تم تحديدها كملكية الخاص بك، يمكن أن يتم إعتمادها بنفس القيمة النقدية لأغراض التوزيع في حالة حدوث عجز ما.<br />\r\nعليك أن تدرك أن العمولات و بعض الرسوم الأخرى قد تكون قابلة للتطبيق، و على هذا النحو فإن هذه الرسوم ستؤثر بخفض الأرباح ( إن وجدت )، أو زيادة الخسائر. قبل التداول في الفوركس، يجب عليك أن تتعرف على كل الرسوم المطلوبة، سواء كانت محددة سلفاً أو متغيرة.<br />\r\nعليك أن تدرك أن الربح أو الخسارة لعمليات تداول العقود المقومة بالعملات الأجنبية يمكن أن تتأثر بالتقلبات في أسعار صرف هذه العملات و ذلك عندما تكون هناك حاجة لتحويل العملة إلى عملة أخرى.<br />\r\nجميع المعاملات التي تتم لحسابك هي على مسؤوليتك وحدك تحت جميع الظروف، لن يتم إعتبار شركة وفرة الخليجية للخدمات المالية مسؤولة عن أي تأخير في النقل، و التسليم أو التنفيذ للأوامر الخاصة بك بسبب أعطال الإتصالات أو لأسباب أخرى.<br />\r\nيجوز للشركة، و من وجهة نظرها تحديد وجود حالة طوارئ أو حالة إستثنائية للسوق ( قوة قهرية ) بما في ذلك على سبيل المثال لا الحصر أي إضراب أو أعمال الشغب أو إضطرابات أو إنقطاع التيار الكهربائي أو تعطل المعدات الإلكترونية أو الإتصالات.<br />\r\nعليك أن تتفهم أن هناك إحتمال أن يخضع التداول بالفوركس للضريبة و/أو أي إستقطاعات أخرى قابلة للتطبيق إذا شملتها القوانين و التشريعات و التي سوف تصبح من مؤوليتك للقيام بها.<br />\r\nلا توفر &quot; شركة وفرة الخليجية للخدمات المالية &quot; نصائح شخصية أو توصيات محددة في مجال التداول، لا تستند المعلومات التي يتم توفيرها من قبل ممثلينا أو بواسطة منتجاتنا و خدماتنا إلى هدف إستثماري خاص أو وضع إقتصادي أو حاجة إقتصادية فردية،&nbsp;و بالتالي ننصح المتداولين بطلب النصيحة المالية المتخصصة التي تقوم على أهدافهم الإستثمارية الوحيدة و عدم التعويل حصراً على المعلومات التي تقدمها &quot; شركة وفرة الخليجية للخدمات المالية &quot; أو أي مصدر من مصادرها.<br />\r\n<strong>إننا نوصيكم بطلب النصيحة الإستثمارية المستقلة في ما يتعلق بالتداول في الفوركس.</strong></p>',NULL,NULL),(14,7,'سياسة و تنفيذ الأوامر','en','<p dir=\"rtl\">التداول في الفوركس ليس مناسباً لكثير من الأفراد،&nbsp;وهناك احتمال أن تتعرض لخسارة بعض أو كل رؤوس الأموال المستخدمة لمثل هذه المعاملات المالية، فمن الأفضل أن تنظر بعناية ما إذا كان تداول الفوركس مناسباً لك في ضوء أهدافك والموارد المالية المتاحة مع أي ظرف من الظروف الأخرى ذات الصلة،&nbsp;و يجب أن تتفهم كل المخاطر التي تنطوي على التداول في الفوركس وإذا لزم الأمر أن تسعى للحصول على مشورة مستقلة.<br />\r\nالدخول في أي معاملات للفوركس ينفذ طوعاً وعلى مسؤوليتك الخاصة، حيث ينطوي التداول على مخاطر عالية والربح ليس مضموناً لأن الأرقام السابقة&nbsp;لتاريخ الأداء لا يمكن تأكيد أنها ستتكرر لتمثل النتائج المستقبلية.<br />\r\nوتتمثل المخاطر الكبيرة أنه يمكن خسارة كل أو بعض من رأس المال المستثمر، وكذلك أن الإستثمار في الفوركس يحمل درجة عالية من المخاطر فالأموال التي يتم استثمارها قد لا تستمر على نفس القيمة، ومع ذلك و في نفس الوقت، يوجد احتمال أن تتحقق أرباح.<br />\r\nنظام التداول الإلكتروني ينطوي على مخاطر عالية وهى مرتبطة بنظام الإنترنت،( بما في ذلك على سبيل المثال لا الحصر ) خلل الأجهزة الإلكترونية و / أو البرامج،&nbsp;&nbsp;وقد يحدث نتيجة لذلك أن يتأخر تنفيذ أوامر التداول أو لا يتم تنفيذها على الإطلاق، جميع المعاملات هي على مسؤوليتك تحت جميع الظروف،&nbsp;&nbsp;لن يتم اعتبار شركة وفرة الخليجية للخدمات المالية مسؤولة عن أي تأخير في النقل، والتسليم أو التنفيذ للأوامر الخاصة بك بسبب أعطال الإتصالات أو لأسباب أخرى.<br />\r\nإن ظروف عمل السوق و قواعد التعامل لأسواق معينة وساعات التداول، وساعات عمل غرف التداول، كل هذه المتغيرات قد تزيد من مخاطر الخسارة بسبب صعوبة إجراء العمليات أو تصفية / تعويض المراكز المفتوحة،&nbsp;&nbsp;قد تكون الشركة غير قادرة على تنفيذ العمليات الخاصة بك على المستوى المطلوب.</p>\r\n\r\n<p dir=\"rtl\"><br />\r\nالتداول بالفوركس يحمل درجة عالية من المخاطر التي يمكن أن تعمل على حد سواء، لصالحك أو غير ذلك.<br />\r\nفي حالات محددة، قد يحدث أن تتأثر عمليات الحماية لأموالك المستخدمة في أغراض التداول، و ذلك في حالة التعثر المالي أو الإفلاس للشركة، تتحكم تشريعات محددة و قواعد محلية في المدى الذي قد يمكنك من خلاله إسترداد المال أو الحصول على تعويض، في بعض السلطات القضائية، فإن الممتلكات أو الأموال التي تم تحديدها كملكية الخاص بك، يمكن أن يتم إعتمادها بنفس القيمة النقدية لأغراض التوزيع في حالة حدوث عجز ما.<br />\r\nعليك أن تدرك أن العمولات و بعض الرسوم الأخرى قد تكون قابلة للتطبيق، و على هذا النحو فإن هذه الرسوم ستؤثر بخفض الأرباح ( إن وجدت )، أو زيادة الخسائر. قبل التداول في الفوركس، يجب عليك أن تتعرف على كل الرسوم المطلوبة، سواء كانت محددة سلفاً أو متغيرة.<br />\r\nعليك أن تدرك أن الربح أو الخسارة لعمليات تداول العقود المقومة بالعملات الأجنبية يمكن أن تتأثر بالتقلبات في أسعار صرف هذه العملات و ذلك عندما تكون هناك حاجة لتحويل العملة إلى عملة أخرى.<br />\r\nجميع المعاملات التي تتم لحسابك هي على مسؤوليتك وحدك تحت جميع الظروف، لن يتم إعتبار شركة وفرة الخليجية للخدمات المالية مسؤولة عن أي تأخير في النقل، و التسليم أو التنفيذ للأوامر الخاصة بك بسبب أعطال الإتصالات أو لأسباب أخرى.<br />\r\nيجوز للشركة، و من وجهة نظرها تحديد وجود حالة طوارئ أو حالة إستثنائية للسوق ( قوة قهرية ) بما في ذلك على سبيل المثال لا الحصر أي إضراب أو أعمال الشغب أو إضطرابات أو إنقطاع التيار الكهربائي أو تعطل المعدات الإلكترونية أو الإتصالات.<br />\r\nعليك أن تتفهم أن هناك إحتمال أن يخضع التداول بالفوركس للضريبة و/أو أي إستقطاعات أخرى قابلة للتطبيق إذا شملتها القوانين و التشريعات و التي سوف تصبح من مؤوليتك للقيام بها.<br />\r\nلا توفر &quot; شركة وفرة الخليجية للخدمات المالية &quot; نصائح شخصية أو توصيات محددة في مجال التداول، لا تستند المعلومات التي يتم توفيرها من قبل ممثلينا أو بواسطة منتجاتنا و خدماتنا إلى هدف إستثماري خاص أو وضع إقتصادي أو حاجة إقتصادية فردية،&nbsp;و بالتالي ننصح المتداولين بطلب النصيحة المالية المتخصصة التي تقوم على أهدافهم الإستثمارية الوحيدة و عدم التعويل حصراً على المعلومات التي تقدمها &quot; شركة وفرة الخليجية للخدمات المالية &quot; أو أي مصدر من مصادرها.<br />\r\n<strong>إننا نوصيكم بطلب النصيحة الإستثمارية المستقلة في ما يتعلق بالتداول في الفوركس.</strong></p>',NULL,NULL),(15,8,'مكافحة غسيل الأموال','ar','<p dir=\"rtl\"><span style=\"font-size:16px\"><strong>شركة وفرة الخليجية للخدمات المالية&nbsp;</strong></span><br />\r\nتلتزم شركة وفرة الخليجية للخدمات المالية بالمعايير المثالية لمكافحة غسيل الأموال،&nbsp;يُطلب من أعضاء مجلس الإدارة وجميع العاملين في الشركة الالتزام بهذه المعايير لحماية شركة وفرة الخليجية للخدمات المالية &nbsp;وسمعتها من إساءة استخدامها لإخفاء / إخفاء غسيل الأموال و / أو تمويل الإرهاب أو الأغراض غير القانونية الأخرى. ستقوم شركة وفرة الخليجية للخدمات المالية بفحص سياستها وإجراءاتها وأهدافها وغاياتها المتعلقة بمكافحة غسل الأموال بشكل مستمر للحفاظ على بيئة موثوقة بها، نفذت شركة وفرة الخليجية للخدمات المالية قواعد ولوائح واضحة مفصلة في دليل مكافحة غسل الأموال وكتيبات إجراءات العمليات والتي يجب أن يلتزم بها جميع موظفي شركة وفرة الخليجية للخدمات المالية&nbsp;</p>\r\n\r\n<p dir=\"rtl\"><br />\r\n<span style=\"font-size:16px\"><strong>السياسات و الإجراءات</strong></span><br />\r\nوضعت شركة وفرة الخليجية للخدمات المالية سياسات وإجراءات تحدد معاييرها ومبادئها العامة لمكافحة غسل الأموال. تؤكد المستندات التفصيلية أن هذه المعايير يتم تنفيذها في الأعمال اليومية. يتم نشر جميع السياسات والوثائق المتعلقة بالسياسة على منصة السياسة الخاصة بنا من أجل الوصول إليها من قبل جميع الموظفين في أي وقت ، ويخضعون لدورة مراجعة سنوية لإثبات توافقهم مع لوائح مكافحة غسل الأموال.</p>\r\n\r\n<p dir=\"rtl\"><br />\r\n<strong><span style=\"font-size:16px\">العلاقات التجارية المحظورة</span></strong><br />\r\nيجب أن ترفض شركة وفرة الخليجية للخدمات المالية فتح حساب / إدخال علاقة أو يجب إغلاق حساب موجود / إنهاء علاقة ، إذا لم تتمكن شركة وفرة الخليجية للخدمات المالية من التحقق من الهوية الحقيقية للعميل و / أو طبيعة العمل أو المتطلبات الرسمية المتعلقة بتحديد العميل. يجب ألا تقبل شركة وفرة الخليجية للخدمات المالية الأصول المعروفة أو المشتبه بأنها عائدات نشاط إجرامي،&nbsp;الدخول في / الحفاظ على علاقات تجارية مع الأفراد أو الكيانات المعروفين أو المشتبه في أنهم إرهابيون أو منظمة إجرامية أو عضو في هذا أو مدرج في قوائم العقوبات. الاحتفاظ بحسابات مجهولة وحسابات مصارف وهمية أو حسابات الدفع عبر،&nbsp;و يعتبر الدخول في علاقات مع العملاء العاملين في الصناعات المحظورة والبحث عن تقارير الأنشطة المشبوهة / تقارير المعاملات المشبوهة من الأنشطة المشبوهة ويجب تصعيدها داخلياً إلى وحدة التحريات المالية والذي يتضمن التدريب المنتظم على مكافحة غسل الأموال تذكير الموظفين بواجبهم في الإبلاغ في الوقت المناسب عن أي نشاط مشبوه إلى مسؤول مكافحة غسل الأموال.</p>\r\n\r\n<p dir=\"rtl\"><br />\r\n<span style=\"font-size:16px\"><strong>إدارة و مراقبة مخاطر مكافحة غسل الأموال</strong></span><br />\r\nتحتفظ شركة وفرة الخليجية للخدمات المالية على مجموعة شاملة من التدابير لتحديد وإدارة ومراقبة المخاطر،&nbsp;هذه التدابير عبارة عن ضوابط:<br />\r\n&nbsp; - برنامج KYC قوي وصارم.<br />\r\n&nbsp; - برنامج تدريب و توعية لموظفي شركة وفرة الخليجية للخدمات المالية.<br />\r\n&nbsp; - عمليات لإثبات موثوقية الموظفين.</p>\r\n\r\n<p dir=\"rtl\"><br />\r\n<span style=\"font-size:16px\"><strong>ضوابط</strong></span><br />\r\nيجب مراجعة الإلتزام ببرنامج AML/AFC على مستوى المجموعة بشكل منتظم لضمان نجاح جهود الشركة، حيث يجب على مدير الإمتثال / مسؤول مكافحة غسل الأموال بإجراء الضوابط المناسبة.</p>\r\n\r\n<p dir=\"rtl\"><br />\r\n<strong><span style=\"font-size:16px\">برناج KYC</span></strong><br />\r\nنفذت شركة وفرة الخليجية للخدمات المالية برنامجًا صارمًا لإثبات أن جميع عملائها (الأشخاص الطبيعيين أو الاعتباريين أو الهياكل القانونية والبنوك المراسلة) يخضعون لتحديد ملائم وتصنيف للمخاطر وإجراءات مراقبة،&nbsp;تم تنفيذ هذا البرنامج على الصعيد العالمي وفي جميع أقسام الأعمال ، لا يقتصر فقط على معرفة العملاء والكيانات التي يتعامل معها البنك (إما معاملة واحدة أو علاقة مستمرة) ، أو يقدم الخدمات ، ولكن أيضًا الممثلين القانونيين للمالكين المستفيدين والموقعين المعتمدين حسب الاقتضاء.<br />\r\nيتضمن البرنامج متطلبات تحديد صارمة ، وإجراءات فرز الأسماء ، وكذلك مراقبة المعاملات الجارية والمراجعة المنتظمة لجميع العلاقات التجارية القائمة.<br />\r\nيتم تطبيق ضمانات خاصة للعلاقات التجارية مع الأشخاص المعرضين سياسيا والعملاء من البلدان أو الصناعات التي تعتبر عالية المخاطر.</p>\r\n\r\n<p dir=\"rtl\"><br />\r\n<span style=\"font-size:16px\"><strong>برنامج التدريب</strong></span><br />\r\nتطبق شركة وفرة الخليجية للخدمات المالية برنامج تدريب تعليمي شامل حول مكافحة غسل الأموال/ مكافحة الجرائم المالية<span style=\"color:#c0392b\"><strong>&nbsp;</strong></span>للتأكد من أن كل موظف ، والأفراد المسؤولين عن معالجة المعاملات و / أو بدء و / أو إقامة علاقات تجارية ، يخضعون لتدريب على التوعية بمكافحة غسل الأموال<br />\r\nتم تخصيص التدريب للعمل لإثبات أن الموظفين على دراية بأنماط وتقنيات محتملة مختلفة لغسيل الأموال قد تحدث في أعمالهم اليومية، يغطي التدريب أيضًا الواجبات العامة الناشئة عن المتطلبات الخارجية (القانونية والتنظيمية) المطبقة والمتطلبات الداخلية وأيضًا الواجبات الفردية الناتجة التي يجب الالتزام بها في الأعمال اليومية وأيضًا كنماذج للإقرار بالاختباء / غسل الأموال أو أنشطة الجرائم المالية.</p>\r\n\r\n<p dir=\"rtl\"><br />\r\n<strong><span style=\"font-size:16px\">الإحتفاظ بالسجلات</span></strong><br />\r\nيجب توثيق جميع البيانات التي تم الحصول عليها بما يتفق مع تحديد هوية العميل وإجراءات أمان مكافحة غسل الأموال،&nbsp;يجب الاحتفاظ بالسجلات لمدة لا تقل عن عشر سنوات ، على الرغم من فترات الاحتفاظ التي يحتمل أن تكون أطول بموجب القانون المدني أو التجاري المحلي.</p>',NULL,NULL),(16,8,'مكافحة غسيل الأموال','en','<p dir=\"rtl\"><span style=\"font-size:16px\"><strong>شركة وفرة الخليجية للخدمات المالية&nbsp;</strong></span><br />\r\nتلتزم شركة وفرة الخليجية للخدمات المالية بالمعايير المثالية لمكافحة غسيل الأموال،&nbsp;يُطلب من أعضاء مجلس الإدارة وجميع العاملين في الشركة الالتزام بهذه المعايير لحماية شركة وفرة الخليجية للخدمات المالية &nbsp;وسمعتها من إساءة استخدامها لإخفاء / إخفاء غسيل الأموال و / أو تمويل الإرهاب أو الأغراض غير القانونية الأخرى. ستقوم شركة وفرة الخليجية للخدمات المالية بفحص سياستها وإجراءاتها وأهدافها وغاياتها المتعلقة بمكافحة غسل الأموال بشكل مستمر للحفاظ على بيئة موثوقة بها، نفذت شركة وفرة الخليجية للخدمات المالية قواعد ولوائح واضحة مفصلة في دليل مكافحة غسل الأموال وكتيبات إجراءات العمليات والتي يجب أن يلتزم بها جميع موظفي شركة وفرة الخليجية للخدمات المالية&nbsp;</p>\r\n\r\n<p dir=\"rtl\"><br />\r\n<span style=\"font-size:16px\"><strong>السياسات و الإجراءات</strong></span><br />\r\nوضعت شركة وفرة الخليجية للخدمات المالية سياسات وإجراءات تحدد معاييرها ومبادئها العامة لمكافحة غسل الأموال. تؤكد المستندات التفصيلية أن هذه المعايير يتم تنفيذها في الأعمال اليومية. يتم نشر جميع السياسات والوثائق المتعلقة بالسياسة على منصة السياسة الخاصة بنا من أجل الوصول إليها من قبل جميع الموظفين في أي وقت ، ويخضعون لدورة مراجعة سنوية لإثبات توافقهم مع لوائح مكافحة غسل الأموال.</p>\r\n\r\n<p dir=\"rtl\"><br />\r\n<strong><span style=\"font-size:16px\">العلاقات التجارية المحظورة</span></strong><br />\r\nيجب أن ترفض شركة وفرة الخليجية للخدمات المالية فتح حساب / إدخال علاقة أو يجب إغلاق حساب موجود / إنهاء علاقة ، إذا لم تتمكن شركة وفرة الخليجية للخدمات المالية من التحقق من الهوية الحقيقية للعميل و / أو طبيعة العمل أو المتطلبات الرسمية المتعلقة بتحديد العميل. يجب ألا تقبل شركة وفرة الخليجية للخدمات المالية الأصول المعروفة أو المشتبه بأنها عائدات نشاط إجرامي،&nbsp;الدخول في / الحفاظ على علاقات تجارية مع الأفراد أو الكيانات المعروفين أو المشتبه في أنهم إرهابيون أو منظمة إجرامية أو عضو في هذا أو مدرج في قوائم العقوبات. الاحتفاظ بحسابات مجهولة وحسابات مصارف وهمية أو حسابات الدفع عبر،&nbsp;و يعتبر الدخول في علاقات مع العملاء العاملين في الصناعات المحظورة والبحث عن تقارير الأنشطة المشبوهة / تقارير المعاملات المشبوهة من الأنشطة المشبوهة ويجب تصعيدها داخلياً إلى وحدة التحريات المالية والذي يتضمن التدريب المنتظم على مكافحة غسل الأموال تذكير الموظفين بواجبهم في الإبلاغ في الوقت المناسب عن أي نشاط مشبوه إلى مسؤول مكافحة غسل الأموال.</p>\r\n\r\n<p dir=\"rtl\"><br />\r\n<span style=\"font-size:16px\"><strong>إدارة و مراقبة مخاطر مكافحة غسل الأموال</strong></span><br />\r\nتحتفظ شركة وفرة الخليجية للخدمات المالية على مجموعة شاملة من التدابير لتحديد وإدارة ومراقبة المخاطر،&nbsp;هذه التدابير عبارة عن ضوابط:<br />\r\n&nbsp; - برنامج KYC قوي وصارم.<br />\r\n&nbsp; - برنامج تدريب و توعية لموظفي شركة وفرة الخليجية للخدمات المالية.<br />\r\n&nbsp; - عمليات لإثبات موثوقية الموظفين.</p>\r\n\r\n<p dir=\"rtl\"><br />\r\n<span style=\"font-size:16px\"><strong>ضوابط</strong></span><br />\r\nيجب مراجعة الإلتزام ببرنامج AML/AFC على مستوى المجموعة بشكل منتظم لضمان نجاح جهود الشركة، حيث يجب على مدير الإمتثال / مسؤول مكافحة غسل الأموال بإجراء الضوابط المناسبة.</p>\r\n\r\n<p dir=\"rtl\"><br />\r\n<strong><span style=\"font-size:16px\">برناج KYC</span></strong><br />\r\nنفذت شركة وفرة الخليجية للخدمات المالية برنامجًا صارمًا لإثبات أن جميع عملائها (الأشخاص الطبيعيين أو الاعتباريين أو الهياكل القانونية والبنوك المراسلة) يخضعون لتحديد ملائم وتصنيف للمخاطر وإجراءات مراقبة،&nbsp;تم تنفيذ هذا البرنامج على الصعيد العالمي وفي جميع أقسام الأعمال ، لا يقتصر فقط على معرفة العملاء والكيانات التي يتعامل معها البنك (إما معاملة واحدة أو علاقة مستمرة) ، أو يقدم الخدمات ، ولكن أيضًا الممثلين القانونيين للمالكين المستفيدين والموقعين المعتمدين حسب الاقتضاء.<br />\r\nيتضمن البرنامج متطلبات تحديد صارمة ، وإجراءات فرز الأسماء ، وكذلك مراقبة المعاملات الجارية والمراجعة المنتظمة لجميع العلاقات التجارية القائمة.<br />\r\nيتم تطبيق ضمانات خاصة للعلاقات التجارية مع الأشخاص المعرضين سياسيا والعملاء من البلدان أو الصناعات التي تعتبر عالية المخاطر.</p>\r\n\r\n<p dir=\"rtl\"><br />\r\n<span style=\"font-size:16px\"><strong>برنامج التدريب</strong></span><br />\r\nتطبق شركة وفرة الخليجية للخدمات المالية برنامج تدريب تعليمي شامل حول مكافحة غسل الأموال/ مكافحة الجرائم المالية<span style=\"color:#c0392b\"><strong>&nbsp;</strong></span>للتأكد من أن كل موظف ، والأفراد المسؤولين عن معالجة المعاملات و / أو بدء و / أو إقامة علاقات تجارية ، يخضعون لتدريب على التوعية بمكافحة غسل الأموال<br />\r\nتم تخصيص التدريب للعمل لإثبات أن الموظفين على دراية بأنماط وتقنيات محتملة مختلفة لغسيل الأموال قد تحدث في أعمالهم اليومية، يغطي التدريب أيضًا الواجبات العامة الناشئة عن المتطلبات الخارجية (القانونية والتنظيمية) المطبقة والمتطلبات الداخلية وأيضًا الواجبات الفردية الناتجة التي يجب الالتزام بها في الأعمال اليومية وأيضًا كنماذج للإقرار بالاختباء / غسل الأموال أو أنشطة الجرائم المالية.</p>\r\n\r\n<p dir=\"rtl\"><br />\r\n<strong><span style=\"font-size:16px\">الإحتفاظ بالسجلات</span></strong><br />\r\nيجب توثيق جميع البيانات التي تم الحصول عليها بما يتفق مع تحديد هوية العميل وإجراءات أمان مكافحة غسل الأموال،&nbsp;يجب الاحتفاظ بالسجلات لمدة لا تقل عن عشر سنوات ، على الرغم من فترات الاحتفاظ التي يحتمل أن تكون أطول بموجب القانون المدني أو التجاري المحلي.</p>',NULL,NULL);

--
-- Table structure for table `pages`
--

CREATE TABLE `pages` (
  `id` int unsigned NOT NULL AUTO_INCREMENT,
  `created_at` timestamp NULL DEFAULT NULL,
  `updated_at` timestamp NULL DEFAULT NULL,
  `image` varchar(191) CHARACTER SET utf8mb4 COLLATE utf8mb4_unicode_ci DEFAULT NULL,
  PRIMARY KEY (`id`)
) ENGINE=InnoDB AUTO_INCREMENT=9 DEFAULT CHARSET=utf8mb4 COLLATE=utf8mb4_unicode_ci;

--
-- Dumping data for table `pages`
--


--
-- Table structure for table `password_resets`
--

CREATE TABLE `password_resets` (
  `email` varchar(255) CHARACTER SET utf8mb4 COLLATE utf8mb4_unicode_ci NOT NULL,
  `token` varchar(255) CHARACTER SET utf8mb4 COLLATE utf8mb4_unicode_ci NOT NULL,
  `created_at` timestamp NULL DEFAULT NULL,
  KEY `password_resets_email_index` (`email`)
) ENGINE=InnoDB DEFAULT CHARSET=utf8mb4 COLLATE=utf8mb4_unicode_ci;

--
-- Dumping data for table `password_resets`
--


--
-- Table structure for table `payment_method_translations`
--

CREATE TABLE `payment_method_translations` (
  `id` int unsigned NOT NULL AUTO_INCREMENT,
  `payment_method_id` int unsigned NOT NULL,
  `title` varchar(255) CHARACTER SET utf8mb4 COLLATE utf8mb4_unicode_ci DEFAULT NULL,
  `locale` varchar(255) CHARACTER SET utf8mb4 COLLATE utf8mb4_unicode_ci DEFAULT NULL,
  `created_at` timestamp NULL DEFAULT NULL,
  `updated_at` timestamp NULL DEFAULT NULL,
  PRIMARY KEY (`id`),
  UNIQUE KEY `payment_method_translations_payment_method_id_locale_unique` (`payment_method_id`,`locale`),
  CONSTRAINT `payment_method_translations_payment_method_id_foreign` FOREIGN KEY (`payment_method_id`) REFERENCES `payment_methods` (`id`) ON DELETE CASCADE
) ENGINE=InnoDB AUTO_INCREMENT=11 DEFAULT CHARSET=utf8mb4 COLLATE=utf8mb4_unicode_ci;

--
-- Dumping data for table `payment_method_translations`
--

INSERT INTO `payment_method_translations` (`id`, `payment_method_id`, `title`, `locale`, `created_at`, `updated_at`) VALUES (3,2,'Visa','ar',NULL,NULL),(4,2,'Visa','en',NULL,NULL),(5,3,'master','ar',NULL,NULL),(6,3,'master','en',NULL,NULL),(7,4,'s','ar',NULL,NULL),(8,4,'a','en',NULL,NULL),(9,5,'knet','ar',NULL,NULL),(10,5,'knet','en',NULL,NULL);

--
-- Table structure for table `payment_methods`
--

CREATE TABLE `payment_methods` (
  `id` int unsigned NOT NULL AUTO_INCREMENT,
  `image` varchar(255) CHARACTER SET utf8mb4 COLLATE utf8mb4_unicode_ci DEFAULT NULL,
  `type` int NOT NULL DEFAULT '0',
  `status` int NOT NULL DEFAULT '0',
  `created_at` timestamp NULL DEFAULT NULL,
  `updated_at` timestamp NULL DEFAULT NULL,
  PRIMARY KEY (`id`)
) ENGINE=InnoDB AUTO_INCREMENT=7 DEFAULT CHARSET=utf8mb4 COLLATE=utf8mb4_unicode_ci;

--
-- Dumping data for table `payment_methods`
--

INSERT INTO `payment_methods` (`id`, `image`, `type`, `status`, `created_at`, `updated_at`) VALUES (2,'2022-11-06-1.png',1,1,'2022-11-06 06:51:09','2022-11-06 06:51:09'),(3,'2022-11-06-2.png',1,1,'2022-11-06 06:51:24','2022-11-06 06:51:24'),(4,'2022-11-06-3.png',1,1,'2022-11-06 06:51:39','2022-11-06 06:51:39'),(5,'2022-11-06-7.png',1,1,'2022-11-06 06:51:56','2022-11-06 06:51:56');

--
-- Table structure for table `permission_role`
--

CREATE TABLE `permission_role` (
  `permission_id` bigint unsigned NOT NULL,
  `role_id` bigint unsigned NOT NULL,
  PRIMARY KEY (`permission_id`,`role_id`),
  KEY `permission_role_role_id_foreign` (`role_id`),
  CONSTRAINT `permission_role_permission_id_foreign` FOREIGN KEY (`permission_id`) REFERENCES `permissions` (`id`) ON DELETE CASCADE ON UPDATE CASCADE,
  CONSTRAINT `permission_role_role_id_foreign` FOREIGN KEY (`role_id`) REFERENCES `roles` (`id`) ON DELETE CASCADE ON UPDATE CASCADE
) ENGINE=InnoDB DEFAULT CHARSET=utf8mb4 COLLATE=utf8mb4_unicode_ci;

--
-- Dumping data for table `permission_role`
--

INSERT INTO `permission_role` (`permission_id`, `role_id`) VALUES (1,1),(2,1),(3,1),(4,1),(5,1),(6,1),(7,1),(8,1),(9,1),(10,1),(11,1),(12,1),(13,1),(14,1),(15,1),(16,1),(17,1),(18,1),(19,1),(20,1),(21,1),(22,1),(23,1),(24,1),(25,1),(26,1),(27,1),(28,1),(29,1),(30,1),(31,1),(32,1),(33,1),(34,1),(35,1),(36,1),(37,1),(38,1),(39,1),(40,1),(41,1),(42,1),(43,1),(44,1),(45,1),(46,1),(47,1),(48,1),(49,1),(50,1),(51,1),(52,1),(53,1),(54,1),(55,1),(56,1),(57,1),(58,1),(59,1),(60,1),(61,1),(62,1),(63,1),(64,1);

--
-- Table structure for table `permission_user`
--

CREATE TABLE `permission_user` (
  `permission_id` bigint unsigned NOT NULL,
  `user_id` bigint unsigned NOT NULL,
  `user_type` varchar(255) CHARACTER SET utf8mb4 COLLATE utf8mb4_unicode_ci NOT NULL,
  PRIMARY KEY (`user_id`,`permission_id`,`user_type`),
  KEY `permission_user_permission_id_foreign` (`permission_id`),
  CONSTRAINT `permission_user_permission_id_foreign` FOREIGN KEY (`permission_id`) REFERENCES `permissions` (`id`) ON DELETE CASCADE ON UPDATE CASCADE
) ENGINE=InnoDB DEFAULT CHARSET=utf8mb4 COLLATE=utf8mb4_unicode_ci;

--
-- Dumping data for table `permission_user`
--


--
-- Table structure for table `permissions`
--

CREATE TABLE `permissions` (
  `id` bigint unsigned NOT NULL AUTO_INCREMENT,
  `name` varchar(255) CHARACTER SET utf8mb4 COLLATE utf8mb4_unicode_ci NOT NULL,
  `display_name` varchar(255) CHARACTER SET utf8mb4 COLLATE utf8mb4_unicode_ci DEFAULT NULL,
  `description` varchar(255) CHARACTER SET utf8mb4 COLLATE utf8mb4_unicode_ci DEFAULT NULL,
  `created_at` timestamp NULL DEFAULT NULL,
  `updated_at` timestamp NULL DEFAULT NULL,
  PRIMARY KEY (`id`),
  UNIQUE KEY `permissions_name_unique` (`name`)
) ENGINE=InnoDB AUTO_INCREMENT=65 DEFAULT CHARSET=utf8mb4 COLLATE=utf8mb4_unicode_ci;

--
-- Dumping data for table `permissions`
--

INSERT INTO `permissions` (`id`, `name`, `display_name`, `description`, `created_at`, `updated_at`) VALUES (1,'create_users','Create Users','Create Users','2022-06-20 10:51:09','2022-06-20 10:51:09'),(2,'read_users','Read Users','Read Users','2022-06-20 10:51:09','2022-06-20 10:51:09'),(3,'update_users','Update Users','Update Users','2022-06-20 10:51:09','2022-06-20 10:51:09'),(4,'delete_users','Delete Users','Delete Users','2022-06-20 10:51:09','2022-06-20 10:51:09'),(5,'create_roles','Create Roles','Create Roles','2022-06-20 10:51:09','2022-06-20 10:51:09'),(6,'read_roles','Read Roles','Read Roles','2022-06-20 10:51:09','2022-06-20 10:51:09'),(7,'update_roles','Update Roles','Update Roles','2022-06-20 10:51:09','2022-06-20 10:51:09'),(8,'delete_roles','Delete Roles','Delete Roles','2022-06-20 10:51:09','2022-06-20 10:51:09'),(9,'create_notifications','Create Notifications','Create Notifications','2022-06-20 10:51:09','2022-06-20 10:51:09'),(10,'read_notifications','Read Notifications','Read Notifications','2022-06-20 10:51:09','2022-06-20 10:51:09'),(11,'update_notifications','Update Notifications','Update Notifications','2022-06-20 10:51:09','2022-06-20 10:51:09'),(12,'delete_notifications','Delete Notifications','Delete Notifications','2022-06-20 10:51:09','2022-06-20 10:51:09'),(13,'create_sliders','Create Sliders','Create Sliders','2022-06-20 10:51:09','2022-06-20 10:51:09'),(14,'read_sliders','Read Sliders','Read Sliders','2022-06-20 10:51:09','2022-06-20 10:51:09'),(15,'update_sliders','Update Sliders','Update Sliders','2022-06-20 10:51:09','2022-06-20 10:51:09'),(16,'delete_sliders','Delete Sliders','Delete Sliders','2022-06-20 10:51:09','2022-06-20 10:51:09'),(17,'create_settings','Create Settings','Create Settings','2022-06-20 10:51:09','2022-06-20 10:51:09'),(18,'read_settings','Read Settings','Read Settings','2022-06-20 10:51:09','2022-06-20 10:51:09'),(19,'update_settings','Update Settings','Update Settings','2022-06-20 10:51:09','2022-06-20 10:51:09'),(20,'delete_settings','Delete Settings','Delete Settings','2022-06-20 10:51:09','2022-06-20 10:51:09'),(21,'create_categories','Create Categories','Create Categories','2022-06-20 10:51:09','2022-06-20 10:51:09'),(22,'read_categories','Read Categories','Read Categories','2022-06-20 10:51:09','2022-06-20 10:51:09'),(23,'update_categories','Update Categories','Update Categories','2022-06-20 10:51:09','2022-06-20 10:51:09'),(24,'delete_categories','Delete Categories','Delete Categories','2022-06-20 10:51:09','2022-06-20 10:51:09'),(25,'create_products','Create Products','Create Products','2022-06-20 10:51:09','2022-06-20 10:51:09'),(26,'read_products','Read Products','Read Products','2022-06-20 10:51:09','2022-06-20 10:51:09'),(27,'update_products','Update Products','Update Products','2022-06-20 10:51:09','2022-06-20 10:51:09'),(28,'delete_products','Delete Products','Delete Products','2022-06-20 10:51:09','2022-06-20 10:51:09'),(29,'create_paymentMethods','Create PaymentMethods','Create PaymentMethods','2022-06-20 10:51:09','2022-06-20 10:51:09'),(30,'read_paymentMethods','Read PaymentMethods','Read PaymentMethods','2022-06-20 10:51:09','2022-06-20 10:51:09'),(31,'update_paymentMethods','Update PaymentMethods','Update PaymentMethods','2022-06-20 10:51:09','2022-06-20 10:51:09'),(32,'delete_paymentMethods','Delete PaymentMethods','Delete PaymentMethods','2022-06-20 10:51:09','2022-06-20 10:51:09'),(33,'create_shippingType','Create ShippingType','Create ShippingType','2022-06-20 10:51:09','2022-06-20 10:51:09'),(34,'read_shippingType','Read ShippingType','Read ShippingType','2022-06-20 10:51:09','2022-06-20 10:51:09'),(35,'update_shippingType','Update ShippingType','Update ShippingType','2022-06-20 10:51:09','2022-06-20 10:51:09'),(36,'delete_shippingType','Delete ShippingType','Delete ShippingType','2022-06-20 10:51:09','2022-06-20 10:51:09'),(37,'create_orders','Create Orders','Create Orders','2022-06-20 10:51:09','2022-06-20 10:51:09'),(38,'read_orders','Read Orders','Read Orders','2022-06-20 10:51:09','2022-06-20 10:51:09'),(39,'update_orders','Update Orders','Update Orders','2022-06-20 10:51:09','2022-06-20 10:51:09'),(40,'delete_orders','Delete Orders','Delete Orders','2022-06-20 10:51:09','2022-06-20 10:51:09'),(41,'create_reports','Create Reports','Create Reports','2022-06-20 10:51:09','2022-06-20 10:51:09'),(42,'read_reports','Read Reports','Read Reports','2022-06-20 10:51:09','2022-06-20 10:51:09'),(43,'update_reports','Update Reports','Update Reports','2022-06-20 10:51:09','2022-06-20 10:51:09'),(44,'delete_reports','Delete Reports','Delete Reports','2022-06-20 10:51:09','2022-06-20 10:51:09'),(45,'create_governments','Create Governments','Create Governments','2022-06-20 10:51:09','2022-06-20 10:51:09'),(46,'read_governments','Read Governments','Read Governments','2022-06-20 10:51:09','2022-06-20 10:51:09'),(47,'update_governments','Update Governments','Update Governments','2022-06-20 10:51:09','2022-06-20 10:51:09'),(48,'delete_governments','Delete Governments','Delete Governments','2022-06-20 10:51:09','2022-06-20 10:51:09'),(49,'create_regions','Create Regions','Create Regions','2022-06-20 10:51:09','2022-06-20 10:51:09'),(50,'read_regions','Read Regions','Read Regions','2022-06-20 10:51:09','2022-06-20 10:51:09'),(51,'update_regions','Update Regions','Update Regions','2022-06-20 10:51:09','2022-06-20 10:51:09'),(52,'delete_regions','Delete Regions','Delete Regions','2022-06-20 10:51:09','2022-06-20 10:51:09'),(53,'create_discount','Create Discount','Create Discount','2022-06-20 10:51:09','2022-06-20 10:51:09'),(54,'read_discount','Read Discount','Read Discount','2022-06-20 10:51:09','2022-06-20 10:51:09'),(55,'update_discount','Update Discount','Update Discount','2022-06-20 10:51:09','2022-06-20 10:51:09'),(56,'delete_discount','Delete Discount','Delete Discount','2022-06-20 10:51:09','2022-06-20 10:51:09'),(57,'create_times','Create Times','Create Times','2022-06-20 10:51:09','2022-06-20 10:51:09'),(58,'read_times','Read Times','Read Times','2022-06-20 10:51:09','2022-06-20 10:51:09'),(59,'update_times','Update Times','Update Times','2022-06-20 10:51:09','2022-06-20 10:51:09'),(60,'delete_times','Delete Times','Delete Times','2022-06-20 10:51:09','2022-06-20 10:51:09'),(61,'create_tagers','Create Tagers','Create Tagers','2022-06-20 10:51:09','2022-06-20 10:51:09'),(62,'read_tagers','Read Tagers','Read Tagers','2022-06-20 10:51:09','2022-06-20 10:51:09'),(63,'update_tagers','Update Tagers','Update Tagers','2022-06-20 10:51:09','2022-06-20 10:51:09'),(64,'delete_tagers','Delete Tagers','Delete Tagers','2022-06-20 10:51:09','2022-06-20 10:51:09');

--
-- Table structure for table `personal_access_tokens`
--

CREATE TABLE `personal_access_tokens` (
  `id` bigint unsigned NOT NULL AUTO_INCREMENT,
  `tokenable_type` varchar(255) CHARACTER SET utf8mb4 COLLATE utf8mb4_unicode_ci NOT NULL,
  `tokenable_id` bigint unsigned NOT NULL,
  `name` varchar(255) CHARACTER SET utf8mb4 COLLATE utf8mb4_unicode_ci NOT NULL,
  `token` varchar(64) CHARACTER SET utf8mb4 COLLATE utf8mb4_unicode_ci NOT NULL,
  `abilities` text CHARACTER SET utf8mb4 COLLATE utf8mb4_unicode_ci,
  `last_used_at` timestamp NULL DEFAULT NULL,
  `created_at` timestamp NULL DEFAULT NULL,
  `updated_at` timestamp NULL DEFAULT NULL,
  PRIMARY KEY (`id`),
  UNIQUE KEY `personal_access_tokens_token_unique` (`token`),
  KEY `personal_access_tokens_tokenable_type_tokenable_id_index` (`tokenable_type`,`tokenable_id`)
) ENGINE=InnoDB DEFAULT CHARSET=utf8mb4 COLLATE=utf8mb4_unicode_ci;

--
-- Dumping data for table `personal_access_tokens`
--


--
-- Table structure for table `product_categories`
--

CREATE TABLE `product_categories` (
  `id` int unsigned NOT NULL AUTO_INCREMENT,
  `product_id` int unsigned DEFAULT NULL,
  `category_id` int unsigned DEFAULT NULL,
  `created_at` timestamp NULL DEFAULT NULL,
  `updated_at` timestamp NULL DEFAULT NULL,
  PRIMARY KEY (`id`),
  KEY `product_categories_product_id_foreign` (`product_id`),
  KEY `product_categories_category_id_foreign` (`category_id`),
  CONSTRAINT `product_categories_category_id_foreign` FOREIGN KEY (`category_id`) REFERENCES `categories` (`id`) ON DELETE CASCADE,
  CONSTRAINT `product_categories_product_id_foreign` FOREIGN KEY (`product_id`) REFERENCES `products` (`id`) ON DELETE CASCADE
) ENGINE=InnoDB AUTO_INCREMENT=2 DEFAULT CHARSET=utf8mb4 COLLATE=utf8mb4_unicode_ci;

--
-- Dumping data for table `product_categories`
--

INSERT INTO `product_categories` (`id`, `product_id`, `category_id`, `created_at`, `updated_at`) VALUES (1,1,1,NULL,NULL);

--
-- Table structure for table `product_orders`
--

CREATE TABLE `product_orders` (
  `id` int unsigned NOT NULL AUTO_INCREMENT,
  `order_id` int unsigned NOT NULL,
  `product_id` int unsigned NOT NULL,
  `quantity` int NOT NULL DEFAULT '1',
  `option` text CHARACTER SET utf8mb4 COLLATE utf8mb4_unicode_ci NOT NULL,
  `price` decimal(8,2) NOT NULL,
  `shipping_cost` decimal(8,2) DEFAULT NULL,
  `created_at` timestamp NULL DEFAULT NULL,
  `updated_at` timestamp NULL DEFAULT NULL,
  `category_id` int NOT NULL,
  PRIMARY KEY (`id`),
  KEY `product_orders_order_id_foreign` (`order_id`),
  KEY `product_orders_product_id_foreign` (`product_id`),
  CONSTRAINT `product_orders_order_id_foreign` FOREIGN KEY (`order_id`) REFERENCES `orders` (`id`) ON DELETE CASCADE,
  CONSTRAINT `product_orders_product_id_foreign` FOREIGN KEY (`product_id`) REFERENCES `products` (`id`) ON DELETE CASCADE
) ENGINE=InnoDB DEFAULT CHARSET=utf8mb4 COLLATE=utf8mb4_unicode_ci;

--
-- Dumping data for table `product_orders`
--


--
-- Table structure for table `product_translations`
--

CREATE TABLE `product_translations` (
  `id` int unsigned NOT NULL AUTO_INCREMENT,
  `product_id` int unsigned NOT NULL,
  `name` varchar(255) CHARACTER SET utf8mb4 COLLATE utf8mb4_unicode_ci NOT NULL,
  `content` varchar(255) CHARACTER SET utf8mb4 COLLATE utf8mb4_unicode_ci NOT NULL,
  `locale` varchar(255) CHARACTER SET utf8mb4 COLLATE utf8mb4_unicode_ci NOT NULL,
  `created_at` timestamp NULL DEFAULT NULL,
  `updated_at` timestamp NULL DEFAULT NULL,
  PRIMARY KEY (`id`),
  UNIQUE KEY `product_translations_product_id_locale_unique` (`product_id`,`locale`),
  KEY `product_translations_locale_index` (`locale`),
  CONSTRAINT `product_translations_product_id_foreign` FOREIGN KEY (`product_id`) REFERENCES `products` (`id`) ON DELETE CASCADE
) ENGINE=InnoDB AUTO_INCREMENT=13 DEFAULT CHARSET=utf8mb4 COLLATE=utf8mb4_unicode_ci;

--
-- Dumping data for table `product_translations`
--

INSERT INTO `product_translations` (`id`, `product_id`, `name`, `content`, `locale`, `created_at`, `updated_at`) VALUES (1,1,'samer','<p>asdasdsa</p>','ar',NULL,NULL),(2,1,'samer','<p>sadasdad</p>','en',NULL,NULL),(3,2,'انواع الحسابات','<p>تقدم وفرة تحليلات فنية يومية و أسبوعية على مدار الأسبوع بالتعاون مع شركة ماركت إكويتي</p>','ar',NULL,NULL),(4,2,'انواع الحسابات','<p>تقدم وفرة تحليلات فنية يومية و أسبوعية على مدار الأسبوع بالتعاون مع شركة ماركت إكويتي</p>','en',NULL,NULL),(5,3,'asd','<p>asdasd</p>','ar',NULL,NULL),(6,3,'asdasd','<p>asd</p>','en',NULL,NULL),(7,4,'حساب ECN','<p>يوفر للمستثمر سرعة تنفيذ عالية&nbsp; وفروق أسعار منخفضة&nbsp; وأفضل الأسعار</p>','ar',NULL,NULL),(8,4,'حساب ECN','<p>يوفر للمستثمر سرعة تنفيذ عالية &nbsp;وفروق أسعار منخفضة&nbsp; وأفضل الأسعار</p>','en',NULL,NULL),(9,5,'حساب Scalping','<p>يوفر للمستثمرين باسلوب السكالبينج نظام يتناسب مع تقلبات الأسعار لكسب عدد نقاط محدودة في إطار زمني قصير جدًا</p>','ar',NULL,NULL),(10,5,'حساب Scalping','<p>يوفر للمستثمرين باسلوب السكالبينج نظام يتناسب مع تقلبات الأسعار لكسب عدد نقاط محدودة في إطار زمني قصير جدًا</p>','en',NULL,NULL),(11,6,'ASTRONAUT','<p>20$</p>','ar',NULL,NULL),(12,6,'ASTRONAUT','<p>20$</p>','en',NULL,NULL);

--
-- Table structure for table `products`
--

CREATE TABLE `products` (
  `id` int unsigned NOT NULL AUTO_INCREMENT,
  `image` varchar(255) CHARACTER SET utf8mb4 COLLATE utf8mb4_unicode_ci DEFAULT NULL,
  `user_id` int unsigned DEFAULT NULL,
  `mainprice` decimal(8,2) NOT NULL DEFAULT '0.00',
  `discount` decimal(8,2) NOT NULL DEFAULT '0.00',
  `stoke` int NOT NULL DEFAULT '0',
  `option` enum('true','false') CHARACTER SET utf8mb4 COLLATE utf8mb4_unicode_ci DEFAULT NULL,
  `code` varchar(255) CHARACTER SET utf8mb4 COLLATE utf8mb4_unicode_ci DEFAULT NULL,
  `status` enum('pending','reject','active') CHARACTER SET utf8mb4 COLLATE utf8mb4_unicode_ci NOT NULL DEFAULT 'active',
  `reason` longtext CHARACTER SET utf8mb4 COLLATE utf8mb4_unicode_ci,
  `deleted_at` timestamp NULL DEFAULT NULL,
  `created_at` timestamp NULL DEFAULT NULL,
  `updated_at` timestamp NULL DEFAULT NULL,
  `checked` int NOT NULL DEFAULT '1',
  PRIMARY KEY (`id`),
  KEY `products_user_id_foreign` (`user_id`),
  CONSTRAINT `products_user_id_foreign` FOREIGN KEY (`user_id`) REFERENCES `users` (`id`) ON DELETE CASCADE
) ENGINE=InnoDB AUTO_INCREMENT=9 DEFAULT CHARSET=utf8mb4 COLLATE=utf8mb4_unicode_ci;

--
-- Dumping data for table `products`
--

INSERT INTO `products` (`id`, `image`, `user_id`, `mainprice`, `discount`, `stoke`, `option`, `code`, `status`, `reason`, `deleted_at`, `created_at`, `updated_at`, `checked`) VALUES (1,'2022-06-21-bg-p3.png',8,23.00,23.00,2,NULL,'sdadad','active',NULL,'2022-11-06 09:12:41','2022-06-21 06:50:14','2022-11-06 09:12:41',1),(2,'2022-11-06-video-bg.png',1,0.00,0.00,0,NULL,NULL,'active',NULL,'2022-11-06 09:38:27','2022-11-06 09:12:42','2022-11-06 09:38:27',1),(3,'2022-11-06-video-bg.png',1,0.00,0.00,0,NULL,NULL,'active',NULL,'2022-11-06 09:32:21','2022-11-06 09:31:34','2022-11-06 09:32:21',1),(4,'2022-11-24-2022-11-23-Asset 2.png',1,0.00,0.00,0,NULL,NULL,'active',NULL,'2024-10-26 10:52:46','2022-11-06 09:38:29','2024-10-26 10:52:46',1),(5,'2022-11-24-2022-11-23-Asset 2.png',1,0.00,0.00,0,NULL,NULL,'active',NULL,'2024-10-26 10:52:43','2022-11-06 09:42:29','2024-10-26 10:52:43',1),(6,'2022-11-24-2022-11-23-Asset 2.png',1,0.00,0.00,0,NULL,NULL,'active',NULL,NULL,'2022-11-06 09:50:25','2022-11-24 08:54:07',1),(7,NULL,NULL,0.00,0.00,0,NULL,NULL,'active',NULL,'2022-11-17 08:48:32','2022-11-17 08:22:53','2022-11-17 08:48:32',1),(8,NULL,NULL,0.00,0.00,0,NULL,NULL,'active',NULL,'2024-10-26 10:58:58','2024-10-26 10:58:10','2024-10-26 10:58:58',1);

--
-- Table structure for table `public_notifcations`
--

CREATE TABLE `public_notifcations` (
  `id` int unsigned NOT NULL AUTO_INCREMENT,
  `user_id` int unsigned DEFAULT NULL,
  `title` varchar(255) CHARACTER SET utf8mb4 COLLATE utf8mb4_unicode_ci NOT NULL,
  `message` text CHARACTER SET utf8mb4 COLLATE utf8mb4_unicode_ci NOT NULL,
  `data` text CHARACTER SET utf8mb4 COLLATE utf8mb4_unicode_ci NOT NULL,
  PRIMARY KEY (`id`),
  KEY `public_notifcations_user_id_foreign` (`user_id`),
  CONSTRAINT `public_notifcations_user_id_foreign` FOREIGN KEY (`user_id`) REFERENCES `users` (`id`) ON DELETE CASCADE
) ENGINE=InnoDB DEFAULT CHARSET=utf8mb4 COLLATE=utf8mb4_unicode_ci;

--
-- Dumping data for table `public_notifcations`
--


--
-- Table structure for table `region_translations`
--

CREATE TABLE `region_translations` (
  `id` int unsigned NOT NULL AUTO_INCREMENT,
  `region_id` int unsigned NOT NULL,
  `name` varchar(255) CHARACTER SET utf8mb4 COLLATE utf8mb4_unicode_ci NOT NULL,
  `locale` varchar(255) CHARACTER SET utf8mb4 COLLATE utf8mb4_unicode_ci NOT NULL,
  `created_at` timestamp NULL DEFAULT NULL,
  `updated_at` timestamp NULL DEFAULT NULL,
  PRIMARY KEY (`id`),
  UNIQUE KEY `region_translations_region_id_locale_unique` (`region_id`,`locale`),
  KEY `region_translations_locale_index` (`locale`),
  CONSTRAINT `region_translations_region_id_foreign` FOREIGN KEY (`region_id`) REFERENCES `regions` (`id`) ON DELETE CASCADE
) ENGINE=InnoDB DEFAULT CHARSET=utf8mb4 COLLATE=utf8mb4_unicode_ci;

--
-- Dumping data for table `region_translations`
--


--
-- Table structure for table `regions`
--

CREATE TABLE `regions` (
  `id` int unsigned NOT NULL AUTO_INCREMENT,
  `status` tinyint(1) NOT NULL DEFAULT '1',
  `address_address` varchar(255) CHARACTER SET utf8mb4 COLLATE utf8mb4_unicode_ci NOT NULL,
  `address_latitude` double NOT NULL,
  `address_longitude` double NOT NULL,
  `governments_id` int unsigned NOT NULL,
  `created_at` timestamp NULL DEFAULT NULL,
  `updated_at` timestamp NULL DEFAULT NULL,
  PRIMARY KEY (`id`),
  KEY `regions_governments_id_foreign` (`governments_id`),
  CONSTRAINT `regions_governments_id_foreign` FOREIGN KEY (`governments_id`) REFERENCES `governments` (`id`) ON DELETE CASCADE
) ENGINE=InnoDB DEFAULT CHARSET=utf8mb4 COLLATE=utf8mb4_unicode_ci;

--
-- Dumping data for table `regions`
--


--
-- Table structure for table `role_user`
--

CREATE TABLE `role_user` (
  `role_id` bigint unsigned NOT NULL,
  `user_id` bigint unsigned NOT NULL,
  `user_type` varchar(255) CHARACTER SET utf8mb4 COLLATE utf8mb4_unicode_ci NOT NULL,
  PRIMARY KEY (`user_id`,`role_id`,`user_type`),
  KEY `role_user_role_id_foreign` (`role_id`),
  CONSTRAINT `role_user_role_id_foreign` FOREIGN KEY (`role_id`) REFERENCES `roles` (`id`) ON DELETE CASCADE ON UPDATE CASCADE
) ENGINE=InnoDB DEFAULT CHARSET=utf8mb4 COLLATE=utf8mb4_unicode_ci;

--
-- Dumping data for table `role_user`
--

INSERT INTO `role_user` (`role_id`, `user_id`, `user_type`) VALUES (1,1,'App\\Models\\User'),(4,2,'App\\Models\\User'),(4,8,'App\\Models\\User');

--
-- Table structure for table `roles`
--

CREATE TABLE `roles` (
  `id` bigint unsigned NOT NULL AUTO_INCREMENT,
  `name` varchar(255) CHARACTER SET utf8mb4 COLLATE utf8mb4_unicode_ci NOT NULL,
  `display_name` varchar(255) CHARACTER SET utf8mb4 COLLATE utf8mb4_unicode_ci DEFAULT NULL,
  `description` varchar(255) CHARACTER SET utf8mb4 COLLATE utf8mb4_unicode_ci DEFAULT NULL,
  `created_at` timestamp NULL DEFAULT NULL,
  `updated_at` timestamp NULL DEFAULT NULL,
  PRIMARY KEY (`id`),
  UNIQUE KEY `roles_name_unique` (`name`)
) ENGINE=InnoDB AUTO_INCREMENT=5 DEFAULT CHARSET=utf8mb4 COLLATE=utf8mb4_unicode_ci;

--
-- Dumping data for table `roles`
--

INSERT INTO `roles` (`id`, `name`, `display_name`, `description`, `created_at`, `updated_at`) VALUES (1,'super_admin','Super Admin','Super Admin','2022-06-20 10:51:09','2022-06-20 10:51:09'),(2,'clients','Clients','Clients','2022-06-20 10:51:09','2022-06-20 10:51:09'),(3,'admin','Admin','Admin','2022-06-20 10:51:09','2022-06-20 10:51:09'),(4,'Tager','Tager','Tager','2022-06-20 10:51:09','2022-06-20 10:51:09');

--
-- Table structure for table `shipping_type_translations`
--

CREATE TABLE `shipping_type_translations` (
  `id` int unsigned NOT NULL AUTO_INCREMENT,
  `shipping_type_id` int unsigned NOT NULL,
  `title` varchar(255) CHARACTER SET utf8mb4 COLLATE utf8mb4_unicode_ci DEFAULT NULL,
  `locale` varchar(255) CHARACTER SET utf8mb4 COLLATE utf8mb4_unicode_ci NOT NULL,
  `created_at` timestamp NULL DEFAULT NULL,
  `updated_at` timestamp NULL DEFAULT NULL,
  PRIMARY KEY (`id`),
  UNIQUE KEY `shipping_type_translations_shipping_type_id_locale_unique` (`shipping_type_id`,`locale`),
  CONSTRAINT `shipping_type_translations_shipping_type_id_foreign` FOREIGN KEY (`shipping_type_id`) REFERENCES `shipping_types` (`id`) ON DELETE CASCADE
) ENGINE=InnoDB DEFAULT CHARSET=utf8mb4 COLLATE=utf8mb4_unicode_ci;

--
-- Dumping data for table `shipping_type_translations`
--


--
-- Table structure for table `shipping_types`
--

CREATE TABLE `shipping_types` (
  `id` int unsigned NOT NULL AUTO_INCREMENT,
  `image` varchar(255) CHARACTER SET utf8mb4 COLLATE utf8mb4_unicode_ci DEFAULT NULL,
  `type` int NOT NULL DEFAULT '0',
  `status` int NOT NULL DEFAULT '0',
  `created_at` timestamp NULL DEFAULT NULL,
  `updated_at` timestamp NULL DEFAULT NULL,
  PRIMARY KEY (`id`)
) ENGINE=InnoDB DEFAULT CHARSET=utf8mb4 COLLATE=utf8mb4_unicode_ci;

--
-- Dumping data for table `shipping_types`
--


--
-- Table structure for table `short_terms`
--

CREATE TABLE `short_terms` (
  `id` int unsigned NOT NULL AUTO_INCREMENT,
  `Ticket` varchar(255) CHARACTER SET utf8mb4 COLLATE utf8mb4_unicode_ci NOT NULL,
  `AccountNo` varchar(255) CHARACTER SET utf8mb4 COLLATE utf8mb4_unicode_ci NOT NULL,
  `Action` varchar(255) CHARACTER SET utf8mb4 COLLATE utf8mb4_unicode_ci NOT NULL,
  `FirstSymbol` varchar(255) CHARACTER SET utf8mb4 COLLATE utf8mb4_unicode_ci NOT NULL,
  `PriceCurrent` varchar(255) CHARACTER SET utf8mb4 COLLATE utf8mb4_unicode_ci NOT NULL,
  `PriceOpen` varchar(255) CHARACTER SET utf8mb4 COLLATE utf8mb4_unicode_ci NOT NULL,
  `PriceSL` varchar(255) CHARACTER SET utf8mb4 COLLATE utf8mb4_unicode_ci NOT NULL,
  `PriceTP` varchar(255) CHARACTER SET utf8mb4 COLLATE utf8mb4_unicode_ci NOT NULL,
  `Profit` varchar(255) CHARACTER SET utf8mb4 COLLATE utf8mb4_unicode_ci NOT NULL,
  `SecondSymbol` varchar(255) CHARACTER SET utf8mb4 COLLATE utf8mb4_unicode_ci NOT NULL,
  `Symbol` varchar(255) CHARACTER SET utf8mb4 COLLATE utf8mb4_unicode_ci DEFAULT NULL,
  `Time` varchar(255) CHARACTER SET utf8mb4 COLLATE utf8mb4_unicode_ci NOT NULL,
  `Volume` varchar(255) CHARACTER SET utf8mb4 COLLATE utf8mb4_unicode_ci NOT NULL,
  `created_at` timestamp NULL DEFAULT NULL,
  `updated_at` timestamp NULL DEFAULT NULL,
  PRIMARY KEY (`id`)
) ENGINE=InnoDB DEFAULT CHARSET=utf8mb4 COLLATE=utf8mb4_unicode_ci;

--
-- Dumping data for table `short_terms`
--


--
-- Table structure for table `slider_translations`
--

CREATE TABLE `slider_translations` (
  `id` int unsigned NOT NULL AUTO_INCREMENT,
  `slider_id` int unsigned NOT NULL,
  `name` varchar(255) CHARACTER SET utf8mb4 COLLATE utf8mb4_unicode_ci DEFAULT NULL,
  `content` varchar(255) CHARACTER SET utf8mb4 COLLATE utf8mb4_unicode_ci DEFAULT NULL,
  `locale` varchar(255) CHARACTER SET utf8mb4 COLLATE utf8mb4_unicode_ci NOT NULL,
  `created_at` timestamp NULL DEFAULT NULL,
  `updated_at` timestamp NULL DEFAULT NULL,
  PRIMARY KEY (`id`),
  UNIQUE KEY `slider_translations_slider_id_locale_unique` (`slider_id`,`locale`),
  KEY `slider_translations_locale_index` (`locale`),
  CONSTRAINT `slider_translations_slider_id_foreign` FOREIGN KEY (`slider_id`) REFERENCES `sliders` (`id`) ON DELETE CASCADE
) ENGINE=InnoDB AUTO_INCREMENT=49 DEFAULT CHARSET=utf8mb4 COLLATE=utf8mb4_unicode_ci;

--
-- Dumping data for table `slider_translations`
--

INSERT INTO `slider_translations` (`id`, `slider_id`, `name`, `content`, `locale`, `created_at`, `updated_at`) VALUES (39,20,'EASY TO Register.','<p><span style=\"font-size:14px\">Join the app in 3 easy steps and get started with your progresso daily.</span></p>','ar',NULL,NULL),(40,20,'EASY TO Register.','<p>Join the app in 3 easy steps and get started with your progresso daily.</p>','en',NULL,NULL),(41,21,'SIMPLE TO Create.','<p>Once you&rsquo;re signed up you can create as many polls you want to watch.</p>','ar',NULL,NULL),(42,21,'SIMPLE TO Create.','<p>Once you&rsquo;re signed up you can create as many polls you want to watch.</p>','en',NULL,NULL),(43,22,'FUN TO Measure.','<p>Share your growth results with your friends and inspre others.</p>','ar',NULL,NULL),(44,22,'FUN TO Measure.','<p>Share your growth results with your friends and inspre others.</p>','en',NULL,NULL),(47,24,NULL,NULL,'ar',NULL,NULL),(48,24,NULL,NULL,'en',NULL,NULL);

--
-- Table structure for table `sliders`
--

CREATE TABLE `sliders` (
  `id` int unsigned NOT NULL AUTO_INCREMENT,
  `image` varchar(255) CHARACTER SET utf8mb4 COLLATE utf8mb4_unicode_ci NOT NULL,
  `link` varchar(191) CHARACTER SET utf8mb4 COLLATE utf8mb4_unicode_ci DEFAULT NULL,
  `id_number` int DEFAULT NULL,
  `status` varchar(255) CHARACTER SET utf8mb4 COLLATE utf8mb4_unicode_ci NOT NULL DEFAULT '1',
  `created_at` timestamp NULL DEFAULT NULL,
  `updated_at` timestamp NULL DEFAULT NULL,
  `type` varchar(191) CHARACTER SET utf8mb4 COLLATE utf8mb4_unicode_ci DEFAULT NULL,
  PRIMARY KEY (`id`)
) ENGINE=InnoDB AUTO_INCREMENT=25 DEFAULT CHARSET=utf8mb4 COLLATE=utf8mb4_unicode_ci;

--
-- Dumping data for table `sliders`
--

INSERT INTO `sliders` (`id`, `image`, `link`, `id_number`, `status`, `created_at`, `updated_at`, `type`) VALUES (20,'547958-phone-01.png',NULL,NULL,'1','2024-10-23 18:25:34','2024-10-23 18:25:34','first'),(21,'405280-phone-01.png',NULL,NULL,'1','2024-10-23 18:26:40','2024-10-23 18:26:40','first'),(22,'29732-phone-01.png',NULL,NULL,'1','2024-10-23 18:27:21','2024-10-23 18:27:21','first'),(24,'646863-230x0w (6).webp',NULL,NULL,'1','2024-10-23 18:34:25','2024-10-23 18:36:18','second');

--
-- Table structure for table `tagers`
--

CREATE TABLE `tagers` (
  `id` int unsigned NOT NULL AUTO_INCREMENT,
  `user_id` int unsigned NOT NULL,
  `instagram_link` varchar(255) CHARACTER SET utf8mb4 COLLATE utf8mb4_unicode_ci DEFAULT NULL,
  `banners` text CHARACTER SET utf8mb4 COLLATE utf8mb4_unicode_ci,
  `created_at` timestamp NULL DEFAULT NULL,
  `updated_at` timestamp NULL DEFAULT NULL,
  PRIMARY KEY (`id`),
  KEY `tagers_user_id_foreign` (`user_id`),
  CONSTRAINT `tagers_user_id_foreign` FOREIGN KEY (`user_id`) REFERENCES `users` (`id`) ON DELETE CASCADE
) ENGINE=InnoDB AUTO_INCREMENT=4 DEFAULT CHARSET=utf8mb4 COLLATE=utf8mb4_unicode_ci;

--
-- Dumping data for table `tagers`
--

INSERT INTO `tagers` (`id`, `user_id`, `instagram_link`, `banners`, `created_at`, `updated_at`) VALUES (3,8,'http://127.0.0.1:8000/','[\"2022-06-21-banner-2.jpg\"]','2022-06-21 04:43:40','2022-06-21 04:43:40');

--
-- Table structure for table `topic_subscripts`
--

CREATE TABLE `topic_subscripts` (
  `id` int unsigned NOT NULL AUTO_INCREMENT,
  `topics_id` int unsigned DEFAULT NULL,
  `status` varchar(255) CHARACTER SET utf8mb4 COLLATE utf8mb4_unicode_ci NOT NULL,
  `symobleName` varchar(255) CHARACTER SET utf8mb4 COLLATE utf8mb4_unicode_ci NOT NULL,
  `created_at` timestamp NULL DEFAULT NULL,
  `updated_at` timestamp NULL DEFAULT NULL,
  PRIMARY KEY (`id`),
  KEY `topic_subscripts_topics_id_foreign` (`topics_id`),
  CONSTRAINT `topic_subscripts_topics_id_foreign` FOREIGN KEY (`topics_id`) REFERENCES `topics` (`id`) ON DELETE CASCADE
) ENGINE=InnoDB DEFAULT CHARSET=utf8mb4 COLLATE=utf8mb4_unicode_ci;

--
-- Dumping data for table `topic_subscripts`
--


--
-- Table structure for table `topics`
--

CREATE TABLE `topics` (
  `id` int unsigned NOT NULL AUTO_INCREMENT,
  `token` text CHARACTER SET utf8mb4 COLLATE utf8mb4_unicode_ci,
  `created_at` timestamp NULL DEFAULT NULL,
  `updated_at` timestamp NULL DEFAULT NULL,
  PRIMARY KEY (`id`)
) ENGINE=InnoDB DEFAULT CHARSET=utf8mb4 COLLATE=utf8mb4_unicode_ci;

--
-- Dumping data for table `topics`
--


--
-- Table structure for table `user_addresses`
--

CREATE TABLE `user_addresses` (
  `id` int unsigned NOT NULL AUTO_INCREMENT,
  `user_id` int unsigned NOT NULL,
  `governments_id` int unsigned NOT NULL,
  `region_id` int unsigned NOT NULL,
  `block` varchar(255) CHARACTER SET utf8mb4 COLLATE utf8mb4_unicode_ci NOT NULL,
  `Street_number` varchar(255) CHARACTER SET utf8mb4 COLLATE utf8mb4_unicode_ci NOT NULL,
  `Apartment_number` varchar(255) CHARACTER SET utf8mb4 COLLATE utf8mb4_unicode_ci NOT NULL,
  `floor_number` varchar(255) CHARACTER SET utf8mb4 COLLATE utf8mb4_unicode_ci NOT NULL,
  `house_number` varchar(255) CHARACTER SET utf8mb4 COLLATE utf8mb4_unicode_ci NOT NULL,
  `type` varchar(255) CHARACTER SET utf8mb4 COLLATE utf8mb4_unicode_ci NOT NULL,
  `user_name` varchar(255) CHARACTER SET utf8mb4 COLLATE utf8mb4_unicode_ci DEFAULT NULL,
  `phone` varchar(255) CHARACTER SET utf8mb4 COLLATE utf8mb4_unicode_ci DEFAULT NULL,
  `email` varchar(255) CHARACTER SET utf8mb4 COLLATE utf8mb4_unicode_ci DEFAULT NULL,
  `created_at` timestamp NULL DEFAULT NULL,
  `updated_at` timestamp NULL DEFAULT NULL,
  `checked` int DEFAULT NULL,
  PRIMARY KEY (`id`),
  KEY `user_addresses_user_id_foreign` (`user_id`),
  KEY `user_addresses_governments_id_foreign` (`governments_id`),
  KEY `user_addresses_region_id_foreign` (`region_id`),
  CONSTRAINT `user_addresses_governments_id_foreign` FOREIGN KEY (`governments_id`) REFERENCES `governments` (`id`) ON DELETE CASCADE,
  CONSTRAINT `user_addresses_region_id_foreign` FOREIGN KEY (`region_id`) REFERENCES `regions` (`id`) ON DELETE CASCADE,
  CONSTRAINT `user_addresses_user_id_foreign` FOREIGN KEY (`user_id`) REFERENCES `users` (`id`) ON DELETE CASCADE
) ENGINE=InnoDB DEFAULT CHARSET=utf8mb4 COLLATE=utf8mb4_unicode_ci;

--
-- Dumping data for table `user_addresses`
--


--
-- Table structure for table `user_categories`
--

CREATE TABLE `user_categories` (
  `id` int unsigned NOT NULL AUTO_INCREMENT,
  `user_id` int unsigned NOT NULL,
  `category_id` int unsigned NOT NULL,
  `created_at` timestamp NULL DEFAULT NULL,
  `updated_at` timestamp NULL DEFAULT NULL,
  PRIMARY KEY (`id`),
  KEY `user_categories_user_id_foreign` (`user_id`),
  KEY `user_categories_category_id_foreign` (`category_id`),
  CONSTRAINT `user_categories_category_id_foreign` FOREIGN KEY (`category_id`) REFERENCES `categories` (`id`) ON DELETE CASCADE,
  CONSTRAINT `user_categories_user_id_foreign` FOREIGN KEY (`user_id`) REFERENCES `users` (`id`) ON DELETE CASCADE
) ENGINE=InnoDB AUTO_INCREMENT=4 DEFAULT CHARSET=utf8mb4 COLLATE=utf8mb4_unicode_ci;

--
-- Dumping data for table `user_categories`
--

INSERT INTO `user_categories` (`id`, `user_id`, `category_id`, `created_at`, `updated_at`) VALUES (3,8,1,NULL,NULL);

--
-- Table structure for table `user_products`
--

CREATE TABLE `user_products` (
  `id` int unsigned NOT NULL AUTO_INCREMENT,
  `user_id` int unsigned NOT NULL,
  `product_id` int unsigned NOT NULL,
  `created_at` timestamp NULL DEFAULT NULL,
  `updated_at` timestamp NULL DEFAULT NULL,
  PRIMARY KEY (`id`),
  KEY `user_products_user_id_foreign` (`user_id`),
  KEY `user_products_product_id_foreign` (`product_id`),
  CONSTRAINT `user_products_product_id_foreign` FOREIGN KEY (`product_id`) REFERENCES `products` (`id`) ON DELETE CASCADE,
  CONSTRAINT `user_products_user_id_foreign` FOREIGN KEY (`user_id`) REFERENCES `users` (`id`) ON DELETE CASCADE
) ENGINE=InnoDB DEFAULT CHARSET=utf8mb4 COLLATE=utf8mb4_unicode_ci;

--
-- Dumping data for table `user_products`
--


--
-- Table structure for table `users`
--

CREATE TABLE `users` (
  `id` int unsigned NOT NULL AUTO_INCREMENT,
  `name` varchar(255) CHARACTER SET utf8mb4 COLLATE utf8mb4_unicode_ci NOT NULL,
  `email` varchar(255) CHARACTER SET utf8mb4 COLLATE utf8mb4_unicode_ci NOT NULL,
  `email_verified_at` timestamp NULL DEFAULT NULL,
  `password` varchar(255) CHARACTER SET utf8mb4 COLLATE utf8mb4_unicode_ci DEFAULT NULL,
  `status` int NOT NULL DEFAULT '1',
  `phone` varchar(255) CHARACTER SET utf8mb4 COLLATE utf8mb4_unicode_ci DEFAULT NULL,
  `unique_id` varchar(255) CHARACTER SET utf8mb4 COLLATE utf8mb4_unicode_ci DEFAULT NULL,
  `civil_id` varchar(255) CHARACTER SET utf8mb4 COLLATE utf8mb4_unicode_ci DEFAULT NULL,
  `activation_code` varchar(255) CHARACTER SET utf8mb4 COLLATE utf8mb4_unicode_ci DEFAULT NULL,
  `remember_token` varchar(100) CHARACTER SET utf8mb4 COLLATE utf8mb4_unicode_ci DEFAULT NULL,
  `created_at` timestamp NULL DEFAULT NULL,
  `updated_at` timestamp NULL DEFAULT NULL,
  `address` varchar(255) CHARACTER SET utf8mb4 COLLATE utf8mb4_unicode_ci DEFAULT NULL,
  `lat` varchar(255) CHARACTER SET utf8mb4 COLLATE utf8mb4_unicode_ci DEFAULT NULL,
  `long` varchar(255) CHARACTER SET utf8mb4 COLLATE utf8mb4_unicode_ci DEFAULT NULL,
  `image` varchar(255) CHARACTER SET utf8mb4 COLLATE utf8mb4_unicode_ci DEFAULT NULL,
  PRIMARY KEY (`id`),
  UNIQUE KEY `users_email_unique` (`email`),
  UNIQUE KEY `users_phone_unique` (`phone`)
) ENGINE=InnoDB AUTO_INCREMENT=9 DEFAULT CHARSET=utf8mb4 COLLATE=utf8mb4_unicode_ci;

--
-- Dumping data for table `users`
--

INSERT INTO `users` (`id`, `name`, `email`, `email_verified_at`, `password`, `status`, `phone`, `unique_id`, `civil_id`, `activation_code`, `remember_token`, `created_at`, `updated_at`, `address`, `lat`, `long`, `image`) VALUES (1,'admin','admin@admin.com',NULL,'$2y$10$r3GgZhetqIBxwhe2JPRBiOYfHYkK0W7sYs/nj/jb13bJnM.EjB68y',1,NULL,NULL,NULL,NULL,NULL,'2022-06-20 10:51:09','2022-06-20 10:51:09',NULL,NULL,NULL,NULL),(8,'ahed','aeec@gmail.com',NULL,'$2y$10$qHZ5CHD12TN0lzj28xC9QOIdds58PB86zyyZydjbHfTOnJ6br1J8e',1,'+96555033987',NULL,NULL,'806782',NULL,'2022-06-21 04:43:40','2022-06-21 05:55:54','الدعية قطعة رقم 3 محطة 1، الكويت‎','29.352365791641887','48.014602914062515','2022-06-21-bg-login-1.png');

--
-- Table structure for table `videos`
--

CREATE TABLE `videos` (
  `id` int NOT NULL AUTO_INCREMENT,
  `category_id` int DEFAULT NULL,
  `link` varchar(191) DEFAULT NULL,
  `name` varchar(191) CHARACTER SET utf8mb4 COLLATE utf8mb4_0900_ai_ci DEFAULT NULL,
  `created_at` timestamp NULL DEFAULT NULL,
  `updated_at` timestamp NULL DEFAULT NULL,
  `status` int NOT NULL DEFAULT '1',
  PRIMARY KEY (`id`)
) ENGINE=InnoDB AUTO_INCREMENT=33 DEFAULT CHARSET=latin1;

--
-- Dumping data for table `videos`
--

INSERT INTO `videos` (`id`, `category_id`, `link`, `name`, `created_at`, `updated_at`, `status`) VALUES (2,16,'https://player.vimeo.com/video/458080730','كيفية إتخاذ قرارات التداول','2022-11-08 08:12:01','2023-02-18 07:56:20',1),(3,16,'https://player.vimeo.com/video/458081080','التحليل الأساسي في سوق الفوركس','2022-11-08 08:12:09','2023-02-18 07:57:45',1),(4,16,'https://player.vimeo.com/video/458081382','الدعم و المقاومة','2023-02-18 07:58:20','2023-02-18 07:58:20',1),(5,16,'https://player.vimeo.com/video/458082064','خطوط الإتجاه1','2023-02-18 07:58:57','2023-02-18 07:58:57',1),(6,16,'https://player.vimeo.com/video/458082598','خطوط الإتجاه2','2023-02-18 07:59:10','2023-02-18 07:59:10',1),(7,16,'https://player.vimeo.com/video/458082993','القنوات السعرية','2023-02-18 07:59:40','2023-02-18 07:59:40',1),(8,15,'https://player.vimeo.com/video/458079785','تعريف أساسيات سوق الفوركس','2023-02-18 08:02:09','2023-02-18 08:02:09',1),(9,17,'https://player.vimeo.com/video/458089995','نموذج العلم و الراية','2023-02-18 08:03:07','2023-02-18 08:03:07',1),(10,17,'https://player.vimeo.com/video/458089480','نموذج المثلث الهابط','2023-02-18 08:03:20','2023-02-18 08:03:20',1),(11,17,'https://player.vimeo.com/video/458089261','نموذج المثلث الصاعد','2023-02-18 08:03:45','2023-02-18 08:03:45',1),(12,17,'https://player.vimeo.com/video/458088823','نموذج المثلث المتماثل','2023-02-18 08:04:04','2023-02-18 08:04:04',1),(13,17,'https://player.vimeo.com/video/458096084','نموذج الوتد','2023-02-18 08:04:28','2023-02-18 08:04:28',1),(14,17,'https://player.vimeo.com/video/458090665','نموذج الرأس والكتفين','2023-02-18 08:04:53','2023-02-18 08:04:53',1),(15,17,'https://player.vimeo.com/video/458091336','نموذج معكوس الرأس و الكتفين','2023-02-18 08:05:12','2023-02-18 08:05:12',1),(17,17,'https://player.vimeo.com/video/458091907','نموذج القمة المزدوجة','2023-02-18 08:05:28','2023-02-18 08:05:28',1),(18,17,'https://player.vimeo.com/video/458092400','نموذج القاع المزدوج','2023-02-18 08:05:51','2023-02-18 08:05:51',1),(19,17,'https://player.vimeo.com/video/458094795','نموذج القمة الثلاثية','2023-02-18 08:06:17','2023-02-18 08:06:17',1),(20,17,'https://player.vimeo.com/video/458095445','نموذج القاع الثلاثي','2023-02-18 08:06:32','2023-02-18 08:06:32',1),(21,18,'https://player.vimeo.com/video/458083636','المتوسطات السعرية المتحركة 1','2023-02-18 08:08:33','2023-02-18 08:08:33',1),(22,18,'https://player.vimeo.com/video/458083888','المتوسطات السعرية المتحركة 2','2023-02-18 08:08:46','2023-02-18 08:08:46',1),(23,18,'https://player.vimeo.com/video/458084175','المتوسطات السعرية المتحركة 3','2023-02-18 08:09:04','2023-02-18 08:09:04',1),(24,18,'https://player.vimeo.com/video/458084804','مؤشر بولنجر باند 2','2023-02-18 08:09:40','2023-02-18 08:09:40',1),(25,18,'https://player.vimeo.com/video/458086781','RSI 1','2023-02-18 08:09:54','2023-02-18 08:09:54',1),(26,18,'https://player.vimeo.com/video/458086781','RSI 2','2023-02-18 08:10:20','2023-02-18 08:10:20',1),(27,18,'https://player.vimeo.com/video/458085438','MACD 1','2023-02-18 08:10:45','2023-02-18 08:10:45',1),(28,18,'https://player.vimeo.com/video/458085960','MACD 2','2023-02-18 08:10:57','2023-02-18 08:10:57',1),(29,18,'https://player.vimeo.com/video/458086299','MACD 3','2023-02-18 08:11:13','2023-02-18 08:11:13',1),(30,18,'https://player.vimeo.com/video/458087807','Stochastic Oscillator 1','2023-02-18 08:11:25','2023-02-18 08:11:25',1),(31,18,'https://player.vimeo.com/video/458088259','Stochastic Oscillator 2','2023-02-18 08:11:35','2023-02-18 08:11:35',1),(32,82,'https://player.vimeo.com/video/547392288','MT5','2023-02-18 08:12:15','2023-02-18 08:12:15',1);

--
-- Dumping events for database 'topappkw_project'
--

--
-- Dumping routines for database 'topappkw_project'
--


