--
-- Host: localhost    Database: topappkw_salawat
-- ------------------------------------------------------


--
-- Current Database: `topappkw_salawat`
--


--
-- Table structure for table `al_hussainiyas`
--

CREATE TABLE `al_hussainiyas` (
  `id` bigint unsigned NOT NULL AUTO_INCREMENT,
  `name` varchar(255) COLLATE utf8mb4_unicode_ci NOT NULL,
  `morning_time` varchar(255) COLLATE utf8mb4_unicode_ci DEFAULT NULL,
  `evening_time` varchar(255) COLLATE utf8mb4_unicode_ci DEFAULT NULL,
  `address` varchar(255) COLLATE utf8mb4_unicode_ci NOT NULL,
  `occasion` varchar(255) COLLATE utf8mb4_unicode_ci DEFAULT NULL,
  `reading_date` date DEFAULT NULL,
  `notes` text COLLATE utf8mb4_unicode_ci,
  `gender` enum('men','women','both') COLLATE utf8mb4_unicode_ci NOT NULL DEFAULT 'both',
  `region_id` int DEFAULT NULL,
  `Sheikhs_id` int DEFAULT NULL,
  `image` varchar(255) COLLATE utf8mb4_unicode_ci DEFAULT NULL,
  `images` json DEFAULT NULL,
  `created_at` timestamp NULL DEFAULT NULL,
  `updated_at` timestamp NULL DEFAULT NULL,
  `user_id` int DEFAULT NULL,
  `status` int NOT NULL DEFAULT '1',
  `lat` varchar(191) COLLATE utf8mb4_unicode_ci DEFAULT NULL,
  `long` varchar(191) COLLATE utf8mb4_unicode_ci DEFAULT NULL,
  PRIMARY KEY (`id`)
) ENGINE=InnoDB AUTO_INCREMENT=54 DEFAULT CHARSET=utf8mb4 COLLATE=utf8mb4_unicode_ci;

--
-- Dumping data for table `al_hussainiyas`
--

INSERT INTO `al_hussainiyas` (`id`, `name`, `morning_time`, `evening_time`, `address`, `occasion`, `reading_date`, `notes`, `gender`, `region_id`, `Sheikhs_id`, `image`, `images`, `created_at`, `updated_at`, `user_id`, `status`, `lat`, `long`) VALUES (32,'حسينية الإمام علي بن موسى الرضا (ع) أنيس النفوس',NULL,NULL,'جابر الأحمد ق 1 ش 123 م 9',NULL,NULL,NULL,'both',49,NULL,NULL,NULL,'2025-07-12 08:04:09','2025-07-12 08:04:09',1,1,NULL,NULL),(33,'حسينية الإمام زين العابدين عليه السلام',NULL,NULL,'العدان ق2 ش 76 م25',NULL,NULL,NULL,'men',140,NULL,NULL,NULL,'2025-07-12 08:05:58','2025-07-12 08:05:58',1,1,NULL,NULL),(34,'الحسينية الجعفرية',NULL,NULL,'الصوابر',NULL,NULL,NULL,'both',22,NULL,NULL,NULL,'2025-07-12 08:07:07','2025-07-12 08:07:07',1,1,NULL,NULL),(35,'حسينية الرسول الأعظم الكربلائية',NULL,NULL,'الدعية ق4 ش 146 م 8',NULL,NULL,NULL,'both',31,NULL,NULL,NULL,'2025-07-12 08:11:39','2025-07-12 08:11:39',1,1,NULL,NULL),(36,'حسينية عاشور',NULL,NULL,'بنيدالقار',NULL,NULL,NULL,'both',27,NULL,NULL,NULL,'2025-07-12 08:12:21','2025-07-12 08:12:21',1,1,NULL,NULL),(37,'حسينية معرفي',NULL,NULL,'شرق',NULL,NULL,NULL,'both',21,NULL,NULL,NULL,'2025-07-12 08:13:56','2025-07-12 08:13:56',1,1,NULL,NULL),(38,'حسينية الأوحد',NULL,NULL,'المنصورية ق 1ش 12',NULL,NULL,NULL,'both',32,NULL,NULL,NULL,'2025-07-12 08:15:05','2025-07-12 08:15:05',1,1,NULL,NULL),(39,'حسينية آل بوحمد',NULL,NULL,'الدعيه ق2 ش27 م8 بجانب مركز الاحقاقي الصحي',NULL,NULL,NULL,'both',31,NULL,NULL,NULL,'2025-07-12 08:16:16','2025-07-12 08:16:16',1,1,NULL,NULL),(40,'حسينية البلوش',NULL,NULL,'الجابريه ق 11 شارع 108',NULL,NULL,NULL,'both',126,NULL,NULL,NULL,'2025-07-12 08:18:33','2025-07-12 08:18:33',1,1,NULL,NULL),(41,'الحسينية الجديدة  (الخزعلية )',NULL,NULL,'شرق',NULL,NULL,NULL,'both',21,NULL,NULL,NULL,'2025-07-12 08:19:23','2025-07-12 08:19:23',1,1,NULL,NULL),(42,'حسينية الأربش',NULL,NULL,'بنيدالقار',NULL,NULL,NULL,'both',27,NULL,NULL,NULL,'2025-07-12 08:21:17','2025-07-12 08:21:17',1,1,NULL,NULL),(43,'حسينية فاطمة الزهراء عليها السلام',NULL,NULL,'المنقف قطعة 1 – شارع 113 – م 6',NULL,NULL,NULL,'both',61,NULL,NULL,NULL,'2025-07-12 08:25:42','2025-07-12 08:25:42',1,1,NULL,NULL),(44,'حسينية عقيلة الطالبيين',NULL,NULL,'الرميثية – قطعة 5 – شارع المسجد الأقصى',NULL,NULL,NULL,'both',125,NULL,NULL,NULL,'2025-07-12 08:26:28','2025-07-12 08:26:28',1,1,NULL,NULL),(45,'الحسينية الكاظمية (البكاي)',NULL,NULL,'الشعب – قطعة 6 – شارع 68 – م 1',NULL,NULL,NULL,'both',123,NULL,NULL,NULL,'2025-07-12 08:27:16','2025-07-12 08:27:16',1,1,NULL,NULL),(46,'حسينية دار الزهراء “عليها السلام”',NULL,NULL,'الدسمة- قطعة 4- شارع 43 -منزل 13',NULL,NULL,NULL,'both',30,NULL,NULL,NULL,'2025-07-12 08:28:28','2025-07-12 08:28:28',1,1,NULL,NULL),(47,'حسينية المشموم الرضوية',NULL,NULL,'المنصورية – قطعة 2 – شارع 25',NULL,NULL,NULL,'both',32,NULL,NULL,NULL,'2025-07-12 08:29:12','2025-07-12 08:29:12',1,1,NULL,NULL),(48,'الحسينية الهاشمية',NULL,NULL,'الصليبيخات – قطعة 4 – شارع 114 – جادة 1 – قسيمة 1',NULL,NULL,NULL,'both',47,NULL,NULL,NULL,'2025-07-12 10:26:58','2025-07-12 10:26:58',1,1,NULL,NULL),(49,'حسينية أبي الفضل العباس عليه السلام',NULL,NULL,'الدعية – قطعة 2 – شارع 21',NULL,NULL,NULL,'both',31,NULL,NULL,NULL,'2025-07-12 10:27:54','2025-07-12 10:27:54',1,1,NULL,NULL),(50,'الحسينية الحيدرية المويل',NULL,NULL,'القادسية – قطعة 4 – شارع بدر – منزل 39',NULL,NULL,NULL,'both',40,NULL,NULL,NULL,'2025-07-12 10:29:53','2025-07-12 10:29:53',1,1,NULL,NULL),(51,'حسينية سيد محمد الحسيني (المهدية)',NULL,NULL,'سلوى – قطعة 3 – شارع المسجد الأقصى',NULL,NULL,NULL,'both',133,NULL,NULL,NULL,'2025-07-12 10:30:39','2025-07-12 10:30:39',1,1,NULL,NULL),(52,'حسينية أبا الأحرار',NULL,NULL,'الرميثية – قطعة 6 – شارع حراء – منزل 23',NULL,NULL,NULL,'both',125,NULL,NULL,NULL,'2025-07-12 10:32:51','2025-07-12 10:32:51',1,1,NULL,NULL),(53,'rrrr','rrr','rrً','rr','rrr','2025-07-30',NULL,'both',19,127,'alhussainiyas/E4f36Y8QdwNEvwQlLQUuofXDkkFxFs3wrZYGk1qN.png','[]','2025-07-20 09:26:52','2025-07-20 09:30:59',87,1,NULL,NULL);

--
-- Table structure for table `answers`
--

CREATE TABLE `answers` (
  `id` bigint unsigned NOT NULL AUTO_INCREMENT,
  `created_at` timestamp NULL DEFAULT NULL,
  `updated_at` timestamp NULL DEFAULT NULL,
  PRIMARY KEY (`id`)
) ENGINE=InnoDB DEFAULT CHARSET=utf8mb4 COLLATE=utf8mb4_unicode_ci;

--
-- Dumping data for table `answers`
--


--
-- Table structure for table `arrival_prices`
--

CREATE TABLE `arrival_prices` (
  `id` int unsigned NOT NULL AUTO_INCREMENT,
  `region_id` int DEFAULT NULL,
  `price` double DEFAULT NULL,
  `created_at` timestamp NULL DEFAULT NULL,
  `updated_at` timestamp NULL DEFAULT NULL,
  PRIMARY KEY (`id`)
) ENGINE=InnoDB AUTO_INCREMENT=134 DEFAULT CHARSET=utf8mb4 COLLATE=utf8mb4_unicode_ci;

--
-- Dumping data for table `arrival_prices`
--

INSERT INTO `arrival_prices` (`id`, `region_id`, `price`, `created_at`, `updated_at`) VALUES (1,1,0,'2022-12-06 13:53:46','2022-12-06 13:59:21'),(2,19,1,'2022-12-10 06:34:34','2022-12-10 06:34:34'),(3,20,1,'2022-12-10 06:34:34','2022-12-10 06:34:34'),(4,21,1,'2022-12-10 06:34:34','2022-12-10 06:34:34'),(5,22,1,'2022-12-10 06:34:34','2022-12-10 06:34:34'),(6,23,1,'2022-12-10 06:34:34','2022-12-10 06:34:34'),(7,24,1,'2022-12-10 06:34:34','2022-12-10 06:34:34'),(8,25,1,'2022-12-10 06:34:34','2022-12-10 06:34:34'),(9,26,1,'2022-12-10 06:34:34','2022-12-10 06:34:34'),(10,27,1,'2022-12-10 06:34:34','2022-12-10 06:34:34'),(11,28,1,'2022-12-10 06:34:34','2022-12-10 06:34:34'),(12,29,1,'2022-12-10 06:34:34','2022-12-10 06:34:34'),(13,30,1,'2022-12-10 06:34:34','2022-12-10 06:34:34'),(14,31,1,'2022-12-10 06:34:34','2022-12-10 06:34:34'),(15,32,1,'2022-12-10 06:34:34','2022-12-10 06:34:34'),(16,33,1,'2022-12-10 06:34:34','2022-12-10 06:34:34'),(17,34,1,'2022-12-10 06:34:34','2022-12-10 06:34:34'),(18,35,1,'2022-12-10 06:34:34','2022-12-10 06:34:34'),(19,36,1,'2022-12-10 06:34:34','2022-12-10 06:34:34'),(20,37,1,'2022-12-10 06:34:34','2022-12-10 06:34:34'),(21,38,1,'2022-12-10 06:34:34','2022-12-10 06:34:34'),(22,39,1,'2022-12-10 06:34:34','2022-12-10 06:34:34'),(23,40,1,'2022-12-10 06:34:34','2022-12-10 06:34:34'),(24,41,1,'2022-12-10 06:34:34','2022-12-10 06:34:34'),(25,42,1,'2022-12-10 06:34:34','2022-12-10 06:34:34'),(26,43,1,'2022-12-10 06:34:34','2022-12-10 06:34:34'),(27,44,1,'2022-12-10 06:34:34','2022-12-10 06:34:34'),(28,45,1,'2022-12-10 06:34:34','2022-12-10 06:34:34'),(29,46,1,'2022-12-10 06:34:34','2022-12-10 06:34:34'),(30,47,1,'2022-12-10 06:34:34','2022-12-10 06:34:34'),(31,48,1,'2022-12-10 06:34:34','2022-12-10 06:34:34'),(32,49,1,'2022-12-10 06:34:34','2022-12-10 06:34:34'),(33,50,1,'2022-12-10 06:34:34','2022-12-10 06:34:34'),(34,51,1,'2022-12-10 06:34:34','2022-12-10 06:34:34'),(35,52,1,'2022-12-10 06:34:34','2022-12-10 06:34:34'),(36,53,1,'2022-12-10 06:34:34','2022-12-10 06:34:34'),(37,54,1,'2022-12-10 06:34:34','2022-12-10 06:34:34'),(38,55,1,'2022-12-10 06:34:34','2022-12-10 06:34:34'),(39,56,1,'2022-12-10 06:34:34','2022-12-10 06:34:34'),(40,57,1,'2022-12-10 06:34:34','2022-12-10 06:34:34'),(41,58,1,'2022-12-10 06:34:34','2022-12-10 06:34:34'),(42,59,1,'2022-12-10 06:34:34','2022-12-10 06:34:34'),(43,60,1,'2022-12-10 06:34:34','2022-12-10 06:34:34'),(44,61,1,'2022-12-10 06:34:34','2022-12-10 06:34:34'),(45,62,1,'2022-12-10 06:34:34','2022-12-10 06:34:34'),(46,63,1,'2022-12-10 06:34:34','2022-12-10 06:34:34'),(47,64,1,'2022-12-10 06:34:34','2022-12-10 06:34:34'),(48,65,1,'2022-12-10 06:34:34','2022-12-10 06:34:34'),(49,66,1,'2022-12-10 06:34:34','2022-12-10 06:34:34'),(50,67,1,'2022-12-10 06:34:34','2022-12-10 06:34:34'),(51,68,1,'2022-12-10 06:34:34','2022-12-10 06:34:34'),(52,69,1,'2022-12-10 06:34:34','2022-12-10 06:34:34'),(53,70,1,'2022-12-10 06:34:34','2022-12-10 06:34:34'),(54,71,1,'2022-12-10 06:34:34','2022-12-10 06:34:34'),(55,72,1,'2022-12-10 06:34:34','2022-12-10 06:34:34'),(56,73,1,'2022-12-10 06:34:34','2022-12-10 06:34:34'),(57,74,1,'2022-12-10 06:34:34','2022-12-10 06:34:34'),(58,75,1,'2022-12-10 06:34:34','2022-12-10 06:34:34'),(59,76,1,'2022-12-10 06:34:34','2022-12-10 06:34:34'),(60,77,1,'2022-12-10 06:34:34','2022-12-10 06:34:34'),(61,78,1,'2022-12-10 06:34:34','2022-12-10 06:34:34'),(62,79,1,'2022-12-10 06:34:34','2022-12-10 06:34:34'),(63,80,1,'2022-12-10 06:34:34','2022-12-10 06:34:34'),(64,81,1,'2022-12-10 06:34:34','2022-12-10 06:34:34'),(65,82,1,'2022-12-10 06:34:34','2022-12-10 06:34:34'),(66,83,1,'2022-12-10 06:34:34','2022-12-10 06:34:34'),(67,84,1,'2022-12-10 06:34:34','2022-12-10 06:34:34'),(68,85,1,'2022-12-10 06:34:34','2022-12-10 06:34:34'),(69,86,1,'2022-12-10 06:34:34','2022-12-10 06:34:34'),(70,87,1,'2022-12-10 06:34:34','2022-12-10 06:34:34'),(71,88,1,'2022-12-10 06:34:34','2022-12-10 06:34:34'),(72,89,1,'2022-12-10 06:34:34','2022-12-10 06:34:34'),(73,90,1,'2022-12-10 06:34:34','2022-12-10 06:34:34'),(74,91,1,'2022-12-10 06:34:34','2022-12-10 06:34:34'),(75,92,1,'2022-12-10 06:34:34','2022-12-10 06:34:34'),(76,93,1,'2022-12-10 06:34:34','2022-12-10 06:34:34'),(77,94,1,'2022-12-10 06:34:34','2022-12-10 06:34:34'),(78,95,1,'2022-12-10 06:34:34','2022-12-10 06:34:34'),(79,96,1,'2022-12-10 06:34:34','2022-12-10 06:34:34'),(80,97,1,'2022-12-10 06:34:34','2022-12-10 06:34:34'),(81,98,1,'2022-12-10 06:34:34','2022-12-10 06:34:34'),(82,99,1,'2022-12-10 06:34:34','2022-12-10 06:34:34'),(83,100,1,'2022-12-10 06:34:34','2022-12-10 06:34:34'),(84,101,1,'2022-12-10 06:34:34','2022-12-10 06:34:34'),(85,102,1,'2022-12-10 06:34:34','2022-12-10 06:34:34'),(86,103,1,'2022-12-10 06:34:34','2022-12-10 06:34:34'),(87,104,1,'2022-12-10 06:34:34','2022-12-10 06:34:34'),(88,105,1,'2022-12-10 06:34:34','2022-12-10 06:34:34'),(89,106,1,'2022-12-10 06:34:34','2022-12-10 06:34:34'),(90,107,1,'2022-12-10 06:34:34','2022-12-10 06:34:34'),(91,108,1,'2022-12-10 06:34:34','2022-12-10 06:34:34'),(92,109,1,'2022-12-10 06:34:34','2022-12-10 06:34:34'),(93,110,1,'2022-12-10 06:34:34','2022-12-10 06:34:34'),(94,111,1,'2022-12-10 06:34:34','2022-12-10 06:34:34'),(95,112,1,'2022-12-10 06:34:34','2022-12-10 06:34:34'),(96,113,1,'2022-12-10 06:34:34','2022-12-10 06:34:34'),(97,114,1,'2022-12-10 06:34:34','2022-12-10 06:34:34'),(98,115,1,'2022-12-10 06:34:34','2022-12-10 06:34:34'),(99,116,1,'2022-12-10 06:34:34','2022-12-10 06:34:34'),(100,117,1,'2022-12-10 06:34:34','2022-12-10 06:34:34'),(101,118,1,'2022-12-10 06:34:34','2022-12-10 06:34:34'),(102,119,1,'2022-12-10 06:34:34','2022-12-10 06:34:34'),(103,120,1,'2022-12-10 06:34:34','2022-12-10 06:34:34'),(104,121,1,'2022-12-10 06:34:34','2022-12-10 06:34:34'),(105,122,1,'2022-12-10 06:34:34','2022-12-10 06:34:34'),(106,123,1,'2022-12-10 06:34:34','2022-12-10 06:34:34'),(107,124,1,'2022-12-10 06:34:34','2022-12-10 06:34:34'),(108,125,1,'2022-12-10 06:34:34','2022-12-10 06:34:34'),(109,126,1,'2022-12-10 06:34:34','2022-12-10 06:34:34'),(110,127,1,'2022-12-10 06:34:34','2022-12-10 06:34:34'),(111,128,1,'2022-12-10 06:34:34','2022-12-10 06:34:34'),(112,129,1,'2022-12-10 06:34:34','2022-12-10 06:34:34'),(113,130,1,'2022-12-10 06:34:34','2022-12-10 06:34:34'),(114,131,1,'2022-12-10 06:34:34','2022-12-10 06:34:34'),(115,132,1,'2022-12-10 06:34:34','2022-12-10 06:34:34'),(116,133,1,'2022-12-10 06:34:34','2022-12-10 06:34:34'),(117,134,1,'2022-12-10 06:34:34','2022-12-10 06:34:34'),(118,135,1,'2022-12-10 06:34:34','2022-12-10 06:34:34'),(119,136,1,'2022-12-10 06:34:34','2022-12-10 06:34:34'),(120,137,1,'2022-12-10 06:34:34','2022-12-10 06:34:34'),(121,138,1,'2022-12-10 06:34:34','2022-12-10 06:34:34'),(122,139,1,'2022-12-10 06:34:34','2022-12-10 06:34:34'),(123,140,1,'2022-12-10 06:34:34','2022-12-10 06:34:34'),(124,141,1,'2022-12-10 06:34:34','2022-12-10 06:34:34'),(125,142,1,'2022-12-10 06:34:35','2022-12-10 06:34:35'),(126,143,1,'2022-12-10 06:34:35','2022-12-10 06:34:35'),(127,144,1,'2022-12-10 06:34:35','2022-12-10 06:34:35'),(128,145,1,'2022-12-10 06:34:35','2022-12-10 06:34:35'),(129,146,1,'2022-12-10 06:34:35','2022-12-10 06:34:35'),(130,147,1,'2022-12-10 06:34:35','2022-12-10 06:34:35'),(131,148,1,'2022-12-10 06:34:35','2022-12-10 06:34:35'),(132,149,1,'2022-12-10 06:34:35','2022-12-10 06:34:35'),(133,151,1,'2022-12-10 06:34:35','2022-12-10 06:34:35');

--
-- Table structure for table `arrival_times`
--

CREATE TABLE `arrival_times` (
  `id` int unsigned NOT NULL AUTO_INCREMENT,
  `arrival_id` int unsigned NOT NULL,
  `from` varchar(255) CHARACTER SET utf8mb4 COLLATE utf8mb4_unicode_ci NOT NULL,
  `to` varchar(255) CHARACTER SET utf8mb4 COLLATE utf8mb4_unicode_ci NOT NULL,
  `created_at` timestamp NULL DEFAULT NULL,
  `updated_at` timestamp NULL DEFAULT NULL,
  PRIMARY KEY (`id`),
  KEY `arrival_times_arrival_id_foreign` (`arrival_id`),
  CONSTRAINT `arrival_times_arrival_id_foreign` FOREIGN KEY (`arrival_id`) REFERENCES `arrivals` (`id`) ON DELETE CASCADE
) ENGINE=InnoDB AUTO_INCREMENT=22 DEFAULT CHARSET=utf8mb4 COLLATE=utf8mb4_unicode_ci;

--
-- Dumping data for table `arrival_times`
--

INSERT INTO `arrival_times` (`id`, `arrival_id`, `from`, `to`, `created_at`, `updated_at`) VALUES (11,2,'15:00','19:00','2022-12-20 21:36:18','2022-12-20 21:36:18'),(12,3,'15:00','19:00','2022-12-20 21:36:42','2022-12-20 21:36:42'),(13,4,'15:00','19:00','2022-12-20 21:37:05','2022-12-20 21:37:05'),(14,5,'15:00','19:00','2022-12-20 21:37:27','2022-12-20 21:37:27'),(15,6,'15:00','19:00','2022-12-20 21:37:47','2022-12-20 21:37:47'),(20,1,'15:00','19:00','2023-03-06 14:03:34','2023-03-06 14:03:34'),(21,1,'19:00','21:00','2023-03-06 14:03:34','2023-03-06 14:03:34');

--
-- Table structure for table `arrivals`
--

CREATE TABLE `arrivals` (
  `id` int unsigned NOT NULL AUTO_INCREMENT,
  `day` varchar(255) CHARACTER SET utf8mb4 COLLATE utf8mb4_unicode_ci NOT NULL,
  `avalibale` int NOT NULL DEFAULT '1',
  `created_at` timestamp NULL DEFAULT NULL,
  `updated_at` timestamp NULL DEFAULT NULL,
  PRIMARY KEY (`id`)
) ENGINE=InnoDB AUTO_INCREMENT=7 DEFAULT CHARSET=utf8mb4 COLLATE=utf8mb4_unicode_ci;

--
-- Dumping data for table `arrivals`
--

INSERT INTO `arrivals` (`id`, `day`, `avalibale`, `created_at`, `updated_at`) VALUES (1,'Saturday',1,'2022-06-23 07:18:36','2022-12-20 21:35:56'),(2,'Sunday',1,'2022-12-20 21:36:18','2022-12-20 21:36:18'),(3,'Monday',1,'2022-12-20 21:36:42','2022-12-20 21:36:42'),(4,'Tuesday',1,'2022-12-20 21:37:05','2022-12-20 21:37:05'),(5,'Wednesday',1,'2022-12-20 21:37:27','2022-12-20 21:37:27'),(6,'Thursday',1,'2022-12-20 21:37:47','2022-12-20 21:37:47');

--
-- Table structure for table `branch_months`
--

CREATE TABLE `branch_months` (
  `id` bigint unsigned NOT NULL AUTO_INCREMENT,
  `branche_id` int NOT NULL,
  `category_id` int NOT NULL,
  `created_at` timestamp NULL DEFAULT NULL,
  `updated_at` timestamp NULL DEFAULT NULL,
  PRIMARY KEY (`id`)
) ENGINE=InnoDB AUTO_INCREMENT=3 DEFAULT CHARSET=utf8mb4 COLLATE=utf8mb4_unicode_ci;

--
-- Dumping data for table `branch_months`
--

INSERT INTO `branch_months` (`id`, `branche_id`, `category_id`, `created_at`, `updated_at`) VALUES (1,3,3,NULL,NULL),(2,2,3,NULL,NULL);

--
-- Table structure for table `branch_omra_types`
--

CREATE TABLE `branch_omra_types` (
  `id` bigint unsigned NOT NULL AUTO_INCREMENT,
  `branche_id` int NOT NULL,
  `category_id` int NOT NULL,
  `created_at` timestamp NULL DEFAULT NULL,
  `updated_at` timestamp NULL DEFAULT NULL,
  PRIMARY KEY (`id`)
) ENGINE=InnoDB AUTO_INCREMENT=4 DEFAULT CHARSET=utf8mb4 COLLATE=utf8mb4_unicode_ci;

--
-- Dumping data for table `branch_omra_types`
--

INSERT INTO `branch_omra_types` (`id`, `branche_id`, `category_id`, `created_at`, `updated_at`) VALUES (1,3,2,NULL,NULL),(2,4,2,NULL,NULL),(3,2,2,NULL,NULL);

--
-- Table structure for table `branche_translations`
--

CREATE TABLE `branche_translations` (
  `id` int unsigned NOT NULL AUTO_INCREMENT,
  `branche_id` int unsigned NOT NULL,
  `name` varchar(255) CHARACTER SET utf8mb4 COLLATE utf8mb4_unicode_ci NOT NULL,
  `locale` varchar(255) CHARACTER SET utf8mb4 COLLATE utf8mb4_unicode_ci NOT NULL,
  `created_at` timestamp NULL DEFAULT NULL,
  `updated_at` timestamp NULL DEFAULT NULL,
  `content` text COLLATE utf8mb4_unicode_ci,
  PRIMARY KEY (`id`),
  UNIQUE KEY `branche_translations_branche_id_locale_unique` (`branche_id`,`locale`),
  KEY `branche_translations_locale_index` (`locale`),
  CONSTRAINT `branche_translations_branche_id_foreign` FOREIGN KEY (`branche_id`) REFERENCES `branches` (`id`) ON DELETE CASCADE
) ENGINE=InnoDB AUTO_INCREMENT=9 DEFAULT CHARSET=utf8mb4 COLLATE=utf8mb4_unicode_ci;

--
-- Dumping data for table `branche_translations`
--

INSERT INTO `branche_translations` (`id`, `branche_id`, `name`, `locale`, `created_at`, `updated_at`, `content`) VALUES (3,2,'شسيشسي','ar',NULL,NULL,'<p>شسيشسي</p>'),(4,2,'شسيشسي','en',NULL,NULL,'<p>شسيشسي</p>'),(5,3,'الحمله الثنيه','ar',NULL,NULL,'<p>الحمله الثنيه</p>'),(6,3,'الحمله الثنيه','en',NULL,NULL,'<p>الحمله الثنيه</p>'),(7,4,'حملات الحج والعمره','ar',NULL,NULL,'<p>حملات الحج والعمره</p>'),(8,4,'حملات الحج والعمره','en',NULL,NULL,'<p>حملات الحج والعمره</p>');

--
-- Table structure for table `branches`
--

CREATE TABLE `branches` (
  `id` int unsigned NOT NULL AUTO_INCREMENT,
  `status` int NOT NULL DEFAULT '1',
  `address_address` varchar(255) CHARACTER SET utf8mb4 COLLATE utf8mb4_unicode_ci DEFAULT NULL,
  `address_latitude` double NOT NULL,
  `address_longitude` double NOT NULL,
  `created_at` timestamp NULL DEFAULT NULL,
  `updated_at` timestamp NULL DEFAULT NULL,
  `phone` varchar(191) CHARACTER SET utf8mb4 COLLATE utf8mb4_unicode_ci DEFAULT NULL,
  `phone2` varchar(111) CHARACTER SET utf8mb4 COLLATE utf8mb4_unicode_ci DEFAULT NULL,
  `image` varchar(191) COLLATE utf8mb4_unicode_ci DEFAULT NULL,
  `imageAirport` varchar(191) COLLATE utf8mb4_unicode_ci DEFAULT NULL,
  `imageotel` varchar(191) COLLATE utf8mb4_unicode_ci DEFAULT NULL,
  `countPeople` varchar(111) COLLATE utf8mb4_unicode_ci DEFAULT NULL,
  `PriceHamal` varchar(111) COLLATE utf8mb4_unicode_ci DEFAULT NULL,
  `tager_id` int DEFAULT NULL,
  PRIMARY KEY (`id`)
) ENGINE=InnoDB AUTO_INCREMENT=5 DEFAULT CHARSET=utf8mb4 COLLATE=utf8mb4_unicode_ci;

--
-- Dumping data for table `branches`
--

INSERT INTO `branches` (`id`, `status`, `address_address`, `address_latitude`, `address_longitude`, `created_at`, `updated_at`, `phone`, `phone2`, `image`, `imageAirport`, `imageotel`, `countPeople`, `PriceHamal`, `tager_id`) VALUES (2,1,NULL,0,0,'2025-04-02 21:46:29','2025-04-02 21:50:48',NULL,NULL,'2025-04-02-928646a6d2aa9f36ff0342502f76313e.png','2025-04-02-45e24e8242329c7b774425a41b41ea93.png','2025-04-02-674d6e47f2e5069e03e3e9c4fc429724.png','33','3',94),(3,1,NULL,0,0,'2025-04-02 21:53:41','2025-04-02 22:20:05',NULL,NULL,'2025-04-02-928646a6d2aa9f36ff0342502f76313e.png','2025-04-02-45e24e8242329c7b774425a41b41ea93.png','2025-04-02-674d6e47f2e5069e03e3e9c4fc429724.png','12','12',94),(4,1,NULL,0,0,'2025-04-02 21:55:45','2025-04-02 22:23:23',NULL,NULL,'2025-04-02-928646a6d2aa9f36ff0342502f76313e.png','2025-04-02-674d6e47f2e5069e03e3e9c4fc429724.png','2025-04-02-45e24e8242329c7b774425a41b41ea93.png','12','2',97);

--
-- Table structure for table `categories`
--

CREATE TABLE `categories` (
  `id` int unsigned NOT NULL AUTO_INCREMENT,
  `image` varchar(255) CHARACTER SET utf8mb4 COLLATE utf8mb4_unicode_ci DEFAULT NULL,
  `status` tinyint(1) NOT NULL DEFAULT '0',
  `parent_id` int NOT NULL,
  `color_name` varchar(255) CHARACTER SET utf8mb4 COLLATE utf8mb4_unicode_ci NOT NULL,
  `created_at` timestamp NULL DEFAULT NULL,
  `updated_at` timestamp NULL DEFAULT NULL,
  `deleted_at` timestamp NULL DEFAULT NULL,
  `main` int DEFAULT '0',
  `type` varchar(111) CHARACTER SET utf8mb4 COLLATE utf8mb4_unicode_ci DEFAULT NULL,
  PRIMARY KEY (`id`)
) ENGINE=InnoDB AUTO_INCREMENT=48 DEFAULT CHARSET=utf8mb4 COLLATE=utf8mb4_unicode_ci;

--
-- Dumping data for table `categories`
--

INSERT INTO `categories` (`id`, `image`, `status`, `parent_id`, `color_name`, `created_at`, `updated_at`, `deleted_at`, `main`, `type`) VALUES (1,'2025-03-22-d75aadffaf98a519d8fe9e86c00331be.png',1,0,'#000000','2025-03-22 12:16:00','2025-05-13 07:32:26','2025-05-13 07:32:26',0,'normal'),(2,NULL,1,0,'','2025-04-02 20:20:10','2025-04-02 22:44:59',NULL,0,'omra'),(3,NULL,1,0,'','2025-04-02 20:20:35','2025-04-02 20:20:44',NULL,0,'months'),(4,'2025-04-03-5561670d0160977d7c6f1e8b9fc8667a.png',1,0,'','2025-04-03 21:56:57','2025-06-29 13:09:35','2025-06-29 13:09:35',0,'visuals'),(5,'2025-05-08-asdfdsa.png',1,0,'','2025-05-08 21:21:27','2025-05-13 07:32:32','2025-05-13 07:32:32',0,'normal'),(6,'2025-05-08-asdfdsa.png',1,0,'','2025-05-08 21:21:59','2025-05-13 07:32:35','2025-05-13 07:32:35',0,'normal'),(7,'2025-05-08-asdfdsa.png',1,0,'','2025-05-08 21:22:23','2025-05-13 07:32:38','2025-05-13 07:32:38',0,'normal'),(8,'2025-05-08-asdfdsa.png',1,0,'','2025-05-08 21:26:10','2025-05-13 07:32:40','2025-05-13 07:32:40',0,'normal'),(9,'2025-05-10-45e24e8242329c7b774425a41b41ea93.png',1,0,'','2025-05-10 15:39:36','2025-05-13 07:32:43','2025-05-13 07:32:43',0,'normal'),(10,NULL,1,0,'','2025-05-12 20:26:56','2025-07-30 13:23:57','2025-07-30 13:23:57',0,'Sounds'),(11,'2025-05-13-download.jpg',0,0,'','2025-05-13 07:36:39','2025-05-13 07:36:39',NULL,0,'normal'),(12,NULL,0,0,'','2025-05-13 07:39:02','2025-05-13 07:39:02',NULL,0,'normal'),(13,NULL,0,0,'','2025-05-13 07:39:44','2025-05-13 07:39:44',NULL,0,'normal'),(14,NULL,0,0,'','2025-05-13 07:40:49','2025-05-13 07:40:49',NULL,0,'normal'),(15,NULL,0,0,'','2025-05-13 07:41:32','2025-05-13 07:41:32',NULL,0,'normal'),(16,NULL,0,11,'','2025-05-13 07:42:58','2025-05-13 07:42:58',NULL,0,'normal'),(17,NULL,0,0,'','2025-05-13 07:43:55','2025-05-13 07:43:55',NULL,0,'normal'),(18,NULL,0,0,'','2025-05-13 07:44:50','2025-05-13 07:44:50',NULL,0,'normal'),(19,NULL,0,0,'','2025-05-13 07:45:32','2025-05-13 07:45:32',NULL,0,'normal'),(21,NULL,1,0,'','2025-05-13 16:59:56','2025-07-11 15:25:05','2025-07-11 15:25:05',0,'questionsType'),(22,NULL,1,0,'','2025-05-17 21:09:52','2025-07-11 15:25:10','2025-07-11 15:25:10',0,'questionsType'),(23,NULL,1,0,'','2025-05-17 21:10:08','2025-07-11 15:25:14','2025-07-11 15:25:14',0,'questionsType'),(24,'2025-06-03-images.png',0,0,'','2025-06-03 09:12:45','2025-06-29 13:09:31','2025-06-29 13:09:31',0,'visuals'),(25,NULL,1,0,'','2025-06-29 12:40:15','2025-06-29 13:09:26','2025-06-29 13:09:26',0,'visuals'),(26,'2025-06-29-صورة الحرم صغيرة.jpg',0,0,'','2025-06-29 13:20:18','2025-07-08 09:42:14','2025-07-08 09:42:14',0,'visuals'),(27,NULL,0,0,'','2025-07-08 09:27:51','2025-07-08 09:47:29','2025-07-08 09:47:29',0,'visuals'),(28,NULL,1,0,'','2025-07-08 09:30:38','2025-07-20 07:48:51',NULL,0,'visuals'),(29,NULL,1,0,'','2025-07-08 09:31:49','2025-07-20 07:48:52',NULL,0,'visuals'),(30,NULL,1,0,'','2025-07-08 09:33:17','2025-07-20 07:48:54',NULL,0,'visuals'),(31,NULL,1,0,'','2025-07-08 09:33:59','2025-07-20 07:48:55',NULL,0,'visuals'),(32,NULL,1,28,'','2025-07-08 09:34:44','2025-07-28 20:29:07',NULL,0,'visuals'),(33,NULL,1,28,'','2025-07-08 09:36:07','2025-07-28 20:30:02',NULL,0,'visuals'),(34,NULL,1,32,'','2025-07-08 09:36:40','2025-07-28 20:30:43',NULL,0,'visuals'),(35,NULL,1,32,'','2025-07-08 09:37:20','2025-07-28 20:31:06',NULL,0,'visuals'),(36,NULL,0,0,'','2025-07-08 09:38:02','2025-07-08 09:38:02',NULL,0,'visuals'),(37,NULL,0,0,'','2025-07-08 09:38:30','2025-07-08 09:38:30',NULL,0,'visuals'),(38,NULL,0,0,'','2025-07-08 09:39:26','2025-07-08 09:39:26',NULL,0,'visuals'),(39,NULL,0,0,'','2025-07-08 09:40:13','2025-07-08 09:40:13',NULL,0,'visuals'),(40,NULL,1,0,'','2025-07-11 15:26:59','2025-07-20 08:23:30',NULL,0,'questionsType'),(41,NULL,1,0,'','2025-07-30 12:57:27','2025-07-30 12:57:34',NULL,0,'Sounds'),(42,NULL,1,0,'','2025-07-30 13:00:49','2025-07-30 13:01:01',NULL,0,'Sounds'),(43,NULL,1,42,'','2025-07-30 13:01:40','2025-07-30 13:02:08',NULL,0,'Sounds'),(44,NULL,1,42,'','2025-07-30 13:01:57','2025-07-30 13:02:09',NULL,0,'Sounds'),(45,NULL,1,43,'','2025-07-30 13:02:43','2025-07-30 13:03:18',NULL,0,'Sounds'),(46,NULL,1,43,'','2025-07-30 13:02:53','2025-07-30 13:03:31',NULL,0,'Sounds'),(47,NULL,1,43,'','2025-07-30 13:03:01','2025-07-30 13:03:46',NULL,0,'Sounds');

--
-- Table structure for table `category_translations`
--

CREATE TABLE `category_translations` (
  `id` int unsigned NOT NULL AUTO_INCREMENT,
  `category_id` int unsigned NOT NULL,
  `name` varchar(255) CHARACTER SET utf8mb4 COLLATE utf8mb4_unicode_ci NOT NULL,
  `locale` varchar(255) CHARACTER SET utf8mb4 COLLATE utf8mb4_unicode_ci NOT NULL,
  `created_at` timestamp NULL DEFAULT NULL,
  `updated_at` timestamp NULL DEFAULT NULL,
  PRIMARY KEY (`id`),
  UNIQUE KEY `category_translations_category_id_locale_unique` (`category_id`,`locale`),
  KEY `category_translations_locale_index` (`locale`),
  CONSTRAINT `category_translations_category_id_foreign` FOREIGN KEY (`category_id`) REFERENCES `categories` (`id`) ON DELETE CASCADE
) ENGINE=InnoDB AUTO_INCREMENT=95 DEFAULT CHARSET=utf8mb4 COLLATE=utf8mb4_unicode_ci;

--
-- Dumping data for table `category_translations`
--

INSERT INTO `category_translations` (`id`, `category_id`, `name`, `locale`, `created_at`, `updated_at`) VALUES (1,1,'الكتب','ar',NULL,NULL),(2,1,'books','en',NULL,NULL),(3,2,'العمرة الرجبية','ar',NULL,NULL),(4,2,'rajab','en',NULL,NULL),(5,3,'الزيارة الشعبانية','ar',NULL,NULL),(6,3,'shaeban','en',NULL,NULL),(7,4,'قسم جديدج','ar',NULL,NULL),(8,4,'قسم جديدج','en',NULL,NULL),(9,5,'اكسسورات','ar',NULL,NULL),(10,5,'اكسسورات','en',NULL,NULL),(11,6,'لوحات','ar',NULL,NULL),(12,6,'Paintings','en',NULL,NULL),(13,7,'صوتيات','ar',NULL,NULL),(14,7,'Audio','en',NULL,NULL),(15,8,'سبح','ar',NULL,NULL),(16,8,'سبح','en',NULL,NULL),(17,9,'قسم جديد','ar',NULL,NULL),(18,9,'قسم جديد','en',NULL,NULL),(19,10,'القسم الاول','ar',NULL,NULL),(20,10,'القسم الاول','en',NULL,NULL),(21,11,'كتب','ar',NULL,NULL),(22,11,'book','en',NULL,NULL),(23,12,'لوحات واكسسوارات','ar',NULL,NULL),(24,12,'Plates and accessories','en',NULL,NULL),(25,13,'مصاحف','ar',NULL,NULL),(26,13,'Qur’an','en',NULL,NULL),(27,14,'كتيبات وتثويبات','ar',NULL,NULL),(28,14,'Brochures and installations','en',NULL,NULL),(29,15,'خواتم واحجار كريمة','ar',NULL,NULL),(30,15,'Rings and gemstones','en',NULL,NULL),(31,16,'أدعية و مناجاة','ar',NULL,NULL),(32,16,'Supplications and prayers','en',NULL,NULL),(33,17,'الحديث والسيرة','ar',NULL,NULL),(34,17,'Hadith and biography','en',NULL,NULL),(35,18,'الفقه والرسائل العملية','ar',NULL,NULL),(36,18,'Jurisprudence and letters','en',NULL,NULL),(37,19,'الاخلاق والآداب','ar',NULL,NULL),(38,19,'Ethics and morals','en',NULL,NULL),(41,21,'اسرية','ar',NULL,NULL),(42,21,'اسرية','en',NULL,NULL),(43,22,'دينية','ar',NULL,NULL),(44,22,'دينية','en',NULL,NULL),(45,23,'سياسية','ar',NULL,NULL),(46,23,'سياسية','en',NULL,NULL),(47,24,'عاشوراء','ar',NULL,NULL),(48,24,'ashouraa','en',NULL,NULL),(49,25,'محرم','ar',NULL,NULL),(50,25,'moharm','en',NULL,NULL),(51,26,'muharam','ar',NULL,NULL),(52,26,'muharam','en',NULL,NULL),(53,27,'محاضرات وخطب','ar',NULL,NULL),(54,27,'muhadarat','en',NULL,NULL),(55,28,'الخطابة والمنبر','ar',NULL,NULL),(56,28,'Public speaking and the pulpit','en',NULL,NULL),(57,29,'عزاء ونعي العترة الطاهرة','ar',NULL,NULL),(58,29,'Condolences and obituaries for the pure family','en',NULL,NULL),(59,30,'لطميات','ar',NULL,NULL),(60,30,'Slapping','en',NULL,NULL),(61,31,'وثائقي','ar',NULL,NULL),(62,31,'documentary','en',NULL,NULL),(63,32,'اطفال','ar',NULL,NULL),(64,32,'children','en',NULL,NULL),(65,33,'مسائل شرعية','ar',NULL,NULL),(66,33,'Islamic legal issues','en',NULL,NULL),(67,34,'افلام','ar',NULL,NULL),(68,34,'films','en',NULL,NULL),(69,35,'مسلسلات','ar',NULL,NULL),(70,35,'series','en',NULL,NULL),(71,36,'مسرحيات','ar',NULL,NULL),(72,36,'plays','en',NULL,NULL),(73,37,'قنوات مباشر','ar',NULL,NULL),(74,37,'Live channels','en',NULL,NULL),(75,38,'محاضرات العقيدة','ar',NULL,NULL),(76,38,'Lectures on Creed','en',NULL,NULL),(77,39,'سيرة وحياة المعصومين','ar',NULL,NULL),(78,39,'Biography and life of the infallible ones','en',NULL,NULL),(79,40,'أسئلة شرعية','ar',NULL,NULL),(80,40,'أسئلة شرعية','en',NULL,NULL),(81,41,'قران كريم','ar',NULL,NULL),(82,41,'قران كريم','en',NULL,NULL),(83,42,'احاديث','ar',NULL,NULL),(84,42,'احاديث','en',NULL,NULL),(85,43,'احاديث نبواية','ar',NULL,NULL),(86,43,'احاديث نبواية','en',NULL,NULL),(87,44,'احاديث دينية','ar',NULL,NULL),(88,44,'احاديث دينية','en',NULL,NULL),(89,45,'ابراهيم','ar',NULL,NULL),(90,45,'ابراهيم','en',NULL,NULL),(91,46,'اسماعيل','ar',NULL,NULL),(92,46,'اسماعيل','en',NULL,NULL),(93,47,'اسحاق','ar',NULL,NULL),(94,47,'اسحاق','en',NULL,NULL);

--
-- Table structure for table `contacts`
--

CREATE TABLE `contacts` (
  `id` int unsigned NOT NULL AUTO_INCREMENT,
  `name` varchar(255) CHARACTER SET utf8mb4 COLLATE utf8mb4_unicode_ci NOT NULL,
  `email` varchar(255) CHARACTER SET utf8mb4 COLLATE utf8mb4_unicode_ci NOT NULL,
  `comment` text CHARACTER SET utf8mb4 COLLATE utf8mb4_unicode_ci NOT NULL,
  `phone` varchar(255) CHARACTER SET utf8mb4 COLLATE utf8mb4_unicode_ci NOT NULL,
  `created_at` timestamp NULL DEFAULT NULL,
  `updated_at` timestamp NULL DEFAULT NULL,
  `status` int DEFAULT '0',
  PRIMARY KEY (`id`)
) ENGINE=InnoDB AUTO_INCREMENT=6 DEFAULT CHARSET=utf8mb4 COLLATE=utf8mb4_unicode_ci;

--
-- Dumping data for table `contacts`
--

INSERT INTO `contacts` (`id`, `name`, `email`, `comment`, `phone`, `created_at`, `updated_at`, `status`) VALUES (1,'samer','samer@gmail.com','asdasdasd','4365345','2022-06-26 11:13:47','2025-04-03 20:37:32',0),(2,'cvbb','ffhjvh@ghh.com','shigella','vvv','2022-06-28 08:15:57','2022-06-28 08:15:57',0),(3,'adada','asdsd@gmail.com','sdfsdf','234234','2022-11-03 23:02:52','2022-11-03 23:02:52',0),(4,'dsfsf','sdfds@gmail.com','dsfsdfsdf','3242342','2022-11-03 23:04:04','2022-11-03 23:04:04',0),(5,'asdasd','asdasd@gmail.com','asdfasd','3234','2022-11-03 23:04:32','2022-11-03 23:04:32',0);

--
-- Table structure for table `countries`
--

CREATE TABLE `countries` (
  `id` int unsigned NOT NULL AUTO_INCREMENT,
  `status` tinyint(1) NOT NULL DEFAULT '1',
  `image` varchar(191) CHARACTER SET utf8mb4 COLLATE utf8mb4_unicode_ci DEFAULT NULL,
  `code` varchar(191) CHARACTER SET utf8mb4 COLLATE utf8mb4_unicode_ci DEFAULT NULL,
  `currency` varchar(191) CHARACTER SET utf8mb4 COLLATE utf8mb4_unicode_ci DEFAULT NULL,
  `address_address` varchar(191) CHARACTER SET utf8mb4 COLLATE utf8mb4_unicode_ci NOT NULL,
  `address_latitude` double NOT NULL,
  `address_longitude` double NOT NULL,
  `created_at` timestamp NULL DEFAULT NULL,
  `updated_at` timestamp NULL DEFAULT NULL,
  `prices` float NOT NULL,
  `key` varchar(191) CHARACTER SET utf8mb4 COLLATE utf8mb4_unicode_ci DEFAULT NULL,
  `shipper` varchar(11) CHARACTER SET utf8mb4 COLLATE utf8mb4_unicode_ci DEFAULT NULL,
  PRIMARY KEY (`id`)
) ENGINE=InnoDB AUTO_INCREMENT=8 DEFAULT CHARSET=utf8mb4 COLLATE=utf8mb4_unicode_ci;

--
-- Dumping data for table `countries`
--

INSERT INTO `countries` (`id`, `status`, `image`, `code`, `currency`, `address_address`, `address_latitude`, `address_longitude`, `created_at`, `updated_at`, `prices`, `key`, `shipper`) VALUES (1,1,'vvBbzHHZDdEbPGgHbbrF3nYfARVqffCyLAOF5oKv.png','KWD','KWD','مدينة الكويت، Kuwait',29.375859,47.9774052,'2020-07-29 23:06:29','2023-03-13 12:30:03',1,'+965',NULL),(2,1,'Jf0lu2CuQ7q5H1rfTHMQ6aKaUW80u1WcrgRJTwgx.png','SAR','SAR','Saudi Arabia',23.885942,45.079162,'2022-04-25 17:22:01','2023-09-27 17:05:03',12.0769,'+966','10'),(3,1,'oDrty4kRyxsgSxmLAe7zXbHKWs84OEjVPX1ZQkMQ.jpg','QAR','ريال قطري','Tehran Province, Tehran, خیابان وزرا، Iran',35.7373583,51.4125621,'2022-11-20 13:41:51','2023-09-27 17:05:04',11.7233,NULL,'12'),(4,1,'fOxYPIAf1yBMBi4JDmn8x6AQJNq0jh8gGpDxObZ6.png','AED','AED','الإمارات العربية المتحدة',23.424076,53.847818,'2022-12-05 08:55:34','2023-09-27 05:20:03',11.827,NULL,NULL),(6,1,'uW8rovTlH1s97FAjL1GKzCkS1oQt7nsF7UOXwTDq.png','BHD','BHD','البحرين',26.0667,50.5577,'2022-12-06 13:39:21','2023-09-27 17:05:05',1.21421,NULL,NULL),(7,1,'RHYIml9mZoz7pAUJuuqxUUDaIku2cQXfoPZCitbm.png','OMR','OMR','Oman',21.4735329,55.975413,'2022-12-20 21:28:24','2023-09-27 17:05:05',1.23833,NULL,NULL);

--
-- Table structure for table `country_translations`
--

CREATE TABLE `country_translations` (
  `id` int unsigned NOT NULL AUTO_INCREMENT,
  `country_id` int unsigned NOT NULL,
  `name` varchar(191) CHARACTER SET utf8mb4 COLLATE utf8mb4_unicode_ci NOT NULL,
  `locale` varchar(191) CHARACTER SET utf8mb4 COLLATE utf8mb4_unicode_ci NOT NULL,
  `created_at` timestamp NULL DEFAULT NULL,
  `updated_at` timestamp NULL DEFAULT NULL,
  PRIMARY KEY (`id`),
  UNIQUE KEY `country_translations_country_id_locale_unique` (`country_id`,`locale`),
  KEY `country_translations_locale_index` (`locale`),
  CONSTRAINT `country_translations_country_id_foreign` FOREIGN KEY (`country_id`) REFERENCES `countries` (`id`) ON DELETE CASCADE
) ENGINE=InnoDB AUTO_INCREMENT=15 DEFAULT CHARSET=utf8mb4 COLLATE=utf8mb4_unicode_ci;

--
-- Dumping data for table `country_translations`
--

INSERT INTO `country_translations` (`id`, `country_id`, `name`, `locale`, `created_at`, `updated_at`) VALUES (1,1,'الكويت','ar',NULL,NULL),(2,1,'kuwait','en',NULL,NULL),(3,2,'السعودية','ar',NULL,NULL),(4,2,'Saudi Arabia','en',NULL,NULL),(5,3,'قطر','ar',NULL,NULL),(6,3,'Qater','en',NULL,NULL),(7,4,'الإمارات','ar',NULL,NULL),(8,4,'United Arab Emirates','en',NULL,NULL),(11,6,'البحرين','ar',NULL,NULL),(12,6,'Bahrain','en',NULL,NULL),(13,7,'عُمان','ar',NULL,NULL),(14,7,'Oman','en',NULL,NULL);

--
-- Table structure for table `coupone_relateds`
--

CREATE TABLE `coupone_relateds` (
  `id` int unsigned NOT NULL AUTO_INCREMENT,
  `coupons_id` int unsigned NOT NULL,
  `related_id` int NOT NULL,
  `created_at` timestamp NULL DEFAULT NULL,
  `updated_at` timestamp NULL DEFAULT NULL,
  PRIMARY KEY (`id`),
  KEY `coupone_relateds_coupons_id_foreign` (`coupons_id`),
  CONSTRAINT `coupone_relateds_coupons_id_foreign` FOREIGN KEY (`coupons_id`) REFERENCES `coupons` (`id`) ON DELETE CASCADE
) ENGINE=InnoDB AUTO_INCREMENT=12 DEFAULT CHARSET=utf8mb4 COLLATE=utf8mb4_unicode_ci;

--
-- Dumping data for table `coupone_relateds`
--

INSERT INTO `coupone_relateds` (`id`, `coupons_id`, `related_id`, `created_at`, `updated_at`) VALUES (3,1,2,NULL,NULL),(4,1,4,NULL,NULL),(5,1,5,NULL,NULL),(6,1,6,NULL,NULL),(7,2,2,NULL,NULL),(8,2,4,NULL,NULL),(9,2,5,NULL,NULL),(10,2,6,NULL,NULL),(11,3,6,NULL,NULL);

--
-- Table structure for table `coupons`
--

CREATE TABLE `coupons` (
  `id` int unsigned NOT NULL AUTO_INCREMENT,
  `user_id` int unsigned DEFAULT NULL,
  `name` varchar(255) CHARACTER SET utf8mb4 COLLATE utf8mb4_unicode_ci NOT NULL,
  `code` varchar(255) CHARACTER SET utf8mb4 COLLATE utf8mb4_unicode_ci NOT NULL,
  `type` varchar(255) CHARACTER SET utf8mb4 COLLATE utf8mb4_unicode_ci NOT NULL,
  `value` varchar(255) CHARACTER SET utf8mb4 COLLATE utf8mb4_unicode_ci NOT NULL,
  `count` int NOT NULL DEFAULT '0',
  `status` int NOT NULL DEFAULT '1',
  `created_at` timestamp NULL DEFAULT NULL,
  `updated_at` timestamp NULL DEFAULT NULL,
  PRIMARY KEY (`id`),
  KEY `coupons_user_id_foreign` (`user_id`),
  CONSTRAINT `coupons_user_id_foreign` FOREIGN KEY (`user_id`) REFERENCES `users` (`id`) ON DELETE CASCADE
) ENGINE=InnoDB AUTO_INCREMENT=5 DEFAULT CHARSET=utf8mb4 COLLATE=utf8mb4_unicode_ci;

--
-- Dumping data for table `coupons`
--

INSERT INTO `coupons` (`id`, `user_id`, `name`, `code`, `type`, `value`, `count`, `status`, `created_at`, `updated_at`) VALUES (1,1,'asds','sa','category','10',1,0,'2022-09-24 17:17:33','2023-03-07 07:15:59'),(2,1,'جمعية','9821','category','10',7,0,'2022-10-02 09:01:16','2023-03-07 07:16:05'),(3,1,'لفاا','mm','product','10',10,0,'2022-11-20 14:06:28','2023-03-07 07:16:02'),(4,1,'كود خصم كلي','sasa','total','12',8,1,'2022-12-14 07:01:33','2025-03-23 10:20:33');

--
-- Table structure for table `deaths`
--

CREATE TABLE `deaths` (
  `id` bigint unsigned NOT NULL AUTO_INCREMENT,
  `name` varchar(255) COLLATE utf8mb4_unicode_ci NOT NULL,
  `time` varchar(255) COLLATE utf8mb4_unicode_ci NOT NULL,
  `men_places` varchar(255) COLLATE utf8mb4_unicode_ci NOT NULL,
  `women_places` varchar(255) COLLATE utf8mb4_unicode_ci NOT NULL,
  `image` varchar(255) COLLATE utf8mb4_unicode_ci NOT NULL,
  `files` text COLLATE utf8mb4_unicode_ci NOT NULL,
  `created_at` timestamp NULL DEFAULT NULL,
  `updated_at` timestamp NULL DEFAULT NULL,
  `user_id` int NOT NULL,
  `date` timestamp NULL DEFAULT NULL,
  `note` text COLLATE utf8mb4_unicode_ci,
  PRIMARY KEY (`id`)
) ENGINE=InnoDB AUTO_INCREMENT=65 DEFAULT CHARSET=utf8mb4 COLLATE=utf8mb4_unicode_ci;

--
-- Dumping data for table `deaths`
--

INSERT INTO `deaths` (`id`, `name`, `time`, `men_places`, `women_places`, `image`, `files`, `created_at`, `updated_at`, `user_id`, `date`, `note`) VALUES (62,'dddddddddd','2025-07-21T02:05','dddd','ddd','deaths/qY2ULyOmysrZ6VqTvxHxDuy6caC18Z2TaueBzETN.jpg','[]','2025-07-20 09:55:31','2025-07-20 10:05:07',87,'0000-00-00 00:00:00','fdgfdsg'),(63,'dfgf','2025-07-25','wrtrwe','wertwre','deaths/IKg4FcqkoWVuNdp2fa1cjw84M63QovToXGtB1juV.jpg','[]','2025-07-20 09:56:18','2025-07-20 09:56:18',87,'2025-07-25 00:00:00','erwtwe'),(64,'anwer','2025-07-21T03:03','حولي','السالمية','deaths/ykGuZ7YMjzIDQeJ3Ow8wBMDpWJ8WRGAIHucjxknW.png','','2025-07-20 10:03:43','2025-07-20 10:03:43',1,NULL,NULL);

--
-- Table structure for table `dewanyas`
--

CREATE TABLE `dewanyas` (
  `id` bigint unsigned NOT NULL AUTO_INCREMENT,
  `country_id` varchar(255) COLLATE utf8mb4_unicode_ci NOT NULL,
  `region_id` varchar(255) COLLATE utf8mb4_unicode_ci NOT NULL,
  `name` varchar(255) COLLATE utf8mb4_unicode_ci DEFAULT NULL,
  `address` varchar(255) COLLATE utf8mb4_unicode_ci DEFAULT NULL,
  `lat` varchar(255) COLLATE utf8mb4_unicode_ci DEFAULT NULL,
  `long` varchar(255) COLLATE utf8mb4_unicode_ci DEFAULT NULL,
  `notes` text COLLATE utf8mb4_unicode_ci,
  `image` varchar(255) COLLATE utf8mb4_unicode_ci DEFAULT NULL,
  `images` json DEFAULT NULL,
  `days` json DEFAULT NULL,
  `created_at` timestamp NULL DEFAULT NULL,
  `updated_at` timestamp NULL DEFAULT NULL,
  `user_id` int DEFAULT NULL,
  `status` int DEFAULT '0',
  PRIMARY KEY (`id`)
) ENGINE=InnoDB AUTO_INCREMENT=43 DEFAULT CHARSET=utf8mb4 COLLATE=utf8mb4_unicode_ci;

--
-- Dumping data for table `dewanyas`
--

INSERT INTO `dewanyas` (`id`, `country_id`, `region_id`, `name`, `address`, `lat`, `long`, `notes`, `image`, `images`, `days`, `created_at`, `updated_at`, `user_id`, `status`) VALUES (24,'1','27','ديوان عاشور','بنيدالقار',NULL,NULL,NULL,NULL,NULL,NULL,'2025-07-12 10:35:33','2025-07-12 10:35:33',1,1),(25,'1','32','ديوان ابوالحسن','المنصورية',NULL,NULL,NULL,NULL,NULL,NULL,'2025-07-12 10:37:23','2025-07-12 10:37:23',1,1),(26,'1','32','ديوان باش','المنصورية',NULL,NULL,NULL,NULL,NULL,NULL,'2025-07-12 10:38:12','2025-07-12 10:38:12',1,1),(27,'1','32','ديوان الصراف','المنصورية',NULL,NULL,NULL,NULL,NULL,NULL,'2025-07-12 10:39:01','2025-07-12 10:39:01',1,1),(28,'1','32','ديوان قبازرد','المنصورية',NULL,NULL,NULL,NULL,NULL,NULL,'2025-07-12 10:40:24','2025-07-12 10:40:24',1,1),(29,'1','32','ديوان النقي','المنصورية',NULL,NULL,NULL,NULL,NULL,NULL,'2025-07-12 10:40:49','2025-07-12 10:40:49',1,1),(30,'1','123','ديوان جوهر','الشعب',NULL,NULL,NULL,NULL,NULL,NULL,'2025-07-12 10:46:57','2025-07-12 10:46:57',1,1),(31,'1','30','ديوان مكي حسين الجمعة','الدسمة',NULL,NULL,NULL,NULL,NULL,NULL,'2025-07-12 10:48:42','2025-07-12 10:48:42',1,1),(32,'1','30','ديوان معرفي','الدسمة',NULL,NULL,NULL,NULL,NULL,NULL,'2025-07-12 10:49:39','2025-07-12 10:49:39',1,1),(33,'1','30','ديوان الباذر','الدسمة',NULL,NULL,NULL,NULL,NULL,NULL,'2025-07-12 10:49:59','2025-07-12 10:49:59',1,1),(34,'1','31','ديوان فيصل حيات','الدعية',NULL,NULL,NULL,NULL,NULL,NULL,'2025-07-12 10:51:14','2025-07-12 10:51:14',1,1),(35,'1','31','ديوان الأستاذ','الدعية',NULL,NULL,NULL,NULL,NULL,NULL,'2025-07-12 10:51:44','2025-07-12 10:51:44',1,1),(36,'1','126','ديوان البلوشي','الجابرية',NULL,NULL,NULL,NULL,NULL,NULL,'2025-07-12 10:53:14','2025-07-12 10:53:14',1,1),(37,'1','126','ديوان الخضاري','الجابرية',NULL,NULL,NULL,NULL,NULL,NULL,'2025-07-12 10:53:43','2025-07-12 10:53:43',1,1),(38,'1','126','ديوان خريبط','الجابرية',NULL,NULL,NULL,NULL,NULL,NULL,'2025-07-12 10:54:15','2025-07-12 10:54:15',1,1),(39,'1','125','الأشوك','الرميثية',NULL,NULL,NULL,NULL,NULL,NULL,'2025-07-12 10:55:46','2025-07-12 10:55:46',1,1),(40,'1','125','آرتي','الرميثية',NULL,NULL,NULL,NULL,NULL,NULL,'2025-07-12 10:56:15','2025-07-12 10:56:15',1,1),(41,'1','125','آل زمان','الرميثية',NULL,NULL,NULL,NULL,NULL,NULL,'2025-07-12 10:56:42','2025-07-12 10:56:42',1,1),(42,'1','127','ديوان أشكناني','مشرف',NULL,NULL,NULL,NULL,NULL,NULL,'2025-07-12 10:58:46','2025-07-12 10:58:46',1,1);

--
-- Table structure for table `failed_jobs`
--

CREATE TABLE `failed_jobs` (
  `id` bigint unsigned NOT NULL AUTO_INCREMENT,
  `uuid` varchar(255) CHARACTER SET utf8mb4 COLLATE utf8mb4_unicode_ci NOT NULL,
  `connection` text CHARACTER SET utf8mb4 COLLATE utf8mb4_unicode_ci NOT NULL,
  `queue` text CHARACTER SET utf8mb4 COLLATE utf8mb4_unicode_ci NOT NULL,
  `payload` longtext CHARACTER SET utf8mb4 COLLATE utf8mb4_unicode_ci NOT NULL,
  `exception` longtext CHARACTER SET utf8mb4 COLLATE utf8mb4_unicode_ci NOT NULL,
  `failed_at` timestamp NOT NULL DEFAULT CURRENT_TIMESTAMP,
  PRIMARY KEY (`id`),
  UNIQUE KEY `failed_jobs_uuid_unique` (`uuid`)
) ENGINE=InnoDB DEFAULT CHARSET=utf8mb4 COLLATE=utf8mb4_unicode_ci;

--
-- Dumping data for table `failed_jobs`
--


--
-- Table structure for table `feature_option_translations`
--

CREATE TABLE `feature_option_translations` (
  `id` int unsigned NOT NULL AUTO_INCREMENT,
  `feature_option_id` int unsigned NOT NULL,
  `title` varchar(255) CHARACTER SET utf8mb4 COLLATE utf8mb4_unicode_ci DEFAULT NULL,
  `locale` varchar(255) CHARACTER SET utf8mb4 COLLATE utf8mb4_unicode_ci NOT NULL,
  `created_at` timestamp NULL DEFAULT NULL,
  `updated_at` timestamp NULL DEFAULT NULL,
  PRIMARY KEY (`id`),
  UNIQUE KEY `feature_option_translations_feature_option_id_locale_unique` (`feature_option_id`,`locale`),
  CONSTRAINT `feature_option_translations_feature_option_id_foreign` FOREIGN KEY (`feature_option_id`) REFERENCES `feature_options` (`id`) ON DELETE CASCADE
) ENGINE=InnoDB DEFAULT CHARSET=utf8mb4 COLLATE=utf8mb4_unicode_ci;

--
-- Dumping data for table `feature_option_translations`
--


--
-- Table structure for table `feature_options`
--

CREATE TABLE `feature_options` (
  `id` int unsigned NOT NULL AUTO_INCREMENT,
  `price` decimal(8,2) DEFAULT '0.00',
  `count` int DEFAULT '0',
  `feature_id` int unsigned DEFAULT NULL,
  `created_at` timestamp NULL DEFAULT NULL,
  `updated_at` timestamp NULL DEFAULT NULL,
  `color` varchar(191) CHARACTER SET utf8mb4 COLLATE utf8mb4_unicode_ci DEFAULT NULL,
  PRIMARY KEY (`id`),
  KEY `feature_options_feature_id_foreign` (`feature_id`),
  CONSTRAINT `feature_options_feature_id_foreign` FOREIGN KEY (`feature_id`) REFERENCES `features` (`id`) ON DELETE CASCADE
) ENGINE=InnoDB DEFAULT CHARSET=utf8mb4 COLLATE=utf8mb4_unicode_ci;

--
-- Dumping data for table `feature_options`
--


--
-- Table structure for table `feature_translations`
--

CREATE TABLE `feature_translations` (
  `id` int unsigned NOT NULL AUTO_INCREMENT,
  `feature_id` int unsigned NOT NULL,
  `title` varchar(255) CHARACTER SET utf8mb4 COLLATE utf8mb4_unicode_ci NOT NULL,
  `locale` varchar(255) CHARACTER SET utf8mb4 COLLATE utf8mb4_unicode_ci NOT NULL,
  `created_at` timestamp NULL DEFAULT NULL,
  `updated_at` timestamp NULL DEFAULT NULL,
  PRIMARY KEY (`id`),
  UNIQUE KEY `feature_translations_feature_id_locale_unique` (`feature_id`,`locale`),
  KEY `feature_translations_locale_index` (`locale`),
  CONSTRAINT `feature_translations_feature_id_foreign` FOREIGN KEY (`feature_id`) REFERENCES `features` (`id`) ON DELETE CASCADE
) ENGINE=InnoDB DEFAULT CHARSET=utf8mb4 COLLATE=utf8mb4_unicode_ci;

--
-- Dumping data for table `feature_translations`
--


--
-- Table structure for table `features`
--

CREATE TABLE `features` (
  `id` int unsigned NOT NULL AUTO_INCREMENT,
  `product_id` int unsigned DEFAULT NULL,
  `created_at` timestamp NULL DEFAULT NULL,
  `updated_at` timestamp NULL DEFAULT NULL,
  `type` varchar(191) CHARACTER SET utf8mb4 COLLATE utf8mb4_unicode_ci DEFAULT NULL,
  PRIMARY KEY (`id`),
  KEY `features_product_id_foreign` (`product_id`),
  CONSTRAINT `features_product_id_foreign` FOREIGN KEY (`product_id`) REFERENCES `products` (`id`) ON DELETE CASCADE
) ENGINE=InnoDB DEFAULT CHARSET=utf8mb4 COLLATE=utf8mb4_unicode_ci;

--
-- Dumping data for table `features`
--


--
-- Table structure for table `files`
--

CREATE TABLE `files` (
  `id` int unsigned NOT NULL AUTO_INCREMENT,
  `image` varchar(255) CHARACTER SET utf8mb4 COLLATE utf8mb4_unicode_ci DEFAULT NULL,
  `main` tinyint NOT NULL DEFAULT '0',
  `tag` varchar(255) CHARACTER SET utf8mb4 COLLATE utf8mb4_unicode_ci DEFAULT NULL,
  `fileable_id` bigint unsigned DEFAULT NULL,
  `fileable_type` varchar(255) CHARACTER SET utf8mb4 COLLATE utf8mb4_unicode_ci DEFAULT NULL,
  `created_at` timestamp NULL DEFAULT NULL,
  `updated_at` timestamp NULL DEFAULT NULL,
  PRIMARY KEY (`id`)
) ENGINE=InnoDB AUTO_INCREMENT=3 DEFAULT CHARSET=utf8mb4 COLLATE=utf8mb4_unicode_ci;

--
-- Dumping data for table `files`
--

INSERT INTO `files` (`id`, `image`, `main`, `tag`, `fileable_id`, `fileable_type`, `created_at`, `updated_at`) VALUES (1,'/uploads/product/1/1742724263b5bd8ee7cec3fdd60763df3a12c90393.png',0,'1742724263b5bd8ee7cec3fdd60763df3a12c90393.png',1,'App\\Models\\Product','2025-03-23 10:04:23','2025-03-23 10:04:23'),(2,'/uploads/product/4/1747124935download.jpg',0,'1747124935download.jpg',4,'App\\Models\\Product','2025-05-13 08:28:55','2025-05-13 08:28:55');

--
-- Table structure for table `government_translations`
--

CREATE TABLE `government_translations` (
  `id` int unsigned NOT NULL AUTO_INCREMENT,
  `government_id` int unsigned NOT NULL,
  `name` varchar(255) CHARACTER SET utf8mb4 COLLATE utf8mb4_unicode_ci NOT NULL,
  `locale` varchar(255) CHARACTER SET utf8mb4 COLLATE utf8mb4_unicode_ci NOT NULL,
  `created_at` timestamp NULL DEFAULT NULL,
  `updated_at` timestamp NULL DEFAULT NULL,
  PRIMARY KEY (`id`),
  UNIQUE KEY `government_translations_government_id_locale_unique` (`government_id`,`locale`),
  KEY `government_translations_locale_index` (`locale`),
  CONSTRAINT `government_translations_government_id_foreign` FOREIGN KEY (`government_id`) REFERENCES `governments` (`id`) ON DELETE CASCADE
) ENGINE=InnoDB AUTO_INCREMENT=133 DEFAULT CHARSET=utf8mb4 COLLATE=utf8mb4_unicode_ci;

--
-- Dumping data for table `government_translations`
--

INSERT INTO `government_translations` (`id`, `government_id`, `name`, `locale`, `created_at`, `updated_at`) VALUES (15,8,'العاصمة','ar',NULL,NULL),(16,8,'Capital Governorate','en',NULL,NULL),(17,9,'الأحمدي','ar',NULL,NULL),(18,9,'Ahmadi Governorate','en',NULL,NULL),(19,10,'الفروانية','ar',NULL,NULL),(20,10,'Farwaniya Governorate','en',NULL,NULL),(21,11,'الجهراء','ar',NULL,NULL),(22,11,'Jahra Governorate','en',NULL,NULL),(23,12,'حولي','ar',NULL,NULL),(24,12,'Hawalli Governorate','en',NULL,NULL),(25,13,'مبارك الكبير','ar',NULL,NULL),(26,13,'Mubarak Al-Kabeer Governorate','en',NULL,NULL),(27,14,'الرياض','ar',NULL,NULL),(28,14,'RIYAD','en',NULL,NULL),(29,15,'مكة المكرمة','ar',NULL,NULL),(30,15,'MAKKAH AL MUKARRAMAH','en',NULL,NULL),(31,16,'المدينة المنورة','ar',NULL,NULL),(32,16,'MADINA EL MONAWARA','en',NULL,NULL),(33,17,'القصيم','ar',NULL,NULL),(34,17,'QASSIM','en',NULL,NULL),(35,18,'المنطقة الشرقية','ar',NULL,NULL),(36,18,'Eastern Province','en',NULL,NULL),(37,19,'عسير','ar',NULL,NULL),(38,19,'Asir','en',NULL,NULL),(39,20,'تبوك','ar',NULL,NULL),(40,20,'TABOUK','en',NULL,NULL),(41,21,'حائل','ar',NULL,NULL),(42,21,'Hail','en',NULL,NULL),(43,22,'عرعر','ar',NULL,NULL),(44,22,'Arar','en',NULL,NULL),(45,23,'رفحاء','ar',NULL,NULL),(46,23,'Rafha','en',NULL,NULL),(47,24,'العويقيلة','ar',NULL,NULL),(48,24,'Al Aqilah','en',NULL,NULL),(49,25,'طريف','ar',NULL,NULL),(50,25,'TURAIF','en',NULL,NULL),(51,26,'جازان','ar',NULL,NULL),(52,26,'GIZAN','en',NULL,NULL),(53,27,'نجران','ar',NULL,NULL),(54,27,'NAJRAN','en',NULL,NULL),(55,28,'الباحة','ar',NULL,NULL),(56,28,'AL BAHA','en',NULL,NULL),(57,29,'الجوف','ar',NULL,NULL),(58,29,'JOUF','en',NULL,NULL),(59,30,'الريان','ar',NULL,NULL),(60,30,'RAYYAN','en',NULL,NULL),(61,31,'الدوحة','ar',NULL,NULL),(62,31,'DOHA','en',NULL,NULL),(63,32,'الخور','ar',NULL,NULL),(64,32,'AL KHOR','en',NULL,NULL),(65,33,'الوكرة','ar',NULL,NULL),(66,33,'WAKRAH','en',NULL,NULL),(67,34,'الشمال','ar',NULL,NULL),(68,34,'AL SHAMAL','en',NULL,NULL),(69,35,'ام صلال علي','ar',NULL,NULL),(70,35,'UM SALAL ALI','en',NULL,NULL),(71,36,'ام صلال محمد','ar',NULL,NULL),(72,36,'UM SALAL MOHAMMED','en',NULL,NULL),(73,37,'الضعاين','ar',NULL,NULL),(74,37,'AL DAAYAEN','en',NULL,NULL),(75,38,'دبي','ar',NULL,NULL),(76,38,'DUBAI','en',NULL,NULL),(77,39,'أبوظبي','ar',NULL,NULL),(78,39,'ABU DHABI','en',NULL,NULL),(79,40,'الشارقة','ar',NULL,NULL),(80,40,'Sharjah','en',NULL,NULL),(81,41,'العين','ar',NULL,NULL),(82,41,'AL AIN','en',NULL,NULL),(83,42,'عجمان','ar',NULL,NULL),(84,42,'Ajman','en',NULL,NULL),(85,43,'رأس الخيمة','ar',NULL,NULL),(86,43,'Ras al Khaimah','en',NULL,NULL),(87,44,'الفجيرة','ar',NULL,NULL),(88,44,'Fujairah','en',NULL,NULL),(89,45,'ام القيوين','ar',NULL,NULL),(90,45,'Umm Al Quawain','en',NULL,NULL),(91,46,'دبا الفجيرة','ar',NULL,NULL),(92,46,'Dibba Al Fujairah','en',NULL,NULL),(93,47,'خورفكان','ar',NULL,NULL),(94,47,'KHORFAKAN','en',NULL,NULL),(95,48,'كلباء','ar',NULL,NULL),(96,48,'KALBA','en',NULL,NULL),(97,49,'مدينة زايد','ar',NULL,NULL),(98,49,'Zayed City','en',NULL,NULL),(99,50,'الرويس','ar',NULL,NULL),(100,50,'Ruwais','en',NULL,NULL),(101,51,'دبا الحصن','ar',NULL,NULL),(102,51,'Dibba Al Hisn','en',NULL,NULL),(103,52,'الرمس','ar',NULL,NULL),(104,52,'Rams','en',NULL,NULL),(105,53,'الداخلية','ar',NULL,NULL),(106,53,'Al Dakhiliyah','en',NULL,NULL),(107,54,'الظاهرة','ar',NULL,NULL),(108,54,'Al Dhahirah','en',NULL,NULL),(109,55,'شمال الباطنة','ar',NULL,NULL),(110,55,'Al Batinah North','en',NULL,NULL),(111,56,'جنوب الباطنة','ar',NULL,NULL),(112,56,'Al Batinah South','en',NULL,NULL),(113,57,'البريمي','ar',NULL,NULL),(114,57,'Buraimi','en',NULL,NULL),(115,58,'الوسطى','ar',NULL,NULL),(116,58,'Al Wusta','en',NULL,NULL),(117,59,'شمال الشرقية','ar',NULL,NULL),(118,59,'North Sharqiyah','en',NULL,NULL),(119,60,'جنوب الشرقية','ar',NULL,NULL),(120,60,'South-Eastern','en',NULL,NULL),(121,61,'ظفار','ar',NULL,NULL),(122,61,'Dhofar','en',NULL,NULL),(123,62,'مسقط','ar',NULL,NULL),(124,62,'Muscat','en',NULL,NULL),(125,63,'مسندم','ar',NULL,NULL),(126,63,'Musandam','en',NULL,NULL),(127,64,'محافظة العاصمة','ar',NULL,NULL),(128,64,'Capital Governorate','en',NULL,NULL),(129,65,'المحرق','ar',NULL,NULL),(130,65,'Muharraq','en',NULL,NULL),(131,66,'المحافظة الشمالية','ar',NULL,NULL),(132,66,'Northern Governorate','en',NULL,NULL);

--
-- Table structure for table `governments`
--

CREATE TABLE `governments` (
  `id` int unsigned NOT NULL AUTO_INCREMENT,
  `status` int NOT NULL DEFAULT '1',
  `address_address` varchar(255) CHARACTER SET utf8mb4 COLLATE utf8mb4_unicode_ci NOT NULL,
  `address_latitude` double NOT NULL,
  `address_longitude` double NOT NULL,
  `created_at` timestamp NULL DEFAULT NULL,
  `updated_at` timestamp NULL DEFAULT NULL,
  `country_id` int DEFAULT NULL,
  PRIMARY KEY (`id`)
) ENGINE=InnoDB AUTO_INCREMENT=67 DEFAULT CHARSET=utf8mb4 COLLATE=utf8mb4_unicode_ci;

--
-- Dumping data for table `governments`
--

INSERT INTO `governments` (`id`, `status`, `address_address`, `address_latitude`, `address_longitude`, `created_at`, `updated_at`, `country_id`) VALUES (8,1,'العاصمة، Kuwait',29.3342457,47.9812152,'2022-08-24 14:00:00','2022-12-10 06:48:49',1),(9,1,'الأحمدي',0,0,'2022-08-24 14:01:23','2022-08-24 14:01:23',1),(10,1,'الفروانية',0,0,'2022-08-24 14:01:45','2022-08-24 14:01:45',1),(11,1,'الجهراء',0,0,'2022-08-24 14:02:14','2022-08-24 14:02:14',1),(12,1,'حولي',0,0,'2022-08-24 14:02:34','2022-08-24 14:02:34',1),(13,1,'مبارك الكبير',0,0,'2022-08-24 14:02:50','2022-08-24 14:02:50',1),(14,1,'الرياض Saudi Arabia',24.7135517,46.6752957,'2023-05-04 09:24:23','2023-05-04 09:24:23',2),(15,1,'Makkah al-Mukarramah Saudi Arabia',21.3890824,39.8579118,'2023-05-04 09:28:57','2023-05-04 09:30:09',2),(16,1,'Madina El Monawara, Diriyah Saudi Arabia',24.7621277,46.5759892,'2023-05-04 09:30:51','2023-05-04 09:30:51',2),(17,1,'Qassim Saudi Arabia',26.207826,43.483738,'2023-05-04 09:31:27','2023-05-04 09:31:27',2),(18,1,'المنطقة الشرقية Saudi Arabia',23.5681347,50.6793759,'2023-05-04 09:33:26','2023-05-04 09:33:26',2),(19,1,'Asir Saudi Arabia',19.0969062,42.8637875,'2023-05-04 09:36:03','2023-05-04 09:36:26',2),(20,1,'Tabuk Saudi Arabia',28.3835079,36.5661908,'2023-05-04 09:39:59','2023-05-04 09:39:59',2),(21,1,'Hail Saudi Arabia',27.5114102,41.7208243,'2023-05-04 09:41:31','2023-05-04 09:41:31',2),(22,1,'Araraquara, State of São Paulo, Brazil',-21.7790843,-48.1792643,'2023-05-04 09:42:06','2023-05-04 09:42:06',2),(23,1,'Rafha Saudi Arabia',29.62728449999999,43.5192704,'2023-05-04 09:44:41','2023-05-04 09:44:41',NULL),(24,1,'Al Aqilah, Riyadh Saudi Arabia',24.7392522,46.6668795,'2023-05-04 09:46:45','2023-05-04 09:46:45',2),(25,1,'طريف‎ Saudi Arabia',31.6660775,38.6634693,'2023-05-04 09:47:36','2023-05-04 09:47:59',2),(26,1,'Gizan Saudi Arabia',16.8893586,42.57056740000001,'2023-05-04 09:49:12','2023-05-04 09:49:12',2),(27,1,'Najran Saudi Arabia',17.5656036,44.2289441,'2023-05-04 09:53:02','2023-05-04 09:53:02',2),(28,1,'الباحة Saudi Arabia',20.0217407,41.4712733,'2023-05-04 09:54:50','2023-05-04 09:54:50',2),(29,1,'الجوف Saudi Arabia',29.887356,39.3206241,'2023-05-04 09:56:31','2023-05-04 09:56:31',2),(30,1,'Qatar Foundation, Ar-Rayyan, Qatar',25.3193477,51.43620809999999,'2023-05-04 10:01:19','2023-05-04 10:01:19',3),(31,1,'Doha, Qatar',25.2854473,51.53103979999999,'2023-05-04 10:02:26','2023-05-04 10:02:26',3),(32,1,'الخور، Qatar',25.6804078,51.4968502,'2023-05-04 10:03:05','2023-05-04 10:03:05',3),(33,1,'Wakrah, Qatar',24.7815867,51.2631813,'2023-05-04 10:04:17','2023-05-04 10:04:17',3),(34,1,'Al Shamal, Qatar',26.0056463,51.2213044,'2023-05-04 10:05:03','2023-05-04 10:05:03',3),(35,1,'أم صلال عل، Qatar',25.4695749,51.3968437,'2023-05-04 10:05:29','2023-05-04 10:05:29',NULL),(36,1,'أم صلال محمد، Qatar',25.3983615,51.4247485,'2023-05-04 10:05:55','2023-05-04 10:05:55',NULL),(37,1,'مركز الظعاين الصحي، Qatar',25.5634402,51.4538182,'2023-05-04 10:07:13','2023-05-04 10:07:13',NULL),(38,1,'Dubai - United Arab Emirates',25.2048493,55.2707828,'2023-05-04 10:08:18','2023-05-04 10:08:18',4),(39,1,'Abu Dhabi - United Arab Emirates',24.453884,54.3773438,'2023-05-04 10:12:02','2023-05-04 10:59:57',4),(40,1,'الشارقة - Sharjah - United Arab Emirates',25.3461555,55.42109319999999,'2023-05-04 10:12:22','2023-05-04 10:59:31',4),(41,1,'4 طريق العين - Abu Dhabi - United Arab Emirates',24.285115,54.6410752,'2023-05-04 10:12:48','2023-05-04 10:59:15',4),(42,1,'عجمان - Ajman - United Arab Emirates',25.4052165,55.5136433,'2023-05-04 10:13:13','2023-05-04 10:58:59',4),(43,1,'رأس الخيمة - Ras al Khaimah - United Arab Emirates',25.8006926,55.9761994,'2023-05-04 10:13:26','2023-05-04 10:58:43',4),(44,1,'الفجيرة - Fujairah - United Arab Emirates',25.1288099,56.3264849,'2023-05-04 10:13:40','2023-05-04 10:58:22',4),(45,1,'أم القيوين - Umm Al Quawain - United Arab Emirates',25.5507975,55.5524476,'2023-05-04 10:13:55','2023-05-04 10:58:11',4),(46,1,'Dibba Al-Fujairah - Fujairah - United Arab Emirates',25.594046,56.2625744,'2023-05-04 10:15:52','2023-05-04 10:57:58',4),(47,1,'Khorfakkan Waterfalls - Sharjah - United Arab Emirates',25.3669781,56.3481254,'2023-05-04 10:17:19','2023-05-04 10:57:48',4),(48,1,'Kalba - Sharjah - United Arab Emirates',25.057898,56.3546378,'2023-05-04 10:18:19','2023-05-04 10:57:34',4),(49,1,'مدينة زايد - Abu Dhabi - United Arab Emirates',23.6568306,53.7033803,'2023-05-04 10:28:23','2023-05-04 10:57:24',4),(50,1,'Ruwais - Abu Dhabi - United Arab Emirates',24.0974844,52.7347149,'2023-05-04 10:29:00','2023-05-04 10:29:00',NULL),(51,1,'Dibba Al-Hisn - Sharjah - United Arab Emirates',25.615171,56.2673582,'2023-05-04 10:29:40','2023-05-04 10:29:40',NULL),(52,1,'Rams - Ras al Khaimah - United Arab Emirates',25.8782807,56.0250625,'2023-05-04 10:31:32','2023-05-04 10:57:10',4),(53,1,'محافظة الداخلية، Oman',22.8588758,57.5394356,'2023-05-04 10:37:26','2023-05-04 10:37:26',7),(54,1,'الظاهرة للعقارات ومقاولات البناء، Al Buraimi, عمان',24.2496788,55.7852067,'2023-05-04 10:38:15','2023-05-04 10:38:34',7),(55,1,'شمال الباطنه، Oman',21.4735329,55.975413,'2023-05-04 10:39:19','2023-05-04 10:39:19',7),(56,1,'Al Batinah South Governorate, Oman',23.4314903,57.4239796,'2023-05-04 10:39:37','2023-05-04 10:55:04',7),(57,1,'البريمي، Oman',24.2815207,55.8245558,'2023-05-04 10:40:08','2023-05-04 10:53:50',7),(58,1,'محافظة الوسطى، Oman',19.9571078,56.2756846,'2023-05-04 10:41:15','2023-05-04 10:53:10',7),(59,1,'شمال الشرقيه إبراء، الفليج،، Oman',23.2227578,58.79818210000001,'2023-05-04 10:41:43','2023-05-04 10:52:57',7),(60,1,'جنوب الشرقية، 35, Al Kamil Wal Wafi, Oman',22.2231668,59.20378599999999,'2023-05-04 10:42:07','2023-05-04 10:52:29',7),(61,1,'ظفار، Oman',17.0322121,54.1425214,'2023-05-04 10:42:27','2023-05-04 10:52:13',7),(62,1,'مسقط، Oman',23.5880307,58.3828717,'2023-05-04 10:42:48','2023-05-04 10:51:52',7),(63,1,'مسندم، Oman',26.1986144,56.2460949,'2023-05-04 10:43:20','2023-05-04 10:43:20',NULL),(64,1,'Capital Governorate, Bahrain',26.2217634,50.5653294,'2023-05-04 10:46:05','2023-05-04 10:46:05',6),(65,1,'Muharraq, Bahrain',26.2534919,50.60825579999999,'2023-05-04 10:46:36','2023-05-04 10:49:38',6),(66,1,'المحافظة الشمالية، Bahrain',26.1882301,50.4928628,'2023-05-04 10:47:35','2023-05-04 10:49:02',6);

--
-- Table structure for table `hussainiya_media`
--

CREATE TABLE `hussainiya_media` (
  `id` int NOT NULL AUTO_INCREMENT,
  `al_hussainiya_id` int DEFAULT NULL,
  `type` varchar(191) DEFAULT NULL,
  `live_link` varchar(111) DEFAULT NULL,
  `youtube_link` varchar(111) DEFAULT NULL,
  `image_path` varchar(111) DEFAULT NULL,
  `created_at` timestamp NULL DEFAULT NULL,
  `updated_at` timestamp NULL DEFAULT NULL,
  `image_paths` json DEFAULT NULL,
  `name` varchar(191) DEFAULT NULL,
  PRIMARY KEY (`id`)
) ENGINE=InnoDB AUTO_INCREMENT=60 DEFAULT CHARSET=utf8mb4 COLLATE=utf8mb4_0900_ai_ci;

--
-- Dumping data for table `hussainiya_media`
--

INSERT INTO `hussainiya_media` (`id`, `al_hussainiya_id`, `type`, `live_link`, `youtube_link`, `image_path`, `created_at`, `updated_at`, `image_paths`, `name`) VALUES (1,6,'offline',NULL,'https://www.youtube.com/watch?v=OWNNqsnSu58',NULL,'2025-05-19 20:49:21','2025-05-19 20:49:21',NULL,NULL),(2,6,'image',NULL,NULL,NULL,'2025-05-19 20:53:44','2025-05-19 20:53:44','[\"hussainiya_images/GL7S7bkOXPlvLirdUWGYA6S2CVtc3PUd2RFqISK5.jpg\", \"hussainiya_images/Oaw3ttdGxlq1QF1P8E7oRIx8vTWXZKXu3gRGySAb.jpg\"]',NULL),(3,6,'offline',NULL,'https://www.youtube.com/watch?v=OWNNqsnSu58',NULL,'2025-05-19 20:56:58','2025-05-19 20:56:58',NULL,NULL),(4,6,'offline',NULL,'https://www.youtube.com/watch?v=OWNNqsnSu58',NULL,'2025-05-19 20:58:00','2025-05-19 20:58:00',NULL,NULL),(5,6,'image',NULL,NULL,NULL,'2025-05-19 20:58:39','2025-05-19 20:58:39','[\"hussainiya_images/yfTYqVczByeVPlNcZVsmO2ZvlbvxbCyc8TQGg2kH.jpg\", \"hussainiya_images/H4LmMUzQm6UTKdSRgK104DDDI98tRcShMmj6ay7d.jpg\"]',NULL),(6,6,'image',NULL,NULL,NULL,'2025-05-19 21:01:55','2025-05-19 21:01:55','[\"hussainiya_images/J55MkNmeiifxXFJ0QaKHeI9teGc7dQitGXqML4dn.jpg\", \"hussainiya_images/f63OAQi8hRHdcVFiqaPKGXQf1zmtA6jlyerVEb2x.jpg\"]',NULL),(7,6,'offline',NULL,'https://www.youtube.com/watch?v=OWNNqsnSu58',NULL,'2025-05-19 21:02:05','2025-05-19 21:02:05',NULL,NULL),(8,6,'offline',NULL,'https://www.youtube.com/watch?v=OWNNqsnSu58',NULL,'2025-05-19 21:06:40','2025-05-19 21:06:40',NULL,NULL),(9,6,'offline',NULL,'https://www.youtube.com/watch?v=OWNNqsnSu58',NULL,'2025-05-19 21:06:42','2025-05-19 21:06:42',NULL,NULL),(10,6,'offline',NULL,'https://www.youtube.com/watch?v=OWNNqsnSu58',NULL,'2025-05-19 21:06:43','2025-05-19 21:06:43',NULL,NULL),(11,6,'image',NULL,NULL,NULL,'2025-05-19 21:06:51','2025-05-19 21:06:51','[\"hussainiya_images/WDizyt0PilxvslTBr4ZImK2E0DR8eDccnl3AXEIf.jpg\", \"hussainiya_images/tmXOHW4OvscMVkNyylpps0Zah41lvDS6O3XdGcjn.jpg\"]',NULL),(12,6,'image',NULL,NULL,NULL,'2025-05-19 21:45:11','2025-05-19 21:45:11','[\"hussainiya_images/X7X1EvkBfH2PB4arKqIziuLe8Omm8v9e9rFOySiO.jpg\", \"hussainiya_images/vYjz87tEkutbfDObdesJEtTbp0vvsKfyTtlhH3HF.jpg\"]',NULL),(13,6,'image',NULL,NULL,NULL,'2025-05-19 21:45:39','2025-05-19 21:45:39','[\"hussainiya_images/O3h2c7pkTkhFE7bFCtLiACc8vBeF0d8tSD2DjPCH.jpg\", \"hussainiya_images/a0o2EkvWiis9VI76s7S2yKYvRim3XV6cekB2QZvo.jpg\"]',NULL),(14,6,'offline',NULL,'https://www.youtube.com/watch?v=OWNNqsnSu58',NULL,'2025-05-20 09:11:44','2025-05-20 09:11:44',NULL,NULL),(15,6,'offline',NULL,'https://www.youtube.com/watch?v=OWNNqsnSu58',NULL,'2025-05-20 09:11:48','2025-05-20 09:11:48',NULL,NULL),(16,6,'offline',NULL,'https://www.youtube.com/watch?v=OWNNqsnSu58',NULL,'2025-05-20 09:11:51','2025-05-20 09:11:51',NULL,NULL),(17,6,'offline',NULL,'https://www.youtube.com/watch?v=OWNNqsnSu58',NULL,'2025-05-20 09:13:49','2025-05-20 09:13:49',NULL,NULL),(18,6,'offline',NULL,'https://www.youtube.com/watch?v=OWNNqsnSu58',NULL,'2025-05-20 09:13:54','2025-05-20 09:13:54',NULL,NULL),(19,6,'offline',NULL,'https://www.youtube.com/watch?v=OWNNqsnSu58',NULL,'2025-05-20 09:13:55','2025-05-20 09:13:55',NULL,NULL),(20,6,'live','https://www.youtube.com/watch?v=tJ-ZxAHgiQs',NULL,NULL,'2025-05-20 19:13:22','2025-05-20 21:10:55',NULL,NULL),(21,6,'image',NULL,NULL,NULL,'2025-05-21 09:10:58','2025-05-21 09:10:58','[\"hussainiya_images/9iKzJ8h6d9LeTt6HXfJaf2APiewUY17oTpmKISWg.jpg\", \"hussainiya_images/C6d4Fgjri2ipIVd3F7NYK8iRq2Dg3wBxT4i0TKhL.jpg\", \"hussainiya_images/rdQDZIUasKEkdUQzmLnMJeu5Dbh0W7M573YldgyK.jpg\", \"hussainiya_images/8oR3lHRkyVJA8XfaOgNoOz9qYv6L6hBp1zFEelU0.jpg\", \"hussainiya_images/BWJ8Rdg1s7Z1jwvGCMvYG6t3J7SX5BijhRVgz9Up.jpg\", \"hussainiya_images/pm7iI14RRaillaVzWWfJ48EbRedQ1ufOhyMA5RNi.jpg\", \"hussainiya_images/GMNLHvCPXkco2NihVZKwUCjcneazeyGkuizTbUC4.jpg\", \"hussainiya_images/kYBQ1rAXhNxdJZHusvfyu99UVfULN89uaUQ1hH6T.jpg\", \"hussainiya_images/Bjgb2Xh6S4fUMTWn6j53x6nWbubEser9dCrLd4Xl.jpg\"]',NULL),(22,6,'image',NULL,NULL,NULL,'2025-05-21 09:11:12','2025-05-21 09:11:12','[\"hussainiya_images/AhKODayhNhhLcyQGKVY2P0GfpbkNtsXVfGyoJCc8.jpg\", \"hussainiya_images/GZrP4m9CapLTrOLATcTaz5caZ1bYJ6xMzn2OQQMq.jpg\", \"hussainiya_images/RsTlOSyPaQenTiTHss2Qk4RaJsnQNbChoqDDgJa4.jpg\", \"hussainiya_images/cuxnqzBEWL394TgjHQzsPzQnROsz5rkaJFSVTHpb.jpg\", \"hussainiya_images/9sZuhF4SSMgwXuE9OWNj8IEu1A9JLQVQdwEc8dqL.jpg\", \"hussainiya_images/tTvQyMP7CApnyrB1bLkzTAYMfL31g3u7aqakYszT.jpg\", \"hussainiya_images/bsfxbLdzvAk0KWjO93yDMd6JuVtDucTHPrdpt2Y8.jpg\", \"hussainiya_images/NP2LNpbtsKu6aoDyTBH4xcxgJkHTuP5mbDpgnddo.jpg\", \"hussainiya_images/GqBfqpdwosjcVFMFwH1dYQANlarkrEKiwENpXfal.jpg\"]',NULL),(23,6,'image',NULL,NULL,NULL,'2025-05-21 09:17:12','2025-05-21 09:17:12','[\"hussainiya_images/AbKdSVjlid0fomjEZxPwBm3rqn0SfDUNkwskd8i6.jpg\", \"hussainiya_images/J41hA1hZFu7pfSrQzJbyCt7jmM0QOJp4yiMeD6yY.jpg\", \"hussainiya_images/OCYp0FjrdK7hGYUs501RbcHSZbucU8S3FGe5wS36.jpg\"]',NULL),(24,6,'image',NULL,NULL,NULL,'2025-05-21 09:17:41','2025-05-21 09:17:41','[\"hussainiya_images/bHJzosVJ2DNhnBEruvhsJwbV1mp4YJrAQImr7uA6.jpg\", \"hussainiya_images/AjAfuf9wLteYcyw57V30qOmBZ2DFDoxEC2irbooc.jpg\", \"hussainiya_images/KDS5uEvfT7pLGKXOV3rUrdBTrOQQ67O6LHuEYw1i.jpg\", \"hussainiya_images/5OBcoQZAVOEEIhLLCrijB8WUvMS9DdVEgZ0Ha1JN.jpg\", \"hussainiya_images/2twIcGXiERJUGyyQ7UzBNCAracFe9r2Vjq1hmfJL.jpg\", \"hussainiya_images/yttFHZyj15QU5LhlYvbiTgWQBqJtLEvVzDLp2Et0.jpg\"]',NULL),(25,6,'image',NULL,NULL,NULL,'2025-05-21 09:17:48','2025-05-21 09:17:48','[\"hussainiya_images/Rtd9ry92xEXny1K9mItIpAqQ4FNwPsPDd6AibgEs.jpg\", \"hussainiya_images/wec0WIM8zhmaKgNMQ6bBWQrLifVTTNeDa6c2gcSO.jpg\", \"hussainiya_images/BEDii0DonAqSFU4bkOUXLHX7Du67GskeonolP2MV.jpg\", \"hussainiya_images/qQdF07b1FhFnsb3MRZxS8ePeV2TRvy2QZZbxYRzL.jpg\", \"hussainiya_images/LxwR269JzQmk6Akag08p0c4Xm7CodwiBM6tzcmSH.jpg\", \"hussainiya_images/Xp8N7o0ax0vGazrcilys046OGIuH7VVBjq5Tm38n.jpg\"]',NULL),(26,6,'image',NULL,NULL,NULL,'2025-05-21 09:18:06','2025-05-21 09:18:06','[\"hussainiya_images/5bLw3Ptq73zOoxkXu8qUWKY0ULdfpi97ivZgUOqC.jpg\", \"hussainiya_images/pssO3n9FeCXcH6gBnjsKpvTU3hgJqbPNnQZg0uAK.jpg\", \"hussainiya_images/h87vFyuVHwXkx9sILWaeSpbOhDEo2xyaYGER8RPL.jpg\", \"hussainiya_images/PS2hHrQMseiP5UvmIQrnXRxjIAJ2Vy6OYo0zykKv.jpg\", \"hussainiya_images/JxcmKHWJdabQJAJxZ6kHy0NINzrCfKPDOrje0byK.jpg\", \"hussainiya_images/IJUkDsrWTz2wR8OtYLWNFNipw17bG9Lbs1gPwWXh.jpg\"]',NULL),(27,6,'image',NULL,NULL,NULL,'2025-05-21 09:22:24','2025-05-21 09:22:24','[\"hussainiya_images/aKwjwXUGF5s3keMgMSOfNYk7WCOJ51hjeppnuqZo.jpg\", \"hussainiya_images/6ssTfen8WJRbC7VqHPLhfvgrSLt6egug14Y1I9Ot.jpg\", \"hussainiya_images/kipoLWHzDmekoviLNxbyBRGluZeUWjcfjm46BjpE.jpg\"]',NULL),(28,6,'image',NULL,NULL,NULL,'2025-05-21 09:23:29','2025-05-21 09:23:29','[\"hussainiya_images/S0Ajn3rSnPFMjeEovhuEDZUd4Ng78tUz3CwoXi9Q.jpg\", \"hussainiya_images/Yk4Mna3E2HlPftCtog3A8vMX8dbPh38fqFyEH2ot.jpg\", \"hussainiya_images/4rD4FiTXvivJjMuAgiGh8wbrDJ1ooTRYuJ666vOf.jpg\", \"hussainiya_images/UL3l8lGIuiNWBu69630IyTMNVJ5Uy5lyoMVW0PPs.jpg\", \"hussainiya_images/SbtdLrBYP6Nlr8cwe5LMVzDY5tSz9iyrk82d0caD.jpg\"]',NULL),(29,6,'image',NULL,NULL,NULL,'2025-05-21 09:25:35','2025-05-21 09:25:35','[\"hussainiya_images/N0JkIOrBFtq1pMp630EBAIJDdEyMQv1eAyohEaNl.jpg\", \"hussainiya_images/0GOiFxNhL3BdoB4pVewYao9vzr2PNm9jMAuvpLJb.jpg\", \"hussainiya_images/PH37bzfXnLGPbep6VKM0vN49VwlxKjrqJbdCXbtS.jpg\"]',NULL),(30,6,'image',NULL,NULL,NULL,'2025-05-21 09:26:36','2025-05-21 09:26:36','[\"hussainiya_images/EeKudQYibm7JVEzVpnl8YOZgs0l5Qt5nyQFaczMa.jpg\", \"hussainiya_images/cI6t6anwPchLbkVgJpvGCWYlJCxbmbLPXVysQ6ie.jpg\", \"hussainiya_images/ot3pinpGvIw2Rj2FAzaODREwYiY8aJjNQgSr6Wdk.jpg\"]',NULL),(31,6,'image',NULL,NULL,NULL,'2025-05-21 09:27:45','2025-05-21 09:27:45','[\"hussainiya_images/HOkYW2HnumDaBdXInoVrjzCdKeIyCL7avTVnyzge.jpg\", \"hussainiya_images/5FqEs5V7U3kQqm0aW13aMvzOIAal6LMlTJmMvupw.jpg\", \"hussainiya_images/DjuvdtilxuxFdHMNRFDqRFKNV5zAHdF3E3981Our.jpg\"]',NULL),(32,12,'image',NULL,NULL,NULL,'2025-05-21 09:29:35','2025-05-21 09:29:35','[\"hussainiya_images/4vikX2V57TWsEKaKm4pHlciHdTux4i3OIF0nXstH.jpg\", \"hussainiya_images/c8NaC69piy2CVjIHVlcdhpS7vivDJMhNNUI0mlDd.jpg\"]',NULL),(33,12,'image',NULL,NULL,NULL,'2025-05-21 09:32:11','2025-05-21 09:32:11','[\"hussainiya_images/AhgbfJtSfSMUOiFpv2S7g857I0blR1bVMUwZmqoO.jpg\", \"hussainiya_images/BuQBXSn1h0KtILTJjS6cgfyCA2FX3qrQB6bFzIgp.jpg\"]',NULL),(34,12,'image',NULL,NULL,NULL,'2025-05-21 09:32:35','2025-05-21 09:32:35','[\"hussainiya_images/vOKGkv9Qv5jpPLGWRAnnYHRm0qO4lu12huDxMtTn.jpg\", \"hussainiya_images/qJrHxNOWB51CacbajxHi2Y5lPkJdINgDCIr3Dns6.jpg\"]',NULL),(35,12,'image',NULL,NULL,NULL,'2025-05-21 09:35:38','2025-05-21 09:35:38','[\"hussainiya_images/hf0y7GfwDBWhySFIk4ycxDDHs9Q6N6GLeooHt8I1.jpg\", \"hussainiya_images/hLAfqj42XIz3sc0rZ8eVNcxpqGAsqqhrkASfBQcj.jpg\", \"hussainiya_images/0NlPG8jpzIpZSSJPgXC6IxBOXxlax2ioXzpTRkHS.jpg\", \"hussainiya_images/LRMzBGfltJfvX0IyWuQGHHJDz0mzVZv0qzxpbcwg.jpg\", \"hussainiya_images/4wDSUGRucivS66Xq5zlt2DILRtZgs0DD87mjse8N.jpg\", \"hussainiya_images/wrpLJM1TNbRGVWMTf9H8HXv96FqqmQDn9iEHYQYl.jpg\", \"hussainiya_images/2CyhNRqUfJ47pxMS1wEOaOL3eIrOghWUW1VLRQby.jpg\", \"hussainiya_images/rQC3L1d69McXLdYh0kAJHCsnsGUIFMlcXL4Q7ZGI.jpg\", \"hussainiya_images/bz4uvGzxZgndK91oUnYhsYDXuwzffW2NXaEX4vOn.jpg\"]',NULL),(36,12,'image',NULL,NULL,NULL,'2025-05-21 09:37:26','2025-05-21 09:37:26','[\"hussainiya_images/BzjwCJ9dT2NcrGItA4AL59SmoCdXwO6BRjoaipKA.jpg\", \"hussainiya_images/eNRFVifXhyGucjXnhmpRYimPn1FEEXOL0KxFjNes.jpg\", \"hussainiya_images/SGWZ9wcQ9Gi6cJ7L1ITKfBlIIO0c0P992TrIY3RS.jpg\", \"hussainiya_images/KVcIMrcSW7os9Ahz24OT2lLcCriB33VI9VeaGYbF.jpg\", \"hussainiya_images/AK7WihzsSKgu8QSzCSypRv2gHyIjDVKEuLNvzFbM.jpg\", \"hussainiya_images/EEmFSSFBrPyQMNItdykMFeS44HMCb5LsXI2iq2yF.jpg\"]',NULL),(37,12,'image',NULL,NULL,NULL,'2025-05-21 09:40:50','2025-05-21 09:40:50','[\"hussainiya_images/j0qAwX3tiQuyaYxtLNcvAjKDoUjTbweb3hG9soeE.jpg\"]',NULL),(38,12,'image',NULL,NULL,NULL,'2025-05-21 09:41:09','2025-05-21 09:41:09','[\"hussainiya_images/PTn9j3HUi5qgeJgVIDrQy87yiSJUWMW6PHIsXzdq.jpg\"]',NULL),(39,12,'image',NULL,NULL,NULL,'2025-05-21 09:53:07','2025-05-21 09:53:07','[\"hussainiya_images/6JMS7vgPIKU0QJsKU2PVUIXtBwzlQAmg2XzOYRhD.jpg\", \"hussainiya_images/jOCIxdFXsy5xQ8EWph5Zoh4WFA9k9LgcHdQGfQ6W.jpg\", \"hussainiya_images/8sH9FcyC9f5k7F3EqIxy75eM4A7KrnYqOMnCwtC4.jpg\", \"hussainiya_images/zEfRAnqAX5sq6D1PcACcyG6gkObWLsAZtzzM1Agu.jpg\", \"hussainiya_images/VUSEradYYRRdUEFDvCARWvVVlFr7LvDGsE3UuZRr.jpg\", \"hussainiya_images/sWQ1ZnVFoFgdr2b99b7IKVKO5My2JNNC7Zzl8meg.jpg\"]',NULL),(40,12,'image',NULL,NULL,NULL,'2025-05-21 09:53:33','2025-05-21 09:53:33','[\"hussainiya_images/bDuy9vnPKwTP7BM9ww5LJct1zGoln0K5MNxmJpMP.jpg\", \"hussainiya_images/sG5U8WqVyIHpBeWcpXNQeBMuUO9vhDY1DXoRoFj1.jpg\", \"hussainiya_images/en3mDAk4pyF0uuaJ1JkAX4cFOdSNKtShiijiDcuV.jpg\", \"hussainiya_images/8sNFwXNGXj8UlURxOfGcdJIwlDoCM5uqqbzlag9L.jpg\", \"hussainiya_images/omFB7tTNMHd8IlyK9mNKo55xOLgKchEybNnmYYd9.jpg\", \"hussainiya_images/US45dZxLmqUbrNhII7ePttFI3zoAnxtYyhnrGgZ6.jpg\"]',NULL),(41,6,'live','https://www.youtube.com/watch?v=qT7I-9GvO2I',NULL,NULL,'2025-05-21 12:24:56','2025-05-21 12:24:56',NULL,NULL),(42,12,'live','https://www.youtube.com/watch?v=qT7I-9GvO2I',NULL,NULL,'2025-05-21 12:25:36','2025-05-21 12:25:36',NULL,NULL),(43,12,'offline',NULL,'https://www.youtube.com/watch?v=qT7I-9GvO2I',NULL,'2025-05-21 12:25:54','2025-05-21 12:25:54',NULL,NULL),(44,12,'offline',NULL,'https://www.youtube.com/watch?v=G7PEHUXqZAY',NULL,'2025-05-21 21:22:58','2025-05-21 21:22:58',NULL,NULL),(45,12,'offline',NULL,'https://www.youtube.com/watch?v=tJ-ZxAHgiQs',NULL,'2025-05-21 21:25:59','2025-05-21 21:25:59',NULL,NULL),(46,12,'offline',NULL,'https://www.youtube.com/watch?v=eEJEPIjieeg',NULL,'2025-05-21 21:28:29','2025-05-21 21:28:29',NULL,NULL),(47,12,'live','https://www.youtube.com/watch?v=eEJEPIjieeg',NULL,NULL,'2025-05-21 21:28:42','2025-05-21 21:28:42',NULL,NULL),(48,12,'offline',NULL,'https://www.youtube.com/watch?v=eEJEPIjieeg',NULL,'2025-05-21 21:33:45','2025-05-21 21:33:45',NULL,NULL),(49,12,'live','https://www.youtube.com/watch?v=eEJEPIjieeg',NULL,NULL,'2025-05-21 21:33:53','2025-05-21 21:33:53',NULL,NULL),(50,12,'live','https://www.youtube.com/watch?v=eEJEPIjieeg',NULL,NULL,'2025-05-21 21:34:05','2025-05-21 21:34:05',NULL,NULL),(51,12,'live','https://www.youtube.com/watch?v=eEJEPIjieeg',NULL,NULL,'2025-05-21 21:34:11','2025-05-21 21:34:11',NULL,NULL),(52,12,'live','https://www.youtube.com/watch?v=eEJEPIjieeg',NULL,NULL,'2025-05-21 21:34:22','2025-05-21 21:34:22',NULL,NULL),(53,12,'offline',NULL,'https://www.youtube.com/watch?v=eEJEPIjieeg',NULL,'2025-05-21 21:34:29','2025-05-21 21:34:29',NULL,NULL),(54,12,'offline',NULL,'https://www.youtube.com/watch?v=eEJEPIjieeg',NULL,'2025-05-21 21:35:28','2025-05-21 21:35:28',NULL,NULL),(55,30,'image',NULL,NULL,NULL,'2025-05-22 14:03:48','2025-05-22 14:03:48','[\"hussainiya_images/KFfte3rqrDoB9hDiKMXlxkEdj6aoyxtk6g8d9SyC.jpg\", \"hussainiya_images/qoeiFIEGGtlftdYMEHLSdLsqN0sxf9jIDNTrlX1o.jpg\"]',NULL),(56,30,'image',NULL,NULL,NULL,'2025-05-22 14:04:28','2025-05-22 14:04:28','[\"hussainiya_images/Yw1HcpcZwQt0HzMOIDMnVuGwoq0AQGCthHA7jhfj.jpg\", \"hussainiya_images/oQ29rMFUYj2pJLrZRXUzswtWG1htasMl99Dj4Ngu.jpg\"]',NULL),(57,30,'offline',NULL,'https://www.youtube.com/watch?v=TNmzHMQ_3kk',NULL,'2025-05-22 14:05:50','2025-05-22 14:05:50',NULL,NULL),(58,30,'live','https://www.youtube.com/watch?v=TNmzHMQ_3kk',NULL,NULL,'2025-05-22 14:06:21','2025-05-22 14:06:21',NULL,NULL),(59,53,'image',NULL,NULL,NULL,'2025-07-20 09:32:38','2025-07-20 09:32:38','[\"hussainiya_images/tuG69T9xgNza5mcDdUT6kLxJ3k54fl60YSlu7qtT.jpg\", \"hussainiya_images/8tL2cSHkOii3eDkVeIHjPGI3StzqZpneiVXBk7Eb.jpg\", \"hussainiya_images/c5qXqfkm5c8Dk7ZVl4jkVnhAFxgpBrcUw6aKAKRj.jpg\", \"hussainiya_images/oWWOaH1Djtl6lTAFk48uDuHgS7JUVLGHq0AfZI9b.jpg\", \"hussainiya_images/cD9tSVpqsSdbwmxt9pgClgXJVhc2c4vVPMnEYt08.jpg\", \"hussainiya_images/BTv8v0Ws1OjkmuXz7uFoFnIiyoA26Z2rU4U7lVb2.jpg\"]',NULL);

--
-- Table structure for table `join_heges`
--

CREATE TABLE `join_heges` (
  `id` bigint unsigned NOT NULL AUTO_INCREMENT,
  `name` varchar(255) COLLATE utf8mb4_unicode_ci DEFAULT NULL,
  `address` text COLLATE utf8mb4_unicode_ci,
  `mobile` varchar(255) COLLATE utf8mb4_unicode_ci DEFAULT NULL,
  `whatsapp` varchar(255) COLLATE utf8mb4_unicode_ci DEFAULT NULL,
  `notes` text COLLATE utf8mb4_unicode_ci,
  `created_at` timestamp NULL DEFAULT NULL,
  `updated_at` timestamp NULL DEFAULT NULL,
  `status` int NOT NULL DEFAULT '0',
  `user_id` int DEFAULT NULL,
  PRIMARY KEY (`id`)
) ENGINE=InnoDB AUTO_INCREMENT=19 DEFAULT CHARSET=utf8mb4 COLLATE=utf8mb4_unicode_ci;

--
-- Dumping data for table `join_heges`
--

INSERT INTO `join_heges` (`id`, `name`, `address`, `mobile`, `whatsapp`, `notes`, `created_at`, `updated_at`, `status`, `user_id`) VALUES (1,'مكتب الحج والعمره','عنوان الحج والعمره','510071232','221323112','sadasdasdasa','2025-03-31 22:07:17','2025-04-03 20:37:54',0,NULL),(2,'مكتب الحج والعمره','عنوان الحج والعمره','510071232','221323112','sadasdasdasa','2025-04-24 07:21:56','2025-04-24 07:21:56',0,NULL),(3,NULL,NULL,NULL,NULL,NULL,'2025-04-24 07:39:52','2025-04-24 07:39:52',0,NULL),(4,'qerewqr','weqrewqr','wqerweqr','wqerweqr','rwqereqwrqw','2025-04-24 07:40:56','2025-04-24 07:40:56',0,NULL),(5,NULL,NULL,NULL,NULL,NULL,'2025-04-24 07:41:04','2025-04-24 07:41:04',0,NULL),(6,NULL,NULL,NULL,NULL,NULL,'2025-04-24 07:46:26','2025-04-24 07:46:26',0,NULL),(7,NULL,NULL,NULL,NULL,NULL,'2025-04-24 07:46:27','2025-04-24 07:46:27',0,NULL),(8,'streqwtrew','trewt','ewrtewr','ewrtewr','ewrtrwetew','2025-04-24 07:54:14','2025-04-24 07:54:14',0,NULL),(9,'streqwtrew','trewt','ewrtewr','ewrtewr','ewrtrwetew','2025-04-24 07:54:15','2025-04-24 07:54:15',0,NULL),(10,'qerterwt','erwtrew','twertew','twertew','wertwe','2025-04-24 07:54:35','2025-04-24 07:54:35',0,NULL),(11,'qerterwt','erwtrew','twertew','twertew','wertwe','2025-04-24 07:54:39','2025-04-24 07:54:39',0,NULL),(12,'qerterwt','erwtrew','twertew','twertew','wertwe','2025-04-24 07:54:55','2025-04-24 07:54:55',0,NULL),(13,'qwereqwrweqreqw','weqrq','wqer','wqer','rqwer','2025-04-24 07:55:07','2025-04-24 07:55:07',0,NULL),(14,'rweterwtwre','wertrew','ewrtw','ewrtw','ewrtwe','2025-04-24 07:56:37','2025-04-24 07:56:37',0,NULL),(15,'rweterwtwre','wertrew','ewrtw','ewrtw','ewrtwe','2025-04-24 07:57:52','2025-04-24 07:57:52',0,NULL),(16,'rweterwtwre','wertrew','ewrtw','ewrtw','ewrtwe','2025-04-24 07:58:22','2025-04-24 07:58:22',0,NULL),(17,'werterwt','ewrtwewert','wertrwe','wertrwe','wertew','2025-04-24 12:57:22','2025-04-24 12:57:22',0,NULL),(18,'fdsgsdf','dfsgsd','sdfg','sdfg','dfsg','2025-07-20 08:46:48','2025-07-20 08:46:48',0,87);

--
-- Table structure for table `migrations`
--

CREATE TABLE `migrations` (
  `id` int unsigned NOT NULL AUTO_INCREMENT,
  `migration` varchar(255) CHARACTER SET utf8mb4 COLLATE utf8mb4_unicode_ci NOT NULL,
  `batch` int NOT NULL,
  PRIMARY KEY (`id`)
) ENGINE=InnoDB AUTO_INCREMENT=79 DEFAULT CHARSET=utf8mb4 COLLATE=utf8mb4_unicode_ci;

--
-- Dumping data for table `migrations`
--

INSERT INTO `migrations` (`id`, `migration`, `batch`) VALUES (1,'2014_10_12_000000_create_users_table',1),(2,'2014_10_12_100000_create_password_resets_table',1),(3,'2016_06_01_000001_create_oauth_auth_codes_table',1),(4,'2016_06_01_000002_create_oauth_access_tokens_table',1),(5,'2016_06_01_000003_create_oauth_refresh_tokens_table',1),(6,'2016_06_01_000004_create_oauth_clients_table',1),(7,'2016_06_01_000005_create_oauth_personal_access_clients_table',1),(8,'2019_08_19_000000_create_failed_jobs_table',1),(9,'2019_12_14_000001_create_personal_access_tokens_table',1),(10,'2022_02_06_071010_laratrust_setup_tables',1),(11,'2022_02_07_073030_create_public_notifcations_table',1),(12,'2022_02_07_131228_create_topics_table',1),(13,'2022_02_07_131335_create_topic_subscripts_table',1),(14,'2022_02_10_131840_create_short_terms_table',1),(15,'2022_03_24_101035_create_sliders_table',1),(16,'2022_03_24_114417_create_slider_translations_table',1),(17,'2022_05_29_115314_create_categories_table',1),(18,'2022_05_29_115351_create_category_translations_table',1),(19,'2022_05_31_082944_create_products_tables',1),(20,'2022_05_31_083136_create_product_translations_table',1),(21,'2022_05_31_084033_create_features_table',1),(22,'2022_05_31_084050_create_feature_translations_table',1),(23,'2022_05_31_084308_create_feature_options_table',1),(24,'2022_05_31_084333_create_feature_option_translations_table',1),(25,'2022_05_31_085551_create_files_table',1),(26,'2022_05_31_112821_create_product_categories_table',1),(27,'2022_06_02_080435_create_payment_methods_table',1),(28,'2022_06_02_080436_create_shipping_types_table',1),(29,'2022_06_02_080440_create_orders_table',1),(30,'2022_06_02_081214_create_product_orders_table',1),(31,'2022_06_02_081356_create_order_product_features_table',1),(32,'2022_06_02_082600_create_payment_method_translations_table',1),(33,'2022_06_02_082610_create_shipping_type_translations_table',1),(34,'2022_06_02_122112_create_governments_table',1),(35,'2022_06_02_122142_create_government_translations_table',1),(36,'2022_06_02_122214_create_regions_table',1),(37,'2022_06_02_122222_create_region_translations_table',1),(38,'2022_06_02_133202_create_arrival_prices_table',1),(39,'2022_06_04_091835_added_checked_to_products_table',1),(40,'2022_06_05_073619_create_coupons_table',1),(41,'2022_06_05_074500_create_coupone_relateds_table',1),(42,'2022_06_05_081404_create_user_products_table',1),(43,'2022_06_05_113923_create_user_addresses_table',1),(44,'2022_06_08_101900_create_arrivals_table',1),(45,'2022_06_08_102003_create_arrival_times_table',1),(46,'2022_06_09_132916_create_order_coupons_table',1),(47,'2022_06_09_134805_add_category_id_to_product_orders_table',1),(48,'2022_06_11_093816_added_checked_to_user_addresses_table',1),(49,'2022_06_11_102956_added_delivery_date_time_to_orders_table',1),(50,'2022_06_11_103215_create_order_shippings_table',1),(51,'2022_06_18_093322_create_order_comments_table',1),(52,'2022_06_19_082401_create_tagers_table',1),(53,'2022_06_20_102847_added_latـlang_table',1),(54,'2022_06_20_135514_create_user_categories_table',1),(55,'2022_06_21_073606_added_image_to_user_table',1),(56,'2022_06_25_095040_create_refund_products_table',2),(57,'2022_06_26_105000_create_user_orders_table',3),(58,'2022_06_26_125130_create_contacts_table',4),(59,'2022_06_28_111636_create_pages_table',5),(60,'2022_06_28_111731_create_page_translations_table',5),(61,'2022_07_17_122026_create_order_options_table',6),(62,'2023_03_21_070405_create_branches_table',7),(63,'2023_03_21_072239_create_branche_translations_table',7),(65,'2025_03_23_115149_create_deaths_table',8),(66,'2025_03_23_121406_create_al_hussainiys_table',9),(67,'2025_03_23_123508_add_gender_to_al_hussainiyas_table',10),(68,'2025_03_31_200604_create_dewanyas_table',11),(69,'2025_03_31_215851_create_join_heges_table',12),(70,'2025_04_02_220532_create_branch_omra_types_table',13),(71,'2025_04_02_220554_create_branch_months_table',13),(72,'2025_04_02_230221_create_submit_new_hags_table',14),(73,'2025_04_03_204739_create_sounds_table',15),(74,'2025_04_03_204810_create_visuals_table',15),(75,'2025_04_03_205039_create_sound_translations_table',15),(76,'2025_04_03_205049_create_visual_translations_table',15),(77,'2025_04_27_135719_create_questions_table',16),(78,'2025_04_27_135832_create_answers_table',16);

--
-- Table structure for table `oauth_access_tokens`
--

CREATE TABLE `oauth_access_tokens` (
  `id` varchar(100) CHARACTER SET utf8mb4 COLLATE utf8mb4_unicode_ci NOT NULL,
  `user_id` bigint unsigned DEFAULT NULL,
  `client_id` bigint unsigned NOT NULL,
  `name` varchar(255) CHARACTER SET utf8mb4 COLLATE utf8mb4_unicode_ci DEFAULT NULL,
  `scopes` text CHARACTER SET utf8mb4 COLLATE utf8mb4_unicode_ci,
  `revoked` tinyint(1) NOT NULL,
  `created_at` timestamp NULL DEFAULT NULL,
  `updated_at` timestamp NULL DEFAULT NULL,
  `expires_at` datetime DEFAULT NULL,
  PRIMARY KEY (`id`),
  KEY `oauth_access_tokens_user_id_index` (`user_id`)
) ENGINE=InnoDB DEFAULT CHARSET=utf8mb4 COLLATE=utf8mb4_unicode_ci;

--
-- Dumping data for table `oauth_access_tokens`
--

INSERT INTO `oauth_access_tokens` (`id`, `user_id`, `client_id`, `name`, `scopes`, `revoked`, `created_at`, `updated_at`, `expires_at`) VALUES ('005dd77ca8f856b7ef3b8e790c88ef676208b58c30e96dd793347de52a290bb126296d419189dec4',104,1,'salwat','[]',0,'2025-04-24 11:48:38','2025-04-24 11:48:38','2026-04-24 11:48:38'),('00c301157dc213f659bfef2d3644063cc49bf375915bfdc021c093917350d330561bd13241f70eec',104,1,'salwat','[]',0,'2025-04-24 09:17:04','2025-04-24 09:17:04','2026-04-24 09:17:04'),('04c5783973d49237e263303d40d3d2e9f17a41ddfb98b934cdf0e859072814b1e3398baf45293433',73,1,'mazraa','[]',0,'2022-09-28 09:10:32','2022-09-28 09:10:32','2023-09-28 11:10:32'),('06d6a47b866c6ecc39e78b9b665b031f3b2642520c31cc8e4b04ee85a59877e4e68b08aa1c10411e',71,1,'mazraa','[]',0,'2022-07-06 11:16:28','2022-07-06 11:16:28','2023-07-06 13:16:28'),('06da447d74de85c8b73410de9d75a0ec9a6125cfed910acb0b79e0c7a11b361e95a4d02bd65ee305',1,1,'gold','[]',0,'2022-12-10 08:23:25','2022-12-10 08:23:25','2023-12-10 10:23:25'),('0770119bbc9a6dc7d9fb4fa5026d9fe581552532d6b788f330c193433dd20801c00285fa8e5e2a6f',62,1,'mazraa','[]',0,'2022-07-01 12:26:25','2022-07-01 12:26:25','2023-07-01 14:26:25'),('094f5f3fd50f7cca02992d3e1f98ec6e5937431dadd8e32ee65817bc5099dc7aa16b445c0f1a0939',78,1,'gold','[]',0,'2022-10-29 06:57:43','2022-10-29 06:57:43','2023-10-29 08:57:43'),('097819e9b7d5769f0f9b075da44afb0d8b483a69f01ccbd2a452b6a46741e3ea89448565290bf209',1,1,'gold','[]',0,'2022-11-15 09:34:30','2022-11-15 09:34:30','2023-11-15 11:34:30'),('0bf126d7633fae011ddb030611a11fc43214551e9d32fdd8fb9deabed29f9c2812bb3c53f2e101e8',1,1,'gold','[]',0,'2022-12-06 05:38:39','2022-12-06 05:38:39','2023-12-06 07:38:39'),('0c4be3baec2bb77d7b065d4f8f1eb9de25fd92cf587f7aa2cdf5a01f0491687928cd8685bc51fbcb',77,1,'mazraa','[]',0,'2022-09-29 06:35:57','2022-09-29 06:35:57','2023-09-29 08:35:57'),('0ef5ca99cc9668ddb0ee559dbba5014a1caea5662e83f4bb7a6914bbdf6fd6f9e31cf390870f1df5',82,1,'salwat','[]',0,'2025-03-09 12:01:42','2025-03-09 12:01:42','2026-03-09 12:01:42'),('0f2756793a7aee37a3325c852792d60aa946387f14b0e3bd524933cfe50a4a0b2f0575b275883645',9,1,'mazraa','[]',0,'2022-09-28 08:49:49','2022-09-28 08:49:49','2023-09-28 10:49:49'),('0f4ba37f9ca35241ebb31c9657e066acb01c71225244a9d201c893a4088078a6126a4f29fa274350',77,1,'mazraa','[]',0,'2022-09-29 06:34:50','2022-09-29 06:34:50','2023-09-29 08:34:50'),('0fe2ce712b05c6d4840bc53b66a7f3590efc04cf8d90a6212712e6e560e531e72b6ac3726f41ff13',73,1,'mazraa','[]',0,'2022-10-01 16:16:08','2022-10-01 16:16:08','2023-10-01 18:16:08'),('1087cf93ac89611e2469f508c17df3dd38936c896879cd6ed7763ccb5dfcfc25ce4f020a753a84d1',87,1,'salwat','[]',0,'2025-04-20 20:24:10','2025-04-20 20:24:10','2026-04-20 20:24:10'),('11e4e3c3d5546eeb00367f099262c4fe488a1aba1a644938f6a8c5ba2785dd52081789fd6ff91aa0',11,1,'mazraa','[]',0,'2022-06-23 08:02:47','2022-06-23 08:02:47','2023-06-23 10:02:47'),('121f3960f28da2ab5e18e54051c96cb5ef994cddacbb6aaa6855f38daa042bfbe689ee2d441b4ba5',73,1,'mazraa','[]',0,'2022-10-02 05:21:48','2022-10-02 05:21:48','2023-10-02 07:21:48'),('12ebd141d29b06674b7af8f36abdaf26934dbf828e7f134c3d3ed5e34a946913be025e3dd7c4ef90',73,1,'mazraa','[]',0,'2022-11-17 08:05:03','2022-11-17 08:05:03','2023-11-17 10:05:03'),('135d1c9e6ab9ac3e682562f753f7f6e521f6ecfac88a951d3f4ec43f680bd2584e4aa9344c938806',82,1,'gold','[]',0,'2022-11-28 10:50:29','2022-11-28 10:50:29','2023-11-28 12:50:29'),('1455211b53b1e4e6becd2dde88ed8ff502edb18f37883d4d6f0e5c2823972863426a489987ab6ce9',76,1,'mazraa','[]',0,'2022-09-29 06:18:30','2022-09-29 06:18:30','2023-09-29 08:18:30'),('147a85b10c980445a4ec9ed78ad072f2a44d59846cb5f0402eed103ab389d3e17b8659abaa3976e0',104,1,'salwat','[]',0,'2025-04-24 09:16:50','2025-04-24 09:16:50','2026-04-24 09:16:50'),('14928a37193b13498d6f08624576ab4e48e7fef882ec729e4ed42a1a149abb3daa0262bdac9fe312',87,1,'salwat','[]',0,'2025-07-20 08:12:17','2025-07-20 08:12:17','2026-07-20 08:12:17'),('156005dfe84a059c0b102f75af57dfd8a1f6101ae7ede4821d28e34a27356b418064fe2e6d811b59',104,1,'salwat','[]',0,'2025-05-10 08:31:54','2025-05-10 08:31:54','2026-05-10 08:31:54'),('15a65942ead48cf920c419b317f5bda965ddd12f529d50880c2da3bd6304c40922cd13bc4297f187',43,1,'mazraa','[]',0,'2022-06-23 09:31:29','2022-06-23 09:31:29','2023-06-23 11:31:29'),('169128135ffbf069c55f8e7fff450f6c589eac7905efdffce3e1ac61b449b9a537c8c57a2e0beedc',76,1,'mazraa','[]',0,'2022-09-29 06:30:03','2022-09-29 06:30:03','2023-09-29 08:30:03'),('16ab442674f11633f651293b08aedb67d098e64a17d6a5c922cfb7418d9ef8f4c74ea519bc9ce7d3',57,1,'mazraa','[]',0,'2022-06-26 05:30:30','2022-06-26 05:30:30','2023-06-26 07:30:30'),('16c58257a012cdca0682407d0fd215d0d26df646762f7fcd77b9574a5f16b61ecbb5d157654720ce',45,1,'mazraa','[]',0,'2022-06-23 09:54:18','2022-06-23 09:54:18','2023-06-23 11:54:18'),('194f8bce0f06c6a6d73ea4d076c4637e478a260a85e6763d67ec58291a391ca659e4e7588b7195bf',11,1,'mazraa','[]',0,'2022-06-23 08:03:59','2022-06-23 08:03:59','2023-06-23 10:03:59'),('1a9c43a3593cca2448c9921cc354f90ff8404ad2e17bbd199b499b7f35f9ba09aa690adca78edb0b',71,1,'mazraa','[]',0,'2022-07-06 11:19:42','2022-07-06 11:19:42','2023-07-06 13:19:42'),('1b1596fa0d5cebf24c26586a036030962be8592dc31a4b33b2dff14f9c6f135439520d78f2142a7b',65,1,'mazraa','[]',0,'2022-07-03 04:39:55','2022-07-03 04:39:55','2023-07-03 06:39:55'),('1b5c2f353de7aafecacfd98b40312b5b28660d6b15089560b6595e4dfaa67b4f524c4b6495ac4ace',18,1,'mazraa','[]',0,'2022-06-23 08:25:17','2022-06-23 08:25:17','2023-06-23 10:25:17'),('1ba2360b77d3e29b2fccf95cd62fdaeb39a757cc1e0309fc0971a530219557ba273ad556af3f5b0f',43,1,'mazraa','[]',0,'2022-06-23 09:31:14','2022-06-23 09:31:14','2023-06-23 11:31:14'),('1d5778efde8834b8c8cf37a8a37c9c8d925a1a72ab148980610702281cff5924113357b299d35f57',82,1,'mazraa','[]',0,'2025-03-09 12:00:02','2025-03-09 12:00:02','2026-03-09 12:00:02'),('1d9df54bdcbac4210dbb562b505dcb7fc01871be14ec67e24c05a1cbe888ef6667c3ec7a9062d227',104,1,'salwat','[]',0,'2025-05-08 20:15:44','2025-05-08 20:15:44','2026-05-08 20:15:44'),('1e49c47a0b5f7ce9e8bd8f4b358a7c5d90bfebf707649ad8c721e7a9633f2c02602ae4f1a992151c',11,1,'mazraa','[]',0,'2022-06-23 08:06:13','2022-06-23 08:06:13','2023-06-23 10:06:13'),('1ec0fabcee6ba1485def34b013fd3d5878355b4f1ea6315f1f4479f80240925bbfd81c238ed5ce74',73,1,'mazraa','[]',0,'2022-10-01 08:44:15','2022-10-01 08:44:15','2023-10-01 10:44:15'),('2036c9126e8881ac9db353f8b644dcb212f2ded380f7fe824417eee4717ec73c6c3c3ecaa8cf30d9',102,1,'salwat','[]',0,'2025-04-20 20:37:09','2025-04-20 20:37:09','2026-04-20 20:37:09'),('20b3dda2783262ae7e7a56b101a30b58bf89c209bff9ec18a715c68818ad529a72144dfa32f733c0',11,1,'mazraa','[]',0,'2022-06-23 08:06:26','2022-06-23 08:06:26','2023-06-23 10:06:26'),('212944b54521b4616c31a30b5ffaf65d7132f29adc466e626d7953a0cbfc7a6af8a496bddc1d46a4',105,1,'salwat','[]',0,'2025-05-05 09:19:11','2025-05-05 09:19:11','2026-05-05 09:19:11'),('21609e89ea57c036fbe46d6088a92d9b4aaec6070dd29f84db9e2a91fdbed5c66e043dc8d8855e1c',81,1,'mazraa','[]',0,'2022-10-30 08:06:35','2022-10-30 08:06:35','2023-10-30 10:06:35'),('216b7f4038ff4ff0a73506c21d31f9d6d2df68283bfe87ad2db7d2a5e3f3d690a7d418730ed4e1b6',73,1,'mazraa','[]',0,'2022-10-01 15:57:35','2022-10-01 15:57:35','2023-10-01 17:57:35'),('26a279b19322161216c323a9a0798133bda672c398957a84735776b8912759d3718d3ba653cd3436',72,1,'mazraa','[]',0,'2022-09-24 08:52:42','2022-09-24 08:52:42','2023-09-24 10:52:42'),('27cfbb2f9f8975b4495ed6d99f3893851febcbc7a035384f8dafd0d2791a087c699b2e7c5ba0b150',73,1,'mazraa','[]',0,'2022-10-01 06:05:19','2022-10-01 06:05:19','2023-10-01 08:05:19'),('286f91cab273424e217dc3a5666a63f859ad1ea077eeaaa631242852269af81242b2599d1775448c',87,1,'salwat','[]',0,'2025-05-13 17:34:42','2025-05-13 17:34:42','2026-05-13 17:34:42'),('299c66937fcb2e125ed6cf126710b1162511d0e81e28d23c85e0f1c683bf2a9331f36dff581bf503',73,1,'mazraa','[]',0,'2022-11-17 06:26:32','2022-11-17 06:26:32','2023-11-17 08:26:32'),('2ac972bf4df68aad2688ceb18779ea54b3cc5a09b32ee5147b91564a4a55a6907a3f6eff9fe171b8',104,1,'salwat','[]',0,'2025-05-05 12:57:18','2025-05-05 12:57:18','2026-05-05 12:57:18'),('2da5e289aa4d330fa441a4ab0321fbda54cc43a81f500ff2513bfcf9c51b23f9fb02493eaa5d8ed1',9,1,'mazraa','[]',0,'2022-07-04 07:33:06','2022-07-04 07:33:06','2023-07-04 09:33:06'),('2e3481d95f5a5ccabab1bbd9a6e73e3e35c46c0b18cc617ea70a625abb0bb2656a557e3586219034',71,1,'mazraa','[]',0,'2022-07-06 09:07:56','2022-07-06 09:07:56','2023-07-06 11:07:56'),('2ed9dcda1272bd3693b3cb32140efeeaf1266b2e1c21b8538ebac5d8a94f74f22ec81808deb757b3',80,1,'gold','[]',0,'2022-10-29 08:20:31','2022-10-29 08:20:31','2023-10-29 10:20:31'),('3012fcfaa2f7b546965561b77b6c704564398f1e8f3890a8785ebde9d1afb569dbd5e8dba61b2f89',104,1,'salwat','[]',0,'2025-04-27 07:29:35','2025-04-27 07:29:35','2026-04-27 07:29:35'),('3105a118c0b05b5725d5fc2fb61e18422fe87a320912a97409121e4500e32758088b0ce908c22552',77,1,'mazraa','[]',0,'2022-09-29 06:34:17','2022-09-29 06:34:17','2023-09-29 08:34:17'),('311cb5a95f49884aa2011509065857cf18a1485b4f0f675eca7e2a9103fba32b8c2b5c6f1a58fe9f',73,1,'mazraa','[]',0,'2022-09-28 09:01:11','2022-09-28 09:01:11','2023-09-28 11:01:11'),('3133cfe757d1dcc560d46d6f3a2c522ddc73e719635b512407e768829de9da9380a2da1948fadb98',9,1,'mazraa','[]',0,'2022-10-01 15:52:34','2022-10-01 15:52:34','2023-10-01 17:52:34'),('31e97f47291ddbf173ddd7922259e69f5c05b13b448a8f606dfa2abdde932cf59904be2482419c83',87,1,'salwat','[]',0,'2025-03-23 12:01:57','2025-03-23 12:01:57','2026-03-23 12:01:57'),('32ea46d991adef681e288a681c4a72ee15993aecd4027790edcc1aab6c4c5a7e911ae6b7edc0ed6b',87,1,'salwat','[]',0,'2025-07-20 09:08:06','2025-07-20 09:08:06','2026-07-20 09:08:06'),('3313c36c4f41dacb2d103a6dac5715acd4e8cc745adfc32fbfc2a8969ff582a5a7062db2e54e34ea',9,1,'mazraa','[]',0,'2022-07-04 06:30:41','2022-07-04 06:30:41','2023-07-04 08:30:41'),('344ece9f8612b98e8e18fe42db5d182bfe35a98ed15edef75683de40468fb8cb388820d5796f83d8',73,1,'mazraa','[]',0,'2022-09-29 08:38:35','2022-09-29 08:38:35','2023-09-29 10:38:35'),('34f12873c26e726b6c5af96f45423473a7d6ce7465e25d18de8f677045502a6a086bb121c234f6bf',71,1,'mazraa','[]',0,'2022-07-06 09:09:14','2022-07-06 09:09:14','2023-07-06 11:09:14'),('35f2b101761cc1c3c0b2a2265366ef2ab224bcef73f1ecba5f4a44c7da72f0a185e1360514cd84d6',104,1,'salwat','[]',0,'2025-05-04 13:24:50','2025-05-04 13:24:50','2026-05-04 13:24:50'),('361ff916a4d04c411d0d3dc1e3718a1985ec23249e7d32c0edc255289c069c1c0fba52e1e74819cd',104,1,'salwat','[]',0,'2025-05-17 14:51:49','2025-05-17 14:51:49','2026-05-17 14:51:49'),('365871caebd9e1965906a7e9086a962b1383b758214ec041dd2a33500130a18ea3258bb901e5c237',103,1,'salwat','[]',0,'2025-04-21 08:56:37','2025-04-21 08:56:37','2026-04-21 08:56:37'),('37e6c6bf69fe823824aef2fc417562ab89bfb031a31695be83557cf7a5398aef7dc1ddf35362146c',73,1,'mazraa','[]',0,'2022-10-02 07:43:26','2022-10-02 07:43:26','2023-10-02 09:43:26'),('39366a083a68e5527b7083e7705060a66be525f339a2a083e171bc7728e8b438fd7c709c6342d73f',72,1,'mazraa','[]',0,'2022-09-25 09:21:35','2022-09-25 09:21:35','2023-09-25 11:21:35'),('3a88e0dcb94998f37fd0390fc6fbed3b98615b0ccad38b7f0802b564d22d9ae9c6c7720957187072',40,1,'mazraa','[]',0,'2022-06-23 09:30:17','2022-06-23 09:30:17','2023-06-23 11:30:17'),('3d2e702406f90e315f72162f2de7e36dd15ae6ba8d8336e5649f714c484c01942a9847a8db8a78b0',73,1,'mazraa','[]',0,'2022-11-08 07:34:06','2022-11-08 07:34:06','2023-11-08 09:34:06'),('3d68b896e27a05e84eb90f263c5a2f6c8f450219dee3704771f7888d9f062e80b14cb3cd9a586530',11,1,'mazraa','[]',0,'2022-06-23 08:05:33','2022-06-23 08:05:33','2023-06-23 10:05:33'),('3e6750a2c6efacc4407d1b66a2632de78bc962df9afa6e512795e0e2af031f5441d6e1bf22e034e6',104,1,'salwat','[]',0,'2025-05-17 14:48:12','2025-05-17 14:48:12','2026-05-17 14:48:12'),('3efddcbb13096ca0735241d6073805a2a660f944b35b8fa9180f5dca610478be160abdf22883f9a5',9,1,'mazraa','[]',0,'2022-06-27 11:49:22','2022-06-27 11:49:22','2023-06-27 13:49:22'),('40e46dadd5b2c57a962f59d8827e002855e8bc9e00fefe80fdcba761c98c7bee0817a17a94b313c7',73,1,'mazraa','[]',0,'2022-10-02 07:46:40','2022-10-02 07:46:40','2023-10-02 09:46:40'),('419806b888bafe7d2d14864f1949f5d3c8f6954d60bdb9bf79b41aa7c0ff530ecfcac897dc6039ea',81,1,'gold','[]',0,'2022-11-02 18:50:02','2022-11-02 18:50:02','2023-11-02 20:50:02'),('41ce822c1b015230b3bfa8284cde36a9fdb1d7713d261e253ac3f41b8e0d575311003f2c6295b028',64,1,'mazraa','[]',0,'2022-07-02 09:28:58','2022-07-02 09:28:58','2023-07-02 11:28:58'),('41f131c54c341ef07ade5b53f33d79dc061502ffbc02fa7ef3c98d743285d7da6c725fdca2c35294',104,1,'salwat','[]',0,'2025-04-24 09:39:13','2025-04-24 09:39:13','2026-04-24 09:39:13'),('44b65737ba67b5a729e7b73227df23d9bfff18b1b5601e74b8cbafed9f09eb13bc377527ca747e2f',81,1,'gold','[]',0,'2022-10-31 06:11:27','2022-10-31 06:11:27','2023-10-31 08:11:27'),('450cd12a2b5009e701d341f30dced2472b09de67111a1c02d7c2d45895eeaa5c70314a14fa15e957',73,1,'mazraa','[]',0,'2022-10-01 17:32:28','2022-10-01 17:32:28','2023-10-01 19:32:28'),('45dfc301338c97ea78924e1808759a8f9224cd5cbda16327e50c9b8a9a8bd2a741510e00d8b34215',11,1,'mazraa','[]',0,'2022-06-23 08:04:21','2022-06-23 08:04:21','2023-06-23 10:04:21'),('468369144d0951d5ca808c2a2242a4ac2b1d58baf0ad6d33f721939e89f64317b01adfd7238af2bc',76,1,'mazraa','[]',0,'2022-09-29 06:22:50','2022-09-29 06:22:50','2023-09-29 08:22:50'),('4799365296a88fa738bfebe64b96f79b7815326d4efa5158aa9a2fb53d6d99ff2a490f97d83d2d3b',11,1,'mazraa','[]',0,'2022-06-23 08:04:29','2022-06-23 08:04:29','2023-06-23 10:04:29'),('47d7b1473596b18938a6a71598f7a9ee588740ff15ecd07657da464522ceb8d65f54a0ddebf0acab',99,1,'salwat','[]',0,'2025-04-20 20:29:31','2025-04-20 20:29:31','2026-04-20 20:29:31'),('4958584584d281882b2b63a14f73af39d421857dc7d9fadc6d4b221d4da93e884b6419d7d5b53546',24,1,'mazraa','[]',0,'2022-06-23 08:27:07','2022-06-23 08:27:07','2023-06-23 10:27:07'),('49938f76b16d984df7d5b06ac3b8a0bbd4ce6b3d2d099a46d71cf0c79fc619436ab34cb5398625e4',3,1,'mazraa','[]',0,'2022-06-23 06:47:52','2022-06-23 06:47:52','2023-06-23 08:47:52'),('4a845c855325b6254a26832ab1d0c7fb221c1c0d036a4ae30bd908aee71b5c915599ee5259652d83',74,1,'mazraa','[]',0,'2022-09-29 05:46:05','2022-09-29 05:46:05','2023-09-29 07:46:05'),('4aa4ed91475f5bff6dd22f3684f8cb765fe8873dc873820b8cddb69c74c95d38fbbb49ad950476ce',81,1,'gold','[]',0,'2022-10-30 08:06:52','2022-10-30 08:06:52','2023-10-30 10:06:52'),('5021dd07a66901f01322f3ef96cc8fd9b1efb2552366f1950458ad062c0ca16b46035d4d668e65f3',76,1,'mazraa','[]',0,'2022-09-29 06:18:17','2022-09-29 06:18:17','2023-09-29 08:18:17'),('50dc643c15526b613a72c9a5386b4888f413e9be1f78a06a8a7add390c0d0b4f4f0f7a8dd2733063',43,1,'mazraa','[]',0,'2022-06-23 09:30:46','2022-06-23 09:30:46','2023-06-23 11:30:46'),('513b12c075439fdf6be0f39215cf7323d2a5c4dbf8911da9478517660f0d24b78c7982d8e0345e23',3,1,'mazraa','[]',0,'2022-06-23 08:34:33','2022-06-23 08:34:33','2023-06-23 10:34:33'),('54adc381ffe5013dbeffb0c309c875f34abf032475e1e12c1dce69b62dd0a1951d0125bcdf36ecf0',12,1,'mazraa','[]',0,'2022-06-23 08:11:05','2022-06-23 08:11:05','2023-06-23 10:11:05'),('569892d3ea07736d9126f5a6fca47078f669564f55925263636df9383d5103eec456d0c089de46f8',73,1,'mazraa','[]',0,'2022-11-03 05:59:46','2022-11-03 05:59:46','2023-11-03 07:59:46'),('58556b978a9c7d7f017d544978ff1228c66474d5d95232d9f96a218e80ba339ce896a17303004058',82,1,'salwat','[]',0,'2025-03-09 12:03:49','2025-03-09 12:03:49','2026-03-09 12:03:49'),('588ae856b104f19a5ae100a76a9b735f63dfb19166816056e0f67fffb764c44ed9a0440809ca9cb9',73,1,'mazraa','[]',0,'2022-11-01 07:44:29','2022-11-01 07:44:29','2023-11-01 09:44:29'),('59e74542ae7077bf773502ca80789dcf6c0a0d6c9a412e32fd47d849c0af9b9d3cc408a07d86f009',73,1,'mazraa','[]',0,'2022-11-18 08:10:49','2022-11-18 08:10:49','2023-11-18 10:10:49'),('5a754051f1e92c1910aae79f9434da882be73b642c49eee9d2219878c39bcc4f157d3dbb8d30d5d5',43,1,'mazraa','[]',0,'2022-06-23 09:31:26','2022-06-23 09:31:26','2023-06-23 11:31:26'),('5ac68e3ac3e2fb9cf366f441ca48886b2c1cc1ea481308d4c12752487006c573a68c287f75560134',61,1,'mazraa','[]',0,'2022-06-28 09:59:48','2022-06-28 09:59:48','2023-06-28 11:59:48'),('5bfb2db800fe5b414b6f91e2f026972afd0ddf12e2e35f4ac9d8c282e30724729122befe5b6b78ca',104,1,'salwat','[]',0,'2025-05-10 08:39:16','2025-05-10 08:39:16','2026-05-10 08:39:16'),('5c7355dd11c8aac12cd180feba02529208d40cba953fe033d669e0d85aef409458d3d066afaeffd0',60,1,'mazraa','[]',0,'2022-06-27 08:37:33','2022-06-27 08:37:33','2023-06-27 10:37:33'),('5d135f138c7a9ed463bc89a943f83af996fddbde1a0826fd25f3ac053d73f62a903043cf609b12fb',87,1,'salwat','[]',0,'2025-04-28 20:04:07','2025-04-28 20:04:07','2026-04-28 20:04:07'),('5e9902ae23bc32cc64f3a75998a627beb83e2ddbe8e290bba5c5b433dc61e42105254502e963da3e',73,1,'mazraa','[]',0,'2022-10-01 18:58:05','2022-10-01 18:58:05','2023-10-01 20:58:05'),('5eff7c9a092060ec04abaf444c9cf433cb9ecf6c9f2dbff41d756af540df898689a15095c94f2f3d',101,1,'salwat','[]',0,'2025-04-20 20:34:45','2025-04-20 20:34:45','2026-04-20 20:34:45'),('61730597520a7c8cbf62faa4953c5fd72a5a3d938824083d75549c9dfe4f7d3fbd31d24717c39489',3,1,'mazraa','[]',0,'2022-06-23 07:39:54','2022-06-23 07:39:54','2023-06-23 09:39:54'),('620b1882e187621ce2aa80e128b49daa36de7e97b98c0f6eab0524fd13bf2d3734ce0698e2b5a7be',46,1,'mazraa','[]',0,'2022-06-23 09:57:14','2022-06-23 09:57:14','2023-06-23 11:57:14'),('6229c3bc858c941ff6040291190168e12717681ea599c1537da70e20e7733fa8688cbf7b2f67023a',6,1,'mazraa','[]',0,'2022-06-22 10:14:57','2022-06-22 10:14:57','2023-06-22 12:14:57'),('62fad415f9d41597e55b751522a83e2ee8271d41f31b98b52d4d3e40d3f4449ea56dfd9208111ec4',11,1,'mazraa','[]',0,'2022-06-23 07:59:13','2022-06-23 07:59:13','2023-06-23 09:59:13'),('634257169214a9ee3e618c7108217cd5f1b3227fcc4b04e6e7ba9ab8c6b080c2ddcc570b2dcc432c',11,1,'mazraa','[]',0,'2022-06-23 08:03:43','2022-06-23 08:03:43','2023-06-23 10:03:43'),('6430bd1bce32be86a87cb055a21b5a32dfe46f2bdac0b336d6a6cf919310f34b4c40b460fb2c6fa1',41,1,'mazraa','[]',0,'2022-06-23 09:17:00','2022-06-23 09:17:00','2023-06-23 11:17:00'),('646e4d404e71a6c03fc0aefc217ec4e1736f3579587d1c1748b6f6b78a671101f4fcdad251a909c0',87,1,'salwat','[]',0,'2025-04-20 20:23:41','2025-04-20 20:23:41','2026-04-20 20:23:41'),('65e36ca8fbd4e4a41b6699f5c3d16992ea9ad36d98a1868ee0d59263590be6e4eda270c82df018b3',8,1,'mazraa','[]',0,'2022-06-22 10:16:50','2022-06-22 10:16:50','2023-06-22 12:16:50'),('663dc5c36f941846187d41e295ef8c17aec60fd8acf948712a086684cb5baea1ad74b5aac49504d9',77,1,'mazraa','[]',0,'2022-09-29 06:34:43','2022-09-29 06:34:43','2023-09-29 08:34:43'),('67be729898b83facb7ee2c0d96995ef9f1a1e799ec24e9cb1d779335d308487f256670910ff4597b',98,1,'salwat','[]',0,'2025-04-20 20:45:58','2025-04-20 20:45:58','2026-04-20 20:45:58'),('67bff4a6d3762abbb2aea0d306b98cf610f1b305790a4a83634282a2cf6bb16051a279a7ecb5b59b',106,1,'salwat','[]',0,'2025-05-05 09:34:49','2025-05-05 09:34:49','2026-05-05 09:34:49'),('67c134fe3eb21966061598e02a8ed18c592e99bf82dd52a375f2c417ba8882ddb2cd79d270a75491',73,1,'mazraa','[]',0,'2022-11-08 06:55:19','2022-11-08 06:55:19','2023-11-08 08:55:19'),('6981b883e2c80c53faf22351907cb9635577dba3a8910595df6dc72fae5b5550ca49594210eb2134',81,1,'gold','[]',0,'2022-10-29 08:32:25','2022-10-29 08:32:25','2023-10-29 10:32:25'),('69ade6e956e13ebfd45f381b0c2277cac080981ec58c5bb0b00548819c51c7da219bf98d7f445990',73,1,'mazraa','[]',0,'2022-09-29 06:22:05','2022-09-29 06:22:05','2023-09-29 08:22:05'),('6c1fd3a4e8e7d0f1101e9a75069612b8c53ec80480cf157a3a8a2f810f9308e84ebf0d429c72923d',73,1,'mazraa','[]',0,'2022-11-03 05:56:29','2022-11-03 05:56:29','2023-11-03 07:56:29'),('6de1cb633a8612e330129601eac58f56453773a8c663562a6a8e224f6a4799420aeed5e80cb751d6',104,1,'salwat','[]',0,'2025-04-24 09:35:31','2025-04-24 09:35:31','2026-04-24 09:35:31'),('6e5efeb1122e035d0d82129c31d65a7c601f921b193a39f9eecd7fbdac1337cf5c14c5d566c97864',45,1,'mazraa','[]',0,'2022-06-23 09:55:42','2022-06-23 09:55:42','2023-06-23 11:55:42'),('71f0e0a1ce44a15f213716f13278835690ce7c05f6f2fec373681222aa45350fe6fecc8b13984023',69,1,'mazraa','[]',0,'2022-07-05 12:13:21','2022-07-05 12:13:21','2023-07-05 14:13:21'),('72dc474c964ebd6a8b8a8b56fcfb8b0c886fab4b8c1e5054ef29a07d97cfab661bf62f7ddd01bdd7',40,1,'mazraa','[]',0,'2022-06-23 09:14:24','2022-06-23 09:14:24','2023-06-23 11:14:24'),('74525f431aef87c4a521766d5379c0b335287dce393bc8cd06fa0bad7d164c8f1ac35af914373b0d',102,1,'salwat','[]',0,'2025-04-20 20:39:31','2025-04-20 20:39:31','2026-04-20 20:39:31'),('74a8a1af5cf00c216d57c479080f33abd84292f6ae493c205cc045939993c114370435bf84406775',11,1,'mazraa','[]',0,'2022-06-23 08:03:06','2022-06-23 08:03:06','2023-06-23 10:03:06'),('74f87b871fd11555c0792e02740cffb22523813a11a23e317a5266005a4e2a7fbac8c87147d5c751',81,1,'gold','[]',0,'2022-10-31 10:05:12','2022-10-31 10:05:12','2023-10-31 12:05:12'),('75f393de7da16003334b8e2b3c6ea74a9afc45b2c089df47046fc062330b03deadfbad66dc349025',63,1,'mazraa','[]',0,'2022-07-02 09:09:22','2022-07-02 09:09:22','2023-07-02 11:09:22'),('766696083d78f5e47f7b44a5f287bc8f26d01d22690cbbd1f084e4f731c443002e666cd3b4c19c26',73,1,'mazraa','[]',0,'2022-11-19 14:05:21','2022-11-19 14:05:21','2023-11-19 16:05:21'),('7959cb7fda61e86c6dba7085b6162803f7bd58aae9009eb059a2c5d3085701349d16e02734e5b5eb',73,1,'mazraa','[]',0,'2022-11-03 04:45:35','2022-11-03 04:45:35','2023-11-03 06:45:35'),('7a0ea66d1d3b55397daa622012089abdf1d12fa1ed2852bd69c2317d8dc00cef79d808e767773e94',73,1,'mazraa','[]',0,'2022-11-09 08:57:22','2022-11-09 08:57:22','2023-11-09 10:57:22'),('7a4c5040c7f32efe4fe3d4ef4f8f58bebc9e68f6f383a5646c519bda6d4af3e73891298737d1e652',11,1,'mazraa','[]',0,'2022-06-23 08:04:16','2022-06-23 08:04:16','2023-06-23 10:04:16'),('7a55c9849dfc03134ab40c41632370ca02df563630adc4e95d31477ea6d23627a7edb8a8d4047eb7',73,1,'mazraa','[]',0,'2022-11-17 07:00:45','2022-11-17 07:00:45','2023-11-17 09:00:45'),('7b146fd382e915c951fb1fe609d6b4e86f24b41590ee7a1d499b5c6374aceb6ebcad89f5622cc046',87,1,'salwat','[]',0,'2025-04-20 20:23:55','2025-04-20 20:23:55','2026-04-20 20:23:55'),('7c6fc498767643804a4bb9b1e23594739709d6f043466145a284a0531655a4ad11bc058bd8474f2b',73,1,'mazraa','[]',0,'2022-11-19 15:45:09','2022-11-19 15:45:09','2023-11-19 17:45:09'),('7ce0030a88a9cc88e4be9908a8da82b12e0427467f7172c186215e2e8786e5a8518df4a630bdd6bd',45,1,'mazraa','[]',0,'2022-06-23 10:21:08','2022-06-23 10:21:08','2023-06-23 12:21:08'),('7d0be8f80ad9af1d23c2bd19c5f50b790bb48e5070943a6483e42e5bfb4c745ac501a35abce379d5',9,1,'mazraa','[]',0,'2022-06-27 10:01:18','2022-06-27 10:01:18','2023-06-27 12:01:18'),('7de4b75062e3e35047704eaea4a39e72a05d5124274f97bbf98f15c9018da83e93ce7689a890f34e',71,1,'mazraa','[]',0,'2022-07-06 11:21:10','2022-07-06 11:21:10','2023-07-06 13:21:10'),('7ee5e381d31a22198d431c15eaeef6ac5d761a20a315551f0745d623d8637f0f965bd6e27f1444bb',11,1,'mazraa','[]',0,'2022-06-23 08:04:39','2022-06-23 08:04:39','2023-06-23 10:04:39'),('7f4d3c67e6b52da4fbec6d751425df20e48a154c10d21007cb3ea468425b865f22f894ff87ec90b3',10,1,'mazraa','[]',0,'2022-06-23 06:50:53','2022-06-23 06:50:53','2023-06-23 08:50:53'),('7f8e3bf68719eeab9798c2590f3578693da7b21d13aa36c98b4206def67dfa1d178a6de14f77ece7',39,1,'mazraa','[]',0,'2022-06-23 09:03:16','2022-06-23 09:03:16','2023-06-23 11:03:16'),('7fdaa14102b9477d207c86839aef7c1a00ce3f38ac93a278aa6ed3afc135eefb3bee41bef000a6bd',71,1,'mazraa','[]',0,'2022-07-06 11:18:34','2022-07-06 11:18:34','2023-07-06 13:18:34'),('804420db0a5ee3bee90a35234cc270e5d05c8c9b4da93a4ebe8d858e598f962a3f9084e7ea843859',73,1,'mazraa','[]',0,'2022-11-02 18:18:35','2022-11-02 18:18:35','2023-11-02 20:18:35'),('814f0ed92b557a09b4e03aaa08ead996231cea1f9956d0df15d06ac1c6f04d7ca26f577ee07912ba',71,1,'mazraa','[]',0,'2022-07-06 09:08:58','2022-07-06 09:08:58','2023-07-06 11:08:58'),('816f4cd12a0c9da8df231ad94df9aff35eb005d523ea58c692ec88f9f3e7781e13578c907dcf79fb',73,1,'mazraa','[]',0,'2022-09-28 08:51:27','2022-09-28 08:51:27','2023-09-28 10:51:27'),('8383f4061423bfd6bf0c3eafc396c2a4299a451a5c9d42e86c6522d969033574d3d86ee78b7d1de3',71,1,'mazraa','[]',0,'2022-07-06 11:08:23','2022-07-06 11:08:23','2023-07-06 13:08:23'),('83c043c8392ec90feac3d3e4a91e519f72e53c5fc78b873fe60864333865a972251dfe1ce9257fd0',11,1,'mazraa','[]',0,'2022-06-23 08:09:29','2022-06-23 08:09:29','2023-06-23 10:09:29'),('84e857ef50a47757d5da4cc6441621d38f9507beda2e5857414c6ed179700d99d7c02987883ec0c0',87,1,'salwat','[]',0,'2025-05-22 07:44:49','2025-05-22 07:44:49','2026-05-22 07:44:49'),('85db7147aa5b7f8705c4f9cc005b2463f1a1cd8508017a7fd12ce7ce21cd51103c2a361e8dc8dddf',82,1,'salwat','[]',0,'2025-03-09 12:01:34','2025-03-09 12:01:34','2026-03-09 12:01:34'),('862ceb7a157b9e3b54852501b1a6e7c3709e43c5a06d5d483774435775d4eec5d62e16238bd47b54',105,1,'salwat','[]',0,'2025-05-05 09:17:14','2025-05-05 09:17:14','2026-05-05 09:17:14'),('8644c101435cabf45b8b3de46a12cefcc3e7a14ec85910c11714a6c5ed39aef9fba3b3fc9235dc57',11,1,'mazraa','[]',0,'2022-06-23 08:04:54','2022-06-23 08:04:54','2023-06-23 10:04:54'),('86f0e7e4b435837f0ff494c07d33b25c2fe18aa9de042e790f65f0075fec1e9071c702688f77cf6f',104,1,'salwat','[]',0,'2025-04-27 14:00:04','2025-04-27 14:00:04','2026-04-27 14:00:04'),('8822340e7eb155325710a3f4f6693cc3658518e9e2d2d0c57a6b5451a4e091d998daac3f167c008a',104,1,'salwat','[]',0,'2025-05-02 21:25:04','2025-05-02 21:25:04','2026-05-02 21:25:04'),('89ffcf36e0e1079d951f1c30db012aba029f561946c18a1608c71489cf35cbb395db4068f99dbf4f',42,1,'mazraa','[]',0,'2022-06-23 09:19:09','2022-06-23 09:19:09','2023-06-23 11:19:09'),('8a9e27fc783f7c1dda05ecafa8a7f4a82d2a67487d3c347d372cfc6aa9354b921fc499da853e3af3',43,1,'mazraa','[]',0,'2022-06-23 09:45:38','2022-06-23 09:45:38','2023-06-23 11:45:38'),('8ac2fe5c85ade22161db3eb07cb0e4cc682a1c5a812f46bd02e2b80ea364d957247e7fbbc08f9c79',71,1,'mazraa','[]',0,'2022-07-06 11:17:07','2022-07-06 11:17:07','2023-07-06 13:17:07'),('8c8720cf9900d1574020453d82936c6ba2ed9cda9f87b1c7c039b0c4ab4ef831adf91a6ac90c9b7a',73,1,'mazraa','[]',0,'2022-10-01 16:54:17','2022-10-01 16:54:17','2023-10-01 18:54:17'),('8e6c192472cd12eedc2731493f1bd0741579827e5787a5049845b5b2073ae966ccde845f880e3434',81,1,'gold','[]',0,'2022-11-01 20:28:29','2022-11-01 20:28:29','2023-11-01 22:28:29'),('8e78551e73f865ea1c271c76071807ff13c3b6d7ff57db4e697b87ce774f2601deb97baf77d6ee1f',9,1,'mazraa','[]',0,'2022-10-01 08:05:53','2022-10-01 08:05:53','2023-10-01 10:05:53'),('9055f6b0889575b337050cf6225c9962b58103e49e3fa8318dd21ecc035096e349635f3244530936',11,1,'mazraa','[]',0,'2022-06-23 08:02:30','2022-06-23 08:02:30','2023-06-23 10:02:30'),('908f9f8deece4cc3a0a78f32cb22c7f882dd7590b01bc0328db38dd4d68b7e81bfe8d64d7cbfc8cc',104,1,'salwat','[]',0,'2025-05-02 22:13:21','2025-05-02 22:13:21','2026-05-02 22:13:21'),('925e38b9d03cfe5972a7b3a561ad2efb8f4bbc06b45bbaa9edc463b15d3a346595ed5dc78a7a72c2',11,1,'mazraa','[]',0,'2022-06-23 08:08:51','2022-06-23 08:08:51','2023-06-23 10:08:51'),('92d7bdde11942db7468c1fe2fdedbeb69cbb292288f55dae1a9a5bd3a65146a0e6170d1c96101752',104,1,'salwat','[]',0,'2025-05-04 11:05:28','2025-05-04 11:05:28','2026-05-04 11:05:28'),('9369047f15d8a550895d531b070724e5e8d62a0f2886dbc6d36560e70e2fd894a9cd0ae6a77f9365',104,1,'salwat','[]',0,'2025-05-05 14:07:18','2025-05-05 14:07:18','2026-05-05 14:07:18'),('93b8472b0caee54e59f8d598cfe14eec41ee9638660743a04d5a346254a8c2a0b20b21a7114632ad',73,1,'mazraa','[]',0,'2022-09-28 08:51:05','2022-09-28 08:51:05','2023-09-28 10:51:05'),('93e567dd0a05e4cc2beeb23ae850484417870bb3bc63e7a57fc1a4dd7d5d125efef4bf1d708139d3',73,1,'mazraa','[]',0,'2022-11-17 08:06:18','2022-11-17 08:06:18','2023-11-17 10:06:18'),('947ce2c1119e628fc78235e1c5a1bed8fc421ac86d0f215837d810ad55fbb4d768680cfc75499647',104,1,'salwat','[]',0,'2025-05-20 08:18:49','2025-05-20 08:18:49','2026-05-20 08:18:49'),('94c7e6c34dbdc3cdbde7b925a2aa316f62036669e502c7291e2f006c4901b9ba57f307769dab3d7f',73,1,'mazraa','[]',0,'2022-11-02 18:31:27','2022-11-02 18:31:27','2023-11-02 20:31:27'),('95440b71ee183e4b770cf60836c2e06a8c6803e7ab9af3d4d48b863e3bb2008dd9b912ab8d74d945',86,1,'mazraa','[]',0,'2025-03-09 11:55:34','2025-03-09 11:55:34','2026-03-09 11:55:34'),('97cdb7e0bcfc21a6eb985f30a5d7f9aee9702608e6f1ebb8fc86efaee5205ac75990911d1efd46b6',104,1,'salwat','[]',0,'2025-04-24 09:34:32','2025-04-24 09:34:32','2026-04-24 09:34:32'),('984d3c106220031f88349273933f7fa58bcd90ece8cbd116fe9392a8a47035a14e4a9449e4d6f798',100,1,'salwat','[]',0,'2025-04-20 20:30:26','2025-04-20 20:30:26','2026-04-20 20:30:26'),('998e75263735514f4059610e920e70cde29ecb7d6a2582abded01e73effbd69edc594bbbe28e9b20',11,1,'mazraa','[]',0,'2022-06-23 08:07:08','2022-06-23 08:07:08','2023-06-23 10:07:08'),('9ad209624a2cb471234b0850be0b9c2623f89c179b30388242edb9de2881d610cf1062bef2c33723',84,1,'mazraa','[]',0,'2022-11-20 15:10:45','2022-11-20 15:10:45','2023-11-20 17:10:45'),('9e128f10db4a69700b9e777bd1d72ff1ed94514342822d43158110b5dc8c6b9e8a3ae5ca5152f152',104,1,'salwat','[]',0,'2025-04-24 09:23:52','2025-04-24 09:23:52','2026-04-24 09:23:52'),('a0d0cf3535a263ddab982cb9118f80f3a837d282aa4f4939ba2f3261695594a990037d683172111d',70,1,'mazraa','[]',0,'2022-07-06 06:25:06','2022-07-06 06:25:06','2023-07-06 08:25:06'),('a0fecc0e0fcea01a41740c3bb4304651da390430a1a19c3cf12b88ce1e895d05bedaaeca94138d32',107,1,'salwat','[]',0,'2025-05-05 09:35:37','2025-05-05 09:35:37','2026-05-05 09:35:37'),('a1e503e99f87232da95fbbcd5e29239ccbf7bdecdb03959c653b8fb7e9a5daee5251e0b4fc3a09fe',73,1,'mazraa','[]',0,'2022-11-17 06:03:30','2022-11-17 06:03:30','2023-11-17 08:03:30'),('a1eaeb7c2959c5045cfddb94dd7278f9252f44970d33611605fb0fd15811c2f910a539791762d50a',75,1,'mazraa','[]',0,'2022-09-29 06:09:54','2022-09-29 06:09:54','2023-09-29 08:09:54'),('a4cb306ad634b75250675fd285a0245668d0890c9a2794a88aa2e874677a1cfb01526a5a481dcc58',3,1,'mazraa','[]',0,'2022-06-23 07:55:37','2022-06-23 07:55:37','2023-06-23 09:55:37'),('a4edbd59fab369be0cb4a5d68f9185e8ffe12497e2d12c165df82d3c60981959602e2c0369e196ac',73,1,'mazraa','[]',0,'2022-09-28 08:50:48','2022-09-28 08:50:48','2023-09-28 10:50:48'),('a650a032af8729b9c5ee17577673d42666b50d917b97b3ac1de31b9b05ed788bf69891c861ac3d79',11,1,'mazraa','[]',0,'2022-06-23 07:56:19','2022-06-23 07:56:19','2023-06-23 09:56:19'),('a70ca0b1d3f5de3fe7cd5914b080f51b6cf634832e7cbc065fd677a99bd15460fa44e734fe53c258',73,1,'mazraa','[]',0,'2022-09-28 09:00:24','2022-09-28 09:00:24','2023-09-28 11:00:24'),('a8643d88c8107bc2d157babdbcfa80d405f5d3a489c44a7a7d2dcf4286e618ce1db38e4fe3989aca',7,1,'mazraa','[]',0,'2022-06-22 10:16:25','2022-06-22 10:16:25','2023-06-22 12:16:25'),('a9762a63676873c9c9683192276fb264b930549157a9b38cc094cef747c2cb489a4e7ebe33d54026',104,1,'salwat','[]',0,'2025-05-10 15:40:42','2025-05-10 15:40:42','2026-05-10 15:40:42'),('aa3813e78585961696de9a0026ac29fae342197e0fbf6759d62b7a558e60e9d288d28c4d0c872db8',11,1,'mazraa','[]',0,'2022-06-23 08:06:35','2022-06-23 08:06:35','2023-06-23 10:06:35'),('ab94419973969f3e986c784ff61a6ae13d912c03ffae54200c181479959171440c65506fb92b7a6d',73,1,'mazraa','[]',0,'2022-11-01 09:26:37','2022-11-01 09:26:37','2023-11-01 11:26:37'),('ac63b8e84ef3f091f4f8f4fa197469b7a9f3abd8a1b089d12b2c0b09adcba7a80065f36b087d809b',11,1,'mazraa','[]',0,'2022-06-23 08:01:42','2022-06-23 08:01:42','2023-06-23 10:01:42'),('ae2ba51e641e817c6cdee5c9e487500e18fabbbd900c2729af7683c09a23e609f7564179aa7ddbdf',71,1,'mazraa','[]',0,'2022-07-06 11:18:27','2022-07-06 11:18:27','2023-07-06 13:18:27'),('af04c85257b37262ab525245186e5f563ff94dc6443e2caba39bbf25ffa68b4cf27bea5098eabf27',104,1,'salwat','[]',0,'2025-05-17 09:31:13','2025-05-17 09:31:13','2026-05-17 09:31:13'),('af4062d25f56d77176fe742e1db752be427bc43c5c74e39e4b3b9444b665a32fe143c2a469b5508b',9,1,'mazraa','[]',0,'2022-07-06 08:51:33','2022-07-06 08:51:33','2023-07-06 10:51:33'),('afbc9ec2b4d892794efdbaec07d6ada12f30bed268e83a34808358e9ea6d7368d88fa399f2b4802e',107,1,'salwat','[]',0,'2025-05-05 09:35:47','2025-05-05 09:35:47','2026-05-05 09:35:47'),('b066eaadde1521d31cc682c79e408f104187cefd123fc5e2b17a602692ab1230018d54393b62258e',73,1,'mazraa','[]',0,'2022-11-02 09:51:21','2022-11-02 09:51:21','2023-11-02 11:51:21'),('b14ad02331fdedcee3282c92d6f8487096272774042c0979a90d3c03116b3efd1c40c870cbd01c45',73,1,'mazraa','[]',0,'2022-09-28 08:58:45','2022-09-28 08:58:45','2023-09-28 10:58:45'),('b1abb6bec636f4c229b4a52b4cd268d732dfaed83228a0fcc3a9df69275e906ca42258d695320b36',87,1,'salwat','[]',0,'2025-05-20 21:51:45','2025-05-20 21:51:45','2026-05-20 21:51:45'),('b1e9f3eba1662b40f712bd7c3d10fea9d22b2237680408281562c1eb44cd8d69df28720febffbef9',73,1,'mazraa','[]',0,'2022-11-17 08:26:16','2022-11-17 08:26:16','2023-11-17 10:26:16'),('b23f577eaedf7bd4194ab12bec207af86dd42212d9a4eda57e9837b0cd5bfee151eca4a5f1a11547',87,1,'salwat','[]',0,'2025-05-21 20:41:45','2025-05-21 20:41:45','2026-05-21 20:41:45'),('b248b659639e91061bfa335192ebe479da9d57b34e61daa6f17dae20d89ed02d9728d81ea0b45003',81,1,'gold','[]',0,'2022-10-29 08:32:41','2022-10-29 08:32:41','2023-10-29 10:32:41'),('b261dd87027f7ae2f473c1bb8ca3cb4fe747148a3bfc67c8eaa664e1990a6396159346335b059985',104,1,'salwat','[]',0,'2025-05-04 13:14:20','2025-05-04 13:14:20','2026-05-04 13:14:20'),('b3df88777710a18a8d02abf542faf657c5ab1fd19798a638bd5284dcf75d269c73cd6e686c67e7fa',87,1,'salwat','[]',0,'2025-04-02 23:10:37','2025-04-02 23:10:37','2026-04-02 23:10:37'),('b54e412bebab11e69a13e8e175bcd147056781210962933444c0d5ce340f4fe6afb49d3a4b83d4a1',87,1,'salwat','[]',0,'2025-03-23 12:01:47','2025-03-23 12:01:47','2026-03-23 12:01:47'),('b573d65f6c4d83563b87a176f5bb74d3743b27b6f14bce449b53012a802dd950325d06ce4e245910',79,1,'gold','[]',0,'2022-10-29 07:27:11','2022-10-29 07:27:11','2023-10-29 09:27:11'),('b65012ab78117f099861c87999ead30118c00ea781182ed629c2ee232799b6fff7c31dcfae9b83e7',71,1,'mazraa','[]',0,'2022-07-06 11:21:12','2022-07-06 11:21:12','2023-07-06 13:21:12'),('b90aa5f9976175cf954f33471bd2d6574e386fe96ab762b3758365e1deeb742ab66ff3b5448af5b5',83,1,'mazraa','[]',0,'2022-11-20 14:23:47','2022-11-20 14:23:47','2023-11-20 16:23:47'),('b945e8305ea95fb81d8af82c925e0487782b130a1d7e4606ce534caaee67c0d491607af074b92978',98,1,'salwat','[]',0,'2025-04-20 20:25:45','2025-04-20 20:25:45','2026-04-20 20:25:45'),('bac476380657dbb46523454aa70b573ee350b02951e5161ce6a57775056f115f29ced520c7579235',11,1,'mazraa','[]',0,'2022-06-23 08:07:23','2022-06-23 08:07:23','2023-06-23 10:07:23'),('bb2fd5db5fba2a712a6bf7afaca1f12032f0a76611c40f9b9cbb4188fd9c6b2dedb44fb479362f22',87,1,'salwat','[]',0,'2025-05-22 07:48:59','2025-05-22 07:48:59','2026-05-22 07:48:59'),('bb99ba908dd2ef3682e9de5d0ea0c8b9a5a8c03bb45cea645862d284bfbbfee1469d3cf423788ae4',67,1,'mazraa','[]',0,'2022-07-04 17:23:29','2022-07-04 17:23:29','2023-07-04 19:23:29'),('bbe93aba24e57794f4504bd79ebfc64d9d7d84f3da5f104c7de56d1a75a0c40e685f2a3b4c6b6f83',104,1,'salwat','[]',0,'2025-04-25 21:06:50','2025-04-25 21:06:50','2026-04-25 21:06:50'),('c1af6ffc9cf5899344ffede1da64d2a02bc8634c4662e821b69bb8dab4d65e5217dd7a16579ebfe4',45,1,'mazraa','[]',0,'2022-06-23 09:54:03','2022-06-23 09:54:03','2023-06-23 11:54:03'),('c1d0fc8b4dae690d5d41591b9e0f160b4ed2019decaa13a2ab5f2d9dda0a9c8604720806a316e829',82,1,'gold','[]',0,'2022-12-03 07:38:27','2022-12-03 07:38:27','2023-12-03 09:38:27'),('c24144e428da7e4f98ba95d5231deea5b58f739e1f5d9c24eb0ab1fef543ed82e34b406e3120734c',101,1,'salwat','[]',0,'2025-04-20 20:33:52','2025-04-20 20:33:52','2026-04-20 20:33:52'),('c29a2fdf3669b565d06ee21c98fc33dbfb928ff2707d86ab7b3eea7763503636319bf1c4f745fd85',73,1,'mazraa','[]',0,'2022-09-28 09:16:33','2022-09-28 09:16:33','2023-09-28 11:16:33'),('c306b3ab9820786f4a45d721b60c793e1761decc466968e29163fd51fd9c33e7d5d5c06e0cb845fc',11,1,'mazraa','[]',0,'2022-06-23 08:08:28','2022-06-23 08:08:28','2023-06-23 10:08:28'),('c37aabe8a7c0183294525b40387862294a738536a6d644f6d8002b4205a0781e30a5e85f7946847d',86,1,'mazraa','[]',0,'2025-03-09 11:54:49','2025-03-09 11:54:49','2026-03-09 11:54:49'),('c39dcd129536be45cf366e4462b403a8b9ce32976c1c2826c3c2f09971e18583c2db0799c853bc64',73,1,'mazraa','[]',0,'2022-09-28 09:11:06','2022-09-28 09:11:06','2023-09-28 11:11:06'),('c45345434033191329580dfbfecf1e536b5d9fbe7d6d6a7c581f2ac19ddd906d452ba8c504a43bb8',81,1,'gold','[]',0,'2022-10-29 08:32:12','2022-10-29 08:32:12','2023-10-29 10:32:12'),('c5dcf5f767372ec38a548105f9e41626f26baffba7a2ee3b46c36c7efd30f9b4ed8c90076170f763',104,1,'salwat','[]',0,'2025-04-24 22:16:43','2025-04-24 22:16:43','2026-04-24 22:16:43'),('c6203778f676e7fe8f869b36e44abc7742b8a4c902174318f91d8229b1444b21a64f5c294b8ede45',43,1,'mazraa','[]',0,'2022-06-23 09:32:02','2022-06-23 09:32:02','2023-06-23 11:32:02'),('c745ea2b478a8e6e1a3f4f98704588e62fc2c474bd85b657bf0fd0d0396a339c6bdd302fb43d9ffe',45,1,'mazraa','[]',0,'2022-06-23 09:53:38','2022-06-23 09:53:38','2023-06-23 11:53:38'),('c75d29ed3b0eba10a06d78863649ee94f563f6a0bf2f88c234e31de66aa2f6df149b66091348e035',80,1,'gold','[]',0,'2022-10-29 08:21:10','2022-10-29 08:21:10','2023-10-29 10:21:10'),('c864b06debe184181dca878781117bb627824bc4aa4f665ba881c39d4e2c7a04f1eb7eab6e9a89c2',82,1,'gold','[]',0,'2022-11-20 04:42:41','2022-11-20 04:42:41','2023-11-20 06:42:41'),('c94e0cda760f56009d930a67a211c2e6c541309bcac17c669cd9962df57b5935dc96679ceaab49a1',45,1,'mazraa','[]',0,'2022-06-23 10:19:13','2022-06-23 10:19:13','2023-06-23 12:19:13'),('c9b84b73b57c06e3ddde37884294919d5198bc889a5d479af297185d027151e2b3055433737705e0',85,1,'mazraa','[]',0,'2022-12-14 11:56:53','2022-12-14 11:56:53','2023-12-14 13:56:53'),('c9b8739b8b5f3c69cc8fa9e95a94d585cbb349d22ffb7335711424bbe9156266c9010ebf84c50820',68,1,'mazraa','[]',0,'2022-07-05 10:29:38','2022-07-05 10:29:38','2023-07-05 12:29:38'),('ca07dca5249f07302fc7eb432b4d05fff3769341442bc1eeb0c92da3c39fe5e01a78b170437d7438',101,1,'salwat','[]',0,'2025-04-20 20:31:01','2025-04-20 20:31:01','2026-04-20 20:31:01'),('cb5376d8c38836f3960a730fff8c25d8b3815cd79f82397e4167390c8b7961c3ab8dcee760a8b39e',87,1,'salwat','[]',0,'2025-04-27 15:57:16','2025-04-27 15:57:16','2026-04-27 15:57:16'),('cd64e651c08ff0c5a95506fd60375e345b0701d528b62d7a27154ffbbd6590481eb86933853f249b',45,1,'mazraa','[]',0,'2022-06-23 09:53:57','2022-06-23 09:53:57','2023-06-23 11:53:57'),('d1db343ed2347925070f5371bfe3ab497e1ff8aa56313a4845d405c4010f9acc69b9bea5a3842746',98,1,'salwat','[]',0,'2025-04-20 20:44:11','2025-04-20 20:44:11','2026-04-20 20:44:11'),('d396a7b8a3c43fee303f2b74dabbc735a606bfd4af45dbae24bed92e679249b441b285566acac7b8',69,1,'mazraa','[]',0,'2022-07-05 12:54:28','2022-07-05 12:54:28','2023-07-05 14:54:28'),('d438a3056f61f7ef0e74960970fe7aed37c4b92d92fe1e746cc77c1708feea18e30e179b11ab673d',106,1,'salwat','[]',0,'2025-05-05 09:33:14','2025-05-05 09:33:14','2026-05-05 09:33:14'),('d4d76218b21ce411430759fb34ce4da25ff71f307fafc1ec4bdee918f6ca28d4b8d5919e0d15ca15',72,1,'mazraa','[]',0,'2022-09-24 08:51:59','2022-09-24 08:51:59','2023-09-24 10:51:59'),('d5dd49ae370106426c6e51aede4cdaaa376c442ddba0b4e6211a809d9ef08ff8805660af17452fff',73,1,'mazraa','[]',0,'2022-11-18 09:21:40','2022-11-18 09:21:40','2023-11-18 11:21:40'),('d7cbc53699cfc15dc849c0d84df8fce4e356e77cc00b6b05a1cdd692beb89147deed63ec2f1fd0d0',102,1,'salwat','[]',0,'2025-04-20 20:38:53','2025-04-20 20:38:53','2026-04-20 20:38:53'),('d812332341ad6dc81303fead0a64f08310e604afceca6ac57773a1c2035015b18eaf1b96ebf81848',71,1,'mazraa','[]',0,'2022-07-06 11:15:59','2022-07-06 11:15:59','2023-07-06 13:15:59'),('d9ce270f5bf143663d61a6518cd9539046c26f6620a3aa4668129a023cdc4583cdcea94f582c8405',11,1,'mazraa','[]',0,'2022-06-23 08:09:16','2022-06-23 08:09:16','2023-06-23 10:09:16'),('d9daeefdd92b0a61d8f63f487cde78df3ac66b4616cb6a3cd32d1af03c214115724274f877a98362',73,1,'mazraa','[]',0,'2022-09-28 09:24:56','2022-09-28 09:24:56','2023-09-28 11:24:56'),('db02fa480f4e053845f480e49a6bd027e62562fff99c2f659ccf61afff1b247c768a7b852006e7d8',87,1,'salwat','[]',0,'2025-07-20 08:11:23','2025-07-20 08:11:23','2026-07-20 08:11:23'),('dc28fed47ab1c7c991f726aca1b3c8acdb2b8bf12fd2085ef712119f0c9b843c9f3b0254328db48f',104,1,'salwat','[]',0,'2025-05-05 07:52:24','2025-05-05 07:52:24','2026-05-05 07:52:24'),('dc34256fe5a0a439db8d728d9c57d48f114509ac982141fdaa4567083cb56d3fc860ca6d599f09c5',73,1,'mazraa','[]',0,'2022-09-29 11:04:36','2022-09-29 11:04:36','2023-09-29 13:04:36'),('dc8768117c5ab1447884bf8ce98e01ea0813573fb55e76dae05eaff9d25f10caefb02bd6da3879cd',73,1,'mazraa','[]',0,'2022-10-01 07:41:20','2022-10-01 07:41:20','2023-10-01 09:41:20'),('dcc26ef7b6dd08734a2e1eb58b3f96241d0a5915e65d532efdf31df8668d3ad830c21f8f8e65ef57',79,1,'gold','[]',0,'2022-10-29 07:50:49','2022-10-29 07:50:49','2023-10-29 09:50:49'),('df5d5df84d6dd8eb9762b76ba3045c571a7cadc4d047f5757c06207705151f4e4271780952e8cd6f',82,1,'gold','[]',0,'2022-11-20 04:43:30','2022-11-20 04:43:30','2023-11-20 06:43:30'),('dfb242d38fd3831116c7a8d0a55294d564f3ada060b08a89fc0a1d563abfc93f004497a41eb87bc7',73,1,'mazraa','[]',0,'2022-11-17 08:37:30','2022-11-17 08:37:30','2023-11-17 10:37:30'),('e1c69633ccc5b393d34bf613be8b82bafd923f98864f350ecca69d9ce9f3f5ca4369f68b5298932e',11,1,'mazraa','[]',0,'2022-06-23 08:03:49','2022-06-23 08:03:49','2023-06-23 10:03:49'),('e296aa8088924eed2fd7199d0f9ef336322b542a594c940811692e1db655fd48fc0e53b7dacf2d3b',73,1,'mazraa','[]',0,'2022-11-01 07:24:23','2022-11-01 07:24:23','2023-11-01 09:24:23'),('e323ea6ce0c789996e91d0b39f61a3591f8040fd9510768e68a83e86040984348442a42df047c3e9',11,1,'mazraa','[]',0,'2022-06-23 08:06:59','2022-06-23 08:06:59','2023-06-23 10:06:59'),('e46d7989bccd9f96ab410f92536d38738f995688e274ade2cff5193a0da265212771c443886d7eda',81,1,'gold','[]',0,'2022-10-29 08:50:07','2022-10-29 08:50:07','2023-10-29 10:50:07'),('e4b6820dadd332def4afb6dab79dfe284adfb47f6e1843090e696a52a28ac33588d3e133782bc780',73,1,'mazraa','[]',0,'2022-11-01 18:45:22','2022-11-01 18:45:22','2023-11-01 20:45:22'),('e529d6207dc548be2d9826efc94c8fef42fc6d93b1d5479543d0f54a04ac5cb7baa3ef58974d7fc2',43,1,'mazraa','[]',0,'2022-06-23 09:31:32','2022-06-23 09:31:32','2023-06-23 11:31:32'),('e54ddfff1688ce8bce303c9b75b9527e800e798f1b28a442bf74bd1f2faf32dca8775db6e7bc8c26',11,1,'mazraa','[]',0,'2022-06-23 08:02:49','2022-06-23 08:02:49','2023-06-23 10:02:49'),('e5a986ce1561455b0df331d48c650fd61b1b100950679f7f838e894d68c944c196c0113cbbdde92e',87,1,'salwat','[]',0,'2025-05-22 09:38:06','2025-05-22 09:38:06','2026-05-22 09:38:06'),('e681093ff41aba08c04c36994f73e4381c074da2440cfdddcae28bd13a5cc805a018408d087c10af',9,1,'mazraa','[]',0,'2022-06-22 10:17:54','2022-06-22 10:17:54','2023-06-22 12:17:54'),('e6be750fa3896fdbb264773e389ed60eb8af1b5d31683d4d7ea18f93f20ceb55ff1ed4c089ec9b55',43,1,'mazraa','[]',0,'2022-06-23 09:50:56','2022-06-23 09:50:56','2023-06-23 11:50:56'),('e886fc503c555caa58d35bfe0f5927092f82104a7ffd9da9c8bb366402bcb056847f826ea8017a0a',44,1,'mazraa','[]',0,'2022-06-23 09:39:52','2022-06-23 09:39:52','2023-06-23 11:39:52'),('e9a0ad4ff61e8ef2e69d324865724ea8273f6a1416091d8ab4229422dd2aacb70cfee7962dc75e03',15,1,'mazraa','[]',0,'2022-06-23 08:14:41','2022-06-23 08:14:41','2023-06-23 10:14:41'),('eb9b51402c35738b51892d30a6d8f3b086553bc26f3023fe1d452ae8882985c1d33c267a4d2b30c0',59,1,'mazraa','[]',0,'2022-06-27 07:58:28','2022-06-27 07:58:28','2023-06-27 09:58:28'),('eba79678bf6013d904fc46cc18c50522d553733079abf52711ffb716fee7b463e8e1b99f3cdd237a',11,1,'mazraa','[]',0,'2022-06-23 08:07:45','2022-06-23 08:07:45','2023-06-23 10:07:45'),('ec7b2d8e3fc7cea65ed5c403d89e11fe1e9778866a10237625f7478eb1a713354fbb75528c941e14',73,1,'mazraa','[]',0,'2022-10-01 15:53:14','2022-10-01 15:53:14','2023-10-01 17:53:14'),('ece00d9f84a4543f6fec5555fda2a16a4a9e28af5a2918e5a4ff74dcce9c2c0bee419b4feaca1622',86,1,'mazraa','[]',0,'2025-03-09 11:54:20','2025-03-09 11:54:20','2026-03-09 11:54:20'),('f0f33ed03ac8b99e195c5dc8b014af222e6b03ea81dda424872808374c13fd139f87af3642877d10',9,1,'mazraa','[]',0,'2022-06-22 10:17:35','2022-06-22 10:17:35','2023-06-22 12:17:35'),('f13159781d519375c450b6ceb8f5d897bf3e904611fe6898618efa91863695737ebd51f83e4290bd',73,1,'mazraa','[]',0,'2022-09-29 05:44:59','2022-09-29 05:44:59','2023-09-29 07:44:59'),('f1609eaa7aa93a02fc58d503a391f09ecbd2a2f8af64997fbb9e1aeb9b8cbe27a9fbda38e00bcb8d',73,1,'mazraa','[]',0,'2022-11-17 08:05:07','2022-11-17 08:05:07','2023-11-17 10:05:07'),('f23884be8aa22475ade170b6f827ce05b645e91ff01ae5816ec59e42ad6f84cae172dcccd2df3658',73,1,'mazraa','[]',0,'2022-11-17 08:10:29','2022-11-17 08:10:29','2023-11-17 10:10:29'),('f314624aa545ff36b9f4aae9c2aa87978ce5e7861e2fc56ae49662d4bcb0f13514323eb978a8e64d',98,1,'salwat','[]',0,'2025-05-05 09:19:44','2025-05-05 09:19:44','2026-05-05 09:19:44'),('f3a9770633391bba58cd579c63333542eb7e7152b0bf4355e06e2e9d4cfa13176fb8cebd459c1c2c',104,1,'salwat','[]',0,'2025-05-05 14:21:10','2025-05-05 14:21:10','2026-05-05 14:21:10'),('f4349f1e54159c38c84c6aeac6a59eb429a001b07bbe3d8f493c0dfd97de10f29892ebad30fc3ae0',87,1,'salwat','[]',0,'2025-04-20 20:21:04','2025-04-20 20:21:04','2026-04-20 20:21:04'),('f61c3f4b2425707e03e623992647b69a8dbc2a1aa23c29e15f7c2eb72c50592979f558a8c5ef6933',81,1,'gold','[]',0,'2022-10-30 08:04:54','2022-10-30 08:04:54','2023-10-30 10:04:54'),('f6428351e9b7ecfb7653245e36f3205631a64d2b8a59768865c2d885cfe427e447d91a809a7e2a53',71,1,'mazraa','[]',0,'2022-07-06 11:15:24','2022-07-06 11:15:24','2023-07-06 13:15:24'),('f6836a6ba1026909923019dd6cf36e2c214f0e61a19f0644d6023d3dc6b585d4193b157ee4f7cfcd',9,1,'mazraa','[]',0,'2022-10-01 08:15:48','2022-10-01 08:15:48','2023-10-01 10:15:48'),('f78a37d8dbe9d97b86926d468a4e6c9a41a163b8f78406372e6445092a7c589fce30981086712728',66,1,'mazraa','[]',0,'2022-07-03 10:43:49','2022-07-03 10:43:49','2023-07-03 12:43:49'),('f8ec4c9b8bbfd78ede685e057605340d9153970263d7b7f00c9ee5144e787c4acf8a007e94be9fa1',19,1,'mazraa','[]',0,'2022-06-23 08:25:52','2022-06-23 08:25:52','2023-06-23 10:25:52'),('f99ca1c83a6d8c0600e49a8d93f6b2b86ce5ce4743e1c4a4725678d86309bb455045de563c232212',73,1,'mazraa','[]',0,'2022-09-28 11:38:53','2022-09-28 11:38:53','2023-09-28 13:38:53'),('fbfb3b219cb472a775c711b0a845809c84c118fe7896db058c34582fda377441a4b15a9b90fec674',73,1,'mazraa','[]',0,'2022-10-25 19:02:54','2022-10-25 19:02:54','2023-10-25 21:02:54'),('fcb2a51eeb54991cd82e76b57dd200b1ee37ec5c22d9c883da8137df34a51a01544b3b7bd08c7d36',27,1,'mazraa','[]',0,'2022-06-23 08:41:40','2022-06-23 08:41:40','2023-06-23 10:41:40'),('ff3a2dac6d7d57efc124c4300bfbb0abcb93a429e822535531b0aef4e3ea4cab0d9941f220db4b60',71,1,'mazraa','[]',0,'2022-07-06 11:18:53','2022-07-06 11:18:53','2023-07-06 13:18:53'),('fff47bc64a4c08865be4963f84bb7c6d4e835056f7b98e5d6673fb511f4b2526e0822a26723c5edc',73,1,'mazraa','[]',0,'2022-10-01 17:10:06','2022-10-01 17:10:06','2023-10-01 19:10:06');

--
-- Table structure for table `oauth_auth_codes`
--

CREATE TABLE `oauth_auth_codes` (
  `id` varchar(100) CHARACTER SET utf8mb4 COLLATE utf8mb4_unicode_ci NOT NULL,
  `user_id` bigint unsigned NOT NULL,
  `client_id` bigint unsigned NOT NULL,
  `scopes` text CHARACTER SET utf8mb4 COLLATE utf8mb4_unicode_ci,
  `revoked` tinyint(1) NOT NULL,
  `expires_at` datetime DEFAULT NULL,
  PRIMARY KEY (`id`),
  KEY `oauth_auth_codes_user_id_index` (`user_id`)
) ENGINE=InnoDB DEFAULT CHARSET=utf8mb4 COLLATE=utf8mb4_unicode_ci;

--
-- Dumping data for table `oauth_auth_codes`
--


--
-- Table structure for table `oauth_clients`
--

CREATE TABLE `oauth_clients` (
  `id` bigint unsigned NOT NULL AUTO_INCREMENT,
  `user_id` bigint unsigned DEFAULT NULL,
  `name` varchar(255) CHARACTER SET utf8mb4 COLLATE utf8mb4_unicode_ci NOT NULL,
  `secret` varchar(100) CHARACTER SET utf8mb4 COLLATE utf8mb4_unicode_ci DEFAULT NULL,
  `provider` varchar(255) CHARACTER SET utf8mb4 COLLATE utf8mb4_unicode_ci DEFAULT NULL,
  `redirect` text CHARACTER SET utf8mb4 COLLATE utf8mb4_unicode_ci NOT NULL,
  `personal_access_client` tinyint(1) NOT NULL,
  `password_client` tinyint(1) NOT NULL,
  `revoked` tinyint(1) NOT NULL,
  `created_at` timestamp NULL DEFAULT NULL,
  `updated_at` timestamp NULL DEFAULT NULL,
  PRIMARY KEY (`id`),
  KEY `oauth_clients_user_id_index` (`user_id`)
) ENGINE=InnoDB AUTO_INCREMENT=3 DEFAULT CHARSET=utf8mb4 COLLATE=utf8mb4_unicode_ci;

--
-- Dumping data for table `oauth_clients`
--

INSERT INTO `oauth_clients` (`id`, `user_id`, `name`, `secret`, `provider`, `redirect`, `personal_access_client`, `password_client`, `revoked`, `created_at`, `updated_at`) VALUES (1,NULL,'Laravel Personal Access Client','M5hKJeOymQ5ybOqGLb1ZHeZwAvggkkcZi4jSuwrX',NULL,'http://localhost',1,0,0,'2022-06-22 10:12:48','2022-06-22 10:12:48'),(2,NULL,'Laravel Password Grant Client','oiElx9TLRlbGMJYB07DzGeD7GcN1SQMxbg24HbDa','users','http://localhost',0,1,0,'2022-06-22 10:12:48','2022-06-22 10:12:48');

--
-- Table structure for table `oauth_personal_access_clients`
--

CREATE TABLE `oauth_personal_access_clients` (
  `id` bigint unsigned NOT NULL AUTO_INCREMENT,
  `client_id` bigint unsigned NOT NULL,
  `created_at` timestamp NULL DEFAULT NULL,
  `updated_at` timestamp NULL DEFAULT NULL,
  PRIMARY KEY (`id`)
) ENGINE=InnoDB AUTO_INCREMENT=2 DEFAULT CHARSET=utf8mb4 COLLATE=utf8mb4_unicode_ci;

--
-- Dumping data for table `oauth_personal_access_clients`
--

INSERT INTO `oauth_personal_access_clients` (`id`, `client_id`, `created_at`, `updated_at`) VALUES (1,1,'2022-06-22 10:12:48','2022-06-22 10:12:48');

--
-- Table structure for table `oauth_refresh_tokens`
--

CREATE TABLE `oauth_refresh_tokens` (
  `id` varchar(100) CHARACTER SET utf8mb4 COLLATE utf8mb4_unicode_ci NOT NULL,
  `access_token_id` varchar(100) CHARACTER SET utf8mb4 COLLATE utf8mb4_unicode_ci NOT NULL,
  `revoked` tinyint(1) NOT NULL,
  `expires_at` datetime DEFAULT NULL,
  PRIMARY KEY (`id`),
  KEY `oauth_refresh_tokens_access_token_id_index` (`access_token_id`)
) ENGINE=InnoDB DEFAULT CHARSET=utf8mb4 COLLATE=utf8mb4_unicode_ci;

--
-- Dumping data for table `oauth_refresh_tokens`
--


--
-- Table structure for table `order_comments`
--

CREATE TABLE `order_comments` (
  `id` int unsigned NOT NULL AUTO_INCREMENT,
  `order_id` int unsigned NOT NULL,
  `rate` int NOT NULL DEFAULT '1',
  `comment` text CHARACTER SET utf8mb4 COLLATE utf8mb4_unicode_ci NOT NULL,
  `created_at` timestamp NULL DEFAULT NULL,
  `updated_at` timestamp NULL DEFAULT NULL,
  PRIMARY KEY (`id`),
  KEY `order_comments_order_id_foreign` (`order_id`),
  CONSTRAINT `order_comments_order_id_foreign` FOREIGN KEY (`order_id`) REFERENCES `orders` (`id`) ON DELETE CASCADE
) ENGINE=InnoDB DEFAULT CHARSET=utf8mb4 COLLATE=utf8mb4_unicode_ci;

--
-- Dumping data for table `order_comments`
--


--
-- Table structure for table `order_coupons`
--

CREATE TABLE `order_coupons` (
  `id` int unsigned NOT NULL AUTO_INCREMENT,
  `order_id` int unsigned NOT NULL,
  `price` double NOT NULL,
  `discountprice` double NOT NULL,
  `code` varchar(255) CHARACTER SET utf8mb4 COLLATE utf8mb4_unicode_ci NOT NULL,
  `value` varchar(255) CHARACTER SET utf8mb4 COLLATE utf8mb4_unicode_ci NOT NULL,
  `ids` varchar(255) CHARACTER SET utf8mb4 COLLATE utf8mb4_unicode_ci NOT NULL,
  `type` varchar(255) CHARACTER SET utf8mb4 COLLATE utf8mb4_unicode_ci NOT NULL,
  `coupons_id` int unsigned NOT NULL,
  `created_at` timestamp NULL DEFAULT NULL,
  `updated_at` timestamp NULL DEFAULT NULL,
  PRIMARY KEY (`id`),
  KEY `order_coupons_order_id_foreign` (`order_id`),
  KEY `order_coupons_coupons_id_foreign` (`coupons_id`),
  CONSTRAINT `order_coupons_coupons_id_foreign` FOREIGN KEY (`coupons_id`) REFERENCES `coupons` (`id`) ON DELETE CASCADE,
  CONSTRAINT `order_coupons_order_id_foreign` FOREIGN KEY (`order_id`) REFERENCES `orders` (`id`) ON DELETE CASCADE
) ENGINE=InnoDB AUTO_INCREMENT=3 DEFAULT CHARSET=utf8mb4 COLLATE=utf8mb4_unicode_ci;

--
-- Dumping data for table `order_coupons`
--

INSERT INTO `order_coupons` (`id`, `order_id`, `price`, `discountprice`, `code`, `value`, `ids`, `type`, `coupons_id`, `created_at`, `updated_at`) VALUES (2,1,22,19.36,'sasa','12','1','total',4,'2025-03-23 10:20:33','2025-03-23 10:20:33');

--
-- Table structure for table `order_options`
--

CREATE TABLE `order_options` (
  `id` int unsigned NOT NULL AUTO_INCREMENT,
  `order_id` int unsigned DEFAULT NULL,
  `product_order_id` int unsigned DEFAULT NULL,
  `Logo` varchar(255) CHARACTER SET utf8mb4 COLLATE utf8mb4_unicode_ci DEFAULT NULL,
  `Logo_frontName` varchar(255) CHARACTER SET utf8mb4 COLLATE utf8mb4_unicode_ci DEFAULT NULL,
  `Logo_backName` varchar(255) CHARACTER SET utf8mb4 COLLATE utf8mb4_unicode_ci DEFAULT NULL,
  `font_image` varchar(255) CHARACTER SET utf8mb4 COLLATE utf8mb4_unicode_ci DEFAULT NULL,
  `font_image_frontName` varchar(255) CHARACTER SET utf8mb4 COLLATE utf8mb4_unicode_ci DEFAULT NULL,
  `font_image_backName` varchar(255) CHARACTER SET utf8mb4 COLLATE utf8mb4_unicode_ci DEFAULT NULL,
  `created_at` timestamp NULL DEFAULT NULL,
  `updated_at` timestamp NULL DEFAULT NULL,
  `Logo_second` varchar(191) CHARACTER SET utf8mb4 COLLATE utf8mb4_unicode_ci DEFAULT NULL,
  `Logo_frontName_second` varchar(191) CHARACTER SET utf8mb4 COLLATE utf8mb4_unicode_ci DEFAULT NULL,
  `Logo_backName_second` varchar(191) CHARACTER SET utf8mb4 COLLATE utf8mb4_unicode_ci DEFAULT NULL,
  `font_image_second` varchar(191) CHARACTER SET utf8mb4 COLLATE utf8mb4_unicode_ci DEFAULT NULL,
  `font_image_frontName_second` varchar(191) CHARACTER SET utf8mb4 COLLATE utf8mb4_unicode_ci DEFAULT NULL,
  `font_image_backName_second` varchar(191) CHARACTER SET utf8mb4 COLLATE utf8mb4_unicode_ci DEFAULT NULL,
  PRIMARY KEY (`id`),
  KEY `order_options_order_id_foreign` (`order_id`),
  KEY `order_options_product_order_id_foreign` (`product_order_id`),
  CONSTRAINT `order_options_order_id_foreign` FOREIGN KEY (`order_id`) REFERENCES `orders` (`id`) ON DELETE CASCADE,
  CONSTRAINT `order_options_product_order_id_foreign` FOREIGN KEY (`product_order_id`) REFERENCES `product_orders` (`id`) ON DELETE CASCADE
) ENGINE=InnoDB DEFAULT CHARSET=utf8mb4 COLLATE=utf8mb4_unicode_ci;

--
-- Dumping data for table `order_options`
--


--
-- Table structure for table `order_product_features`
--

CREATE TABLE `order_product_features` (
  `id` bigint unsigned NOT NULL AUTO_INCREMENT,
  `order_product_id` int unsigned NOT NULL,
  `feature_id` int unsigned NOT NULL,
  `option_id` int unsigned NOT NULL,
  `product_id` int unsigned DEFAULT NULL,
  `title` varchar(255) CHARACTER SET utf8mb4 COLLATE utf8mb4_unicode_ci NOT NULL,
  `price` double(8,2) DEFAULT NULL,
  `count` int DEFAULT NULL,
  `created_at` timestamp NULL DEFAULT NULL,
  `updated_at` timestamp NULL DEFAULT NULL,
  PRIMARY KEY (`id`),
  KEY `order_product_features_order_product_id_foreign` (`order_product_id`),
  KEY `order_product_features_feature_id_foreign` (`feature_id`),
  KEY `order_product_features_option_id_foreign` (`option_id`),
  KEY `order_product_features_product_id_foreign` (`product_id`),
  CONSTRAINT `order_product_features_feature_id_foreign` FOREIGN KEY (`feature_id`) REFERENCES `features` (`id`) ON DELETE CASCADE,
  CONSTRAINT `order_product_features_option_id_foreign` FOREIGN KEY (`option_id`) REFERENCES `feature_options` (`id`) ON DELETE CASCADE,
  CONSTRAINT `order_product_features_order_product_id_foreign` FOREIGN KEY (`order_product_id`) REFERENCES `product_orders` (`id`) ON DELETE CASCADE,
  CONSTRAINT `order_product_features_product_id_foreign` FOREIGN KEY (`product_id`) REFERENCES `products` (`id`) ON DELETE CASCADE
) ENGINE=InnoDB DEFAULT CHARSET=utf8mb4 COLLATE=utf8mb4_unicode_ci;

--
-- Dumping data for table `order_product_features`
--


--
-- Table structure for table `order_shippings`
--

CREATE TABLE `order_shippings` (
  `id` int unsigned NOT NULL AUTO_INCREMENT,
  `order_id` int unsigned NOT NULL,
  `country_id` int DEFAULT NULL,
  `government_id` int unsigned DEFAULT NULL,
  `region_id` int unsigned DEFAULT NULL,
  `block` varchar(255) CHARACTER SET utf8mb4 COLLATE utf8mb4_unicode_ci DEFAULT NULL,
  `gada` varchar(255) CHARACTER SET utf8mb4 COLLATE utf8mb4_unicode_ci DEFAULT NULL,
  `jada` varchar(255) CHARACTER SET utf8mb4 COLLATE utf8mb4_unicode_ci DEFAULT NULL,
  `building` varchar(255) CHARACTER SET utf8mb4 COLLATE utf8mb4_unicode_ci DEFAULT NULL,
  `floor` varchar(255) CHARACTER SET utf8mb4 COLLATE utf8mb4_unicode_ci DEFAULT NULL,
  `room_number` varchar(255) CHARACTER SET utf8mb4 COLLATE utf8mb4_unicode_ci DEFAULT NULL,
  `created_at` timestamp NULL DEFAULT NULL,
  `updated_at` timestamp NULL DEFAULT NULL,
  `lat` varchar(191) CHARACTER SET utf8mb4 COLLATE utf8mb4_unicode_ci DEFAULT NULL,
  `long` varchar(191) CHARACTER SET utf8mb4 COLLATE utf8mb4_unicode_ci DEFAULT NULL,
  `phone` varchar(191) CHARACTER SET utf8mb4 COLLATE utf8mb4_unicode_ci DEFAULT NULL,
  `secondphone` varchar(191) CHARACTER SET utf8mb4 COLLATE utf8mb4_unicode_ci DEFAULT NULL,
  `civil_id` varchar(191) CHARACTER SET utf8mb4 COLLATE utf8mb4_unicode_ci DEFAULT NULL,
  `email` varchar(111) CHARACTER SET utf8mb4 COLLATE utf8mb4_unicode_ci DEFAULT NULL,
  `name` varchar(191) CHARACTER SET utf8mb4 COLLATE utf8mb4_unicode_ci DEFAULT NULL,
  `address` varchar(191) CHARACTER SET utf8mb4 COLLATE utf8mb4_unicode_ci DEFAULT NULL,
  PRIMARY KEY (`id`),
  KEY `order_shippings_order_id_foreign` (`order_id`),
  KEY `order_shippings_government_id_foreign` (`government_id`),
  KEY `order_shippings_region_id_foreign` (`region_id`),
  CONSTRAINT `order_shippings_order_id_foreign` FOREIGN KEY (`order_id`) REFERENCES `orders` (`id`) ON DELETE CASCADE
) ENGINE=InnoDB AUTO_INCREMENT=32 DEFAULT CHARSET=utf8mb4 COLLATE=utf8mb4_unicode_ci;

--
-- Dumping data for table `order_shippings`
--

INSERT INTO `order_shippings` (`id`, `order_id`, `country_id`, `government_id`, `region_id`, `block`, `gada`, `jada`, `building`, `floor`, `room_number`, `created_at`, `updated_at`, `lat`, `long`, `phone`, `secondphone`, `civil_id`, `email`, `name`, `address`) VALUES (1,1,NULL,8,19,'2','5',NULL,'1','4',NULL,NULL,NULL,NULL,NULL,'55022830','55022831',NULL,'samer@gmail.com','samer','asdasdsa'),(2,2,NULL,8,19,'2','5',NULL,'1','4',NULL,NULL,NULL,NULL,NULL,'55022830','55022831',NULL,'samer@gmail.com','samer','asdasdsa'),(3,2,NULL,8,19,'2','5',NULL,'1','4',NULL,NULL,NULL,NULL,NULL,'55022830','55022831',NULL,'samer@gmail.com','samer','asdasdsa'),(4,2,NULL,8,19,'2','5',NULL,'1','4',NULL,NULL,NULL,NULL,NULL,'55022830','55022831',NULL,'samer@gmail.com','samer','asdasdsa'),(5,4,NULL,11,114,'4','4',NULL,NULL,NULL,NULL,NULL,NULL,NULL,NULL,'+9658888888888888888',NULL,NULL,NULL,'fffffffffff',NULL),(6,5,NULL,11,114,'4','4',NULL,NULL,NULL,NULL,NULL,NULL,NULL,NULL,'+9658888888888888888',NULL,NULL,NULL,'fffffffffff',NULL),(7,6,NULL,11,114,'4','4',NULL,NULL,NULL,NULL,NULL,NULL,NULL,NULL,'+9658888888888888888',NULL,NULL,NULL,'fffffffffff',NULL),(8,7,NULL,11,114,'4','4',NULL,NULL,NULL,NULL,NULL,NULL,NULL,NULL,'+9658888888888888888',NULL,NULL,NULL,'fffffffffff',NULL),(9,9,NULL,11,114,'4','4',NULL,NULL,NULL,NULL,NULL,NULL,NULL,NULL,'+9658888888888888888',NULL,NULL,NULL,'fffffffffff',NULL),(10,10,NULL,9,61,'wqereq','wqereqw',NULL,'eqwr','qwerq',NULL,NULL,NULL,NULL,NULL,'wqerq',NULL,NULL,NULL,'weqrweq',NULL),(11,11,NULL,9,61,'wqereq','wqereqw',NULL,'eqwr','qwerq',NULL,NULL,NULL,NULL,NULL,'wqerq',NULL,NULL,NULL,'weqrweq',NULL),(12,12,NULL,9,61,'wqereq','wqereqw',NULL,'eqwr','qwerq',NULL,NULL,NULL,NULL,NULL,'wqerq',NULL,NULL,NULL,'weqrweq',NULL),(13,13,NULL,9,61,'wqereq','wqereqw',NULL,'eqwr','qwerq',NULL,NULL,NULL,NULL,NULL,'wqerq',NULL,NULL,NULL,'weqrweq',NULL),(14,14,NULL,9,61,'wqereq','wqereqw',NULL,'eqwr','qwerq',NULL,NULL,NULL,NULL,NULL,'wqerq',NULL,NULL,NULL,'weqrweq',NULL),(15,15,NULL,9,61,'wqereq','wqereqw',NULL,'eqwr','qwerq',NULL,NULL,NULL,NULL,NULL,'wqerq',NULL,NULL,NULL,'weqrweq',NULL),(16,16,NULL,9,61,'wqereq','wqereqw',NULL,'eqwr','qwerq',NULL,NULL,NULL,NULL,NULL,'wqerq',NULL,NULL,NULL,'weqrweq',NULL),(17,17,NULL,9,61,'wqereq','wqereqw',NULL,'eqwr','qwerq',NULL,NULL,NULL,NULL,NULL,'wqerq',NULL,NULL,NULL,'weqrweq',NULL),(18,18,NULL,9,61,'wqereq','wqereqw',NULL,'eqwr','qwerq',NULL,NULL,NULL,NULL,NULL,'wqerq',NULL,NULL,NULL,'weqrweq',NULL),(19,21,NULL,9,57,'4564654','654',NULL,'675','654',NULL,NULL,NULL,NULL,NULL,'675765765',NULL,NULL,NULL,'anwer',NULL),(20,22,NULL,9,59,'tyryur','ytr',NULL,'ytr','yt',NULL,NULL,NULL,NULL,NULL,'24354325',NULL,NULL,NULL,'ggg',NULL),(21,23,NULL,9,59,'tyryur','ytr',NULL,'ytr','yt',NULL,NULL,NULL,NULL,NULL,'24354325',NULL,NULL,NULL,'ggg',NULL),(22,27,NULL,9,59,'tyryur','ytr',NULL,'ytr','yt',NULL,NULL,NULL,NULL,NULL,'24354325',NULL,NULL,NULL,'ggg',NULL),(23,37,NULL,9,61,'3','3',NULL,'4','4',NULL,NULL,NULL,NULL,NULL,'dfsgdfs',NULL,NULL,NULL,'fwgfdsg',NULL),(24,38,NULL,9,62,'43252','3425',NULL,'435','3425',NULL,NULL,NULL,NULL,NULL,'32453425',NULL,NULL,NULL,'wertwert',NULL),(25,42,NULL,9,61,'3','3',NULL,'3','3',NULL,NULL,NULL,NULL,NULL,'78876876',NULL,NULL,NULL,'anwer',NULL),(26,43,NULL,9,61,'3','3',NULL,'3','3',NULL,NULL,NULL,NULL,NULL,'78876876',NULL,NULL,NULL,'anwer',NULL),(27,46,NULL,9,62,'3453453','453',NULL,'345','453',NULL,NULL,NULL,NULL,NULL,'34563456534',NULL,NULL,NULL,'sfdgdsgsd',NULL),(28,49,NULL,9,62,'76876','876',NULL,'786','786',NULL,NULL,NULL,NULL,NULL,'67782374',NULL,NULL,NULL,'anwer',NULL),(29,50,NULL,9,62,'76876','876',NULL,'786','786',NULL,NULL,NULL,NULL,NULL,'67782374',NULL,NULL,NULL,'anwer',NULL),(30,53,NULL,9,62,'76876','876',NULL,'786','786',NULL,NULL,NULL,NULL,NULL,'67782374',NULL,NULL,NULL,'anwer',NULL),(31,54,NULL,9,62,'3453453','453',NULL,'345','453',NULL,NULL,NULL,NULL,NULL,'34563456534',NULL,NULL,NULL,'sfdgdsgsd',NULL);

--
-- Table structure for table `orders`
--

CREATE TABLE `orders` (
  `id` int unsigned NOT NULL AUTO_INCREMENT,
  `order_number` varchar(255) CHARACTER SET utf8mb4 COLLATE utf8mb4_unicode_ci NOT NULL,
  `total_price` varchar(191) CHARACTER SET utf8mb4 COLLATE utf8mb4_unicode_ci DEFAULT NULL,
  `user_id` int unsigned DEFAULT NULL,
  `incart` tinyint(1) NOT NULL DEFAULT '1',
  `mac_address` varchar(255) CHARACTER SET utf8mb4 COLLATE utf8mb4_unicode_ci DEFAULT NULL,
  `price_ship` double(8,2) DEFAULT NULL,
  `shipping_Type` varchar(255) CHARACTER SET utf8mb4 COLLATE utf8mb4_unicode_ci DEFAULT NULL,
  `delivery_time` varchar(255) CHARACTER SET utf8mb4 COLLATE utf8mb4_unicode_ci DEFAULT NULL,
  `order_done_date` varchar(255) CHARACTER SET utf8mb4 COLLATE utf8mb4_unicode_ci DEFAULT NULL,
  `status` enum('wait','refused','accepted','shipped','complete') CHARACTER SET utf8mb4 COLLATE utf8mb4_unicode_ci NOT NULL,
  `payment_method` int unsigned DEFAULT NULL,
  `payment_status` enum('paid','unPaid') CHARACTER SET utf8mb4 COLLATE utf8mb4_unicode_ci NOT NULL,
  `deleted_at` timestamp NULL DEFAULT NULL,
  `created_at` timestamp NULL DEFAULT NULL,
  `updated_at` timestamp NULL DEFAULT NULL,
  `delivery_date_time` varchar(255) CHARACTER SET utf8mb4 COLLATE utf8mb4_unicode_ci DEFAULT NULL,
  `payment_id` int DEFAULT NULL,
  `nameOfCart` varchar(191) CHARACTER SET utf8mb4 COLLATE utf8mb4_unicode_ci DEFAULT NULL,
  `country_code` varchar(191) CHARACTER SET utf8mb4 COLLATE utf8mb4_unicode_ci DEFAULT NULL,
  `country_id` int DEFAULT NULL,
  PRIMARY KEY (`id`),
  KEY `orders_user_id_foreign` (`user_id`),
  KEY `orders_payment_method_foreign` (`payment_method`),
  CONSTRAINT `orders_payment_method_foreign` FOREIGN KEY (`payment_method`) REFERENCES `payment_methods` (`id`) ON DELETE CASCADE,
  CONSTRAINT `orders_user_id_foreign` FOREIGN KEY (`user_id`) REFERENCES `users` (`id`) ON DELETE CASCADE
) ENGINE=InnoDB AUTO_INCREMENT=55 DEFAULT CHARSET=utf8mb4 COLLATE=utf8mb4_unicode_ci;

--
-- Dumping data for table `orders`
--

INSERT INTO `orders` (`id`, `order_number`, `total_price`, `user_id`, `incart`, `mac_address`, `price_ship`, `shipping_Type`, `delivery_time`, `order_done_date`, `status`, `payment_method`, `payment_status`, `deleted_at`, `created_at`, `updated_at`, `delivery_date_time`, `payment_id`, `nameOfCart`, `country_code`, `country_id`) VALUES (1,'12195','2',NULL,0,'00000',1.00,NULL,NULL,'2025-03-23 10:26:05','wait',1,'paid',NULL,'2025-03-23 10:10:36','2025-03-23 10:26:05',NULL,NULL,NULL,'KWD',1),(2,'27187','2',NULL,0,'00000',1.00,NULL,NULL,'2025-03-23 11:01:18','wait',1,'paid',NULL,'2025-03-23 10:59:13','2025-03-23 11:01:18',NULL,NULL,NULL,'KWD',1),(3,'24689',NULL,NULL,1,'00000',NULL,'1',NULL,NULL,'wait',NULL,'paid','2025-04-14 08:17:42','2025-04-13 11:51:27','2025-04-14 08:17:42',NULL,NULL,NULL,'KWD',1),(4,'778','22.000',NULL,0,'00000',0.00,'1',NULL,'2025-04-14 13:19:09','wait',1,'paid',NULL,'2025-04-14 08:20:04','2025-04-14 13:19:09',NULL,NULL,NULL,'KWD',1),(5,'83876','11.000',NULL,0,'00000',0.00,'1',NULL,'2025-04-14 13:24:31','wait',1,'paid',NULL,'2025-04-14 13:24:05','2025-04-14 13:24:31',NULL,NULL,NULL,'KWD',1),(6,'77963','11.000',NULL,0,'00000',0.00,'1',NULL,'2025-04-14 13:25:23','wait',1,'paid',NULL,'2025-04-14 13:25:02','2025-04-14 13:25:23',NULL,NULL,NULL,'KWD',1),(7,'23075','11.000',NULL,0,'00000',0.00,'1',NULL,'2025-04-14 13:28:08','wait',1,'paid',NULL,'2025-04-14 13:27:49','2025-04-14 13:28:08',NULL,NULL,NULL,'KWD',1),(8,'17359',NULL,NULL,1,'00000',NULL,'1',NULL,NULL,'wait',NULL,'paid','2025-04-16 08:34:50','2025-04-16 08:32:10','2025-04-16 08:34:50',NULL,NULL,NULL,'KWD',1),(9,'74485','11.000',NULL,0,'00000',0.00,'1',NULL,'2025-04-16 08:36:59','wait',1,'paid',NULL,'2025-04-16 08:36:11','2025-04-16 08:36:59',NULL,NULL,NULL,'KWD',1),(10,'68112','22.000',NULL,0,'00000',0.00,NULL,NULL,'2025-04-17 07:04:26','wait',1,'paid',NULL,'2025-04-16 08:37:30','2025-04-17 07:04:26',NULL,NULL,NULL,'KWD',1),(11,'83829','2',NULL,0,'00000',1.00,NULL,NULL,'2025-04-17 07:09:21','wait',1,'paid',NULL,'2025-04-17 07:08:12','2025-04-17 07:09:21',NULL,NULL,NULL,'KWD',1),(12,'51518','11.000',NULL,0,'00000',0.00,NULL,NULL,'2025-04-17 07:10:27','wait',1,'paid',NULL,'2025-04-17 07:10:01','2025-04-17 07:10:27',NULL,NULL,NULL,'KWD',1),(13,'92050','2',NULL,0,'00000',1.00,NULL,NULL,'2025-04-17 07:20:35','wait',1,'paid',NULL,'2025-04-17 07:20:15','2025-04-17 07:20:35',NULL,NULL,NULL,'KWD',1),(14,'68042','11.000',NULL,0,'00000',0.00,NULL,NULL,'2025-04-17 07:25:12','wait',1,'paid',NULL,'2025-04-17 07:23:14','2025-04-17 07:25:12',NULL,NULL,NULL,'KWD',1),(15,'45125','11.000',NULL,0,'00000',0.00,NULL,NULL,'2025-04-17 07:27:05','wait',1,'paid',NULL,'2025-04-17 07:26:49','2025-04-17 07:27:05',NULL,NULL,NULL,'KWD',1),(16,'1253','11.000',NULL,0,'00000',0.00,NULL,NULL,'2025-04-17 07:29:40','wait',1,'paid',NULL,'2025-04-17 07:29:23','2025-04-17 07:29:40',NULL,NULL,NULL,'KWD',1),(17,'6517','11.000',NULL,0,'00000',0.00,NULL,NULL,'2025-04-17 07:41:14','wait',1,'paid',NULL,'2025-04-17 07:40:51','2025-04-17 07:41:14',NULL,NULL,NULL,'KWD',1),(18,'2286','11.000',NULL,0,'00000',0.00,NULL,NULL,'2025-04-17 08:08:02','wait',1,'paid',NULL,'2025-04-17 07:47:58','2025-04-17 08:08:02',NULL,NULL,NULL,'KWD',1),(19,'10314',NULL,NULL,1,'00000',NULL,'1',NULL,NULL,'wait',NULL,'paid','2025-04-24 22:01:30','2025-04-24 21:56:59','2025-04-24 22:01:30',NULL,NULL,NULL,'KWD',1),(20,'25258',NULL,NULL,1,'00000',NULL,'1',NULL,NULL,'wait',NULL,'paid','2025-04-24 22:06:49','2025-04-24 22:06:14','2025-04-24 22:06:49',NULL,NULL,NULL,'KWD',1),(21,'1799','66.000',NULL,0,'00000',0.00,NULL,NULL,'2025-04-24 22:11:32','wait',1,'paid',NULL,'2025-04-24 22:07:15','2025-04-24 22:11:32',NULL,NULL,NULL,'KWD',1),(22,'55799','66.000',104,0,'00000',0.00,NULL,NULL,'2025-04-24 22:18:38','wait',1,'paid',NULL,'2025-04-24 22:12:05','2025-04-24 22:18:38',NULL,NULL,NULL,'KWD',1),(23,'89456','33.000',104,0,'00000',0.00,NULL,NULL,'2025-04-25 21:07:26','wait',1,'paid',NULL,'2025-04-24 22:24:42','2025-04-25 21:07:26',NULL,NULL,NULL,'KWD',1),(24,'82998',NULL,NULL,1,'00000',NULL,'1',NULL,NULL,'wait',NULL,'paid','2025-04-25 21:10:38','2025-04-25 21:08:00','2025-04-25 21:10:38',NULL,NULL,NULL,'KWD',1),(25,'94901',NULL,NULL,1,'00000',NULL,'1',NULL,NULL,'wait',NULL,'paid','2025-04-25 21:14:49','2025-04-25 21:10:56','2025-04-25 21:14:49',NULL,NULL,NULL,'KWD',1),(26,'15447',NULL,NULL,1,'00000',NULL,'1',NULL,NULL,'wait',NULL,'paid','2025-04-25 21:15:27','2025-04-25 21:15:02','2025-04-25 21:15:27',NULL,NULL,NULL,'KWD',1),(27,'16044','55.000',104,0,'00000',0.00,NULL,NULL,'2025-04-25 21:18:47','wait',1,'paid',NULL,'2025-04-25 21:15:40','2025-04-25 21:18:47',NULL,NULL,NULL,'KWD',1),(28,'93300',NULL,NULL,1,'00000',NULL,'1',NULL,NULL,'wait',NULL,'paid','2025-04-25 21:19:55','2025-04-25 21:19:42','2025-04-25 21:19:55',NULL,NULL,NULL,'KWD',1),(29,'3128',NULL,NULL,1,'00000',NULL,'1',NULL,NULL,'wait',NULL,'paid','2025-04-26 08:20:00','2025-04-25 21:20:04','2025-04-26 08:20:00',NULL,NULL,NULL,'KWD',1),(30,'29612',NULL,NULL,1,'00000',NULL,'1',NULL,NULL,'wait',NULL,'paid','2025-04-26 19:57:05','2025-04-26 08:54:18','2025-04-26 19:57:05',NULL,NULL,NULL,'KWD',1),(31,'12964',NULL,NULL,1,'00000',1.00,'1',NULL,NULL,'wait',NULL,'paid','2025-05-04 08:12:56','2025-04-26 19:57:17','2025-05-04 08:12:56',NULL,NULL,NULL,'KWD',1),(32,'45710',NULL,NULL,1,'00000',NULL,'1',NULL,NULL,'wait',NULL,'paid','2025-05-04 08:20:19','2025-05-04 08:13:09','2025-05-04 08:20:19',NULL,NULL,NULL,'KWD',1),(33,'81520',NULL,NULL,1,'00000',NULL,'1',NULL,NULL,'wait',NULL,'paid','2025-05-04 08:25:20','2025-05-04 08:21:13','2025-05-04 08:25:20',NULL,NULL,NULL,'KWD',1),(34,'882',NULL,NULL,1,'00000',NULL,'1',NULL,NULL,'wait',NULL,'paid','2025-05-04 08:26:34','2025-05-04 08:25:35','2025-05-04 08:26:34',NULL,NULL,NULL,'KWD',1),(35,'79168',NULL,NULL,1,'00000',NULL,'1',NULL,NULL,'wait',NULL,'paid','2025-05-04 08:31:37','2025-05-04 08:26:45','2025-05-04 08:31:37',NULL,NULL,NULL,'KWD',1),(36,'1122',NULL,NULL,1,'00000',NULL,'1',NULL,NULL,'wait',NULL,'paid','2025-05-04 08:34:27','2025-05-04 08:33:57','2025-05-04 08:34:27',NULL,NULL,NULL,'KWD',1),(37,'73255','44.000',104,0,'00000',0.00,NULL,NULL,'2025-05-04 11:16:29','wait',1,'paid',NULL,'2025-05-04 08:34:40','2025-05-04 11:16:29',NULL,NULL,NULL,'KWD',1),(38,'47494','44.000',104,0,'00000',0.00,NULL,NULL,'2025-05-05 13:08:41','wait',1,'paid',NULL,'2025-05-04 15:02:51','2025-05-05 13:08:41',NULL,NULL,NULL,'KWD',1),(39,'82070',NULL,NULL,1,'00000',1.00,'1',NULL,NULL,'wait',NULL,'paid',NULL,'2025-05-05 13:28:50','2025-05-05 14:08:52',NULL,NULL,NULL,'KWD',1),(40,'50700',NULL,NULL,1,'99682c6d035d0a56',NULL,'1',NULL,NULL,'wait',NULL,'paid','2025-05-05 14:04:57','2025-05-05 13:55:35','2025-05-05 14:04:57',NULL,NULL,NULL,'OMR',7),(41,'49041',NULL,NULL,1,'99682c6d035d0a56',NULL,'1',NULL,NULL,'wait',NULL,'paid','2025-05-05 14:06:59','2025-05-05 14:06:49','2025-05-05 14:06:59',NULL,NULL,NULL,'OMR',7),(42,'56887','68.100',104,0,'99682c6d035d0a56',0.00,NULL,NULL,'2025-05-05 14:18:16','wait',1,'paid',NULL,'2025-05-05 14:07:33','2025-05-05 14:18:16',NULL,NULL,NULL,'OMR',7),(43,'41408','121.000',104,0,'99682c6d035d0a56',0.00,NULL,NULL,'2025-05-05 14:21:27','complete',1,'paid',NULL,'2025-05-05 14:20:43','2025-05-08 16:46:53',NULL,NULL,NULL,'KWD',1),(44,'72996',NULL,NULL,1,'e2e1ad9edf270a1d',NULL,'1',NULL,NULL,'wait',NULL,'paid','2025-05-08 22:59:55','2025-05-08 21:16:20','2025-05-08 22:59:55',NULL,NULL,NULL,'SAR',2),(45,'30068',NULL,NULL,1,'e2e1ad9edf270a1d',NULL,'1',NULL,NULL,'wait',NULL,'paid','2025-05-10 07:54:32','2025-05-08 23:02:04','2025-05-10 07:54:32',NULL,NULL,NULL,'SAR',2),(46,'74610','11.000',104,0,'e2e1ad9edf270a1d',0.00,NULL,NULL,'2025-05-10 08:33:15','wait',1,'paid',NULL,'2025-05-10 08:31:17','2025-05-10 08:33:15',NULL,NULL,NULL,'KWD',1),(47,'61974',NULL,NULL,1,'99682c6d035d0a56',NULL,'1',NULL,NULL,'wait',NULL,'paid','2025-05-10 08:47:51','2025-05-10 08:46:27','2025-05-10 08:47:51',NULL,NULL,NULL,'KWD',1),(48,'44637',NULL,NULL,1,'99682c6d035d0a56',NULL,'1',NULL,NULL,'wait',NULL,'paid','2025-05-10 08:50:46','2025-05-10 08:48:19','2025-05-10 08:50:46',NULL,NULL,NULL,'KWD',1),(49,'74635','55.000',104,0,'99682c6d035d0a56',0.00,NULL,NULL,'2025-05-10 10:01:58','wait',1,'paid',NULL,'2025-05-10 08:50:58','2025-05-10 10:01:58',NULL,NULL,NULL,'KWD',1),(50,'56715','33.000',104,0,'99682c6d035d0a56',0.00,NULL,NULL,'2025-05-10 11:06:13','wait',1,'unPaid',NULL,'2025-05-10 11:04:53','2025-05-10 11:06:13',NULL,NULL,NULL,'KWD',1),(51,'96681',NULL,NULL,1,'99682c6d035d0a56',NULL,'1',NULL,NULL,'wait',NULL,'paid','2025-05-10 11:09:53','2025-05-10 11:09:15','2025-05-10 11:09:53',NULL,NULL,NULL,'KWD',1),(52,'20892',NULL,NULL,1,'99682c6d035d0a56',NULL,'1',NULL,NULL,'wait',NULL,'paid','2025-05-10 11:10:41','2025-05-10 11:09:57','2025-05-10 11:10:41',NULL,NULL,NULL,'KWD',1),(53,'20668','22.000',104,0,'99682c6d035d0a56',0.00,NULL,NULL,'2025-05-10 11:13:14','wait',1,'unPaid',NULL,'2025-05-10 11:11:00','2025-05-10 11:13:14',NULL,NULL,NULL,'KWD',1),(54,'61426','66.000',104,0,'e2e1ad9edf270a1d',0.00,NULL,NULL,'2025-05-10 15:44:03','wait',1,'unPaid',NULL,'2025-05-10 15:39:06','2025-05-10 15:44:03',NULL,NULL,NULL,'KWD',1);

--
-- Table structure for table `page_translations`
--

CREATE TABLE `page_translations` (
  `id` int unsigned NOT NULL AUTO_INCREMENT,
  `page_id` int unsigned NOT NULL,
  `title` varchar(255) CHARACTER SET utf8mb4 COLLATE utf8mb4_unicode_ci NOT NULL,
  `locale` varchar(255) CHARACTER SET utf8mb4 COLLATE utf8mb4_unicode_ci NOT NULL,
  `content` text CHARACTER SET utf8mb4 COLLATE utf8mb4_unicode_ci,
  `created_at` timestamp NULL DEFAULT NULL,
  `updated_at` timestamp NULL DEFAULT NULL,
  PRIMARY KEY (`id`),
  UNIQUE KEY `page_translations_page_id_locale_unique` (`page_id`,`locale`),
  KEY `page_translations_locale_index` (`locale`),
  CONSTRAINT `page_translations_page_id_foreign` FOREIGN KEY (`page_id`) REFERENCES `pages` (`id`) ON DELETE CASCADE
) ENGINE=InnoDB AUTO_INCREMENT=13 DEFAULT CHARSET=utf8mb4 COLLATE=utf8mb4_unicode_ci;

--
-- Dumping data for table `page_translations`
--

INSERT INTO `page_translations` (`id`, `page_id`, `title`, `locale`, `content`, `created_at`, `updated_at`) VALUES (1,1,'من نحن','ar','<p dir=\"rtl\">أجمل المسابيح في تطبيق واحد، هواة الخليج علامة تجارية مسجلة، ب خبرة واسعة في صناعة المشغولات اليدوية الحصرية بأفخم تشكيلات المسابيح الطبيعية و الصناعية و أحدثها بمختلف التصاميم العصرية و الكلاسيكية ؛ نقدمها لكم كتحف فنية ساحرة مع باقة من الخدمات المتكاملة تبدأ من سهولة التصفح و اختيار مسباحك المفضل و من ثم تعزيزه كهدية مثالية بأعلى المعايير في التعبئة و التغليف بأناقة متناهية مع خدمة متابعة الطلب و ما بعد البيع و ضمان الجودة ل نمنح تجربة للعملاء لا مثيل لها و أن نكون معكم عبر التطبيق الأمثل للهدايا و التذكارات التي تحتفي بكافة المناسبات.<br />\r\n&nbsp;<br />\r\nفمنكم نستلهم أفكارنا و إليكم نقدم أجمل منتجاتنا</p>',NULL,NULL),(2,1,'who are we','en','<p dir=\"rtl\">أجمل المسابيح في تطبيق واحد، هواة الخليج علامة تجارية مسجلة، ب خبرة واسعة في صناعة المشغولات اليدوية الحصرية بأفخم تشكيلات المسابيح الطبيعية و الصناعية و أحدثها بمختلف التصاميم العصرية و الكلاسيكية ؛ نقدمها لكم كتحف فنية ساحرة مع باقة من الخدمات المتكاملة تبدأ من سهولة التصفح و اختيار مسباحك المفضل و من ثم تعزيزه كهدية مثالية بأعلى المعايير في التعبئة و التغليف بأناقة متناهية مع خدمة متابعة الطلب و ما بعد البيع و ضمان الجودة ل نمنح تجربة للعملاء لا مثيل لها و أن نكون معكم عبر التطبيق الأمثل للهدايا و التذكارات التي تحتفي بكافة المناسبات.<br />\r\n&nbsp;<br />\r\nفمنكم نستلهم أفكارنا و إليكم نقدم أجمل منتجاتنا</p>',NULL,NULL),(3,2,'سياسة الاستبدال والاسترجاع','ar','<p dir=\"rtl\"><strong>سياسة الاستبدال والاسترجاع</strong> ( لعمليات الشراء اونلاين - من داخل الكويت )</p>\r\n\r\n<ul dir=\"rtl\">\r\n	<li><strong>مسابيح الكهرمان , المسابيح و الأحجار الطبيعية</strong><br />\r\n	مدة الاستبدال أو الاسترجاع المسموحة خلال 24 ساعة .</li>\r\n	<li><strong>المسابيح والخامات المُصنّعة</strong><br />\r\n	مدة الاستبدال أو الاسترجاع المسموحة خلال 3 أيام .</li>\r\n	<li><strong>رسوم التوصيل , عُمولة الدفع اونلاين</strong><br />\r\n	نتحمّل نحن رسوم التوصيل من وإلى العميل وعمولة الدفع اونلاين في حالة كان<br />\r\n	هناك أي اختلاف أو خــــطأ وارد في الطلب من قبلنا أمـــا غـــير ذلك فيتحمـــل<br />\r\n	العــــميل جميع رسوم التوصيل والدفع الالكتروني المُضافة .<br />\r\n	&nbsp;</li>\r\n	<li><strong>ملاحظات هامة</strong><br />\r\n	يُشترط عدم استخدام المنتج واعادته بتغليفه وحالته الأصلية .<br />\r\n	يُشترط ارفاق فاتورة الدفع و الشراء مع المنتج .<br />\r\n	المنتجات التي يتم التعديل عليها وتفصيلها حسب طلب العميل لا تسترد ولا تستبدل .<br />\r\n	تستغرق عملية اعادة الأموال أونلاين من 3 الى 7 أيام عمل<br />\r\n	&nbsp;</li>\r\n</ul>\r\n\r\n<hr />\r\n<p dir=\"rtl\"><br />\r\n<strong>سياسة الاستبدال والاسترجاع</strong> ( لعمليات الشراء اونلاين - من خارج الكويت )</p>\r\n\r\n<ul dir=\"rtl\">\r\n	<li><strong>مسابيح الكهرمان , المسابيح و الأحجار الطبيعية</strong><br />\r\n	مدة الاستبدال أو الاسترجاع المسموحة خلال 24 ساعة من تاريخ استلام الشحنة .</li>\r\n	<li><strong>المسابيح والخامات المُصنّعة</strong><br />\r\n	مدة الاستبدال أو الاسترجاع المسموحة خلال 3 أيام من تاريخ استلام الشحنة ..</li>\r\n	<li><strong>رسوم الشحن , الجمارك , عُمولة الدفع اونلاين</strong><br />\r\n	نتحمّل نحن رسوم الشحن من وإلى العميل وعمولةالدفع اونلاين في حالة كان<br />\r\n	هناك أي اختلاف أو خطأ وارد في الطلب من قبلنا, أمـا غير ذلك فيتحمل العـــــميل<br />\r\n	جميع رسوم الشحن والجمارك&nbsp; والدفع الالكتروني المُضافة .<br />\r\n	&nbsp;</li>\r\n	<li><strong>ملاحظات هامة</strong><br />\r\n	يُشترط عدم استخدام المنتج واعادته بتغليفه وحالته الأصلية .<br />\r\n	يُشترط ارفاق فاتورة الدفع و الشراء مع المنتج .<br />\r\n	المنتجات التي يتم التعديل عليها وتفصيلها حسب طلب العميل لا تسترد ولا تستبدل .<br />\r\n	تستغرق عملية اعادة الأموال أونلاين من 3 الى 7 أيام عمل</li>\r\n</ul>',NULL,NULL),(4,2,'sale policy','en','<p>sale policy</p>',NULL,NULL),(5,3,'الشروط والاحكام','ar','<p>جميع مواقعنا مبنية على قواعد بيانات مهنية للأرشفة من محركات البحث، حيث تكون مبنية وفق تسلل منطقي منظم، تجعل وصول المعلومات وطريقة عرضها أمر سهل وبسيط، كما تسهل عملية الأرشفة من محركات البحث مثل جوجل مما يجعل موقعك يظهر بشكل أفضل على محرك البحث جوجل</p>\r\n\r\n<p>جميع مواقعنا مبنية على قواعد بيانات مهنية للأرشفة من محركات البحث، حيث تكون مبنية وفق تسلل منطقي منظم، تجعل وصول المعلومات وطريقة عرضها أمر سهل وبسيط، كما تسهل عملية الأرشفة من محركات البحث مثل جوجل مما يجعل موقعك يظهر بشكل أفضل على محرك البحث جوجل</p>\r\n\r\n<p>جميع مواقعنا مبنية على قواعد بيانات مهنية للأرشفة من محركات البحث، حيث تكون مبنية وفق تسلل منطقي منظم، تجعل وصول المعلومات وطريقة عرضها أمر سهل وبسيط، كما تسهل عملية الأرشفة من محركات البحث مثل جوجل مما يجعل موقعك يظهر بشكل أفضل على محرك البحث جوجل</p>\r\n\r\n<p>جميع مواقعنا مبنية على قواعد بيانات مهنية للأرشفة من محركات البحث، حيث تكون مبنية وفق تسلل منطقي منظم، تجعل وصول المعلومات وطريقة عرضها أمر سهل وبسيط، كما تسهل عملية الأرشفة من محركات البحث مثل جوجل مما يجعل موقعك يظهر بشكل أفضل على محرك البحث جوجل</p>',NULL,NULL),(6,3,'Terms and Conditions','en','<p>جميع مواقعنا مبنية على قواعد بيانات مهنية للأرشفة من محركات البحث، حيث تكون مبنية وفق تسلل منطقي منظم، تجعل وصول المعلومات وطريقة عرضها أمر سهل وبسيط، كما تسهل عملية الأرشفة من محركات البحث مثل جوجل مما يجعل موقعك يظهر بشكل أفضل على محرك البحث جوجل</p>\r\n\r\n<p>جميع مواقعنا مبنية على قواعد بيانات مهنية للأرشفة من محركات البحث، حيث تكون مبنية وفق تسلل منطقي منظم، تجعل وصول المعلومات وطريقة عرضها أمر سهل وبسيط، كما تسهل عملية الأرشفة من محركات البحث مثل جوجل مما يجعل موقعك يظهر بشكل أفضل على محرك البحث جوجل</p>\r\n\r\n<p>جميع مواقعنا مبنية على قواعد بيانات مهنية للأرشفة من محركات البحث، حيث تكون مبنية وفق تسلل منطقي منظم، تجعل وصول المعلومات وطريقة عرضها أمر سهل وبسيط، كما تسهل عملية الأرشفة من محركات البحث مثل جوجل مما يجعل موقعك يظهر بشكل أفضل على محرك البحث جوجل</p>\r\n\r\n<p>جميع مواقعنا مبنية على قواعد بيانات مهنية للأرشفة من محركات البحث، حيث تكون مبنية وفق تسلل منطقي منظم، تجعل وصول المعلومات وطريقة عرضها أمر سهل وبسيط، كما تسهل عملية الأرشفة من محركات البحث مثل جوجل مما يجعل موقعك يظهر بشكل أفضل على محرك البحث جوجل</p>',NULL,NULL),(7,4,'عبد الله','ar','<p style=\"text-align:center\">شغل رائع وتعامل أروع منتجات مميزة<br />\r\nوجودة عالية صراحة مشكوورين</p>',NULL,NULL),(8,4,'عبد الله','en','<p style=\"text-align:center\">شغل رائع وتعامل أروع منتجات مميزة<br />\r\nوجودة عالية صراحة مشكوورين</p>',NULL,NULL),(9,5,'Bo Hmood','ar','<p style=\"text-align:center\">جربت الطلب من عندكم<br />\r\nأنصح بهذا الموقع خدمة ممتازة</p>',NULL,NULL),(10,5,'Bo Hmood','en','<p style=\"text-align:center\">جربت الطلب من عندكم<br />\r\nأنصح بهذا الموقع خدمة ممتازة</p>',NULL,NULL),(11,6,'نواف الظفيري','ar','<p style=\"text-align:center\">خووش موقع وفقم الله ورزقكم<br />\r\nومو آخر مرة ان شاء الله اطلب منكم</p>',NULL,NULL),(12,6,'نواف الظفيري','en','<p style=\"text-align:center\">خووش موقع وفقم الله ورزقكم<br />\r\nومو آخر مرة ان شاء الله اطلب منكم</p>',NULL,NULL);

--
-- Table structure for table `pages`
--

CREATE TABLE `pages` (
  `id` int unsigned NOT NULL AUTO_INCREMENT,
  `created_at` timestamp NULL DEFAULT NULL,
  `updated_at` timestamp NULL DEFAULT NULL,
  `image` varchar(191) CHARACTER SET utf8mb4 COLLATE utf8mb4_unicode_ci DEFAULT NULL,
  `type` int NOT NULL DEFAULT '0',
  PRIMARY KEY (`id`)
) ENGINE=InnoDB AUTO_INCREMENT=7 DEFAULT CHARSET=utf8mb4 COLLATE=utf8mb4_unicode_ci;

--
-- Dumping data for table `pages`
--

INSERT INTO `pages` (`id`, `created_at`, `updated_at`, `image`, `type`) VALUES (1,'2022-06-28 09:49:28','2022-06-29 05:53:36','2022-06-29-farm.docx',0),(2,'2022-11-03 11:42:33','2022-11-03 11:42:33',NULL,0),(3,'2022-11-03 11:43:26','2022-11-03 11:43:26',NULL,0),(4,'2022-12-13 07:05:37','2022-12-13 07:05:37',NULL,1),(5,'2022-12-13 08:38:46','2022-12-13 08:38:46','2022-12-13-RYHL1-1.jpg',1),(6,'2022-12-13 09:19:54','2022-12-13 09:19:54',NULL,1);

--
-- Table structure for table `password_resets`
--

CREATE TABLE `password_resets` (
  `email` varchar(255) CHARACTER SET utf8mb4 COLLATE utf8mb4_unicode_ci NOT NULL,
  `token` varchar(255) CHARACTER SET utf8mb4 COLLATE utf8mb4_unicode_ci NOT NULL,
  `created_at` timestamp NULL DEFAULT NULL,
  KEY `password_resets_email_index` (`email`)
) ENGINE=InnoDB DEFAULT CHARSET=utf8mb4 COLLATE=utf8mb4_unicode_ci;

--
-- Dumping data for table `password_resets`
--


--
-- Table structure for table `payment_method_translations`
--

CREATE TABLE `payment_method_translations` (
  `id` int unsigned NOT NULL AUTO_INCREMENT,
  `payment_method_id` int unsigned NOT NULL,
  `title` varchar(255) CHARACTER SET utf8mb4 COLLATE utf8mb4_unicode_ci DEFAULT NULL,
  `locale` varchar(255) CHARACTER SET utf8mb4 COLLATE utf8mb4_unicode_ci NOT NULL,
  `created_at` timestamp NULL DEFAULT NULL,
  `updated_at` timestamp NULL DEFAULT NULL,
  PRIMARY KEY (`id`),
  UNIQUE KEY `payment_method_translations_payment_method_id_locale_unique` (`payment_method_id`,`locale`),
  CONSTRAINT `payment_method_translations_payment_method_id_foreign` FOREIGN KEY (`payment_method_id`) REFERENCES `payment_methods` (`id`) ON DELETE CASCADE
) ENGINE=InnoDB AUTO_INCREMENT=19 DEFAULT CHARSET=utf8mb4 COLLATE=utf8mb4_unicode_ci;

--
-- Dumping data for table `payment_method_translations`
--

INSERT INTO `payment_method_translations` (`id`, `payment_method_id`, `title`, `locale`, `created_at`, `updated_at`) VALUES (1,1,'الدفع عند الاستلام','ar',NULL,NULL),(2,1,'الدفع عند الاستلام','en',NULL,NULL),(3,2,'كي نت','ar',NULL,NULL),(4,2,'كي نت','en',NULL,NULL),(5,3,'فيزا / ماستركارد','ar',NULL,NULL),(6,3,'Visa/Mater','en',NULL,NULL),(11,6,'مدى','ar',NULL,NULL),(12,6,'MADA','en',NULL,NULL),(13,7,'كروت الدفع المدينة (الامارات)','ar',NULL,NULL),(14,7,'UAE Debit Cards','en',NULL,NULL),(15,8,'كروت الدفع المدينة (قطر)','ar',NULL,NULL),(16,8,'Qatar Debit Cards','en',NULL,NULL),(17,9,'ابل باي','ar',NULL,NULL),(18,9,'Apple Pay','en',NULL,NULL);

--
-- Table structure for table `payment_methods`
--

CREATE TABLE `payment_methods` (
  `id` int unsigned NOT NULL AUTO_INCREMENT,
  `image` varchar(255) CHARACTER SET utf8mb4 COLLATE utf8mb4_unicode_ci DEFAULT NULL,
  `type` int NOT NULL DEFAULT '0',
  `status` int NOT NULL DEFAULT '0',
  `created_at` timestamp NULL DEFAULT NULL,
  `updated_at` timestamp NULL DEFAULT NULL,
  PRIMARY KEY (`id`)
) ENGINE=InnoDB AUTO_INCREMENT=10 DEFAULT CHARSET=utf8mb4 COLLATE=utf8mb4_unicode_ci;

--
-- Dumping data for table `payment_methods`
--

INSERT INTO `payment_methods` (`id`, `image`, `type`, `status`, `created_at`, `updated_at`) VALUES (1,'2022-07-02-payment.png',0,1,'2022-06-22 10:19:52','2022-12-06 13:23:32'),(2,'2022-07-02-drd_QbKb_400x400.jpg',1,1,'2022-06-22 10:20:09','2022-12-06 13:24:52'),(3,'2022-11-19-depositphotos_43036713-stock-photo-visa-and-mastercard.jpeg',2,1,'2022-11-19 19:56:03','2022-12-06 13:24:52'),(6,'2022-11-19-unnamed (1).png',4,1,'2022-11-19 20:47:13','2023-01-12 12:01:29'),(7,'2022-11-19-Emarati_Prioroty_Debit_Card_550x375.jpeg',8,1,'2022-11-19 20:48:14','2023-01-12 12:01:36'),(8,'2022-11-19-credit-card-with-qatar-flag-background-for-bank-presentations-and-F93514.jpeg',9,1,'2022-11-19 20:49:50','2023-01-12 12:01:43'),(9,'2022-11-19-5968279.png',24,0,'2022-11-19 20:50:35','2023-01-12 12:01:48');

--
-- Table structure for table `permission_role`
--

CREATE TABLE `permission_role` (
  `permission_id` bigint unsigned NOT NULL,
  `role_id` bigint unsigned NOT NULL,
  PRIMARY KEY (`permission_id`,`role_id`),
  KEY `permission_role_role_id_foreign` (`role_id`),
  CONSTRAINT `permission_role_permission_id_foreign` FOREIGN KEY (`permission_id`) REFERENCES `permissions` (`id`) ON DELETE CASCADE ON UPDATE CASCADE,
  CONSTRAINT `permission_role_role_id_foreign` FOREIGN KEY (`role_id`) REFERENCES `roles` (`id`) ON DELETE CASCADE ON UPDATE CASCADE
) ENGINE=InnoDB DEFAULT CHARSET=utf8mb4 COLLATE=utf8mb4_unicode_ci;

--
-- Dumping data for table `permission_role`
--

INSERT INTO `permission_role` (`permission_id`, `role_id`) VALUES (1,1),(2,1),(3,1),(4,1),(5,1),(6,1),(7,1),(8,1),(9,1),(10,1),(11,1),(12,1),(13,1),(14,1),(15,1),(16,1),(17,1),(18,1),(19,1),(20,1),(21,1),(22,1),(23,1),(24,1),(25,1),(26,1),(27,1),(28,1),(29,1),(30,1),(31,1),(32,1),(33,1),(34,1),(35,1),(36,1),(37,1),(38,1),(39,1),(40,1),(41,1),(42,1),(43,1),(44,1),(45,1),(46,1),(47,1),(48,1),(49,1),(50,1),(51,1),(52,1),(53,1),(54,1),(55,1),(56,1),(57,1),(58,1),(59,1),(60,1),(61,1),(62,1),(63,1),(64,1),(2,6),(62,7);

--
-- Table structure for table `permission_user`
--

CREATE TABLE `permission_user` (
  `permission_id` bigint unsigned NOT NULL,
  `user_id` bigint unsigned NOT NULL,
  `user_type` varchar(255) CHARACTER SET utf8mb4 COLLATE utf8mb4_unicode_ci NOT NULL,
  PRIMARY KEY (`user_id`,`permission_id`,`user_type`),
  KEY `permission_user_permission_id_foreign` (`permission_id`),
  CONSTRAINT `permission_user_permission_id_foreign` FOREIGN KEY (`permission_id`) REFERENCES `permissions` (`id`) ON DELETE CASCADE ON UPDATE CASCADE
) ENGINE=InnoDB DEFAULT CHARSET=utf8mb4 COLLATE=utf8mb4_unicode_ci;

--
-- Dumping data for table `permission_user`
--


--
-- Table structure for table `permissions`
--

CREATE TABLE `permissions` (
  `id` bigint unsigned NOT NULL AUTO_INCREMENT,
  `name` varchar(255) CHARACTER SET utf8mb4 COLLATE utf8mb4_unicode_ci NOT NULL,
  `display_name` varchar(255) CHARACTER SET utf8mb4 COLLATE utf8mb4_unicode_ci DEFAULT NULL,
  `description` varchar(255) CHARACTER SET utf8mb4 COLLATE utf8mb4_unicode_ci DEFAULT NULL,
  `created_at` timestamp NULL DEFAULT NULL,
  `updated_at` timestamp NULL DEFAULT NULL,
  PRIMARY KEY (`id`),
  UNIQUE KEY `permissions_name_unique` (`name`)
) ENGINE=InnoDB AUTO_INCREMENT=65 DEFAULT CHARSET=utf8mb4 COLLATE=utf8mb4_unicode_ci;

--
-- Dumping data for table `permissions`
--

INSERT INTO `permissions` (`id`, `name`, `display_name`, `description`, `created_at`, `updated_at`) VALUES (1,'create_users','Create Users','Create Users','2022-06-21 09:32:18','2022-06-21 09:32:18'),(2,'read_users','Read Users','Read Users','2022-06-21 09:32:18','2022-06-21 09:32:18'),(3,'update_users','Update Users','Update Users','2022-06-21 09:32:18','2022-06-21 09:32:18'),(4,'delete_users','Delete Users','Delete Users','2022-06-21 09:32:18','2022-06-21 09:32:18'),(5,'create_roles','Create Roles','Create Roles','2022-06-21 09:32:18','2022-06-21 09:32:18'),(6,'read_roles','Read Roles','Read Roles','2022-06-21 09:32:18','2022-06-21 09:32:18'),(7,'update_roles','Update Roles','Update Roles','2022-06-21 09:32:18','2022-06-21 09:32:18'),(8,'delete_roles','Delete Roles','Delete Roles','2022-06-21 09:32:18','2022-06-21 09:32:18'),(9,'create_notifications','Create Notifications','Create Notifications','2022-06-21 09:32:18','2022-06-21 09:32:18'),(10,'read_notifications','Read Notifications','Read Notifications','2022-06-21 09:32:18','2022-06-21 09:32:18'),(11,'update_notifications','Update Notifications','Update Notifications','2022-06-21 09:32:18','2022-06-21 09:32:18'),(12,'delete_notifications','Delete Notifications','Delete Notifications','2022-06-21 09:32:18','2022-06-21 09:32:18'),(13,'create_sliders','Create Sliders','Create Sliders','2022-06-21 09:32:18','2022-06-21 09:32:18'),(14,'read_sliders','Read Sliders','Read Sliders','2022-06-21 09:32:18','2022-06-21 09:32:18'),(15,'update_sliders','Update Sliders','Update Sliders','2022-06-21 09:32:18','2022-06-21 09:32:18'),(16,'delete_sliders','Delete Sliders','Delete Sliders','2022-06-21 09:32:18','2022-06-21 09:32:18'),(17,'create_settings','Create Settings','Create Settings','2022-06-21 09:32:18','2022-06-21 09:32:18'),(18,'read_settings','Read Settings','Read Settings','2022-06-21 09:32:18','2022-06-21 09:32:18'),(19,'update_settings','Update Settings','Update Settings','2022-06-21 09:32:18','2022-06-21 09:32:18'),(20,'delete_settings','Delete Settings','Delete Settings','2022-06-21 09:32:18','2022-06-21 09:32:18'),(21,'create_categories','Create Categories','Create Categories','2022-06-21 09:32:18','2022-06-21 09:32:18'),(22,'read_categories','Read Categories','Read Categories','2022-06-21 09:32:18','2022-06-21 09:32:18'),(23,'update_categories','Update Categories','Update Categories','2022-06-21 09:32:18','2022-06-21 09:32:18'),(24,'delete_categories','Delete Categories','Delete Categories','2022-06-21 09:32:18','2022-06-21 09:32:18'),(25,'create_products','Create Products','Create Products','2022-06-21 09:32:18','2022-06-21 09:32:18'),(26,'read_products','Read Products','Read Products','2022-06-21 09:32:18','2022-06-21 09:32:18'),(27,'update_products','Update Products','Update Products','2022-06-21 09:32:18','2022-06-21 09:32:18'),(28,'delete_products','Delete Products','Delete Products','2022-06-21 09:32:18','2022-06-21 09:32:18'),(29,'create_paymentMethods','Create PaymentMethods','Create PaymentMethods','2022-06-21 09:32:18','2022-06-21 09:32:18'),(30,'read_paymentMethods','Read PaymentMethods','Read PaymentMethods','2022-06-21 09:32:18','2022-06-21 09:32:18'),(31,'update_paymentMethods','Update PaymentMethods','Update PaymentMethods','2022-06-21 09:32:18','2022-06-21 09:32:18'),(32,'delete_paymentMethods','Delete PaymentMethods','Delete PaymentMethods','2022-06-21 09:32:18','2022-06-21 09:32:18'),(33,'create_shippingType','Create ShippingType','Create ShippingType','2022-06-21 09:32:18','2022-06-21 09:32:18'),(34,'read_shippingType','Read ShippingType','Read ShippingType','2022-06-21 09:32:18','2022-06-21 09:32:18'),(35,'update_shippingType','Update ShippingType','Update ShippingType','2022-06-21 09:32:18','2022-06-21 09:32:18'),(36,'delete_shippingType','Delete ShippingType','Delete ShippingType','2022-06-21 09:32:18','2022-06-21 09:32:18'),(37,'create_orders','Create Orders','Create Orders','2022-06-21 09:32:18','2022-06-21 09:32:18'),(38,'read_orders','Read Orders','Read Orders','2022-06-21 09:32:18','2022-06-21 09:32:18'),(39,'update_orders','Update Orders','Update Orders','2022-06-21 09:32:18','2022-06-21 09:32:18'),(40,'delete_orders','Delete Orders','Delete Orders','2022-06-21 09:32:18','2022-06-21 09:32:18'),(41,'create_reports','Create Reports','Create Reports','2022-06-21 09:32:18','2022-06-21 09:32:18'),(42,'read_reports','Read Reports','Read Reports','2022-06-21 09:32:18','2022-06-21 09:32:18'),(43,'update_reports','Update Reports','Update Reports','2022-06-21 09:32:18','2022-06-21 09:32:18'),(44,'delete_reports','Delete Reports','Delete Reports','2022-06-21 09:32:18','2022-06-21 09:32:18'),(45,'create_governments','Create Governments','Create Governments','2022-06-21 09:32:18','2022-06-21 09:32:18'),(46,'read_governments','Read Governments','Read Governments','2022-06-21 09:32:18','2022-06-21 09:32:18'),(47,'update_governments','Update Governments','Update Governments','2022-06-21 09:32:18','2022-06-21 09:32:18'),(48,'delete_governments','Delete Governments','Delete Governments','2022-06-21 09:32:18','2022-06-21 09:32:18'),(49,'create_regions','Create Regions','Create Regions','2022-06-21 09:32:18','2022-06-21 09:32:18'),(50,'read_regions','Read Regions','Read Regions','2022-06-21 09:32:18','2022-06-21 09:32:18'),(51,'update_regions','Update Regions','Update Regions','2022-06-21 09:32:18','2022-06-21 09:32:18'),(52,'delete_regions','Delete Regions','Delete Regions','2022-06-21 09:32:18','2022-06-21 09:32:18'),(53,'create_discount','Create Discount','Create Discount','2022-06-21 09:32:18','2022-06-21 09:32:18'),(54,'read_discount','Read Discount','Read Discount','2022-06-21 09:32:18','2022-06-21 09:32:18'),(55,'update_discount','Update Discount','Update Discount','2022-06-21 09:32:18','2022-06-21 09:32:18'),(56,'delete_discount','Delete Discount','Delete Discount','2022-06-21 09:32:18','2022-06-21 09:32:18'),(57,'create_times','Create Times','Create Times','2022-06-21 09:32:18','2022-06-21 09:32:18'),(58,'read_times','Read Times','Read Times','2022-06-21 09:32:18','2022-06-21 09:32:18'),(59,'update_times','Update Times','Update Times','2022-06-21 09:32:18','2022-06-21 09:32:18'),(60,'delete_times','Delete Times','Delete Times','2022-06-21 09:32:18','2022-06-21 09:32:18'),(61,'create_tagers','Create Tagers','Create Tagers','2022-06-21 09:32:18','2022-06-21 09:32:18'),(62,'read_tagers','Read Tagers','Read Tagers','2022-06-21 09:32:18','2022-06-21 09:32:18'),(63,'update_tagers','Update Tagers','Update Tagers','2022-06-21 09:32:18','2022-06-21 09:32:18'),(64,'delete_tagers','Delete Tagers','Delete Tagers','2022-06-21 09:32:18','2022-06-21 09:32:18');

--
-- Table structure for table `personal_access_tokens`
--

CREATE TABLE `personal_access_tokens` (
  `id` bigint unsigned NOT NULL AUTO_INCREMENT,
  `tokenable_type` varchar(255) CHARACTER SET utf8mb4 COLLATE utf8mb4_unicode_ci NOT NULL,
  `tokenable_id` bigint unsigned NOT NULL,
  `name` varchar(255) CHARACTER SET utf8mb4 COLLATE utf8mb4_unicode_ci NOT NULL,
  `token` varchar(64) CHARACTER SET utf8mb4 COLLATE utf8mb4_unicode_ci NOT NULL,
  `abilities` text CHARACTER SET utf8mb4 COLLATE utf8mb4_unicode_ci,
  `last_used_at` timestamp NULL DEFAULT NULL,
  `created_at` timestamp NULL DEFAULT NULL,
  `updated_at` timestamp NULL DEFAULT NULL,
  PRIMARY KEY (`id`),
  UNIQUE KEY `personal_access_tokens_token_unique` (`token`),
  KEY `personal_access_tokens_tokenable_type_tokenable_id_index` (`tokenable_type`,`tokenable_id`)
) ENGINE=InnoDB DEFAULT CHARSET=utf8mb4 COLLATE=utf8mb4_unicode_ci;

--
-- Dumping data for table `personal_access_tokens`
--


--
-- Table structure for table `product_categories`
--

CREATE TABLE `product_categories` (
  `id` int unsigned NOT NULL AUTO_INCREMENT,
  `product_id` int unsigned DEFAULT NULL,
  `category_id` int unsigned DEFAULT NULL,
  `created_at` timestamp NULL DEFAULT NULL,
  `updated_at` timestamp NULL DEFAULT NULL,
  PRIMARY KEY (`id`),
  KEY `product_categories_product_id_foreign` (`product_id`),
  KEY `product_categories_category_id_foreign` (`category_id`),
  CONSTRAINT `product_categories_category_id_foreign` FOREIGN KEY (`category_id`) REFERENCES `categories` (`id`) ON DELETE CASCADE,
  CONSTRAINT `product_categories_product_id_foreign` FOREIGN KEY (`product_id`) REFERENCES `products` (`id`) ON DELETE CASCADE
) ENGINE=InnoDB AUTO_INCREMENT=4 DEFAULT CHARSET=utf8mb4 COLLATE=utf8mb4_unicode_ci;

--
-- Dumping data for table `product_categories`
--

INSERT INTO `product_categories` (`id`, `product_id`, `category_id`, `created_at`, `updated_at`) VALUES (1,1,1,NULL,NULL),(2,5,11,NULL,NULL),(3,5,16,NULL,NULL);

--
-- Table structure for table `product_orders`
--

CREATE TABLE `product_orders` (
  `id` int unsigned NOT NULL AUTO_INCREMENT,
  `order_id` int unsigned NOT NULL,
  `product_id` int unsigned NOT NULL,
  `user_id` int DEFAULT NULL,
  `quantity` int NOT NULL DEFAULT '1',
  `option` text CHARACTER SET utf8mb4 COLLATE utf8mb4_unicode_ci NOT NULL,
  `price` decimal(8,2) NOT NULL,
  `shipping_cost` decimal(8,2) DEFAULT NULL,
  `created_at` timestamp NULL DEFAULT NULL,
  `updated_at` timestamp NULL DEFAULT NULL,
  `category_id` int NOT NULL,
  `nameOfCart` varchar(191) CHARACTER SET utf8mb4 COLLATE utf8mb4_unicode_ci DEFAULT NULL,
  `real_price` varchar(191) CHARACTER SET utf8mb4 COLLATE utf8mb4_unicode_ci DEFAULT NULL,
  PRIMARY KEY (`id`),
  KEY `product_orders_order_id_foreign` (`order_id`),
  KEY `product_orders_product_id_foreign` (`product_id`),
  CONSTRAINT `product_orders_order_id_foreign` FOREIGN KEY (`order_id`) REFERENCES `orders` (`id`) ON DELETE CASCADE,
  CONSTRAINT `product_orders_product_id_foreign` FOREIGN KEY (`product_id`) REFERENCES `products` (`id`) ON DELETE CASCADE
) ENGINE=InnoDB AUTO_INCREMENT=55 DEFAULT CHARSET=utf8mb4 COLLATE=utf8mb4_unicode_ci;

--
-- Dumping data for table `product_orders`
--

INSERT INTO `product_orders` (`id`, `order_id`, `product_id`, `user_id`, `quantity`, `option`, `price`, `shipping_cost`, `created_at`, `updated_at`, `category_id`, `nameOfCart`, `real_price`) VALUES (1,1,1,NULL,2,' ',11.00,NULL,'2025-03-23 10:10:36','2025-03-23 10:24:23',1,NULL,'11.00'),(2,2,1,NULL,1,' ',11.00,NULL,'2025-03-23 10:59:13','2025-03-23 10:59:24',1,NULL,'11.00'),(3,3,1,NULL,2,' ',11.00,NULL,'2025-04-13 11:51:27','2025-04-14 08:17:39',1,NULL,'11.00'),(4,4,1,NULL,2,' ',11.00,NULL,'2025-04-14 08:20:04','2025-04-14 13:19:05',1,NULL,'11.00'),(5,5,1,NULL,1,' ',11.00,NULL,'2025-04-14 13:24:05','2025-04-14 13:24:26',1,NULL,'11.00'),(6,6,1,NULL,1,' ',11.00,NULL,'2025-04-14 13:25:02','2025-04-14 13:25:18',1,NULL,'11.00'),(7,7,1,NULL,1,' ',11.00,NULL,'2025-04-14 13:27:49','2025-04-14 13:28:05',1,NULL,'11.00'),(8,8,1,NULL,1,' ',11.00,NULL,'2025-04-16 08:32:10','2025-04-16 08:34:44',1,NULL,'11.00'),(9,9,1,NULL,1,' ',11.00,NULL,'2025-04-16 08:36:11','2025-04-16 08:36:51',1,NULL,'11.00'),(10,10,1,NULL,2,' ',11.00,NULL,'2025-04-16 08:37:30','2025-04-17 07:03:59',1,NULL,'11.00'),(11,11,1,NULL,1,' ',11.00,NULL,'2025-04-17 07:08:12','2025-04-17 07:09:01',1,NULL,'11.00'),(12,12,1,NULL,1,' ',11.00,NULL,'2025-04-17 07:10:01','2025-04-17 07:10:16',1,NULL,'11.00'),(13,13,1,NULL,1,' ',11.00,NULL,'2025-04-17 07:20:15','2025-04-17 07:20:21',1,NULL,'11.00'),(14,14,1,NULL,1,' ',11.00,NULL,'2025-04-17 07:23:14','2025-04-17 07:24:50',1,NULL,'11.00'),(15,15,1,NULL,1,' ',11.00,NULL,'2025-04-17 07:26:49','2025-04-17 07:27:01',1,NULL,'11.00'),(16,16,1,NULL,1,' ',11.00,NULL,'2025-04-17 07:29:23','2025-04-17 07:29:36',1,NULL,'11.00'),(17,17,1,NULL,1,' ',11.00,NULL,'2025-04-17 07:40:51','2025-04-17 07:41:03',1,NULL,'11.00'),(18,18,1,NULL,1,' ',11.00,NULL,'2025-04-17 07:47:58','2025-04-17 08:07:57',1,NULL,'11.00'),(19,19,1,NULL,1,' ',11.00,NULL,'2025-04-24 21:56:59','2025-04-24 22:01:26',1,NULL,'11.00'),(20,20,1,NULL,5,' ',11.00,NULL,'2025-04-24 22:06:14','2025-04-24 22:06:46',1,NULL,'11.00'),(21,21,1,NULL,6,' ',11.00,NULL,'2025-04-24 22:07:15','2025-04-24 22:11:17',1,NULL,'11.00'),(22,22,1,NULL,6,' ',11.00,NULL,'2025-04-24 22:12:05','2025-04-24 22:18:24',1,NULL,'11.00'),(23,23,1,NULL,3,' ',11.00,NULL,'2025-04-24 22:24:42','2025-04-25 21:07:19',1,NULL,'11.00'),(24,24,1,NULL,1,' ',11.00,NULL,'2025-04-25 21:08:00','2025-04-25 21:10:34',1,NULL,'11.00'),(25,25,1,NULL,2,' ',11.00,NULL,'2025-04-25 21:10:56','2025-04-25 21:14:44',1,NULL,'11.00'),(26,26,1,NULL,6,' ',11.00,NULL,'2025-04-25 21:15:02','2025-04-25 21:15:23',1,NULL,'11.00'),(27,27,1,NULL,5,' ',11.00,NULL,'2025-04-25 21:15:40','2025-04-25 21:18:39',1,NULL,'11.00'),(28,28,1,NULL,5,' ',11.00,NULL,'2025-04-25 21:19:42','2025-04-25 21:19:43',1,NULL,'11.00'),(29,29,1,NULL,6,' ',11.00,NULL,'2025-04-25 21:20:04','2025-04-26 08:19:58',1,NULL,'11.00'),(30,30,1,NULL,5,' ',11.00,NULL,'2025-04-26 08:54:18','2025-04-26 19:57:02',1,NULL,'11.00'),(31,31,1,NULL,8,' ',11.00,NULL,'2025-04-26 19:57:17','2025-05-04 08:12:52',1,NULL,'11.00'),(32,32,1,NULL,6,' ',11.00,NULL,'2025-05-04 08:13:09','2025-05-04 08:13:10',1,NULL,'11.00'),(33,33,1,NULL,8,' ',11.00,NULL,'2025-05-04 08:21:13','2025-05-04 08:24:17',1,NULL,'11.00'),(34,34,1,NULL,5,' ',11.00,NULL,'2025-05-04 08:25:35','2025-05-04 08:26:30',1,NULL,'11.00'),(35,35,1,NULL,1,' ',11.00,NULL,'2025-05-04 08:26:45','2025-05-04 08:31:34',1,NULL,'11.00'),(36,36,1,NULL,4,' ',11.00,NULL,'2025-05-04 08:33:57','2025-05-04 08:34:23',1,NULL,'11.00'),(37,37,1,NULL,4,' ',11.00,NULL,'2025-05-04 08:34:40','2025-05-04 11:14:56',1,NULL,'11.00'),(38,38,1,NULL,4,' ',11.00,NULL,'2025-05-04 15:02:51','2025-05-05 13:08:35',1,NULL,'11.00'),(39,39,1,NULL,4,' ',11.00,NULL,'2025-05-05 13:28:50','2025-05-20 08:00:57',1,NULL,'11.00'),(40,40,1,NULL,4,' ',13.62,NULL,'2025-05-05 13:55:35','2025-05-05 14:04:44',1,NULL,'11.00'),(41,41,1,NULL,4,' ',13.62,NULL,'2025-05-05 14:06:49','2025-05-05 14:06:50',1,NULL,'11.00'),(42,42,1,NULL,5,' ',13.62,NULL,'2025-05-05 14:07:33','2025-05-05 14:14:21',1,NULL,'11.00'),(43,43,1,NULL,11,' ',11.00,NULL,'2025-05-05 14:20:43','2025-05-05 14:21:19',1,NULL,'11.00'),(44,44,1,NULL,4,' ',132.85,NULL,'2025-05-08 21:16:20','2025-05-08 22:59:44',1,NULL,'11.00'),(45,45,1,NULL,3,' ',132.85,NULL,'2025-05-08 23:02:04','2025-05-10 07:46:08',1,NULL,'11.00'),(46,46,1,NULL,1,' ',11.00,NULL,'2025-05-10 08:31:17','2025-05-10 08:32:28',1,NULL,'11.00'),(47,47,1,NULL,5,' ',11.00,NULL,'2025-05-10 08:46:27','2025-05-10 08:47:42',1,NULL,'11.00'),(48,48,1,NULL,3,' ',11.00,NULL,'2025-05-10 08:48:19','2025-05-10 08:48:20',1,NULL,'11.00'),(49,49,1,NULL,5,' ',11.00,NULL,'2025-05-10 08:50:58','2025-05-10 10:01:19',1,NULL,'11.00'),(50,50,1,NULL,3,' ',11.00,NULL,'2025-05-10 11:04:53','2025-05-10 11:05:06',1,NULL,'11.00'),(51,51,1,NULL,4,' ',11.00,NULL,'2025-05-10 11:09:15','2025-05-10 11:09:16',1,NULL,'11.00'),(52,52,1,NULL,7,' ',11.00,NULL,'2025-05-10 11:09:57','2025-05-10 11:10:29',1,NULL,'11.00'),(53,53,1,NULL,2,' ',11.00,NULL,'2025-05-10 11:11:00','2025-05-10 11:11:49',1,NULL,'11.00'),(54,54,1,NULL,6,' ',11.00,NULL,'2025-05-10 15:39:06','2025-05-10 15:42:49',1,NULL,'11.00');

--
-- Table structure for table `product_otherdatas`
--

CREATE TABLE `product_otherdatas` (
  `id` bigint unsigned NOT NULL AUTO_INCREMENT,
  `product_id` int unsigned DEFAULT NULL,
  `input_key_ar` varchar(191) CHARACTER SET utf8mb4 COLLATE utf8mb4_unicode_ci NOT NULL,
  `input_value_ar` varchar(191) CHARACTER SET utf8mb4 COLLATE utf8mb4_unicode_ci NOT NULL,
  `input_key_en` varchar(191) CHARACTER SET utf8mb4 COLLATE utf8mb4_unicode_ci DEFAULT NULL,
  `input_value_en` varchar(191) CHARACTER SET utf8mb4 COLLATE utf8mb4_unicode_ci DEFAULT NULL,
  `created_at` timestamp NULL DEFAULT NULL,
  `updated_at` timestamp NULL DEFAULT NULL,
  PRIMARY KEY (`id`),
  KEY `product_otherdatas_product_id_foreign` (`product_id`)
) ENGINE=InnoDB AUTO_INCREMENT=2 DEFAULT CHARSET=utf8mb4 COLLATE=utf8mb4_unicode_ci;

--
-- Dumping data for table `product_otherdatas`
--

INSERT INTO `product_otherdatas` (`id`, `product_id`, `input_key_ar`, `input_value_ar`, `input_key_en`, `input_value_en`, `created_at`, `updated_at`) VALUES (1,1,'دا رالنشر','الاهليه','دا رالنشر','الاهليه','2025-03-23 10:08:37','2025-03-23 10:08:37');

--
-- Table structure for table `product_translations`
--

CREATE TABLE `product_translations` (
  `id` int unsigned NOT NULL AUTO_INCREMENT,
  `product_id` int unsigned NOT NULL,
  `name` varchar(255) CHARACTER SET utf8mb4 COLLATE utf8mb4_unicode_ci NOT NULL,
  `content` text CHARACTER SET utf8mb4 COLLATE utf8mb4_unicode_ci NOT NULL,
  `meta_keywords` text CHARACTER SET utf8mb4 COLLATE utf8mb4_unicode_ci,
  `locale` varchar(255) CHARACTER SET utf8mb4 COLLATE utf8mb4_unicode_ci NOT NULL,
  `created_at` timestamp NULL DEFAULT NULL,
  `updated_at` timestamp NULL DEFAULT NULL,
  PRIMARY KEY (`id`),
  UNIQUE KEY `product_translations_product_id_locale_unique` (`product_id`,`locale`),
  KEY `product_translations_locale_index` (`locale`),
  CONSTRAINT `product_translations_product_id_foreign` FOREIGN KEY (`product_id`) REFERENCES `products` (`id`) ON DELETE CASCADE
) ENGINE=InnoDB AUTO_INCREMENT=5 DEFAULT CHARSET=utf8mb4 COLLATE=utf8mb4_unicode_ci;

--
-- Dumping data for table `product_translations`
--

INSERT INTO `product_translations` (`id`, `product_id`, `name`, `content`, `meta_keywords`, `locale`, `created_at`, `updated_at`) VALUES (1,1,'امواج في ليله الظلمه','<p>امواج في ليله الظلمه</p>','امواج في ليله الظلمه','ar',NULL,NULL),(2,1,'امواج في ليله الظلمه','<p>امواج في ليله الظلمه</p>','امواج في ليله الظلمه','en',NULL,NULL),(3,5,'stfhjgfhfhgj','<p>gfjfjyfjf</p>','yfuyguyg','ar',NULL,NULL),(4,5,'rgdtgrdeg','<p>hgfhgq</p>','ytrfjytf','en',NULL,NULL);

--
-- Table structure for table `products`
--

CREATE TABLE `products` (
  `id` int unsigned NOT NULL AUTO_INCREMENT,
  `image` varchar(255) CHARACTER SET utf8mb4 COLLATE utf8mb4_unicode_ci DEFAULT NULL,
  `user_id` int unsigned DEFAULT NULL,
  `mainprice` decimal(8,2) NOT NULL DEFAULT '0.00',
  `discount` decimal(8,2) NOT NULL DEFAULT '0.00',
  `stoke` int NOT NULL DEFAULT '0',
  `option` enum('true','false') CHARACTER SET utf8mb4 COLLATE utf8mb4_unicode_ci DEFAULT NULL,
  `code` varchar(255) CHARACTER SET utf8mb4 COLLATE utf8mb4_unicode_ci DEFAULT NULL,
  `status` enum('pending','reject','active') CHARACTER SET utf8mb4 COLLATE utf8mb4_unicode_ci NOT NULL DEFAULT 'pending',
  `reason` longtext CHARACTER SET utf8mb4 COLLATE utf8mb4_unicode_ci,
  `deleted_at` timestamp NULL DEFAULT NULL,
  `created_at` timestamp NULL DEFAULT NULL,
  `updated_at` timestamp NULL DEFAULT NULL,
  `checked` int NOT NULL DEFAULT '1',
  `knetPay` int NOT NULL DEFAULT '0',
  `arrivalTime` varchar(191) CHARACTER SET utf8mb4 COLLATE utf8mb4_unicode_ci DEFAULT NULL,
  `Thread_options` int DEFAULT '0',
  `defualt_Thread_count` int DEFAULT '33',
  `news` int DEFAULT NULL,
  `checkWhatsapp` varchar(191) CHARACTER SET utf8mb4 COLLATE utf8mb4_unicode_ci DEFAULT NULL,
  `nameOfCart` varchar(191) CHARACTER SET utf8mb4 COLLATE utf8mb4_unicode_ci DEFAULT NULL,
  `defualt_Thread_count_showed` varchar(191) CHARACTER SET utf8mb4 COLLATE utf8mb4_unicode_ci DEFAULT NULL,
  `const` int NOT NULL DEFAULT '0',
  PRIMARY KEY (`id`),
  KEY `products_user_id_foreign` (`user_id`),
  CONSTRAINT `products_user_id_foreign` FOREIGN KEY (`user_id`) REFERENCES `users` (`id`) ON DELETE CASCADE
) ENGINE=InnoDB AUTO_INCREMENT=6 DEFAULT CHARSET=utf8mb4 COLLATE=utf8mb4_unicode_ci;

--
-- Dumping data for table `products`
--

INSERT INTO `products` (`id`, `image`, `user_id`, `mainprice`, `discount`, `stoke`, `option`, `code`, `status`, `reason`, `deleted_at`, `created_at`, `updated_at`, `checked`, `knetPay`, `arrivalTime`, `Thread_options`, `defualt_Thread_count`, `news`, `checkWhatsapp`, `nameOfCart`, `defualt_Thread_count_showed`, `const`) VALUES (1,'2025-03-23-b5bd8ee7cec3fdd60763df3a12c90393.png',1,12.00,11.00,22,NULL,'2222','active',NULL,NULL,'2025-03-23 09:57:56','2025-03-23 10:03:30',1,0,NULL,0,33,NULL,NULL,NULL,NULL,0),(2,NULL,NULL,0.00,0.00,0,NULL,NULL,'pending',NULL,'2025-05-13 16:45:24','2025-05-10 14:52:03','2025-05-13 16:45:24',1,0,NULL,0,33,NULL,NULL,NULL,NULL,0),(3,NULL,NULL,0.00,0.00,0,NULL,NULL,'pending',NULL,'2025-05-13 16:45:20','2025-05-13 08:21:51','2025-05-13 16:45:20',1,0,NULL,0,33,NULL,NULL,NULL,NULL,0),(4,NULL,NULL,0.00,0.00,0,NULL,NULL,'pending',NULL,'2025-05-13 16:45:15','2025-05-13 08:28:20','2025-05-13 16:45:15',1,0,NULL,0,33,NULL,NULL,NULL,NULL,0),(5,'2025-05-13-45e24e8242329c7b774425a41b41ea93.png',1,100.00,50.00,7,NULL,'hghj','active',NULL,NULL,'2025-05-13 16:45:31','2025-05-13 16:46:24',1,0,NULL,0,33,NULL,NULL,NULL,NULL,0);

--
-- Table structure for table `public_notifcations`
--

CREATE TABLE `public_notifcations` (
  `id` int unsigned NOT NULL AUTO_INCREMENT,
  `user_id` int unsigned DEFAULT NULL,
  `title` varchar(255) CHARACTER SET utf8mb4 COLLATE utf8mb4_unicode_ci NOT NULL,
  `message` text CHARACTER SET utf8mb4 COLLATE utf8mb4_unicode_ci NOT NULL,
  `data` text CHARACTER SET utf8mb4 COLLATE utf8mb4_unicode_ci NOT NULL,
  `created_at` timestamp NULL DEFAULT NULL,
  `updated_at` timestamp NULL DEFAULT NULL,
  PRIMARY KEY (`id`),
  KEY `public_notifcations_user_id_foreign` (`user_id`),
  CONSTRAINT `public_notifcations_user_id_foreign` FOREIGN KEY (`user_id`) REFERENCES `users` (`id`) ON DELETE CASCADE
) ENGINE=InnoDB DEFAULT CHARSET=utf8mb4 COLLATE=utf8mb4_unicode_ci;

--
-- Dumping data for table `public_notifcations`
--


--
-- Table structure for table `questions`
--

CREATE TABLE `questions` (
  `id` int unsigned NOT NULL AUTO_INCREMENT,
  `type` varchar(255) COLLATE utf8mb4_unicode_ci NOT NULL,
  `show` int NOT NULL DEFAULT '1',
  `answered` int NOT NULL DEFAULT '0',
  `Sheikh_id` int NOT NULL,
  `user_id` int NOT NULL,
  `question` text COLLATE utf8mb4_unicode_ci,
  `question_answer` text COLLATE utf8mb4_unicode_ci,
  `created_at` timestamp NULL DEFAULT NULL,
  `updated_at` timestamp NULL DEFAULT NULL,
  PRIMARY KEY (`id`)
) ENGINE=InnoDB AUTO_INCREMENT=30 DEFAULT CHARSET=utf8mb4 COLLATE=utf8mb4_unicode_ci;

--
-- Dumping data for table `questions`
--

INSERT INTO `questions` (`id`, `type`, `show`, `answered`, `Sheikh_id`, `user_id`, `question`, `question_answer`, `created_at`, `updated_at`) VALUES (26,'40',1,0,126,87,'ssssssss',NULL,'2025-07-20 09:16:53','2025-07-20 09:16:53'),(27,'40',1,0,123,1,'<p>rterterr</p>','<p>التلابتابلتبالتبلا</p>','2025-07-20 09:18:36','2025-07-20 09:20:18'),(28,'40',1,0,122,1,'<p>صصصصص</p>\r\n\r\n<div id=\"gtx-trans\" style=\"left:978px; position:absolute; top:38.5px\">\r\n<div class=\"gtx-trans-icon\">&nbsp;</div>\r\n</div>','<p>صصصصص</p>','2025-07-20 09:48:18','2025-07-20 09:48:18'),(29,'40',1,0,123,1,'<p>dsfsd</p>',NULL,'2025-07-22 21:22:27','2025-07-22 21:22:27');

--
-- Table structure for table `refund_products`
--

CREATE TABLE `refund_products` (
  `id` int unsigned NOT NULL AUTO_INCREMENT,
  `user_id` int unsigned DEFAULT NULL,
  `product_order_id` int unsigned DEFAULT NULL,
  `product_id` int unsigned DEFAULT NULL,
  `type` varchar(255) CHARACTER SET utf8mb4 COLLATE utf8mb4_unicode_ci DEFAULT NULL,
  `notes` text CHARACTER SET utf8mb4 COLLATE utf8mb4_unicode_ci,
  `created_at` timestamp NULL DEFAULT NULL,
  `updated_at` timestamp NULL DEFAULT NULL,
  `restore` int DEFAULT '0',
  PRIMARY KEY (`id`),
  KEY `refund_products_user_id_foreign` (`user_id`),
  KEY `refund_products_product_id_foreign` (`product_id`),
  KEY `refund_products_product_order_id_foreign` (`product_order_id`),
  CONSTRAINT `refund_products_product_id_foreign` FOREIGN KEY (`product_id`) REFERENCES `products` (`id`) ON DELETE CASCADE,
  CONSTRAINT `refund_products_product_order_id_foreign` FOREIGN KEY (`product_order_id`) REFERENCES `product_orders` (`id`) ON DELETE CASCADE,
  CONSTRAINT `refund_products_user_id_foreign` FOREIGN KEY (`user_id`) REFERENCES `users` (`id`) ON DELETE CASCADE
) ENGINE=InnoDB DEFAULT CHARSET=utf8mb4 COLLATE=utf8mb4_unicode_ci;

--
-- Dumping data for table `refund_products`
--


--
-- Table structure for table `region_translations`
--

CREATE TABLE `region_translations` (
  `id` int unsigned NOT NULL AUTO_INCREMENT,
  `region_id` int unsigned NOT NULL,
  `name` varchar(255) CHARACTER SET utf8mb4 COLLATE utf8mb4_unicode_ci NOT NULL,
  `locale` varchar(255) CHARACTER SET utf8mb4 COLLATE utf8mb4_unicode_ci NOT NULL,
  `created_at` timestamp NULL DEFAULT NULL,
  `updated_at` timestamp NULL DEFAULT NULL,
  `arrival` varchar(191) CHARACTER SET utf8mb4 COLLATE utf8mb4_unicode_ci DEFAULT NULL,
  PRIMARY KEY (`id`),
  UNIQUE KEY `region_translations_region_id_locale_unique` (`region_id`,`locale`),
  KEY `region_translations_locale_index` (`locale`)
) ENGINE=InnoDB AUTO_INCREMENT=303 DEFAULT CHARSET=utf8mb4 COLLATE=utf8mb4_unicode_ci;

--
-- Dumping data for table `region_translations`
--

INSERT INTO `region_translations` (`id`, `region_id`, `name`, `locale`, `created_at`, `updated_at`, `arrival`) VALUES (37,19,'مدينة الكويت','ar',NULL,NULL,'بعد ٢٤ ساعة'),(38,19,'kuwait City','en',NULL,NULL,'After 24 Hours'),(39,20,'دسمان','ar',NULL,NULL,'بعد ٢٤ ساعة'),(40,20,'Dasman','en',NULL,NULL,'After 24 Hours'),(41,21,'شرق','ar',NULL,NULL,'بعد ٢٤ ساعة'),(42,21,'Sharq','en',NULL,NULL,'After 24 Hours'),(43,22,'الصوابر','ar',NULL,NULL,'بعد ٢٤ ساعة'),(44,22,'Sawber','en',NULL,NULL,'After 24 Hours'),(45,23,'المرقاب','ar',NULL,NULL,'بعد ٢٤ ساعة'),(46,23,'Mirqab','en',NULL,NULL,'After 24 Hours'),(47,24,'القبلة','ar',NULL,NULL,'بعد ٢٤ ساعة'),(48,24,'Qibla','en',NULL,NULL,'After 24 Hours'),(49,25,'الصالحية','ar',NULL,NULL,'بعد ٢٤ ساعة'),(50,25,'Salhiya','en',NULL,NULL,'After 24 Hours'),(51,26,'الوطية','ar',NULL,NULL,'بعد ٢٤ ساعة'),(52,26,'Watiya','en',NULL,NULL,'After 24 Hours'),(53,27,'بنيد القار','ar',NULL,NULL,'بعد ٢٤ ساعة'),(54,27,'Binid elgar','en',NULL,NULL,'After 24 Hours'),(55,28,'كيفان','ar',NULL,NULL,'بعد ٢٤ ساعة'),(56,28,'Kefan','en',NULL,NULL,'After 24 Hours'),(57,29,'الدوحة','ar',NULL,NULL,'بعد ٢٤ ساعة'),(58,29,'Douha','en',NULL,NULL,'After 24 Hours'),(59,30,'الدسمة','ar',NULL,NULL,'بعد ٢٤ ساعة'),(60,30,'Dasma','en',NULL,NULL,'After 24 Hours'),(61,31,'الدعية','ar',NULL,NULL,'بعد ٢٤ ساعة'),(62,31,'Daiya','en',NULL,NULL,'After 24 Hours'),(63,32,'المنصورية','ar',NULL,NULL,'بعد ٢٤ ساعة'),(64,32,'Mansoriya','en',NULL,NULL,'After 24 Hours'),(65,33,'ضاحية عبد الله السالم','ar',NULL,NULL,'بعد ٢٤ ساعة'),(66,33,'Abdulallah al-salem','en',NULL,NULL,'After 24 Hours'),(67,34,'النزهة','ar',NULL,NULL,'بعد ٢٤ ساعة'),(68,34,'Nuzha','en',NULL,NULL,'After 24 Hours'),(69,35,'الفيحاء','ar',NULL,NULL,'بعد ٢٤ ساعة'),(70,35,'Fayha','en',NULL,NULL,'After 24 Hours'),(71,36,'الشامية','ar',NULL,NULL,'بعد ٢٤ ساعة'),(72,36,'Shamiya','en',NULL,NULL,'After 24 Hours'),(73,37,'الروضة','ar',NULL,NULL,'بعد ٢٤ ساعة'),(74,37,'Rowda','en',NULL,NULL,'After 24 Hours'),(75,38,'العديلية','ar',NULL,NULL,'بعد ٢٤ ساعة'),(76,38,'Adileya','en',NULL,NULL,'After 24 Hours'),(77,39,'الخالدية','ar',NULL,NULL,'بعد ٢٤ ساعة'),(78,39,'khaldiya','en',NULL,NULL,'After 24 Hours'),(79,40,'القادسية','ar',NULL,NULL,'بعد ٢٤ ساعة'),(80,40,'Qadisya','en',NULL,NULL,'After 24 Hours'),(81,41,'قرطبة','ar',NULL,NULL,'بعد ٢٤ ساعة'),(82,41,'Qurtoba','en',NULL,NULL,'After 24 Hours'),(83,42,'السرة','ar',NULL,NULL,'بعد ٢٤ ساعة'),(84,42,'Sorra','en',NULL,NULL,'After 24 Hours'),(85,43,'اليرموك','ar',NULL,NULL,'بعد ٢٤ ساعة'),(86,43,'Yarmouk','en',NULL,NULL,'After 24 Hours'),(87,44,'الشويخ','ar',NULL,NULL,'بعد ٢٤ ساعة'),(88,44,'Shiwayakh','en',NULL,NULL,'After 24 Hours'),(89,45,'الري','ar',NULL,NULL,'بعد ٢٤ ساعة'),(90,45,'Alrai','en',NULL,NULL,'After 24 Hours'),(91,46,'غرناطة','ar',NULL,NULL,'بعد ٢٤ ساعة'),(92,46,'Granada','en',NULL,NULL,'After 24 Hours'),(93,47,'الصليبيخات','ar',NULL,NULL,'بعد ٢٤ ساعة'),(94,47,'Sulibkhat','en',NULL,NULL,'After 24 Hours'),(95,48,'النهضة','ar',NULL,NULL,'بعد ٢٤ ساعة'),(96,48,'Nahda','en',NULL,NULL,'After 24 Hours'),(97,49,'مدينة جابر الأحمد','ar',NULL,NULL,'بعد ٢٤ ساعة'),(98,49,'Jaber Al-ahmed city','en',NULL,NULL,'After 24 Hours'),(99,50,'القيروان','ar',NULL,NULL,'بعد ٢٤ ساعة'),(100,50,'Qairawan','en',NULL,NULL,'After 24 Hours'),(101,51,'شمال غرب الصليبيخات','ar',NULL,NULL,'بعد ٢٤ ساعة'),(102,51,'East Sulibkhat','en',NULL,NULL,'After 24 Hours'),(103,52,'الفنطاس','ar',NULL,NULL,'بعد ٢٤ ساعة'),(104,52,'Fintas','en',NULL,NULL,'After 24 Hours'),(105,53,'العقيلة','ar',NULL,NULL,'بعد ٢٤ ساعة'),(106,53,'Eqaila','en',NULL,NULL,'After 24 Hours'),(107,54,'الظهر','ar',NULL,NULL,'بعد ٢٤ ساعة'),(108,54,'Zuhor','en',NULL,NULL,'After 24 Hours'),(109,55,'المقوع','ar',NULL,NULL,'بعد ٢٤ ساعة'),(110,55,'Moqwa','en',NULL,NULL,'After 24 Hours'),(111,56,'المهبولة','ar',NULL,NULL,'بعد ٢٤ ساعة'),(112,56,'Mahbola','en',NULL,NULL,'After 24 Hours'),(113,57,'الرقة','ar',NULL,NULL,'بعد ٢٤ ساعة'),(114,57,'Riqa','en',NULL,NULL,'After 24 Hours'),(115,58,'هدية','ar',NULL,NULL,'بعد ٢٤ ساعة'),(116,58,'Hadiya','en',NULL,NULL,'After 24 Hours'),(117,59,'أبو حليفة','ar',NULL,NULL,'بعد ٢٤ ساعة'),(118,59,'Abu helifa','en',NULL,NULL,'After 24 Hours'),(119,60,'الصباحية','ar',NULL,NULL,'بعد ٢٤ ساعة'),(120,60,'Sabhiya','en',NULL,NULL,'After 24 Hours'),(121,61,'المنقف','ar',NULL,NULL,'بعد ٢٤ ساعة'),(122,61,'Manqaf','en',NULL,NULL,'After 24 Hours'),(123,62,'الفحيحيل','ar',NULL,NULL,'بعد ٢٤ ساعة'),(124,62,'Fahahel','en',NULL,NULL,'After 24 Hours'),(125,63,'الأحمدي','ar',NULL,NULL,'بعد ٢٤ ساعة'),(126,63,'Ahmadi','en',NULL,NULL,'After 24 Hours'),(127,64,'الوفرة','ar',NULL,NULL,'بعد ٢٤ ساعة'),(128,64,'Wafra','en',NULL,NULL,'After 24 Hours'),(129,65,'الزور','ar',NULL,NULL,'بعد ٢٤ ساعة'),(130,65,'Zoor','en',NULL,NULL,'After 24 Hours'),(131,66,'الخيران','ar',NULL,NULL,'بعد ٢٤ ساعة'),(132,66,'Khiyran','en',NULL,NULL,'After 24 Hours'),(133,67,'ميناء عبد الله','ar',NULL,NULL,'بعد ٢٤ ساعة'),(134,67,'Menaa Abdulallah','en',NULL,NULL,'After 24 Hours'),(135,68,'الوفرة الزراعية','ar',NULL,NULL,'بعد ٢٤ ساعة'),(136,68,'Wafra ziraeya','en',NULL,NULL,'After 24 Hours'),(137,69,'بنيدر','ar',NULL,NULL,'بعد ٢٤ ساعة'),(138,69,'Binder','en',NULL,NULL,'After 24 Hours'),(139,70,'الجليعة','ar',NULL,NULL,'بعد ٢٤ ساعة'),(140,70,'Gelaya','en',NULL,NULL,'After 24 Hours'),(141,71,'الضباعية','ar',NULL,NULL,'بعد ٢٤ ساعة'),(142,71,'Dabiya','en',NULL,NULL,'After 24 Hours'),(143,72,'ضاحية جابر العلي','ar',NULL,NULL,'بعد ٢٤ ساعة'),(144,72,'Jaber Al-ali','en',NULL,NULL,'بعد ٢٤ ساعة'),(145,73,'ضاحية فهد الأحمد','ar',NULL,NULL,'بعد ٢٤ ساعة'),(146,73,'Fahd Al-ahmed','en',NULL,NULL,'After 24 Hours'),(147,74,'الشعيبة','ar',NULL,NULL,'بعد ٢٤ ساعة'),(148,74,'Sheeyba','en',NULL,NULL,'After 24 Hours'),(149,75,'واره','ar',NULL,NULL,'بعد ٢٤ ساعة'),(150,75,'Waaraa','en',NULL,NULL,'After 24 Hours'),(151,76,'مدينة صباح الأحمد','ar',NULL,NULL,'بعد ٢٤ ساعة'),(152,76,'Sobah Al-ahmed','en',NULL,NULL,'After 24 Hours'),(153,77,'النويصيب','ar',NULL,NULL,'بعد ٢٤ ساعة'),(154,77,'Nouyseb','en',NULL,NULL,'After 24 Hours'),(155,78,'مدينة الخيران','ar',NULL,NULL,'بعد ٢٤ ساعة'),(156,78,'Khiran City','en',NULL,NULL,'After 24 Hours'),(157,79,'ضاحية علي صباح السالم أم الهيمان سابقاً','ar',NULL,NULL,'بعد ٢٤ ساعة'),(158,79,'Ali Subah Al-salem','en',NULL,NULL,'After 24 Hours'),(159,80,'مدينة صباح الأحمد البحرية','ar',NULL,NULL,'بعد ٢٤ ساعة'),(160,80,'Subah Al-ahmed bahrya','en',NULL,NULL,'After 24 Hours'),(161,81,'أبرق خيطان','ar',NULL,NULL,'بعد ٢٤ ساعة'),(162,81,'Abrq Khitan','en',NULL,NULL,'After 24 Hours'),(163,82,'الأندلس','ar',NULL,NULL,'بعد ٢٤ ساعة'),(164,82,'Andalus','en',NULL,NULL,'After 24 Hours'),(165,83,'اشبيلية','ar',NULL,NULL,'بعد ٢٤ ساعة'),(166,83,'Ashbilya','en',NULL,NULL,'After 24 Hours'),(167,84,'جليب الشيوخ','ar',NULL,NULL,'بعد ٢٤ ساعة'),(168,84,'Jeleeb Al-shwikh','en',NULL,NULL,'After 24 Hours'),(169,85,'خيطان','ar',NULL,NULL,'بعد ٢٤ ساعة'),(170,85,'Khitan','en',NULL,NULL,'After 24 Hours'),(171,86,'خيطان الجديدة','ar',NULL,NULL,'بعد ٢٤ ساعة'),(172,86,'New Khitan','en',NULL,NULL,'After 24 Hours'),(173,87,'العمرية','ar',NULL,NULL,'بعد ٢٤ ساعة'),(174,87,'Omarya','en',NULL,NULL,'After 24 Hours'),(175,88,'العارضية','ar',NULL,NULL,'بعد ٢٤ ساعة'),(176,88,'Ardiya','en',NULL,NULL,'After 24 Hours'),(177,89,'العارضية الصناعية','ar',NULL,NULL,'بعد ٢٤ ساعة'),(178,89,'Ardiya Senaya','en',NULL,NULL,'After 24 Hours'),(179,90,'العباسية','ar',NULL,NULL,'بعد ٢٤ ساعة'),(180,90,'Abasiya','en',NULL,NULL,'After 24 Hours'),(181,91,'الفردوس','ar',NULL,NULL,'بعد ٢٤ ساعة'),(182,91,'Fardaus','en',NULL,NULL,'After 24 Hours'),(183,92,'الفروانية','ar',NULL,NULL,'بعد ٢٤ ساعة'),(184,92,'Farwaniya','en',NULL,NULL,'After 24 Hours'),(185,93,'الحساوي','ar',NULL,NULL,'بعد ٢٤ ساعة'),(186,93,'Hasawi','en',NULL,NULL,'After 24 Hours'),(187,94,'الشدادية','ar',NULL,NULL,'بعد ٢٤ ساعة'),(188,94,'Shadadya','en',NULL,NULL,'After 24 Hours'),(189,95,'الرابية','ar',NULL,NULL,'بعد ٢٤ ساعة'),(190,95,'Rabya','en',NULL,NULL,'After 24 Hours'),(191,96,'الرحاب','ar',NULL,NULL,'بعد ٢٤ ساعة'),(192,96,'Rehab','en',NULL,NULL,'After 24 Hours'),(193,97,'الرقعي','ar',NULL,NULL,'بعد ٢٤ ساعة'),(194,97,'Reqai','en',NULL,NULL,'After 24 Hours'),(195,98,'الري الصناعية','ar',NULL,NULL,'بعد ٢٤ ساعة'),(196,98,'Al-rai senya','en',NULL,NULL,'After 24 Hours'),(197,99,'ضاحية صباح الناصر','ar',NULL,NULL,'بعد ٢٤ ساعة'),(198,99,'Sobah - Al-nasser','en',NULL,NULL,'After 24 Hours'),(199,100,'ضاحية عبد الله المبارك','ar',NULL,NULL,'بعد ٢٤ ساعة'),(200,100,'Abdulallh Mubarak','en',NULL,NULL,'After 24 Hours'),(201,101,'الضجيج','ar',NULL,NULL,'بعد ٢٤ ساعة'),(202,101,'Dagej','en',NULL,NULL,'After 24 Hours'),(203,102,'الصليبية','ar',NULL,NULL,'بعد ٢٤ ساعة'),(204,102,'Salibiya','en',NULL,NULL,'After 24 Hours'),(205,103,'أمغرة','ar',NULL,NULL,'بعد ٢٤ ساعة'),(206,103,'Amgra','en',NULL,NULL,'After 24 Hours'),(207,104,'النعيم','ar',NULL,NULL,'بعد ٢٤ ساعة'),(208,104,'Naeem','en',NULL,NULL,'After 24 Hours'),(209,105,'القصر','ar',NULL,NULL,'بعد ٢٤ ساعة'),(210,105,'Qasr','en',NULL,NULL,'After 24 Hours'),(211,106,'الواحة','ar',NULL,NULL,'بعد ٢٤ ساعة'),(212,106,'Waha','en',NULL,NULL,'After 24 Hours'),(213,107,'تيماء','ar',NULL,NULL,'بعد ٢٤ ساعة'),(214,107,'Tayma','en',NULL,NULL,'After 24 Hours'),(215,108,'النسيم','ar',NULL,NULL,'بعد ٢٤ ساعة'),(216,108,'Nassem','en',NULL,NULL,'After 24 Hours'),(217,109,'العيون','ar',NULL,NULL,'بعد ٢٤ ساعة'),(218,109,'Eyoun','en',NULL,NULL,'After 24 Hours'),(219,110,'القيصرية','ar',NULL,NULL,'بعد ٢٤ ساعة'),(220,110,'Qaysarya','en',NULL,NULL,'After 24 Hours'),(221,111,'العبدلي','ar',NULL,NULL,'بعد ٢٤ ساعة'),(222,111,'Abali','en',NULL,NULL,'After 24 Hours'),(223,112,'الجهراء القديمة','ar',NULL,NULL,'بعد ٢٤ ساعة'),(224,112,'Old Jahra','en',NULL,NULL,'After 24 Hours'),(225,113,'الجهراء الجديدة','ar',NULL,NULL,'بعد ٢٤ ساعة'),(226,113,'New jahra','en',NULL,NULL,'After 24 Hours'),(227,114,'كاظمة','ar',NULL,NULL,'بعد ٢٤ ساعة'),(228,114,'Kazma','en',NULL,NULL,'After 24 Hours'),(229,115,'مدينة سعد العبد الله','ar',NULL,NULL,'بعد ٢٤ ساعة'),(230,115,'Saad - Al-abdullah','en',NULL,NULL,'After 24 Hours'),(231,116,'السالمي','ar',NULL,NULL,'بعد ٢٤ ساعة'),(232,116,'Alsalmi','en',NULL,NULL,'After 24 Hours'),(233,117,'المطلاع','ar',NULL,NULL,'بعد ٢٤ ساعة'),(234,117,'Metlah','en',NULL,NULL,'After 24 Hours'),(235,118,'مدينة الحرير','ar',NULL,NULL,'بعد ٢٤ ساعة'),(236,118,'Harir city','en',NULL,NULL,'After 24 Hours'),(237,119,'كبد','ar',NULL,NULL,'بعد ٢٤ ساعة'),(238,119,'Kabad','en',NULL,NULL,'After 24 Hours'),(239,120,'الروضتين','ar',NULL,NULL,'بعد ٢٤ ساعة'),(240,120,'Rawdaten','en',NULL,NULL,'After 24 Hours'),(241,121,'الصبية','ar',NULL,NULL,'بعد ٢٤ ساعة'),(242,121,'Subya','en',NULL,NULL,'After 24 Hours'),(243,122,'حولي','ar',NULL,NULL,'بعد ٢٤ ساعة'),(244,122,'Hawalli','en',NULL,NULL,'After 24 Hours'),(245,123,'الشعب','ar',NULL,NULL,'بعد ٢٤ ساعة'),(246,123,'Shaab','en',NULL,NULL,'After 24 Hours'),(247,124,'السالمية','ar',NULL,NULL,'بعد ٢٤ ساعة'),(248,124,'Salmya','en',NULL,NULL,'After 24 Hours'),(249,125,'الرميثية','ar',NULL,NULL,'بعد ٢٤ ساعة'),(250,125,'Romythiya','en',NULL,NULL,'After 24 Hours'),(251,126,'الجابرية','ar',NULL,NULL,'بعد ٢٤ ساعة'),(252,126,'Jabrya','en',NULL,NULL,'After 24 Hours'),(253,127,'مشرف','ar',NULL,NULL,'بعد ٢٤ ساعة'),(254,127,'Meshrif','en',NULL,NULL,'After 24 Hours'),(255,128,'بيان','ar',NULL,NULL,'بعد ٢٤ ساعة'),(256,128,'Bayan','en',NULL,NULL,'After 24 Hours'),(257,129,'آلبدع','ar',NULL,NULL,'بعد ٢٤ ساعة'),(258,129,'Albedaa','en',NULL,NULL,'After 24 Hours'),(259,130,'النقرة','ar',NULL,NULL,'بعد ٢٤ ساعة'),(260,130,'Noqra','en',NULL,NULL,'After 24 Hours'),(261,131,'ميدان حولي','ar',NULL,NULL,'بعد ٢٤ ساعة'),(262,131,'Medaan Hawalli','en',NULL,NULL,'After 24 Hours'),(263,132,'ضاحية مبارك العبد الله الجابر','ar',NULL,NULL,'بعد ٢٤ ساعة'),(264,132,'Mubarak Al-adbullah Algaber','en',NULL,NULL,'After 24 Hours'),(265,133,'سلوى','ar',NULL,NULL,'بعد ٢٤ ساعة'),(266,133,'Salwa','en',NULL,NULL,'After 24 Hours'),(267,134,'جنوب السرة','ar',NULL,NULL,'بعد ٢٤ ساعة'),(268,134,'Ganub Al-Surra','en',NULL,NULL,'After 24 Hours'),(269,135,'الزهراء','ar',NULL,NULL,'بعد ٢٤ ساعة'),(270,135,'Al-zahra','en',NULL,NULL,'After 24 Hours'),(271,136,'الصديق','ar',NULL,NULL,'بعد ٢٤ ساعة'),(272,136,'Sedeq','en',NULL,NULL,'After 24 Hours'),(273,137,'حطين','ar',NULL,NULL,'بعد ٢٤ ساعة'),(274,137,'Hiten','en',NULL,NULL,'After 24 Hours'),(275,138,'السلام','ar',NULL,NULL,'بعد ٢٤ ساعة'),(276,138,'Alsalam','en',NULL,NULL,'After 24 Hours'),(277,139,'الشهداء','ar',NULL,NULL,'بعد ٢٤ ساعة'),(278,139,'Showhada','en',NULL,NULL,'After 24 Hours'),(279,140,'العدان','ar',NULL,NULL,'بعد ٢٤ ساعة'),(280,140,'Adan','en',NULL,NULL,'After 24 Hours'),(281,141,'القصور','ar',NULL,NULL,'بعد ٢٤ ساعة'),(282,141,'Qusor','en',NULL,NULL,'After 24 Hours'),(283,142,'القرين','ar',NULL,NULL,'بعد ٢٤ ساعة'),(284,142,'Quren','en',NULL,NULL,'After 24 Hours'),(285,143,'ضاحية صباح السالم','ar',NULL,NULL,'بعد ٢٤ ساعة'),(286,143,'Subah Al-salem','en',NULL,NULL,'After 24 Hours'),(287,144,'المسيلة','ar',NULL,NULL,'بعد ٢٤ ساعة'),(288,144,'Mesilya','en',NULL,NULL,'After 24 Hours'),(289,145,'المسايل','ar',NULL,NULL,'بعد ٢٤ ساعة'),(290,145,'Masayel','en',NULL,NULL,'After 24 Hours'),(291,146,'أبو فطيرة','ar',NULL,NULL,'بعد ٢٤ ساعة'),(292,146,'Abu fetra','en',NULL,NULL,'After 24 Hours'),(293,147,'أبو الحصانية','ar',NULL,NULL,'بعد ٢٤ ساعة'),(294,147,'Abu Alhusanya','en',NULL,NULL,'After 24 Hours'),(295,148,'صبحان','ar',NULL,NULL,'بعد ٢٤ ساعة'),(296,148,'Sabhan','en',NULL,NULL,'After 24 Hours'),(297,149,'الفنيطيس','ar',NULL,NULL,'بعد ٢٤ ساعة'),(298,149,'Fintes','en',NULL,NULL,'After 24 Hours'),(301,151,'ضاحيه مبارك الكبير','ar',NULL,NULL,'ضاحيه مبارك الكبير'),(302,151,'ضاحيه مبارك الكبير','en',NULL,NULL,'ضاحيه مبارك الكبير');

--
-- Table structure for table `regions`
--

CREATE TABLE `regions` (
  `id` int unsigned NOT NULL AUTO_INCREMENT,
  `status` tinyint(1) NOT NULL DEFAULT '1',
  `address_address` varchar(255) CHARACTER SET utf8mb4 COLLATE utf8mb4_unicode_ci NOT NULL,
  `address_latitude` double NOT NULL,
  `address_longitude` double NOT NULL,
  `governments_id` int unsigned NOT NULL,
  `created_at` timestamp NULL DEFAULT NULL,
  `updated_at` timestamp NULL DEFAULT NULL,
  PRIMARY KEY (`id`),
  KEY `regions_governments_id_foreign` (`governments_id`)
) ENGINE=InnoDB AUTO_INCREMENT=152 DEFAULT CHARSET=utf8mb4 COLLATE=utf8mb4_unicode_ci;

--
-- Dumping data for table `regions`
--

INSERT INTO `regions` (`id`, `status`, `address_address`, `address_latitude`, `address_longitude`, `governments_id`, `created_at`, `updated_at`) VALUES (19,1,'مدينة الكويت',0,0,8,'2022-08-25 10:34:31','2022-08-25 10:34:31'),(20,1,'دسمان',0,0,8,'2022-08-25 10:36:00','2022-08-25 10:36:00'),(21,1,'شرق',0,0,8,'2022-08-25 10:36:31','2022-08-25 10:36:31'),(22,1,'الصوابر',0,0,8,'2022-08-25 10:41:53','2022-08-25 10:41:53'),(23,1,'المرقاب',0,0,8,'2022-08-25 10:42:29','2022-08-25 10:42:29'),(24,1,'القبلة',0,0,8,'2022-08-25 10:42:56','2022-08-25 10:42:56'),(25,1,'الصالحية',0,0,8,'2022-08-25 10:43:27','2022-08-25 10:43:27'),(26,1,'الوطية',0,0,8,'2022-08-25 10:43:58','2022-08-25 10:43:58'),(27,1,'بنيد القار',0,0,8,'2022-08-25 10:44:54','2022-08-25 10:44:54'),(28,1,'كيفان',0,0,8,'2022-08-25 10:45:21','2022-08-25 10:45:21'),(29,1,'الدوحة',0,0,8,'2022-08-25 10:46:27','2022-08-25 10:46:27'),(30,1,'الدسمة',0,0,8,'2022-08-25 10:46:52','2022-08-25 10:46:52'),(31,1,'الدعية',0,0,8,'2022-08-25 10:48:10','2022-08-25 10:48:10'),(32,1,'المنصورية',0,0,8,'2022-08-25 10:48:40','2022-08-25 10:48:40'),(33,1,'ضاحية عبد الله السالم',0,0,8,'2022-08-25 10:49:23','2022-08-25 10:49:23'),(34,1,'النزهة',0,0,8,'2022-08-25 10:49:56','2022-08-25 10:49:56'),(35,1,'الفيحاء',0,0,8,'2022-08-25 10:50:29','2022-08-25 10:50:29'),(36,1,'الشامية',0,0,8,'2022-08-25 10:51:07','2022-08-25 10:51:07'),(37,1,'الروضة',0,0,8,'2022-08-25 10:51:48','2022-08-25 10:51:48'),(38,1,'العديلية',0,0,8,'2022-08-25 10:52:21','2022-08-25 10:52:21'),(39,1,'الخالدية',0,0,8,'2022-08-25 10:53:18','2022-08-25 10:53:18'),(40,1,'القادسية',0,0,8,'2022-08-25 10:53:43','2022-08-25 10:53:43'),(41,1,'قرطبة',0,0,8,'2022-08-25 10:54:11','2022-08-25 10:54:11'),(42,1,'السرة',0,0,8,'2022-08-25 10:54:40','2022-08-25 10:54:40'),(43,1,'اليرموك',0,0,8,'2022-08-25 10:55:09','2022-08-25 10:55:09'),(44,1,'الشويخ',0,0,8,'2022-08-25 10:55:54','2022-08-25 10:55:54'),(45,1,'الري',0,0,8,'2022-08-25 10:56:14','2022-08-25 10:56:14'),(46,1,'غرناطة، Kuwait',29.312521,47.8785532,8,'2022-08-25 10:57:53','2022-08-25 10:57:53'),(47,1,'الصليبيخات',29.312521,47.8785532,8,'2022-08-25 10:59:18','2022-08-25 10:59:18'),(48,1,'النهضة',29.312521,47.8785532,8,'2022-08-25 10:59:50','2022-08-25 10:59:50'),(49,1,'مدينة جابر الأحمد',29.312521,47.8785532,8,'2022-08-25 11:00:29','2022-08-25 11:00:29'),(50,1,'القيروان',29.312521,47.8785532,8,'2022-08-25 11:01:01','2022-08-25 11:01:01'),(51,1,'شمال غرب الصليبيخات',29.312521,47.8785532,8,'2022-08-25 11:02:03','2022-08-25 11:02:03'),(52,1,'الفنطاس',29.312521,47.8785532,9,'2022-08-25 11:02:23','2022-08-25 11:02:23'),(53,1,'العقيلة',29.312521,47.8785532,9,'2022-08-25 11:02:49','2022-08-25 11:02:49'),(54,1,'الظهر',29.312521,47.8785532,9,'2022-08-25 11:03:15','2022-08-25 11:03:15'),(55,1,'المقوع',29.312521,47.8785532,9,'2022-08-25 11:03:52','2022-08-25 11:03:52'),(56,1,'المهبولة',29.312521,47.8785532,9,'2022-08-25 11:08:24','2022-08-25 11:08:24'),(57,1,'الرقة',29.312521,47.8785532,9,'2022-08-25 11:08:46','2022-08-25 11:08:46'),(58,1,'هدية',29.312521,47.8785532,9,'2022-08-25 11:09:06','2022-08-25 11:09:06'),(59,1,'أبو حليفة',29.312521,47.8785532,9,'2022-08-25 11:09:46','2022-08-25 11:09:46'),(60,1,'الصباحية',29.312521,47.8785532,9,'2022-08-25 11:10:14','2022-08-25 11:10:14'),(61,1,'المنقف',29.312521,47.8785532,9,'2022-08-25 11:10:44','2022-08-25 11:10:44'),(62,1,'الفحيحيل',29.312521,47.8785532,9,'2022-08-25 11:11:17','2022-08-25 11:11:17'),(63,1,'الأحمدي',29.312521,47.8785532,9,'2022-08-25 11:11:52','2022-08-25 11:11:52'),(64,1,'الوفرة',29.312521,47.8785532,9,'2022-08-25 11:12:12','2022-08-25 11:12:12'),(65,1,'الزور',29.312521,47.8785532,9,'2022-08-25 11:12:36','2022-08-25 11:12:36'),(66,1,'الخيران',29.312521,47.8785532,9,'2022-08-25 11:13:08','2022-08-25 11:13:08'),(67,1,'ميناء عبد الله',29.312521,47.8785532,9,'2022-08-25 11:13:55','2022-08-25 11:13:55'),(68,1,'الوفرة الزراعية',29.312521,47.8785532,9,'2022-08-25 11:14:28','2022-08-25 11:14:28'),(69,1,'بنيدر',29.312521,47.8785532,9,'2022-08-25 11:14:58','2022-08-25 11:14:58'),(70,1,'الجليعة',29.312521,47.8785532,9,'2022-08-25 11:15:37','2022-08-25 11:15:37'),(71,1,'الضباعية',29.312521,47.8785532,9,'2022-08-25 11:16:05','2022-08-25 11:16:05'),(72,1,'ضاحية جابر العلي',29.312521,47.8785532,9,'2022-08-25 11:16:38','2022-08-25 11:16:38'),(73,1,'ضاحية فهد الأحمد',29.312521,47.8785532,9,'2022-08-25 11:17:13','2022-08-25 11:17:13'),(74,1,'الشعيبة',29.312521,47.8785532,9,'2022-08-25 11:17:41','2022-08-25 11:17:41'),(75,1,'واره',29.312521,47.8785532,9,'2022-08-25 11:18:02','2022-08-25 11:18:02'),(76,1,'مدينة صباح الأحمد',29.312521,47.8785532,9,'2022-08-25 11:18:43','2022-08-25 11:18:43'),(77,1,'النويصيب',29.312521,47.8785532,9,'2022-08-25 11:19:20','2022-08-25 11:19:20'),(78,1,'مدينة الخيران',29.312521,47.8785532,9,'2022-08-25 11:19:53','2022-08-25 11:19:53'),(79,1,'ضاحية علي صباح السالم أم الهيمان سابقاً',29.312521,47.8785532,9,'2022-08-25 11:20:38','2022-08-25 11:20:38'),(80,1,'مدينة صباح الأحمد البحرية',29.312521,47.8785532,9,'2022-08-25 11:21:22','2022-08-25 11:21:22'),(81,1,'Abrq Khitan',29.312521,47.8785532,10,'2022-08-25 11:22:08','2022-08-25 11:22:08'),(82,1,'الأندلس',29.312521,47.8785532,10,'2022-08-25 11:22:29','2022-08-25 11:22:29'),(83,1,'اشبيلية',29.312521,47.8785532,10,'2022-08-25 11:23:08','2022-08-25 11:23:08'),(84,1,'جليب الشيوخ',29.312521,47.8785532,10,'2022-08-25 11:23:43','2022-08-25 11:23:43'),(85,1,'خيطان',29.312521,47.8785532,10,'2022-08-25 11:24:06','2022-08-25 11:24:06'),(86,1,'خيطان الجديدة',29.312521,47.8785532,10,'2022-08-25 11:24:30','2022-08-25 11:24:30'),(87,1,'العمرية',29.312521,47.8785532,10,'2022-08-25 11:24:58','2022-08-25 11:24:58'),(88,1,'العارضية',29.312521,47.8785532,10,'2022-08-25 11:25:22','2022-08-25 11:25:22'),(89,1,'العارضية الصناعية',29.312521,47.8785532,10,'2022-08-25 11:26:01','2022-08-25 11:26:01'),(90,1,'العباسية',29.312521,47.8785532,10,'2022-08-25 11:26:30','2022-08-25 11:26:30'),(91,1,'الفردوس',29.312521,47.8785532,10,'2022-08-25 11:27:01','2022-08-25 11:27:01'),(92,1,'الفروانية',29.312521,47.8785532,10,'2022-08-25 11:27:27','2022-08-25 11:27:27'),(93,1,'الحساوي',29.312521,47.8785532,10,'2022-08-25 11:27:52','2022-08-25 11:27:52'),(94,1,'الشدادية',0,0,10,'2022-08-25 11:31:28','2022-08-25 11:31:28'),(95,1,'الرابية',0,0,10,'2022-08-25 11:31:56','2022-08-25 11:31:56'),(96,1,'الرحاب',0,0,10,'2022-08-25 11:32:37','2022-08-25 11:32:37'),(97,1,'الرقعي',0,0,10,'2022-08-25 11:34:15','2022-08-25 11:34:15'),(98,1,'الري الصناعية',0,0,10,'2022-08-25 11:34:49','2022-08-25 11:34:49'),(99,1,'ضاحية صباح الناصر',0,0,10,'2022-08-25 11:35:48','2022-08-25 11:35:48'),(100,1,'ضاحية عبد الله المبارك',0,0,10,'2022-08-25 11:36:25','2022-08-25 11:36:25'),(101,1,'Dagej',0,0,10,'2022-08-25 11:37:32','2022-08-25 11:37:32'),(102,1,'الصليبية',0,0,11,'2022-08-25 11:38:04','2022-08-25 11:38:04'),(103,1,'أمغرة',0,0,11,'2022-08-25 11:38:29','2022-08-25 11:38:29'),(104,1,'Naeem',0,0,11,'2022-08-25 11:39:03','2022-08-25 11:39:03'),(105,1,'القصر',0,0,11,'2022-08-25 11:42:07','2022-08-25 11:42:07'),(106,1,'الواحة',0,0,11,'2022-08-25 11:42:30','2022-08-25 11:42:30'),(107,1,'تيماء',0,0,11,'2022-08-25 11:42:50','2022-08-25 11:42:50'),(108,1,'النسيم',0,0,11,'2022-08-25 11:43:13','2022-08-25 11:43:13'),(109,1,'العيون',0,0,11,'2022-08-25 11:43:44','2022-08-25 11:43:44'),(110,1,'القيصرية',0,0,11,'2022-08-25 11:44:37','2022-08-25 11:44:37'),(111,1,'العبدلي',0,0,11,'2022-08-25 11:45:06','2022-08-25 11:45:06'),(112,1,'الجهراء القديمة',0,0,11,'2022-08-25 11:46:42','2022-08-25 11:46:42'),(113,1,'New jahra',0,0,11,'2022-08-25 11:47:31','2022-08-25 11:47:31'),(114,1,'كاظمة',0,0,11,'2022-08-25 11:47:48','2022-08-25 11:47:48'),(115,1,'مدينة سعد العبد الله',0,0,11,'2022-08-25 11:48:22','2022-08-25 11:48:22'),(116,1,'السالمي',0,0,11,'2022-08-25 11:48:52','2022-08-25 11:48:52'),(117,1,'المطلاع',0,0,11,'2022-08-25 11:49:24','2022-08-25 11:49:24'),(118,1,'مدينة الحرير',0,0,11,'2022-08-25 11:50:13','2022-08-25 11:50:13'),(119,1,'كبد',0,0,11,'2022-08-25 11:50:44','2022-08-25 11:50:44'),(120,1,'الروضتين',0,0,11,'2022-08-25 11:51:21','2022-08-25 11:51:21'),(121,1,'الصبية',0,0,11,'2022-08-25 11:51:47','2022-08-25 11:51:47'),(122,1,'حولي',0,0,12,'2022-08-25 11:52:26','2022-08-25 11:52:26'),(123,1,'الشعب',0,0,12,'2022-08-25 11:52:47','2022-08-25 11:52:47'),(124,1,'السالمية',0,0,12,'2022-08-25 11:53:07','2022-08-25 11:53:07'),(125,1,'الرميثية',0,0,12,'2022-08-25 11:53:52','2022-08-25 11:53:52'),(126,1,'الجابرية',0,0,12,'2022-08-25 11:54:15','2022-08-25 11:54:15'),(127,1,'مشرف',0,0,12,'2022-08-25 11:54:39','2022-08-25 11:54:39'),(128,1,'بيان',0,0,12,'2022-08-25 11:54:57','2022-08-25 11:54:57'),(129,1,'آلبدع',0,0,12,'2022-08-25 11:55:23','2022-08-25 11:55:23'),(130,1,'النقرة',0,0,12,'2022-08-25 11:55:53','2022-08-25 11:55:53'),(131,1,'ميدان حولي',0,0,12,'2022-08-25 11:56:15','2022-08-25 11:56:15'),(132,1,'ضاحية مبارك العبد الله الجابر',0,0,12,'2022-08-25 11:57:05','2022-08-25 11:57:05'),(133,1,'سلوى',0,0,12,'2022-08-25 11:57:23','2022-08-25 11:57:23'),(134,1,'جنوب السرة',0,0,12,'2022-08-25 11:57:54','2022-08-25 11:57:54'),(135,1,'الزهراء',0,0,12,'2022-08-25 11:58:27','2022-08-25 11:58:27'),(136,1,'الصديق',0,0,12,'2022-08-25 11:59:17','2022-08-25 11:59:17'),(137,1,'حطين',0,0,12,'2022-08-25 11:59:57','2022-08-25 11:59:57'),(138,1,'السلام',0,0,12,'2022-08-25 12:01:35','2022-08-25 12:01:35'),(139,1,'الشهداء',0,0,12,'2022-08-25 12:02:07','2022-08-25 12:02:07'),(140,1,'العدان',0,0,13,'2022-08-25 12:02:29','2022-08-25 12:02:29'),(141,1,'القصور',0,0,13,'2022-08-25 12:02:59','2022-08-25 12:02:59'),(142,1,'القرين',0,0,13,'2022-08-25 12:03:31','2022-08-25 12:03:31'),(143,1,'ضاحية صباح السالم',0,0,13,'2022-08-25 12:04:02','2022-08-25 12:04:02'),(144,1,'المسيلة',0,0,13,'2022-08-25 12:04:27','2022-08-25 12:04:27'),(145,1,'المسايل',0,0,13,'2022-08-25 12:04:54','2022-08-25 12:04:54'),(146,1,'أبو فطيرة',0,0,13,'2022-08-25 12:05:20','2022-08-25 12:05:20'),(147,1,'أبو الحصانية',0,0,13,'2022-08-25 12:05:57','2022-08-25 12:05:57'),(148,1,'صبحان',0,0,13,'2022-08-25 12:06:25','2022-08-25 12:06:25'),(149,1,'الفنيطيس',0,0,13,'2022-08-25 12:06:55','2022-08-25 12:06:55'),(151,1,'مبارك الكبير، الكويت‎',29.1886698,48.0806909,13,'2022-08-28 01:58:47','2022-08-28 01:58:47');

--
-- Table structure for table `role_user`
--

CREATE TABLE `role_user` (
  `role_id` bigint unsigned NOT NULL,
  `user_id` bigint unsigned NOT NULL,
  `user_type` varchar(255) CHARACTER SET utf8mb4 COLLATE utf8mb4_unicode_ci NOT NULL,
  PRIMARY KEY (`user_id`,`role_id`,`user_type`),
  KEY `role_user_role_id_foreign` (`role_id`),
  CONSTRAINT `role_user_role_id_foreign` FOREIGN KEY (`role_id`) REFERENCES `roles` (`id`) ON DELETE CASCADE ON UPDATE CASCADE
) ENGINE=InnoDB DEFAULT CHARSET=utf8mb4 COLLATE=utf8mb4_unicode_ci;

--
-- Dumping data for table `role_user`
--

INSERT INTO `role_user` (`role_id`, `user_id`, `user_type`) VALUES (1,1,'App\\Models\\User'),(2,3,'App\\Models\\User'),(2,6,'App\\Models\\User'),(2,7,'App\\Models\\User'),(2,8,'App\\Models\\User'),(2,9,'App\\Models\\User'),(2,10,'App\\Models\\User'),(2,11,'App\\Models\\User'),(2,12,'App\\Models\\User'),(2,15,'App\\Models\\User'),(2,18,'App\\Models\\User'),(2,19,'App\\Models\\User'),(2,24,'App\\Models\\User'),(2,27,'App\\Models\\User'),(2,39,'App\\Models\\User'),(2,40,'App\\Models\\User'),(2,41,'App\\Models\\User'),(2,42,'App\\Models\\User'),(2,43,'App\\Models\\User'),(2,44,'App\\Models\\User'),(2,45,'App\\Models\\User'),(2,46,'App\\Models\\User'),(2,57,'App\\Models\\User'),(2,59,'App\\Models\\User'),(2,60,'App\\Models\\User'),(2,61,'App\\Models\\User'),(2,62,'App\\Models\\User'),(2,63,'App\\Models\\User'),(2,64,'App\\Models\\User'),(2,65,'App\\Models\\User'),(2,66,'App\\Models\\User'),(2,67,'App\\Models\\User'),(2,68,'App\\Models\\User'),(2,69,'App\\Models\\User'),(2,70,'App\\Models\\User'),(2,71,'App\\Models\\User'),(2,72,'App\\Models\\User'),(2,73,'App\\Models\\User'),(2,74,'App\\Models\\User'),(2,75,'App\\Models\\User'),(2,76,'App\\Models\\User'),(2,77,'App\\Models\\User'),(2,78,'App\\Models\\User'),(2,79,'App\\Models\\User'),(2,80,'App\\Models\\User'),(2,81,'App\\Models\\User'),(2,82,'App\\Models\\User'),(2,83,'App\\Models\\User'),(2,84,'App\\Models\\User'),(2,85,'App\\Models\\User'),(2,87,'App\\Models\\User'),(2,98,'App\\Models\\User'),(2,99,'App\\Models\\User'),(2,100,'App\\Models\\User'),(2,101,'App\\Models\\User'),(2,102,'App\\Models\\User'),(2,103,'App\\Models\\User'),(2,104,'App\\Models\\User'),(2,105,'App\\Models\\User'),(2,106,'App\\Models\\User'),(2,107,'App\\Models\\User'),(3,55,'App\\Models\\User'),(3,58,'App\\Models\\User'),(3,122,'App\\Models\\User'),(3,123,'App\\Models\\User'),(3,124,'App\\Models\\User'),(3,125,'App\\Models\\User'),(3,126,'App\\Models\\User'),(3,127,'App\\Models\\User'),(3,128,'App\\Models\\User'),(3,129,'App\\Models\\User'),(3,130,'App\\Models\\User'),(6,122,'App\\Models\\User'),(6,123,'App\\Models\\User'),(6,124,'App\\Models\\User'),(6,125,'App\\Models\\User'),(6,126,'App\\Models\\User'),(6,127,'App\\Models\\User'),(6,128,'App\\Models\\User'),(6,129,'App\\Models\\User'),(6,130,'App\\Models\\User'),(7,121,'App\\Models\\User');

--
-- Table structure for table `roles`
--

CREATE TABLE `roles` (
  `id` bigint unsigned NOT NULL AUTO_INCREMENT,
  `name` varchar(255) CHARACTER SET utf8mb4 COLLATE utf8mb4_unicode_ci NOT NULL,
  `display_name` varchar(255) CHARACTER SET utf8mb4 COLLATE utf8mb4_unicode_ci DEFAULT NULL,
  `description` varchar(255) CHARACTER SET utf8mb4 COLLATE utf8mb4_unicode_ci DEFAULT NULL,
  `created_at` timestamp NULL DEFAULT NULL,
  `updated_at` timestamp NULL DEFAULT NULL,
  PRIMARY KEY (`id`),
  UNIQUE KEY `roles_name_unique` (`name`)
) ENGINE=InnoDB AUTO_INCREMENT=8 DEFAULT CHARSET=utf8mb4 COLLATE=utf8mb4_unicode_ci;

--
-- Dumping data for table `roles`
--

INSERT INTO `roles` (`id`, `name`, `display_name`, `description`, `created_at`, `updated_at`) VALUES (1,'super_admin','Super Admin','Super Admin','2022-06-21 09:32:18','2022-06-21 09:32:18'),(2,'clients','Clients','Clients','2022-06-21 09:32:18','2022-06-21 09:32:18'),(3,'admin','Admin','Admin','2022-06-21 09:32:18','2022-06-21 09:32:18'),(6,'Sheikh',NULL,NULL,'2022-11-20 13:44:46','2025-03-29 12:40:58'),(7,'Tager',NULL,NULL,'2025-04-02 19:38:32','2025-04-02 19:38:32');

--
-- Table structure for table `shipping_type_translations`
--

CREATE TABLE `shipping_type_translations` (
  `id` int unsigned NOT NULL AUTO_INCREMENT,
  `shipping_type_id` int unsigned NOT NULL,
  `title` varchar(255) CHARACTER SET utf8mb4 COLLATE utf8mb4_unicode_ci DEFAULT NULL,
  `locale` varchar(255) CHARACTER SET utf8mb4 COLLATE utf8mb4_unicode_ci NOT NULL,
  `created_at` timestamp NULL DEFAULT NULL,
  `updated_at` timestamp NULL DEFAULT NULL,
  PRIMARY KEY (`id`),
  UNIQUE KEY `shipping_type_translations_shipping_type_id_locale_unique` (`shipping_type_id`,`locale`),
  CONSTRAINT `shipping_type_translations_shipping_type_id_foreign` FOREIGN KEY (`shipping_type_id`) REFERENCES `shipping_types` (`id`) ON DELETE CASCADE
) ENGINE=InnoDB AUTO_INCREMENT=13 DEFAULT CHARSET=utf8mb4 COLLATE=utf8mb4_unicode_ci;

--
-- Dumping data for table `shipping_type_translations`
--

INSERT INTO `shipping_type_translations` (`id`, `shipping_type_id`, `title`, `locale`, `created_at`, `updated_at`) VALUES (1,1,'دا النشر','ar',NULL,NULL),(2,1,'دا النشر','en',NULL,NULL),(3,2,'دا النشر2','ar',NULL,NULL),(4,2,'دا النشر2','en',NULL,NULL),(5,3,'دا النشر3','ar',NULL,NULL),(6,3,'دا النشر3','en',NULL,NULL),(7,4,'دا النشر5','ar',NULL,NULL),(8,4,'دا النشر5','en',NULL,NULL),(9,5,'دا النشر6','ar',NULL,NULL),(10,5,'دا النشر6','en',NULL,NULL),(11,6,'دا النشر7','ar',NULL,NULL),(12,6,'دا النشر7','en',NULL,NULL);

--
-- Table structure for table `shipping_types`
--

CREATE TABLE `shipping_types` (
  `id` int unsigned NOT NULL AUTO_INCREMENT,
  `image` varchar(255) CHARACTER SET utf8mb4 COLLATE utf8mb4_unicode_ci DEFAULT NULL,
  `type` int NOT NULL DEFAULT '0',
  `status` int NOT NULL DEFAULT '0',
  `created_at` timestamp NULL DEFAULT NULL,
  `updated_at` timestamp NULL DEFAULT NULL,
  PRIMARY KEY (`id`)
) ENGINE=InnoDB AUTO_INCREMENT=7 DEFAULT CHARSET=utf8mb4 COLLATE=utf8mb4_unicode_ci;

--
-- Dumping data for table `shipping_types`
--

INSERT INTO `shipping_types` (`id`, `image`, `type`, `status`, `created_at`, `updated_at`) VALUES (1,'2025-05-08-0003274_sayo9leh-allah-kol-shay2_415.png',0,1,'2025-04-02 21:11:12','2025-05-08 22:06:57'),(2,'2025-05-08-sdfs.png',0,1,'2025-05-08 22:07:51','2025-05-08 22:07:51'),(3,'2025-05-08-sdfs.png',0,1,'2025-05-08 22:08:06','2025-05-08 22:08:06'),(4,'2025-05-08-sdfs.png',0,1,'2025-05-08 22:08:20','2025-05-08 22:08:20'),(5,'2025-05-08-sdfs.png',0,1,'2025-05-08 22:08:46','2025-05-08 22:08:46'),(6,'2025-05-08-sdfs.png',0,1,'2025-05-08 22:09:02','2025-05-08 22:09:02');

--
-- Table structure for table `short_terms`
--

CREATE TABLE `short_terms` (
  `id` int unsigned NOT NULL AUTO_INCREMENT,
  `Ticket` varchar(255) CHARACTER SET utf8mb4 COLLATE utf8mb4_unicode_ci NOT NULL,
  `AccountNo` varchar(255) CHARACTER SET utf8mb4 COLLATE utf8mb4_unicode_ci NOT NULL,
  `Action` varchar(255) CHARACTER SET utf8mb4 COLLATE utf8mb4_unicode_ci NOT NULL,
  `FirstSymbol` varchar(255) CHARACTER SET utf8mb4 COLLATE utf8mb4_unicode_ci NOT NULL,
  `PriceCurrent` varchar(255) CHARACTER SET utf8mb4 COLLATE utf8mb4_unicode_ci NOT NULL,
  `PriceOpen` varchar(255) CHARACTER SET utf8mb4 COLLATE utf8mb4_unicode_ci NOT NULL,
  `PriceSL` varchar(255) CHARACTER SET utf8mb4 COLLATE utf8mb4_unicode_ci NOT NULL,
  `PriceTP` varchar(255) CHARACTER SET utf8mb4 COLLATE utf8mb4_unicode_ci NOT NULL,
  `Profit` varchar(255) CHARACTER SET utf8mb4 COLLATE utf8mb4_unicode_ci NOT NULL,
  `SecondSymbol` varchar(255) CHARACTER SET utf8mb4 COLLATE utf8mb4_unicode_ci NOT NULL,
  `Symbol` varchar(255) CHARACTER SET utf8mb4 COLLATE utf8mb4_unicode_ci DEFAULT NULL,
  `Time` varchar(255) CHARACTER SET utf8mb4 COLLATE utf8mb4_unicode_ci NOT NULL,
  `Volume` varchar(255) CHARACTER SET utf8mb4 COLLATE utf8mb4_unicode_ci NOT NULL,
  `created_at` timestamp NULL DEFAULT NULL,
  `updated_at` timestamp NULL DEFAULT NULL,
  PRIMARY KEY (`id`)
) ENGINE=InnoDB DEFAULT CHARSET=utf8mb4 COLLATE=utf8mb4_unicode_ci;

--
-- Dumping data for table `short_terms`
--


--
-- Table structure for table `slider_translations`
--

CREATE TABLE `slider_translations` (
  `id` int unsigned NOT NULL AUTO_INCREMENT,
  `slider_id` int unsigned NOT NULL,
  `name` varchar(255) CHARACTER SET utf8mb4 COLLATE utf8mb4_unicode_ci DEFAULT NULL,
  `content` varchar(255) CHARACTER SET utf8mb4 COLLATE utf8mb4_unicode_ci DEFAULT NULL,
  `locale` varchar(255) CHARACTER SET utf8mb4 COLLATE utf8mb4_unicode_ci NOT NULL,
  `created_at` timestamp NULL DEFAULT NULL,
  `updated_at` timestamp NULL DEFAULT NULL,
  PRIMARY KEY (`id`),
  UNIQUE KEY `slider_translations_slider_id_locale_unique` (`slider_id`,`locale`),
  KEY `slider_translations_locale_index` (`locale`),
  CONSTRAINT `slider_translations_slider_id_foreign` FOREIGN KEY (`slider_id`) REFERENCES `sliders` (`id`) ON DELETE CASCADE
) ENGINE=InnoDB DEFAULT CHARSET=utf8mb4 COLLATE=utf8mb4_unicode_ci;

--
-- Dumping data for table `slider_translations`
--


--
-- Table structure for table `sliders`
--

CREATE TABLE `sliders` (
  `id` int unsigned NOT NULL AUTO_INCREMENT,
  `image` varchar(255) CHARACTER SET utf8mb4 COLLATE utf8mb4_unicode_ci NOT NULL,
  `type` enum('none','category','product') CHARACTER SET utf8mb4 COLLATE utf8mb4_unicode_ci NOT NULL DEFAULT 'none',
  `id_number` int DEFAULT NULL,
  `status` varchar(255) CHARACTER SET utf8mb4 COLLATE utf8mb4_unicode_ci NOT NULL DEFAULT '1',
  `created_at` timestamp NULL DEFAULT NULL,
  `updated_at` timestamp NULL DEFAULT NULL,
  `banner` int DEFAULT '0',
  PRIMARY KEY (`id`)
) ENGINE=InnoDB AUTO_INCREMENT=29 DEFAULT CHARSET=utf8mb4 COLLATE=utf8mb4_unicode_ci;

--
-- Dumping data for table `sliders`
--

INSERT INTO `sliders` (`id`, `image`, `type`, `id_number`, `status`, `created_at`, `updated_at`, `banner`) VALUES (9,'844095-Group 6540.png','none',NULL,'1','2025-03-23 09:37:52','2025-03-23 09:37:52',2),(10,'922125-5828d94e329ba67d8172615406c1c260.png','none',NULL,'1','2025-03-23 09:38:01','2025-03-23 09:38:01',2),(11,'555825-an-2.jpg','none',NULL,'1','2025-03-23 09:38:18','2025-04-24 08:49:15',4),(22,'216157-c52f5a3eeabb850a8740e5ffe86e8200.jpg','none',NULL,'1','2025-05-08 21:56:41','2025-05-08 21:56:41',0),(25,'455756-e68a68a1583809ffb0109df1550b0290.jpg','none',NULL,'1','2025-05-08 22:02:27','2025-05-08 22:02:27',3),(26,'927810-17258c93e445c8b7c55afdbff862ee09.jpg','none',NULL,'1','2025-05-08 22:03:17','2025-05-08 22:03:17',0),(27,'588857-7e4b2ba6ac5c8e0069de1765e686ddcb.jpg','none',NULL,'1','2025-05-08 22:03:26','2025-05-08 22:03:26',3),(28,'790752-d1f78f3e27d94162c7d51c03506b28cd.jpg','none',NULL,'1','2025-05-08 22:03:38','2025-05-08 22:03:38',3);

--
-- Table structure for table `sound_translations`
--

CREATE TABLE `sound_translations` (
  `id` int unsigned NOT NULL AUTO_INCREMENT,
  `sound_id` int unsigned NOT NULL,
  `title` varchar(255) COLLATE utf8mb4_unicode_ci NOT NULL,
  `times` varchar(255) CHARACTER SET utf8mb4 COLLATE utf8mb4_unicode_ci NOT NULL,
  `locale` varchar(255) COLLATE utf8mb4_unicode_ci NOT NULL,
  `created_at` timestamp NULL DEFAULT NULL,
  `updated_at` timestamp NULL DEFAULT NULL,
  PRIMARY KEY (`id`),
  UNIQUE KEY `sound_translations_sound_id_locale_unique` (`sound_id`,`locale`),
  KEY `sound_translations_locale_index` (`locale`),
  CONSTRAINT `sound_translations_sound_id_foreign` FOREIGN KEY (`sound_id`) REFERENCES `sounds` (`id`) ON DELETE CASCADE
) ENGINE=InnoDB AUTO_INCREMENT=13 DEFAULT CHARSET=utf8mb4 COLLATE=utf8mb4_unicode_ci;

--
-- Dumping data for table `sound_translations`
--

INSERT INTO `sound_translations` (`id`, `sound_id`, `title`, `times`, `locale`, `created_at`, `updated_at`) VALUES (1,1,'asdasd','','ar',NULL,NULL),(2,1,'sadasd','','en',NULL,NULL),(11,6,'صوت2','صوت2','ar',NULL,NULL),(12,6,'صوت2','صوت2','en',NULL,NULL);

--
-- Table structure for table `sounds`
--

CREATE TABLE `sounds` (
  `id` int unsigned NOT NULL AUTO_INCREMENT,
  `image` varchar(255) CHARACTER SET utf8mb4 COLLATE utf8mb4_unicode_ci DEFAULT NULL,
  `voice_record` varchar(255) CHARACTER SET utf8mb4 COLLATE utf8mb4_unicode_ci NOT NULL,
  `created_at` timestamp NULL DEFAULT NULL,
  `updated_at` timestamp NULL DEFAULT NULL,
  `category_id` int DEFAULT NULL,
  PRIMARY KEY (`id`)
) ENGINE=InnoDB AUTO_INCREMENT=7 DEFAULT CHARSET=utf8mb4 COLLATE=utf8mb4_unicode_ci;

--
-- Dumping data for table `sounds`
--

INSERT INTO `sounds` (`id`, `image`, `voice_record`, `created_at`, `updated_at`, `category_id`) VALUES (1,'sounds/images/1wtrlEQnVLmXeBICa8T8vAs04wj2nTfB4kDYaNzu.png','sounds/voices/lJpf8ZvNiOmgkxeEINSwTxnbRQVtqVUz7WO3Ubyf.mp3','2025-04-03 21:28:42','2025-04-03 21:28:42',NULL),(6,'sounds/images/7nJzVgbh3meBLQu9YXFcnPM5pmQUSwnu7r2wJqgp.jpg','sounds/voices/p0d03aR1SwHCJIm6Mj4a0w1OZFtzPezA3gEg0Fne.mp3','2025-07-30 13:47:26','2025-07-30 13:47:26',42);

--
-- Table structure for table `submit_new_hags`
--

CREATE TABLE `submit_new_hags` (
  `id` bigint unsigned NOT NULL AUTO_INCREMENT,
  `user_id` int unsigned DEFAULT NULL,
  `hamla_id` int unsigned DEFAULT NULL,
  `name` varchar(255) COLLATE utf8mb4_unicode_ci DEFAULT NULL,
  `people_amount` varchar(255) COLLATE utf8mb4_unicode_ci DEFAULT NULL,
  `total` varchar(255) COLLATE utf8mb4_unicode_ci DEFAULT NULL,
  `created_at` timestamp NULL DEFAULT NULL,
  `updated_at` timestamp NULL DEFAULT NULL,
  `payment_method` int DEFAULT NULL,
  `status` int NOT NULL DEFAULT '0',
  PRIMARY KEY (`id`),
  KEY `user_id` (`user_id`),
  CONSTRAINT `submit_new_hags_ibfk_1` FOREIGN KEY (`user_id`) REFERENCES `users` (`id`) ON DELETE CASCADE ON UPDATE RESTRICT
) ENGINE=InnoDB AUTO_INCREMENT=30 DEFAULT CHARSET=utf8mb4 COLLATE=utf8mb4_unicode_ci;

--
-- Dumping data for table `submit_new_hags`
--

INSERT INTO `submit_new_hags` (`id`, `user_id`, `hamla_id`, `name`, `people_amount`, `total`, `created_at`, `updated_at`, `payment_method`, `status`) VALUES (3,87,3,'samer','1','2','2025-04-02 23:16:10','2025-04-03 20:30:54',1,0),(4,87,3,'samer','1','2','2025-04-02 23:17:27','2025-04-03 20:30:57',1,1),(5,87,3,'samer','1','2','2025-05-02 19:24:43','2025-05-02 19:24:43',1,0),(6,104,2,'dsgffdsgsd','1','3.0','2025-05-05 07:58:55','2025-05-05 07:58:55',NULL,0),(7,104,2,'dsgffdsgsd','1','3.0','2025-05-05 07:58:56','2025-05-05 07:58:56',NULL,0),(8,104,2,'dsgffdsgsd','1','3.0','2025-05-05 07:59:03','2025-05-05 07:59:03',NULL,0),(9,104,2,'dsgffdsgsd','1','3.0','2025-05-05 08:01:44','2025-05-05 08:01:44',NULL,0),(10,104,2,'dsgffdsgsd','1','3.0','2025-05-05 08:02:23','2025-05-05 08:02:23',NULL,0),(11,104,2,'dsgffdsgsd','1','3.0','2025-05-05 08:03:14','2025-05-05 08:03:14',NULL,0),(12,104,2,'dsgffdsgsd','1','3.0','2025-05-05 08:03:49','2025-05-05 08:03:49',NULL,0),(13,104,2,'dsgffdsgsd','1','3.0','2025-05-05 08:04:04','2025-05-05 08:04:04',NULL,0),(14,104,2,'dsgffdsgsd','1','3.0','2025-05-05 08:05:11','2025-05-05 08:05:11',NULL,0),(15,104,2,'dsgffdsgsd','1','3.0','2025-05-05 08:08:29','2025-05-05 08:08:29',NULL,0),(16,104,2,'t34y34y','1','3.0','2025-05-05 08:09:50','2025-05-05 08:09:50',NULL,0),(17,104,4,'34565346','1','2.0','2025-05-05 08:11:33','2025-05-05 08:11:33',NULL,0),(18,104,2,'wrtywty','4','12.0','2025-05-05 08:15:52','2025-05-05 08:15:52',NULL,0),(19,104,2,'anwer shehata','3','9.0','2025-05-05 08:17:34','2025-05-05 08:17:34',NULL,0),(20,104,4,'anwer','4','8.0','2025-05-05 08:18:54','2025-05-05 08:18:54',NULL,0),(21,104,4,'dfgfdsg','2','4.0','2025-05-05 08:30:41','2025-05-05 08:30:41',NULL,0),(22,104,4,'wdgtewrt','4','8.0','2025-05-05 08:32:00','2025-05-05 08:32:00',NULL,0),(23,104,2,'ewrtrew','4','12.0','2025-05-05 13:05:09','2025-05-05 13:05:09',NULL,0),(24,104,2,'rteytrey','4','12.0','2025-05-05 13:10:59','2025-05-05 13:10:59',NULL,0),(25,104,4,'dfsfgdsgsdf','3','6.0','2025-05-10 10:04:26','2025-05-10 10:04:26',NULL,0),(26,104,4,'qwerewqr','5','10.0','2025-05-10 11:01:12','2025-05-10 11:01:12',NULL,0),(27,104,4,'werterwtw','3','6.0','2025-05-10 11:02:55','2025-05-10 11:02:55',NULL,0),(28,104,2,'anwer','4','12.0','2025-05-10 16:32:33','2025-05-10 16:32:33',NULL,0),(29,104,2,'anwer','4','12.0','2025-05-10 16:32:38','2025-05-10 16:32:38',NULL,0);

--
-- Table structure for table `tagers`
--

CREATE TABLE `tagers` (
  `id` int unsigned NOT NULL AUTO_INCREMENT,
  `user_id` int unsigned NOT NULL,
  `instagram_link` varchar(255) CHARACTER SET utf8mb4 COLLATE utf8mb4_unicode_ci DEFAULT NULL,
  `banners` text CHARACTER SET utf8mb4 COLLATE utf8mb4_unicode_ci,
  `created_at` timestamp NULL DEFAULT NULL,
  `updated_at` timestamp NULL DEFAULT NULL,
  PRIMARY KEY (`id`),
  KEY `tagers_user_id_foreign` (`user_id`)
) ENGINE=InnoDB AUTO_INCREMENT=11 DEFAULT CHARSET=utf8mb4 COLLATE=utf8mb4_unicode_ci;

--
-- Dumping data for table `tagers`
--

INSERT INTO `tagers` (`id`, `user_id`, `instagram_link`, `banners`, `created_at`, `updated_at`) VALUES (2,47,'https://forsa.topapp-kw.com/ar/admin/panel/tagers/create','[\"2022-06-26-e5e46aed80d0ea36e1ce0e66694b02f81648659101471.png\"]','2022-06-25 08:39:01','2022-06-26 08:48:14'),(3,51,'https://forsa.topapp-kw.com/ar/admin/panel/tagers/create','[\"2022-06-26-unnamed.png\"]','2022-06-25 08:43:38','2022-06-26 08:52:05'),(4,52,'https://forsa.topapp-kw.com/ar/admin/panel/tagers/create','[\"2022-06-25-unnamed-1.png\"]','2022-06-25 08:49:26','2022-06-25 08:49:26'),(5,53,'https://forsa.topapp-kw.com/ar/admin/panel/tagers/create','[\"2022-06-25-b350d943a372f3f36a876b10b3f40038_icon.png\"]','2022-06-25 08:53:19','2022-06-25 08:53:19'),(10,121,'https://www.instagram.com/p/DLk7tLus7NM/?igsh=d3ozOXl6bDloaWk3','[\"2025-07-12-\\u062f\\u0631\\u0648\\u0633.jpg\"]','2025-07-12 11:24:52','2025-07-12 11:24:52');

--
-- Table structure for table `topic_subscripts`
--

CREATE TABLE `topic_subscripts` (
  `id` int unsigned NOT NULL AUTO_INCREMENT,
  `topics_id` int unsigned DEFAULT NULL,
  `status` varchar(255) CHARACTER SET utf8mb4 COLLATE utf8mb4_unicode_ci NOT NULL,
  `symobleName` varchar(255) CHARACTER SET utf8mb4 COLLATE utf8mb4_unicode_ci NOT NULL,
  `created_at` timestamp NULL DEFAULT NULL,
  `updated_at` timestamp NULL DEFAULT NULL,
  PRIMARY KEY (`id`),
  KEY `topic_subscripts_topics_id_foreign` (`topics_id`),
  CONSTRAINT `topic_subscripts_topics_id_foreign` FOREIGN KEY (`topics_id`) REFERENCES `topics` (`id`) ON DELETE CASCADE
) ENGINE=InnoDB DEFAULT CHARSET=utf8mb4 COLLATE=utf8mb4_unicode_ci;

--
-- Dumping data for table `topic_subscripts`
--


--
-- Table structure for table `topics`
--

CREATE TABLE `topics` (
  `id` int unsigned NOT NULL AUTO_INCREMENT,
  `token` text CHARACTER SET utf8mb4 COLLATE utf8mb4_unicode_ci,
  `created_at` timestamp NULL DEFAULT NULL,
  `updated_at` timestamp NULL DEFAULT NULL,
  PRIMARY KEY (`id`)
) ENGINE=InnoDB DEFAULT CHARSET=utf8mb4 COLLATE=utf8mb4_unicode_ci;

--
-- Dumping data for table `topics`
--


--
-- Table structure for table `user_addresses`
--

CREATE TABLE `user_addresses` (
  `id` int unsigned NOT NULL AUTO_INCREMENT,
  `user_id` int unsigned DEFAULT NULL,
  `governments_id` int unsigned DEFAULT NULL,
  `region_id` int unsigned DEFAULT NULL,
  `block` varchar(255) CHARACTER SET utf8mb4 COLLATE utf8mb4_unicode_ci NOT NULL,
  `Street_number` varchar(255) CHARACTER SET utf8mb4 COLLATE utf8mb4_unicode_ci NOT NULL,
  `gada` varchar(191) CHARACTER SET utf8mb4 COLLATE utf8mb4_unicode_ci DEFAULT NULL,
  `Apartment_number` varchar(255) CHARACTER SET utf8mb4 COLLATE utf8mb4_unicode_ci DEFAULT NULL,
  `floor_number` varchar(255) CHARACTER SET utf8mb4 COLLATE utf8mb4_unicode_ci DEFAULT NULL,
  `house_number` varchar(255) CHARACTER SET utf8mb4 COLLATE utf8mb4_unicode_ci DEFAULT NULL,
  `type` varchar(255) CHARACTER SET utf8mb4 COLLATE utf8mb4_unicode_ci DEFAULT NULL,
  `user_name` varchar(255) CHARACTER SET utf8mb4 COLLATE utf8mb4_unicode_ci DEFAULT NULL,
  `phone` varchar(255) CHARACTER SET utf8mb4 COLLATE utf8mb4_unicode_ci DEFAULT NULL,
  `email` varchar(255) CHARACTER SET utf8mb4 COLLATE utf8mb4_unicode_ci DEFAULT NULL,
  `created_at` timestamp NULL DEFAULT NULL,
  `updated_at` timestamp NULL DEFAULT NULL,
  `checked` varchar(11) CHARACTER SET utf8mb4 COLLATE utf8mb4_unicode_ci DEFAULT NULL,
  `lat` varchar(191) CHARACTER SET utf8mb4 COLLATE utf8mb4_unicode_ci DEFAULT NULL,
  `long` varchar(191) CHARACTER SET utf8mb4 COLLATE utf8mb4_unicode_ci DEFAULT NULL,
  `country_id` int DEFAULT NULL,
  `secondphone` varchar(191) CHARACTER SET utf8mb4 COLLATE utf8mb4_unicode_ci DEFAULT NULL,
  `governments` varchar(191) CHARACTER SET utf8mb4 COLLATE utf8mb4_unicode_ci DEFAULT NULL,
  `regions` varchar(191) CHARACTER SET utf8mb4 COLLATE utf8mb4_unicode_ci DEFAULT NULL,
  `note` text CHARACTER SET utf8mb4 COLLATE utf8mb4_unicode_ci,
  `civil_id` varchar(191) CHARACTER SET utf8mb4 COLLATE utf8mb4_unicode_ci DEFAULT NULL,
  `mac_address` varchar(191) CHARACTER SET utf8mb4 COLLATE utf8mb4_unicode_ci DEFAULT NULL,
  `address` varchar(191) CHARACTER SET utf8mb4 COLLATE utf8mb4_unicode_ci DEFAULT NULL,
  PRIMARY KEY (`id`),
  KEY `user_addresses_user_id_foreign` (`user_id`),
  KEY `user_addresses_governments_id_foreign` (`governments_id`),
  KEY `user_addresses_region_id_foreign` (`region_id`)
) ENGINE=InnoDB AUTO_INCREMENT=20 DEFAULT CHARSET=utf8mb4 COLLATE=utf8mb4_unicode_ci;

--
-- Dumping data for table `user_addresses`
--

INSERT INTO `user_addresses` (`id`, `user_id`, `governments_id`, `region_id`, `block`, `Street_number`, `gada`, `Apartment_number`, `floor_number`, `house_number`, `type`, `user_name`, `phone`, `email`, `created_at`, `updated_at`, `checked`, `lat`, `long`, `country_id`, `secondphone`, `governments`, `regions`, `note`, `civil_id`, `mac_address`, `address`) VALUES (2,NULL,9,60,'aa','aa','aa',NULL,NULL,'aa','1','wertwretrw','+9654354325235',NULL,'2025-04-14 09:33:22','2025-04-14 09:46:15','false',NULL,NULL,NULL,NULL,NULL,NULL,'aaa',NULL,'000',NULL),(3,NULL,9,60,'aa','aa','aa',NULL,NULL,'aa','1','wertwretrw','+9654354325235',NULL,'2025-04-14 09:33:23','2025-04-14 09:46:15','false',NULL,NULL,NULL,NULL,NULL,NULL,'aaa',NULL,'000',NULL),(6,NULL,9,59,'3','3','3',NULL,NULL,'3','1','ffffffffff','+96588888888888888888888',NULL,'2025-04-14 09:44:38','2025-04-14 09:46:15','false',NULL,NULL,NULL,NULL,NULL,NULL,'3',NULL,'000',NULL),(14,NULL,9,59,'tyryur','ytr',NULL,'ytr','yt','ytr',NULL,'ggg','24354325',NULL,'2025-04-24 22:18:15','2025-04-24 22:18:15',NULL,NULL,NULL,1,NULL,NULL,NULL,NULL,NULL,'00000',NULL),(15,NULL,9,61,'3','3',NULL,'4','4','3',NULL,'fwgfdsg','dfsgdfs',NULL,'2025-05-04 11:08:55','2025-05-04 11:08:55',NULL,NULL,NULL,1,NULL,NULL,NULL,NULL,NULL,'00000',NULL),(16,NULL,9,62,'43252','3425',NULL,'435','3425','3245',NULL,'wertwert','32453425',NULL,'2025-05-05 13:08:29','2025-05-05 13:08:29',NULL,NULL,NULL,1,NULL,NULL,NULL,NULL,NULL,'00000',NULL),(17,NULL,9,61,'3','3',NULL,'3','3','3',NULL,'anwer','78876876',NULL,'2025-05-05 14:07:56','2025-05-05 14:07:56',NULL,NULL,NULL,1,NULL,NULL,NULL,NULL,NULL,'99682c6d035d0a56',NULL),(18,NULL,9,62,'3453453','453',NULL,'345','453','3',NULL,'sfdgdsgsd','34563456534',NULL,'2025-05-10 08:32:22','2025-05-10 08:32:22',NULL,NULL,NULL,1,NULL,NULL,NULL,NULL,NULL,'e2e1ad9edf270a1d',NULL),(19,NULL,9,62,'76876','876',NULL,'786','786','786',NULL,'anwer','67782374',NULL,'2025-05-10 10:01:10','2025-05-10 10:01:10',NULL,NULL,NULL,1,NULL,NULL,NULL,NULL,NULL,'99682c6d035d0a56',NULL);

--
-- Table structure for table `user_categories`
--

CREATE TABLE `user_categories` (
  `id` int unsigned NOT NULL AUTO_INCREMENT,
  `user_id` int unsigned NOT NULL,
  `category_id` int unsigned NOT NULL,
  `created_at` timestamp NULL DEFAULT NULL,
  `updated_at` timestamp NULL DEFAULT NULL,
  PRIMARY KEY (`id`),
  KEY `user_categories_user_id_foreign` (`user_id`),
  KEY `user_categories_category_id_foreign` (`category_id`)
) ENGINE=InnoDB AUTO_INCREMENT=12 DEFAULT CHARSET=utf8mb4 COLLATE=utf8mb4_unicode_ci;

--
-- Dumping data for table `user_categories`
--

INSERT INTO `user_categories` (`id`, `user_id`, `category_id`, `created_at`, `updated_at`) VALUES (2,47,3,NULL,NULL),(3,51,4,NULL,NULL),(4,52,3,NULL,NULL),(5,53,3,NULL,NULL),(9,47,10,NULL,NULL),(10,92,1,NULL,NULL),(11,93,1,NULL,NULL);

--
-- Table structure for table `user_orders`
--

CREATE TABLE `user_orders` (
  `id` int unsigned NOT NULL AUTO_INCREMENT,
  `user_id` int unsigned DEFAULT NULL,
  `order_id` int unsigned DEFAULT NULL,
  `status` enum('wait','refused','accepted','shipped','complete') CHARACTER SET utf8mb4 COLLATE utf8mb4_unicode_ci NOT NULL,
  `created_at` timestamp NULL DEFAULT NULL,
  `updated_at` timestamp NULL DEFAULT NULL,
  PRIMARY KEY (`id`),
  KEY `user_orders_user_id_foreign` (`user_id`),
  KEY `user_orders_order_id_foreign` (`order_id`)
) ENGINE=InnoDB DEFAULT CHARSET=utf8mb4 COLLATE=utf8mb4_unicode_ci;

--
-- Dumping data for table `user_orders`
--


--
-- Table structure for table `user_products`
--

CREATE TABLE `user_products` (
  `id` int unsigned NOT NULL AUTO_INCREMENT,
  `user_id` int unsigned NOT NULL,
  `product_id` int unsigned NOT NULL,
  `created_at` timestamp NULL DEFAULT NULL,
  `updated_at` timestamp NULL DEFAULT NULL,
  PRIMARY KEY (`id`),
  KEY `user_products_user_id_foreign` (`user_id`),
  KEY `user_products_product_id_foreign` (`product_id`)
) ENGINE=InnoDB DEFAULT CHARSET=utf8mb4 COLLATE=utf8mb4_unicode_ci;

--
-- Dumping data for table `user_products`
--


--
-- Table structure for table `users`
--

CREATE TABLE `users` (
  `id` int unsigned NOT NULL AUTO_INCREMENT,
  `name` varchar(255) CHARACTER SET utf8mb4 COLLATE utf8mb4_unicode_ci NOT NULL,
  `email` varchar(255) CHARACTER SET utf8mb4 COLLATE utf8mb4_unicode_ci DEFAULT NULL,
  `email_verified_at` timestamp NULL DEFAULT NULL,
  `password` varchar(255) CHARACTER SET utf8mb4 COLLATE utf8mb4_unicode_ci DEFAULT NULL,
  `status` int NOT NULL DEFAULT '1',
  `phone` varchar(255) CHARACTER SET utf8mb4 COLLATE utf8mb4_unicode_ci DEFAULT NULL,
  `unique_id` varchar(255) CHARACTER SET utf8mb4 COLLATE utf8mb4_unicode_ci DEFAULT NULL,
  `civil_id` varchar(255) CHARACTER SET utf8mb4 COLLATE utf8mb4_unicode_ci DEFAULT NULL,
  `activation_code` varchar(255) CHARACTER SET utf8mb4 COLLATE utf8mb4_unicode_ci DEFAULT NULL,
  `remember_token` varchar(100) CHARACTER SET utf8mb4 COLLATE utf8mb4_unicode_ci DEFAULT NULL,
  `created_at` timestamp NULL DEFAULT NULL,
  `updated_at` timestamp NULL DEFAULT NULL,
  `address` varchar(255) CHARACTER SET utf8mb4 COLLATE utf8mb4_unicode_ci DEFAULT NULL,
  `lat` varchar(255) CHARACTER SET utf8mb4 COLLATE utf8mb4_unicode_ci DEFAULT NULL,
  `long` varchar(255) CHARACTER SET utf8mb4 COLLATE utf8mb4_unicode_ci DEFAULT NULL,
  `image` varchar(255) CHARACTER SET utf8mb4 COLLATE utf8mb4_unicode_ci DEFAULT NULL,
  `device_token` text CHARACTER SET utf8mb4 COLLATE utf8mb4_unicode_ci,
  `add_by` int DEFAULT NULL,
  PRIMARY KEY (`id`)
) ENGINE=InnoDB AUTO_INCREMENT=131 DEFAULT CHARSET=utf8mb4 COLLATE=utf8mb4_unicode_ci;

--
-- Dumping data for table `users`
--

INSERT INTO `users` (`id`, `name`, `email`, `email_verified_at`, `password`, `status`, `phone`, `unique_id`, `civil_id`, `activation_code`, `remember_token`, `created_at`, `updated_at`, `address`, `lat`, `long`, `image`, `device_token`, `add_by`) VALUES (1,'admin','admin@admin.com',NULL,'$2y$10$g9ceBZqU5q04D9oL5lUXOuF7Nxvnnf6WQF4E6nouYEL4rGuQS6MOy',1,NULL,NULL,'20054',NULL,NULL,'2022-06-21 09:32:18','2023-03-04 10:07:01',NULL,NULL,NULL,NULL,NULL,NULL),(82,'samer','samerabdelmonem96@gmail.com',NULL,'$2y$10$p1WfXPbnVW2V9boJG2s1kufrMLvbnfKBs34poqSmNl71K7X0i1Koq',1,'+96555022830',NULL,'212311','73244',NULL,'2022-11-20 04:42:41','2025-03-09 12:03:48',NULL,NULL,NULL,NULL,NULL,NULL),(83,'ggggggg','gggg@ggg.com',NULL,'$2y$10$6wO4BWNwtCU1.mTm41aBzujUidjyGH8gxHbnXjCvLTp9anhMJpL2i',1,'+965+96522222222',NULL,NULL,'10132',NULL,'2022-11-20 14:23:47','2022-11-20 14:23:47',NULL,NULL,NULL,NULL,'null',NULL),(84,'ggggg','dddddddd@cc.com',NULL,'$2y$10$96paNluZWZOPAs4sV8TyL.8b/Xyh4Jsyo7/u6rdw95ctXVdsTCtgq',1,'+965+96588888888',NULL,NULL,'41585',NULL,'2022-11-20 15:10:45','2022-11-20 15:10:45',NULL,NULL,NULL,NULL,'null',NULL),(85,'hossamaoun','hossamaoun91@gmail.com',NULL,'$2y$10$gs6rG6gUtxBZ3SP8lYAuFewxRksJq2hsQr45yqZm5lpqZFHMJCzua',1,'+965+96565757668',NULL,NULL,'82599',NULL,'2022-12-14 11:56:53','2022-12-14 11:56:53',NULL,NULL,NULL,NULL,'null',NULL),(87,'sameras','asqa3ac@gmail.com',NULL,'$2y$10$KNaSesP9F/ACvGaCKN2FNuRDr4hzNKAfI1KSiDIFQYFOTUZ6tWadC',1,'+96551007138',NULL,NULL,'33404',NULL,'2025-03-23 12:01:47','2025-03-23 12:01:47',NULL,NULL,NULL,NULL,NULL,NULL),(89,'اسم المكتب او الشركة يعرض هنا','info@gmail.com',NULL,'$2y$10$IjSYXBFQKhlO1ye5obyjRu5jBx60cY8kVnYpK47f5uh67wfn3gNBy',1,'+96551009221',NULL,NULL,'338488',NULL,'2025-04-02 19:36:32','2025-04-02 19:36:32',NULL,NULL,NULL,NULL,NULL,NULL),(91,'اسم المكتب او الشركة يعرض هنا','infw3o@gmail.com',NULL,'$2y$10$Mvg.PKnVqY4aLMe1QjawcOdDlZMY1TJKyi58FVXiX6b2KoKM/hOf.',1,'+9655100922331',NULL,NULL,'730807',NULL,'2025-04-02 19:36:55','2025-04-02 19:36:55',NULL,NULL,NULL,NULL,NULL,NULL),(98,'anwer','anwer@gmail.com',NULL,'$2y$10$xiWtntsaYlnrNlA8aQDHiOOeYzUbYaO56H.y4HLa86FerVGTjme8e',1,'+96567782374',NULL,NULL,'71092',NULL,'2025-04-20 20:25:45','2025-04-20 20:45:58',NULL,NULL,NULL,NULL,NULL,NULL),(99,'testapp','anwerrr@gmail.com',NULL,'$2y$10$3bwvzbgdzCzP2LAX/ggC8ur100/gBACGhbyL74d7gCw2PcAZ6Sx2u',1,'+96588888888',NULL,NULL,'14791',NULL,'2025-04-20 20:29:31','2025-04-20 20:29:31',NULL,NULL,NULL,NULL,NULL,NULL),(100,'testapp','eqdsfdsafa@mail.com',NULL,'$2y$10$bUBlQ9Q79KbkVFJj6qsoiO9srI/pkpXb/jfBuZ2fHtLowxWXuEI9m',1,'+965234324524352342',NULL,NULL,'98321',NULL,'2025-04-20 20:30:26','2025-04-20 20:30:26',NULL,NULL,NULL,NULL,NULL,NULL),(101,'testapp','eqdsafa@mail.com',NULL,'$2y$10$dyF6pt8mqvV4kAqvy0NCVeAXUUVF.OY9gjiBndZu3nJ3tBRqyot22',1,'+96543534342543225',NULL,NULL,'74422',NULL,'2025-04-20 20:31:01','2025-04-20 20:31:01',NULL,NULL,NULL,NULL,NULL,NULL),(102,'anwer shehata','anwershehata@gmail.com',NULL,'$2y$10$UjlmxXIqTC8.tGOxPXLOlujoxlnT6rCv8SeiI4/fx/aXg.E0899qW',1,'+965677823745',NULL,NULL,'10373',NULL,'2025-04-20 20:37:09','2025-04-20 20:37:09',NULL,NULL,NULL,NULL,NULL,NULL),(103,'wertrewt','sdgffsdg@gmail.com',NULL,'$2y$10$lxGDxtw.JiLb9ayb0EVfQeC4R7.NdAwba4y3ReU4aPfr5k5XeP7u2',1,'+96556454643',NULL,NULL,'29077',NULL,'2025-04-21 08:56:37','2025-04-21 08:56:37',NULL,NULL,NULL,NULL,NULL,NULL),(104,'anwer shehata','anwershehata@gmail.cmo',NULL,'$2y$10$RWLfz6.qtZfgtM0RKoJr2.8MlSk890W2/zeuomfRGFN5lWWuHUO9e',1,'+96511111111',NULL,NULL,'93549',NULL,'2025-04-24 09:16:50','2025-04-24 09:16:50',NULL,NULL,NULL,NULL,NULL,NULL),(105,'anwer shehata','anwer2@gmail.com',NULL,'$2y$10$bMpXGPaPFj9oTACC2GwGLeD7gvDUAfXD14LMxkrnrH3uTwi81R3x6',1,'+96567782375',NULL,NULL,'93678',NULL,'2025-05-05 09:17:13','2025-05-05 09:17:13',NULL,NULL,NULL,NULL,NULL,NULL),(106,'wertwert','sdfgfsd@gmail.com',NULL,'$2y$10$x23MSin.ic5w.M4ezVqOP.H4tHYa8CQt3Du2h8trr/xsC/rFnytJO',1,'+96554325234',NULL,NULL,'18323',NULL,'2025-05-05 09:33:14','2025-05-05 09:33:14',NULL,NULL,NULL,NULL,NULL,NULL),(107,'wertrwet','sdafdasf@gmail.com',NULL,'$2y$10$05Z1uGKdY/4/w1K/t.Vka.SN/xiRGfyb0qt7Gif5KSasZLsit3QB2',1,'+965243532532',NULL,NULL,'23646',NULL,'2025-05-05 09:35:37','2025-05-05 09:35:37',NULL,NULL,NULL,NULL,NULL,NULL),(121,'حملة صلوات','karar__1@hotmail.com',NULL,'$2y$10$xthkF9hUQGsMBZUIs4FYxucQYnHCx1Y.Iv.MsKyFdwRUbOkEU1ZjG',1,'+96597280159',NULL,NULL,'999590',NULL,'2025-07-12 11:24:52','2025-07-12 11:24:52','الدعية',NULL,NULL,'2025-07-12-110e9908-bdec-46c7-b1f8-d1a7be7741da.jpg',NULL,NULL),(122,'samerabooda','sadsdsdfa22s@gmail.comww',NULL,'$2y$10$EimYYOiel/5Eqgduxpv.o.44OP9CoibUu3wHUo/znGdNbb9zvtXxa',1,'12123122112',NULL,NULL,NULL,NULL,'2025-07-20 08:51:38','2025-07-20 08:51:38',NULL,NULL,NULL,NULL,NULL,87),(123,'ahmed',NULL,NULL,'$2y$10$rWnGGf3UZKgn0EKvSIPzjel/Au/QBv4TQ.a6stkGOOnIDb0WBI2zy',1,NULL,NULL,NULL,NULL,NULL,'2025-07-20 08:55:12','2025-07-20 08:55:12',NULL,NULL,NULL,'2025-07-20-43.jpg',NULL,87),(124,'67782374',NULL,NULL,'$2y$10$R8gl8TEtWk46eTlBLlM8vehRBsYiWVNqWynAQSZbJWEMINSKOX1sa',1,NULL,NULL,NULL,NULL,NULL,'2025-07-20 09:03:14','2025-07-20 09:03:14',NULL,NULL,NULL,'2025-07-20-41.jpg',NULL,87),(125,'hhhhhh',NULL,NULL,'$2y$10$XZXPFyfBJZ9arYmaH3TjPuojr4QvbrX8VxJkf5sw0JVNZ2cxfk5Ly',1,NULL,NULL,NULL,NULL,NULL,'2025-07-20 09:04:28','2025-07-20 09:04:28',NULL,NULL,NULL,'2025-07-20-37.jpg',NULL,87),(126,'asd','asd@gmail.com',NULL,'$2y$10$MXTbx/4GX0ykWskIHww/peHmNCI122b6ohC8JWqHJ3IPrecHun9Yy',1,'876876876',NULL,NULL,NULL,NULL,'2025-07-20 09:06:47','2025-07-20 09:06:47',NULL,NULL,NULL,'2025-07-20-36.jpg',NULL,87),(127,'dddddddddd','dddddddddd@gmail.com',NULL,'$2y$10$BXKHlHumjiWZSMNwT0homulFNxaqJniZnAIdiMKyvDc7VicVNb8n2',1,'423524352435',NULL,NULL,NULL,NULL,'2025-07-20 09:24:14','2025-07-20 09:24:14',NULL,NULL,NULL,'2025-07-20-34.jpg',NULL,87),(128,'samerabooda','sadsdsdfa22s@gmail.comww',NULL,'$2y$10$zjGXWUUWhBw5eQalNl3j.eRoE02Ibp3Os1AsjW.nIsSjzpTIJMqmG',1,'12123122112',NULL,NULL,NULL,NULL,'2025-07-28 20:38:25','2025-07-28 20:38:25',NULL,NULL,NULL,NULL,NULL,87),(129,'sameraboodass','sadsdsdsfa22s@gmail.comwwss',NULL,'$2y$10$AWWQum1YjsvMZv3ZHu4cAOq8wLHlYZV.rjGbrj0T1.L0BIh9AU2T.',0,'12123122112ss',NULL,NULL,NULL,NULL,'2025-07-28 20:57:28','2025-07-28 21:10:36',NULL,NULL,NULL,NULL,NULL,87),(130,'sameraboodass','sadsdsdsfa22s@gmail.comwwss',NULL,'$2y$10$uS3gA5syiMNFINPC1Mek3ufr4GuUsLK67IJNuXXm2plWzCimvzY5a',0,'12123122112ss',NULL,NULL,NULL,NULL,'2025-07-28 21:10:40','2025-07-28 21:10:40',NULL,NULL,NULL,NULL,NULL,87);

--
-- Table structure for table `visual_translations`
--

CREATE TABLE `visual_translations` (
  `id` int unsigned NOT NULL AUTO_INCREMENT,
  `visual_id` int unsigned NOT NULL,
  `title` varchar(255) COLLATE utf8mb4_unicode_ci NOT NULL,
  `time` varchar(255) COLLATE utf8mb4_unicode_ci NOT NULL,
  `locale` varchar(255) COLLATE utf8mb4_unicode_ci NOT NULL,
  `created_at` timestamp NULL DEFAULT NULL,
  `updated_at` timestamp NULL DEFAULT NULL,
  PRIMARY KEY (`id`),
  UNIQUE KEY `visual_translations_visual_id_locale_unique` (`visual_id`,`locale`),
  KEY `visual_translations_locale_index` (`locale`),
  CONSTRAINT `visual_translations_visual_id_foreign` FOREIGN KEY (`visual_id`) REFERENCES `visuals` (`id`) ON DELETE CASCADE
) ENGINE=InnoDB AUTO_INCREMENT=129 DEFAULT CHARSET=utf8mb4 COLLATE=utf8mb4_unicode_ci;

--
-- Dumping data for table `visual_translations`
--

INSERT INTO `visual_translations` (`id`, `visual_id`, `title`, `time`, `locale`, `created_at`, `updated_at`) VALUES (7,4,'الشيخ عبدالحميد المهاجر','','ar',NULL,NULL),(8,4,'Sheikh Abdul Hamid Al-Muhajir','','en',NULL,NULL),(9,5,'باسم الكربلائي','','ar',NULL,NULL),(10,5,'Bassem Al-Karbalai','','en',NULL,NULL),(11,6,'باسم الكربلائي','','ar',NULL,NULL),(12,6,'Bassem Al-Karbalai','','en',NULL,NULL),(13,7,'باسم الكربلائي','','ar',NULL,NULL),(14,7,'Bassem Al-Karbalai','','en',NULL,NULL),(15,8,'باسم الكربلائي','','ar',NULL,NULL),(16,8,'Bassem Al-Karbalai','','en',NULL,NULL),(17,9,'باسم الكربلائي','','ar',NULL,NULL),(18,9,'Bassem Al-Karbalai','','en',NULL,NULL),(19,10,'باسم الكربلائي','','ar',NULL,NULL),(20,10,'Bassem Al-Karbalai','','en',NULL,NULL),(21,11,'محمد الحجيرات','','ar',NULL,NULL),(22,11,'Muhammad Al-Hujairat','','en',NULL,NULL),(23,12,'محمد بوجبارة','','ar',NULL,NULL),(24,12,'Muhammad Boujbara','','en',NULL,NULL),(25,13,'محمد الجنامي','','ar',NULL,NULL),(26,13,'Muhammad Al-Janami','','en',NULL,NULL),(27,14,'مرتضى حرب','','ar',NULL,NULL),(28,14,'Mortada Harb','','en',NULL,NULL),(29,15,'حيدر البياتي','','ar',NULL,NULL),(30,15,'Haider Al-Bayati','','en',NULL,NULL),(31,16,'محمد باقر الخاقاني','','ar',NULL,NULL),(32,16,'Muhammad Baqir al-Khaqani','','en',NULL,NULL),(33,17,'عمار الكناني','','ar',NULL,NULL),(34,17,'Ammar Al-Kanani','','en',NULL,NULL),(35,18,'حسين جعفر','','ar',NULL,NULL),(36,18,'Hussein Jaafar','','en',NULL,NULL),(37,19,'سيد شرف الستراوي','','ar',NULL,NULL),(38,19,'Sharaf Al-Sitrawi','','en',NULL,NULL),(39,20,'سيد شرف الستراوي','','ar',NULL,NULL),(40,20,'Sharaf Al-Sitrawi','','en',NULL,NULL),(43,22,'بذور الأرز','','ar',NULL,NULL),(44,22,'Rice seeds','','en',NULL,NULL),(45,23,'صعب حلو','','ar',NULL,NULL),(46,23,'It\'s hard, sweet','','en',NULL,NULL),(47,24,'أخت الرضا\"','','ar',NULL,NULL),(48,24,'Al-Rida\'s sister','','en',NULL,NULL),(49,25,'بيت العائلة','','ar',NULL,NULL),(50,25,'Family home','','en',NULL,NULL),(51,26,'لوحة كربلاء','','ar',NULL,NULL),(52,26,'Karbala painting','','en',NULL,NULL),(53,27,'مسير العشق','','ar',NULL,NULL),(54,27,'The path of love','','en',NULL,NULL),(55,28,'الشيخ نظر علي','','ar',NULL,NULL),(56,28,'The Sheikh looked at me','','en',NULL,NULL),(57,29,'زيارة','','ar',NULL,NULL),(58,29,'visit','','en',NULL,NULL),(59,30,'السماء الثامنة','','ar',NULL,NULL),(60,30,'The eighth heaven','','en',NULL,NULL),(61,31,'فيلم أميرة الروم','','ar',NULL,NULL),(62,31,'Princess of Rum movie','','en',NULL,NULL),(63,32,'قصة مهدوية للأطفال','','ar',NULL,NULL),(64,32,'A Mahdi story for children','','en',NULL,NULL),(65,33,'أنشودة للأطفال - أئمتي ١٢','','ar',NULL,NULL),(66,33,'Children\'s Song - My Imams 12','','en',NULL,NULL),(67,34,'فيلم \"سيد الماء\" أبي الفضل العباس(عليه السلام)','','ar',NULL,NULL),(68,34,'The movie \"Master of Water\" by Abbas','','en',NULL,NULL),(69,35,'قصة الإمام الحسين(عليه السلام )','','ar',NULL,NULL),(70,35,'The story of Imam Hussein','','en',NULL,NULL),(71,36,'فيلم يا ضامن الجنة','','ar',NULL,NULL),(72,36,'The movie \"Guarantor of Heaven\"','','en',NULL,NULL),(73,37,'كيفية الوضوء','','ar',NULL,NULL),(74,37,'How to perform ablution','','en',NULL,NULL),(75,38,'تعليم صلاة','','ar',NULL,NULL),(76,38,'Teaching prayer','','en',NULL,NULL),(77,39,'مسائل في الاجتهاد والتقليد (١) الشيخ مهدي الولائي','','ar',NULL,NULL),(78,39,'Issues in Ijtihad and Taqlid 1 - Sheikh Mahdi Al-Walaey','','en',NULL,NULL),(79,40,'مسائل في الاجتهاد والتقليد (٢) الشيخ مهدي الولائي','','ar',NULL,NULL),(80,40,'Issues in Ijtihad and Taqlid 2 - Sheikh Mahdi Al-Walaey','','en',NULL,NULL),(81,41,'مسائل في الصوم | الشيخ مهدي الولائي','','ar',NULL,NULL),(82,41,'Issues on Fasting | SSheikh Mahdi Al-Walaey','','en',NULL,NULL),(83,42,'مسائل الصوم _ الشيخ مهدي الولائي','','ar',NULL,NULL),(84,42,'Fasting Issues - Sheikh Mahdi Al-Walaey','','en',NULL,NULL),(85,43,'احكام الصوم_ المفطرات _ الشيخ مهدي الولائي','','ar',NULL,NULL),(86,43,'Rulings on Fasting - Things That Break the Fast -Sheikh Mahdi Al-Walaey','','en',NULL,NULL),(87,44,'الطرق الشرعية لثبوت الهلال_ الشيخ مهدي الولائي','','ar',NULL,NULL),(88,44,'Legal methods for proving the crescent moon - Sheikh Mahdi Al-Walaey','','en',NULL,NULL),(89,45,'مسائل في نية الصوم _ الشيخ مهدي الولائي','','ar',NULL,NULL),(90,45,'Issues regarding the intention of fasting - Sheikh Mahdi Al-Walaey','','en',NULL,NULL),(91,46,'القضاء و كفارات الصوم- الشيخ مهدي الولائي','','ar',NULL,NULL),(92,46,'Expiations for Fasting - Sheikh Mahdi Al-Walaey','','en',NULL,NULL),(93,47,'سن التكليف وعلامات البلوغ للذكور والإناث_ الشيخ مهدي الولائي','','ar',NULL,NULL),(94,47,'The age of puberty and signs of puberty for males and females - Sheikh Mahdi Al-Walaey','','en',NULL,NULL),(95,48,'(النجاسات) الشيخ مهدي الولائي','','ar',NULL,NULL),(96,48,'(Impurities) Sheikh Mahdi Al-Walaey','','en',NULL,NULL),(97,49,'مسائل في (الاحتضار) الشيخ مهدي الولائي','','ar',NULL,NULL),(98,49,'Issues in (dying) Sheikh Mahdi Al-Walaey','','en',NULL,NULL),(99,50,'الاستحاضة _ الشيخ مهدي الولائي','','ar',NULL,NULL),(100,50,'Istihadah - Sheikh Mahdi Al-Walaey','','en',NULL,NULL),(101,51,'النفاس الشيخ مهدي الولائي','','ar',NULL,NULL),(102,51,'Postpartum - Sheikh Mahdi Al-Walaey','','en',NULL,NULL),(103,52,'الحيض _ الشيخ مهدي الولائي','','ar',NULL,NULL),(104,52,'Menstruation - Sheikh Mahdi Al-Walaeey','','en',NULL,NULL),(105,53,'الأغسال الواجبة _ الشيخ مهدي الولائي','','ar',NULL,NULL),(106,53,'Obligatory ablutions - Sheikh Mahdi Al-Walaeey','','en',NULL,NULL),(107,54,'السيد محمد باقر الفالي','','ar',NULL,NULL),(108,54,'Mohammed Baqir Al-Fali','','en',NULL,NULL),(109,55,'الشيخ محمد جمعة','','ar',NULL,NULL),(110,55,'Sheikh Muhammad Juma','','en',NULL,NULL),(111,56,'الشيخ حسين الفهيد','','ar',NULL,NULL),(112,56,'Sheikh Hussein Al-Fuhaid','','en',NULL,NULL),(113,57,'الشيخ حسين السندي','','ar',NULL,NULL),(114,57,'Sheikh Hussein Al-Sindi','','en',NULL,NULL),(115,58,'السيد محمد رضا الشيرازي','','ar',NULL,NULL),(116,58,'Muhammad Reza Shirazi','','en',NULL,NULL),(117,59,'السيد نصرات قشاقش','','ar',NULL,NULL),(118,59,'Nasrat Qashaqish','','en',NULL,NULL),(119,60,'السيد حسين الشيرازي','','ar',NULL,NULL),(120,60,'Hussein Al-Shirazi','','en',NULL,NULL),(121,61,'الشيخ محمد اللبان','','ar',NULL,NULL),(122,61,'Sheikh Muhammad Al-Labban','','en',NULL,NULL),(123,62,'الشيخ عبدالله الدجيلي','','ar',NULL,NULL),(124,62,'Sheikh Abdullah Al-Dujaili','','en',NULL,NULL),(125,63,'ويبقى الحسين','','ar',NULL,NULL),(126,63,'Hussein remains','','en',NULL,NULL),(127,64,'مراحل تطور وبناء ضريح الإمام الحسين والعباس عليهما السلام','','ar',NULL,NULL),(128,64,'Stages of development and construction of the shrine of Imam Hussein and Imam Abbas','','en',NULL,NULL);

--
-- Table structure for table `visuals`
--

CREATE TABLE `visuals` (
  `id` int unsigned NOT NULL AUTO_INCREMENT,
  `category_id` int NOT NULL,
  `image` text COLLATE utf8mb4_unicode_ci,
  `video_link` varchar(255) CHARACTER SET utf8mb4 COLLATE utf8mb4_unicode_ci NOT NULL,
  `created_at` timestamp NULL DEFAULT NULL,
  `updated_at` timestamp NULL DEFAULT NULL,
  PRIMARY KEY (`id`)
) ENGINE=InnoDB AUTO_INCREMENT=65 DEFAULT CHARSET=utf8mb4 COLLATE=utf8mb4_unicode_ci;

--
-- Dumping data for table `visuals`
--

INSERT INTO `visuals` (`id`, `category_id`, `image`, `video_link`, `created_at`, `updated_at`) VALUES (4,28,'visuals/images/48sZp65IUNiloyC8LrtOQ7sMtgQHaZvM8I3VluSC.jpg','https://youtu.be/mH6J08-UzVU?si=DEqWFjmMq09kmmQi','2025-07-08 10:06:41','2025-07-08 10:06:41'),(5,30,NULL,'https://www.youtube.com/watch?v=MJK6JNfcbYQ&list=RDMJK6JNfcbYQ&start_radio=1','2025-07-10 07:39:41','2025-07-10 07:39:41'),(6,30,NULL,'https://www.youtube.com/watch?v=aQzNWzrqj1M&list=RDaQzNWzrqj1M&start_radio=1','2025-07-10 07:41:05','2025-07-10 07:41:05'),(7,30,NULL,'https://www.youtube.com/watch?v=YiK3BulNaWQ&list=RDEMG6BEUAd6_Jtfwe_LW4XrkA&start_radio=1&rv=aQzNWzrqj1M','2025-07-10 07:43:24','2025-07-10 07:43:24'),(8,30,NULL,'https://www.youtube.com/watch?v=1Zws8JM7IwU&list=RDEMG6BEUAd6_Jtfwe_LW4XrkA&index=5','2025-07-10 07:45:39','2025-07-10 07:45:39'),(9,30,NULL,'https://www.youtube.com/watch?v=hF7Jdk_vq4Q&list=RDEMG6BEUAd6_Jtfwe_LW4XrkA&index=4','2025-07-10 07:46:53','2025-07-10 07:46:53'),(10,30,NULL,'https://www.youtube.com/watch?v=rgsn7jgOuJs&list=RDEMG6BEUAd6_Jtfwe_LW4XrkA&index=3','2025-07-10 07:47:50','2025-07-10 07:47:50'),(11,30,NULL,'https://www.youtube.com/watch?v=RhyWtwSAfyc&list=RDRhyWtwSAfyc&start_radio=1','2025-07-10 07:50:15','2025-07-10 07:50:15'),(12,30,NULL,'https://www.youtube.com/watch?v=QrCsm03pMws&list=RDQrCsm03pMws&start_radio=1','2025-07-10 07:52:00','2025-07-10 07:52:00'),(13,30,NULL,'https://www.youtube.com/watch?v=P83IDRCA77M&list=RDP83IDRCA77M&start_radio=1','2025-07-10 07:53:19','2025-07-10 07:53:19'),(14,30,NULL,'https://www.youtube.com/watch?v=Wbx0v9MGqvY&list=RDEMt4mmtniCJRoy2fS1k7NeBA&start_radio=1&rv=P83IDRCA77M','2025-07-10 07:54:11','2025-07-10 07:54:11'),(15,30,NULL,'https://www.youtube.com/watch?v=CmWOpmoQlow&list=RDzk3ngyKvqyQ&start_radio=1','2025-07-10 07:55:53','2025-07-10 07:55:53'),(16,30,NULL,'https://www.youtube.com/watch?v=dfDJ3FqHJhw&list=RDdfDJ3FqHJhw&start_radio=1','2025-07-10 07:58:52','2025-07-10 07:58:52'),(17,30,NULL,'https://www.youtube.com/watch?v=JFdwjBeFvhc&list=RDJFdwjBeFvhc&start_radio=1','2025-07-10 08:00:12','2025-07-10 08:00:12'),(18,30,NULL,'https://www.youtube.com/watch?v=MRSdUwU-dlI&list=RDMRSdUwU-dlI&start_radio=1','2025-07-10 08:01:37','2025-07-10 08:01:37'),(19,30,NULL,'https://www.youtube.com/watch?v=DuPFmcHINVk&list=RDDuPFmcHINVk&start_radio=1','2025-07-10 08:02:44','2025-07-10 08:02:44'),(20,30,NULL,'https://www.youtube.com/watch?v=FYpT1ZfadAU&list=RDFYpT1ZfadAU&start_radio=1','2025-07-10 08:07:25','2025-07-10 08:07:25'),(22,34,NULL,'https://www.youtube.com/watch?v=5TPNS9BbF1c','2025-07-10 08:13:14','2025-07-10 08:13:14'),(23,34,NULL,'https://www.youtube.com/watch?v=uQ33IFxx8_Q','2025-07-10 08:14:40','2025-07-10 08:14:40'),(24,34,NULL,'https://www.youtube.com/watch?v=z9CdHaGDciQ','2025-07-10 08:16:48','2025-07-10 08:16:48'),(25,34,NULL,'https://www.youtube.com/watch?v=TaLuyR46GY4','2025-07-10 08:17:50','2025-07-10 08:17:50'),(26,34,NULL,'https://www.youtube.com/watch?v=BoOm1-Edfpw','2025-07-10 08:19:17','2025-07-10 08:19:17'),(27,34,NULL,'https://www.youtube.com/watch?v=ZCACwNtw6TA','2025-07-10 08:20:30','2025-07-10 08:20:30'),(28,34,NULL,'https://www.youtube.com/watch?v=2a8iXbvqm08','2025-07-10 08:21:29','2025-07-10 08:21:29'),(29,34,NULL,'https://www.youtube.com/watch?v=eeRfcKwU5hI','2025-07-10 08:22:23','2025-07-10 08:22:23'),(30,34,NULL,'https://www.youtube.com/watch?v=VSq-4SrDfSU','2025-07-10 08:23:50','2025-07-10 08:23:50'),(31,32,NULL,'https://www.youtube.com/watch?v=s-4nGanehQo&list=PLdHwqJ8XTu-ZPgJcvs6P2eU4zcx6B-MLB','2025-07-10 08:28:23','2025-07-10 08:28:23'),(32,32,NULL,'https://www.youtube.com/watch?v=7l4BYJwMHps','2025-07-10 08:29:26','2025-07-10 08:29:26'),(33,32,NULL,'https://www.youtube.com/watch?v=uHt5E26NOv4&list=RDuHt5E26NOv4&start_radio=1','2025-07-10 08:30:51','2025-07-10 08:30:51'),(34,32,NULL,'https://www.youtube.com/watch?v=BJYd6BP3i28','2025-07-10 08:31:51','2025-07-10 08:31:51'),(35,32,NULL,'https://www.youtube.com/watch?v=Ef2S1WSMmxg','2025-07-10 08:32:53','2025-07-10 08:40:48'),(36,32,NULL,'https://www.youtube.com/watch?v=Re_1JR3Obq0','2025-07-10 08:35:46','2025-07-10 08:35:46'),(37,32,NULL,'https://www.youtube.com/watch?v=cj_tTHkeQjI','2025-07-10 08:38:24','2025-07-10 08:38:24'),(38,32,NULL,'https://www.youtube.com/watch?v=RfDDHAnR0RM','2025-07-10 08:39:13','2025-07-10 08:39:13'),(39,33,NULL,'https://www.youtube.com/watch?v=zWzCEQrrD1U','2025-07-10 08:44:34','2025-07-10 08:44:34'),(40,33,NULL,'https://www.youtube.com/watch?v=_IhB05NyXRM','2025-07-10 08:47:06','2025-07-10 08:47:06'),(41,33,NULL,'https://www.youtube.com/watch?v=51j_TXC9-bY','2025-07-10 08:49:53','2025-07-10 08:49:53'),(42,33,NULL,'https://www.youtube.com/watch?v=p_M99RkStec','2025-07-10 08:52:29','2025-07-10 08:52:29'),(43,33,NULL,'https://www.youtube.com/watch?v=4gDHA5Aox7I','2025-07-10 08:55:14','2025-07-10 08:55:14'),(44,33,NULL,'https://www.youtube.com/watch?v=cg9rpplPusE','2025-07-10 08:58:02','2025-07-10 08:58:02'),(45,33,NULL,'https://www.youtube.com/watch?v=HUJk8emsWmA','2025-07-10 09:22:00','2025-07-10 09:22:00'),(46,33,NULL,'https://www.youtube.com/watch?v=3sTf98-8Krc','2025-07-10 09:30:42','2025-07-10 09:30:42'),(47,33,NULL,'https://www.youtube.com/watch?v=nOWjwFli3Wg','2025-07-10 09:42:40','2025-07-10 09:42:40'),(48,33,NULL,'https://www.youtube.com/watch?v=Of-E812BRHw','2025-07-10 09:47:03','2025-07-10 09:47:03'),(49,33,NULL,'https://www.youtube.com/watch?v=E1_tGExd8KU','2025-07-10 09:49:56','2025-07-10 09:49:56'),(50,33,NULL,'https://www.youtube.com/watch?v=HBn5GesmybQ','2025-07-10 09:56:51','2025-07-10 09:56:51'),(51,33,NULL,'https://www.youtube.com/watch?v=0YLeTbBqiTE','2025-07-10 09:58:14','2025-07-10 09:58:14'),(52,33,NULL,'https://www.youtube.com/watch?v=v1nIAO_goro','2025-07-10 10:00:05','2025-07-10 10:00:05'),(53,33,NULL,'https://www.youtube.com/watch?v=TqQT11nHSKw','2025-07-10 10:01:55','2025-07-10 10:01:55'),(54,28,NULL,'https://www.youtube.com/watch?v=Qccs-CNay0I&list=PLQ4oI3mK9mSzmnIY4HUvvz79QWRSyEphW','2025-07-10 10:19:34','2025-07-10 10:19:34'),(55,28,NULL,'https://www.youtube.com/watch?v=AmBRXhkbRdc&list=PLMnMkN9cFt6noXOGdFSKfZt4vXsnR437N&index=15','2025-07-10 10:24:05','2025-07-10 10:24:05'),(56,28,NULL,'https://youtu.be/g26gY2f5Xe4?si=W8LdNTuuMlMbOe8Y','2025-07-11 10:26:22','2025-07-11 10:26:22'),(57,28,NULL,'https://www.youtube.com/live/Q-4NVFJi3I8?si=Qpa63smxRhQcghlF','2025-07-11 10:34:27','2025-07-11 10:34:27'),(58,28,NULL,'https://youtu.be/Pp_lVV7Bzbk?si=nGEVdqqJ0meidjlI','2025-07-11 10:54:23','2025-07-11 10:54:23'),(59,28,NULL,'https://youtu.be/0IWKWeMEga4?si=KFToARS77IKNkE-l','2025-07-11 11:00:05','2025-07-11 11:00:05'),(60,28,NULL,'https://youtu.be/QXY2SHPYpLQ?si=2bJP5fcdCsJieJCG','2025-07-11 11:02:37','2025-07-11 11:02:37'),(61,28,NULL,'https://youtu.be/gXPCGIt_o2Q?si=ZAS87tZFMsFFd1FY','2025-07-11 11:04:48','2025-07-11 11:04:48'),(62,28,NULL,'https://youtu.be/_1HRpXhGGOw?si=SfjcCjETFZLxr8ON','2025-07-11 11:07:15','2025-07-11 11:07:15'),(63,31,NULL,'https://youtu.be/k2Os8OM5uiM?si=jxDiypTnO7973Zrj','2025-07-11 17:08:49','2025-07-11 17:08:49'),(64,31,NULL,'https://youtu.be/PfsZcrqLp08?si=UPTffJdqtp9P_vk4','2025-07-11 17:12:59','2025-07-11 17:12:59');

--
-- Dumping events for database 'topappkw_salawat'
--

--
-- Dumping routines for database 'topappkw_salawat'
--


